09-20 06:25:31.691 I/am_wtf ( 1158): [0,1158,system_server,-1,DisplayDeviceConfig,requesting nits when no mapping exists.]
09-20 06:25:31.693 I/am_wtf ( 1158): [0,1158,system_server,-1,DisplayDeviceConfig,requesting nits when no mapping exists.]
09-20 06:25:31.702 I/am_wtf ( 1158): [0,1158,system_server,-1,DisplayDeviceConfig,requesting nits when no mapping exists.]
09-20 06:25:31.704 I/am_wtf ( 1158): [0,1158,system_server,-1,DisplayDeviceConfig,requesting nits when no mapping exists.]
09-20 06:25:31.717 I/am_wtf ( 1158): [0,1158,system_server,-1,DisplayDeviceConfig,requesting nits when no mapping exists.]
09-20 06:25:31.718 I/am_wtf ( 1158): [0,1158,system_server,-1,DisplayDeviceConfig,requesting nits when no mapping exists.]
09-20 06:25:31.737 I/am_wtf ( 1158): [0,1158,system_server,-1,DisplayDeviceConfig,requesting nits when no mapping exists.]
09-20 06:25:31.739 I/am_wtf ( 1158): [0,1158,system_server,-1,DisplayDeviceConfig,requesting nits when no mapping exists.]
09-20 06:25:31.751 I/am_wtf ( 1158): [0,1158,system_server,-1,DisplayDeviceConfig,requesting nits when no mapping exists.]
09-20 06:25:31.753 I/am_wtf ( 1158): [0,1158,system_server,-1,DisplayDeviceConfig,requesting nits when no mapping exists.]
09-20 06:25:31.767 I/am_wtf ( 1158): [0,1158,system_server,-1,DisplayDeviceConfig,requesting nits when no mapping exists.]
09-20 06:25:31.768 I/am_wtf ( 1158): [0,1158,system_server,-1,DisplayDeviceConfig,requesting nits when no mapping exists.]
09-20 06:25:31.784 I/am_wtf ( 1158): [0,1158,system_server,-1,DisplayDeviceConfig,requesting nits when no mapping exists.]
09-20 06:25:31.785 I/am_wtf ( 1158): [0,1158,system_server,-1,DisplayDeviceConfig,requesting nits when no mapping exists.]
09-20 06:25:31.802 I/am_wtf ( 1158): [0,1158,system_server,-1,DisplayDeviceConfig,requesting nits when no mapping exists.]
09-20 06:25:31.808 I/am_wtf ( 1158): [0,1158,system_server,-1,DisplayDeviceConfig,requesting nits when no mapping exists.]
09-20 06:25:31.826 I/am_wtf ( 1158): [0,1158,system_server,-1,DisplayDeviceConfig,requesting nits when no mapping exists.]
09-20 06:25:31.830 I/am_wtf ( 1158): [0,1158,system_server,-1,DisplayDeviceConfig,requesting nits when no mapping exists.]
09-20 06:25:31.836 I/am_wtf ( 1158): [0,1158,system_server,-1,DisplayDeviceConfig,requesting nits when no mapping exists.]
09-20 06:25:31.838 I/am_wtf ( 1158): [0,1158,system_server,-1,DisplayDeviceConfig,requesting nits when no mapping exists.]
09-20 06:25:31.851 I/am_wtf ( 1158): [0,1158,system_server,-1,DisplayDeviceConfig,requesting nits when no mapping exists.]
09-20 06:25:31.853 I/am_wtf ( 1158): [0,1158,system_server,-1,DisplayDeviceConfig,requesting nits when no mapping exists.]
09-20 06:25:31.871 I/wm_stop_activity( 1158): [0,213932593,com.android.launcher3/.uioverrides.QuickstepLauncher]
09-20 06:25:31.883 I/am_wtf ( 1158): [0,1158,system_server,-1,DisplayDeviceConfig,requesting nits when no mapping exists.]
09-20 06:25:31.885 I/am_wtf ( 1158): [0,1158,system_server,-1,DisplayDeviceConfig,requesting nits when no mapping exists.]
09-20 06:25:31.908 I/wm_on_stop_called( 8801): [213932593,com.android.launcher3.uioverrides.QuickstepLauncher,STOP_ACTIVITY_ITEM]
09-20 06:25:31.917 I/am_wtf ( 1158): [0,1158,system_server,-1,DisplayDeviceConfig,requesting nits when no mapping exists.]
09-20 06:25:31.918 I/am_wtf ( 1158): [0,1158,system_server,-1,DisplayDeviceConfig,requesting nits when no mapping exists.]
09-20 06:25:31.934 I/am_wtf ( 1158): [0,1158,system_server,-1,DisplayDeviceConfig,requesting nits when no mapping exists.]
09-20 06:25:31.942 I/am_wtf ( 1158): [0,1158,system_server,-1,DisplayDeviceConfig,requesting nits when no mapping exists.]
09-20 06:25:31.959 I/am_wtf ( 1158): [0,1158,system_server,-1,DisplayDeviceConfig,requesting nits when no mapping exists.]
09-20 06:25:31.961 I/am_wtf ( 1158): [0,1158,system_server,-1,DisplayDeviceConfig,requesting nits when no mapping exists.]
09-20 06:25:31.969 I/am_wtf ( 1158): [0,1158,system_server,-1,DisplayDeviceConfig,requesting nits when no mapping exists.]
09-20 06:25:31.970 I/am_wtf ( 1158): [0,1158,system_server,-1,DisplayDeviceConfig,requesting nits when no mapping exists.]
09-20 06:25:31.985 I/am_wtf ( 1158): [0,1158,system_server,-1,DisplayDeviceConfig,requesting nits when no mapping exists.]
09-20 06:25:31.987 I/am_wtf ( 1158): [0,1158,system_server,-1,DisplayDeviceConfig,requesting nits when no mapping exists.]
09-20 06:25:32.001 I/am_wtf ( 1158): [0,1158,system_server,-1,DisplayDeviceConfig,requesting nits when no mapping exists.]
09-20 06:25:32.003 I/am_wtf ( 1158): [0,1158,system_server,-1,DisplayDeviceConfig,requesting nits when no mapping exists.]
09-20 06:25:32.024 I/am_wtf ( 1158): [0,1158,system_server,-1,DisplayDeviceConfig,requesting nits when no mapping exists.]
09-20 06:25:32.025 I/am_wtf ( 1158): [0,1158,system_server,-1,DisplayDeviceConfig,requesting nits when no mapping exists.]
09-20 06:25:32.040 I/am_wtf ( 1158): [0,1158,system_server,-1,DisplayDeviceConfig,requesting nits when no mapping exists.]
09-20 06:25:32.042 I/am_wtf ( 1158): [0,1158,system_server,-1,DisplayDeviceConfig,requesting nits when no mapping exists.]
09-20 06:25:32.051 I/am_wtf ( 1158): [0,1158,system_server,-1,DisplayDeviceConfig,requesting nits when no mapping exists.]
09-20 06:25:32.052 I/am_wtf ( 1158): [0,1158,system_server,-1,DisplayDeviceConfig,requesting nits when no mapping exists.]
09-20 06:25:32.068 I/am_wtf ( 1158): [0,1158,system_server,-1,DisplayDeviceConfig,requesting nits when no mapping exists.]
09-20 06:25:32.071 I/am_wtf ( 1158): [0,1158,system_server,-1,DisplayDeviceConfig,requesting nits when no mapping exists.]
09-20 06:25:32.092 I/am_wtf ( 1158): [0,1158,system_server,-1,DisplayDeviceConfig,requesting nits when no mapping exists.]
09-20 06:25:32.095 I/am_wtf ( 1158): [0,1158,system_server,-1,DisplayDeviceConfig,requesting nits when no mapping exists.]
09-20 06:25:32.102 I/am_wtf ( 1158): [0,1158,system_server,-1,DisplayDeviceConfig,requesting nits when no mapping exists.]
09-20 06:25:32.104 I/am_wtf ( 1158): [0,1158,system_server,-1,DisplayDeviceConfig,requesting nits when no mapping exists.]
09-20 06:25:32.118 I/am_wtf ( 1158): [0,1158,system_server,-1,DisplayDeviceConfig,requesting nits when no mapping exists.]
09-20 06:25:32.119 I/am_wtf ( 1158): [0,1158,system_server,-1,DisplayDeviceConfig,requesting nits when no mapping exists.]
09-20 06:25:32.135 I/am_wtf ( 1158): [0,1158,system_server,-1,DisplayDeviceConfig,requesting nits when no mapping exists.]
09-20 06:25:32.136 I/am_wtf ( 1158): [0,1158,system_server,-1,DisplayDeviceConfig,requesting nits when no mapping exists.]
09-20 06:25:32.152 I/am_wtf ( 1158): [0,1158,system_server,-1,DisplayDeviceConfig,requesting nits when no mapping exists.]
09-20 06:25:32.153 I/am_wtf ( 1158): [0,1158,system_server,-1,DisplayDeviceConfig,requesting nits when no mapping exists.]
09-20 06:25:32.169 I/am_wtf ( 1158): [0,1158,system_server,-1,DisplayDeviceConfig,requesting nits when no mapping exists.]
09-20 06:25:32.170 I/am_wtf ( 1158): [0,1158,system_server,-1,DisplayDeviceConfig,requesting nits when no mapping exists.]
09-20 06:25:32.185 I/am_wtf ( 1158): [0,1158,system_server,-1,DisplayDeviceConfig,requesting nits when no mapping exists.]
09-20 06:25:32.187 I/am_wtf ( 1158): [0,1158,system_server,-1,DisplayDeviceConfig,requesting nits when no mapping exists.]
09-20 06:25:32.203 I/am_wtf ( 1158): [0,1158,system_server,-1,DisplayDeviceConfig,requesting nits when no mapping exists.]
09-20 06:25:32.204 I/am_wtf ( 1158): [0,1158,system_server,-1,DisplayDeviceConfig,requesting nits when no mapping exists.]
09-20 06:25:32.219 I/am_wtf ( 1158): [0,1158,system_server,-1,DisplayDeviceConfig,requesting nits when no mapping exists.]
09-20 06:25:32.220 I/am_wtf ( 1158): [0,1158,system_server,-1,DisplayDeviceConfig,requesting nits when no mapping exists.]
09-20 06:25:32.235 I/am_wtf ( 1158): [0,1158,system_server,-1,DisplayDeviceConfig,requesting nits when no mapping exists.]
09-20 06:25:32.236 I/am_wtf ( 1158): [0,1158,system_server,-1,DisplayDeviceConfig,requesting nits when no mapping exists.]
09-20 06:25:32.252 I/am_wtf ( 1158): [0,1158,system_server,-1,DisplayDeviceConfig,requesting nits when no mapping exists.]
09-20 06:25:32.255 I/am_wtf ( 1158): [0,1158,system_server,-1,DisplayDeviceConfig,requesting nits when no mapping exists.]
09-20 06:25:32.269 I/am_wtf ( 1158): [0,1158,system_server,-1,DisplayDeviceConfig,requesting nits when no mapping exists.]
09-20 06:25:32.271 I/am_wtf ( 1158): [0,1158,system_server,-1,DisplayDeviceConfig,requesting nits when no mapping exists.]
09-20 06:25:32.290 I/am_wtf ( 1158): [0,1158,system_server,-1,DisplayDeviceConfig,requesting nits when no mapping exists.]
09-20 06:25:32.293 I/am_wtf ( 1158): [0,1158,system_server,-1,DisplayDeviceConfig,requesting nits when no mapping exists.]
09-20 06:25:32.302 I/am_wtf ( 1158): [0,1158,system_server,-1,DisplayDeviceConfig,requesting nits when no mapping exists.]
09-20 06:25:32.303 I/am_wtf ( 1158): [0,1158,system_server,-1,DisplayDeviceConfig,requesting nits when no mapping exists.]
09-20 06:25:32.319 I/am_wtf ( 1158): [0,1158,system_server,-1,DisplayDeviceConfig,requesting nits when no mapping exists.]
09-20 06:25:32.320 I/am_wtf ( 1158): [0,1158,system_server,-1,DisplayDeviceConfig,requesting nits when no mapping exists.]
09-20 06:25:32.335 I/am_wtf ( 1158): [0,1158,system_server,-1,DisplayDeviceConfig,requesting nits when no mapping exists.]
09-20 06:25:32.336 I/am_wtf ( 1158): [0,1158,system_server,-1,DisplayDeviceConfig,requesting nits when no mapping exists.]
09-20 06:25:32.353 I/am_wtf ( 1158): [0,1158,system_server,-1,DisplayDeviceConfig,requesting nits when no mapping exists.]
09-20 06:25:32.354 I/am_wtf ( 1158): [0,1158,system_server,-1,DisplayDeviceConfig,requesting nits when no mapping exists.]
09-20 06:25:32.369 I/am_wtf ( 1158): [0,1158,system_server,-1,DisplayDeviceConfig,requesting nits when no mapping exists.]
09-20 06:25:32.371 I/am_wtf ( 1158): [0,1158,system_server,-1,DisplayDeviceConfig,requesting nits when no mapping exists.]
09-20 06:25:32.386 I/am_wtf ( 1158): [0,1158,system_server,-1,DisplayDeviceConfig,requesting nits when no mapping exists.]
09-20 06:25:32.387 I/am_wtf ( 1158): [0,1158,system_server,-1,DisplayDeviceConfig,requesting nits when no mapping exists.]
09-20 06:25:32.402 I/am_wtf ( 1158): [0,1158,system_server,-1,DisplayDeviceConfig,requesting nits when no mapping exists.]
09-20 06:25:32.403 I/am_wtf ( 1158): [0,1158,system_server,-1,DisplayDeviceConfig,requesting nits when no mapping exists.]
09-20 06:25:32.418 I/am_wtf ( 1158): [0,1158,system_server,-1,DisplayDeviceConfig,requesting nits when no mapping exists.]
09-20 06:25:32.420 I/am_wtf ( 1158): [0,1158,system_server,-1,DisplayDeviceConfig,requesting nits when no mapping exists.]
09-20 06:25:32.437 I/am_wtf ( 1158): [0,1158,system_server,-1,DisplayDeviceConfig,requesting nits when no mapping exists.]
09-20 06:25:32.438 I/am_wtf ( 1158): [0,1158,system_server,-1,DisplayDeviceConfig,requesting nits when no mapping exists.]
09-20 06:25:32.454 I/am_wtf ( 1158): [0,1158,system_server,-1,DisplayDeviceConfig,requesting nits when no mapping exists.]
09-20 06:25:32.455 I/am_wtf ( 1158): [0,1158,system_server,-1,DisplayDeviceConfig,requesting nits when no mapping exists.]
09-20 06:25:32.475 I/am_wtf ( 1158): [0,1158,system_server,-1,DisplayDeviceConfig,requesting nits when no mapping exists.]
09-20 06:25:32.476 I/am_wtf ( 1158): [0,1158,system_server,-1,DisplayDeviceConfig,requesting nits when no mapping exists.]
09-20 06:25:32.487 I/am_wtf ( 1158): [0,1158,system_server,-1,DisplayDeviceConfig,requesting nits when no mapping exists.]
09-20 06:25:32.488 I/am_wtf ( 1158): [0,1158,system_server,-1,DisplayDeviceConfig,requesting nits when no mapping exists.]
09-20 06:25:32.508 I/am_wtf ( 1158): [0,1158,system_server,-1,DisplayDeviceConfig,requesting nits when no mapping exists.]
09-20 06:25:32.510 I/am_wtf ( 1158): [0,1158,system_server,-1,DisplayDeviceConfig,requesting nits when no mapping exists.]
09-20 06:25:32.519 I/am_wtf ( 1158): [0,1158,system_server,-1,DisplayDeviceConfig,requesting nits when no mapping exists.]
09-20 06:25:32.521 I/am_wtf ( 1158): [0,1158,system_server,-1,DisplayDeviceConfig,requesting nits when no mapping exists.]
09-20 06:26:11.697 I/am_freeze( 1158): [14368,com.android.music]
09-20 06:26:11.707 I/am_kill ( 1158): [0,14368,com.android.music,955,Unable to freeze binder interface]
09-20 06:26:11.807 I/am_proc_died( 1158): [0,14368,com.android.music,955,19]
09-20 06:26:11.809 I/am_uid_stopped( 1158): 10070
09-20 06:26:11.819 I/am_uid_running( 1158): 10070
09-20 06:26:11.831 I/am_pss ( 1158): [5400,10066,com.android.deskclock,57122816,49152000,0,179412992,0,2,12]
09-20 06:26:11.844 I/am_pss ( 1158): [13276,1000,com.qti.diagservices,6953984,4075520,0,94998528,0,10,10]
09-20 06:26:11.871 I/am_proc_start( 1158): [0,15164,10070,com.android.music,NULL,]
09-20 06:26:11.933 I/am_proc_bound( 1158): [0,15164,com.android.music]
09-20 06:26:11.934 I/service_manager_stats( 1158): [110,132,40342]
09-20 06:26:28.468 I/am_freeze( 1158): [14429,com.android.gallery3d]
09-20 06:26:28.477 I/am_kill ( 1158): [0,14429,com.android.gallery3d,945,Unable to freeze binder interface]
09-20 06:26:28.575 I/am_proc_died( 1158): [0,14429,com.android.gallery3d,945,19]
09-20 06:26:28.577 I/am_uid_stopped( 1158): 10065
09-20 06:26:28.590 I/am_uid_running( 1158): 10065
09-20 06:26:28.637 I/am_proc_start( 1158): [0,15198,10065,com.android.gallery3d,NULL,]
09-20 06:26:28.704 I/am_proc_bound( 1158): [0,15198,com.android.gallery3d]
09-20 06:26:59.816 I/am_freeze( 1158): [14497,com.android.settings.intelligence]
09-20 06:26:59.825 I/am_kill ( 1158): [0,14497,com.android.settings.intelligence,915,Unable to freeze binder interface]
09-20 06:27:00.013 I/am_proc_died( 1158): [0,14497,com.android.settings.intelligence,915,19]
09-20 06:27:00.014 I/am_uid_stopped( 1158): 10061
09-20 06:27:00.041 I/am_pss ( 1158): [15198,10065,com.android.gallery3d,8380416,5287936,0,94666752,0,19,11]
09-20 06:27:00.056 I/am_pss ( 1158): [15164,10070,com.android.music,7234560,4616192,0,91648000,0,19,11]
09-20 06:27:16.100 I/am_freeze( 1158): [14408,com.android.settings]
09-20 06:27:16.108 I/am_kill ( 1158): [0,14408,com.android.settings,900,Unable to freeze binder interface]
09-20 06:27:16.278 I/am_proc_died( 1158): [0,14408,com.android.settings,900,18]
09-20 06:27:16.373 I/am_proc_start( 1158): [0,15260,1000,com.android.settings,NULL,]
09-20 06:27:16.490 I/am_proc_bound( 1158): [0,15260,com.android.settings]
09-20 06:27:30.241 I/input_interaction( 1158): Interaction with: c0ab1b4 com.android.deskclock/android.service.dreams.DreamActivity (server), edge-swipe (server), swipe-up (server), PointerEventDispatcher0 (server),
09-20 06:27:30.245 I/wm_finish_activity( 1158): [0,144821512,95,com.android.deskclock/android.service.dreams.DreamActivity,finish-activity]
09-20 06:27:30.246 I/wm_task_moved( 1158): [1,1,5]
09-20 06:27:30.247 I/wm_task_moved( 1158): [44,1,2147483647]
09-20 06:27:30.247 I/wm_task_to_front( 1158): [0,44]
09-20 06:27:30.247 I/wm_focused_root_task( 1158): [0,0,1,95,finish-top adjustFocusToNextFocusableTask]
09-20 06:27:30.249 I/wm_set_resumed_activity( 1158): [0,com.android.launcher3/.uioverrides.QuickstepLauncher,finish-top adjustFocusToNextFocusableTask]
09-20 06:27:30.251 I/wm_pause_activity( 1158): [0,144821512,com.android.deskclock/android.service.dreams.DreamActivity,userLeaving=false,finish]
09-20 06:27:30.264 I/sysui_multi_action( 1158): [757,803,799,window_time_0,802,119]
09-20 06:27:30.266 I/wm_on_top_resumed_lost_called( 5400): [144821512,android.service.dreams.DreamActivity,topStateChangedWhenResumed]
09-20 06:27:30.267 I/wm_on_paused_called( 5400): [144821512,android.service.dreams.DreamActivity,performPause]
09-20 06:27:30.268 I/wm_add_to_stopping( 1158): [0,144821512,com.android.deskclock/android.service.dreams.DreamActivity,completeFinishing]
09-20 06:27:30.271 I/wm_set_resumed_activity( 1158): [0,com.android.launcher3/.uioverrides.QuickstepLauncher,resumeTopActivityInnerLocked]
09-20 06:27:30.273 I/wm_resume_activity( 1158): [0,213932593,44,com.android.launcher3/.uioverrides.QuickstepLauncher]
09-20 06:27:30.279 I/wm_on_restart_called( 8801): [213932593,com.android.launcher3.uioverrides.QuickstepLauncher,performRestartActivity]
09-20 06:27:30.280 I/wm_on_start_called( 8801): [213932593,com.android.launcher3.uioverrides.QuickstepLauncher,handleStartActivity]
09-20 06:27:30.280 I/wm_on_resume_called( 8801): [213932593,com.android.launcher3.uioverrides.QuickstepLauncher,RESUME_ACTIVITY]
09-20 06:27:30.280 I/wm_on_top_resumed_gained_called( 8801): [213932593,com.android.launcher3.uioverrides.QuickstepLauncher,topWhenResuming]
09-20 06:27:30.285 I/view_enqueue_input_event( 5400): [Motion - Cancel,com.android.deskclock/android.service.dreams.DreamActivity]
09-20 06:27:30.289 I/sysui_multi_action( 1158): [757,803,799,window_time_0,802,0]
09-20 06:27:30.291 I/input_focus( 1158): [Focus leaving c0ab1b4 com.android.deskclock/android.service.dreams.DreamActivity (server),reason=NO_WINDOW]
09-20 06:27:30.292 I/input_interaction( 1158): Interaction with: edge-swipe (server), swipe-up (server), PointerEventDispatcher0 (server),
09-20 06:27:30.305 I/input_focus( 1158): [Focus request 4bde657 com.android.launcher3/com.android.launcher3.uioverrides.QuickstepLauncher,reason=UpdateInputWindows]
09-20 06:27:30.308 I/am_pss ( 1158): [15198,10065,com.android.gallery3d,8379392,5287936,0,94666752,0,19,11]
09-20 06:27:30.327 I/am_pss ( 1158): [15164,10070,com.android.music,7229440,4616192,0,91648000,0,19,11]
09-20 06:27:30.335 I/input_focus( 1158): [Focus entering 4bde657 com.android.launcher3/com.android.launcher3.uioverrides.QuickstepLauncher (server),reason=Window became focusable. Previous reason: NOT_VISIBLE]
09-20 06:27:30.578 I/wm_destroy_activity( 1158): [0,144821512,95,com.android.deskclock/android.service.dreams.DreamActivity,finish-imm:idle]
09-20 06:27:30.607 I/wm_on_stop_called( 5400): [144821512,android.service.dreams.DreamActivity,LIFECYCLER_STOP_ACTIVITY]
09-20 06:27:30.608 I/wm_on_destroy_called( 5400): [144821512,android.service.dreams.DreamActivity,performDestroy]
09-20 06:27:30.613 I/sysui_multi_action( 1158): [757,222,758,2]
09-20 06:27:30.614 I/sysui_multi_action( 1158): [757,804,799,dreaming_minutes,801,1,802,1]
09-20 06:27:30.632 I/wm_task_removed( 1158): [95,removeChild:removeChild last r=ActivityRecord{8a1cd08 u0 com.android.deskclock/android.service.dreams.DreamActivity t-1 f}} in t=Task{120cc4d #95 type=dream A=10066:android:com.android.deskclock/dream U=0 visible=false mode=fullscreen translucent=true sz=0}]
09-20 06:27:30.632 I/wm_task_removed( 1158): [95,removeChild]
09-20 06:27:31.585 I/input_interaction( 1158): Interaction with: 4bde657 com.android.launcher3/com.android.launcher3.uioverrides.QuickstepLauncher (server), 93416c5 com.android.systemui.ImageWallpaper (server), edge-swipe (server), swipe-up (server), PointerEventDispatcher0 (server),
09-20 06:27:35.514 I/wm_task_created( 1158): [96,-1]
09-20 06:27:35.532 I/wm_task_moved( 1158): [96,1,6]
09-20 06:27:35.532 I/wm_task_to_front( 1158): [0,96]
09-20 06:27:35.533 I/wm_create_task( 1158): [0,96]
09-20 06:27:35.533 I/wm_create_activity( 1158): [0,232512656,96,com.thundercomm.mcuupgrade/.MainActivity,NULL,NULL,NULL,402657280]
09-20 06:27:35.533 I/wm_task_moved( 1158): [96,1,6]
09-20 06:27:35.547 I/wm_on_top_resumed_lost_called( 8801): [213932593,com.android.launcher3.uioverrides.QuickstepLauncher,topStateChangedWhenResumed]
09-20 06:27:35.588 I/am_proc_start( 1158): [0,15307,1000,com.thundercomm.mcuupgrade,top-activity,{com.thundercomm.mcuupgrade/com.thundercomm.mcuupgrade.MainActivity}]
09-20 06:27:35.734 I/am_proc_bound( 1158): [0,15307,com.thundercomm.mcuupgrade]
09-20 06:27:35.737 I/wm_restart_activity( 1158): [0,232512656,96,com.thundercomm.mcuupgrade/.MainActivity]
09-20 06:27:35.739 I/wm_set_resumed_activity( 1158): [0,com.thundercomm.mcuupgrade/.MainActivity,minimalResumeActivityLocked]
09-20 06:27:35.799 I/wm_on_create_called(15307): [232512656,com.thundercomm.mcuupgrade.MainActivity,performCreate]
09-20 06:27:35.799 I/wm_on_start_called(15307): [232512656,com.thundercomm.mcuupgrade.MainActivity,handleStartActivity]
09-20 06:27:35.800 I/wm_on_resume_called(15307): [232512656,com.thundercomm.mcuupgrade.MainActivity,RESUME_ACTIVITY]
09-20 06:27:35.811 I/wm_on_top_resumed_gained_called(15307): [232512656,com.thundercomm.mcuupgrade.MainActivity,topStateChangedWhenResumed]
09-20 06:27:35.836 I/input_focus( 1158): [Focus request 8443f43 com.thundercomm.mcuupgrade/com.thundercomm.mcuupgrade.MainActivity,reason=UpdateInputWindows]
09-20 06:27:35.851 I/input_focus( 1158): [Focus leaving 4bde657 com.android.launcher3/com.android.launcher3.uioverrides.QuickstepLauncher (server),reason=Waiting for window because NOT_VISIBLE]
09-20 06:27:35.935 I/input_focus( 1158): [Focus entering 8443f43 com.thundercomm.mcuupgrade/com.thundercomm.mcuupgrade.MainActivity (server),reason=Window became focusable. Previous reason: NOT_VISIBLE]
09-20 06:27:35.941 I/sysui_multi_action( 1158): [319,420,322,417,325,9230,757,761,758,7,759,2,806,com.thundercomm.mcuupgrade,871,com.thundercomm.mcuupgrade.MainActivity,904,com.android.launcher3,905,0,945,231,1320,4,1321,1]
09-20 06:27:35.945 I/wm_activity_launch_time( 1158): [0,232512656,com.thundercomm.mcuupgrade/.MainActivity,417]
09-20 06:27:35.951 I/dvm_lock_sample( 1158): [system_server,1,android.anim,6,WindowSurfacePlacer.java,56,void com.android.server.wm.WindowSurfacePlacer$Traverser.run(),ActivityTaskManagerService.java,1071,android.content.res.Configuration com.android.server.wm.ActivityTaskManagerService.getGlobalConfigurationForPid(int),1]
09-20 06:27:37.646 I/input_interaction( 1158): Interaction with: 8443f43 com.thundercomm.mcuupgrade/com.thundercomm.mcuupgrade.MainActivity (server), edge-swipe (server), swipe-up (server), PointerEventDispatcher0 (server),
09-20 06:27:37.770 I/wm_finish_activity( 1158): [0,232512656,96,com.thundercomm.mcuupgrade/.MainActivity,finish-activity]
09-20 06:27:37.771 I/wm_task_moved( 1158): [1,1,6]
09-20 06:27:37.774 I/wm_set_resumed_activity( 1158): [0,com.android.launcher3/.uioverrides.QuickstepLauncher,positionChildAt]
09-20 06:27:37.774 I/wm_task_moved( 1158): [44,1,2147483647]
09-20 06:27:37.774 I/wm_task_to_front( 1158): [0,44]
09-20 06:27:37.774 I/wm_focused_root_task( 1158): [0,0,1,-1,finish-top adjustFocusToNextFocusableTask]
09-20 06:27:37.774 I/wm_set_resumed_activity( 1158): [0,com.android.launcher3/.uioverrides.QuickstepLauncher,finish-top]
09-20 06:27:37.785 I/wm_pause_activity( 1158): [0,232512656,com.thundercomm.mcuupgrade/.MainActivity,userLeaving=false,finish]
09-20 06:27:37.791 I/wm_on_top_resumed_lost_called(15307): [232512656,com.thundercomm.mcuupgrade.MainActivity,topStateChangedWhenResumed]
09-20 06:27:37.792 I/wm_on_top_resumed_gained_called( 8801): [213932593,com.android.launcher3.uioverrides.QuickstepLauncher,topStateChangedWhenResumed]
09-20 06:27:37.794 I/input_focus( 1158): [Focus request 4bde657 com.android.launcher3/com.android.launcher3.uioverrides.QuickstepLauncher,reason=UpdateInputWindows]
09-20 06:27:37.795 I/wm_on_paused_called(15307): [232512656,com.thundercomm.mcuupgrade.MainActivity,performPause]
09-20 06:27:37.798 I/wm_destroy_activity( 1158): [0,232512656,96,com.thundercomm.mcuupgrade/.MainActivity,finish-imm:completePausedLocked]
09-20 06:27:37.815 I/wm_on_stop_called(15307): [232512656,com.thundercomm.mcuupgrade.MainActivity,LIFECYCLER_STOP_ACTIVITY]
09-20 06:27:37.821 I/sysui_multi_action( 1158): [757,803,799,window_time_0,802,8]
09-20 06:27:37.821 I/am_crash( 1158): [15307,0,com.thundercomm.mcuupgrade,818462277,java.lang.IllegalArgumentException,Service not registered: com.thundercomm.mcuupgrade.MainActivity$1@25642b0,LoadedApk.java,1880]
09-20 06:27:37.822 I/input_focus( 1158): [Focus leaving 8443f43 com.thundercomm.mcuupgrade/com.thundercomm.mcuupgrade.MainActivity (server),reason=NO_WINDOW]
09-20 06:27:37.823 I/input_focus( 1158): [Focus entering 4bde657 com.android.launcher3/com.android.launcher3.uioverrides.QuickstepLauncher (server),reason=setFocusedWindow]
09-20 06:27:37.826 I/sysui_multi_action( 1158): [757,803,799,window_time_0,802,0]
09-20 06:27:37.836 I/sysui_multi_action( 1158): [757,316,758,4,759,-1]
09-20 06:27:38.031 I/am_proc_died( 1158): [0,15307,com.thundercomm.mcuupgrade,900,18]
09-20 06:27:38.064 I/am_pss ( 1158): [15260,1000,com.android.settings,19590144,12443648,0,114520064,0,19,11]
09-20 06:27:38.320 I/wm_task_removed( 1158): [96,removeChild:removeChild last r=ActivityRecord{ddbdc90 u0 com.thundercomm.mcuupgrade/.MainActivity t-1 f}} in t=Task{bbddb53 #96 type=standard A=1000:com.thundercomm.mcuupgrade U=0 visible=false mode=freeform translucent=true sz=0}]
09-20 06:27:38.320 I/wm_task_removed( 1158): [96,removeChild]
09-20 06:27:39.725 I/input_interaction( 1158): Interaction with: 4bde657 com.android.launcher3/com.android.launcher3.uioverrides.QuickstepLauncher (server), 93416c5 com.android.systemui.ImageWallpaper (server), edge-swipe (server), swipe-up (server), PointerEventDispatcher0 (server),
09-20 06:27:41.781 I/wm_task_created( 1158): [97,-1]
09-20 06:27:41.790 I/wm_task_moved( 1158): [97,1,6]
09-20 06:27:41.790 I/wm_task_to_front( 1158): [0,97]
09-20 06:27:41.791 I/wm_create_task( 1158): [0,97]
09-20 06:27:41.791 I/wm_create_activity( 1158): [0,12392526,97,com.android.settings/.Settings,NULL,NULL,NULL,402657280]
09-20 06:27:41.791 I/wm_task_moved( 1158): [97,1,6]
09-20 06:27:41.794 I/wm_restart_activity( 1158): [0,12392526,97,com.android.settings/.Settings]
09-20 06:27:41.797 I/wm_set_resumed_activity( 1158): [0,com.android.settings/.Settings,minimalResumeActivityLocked]
09-20 06:27:41.810 I/wm_on_top_resumed_lost_called( 8801): [213932593,com.android.launcher3.uioverrides.QuickstepLauncher,topStateChangedWhenResumed]
09-20 06:27:41.895 I/wm_on_create_called(15260): [12392526,com.android.settings.Settings,performCreate]
09-20 06:27:41.965 W/CarrierConfigManager(15260): Error getting config for subId -1 ICarrierConfigLoader is null
09-20 06:27:42.010 I/wm_on_start_called(15260): [12392526,com.android.settings.Settings,handleStartActivity]
09-20 06:27:42.011 I/snet_event_log(15260): [120484087,-1,]
09-20 06:27:42.012 I/wm_on_resume_called(15260): [12392526,com.android.settings.Settings,RESUME_ACTIVITY]
09-20 06:27:42.014 I/sysui_multi_action(15260): [757,35,758,1,833,0,1089,116]
09-20 06:27:42.020 I/sysui_multi_action(15260): [757,1729,758,4,854,isParalleledControllers:false,1089,122]
09-20 06:27:42.030 I/sysui_multi_action(15260): [757,746,758,1,833,0,1089,91]
09-20 06:27:42.031 D/TelephonyRegistry( 1158): listen oscl: mHasNotifySubscriptionInfoChangedOccurred==false no callback
09-20 06:27:42.038 D/TelephonyRegistry( 1158): listen oscl: mHasNotifySubscriptionInfoChangedOccurred==false no callback
09-20 06:27:42.050 I/sysui_multi_action(15260): [757,1729,758,4,854,isParalleledControllers:false,1089,111]
09-20 06:27:42.064 I/wm_on_top_resumed_gained_called(15260): [12392526,com.android.settings.Settings,topStateChangedWhenResumed]
09-20 06:27:42.150 I/input_focus( 1158): [Focus request 5a3fdd4 com.android.settings/com.android.settings.Settings,reason=UpdateInputWindows]
09-20 06:27:42.181 I/input_focus( 1158): [Focus leaving 4bde657 com.android.launcher3/com.android.launcher3.uioverrides.QuickstepLauncher (server),reason=Waiting for window because NOT_VISIBLE]
09-20 06:27:42.232 I/sysui_multi_action( 1158): [324,1,757,1090,758,12,806,com.android.settings,871,com.android.settings.Settings,1091,453]
09-20 06:27:42.248 I/input_focus( 1158): [Focus entering 5a3fdd4 com.android.settings/com.android.settings.Settings (server),reason=Window became focusable. Previous reason: NOT_VISIBLE]
09-20 06:27:42.251 I/sysui_multi_action( 1158): [319,454,322,453,325,9237,757,761,758,8,759,2,806,com.android.settings,871,com.android.settings.Settings,904,com.android.launcher3,905,0,1320,4,1321,1]
09-20 06:27:42.253 I/wm_activity_launch_time( 1158): [0,12392526,com.android.settings/.Settings,453]
09-20 06:27:43.859 I/input_interaction( 1158): Interaction with: 5a3fdd4 com.android.settings/com.android.settings.Settings (server), edge-swipe (server), swipe-up (server), PointerEventDispatcher0 (server),
09-20 06:27:43.993 I/wm_finish_activity( 1158): [0,12392526,97,com.android.settings/.Settings,finish-activity]
09-20 06:27:43.993 I/wm_task_moved( 1158): [1,1,6]
09-20 06:27:43.995 I/wm_set_resumed_activity( 1158): [0,com.android.launcher3/.uioverrides.QuickstepLauncher,positionChildAt]
09-20 06:27:43.995 I/wm_task_moved( 1158): [44,1,2147483647]
09-20 06:27:43.995 I/wm_task_to_front( 1158): [0,44]
09-20 06:27:43.996 I/wm_focused_root_task( 1158): [0,0,1,-1,finish-top adjustFocusToNextFocusableTask]
09-20 06:27:43.996 I/wm_set_resumed_activity( 1158): [0,com.android.launcher3/.uioverrides.QuickstepLauncher,finish-top]
09-20 06:27:44.006 I/wm_pause_activity( 1158): [0,12392526,com.android.settings/.Settings,userLeaving=false,finish]
09-20 06:27:44.011 I/input_focus( 1158): [Focus request 4bde657 com.android.launcher3/com.android.launcher3.uioverrides.QuickstepLauncher,reason=UpdateInputWindows]
09-20 06:27:44.016 I/wm_on_top_resumed_lost_called(15260): [12392526,com.android.settings.Settings,topStateChangedWhenResumed]
09-20 06:27:44.020 I/wm_on_top_resumed_gained_called( 8801): [213932593,com.android.launcher3.uioverrides.QuickstepLauncher,topStateChangedWhenResumed]
09-20 06:27:44.023 I/sysui_multi_action(15260): [757,35,758,2,1089,2009]
09-20 06:27:44.025 I/sysui_multi_action( 1158): [757,803,799,window_time_0,802,6]
09-20 06:27:44.031 I/sysui_multi_action(15260): [757,746,758,2,1089,2001]
09-20 06:27:44.036 I/input_focus( 1158): [Focus leaving 5a3fdd4 com.android.settings/com.android.settings.Settings (server),reason=NO_WINDOW]
09-20 06:27:44.036 I/input_focus( 1158): [Focus entering 4bde657 com.android.launcher3/com.android.launcher3.uioverrides.QuickstepLauncher (server),reason=setFocusedWindow]
09-20 06:27:44.053 I/wm_on_paused_called(15260): [12392526,com.android.settings.Settings,performPause]
09-20 06:27:44.054 I/wm_destroy_activity( 1158): [0,12392526,97,com.android.settings/.Settings,finish-imm:completePausedLocked]
09-20 06:27:44.079 I/sysui_multi_action( 1158): [757,803,799,window_time_0,802,0]
09-20 06:27:44.098 I/wm_on_stop_called(15260): [12392526,com.android.settings.Settings,LIFECYCLER_STOP_ACTIVITY]
09-20 06:27:44.121 I/wm_on_destroy_called(15260): [12392526,com.android.settings.Settings,performDestroy]
09-20 06:27:44.569 I/wm_task_removed( 1158): [97,removeChild:removeChild last r=ActivityRecord{bd184e u0 com.android.settings/.Settings t-1 f}} in t=Task{bfd749 #97 type=standard A=1000:com.android.settings.root U=0 visible=false mode=freeform translucent=true sz=0}]
09-20 06:27:44.569 I/wm_task_removed( 1158): [97,removeChild]
09-20 06:27:46.024 I/input_interaction( 1158): Interaction with: 4bde657 com.android.launcher3/com.android.launcher3.uioverrides.QuickstepLauncher (server), 93416c5 com.android.systemui.ImageWallpaper (server), edge-swipe (server), swipe-up (server), PointerEventDispatcher0 (server),
09-20 06:27:47.423 I/wm_task_created( 1158): [98,-1]
09-20 06:27:47.438 I/wm_task_moved( 1158): [98,1,6]
09-20 06:27:47.438 I/wm_task_to_front( 1158): [0,98]
09-20 06:27:47.439 I/wm_create_task( 1158): [0,98]
09-20 06:27:47.439 I/wm_create_activity( 1158): [0,28088013,98,com.android.settings/.Settings,NULL,NULL,NULL,402657280]
09-20 06:27:47.439 I/wm_task_moved( 1158): [98,1,6]
09-20 06:27:47.443 I/wm_restart_activity( 1158): [0,28088013,98,com.android.settings/.Settings]
09-20 06:27:47.444 I/wm_set_resumed_activity( 1158): [0,com.android.settings/.Settings,minimalResumeActivityLocked]
09-20 06:27:47.467 I/wm_on_top_resumed_lost_called( 8801): [213932593,com.android.launcher3.uioverrides.QuickstepLauncher,topStateChangedWhenResumed]
09-20 06:27:47.484 I/wm_on_create_called(15260): [28088013,com.android.settings.Settings,performCreate]
09-20 06:27:47.509 W/CarrierConfigManager(15260): Error getting config for subId -1 ICarrierConfigLoader is null
09-20 06:27:47.525 I/commit_sys_config_file( 1158): [procstats,68]
09-20 06:27:47.546 I/wm_on_start_called(15260): [28088013,com.android.settings.Settings,handleStartActivity]
09-20 06:27:47.546 I/snet_event_log(15260): [120484087,-1,]
09-20 06:27:47.547 I/wm_on_resume_called(15260): [28088013,com.android.settings.Settings,RESUME_ACTIVITY]
09-20 06:27:47.548 I/sysui_multi_action(15260): [757,35,758,1,833,0,1089,61]
09-20 06:27:47.549 I/sysui_multi_action(15260): [757,1729,758,4,854,isParalleledControllers:false,1089,63]
09-20 06:27:47.559 I/sysui_multi_action(15260): [757,746,758,1,833,0,1089,58]
09-20 06:27:47.562 D/TelephonyRegistry( 1158): listen oscl: mHasNotifySubscriptionInfoChangedOccurred==false no callback
09-20 06:27:47.567 D/TelephonyRegistry( 1158): listen oscl: mHasNotifySubscriptionInfoChangedOccurred==false no callback
09-20 06:27:47.580 I/sysui_multi_action(15260): [757,1729,758,4,854,isParalleledControllers:false,1089,80]
09-20 06:27:47.585 I/wm_on_top_resumed_gained_called(15260): [28088013,com.android.settings.Settings,topStateChangedWhenResumed]
09-20 06:27:47.645 I/input_focus( 1158): [Focus request 39b3a53 com.android.settings/com.android.settings.Settings,reason=UpdateInputWindows]
09-20 06:27:47.677 I/input_focus( 1158): [Focus leaving 4bde657 com.android.launcher3/com.android.launcher3.uioverrides.QuickstepLauncher (server),reason=Waiting for window because NOT_VISIBLE]
09-20 06:27:47.684 I/sysui_multi_action( 1158): [324,1,757,1090,758,12,806,com.android.settings,871,com.android.settings.Settings,1091,262]
09-20 06:27:47.693 I/sysui_multi_action( 1158): [319,263,322,262,325,9242,757,761,758,8,759,2,806,com.android.settings,871,com.android.settings.Settings,904,com.android.launcher3,905,0,1320,4,1321,1]
09-20 06:27:47.694 I/wm_activity_launch_time( 1158): [0,28088013,com.android.settings/.Settings,262]
09-20 06:27:47.694 I/input_focus( 1158): [Focus entering 39b3a53 com.android.settings/com.android.settings.Settings (server),reason=Window became focusable. Previous reason: NOT_VISIBLE]
09-20 06:27:48.794 I/input_interaction( 1158): Interaction with: 39b3a53 com.android.settings/com.android.settings.Settings (server), edge-swipe (server), swipe-up (server), PointerEventDispatcher0 (server),
09-20 06:27:48.944 I/wm_finish_activity( 1158): [0,28088013,98,com.android.settings/.Settings,finish-activity]
09-20 06:27:48.945 I/wm_task_moved( 1158): [1,1,6]
09-20 06:27:48.948 I/wm_set_resumed_activity( 1158): [0,com.android.launcher3/.uioverrides.QuickstepLauncher,positionChildAt]
09-20 06:27:48.948 I/wm_task_moved( 1158): [44,1,2147483647]
09-20 06:27:48.948 I/wm_task_to_front( 1158): [0,44]
09-20 06:27:48.949 I/wm_focused_root_task( 1158): [0,0,1,-1,finish-top adjustFocusToNextFocusableTask]
09-20 06:27:48.949 I/wm_set_resumed_activity( 1158): [0,com.android.launcher3/.uioverrides.QuickstepLauncher,finish-top]
09-20 06:27:48.965 I/wm_pause_activity( 1158): [0,28088013,com.android.settings/.Settings,userLeaving=false,finish]
09-20 06:27:48.972 I/wm_on_top_resumed_lost_called(15260): [28088013,com.android.settings.Settings,topStateChangedWhenResumed]
09-20 06:27:48.975 I/input_focus( 1158): [Focus request 4bde657 com.android.launcher3/com.android.launcher3.uioverrides.QuickstepLauncher,reason=UpdateInputWindows]
09-20 06:27:48.976 I/wm_on_top_resumed_gained_called( 8801): [213932593,com.android.launcher3.uioverrides.QuickstepLauncher,topStateChangedWhenResumed]
09-20 06:27:48.981 I/sysui_multi_action(15260): [757,35,758,2,1089,1434]
09-20 06:27:48.985 I/sysui_multi_action( 1158): [757,803,799,window_time_0,802,5]
09-20 06:27:48.989 I/sysui_multi_action(15260): [757,746,758,2,1089,1431]
09-20 06:27:48.995 I/wm_on_paused_called(15260): [28088013,com.android.settings.Settings,performPause]
09-20 06:27:48.996 I/wm_destroy_activity( 1158): [0,28088013,98,com.android.settings/.Settings,finish-imm:completePausedLocked]
09-20 06:27:48.998 I/input_focus( 1158): [Focus leaving 39b3a53 com.android.settings/com.android.settings.Settings (server),reason=NO_WINDOW]
09-20 06:27:48.999 I/input_focus( 1158): [Focus entering 4bde657 com.android.launcher3/com.android.launcher3.uioverrides.QuickstepLauncher (server),reason=setFocusedWindow]
09-20 06:27:49.007 I/dvm_lock_sample( 1158): [system_server,1,android.anim,11,InputMonitor.java,144,void com.android.server.wm.InputMonitor$UpdateInputWindows.run(),ActivityClientController.java,174,void com.android.server.wm.ActivityClientController.activityPaused(android.os.IBinder),2]
09-20 06:27:49.007 I/sysui_multi_action( 1158): [757,803,799,window_time_0,802,0]
09-20 06:27:49.033 I/wm_on_stop_called(15260): [28088013,com.android.settings.Settings,LIFECYCLER_STOP_ACTIVITY]
09-20 06:27:49.053 I/wm_on_destroy_called(15260): [28088013,com.android.settings.Settings,performDestroy]
09-20 06:27:49.514 I/wm_task_removed( 1158): [98,removeChild:removeChild last r=ActivityRecord{1ac96cd u0 com.android.settings/.Settings t-1 f}} in t=Task{4225464 #98 type=standard A=1000:com.android.settings.root U=0 visible=false mode=freeform translucent=true sz=0}]
09-20 06:27:49.514 I/wm_task_removed( 1158): [98,removeChild]
09-20 06:27:50.519 I/input_interaction( 1158): Interaction with: 4bde657 com.android.launcher3/com.android.launcher3.uioverrides.QuickstepLauncher (server), 93416c5 com.android.systemui.ImageWallpaper (server), edge-swipe (server), swipe-up (server), PointerEventDispatcher0 (server),
09-20 06:27:56.358 I/service_manager_stats( 1158): [100,135,104424]
09-20 06:27:57.369 I/sysui_multi_action( 1158): [757,127,758,1]
09-20 06:27:57.369 I/sysui_multi_action( 1158): [757,804,799,note_load,801,3,802,1]
09-20 06:27:57.369 I/notification_panel_revealed( 1158): 3
09-20 06:27:57.393 I/input_focus( 1158): [Focus request 853367f NotificationShade,reason=UpdateInputWindows]
09-20 06:27:57.418 I/input_focus( 1158): [Focus leaving 4bde657 com.android.launcher3/com.android.launcher3.uioverrides.QuickstepLauncher (server),reason=setFocusedWindow]
09-20 06:27:57.419 I/input_focus( 1158): [Focus entering 853367f NotificationShade (server),reason=setFocusedWindow]
09-20 06:27:57.427 I/input_interaction( 1158): Interaction with: 4bde657 com.android.launcher3/com.android.launcher3.uioverrides.QuickstepLauncher (server), 93416c5 com.android.systemui.ImageWallpaper (server), 853367f NotificationShade (server), edge-swipe (server), swipe-up (server), PointerEventDispatcher0 (server),
09-20 06:27:57.428 I/view_enqueue_input_event( 8801): [Motion - Cancel,com.android.launcher3/com.android.launcher3.uioverrides.QuickstepLauncher]
09-20 06:27:57.429 I/sysui_multi_action( 2202): [757,803,799,panel_open,802,1]
09-20 06:27:57.430 I/sysui_multi_action( 2202): [757,1328,758,4,1326,46,1327,69,1329,0]
09-20 06:27:57.441 I/input_interaction( 1158): Interaction with: 93416c5 com.android.systemui.ImageWallpaper (server), 853367f NotificationShade (server), edge-swipe (server), swipe-up (server), PointerEventDispatcher0 (server),
09-20 06:27:57.450 I/sysui_multi_action( 2202): [757,111,758,2]
09-20 06:27:57.450 I/sysui_multi_action( 2202): [757,111,758,2]
09-20 06:27:57.456 I/sysui_multi_action( 2202): [757,111,758,1]
09-20 06:27:57.456 I/sysui_multi_action( 2202): [757,126,758,1,759,126,927,0,928,0,1593,0]
09-20 06:27:57.456 I/sysui_multi_action( 2202): [757,113,758,1,759,113,927,1,928,1,1593,0]
09-20 06:27:57.457 I/sysui_multi_action( 2202): [757,0,758,1,759,0,927,2,928,0,1593,0]
09-20 06:27:57.457 I/sysui_multi_action( 2202): [757,0,758,1,759,0,927,3,928,0,1593,0]
09-20 06:27:57.457 I/sysui_multi_action( 2202): [757,1706,758,1,759,1706,927,4,928,0,1593,0]
09-20 06:27:57.457 I/sysui_multi_action( 2202): [757,491,758,1,759,491,927,5,928,0,1311,-1,1593,0]
09-20 06:27:57.457 I/sysui_multi_action( 2202): [757,0,758,1,759,0,927,6,928,0,1593,0]
09-20 06:27:57.457 I/sysui_multi_action( 2202): [757,0,758,1,759,0,927,7,1593,0]
09-20 06:27:57.458 I/sysui_multi_action( 2202): [757,114,758,1,759,114,927,8,928,0,1593,0]
09-20 06:27:57.458 I/sysui_multi_action( 2202): [757,111,758,1]
09-20 06:27:57.458 I/sysui_multi_action( 2202): [757,126,758,1,759,126,927,0,928,0,1593,0]
09-20 06:27:57.458 I/sysui_multi_action( 2202): [757,113,758,1,759,113,927,1,928,1,1593,0]
09-20 06:27:57.458 I/sysui_multi_action( 2202): [757,0,758,1,759,0,927,2,928,0,1593,0]
09-20 06:27:57.458 I/sysui_multi_action( 2202): [757,0,758,1,759,0,927,3,928,0,1593,0]
09-20 06:27:57.465 I/sysui_latency( 2202): [0,115]
09-20 06:27:57.466 I/sysui_multi_action( 2202): [757,111,758,2]
09-20 06:27:57.467 I/sysui_multi_action( 2202): [757,111,758,2]
09-20 06:27:57.471 I/sysui_multi_action( 2202): [757,111,758,1]
09-20 06:27:57.471 I/sysui_multi_action( 2202): [757,126,758,1,759,126,927,0,928,0,1593,0]
09-20 06:27:57.471 I/sysui_multi_action( 2202): [757,113,758,1,759,113,927,1,928,1,1593,0]
09-20 06:27:57.471 I/sysui_multi_action( 2202): [757,0,758,1,759,0,927,2,928,0,1593,0]
09-20 06:27:57.472 I/sysui_multi_action( 2202): [757,0,758,1,759,0,927,3,928,0,1593,0]
09-20 06:27:57.472 I/sysui_multi_action( 2202): [757,1706,758,1,759,1706,927,4,928,0,1593,0]
09-20 06:27:57.472 I/sysui_multi_action( 2202): [757,491,758,1,759,491,927,5,928,0,1311,-1,1593,0]
09-20 06:27:57.472 I/sysui_multi_action( 2202): [757,0,758,1,759,0,927,6,928,0,1593,0]
09-20 06:27:57.472 I/sysui_multi_action( 2202): [757,0,758,1,759,0,927,7,1593,0]
09-20 06:27:57.472 I/sysui_multi_action( 2202): [757,114,758,1,759,114,927,8,928,0,1593,0]
09-20 06:27:57.472 I/sysui_multi_action( 2202): [757,111,758,1]
09-20 06:27:57.473 I/sysui_multi_action( 2202): [757,126,758,1,759,126,927,0,928,0,1593,0]
09-20 06:27:57.473 I/sysui_multi_action( 2202): [757,113,758,1,759,113,927,1,928,1,1593,0]
09-20 06:27:57.473 I/sysui_multi_action( 2202): [757,0,758,1,759,0,927,2,928,0,1593,0]
09-20 06:27:57.473 I/sysui_multi_action( 2202): [757,0,758,1,759,0,927,3,928,0,1593,0]
09-20 06:27:57.483 I/sysui_multi_action( 2202): [757,111,758,2]
09-20 06:27:57.484 I/sysui_multi_action( 2202): [757,111,758,2]
09-20 06:27:57.488 I/sysui_multi_action( 2202): [757,111,758,1]
09-20 06:27:57.488 I/sysui_multi_action( 2202): [757,126,758,1,759,126,927,0,928,0,1593,0]
09-20 06:27:57.488 I/sysui_multi_action( 2202): [757,113,758,1,759,113,927,1,928,1,1593,0]
09-20 06:27:57.488 I/sysui_multi_action( 2202): [757,0,758,1,759,0,927,2,928,0,1593,0]
09-20 06:27:57.489 I/sysui_multi_action( 2202): [757,0,758,1,759,0,927,3,928,0,1593,0]
09-20 06:27:57.489 I/sysui_multi_action( 2202): [757,1706,758,1,759,1706,927,4,928,0,1593,0]
09-20 06:27:57.489 I/sysui_multi_action( 2202): [757,491,758,1,759,491,927,5,928,0,1311,-1,1593,0]
09-20 06:27:57.489 I/sysui_multi_action( 2202): [757,0,758,1,759,0,927,6,928,0,1593,0]
09-20 06:27:57.489 I/sysui_multi_action( 2202): [757,0,758,1,759,0,927,7,1593,0]
09-20 06:27:57.489 I/sysui_multi_action( 2202): [757,114,758,1,759,114,927,8,928,0,1593,0]
09-20 06:27:57.489 I/sysui_multi_action( 2202): [757,111,758,1]
09-20 06:27:57.489 I/sysui_multi_action( 2202): [757,126,758,1,759,126,927,0,928,0,1593,0]
09-20 06:27:57.490 I/sysui_multi_action( 2202): [757,113,758,1,759,113,927,1,928,1,1593,0]
09-20 06:27:57.490 I/sysui_multi_action( 2202): [757,0,758,1,759,0,927,2,928,0,1593,0]
09-20 06:27:57.490 I/sysui_multi_action( 2202): [757,0,758,1,759,0,927,3,928,0,1593,0]
09-20 06:27:57.501 I/sysui_multi_action( 2202): [757,111,758,2]
09-20 06:27:57.501 I/sysui_multi_action( 2202): [757,111,758,2]
09-20 06:27:57.505 I/sysui_multi_action( 2202): [757,111,758,1]
09-20 06:27:57.505 I/sysui_multi_action( 2202): [757,126,758,1,759,126,927,0,928,0,1593,0]
09-20 06:27:57.505 I/sysui_multi_action( 2202): [757,113,758,1,759,113,927,1,928,1,1593,0]
09-20 06:27:57.506 I/sysui_multi_action( 2202): [757,0,758,1,759,0,927,2,928,0,1593,0]
09-20 06:27:57.506 I/sysui_multi_action( 2202): [757,0,758,1,759,0,927,3,928,0,1593,0]
09-20 06:27:57.506 I/sysui_multi_action( 2202): [757,1706,758,1,759,1706,927,4,928,0,1593,0]
09-20 06:27:57.506 I/sysui_multi_action( 2202): [757,491,758,1,759,491,927,5,928,0,1311,-1,1593,0]
09-20 06:27:57.506 I/sysui_multi_action( 2202): [757,0,758,1,759,0,927,6,928,0,1593,0]
09-20 06:27:57.506 I/sysui_multi_action( 2202): [757,0,758,1,759,0,927,7,1593,0]
09-20 06:27:57.506 I/sysui_multi_action( 2202): [757,114,758,1,759,114,927,8,928,0,1593,0]
09-20 06:27:57.507 I/sysui_multi_action( 2202): [757,111,758,1]
09-20 06:27:57.507 I/sysui_multi_action( 2202): [757,126,758,1,759,126,927,0,928,0,1593,0]
09-20 06:27:57.507 I/sysui_multi_action( 2202): [757,113,758,1,759,113,927,1,928,1,1593,0]
09-20 06:27:57.507 I/sysui_multi_action( 2202): [757,0,758,1,759,0,927,2,928,0,1593,0]
09-20 06:27:57.507 I/sysui_multi_action( 2202): [757,0,758,1,759,0,927,3,928,0,1593,0]
09-20 06:27:57.516 I/sysui_multi_action( 2202): [757,111,758,2]
09-20 06:27:57.516 I/sysui_multi_action( 2202): [757,111,758,2]
09-20 06:27:57.521 I/sysui_multi_action( 2202): [757,111,758,1]
09-20 06:27:57.521 I/sysui_multi_action( 2202): [757,126,758,1,759,126,927,0,928,0,1593,0]
09-20 06:27:57.521 I/sysui_multi_action( 2202): [757,113,758,1,759,113,927,1,928,1,1593,0]
09-20 06:27:57.521 I/sysui_multi_action( 2202): [757,0,758,1,759,0,927,2,928,0,1593,0]
09-20 06:27:57.521 I/sysui_multi_action( 2202): [757,0,758,1,759,0,927,3,928,0,1593,0]
09-20 06:27:57.521 I/sysui_multi_action( 2202): [757,1706,758,1,759,1706,927,4,928,0,1593,0]
09-20 06:27:57.522 I/sysui_multi_action( 2202): [757,491,758,1,759,491,927,5,928,0,1311,-1,1593,0]
09-20 06:27:57.522 I/sysui_multi_action( 2202): [757,0,758,1,759,0,927,6,928,0,1593,0]
09-20 06:27:57.522 I/sysui_multi_action( 2202): [757,0,758,1,759,0,927,7,1593,0]
09-20 06:27:57.522 I/sysui_multi_action( 2202): [757,114,758,1,759,114,927,8,928,0,1593,0]
09-20 06:27:57.522 I/sysui_multi_action( 2202): [757,111,758,1]
09-20 06:27:57.522 I/sysui_multi_action( 2202): [757,126,758,1,759,126,927,0,928,0,1593,0]
09-20 06:27:57.522 I/sysui_multi_action( 2202): [757,113,758,1,759,113,927,1,928,1,1593,0]
09-20 06:27:57.522 I/sysui_multi_action( 2202): [757,0,758,1,759,0,927,2,928,0,1593,0]
09-20 06:27:57.522 I/sysui_multi_action( 2202): [757,0,758,1,759,0,927,3,928,0,1593,0]
09-20 06:27:57.533 I/sysui_multi_action( 2202): [757,111,758,2]
09-20 06:27:57.533 I/sysui_multi_action( 2202): [757,111,758,2]
09-20 06:27:57.538 I/sysui_multi_action( 2202): [757,111,758,1]
09-20 06:27:57.538 I/sysui_multi_action( 2202): [757,126,758,1,759,126,927,0,928,0,1593,0]
09-20 06:27:57.538 I/sysui_multi_action( 2202): [757,113,758,1,759,113,927,1,928,1,1593,0]
09-20 06:27:57.538 I/sysui_multi_action( 2202): [757,0,758,1,759,0,927,2,928,0,1593,0]
09-20 06:27:57.538 I/sysui_multi_action( 2202): [757,0,758,1,759,0,927,3,928,0,1593,0]
09-20 06:27:57.539 I/sysui_multi_action( 2202): [757,1706,758,1,759,1706,927,4,928,0,1593,0]
09-20 06:27:57.539 I/sysui_multi_action( 2202): [757,491,758,1,759,491,927,5,928,0,1311,-1,1593,0]
09-20 06:27:57.539 I/sysui_multi_action( 2202): [757,0,758,1,759,0,927,6,928,0,1593,0]
09-20 06:27:57.539 I/sysui_multi_action( 2202): [757,0,758,1,759,0,927,7,1593,0]
09-20 06:27:57.539 I/sysui_multi_action( 2202): [757,114,758,1,759,114,927,8,928,0,1593,0]
09-20 06:27:57.539 I/sysui_multi_action( 2202): [757,111,758,1]
09-20 06:27:57.540 I/sysui_multi_action( 2202): [757,126,758,1,759,126,927,0,928,0,1593,0]
09-20 06:27:57.540 I/sysui_multi_action( 2202): [757,113,758,1,759,113,927,1,928,1,1593,0]
09-20 06:27:57.540 I/sysui_multi_action( 2202): [757,0,758,1,759,0,927,2,928,0,1593,0]
09-20 06:27:57.540 I/sysui_multi_action( 2202): [757,0,758,1,759,0,927,3,928,0,1593,0]
09-20 06:27:57.550 I/sysui_multi_action( 2202): [757,111,758,2]
09-20 06:27:57.550 I/sysui_multi_action( 2202): [757,111,758,2]
09-20 06:27:57.554 I/sysui_multi_action( 2202): [757,111,758,1]
09-20 06:27:57.554 I/sysui_multi_action( 2202): [757,126,758,1,759,126,927,0,928,0,1593,0]
09-20 06:27:57.554 I/sysui_multi_action( 2202): [757,113,758,1,759,113,927,1,928,1,1593,0]
09-20 06:27:57.554 I/sysui_multi_action( 2202): [757,0,758,1,759,0,927,2,928,0,1593,0]
09-20 06:27:57.554 I/sysui_multi_action( 2202): [757,0,758,1,759,0,927,3,928,0,1593,0]
09-20 06:27:57.554 I/sysui_multi_action( 2202): [757,1706,758,1,759,1706,927,4,928,0,1593,0]
09-20 06:27:57.555 I/sysui_multi_action( 2202): [757,491,758,1,759,491,927,5,928,0,1311,-1,1593,0]
09-20 06:27:57.555 I/sysui_multi_action( 2202): [757,0,758,1,759,0,927,6,928,0,1593,0]
09-20 06:27:57.555 I/sysui_multi_action( 2202): [757,0,758,1,759,0,927,7,1593,0]
09-20 06:27:57.555 I/sysui_multi_action( 2202): [757,114,758,1,759,114,927,8,928,0,1593,0]
09-20 06:27:57.555 I/sysui_multi_action( 2202): [757,111,758,1]
09-20 06:27:57.555 I/sysui_multi_action( 2202): [757,126,758,1,759,126,927,0,928,0,1593,0]
09-20 06:27:57.555 I/sysui_multi_action( 2202): [757,113,758,1,759,113,927,1,928,1,1593,0]
09-20 06:27:57.555 I/sysui_multi_action( 2202): [757,0,758,1,759,0,927,2,928,0,1593,0]
09-20 06:27:57.555 I/sysui_multi_action( 2202): [757,0,758,1,759,0,927,3,928,0,1593,0]
09-20 06:27:57.566 I/sysui_multi_action( 2202): [757,111,758,2]
09-20 06:27:57.566 I/sysui_multi_action( 2202): [757,111,758,2]
09-20 06:27:57.571 I/sysui_multi_action( 2202): [757,111,758,1]
09-20 06:27:57.571 I/sysui_multi_action( 2202): [757,126,758,1,759,126,927,0,928,0,1593,0]
09-20 06:27:57.571 I/sysui_multi_action( 2202): [757,113,758,1,759,113,927,1,928,1,1593,0]
09-20 06:27:57.571 I/sysui_multi_action( 2202): [757,0,758,1,759,0,927,2,928,0,1593,0]
09-20 06:27:57.571 I/sysui_multi_action( 2202): [757,0,758,1,759,0,927,3,928,0,1593,0]
09-20 06:27:57.571 I/sysui_multi_action( 2202): [757,1706,758,1,759,1706,927,4,928,0,1593,0]
09-20 06:27:57.572 I/sysui_multi_action( 2202): [757,491,758,1,759,491,927,5,928,0,1311,-1,1593,0]
09-20 06:27:57.572 I/sysui_multi_action( 2202): [757,0,758,1,759,0,927,6,928,0,1593,0]
