09-20 06:03:49.965 I/sysui_multi_action( 2202): [757,0,758,1,759,0,927,3,928,0,1593,1]
09-20 06:03:49.966 I/sysui_multi_action( 2202): [757,1706,758,1,759,1706,927,4,928,0,1593,1]
09-20 06:03:49.966 I/sysui_multi_action( 2202): [757,491,758,1,759,491,927,5,928,0,1311,-1,1593,0]
09-20 06:03:49.966 I/sysui_multi_action( 2202): [757,0,758,1,759,0,927,6,928,0,1593,0]
09-20 06:03:49.966 I/sysui_multi_action( 2202): [757,0,758,1,759,0,927,7,1593,0]
09-20 06:03:49.966 I/sysui_multi_action( 2202): [757,114,758,1,759,114,927,8,928,0,1593,0]
09-20 06:03:49.966 I/sysui_multi_action( 2202): [757,111,758,1]
09-20 06:03:49.966 I/sysui_multi_action( 2202): [757,126,758,1,759,126,927,0,928,0,1593,1]
09-20 06:03:49.966 I/sysui_multi_action( 2202): [757,113,758,1,759,113,927,1,928,1,1593,1]
09-20 06:03:49.967 I/sysui_multi_action( 2202): [757,0,758,1,759,0,927,2,928,0,1593,1]
09-20 06:03:49.967 I/sysui_multi_action( 2202): [757,0,758,1,759,0,927,3,928,0,1593,1]
09-20 06:03:49.972 I/sysui_multi_action( 2202): [757,111,758,2]
09-20 06:03:49.973 I/sysui_multi_action( 2202): [757,111,758,2]
09-20 06:03:49.974 I/sysui_multi_action( 1158): [757,127,758,2]
09-20 06:03:49.974 I/notification_panel_hidden( 1158):
09-20 06:03:49.989 I/input_focus( 1158): [Focus leaving 853367f NotificationShade (server),reason=NO_WINDOW]
09-20 06:03:49.989 I/sysui_multi_action( 2202): [757,111,758,1]
09-20 06:03:49.989 I/sysui_multi_action( 2202): [757,126,758,1,759,126,927,0,928,0,1593,1]
09-20 06:03:49.989 I/sysui_multi_action( 2202): [757,113,758,1,759,113,927,1,928,1,1593,1]
09-20 06:03:49.989 I/input_focus( 1158): [Focus entering 4bde657 com.android.launcher3/com.android.launcher3.uioverrides.QuickstepLauncher (server),reason=setFocusedWindow]
09-20 06:03:49.989 I/sysui_multi_action( 2202): [757,0,758,1,759,0,927,2,928,0,1593,1]
09-20 06:03:49.989 I/sysui_multi_action( 2202): [757,0,758,1,759,0,927,3,928,0,1593,1]
09-20 06:03:49.990 I/sysui_multi_action( 2202): [757,1706,758,1,759,1706,927,4,928,0,1593,1]
09-20 06:03:49.990 I/sysui_multi_action( 2202): [757,491,758,1,759,491,927,5,928,0,1311,-1,1593,0]
09-20 06:03:49.990 I/sysui_multi_action( 2202): [757,0,758,1,759,0,927,6,928,0,1593,0]
09-20 06:03:49.990 I/sysui_multi_action( 2202): [757,0,758,1,759,0,927,7,1593,0]
09-20 06:03:49.990 I/sysui_multi_action( 2202): [757,114,758,1,759,114,927,8,928,0,1593,0]
09-20 06:03:49.990 I/sysui_multi_action( 2202): [757,111,758,1]
09-20 06:03:49.991 I/sysui_multi_action( 2202): [757,126,758,1,759,126,927,0,928,0,1593,1]
09-20 06:03:49.991 I/sysui_multi_action( 2202): [757,113,758,1,759,113,927,1,928,1,1593,1]
09-20 06:03:49.991 I/sysui_multi_action( 2202): [757,0,758,1,759,0,927,2,928,0,1593,1]
09-20 06:03:49.991 I/sysui_multi_action( 2202): [757,0,758,1,759,0,927,3,928,0,1593,1]
09-20 06:04:42.384 I/sysui_multi_action( 1158): [757,1696,758,6,759,2]
09-20 06:04:42.399 I/am_wtf ( 1158): [0,1158,system_server,-1,DisplayDeviceConfig,requesting nits when no mapping exists.]
09-20 06:04:42.409 I/am_wtf ( 1158): [0,1158,system_server,-1,DisplayDeviceConfig,requesting nits when no mapping exists.]
09-20 06:04:42.416 I/am_wtf ( 1158): [0,1158,system_server,-1,DisplayDeviceConfig,requesting nits when no mapping exists.]
09-20 06:04:42.421 I/am_wtf ( 1158): [0,1158,system_server,-1,DisplayDeviceConfig,requesting nits when no mapping exists.]
09-20 06:04:42.430 I/am_wtf ( 1158): [0,1158,system_server,-1,DisplayDeviceConfig,requesting nits when no mapping exists.]
09-20 06:04:42.433 I/am_wtf ( 1158): [0,1158,system_server,-1,DisplayDeviceConfig,requesting nits when no mapping exists.]
09-20 06:04:42.447 I/am_wtf ( 1158): [0,1158,system_server,-1,DisplayDeviceConfig,requesting nits when no mapping exists.]
09-20 06:04:42.448 I/am_wtf ( 1158): [0,1158,system_server,-1,DisplayDeviceConfig,requesting nits when no mapping exists.]
09-20 06:04:42.463 I/am_wtf ( 1158): [0,1158,system_server,-1,DisplayDeviceConfig,requesting nits when no mapping exists.]
09-20 06:04:42.465 I/am_wtf ( 1158): [0,1158,system_server,-1,DisplayDeviceConfig,requesting nits when no mapping exists.]
09-20 06:04:42.480 I/am_wtf ( 1158): [0,1158,system_server,-1,DisplayDeviceConfig,requesting nits when no mapping exists.]
09-20 06:04:42.481 I/am_wtf ( 1158): [0,1158,system_server,-1,DisplayDeviceConfig,requesting nits when no mapping exists.]
09-20 06:04:42.506 I/am_wtf ( 1158): [0,1158,system_server,-1,DisplayDeviceConfig,requesting nits when no mapping exists.]
09-20 06:04:42.507 I/am_wtf ( 1158): [0,1158,system_server,-1,DisplayDeviceConfig,requesting nits when no mapping exists.]
09-20 06:04:42.513 I/am_wtf ( 1158): [0,1158,system_server,-1,DisplayDeviceConfig,requesting nits when no mapping exists.]
09-20 06:04:42.514 I/am_wtf ( 1158): [0,1158,system_server,-1,DisplayDeviceConfig,requesting nits when no mapping exists.]
09-20 06:04:42.530 I/am_wtf ( 1158): [0,1158,system_server,-1,DisplayDeviceConfig,requesting nits when no mapping exists.]
09-20 06:04:42.533 I/am_wtf ( 1158): [0,1158,system_server,-1,DisplayDeviceConfig,requesting nits when no mapping exists.]
09-20 06:04:42.547 I/am_wtf ( 1158): [0,1158,system_server,-1,DisplayDeviceConfig,requesting nits when no mapping exists.]
09-20 06:04:42.549 I/am_wtf ( 1158): [0,1158,system_server,-1,DisplayDeviceConfig,requesting nits when no mapping exists.]
09-20 06:04:42.564 I/am_wtf ( 1158): [0,1158,system_server,-1,DisplayDeviceConfig,requesting nits when no mapping exists.]
09-20 06:04:42.565 I/am_wtf ( 1158): [0,1158,system_server,-1,DisplayDeviceConfig,requesting nits when no mapping exists.]
09-20 06:04:42.580 I/am_wtf ( 1158): [0,1158,system_server,-1,DisplayDeviceConfig,requesting nits when no mapping exists.]
09-20 06:04:42.582 I/am_wtf ( 1158): [0,1158,system_server,-1,DisplayDeviceConfig,requesting nits when no mapping exists.]
09-20 06:04:42.597 I/am_wtf ( 1158): [0,1158,system_server,-1,DisplayDeviceConfig,requesting nits when no mapping exists.]
09-20 06:04:42.598 I/am_wtf ( 1158): [0,1158,system_server,-1,DisplayDeviceConfig,requesting nits when no mapping exists.]
09-20 06:04:42.614 I/am_wtf ( 1158): [0,1158,system_server,-1,DisplayDeviceConfig,requesting nits when no mapping exists.]
09-20 06:04:42.615 I/am_wtf ( 1158): [0,1158,system_server,-1,DisplayDeviceConfig,requesting nits when no mapping exists.]
09-20 06:04:42.631 I/am_wtf ( 1158): [0,1158,system_server,-1,DisplayDeviceConfig,requesting nits when no mapping exists.]
09-20 06:04:42.632 I/service_manager_stats( 1158): [100,103,61779]
09-20 06:04:42.633 I/am_wtf ( 1158): [0,1158,system_server,-1,DisplayDeviceConfig,requesting nits when no mapping exists.]
09-20 06:04:42.647 I/am_wtf ( 1158): [0,1158,system_server,-1,DisplayDeviceConfig,requesting nits when no mapping exists.]
09-20 06:04:42.650 I/am_wtf ( 1158): [0,1158,system_server,-1,DisplayDeviceConfig,requesting nits when no mapping exists.]
09-20 06:04:42.664 I/am_wtf ( 1158): [0,1158,system_server,-1,DisplayDeviceConfig,requesting nits when no mapping exists.]
09-20 06:04:42.665 I/am_wtf ( 1158): [0,1158,system_server,-1,DisplayDeviceConfig,requesting nits when no mapping exists.]
09-20 06:04:42.681 I/am_wtf ( 1158): [0,1158,system_server,-1,DisplayDeviceConfig,requesting nits when no mapping exists.]
09-20 06:04:42.682 I/am_wtf ( 1158): [0,1158,system_server,-1,DisplayDeviceConfig,requesting nits when no mapping exists.]
09-20 06:04:42.698 I/am_wtf ( 1158): [0,1158,system_server,-1,DisplayDeviceConfig,requesting nits when no mapping exists.]
09-20 06:04:42.699 I/am_wtf ( 1158): [0,1158,system_server,-1,DisplayDeviceConfig,requesting nits when no mapping exists.]
09-20 06:04:42.714 I/am_wtf ( 1158): [0,1158,system_server,-1,DisplayDeviceConfig,requesting nits when no mapping exists.]
09-20 06:04:42.715 I/am_wtf ( 1158): [0,1158,system_server,-1,DisplayDeviceConfig,requesting nits when no mapping exists.]
09-20 06:04:42.731 I/am_wtf ( 1158): [0,1158,system_server,-1,DisplayDeviceConfig,requesting nits when no mapping exists.]
09-20 06:04:42.732 I/am_wtf ( 1158): [0,1158,system_server,-1,DisplayDeviceConfig,requesting nits when no mapping exists.]
09-20 06:04:42.747 I/am_wtf ( 1158): [0,1158,system_server,-1,DisplayDeviceConfig,requesting nits when no mapping exists.]
09-20 06:04:42.749 I/am_wtf ( 1158): [0,1158,system_server,-1,DisplayDeviceConfig,requesting nits when no mapping exists.]
09-20 06:04:42.764 I/am_wtf ( 1158): [0,1158,system_server,-1,DisplayDeviceConfig,requesting nits when no mapping exists.]
09-20 06:04:42.765 I/am_wtf ( 1158): [0,1158,system_server,-1,DisplayDeviceConfig,requesting nits when no mapping exists.]
09-20 06:04:42.780 I/am_wtf ( 1158): [0,1158,system_server,-1,DisplayDeviceConfig,requesting nits when no mapping exists.]
09-20 06:04:42.782 I/am_wtf ( 1158): [0,1158,system_server,-1,DisplayDeviceConfig,requesting nits when no mapping exists.]
09-20 06:04:42.798 I/am_wtf ( 1158): [0,1158,system_server,-1,DisplayDeviceConfig,requesting nits when no mapping exists.]
09-20 06:04:42.799 I/am_wtf ( 1158): [0,1158,system_server,-1,DisplayDeviceConfig,requesting nits when no mapping exists.]
09-20 06:04:42.814 I/am_wtf ( 1158): [0,1158,system_server,-1,DisplayDeviceConfig,requesting nits when no mapping exists.]
09-20 06:04:42.815 I/am_wtf ( 1158): [0,1158,system_server,-1,DisplayDeviceConfig,requesting nits when no mapping exists.]
09-20 06:04:42.831 I/am_wtf ( 1158): [0,1158,system_server,-1,DisplayDeviceConfig,requesting nits when no mapping exists.]
09-20 06:04:42.832 I/am_wtf ( 1158): [0,1158,system_server,-1,DisplayDeviceConfig,requesting nits when no mapping exists.]
09-20 06:04:42.847 I/am_wtf ( 1158): [0,1158,system_server,-1,DisplayDeviceConfig,requesting nits when no mapping exists.]
09-20 06:04:42.848 I/am_wtf ( 1158): [0,1158,system_server,-1,DisplayDeviceConfig,requesting nits when no mapping exists.]
09-20 06:04:42.865 I/am_wtf ( 1158): [0,1158,system_server,-1,DisplayDeviceConfig,requesting nits when no mapping exists.]
09-20 06:04:42.866 I/am_wtf ( 1158): [0,1158,system_server,-1,DisplayDeviceConfig,requesting nits when no mapping exists.]
09-20 06:04:42.881 I/am_wtf ( 1158): [0,1158,system_server,-1,DisplayDeviceConfig,requesting nits when no mapping exists.]
09-20 06:04:42.883 I/am_wtf ( 1158): [0,1158,system_server,-1,DisplayDeviceConfig,requesting nits when no mapping exists.]
09-20 06:04:42.897 I/am_wtf ( 1158): [0,1158,system_server,-1,DisplayDeviceConfig,requesting nits when no mapping exists.]
09-20 06:04:42.900 I/am_wtf ( 1158): [0,1158,system_server,-1,DisplayDeviceConfig,requesting nits when no mapping exists.]
09-20 06:04:42.914 I/am_wtf ( 1158): [0,1158,system_server,-1,DisplayDeviceConfig,requesting nits when no mapping exists.]
09-20 06:04:42.916 I/am_wtf ( 1158): [0,1158,system_server,-1,DisplayDeviceConfig,requesting nits when no mapping exists.]
09-20 06:04:42.931 I/am_wtf ( 1158): [0,1158,system_server,-1,DisplayDeviceConfig,requesting nits when no mapping exists.]
09-20 06:04:42.933 I/am_wtf ( 1158): [0,1158,system_server,-1,DisplayDeviceConfig,requesting nits when no mapping exists.]
09-20 06:04:42.948 I/am_wtf ( 1158): [0,1158,system_server,-1,DisplayDeviceConfig,requesting nits when no mapping exists.]
09-20 06:04:42.949 I/am_wtf ( 1158): [0,1158,system_server,-1,DisplayDeviceConfig,requesting nits when no mapping exists.]
09-20 06:04:42.964 I/am_wtf ( 1158): [0,1158,system_server,-1,DisplayDeviceConfig,requesting nits when no mapping exists.]
09-20 06:04:42.966 I/am_wtf ( 1158): [0,1158,system_server,-1,DisplayDeviceConfig,requesting nits when no mapping exists.]
09-20 06:04:42.981 I/am_wtf ( 1158): [0,1158,system_server,-1,DisplayDeviceConfig,requesting nits when no mapping exists.]
09-20 06:04:42.983 I/am_wtf ( 1158): [0,1158,system_server,-1,DisplayDeviceConfig,requesting nits when no mapping exists.]
09-20 06:04:42.997 I/am_wtf ( 1158): [0,1158,system_server,-1,DisplayDeviceConfig,requesting nits when no mapping exists.]
09-20 06:04:42.999 I/am_wtf ( 1158): [0,1158,system_server,-1,DisplayDeviceConfig,requesting nits when no mapping exists.]
09-20 06:04:43.014 I/am_wtf ( 1158): [0,1158,system_server,-1,DisplayDeviceConfig,requesting nits when no mapping exists.]
09-20 06:04:43.015 I/am_wtf ( 1158): [0,1158,system_server,-1,DisplayDeviceConfig,requesting nits when no mapping exists.]
09-20 06:04:43.032 I/am_wtf ( 1158): [0,1158,system_server,-1,DisplayDeviceConfig,requesting nits when no mapping exists.]
09-20 06:04:43.034 I/am_wtf ( 1158): [0,1158,system_server,-1,DisplayDeviceConfig,requesting nits when no mapping exists.]
09-20 06:04:43.048 I/am_wtf ( 1158): [0,1158,system_server,-1,DisplayDeviceConfig,requesting nits when no mapping exists.]
09-20 06:04:43.049 I/am_wtf ( 1158): [0,1158,system_server,-1,DisplayDeviceConfig,requesting nits when no mapping exists.]
09-20 06:04:43.065 I/am_wtf ( 1158): [0,1158,system_server,-1,DisplayDeviceConfig,requesting nits when no mapping exists.]
09-20 06:04:43.067 I/am_wtf ( 1158): [0,1158,system_server,-1,DisplayDeviceConfig,requesting nits when no mapping exists.]
09-20 06:04:43.081 I/am_wtf ( 1158): [0,1158,system_server,-1,DisplayDeviceConfig,requesting nits when no mapping exists.]
09-20 06:04:43.082 I/am_wtf ( 1158): [0,1158,system_server,-1,DisplayDeviceConfig,requesting nits when no mapping exists.]
09-20 06:04:43.098 I/am_wtf ( 1158): [0,1158,system_server,-1,DisplayDeviceConfig,requesting nits when no mapping exists.]
09-20 06:04:43.099 I/am_wtf ( 1158): [0,1158,system_server,-1,DisplayDeviceConfig,requesting nits when no mapping exists.]
09-20 06:04:43.120 I/am_wtf ( 1158): [0,1158,system_server,-1,DisplayDeviceConfig,requesting nits when no mapping exists.]
09-20 06:04:43.121 I/am_wtf ( 1158): [0,1158,system_server,-1,DisplayDeviceConfig,requesting nits when no mapping exists.]
09-20 06:04:43.131 I/am_wtf ( 1158): [0,1158,system_server,-1,DisplayDeviceConfig,requesting nits when no mapping exists.]
09-20 06:04:43.133 I/am_wtf ( 1158): [0,1158,system_server,-1,DisplayDeviceConfig,requesting nits when no mapping exists.]
09-20 06:04:43.148 I/am_wtf ( 1158): [0,1158,system_server,-1,DisplayDeviceConfig,requesting nits when no mapping exists.]
09-20 06:04:43.149 I/am_wtf ( 1158): [0,1158,system_server,-1,DisplayDeviceConfig,requesting nits when no mapping exists.]
09-20 06:04:43.165 I/am_wtf ( 1158): [0,1158,system_server,-1,DisplayDeviceConfig,requesting nits when no mapping exists.]
09-20 06:04:43.167 I/am_wtf ( 1158): [0,1158,system_server,-1,DisplayDeviceConfig,requesting nits when no mapping exists.]
09-20 06:04:43.182 I/am_wtf ( 1158): [0,1158,system_server,-1,DisplayDeviceConfig,requesting nits when no mapping exists.]
09-20 06:04:43.183 I/am_wtf ( 1158): [0,1158,system_server,-1,DisplayDeviceConfig,requesting nits when no mapping exists.]
09-20 06:04:43.198 I/am_wtf ( 1158): [0,1158,system_server,-1,DisplayDeviceConfig,requesting nits when no mapping exists.]
09-20 06:04:43.199 I/am_wtf ( 1158): [0,1158,system_server,-1,DisplayDeviceConfig,requesting nits when no mapping exists.]
09-20 06:04:43.215 I/am_wtf ( 1158): [0,1158,system_server,-1,DisplayDeviceConfig,requesting nits when no mapping exists.]
09-20 06:04:43.216 I/am_wtf ( 1158): [0,1158,system_server,-1,DisplayDeviceConfig,requesting nits when no mapping exists.]
09-20 06:04:43.232 I/am_wtf ( 1158): [0,1158,system_server,-1,DisplayDeviceConfig,requesting nits when no mapping exists.]
09-20 06:04:43.233 I/am_wtf ( 1158): [0,1158,system_server,-1,DisplayDeviceConfig,requesting nits when no mapping exists.]
09-20 06:04:43.248 I/am_wtf ( 1158): [0,1158,system_server,-1,DisplayDeviceConfig,requesting nits when no mapping exists.]
09-20 06:04:43.249 I/am_wtf ( 1158): [0,1158,system_server,-1,DisplayDeviceConfig,requesting nits when no mapping exists.]
09-20 06:04:43.265 I/am_wtf ( 1158): [0,1158,system_server,-1,DisplayDeviceConfig,requesting nits when no mapping exists.]
09-20 06:04:43.266 I/am_wtf ( 1158): [0,1158,system_server,-1,DisplayDeviceConfig,requesting nits when no mapping exists.]
09-20 06:04:43.281 I/am_wtf ( 1158): [0,1158,system_server,-1,DisplayDeviceConfig,requesting nits when no mapping exists.]
09-20 06:04:43.282 I/am_wtf ( 1158): [0,1158,system_server,-1,DisplayDeviceConfig,requesting nits when no mapping exists.]
09-20 06:04:43.298 I/am_wtf ( 1158): [0,1158,system_server,-1,DisplayDeviceConfig,requesting nits when no mapping exists.]
09-20 06:04:43.299 I/am_wtf ( 1158): [0,1158,system_server,-1,DisplayDeviceConfig,requesting nits when no mapping exists.]
09-20 06:04:43.315 I/am_wtf ( 1158): [0,1158,system_server,-1,DisplayDeviceConfig,requesting nits when no mapping exists.]
09-20 06:04:43.316 I/am_wtf ( 1158): [0,1158,system_server,-1,DisplayDeviceConfig,requesting nits when no mapping exists.]
09-20 06:04:43.332 I/am_wtf ( 1158): [0,1158,system_server,-1,DisplayDeviceConfig,requesting nits when no mapping exists.]
09-20 06:04:43.334 I/am_wtf ( 1158): [0,1158,system_server,-1,DisplayDeviceConfig,requesting nits when no mapping exists.]
09-20 06:04:44.087 I/am_uid_idle( 1158): 10066
09-20 06:04:49.382 I/sysui_multi_action( 1158): [757,222,758,1]
09-20 06:04:49.385 I/am_uid_active( 1158): 10066
09-20 06:04:49.400 I/wm_task_created( 1158): [85,-1]
09-20 06:04:49.408 I/wm_task_moved( 1158): [85,1,6]
09-20 06:04:49.408 I/wm_task_to_front( 1158): [0,85]
09-20 06:04:49.409 I/wm_create_task( 1158): [0,85]
09-20 06:04:49.408 I/wm_on_top_resumed_lost_called( 8801): [213932593,com.android.launcher3.uioverrides.QuickstepLauncher,topStateChangedWhenResumed]
09-20 06:04:49.409 I/wm_create_activity( 1158): [0,174482295,85,com.android.deskclock/android.service.dreams.DreamActivity,NULL,NULL,NULL,276824064]
09-20 06:04:49.409 I/wm_task_moved( 1158): [85,1,6]
09-20 06:04:49.411 I/wm_pause_activity( 1158): [0,213932593,com.android.launcher3/.uioverrides.QuickstepLauncher,userLeaving=true,pauseBackTasks]
09-20 06:04:49.422 I/wm_on_paused_called( 8801): [213932593,com.android.launcher3.uioverrides.QuickstepLauncher,performPause]
09-20 06:04:49.427 I/wm_add_to_stopping( 1158): [0,213932593,com.android.launcher3/.uioverrides.QuickstepLauncher,makeInvisible]
09-20 06:04:49.428 I/wm_restart_activity( 1158): [0,174482295,85,com.android.deskclock/android.service.dreams.DreamActivity]
09-20 06:04:49.431 I/wm_set_resumed_activity( 1158): [0,com.android.deskclock/android.service.dreams.DreamActivity,minimalResumeActivityLocked]
09-20 06:04:49.439 I/wm_on_create_called( 5400): [174482295,android.service.dreams.DreamActivity,performCreate]
09-20 06:04:49.440 I/wm_on_start_called( 5400): [174482295,android.service.dreams.DreamActivity,handleStartActivity]
09-20 06:04:49.442 I/wm_on_resume_called( 5400): [174482295,android.service.dreams.DreamActivity,RESUME_ACTIVITY]
09-20 06:04:49.451 I/sysui_multi_action( 1158): [757,803,799,window_time_0,802,65]
09-20 06:04:49.454 I/wm_on_top_resumed_gained_called( 5400): [174482295,android.service.dreams.DreamActivity,topStateChangedWhenResumed]
09-20 06:04:49.464 I/input_focus( 1158): [Focus leaving 4bde657 com.android.launcher3/com.android.launcher3.uioverrides.QuickstepLauncher (server),reason=NO_WINDOW]
09-20 06:04:49.471 I/input_focus( 1158): [Focus request 953c013 com.android.deskclock/android.service.dreams.DreamActivity,reason=UpdateInputWindows]
09-20 06:04:49.471 I/sysui_multi_action( 2202): [757,111,758,2]
09-20 06:04:49.472 I/sysui_multi_action( 2202): [757,111,758,2]
09-20 06:04:49.490 I/sysui_multi_action( 2202): [757,111,758,1]
09-20 06:04:49.490 I/sysui_multi_action( 2202): [757,126,758,1,759,126,927,0,928,0,1593,0]
09-20 06:04:49.490 I/sysui_multi_action( 2202): [757,113,758,1,759,113,927,1,928,1,1593,0]
09-20 06:04:49.490 I/sysui_multi_action( 2202): [757,0,758,1,759,0,927,2,928,0,1593,0]
09-20 06:04:49.490 I/sysui_multi_action( 2202): [757,0,758,1,759,0,927,3,928,0,1593,0]
09-20 06:04:49.490 I/sysui_multi_action( 2202): [757,1706,758,1,759,1706,927,4,928,0,1593,0]
09-20 06:04:49.491 I/sysui_multi_action( 2202): [757,491,758,1,759,491,927,5,928,0,1311,-1,1593,0]
09-20 06:04:49.491 I/sysui_multi_action( 2202): [757,0,758,1,759,0,927,6,928,0,1593,0]
09-20 06:04:49.491 I/sysui_multi_action( 2202): [757,0,758,1,759,0,927,7,1593,0]
09-20 06:04:49.491 I/sysui_multi_action( 2202): [757,114,758,1,759,114,927,8,928,0,1593,0]
09-20 06:04:49.491 I/sysui_multi_action( 2202): [757,111,758,1]
09-20 06:04:49.491 I/sysui_multi_action( 2202): [757,126,758,1,759,126,927,0,928,0,1593,0]
09-20 06:04:49.491 I/sysui_multi_action( 2202): [757,113,758,1,759,113,927,1,928,1,1593,0]
09-20 06:04:49.492 I/sysui_multi_action( 2202): [757,0,758,1,759,0,927,2,928,0,1593,0]
09-20 06:04:49.492 I/sysui_multi_action( 2202): [757,0,758,1,759,0,927,3,928,0,1593,0]
09-20 06:04:49.495 I/sysui_multi_action( 1158): [319,89,322,88,325,7864,757,761,758,8,759,2,806,com.android.deskclock,871,android.service.dreams.DreamActivity,904,com.android.deskclock,905,0,1320,4,1321,1]
09-20 06:04:49.496 I/sysui_multi_action( 1158): [757,1696,758,6,759,3]
09-20 06:04:49.498 I/am_wtf ( 1158): [0,1158,system_server,-1,DisplayDeviceConfig,requesting nits when no mapping exists.]
09-20 06:04:49.499 I/wm_activity_launch_time( 1158): [0,174482295,com.android.deskclock/android.service.dreams.DreamActivity,88]
09-20 06:04:49.500 I/am_wtf ( 1158): [0,1158,system_server,-1,DisplayDeviceConfig,requesting nits when no mapping exists.]
09-20 06:04:49.514 I/input_focus( 1158): [Focus entering 953c013 com.android.deskclock/android.service.dreams.DreamActivity (server),reason=Window became focusable. Previous reason: NOT_VISIBLE]
09-20 06:04:49.515 I/am_wtf ( 1158): [0,1158,system_server,-1,DisplayDeviceConfig,requesting nits when no mapping exists.]
09-20 06:04:49.519 I/am_wtf ( 1158): [0,1158,system_server,-1,DisplayDeviceConfig,requesting nits when no mapping exists.]
09-20 06:04:49.533 I/am_wtf ( 1158): [0,1158,system_server,-1,DisplayDeviceConfig,requesting nits when no mapping exists.]
09-20 06:04:49.536 I/am_wtf ( 1158): [0,1158,system_server,-1,DisplayDeviceConfig,requesting nits when no mapping exists.]
09-20 06:04:49.563 I/am_wtf ( 1158): [0,1158,system_server,-1,DisplayDeviceConfig,requesting nits when no mapping exists.]
09-20 06:04:49.565 I/am_wtf ( 1158): [0,1158,system_server,-1,DisplayDeviceConfig,requesting nits when no mapping exists.]
09-20 06:04:49.581 I/am_wtf ( 1158): [0,1158,system_server,-1,DisplayDeviceConfig,requesting nits when no mapping exists.]
09-20 06:04:49.582 I/am_wtf ( 1158): [0,1158,system_server,-1,DisplayDeviceConfig,requesting nits when no mapping exists.]
09-20 06:04:49.597 I/am_wtf ( 1158): [0,1158,system_server,-1,DisplayDeviceConfig,requesting nits when no mapping exists.]
09-20 06:04:49.598 I/am_wtf ( 1158): [0,1158,system_server,-1,DisplayDeviceConfig,requesting nits when no mapping exists.]
09-20 06:04:49.615 I/am_wtf ( 1158): [0,1158,system_server,-1,DisplayDeviceConfig,requesting nits when no mapping exists.]
09-20 06:04:49.617 I/am_wtf ( 1158): [0,1158,system_server,-1,DisplayDeviceConfig,requesting nits when no mapping exists.]
09-20 06:04:49.631 I/am_wtf ( 1158): [0,1158,system_server,-1,DisplayDeviceConfig,requesting nits when no mapping exists.]
09-20 06:04:49.633 I/service_manager_stats( 1158): [100,93,7001]
09-20 06:04:49.633 I/am_wtf ( 1158): [0,1158,system_server,-1,DisplayDeviceConfig,requesting nits when no mapping exists.]
09-20 06:04:49.675 I/am_wtf ( 1158): [0,1158,system_server,-1,DisplayDeviceConfig,requesting nits when no mapping exists.]
09-20 06:04:49.677 I/am_wtf ( 1158): [0,1158,system_server,-1,DisplayDeviceConfig,requesting nits when no mapping exists.]
09-20 06:04:49.682 I/am_wtf ( 1158): [0,1158,system_server,-1,DisplayDeviceConfig,requesting nits when no mapping exists.]
09-20 06:04:49.687 I/am_wtf ( 1158): [0,1158,system_server,-1,DisplayDeviceConfig,requesting nits when no mapping exists.]
09-20 06:04:49.700 I/am_wtf ( 1158): [0,1158,system_server,-1,DisplayDeviceConfig,requesting nits when no mapping exists.]
09-20 06:04:49.701 I/am_wtf ( 1158): [0,1158,system_server,-1,DisplayDeviceConfig,requesting nits when no mapping exists.]
09-20 06:04:49.724 I/am_wtf ( 1158): [0,1158,system_server,-1,DisplayDeviceConfig,requesting nits when no mapping exists.]
09-20 06:04:49.726 I/am_wtf ( 1158): [0,1158,system_server,-1,DisplayDeviceConfig,requesting nits when no mapping exists.]
09-20 06:04:49.735 I/am_wtf ( 1158): [0,1158,system_server,-1,DisplayDeviceConfig,requesting nits when no mapping exists.]
09-20 06:04:49.736 I/am_wtf ( 1158): [0,1158,system_server,-1,DisplayDeviceConfig,requesting nits when no mapping exists.]
09-20 06:04:49.749 I/am_wtf ( 1158): [0,1158,system_server,-1,DisplayDeviceConfig,requesting nits when no mapping exists.]
09-20 06:04:49.750 I/am_wtf ( 1158): [0,1158,system_server,-1,DisplayDeviceConfig,requesting nits when no mapping exists.]
09-20 06:04:49.765 I/am_wtf ( 1158): [0,1158,system_server,-1,DisplayDeviceConfig,requesting nits when no mapping exists.]
09-20 06:04:49.767 I/am_wtf ( 1158): [0,1158,system_server,-1,DisplayDeviceConfig,requesting nits when no mapping exists.]
09-20 06:04:49.785 I/am_wtf ( 1158): [0,1158,system_server,-1,DisplayDeviceConfig,requesting nits when no mapping exists.]
09-20 06:04:49.786 I/wm_stop_activity( 1158): [0,213932593,com.android.launcher3/.uioverrides.QuickstepLauncher]
09-20 06:04:49.798 I/service_manager_slow( 1158): [13,dropbox]
09-20 06:04:49.798 I/am_wtf ( 1158): [0,1158,system_server,-1,DisplayDeviceConfig,requesting nits when no mapping exists.]
09-20 06:04:49.814 I/am_wtf ( 1158): [0,1158,system_server,-1,DisplayDeviceConfig,requesting nits when no mapping exists.]
09-20 06:04:49.816 I/am_wtf ( 1158): [0,1158,system_server,-1,DisplayDeviceConfig,requesting nits when no mapping exists.]
09-20 06:04:49.820 I/wm_on_stop_called( 8801): [213932593,com.android.launcher3.uioverrides.QuickstepLauncher,STOP_ACTIVITY_ITEM]
09-20 06:04:49.832 I/am_wtf ( 1158): [0,1158,system_server,-1,DisplayDeviceConfig,requesting nits when no mapping exists.]
09-20 06:04:49.834 I/am_wtf ( 1158): [0,1158,system_server,-1,DisplayDeviceConfig,requesting nits when no mapping exists.]
09-20 06:04:49.848 I/am_wtf ( 1158): [0,1158,system_server,-1,DisplayDeviceConfig,requesting nits when no mapping exists.]
09-20 06:04:49.849 I/am_wtf ( 1158): [0,1158,system_server,-1,DisplayDeviceConfig,requesting nits when no mapping exists.]
09-20 06:04:49.868 I/am_wtf ( 1158): [0,1158,system_server,-1,DisplayDeviceConfig,requesting nits when no mapping exists.]
09-20 06:04:49.870 I/am_wtf ( 1158): [0,1158,system_server,-1,DisplayDeviceConfig,requesting nits when no mapping exists.]
09-20 06:04:49.884 I/am_wtf ( 1158): [0,1158,system_server,-1,DisplayDeviceConfig,requesting nits when no mapping exists.]
09-20 06:04:49.885 I/am_wtf ( 1158): [0,1158,system_server,-1,DisplayDeviceConfig,requesting nits when no mapping exists.]
09-20 06:04:49.900 I/am_wtf ( 1158): [0,1158,system_server,-1,DisplayDeviceConfig,requesting nits when no mapping exists.]
09-20 06:04:49.901 I/am_wtf ( 1158): [0,1158,system_server,-1,DisplayDeviceConfig,requesting nits when no mapping exists.]
09-20 06:04:49.915 I/am_wtf ( 1158): [0,1158,system_server,-1,DisplayDeviceConfig,requesting nits when no mapping exists.]
09-20 06:04:49.917 I/am_wtf ( 1158): [0,1158,system_server,-1,DisplayDeviceConfig,requesting nits when no mapping exists.]
09-20 06:04:49.936 I/am_wtf ( 1158): [0,1158,system_server,-1,DisplayDeviceConfig,requesting nits when no mapping exists.]
09-20 06:04:49.937 I/am_wtf ( 1158): [0,1158,system_server,-1,DisplayDeviceConfig,requesting nits when no mapping exists.]
09-20 06:04:49.951 I/am_wtf ( 1158): [0,1158,system_server,-1,DisplayDeviceConfig,requesting nits when no mapping exists.]
09-20 06:04:49.953 I/am_wtf ( 1158): [0,1158,system_server,-1,DisplayDeviceConfig,requesting nits when no mapping exists.]
09-20 06:04:49.969 I/am_wtf ( 1158): [0,1158,system_server,-1,DisplayDeviceConfig,requesting nits when no mapping exists.]
09-20 06:04:49.970 I/am_wtf ( 1158): [0,1158,system_server,-1,DisplayDeviceConfig,requesting nits when no mapping exists.]
09-20 06:04:49.984 I/am_wtf ( 1158): [0,1158,system_server,-1,DisplayDeviceConfig,requesting nits when no mapping exists.]
09-20 06:04:49.985 I/am_wtf ( 1158): [0,1158,system_server,-1,DisplayDeviceConfig,requesting nits when no mapping exists.]
09-20 06:04:50.006 I/am_wtf ( 1158): [0,1158,system_server,-1,DisplayDeviceConfig,requesting nits when no mapping exists.]
09-20 06:04:50.007 I/am_wtf ( 1158): [0,1158,system_server,-1,DisplayDeviceConfig,requesting nits when no mapping exists.]
09-20 06:04:50.017 I/am_wtf ( 1158): [0,1158,system_server,-1,DisplayDeviceConfig,requesting nits when no mapping exists.]
09-20 06:04:50.019 I/am_wtf ( 1158): [0,1158,system_server,-1,DisplayDeviceConfig,requesting nits when no mapping exists.]
09-20 06:04:50.032 I/am_wtf ( 1158): [0,1158,system_server,-1,DisplayDeviceConfig,requesting nits when no mapping exists.]
09-20 06:04:50.034 I/am_wtf ( 1158): [0,1158,system_server,-1,DisplayDeviceConfig,requesting nits when no mapping exists.]
09-20 06:04:50.055 I/am_wtf ( 1158): [0,1158,system_server,-1,DisplayDeviceConfig,requesting nits when no mapping exists.]
09-20 06:04:50.057 I/am_wtf ( 1158): [0,1158,system_server,-1,DisplayDeviceConfig,requesting nits when no mapping exists.]
09-20 06:04:50.065 I/am_wtf ( 1158): [0,1158,system_server,-1,DisplayDeviceConfig,requesting nits when no mapping exists.]
09-20 06:04:50.067 I/am_wtf ( 1158): [0,1158,system_server,-1,DisplayDeviceConfig,requesting nits when no mapping exists.]
09-20 06:04:50.084 I/am_wtf ( 1158): [0,1158,system_server,-1,DisplayDeviceConfig,requesting nits when no mapping exists.]
09-20 06:04:50.085 I/am_wtf ( 1158): [0,1158,system_server,-1,DisplayDeviceConfig,requesting nits when no mapping exists.]
09-20 06:04:50.105 I/am_wtf ( 1158): [0,1158,system_server,-1,DisplayDeviceConfig,requesting nits when no mapping exists.]
09-20 06:04:50.107 I/am_wtf ( 1158): [0,1158,system_server,-1,DisplayDeviceConfig,requesting nits when no mapping exists.]
09-20 06:04:50.117 I/am_wtf ( 1158): [0,1158,system_server,-1,DisplayDeviceConfig,requesting nits when no mapping exists.]
09-20 06:04:50.118 I/am_wtf ( 1158): [0,1158,system_server,-1,DisplayDeviceConfig,requesting nits when no mapping exists.]
09-20 06:04:50.133 I/am_wtf ( 1158): [0,1158,system_server,-1,DisplayDeviceConfig,requesting nits when no mapping exists.]
09-20 06:04:50.134 I/am_wtf ( 1158): [0,1158,system_server,-1,DisplayDeviceConfig,requesting nits when no mapping exists.]
09-20 06:04:50.150 I/am_wtf ( 1158): [0,1158,system_server,-1,DisplayDeviceConfig,requesting nits when no mapping exists.]
09-20 06:04:50.152 I/am_wtf ( 1158): [0,1158,system_server,-1,DisplayDeviceConfig,requesting nits when no mapping exists.]
09-20 06:04:50.168 I/am_wtf ( 1158): [0,1158,system_server,-1,DisplayDeviceConfig,requesting nits when no mapping exists.]
09-20 06:04:50.169 I/am_wtf ( 1158): [0,1158,system_server,-1,DisplayDeviceConfig,requesting nits when no mapping exists.]
09-20 06:04:50.183 I/am_wtf ( 1158): [0,1158,system_server,-1,DisplayDeviceConfig,requesting nits when no mapping exists.]
09-20 06:04:50.184 I/am_wtf ( 1158): [0,1158,system_server,-1,DisplayDeviceConfig,requesting nits when no mapping exists.]
09-20 06:04:50.200 I/am_wtf ( 1158): [0,1158,system_server,-1,DisplayDeviceConfig,requesting nits when no mapping exists.]
09-20 06:04:50.201 I/am_wtf ( 1158): [0,1158,system_server,-1,DisplayDeviceConfig,requesting nits when no mapping exists.]
09-20 06:04:50.218 I/am_wtf ( 1158): [0,1158,system_server,-1,DisplayDeviceConfig,requesting nits when no mapping exists.]
09-20 06:04:50.220 I/am_wtf ( 1158): [0,1158,system_server,-1,DisplayDeviceConfig,requesting nits when no mapping exists.]
09-20 06:04:50.235 I/am_wtf ( 1158): [0,1158,system_server,-1,DisplayDeviceConfig,requesting nits when no mapping exists.]
09-20 06:04:50.239 I/am_wtf ( 1158): [0,1158,system_server,-1,DisplayDeviceConfig,requesting nits when no mapping exists.]
09-20 06:04:50.250 I/am_wtf ( 1158): [0,1158,system_server,-1,DisplayDeviceConfig,requesting nits when no mapping exists.]
09-20 06:04:50.251 I/am_wtf ( 1158): [0,1158,system_server,-1,DisplayDeviceConfig,requesting nits when no mapping exists.]
09-20 06:04:50.273 I/am_wtf ( 1158): [0,1158,system_server,-1,DisplayDeviceConfig,requesting nits when no mapping exists.]
09-20 06:04:50.274 I/am_wtf ( 1158): [0,1158,system_server,-1,DisplayDeviceConfig,requesting nits when no mapping exists.]
09-20 06:04:50.298 I/am_wtf ( 1158): [0,1158,system_server,-1,DisplayDeviceConfig,requesting nits when no mapping exists.]
09-20 06:04:50.300 I/am_wtf ( 1158): [0,1158,system_server,-1,DisplayDeviceConfig,requesting nits when no mapping exists.]
09-20 06:04:50.317 I/am_wtf ( 1158): [0,1158,system_server,-1,DisplayDeviceConfig,requesting nits when no mapping exists.]
09-20 06:04:50.318 I/am_wtf ( 1158): [0,1158,system_server,-1,DisplayDeviceConfig,requesting nits when no mapping exists.]
09-20 06:04:50.339 I/am_wtf ( 1158): [0,1158,system_server,-1,DisplayDeviceConfig,requesting nits when no mapping exists.]
09-20 06:04:50.340 I/am_wtf ( 1158): [0,1158,system_server,-1,DisplayDeviceConfig,requesting nits when no mapping exists.]
09-20 06:04:50.349 I/am_wtf ( 1158): [0,1158,system_server,-1,DisplayDeviceConfig,requesting nits when no mapping exists.]
09-20 06:04:50.358 I/am_wtf ( 1158): [0,1158,system_server,-1,DisplayDeviceConfig,requesting nits when no mapping exists.]
09-20 06:04:50.368 I/am_wtf ( 1158): [0,1158,system_server,-1,DisplayDeviceConfig,requesting nits when no mapping exists.]
09-20 06:04:50.370 I/am_wtf ( 1158): [0,1158,system_server,-1,DisplayDeviceConfig,requesting nits when no mapping exists.]
09-20 06:04:50.385 I/am_wtf ( 1158): [0,1158,system_server,-1,DisplayDeviceConfig,requesting nits when no mapping exists.]
09-20 06:04:50.386 I/am_wtf ( 1158): [0,1158,system_server,-1,DisplayDeviceConfig,requesting nits when no mapping exists.]
09-20 06:04:50.401 I/am_wtf ( 1158): [0,1158,system_server,-1,DisplayDeviceConfig,requesting nits when no mapping exists.]
09-20 06:04:50.402 I/am_wtf ( 1158): [0,1158,system_server,-1,DisplayDeviceConfig,requesting nits when no mapping exists.]
09-20 06:04:50.418 I/am_wtf ( 1158): [0,1158,system_server,-1,DisplayDeviceConfig,requesting nits when no mapping exists.]
09-20 06:04:50.419 I/am_wtf ( 1158): [0,1158,system_server,-1,DisplayDeviceConfig,requesting nits when no mapping exists.]
09-20 06:04:50.439 I/am_wtf ( 1158): [0,1158,system_server,-1,DisplayDeviceConfig,requesting nits when no mapping exists.]
09-20 06:04:50.440 I/am_wtf ( 1158): [0,1158,system_server,-1,DisplayDeviceConfig,requesting nits when no mapping exists.]
09-20 06:04:50.455 I/am_wtf ( 1158): [0,1158,system_server,-1,DisplayDeviceConfig,requesting nits when no mapping exists.]
09-20 06:04:50.456 I/am_wtf ( 1158): [0,1158,system_server,-1,DisplayDeviceConfig,requesting nits when no mapping exists.]
09-20 06:05:03.744 I/input_interaction( 1158): Interaction with: 953c013 com.android.deskclock/android.service.dreams.DreamActivity (server), edge-swipe (server), swipe-up (server), PointerEventDispatcher0 (server),
09-20 06:05:03.753 I/wm_finish_activity( 1158): [0,174482295,85,com.android.deskclock/android.service.dreams.DreamActivity,finish-activity]
09-20 06:05:03.753 I/wm_task_moved( 1158): [1,1,5]
09-20 06:05:03.754 I/wm_task_moved( 1158): [44,1,2147483647]
09-20 06:05:03.754 I/wm_task_to_front( 1158): [0,44]
09-20 06:05:03.755 I/wm_focused_root_task( 1158): [0,0,1,85,finish-top adjustFocusToNextFocusableTask]
09-20 06:05:03.755 I/wm_set_resumed_activity( 1158): [0,com.android.launcher3/.uioverrides.QuickstepLauncher,finish-top adjustFocusToNextFocusableTask]
09-20 06:05:03.757 I/wm_pause_activity( 1158): [0,174482295,com.android.deskclock/android.service.dreams.DreamActivity,userLeaving=false,finish]
09-20 06:05:03.770 I/sysui_multi_action( 1158): [757,803,799,window_time_0,802,15]
09-20 06:05:03.776 I/wm_on_top_resumed_lost_called( 5400): [174482295,android.service.dreams.DreamActivity,topStateChangedWhenResumed]
09-20 06:05:03.777 I/wm_on_paused_called( 5400): [174482295,android.service.dreams.DreamActivity,performPause]
09-20 06:05:03.777 I/wm_add_to_stopping( 1158): [0,174482295,com.android.deskclock/android.service.dreams.DreamActivity,completeFinishing]
09-20 06:05:03.782 I/wm_set_resumed_activity( 1158): [0,com.android.launcher3/.uioverrides.QuickstepLauncher,resumeTopActivityInnerLocked]
09-20 06:05:03.783 I/wm_resume_activity( 1158): [0,213932593,44,com.android.launcher3/.uioverrides.QuickstepLauncher]
09-20 06:05:03.784 I/wm_on_restart_called( 8801): [213932593,com.android.launcher3.uioverrides.QuickstepLauncher,performRestartActivity]
09-20 06:05:03.785 I/wm_on_start_called( 8801): [213932593,com.android.launcher3.uioverrides.QuickstepLauncher,handleStartActivity]
09-20 06:05:03.786 I/wm_on_resume_called( 8801): [213932593,com.android.launcher3.uioverrides.QuickstepLauncher,RESUME_ACTIVITY]
09-20 06:05:03.786 I/wm_on_top_resumed_gained_called( 8801): [213932593,com.android.launcher3.uioverrides.QuickstepLauncher,topWhenResuming]
09-20 06:05:03.788 I/input_focus( 1158): [Focus leaving 953c013 com.android.deskclock/android.service.dreams.DreamActivity (server),reason=NO_WINDOW]
09-20 06:05:03.789 I/view_enqueue_input_event( 5400): [Motion - Cancel,com.android.deskclock/android.service.dreams.DreamActivity]
09-20 06:05:03.794 I/sysui_multi_action( 1158): [757,803,799,window_time_0,802,0]
09-20 06:05:03.798 I/input_interaction( 1158): Interaction with: edge-swipe (server), swipe-up (server), PointerEventDispatcher0 (server),
09-20 06:05:03.822 I/input_focus( 1158): [Focus request 4bde657 com.android.launcher3/com.android.launcher3.uioverrides.QuickstepLauncher,reason=UpdateInputWindows]
09-20 06:05:03.849 I/input_focus( 1158): [Focus entering 4bde657 com.android.launcher3/com.android.launcher3.uioverrides.QuickstepLauncher (server),reason=setFocusedWindow]
09-20 06:05:03.859 I/service_manager_slow( 1158): [10,phone]
09-20 06:05:04.089 I/wm_destroy_activity( 1158): [0,174482295,85,com.android.deskclock/android.service.dreams.DreamActivity,finish-imm:idle]
09-20 06:05:04.111 I/wm_on_stop_called( 5400): [174482295,android.service.dreams.DreamActivity,LIFECYCLER_STOP_ACTIVITY]
09-20 06:05:04.112 I/wm_on_destroy_called( 5400): [174482295,android.service.dreams.DreamActivity,performDestroy]
09-20 06:05:04.120 I/sysui_multi_action( 1158): [757,222,758,2]
09-20 06:05:04.121 I/sysui_multi_action( 1158): [757,804,799,dreaming_minutes,801,0,802,1]
09-20 06:05:04.147 I/wm_task_removed( 1158): [85,removeChild:removeChild last r=ActivityRecord{a666377 u0 com.android.deskclock/android.service.dreams.DreamActivity t-1 f}} in t=Task{e7ed9b9 #85 type=dream A=10066:android:com.android.deskclock/dream U=0 visible=false mode=fullscreen translucent=true sz=0}]
09-20 06:05:04.147 I/wm_task_removed( 1158): [85,removeChild]
09-20 06:05:31.549 I/input_interaction( 1158): Interaction with: 4bde657 com.android.launcher3/com.android.launcher3.uioverrides.QuickstepLauncher (server), 93416c5 com.android.systemui.ImageWallpaper (server), edge-swipe (server), swipe-up (server), PointerEventDispatcher0 (server),
09-20 06:05:31.771 I/service_manager_stats( 1158): [100,135,42138]
09-20 06:06:04.134 I/am_uid_idle( 1158): 10066
09-20 06:06:11.035 I/am_freeze( 1158): [12900,com.android.music]
09-20 06:06:11.045 I/am_kill ( 1158): [0,12900,com.android.music,905,Unable to freeze binder interface]
09-20 06:06:11.139 I/am_proc_died( 1158): [0,12900,com.android.music,905,19]
09-20 06:06:11.140 I/am_uid_stopped( 1158): 10070
09-20 06:06:11.149 I/am_uid_running( 1158): 10070
09-20 06:06:11.160 I/am_pss ( 1158): [13276,1000,com.qti.diagservices,7281664,4075520,0,94998528,0,10,10]
09-20 06:06:11.207 I/am_proc_start( 1158): [0,13702,10070,com.android.music,NULL,]
09-20 06:06:11.288 I/am_proc_bound( 1158): [0,13702,com.android.music]
09-20 06:06:30.171 I/sysui_multi_action( 1158): [757,1696,758,6,759,2]
09-20 06:06:30.175 I/am_wtf ( 1158): [0,1158,system_server,-1,DisplayDeviceConfig,requesting nits when no mapping exists.]
09-20 06:06:30.183 I/am_wtf ( 1158): [0,1158,system_server,-1,DisplayDeviceConfig,requesting nits when no mapping exists.]
09-20 06:06:30.189 I/am_wtf ( 1158): [0,1158,system_server,-1,DisplayDeviceConfig,requesting nits when no mapping exists.]
09-20 06:06:30.193 I/am_wtf ( 1158): [0,1158,system_server,-1,DisplayDeviceConfig,requesting nits when no mapping exists.]
09-20 06:06:30.205 I/am_wtf ( 1158): [0,1158,system_server,-1,DisplayDeviceConfig,requesting nits when no mapping exists.]
09-20 06:06:30.208 I/am_wtf ( 1158): [0,1158,system_server,-1,DisplayDeviceConfig,requesting nits when no mapping exists.]
09-20 06:06:30.223 I/am_wtf ( 1158): [0,1158,system_server,-1,DisplayDeviceConfig,requesting nits when no mapping exists.]
09-20 06:06:30.224 I/am_wtf ( 1158): [0,1158,system_server,-1,DisplayDeviceConfig,requesting nits when no mapping exists.]
09-20 06:06:30.238 I/am_wtf ( 1158): [0,1158,system_server,-1,DisplayDeviceConfig,requesting nits when no mapping exists.]
09-20 06:06:30.240 I/am_wtf ( 1158): [0,1158,system_server,-1,DisplayDeviceConfig,requesting nits when no mapping exists.]
09-20 06:06:30.255 I/am_wtf ( 1158): [0,1158,system_server,-1,DisplayDeviceConfig,requesting nits when no mapping exists.]
09-20 06:06:30.257 I/am_wtf ( 1158): [0,1158,system_server,-1,DisplayDeviceConfig,requesting nits when no mapping exists.]
09-20 06:06:30.272 I/am_wtf ( 1158): [0,1158,system_server,-1,DisplayDeviceConfig,requesting nits when no mapping exists.]
09-20 06:06:30.275 I/am_wtf ( 1158): [0,1158,system_server,-1,DisplayDeviceConfig,requesting nits when no mapping exists.]
09-20 06:06:30.289 I/am_wtf ( 1158): [0,1158,system_server,-1,DisplayDeviceConfig,requesting nits when no mapping exists.]
09-20 06:06:30.290 I/am_wtf ( 1158): [0,1158,system_server,-1,DisplayDeviceConfig,requesting nits when no mapping exists.]
09-20 06:06:30.305 I/am_wtf ( 1158): [0,1158,system_server,-1,DisplayDeviceConfig,requesting nits when no mapping exists.]
09-20 06:06:30.307 I/am_wtf ( 1158): [0,1158,system_server,-1,DisplayDeviceConfig,requesting nits when no mapping exists.]
09-20 06:06:30.322 I/am_wtf ( 1158): [0,1158,system_server,-1,DisplayDeviceConfig,requesting nits when no mapping exists.]
09-20 06:06:30.323 I/am_wtf ( 1158): [0,1158,system_server,-1,DisplayDeviceConfig,requesting nits when no mapping exists.]
09-20 06:06:30.339 I/am_wtf ( 1158): [0,1158,system_server,-1,DisplayDeviceConfig,requesting nits when no mapping exists.]
09-20 06:06:30.340 I/am_wtf ( 1158): [0,1158,system_server,-1,DisplayDeviceConfig,requesting nits when no mapping exists.]
09-20 06:06:30.356 I/am_wtf ( 1158): [0,1158,system_server,-1,DisplayDeviceConfig,requesting nits when no mapping exists.]
09-20 06:06:30.357 I/am_wtf ( 1158): [0,1158,system_server,-1,DisplayDeviceConfig,requesting nits when no mapping exists.]
09-20 06:06:30.372 I/am_wtf ( 1158): [0,1158,system_server,-1,DisplayDeviceConfig,requesting nits when no mapping exists.]
09-20 06:06:30.374 I/am_wtf ( 1158): [0,1158,system_server,-1,DisplayDeviceConfig,requesting nits when no mapping exists.]
09-20 06:06:30.389 I/am_wtf ( 1158): [0,1158,system_server,-1,DisplayDeviceConfig,requesting nits when no mapping exists.]
09-20 06:06:30.391 I/am_wtf ( 1158): [0,1158,system_server,-1,DisplayDeviceConfig,requesting nits when no mapping exists.]
09-20 06:06:30.407 I/am_wtf ( 1158): [0,1158,system_server,-1,DisplayDeviceConfig,requesting nits when no mapping exists.]
09-20 06:06:30.409 I/am_wtf ( 1158): [0,1158,system_server,-1,DisplayDeviceConfig,requesting nits when no mapping exists.]
09-20 06:06:30.423 I/am_wtf ( 1158): [0,1158,system_server,-1,DisplayDeviceConfig,requesting nits when no mapping exists.]
09-20 06:06:30.424 I/am_wtf ( 1158): [0,1158,system_server,-1,DisplayDeviceConfig,requesting nits when no mapping exists.]
09-20 06:06:30.440 I/am_wtf ( 1158): [0,1158,system_server,-1,DisplayDeviceConfig,requesting nits when no mapping exists.]
09-20 06:06:30.441 I/am_wtf ( 1158): [0,1158,system_server,-1,DisplayDeviceConfig,requesting nits when no mapping exists.]
09-20 06:06:30.456 I/am_wtf ( 1158): [0,1158,system_server,-1,DisplayDeviceConfig,requesting nits when no mapping exists.]
09-20 06:06:30.457 I/am_wtf ( 1158): [0,1158,system_server,-1,DisplayDeviceConfig,requesting nits when no mapping exists.]
09-20 06:06:30.473 I/am_wtf ( 1158): [0,1158,system_server,-1,DisplayDeviceConfig,requesting nits when no mapping exists.]
09-20 06:06:30.474 I/am_wtf ( 1158): [0,1158,system_server,-1,DisplayDeviceConfig,requesting nits when no mapping exists.]
09-20 06:06:30.491 I/am_wtf ( 1158): [0,1158,system_server,-1,DisplayDeviceConfig,requesting nits when no mapping exists.]
09-20 06:06:30.492 I/am_wtf ( 1158): [0,1158,system_server,-1,DisplayDeviceConfig,requesting nits when no mapping exists.]
09-20 06:06:30.507 I/am_wtf ( 1158): [0,1158,system_server,-1,DisplayDeviceConfig,requesting nits when no mapping exists.]
09-20 06:06:30.509 I/am_wtf ( 1158): [0,1158,system_server,-1,DisplayDeviceConfig,requesting nits when no mapping exists.]
09-20 06:06:30.523 I/am_wtf ( 1158): [0,1158,system_server,-1,DisplayDeviceConfig,requesting nits when no mapping exists.]
09-20 06:06:30.524 I/am_wtf ( 1158): [0,1158,system_server,-1,DisplayDeviceConfig,requesting nits when no mapping exists.]
09-20 06:06:30.540 I/am_wtf ( 1158): [0,1158,system_server,-1,DisplayDeviceConfig,requesting nits when no mapping exists.]
09-20 06:06:30.541 I/am_wtf ( 1158): [0,1158,system_server,-1,DisplayDeviceConfig,requesting nits when no mapping exists.]
09-20 06:06:30.556 I/am_wtf ( 1158): [0,1158,system_server,-1,DisplayDeviceConfig,requesting nits when no mapping exists.]
09-20 06:06:30.557 I/am_wtf ( 1158): [0,1158,system_server,-1,DisplayDeviceConfig,requesting nits when no mapping exists.]
09-20 06:06:30.574 I/am_wtf ( 1158): [0,1158,system_server,-1,DisplayDeviceConfig,requesting nits when no mapping exists.]
09-20 06:06:30.575 I/am_wtf ( 1158): [0,1158,system_server,-1,DisplayDeviceConfig,requesting nits when no mapping exists.]
09-20 06:06:30.590 I/am_wtf ( 1158): [0,1158,system_server,-1,DisplayDeviceConfig,requesting nits when no mapping exists.]
09-20 06:06:30.592 I/am_wtf ( 1158): [0,1158,system_server,-1,DisplayDeviceConfig,requesting nits when no mapping exists.]
09-20 06:06:30.608 I/am_wtf ( 1158): [0,1158,system_server,-1,DisplayDeviceConfig,requesting nits when no mapping exists.]
09-20 06:06:30.609 I/am_wtf ( 1158): [0,1158,system_server,-1,DisplayDeviceConfig,requesting nits when no mapping exists.]
09-20 06:06:30.623 I/am_wtf ( 1158): [0,1158,system_server,-1,DisplayDeviceConfig,requesting nits when no mapping exists.]
09-20 06:06:30.624 I/am_wtf ( 1158): [0,1158,system_server,-1,DisplayDeviceConfig,requesting nits when no mapping exists.]
09-20 06:06:30.640 I/am_wtf ( 1158): [0,1158,system_server,-1,DisplayDeviceConfig,requesting nits when no mapping exists.]
09-20 06:06:30.641 I/am_wtf ( 1158): [0,1158,system_server,-1,DisplayDeviceConfig,requesting nits when no mapping exists.]
09-20 06:06:30.656 I/am_wtf ( 1158): [0,1158,system_server,-1,DisplayDeviceConfig,requesting nits when no mapping exists.]
09-20 06:06:30.658 I/am_wtf ( 1158): [0,1158,system_server,-1,DisplayDeviceConfig,requesting nits when no mapping exists.]
09-20 06:06:30.673 I/am_wtf ( 1158): [0,1158,system_server,-1,DisplayDeviceConfig,requesting nits when no mapping exists.]
09-20 06:06:30.674 I/am_wtf ( 1158): [0,1158,system_server,-1,DisplayDeviceConfig,requesting nits when no mapping exists.]
09-20 06:06:30.691 I/am_wtf ( 1158): [0,1158,system_server,-1,DisplayDeviceConfig,requesting nits when no mapping exists.]
09-20 06:06:30.692 I/am_wtf ( 1158): [0,1158,system_server,-1,DisplayDeviceConfig,requesting nits when no mapping exists.]
09-20 06:06:30.707 I/am_wtf ( 1158): [0,1158,system_server,-1,DisplayDeviceConfig,requesting nits when no mapping exists.]
09-20 06:06:30.708 I/am_wtf ( 1158): [0,1158,system_server,-1,DisplayDeviceConfig,requesting nits when no mapping exists.]
09-20 06:06:30.723 I/am_wtf ( 1158): [0,1158,system_server,-1,DisplayDeviceConfig,requesting nits when no mapping exists.]
09-20 06:06:30.725 I/am_wtf ( 1158): [0,1158,system_server,-1,DisplayDeviceConfig,requesting nits when no mapping exists.]
09-20 06:06:30.740 I/am_wtf ( 1158): [0,1158,system_server,-1,DisplayDeviceConfig,requesting nits when no mapping exists.]
09-20 06:06:30.741 I/am_wtf ( 1158): [0,1158,system_server,-1,DisplayDeviceConfig,requesting nits when no mapping exists.]
09-20 06:06:30.757 I/am_wtf ( 1158): [0,1158,system_server,-1,DisplayDeviceConfig,requesting nits when no mapping exists.]
09-20 06:06:30.758 I/am_wtf ( 1158): [0,1158,system_server,-1,DisplayDeviceConfig,requesting nits when no mapping exists.]
09-20 06:06:30.774 I/am_wtf ( 1158): [0,1158,system_server,-1,DisplayDeviceConfig,requesting nits when no mapping exists.]
09-20 06:06:30.775 I/am_wtf ( 1158): [0,1158,system_server,-1,DisplayDeviceConfig,requesting nits when no mapping exists.]
09-20 06:06:30.790 I/am_wtf ( 1158): [0,1158,system_server,-1,DisplayDeviceConfig,requesting nits when no mapping exists.]
09-20 06:06:30.792 I/service_manager_stats( 1158): [100,96,59020]
09-20 06:06:30.792 I/am_wtf ( 1158): [0,1158,system_server,-1,DisplayDeviceConfig,requesting nits when no mapping exists.]
09-20 06:06:30.807 I/am_wtf ( 1158): [0,1158,system_server,-1,DisplayDeviceConfig,requesting nits when no mapping exists.]
09-20 06:06:30.809 I/am_wtf ( 1158): [0,1158,system_server,-1,DisplayDeviceConfig,requesting nits when no mapping exists.]
09-20 06:06:30.823 I/am_wtf ( 1158): [0,1158,system_server,-1,DisplayDeviceConfig,requesting nits when no mapping exists.]
09-20 06:06:30.825 I/am_wtf ( 1158): [0,1158,system_server,-1,DisplayDeviceConfig,requesting nits when no mapping exists.]
09-20 06:06:30.840 I/am_wtf ( 1158): [0,1158,system_server,-1,DisplayDeviceConfig,requesting nits when no mapping exists.]
