09-20 06:58:36.072 D/ACDB-LOADER( 829): ACDB -> send_audtable
09-20 06:58:36.072 I/wm_task_moved( 1158): [117,1,6]
09-20 06:58:36.072 D/ACDB-LOADER( 829): ACDB -> ACDB_CMD_GET_AUDPROC_INSTANCE_COMMON_TABLE_SIZE
09-20 06:58:36.072 I/wm_task_to_front( 1158): [0,117]
09-20 06:58:36.072 D/ACDB-LOADER( 829): ACDB -> ACDB_CMD_GET_AUDPROC_INSTANCE_COMMON_TABLE
09-20 06:58:36.072 D/ACDB-LOADER( 829): ACDB -> AUDIO_SET_AUDPROC_CAL cal_type[11] acdb_id[15] app_type[69937]
09-20 06:58:36.072 D/ACDB-LOADER( 829): ACDB -> send_audvoltable
09-20 06:58:36.073 D/ACDB-LOADER( 829): ACDB -> ACDB_CMD_GET_AUDPROC_INSTANCE_GAIN_DEP_STEP_TABLE_SIZE
09-20 06:58:36.073 D/ACDB-LOADER( 829): ACDB -> ACDB_CMD_GET_AUDPROC_INSTANCE_GAIN_DEP_STEP_TABLE, vol index 0
09-20 06:58:36.073 D/ACDB-LOADER( 829): ACDB -> AUDIO_SET_VOL_CAL cal type = 12
09-20 06:58:36.073 D/ACDB-LOADER( 829): ACDB -> ACDB_CMD_GET_AUDPROC_INSTANCE_STREAM_TABLE_SIZE
09-20 06:58:36.073 D/ACDB-LOADER( 829): ACDB -> send_audstrmtable
09-20 06:58:36.073 D/ACDB-LOADER( 829): ACDB -> ACDB_CMD_GET_AUDPROC_INSTANCE_STREAM_TABLE
09-20 06:58:36.073 D/ACDB-LOADER( 829): ACDB -> audstrm_cal->cal_type.cal_data.cal_size = 20
09-20 06:58:36.073 I/wm_create_task( 1158): [0,117]
09-20 06:58:36.073 I/wm_create_activity( 1158): [0,32242221,117,com.android.settings/.Settings,android.intent.action.MAIN,NULL,NULL,270532608]
09-20 06:58:36.073 D/ACDB-LOADER( 829): ACDB -> send_afe_topology
09-20 06:58:36.073 D/ACDB-LOADER( 829): ACDB -> ACDB_CMD_GET_AFE_TOPOLOGY_ID
09-20 06:58:36.073 I/wm_task_moved( 1158): [117,1,6]
09-20 06:58:36.073 D/ACDB-LOADER( 829): ACDB -> GET_AFE_TOPOLOGY_ID for adcd_id 15, Topology Id 112fc
09-20 06:58:36.073 D/ACDB-LOADER( 829): ACDB -> send_afe_cal
09-20 06:58:36.073 D/ACDB-LOADER( 829): ACDB -> ACDB_CMD_GET_AFE_INSTANCE_COMMON_TABLE_SIZE
09-20 06:58:36.073 D/android.hardware.audio.service( 829): Failed to fetch the lookup information of the device 0000000F
09-20 06:58:36.073 D/ACDB-LOADER( 829): Error: ACDB_CMD_GET_AFE_INSTANCE_COMMON_TABLE_SIZE Returned = -19
09-20 06:58:36.073 D/ACDB-LOADER( 829): ACDB -> ACDB_CMD_GET_AFE_INSTANCE_COMMON_TABLE
09-20 06:58:36.073 D/android.hardware.audio.service( 829): Failed to fetch the lookup information of the device 0000000F
09-20 06:58:36.074 D/CompatibilityInfo( 1158): mCompatibilityFlags - 4
09-20 06:58:36.074 D/ACDB-LOADER( 829): Error: ACDB AFE returned = -19
09-20 06:58:36.074 D/CompatibilityInfo( 1158): applicationDensity - 240
09-20 06:58:36.074 D/ACDB-LOADER( 829): ACDB -> AUDIO_SET_AFE_CAL cal_type[16] acdb_id[15]
09-20 06:58:36.074 D/CompatibilityInfo( 1158): applicationScale - 1.0
09-20 06:58:36.074 D/ACDB-LOADER( 829): ACDB -> send_hw_delay : acdb_id = 15 path = 0
09-20 06:58:36.074 D/ACDB-LOADER( 829): ACDB -> ACDB_AVSYNC_INFO: ACDB_CMD_GET_DEVICE_PROPERTY
09-20 06:58:36.074 D/msm8974_platform( 829): platform_split_snd_device: snd_device(2) num devices(0) new_snd_devices(0)
09-20 06:58:36.074 I/msm8974_platform( 829): platform_get_custom_mtmx_params: no matching param with id 0 ip_ch 2 op_ch 2 uc_id 1 snd_dev 2
09-20 06:58:36.074 D/audio_hw_primary( 829): enable_audio_route: apply mixer and update path: low-latency-playback
09-20 06:58:36.074 D/audio_route( 829): Apply path: low-latency-playback
09-20 06:58:36.075 D/ActivityTrigger( 1158): ActivityTrigger activityPauseTrigger
09-20 06:58:36.075 D/PhoneStartingWindowTypeAlgorithm( 2202): preferredStartingWindowType newTask:true taskSwitch:true processRunning:true allowTaskSnapshot:true activityCreated:false useEmptySplashScreen:false legacySplashScreen:false topIsHome:false
09-20 06:58:36.075 D/StartingSurfaceDrawer( 2202): addSplashScreen com.android.settings theme=7f13033e task=117 suggestType=1
09-20 06:58:36.076 D/audio_hw_primary( 829): select_devices: done
09-20 06:58:36.077 I/wm_pause_activity( 1158): [0,213932593,com.android.launcher3/.uioverrides.QuickstepLauncher,userLeaving=true,pauseBackTasks]
09-20 06:58:36.084 I/wm_on_top_resumed_lost_called( 8801): [213932593,com.android.launcher3.uioverrides.QuickstepLauncher,topStateChangedWhenResumed]
09-20 06:58:36.085 D/StartingSurfaceDrawer( 2202): window attributes color: 0 icon null duration 0 brandImage null
09-20 06:58:36.088 I/wm_on_paused_called( 8801): [213932593,com.android.launcher3.uioverrides.QuickstepLauncher,performPause]
09-20 06:58:36.092 I/ActivityTaskManager( 1158): The Process com.android.settings Already Exists in BG. So sending its PID: 17155
09-20 06:58:36.093 W/ActivityTaskManager( 1158): Tried to set launchTime (0) < mLastActivityLaunchTime (11085048)
09-20 06:58:36.093 I/wm_add_to_stopping( 1158): [0,213932593,com.android.launcher3/.uioverrides.QuickstepLauncher,makeInvisible]
09-20 06:58:36.093 E/ANDR-IOP( 988): io prefetch is disabled
09-20 06:58:36.093 I/wm_restart_activity( 1158): [0,32242221,117,com.android.settings/.Settings]
09-20 06:58:36.093 D/CompatibilityInfo( 1158): mCompatibilityFlags - 4
09-20 06:58:36.093 D/CompatibilityInfo( 1158): applicationDensity - 240
09-20 06:58:36.093 D/CompatibilityInfo( 1158): applicationScale - 1.0
09-20 06:58:36.095 I/wm_set_resumed_activity( 1158): [0,com.android.settings/.Settings,minimalResumeActivityLocked]
01-01 11:08:27.474 I/afe_find_cal_topo_id_by_port( 0): port id: 0x9000, dev_acdb_id: 0
01-01 11:08:27.481 I/afe_find_cal_topo_id_by_port( 0): top_id:112fc acdb_id:15 afe_port:0x9000
01-01 11:08:27.489 I/afe_get_cal_topology_id( 0): port_id = 0x9000 acdb_id = 15 topology_id = 0x112fc cal_type_index=8 ret=0
09-20 06:58:36.102 D/StartingSurfaceDrawer( 2202): FgMainColor=fff5f5f5 BgMainColor=ff00668b IsBgComplex=false FromCache=true ThemeColor=fff0f0f3
09-20 06:58:36.102 D/StartingSurfaceDrawer( 2202): isRgbSimilarInHsv a: fff0f0f3 b ff00668b contrast ratio: 5.6404657
09-20 06:58:36.103 D/StartingSurfaceDrawer( 2202): hsvDiff 44 ah 240.0 bh 195.97124 as 0.012345679 bs 1.0 av 0.9529412 bv 0.54509807 sqH 0.059753086581642245 sqS 0.975461072301087 sqV 0.16633600477712207 root 0.6328639041847389
09-20 06:58:36.103 D/StartingSurfaceDrawer( 2202): makeSplashScreenContentView: draw whole icon
09-20 06:58:36.104 D/SplashScreenView( 2202): Build android.window.SplashScreenView{d555d33 V.E...... ......ID 0,0-0,0}
09-20 06:58:36.104 D/SplashScreenView( 2202): Icon: view: android.widget.ImageView{83068f0 V.ED..... ......I. 0,0-0,0 #10204a9 android:id/splashscreen_icon_view} drawable: com.android.wm.shell.startingsurface.SplashscreenIconDrawableFactory$ImmobileIconDrawable@635fe69 size: 240
09-20 06:58:36.104 D/SplashScreenView( 2202): Branding: view: android.view.View{6b780ee G.ED..... ......I. 0,0-0,0 #10204a8 android:id/splashscreen_branding_view} drawable: null size w: 0 h: 0
09-20 06:58:36.104 D/StartingSurfaceDrawer( 2202): fillViewWithIcon surfaceWindowView android.window.SplashScreenView{d555d33 V.E...... ......ID 0,0-0,0}
09-20 06:58:36.112 I/sysui_multi_action( 1158): [757,803,799,window_time_0,802,3]
09-20 06:58:36.116 I/SettingsHomepageActivity(17155): SettingsHomepageActivity: onCreate
01-01 11:08:27.500 I/afe_send_port_topology_id( 0): AFE set topology id 0x112fc enable for port 0x9000 ret 0
01-01 11:08:27.509 I/send_afe_cal_type( 0): cal_index is 0
09-20 06:58:36.120 I/input_focus( 1158): [Focus leaving 4bde657 com.android.launcher3/com.android.launcher3.uioverrides.QuickstepLauncher (server),reason=NO_WINDOW]
01-01 11:08:27.514 I/send_afe_cal_type( 0): dev_acdb_id[55] is 0
01-01 11:08:27.519 I/send_afe_cal_type( 0): Sending cal_index cal 0
09-20 06:58:36.128 E/ThemeUtils(17155): View class androidx.appcompat.widget.AppCompatImageView is an AppCompat widget that can only be used with a Theme.AppCompat theme (or descendant).
01-01 11:08:27.525 E/send_afe_cal_type( 0): No cal sent for cal_index 0, port_id = 0x9000! ret -22
01-01 11:08:27.533 I/afe_send_hw_delay( 0): port_id 0x9000 rate 48000 delay_usec 474 status 0
09-20 06:58:36.150 D/AvatarViewMixin(17155): Feature disabled by config. Skipping
09-20 06:58:36.152 I/wm_on_create_called(17155): [32242221,com.android.settings.Settings,performCreate]
09-20 06:58:36.154 D/PrefCtrlListHelper(17155): Could not find Context-only controller for pref: com.android.settings.network.TopLevelNetworkEntryPreferenceController
09-20 06:58:36.155 D/PrefCtrlListHelper(17155): Could not find Context-only controller for pref: com.android.settings.connecteddevice.TopLevelConnectedDevicesPreferenceController
09-20 06:58:36.155 D/PrefCtrlListHelper(17155): Could not find Context-only controller for pref: com.android.settings.fuelgauge.TopLevelBatteryPreferenceController
09-20 06:58:36.155 D/PrefCtrlListHelper(17155): Could not find Context-only controller for pref: com.android.settings.deviceinfo.TopLevelStoragePreferenceController
09-20 06:58:36.156 D/PrefCtrlListHelper(17155): Could not find Context-only controller for pref: com.android.settings.display.TopLevelDisplayPreferenceController
09-20 06:58:36.156 D/PrefCtrlListHelper(17155): Could not find Context-only controller for pref: com.android.settings.display.TopLevelWallpaperPreferenceController
09-20 06:58:36.156 D/PrefCtrlListHelper(17155): Could not find Context-only controller for pref: com.android.settings.accessibility.TopLevelAccessibilityPreferenceController
09-20 06:58:36.156 D/PrefCtrlListHelper(17155): Could not find Context-only controller for pref: com.android.settings.security.TopLevelSecurityEntryPreferenceController
09-20 06:58:36.156 D/PrefCtrlListHelper(17155): Could not find Context-only controller for pref: com.android.settings.location.TopLevelLocationPreferenceController
09-20 06:58:36.157 D/PrefCtrlListHelper(17155): Could not find Context-only controller for pref: com.android.settings.accounts.TopLevelAccountEntryPreferenceController
09-20 06:58:36.158 D/PrefCtrlListHelper(17155): Could not find Context-only controller for pref: com.android.settings.deviceinfo.aboutphone.TopLevelAboutDevicePreferenceController
09-20 06:58:36.158 D/PrefCtrlListHelper(17155): Could not find Context-only controller for pref: com.android.settings.support.SupportPreferenceController
09-20 06:58:36.160 E/UserRestrictionsUtils( 1158): Unknown restriction queried by uid 1000 (com.qti.snapdragon.qdcm_ff et al): null
09-20 06:58:36.161 W/InstrumentedPrefFrag(17155): Screen title missing for fragment com.android.settings.homepage.TopLevelSettings
09-20 06:58:36.161 D/TopLevelSettings(17155): NO dashboard tiles for TopLevelSettings
09-20 06:58:36.161 D/TopLevelSettings(17155): All preferences added, reporting fully drawn
09-20 06:58:36.162 I/TopLevelSettings(17155): TopLevelSettings: TopLevelSettings::com.android.settings.network.NetworkDashboardFragment
09-20 06:58:36.170 D/msm8974_platform( 829): platform_set_channel_map mixer_ctl_name:Playback Channel Map9
09-20 06:58:36.171 D/msm8974_platform( 829): platform_set_channel_map: set mapping(1 2 0 0 0 0 0 0) for channel:2
09-20 06:58:36.172 E/audio_hw_extn( 829): audio_extn_perf_lock_release: Perf lock release error
09-20 06:58:36.172 D/audio_hw_primary( 829): start_output_stream: exit
09-20 06:58:36.179 I/TetheringManager(17155): registerTetheringEventCallback:com.android.settings
09-20 06:58:36.180 D/PrefCtrlListHelper(17155): Could not find Context-only controller for pref: com.android.settings.network.MultiNetworkHeaderController
09-20 06:58:36.180 D/PrefCtrlListHelper(17155): Could not find Context-only controller for pref: com.android.settings.network.AirplaneModePreferenceController
09-20 06:58:36.180 D/PrefCtrlListHelper(17155): Could not find Context-only controller for pref: com.android.settings.network.AllInOneTetherPreferenceController
09-20 06:58:36.180 D/PrefCtrlListHelper(17155): Could not find Context-only controller for pref: com.android.settings.network.AdaptiveConnectivityPreferenceController
09-20 06:58:36.183 W/CarrierConfigManager(17155): Error getting config for subId -1 ICarrierConfigLoader is null
09-20 06:58:36.183 D/MobilePlanPrefContr(17155): onCreate: mMobilePlanDialogMessage=null
09-20 06:58:36.184 D/BluetoothPan(17155): Binding service...
09-20 06:58:36.187 E/UserRestrictionsUtils( 1158): Unknown restriction queried by uid 1000 (com.qti.snapdragon.qdcm_ff et al): null
09-20 06:58:36.200 D/NetworkDashboardFrag(17155): NO dashboard tiles for NetworkDashboardFrag
09-20 06:58:36.200 D/NetworkDashboardFrag(17155): All preferences added, reporting fully drawn
09-20 06:58:36.212 W/BatteryBroadcastRcvr(17155): Problem reading the battery meter.
09-20 06:58:36.215 D/ConnectivityService( 1158): requestNetwork for uid/pid:1000/17155 activeRequest: null callbackRequest: 237 [NetworkRequest [ REQUEST id=238, [ Capabilities: INTERNET&NOT_RESTRICTED&TRUSTED&NOT_VCN_MANAGED Uid: 1000 RequestorUid: 1000 RequestorPkg: com.android.settings] ]] callback flags: 0 priority: 2147483647
09-20 06:58:36.215 D/ConnectivityService( 1158): NetReassign [no changes]
09-20 06:58:36.216 D/WifiNetworkFactory( 1158): got request NetworkRequest [ REQUEST id=238, [ Capabilities: INTERNET&NOT_RESTRICTED&TRUSTED&NOT_VCN_MANAGED Uid: 1000 RequestorUid: 1000 RequestorPkg: com.android.settings] ]
09-20 06:58:36.216 D/UntrustedWifiNetworkFactory( 1158): got request NetworkRequest [ REQUEST id=238, [ Capabilities: INTERNET&NOT_RESTRICTED&TRUSTED&NOT_VCN_MANAGED Uid: 1000 RequestorUid: 1000 RequestorPkg: com.android.settings] ]
09-20 06:58:36.216 D/OemPaidWifiNetworkFactory( 1158): got request NetworkRequest [ REQUEST id=238, [ Capabilities: INTERNET&NOT_RESTRICTED&TRUSTED&NOT_VCN_MANAGED Uid: 1000 RequestorUid: 1000 RequestorPkg: com.android.settings] ]
09-20 06:58:36.216 D/Ethernet( 1158): got request NetworkRequest [ REQUEST id=238, [ Capabilities: INTERNET&NOT_RESTRICTED&TRUSTED&NOT_VCN_MANAGED Uid: 1000 RequestorUid: 1000 RequestorPkg: com.android.settings] ]
09-20 06:58:36.217 D/ConnectivityService( 1158): requestNetwork for uid/pid:1000/17155 activeRequest: null callbackRequest: 240 [NetworkRequest [ REQUEST id=241, [ Capabilities: INTERNET&NOT_RESTRICTED&TRUSTED&NOT_VCN_MANAGED Uid: 1000 RequestorUid: 1000 RequestorPkg: com.android.settings] ]] callback flags: 0 priority: 2147483647
09-20 06:58:36.217 D/ConnectivityService( 1158): NetReassign [no changes]
09-20 06:58:36.217 D/EthernetNetworkFactory( 1158): acceptRequest, request: NetworkRequest [ REQUEST id=238, [ Capabilities: INTERNET&NOT_RESTRICTED&TRUSTED&NOT_VCN_MANAGED Uid: 1000 RequestorUid: 1000 RequestorPkg: com.android.settings] ]
09-20 06:58:36.217 I/EthernetNetworkFactory( 1158): networkForRequest, request: NetworkRequest [ REQUEST id=238, [ Capabilities: INTERNET&NOT_RESTRICTED&TRUSTED&NOT_VCN_MANAGED Uid: 1000 RequestorUid: 1000 RequestorPkg: com.android.settings] ], network: null
09-20 06:58:36.217 D/ConnectivityService( 1158): NetReassign [no changes]
09-20 06:58:36.218 D/Ethernet( 1158): got request NetworkRequest [ REQUEST id=241, [ Capabilities: INTERNET&NOT_RESTRICTED&TRUSTED&NOT_VCN_MANAGED Uid: 1000 RequestorUid: 1000 RequestorPkg: com.android.settings] ]
09-20 06:58:36.218 D/EthernetNetworkFactory( 1158): acceptRequest, request: NetworkRequest [ REQUEST id=241, [ Capabilities: INTERNET&NOT_RESTRICTED&TRUSTED&NOT_VCN_MANAGED Uid: 1000 RequestorUid: 1000 RequestorPkg: com.android.settings] ]
09-20 06:58:36.218 D/WifiNetworkFactory( 1158): got request NetworkRequest [ REQUEST id=241, [ Capabilities: INTERNET&NOT_RESTRICTED&TRUSTED&NOT_VCN_MANAGED Uid: 1000 RequestorUid: 1000 RequestorPkg: com.android.settings] ]
09-20 06:58:36.218 I/EthernetNetworkFactory( 1158): networkForRequest, request: NetworkRequest [ REQUEST id=241, [ Capabilities: INTERNET&NOT_RESTRICTED&TRUSTED&NOT_VCN_MANAGED Uid: 1000 RequestorUid: 1000 RequestorPkg: com.android.settings] ], network: null
09-20 06:58:36.219 I/TetheringManager(17155): registerTetheringEventCallback caller:com.android.settings
09-20 06:58:36.219 D/UntrustedWifiNetworkFactory( 1158): got request NetworkRequest [ REQUEST id=241, [ Capabilities: INTERNET&NOT_RESTRICTED&TRUSTED&NOT_VCN_MANAGED Uid: 1000 RequestorUid: 1000 RequestorPkg: com.android.settings] ]
09-20 06:58:36.220 D/OemPaidWifiNetworkFactory( 1158): got request NetworkRequest [ REQUEST id=241, [ Capabilities: INTERNET&NOT_RESTRICTED&TRUSTED&NOT_VCN_MANAGED Uid: 1000 RequestorUid: 1000 RequestorPkg: com.android.settings] ]
09-20 06:58:36.220 D/BatteryInfo(17155): time for getStats: 0ms
09-20 06:58:36.220 I/wm_on_start_called(17155): [32242221,com.android.settings.Settings,handleStartActivity]
09-20 06:58:36.221 I/snet_event_log(17155): [120484087,-1,]
09-20 06:58:36.221 I/wm_on_resume_called(17155): [32242221,com.android.settings.Settings,RESUME_ACTIVITY]
09-20 06:58:36.221 D/BatteryInfo(17155): time for regular BatteryInfo: 1ms
09-20 06:58:36.221 D/BatteryInfo(17155): time for getBatteryInfo: 0ms
09-20 06:58:36.222 W/ScanResultUtil( 1158): Empty or null ScanResult list
09-20 06:58:36.222 W/WifiService( 1158): Attempt to retrieve WifiConfiguration with invalid scanResult List
09-20 06:58:36.222 I/sysui_multi_action(17155): [757,35,758,1,833,0,1089,68]
09-20 06:58:36.222 W/ScanResultUtil( 1158): Empty or null ScanResult list
09-20 06:58:36.222 E/WifiService( 1158): Attempt to retrieve passpoint with invalid scanResult List
09-20 06:58:36.222 W/ScanResultUtil( 1158): Empty or null ScanResult list
09-20 06:58:36.222 W/WifiService( 1158): Attempt to retrieve OsuProviders with invalid scanResult List
09-20 06:58:36.224 I/sysui_multi_action(17155): [757,1729,758,4,854,isParalleledControllers:false,1089,71]
09-20 06:58:36.228 D/BatteryTipLoader(17155): BatteryInfoLoader post query: 0ms
09-20 06:58:36.228 D/ConnectivityService( 1158): NetReassign [no changes]
09-20 06:58:36.228 D/ConnectivityService( 1158): requestNetwork for uid/pid:1000/17155 activeRequest: null callbackRequest: 243 [NetworkRequest [ REQUEST id=244, [ Capabilities: INTERNET&NOT_RESTRICTED&TRUSTED&NOT_VCN_MANAGED Uid: 1000 RequestorUid: 1000 RequestorPkg: com.android.settings] ]] callback flags: 1 priority: 2147483647
09-20 06:58:36.229 D/BatteryInfo(17155): time for getBatteryInfo: 1ms
09-20 06:58:36.229 D/BatteryTipLoader(17155): BatteryInfoLoader.loadInBackground: 1ms
09-20 06:58:36.229 D/ConnectivityService( 1158): NetReassign [no changes]
09-20 06:58:36.229 D/Ethernet( 1158): got request NetworkRequest [ REQUEST id=244, [ Capabilities: INTERNET&NOT_RESTRICTED&TRUSTED&NOT_VCN_MANAGED Uid: 1000 RequestorUid: 1000 RequestorPkg: com.android.settings] ]
09-20 06:58:36.230 D/EthernetNetworkFactory( 1158): acceptRequest, request: NetworkRequest [ REQUEST id=244, [ Capabilities: INTERNET&NOT_RESTRICTED&TRUSTED&NOT_VCN_MANAGED Uid: 1000 RequestorUid: 1000 RequestorPkg: com.android.settings] ]
09-20 06:58:36.230 I/EthernetNetworkFactory( 1158): networkForRequest, request: NetworkRequest [ REQUEST id=244, [ Capabilities: INTERNET&NOT_RESTRICTED&TRUSTED&NOT_VCN_MANAGED Uid: 1000 RequestorUid: 1000 RequestorPkg: com.android.settings] ], network: null
09-20 06:58:36.230 D/ConnectivityService( 1158): NetReassign [no changes]
09-20 06:58:36.230 D/WifiNetworkFactory( 1158): got request NetworkRequest [ REQUEST id=244, [ Capabilities: INTERNET&NOT_RESTRICTED&TRUSTED&NOT_VCN_MANAGED Uid: 1000 RequestorUid: 1000 RequestorPkg: com.android.settings] ]
09-20 06:58:36.230 D/UntrustedWifiNetworkFactory( 1158): got request NetworkRequest [ REQUEST id=244, [ Capabilities: INTERNET&NOT_RESTRICTED&TRUSTED&NOT_VCN_MANAGED Uid: 1000 RequestorUid: 1000 RequestorPkg: com.android.settings] ]
09-20 06:58:36.230 D/OemPaidWifiNetworkFactory( 1158): got request NetworkRequest [ REQUEST id=244, [ Capabilities: INTERNET&NOT_RESTRICTED&TRUSTED&NOT_VCN_MANAGED Uid: 1000 RequestorUid: 1000 RequestorPkg: com.android.settings] ]
09-20 06:58:36.230 D/BluetoothPan(17155): Binding service...
09-20 06:58:36.233 I/sysui_multi_action(17155): [757,746,758,1,833,0,1089,59]
09-20 06:58:36.233 D/SubscriptionsChangeListener(17155): Start
09-20 06:58:36.234 D/TelephonyRegistry( 1158): listen oscl: mHasNotifySubscriptionInfoChangedOccurred==false no callback
09-20 06:58:36.235 D/MobileNetworkSummaryStatus(17155): network summary query
09-20 06:58:36.237 E/TelephonyManager(17155): Error in getUiccCardsInfo: unable to connect to Telephony service.
09-20 06:58:36.239 W/MobileNetworkUtils(17155): EuiccManager is not enabled.
09-20 06:58:36.239 W/SelectableSubscriptions(17155): Fail to request subIdList
09-20 06:58:36.239 W/SelectableSubscriptions(17155): java.lang.NullPointerException: Attempt to invoke interface method 'int java.util.List.size()' on a null object reference
09-20 06:58:36.239 W/SelectableSubscriptions(17155): at com.android.settings.network.helper.SelectableSubscriptions.call(SelectableSubscriptions.java:128)
09-20 06:58:36.239 W/SelectableSubscriptions(17155): at com.android.settings.network.MobileNetworkSummaryStatus.getSubscriptions(MobileNetworkSummaryStatus.java:158)
09-20 06:58:36.239 W/SelectableSubscriptions(17155): at com.android.settings.network.MobileNetworkSummaryStatus.update(MobileNetworkSummaryStatus.java:88)
09-20 06:58:36.239 W/SelectableSubscriptions(17155): at com.android.settings.network.MobileNetworkSummaryController.update(MobileNetworkSummaryController.java:170)
09-20 06:58:36.239 W/SelectableSubscriptions(17155): at com.android.settings.network.MobileNetworkSummaryController.onResume(MobileNetworkSummaryController.java:95)
09-20 06:58:36.239 W/SelectableSubscriptions(17155): at java.lang.reflect.Method.invoke(Native Method)
09-20 06:58:36.239 W/SelectableSubscriptions(17155): at androidx.lifecycle.ClassesInfoCache$MethodReference.invokeCallback(ClassesInfoCache.java:216)
09-20 06:58:36.239 W/SelectableSubscriptions(17155): at androidx.lifecycle.ClassesInfoCache$CallbackInfo.invokeMethodsForEvent(ClassesInfoCache.java:194)
09-20 06:58:36.239 W/SelectableSubscriptions(17155): at androidx.lifecycle.ClassesInfoCache$CallbackInfo.invokeCallbacks(ClassesInfoCache.java:185)
09-20 06:58:36.239 W/SelectableSubscriptions(17155): at androidx.lifecycle.ReflectiveGenericLifecycleObserver.onStateChanged(ReflectiveGenericLifecycleObserver.java:37)
09-20 06:58:36.239 W/SelectableSubscriptions(17155): at androidx.lifecycle.LifecycleRegistry$ObserverWithState.dispatchEvent(LifecycleRegistry.java:354)
09-20 06:58:36.239 W/SelectableSubscriptions(17155): at androidx.lifecycle.LifecycleRegistry.forwardPass(LifecycleRegistry.java:265)
09-20 06:58:36.239 W/SelectableSubscriptions(17155): at androidx.lifecycle.LifecycleRegistry.sync(LifecycleRegistry.java:307)
09-20 06:58:36.239 W/SelectableSubscriptions(17155): at androidx.lifecycle.LifecycleRegistry.moveToState(LifecycleRegistry.java:148)
09-20 06:58:36.239 W/SelectableSubscriptions(17155): at androidx.lifecycle.LifecycleRegistry.handleLifecycleEvent(LifecycleRegistry.java:134)
09-20 06:58:36.239 W/SelectableSubscriptions(17155): at com.android.settingslib.core.lifecycle.ObservablePreferenceFragment.onResume(ObservablePreferenceFragment.java:87)
09-20 06:58:36.239 W/SelectableSubscriptions(17155): at com.android.settings.core.InstrumentedPreferenceFragment.onResume(InstrumentedPreferenceFragment.java:77)
09-20 06:58:36.239 W/SelectableSubscriptions(17155): at com.android.settings.SettingsPreferenceFragment.onResume(SettingsPreferenceFragment.java:198)
09-20 06:58:36.239 W/SelectableSubscriptions(17155): at com.android.settings.dashboard.DashboardFragment.onResume(DashboardFragment.java:218)
09-20 06:58:36.239 W/SelectableSubscriptions(17155): at androidx.fragment.app.Fragment.performResume(Fragment.java:3029)
09-20 06:58:36.239 W/SelectableSubscriptions(17155): at androidx.fragment.app.FragmentStateManager.resume(FragmentStateManager.java:583)
09-20 06:58:36.239 W/SelectableSubscriptions(17155): at androidx.fragment.app.FragmentStateManager.moveToExpectedState(FragmentStateManager.java:282)
09-20 06:58:36.239 W/SelectableSubscriptions(17155): at androidx.fragment.app.FragmentStore.moveToExpectedState(FragmentStore.java:112)
09-20 06:58:36.239 W/SelectableSubscriptions(17155): at androidx.fragment.app.FragmentManager.moveToState(FragmentManager.java:1667)
09-20 06:58:36.239 W/SelectableSubscriptions(17155): at androidx.fragment.app.FragmentManager.dispatchStateChange(FragmentManager.java:3234)
09-20 06:58:36.239 W/SelectableSubscriptions(17155): at androidx.fragment.app.FragmentManager.dispatchResume(FragmentManager.java:3192)
09-20 06:58:36.239 W/SelectableSubscriptions(17155): at androidx.fragment.app.FragmentController.dispatchResume(FragmentController.java:273)
09-20 06:58:36.239 W/SelectableSubscriptions(17155): at androidx.fragment.app.FragmentActivity.onResumeFragments(FragmentActivity.java:434)
09-20 06:58:36.239 W/SelectableSubscriptions(17155): at androidx.fragment.app.FragmentActivity.onPostResume(FragmentActivity.java:423)
09-20 06:58:36.239 W/SelectableSubscriptions(17155): at android.app.Activity.performResume(Activity.java:8235)
09-20 06:58:36.239 W/SelectableSubscriptions(17155): at android.app.ActivityThread.performResumeActivity(ActivityThread.java:4748)
09-20 06:58:36.239 W/SelectableSubscriptions(17155): at android.app.ActivityThread.handleResumeActivity(ActivityThread.java:4791)
09-20 06:58:36.239 W/SelectableSubscriptions(17155): at android.app.servertransaction.ResumeActivityItem.execute(ResumeActivityItem.java:54)
09-20 06:58:36.239 W/SelectableSubscriptions(17155): at android.app.servertransaction.ActivityTransactionItem.execute(ActivityTransactionItem.java:45)
09-20 06:58:36.239 W/SelectableSubscriptions(17155): at android.app.servertransaction.TransactionExecutor.executeLifecycleState(TransactionExecutor.java:176)
09-20 06:58:36.239 W/SelectableSubscriptions(17155): at android.app.servertransaction.TransactionExecutor.execute(TransactionExecutor.java:97)
09-20 06:58:36.239 W/SelectableSubscriptions(17155): at android.app.ActivityThread$H.handleMessage(ActivityThread.java:2211)
09-20 06:58:36.239 W/SelectableSubscriptions(17155): at android.os.Handler.dispatchMessage(Handler.java:106)
09-20 06:58:36.239 W/SelectableSubscriptions(17155): at android.os.Looper.loopOnce(Looper.java:201)
09-20 06:58:36.239 W/SelectableSubscriptions(17155): at android.os.Looper.loop(Looper.java:288)
09-20 06:58:36.239 W/SelectableSubscriptions(17155): at android.app.ActivityThread.main(ActivityThread.java:7880)
09-20 06:58:36.239 W/SelectableSubscriptions(17155): at java.lang.reflect.Method.invoke(Native Method)
09-20 06:58:36.239 W/SelectableSubscriptions(17155): at com.android.internal.os.RuntimeInit$MethodAndArgsCaller.run(RuntimeInit.java:548)
09-20 06:58:36.239 W/SelectableSubscriptions(17155): at com.android.internal.os.ZygoteInit.main(ZygoteInit.java:1009)
09-20 06:58:36.240 D/MobileNetworkSummaryStatus(17155): network summary query ignored
09-20 06:58:36.240 D/SubscriptionsChangeListener(17155): Start
09-20 06:58:36.240 D/TelephonyRegistry( 1158): listen oscl: mHasNotifySubscriptionInfoChangedOccurred==false no callback
09-20 06:58:36.243 D/ConnectivityService( 1158): NetReassign [no changes]
09-20 06:58:36.258 I/sysui_multi_action(17155): [757,1729,758,4,854,isParalleledControllers:false,1089,84]
09-20 06:58:36.263 I/wm_on_top_resumed_gained_called(17155): [32242221,com.android.settings.Settings,topStateChangedWhenResumed]
09-20 06:58:36.264 D/BluetoothPan(17155): Proxy object connected
09-20 06:58:36.264 W/BatteryBroadcastRcvr(17155): Problem reading the battery meter.
09-20 06:58:36.266 D/BatteryInfo(17155): time for callback: 0ms
09-20 06:58:36.267 D/BluetoothPan(17155): Proxy object connected
09-20 06:58:36.282 D/BatteryInfo(17155): time for getStats: 0ms
09-20 06:58:36.287 D/BatteryInfo(17155): time for regular BatteryInfo: 5ms
09-20 06:58:36.287 D/BatteryTipLoader(17155): BatteryInfoLoader post query: 2ms
09-20 06:58:36.288 D/BatteryInfo(17155): time for getBatteryInfo: 0ms
09-20 06:58:36.288 D/BatteryTipLoader(17155): BatteryInfoLoader.loadInBackground: 3ms
09-20 06:58:36.288 D/BatteryInfo(17155): time for getBatteryInfo: 1ms
09-20 06:58:36.324 I/input_focus( 1158): [Focus request e895546 com.android.settings/com.android.settings.Settings,reason=UpdateInputWindows]
09-20 06:58:36.360 D/audio_hw_primary( 829): out_set_parameters: enter: usecase(1: low-latency-playback) kvpairs: suspend_playback=true
09-20 06:58:36.361 D/audio_hw_extn( 829): audio_extn_fm_set_parameters: Enter
09-20 06:58:36.363 I/sysui_multi_action( 1158): [324,1,757,1090,758,12,806,com.android.settings,871,com.android.settings.Settings,1091,309]
09-20 06:58:36.368 D/BatteryInfo(17155): time for callback: 0ms
09-20 06:58:36.368 I/EventSequenceValidator( 1158): dec AccIntentStartedEvents to 1
09-20 06:58:36.371 D/StartingSurfaceDrawer( 2202): Task start finish, remove starting surface for task 117
09-20 06:58:36.371 V/StartingSurfaceDrawer( 2202): Removing splash screen window for task: 117
09-20 06:58:36.371 I/sysui_multi_action( 1158): [319,80,321,76,322,309,325,11091,757,761,758,8,759,1,806,com.android.settings,871,com.android.settings.Settings,904,com.android.launcher3,905,0,1320,4,1321,1]
09-20 06:58:36.372 I/wm_activity_launch_time( 1158): [0,32242221,com.android.settings/.Settings,309]
09-20 06:58:36.373 I/ActivityTaskManager( 1158): Displayed com.android.settings/.Settings: +309ms
09-20 06:58:36.374 I/ActivityTaskManager( 1158): Fully drawn com.android.settings/.Settings: +309ms
09-20 06:58:36.388 I/input_focus( 1158): [Focus entering e895546 com.android.settings/com.android.settings.Settings (server),reason=Window became focusable. Previous reason: NOT_VISIBLE]
09-20 06:58:36.395 D/Sogou ( 3425): onUnbindInput finish
09-20 06:58:36.395 D/Sogou ( 3425): onFinishInput:
01-01 11:08:27.863 D/ ( 0): mv2112_read_status
01-01 11:08:27.867 D/mv2112_update_link( 0): 3.0x901(1G): 0x80
01-01 11:08:27.873 D/mv2112_update_link( 0): 3.0x8109(100M): 0x0
09-20 06:58:36.492 I/mpu_uart( 674): [MSG-P:RECV]:No message received in 1000 ms
01-01 11:08:27.881 D/mv2112_update_link( 0): link 0x0
01-01 11:08:27.886 D/mv2112_read_status( 0): autoneg is disabled
09-20 06:58:36.719 I/wm_stop_activity( 1158): [0,213932593,com.android.launcher3/.uioverrides.QuickstepLauncher]
09-20 06:58:36.731 E/TaskPersister( 1158): File error accessing recents directory (directory doesn't exist?).
09-20 06:58:36.770 D/StateManager( 8801): goToState: Normal
09-20 06:58:36.770 W/Choreographer( 1158): Frame time is 0.027156 ms in the future! Check that graphics HAL is generating vsync timestamps using the correct timebase.
09-20 06:58:36.774 I/wm_on_stop_called( 8801): [213932593,com.android.launcher3.uioverrides.QuickstepLauncher,STOP_ACTIVITY_ITEM]
09-20 06:58:36.785 W/InputManager-JNI( 1158): Input channel object 'c9ec4f3 Splash Screen com.android.settings (client)' was disposed without first being removed with the input manager!
01-01 11:08:28.179 I/IRQ 5 ( 0): no longer affine to CPU7
09-20 06:58:36.818 W/FrameTracker( 8801): Missed SF frame:2
09-20 06:58:36.818 W/FrameTracker( 8801): Missed SF frame:32
09-20 06:58:36.819 W/FrameTracker( 8801): Missed SF frame:66
09-20 06:58:36.819 W/FrameTracker( 8801): Missed SF frame:66
09-20 06:58:36.819 W/FrameTracker( 8801): Missed SF frame:66
09-20 06:58:36.819 W/FrameTracker( 8801): Missed SF frame:66
09-20 06:58:36.819 W/FrameTracker( 8801): Missed SF frame:66
09-20 06:58:36.819 W/FrameTracker( 8801): Missed SF frame:66
09-20 06:58:36.820 W/FrameTracker( 8801): Missed SF frame:66
09-20 06:58:36.820 W/FrameTracker( 8801): Missed SF frame:66
09-20 06:58:36.820 W/FrameTracker( 8801): Missing HWUI jank callback for vsyncId: 218573
09-20 06:58:36.822 V/PerfettoTrigger( 8801): Triggering /system/bin/trigger_perfetto com.android.telemetry.interaction-jank-monitor-8
09-20 06:58:36.932 I/HWebSocketClient( 2481): WEBclient: onFailed
09-20 06:58:36.940 I/ResponseWebSocketHandler( 2481): ResponseWebSocketHandler start
09-20 06:58:36.941 I/HttpContext( 2481): getIResponseJson :com.thundercomm.microservice.MicroServiceProxy@60d04ef
09-20 06:58:36.941 I/ResponseHandler( 2481): ResponseHandler() :com.thundercomm.microservice.MicroServiceProxy@60d04ef
09-20 06:58:36.941 I/HttpContext( 2481): getIResponseJson :com.thundercomm.microservice.MicroServiceProxy@60d04ef
09-20 06:58:36.941 I/ResponseWebSocketHandler( 2481): ResponseWebSocketHandler mResponseJson: com.thundercomm.microservice.MicroServiceProxy@60d04ef
09-20 06:58:36.942 I/System.out( 2481): handler is: com.thundercomm.microservice.netty.client.handler.webSocket.ResponseWebSocketHandler@39e71b7
09-20 06:58:37.362 D/audio_hw_primary( 829): out_set_parameters: enter: usecase(1: low-latency-playback) kvpairs: suspend_playback=false
09-20 06:58:37.362 D/audio_hw_extn( 829): audio_extn_fm_set_parameters: Enter
09-20 06:58:37.363 W/audio_hw_primary( 829): out_write: underrun(239) frames_by_time(48341) > out->last_fifo_frames_remaining(384)
09-20 06:58:37.407 D/audio_hw_primary( 829): out_set_parameters: enter: usecase(1: low-latency-playback) kvpairs: suspend_playback=true
09-20 06:58:37.407 D/audio_hw_extn( 829): audio_extn_fm_set_parameters: Enter
09-20 06:58:37.493 I/mpu_uart( 674): [MSG-P:RECV]:No message received in 1000 ms
01-01 11:08:28.919 D/ ( 0): mv2112_read_status
01-01 11:08:28.923 D/mv2112_update_link( 0): 3.0x901(1G): 0x80
01-01 11:08:28.931 D/mv2112_update_link( 0): 3.0x8109(100M): 0x0
01-01 11:08:28.940 D/mv2112_update_link( 0): link 0x0
01-01 11:08:28.944 D/mv2112_read_status( 0): autoneg is disabled
09-20 06:58:37.986 I/mpu_uart( 674): [MSG-P:R]:recv sync frame timeout
09-20 06:58:38.409 D/audio_hw_primary( 829): out_set_parameters: enter: usecase(1: low-latency-playback) kvpairs: suspend_playback=false
09-20 06:58:38.409 D/audio_hw_extn( 829): audio_extn_fm_set_parameters: Enter
09-20 06:58:38.411 W/audio_hw_primary( 829): out_write: underrun(240) frames_by_time(48353) > out->last_fifo_frames_remaining(384)
09-20 06:58:38.449 D/audio_hw_primary( 829): out_set_parameters: enter: usecase(1: low-latency-playback) kvpairs: suspend_playback=true
09-20 06:58:38.449 D/audio_hw_extn( 829): audio_extn_fm_set_parameters: Enter
09-20 06:58:38.493 I/mpu_uart( 674): [MSG-P:RECV]:No message received in 1000 ms
01-01 11:08:29.975 D/ ( 0): mv2112_read_status
01-01 11:08:29.979 D/mv2112_update_link( 0): 3.0x901(1G): 0x80
01-01 11:08:29.985 D/mv2112_update_link( 0): 3.0x8109(100M): 0x0
01-01 11:08:29.994 D/mv2112_update_link( 0): link 0x0
01-01 11:08:29.999 D/mv2112_read_status( 0): autoneg is disabled
09-20 06:58:39.004 I/HttpClient( 2481): onFailed
09-20 06:58:39.004 I/MicroService( 2481): sendConnectStateBroadCast() state0
09-20 06:58:39.008 I/MicroService( 2481): onNettyConnectState0
09-20 06:58:39.008 I/MicroService( 2481): onNettyConnectState count = 0
09-20 06:58:39.451 D/audio_hw_primary( 829): out_set_parameters: enter: usecase(1: low-latency-playback) kvpairs: suspend_playback=false
09-20 06:58:39.451 D/audio_hw_extn( 829): audio_extn_fm_set_parameters: Enter
09-20 06:58:39.453 D/audio_hw_primary( 829): out_standby: enter: stream (0xebdc64c0) usecase(1: low-latency-playback)
01-01 11:08:30.860 I/afe_close( 0): port_id = 0x9000
09-20 06:58:39.478 D/audio_hw_primary( 829): disable_audio_route: reset and update mixer path: low-latency-playback
09-20 06:58:39.479 E/soundtrigger( 829): audio_extn_sound_trigger_update_stream_status: invalid input device 0x0, for event 2
09-20 06:58:39.480 D/soundtrigger( 829): audio_extn_sound_trigger_update_stream_status: uc_info->id 1 of type 0 for Event 2, with Raise=0
09-20 06:58:39.480 D/msm8974_platform( 829): platform_split_snd_device: snd_device(2) num devices(0) new_snd_devices(0)
09-20 06:58:39.480 I/msm8974_platform( 829): platform_get_custom_mtmx_params: no matching param with id 0 ip_ch 2 op_ch 2 uc_id 1 snd_dev 2
09-20 06:58:39.480 D/hardware_info( 829): hw_info_append_hw_type : device_name = speaker
09-20 06:58:39.480 D/audio_hw_primary( 829): disable_snd_device: snd_device(2: speaker)
09-20 06:58:39.480 D/msm8974_platform( 829): platform_split_snd_device: snd_device(2) num devices(0) new_snd_devices(0)
09-20 06:58:39.480 I/soundtrigger( 829): audio_extn_sound_trigger_update_device_status: device 0x2 of type 0 for Event 0, with Raise=0
09-20 06:58:39.480 D/audio_hw_primary( 829): out_standby: exit
09-20 06:58:39.494 I/mpu_uart( 674): [MSG-P:RECV]:No message received in 1000 ms
01-01 11:08:31.032 D/ ( 0): mv2112_read_status
01-01 11:08:31.035 D/mv2112_update_link( 0): 3.0x901(1G): 0x80
01-01 11:08:31.041 D/mv2112_update_link( 0): 3.0x8109(100M): 0x0
01-01 11:08:31.046 D/mv2112_update_link( 0): link 0x0
01-01 11:08:31.050 D/mv2112_read_status( 0): autoneg is disabled
01-01 11:08:31.153 I/init ( 0): starting service 'qvrd_vndr'...
01-01 11:08:31.167 I/init ( 0): Created socket '/dev/socket/qvrservice_vndr', mode 660, user 1000, group 1000
01-01 11:08:31.180 I/init ( 0): Created socket '/dev/socket/qvrservice_vndr_camera', mode 660, user 1000, group 1000
01-01 11:08:31.232 I/init ( 0): starting service 'sxrd'...
09-20 06:58:39.856 F/linker (17821): CANNOT LINK EXECUTABLE "/vendor/bin/hw/qvrservice": library "vendor.qti.hardware.qxr-V1-ndk_platform.so" not found: needed by /vendor/lib64/libqvrservice.so in namespace (default)
01-01 11:08:31.250 I/init ( 0): starting service 'vendor.light-hal-2-0'...
09-20 06:58:39.889 F/linker (17822): CANNOT LINK EXECUTABLE "/vendor/bin/hw/sxrservice": library "vendor.qti.hardware.qxr-V1-ndk_platform.so" not found: needed by main executable
01-01 11:08:31.269 I/init ( 0): Service 'qvrd_vndr' (pid 17821) exited with status 1
01-01 11:08:31.275 I/init ( 0): Sending signal 9 to service 'qvrd_vndr' (pid 17821) process group...
01-01 11:08:31.284 I/libprocessgroup( 0): Successfully killed process cgroup uid 1000 pid 17821 in 0ms
01-01 11:08:31.293 I/init ( 0): Service 'sxrd' (pid 17822) exited with status 1
01-01 11:08:31.300 I/init ( 0): Sending signal 9 to service 'sxrd' (pid 17822) process group...
09-20 06:58:39.918 I/hwservicemanager( 520): getTransport: Cannot find entry android.hardware.light@2.0::ILight/default in either framework or device VINTF manifest.
09-20 06:58:39.922 E/light (17823): light_open lights keyboard failed: -22
09-20 06:58:39.922 E/light (17823): Light passthrough failed to load legacy HAL.
09-20 06:58:39.922 E/light (17823): light_open lights buttons failed: -22
09-20 06:58:39.922 E/light (17823): Light passthrough failed to load legacy HAL.
09-20 06:58:39.924 E/light (17823): light_open lights bluetooth failed: -22
09-20 06:58:39.924 E/light (17823): Light passthrough failed to load legacy HAL.
09-20 06:58:39.925 E/light (17823): light_open lights wifi failed: -22
09-20 06:58:39.925 E/light (17823): Light passthrough failed to load legacy HAL.
09-20 06:58:39.925 I/hwservicemanager( 520): getTransport: Cannot find entry android.hardware.light@2.0::ILight/default in either framework or device VINTF manifest.
09-20 06:58:39.925 E/HidlServiceManagement(17823): Service android.hardware.light@2.0::ILight/default must be in VINTF manifest in order to register/get.
09-20 06:58:39.925 E/LegacySupport(17823): Could not register service android.hardware.light@2.0::ILight/default (-2147483648).
09-20 06:58:40.004 I/HWebSocketClient( 2481): WEBclient: onFailed
09-20 06:58:40.011 I/ResponseWebSocketHandler( 2481): ResponseWebSocketHandler start
09-20 06:58:40.012 I/HttpContext( 2481): getIResponseJson :com.thundercomm.microservice.MicroServiceProxy@60d04ef
09-20 06:58:40.012 I/ResponseWebSocketHandler( 2481): ResponseWebSocketHandler mResponseJson: com.thundercomm.microservice.MicroServiceProxy@60d04ef
09-20 06:58:40.012 I/HttpContext( 2481): getIResponseJson :com.thundercomm.microservice.MicroServiceProxy@60d04ef
09-20 06:58:40.012 I/ResponseHandler( 2481): ResponseHandler() :com.thundercomm.microservice.MicroServiceProxy@60d04ef
09-20 06:58:40.014 I/System.out( 2481): handler is: com.thundercomm.microservice.netty.client.handler.webSocket.ResponseWebSocketHandler@b7e2790
09-20 06:58:40.309 I/input_interaction( 1158): Interaction with: e895546 com.android.settings/com.android.settings.Settings (server), edge-swipe (server), swipe-up (server), PointerEventDispatcher0 (server),
09-20 06:58:40.336 I/BpBinder( 1053): onLastStrongRef automatically unlinking death recipients:
09-20 06:58:40.348 I/view_enqueue_input_event(17155): [Motion - Cancel,com.android.settings/com.android.settings.Settings]
09-20 06:58:40.348 I/BpBinder( 1053): onLastStrongRef automatically unlinking death recipients:
09-20 06:58:40.350 I/InputDispatcher( 1158): Monitor edge-swipe (server) is stealing touch from [e895546 com.android.settings/com.android.settings.Settings (server), ]
09-20 06:58:40.358 I/input_interaction( 1158): Interaction with: edge-swipe (server), swipe-up (server), PointerEventDispatcher0 (server),
09-20 06:58:40.384 I/BpBinder( 1053): onLastStrongRef automatically unlinking death recipients:
09-20 06:58:40.385 D/vendor.qti.vibrator( 1012): Vibrator perform effect 2
09-20 06:58:40.386 D/vendor.qti.vibrator( 1012): QTI Vibrator off
09-20 06:58:40.396 I/BpBinder( 1053): onLastStrongRef automatically unlinking death recipients:
09-20 06:58:40.413 I/BpBinder( 1053): onLastStrongRef automatically unlinking death recipients:
09-20 06:58:40.430 I/BpBinder( 1053): onLastStrongRef automatically unlinking death recipients:
09-20 06:58:40.447 I/BpBinder( 1053): onLastStrongRef automatically unlinking death recipients:
09-20 06:58:40.464 I/BpBinder( 1053): onLastStrongRef automatically unlinking death recipients:
09-20 06:58:40.483 I/BpBinder( 1053): onLastStrongRef automatically unlinking death recipients:
09-20 06:58:40.494 I/mpu_uart( 674): [MSG-P:RECV]:No message received in 1000 ms
09-20 06:58:40.527 I/sysui_multi_action( 1158): [757,803,799,key_back_press,802,1]
09-20 06:58:40.531 I/BpBinder( 1053): onLastStrongRef automatically unlinking death recipients:
09-20 06:58:40.540 D/vendor.qti.vibrator( 1012): Vibrator perform effect 0
09-20 06:58:40.542 D/vendor.qti.vibrator( 1012): QTI Vibrator off
09-20 06:58:40.544 I/input_interaction( 1158): Interaction with: e895546 com.android.settings/com.android.settings.Settings (server), PointerEventDispatcher0 (server),
09-20 06:58:40.545 D/AutofillManagerService( 1158): onBackKeyPressed()
09-20 06:58:40.546 D/Sogou: ( 3425): t_wndKeyboard::OnKeyDown, nUnicode = 4, nKeyCode = 4
09-20 06:58:40.559 I/ActivityTaskManager( 1158): moveTaskToBack: Task{68edbae #117 type=standard A=1000:com.android.settings.root U=0 visible=true mode=fullscreen translucent=false sz=1}
09-20 06:58:40.559 I/wm_task_moved( 1158): [117,0,0]
09-20 06:58:40.563 I/wm_focused_root_task( 1158): [0,0,1,117,moveTaskToBackLocked]
09-20 06:58:40.564 I/wm_add_to_stopping( 1158): [0,32242221,com.android.settings/.Settings,makeInvisible]
09-20 06:58:40.565 D/ActivityTrigger( 1158): ActivityTrigger activityPauseTrigger
09-20 06:58:40.570 I/wm_pause_activity( 1158): [0,32242221,com.android.settings/.Settings,userLeaving=false,pauseBackTasks]
09-20 06:58:40.575 I/wm_set_resumed_activity( 1158): [0,com.android.launcher3/.uioverrides.QuickstepLauncher,resumeTopActivityInnerLocked]
09-20 06:58:40.576 I/wm_resume_activity( 1158): [0,213932593,44,com.android.launcher3/.uioverrides.QuickstepLauncher]
09-20 06:58:40.577 I/wm_on_top_resumed_lost_called(17155): [32242221,com.android.settings.Settings,topStateChangedWhenResumed]
09-20 06:58:40.583 D/Sogou: ( 3425): t_wndKeyboard::OnKeyUp, nUnicode = 4, nKeyCode = 4
09-20 06:58:40.586 I/sysui_multi_action(17155): [757,35,758,2,1089,4364]
09-20 06:58:40.590 I/input_focus( 1158): [Focus leaving e895546 com.android.settings/com.android.settings.Settings (server),reason=NO_WINDOW]
09-20 06:58:40.601 I/sysui_multi_action( 1158): [757,803,799,window_time_0,802,5]
09-20 06:58:40.602 I/wm_on_restart_called( 8801): [213932593,com.android.launcher3.uioverrides.QuickstepLauncher,performRestartActivity]
09-20 06:58:40.603 I/wm_on_start_called( 8801): [213932593,com.android.launcher3.uioverrides.QuickstepLauncher,handleStartActivity]
09-20 06:58:40.603 I/wm_on_resume_called( 8801): [213932593,com.android.launcher3.uioverrides.QuickstepLauncher,RESUME_ACTIVITY]
09-20 06:58:40.604 I/wm_on_top_resumed_gained_called( 8801): [213932593,com.android.launcher3.uioverrides.QuickstepLauncher,topStateChangedWhenResumed]
09-20 06:58:40.609 I/sysui_multi_action(17155): [757,746,758,2,1089,4376]
09-20 06:58:40.612 D/BluetoothPan(17155): Unbinding service...
09-20 06:58:40.618 I/wm_on_paused_called(17155): [32242221,com.android.settings.Settings,performPause]
09-20 06:58:40.619 I/input_focus( 1158): [Focus request 4bde657 com.android.launcher3/com.android.launcher3.uioverrides.QuickstepLauncher,reason=UpdateInputWindows]
09-20 06:58:40.647 I/dvm_lock_sample( 1158): [system_server,0,Binder:1158_1B,21,ActivityClientController.java,128,void com.android.server.wm.ActivityClientController.activityIdle(android.os.IBinder, android.content.res.Configuration, boolean),TaskSnapshotCache.java,68,android.window.TaskSnapshot com.android.server.wm.TaskSnapshotCache.getSnapshot(int, int, boolean, boolean),4]
09-20 06:58:40.650 I/input_focus( 1158): [Focus entering 4bde657 com.android.launcher3/com.android.launcher3.uioverrides.QuickstepLauncher (server),reason=Window became focusable. Previous reason: NOT_VISIBLE]
01-01 11:08:32.056 D/ ( 0): mv2112_read_status
01-01 11:08:32.059 D/mv2112_update_link( 0): 3.0x901(1G): 0x80
09-20 06:58:40.675 D/Sogou ( 3425): onUnbindInput finish
09-20 06:58:40.682 D/Sogou ( 3425): onFinishInput:
01-01 11:08:32.069 D/mv2112_update_link( 0): 3.0x8109(100M): 0x0
01-01 11:08:32.089 D/mv2112_update_link( 0): link 0x0
01-01 11:08:32.094 D/mv2112_read_status( 0): autoneg is disabled
09-20 06:58:40.986 I/mpu_uart( 674): [MSG-P:R]:recv sync frame timeout
09-20 06:58:41.012 I/wm_stop_activity( 1158): [0,32242221,com.android.settings/.Settings]
09-20 06:58:41.044 I/TetheringManager(17155): unregisterTetheringEventCallback caller:com.android.settings
09-20 06:58:41.052 I/wm_on_stop_called(17155): [32242221,com.android.settings.Settings,STOP_ACTIVITY_ITEM]
09-20 06:58:41.064 W/Choreographer( 1158): Frame time is 0.008295 ms in the future! Check that graphics HAL is generating vsync timestamps using the correct timebase.
09-20 06:58:41.226 I/system_server( 1158): NativeAlloc concurrent copying GC freed 87052(4649KB) AllocSpace objects, 28(924KB) LOS objects, 49% free, 12MB/24MB, paused 76us,73us total 110.934ms
09-20 06:58:41.494 I/mpu_uart( 674): [MSG-P:RECV]:No message received in 1000 ms
01-01 11:08:33.111 D/ ( 0): mv2112_read_status
01-01 11:08:33.115 D/mv2112_update_link( 0): 3.0x901(1G): 0x80
01-01 11:08:33.121 D/mv2112_update_link( 0): 3.0x8109(100M): 0x0
01-01 11:08:33.128 D/mv2112_update_link( 0): link 0x0
01-01 11:08:33.132 D/mv2112_read_status( 0): autoneg is disabled
09-20 06:58:42.076 I/HttpClient( 2481): onFailed
09-20 06:58:42.076 I/MicroService( 2481): sendConnectStateBroadCast() state0
09-20 06:58:42.080 I/MicroService( 2481): onNettyConnectState0
09-20 06:58:42.081 I/MicroService( 2481): onNettyConnectState count = 0
09-20 06:58:42.495 I/mpu_uart( 674): [MSG-P:RECV]:No message received in 1000 ms
01-01 11:08:34.135 D/ ( 0): mv2112_read_status
01-01 11:08:34.139 D/mv2112_update_link( 0): 3.0x901(1G): 0x80
01-01 11:08:34.146 D/mv2112_update_link( 0): 3.0x8109(100M): 0x0
01-01 11:08:34.151 D/mv2112_update_link( 0): link 0x0
01-01 11:08:34.158 D/mv2112_read_status( 0): autoneg is disabled
09-20 06:58:43.076 I/HWebSocketClient( 2481): WEBclient: onFailed
09-20 06:58:43.082 I/ResponseWebSocketHandler( 2481): ResponseWebSocketHandler start
09-20 06:58:43.083 I/HttpContext( 2481): getIResponseJson :com.thundercomm.microservice.MicroServiceProxy@60d04ef
09-20 06:58:43.083 I/ResponseWebSocketHandler( 2481): ResponseWebSocketHandler mResponseJson: com.thundercomm.microservice.MicroServiceProxy@60d04ef
09-20 06:58:43.083 I/HttpContext( 2481): getIResponseJson :com.thundercomm.microservice.MicroServiceProxy@60d04ef
09-20 06:58:43.083 I/ResponseHandler( 2481): ResponseHandler() :com.thundercomm.microservice.MicroServiceProxy@60d04ef
09-20 06:58:43.084 I/System.out( 2481): handler is: com.thundercomm.microservice.netty.client.handler.webSocket.ResponseWebSocketHandler@76a8445
09-20 06:58:43.107 W/NioEventLoop( 2481): Selector.select() returned prematurely 512 times in a row; rebuilding Selector io.netty.channel.nio.SelectedSelectionKeySetSelector@f05879a.
09-20 06:58:43.108 I/NioEventLoop( 2481): Migrated 1 channel(s) to the new Selector.
09-20 06:58:43.260 I/input_interaction( 1158): Interaction with: 4bde657 com.android.launcher3/com.android.launcher3.uioverrides.QuickstepLauncher (server), 93416c5 com.android.systemui.ImageWallpaper (server), edge-swipe (server), swipe-up (server), PointerEventDispatcher0 (server),
09-20 06:58:43.496 I/mpu_uart( 674): [MSG-P:RECV]:No message received in 1000 ms
09-20 06:58:43.652 I/InputDispatcher( 1158): Monitor swipe-up (server) is stealing touch from [4bde657 com.android.launcher3/com.android.launcher3.uioverrides.QuickstepLauncher (server), 93416c5 com.android.systemui.ImageWallpaper (server), ]
09-20 06:58:43.655 I/view_enqueue_input_event( 8801): [Motion - Cancel,com.android.launcher3/com.android.launcher3.uioverrides.QuickstepLauncher]
09-20 06:58:43.657 I/input_interaction( 1158): Interaction with: edge-swipe (server), swipe-up (server), PointerEventDispatcher0 (server),
09-20 06:58:43.660 D/AutofillManagerService( 1158): Close system dialogs
09-20 06:58:43.669 V/ShadeControllerImpl( 2202): NotificationShadeWindow: com.android.systemui.statusbar.phone.NotificationShadeWindowView{8a2f93d I.E...... ......ID 0,0-2380,1020} canPanelBeCollapsed(): false
