09-20 06:27:59.943 I/sysui_multi_action( 2202): [757,111,758,1]
09-20 06:27:59.944 I/sysui_multi_action( 2202): [757,126,758,1,759,126,927,0,928,0,1593,0]
09-20 06:27:59.944 I/sysui_multi_action( 2202): [757,113,758,1,759,113,927,1,928,1,1593,0]
09-20 06:27:59.944 I/sysui_multi_action( 2202): [757,0,758,1,759,0,927,2,928,0,1593,0]
09-20 06:27:59.944 I/sysui_multi_action( 2202): [757,0,758,1,759,0,927,3,928,0,1593,0]
09-20 06:27:59.952 I/sysui_multi_action( 2202): [757,111,758,2]
09-20 06:27:59.952 I/sysui_multi_action( 2202): [757,111,758,2]
09-20 06:27:59.957 I/sysui_multi_action( 2202): [757,111,758,1]
09-20 06:27:59.957 I/sysui_multi_action( 2202): [757,126,758,1,759,126,927,0,928,0,1593,0]
09-20 06:27:59.957 I/sysui_multi_action( 2202): [757,113,758,1,759,113,927,1,928,1,1593,0]
09-20 06:27:59.957 I/sysui_multi_action( 2202): [757,0,758,1,759,0,927,2,928,0,1593,0]
09-20 06:27:59.958 I/sysui_multi_action( 2202): [757,0,758,1,759,0,927,3,928,0,1593,0]
09-20 06:27:59.958 I/sysui_multi_action( 2202): [757,1706,758,1,759,1706,927,4,928,0,1593,0]
09-20 06:27:59.958 I/sysui_multi_action( 2202): [757,491,758,1,759,491,927,5,928,0,1311,-1,1593,0]
09-20 06:27:59.958 I/sysui_multi_action( 2202): [757,0,758,1,759,0,927,6,928,0,1593,0]
09-20 06:27:59.958 I/sysui_multi_action( 2202): [757,0,758,1,759,0,927,7,1593,0]
09-20 06:27:59.959 I/sysui_multi_action( 2202): [757,114,758,1,759,114,927,8,928,0,1593,0]
09-20 06:27:59.959 I/sysui_multi_action( 2202): [757,111,758,1]
09-20 06:27:59.959 I/sysui_multi_action( 2202): [757,126,758,1,759,126,927,0,928,0,1593,0]
09-20 06:27:59.959 I/sysui_multi_action( 2202): [757,113,758,1,759,113,927,1,928,1,1593,0]
09-20 06:27:59.959 I/sysui_multi_action( 2202): [757,0,758,1,759,0,927,2,928,0,1593,0]
09-20 06:27:59.959 I/sysui_multi_action( 2202): [757,0,758,1,759,0,927,3,928,0,1593,0]
09-20 06:27:59.967 I/sysui_multi_action( 2202): [757,111,758,2]
09-20 06:27:59.967 I/sysui_multi_action( 2202): [757,111,758,2]
09-20 06:27:59.972 I/sysui_multi_action( 2202): [757,111,758,1]
09-20 06:27:59.973 I/sysui_multi_action( 2202): [757,126,758,1,759,126,927,0,928,0,1593,0]
09-20 06:27:59.973 I/sysui_multi_action( 2202): [757,113,758,1,759,113,927,1,928,1,1593,0]
09-20 06:27:59.973 I/sysui_multi_action( 2202): [757,0,758,1,759,0,927,2,928,0,1593,0]
09-20 06:27:59.973 I/sysui_multi_action( 2202): [757,0,758,1,759,0,927,3,928,0,1593,0]
09-20 06:27:59.973 I/sysui_multi_action( 2202): [757,1706,758,1,759,1706,927,4,928,0,1593,0]
09-20 06:27:59.974 I/sysui_multi_action( 2202): [757,491,758,1,759,491,927,5,928,0,1311,-1,1593,0]
09-20 06:27:59.974 I/sysui_multi_action( 2202): [757,0,758,1,759,0,927,6,928,0,1593,0]
09-20 06:27:59.974 I/sysui_multi_action( 2202): [757,0,758,1,759,0,927,7,1593,0]
09-20 06:27:59.974 I/sysui_multi_action( 2202): [757,114,758,1,759,114,927,8,928,0,1593,0]
09-20 06:27:59.974 I/sysui_multi_action( 2202): [757,111,758,1]
09-20 06:27:59.974 I/sysui_multi_action( 2202): [757,126,758,1,759,126,927,0,928,0,1593,0]
09-20 06:27:59.974 I/sysui_multi_action( 2202): [757,113,758,1,759,113,927,1,928,1,1593,0]
09-20 06:27:59.974 I/sysui_multi_action( 2202): [757,0,758,1,759,0,927,2,928,0,1593,0]
09-20 06:27:59.974 I/sysui_multi_action( 2202): [757,0,758,1,759,0,927,3,928,0,1593,0]
09-20 06:27:59.983 I/sysui_multi_action( 2202): [757,111,758,2]
09-20 06:27:59.983 I/sysui_multi_action( 2202): [757,111,758,2]
09-20 06:27:59.988 I/sysui_multi_action( 2202): [757,111,758,1]
09-20 06:27:59.988 I/sysui_multi_action( 2202): [757,126,758,1,759,126,927,0,928,0,1593,0]
09-20 06:27:59.988 I/sysui_multi_action( 2202): [757,113,758,1,759,113,927,1,928,1,1593,0]
09-20 06:27:59.988 I/sysui_multi_action( 2202): [757,0,758,1,759,0,927,2,928,0,1593,0]
09-20 06:27:59.988 I/sysui_multi_action( 2202): [757,0,758,1,759,0,927,3,928,0,1593,0]
09-20 06:27:59.988 I/sysui_multi_action( 2202): [757,1706,758,1,759,1706,927,4,928,0,1593,0]
09-20 06:27:59.989 I/am_proc_died( 1158): [0,14550,com.android.permissioncontroller,945,19]
09-20 06:27:59.989 I/sysui_multi_action( 2202): [757,491,758,1,759,491,927,5,928,0,1311,-1,1593,0]
09-20 06:27:59.990 I/sysui_multi_action( 2202): [757,0,758,1,759,0,927,6,928,0,1593,0]
09-20 06:27:59.990 I/sysui_multi_action( 2202): [757,0,758,1,759,0,927,7,1593,0]
09-20 06:27:59.990 I/sysui_multi_action( 2202): [757,114,758,1,759,114,927,8,928,0,1593,0]
09-20 06:27:59.990 I/sysui_multi_action( 2202): [757,111,758,1]
09-20 06:27:59.990 I/sysui_multi_action( 2202): [757,126,758,1,759,126,927,0,928,0,1593,0]
09-20 06:27:59.991 I/sysui_multi_action( 2202): [757,113,758,1,759,113,927,1,928,1,1593,0]
09-20 06:27:59.991 I/sysui_multi_action( 2202): [757,0,758,1,759,0,927,2,928,0,1593,0]
09-20 06:27:59.991 I/sysui_multi_action( 2202): [757,0,758,1,759,0,927,3,928,0,1593,0]
09-20 06:27:59.993 I/am_uid_stopped( 1158): 10098
09-20 06:27:59.999 I/sysui_multi_action( 2202): [757,111,758,2]
09-20 06:27:59.999 I/sysui_multi_action( 2202): [757,111,758,2]
09-20 06:28:00.005 I/sysui_multi_action( 2202): [757,111,758,1]
09-20 06:28:00.005 I/sysui_multi_action( 2202): [757,126,758,1,759,126,927,0,928,0,1593,0]
09-20 06:28:00.005 I/sysui_multi_action( 2202): [757,113,758,1,759,113,927,1,928,1,1593,0]
09-20 06:28:00.005 I/sysui_multi_action( 2202): [757,0,758,1,759,0,927,2,928,0,1593,0]
09-20 06:28:00.005 I/sysui_multi_action( 2202): [757,0,758,1,759,0,927,3,928,0,1593,0]
09-20 06:28:00.005 I/sysui_multi_action( 2202): [757,1706,758,1,759,1706,927,4,928,0,1593,0]
09-20 06:28:00.006 I/sysui_multi_action( 2202): [757,491,758,1,759,491,927,5,928,0,1311,-1,1593,0]
09-20 06:28:00.006 I/sysui_multi_action( 2202): [757,0,758,1,759,0,927,6,928,0,1593,0]
09-20 06:28:00.006 I/sysui_multi_action( 2202): [757,0,758,1,759,0,927,7,1593,0]
09-20 06:28:00.006 I/sysui_multi_action( 2202): [757,114,758,1,759,114,927,8,928,0,1593,0]
09-20 06:28:00.006 I/sysui_multi_action( 2202): [757,111,758,1]
09-20 06:28:00.006 I/sysui_multi_action( 2202): [757,126,758,1,759,126,927,0,928,0,1593,0]
09-20 06:28:00.006 I/sysui_multi_action( 2202): [757,113,758,1,759,113,927,1,928,1,1593,0]
09-20 06:28:00.007 I/sysui_multi_action( 2202): [757,0,758,1,759,0,927,2,928,0,1593,0]
09-20 06:28:00.007 I/sysui_multi_action( 2202): [757,0,758,1,759,0,927,3,928,0,1593,0]
09-20 06:28:00.012 I/am_proc_died( 1158): [0,14572,com.android.traceur,935,19]
09-20 06:28:00.013 I/am_uid_stopped( 1158): 10023
09-20 06:28:00.015 I/sysui_multi_action( 2202): [757,111,758,2]
09-20 06:28:00.016 I/sysui_multi_action( 2202): [757,111,758,2]
09-20 06:28:00.019 I/am_proc_died( 1158): [0,14532,com.android.emergency,955,19]
09-20 06:28:00.020 I/sysui_multi_action( 2202): [757,111,758,1]
09-20 06:28:00.020 I/sysui_multi_action( 2202): [757,126,758,1,759,126,927,0,928,0,1593,0]
09-20 06:28:00.020 I/sysui_multi_action( 2202): [757,113,758,1,759,113,927,1,928,1,1593,0]
09-20 06:28:00.020 I/sysui_multi_action( 2202): [757,0,758,1,759,0,927,2,928,0,1593,0]
09-20 06:28:00.020 I/sysui_multi_action( 2202): [757,0,758,1,759,0,927,3,928,0,1593,0]
09-20 06:28:00.020 I/sysui_multi_action( 2202): [757,1706,758,1,759,1706,927,4,928,0,1593,0]
09-20 06:28:00.020 I/am_uid_stopped( 1158): 10083
09-20 06:28:00.021 I/sysui_multi_action( 2202): [757,491,758,1,759,491,927,5,928,0,1311,-1,1593,0]
09-20 06:28:00.021 I/sysui_multi_action( 2202): [757,0,758,1,759,0,927,6,928,0,1593,0]
09-20 06:28:00.021 I/sysui_multi_action( 2202): [757,0,758,1,759,0,927,7,1593,0]
09-20 06:28:00.021 I/sysui_multi_action( 2202): [757,114,758,1,759,114,927,8,928,0,1593,0]
09-20 06:28:00.021 I/sysui_multi_action( 2202): [757,111,758,1]
09-20 06:28:00.021 I/sysui_multi_action( 2202): [757,126,758,1,759,126,927,0,928,0,1593,0]
09-20 06:28:00.021 I/sysui_multi_action( 2202): [757,113,758,1,759,113,927,1,928,1,1593,0]
09-20 06:28:00.021 I/sysui_multi_action( 2202): [757,0,758,1,759,0,927,2,928,0,1593,0]
09-20 06:28:00.021 I/sysui_multi_action( 2202): [757,0,758,1,759,0,927,3,928,0,1593,0]
09-20 06:28:00.030 I/sysui_multi_action( 2202): [757,111,758,2]
09-20 06:28:00.030 I/sysui_multi_action( 2202): [757,111,758,2]
09-20 06:28:00.034 I/sysui_multi_action( 2202): [757,111,758,1]
09-20 06:28:00.035 I/sysui_multi_action( 2202): [757,126,758,1,759,126,927,0,928,0,1593,0]
09-20 06:28:00.035 I/sysui_multi_action( 2202): [757,113,758,1,759,113,927,1,928,1,1593,0]
09-20 06:28:00.035 I/sysui_multi_action( 2202): [757,0,758,1,759,0,927,2,928,0,1593,0]
09-20 06:28:00.035 I/sysui_multi_action( 2202): [757,0,758,1,759,0,927,3,928,0,1593,0]
09-20 06:28:00.035 I/sysui_multi_action( 2202): [757,1706,758,1,759,1706,927,4,928,0,1593,0]
09-20 06:28:00.036 I/sysui_multi_action( 2202): [757,491,758,1,759,491,927,5,928,0,1311,-1,1593,0]
09-20 06:28:00.036 I/sysui_multi_action( 2202): [757,0,758,1,759,0,927,6,928,0,1593,0]
09-20 06:28:00.036 I/sysui_multi_action( 2202): [757,0,758,1,759,0,927,7,1593,0]
09-20 06:28:00.036 I/sysui_multi_action( 2202): [757,114,758,1,759,114,927,8,928,0,1593,0]
09-20 06:28:00.036 I/sysui_multi_action( 2202): [757,111,758,1]
09-20 06:28:00.036 I/sysui_multi_action( 2202): [757,126,758,1,759,126,927,0,928,0,1593,0]
09-20 06:28:00.036 I/sysui_multi_action( 2202): [757,113,758,1,759,113,927,1,928,1,1593,0]
09-20 06:28:00.036 I/sysui_multi_action( 2202): [757,0,758,1,759,0,927,2,928,0,1593,0]
09-20 06:28:00.037 I/sysui_multi_action( 2202): [757,0,758,1,759,0,927,3,928,0,1593,0]
09-20 06:28:00.041 I/sysui_multi_action( 2202): [757,111,758,2]
09-20 06:28:00.041 I/sysui_multi_action( 2202): [757,111,758,2]
09-20 06:28:00.045 I/sysui_multi_action( 2202): [757,111,758,1]
09-20 06:28:00.045 I/sysui_multi_action( 2202): [757,126,758,1,759,126,927,0,928,0,1593,0]
09-20 06:28:00.046 I/sysui_multi_action( 2202): [757,113,758,1,759,113,927,1,928,1,1593,0]
09-20 06:28:00.046 I/sysui_multi_action( 2202): [757,0,758,1,759,0,927,2,928,0,1593,0]
09-20 06:28:00.046 I/sysui_multi_action( 2202): [757,0,758,1,759,0,927,3,928,0,1593,0]
09-20 06:28:00.046 I/sysui_multi_action( 2202): [757,1706,758,1,759,1706,927,4,928,0,1593,0]
09-20 06:28:00.046 I/sysui_multi_action( 2202): [757,491,758,1,759,491,927,5,928,0,1311,-1,1593,0]
09-20 06:28:00.046 I/sysui_multi_action( 2202): [757,0,758,1,759,0,927,6,928,0,1593,0]
09-20 06:28:00.046 I/sysui_multi_action( 2202): [757,0,758,1,759,0,927,7,1593,0]
09-20 06:28:00.047 I/sysui_multi_action( 2202): [757,114,758,1,759,114,927,8,928,0,1593,0]
09-20 06:28:00.047 I/sysui_multi_action( 2202): [757,111,758,1]
09-20 06:28:00.047 I/sysui_multi_action( 2202): [757,126,758,1,759,126,927,0,928,0,1593,0]
09-20 06:28:00.047 I/sysui_multi_action( 2202): [757,113,758,1,759,113,927,1,928,1,1593,0]
09-20 06:28:00.047 I/sysui_multi_action( 2202): [757,0,758,1,759,0,927,2,928,0,1593,0]
09-20 06:28:00.047 I/sysui_multi_action( 2202): [757,0,758,1,759,0,927,3,928,0,1593,0]
09-20 06:28:00.056 I/sysui_multi_action( 2202): [757,111,758,2]
09-20 06:28:00.056 I/sysui_multi_action( 2202): [757,111,758,2]
09-20 06:28:00.060 I/sysui_multi_action( 2202): [757,111,758,1]
09-20 06:28:00.060 I/sysui_multi_action( 2202): [757,126,758,1,759,126,927,0,928,0,1593,0]
09-20 06:28:00.060 I/sysui_multi_action( 2202): [757,113,758,1,759,113,927,1,928,1,1593,0]
09-20 06:28:00.060 I/sysui_multi_action( 2202): [757,0,758,1,759,0,927,2,928,0,1593,0]
09-20 06:28:00.060 I/sysui_multi_action( 2202): [757,0,758,1,759,0,927,3,928,0,1593,0]
09-20 06:28:00.060 I/sysui_multi_action( 2202): [757,1706,758,1,759,1706,927,4,928,0,1593,0]
09-20 06:28:00.061 I/sysui_multi_action( 2202): [757,491,758,1,759,491,927,5,928,0,1311,-1,1593,0]
09-20 06:28:00.061 I/sysui_multi_action( 2202): [757,0,758,1,759,0,927,6,928,0,1593,0]
09-20 06:28:00.061 I/sysui_multi_action( 2202): [757,0,758,1,759,0,927,7,1593,0]
09-20 06:28:00.061 I/sysui_multi_action( 2202): [757,114,758,1,759,114,927,8,928,0,1593,0]
09-20 06:28:00.061 I/sysui_multi_action( 2202): [757,111,758,1]
09-20 06:28:00.061 I/sysui_multi_action( 2202): [757,126,758,1,759,126,927,0,928,0,1593,0]
09-20 06:28:00.061 I/sysui_multi_action( 2202): [757,113,758,1,759,113,927,1,928,1,1593,0]
09-20 06:28:00.061 I/sysui_multi_action( 2202): [757,0,758,1,759,0,927,2,928,0,1593,0]
09-20 06:28:00.061 I/sysui_multi_action( 2202): [757,0,758,1,759,0,927,3,928,0,1593,0]
09-20 06:28:00.072 I/sysui_multi_action( 2202): [757,111,758,2]
09-20 06:28:00.073 I/sysui_multi_action( 2202): [757,111,758,2]
09-20 06:28:00.077 I/sysui_multi_action( 2202): [757,111,758,1]
09-20 06:28:00.077 I/sysui_multi_action( 2202): [757,126,758,1,759,126,927,0,928,0,1593,0]
09-20 06:28:00.077 I/sysui_multi_action( 2202): [757,113,758,1,759,113,927,1,928,1,1593,0]
09-20 06:28:00.077 I/sysui_multi_action( 2202): [757,0,758,1,759,0,927,2,928,0,1593,0]
09-20 06:28:00.077 I/sysui_multi_action( 2202): [757,0,758,1,759,0,927,3,928,0,1593,0]
09-20 06:28:00.077 I/sysui_multi_action( 2202): [757,1706,758,1,759,1706,927,4,928,0,1593,0]
09-20 06:28:00.078 I/sysui_multi_action( 2202): [757,491,758,1,759,491,927,5,928,0,1311,-1,1593,0]
09-20 06:28:00.078 I/sysui_multi_action( 2202): [757,0,758,1,759,0,927,6,928,0,1593,0]
09-20 06:28:00.078 I/sysui_multi_action( 2202): [757,0,758,1,759,0,927,7,1593,0]
09-20 06:28:00.078 I/sysui_multi_action( 2202): [757,114,758,1,759,114,927,8,928,0,1593,0]
09-20 06:28:00.078 I/sysui_multi_action( 2202): [757,111,758,1]
09-20 06:28:00.078 I/sysui_multi_action( 2202): [757,126,758,1,759,126,927,0,928,0,1593,0]
09-20 06:28:00.078 I/sysui_multi_action( 2202): [757,113,758,1,759,113,927,1,928,1,1593,0]
09-20 06:28:00.078 I/sysui_multi_action( 2202): [757,0,758,1,759,0,927,2,928,0,1593,0]
09-20 06:28:00.078 I/sysui_multi_action( 2202): [757,0,758,1,759,0,927,3,928,0,1593,0]
09-20 06:28:00.089 I/sysui_multi_action( 2202): [757,111,758,2]
09-20 06:28:00.089 I/sysui_multi_action( 2202): [757,111,758,2]
09-20 06:28:00.094 I/sysui_multi_action( 2202): [757,111,758,1]
09-20 06:28:00.094 I/sysui_multi_action( 2202): [757,126,758,1,759,126,927,0,928,0,1593,0]
09-20 06:28:00.095 I/sysui_multi_action( 2202): [757,113,758,1,759,113,927,1,928,1,1593,0]
09-20 06:28:00.095 I/sysui_multi_action( 2202): [757,0,758,1,759,0,927,2,928,0,1593,0]
09-20 06:28:00.095 I/sysui_multi_action( 2202): [757,0,758,1,759,0,927,3,928,0,1593,0]
09-20 06:28:00.095 I/sysui_multi_action( 2202): [757,1706,758,1,759,1706,927,4,928,0,1593,0]
09-20 06:28:00.095 I/sysui_multi_action( 2202): [757,491,758,1,759,491,927,5,928,0,1311,-1,1593,0]
09-20 06:28:00.096 I/sysui_multi_action( 2202): [757,0,758,1,759,0,927,6,928,0,1593,0]
09-20 06:28:00.096 I/sysui_multi_action( 2202): [757,0,758,1,759,0,927,7,1593,0]
09-20 06:28:00.096 I/sysui_multi_action( 2202): [757,114,758,1,759,114,927,8,928,0,1593,0]
09-20 06:28:00.096 I/sysui_multi_action( 2202): [757,111,758,1]
09-20 06:28:00.096 I/sysui_multi_action( 2202): [757,126,758,1,759,126,927,0,928,0,1593,0]
09-20 06:28:00.096 I/sysui_multi_action( 2202): [757,113,758,1,759,113,927,1,928,1,1593,0]
09-20 06:28:00.096 I/sysui_multi_action( 2202): [757,0,758,1,759,0,927,2,928,0,1593,0]
09-20 06:28:00.097 I/sysui_multi_action( 2202): [757,0,758,1,759,0,927,3,928,0,1593,0]
09-20 06:28:00.106 I/sysui_multi_action( 2202): [757,111,758,2]
09-20 06:28:00.106 I/sysui_multi_action( 2202): [757,111,758,2]
09-20 06:28:00.112 I/sysui_multi_action( 2202): [757,111,758,1]
09-20 06:28:00.112 I/sysui_multi_action( 2202): [757,126,758,1,759,126,927,0,928,0,1593,0]
09-20 06:28:00.112 I/sysui_multi_action( 2202): [757,113,758,1,759,113,927,1,928,1,1593,0]
09-20 06:28:00.112 I/sysui_multi_action( 2202): [757,0,758,1,759,0,927,2,928,0,1593,0]
09-20 06:28:00.113 I/sysui_multi_action( 2202): [757,0,758,1,759,0,927,3,928,0,1593,0]
09-20 06:28:00.113 I/sysui_multi_action( 2202): [757,1706,758,1,759,1706,927,4,928,0,1593,0]
09-20 06:28:00.113 I/sysui_multi_action( 2202): [757,491,758,1,759,491,927,5,928,0,1311,-1,1593,0]
09-20 06:28:00.113 I/sysui_multi_action( 2202): [757,0,758,1,759,0,927,6,928,0,1593,0]
09-20 06:28:00.114 I/sysui_multi_action( 2202): [757,0,758,1,759,0,927,7,1593,0]
09-20 06:28:00.114 I/sysui_multi_action( 2202): [757,114,758,1,759,114,927,8,928,0,1593,0]
09-20 06:28:00.114 I/sysui_multi_action( 2202): [757,111,758,1]
09-20 06:28:00.114 I/sysui_multi_action( 2202): [757,126,758,1,759,126,927,0,928,0,1593,0]
09-20 06:28:00.114 I/sysui_multi_action( 2202): [757,113,758,1,759,113,927,1,928,1,1593,0]
09-20 06:28:00.114 I/sysui_multi_action( 2202): [757,0,758,1,759,0,927,2,928,0,1593,0]
09-20 06:28:00.115 I/sysui_multi_action( 2202): [757,0,758,1,759,0,927,3,928,0,1593,0]
09-20 06:28:00.124 I/sysui_multi_action( 2202): [757,111,758,2]
09-20 06:28:00.124 I/sysui_multi_action( 2202): [757,111,758,2]
09-20 06:28:00.129 I/sysui_multi_action( 2202): [757,111,758,1]
09-20 06:28:00.129 I/sysui_multi_action( 2202): [757,126,758,1,759,126,927,0,928,0,1593,0]
09-20 06:28:00.129 I/sysui_multi_action( 2202): [757,113,758,1,759,113,927,1,928,1,1593,0]
09-20 06:28:00.129 I/sysui_multi_action( 2202): [757,0,758,1,759,0,927,2,928,0,1593,0]
09-20 06:28:00.129 I/sysui_multi_action( 2202): [757,0,758,1,759,0,927,3,928,0,1593,0]
09-20 06:28:00.129 I/sysui_multi_action( 2202): [757,1706,758,1,759,1706,927,4,928,0,1593,0]
09-20 06:28:00.130 I/sysui_multi_action( 2202): [757,491,758,1,759,491,927,5,928,0,1311,-1,1593,0]
09-20 06:28:00.130 I/sysui_multi_action( 2202): [757,0,758,1,759,0,927,6,928,0,1593,0]
09-20 06:28:00.130 I/sysui_multi_action( 2202): [757,0,758,1,759,0,927,7,1593,0]
09-20 06:28:00.130 I/sysui_multi_action( 2202): [757,114,758,1,759,114,927,8,928,0,1593,0]
09-20 06:28:00.130 I/sysui_multi_action( 2202): [757,111,758,1]
09-20 06:28:00.131 I/sysui_multi_action( 2202): [757,126,758,1,759,126,927,0,928,0,1593,0]
09-20 06:28:00.131 I/sysui_multi_action( 2202): [757,113,758,1,759,113,927,1,928,1,1593,0]
09-20 06:28:00.131 I/sysui_multi_action( 2202): [757,0,758,1,759,0,927,2,928,0,1593,0]
09-20 06:28:00.131 I/sysui_multi_action( 2202): [757,0,758,1,759,0,927,3,928,0,1593,0]
09-20 06:28:00.139 I/sysui_multi_action( 2202): [757,111,758,2]
09-20 06:28:00.140 I/sysui_multi_action( 2202): [757,111,758,2]
09-20 06:28:00.144 I/sysui_multi_action( 2202): [757,111,758,1]
09-20 06:28:00.144 I/sysui_multi_action( 2202): [757,126,758,1,759,126,927,0,928,0,1593,0]
09-20 06:28:00.144 I/sysui_multi_action( 2202): [757,113,758,1,759,113,927,1,928,1,1593,0]
09-20 06:28:00.144 I/sysui_multi_action( 2202): [757,0,758,1,759,0,927,2,928,0,1593,0]
09-20 06:28:00.144 I/sysui_multi_action( 2202): [757,0,758,1,759,0,927,3,928,0,1593,0]
09-20 06:28:00.145 I/sysui_multi_action( 2202): [757,1706,758,1,759,1706,927,4,928,0,1593,0]
09-20 06:28:00.145 I/sysui_multi_action( 2202): [757,491,758,1,759,491,927,5,928,0,1311,-1,1593,0]
09-20 06:28:00.145 I/sysui_multi_action( 2202): [757,0,758,1,759,0,927,6,928,0,1593,0]
09-20 06:28:00.145 I/sysui_multi_action( 2202): [757,0,758,1,759,0,927,7,1593,0]
09-20 06:28:00.145 I/sysui_multi_action( 2202): [757,114,758,1,759,114,927,8,928,0,1593,0]
09-20 06:28:00.145 I/sysui_multi_action( 2202): [757,111,758,1]
09-20 06:28:00.146 I/sysui_multi_action( 2202): [757,126,758,1,759,126,927,0,928,0,1593,0]
09-20 06:28:00.146 I/sysui_multi_action( 2202): [757,113,758,1,759,113,927,1,928,1,1593,0]
09-20 06:28:00.146 I/sysui_multi_action( 2202): [757,0,758,1,759,0,927,2,928,0,1593,0]
09-20 06:28:00.146 I/sysui_multi_action( 2202): [757,0,758,1,759,0,927,3,928,0,1593,0]
09-20 06:28:00.156 I/sysui_multi_action( 2202): [757,111,758,2]
09-20 06:28:00.156 I/sysui_multi_action( 2202): [757,111,758,2]
09-20 06:28:00.160 I/sysui_multi_action( 2202): [757,111,758,1]
09-20 06:28:00.160 I/sysui_multi_action( 2202): [757,126,758,1,759,126,927,0,928,0,1593,0]
09-20 06:28:00.160 I/sysui_multi_action( 2202): [757,113,758,1,759,113,927,1,928,1,1593,0]
09-20 06:28:00.161 I/sysui_multi_action( 2202): [757,0,758,1,759,0,927,2,928,0,1593,0]
09-20 06:28:00.161 I/sysui_multi_action( 2202): [757,0,758,1,759,0,927,3,928,0,1593,0]
09-20 06:28:00.161 I/sysui_multi_action( 2202): [757,1706,758,1,759,1706,927,4,928,0,1593,0]
09-20 06:28:00.161 I/sysui_multi_action( 2202): [757,491,758,1,759,491,927,5,928,0,1311,-1,1593,0]
09-20 06:28:00.161 I/sysui_multi_action( 2202): [757,0,758,1,759,0,927,6,928,0,1593,0]
09-20 06:28:00.161 I/sysui_multi_action( 2202): [757,0,758,1,759,0,927,7,1593,0]
09-20 06:28:00.161 I/sysui_multi_action( 2202): [757,114,758,1,759,114,927,8,928,0,1593,0]
09-20 06:28:00.161 I/sysui_multi_action( 2202): [757,111,758,1]
09-20 06:28:00.162 I/sysui_multi_action( 2202): [757,126,758,1,759,126,927,0,928,0,1593,0]
09-20 06:28:00.162 I/sysui_multi_action( 2202): [757,113,758,1,759,113,927,1,928,1,1593,0]
09-20 06:28:00.162 I/sysui_multi_action( 2202): [757,0,758,1,759,0,927,2,928,0,1593,0]
09-20 06:28:00.162 I/sysui_multi_action( 2202): [757,0,758,1,759,0,927,3,928,0,1593,0]
09-20 06:28:00.173 I/sysui_multi_action( 2202): [757,111,758,2]
09-20 06:28:00.173 I/sysui_multi_action( 2202): [757,111,758,2]
09-20 06:28:00.177 I/sysui_multi_action( 2202): [757,111,758,1]
09-20 06:28:00.178 I/sysui_multi_action( 2202): [757,126,758,1,759,126,927,0,928,0,1593,0]
09-20 06:28:00.178 I/sysui_multi_action( 2202): [757,113,758,1,759,113,927,1,928,1,1593,0]
09-20 06:28:00.178 I/sysui_multi_action( 2202): [757,0,758,1,759,0,927,2,928,0,1593,0]
09-20 06:28:00.178 I/sysui_multi_action( 2202): [757,0,758,1,759,0,927,3,928,0,1593,0]
09-20 06:28:00.178 I/sysui_multi_action( 2202): [757,1706,758,1,759,1706,927,4,928,0,1593,0]
09-20 06:28:00.179 I/sysui_multi_action( 2202): [757,491,758,1,759,491,927,5,928,0,1311,-1,1593,0]
09-20 06:28:00.179 I/sysui_multi_action( 2202): [757,0,758,1,759,0,927,6,928,0,1593,0]
09-20 06:28:00.179 I/sysui_multi_action( 2202): [757,0,758,1,759,0,927,7,1593,0]
09-20 06:28:00.179 I/sysui_multi_action( 2202): [757,114,758,1,759,114,927,8,928,0,1593,0]
09-20 06:28:00.179 I/sysui_multi_action( 2202): [757,111,758,1]
09-20 06:28:00.179 I/sysui_multi_action( 2202): [757,126,758,1,759,126,927,0,928,0,1593,0]
09-20 06:28:00.179 I/sysui_multi_action( 2202): [757,113,758,1,759,113,927,1,928,1,1593,0]
09-20 06:28:00.179 I/sysui_multi_action( 2202): [757,0,758,1,759,0,927,2,928,0,1593,0]
09-20 06:28:00.179 I/sysui_multi_action( 2202): [757,0,758,1,759,0,927,3,928,0,1593,0]
09-20 06:28:00.190 I/sysui_multi_action( 2202): [757,111,758,2]
09-20 06:28:00.190 I/sysui_multi_action( 2202): [757,111,758,2]
09-20 06:28:00.195 I/sysui_multi_action( 2202): [757,111,758,1]
09-20 06:28:00.195 I/sysui_multi_action( 2202): [757,126,758,1,759,126,927,0,928,0,1593,0]
09-20 06:28:00.195 I/sysui_multi_action( 2202): [757,113,758,1,759,113,927,1,928,1,1593,0]
09-20 06:28:00.195 I/sysui_multi_action( 2202): [757,0,758,1,759,0,927,2,928,0,1593,0]
09-20 06:28:00.195 I/sysui_multi_action( 2202): [757,0,758,1,759,0,927,3,928,0,1593,0]
09-20 06:28:00.196 I/sysui_multi_action( 2202): [757,1706,758,1,759,1706,927,4,928,0,1593,0]
09-20 06:28:00.196 I/sysui_multi_action( 2202): [757,491,758,1,759,491,927,5,928,0,1311,-1,1593,0]
09-20 06:28:00.196 I/sysui_multi_action( 2202): [757,0,758,1,759,0,927,6,928,0,1593,0]
09-20 06:28:00.196 I/sysui_multi_action( 2202): [757,0,758,1,759,0,927,7,1593,0]
09-20 06:28:00.197 I/sysui_multi_action( 2202): [757,114,758,1,759,114,927,8,928,0,1593,0]
09-20 06:28:00.197 I/sysui_multi_action( 2202): [757,111,758,1]
09-20 06:28:00.197 I/sysui_multi_action( 2202): [757,126,758,1,759,126,927,0,928,0,1593,0]
09-20 06:28:00.197 I/sysui_multi_action( 2202): [757,113,758,1,759,113,927,1,928,1,1593,0]
09-20 06:28:00.197 I/sysui_multi_action( 2202): [757,0,758,1,759,0,927,2,928,0,1593,0]
09-20 06:28:00.197 I/sysui_multi_action( 2202): [757,0,758,1,759,0,927,3,928,0,1593,0]
09-20 06:28:00.207 I/sysui_multi_action( 2202): [757,111,758,2]
09-20 06:28:00.207 I/sysui_multi_action( 2202): [757,111,758,2]
09-20 06:28:00.212 I/sysui_multi_action( 2202): [757,111,758,1]
09-20 06:28:00.213 I/sysui_multi_action( 2202): [757,126,758,1,759,126,927,0,928,0,1593,0]
09-20 06:28:00.213 I/sysui_multi_action( 2202): [757,113,758,1,759,113,927,1,928,1,1593,0]
09-20 06:28:00.213 I/sysui_multi_action( 2202): [757,0,758,1,759,0,927,2,928,0,1593,0]
09-20 06:28:00.213 I/sysui_multi_action( 2202): [757,0,758,1,759,0,927,3,928,0,1593,0]
09-20 06:28:00.213 I/sysui_multi_action( 2202): [757,1706,758,1,759,1706,927,4,928,0,1593,0]
09-20 06:28:00.214 I/sysui_multi_action( 2202): [757,491,758,1,759,491,927,5,928,0,1311,-1,1593,0]
09-20 06:28:00.214 I/sysui_multi_action( 2202): [757,0,758,1,759,0,927,6,928,0,1593,0]
09-20 06:28:00.214 I/sysui_multi_action( 2202): [757,0,758,1,759,0,927,7,1593,0]
09-20 06:28:00.214 I/sysui_multi_action( 2202): [757,114,758,1,759,114,927,8,928,0,1593,0]
09-20 06:28:00.214 I/sysui_multi_action( 2202): [757,111,758,1]
09-20 06:28:00.214 I/sysui_multi_action( 2202): [757,126,758,1,759,126,927,0,928,0,1593,0]
09-20 06:28:00.215 I/sysui_multi_action( 2202): [757,113,758,1,759,113,927,1,928,1,1593,0]
09-20 06:28:00.215 I/sysui_multi_action( 2202): [757,0,758,1,759,0,927,2,928,0,1593,0]
09-20 06:28:00.215 I/sysui_multi_action( 2202): [757,0,758,1,759,0,927,3,928,0,1593,0]
09-20 06:28:00.408 I/sysui_multi_action( 2202): [757,111,758,2]
09-20 06:28:00.408 I/sysui_multi_action( 2202): [757,111,758,2]
09-20 06:28:00.426 I/sysui_multi_action( 2202): [757,111,758,1]
09-20 06:28:00.427 I/sysui_multi_action( 2202): [757,126,758,1,759,126,927,0,928,0,1593,0]
09-20 06:28:00.427 I/sysui_multi_action( 2202): [757,113,758,1,759,113,927,1,928,1,1593,0]
09-20 06:28:00.427 I/sysui_multi_action( 2202): [757,0,758,1,759,0,927,2,928,0,1593,0]
09-20 06:28:00.427 I/sysui_multi_action( 2202): [757,0,758,1,759,0,927,3,928,0,1593,0]
09-20 06:28:00.427 I/sysui_multi_action( 2202): [757,1706,758,1,759,1706,927,4,928,0,1593,0]
09-20 06:28:00.428 I/sysui_multi_action( 2202): [757,491,758,1,759,491,927,5,928,0,1311,-1,1593,0]
09-20 06:28:00.428 I/sysui_multi_action( 2202): [757,0,758,1,759,0,927,6,928,0,1593,0]
09-20 06:28:00.428 I/sysui_multi_action( 2202): [757,0,758,1,759,0,927,7,1593,0]
09-20 06:28:00.428 I/sysui_multi_action( 2202): [757,114,758,1,759,114,927,8,928,0,1593,0]
09-20 06:28:00.428 I/sysui_multi_action( 2202): [757,111,758,1]
09-20 06:28:00.428 I/sysui_multi_action( 2202): [757,126,758,1,759,126,927,0,928,0,1593,0]
09-20 06:28:00.429 I/sysui_multi_action( 2202): [757,113,758,1,759,113,927,1,928,1,1593,0]
09-20 06:28:00.429 I/sysui_multi_action( 2202): [757,0,758,1,759,0,927,2,928,0,1593,0]
09-20 06:28:00.429 I/sysui_multi_action( 2202): [757,0,758,1,759,0,927,3,928,0,1593,0]
09-20 06:28:00.433 I/sysui_multi_action( 2202): [757,111,758,2]
09-20 06:28:00.433 I/sysui_multi_action( 2202): [757,111,758,2]
09-20 06:28:00.438 I/sysui_multi_action( 2202): [757,111,758,1]
09-20 06:28:00.438 I/sysui_multi_action( 2202): [757,126,758,1,759,126,927,0,928,0,1593,0]
09-20 06:28:00.438 I/sysui_multi_action( 2202): [757,113,758,1,759,113,927,1,928,1,1593,0]
09-20 06:28:00.438 I/sysui_multi_action( 2202): [757,0,758,1,759,0,927,2,928,0,1593,0]
09-20 06:28:00.438 I/sysui_multi_action( 2202): [757,0,758,1,759,0,927,3,928,0,1593,0]
09-20 06:28:00.438 I/sysui_multi_action( 2202): [757,1706,758,1,759,1706,927,4,928,0,1593,0]
09-20 06:28:00.439 I/sysui_multi_action( 2202): [757,491,758,1,759,491,927,5,928,0,1311,-1,1593,0]
09-20 06:28:00.439 I/sysui_multi_action( 2202): [757,0,758,1,759,0,927,6,928,0,1593,0]
09-20 06:28:00.439 I/sysui_multi_action( 2202): [757,0,758,1,759,0,927,7,1593,0]
09-20 06:28:00.439 I/sysui_multi_action( 2202): [757,114,758,1,759,114,927,8,928,0,1593,0]
09-20 06:28:00.439 I/sysui_multi_action( 2202): [757,111,758,1]
09-20 06:28:00.439 I/sysui_multi_action( 2202): [757,126,758,1,759,126,927,0,928,0,1593,0]
09-20 06:28:00.440 I/sysui_multi_action( 2202): [757,113,758,1,759,113,927,1,928,1,1593,0]
09-20 06:28:00.440 I/sysui_multi_action( 2202): [757,0,758,1,759,0,927,2,928,0,1593,0]
09-20 06:28:00.440 I/sysui_multi_action( 2202): [757,0,758,1,759,0,927,3,928,0,1593,0]
09-20 06:28:00.446 I/sysui_multi_action( 2202): [757,111,758,2]
09-20 06:28:00.446 I/sysui_multi_action( 2202): [757,111,758,2]
09-20 06:28:00.450 I/sysui_multi_action( 2202): [757,111,758,1]
09-20 06:28:00.450 I/sysui_multi_action( 2202): [757,126,758,1,759,126,927,0,928,0,1593,0]
09-20 06:28:00.450 I/sysui_multi_action( 2202): [757,113,758,1,759,113,927,1,928,1,1593,0]
09-20 06:28:00.450 I/sysui_multi_action( 2202): [757,0,758,1,759,0,927,2,928,0,1593,0]
09-20 06:28:00.450 I/sysui_multi_action( 2202): [757,0,758,1,759,0,927,3,928,0,1593,0]
09-20 06:28:00.450 I/sysui_multi_action( 2202): [757,1706,758,1,759,1706,927,4,928,0,1593,0]
09-20 06:28:00.450 I/sysui_multi_action( 2202): [757,491,758,1,759,491,927,5,928,0,1311,-1,1593,0]
09-20 06:28:00.451 I/sysui_multi_action( 2202): [757,0,758,1,759,0,927,6,928,0,1593,0]
09-20 06:28:00.451 I/sysui_multi_action( 2202): [757,0,758,1,759,0,927,7,1593,0]
09-20 06:28:00.451 I/sysui_multi_action( 2202): [757,114,758,1,759,114,927,8,928,0,1593,0]
09-20 06:28:00.451 I/sysui_multi_action( 2202): [757,111,758,1]
09-20 06:28:00.451 I/sysui_multi_action( 2202): [757,126,758,1,759,126,927,0,928,0,1593,0]
09-20 06:28:00.451 I/sysui_multi_action( 2202): [757,113,758,1,759,113,927,1,928,1,1593,0]
09-20 06:28:00.451 I/sysui_multi_action( 2202): [757,0,758,1,759,0,927,2,928,0,1593,0]
09-20 06:28:00.451 I/sysui_multi_action( 2202): [757,0,758,1,759,0,927,3,928,0,1593,0]
09-20 06:28:00.457 I/sysui_multi_action( 2202): [757,111,758,2]
09-20 06:28:00.457 I/sysui_multi_action( 2202): [757,111,758,2]
09-20 06:28:00.460 I/sysui_multi_action( 2202): [757,111,758,1]
09-20 06:28:00.461 I/sysui_multi_action( 2202): [757,126,758,1,759,126,927,0,928,0,1593,0]
09-20 06:28:00.461 I/sysui_multi_action( 2202): [757,113,758,1,759,113,927,1,928,1,1593,0]
09-20 06:28:00.461 I/sysui_multi_action( 2202): [757,0,758,1,759,0,927,2,928,0,1593,0]
09-20 06:28:00.461 I/sysui_multi_action( 2202): [757,0,758,1,759,0,927,3,928,0,1593,0]
09-20 06:28:00.461 I/sysui_multi_action( 2202): [757,1706,758,1,759,1706,927,4,928,0,1593,0]
09-20 06:28:00.461 I/sysui_multi_action( 2202): [757,491,758,1,759,491,927,5,928,0,1311,-1,1593,0]
09-20 06:28:00.462 I/sysui_multi_action( 2202): [757,0,758,1,759,0,927,6,928,0,1593,0]
09-20 06:28:00.462 I/sysui_multi_action( 2202): [757,0,758,1,759,0,927,7,1593,0]
09-20 06:28:00.462 I/sysui_multi_action( 2202): [757,114,758,1,759,114,927,8,928,0,1593,0]
09-20 06:28:00.462 I/sysui_multi_action( 2202): [757,111,758,1]
09-20 06:28:00.462 I/sysui_multi_action( 2202): [757,126,758,1,759,126,927,0,928,0,1593,0]
09-20 06:28:00.462 I/sysui_multi_action( 2202): [757,113,758,1,759,113,927,1,928,1,1593,0]
09-20 06:28:00.462 I/sysui_multi_action( 2202): [757,0,758,1,759,0,927,2,928,0,1593,0]
09-20 06:28:00.462 I/sysui_multi_action( 2202): [757,0,758,1,759,0,927,3,928,0,1593,0]
09-20 06:28:00.474 I/sysui_multi_action( 2202): [757,111,758,2]
09-20 06:28:00.474 I/sysui_multi_action( 2202): [757,111,758,2]
09-20 06:28:00.477 I/sysui_multi_action( 2202): [757,111,758,1]
09-20 06:28:00.477 I/sysui_multi_action( 2202): [757,126,758,1,759,126,927,0,928,0,1593,0]
09-20 06:28:00.477 I/sysui_multi_action( 2202): [757,113,758,1,759,113,927,1,928,1,1593,0]
09-20 06:28:00.478 I/sysui_multi_action( 2202): [757,0,758,1,759,0,927,2,928,0,1593,0]
09-20 06:28:00.478 I/sysui_multi_action( 2202): [757,0,758,1,759,0,927,3,928,0,1593,0]
09-20 06:28:00.478 I/sysui_multi_action( 2202): [757,1706,758,1,759,1706,927,4,928,0,1593,0]
09-20 06:28:00.478 I/sysui_multi_action( 2202): [757,491,758,1,759,491,927,5,928,0,1311,-1,1593,0]
09-20 06:28:00.478 I/sysui_multi_action( 2202): [757,0,758,1,759,0,927,6,928,0,1593,0]
09-20 06:28:00.478 I/sysui_multi_action( 2202): [757,0,758,1,759,0,927,7,1593,0]
09-20 06:28:00.479 I/sysui_multi_action( 2202): [757,114,758,1,759,114,927,8,928,0,1593,0]
09-20 06:28:00.479 I/sysui_multi_action( 2202): [757,111,758,1]
09-20 06:28:00.479 I/sysui_multi_action( 2202): [757,126,758,1,759,126,927,0,928,0,1593,0]
09-20 06:28:00.479 I/sysui_multi_action( 2202): [757,113,758,1,759,113,927,1,928,1,1593,0]
09-20 06:28:00.479 I/sysui_multi_action( 2202): [757,0,758,1,759,0,927,2,928,0,1593,0]
09-20 06:28:00.479 I/sysui_multi_action( 2202): [757,0,758,1,759,0,927,3,928,0,1593,0]
09-20 06:28:00.490 I/sysui_multi_action( 2202): [757,111,758,2]
09-20 06:28:00.491 I/sysui_multi_action( 2202): [757,111,758,2]
09-20 06:28:00.496 I/sysui_multi_action( 2202): [757,111,758,1]
09-20 06:28:00.496 I/sysui_multi_action( 2202): [757,126,758,1,759,126,927,0,928,0,1593,0]
09-20 06:28:00.496 I/sysui_multi_action( 2202): [757,113,758,1,759,113,927,1,928,1,1593,0]
09-20 06:28:00.496 I/sysui_multi_action( 2202): [757,0,758,1,759,0,927,2,928,0,1593,0]
09-20 06:28:00.496 I/sysui_multi_action( 2202): [757,0,758,1,759,0,927,3,928,0,1593,0]
09-20 06:28:00.496 I/sysui_multi_action( 2202): [757,1706,758,1,759,1706,927,4,928,0,1593,0]
09-20 06:28:00.497 I/sysui_multi_action( 2202): [757,491,758,1,759,491,927,5,928,0,1311,-1,1593,0]
09-20 06:28:00.497 I/sysui_multi_action( 2202): [757,0,758,1,759,0,927,6,928,0,1593,0]
09-20 06:28:00.497 I/sysui_multi_action( 2202): [757,0,758,1,759,0,927,7,1593,0]
09-20 06:28:00.497 I/sysui_multi_action( 2202): [757,114,758,1,759,114,927,8,928,0,1593,0]
09-20 06:28:00.498 I/sysui_multi_action( 2202): [757,111,758,1]
09-20 06:28:00.498 I/sysui_multi_action( 2202): [757,126,758,1,759,126,927,0,928,0,1593,0]
09-20 06:28:00.498 I/sysui_multi_action( 2202): [757,113,758,1,759,113,927,1,928,1,1593,0]
09-20 06:28:00.498 I/sysui_multi_action( 2202): [757,0,758,1,759,0,927,2,928,0,1593,0]
09-20 06:28:00.498 I/sysui_multi_action( 2202): [757,0,758,1,759,0,927,3,928,0,1593,0]
09-20 06:28:00.507 I/sysui_multi_action( 2202): [757,111,758,2]
09-20 06:28:00.507 I/sysui_multi_action( 2202): [757,111,758,2]
09-20 06:28:00.512 I/sysui_multi_action( 2202): [757,111,758,1]
09-20 06:28:00.513 I/sysui_multi_action( 2202): [757,126,758,1,759,126,927,0,928,0,1593,0]
09-20 06:28:00.513 I/sysui_multi_action( 2202): [757,113,758,1,759,113,927,1,928,1,1593,0]
09-20 06:28:00.513 I/sysui_multi_action( 2202): [757,0,758,1,759,0,927,2,928,0,1593,0]
09-20 06:28:00.513 I/sysui_multi_action( 2202): [757,0,758,1,759,0,927,3,928,0,1593,0]
09-20 06:28:00.513 I/sysui_multi_action( 2202): [757,1706,758,1,759,1706,927,4,928,0,1593,0]
09-20 06:28:00.514 I/sysui_multi_action( 2202): [757,491,758,1,759,491,927,5,928,0,1311,-1,1593,0]
09-20 06:28:00.514 I/sysui_multi_action( 2202): [757,0,758,1,759,0,927,6,928,0,1593,0]
09-20 06:28:00.514 I/sysui_multi_action( 2202): [757,0,758,1,759,0,927,7,1593,0]
09-20 06:28:00.514 I/sysui_multi_action( 2202): [757,114,758,1,759,114,927,8,928,0,1593,0]
09-20 06:28:00.514 I/sysui_multi_action( 2202): [757,111,758,1]
09-20 06:28:00.514 I/sysui_multi_action( 2202): [757,126,758,1,759,126,927,0,928,0,1593,0]
09-20 06:28:00.515 I/sysui_multi_action( 2202): [757,113,758,1,759,113,927,1,928,1,1593,0]
09-20 06:28:00.515 I/sysui_multi_action( 2202): [757,0,758,1,759,0,927,2,928,0,1593,0]
09-20 06:28:00.515 I/sysui_multi_action( 2202): [757,0,758,1,759,0,927,3,928,0,1593,0]
09-20 06:28:00.524 I/sysui_multi_action( 2202): [757,111,758,2]
09-20 06:28:00.524 I/sysui_multi_action( 2202): [757,111,758,2]
09-20 06:28:00.529 I/sysui_multi_action( 2202): [757,111,758,1]
09-20 06:28:00.530 I/sysui_multi_action( 2202): [757,126,758,1,759,126,927,0,928,0,1593,0]
09-20 06:28:00.530 I/sysui_multi_action( 2202): [757,113,758,1,759,113,927,1,928,1,1593,0]
09-20 06:28:00.530 I/sysui_multi_action( 2202): [757,0,758,1,759,0,927,2,928,0,1593,0]
09-20 06:28:00.530 I/sysui_multi_action( 2202): [757,0,758,1,759,0,927,3,928,0,1593,0]
09-20 06:28:00.530 I/sysui_multi_action( 2202): [757,1706,758,1,759,1706,927,4,928,0,1593,0]
09-20 06:28:00.531 I/sysui_multi_action( 2202): [757,491,758,1,759,491,927,5,928,0,1311,-1,1593,0]
09-20 06:28:00.531 I/sysui_multi_action( 2202): [757,0,758,1,759,0,927,6,928,0,1593,0]
09-20 06:28:00.531 I/sysui_multi_action( 2202): [757,0,758,1,759,0,927,7,1593,0]
09-20 06:28:00.531 I/sysui_multi_action( 2202): [757,114,758,1,759,114,927,8,928,0,1593,0]
09-20 06:28:00.531 I/sysui_multi_action( 2202): [757,111,758,1]
09-20 06:28:00.531 I/sysui_multi_action( 2202): [757,126,758,1,759,126,927,0,928,0,1593,0]
09-20 06:28:00.531 I/sysui_multi_action( 2202): [757,113,758,1,759,113,927,1,928,1,1593,0]
09-20 06:28:00.532 I/sysui_multi_action( 2202): [757,0,758,1,759,0,927,2,928,0,1593,0]
09-20 06:28:00.532 I/sysui_multi_action( 2202): [757,0,758,1,759,0,927,3,928,0,1593,0]
09-20 06:28:00.540 I/sysui_multi_action( 2202): [757,111,758,2]
09-20 06:28:00.541 I/sysui_multi_action( 2202): [757,111,758,2]
09-20 06:28:00.545 I/sysui_multi_action( 2202): [757,111,758,1]
09-20 06:28:00.545 I/sysui_multi_action( 2202): [757,126,758,1,759,126,927,0,928,0,1593,0]
09-20 06:28:00.546 I/sysui_multi_action( 2202): [757,113,758,1,759,113,927,1,928,1,1593,0]
09-20 06:28:00.546 I/sysui_multi_action( 2202): [757,0,758,1,759,0,927,2,928,0,1593,0]
09-20 06:28:00.546 I/sysui_multi_action( 2202): [757,0,758,1,759,0,927,3,928,0,1593,0]
09-20 06:28:00.546 I/sysui_multi_action( 2202): [757,1706,758,1,759,1706,927,4,928,0,1593,0]
09-20 06:28:00.547 I/sysui_multi_action( 2202): [757,491,758,1,759,491,927,5,928,0,1311,-1,1593,0]
09-20 06:28:00.547 I/sysui_multi_action( 2202): [757,0,758,1,759,0,927,6,928,0,1593,0]
09-20 06:28:00.547 I/sysui_multi_action( 2202): [757,0,758,1,759,0,927,7,1593,0]
09-20 06:28:00.547 I/sysui_multi_action( 2202): [757,114,758,1,759,114,927,8,928,0,1593,0]
09-20 06:28:00.547 I/sysui_multi_action( 2202): [757,111,758,1]
09-20 06:28:00.547 I/sysui_multi_action( 2202): [757,126,758,1,759,126,927,0,928,0,1593,0]
09-20 06:28:00.547 I/sysui_multi_action( 2202): [757,113,758,1,759,113,927,1,928,1,1593,0]
09-20 06:28:00.547 I/sysui_multi_action( 2202): [757,0,758,1,759,0,927,2,928,0,1593,0]
09-20 06:28:00.548 I/sysui_multi_action( 2202): [757,0,758,1,759,0,927,3,928,0,1593,0]
09-20 06:28:00.557 I/sysui_multi_action( 2202): [757,111,758,2]
09-20 06:28:00.558 I/sysui_multi_action( 2202): [757,111,758,2]
09-20 06:28:00.562 I/sysui_multi_action( 2202): [757,111,758,1]
09-20 06:28:00.562 I/sysui_multi_action( 2202): [757,126,758,1,759,126,927,0,928,0,1593,0]
09-20 06:28:00.562 I/sysui_multi_action( 2202): [757,113,758,1,759,113,927,1,928,1,1593,0]
09-20 06:28:00.562 I/sysui_multi_action( 2202): [757,0,758,1,759,0,927,2,928,0,1593,0]
09-20 06:28:00.562 I/sysui_multi_action( 2202): [757,0,758,1,759,0,927,3,928,0,1593,0]
09-20 06:28:00.563 I/sysui_multi_action( 2202): [757,1706,758,1,759,1706,927,4,928,0,1593,0]
09-20 06:28:00.563 I/sysui_multi_action( 2202): [757,491,758,1,759,491,927,5,928,0,1311,-1,1593,0]
09-20 06:28:00.563 I/sysui_multi_action( 2202): [757,0,758,1,759,0,927,6,928,0,1593,0]
09-20 06:28:00.563 I/sysui_multi_action( 2202): [757,0,758,1,759,0,927,7,1593,0]
09-20 06:28:00.563 I/sysui_multi_action( 2202): [757,114,758,1,759,114,927,8,928,0,1593,0]
09-20 06:28:00.563 I/sysui_multi_action( 2202): [757,111,758,1]
09-20 06:28:00.564 I/sysui_multi_action( 2202): [757,126,758,1,759,126,927,0,928,0,1593,0]
09-20 06:28:00.564 I/sysui_multi_action( 2202): [757,113,758,1,759,113,927,1,928,1,1593,0]
09-20 06:28:00.564 I/sysui_multi_action( 2202): [757,0,758,1,759,0,927,2,928,0,1593,0]
09-20 06:28:00.564 I/sysui_multi_action( 2202): [757,0,758,1,759,0,927,3,928,0,1593,0]
09-20 06:28:00.574 I/sysui_multi_action( 2202): [757,111,758,2]
09-20 06:28:00.574 I/sysui_multi_action( 2202): [757,111,758,2]
09-20 06:28:00.579 I/sysui_multi_action( 2202): [757,111,758,1]
09-20 06:28:00.579 I/sysui_multi_action( 2202): [757,126,758,1,759,126,927,0,928,0,1593,0]
09-20 06:28:00.579 I/sysui_multi_action( 2202): [757,113,758,1,759,113,927,1,928,1,1593,0]
09-20 06:28:00.579 I/sysui_multi_action( 2202): [757,0,758,1,759,0,927,2,928,0,1593,0]
09-20 06:28:00.579 I/sysui_multi_action( 2202): [757,0,758,1,759,0,927,3,928,0,1593,0]
09-20 06:28:00.579 I/sysui_multi_action( 2202): [757,1706,758,1,759,1706,927,4,928,0,1593,0]
09-20 06:28:00.580 I/sysui_multi_action( 2202): [757,491,758,1,759,491,927,5,928,0,1311,-1,1593,0]
09-20 06:28:00.580 I/sysui_multi_action( 2202): [757,0,758,1,759,0,927,6,928,0,1593,0]
09-20 06:28:00.580 I/sysui_multi_action( 2202): [757,0,758,1,759,0,927,7,1593,0]
09-20 06:28:00.580 I/sysui_multi_action( 2202): [757,114,758,1,759,114,927,8,928,0,1593,0]
09-20 06:28:00.580 I/sysui_multi_action( 2202): [757,111,758,1]
09-20 06:28:00.580 I/sysui_multi_action( 2202): [757,126,758,1,759,126,927,0,928,0,1593,0]
09-20 06:28:00.581 I/sysui_multi_action( 2202): [757,113,758,1,759,113,927,1,928,1,1593,0]
09-20 06:28:00.581 I/sysui_multi_action( 2202): [757,0,758,1,759,0,927,2,928,0,1593,0]
09-20 06:28:00.581 I/sysui_multi_action( 2202): [757,0,758,1,759,0,927,3,928,0,1593,0]
09-20 06:28:00.591 I/sysui_multi_action( 2202): [757,111,758,2]
09-20 06:28:00.591 I/sysui_multi_action( 2202): [757,111,758,2]
09-20 06:28:00.595 I/sysui_multi_action( 2202): [757,111,758,1]
09-20 06:28:00.596 I/sysui_multi_action( 2202): [757,126,758,1,759,126,927,0,928,0,1593,0]
09-20 06:28:00.596 I/sysui_multi_action( 2202): [757,113,758,1,759,113,927,1,928,1,1593,0]
09-20 06:28:00.596 I/sysui_multi_action( 2202): [757,0,758,1,759,0,927,2,928,0,1593,0]
09-20 06:28:00.596 I/sysui_multi_action( 2202): [757,0,758,1,759,0,927,3,928,0,1593,0]
09-20 06:28:00.596 I/sysui_multi_action( 2202): [757,1706,758,1,759,1706,927,4,928,0,1593,0]
09-20 06:28:00.597 I/sysui_multi_action( 2202): [757,491,758,1,759,491,927,5,928,0,1311,-1,1593,0]
09-20 06:28:00.597 I/sysui_multi_action( 2202): [757,0,758,1,759,0,927,6,928,0,1593,0]
09-20 06:28:00.597 I/sysui_multi_action( 2202): [757,0,758,1,759,0,927,7,1593,0]
09-20 06:28:00.597 I/sysui_multi_action( 2202): [757,114,758,1,759,114,927,8,928,0,1593,0]
09-20 06:28:00.597 I/sysui_multi_action( 2202): [757,111,758,1]
09-20 06:28:00.597 I/sysui_multi_action( 2202): [757,126,758,1,759,126,927,0,928,0,1593,0]
09-20 06:28:00.597 I/sysui_multi_action( 2202): [757,113,758,1,759,113,927,1,928,1,1593,0]
09-20 06:28:00.597 I/sysui_multi_action( 2202): [757,0,758,1,759,0,927,2,928,0,1593,0]
09-20 06:28:00.597 I/sysui_multi_action( 2202): [757,0,758,1,759,0,927,3,928,0,1593,0]
09-20 06:28:00.607 I/sysui_multi_action( 2202): [757,111,758,2]
09-20 06:28:00.608 I/sysui_multi_action( 2202): [757,111,758,2]
09-20 06:28:00.612 I/sysui_multi_action( 2202): [757,111,758,1]
09-20 06:28:00.612 I/sysui_multi_action( 2202): [757,126,758,1,759,126,927,0,928,0,1593,0]
09-20 06:28:00.612 I/sysui_multi_action( 2202): [757,113,758,1,759,113,927,1,928,1,1593,0]
09-20 06:28:00.613 I/sysui_multi_action( 2202): [757,0,758,1,759,0,927,2,928,0,1593,0]
09-20 06:28:00.613 I/sysui_multi_action( 2202): [757,0,758,1,759,0,927,3,928,0,1593,0]
09-20 06:28:00.613 I/sysui_multi_action( 2202): [757,1706,758,1,759,1706,927,4,928,0,1593,0]
09-20 06:28:00.613 I/sysui_multi_action( 2202): [757,491,758,1,759,491,927,5,928,0,1311,-1,1593,0]
09-20 06:28:00.613 I/sysui_multi_action( 2202): [757,0,758,1,759,0,927,6,928,0,1593,0]
09-20 06:28:00.614 I/sysui_multi_action( 2202): [757,0,758,1,759,0,927,7,1593,0]
09-20 06:28:00.614 I/sysui_multi_action( 2202): [757,114,758,1,759,114,927,8,928,0,1593,0]
09-20 06:28:00.614 I/sysui_multi_action( 2202): [757,111,758,1]
09-20 06:28:00.614 I/sysui_multi_action( 2202): [757,126,758,1,759,126,927,0,928,0,1593,0]
09-20 06:28:00.614 I/sysui_multi_action( 2202): [757,113,758,1,759,113,927,1,928,1,1593,0]
09-20 06:28:00.614 I/sysui_multi_action( 2202): [757,0,758,1,759,0,927,2,928,0,1593,0]
09-20 06:28:00.614 I/sysui_multi_action( 2202): [757,0,758,1,759,0,927,3,928,0,1593,0]
09-20 06:28:00.624 I/sysui_multi_action( 2202): [757,111,758,2]
09-20 06:28:00.624 I/sysui_multi_action( 2202): [757,111,758,2]
09-20 06:28:00.637 I/input_focus( 1158): [Focus request 4bde657 com.android.launcher3/com.android.launcher3.uioverrides.QuickstepLauncher,reason=UpdateInputWindows]
09-20 06:28:00.639 I/sysui_multi_action( 2202): [757,111,758,1]
09-20 06:28:00.639 I/sysui_multi_action( 2202): [757,126,758,1,759,126,927,0,928,0,1593,0]
09-20 06:28:00.639 I/sysui_multi_action( 2202): [757,113,758,1,759,113,927,1,928,1,1593,0]
09-20 06:28:00.639 I/sysui_multi_action( 2202): [757,0,758,1,759,0,927,2,928,0,1593,0]
09-20 06:28:00.639 I/sysui_multi_action( 2202): [757,0,758,1,759,0,927,3,928,0,1593,0]
09-20 06:28:00.640 I/sysui_multi_action( 2202): [757,1706,758,1,759,1706,927,4,928,0,1593,0]
09-20 06:28:00.640 I/sysui_multi_action( 2202): [757,491,758,1,759,491,927,5,928,0,1311,-1,1593,0]
09-20 06:28:00.640 I/sysui_multi_action( 2202): [757,0,758,1,759,0,927,6,928,0,1593,0]
09-20 06:28:00.640 I/sysui_multi_action( 2202): [757,0,758,1,759,0,927,7,1593,0]
09-20 06:28:00.640 I/sysui_multi_action( 2202): [757,114,758,1,759,114,927,8,928,0,1593,0]
09-20 06:28:00.641 I/sysui_multi_action( 2202): [757,111,758,1]
09-20 06:28:00.641 I/sysui_multi_action( 2202): [757,126,758,1,759,126,927,0,928,0,1593,0]
09-20 06:28:00.641 I/sysui_multi_action( 2202): [757,113,758,1,759,113,927,1,928,1,1593,0]
09-20 06:28:00.641 I/sysui_multi_action( 2202): [757,0,758,1,759,0,927,2,928,0,1593,0]
09-20 06:28:00.641 I/sysui_multi_action( 2202): [757,0,758,1,759,0,927,3,928,0,1593,0]
09-20 06:28:00.646 I/sysui_multi_action( 2202): [757,111,758,2]
09-20 06:28:00.646 I/sysui_multi_action( 2202): [757,111,758,2]
09-20 06:28:00.648 I/sysui_multi_action( 1158): [757,127,758,2]
09-20 06:28:00.648 I/notification_panel_hidden( 1158):
09-20 06:28:00.659 I/input_focus( 1158): [Focus leaving 853367f NotificationShade (server),reason=NO_WINDOW]
09-20 06:28:00.659 I/input_focus( 1158): [Focus entering 4bde657 com.android.launcher3/com.android.launcher3.uioverrides.QuickstepLauncher (server),reason=setFocusedWindow]
09-20 06:28:00.663 I/sysui_multi_action( 2202): [757,111,758,1]
09-20 06:28:00.664 I/sysui_multi_action( 2202): [757,126,758,1,759,126,927,0,928,0,1593,0]
09-20 06:28:00.664 I/sysui_multi_action( 2202): [757,113,758,1,759,113,927,1,928,1,1593,0]
09-20 06:28:00.664 I/sysui_multi_action( 2202): [757,0,758,1,759,0,927,2,928,0,1593,0]
09-20 06:28:00.665 I/sysui_multi_action( 2202): [757,0,758,1,759,0,927,3,928,0,1593,0]
09-20 06:28:00.665 I/sysui_multi_action( 2202): [757,1706,758,1,759,1706,927,4,928,0,1593,0]
09-20 06:28:00.665 I/sysui_multi_action( 2202): [757,491,758,1,759,491,927,5,928,0,1311,-1,1593,0]
09-20 06:28:00.665 I/sysui_multi_action( 2202): [757,0,758,1,759,0,927,6,928,0,1593,0]
09-20 06:28:00.665 I/sysui_multi_action( 2202): [757,0,758,1,759,0,927,7,1593,0]
09-20 06:28:00.665 I/sysui_multi_action( 2202): [757,114,758,1,759,114,927,8,928,0,1593,0]
09-20 06:28:00.665 I/sysui_multi_action( 2202): [757,111,758,1]
09-20 06:28:00.666 I/sysui_multi_action( 2202): [757,126,758,1,759,126,927,0,928,0,1593,0]
09-20 06:28:00.666 I/sysui_multi_action( 2202): [757,113,758,1,759,113,927,1,928,1,1593,0]
09-20 06:28:00.666 I/sysui_multi_action( 2202): [757,0,758,1,759,0,927,2,928,0,1593,0]
09-20 06:28:00.666 I/sysui_multi_action( 2202): [757,0,758,1,759,0,927,3,928,0,1593,0]
09-20 06:28:01.115 I/input_interaction( 1158): Interaction with: 4bde657 com.android.launcher3/com.android.launcher3.uioverrides.QuickstepLauncher (server), 93416c5 com.android.systemui.ImageWallpaper (server), edge-swipe (server), swipe-up (server), PointerEventDispatcher0 (server),
09-20 06:28:01.222 I/sysui_multi_action( 1158): [757,127,758,1]
09-20 06:28:01.222 I/sysui_multi_action( 1158): [757,804,799,note_load,801,3,802,1]
09-20 06:28:01.222 I/notification_panel_revealed( 1158): 3
09-20 06:28:01.236 I/input_focus( 1158): [Focus request 853367f NotificationShade,reason=UpdateInputWindows]
09-20 06:28:01.261 I/input_focus( 1158): [Focus leaving 4bde657 com.android.launcher3/com.android.launcher3.uioverrides.QuickstepLauncher (server),reason=setFocusedWindow]
09-20 06:28:01.261 I/input_focus( 1158): [Focus entering 853367f NotificationShade (server),reason=setFocusedWindow]
09-20 06:28:01.262 I/input_interaction( 1158): Interaction with: 4bde657 com.android.launcher3/com.android.launcher3.uioverrides.QuickstepLauncher (server), 93416c5 com.android.systemui.ImageWallpaper (server), 853367f NotificationShade (server), edge-swipe (server), swipe-up (server), PointerEventDispatcher0 (server),
09-20 06:28:01.262 I/view_enqueue_input_event( 8801): [Motion - Cancel,com.android.launcher3/com.android.launcher3.uioverrides.QuickstepLauncher]
09-20 06:28:01.266 I/sysui_multi_action( 2202): [757,803,799,panel_open,802,1]
09-20 06:28:01.266 I/sysui_multi_action( 2202): [757,1328,758,4,1326,39,1327,51,1329,0]
09-20 06:28:01.275 I/input_interaction( 1158): Interaction with: 93416c5 com.android.systemui.ImageWallpaper (server), 853367f NotificationShade (server), edge-swipe (server), swipe-up (server), PointerEventDispatcher0 (server),
09-20 06:28:01.293 I/sysui_multi_action( 2202): [757,111,758,2]
09-20 06:28:01.293 I/sysui_multi_action( 2202): [757,111,758,2]
09-20 06:28:01.304 I/sysui_multi_action( 2202): [757,111,758,1]
09-20 06:28:01.305 I/sysui_multi_action( 2202): [757,126,758,1,759,126,927,0,928,0,1593,0]
09-20 06:28:01.305 I/sysui_multi_action( 2202): [757,113,758,1,759,113,927,1,928,1,1593,0]
09-20 06:28:01.305 I/sysui_multi_action( 2202): [757,0,758,1,759,0,927,2,928,0,1593,0]
09-20 06:28:01.306 I/sysui_multi_action( 2202): [757,0,758,1,759,0,927,3,928,0,1593,0]
09-20 06:28:01.306 I/sysui_multi_action( 2202): [757,1706,758,1,759,1706,927,4,928,0,1593,0]
09-20 06:28:01.307 I/sysui_multi_action( 2202): [757,491,758,1,759,491,927,5,928,0,1311,-1,1593,0]
09-20 06:28:01.307 I/sysui_multi_action( 2202): [757,0,758,1,759,0,927,6,928,0,1593,0]
09-20 06:28:01.308 I/sysui_multi_action( 2202): [757,0,758,1,759,0,927,7,1593,0]
09-20 06:28:01.308 I/sysui_multi_action( 2202): [757,114,758,1,759,114,927,8,928,0,1593,0]
09-20 06:28:01.308 I/sysui_multi_action( 2202): [757,111,758,1]
09-20 06:28:01.308 I/sysui_multi_action( 2202): [757,126,758,1,759,126,927,0,928,0,1593,0]
09-20 06:28:01.309 I/sysui_multi_action( 2202): [757,113,758,1,759,113,927,1,928,1,1593,0]
09-20 06:28:01.309 I/sysui_multi_action( 2202): [757,0,758,1,759,0,927,2,928,0,1593,0]
09-20 06:28:01.309 I/sysui_multi_action( 2202): [757,0,758,1,759,0,927,3,928,0,1593,0]
