09-20 06:35:47.438 I/am_wtf ( 1158): [0,1158,system_server,-1,DisplayDeviceConfig,requesting nits when no mapping exists.]
09-20 06:35:47.450 I/am_wtf ( 1158): [0,1158,system_server,-1,DisplayDeviceConfig,requesting nits when no mapping exists.]
09-20 06:35:47.452 I/am_wtf ( 1158): [0,1158,system_server,-1,DisplayDeviceConfig,requesting nits when no mapping exists.]
09-20 06:35:47.465 I/am_wtf ( 1158): [0,1158,system_server,-1,DisplayDeviceConfig,requesting nits when no mapping exists.]
09-20 06:35:47.466 I/service_manager_stats( 1158): [100,119,7019]
09-20 06:35:47.467 I/am_wtf ( 1158): [0,1158,system_server,-1,DisplayDeviceConfig,requesting nits when no mapping exists.]
09-20 06:35:47.486 I/am_wtf ( 1158): [0,1158,system_server,-1,DisplayDeviceConfig,requesting nits when no mapping exists.]
09-20 06:35:47.488 I/am_wtf ( 1158): [0,1158,system_server,-1,DisplayDeviceConfig,requesting nits when no mapping exists.]
09-20 06:35:47.503 I/am_wtf ( 1158): [0,1158,system_server,-1,DisplayDeviceConfig,requesting nits when no mapping exists.]
09-20 06:35:47.504 I/am_wtf ( 1158): [0,1158,system_server,-1,DisplayDeviceConfig,requesting nits when no mapping exists.]
09-20 06:35:47.514 I/am_wtf ( 1158): [0,1158,system_server,-1,DisplayDeviceConfig,requesting nits when no mapping exists.]
09-20 06:35:47.516 I/am_wtf ( 1158): [0,1158,system_server,-1,DisplayDeviceConfig,requesting nits when no mapping exists.]
09-20 06:35:47.531 I/am_wtf ( 1158): [0,1158,system_server,-1,DisplayDeviceConfig,requesting nits when no mapping exists.]
09-20 06:35:47.534 I/am_wtf ( 1158): [0,1158,system_server,-1,DisplayDeviceConfig,requesting nits when no mapping exists.]
09-20 06:35:47.548 I/am_wtf ( 1158): [0,1158,system_server,-1,DisplayDeviceConfig,requesting nits when no mapping exists.]
09-20 06:35:47.549 I/am_wtf ( 1158): [0,1158,system_server,-1,DisplayDeviceConfig,requesting nits when no mapping exists.]
09-20 06:35:47.565 I/am_wtf ( 1158): [0,1158,system_server,-1,DisplayDeviceConfig,requesting nits when no mapping exists.]
09-20 06:35:47.568 I/am_wtf ( 1158): [0,1158,system_server,-1,DisplayDeviceConfig,requesting nits when no mapping exists.]
09-20 06:35:47.583 I/am_wtf ( 1158): [0,1158,system_server,-1,DisplayDeviceConfig,requesting nits when no mapping exists.]
09-20 06:35:47.587 I/am_wtf ( 1158): [0,1158,system_server,-1,DisplayDeviceConfig,requesting nits when no mapping exists.]
09-20 06:35:47.600 I/am_wtf ( 1158): [0,1158,system_server,-1,DisplayDeviceConfig,requesting nits when no mapping exists.]
09-20 06:35:47.601 I/am_wtf ( 1158): [0,1158,system_server,-1,DisplayDeviceConfig,requesting nits when no mapping exists.]
09-20 06:35:47.615 I/am_wtf ( 1158): [0,1158,system_server,-1,DisplayDeviceConfig,requesting nits when no mapping exists.]
09-20 06:35:47.617 I/am_wtf ( 1158): [0,1158,system_server,-1,DisplayDeviceConfig,requesting nits when no mapping exists.]
09-20 06:35:47.632 I/am_wtf ( 1158): [0,1158,system_server,-1,DisplayDeviceConfig,requesting nits when no mapping exists.]
09-20 06:35:47.633 I/am_wtf ( 1158): [0,1158,system_server,-1,DisplayDeviceConfig,requesting nits when no mapping exists.]
09-20 06:35:47.648 I/am_wtf ( 1158): [0,1158,system_server,-1,DisplayDeviceConfig,requesting nits when no mapping exists.]
09-20 06:35:47.651 I/am_wtf ( 1158): [0,1158,system_server,-1,DisplayDeviceConfig,requesting nits when no mapping exists.]
09-20 06:35:47.667 I/am_wtf ( 1158): [0,1158,system_server,-1,DisplayDeviceConfig,requesting nits when no mapping exists.]
09-20 06:35:47.668 I/am_wtf ( 1158): [0,1158,system_server,-1,DisplayDeviceConfig,requesting nits when no mapping exists.]
09-20 06:35:47.681 I/am_wtf ( 1158): [0,1158,system_server,-1,DisplayDeviceConfig,requesting nits when no mapping exists.]
09-20 06:35:47.685 I/am_wtf ( 1158): [0,1158,system_server,-1,DisplayDeviceConfig,requesting nits when no mapping exists.]
09-20 06:35:47.698 I/am_wtf ( 1158): [0,1158,system_server,-1,DisplayDeviceConfig,requesting nits when no mapping exists.]
09-20 06:35:47.699 I/am_wtf ( 1158): [0,1158,system_server,-1,DisplayDeviceConfig,requesting nits when no mapping exists.]
09-20 06:35:47.721 I/am_wtf ( 1158): [0,1158,system_server,-1,DisplayDeviceConfig,requesting nits when no mapping exists.]
09-20 06:35:47.722 I/am_wtf ( 1158): [0,1158,system_server,-1,DisplayDeviceConfig,requesting nits when no mapping exists.]
09-20 06:35:47.732 I/am_wtf ( 1158): [0,1158,system_server,-1,DisplayDeviceConfig,requesting nits when no mapping exists.]
09-20 06:35:47.733 I/am_wtf ( 1158): [0,1158,system_server,-1,DisplayDeviceConfig,requesting nits when no mapping exists.]
09-20 06:35:47.750 I/am_wtf ( 1158): [0,1158,system_server,-1,DisplayDeviceConfig,requesting nits when no mapping exists.]
09-20 06:35:47.751 I/am_wtf ( 1158): [0,1158,system_server,-1,DisplayDeviceConfig,requesting nits when no mapping exists.]
09-20 06:35:47.764 I/am_wtf ( 1158): [0,1158,system_server,-1,DisplayDeviceConfig,requesting nits when no mapping exists.]
09-20 06:35:47.767 I/am_wtf ( 1158): [0,1158,system_server,-1,DisplayDeviceConfig,requesting nits when no mapping exists.]
09-20 06:35:47.781 I/am_wtf ( 1158): [0,1158,system_server,-1,DisplayDeviceConfig,requesting nits when no mapping exists.]
09-20 06:35:47.783 I/am_wtf ( 1158): [0,1158,system_server,-1,DisplayDeviceConfig,requesting nits when no mapping exists.]
09-20 06:35:47.798 I/am_wtf ( 1158): [0,1158,system_server,-1,DisplayDeviceConfig,requesting nits when no mapping exists.]
09-20 06:35:47.800 I/am_wtf ( 1158): [0,1158,system_server,-1,DisplayDeviceConfig,requesting nits when no mapping exists.]
09-20 06:35:47.815 I/am_wtf ( 1158): [0,1158,system_server,-1,DisplayDeviceConfig,requesting nits when no mapping exists.]
09-20 06:35:47.817 I/am_wtf ( 1158): [0,1158,system_server,-1,DisplayDeviceConfig,requesting nits when no mapping exists.]
09-20 06:35:47.838 I/am_wtf ( 1158): [0,1158,system_server,-1,DisplayDeviceConfig,requesting nits when no mapping exists.]
09-20 06:35:47.839 I/am_wtf ( 1158): [0,1158,system_server,-1,DisplayDeviceConfig,requesting nits when no mapping exists.]
09-20 06:35:47.856 I/am_wtf ( 1158): [0,1158,system_server,-1,DisplayDeviceConfig,requesting nits when no mapping exists.]
09-20 06:35:47.857 I/am_wtf ( 1158): [0,1158,system_server,-1,DisplayDeviceConfig,requesting nits when no mapping exists.]
09-20 06:35:47.871 I/am_wtf ( 1158): [0,1158,system_server,-1,DisplayDeviceConfig,requesting nits when no mapping exists.]
09-20 06:35:47.872 I/am_wtf ( 1158): [0,1158,system_server,-1,DisplayDeviceConfig,requesting nits when no mapping exists.]
09-20 06:35:47.881 I/am_wtf ( 1158): [0,1158,system_server,-1,DisplayDeviceConfig,requesting nits when no mapping exists.]
09-20 06:35:47.882 I/am_wtf ( 1158): [0,1158,system_server,-1,DisplayDeviceConfig,requesting nits when no mapping exists.]
09-20 06:35:47.898 I/am_wtf ( 1158): [0,1158,system_server,-1,DisplayDeviceConfig,requesting nits when no mapping exists.]
09-20 06:35:47.900 I/am_wtf ( 1158): [0,1158,system_server,-1,DisplayDeviceConfig,requesting nits when no mapping exists.]
09-20 06:35:47.915 I/am_wtf ( 1158): [0,1158,system_server,-1,DisplayDeviceConfig,requesting nits when no mapping exists.]
09-20 06:35:47.916 I/am_wtf ( 1158): [0,1158,system_server,-1,DisplayDeviceConfig,requesting nits when no mapping exists.]
09-20 06:35:47.932 I/am_wtf ( 1158): [0,1158,system_server,-1,DisplayDeviceConfig,requesting nits when no mapping exists.]
09-20 06:35:47.933 I/am_wtf ( 1158): [0,1158,system_server,-1,DisplayDeviceConfig,requesting nits when no mapping exists.]
09-20 06:35:47.950 I/am_wtf ( 1158): [0,1158,system_server,-1,DisplayDeviceConfig,requesting nits when no mapping exists.]
09-20 06:35:47.951 I/am_wtf ( 1158): [0,1158,system_server,-1,DisplayDeviceConfig,requesting nits when no mapping exists.]
09-20 06:35:47.965 I/am_wtf ( 1158): [0,1158,system_server,-1,DisplayDeviceConfig,requesting nits when no mapping exists.]
09-20 06:35:47.966 I/am_wtf ( 1158): [0,1158,system_server,-1,DisplayDeviceConfig,requesting nits when no mapping exists.]
09-20 06:35:47.983 I/am_wtf ( 1158): [0,1158,system_server,-1,DisplayDeviceConfig,requesting nits when no mapping exists.]
09-20 06:35:47.984 I/am_wtf ( 1158): [0,1158,system_server,-1,DisplayDeviceConfig,requesting nits when no mapping exists.]
09-20 06:35:48.001 I/am_wtf ( 1158): [0,1158,system_server,-1,DisplayDeviceConfig,requesting nits when no mapping exists.]
09-20 06:35:48.002 I/am_wtf ( 1158): [0,1158,system_server,-1,DisplayDeviceConfig,requesting nits when no mapping exists.]
09-20 06:36:01.890 I/input_interaction( 1158): Interaction with: cb13d11 com.android.deskclock/android.service.dreams.DreamActivity (server), edge-swipe (server), swipe-up (server), PointerEventDispatcher0 (server),
09-20 06:36:01.899 I/wm_finish_activity( 1158): [0,258396586,107,com.android.deskclock/android.service.dreams.DreamActivity,finish-activity]
09-20 06:36:01.899 I/wm_task_moved( 1158): [1,1,5]
09-20 06:36:01.900 I/wm_task_moved( 1158): [44,1,2147483647]
09-20 06:36:01.900 I/wm_task_to_front( 1158): [0,44]
09-20 06:36:01.900 I/wm_focused_root_task( 1158): [0,0,1,107,finish-top adjustFocusToNextFocusableTask]
09-20 06:36:01.901 I/wm_set_resumed_activity( 1158): [0,com.android.launcher3/.uioverrides.QuickstepLauncher,finish-top adjustFocusToNextFocusableTask]
09-20 06:36:01.903 I/wm_pause_activity( 1158): [0,258396586,com.android.deskclock/android.service.dreams.DreamActivity,userLeaving=false,finish]
09-20 06:36:01.917 I/wm_on_top_resumed_lost_called( 5400): [258396586,android.service.dreams.DreamActivity,topStateChangedWhenResumed]
09-20 06:36:01.919 I/wm_on_paused_called( 5400): [258396586,android.service.dreams.DreamActivity,performPause]
09-20 06:36:01.919 I/wm_add_to_stopping( 1158): [0,258396586,com.android.deskclock/android.service.dreams.DreamActivity,completeFinishing]
09-20 06:36:01.922 I/wm_set_resumed_activity( 1158): [0,com.android.launcher3/.uioverrides.QuickstepLauncher,resumeTopActivityInnerLocked]
09-20 06:36:01.923 I/wm_resume_activity( 1158): [0,213932593,44,com.android.launcher3/.uioverrides.QuickstepLauncher]
09-20 06:36:01.932 I/view_enqueue_input_event( 5400): [Motion - Cancel,com.android.deskclock/android.service.dreams.DreamActivity]
09-20 06:36:01.934 I/sysui_multi_action( 1158): [757,803,799,window_time_0,802,15]
09-20 06:36:01.938 I/input_focus( 1158): [Focus leaving cb13d11 com.android.deskclock/android.service.dreams.DreamActivity (server),reason=NO_WINDOW]
09-20 06:36:01.941 I/input_interaction( 1158): Interaction with: edge-swipe (server), swipe-up (server), PointerEventDispatcher0 (server),
09-20 06:36:01.941 I/sysui_multi_action( 1158): [757,803,799,window_time_0,802,0]
09-20 06:36:01.955 I/wm_on_restart_called( 8801): [213932593,com.android.launcher3.uioverrides.QuickstepLauncher,performRestartActivity]
09-20 06:36:01.955 I/wm_on_start_called( 8801): [213932593,com.android.launcher3.uioverrides.QuickstepLauncher,handleStartActivity]
09-20 06:36:01.956 I/wm_on_resume_called( 8801): [213932593,com.android.launcher3.uioverrides.QuickstepLauncher,RESUME_ACTIVITY]
09-20 06:36:01.956 I/wm_on_top_resumed_gained_called( 8801): [213932593,com.android.launcher3.uioverrides.QuickstepLauncher,topWhenResuming]
09-20 06:36:01.961 I/input_focus( 1158): [Focus request 4bde657 com.android.launcher3/com.android.launcher3.uioverrides.QuickstepLauncher,reason=UpdateInputWindows]
09-20 06:36:01.979 I/am_proc_start( 1158): [0,16131,1000,com.android.settings,NULL,]
09-20 06:36:01.992 I/input_focus( 1158): [Focus entering 4bde657 com.android.launcher3/com.android.launcher3.uioverrides.QuickstepLauncher (server),reason=setFocusedWindow]
09-20 06:36:02.037 I/am_proc_bound( 1158): [0,16131,com.android.settings]
09-20 06:36:02.219 I/wm_destroy_activity( 1158): [0,258396586,107,com.android.deskclock/android.service.dreams.DreamActivity,finish-imm:idle]
09-20 06:36:02.249 I/wm_on_stop_called( 5400): [258396586,android.service.dreams.DreamActivity,LIFECYCLER_STOP_ACTIVITY]
09-20 06:36:02.250 I/wm_on_destroy_called( 5400): [258396586,android.service.dreams.DreamActivity,performDestroy]
09-20 06:36:02.256 I/sysui_multi_action( 1158): [757,222,758,2]
09-20 06:36:02.256 I/sysui_multi_action( 1158): [757,804,799,dreaming_minutes,801,0,802,1]
09-20 06:36:02.275 I/wm_task_removed( 1158): [107,removeChild:removeChild last r=ActivityRecord{f66d1aa u0 com.android.deskclock/android.service.dreams.DreamActivity t-1 f}} in t=Task{c175167 #107 type=dream A=10066:android:com.android.deskclock/dream U=0 visible=false mode=fullscreen translucent=true sz=0}]
09-20 06:36:02.275 I/wm_task_removed( 1158): [107,removeChild]
09-20 06:36:08.491 I/input_interaction( 1158): Interaction with: 4bde657 com.android.launcher3/com.android.launcher3.uioverrides.QuickstepLauncher (server), 93416c5 com.android.systemui.ImageWallpaper (server), edge-swipe (server), swipe-up (server), PointerEventDispatcher0 (server),
09-20 06:36:10.199 I/wm_task_created( 1158): [108,-1]
09-20 06:36:10.209 I/wm_task_moved( 1158): [108,1,6]
09-20 06:36:10.209 I/wm_task_to_front( 1158): [0,108]
09-20 06:36:10.210 I/wm_create_task( 1158): [0,108]
09-20 06:36:10.211 I/wm_create_activity( 1158): [0,63282829,108,com.android.settings/.Settings,NULL,NULL,NULL,402657280]
09-20 06:36:10.211 I/wm_task_moved( 1158): [108,1,6]
09-20 06:36:10.215 I/wm_restart_activity( 1158): [0,63282829,108,com.android.settings/.Settings]
09-20 06:36:10.217 I/wm_set_resumed_activity( 1158): [0,com.android.settings/.Settings,minimalResumeActivityLocked]
09-20 06:36:10.231 I/dvm_lock_sample( 1158): [system_server,1,android.display,22,TaskChangeNotificationController.java,320,void com.android.server.wm.TaskChangeNotificationController.forAllRemoteListeners(com.android.server.wm.TaskChangeNotificationController$TaskStackConsumer, android.os.Message),-,342,void com.android.server.wm.TaskChangeNotificationController.forAllLocalListeners(com.android.server.wm.TaskChangeNotificationController$TaskStackConsumer, android.os.Message),4]
09-20 06:36:10.239 I/wm_on_top_resumed_lost_called( 8801): [213932593,com.android.launcher3.uioverrides.QuickstepLauncher,topStateChangedWhenResumed]
09-20 06:36:10.312 I/wm_on_create_called(16131): [63282829,com.android.settings.Settings,performCreate]
09-20 06:36:10.383 W/CarrierConfigManager(16131): Error getting config for subId -1 ICarrierConfigLoader is null
09-20 06:36:10.437 I/wm_on_start_called(16131): [63282829,com.android.settings.Settings,handleStartActivity]
09-20 06:36:10.439 I/snet_event_log(16131): [120484087,-1,]
09-20 06:36:10.439 I/wm_on_resume_called(16131): [63282829,com.android.settings.Settings,RESUME_ACTIVITY]
09-20 06:36:10.441 I/sysui_multi_action(16131): [757,35,758,1,833,0,1089,126]
09-20 06:36:10.458 I/sysui_multi_action(16131): [757,1729,758,4,854,isParalleledControllers:false,1089,144]
09-20 06:36:10.469 I/sysui_multi_action(16131): [757,746,758,1,833,0,1089,107]
09-20 06:36:10.471 D/TelephonyRegistry( 1158): listen oscl: mHasNotifySubscriptionInfoChangedOccurred==false no callback
09-20 06:36:10.479 D/TelephonyRegistry( 1158): listen oscl: mHasNotifySubscriptionInfoChangedOccurred==false no callback
09-20 06:36:10.492 I/sysui_multi_action(16131): [757,1729,758,4,854,isParalleledControllers:false,1089,130]
09-20 06:36:10.507 I/wm_on_top_resumed_gained_called(16131): [63282829,com.android.settings.Settings,topStateChangedWhenResumed]
09-20 06:36:10.487 I/auditd ( 591): type=1400 audit(0.0:912): avc: denied { read } for comm="Binder:591_2" name="wakeup58" dev="sysfs" ino=89685 scontext=u:r:system_suspend:s0 tcontext=u:object_r:sysfs:s0 tclass=dir permissive=0
09-20 06:36:10.487 I/auditd ( 591): type=1400 audit(0.0:913): avc: denied { read } for comm="Binder:591_2" name="wakeup4" dev="sysfs" ino=52927 scontext=u:r:system_suspend:s0 tcontext=u:object_r:sysfs:s0 tclass=dir permissive=0
09-20 06:36:10.491 I/auditd ( 591): type=1400 audit(0.0:914): avc: denied { read } for comm="Binder:591_2" name="wakeup38" dev="sysfs" ino=72782 scontext=u:r:system_suspend:s0 tcontext=u:object_r:sysfs:s0 tclass=dir permissive=0
09-20 06:36:10.491 I/auditd ( 591): type=1400 audit(0.0:915): avc: denied { read } for comm="Binder:591_2" name="wakeup28" dev="sysfs" ino=62538 scontext=u:r:system_suspend:s0 tcontext=u:object_r:sysfs:s0 tclass=dir permissive=0
09-20 06:36:10.596 I/input_focus( 1158): [Focus request aa65368 com.android.settings/com.android.settings.Settings,reason=UpdateInputWindows]
09-20 06:36:10.491 I/auditd ( 591): type=1400 audit(0.0:916): avc: denied { read } for comm="Binder:591_2" name="wakeup56" dev="sysfs" ino=89613 scontext=u:r:system_suspend:s0 tcontext=u:object_r:sysfs:s0 tclass=dir permissive=0
09-20 06:36:10.620 I/input_focus( 1158): [Focus leaving 4bde657 com.android.launcher3/com.android.launcher3.uioverrides.QuickstepLauncher (server),reason=Waiting for window because NOT_VISIBLE]
09-20 06:36:10.677 I/sysui_multi_action( 1158): [324,1,757,1090,758,12,806,com.android.settings,871,com.android.settings.Settings,1091,478]
09-20 06:36:10.687 I/input_focus( 1158): [Focus entering aa65368 com.android.settings/com.android.settings.Settings (server),reason=Window became focusable. Previous reason: NOT_VISIBLE]
09-20 06:36:10.692 I/sysui_multi_action( 1158): [319,479,322,478,325,9745,757,761,758,8,759,2,806,com.android.settings,871,com.android.settings.Settings,904,com.android.launcher3,905,0,1320,4,1321,1]
09-20 06:36:10.696 I/wm_activity_launch_time( 1158): [0,63282829,com.android.settings/.Settings,478]
09-20 06:36:12.040 I/am_freeze( 1158): [15164,com.android.music]
09-20 06:36:12.048 I/am_kill ( 1158): [0,15164,com.android.music,935,Unable to freeze binder interface]
09-20 06:36:12.195 I/am_proc_died( 1158): [0,15164,com.android.music,935,19]
09-20 06:36:12.196 I/am_uid_stopped( 1158): 10070
09-20 06:36:12.211 I/am_uid_running( 1158): 10070
09-20 06:36:12.255 I/am_proc_start( 1158): [0,16198,10070,com.android.music,NULL,]
09-20 06:36:12.310 I/am_proc_bound( 1158): [0,16198,com.android.music]
09-20 06:36:13.842 I/input_interaction( 1158): Interaction with: aa65368 com.android.settings/com.android.settings.Settings (server), edge-swipe (server), swipe-up (server), PointerEventDispatcher0 (server),
09-20 06:36:14.046 I/wm_relaunch_resume_activity( 1158): [0,63282829,108,com.android.settings/.Settings]
09-20 06:36:14.047 I/wm_add_to_stopping( 1158): [0,213932593,com.android.launcher3/.uioverrides.QuickstepLauncher,makeInvisible]
09-20 06:36:14.074 I/wm_on_top_resumed_lost_called(16131): [63282829,com.android.settings.Settings,pausing]
09-20 06:36:14.079 I/sysui_multi_action(16131): [757,35,758,2,1089,3638]
09-20 06:36:14.089 I/sysui_multi_action(16131): [757,746,758,2,1089,3620]
09-20 06:36:14.095 I/wm_on_paused_called(16131): [63282829,com.android.settings.Settings,performPause]
09-20 06:36:14.103 I/wm_on_stop_called(16131): [63282829,com.android.settings.Settings,handleRelaunchActivity]
09-20 06:36:14.112 I/wm_on_destroy_called(16131): [63282829,com.android.settings.Settings,performDestroy]
09-20 06:36:14.126 I/am_crash( 1158): [16131,0,com.android.settings,952745541,java.lang.NullPointerException,Attempt to invoke virtual method 'void com.google.android.material.appbar.CollapsingToolbarLayout.setTitle(java.lang.CharSequence)' on a null object reference,SettingsHomepageActivity.java,288]
09-20 06:36:14.129 I/wm_finish_activity( 1158): [0,63282829,108,com.android.settings/.Settings,force-crash]
09-20 06:36:14.130 I/wm_task_moved( 1158): [1,1,6]
09-20 06:36:14.131 I/wm_set_resumed_activity( 1158): [0,com.android.launcher3/.uioverrides.QuickstepLauncher,positionChildAt]
09-20 06:36:14.131 I/wm_task_moved( 1158): [44,1,2147483647]
09-20 06:36:14.131 I/wm_task_to_front( 1158): [0,44]
09-20 06:36:14.131 I/wm_focused_root_task( 1158): [0,0,1,108,finish-top adjustFocusToNextFocusableTask]
09-20 06:36:14.131 I/wm_set_resumed_activity( 1158): [0,com.android.launcher3/.uioverrides.QuickstepLauncher,finish-top adjustFocusToNextFocusableTask]
09-20 06:36:14.140 I/wm_pause_activity( 1158): [0,63282829,com.android.settings/.Settings,userLeaving=false,finish]
09-20 06:36:14.152 I/sysui_multi_action( 1158): [757,316,758,4,759,-1]
09-20 06:36:14.178 I/input_focus( 1158): [Focus leaving aa65368 com.android.settings/com.android.settings.Settings (server),reason=NO_WINDOW]
09-20 06:36:14.202 I/am_proc_died( 1158): [0,16131,com.android.settings,0,2]
09-20 06:36:14.212 I/wm_task_removed( 1158): [108,removeChild:removeChild last r=ActivityRecord{3c59e8d u0 com.android.settings/.Settings t-1 f}} in t=Task{bdfa324 #108 type=standard A=1000:com.android.settings.root U=0 visible=false mode=fullscreen translucent=true sz=0}]
09-20 06:36:14.212 I/wm_task_removed( 1158): [108,removeChild]
09-20 06:36:14.222 I/input_focus( 1158): [Focus request 4bde657 com.android.launcher3/com.android.launcher3.uioverrides.QuickstepLauncher,reason=UpdateInputWindows]
09-20 06:36:14.228 I/input_focus( 1158): [Focus entering 4bde657 com.android.launcher3/com.android.launcher3.uioverrides.QuickstepLauncher (server),reason=setFocusedWindow]
09-20 06:36:14.633 I/wm_on_top_resumed_gained_called( 8801): [213932593,com.android.launcher3.uioverrides.QuickstepLauncher,topStateChangedWhenResumed]
09-20 06:36:19.284 I/input_interaction( 1158): Interaction with: 4bde657 com.android.launcher3/com.android.launcher3.uioverrides.QuickstepLauncher (server), 93416c5 com.android.systemui.ImageWallpaper (server), edge-swipe (server), swipe-up (server), PointerEventDispatcher0 (server),
09-20 06:36:20.956 I/wm_task_created( 1158): [109,-1]
09-20 06:36:20.962 I/wm_task_moved( 1158): [109,1,6]
09-20 06:36:20.963 I/wm_task_to_front( 1158): [0,109]
09-20 06:36:20.966 I/wm_create_task( 1158): [0,109]
09-20 06:36:20.966 I/wm_create_activity( 1158): [0,116203220,109,com.android.settings/.Settings,NULL,NULL,NULL,402657280]
09-20 06:36:20.967 I/wm_task_moved( 1158): [109,1,6]
09-20 06:36:20.978 I/wm_on_top_resumed_lost_called( 8801): [213932593,com.android.launcher3.uioverrides.QuickstepLauncher,topStateChangedWhenResumed]
09-20 06:36:21.015 I/am_proc_start( 1158): [0,16233,1000,com.android.settings,top-activity,{com.android.settings/com.android.settings.Settings}]
09-20 06:36:21.065 I/am_proc_bound( 1158): [0,16233,com.android.settings]
09-20 06:36:21.069 I/wm_restart_activity( 1158): [0,116203220,109,com.android.settings/.Settings]
09-20 06:36:21.070 I/wm_set_resumed_activity( 1158): [0,com.android.settings/.Settings,minimalResumeActivityLocked]
09-20 06:36:21.166 I/wm_on_create_called(16233): [116203220,com.android.settings.Settings,performCreate]
09-20 06:36:21.227 W/CarrierConfigManager(16233): Error getting config for subId -1 ICarrierConfigLoader is null
09-20 06:36:21.269 I/wm_on_start_called(16233): [116203220,com.android.settings.Settings,handleStartActivity]
09-20 06:36:21.271 I/snet_event_log(16233): [120484087,-1,]
09-20 06:36:21.271 I/wm_on_resume_called(16233): [116203220,com.android.settings.Settings,RESUME_ACTIVITY]
09-20 06:36:21.273 I/sysui_multi_action(16233): [757,35,758,1,833,0,1089,105]
09-20 06:36:21.279 I/sysui_multi_action(16233): [757,1729,758,4,854,isParalleledControllers:false,1089,112]
09-20 06:36:21.291 I/sysui_multi_action(16233): [757,746,758,1,833,0,1089,86]
09-20 06:36:21.293 D/TelephonyRegistry( 1158): listen oscl: mHasNotifySubscriptionInfoChangedOccurred==false no callback
09-20 06:36:21.300 D/TelephonyRegistry( 1158): listen oscl: mHasNotifySubscriptionInfoChangedOccurred==false no callback
09-20 06:36:21.311 I/sysui_multi_action(16233): [757,1729,758,4,854,isParalleledControllers:false,1089,107]
09-20 06:36:21.321 I/wm_on_top_resumed_gained_called(16233): [116203220,com.android.settings.Settings,topStateChangedWhenResumed]
09-20 06:36:21.402 I/input_focus( 1158): [Focus request fce1b73 com.android.settings/com.android.settings.Settings,reason=UpdateInputWindows]
09-20 06:36:21.430 I/input_focus( 1158): [Focus leaving 4bde657 com.android.launcher3/com.android.launcher3.uioverrides.QuickstepLauncher (server),reason=Waiting for window because NOT_VISIBLE]
09-20 06:36:21.481 I/sysui_multi_action( 1158): [324,0,757,1090,758,12,806,com.android.settings,871,com.android.settings.Settings,1091,525]
09-20 06:36:21.491 I/sysui_multi_action( 1158): [319,527,322,525,325,9756,757,761,758,7,759,2,806,com.android.settings,871,com.android.settings.Settings,904,com.android.launcher3,905,0,945,113,1320,4,1321,1]
09-20 06:36:21.497 I/input_focus( 1158): [Focus entering fce1b73 com.android.settings/com.android.settings.Settings (server),reason=Window became focusable. Previous reason: NOT_VISIBLE]
09-20 06:36:21.499 I/wm_activity_launch_time( 1158): [0,116203220,com.android.settings/.Settings,525]
09-20 06:36:22.911 I/input_interaction( 1158): Interaction with: fce1b73 com.android.settings/com.android.settings.Settings (server), edge-swipe (server), swipe-up (server), PointerEventDispatcher0 (server),
09-20 06:36:23.110 I/wm_relaunch_resume_activity( 1158): [0,116203220,109,com.android.settings/.Settings]
09-20 06:36:23.111 I/wm_add_to_stopping( 1158): [0,213932593,com.android.launcher3/.uioverrides.QuickstepLauncher,makeInvisible]
09-20 06:36:23.130 I/wm_on_top_resumed_lost_called(16233): [116203220,com.android.settings.Settings,pausing]
09-20 06:36:23.134 I/sysui_multi_action(16233): [757,35,758,2,1089,1861]
09-20 06:36:23.144 I/sysui_multi_action(16233): [757,746,758,2,1089,1853]
09-20 06:36:23.149 I/wm_on_paused_called(16233): [116203220,com.android.settings.Settings,performPause]
09-20 06:36:23.155 I/wm_on_stop_called(16233): [116203220,com.android.settings.Settings,handleRelaunchActivity]
09-20 06:36:23.162 I/wm_on_destroy_called(16233): [116203220,com.android.settings.Settings,performDestroy]
09-20 06:36:23.176 I/am_crash( 1158): [16233,0,com.android.settings,952745541,java.lang.NullPointerException,Attempt to invoke virtual method 'void com.google.android.material.appbar.CollapsingToolbarLayout.setTitle(java.lang.CharSequence)' on a null object reference,SettingsHomepageActivity.java,288]
09-20 06:36:23.177 I/service_manager_stats( 1158): [100,114,35710]
09-20 06:36:23.179 I/wm_finish_activity( 1158): [0,116203220,109,com.android.settings/.Settings,force-crash]
09-20 06:36:23.179 I/wm_task_moved( 1158): [1,1,6]
09-20 06:36:23.180 I/wm_set_resumed_activity( 1158): [0,com.android.launcher3/.uioverrides.QuickstepLauncher,positionChildAt]
09-20 06:36:23.180 I/wm_task_moved( 1158): [44,1,2147483647]
09-20 06:36:23.180 I/wm_task_to_front( 1158): [0,44]
09-20 06:36:23.181 I/wm_focused_root_task( 1158): [0,0,1,109,finish-top adjustFocusToNextFocusableTask]
09-20 06:36:23.181 I/wm_set_resumed_activity( 1158): [0,com.android.launcher3/.uioverrides.QuickstepLauncher,finish-top adjustFocusToNextFocusableTask]
09-20 06:36:23.194 I/wm_pause_activity( 1158): [0,116203220,com.android.settings/.Settings,userLeaving=false,finish]
09-20 06:36:23.233 I/input_focus( 1158): [Focus leaving fce1b73 com.android.settings/com.android.settings.Settings (server),reason=NO_WINDOW]
09-20 06:36:23.237 I/input_focus( 1158): [Focus request e5446f0 Application Error: com.android.settings,reason=UpdateInputWindows]
09-20 06:36:23.267 I/input_focus( 1158): [Focus entering e5446f0 Application Error: com.android.settings (server),reason=setFocusedWindow]
09-20 06:36:23.683 I/wm_on_top_resumed_gained_called( 8801): [213932593,com.android.launcher3.uioverrides.QuickstepLauncher,topStateChangedWhenResumed]
09-20 06:36:23.697 I/wm_add_to_stopping( 1158): [0,116203220,com.android.settings/.Settings,completeFinishing]
09-20 06:36:23.711 I/sysui_multi_action( 1158): [757,803,799,window_time_0,802,22]
09-20 06:36:23.729 I/dvm_lock_sample( 1158): [system_server,1,Binder:1158_1E,17,ActivityTaskManagerService.java,1847,android.app.ActivityTaskManager$RootTaskInfo com.android.server.wm.ActivityTaskManagerService.getFocusedRootTaskInfo(),-,1959,android.graphics.Rect com.android.server.wm.ActivityTaskManagerService.getTaskBounds(int),3]
09-20 06:36:24.054 I/wm_destroy_activity( 1158): [0,116203220,109,com.android.settings/.Settings,finish-imm:idle]
09-20 06:36:28.743 I/am_freeze( 1158): [15198,com.android.gallery3d]
09-20 06:36:28.752 I/am_kill ( 1158): [0,15198,com.android.gallery3d,935,Unable to freeze binder interface]
09-20 06:36:28.860 I/am_proc_died( 1158): [0,15198,com.android.gallery3d,935,19]
09-20 06:36:28.861 I/am_uid_stopped( 1158): 10065
09-20 06:36:28.874 I/am_uid_running( 1158): 10065
09-20 06:36:28.906 I/am_proc_start( 1158): [0,16290,10065,com.android.gallery3d,NULL,]
09-20 06:36:28.951 I/am_proc_bound( 1158): [0,16290,com.android.gallery3d]
09-20 06:36:34.070 I/wm_task_removed( 1158): [109,removeChild:removeChild last r=ActivityRecord{6ed1ed4 u0 com.android.settings/.Settings t-1 f}} in t=Task{2856c27 #109 type=standard A=1000:com.android.settings.root U=0 visible=false mode=fullscreen translucent=true sz=0}]
09-20 06:36:34.070 I/wm_task_removed( 1158): [109,removeChild]
09-20 06:37:02.262 I/am_uid_idle( 1158): 10066
09-20 06:37:16.050 I/sysui_multi_action( 1158): [757,1696,758,6,759,2]
09-20 06:37:16.057 I/am_wtf ( 1158): [0,1158,system_server,-1,DisplayDeviceConfig,requesting nits when no mapping exists.]
09-20 06:37:16.064 I/am_wtf ( 1158): [0,1158,system_server,-1,DisplayDeviceConfig,requesting nits when no mapping exists.]
09-20 06:37:16.075 I/am_wtf ( 1158): [0,1158,system_server,-1,DisplayDeviceConfig,requesting nits when no mapping exists.]
09-20 06:37:16.079 I/am_wtf ( 1158): [0,1158,system_server,-1,DisplayDeviceConfig,requesting nits when no mapping exists.]
09-20 06:37:16.092 I/am_wtf ( 1158): [0,1158,system_server,-1,DisplayDeviceConfig,requesting nits when no mapping exists.]
09-20 06:37:16.095 I/am_wtf ( 1158): [0,1158,system_server,-1,DisplayDeviceConfig,requesting nits when no mapping exists.]
09-20 06:37:16.109 I/am_wtf ( 1158): [0,1158,system_server,-1,DisplayDeviceConfig,requesting nits when no mapping exists.]
09-20 06:37:16.111 I/am_wtf ( 1158): [0,1158,system_server,-1,DisplayDeviceConfig,requesting nits when no mapping exists.]
09-20 06:37:16.127 I/am_wtf ( 1158): [0,1158,system_server,-1,DisplayDeviceConfig,requesting nits when no mapping exists.]
09-20 06:37:16.129 I/am_wtf ( 1158): [0,1158,system_server,-1,DisplayDeviceConfig,requesting nits when no mapping exists.]
09-20 06:37:16.143 I/am_wtf ( 1158): [0,1158,system_server,-1,DisplayDeviceConfig,requesting nits when no mapping exists.]
09-20 06:37:16.144 I/am_wtf ( 1158): [0,1158,system_server,-1,DisplayDeviceConfig,requesting nits when no mapping exists.]
09-20 06:37:16.160 I/am_wtf ( 1158): [0,1158,system_server,-1,DisplayDeviceConfig,requesting nits when no mapping exists.]
09-20 06:37:16.161 I/am_wtf ( 1158): [0,1158,system_server,-1,DisplayDeviceConfig,requesting nits when no mapping exists.]
09-20 06:37:16.176 I/am_wtf ( 1158): [0,1158,system_server,-1,DisplayDeviceConfig,requesting nits when no mapping exists.]
09-20 06:37:16.178 I/am_wtf ( 1158): [0,1158,system_server,-1,DisplayDeviceConfig,requesting nits when no mapping exists.]
09-20 06:37:16.193 I/am_wtf ( 1158): [0,1158,system_server,-1,DisplayDeviceConfig,requesting nits when no mapping exists.]
09-20 06:37:16.194 I/am_wtf ( 1158): [0,1158,system_server,-1,DisplayDeviceConfig,requesting nits when no mapping exists.]
09-20 06:37:16.210 I/am_wtf ( 1158): [0,1158,system_server,-1,DisplayDeviceConfig,requesting nits when no mapping exists.]
09-20 06:37:16.211 I/am_wtf ( 1158): [0,1158,system_server,-1,DisplayDeviceConfig,requesting nits when no mapping exists.]
09-20 06:37:16.228 I/am_wtf ( 1158): [0,1158,system_server,-1,DisplayDeviceConfig,requesting nits when no mapping exists.]
09-20 06:37:16.229 I/am_wtf ( 1158): [0,1158,system_server,-1,DisplayDeviceConfig,requesting nits when no mapping exists.]
09-20 06:37:16.243 I/am_wtf ( 1158): [0,1158,system_server,-1,DisplayDeviceConfig,requesting nits when no mapping exists.]
09-20 06:37:16.244 I/am_wtf ( 1158): [0,1158,system_server,-1,DisplayDeviceConfig,requesting nits when no mapping exists.]
09-20 06:37:16.260 I/am_wtf ( 1158): [0,1158,system_server,-1,DisplayDeviceConfig,requesting nits when no mapping exists.]
09-20 06:37:16.261 I/am_wtf ( 1158): [0,1158,system_server,-1,DisplayDeviceConfig,requesting nits when no mapping exists.]
09-20 06:37:16.276 I/am_wtf ( 1158): [0,1158,system_server,-1,DisplayDeviceConfig,requesting nits when no mapping exists.]
09-20 06:37:16.278 I/am_wtf ( 1158): [0,1158,system_server,-1,DisplayDeviceConfig,requesting nits when no mapping exists.]
09-20 06:37:16.293 I/am_wtf ( 1158): [0,1158,system_server,-1,DisplayDeviceConfig,requesting nits when no mapping exists.]
09-20 06:37:16.295 I/am_wtf ( 1158): [0,1158,system_server,-1,DisplayDeviceConfig,requesting nits when no mapping exists.]
09-20 06:37:16.310 I/am_wtf ( 1158): [0,1158,system_server,-1,DisplayDeviceConfig,requesting nits when no mapping exists.]
09-20 06:37:16.312 I/am_wtf ( 1158): [0,1158,system_server,-1,DisplayDeviceConfig,requesting nits when no mapping exists.]
09-20 06:37:16.327 I/am_wtf ( 1158): [0,1158,system_server,-1,DisplayDeviceConfig,requesting nits when no mapping exists.]
09-20 06:37:16.330 I/am_wtf ( 1158): [0,1158,system_server,-1,DisplayDeviceConfig,requesting nits when no mapping exists.]
09-20 06:37:16.343 I/am_wtf ( 1158): [0,1158,system_server,-1,DisplayDeviceConfig,requesting nits when no mapping exists.]
09-20 06:37:16.344 I/am_wtf ( 1158): [0,1158,system_server,-1,DisplayDeviceConfig,requesting nits when no mapping exists.]
09-20 06:37:16.360 I/am_wtf ( 1158): [0,1158,system_server,-1,DisplayDeviceConfig,requesting nits when no mapping exists.]
09-20 06:37:16.361 I/am_wtf ( 1158): [0,1158,system_server,-1,DisplayDeviceConfig,requesting nits when no mapping exists.]
09-20 06:37:16.377 I/am_wtf ( 1158): [0,1158,system_server,-1,DisplayDeviceConfig,requesting nits when no mapping exists.]
09-20 06:37:16.378 I/am_wtf ( 1158): [0,1158,system_server,-1,DisplayDeviceConfig,requesting nits when no mapping exists.]
09-20 06:37:16.393 I/am_wtf ( 1158): [0,1158,system_server,-1,DisplayDeviceConfig,requesting nits when no mapping exists.]
09-20 06:37:16.394 I/am_wtf ( 1158): [0,1158,system_server,-1,DisplayDeviceConfig,requesting nits when no mapping exists.]
09-20 06:37:16.410 I/am_wtf ( 1158): [0,1158,system_server,-1,DisplayDeviceConfig,requesting nits when no mapping exists.]
09-20 06:37:16.412 I/am_wtf ( 1158): [0,1158,system_server,-1,DisplayDeviceConfig,requesting nits when no mapping exists.]
09-20 06:37:16.427 I/am_wtf ( 1158): [0,1158,system_server,-1,DisplayDeviceConfig,requesting nits when no mapping exists.]
09-20 06:37:16.429 I/am_wtf ( 1158): [0,1158,system_server,-1,DisplayDeviceConfig,requesting nits when no mapping exists.]
09-20 06:37:16.444 I/am_wtf ( 1158): [0,1158,system_server,-1,DisplayDeviceConfig,requesting nits when no mapping exists.]
09-20 06:37:16.445 I/am_wtf ( 1158): [0,1158,system_server,-1,DisplayDeviceConfig,requesting nits when no mapping exists.]
09-20 06:37:16.460 I/am_wtf ( 1158): [0,1158,system_server,-1,DisplayDeviceConfig,requesting nits when no mapping exists.]
09-20 06:37:16.461 I/am_wtf ( 1158): [0,1158,system_server,-1,DisplayDeviceConfig,requesting nits when no mapping exists.]
09-20 06:37:16.477 I/am_wtf ( 1158): [0,1158,system_server,-1,DisplayDeviceConfig,requesting nits when no mapping exists.]
09-20 06:37:16.479 I/am_wtf ( 1158): [0,1158,system_server,-1,DisplayDeviceConfig,requesting nits when no mapping exists.]
09-20 06:37:16.494 I/am_wtf ( 1158): [0,1158,system_server,-1,DisplayDeviceConfig,requesting nits when no mapping exists.]
09-20 06:37:16.495 I/am_wtf ( 1158): [0,1158,system_server,-1,DisplayDeviceConfig,requesting nits when no mapping exists.]
09-20 06:37:16.510 I/am_wtf ( 1158): [0,1158,system_server,-1,DisplayDeviceConfig,requesting nits when no mapping exists.]
09-20 06:37:16.512 I/am_wtf ( 1158): [0,1158,system_server,-1,DisplayDeviceConfig,requesting nits when no mapping exists.]
09-20 06:37:16.527 I/am_wtf ( 1158): [0,1158,system_server,-1,DisplayDeviceConfig,requesting nits when no mapping exists.]
09-20 06:37:16.529 I/am_wtf ( 1158): [0,1158,system_server,-1,DisplayDeviceConfig,requesting nits when no mapping exists.]
09-20 06:37:16.544 I/am_wtf ( 1158): [0,1158,system_server,-1,DisplayDeviceConfig,requesting nits when no mapping exists.]
09-20 06:37:16.545 I/am_wtf ( 1158): [0,1158,system_server,-1,DisplayDeviceConfig,requesting nits when no mapping exists.]
09-20 06:37:16.560 I/am_wtf ( 1158): [0,1158,system_server,-1,DisplayDeviceConfig,requesting nits when no mapping exists.]
09-20 06:37:16.562 I/am_wtf ( 1158): [0,1158,system_server,-1,DisplayDeviceConfig,requesting nits when no mapping exists.]
09-20 06:37:16.577 I/am_wtf ( 1158): [0,1158,system_server,-1,DisplayDeviceConfig,requesting nits when no mapping exists.]
09-20 06:37:16.579 I/am_wtf ( 1158): [0,1158,system_server,-1,DisplayDeviceConfig,requesting nits when no mapping exists.]
09-20 06:37:16.594 I/am_wtf ( 1158): [0,1158,system_server,-1,DisplayDeviceConfig,requesting nits when no mapping exists.]
09-20 06:37:16.595 I/am_wtf ( 1158): [0,1158,system_server,-1,DisplayDeviceConfig,requesting nits when no mapping exists.]
09-20 06:37:16.611 I/am_wtf ( 1158): [0,1158,system_server,-1,DisplayDeviceConfig,requesting nits when no mapping exists.]
09-20 06:37:16.612 I/am_wtf ( 1158): [0,1158,system_server,-1,DisplayDeviceConfig,requesting nits when no mapping exists.]
09-20 06:37:16.628 I/am_wtf ( 1158): [0,1158,system_server,-1,DisplayDeviceConfig,requesting nits when no mapping exists.]
09-20 06:37:16.630 I/am_wtf ( 1158): [0,1158,system_server,-1,DisplayDeviceConfig,requesting nits when no mapping exists.]
09-20 06:37:16.644 I/am_wtf ( 1158): [0,1158,system_server,-1,DisplayDeviceConfig,requesting nits when no mapping exists.]
09-20 06:37:16.645 I/am_wtf ( 1158): [0,1158,system_server,-1,DisplayDeviceConfig,requesting nits when no mapping exists.]
09-20 06:37:16.661 I/am_wtf ( 1158): [0,1158,system_server,-1,DisplayDeviceConfig,requesting nits when no mapping exists.]
09-20 06:37:16.662 I/am_wtf ( 1158): [0,1158,system_server,-1,DisplayDeviceConfig,requesting nits when no mapping exists.]
09-20 06:37:16.677 I/am_wtf ( 1158): [0,1158,system_server,-1,DisplayDeviceConfig,requesting nits when no mapping exists.]
09-20 06:37:16.678 I/am_wtf ( 1158): [0,1158,system_server,-1,DisplayDeviceConfig,requesting nits when no mapping exists.]
09-20 06:37:16.694 I/am_wtf ( 1158): [0,1158,system_server,-1,DisplayDeviceConfig,requesting nits when no mapping exists.]
09-20 06:37:16.696 I/am_wtf ( 1158): [0,1158,system_server,-1,DisplayDeviceConfig,requesting nits when no mapping exists.]
09-20 06:37:16.711 I/am_wtf ( 1158): [0,1158,system_server,-1,DisplayDeviceConfig,requesting nits when no mapping exists.]
09-20 06:37:16.713 I/am_wtf ( 1158): [0,1158,system_server,-1,DisplayDeviceConfig,requesting nits when no mapping exists.]
09-20 06:37:16.736 I/am_wtf ( 1158): [0,1158,system_server,-1,DisplayDeviceConfig,requesting nits when no mapping exists.]
09-20 06:37:16.737 I/am_wtf ( 1158): [0,1158,system_server,-1,DisplayDeviceConfig,requesting nits when no mapping exists.]
09-20 06:37:16.748 I/am_wtf ( 1158): [0,1158,system_server,-1,DisplayDeviceConfig,requesting nits when no mapping exists.]
09-20 06:37:16.749 I/am_wtf ( 1158): [0,1158,system_server,-1,DisplayDeviceConfig,requesting nits when no mapping exists.]
09-20 06:37:16.761 I/am_wtf ( 1158): [0,1158,system_server,-1,DisplayDeviceConfig,requesting nits when no mapping exists.]
09-20 06:37:16.762 I/am_wtf ( 1158): [0,1158,system_server,-1,DisplayDeviceConfig,requesting nits when no mapping exists.]
09-20 06:37:16.778 I/am_wtf ( 1158): [0,1158,system_server,-1,DisplayDeviceConfig,requesting nits when no mapping exists.]
09-20 06:37:16.780 I/am_wtf ( 1158): [0,1158,system_server,-1,DisplayDeviceConfig,requesting nits when no mapping exists.]
09-20 06:37:16.795 I/am_wtf ( 1158): [0,1158,system_server,-1,DisplayDeviceConfig,requesting nits when no mapping exists.]
09-20 06:37:16.796 I/am_wtf ( 1158): [0,1158,system_server,-1,DisplayDeviceConfig,requesting nits when no mapping exists.]
09-20 06:37:16.811 I/am_wtf ( 1158): [0,1158,system_server,-1,DisplayDeviceConfig,requesting nits when no mapping exists.]
09-20 06:37:16.812 I/am_wtf ( 1158): [0,1158,system_server,-1,DisplayDeviceConfig,requesting nits when no mapping exists.]
09-20 06:37:16.828 I/am_wtf ( 1158): [0,1158,system_server,-1,DisplayDeviceConfig,requesting nits when no mapping exists.]
09-20 06:37:16.829 I/am_wtf ( 1158): [0,1158,system_server,-1,DisplayDeviceConfig,requesting nits when no mapping exists.]
09-20 06:37:16.845 I/am_wtf ( 1158): [0,1158,system_server,-1,DisplayDeviceConfig,requesting nits when no mapping exists.]
09-20 06:37:16.846 I/am_wtf ( 1158): [0,1158,system_server,-1,DisplayDeviceConfig,requesting nits when no mapping exists.]
09-20 06:37:16.861 I/am_wtf ( 1158): [0,1158,system_server,-1,DisplayDeviceConfig,requesting nits when no mapping exists.]
09-20 06:37:16.862 I/service_manager_stats( 1158): [100,91,53686]
09-20 06:37:16.862 I/am_wtf ( 1158): [0,1158,system_server,-1,DisplayDeviceConfig,requesting nits when no mapping exists.]
09-20 06:37:16.878 I/am_wtf ( 1158): [0,1158,system_server,-1,DisplayDeviceConfig,requesting nits when no mapping exists.]
09-20 06:37:16.880 I/am_wtf ( 1158): [0,1158,system_server,-1,DisplayDeviceConfig,requesting nits when no mapping exists.]
09-20 06:37:16.895 I/am_wtf ( 1158): [0,1158,system_server,-1,DisplayDeviceConfig,requesting nits when no mapping exists.]
09-20 06:37:16.896 I/am_wtf ( 1158): [0,1158,system_server,-1,DisplayDeviceConfig,requesting nits when no mapping exists.]
09-20 06:37:16.911 I/am_wtf ( 1158): [0,1158,system_server,-1,DisplayDeviceConfig,requesting nits when no mapping exists.]
09-20 06:37:16.912 I/am_wtf ( 1158): [0,1158,system_server,-1,DisplayDeviceConfig,requesting nits when no mapping exists.]
09-20 06:37:16.928 I/am_wtf ( 1158): [0,1158,system_server,-1,DisplayDeviceConfig,requesting nits when no mapping exists.]
09-20 06:37:16.929 I/am_wtf ( 1158): [0,1158,system_server,-1,DisplayDeviceConfig,requesting nits when no mapping exists.]
09-20 06:37:16.945 I/am_wtf ( 1158): [0,1158,system_server,-1,DisplayDeviceConfig,requesting nits when no mapping exists.]
09-20 06:37:16.946 I/am_wtf ( 1158): [0,1158,system_server,-1,DisplayDeviceConfig,requesting nits when no mapping exists.]
09-20 06:37:16.962 I/am_wtf ( 1158): [0,1158,system_server,-1,DisplayDeviceConfig,requesting nits when no mapping exists.]
09-20 06:37:16.963 I/am_wtf ( 1158): [0,1158,system_server,-1,DisplayDeviceConfig,requesting nits when no mapping exists.]
09-20 06:37:16.978 I/am_wtf ( 1158): [0,1158,system_server,-1,DisplayDeviceConfig,requesting nits when no mapping exists.]
09-20 06:37:16.980 I/am_wtf ( 1158): [0,1158,system_server,-1,DisplayDeviceConfig,requesting nits when no mapping exists.]
09-20 06:37:16.994 I/am_wtf ( 1158): [0,1158,system_server,-1,DisplayDeviceConfig,requesting nits when no mapping exists.]
09-20 06:37:16.996 I/am_wtf ( 1158): [0,1158,system_server,-1,DisplayDeviceConfig,requesting nits when no mapping exists.]
09-20 06:37:23.042 I/sysui_multi_action( 1158): [757,222,758,1]
09-20 06:37:23.044 I/sysui_multi_action( 1158): [757,316,758,4,759,7]
09-20 06:37:23.048 I/am_uid_active( 1158): 10066
09-20 06:37:23.056 I/am_kill ( 1158): [0,16233,com.android.settings,900,crash]
09-20 06:37:23.084 I/am_pss ( 1158): [16290,10065,com.android.gallery3d,9097216,6373376,0,94691328,0,19,10]
09-20 06:37:23.094 I/input_focus( 1158): [Focus request 4bde657 com.android.launcher3/com.android.launcher3.uioverrides.QuickstepLauncher,reason=UpdateInputWindows]
09-20 06:37:23.096 I/wm_task_created( 1158): [110,-1]
09-20 06:37:23.097 I/am_pss ( 1158): [16198,10070,com.android.music,7497728,4624384,0,91713536,0,19,10]
09-20 06:37:23.099 I/wm_task_moved( 1158): [110,1,6]
09-20 06:37:23.099 I/wm_task_to_front( 1158): [0,110]
09-20 06:37:23.100 I/wm_create_task( 1158): [0,110]
09-20 06:37:23.100 I/wm_create_activity( 1158): [0,219208879,110,com.android.deskclock/android.service.dreams.DreamActivity,NULL,NULL,NULL,276824064]
09-20 06:37:23.100 I/wm_task_moved( 1158): [110,1,6]
09-20 06:37:23.100 I/wm_on_top_resumed_lost_called( 8801): [213932593,com.android.launcher3.uioverrides.QuickstepLauncher,topStateChangedWhenResumed]
09-20 06:37:23.101 I/wm_pause_activity( 1158): [0,213932593,com.android.launcher3/.uioverrides.QuickstepLauncher,userLeaving=true,pauseBackTasks]
09-20 06:37:23.110 I/input_focus( 1158): [Focus entering 4bde657 com.android.launcher3/com.android.launcher3.uioverrides.QuickstepLauncher (server),reason=setFocusedWindow]
09-20 06:37:23.124 I/wm_on_paused_called( 8801): [213932593,com.android.launcher3.uioverrides.QuickstepLauncher,performPause]
09-20 06:37:23.130 I/wm_add_to_stopping( 1158): [0,213932593,com.android.launcher3/.uioverrides.QuickstepLauncher,makeInvisible]
09-20 06:37:23.130 I/wm_restart_activity( 1158): [0,219208879,110,com.android.deskclock/android.service.dreams.DreamActivity]
09-20 06:37:23.133 I/wm_set_resumed_activity( 1158): [0,com.android.deskclock/android.service.dreams.DreamActivity,minimalResumeActivityLocked]
09-20 06:37:23.141 I/wm_on_create_called( 5400): [219208879,android.service.dreams.DreamActivity,performCreate]
09-20 06:37:23.142 I/wm_on_start_called( 5400): [219208879,android.service.dreams.DreamActivity,handleStartActivity]
09-20 06:37:23.144 I/wm_on_resume_called( 5400): [219208879,android.service.dreams.DreamActivity,RESUME_ACTIVITY]
09-20 06:37:23.149 I/sysui_multi_action( 1158): [757,803,799,window_time_0,802,59]
09-20 06:37:23.153 I/wm_on_top_resumed_gained_called( 5400): [219208879,android.service.dreams.DreamActivity,topStateChangedWhenResumed]
09-20 06:37:23.160 I/input_focus( 1158): [Focus leaving 4bde657 com.android.launcher3/com.android.launcher3.uioverrides.QuickstepLauncher (server),reason=NO_WINDOW]
09-20 06:37:23.187 I/sysui_multi_action( 2202): [757,111,758,2]
09-20 06:37:23.187 I/sysui_multi_action( 2202): [757,111,758,2]
09-20 06:37:23.187 I/input_focus( 1158): [Focus request 1894cb com.android.deskclock/android.service.dreams.DreamActivity,reason=UpdateInputWindows]
09-20 06:37:23.213 I/sysui_multi_action( 2202): [757,111,758,1]
09-20 06:37:23.213 I/sysui_multi_action( 2202): [757,126,758,1,759,126,927,0,928,0,1593,0]
09-20 06:37:23.214 I/sysui_multi_action( 2202): [757,113,758,1,759,113,927,1,928,1,1593,0]
09-20 06:37:23.214 I/sysui_multi_action( 2202): [757,0,758,1,759,0,927,2,928,0,1593,1]
09-20 06:37:23.214 I/sysui_multi_action( 2202): [757,0,758,1,759,0,927,3,928,0,1593,1]
09-20 06:37:23.214 I/sysui_multi_action( 2202): [757,1706,758,1,759,1706,927,4,928,0,1593,1]
09-20 06:37:23.215 I/sysui_multi_action( 2202): [757,491,758,1,759,491,927,5,928,0,1311,-1,1593,0]
09-20 06:37:23.215 I/sysui_multi_action( 2202): [757,0,758,1,759,0,927,6,928,0,1593,0]
09-20 06:37:23.215 I/sysui_multi_action( 2202): [757,0,758,1,759,0,927,7,1593,0]
09-20 06:37:23.215 I/sysui_multi_action( 2202): [757,114,758,1,759,114,927,8,928,0,1593,0]
09-20 06:37:23.215 I/sysui_multi_action( 1158): [319,114,322,112,325,9818,757,761,758,8,759,2,806,com.android.deskclock,871,android.service.dreams.DreamActivity,904,com.android.deskclock,905,0,1320,4,1321,1]
09-20 06:37:23.215 I/sysui_multi_action( 2202): [757,111,758,1]
09-20 06:37:23.216 I/sysui_multi_action( 2202): [757,126,758,1,759,126,927,0,928,0,1593,1]
09-20 06:37:23.216 I/sysui_multi_action( 2202): [757,113,758,1,759,113,927,1,928,1,1593,1]
09-20 06:37:23.216 I/sysui_multi_action( 2202): [757,0,758,1,759,0,927,2,928,0,1593,1]
09-20 06:37:23.216 I/sysui_multi_action( 2202): [757,0,758,1,759,0,927,3,928,0,1593,1]
09-20 06:37:23.216 I/wm_activity_launch_time( 1158): [0,219208879,com.android.deskclock/android.service.dreams.DreamActivity,112]
09-20 06:37:23.217 I/dvm_lock_sample( 1158): [system_server,1,android.display,13,WindowManagerService.java,5184,void com.android.server.wm.WindowManagerService$H.handleMessage(android.os.Message),ActivityTaskManagerService.java,5276,void com.android.server.wm.ActivityTaskManagerService$LocalService.notifyKeyguardFlagsChanged(java.lang.Runnable, int),2]
09-20 06:37:23.218 I/sysui_multi_action( 1158): [757,1696,758,6,759,3]
09-20 06:37:23.238 I/am_wtf ( 1158): [0,1158,system_server,-1,DisplayDeviceConfig,requesting nits when no mapping exists.]
09-20 06:37:23.240 I/am_wtf ( 1158): [0,1158,system_server,-1,DisplayDeviceConfig,requesting nits when no mapping exists.]
09-20 06:37:23.244 I/input_focus( 1158): [Focus entering 1894cb com.android.deskclock/android.service.dreams.DreamActivity (server),reason=Window became focusable. Previous reason: NOT_VISIBLE]
09-20 06:37:23.245 I/am_wtf ( 1158): [0,1158,system_server,-1,DisplayDeviceConfig,requesting nits when no mapping exists.]
09-20 06:37:23.256 I/am_wtf ( 1158): [0,1158,system_server,-1,DisplayDeviceConfig,requesting nits when no mapping exists.]
09-20 06:37:23.262 I/am_wtf ( 1158): [0,1158,system_server,-1,DisplayDeviceConfig,requesting nits when no mapping exists.]
09-20 06:37:23.273 I/am_wtf ( 1158): [0,1158,system_server,-1,DisplayDeviceConfig,requesting nits when no mapping exists.]
09-20 06:37:23.295 I/am_wtf ( 1158): [0,1158,system_server,-1,DisplayDeviceConfig,requesting nits when no mapping exists.]
09-20 06:37:23.296 I/am_wtf ( 1158): [0,1158,system_server,-1,DisplayDeviceConfig,requesting nits when no mapping exists.]
09-20 06:37:23.310 I/am_wtf ( 1158): [0,1158,system_server,-1,DisplayDeviceConfig,requesting nits when no mapping exists.]
09-20 06:37:23.312 I/am_wtf ( 1158): [0,1158,system_server,-1,DisplayDeviceConfig,requesting nits when no mapping exists.]
09-20 06:37:23.327 I/am_wtf ( 1158): [0,1158,system_server,-1,DisplayDeviceConfig,requesting nits when no mapping exists.]
09-20 06:37:23.337 I/am_wtf ( 1158): [0,1158,system_server,-1,DisplayDeviceConfig,requesting nits when no mapping exists.]
