09-20 06:00:06.051 I/am_wtf ( 1158): [0,1158,system_server,-1,DisplayDeviceConfig,requesting nits when no mapping exists.]
09-20 06:00:06.065 I/am_wtf ( 1158): [0,1158,system_server,-1,DisplayDeviceConfig,requesting nits when no mapping exists.]
09-20 06:00:06.067 I/am_wtf ( 1158): [0,1158,system_server,-1,DisplayDeviceConfig,requesting nits when no mapping exists.]
09-20 06:00:06.082 I/am_wtf ( 1158): [0,1158,system_server,-1,DisplayDeviceConfig,requesting nits when no mapping exists.]
09-20 06:00:06.083 I/am_wtf ( 1158): [0,1158,system_server,-1,DisplayDeviceConfig,requesting nits when no mapping exists.]
09-20 06:00:06.098 I/am_wtf ( 1158): [0,1158,system_server,-1,DisplayDeviceConfig,requesting nits when no mapping exists.]
09-20 06:00:06.099 I/am_wtf ( 1158): [0,1158,system_server,-1,DisplayDeviceConfig,requesting nits when no mapping exists.]
09-20 06:00:06.115 I/am_wtf ( 1158): [0,1158,system_server,-1,DisplayDeviceConfig,requesting nits when no mapping exists.]
09-20 06:00:06.116 I/am_wtf ( 1158): [0,1158,system_server,-1,DisplayDeviceConfig,requesting nits when no mapping exists.]
09-20 06:00:06.132 I/am_wtf ( 1158): [0,1158,system_server,-1,DisplayDeviceConfig,requesting nits when no mapping exists.]
09-20 06:00:06.133 I/am_wtf ( 1158): [0,1158,system_server,-1,DisplayDeviceConfig,requesting nits when no mapping exists.]
09-20 06:00:06.148 I/am_wtf ( 1158): [0,1158,system_server,-1,DisplayDeviceConfig,requesting nits when no mapping exists.]
09-20 06:00:06.150 I/am_wtf ( 1158): [0,1158,system_server,-1,DisplayDeviceConfig,requesting nits when no mapping exists.]
09-20 06:00:06.165 I/am_wtf ( 1158): [0,1158,system_server,-1,DisplayDeviceConfig,requesting nits when no mapping exists.]
09-20 06:00:06.168 I/am_wtf ( 1158): [0,1158,system_server,-1,DisplayDeviceConfig,requesting nits when no mapping exists.]
09-20 06:00:06.182 I/am_wtf ( 1158): [0,1158,system_server,-1,DisplayDeviceConfig,requesting nits when no mapping exists.]
09-20 06:00:06.183 I/am_wtf ( 1158): [0,1158,system_server,-1,DisplayDeviceConfig,requesting nits when no mapping exists.]
09-20 06:00:06.202 I/am_wtf ( 1158): [0,1158,system_server,-1,DisplayDeviceConfig,requesting nits when no mapping exists.]
09-20 06:00:06.203 I/am_wtf ( 1158): [0,1158,system_server,-1,DisplayDeviceConfig,requesting nits when no mapping exists.]
09-20 06:00:06.215 I/am_wtf ( 1158): [0,1158,system_server,-1,DisplayDeviceConfig,requesting nits when no mapping exists.]
09-20 06:00:06.217 I/am_wtf ( 1158): [0,1158,system_server,-1,DisplayDeviceConfig,requesting nits when no mapping exists.]
09-20 06:00:06.232 I/am_wtf ( 1158): [0,1158,system_server,-1,DisplayDeviceConfig,requesting nits when no mapping exists.]
09-20 06:00:06.233 I/am_wtf ( 1158): [0,1158,system_server,-1,DisplayDeviceConfig,requesting nits when no mapping exists.]
09-20 06:00:06.249 I/am_wtf ( 1158): [0,1158,system_server,-1,DisplayDeviceConfig,requesting nits when no mapping exists.]
09-20 06:00:06.252 I/am_wtf ( 1158): [0,1158,system_server,-1,DisplayDeviceConfig,requesting nits when no mapping exists.]
09-20 06:00:12.519 I/sysui_multi_action( 1158): [757,222,758,1]
09-20 06:00:12.552 I/wm_task_created( 1158): [83,-1]
09-20 06:00:12.557 I/wm_task_moved( 1158): [83,1,6]
09-20 06:00:12.557 I/wm_task_to_front( 1158): [0,83]
09-20 06:00:12.557 I/am_pss ( 1158): [13076,10065,com.android.gallery3d,32360448,22093824,0,163217408,0,18,14]
09-20 06:00:12.558 I/wm_create_task( 1158): [0,83]
09-20 06:00:12.558 I/wm_create_activity( 1158): [0,134962395,83,com.android.deskclock/android.service.dreams.DreamActivity,NULL,NULL,NULL,276824064]
09-20 06:00:12.558 I/wm_task_moved( 1158): [83,1,6]
09-20 06:00:12.558 I/wm_on_top_resumed_lost_called( 8801): [213932593,com.android.launcher3.uioverrides.QuickstepLauncher,topStateChangedWhenResumed]
09-20 06:00:12.562 I/wm_pause_activity( 1158): [0,213932593,com.android.launcher3/.uioverrides.QuickstepLauncher,userLeaving=true,pauseBackTasks]
09-20 06:00:12.572 I/wm_on_paused_called( 8801): [213932593,com.android.launcher3.uioverrides.QuickstepLauncher,performPause]
09-20 06:00:12.575 I/am_pss ( 1158): [12880,1000,com.android.settings,58524672,43028480,0,191188992,0,18,14]
09-20 06:00:12.578 I/wm_add_to_stopping( 1158): [0,213932593,com.android.launcher3/.uioverrides.QuickstepLauncher,makeInvisible]
09-20 06:00:12.579 I/wm_restart_activity( 1158): [0,134962395,83,com.android.deskclock/android.service.dreams.DreamActivity]
09-20 06:00:12.581 I/wm_set_resumed_activity( 1158): [0,com.android.deskclock/android.service.dreams.DreamActivity,minimalResumeActivityLocked]
09-20 06:00:12.588 I/am_pss ( 1158): [13276,1000,com.qti.diagservices,7096320,4075520,0,94998528,0,10,10]
09-20 06:00:12.596 I/wm_on_create_called( 5400): [134962395,android.service.dreams.DreamActivity,performCreate]
09-20 06:00:12.596 I/input_focus( 1158): [Focus leaving 4bde657 com.android.launcher3/com.android.launcher3.uioverrides.QuickstepLauncher (server),reason=NO_WINDOW]
09-20 06:00:12.597 I/wm_on_start_called( 5400): [134962395,android.service.dreams.DreamActivity,handleStartActivity]
09-20 06:00:12.602 I/sysui_multi_action( 1158): [757,803,799,window_time_0,802,61]
09-20 06:00:12.604 I/wm_on_resume_called( 5400): [134962395,android.service.dreams.DreamActivity,RESUME_ACTIVITY]
09-20 06:00:12.610 I/wm_on_top_resumed_gained_called( 5400): [134962395,android.service.dreams.DreamActivity,topStateChangedWhenResumed]
09-20 06:00:12.632 I/input_focus( 1158): [Focus request 958ebb7 com.android.deskclock/android.service.dreams.DreamActivity,reason=UpdateInputWindows]
09-20 06:00:12.636 I/sysui_multi_action( 2202): [757,111,758,2]
09-20 06:00:12.637 I/sysui_multi_action( 2202): [757,111,758,2]
09-20 06:00:12.654 I/sysui_multi_action( 1158): [319,97,322,95,325,7587,757,761,758,8,759,2,806,com.android.deskclock,871,android.service.dreams.DreamActivity,904,com.android.deskclock,905,0,1320,4,1321,1]
09-20 06:00:12.656 I/wm_activity_launch_time( 1158): [0,134962395,com.android.deskclock/android.service.dreams.DreamActivity,95]
09-20 06:00:12.661 I/sysui_multi_action( 1158): [757,1696,758,6,759,3]
09-20 06:00:12.662 I/sysui_multi_action( 2202): [757,111,758,1]
09-20 06:00:12.662 I/sysui_multi_action( 2202): [757,126,758,1,759,126,927,0,928,0,1593,1]
09-20 06:00:12.662 I/sysui_multi_action( 2202): [757,113,758,1,759,113,927,1,928,1,1593,1]
09-20 06:00:12.662 I/sysui_multi_action( 2202): [757,0,758,1,759,0,927,2,928,0,1593,1]
09-20 06:00:12.662 I/sysui_multi_action( 2202): [757,0,758,1,759,0,927,3,928,0,1593,1]
09-20 06:00:12.662 I/sysui_multi_action( 2202): [757,1706,758,1,759,1706,927,4,928,0,1593,1]
09-20 06:00:12.663 I/sysui_multi_action( 2202): [757,491,758,1,759,491,927,5,928,0,1311,-1,1593,0]
09-20 06:00:12.663 I/sysui_multi_action( 2202): [757,0,758,1,759,0,927,6,928,0,1593,0]
09-20 06:00:12.663 I/sysui_multi_action( 2202): [757,0,758,1,759,0,927,7,1593,0]
09-20 06:00:12.663 I/sysui_multi_action( 2202): [757,114,758,1,759,114,927,8,928,0,1593,0]
09-20 06:00:12.663 I/sysui_multi_action( 2202): [757,111,758,1]
09-20 06:00:12.663 I/sysui_multi_action( 2202): [757,126,758,1,759,126,927,0,928,0,1593,1]
09-20 06:00:12.663 I/sysui_multi_action( 2202): [757,113,758,1,759,113,927,1,928,1,1593,1]
09-20 06:00:12.663 I/sysui_multi_action( 2202): [757,0,758,1,759,0,927,2,928,0,1593,1]
09-20 06:00:12.663 I/sysui_multi_action( 2202): [757,0,758,1,759,0,927,3,928,0,1593,1]
09-20 06:00:12.666 I/am_wtf ( 1158): [0,1158,system_server,-1,DisplayDeviceConfig,requesting nits when no mapping exists.]
09-20 06:00:12.668 I/am_wtf ( 1158): [0,1158,system_server,-1,DisplayDeviceConfig,requesting nits when no mapping exists.]
09-20 06:00:12.686 I/input_focus( 1158): [Focus entering 958ebb7 com.android.deskclock/android.service.dreams.DreamActivity (server),reason=Window became focusable. Previous reason: NOT_VISIBLE]
09-20 06:00:12.706 I/am_wtf ( 1158): [0,1158,system_server,-1,DisplayDeviceConfig,requesting nits when no mapping exists.]
09-20 06:00:12.708 I/am_wtf ( 1158): [0,1158,system_server,-1,DisplayDeviceConfig,requesting nits when no mapping exists.]
09-20 06:00:12.731 I/am_wtf ( 1158): [0,1158,system_server,-1,DisplayDeviceConfig,requesting nits when no mapping exists.]
09-20 06:00:12.733 I/am_wtf ( 1158): [0,1158,system_server,-1,DisplayDeviceConfig,requesting nits when no mapping exists.]
09-20 06:00:12.767 I/am_wtf ( 1158): [0,1158,system_server,-1,DisplayDeviceConfig,requesting nits when no mapping exists.]
09-20 06:00:12.769 I/am_wtf ( 1158): [0,1158,system_server,-1,DisplayDeviceConfig,requesting nits when no mapping exists.]
09-20 06:00:12.799 I/am_wtf ( 1158): [0,1158,system_server,-1,DisplayDeviceConfig,requesting nits when no mapping exists.]
09-20 06:00:12.800 I/am_wtf ( 1158): [0,1158,system_server,-1,DisplayDeviceConfig,requesting nits when no mapping exists.]
09-20 06:00:12.832 I/am_wtf ( 1158): [0,1158,system_server,-1,DisplayDeviceConfig,requesting nits when no mapping exists.]
09-20 06:00:12.833 I/am_wtf ( 1158): [0,1158,system_server,-1,DisplayDeviceConfig,requesting nits when no mapping exists.]
09-20 06:00:12.866 I/am_wtf ( 1158): [0,1158,system_server,-1,DisplayDeviceConfig,requesting nits when no mapping exists.]
09-20 06:00:12.868 I/am_wtf ( 1158): [0,1158,system_server,-1,DisplayDeviceConfig,requesting nits when no mapping exists.]
09-20 06:00:12.899 I/am_wtf ( 1158): [0,1158,system_server,-1,DisplayDeviceConfig,requesting nits when no mapping exists.]
09-20 06:00:12.902 I/am_wtf ( 1158): [0,1158,system_server,-1,DisplayDeviceConfig,requesting nits when no mapping exists.]
09-20 06:00:12.937 I/am_wtf ( 1158): [0,1158,system_server,-1,DisplayDeviceConfig,requesting nits when no mapping exists.]
09-20 06:00:12.938 I/am_wtf ( 1158): [0,1158,system_server,-1,DisplayDeviceConfig,requesting nits when no mapping exists.]
09-20 06:00:12.940 I/wm_stop_activity( 1158): [0,213932593,com.android.launcher3/.uioverrides.QuickstepLauncher]
09-20 06:00:12.965 I/am_wtf ( 1158): [0,1158,system_server,-1,DisplayDeviceConfig,requesting nits when no mapping exists.]
09-20 06:00:12.968 I/am_wtf ( 1158): [0,1158,system_server,-1,DisplayDeviceConfig,requesting nits when no mapping exists.]
09-20 06:00:12.976 I/wm_on_stop_called( 8801): [213932593,com.android.launcher3.uioverrides.QuickstepLauncher,STOP_ACTIVITY_ITEM]
09-20 06:00:13.000 I/am_wtf ( 1158): [0,1158,system_server,-1,DisplayDeviceConfig,requesting nits when no mapping exists.]
09-20 06:00:13.002 I/am_wtf ( 1158): [0,1158,system_server,-1,DisplayDeviceConfig,requesting nits when no mapping exists.]
09-20 06:00:13.034 I/am_wtf ( 1158): [0,1158,system_server,-1,DisplayDeviceConfig,requesting nits when no mapping exists.]
09-20 06:00:13.035 I/am_wtf ( 1158): [0,1158,system_server,-1,DisplayDeviceConfig,requesting nits when no mapping exists.]
09-20 06:00:13.073 I/am_wtf ( 1158): [0,1158,system_server,-1,DisplayDeviceConfig,requesting nits when no mapping exists.]
09-20 06:00:13.075 I/am_wtf ( 1158): [0,1158,system_server,-1,DisplayDeviceConfig,requesting nits when no mapping exists.]
09-20 06:00:13.099 I/am_wtf ( 1158): [0,1158,system_server,-1,DisplayDeviceConfig,requesting nits when no mapping exists.]
09-20 06:00:13.101 I/am_wtf ( 1158): [0,1158,system_server,-1,DisplayDeviceConfig,requesting nits when no mapping exists.]
09-20 06:00:13.117 I/am_wtf ( 1158): [0,1158,system_server,-1,DisplayDeviceConfig,requesting nits when no mapping exists.]
09-20 06:00:13.126 I/am_wtf ( 1158): [0,1158,system_server,-1,DisplayDeviceConfig,requesting nits when no mapping exists.]
09-20 06:00:13.132 I/am_wtf ( 1158): [0,1158,system_server,-1,DisplayDeviceConfig,requesting nits when no mapping exists.]
09-20 06:00:13.136 I/am_wtf ( 1158): [0,1158,system_server,-1,DisplayDeviceConfig,requesting nits when no mapping exists.]
09-20 06:00:13.149 I/am_wtf ( 1158): [0,1158,system_server,-1,DisplayDeviceConfig,requesting nits when no mapping exists.]
09-20 06:00:13.151 I/am_wtf ( 1158): [0,1158,system_server,-1,DisplayDeviceConfig,requesting nits when no mapping exists.]
09-20 06:00:13.166 I/am_wtf ( 1158): [0,1158,system_server,-1,DisplayDeviceConfig,requesting nits when no mapping exists.]
09-20 06:00:13.170 I/am_wtf ( 1158): [0,1158,system_server,-1,DisplayDeviceConfig,requesting nits when no mapping exists.]
09-20 06:00:13.184 I/am_wtf ( 1158): [0,1158,system_server,-1,DisplayDeviceConfig,requesting nits when no mapping exists.]
09-20 06:00:13.186 I/am_wtf ( 1158): [0,1158,system_server,-1,DisplayDeviceConfig,requesting nits when no mapping exists.]
09-20 06:00:13.217 I/am_wtf ( 1158): [0,1158,system_server,-1,DisplayDeviceConfig,requesting nits when no mapping exists.]
09-20 06:00:13.219 I/am_wtf ( 1158): [0,1158,system_server,-1,DisplayDeviceConfig,requesting nits when no mapping exists.]
09-20 06:00:13.233 I/am_wtf ( 1158): [0,1158,system_server,-1,DisplayDeviceConfig,requesting nits when no mapping exists.]
09-20 06:00:13.236 I/am_wtf ( 1158): [0,1158,system_server,-1,DisplayDeviceConfig,requesting nits when no mapping exists.]
09-20 06:00:13.249 I/am_wtf ( 1158): [0,1158,system_server,-1,DisplayDeviceConfig,requesting nits when no mapping exists.]
09-20 06:00:13.251 I/am_wtf ( 1158): [0,1158,system_server,-1,DisplayDeviceConfig,requesting nits when no mapping exists.]
09-20 06:00:13.268 I/am_wtf ( 1158): [0,1158,system_server,-1,DisplayDeviceConfig,requesting nits when no mapping exists.]
09-20 06:00:13.269 I/am_wtf ( 1158): [0,1158,system_server,-1,DisplayDeviceConfig,requesting nits when no mapping exists.]
09-20 06:00:13.301 I/am_wtf ( 1158): [0,1158,system_server,-1,DisplayDeviceConfig,requesting nits when no mapping exists.]
09-20 06:00:13.302 I/am_wtf ( 1158): [0,1158,system_server,-1,DisplayDeviceConfig,requesting nits when no mapping exists.]
09-20 06:00:13.333 I/am_wtf ( 1158): [0,1158,system_server,-1,DisplayDeviceConfig,requesting nits when no mapping exists.]
09-20 06:00:13.335 I/am_wtf ( 1158): [0,1158,system_server,-1,DisplayDeviceConfig,requesting nits when no mapping exists.]
09-20 06:00:13.366 I/am_wtf ( 1158): [0,1158,system_server,-1,DisplayDeviceConfig,requesting nits when no mapping exists.]
09-20 06:00:13.369 I/am_wtf ( 1158): [0,1158,system_server,-1,DisplayDeviceConfig,requesting nits when no mapping exists.]
09-20 06:00:13.400 I/am_wtf ( 1158): [0,1158,system_server,-1,DisplayDeviceConfig,requesting nits when no mapping exists.]
09-20 06:00:13.405 I/am_wtf ( 1158): [0,1158,system_server,-1,DisplayDeviceConfig,requesting nits when no mapping exists.]
09-20 06:00:13.417 I/am_wtf ( 1158): [0,1158,system_server,-1,DisplayDeviceConfig,requesting nits when no mapping exists.]
09-20 06:00:13.419 I/am_wtf ( 1158): [0,1158,system_server,-1,DisplayDeviceConfig,requesting nits when no mapping exists.]
09-20 06:00:13.450 I/am_wtf ( 1158): [0,1158,system_server,-1,DisplayDeviceConfig,requesting nits when no mapping exists.]
09-20 06:00:13.453 I/am_wtf ( 1158): [0,1158,system_server,-1,DisplayDeviceConfig,requesting nits when no mapping exists.]
09-20 06:00:13.467 I/am_wtf ( 1158): [0,1158,system_server,-1,DisplayDeviceConfig,requesting nits when no mapping exists.]
09-20 06:00:13.469 I/am_wtf ( 1158): [0,1158,system_server,-1,DisplayDeviceConfig,requesting nits when no mapping exists.]
09-20 06:00:13.500 I/am_wtf ( 1158): [0,1158,system_server,-1,DisplayDeviceConfig,requesting nits when no mapping exists.]
09-20 06:00:13.502 I/am_wtf ( 1158): [0,1158,system_server,-1,DisplayDeviceConfig,requesting nits when no mapping exists.]
09-20 06:00:13.503 I/service_manager_stats( 1158): [100,135,7569]
09-20 06:00:13.518 I/am_wtf ( 1158): [0,1158,system_server,-1,DisplayDeviceConfig,requesting nits when no mapping exists.]
09-20 06:00:13.526 I/am_wtf ( 1158): [0,1158,system_server,-1,DisplayDeviceConfig,requesting nits when no mapping exists.]
09-20 06:00:13.553 I/am_wtf ( 1158): [0,1158,system_server,-1,DisplayDeviceConfig,requesting nits when no mapping exists.]
09-20 06:00:13.554 I/am_wtf ( 1158): [0,1158,system_server,-1,DisplayDeviceConfig,requesting nits when no mapping exists.]
09-20 06:00:13.584 I/am_wtf ( 1158): [0,1158,system_server,-1,DisplayDeviceConfig,requesting nits when no mapping exists.]
09-20 06:00:13.587 I/am_wtf ( 1158): [0,1158,system_server,-1,DisplayDeviceConfig,requesting nits when no mapping exists.]
09-20 06:00:13.601 I/am_wtf ( 1158): [0,1158,system_server,-1,DisplayDeviceConfig,requesting nits when no mapping exists.]
09-20 06:00:13.603 I/am_wtf ( 1158): [0,1158,system_server,-1,DisplayDeviceConfig,requesting nits when no mapping exists.]
09-20 06:00:13.635 I/am_wtf ( 1158): [0,1158,system_server,-1,DisplayDeviceConfig,requesting nits when no mapping exists.]
09-20 06:00:13.642 I/am_wtf ( 1158): [0,1158,system_server,-1,DisplayDeviceConfig,requesting nits when no mapping exists.]
09-20 06:01:04.077 I/input_interaction( 1158): Interaction with: 958ebb7 com.android.deskclock/android.service.dreams.DreamActivity (server), edge-swipe (server), swipe-up (server), PointerEventDispatcher0 (server),
09-20 06:01:04.081 I/wm_finish_activity( 1158): [0,134962395,83,com.android.deskclock/android.service.dreams.DreamActivity,finish-activity]
09-20 06:01:04.082 I/wm_task_moved( 1158): [1,1,5]
09-20 06:01:04.083 I/wm_task_moved( 1158): [44,1,2147483647]
09-20 06:01:04.083 I/wm_task_to_front( 1158): [0,44]
09-20 06:01:04.083 I/wm_focused_root_task( 1158): [0,0,1,83,finish-top adjustFocusToNextFocusableTask]
09-20 06:01:04.083 I/wm_set_resumed_activity( 1158): [0,com.android.launcher3/.uioverrides.QuickstepLauncher,finish-top adjustFocusToNextFocusableTask]
09-20 06:01:04.086 I/wm_pause_activity( 1158): [0,134962395,com.android.deskclock/android.service.dreams.DreamActivity,userLeaving=false,finish]
09-20 06:01:04.093 I/wm_on_top_resumed_lost_called( 5400): [134962395,android.service.dreams.DreamActivity,topStateChangedWhenResumed]
09-20 06:01:04.095 I/sysui_multi_action( 1158): [757,803,799,window_time_0,802,51]
09-20 06:01:04.095 I/wm_on_paused_called( 5400): [134962395,android.service.dreams.DreamActivity,performPause]
09-20 06:01:04.096 I/wm_add_to_stopping( 1158): [0,134962395,com.android.deskclock/android.service.dreams.DreamActivity,completeFinishing]
09-20 06:01:04.099 I/wm_set_resumed_activity( 1158): [0,com.android.launcher3/.uioverrides.QuickstepLauncher,resumeTopActivityInnerLocked]
09-20 06:01:04.100 I/wm_resume_activity( 1158): [0,213932593,44,com.android.launcher3/.uioverrides.QuickstepLauncher]
09-20 06:01:04.105 I/view_enqueue_input_event( 5400): [Motion - Cancel,com.android.deskclock/android.service.dreams.DreamActivity]
09-20 06:01:04.105 I/input_focus( 1158): [Focus leaving 958ebb7 com.android.deskclock/android.service.dreams.DreamActivity (server),reason=NO_WINDOW]
09-20 06:01:04.113 I/input_interaction( 1158): Interaction with: edge-swipe (server), swipe-up (server), PointerEventDispatcher0 (server),
09-20 06:01:04.122 I/dvm_lock_sample( 1158): [system_server,1,android.display,25,ActivityTaskSupervisor.java,2557,void com.android.server.wm.ActivityTaskSupervisor$ActivityTaskSupervisorHandler.handleMessage(android.os.Message),TaskChangeNotificationController.java,342,void com.android.server.wm.TaskChangeNotificationController.forAllLocalListeners(com.android.server.wm.TaskChangeNotificationController$TaskStackConsumer, android.os.Message),5]
09-20 06:01:04.129 I/sysui_multi_action( 1158): [757,803,799,window_time_0,802,0]
09-20 06:01:04.132 I/wm_on_restart_called( 8801): [213932593,com.android.launcher3.uioverrides.QuickstepLauncher,performRestartActivity]
09-20 06:01:04.133 I/wm_on_start_called( 8801): [213932593,com.android.launcher3.uioverrides.QuickstepLauncher,handleStartActivity]
09-20 06:01:04.133 I/wm_on_resume_called( 8801): [213932593,com.android.launcher3.uioverrides.QuickstepLauncher,RESUME_ACTIVITY]
09-20 06:01:04.133 I/wm_on_top_resumed_gained_called( 8801): [213932593,com.android.launcher3.uioverrides.QuickstepLauncher,topWhenResuming]
09-20 06:01:04.147 I/input_focus( 1158): [Focus request 4bde657 com.android.launcher3/com.android.launcher3.uioverrides.QuickstepLauncher,reason=UpdateInputWindows]
09-20 06:01:04.149 I/am_pss ( 1158): [13276,1000,com.qti.diagservices,7096320,4075520,0,94998528,0,10,11]
09-20 06:01:04.173 I/input_focus( 1158): [Focus entering 4bde657 com.android.launcher3/com.android.launcher3.uioverrides.QuickstepLauncher (server),reason=setFocusedWindow]
09-20 06:01:04.416 I/wm_destroy_activity( 1158): [0,134962395,83,com.android.deskclock/android.service.dreams.DreamActivity,finish-imm:idle]
09-20 06:01:04.437 I/wm_on_stop_called( 5400): [134962395,android.service.dreams.DreamActivity,LIFECYCLER_STOP_ACTIVITY]
09-20 06:01:04.444 I/wm_on_destroy_called( 5400): [134962395,android.service.dreams.DreamActivity,performDestroy]
09-20 06:01:04.449 I/sysui_multi_action( 1158): [757,222,758,2]
09-20 06:01:04.449 I/sysui_multi_action( 1158): [757,804,799,dreaming_minutes,801,0,802,1]
09-20 06:01:04.465 I/wm_task_removed( 1158): [83,removeChild:removeChild last r=ActivityRecord{80b5cdb u0 com.android.deskclock/android.service.dreams.DreamActivity t-1 f}} in t=Task{cdfc954 #83 type=dream A=10066:android:com.android.deskclock/dream U=0 visible=false mode=fullscreen translucent=true sz=0}]
09-20 06:01:04.465 I/wm_task_removed( 1158): [83,removeChild]
09-20 06:01:13.521 I/input_interaction( 1158): Interaction with: 4bde657 com.android.launcher3/com.android.launcher3.uioverrides.QuickstepLauncher (server), 93416c5 com.android.systemui.ImageWallpaper (server), edge-swipe (server), swipe-up (server), PointerEventDispatcher0 (server),
09-20 06:01:31.101 I/input_interaction( 1158): Interaction with: 4b84711 StatusBar (server), edge-swipe (server), swipe-up (server), PointerEventDispatcher0 (server),
09-20 06:01:31.120 I/sysui_multi_action( 2202): [757,803,799,panel_open,802,1]
09-20 06:01:31.124 I/sysui_multi_action( 2202): [757,1328,758,4,1326,43,1327,2,1329,0]
09-20 06:01:31.177 I/sysui_multi_action( 1158): [757,127,758,1]
09-20 06:01:31.178 I/sysui_multi_action( 1158): [757,804,799,note_load,801,3,802,1]
09-20 06:01:31.178 I/notification_panel_revealed( 1158): 3
09-20 06:01:31.178 I/sysui_multi_action( 2202): [757,111,758,2]
09-20 06:01:31.179 I/sysui_multi_action( 2202): [757,111,758,2]
09-20 06:01:31.204 I/input_focus( 1158): [Focus request 853367f NotificationShade,reason=UpdateInputWindows]
09-20 06:01:31.209 I/sysui_multi_action( 2202): [757,111,758,1]
09-20 06:01:31.209 I/sysui_multi_action( 2202): [757,126,758,1,759,126,927,0,928,0,1593,1]
09-20 06:01:31.210 I/sysui_multi_action( 2202): [757,113,758,1,759,113,927,1,928,1,1593,1]
09-20 06:01:31.210 I/sysui_multi_action( 2202): [757,0,758,1,759,0,927,2,928,0,1593,1]
09-20 06:01:31.210 I/sysui_multi_action( 2202): [757,0,758,1,759,0,927,3,928,0,1593,1]
09-20 06:01:31.210 I/sysui_multi_action( 2202): [757,1706,758,1,759,1706,927,4,928,0,1593,1]
09-20 06:01:31.210 I/sysui_multi_action( 2202): [757,491,758,1,759,491,927,5,928,0,1311,-1,1593,0]
09-20 06:01:31.210 I/sysui_multi_action( 2202): [757,0,758,1,759,0,927,6,928,0,1593,0]
09-20 06:01:31.210 I/sysui_multi_action( 2202): [757,0,758,1,759,0,927,7,1593,0]
09-20 06:01:31.210 I/sysui_multi_action( 2202): [757,114,758,1,759,114,927,8,928,0,1593,0]
09-20 06:01:31.211 I/sysui_multi_action( 2202): [757,111,758,1]
09-20 06:01:31.211 I/sysui_multi_action( 2202): [757,126,758,1,759,126,927,0,928,0,1593,1]
09-20 06:01:31.211 I/sysui_multi_action( 2202): [757,113,758,1,759,113,927,1,928,1,1593,1]
09-20 06:01:31.211 I/sysui_multi_action( 2202): [757,0,758,1,759,0,927,2,928,0,1593,1]
09-20 06:01:31.211 I/sysui_multi_action( 2202): [757,0,758,1,759,0,927,3,928,0,1593,1]
09-20 06:01:31.222 I/sysui_multi_action( 2202): [757,111,758,2]
09-20 06:01:31.223 I/sysui_multi_action( 2202): [757,111,758,2]
09-20 06:01:31.228 I/sysui_multi_action( 2202): [757,111,758,1]
09-20 06:01:31.229 I/sysui_multi_action( 2202): [757,126,758,1,759,126,927,0,928,0,1593,1]
09-20 06:01:31.229 I/sysui_multi_action( 2202): [757,113,758,1,759,113,927,1,928,1,1593,1]
09-20 06:01:31.229 I/sysui_multi_action( 2202): [757,0,758,1,759,0,927,2,928,0,1593,1]
09-20 06:01:31.229 I/sysui_multi_action( 2202): [757,0,758,1,759,0,927,3,928,0,1593,1]
09-20 06:01:31.229 I/sysui_multi_action( 2202): [757,1706,758,1,759,1706,927,4,928,0,1593,1]
09-20 06:01:31.229 I/sysui_multi_action( 2202): [757,491,758,1,759,491,927,5,928,0,1311,-1,1593,1]
09-20 06:01:31.229 I/sysui_multi_action( 2202): [757,0,758,1,759,0,927,6,928,0,1593,1]
09-20 06:01:31.229 I/sysui_multi_action( 2202): [757,0,758,1,759,0,927,7,1593,1]
09-20 06:01:31.230 I/sysui_multi_action( 2202): [757,114,758,1,759,114,927,8,928,0,1593,1]
09-20 06:01:31.230 I/sysui_multi_action( 2202): [757,111,758,1]
09-20 06:01:31.230 I/sysui_multi_action( 2202): [757,126,758,1,759,126,927,0,928,0,1593,1]
09-20 06:01:31.230 I/sysui_multi_action( 2202): [757,113,758,1,759,113,927,1,928,1,1593,1]
09-20 06:01:31.230 I/sysui_multi_action( 2202): [757,0,758,1,759,0,927,2,928,0,1593,1]
09-20 06:01:31.230 I/sysui_multi_action( 2202): [757,0,758,1,759,0,927,3,928,0,1593,1]
09-20 06:01:31.232 I/input_focus( 1158): [Focus leaving 4bde657 com.android.launcher3/com.android.launcher3.uioverrides.QuickstepLauncher (server),reason=setFocusedWindow]
09-20 06:01:31.233 I/input_focus( 1158): [Focus entering 853367f NotificationShade (server),reason=setFocusedWindow]
09-20 06:01:31.249 I/sysui_multi_action( 2202): [757,111,758,2]
09-20 06:01:31.249 I/sysui_multi_action( 2202): [757,111,758,2]
09-20 06:01:31.257 I/sysui_multi_action( 2202): [757,111,758,1]
09-20 06:01:31.258 I/sysui_multi_action( 2202): [757,126,758,1,759,126,927,0,928,0,1593,1]
09-20 06:01:31.258 I/sysui_multi_action( 2202): [757,113,758,1,759,113,927,1,928,1,1593,1]
09-20 06:01:31.258 I/sysui_multi_action( 2202): [757,0,758,1,759,0,927,2,928,0,1593,1]
09-20 06:01:31.258 I/sysui_multi_action( 2202): [757,0,758,1,759,0,927,3,928,0,1593,1]
09-20 06:01:31.258 I/sysui_multi_action( 2202): [757,1706,758,1,759,1706,927,4,928,0,1593,1]
09-20 06:01:31.258 I/sysui_multi_action( 2202): [757,491,758,1,759,491,927,5,928,0,1311,-1,1593,0]
09-20 06:01:31.258 I/sysui_multi_action( 2202): [757,0,758,1,759,0,927,6,928,0,1593,1]
09-20 06:01:31.259 I/sysui_multi_action( 2202): [757,0,758,1,759,0,927,7,1593,0]
09-20 06:01:31.259 I/sysui_multi_action( 2202): [757,114,758,1,759,114,927,8,928,0,1593,0]
09-20 06:01:31.259 I/sysui_multi_action( 2202): [757,111,758,1]
09-20 06:01:31.259 I/sysui_multi_action( 2202): [757,126,758,1,759,126,927,0,928,0,1593,1]
09-20 06:01:31.259 I/sysui_multi_action( 2202): [757,113,758,1,759,113,927,1,928,1,1593,1]
09-20 06:01:31.259 I/sysui_multi_action( 2202): [757,0,758,1,759,0,927,2,928,0,1593,1]
09-20 06:01:31.259 I/sysui_multi_action( 2202): [757,0,758,1,759,0,927,3,928,0,1593,1]
09-20 06:01:31.270 I/sysui_multi_action( 2202): [757,111,758,2]
09-20 06:01:31.270 I/sysui_multi_action( 2202): [757,111,758,2]
09-20 06:01:31.275 I/sysui_multi_action( 2202): [757,111,758,1]
09-20 06:01:31.276 I/sysui_multi_action( 2202): [757,126,758,1,759,126,927,0,928,0,1593,1]
09-20 06:01:31.276 I/sysui_multi_action( 2202): [757,113,758,1,759,113,927,1,928,1,1593,1]
09-20 06:01:31.276 I/sysui_multi_action( 2202): [757,0,758,1,759,0,927,2,928,0,1593,1]
09-20 06:01:31.276 I/sysui_multi_action( 2202): [757,0,758,1,759,0,927,3,928,0,1593,1]
09-20 06:01:31.276 I/sysui_multi_action( 2202): [757,1706,758,1,759,1706,927,4,928,0,1593,1]
09-20 06:01:31.276 I/sysui_multi_action( 2202): [757,491,758,1,759,491,927,5,928,0,1311,-1,1593,0]
09-20 06:01:31.277 I/sysui_multi_action( 2202): [757,0,758,1,759,0,927,6,928,0,1593,0]
09-20 06:01:31.277 I/sysui_multi_action( 2202): [757,0,758,1,759,0,927,7,1593,0]
09-20 06:01:31.277 I/sysui_multi_action( 2202): [757,114,758,1,759,114,927,8,928,0,1593,0]
09-20 06:01:31.277 I/sysui_multi_action( 2202): [757,111,758,1]
09-20 06:01:31.277 I/sysui_multi_action( 2202): [757,126,758,1,759,126,927,0,928,0,1593,1]
09-20 06:01:31.277 I/sysui_multi_action( 2202): [757,113,758,1,759,113,927,1,928,1,1593,1]
09-20 06:01:31.277 I/sysui_multi_action( 2202): [757,0,758,1,759,0,927,2,928,0,1593,1]
09-20 06:01:31.277 I/sysui_multi_action( 2202): [757,0,758,1,759,0,927,3,928,0,1593,1]
09-20 06:01:31.286 I/sysui_multi_action( 2202): [757,111,758,2]
09-20 06:01:31.286 I/sysui_multi_action( 2202): [757,111,758,2]
09-20 06:01:31.291 I/sysui_multi_action( 2202): [757,111,758,1]
09-20 06:01:31.291 I/sysui_multi_action( 2202): [757,126,758,1,759,126,927,0,928,0,1593,1]
09-20 06:01:31.291 I/sysui_multi_action( 2202): [757,113,758,1,759,113,927,1,928,1,1593,1]
09-20 06:01:31.291 I/sysui_multi_action( 2202): [757,0,758,1,759,0,927,2,928,0,1593,1]
09-20 06:01:31.291 I/sysui_multi_action( 2202): [757,0,758,1,759,0,927,3,928,0,1593,1]
09-20 06:01:31.291 I/sysui_multi_action( 2202): [757,1706,758,1,759,1706,927,4,928,0,1593,1]
09-20 06:01:31.292 I/sysui_multi_action( 2202): [757,491,758,1,759,491,927,5,928,0,1311,-1,1593,1]
09-20 06:01:31.292 I/sysui_multi_action( 2202): [757,0,758,1,759,0,927,6,928,0,1593,1]
09-20 06:01:31.292 I/sysui_multi_action( 2202): [757,0,758,1,759,0,927,7,1593,1]
09-20 06:01:31.292 I/sysui_multi_action( 2202): [757,114,758,1,759,114,927,8,928,0,1593,1]
09-20 06:01:31.292 I/sysui_multi_action( 2202): [757,111,758,1]
09-20 06:01:31.292 I/sysui_multi_action( 2202): [757,126,758,1,759,126,927,0,928,0,1593,1]
09-20 06:01:31.292 I/sysui_multi_action( 2202): [757,113,758,1,759,113,927,1,928,1,1593,1]
09-20 06:01:31.292 I/sysui_multi_action( 2202): [757,0,758,1,759,0,927,2,928,0,1593,1]
09-20 06:01:31.292 I/sysui_multi_action( 2202): [757,0,758,1,759,0,927,3,928,0,1593,1]
09-20 06:01:31.301 I/sysui_multi_action( 2202): [757,111,758,2]
09-20 06:01:31.301 I/sysui_multi_action( 2202): [757,111,758,2]
09-20 06:01:31.305 I/sysui_multi_action( 2202): [757,111,758,1]
09-20 06:01:31.305 I/sysui_multi_action( 2202): [757,126,758,1,759,126,927,0,928,0,1593,1]
09-20 06:01:31.305 I/sysui_multi_action( 2202): [757,113,758,1,759,113,927,1,928,1,1593,1]
09-20 06:01:31.306 I/sysui_multi_action( 2202): [757,0,758,1,759,0,927,2,928,0,1593,1]
09-20 06:01:31.306 I/sysui_multi_action( 2202): [757,0,758,1,759,0,927,3,928,0,1593,1]
09-20 06:01:31.306 I/sysui_multi_action( 2202): [757,1706,758,1,759,1706,927,4,928,0,1593,1]
09-20 06:01:31.306 I/sysui_multi_action( 2202): [757,491,758,1,759,491,927,5,928,0,1311,-1,1593,1]
09-20 06:01:31.306 I/sysui_multi_action( 2202): [757,0,758,1,759,0,927,6,928,0,1593,1]
09-20 06:01:31.306 I/sysui_multi_action( 2202): [757,0,758,1,759,0,927,7,1593,1]
09-20 06:01:31.306 I/sysui_multi_action( 2202): [757,114,758,1,759,114,927,8,928,0,1593,1]
09-20 06:01:31.307 I/sysui_multi_action( 2202): [757,111,758,1]
09-20 06:01:31.307 I/sysui_multi_action( 2202): [757,126,758,1,759,126,927,0,928,0,1593,1]
09-20 06:01:31.307 I/sysui_multi_action( 2202): [757,113,758,1,759,113,927,1,928,1,1593,1]
09-20 06:01:31.307 I/sysui_multi_action( 2202): [757,0,758,1,759,0,927,2,928,0,1593,1]
09-20 06:01:31.307 I/sysui_multi_action( 2202): [757,0,758,1,759,0,927,3,928,0,1593,1]
09-20 06:01:31.321 I/sysui_multi_action( 2202): [757,111,758,2]
09-20 06:01:31.321 I/sysui_multi_action( 2202): [757,111,758,2]
09-20 06:01:31.325 I/sysui_multi_action( 2202): [757,111,758,1]
09-20 06:01:31.325 I/sysui_multi_action( 2202): [757,126,758,1,759,126,927,0,928,0,1593,1]
09-20 06:01:31.325 I/sysui_multi_action( 2202): [757,113,758,1,759,113,927,1,928,1,1593,1]
09-20 06:01:31.325 I/sysui_multi_action( 2202): [757,0,758,1,759,0,927,2,928,0,1593,1]
09-20 06:01:31.326 I/sysui_multi_action( 2202): [757,0,758,1,759,0,927,3,928,0,1593,1]
09-20 06:01:31.326 I/sysui_multi_action( 2202): [757,1706,758,1,759,1706,927,4,928,0,1593,1]
09-20 06:01:31.326 I/sysui_multi_action( 2202): [757,491,758,1,759,491,927,5,928,0,1311,-1,1593,1]
09-20 06:01:31.326 I/sysui_multi_action( 2202): [757,0,758,1,759,0,927,6,928,0,1593,1]
09-20 06:01:31.326 I/sysui_multi_action( 2202): [757,0,758,1,759,0,927,7,1593,1]
09-20 06:01:31.326 I/sysui_multi_action( 2202): [757,114,758,1,759,114,927,8,928,0,1593,1]
09-20 06:01:31.326 I/sysui_multi_action( 2202): [757,111,758,1]
09-20 06:01:31.327 I/sysui_multi_action( 2202): [757,126,758,1,759,126,927,0,928,0,1593,1]
09-20 06:01:31.327 I/sysui_multi_action( 2202): [757,113,758,1,759,113,927,1,928,1,1593,1]
09-20 06:01:31.327 I/sysui_multi_action( 2202): [757,0,758,1,759,0,927,2,928,0,1593,1]
09-20 06:01:31.327 I/sysui_multi_action( 2202): [757,0,758,1,759,0,927,3,928,0,1593,1]
09-20 06:01:31.346 I/sysui_multi_action( 2202): [757,111,758,2]
09-20 06:01:31.347 I/sysui_multi_action( 2202): [757,111,758,2]
09-20 06:01:31.351 I/sysui_multi_action( 2202): [757,111,758,1]
09-20 06:01:31.351 I/sysui_multi_action( 2202): [757,126,758,1,759,126,927,0,928,0,1593,1]
09-20 06:01:31.351 I/sysui_multi_action( 2202): [757,113,758,1,759,113,927,1,928,1,1593,1]
09-20 06:01:31.351 I/sysui_multi_action( 2202): [757,0,758,1,759,0,927,2,928,0,1593,1]
09-20 06:01:31.351 I/sysui_multi_action( 2202): [757,0,758,1,759,0,927,3,928,0,1593,1]
09-20 06:01:31.351 I/sysui_multi_action( 2202): [757,1706,758,1,759,1706,927,4,928,0,1593,1]
09-20 06:01:31.352 I/sysui_multi_action( 2202): [757,491,758,1,759,491,927,5,928,0,1311,-1,1593,0]
09-20 06:01:31.352 I/sysui_multi_action( 2202): [757,0,758,1,759,0,927,6,928,0,1593,0]
09-20 06:01:31.352 I/sysui_multi_action( 2202): [757,0,758,1,759,0,927,7,1593,0]
09-20 06:01:31.352 I/sysui_multi_action( 2202): [757,114,758,1,759,114,927,8,928,0,1593,0]
09-20 06:01:31.352 I/sysui_multi_action( 2202): [757,111,758,1]
09-20 06:01:31.352 I/sysui_multi_action( 2202): [757,126,758,1,759,126,927,0,928,0,1593,1]
09-20 06:01:31.352 I/sysui_multi_action( 2202): [757,113,758,1,759,113,927,1,928,1,1593,1]
09-20 06:01:31.352 I/sysui_multi_action( 2202): [757,0,758,1,759,0,927,2,928,0,1593,1]
09-20 06:01:31.352 I/sysui_multi_action( 2202): [757,0,758,1,759,0,927,3,928,0,1593,1]
09-20 06:01:31.365 I/sysui_multi_action( 2202): [757,111,758,2]
09-20 06:01:31.365 I/sysui_multi_action( 2202): [757,111,758,2]
09-20 06:01:31.370 I/sysui_multi_action( 2202): [757,111,758,1]
09-20 06:01:31.370 I/sysui_multi_action( 2202): [757,126,758,1,759,126,927,0,928,0,1593,1]
09-20 06:01:31.370 I/sysui_multi_action( 2202): [757,113,758,1,759,113,927,1,928,1,1593,1]
09-20 06:01:31.370 I/sysui_multi_action( 2202): [757,0,758,1,759,0,927,2,928,0,1593,1]
09-20 06:01:31.370 I/sysui_multi_action( 2202): [757,0,758,1,759,0,927,3,928,0,1593,1]
09-20 06:01:31.370 I/sysui_multi_action( 2202): [757,1706,758,1,759,1706,927,4,928,0,1593,1]
09-20 06:01:31.370 I/sysui_multi_action( 2202): [757,491,758,1,759,491,927,5,928,0,1311,-1,1593,0]
09-20 06:01:31.371 I/sysui_multi_action( 2202): [757,0,758,1,759,0,927,6,928,0,1593,0]
09-20 06:01:31.371 I/sysui_multi_action( 2202): [757,0,758,1,759,0,927,7,1593,0]
09-20 06:01:31.371 I/sysui_multi_action( 2202): [757,114,758,1,759,114,927,8,928,0,1593,0]
09-20 06:01:31.371 I/sysui_multi_action( 2202): [757,111,758,1]
09-20 06:01:31.371 I/sysui_multi_action( 2202): [757,126,758,1,759,126,927,0,928,0,1593,1]
09-20 06:01:31.371 I/sysui_multi_action( 2202): [757,113,758,1,759,113,927,1,928,1,1593,1]
09-20 06:01:31.371 I/sysui_multi_action( 2202): [757,0,758,1,759,0,927,2,928,0,1593,1]
09-20 06:01:31.371 I/sysui_multi_action( 2202): [757,0,758,1,759,0,927,3,928,0,1593,1]
09-20 06:01:31.384 I/sysui_multi_action( 2202): [757,111,758,2]
09-20 06:01:31.384 I/sysui_multi_action( 2202): [757,111,758,2]
09-20 06:01:31.388 I/sysui_multi_action( 2202): [757,111,758,1]
09-20 06:01:31.388 I/sysui_multi_action( 2202): [757,126,758,1,759,126,927,0,928,0,1593,1]
09-20 06:01:31.388 I/sysui_multi_action( 2202): [757,113,758,1,759,113,927,1,928,1,1593,1]
09-20 06:01:31.388 I/sysui_multi_action( 2202): [757,0,758,1,759,0,927,2,928,0,1593,1]
09-20 06:01:31.388 I/sysui_multi_action( 2202): [757,0,758,1,759,0,927,3,928,0,1593,1]
09-20 06:01:31.389 I/sysui_multi_action( 2202): [757,1706,758,1,759,1706,927,4,928,0,1593,1]
09-20 06:01:31.389 I/sysui_multi_action( 2202): [757,491,758,1,759,491,927,5,928,0,1311,-1,1593,0]
09-20 06:01:31.389 I/sysui_multi_action( 2202): [757,0,758,1,759,0,927,6,928,0,1593,0]
09-20 06:01:31.389 I/sysui_multi_action( 2202): [757,0,758,1,759,0,927,7,1593,0]
09-20 06:01:31.389 I/sysui_multi_action( 2202): [757,114,758,1,759,114,927,8,928,0,1593,0]
09-20 06:01:31.389 I/sysui_multi_action( 2202): [757,111,758,1]
09-20 06:01:31.390 I/sysui_multi_action( 2202): [757,126,758,1,759,126,927,0,928,0,1593,1]
09-20 06:01:31.390 I/sysui_multi_action( 2202): [757,113,758,1,759,113,927,1,928,1,1593,1]
09-20 06:01:31.390 I/sysui_multi_action( 2202): [757,0,758,1,759,0,927,2,928,0,1593,1]
09-20 06:01:31.390 I/sysui_multi_action( 2202): [757,0,758,1,759,0,927,3,928,0,1593,1]
09-20 06:01:31.416 I/sysui_multi_action( 2202): [757,111,758,2]
09-20 06:01:31.416 I/sysui_multi_action( 2202): [757,111,758,2]
09-20 06:01:31.420 I/sysui_multi_action( 2202): [757,111,758,1]
09-20 06:01:31.420 I/sysui_multi_action( 2202): [757,126,758,1,759,126,927,0,928,0,1593,1]
09-20 06:01:31.421 I/sysui_multi_action( 2202): [757,113,758,1,759,113,927,1,928,1,1593,1]
09-20 06:01:31.421 I/sysui_multi_action( 2202): [757,0,758,1,759,0,927,2,928,0,1593,1]
09-20 06:01:31.421 I/sysui_multi_action( 2202): [757,0,758,1,759,0,927,3,928,0,1593,1]
09-20 06:01:31.421 I/sysui_multi_action( 2202): [757,1706,758,1,759,1706,927,4,928,0,1593,1]
09-20 06:01:31.421 I/sysui_multi_action( 2202): [757,491,758,1,759,491,927,5,928,0,1311,-1,1593,0]
09-20 06:01:31.421 I/sysui_multi_action( 2202): [757,0,758,1,759,0,927,6,928,0,1593,0]
09-20 06:01:31.421 I/sysui_multi_action( 2202): [757,0,758,1,759,0,927,7,1593,0]
09-20 06:01:31.422 I/sysui_multi_action( 2202): [757,114,758,1,759,114,927,8,928,0,1593,0]
09-20 06:01:31.422 I/sysui_multi_action( 2202): [757,111,758,1]
09-20 06:01:31.422 I/sysui_multi_action( 2202): [757,126,758,1,759,126,927,0,928,0,1593,1]
09-20 06:01:31.422 I/sysui_multi_action( 2202): [757,113,758,1,759,113,927,1,928,1,1593,1]
09-20 06:01:31.422 I/sysui_multi_action( 2202): [757,0,758,1,759,0,927,2,928,0,1593,1]
09-20 06:01:31.422 I/sysui_multi_action( 2202): [757,0,758,1,759,0,927,3,928,0,1593,1]
09-20 06:01:31.432 I/sysui_multi_action( 2202): [757,111,758,2]
09-20 06:01:31.432 I/sysui_multi_action( 2202): [757,111,758,2]
09-20 06:01:31.436 I/sysui_multi_action( 2202): [757,111,758,1]
09-20 06:01:31.437 I/sysui_multi_action( 2202): [757,126,758,1,759,126,927,0,928,0,1593,1]
09-20 06:01:31.437 I/sysui_multi_action( 2202): [757,113,758,1,759,113,927,1,928,1,1593,1]
09-20 06:01:31.437 I/sysui_multi_action( 2202): [757,0,758,1,759,0,927,2,928,0,1593,1]
09-20 06:01:31.437 I/sysui_multi_action( 2202): [757,0,758,1,759,0,927,3,928,0,1593,1]
09-20 06:01:31.437 I/sysui_multi_action( 2202): [757,1706,758,1,759,1706,927,4,928,0,1593,1]
09-20 06:01:31.437 I/sysui_multi_action( 2202): [757,491,758,1,759,491,927,5,928,0,1311,-1,1593,0]
09-20 06:01:31.438 I/sysui_multi_action( 2202): [757,0,758,1,759,0,927,6,928,0,1593,0]
09-20 06:01:31.438 I/sysui_multi_action( 2202): [757,0,758,1,759,0,927,7,1593,0]
09-20 06:01:31.438 I/sysui_multi_action( 2202): [757,114,758,1,759,114,927,8,928,0,1593,0]
09-20 06:01:31.438 I/sysui_multi_action( 2202): [757,111,758,1]
09-20 06:01:31.438 I/sysui_multi_action( 2202): [757,126,758,1,759,126,927,0,928,0,1593,1]
09-20 06:01:31.438 I/sysui_multi_action( 2202): [757,113,758,1,759,113,927,1,928,1,1593,1]
09-20 06:01:31.438 I/sysui_multi_action( 2202): [757,0,758,1,759,0,927,2,928,0,1593,1]
09-20 06:01:31.438 I/sysui_multi_action( 2202): [757,0,758,1,759,0,927,3,928,0,1593,1]
09-20 06:01:31.444 I/sysui_multi_action( 2202): [757,111,758,2]
09-20 06:01:31.444 I/sysui_multi_action( 2202): [757,111,758,2]
09-20 06:01:31.449 I/sysui_multi_action( 2202): [757,111,758,1]
09-20 06:01:31.449 I/sysui_multi_action( 2202): [757,126,758,1,759,126,927,0,928,0,1593,0]
09-20 06:01:31.449 I/sysui_multi_action( 2202): [757,113,758,1,759,113,927,1,928,1,1593,0]
09-20 06:01:31.449 I/sysui_multi_action( 2202): [757,0,758,1,759,0,927,2,928,0,1593,0]
09-20 06:01:31.449 I/sysui_multi_action( 2202): [757,0,758,1,759,0,927,3,928,0,1593,0]
09-20 06:01:31.449 I/sysui_multi_action( 2202): [757,1706,758,1,759,1706,927,4,928,0,1593,0]
09-20 06:01:31.450 I/sysui_multi_action( 2202): [757,491,758,1,759,491,927,5,928,0,1311,-1,1593,0]
09-20 06:01:31.450 I/sysui_multi_action( 2202): [757,0,758,1,759,0,927,6,928,0,1593,0]
09-20 06:01:31.450 I/sysui_multi_action( 2202): [757,0,758,1,759,0,927,7,1593,0]
09-20 06:01:31.450 I/sysui_multi_action( 2202): [757,114,758,1,759,114,927,8,928,0,1593,0]
09-20 06:01:31.450 I/sysui_multi_action( 2202): [757,111,758,1]
09-20 06:01:31.450 I/sysui_multi_action( 2202): [757,126,758,1,759,126,927,0,928,0,1593,0]
09-20 06:01:31.450 I/sysui_multi_action( 2202): [757,113,758,1,759,113,927,1,928,1,1593,0]
09-20 06:01:31.450 I/sysui_multi_action( 2202): [757,0,758,1,759,0,927,2,928,0,1593,0]
09-20 06:01:31.450 I/sysui_multi_action( 2202): [757,0,758,1,759,0,927,3,928,0,1593,0]
09-20 06:01:32.496 I/sysui_multi_action( 1158): [757,128,758,1,793,7602909,794,0,795,7602909,796,26,798,0,806,android,857,DEVELOPER_IMPORTANT,858,4,947,0,1395,3,1500,7602908,1688,1]
09-20 06:01:32.496 I/sysui_multi_action( 1158): [757,804,799,note_freshness,801,7602909,802,1]
09-20 06:01:32.496 I/notification_visibility( 1158): [-1|android|26|null|1000,1,7602909,7602909,0,0]
09-20 06:01:32.497 I/sysui_multi_action( 1158): [757,128,758,1,793,7602865,794,0,795,7602865,796,55,798,1,806,android,857,DEVELOPER,858,2,947,0,1395,3,1500,7602865,1688,1]
09-20 06:01:32.497 I/sysui_multi_action( 1158): [757,804,799,note_freshness,801,7602865,802,1]
09-20 06:01:32.498 I/notification_visibility( 1158): [-1|android|55|null|1000,1,7602865,7602865,0,1]
09-20 06:01:32.498 I/sysui_multi_action( 1158): [757,128,758,1,793,7603786,794,0,795,7603786,796,32,798,2,806,android,857,USB,858,1,947,0,1395,3,1500,7603296,1688,1]
09-20 06:01:32.499 I/sysui_multi_action( 1158): [757,804,799,note_freshness,801,7603786,802,1]
09-20 06:01:32.499 I/notification_visibility( 1158): [-1|android|32|null|1000,1,7603786,7603786,0,2]
09-20 06:01:37.914 I/input_interaction( 1158): Interaction with: 853367f NotificationShade (server), edge-swipe (server), swipe-up (server), PointerEventDispatcher0 (server),
09-20 06:01:39.288 I/sysui_multi_action( 2202): [757,111,758,2]
09-20 06:01:39.289 I/sysui_multi_action( 2202): [757,111,758,2]
09-20 06:01:39.295 I/sysui_multi_action( 2202): [757,111,758,1]
09-20 06:01:39.295 I/sysui_multi_action( 2202): [757,126,758,1,759,126,927,0,928,0,1593,0]
09-20 06:01:39.295 I/sysui_multi_action( 2202): [757,113,758,1,759,113,927,1,928,1,1593,0]
09-20 06:01:39.295 I/sysui_multi_action( 2202): [757,0,758,1,759,0,927,2,928,0,1593,0]
09-20 06:01:39.295 I/sysui_multi_action( 2202): [757,0,758,1,759,0,927,3,928,0,1593,0]
09-20 06:01:39.295 I/sysui_multi_action( 2202): [757,1706,758,1,759,1706,927,4,928,0,1593,0]
09-20 06:01:39.296 I/sysui_multi_action( 2202): [757,491,758,1,759,491,927,5,928,0,1311,-1,1593,0]
09-20 06:01:39.296 I/sysui_multi_action( 2202): [757,0,758,1,759,0,927,6,928,0,1593,0]
09-20 06:01:39.296 I/sysui_multi_action( 2202): [757,0,758,1,759,0,927,7,1593,0]
09-20 06:01:39.296 I/sysui_multi_action( 2202): [757,114,758,1,759,114,927,8,928,0,1593,0]
09-20 06:01:39.296 I/sysui_multi_action( 2202): [757,111,758,1]
09-20 06:01:39.296 I/sysui_multi_action( 2202): [757,126,758,1,759,126,927,0,928,0,1593,0]
09-20 06:01:39.296 I/sysui_multi_action( 2202): [757,113,758,1,759,113,927,1,928,1,1593,0]
09-20 06:01:39.297 I/sysui_multi_action( 2202): [757,0,758,1,759,0,927,2,928,0,1593,0]
09-20 06:01:39.297 I/sysui_multi_action( 2202): [757,0,758,1,759,0,927,3,928,0,1593,0]
09-20 06:01:39.340 I/sysui_multi_action( 2202): [757,111,758,2]
09-20 06:01:39.341 I/sysui_multi_action( 2202): [757,111,758,2]
09-20 06:01:39.345 I/sysui_multi_action( 2202): [757,111,758,1]
09-20 06:01:39.346 I/sysui_multi_action( 2202): [757,126,758,1,759,126,927,0,928,0,1593,1]
09-20 06:01:39.346 I/sysui_multi_action( 2202): [757,113,758,1,759,113,927,1,928,1,1593,1]
09-20 06:01:39.346 I/sysui_multi_action( 2202): [757,0,758,1,759,0,927,2,928,0,1593,1]
09-20 06:01:39.346 I/sysui_multi_action( 2202): [757,0,758,1,759,0,927,3,928,0,1593,1]
09-20 06:01:39.346 I/sysui_multi_action( 2202): [757,1706,758,1,759,1706,927,4,928,0,1593,1]
09-20 06:01:39.347 I/sysui_multi_action( 2202): [757,491,758,1,759,491,927,5,928,0,1311,-1,1593,0]
09-20 06:01:39.347 I/sysui_multi_action( 2202): [757,0,758,1,759,0,927,6,928,0,1593,0]
09-20 06:01:39.347 I/sysui_multi_action( 2202): [757,0,758,1,759,0,927,7,1593,0]
09-20 06:01:39.347 I/sysui_multi_action( 2202): [757,114,758,1,759,114,927,8,928,0,1593,0]
09-20 06:01:39.347 I/sysui_multi_action( 2202): [757,111,758,1]
09-20 06:01:39.347 I/sysui_multi_action( 2202): [757,126,758,1,759,126,927,0,928,0,1593,1]
09-20 06:01:39.347 I/sysui_multi_action( 2202): [757,113,758,1,759,113,927,1,928,1,1593,1]
09-20 06:01:39.347 I/sysui_multi_action( 2202): [757,0,758,1,759,0,927,2,928,0,1593,1]
09-20 06:01:39.347 I/sysui_multi_action( 2202): [757,0,758,1,759,0,927,3,928,0,1593,1]
09-20 06:01:39.354 I/sysui_multi_action( 2202): [757,111,758,2]
09-20 06:01:39.354 I/sysui_multi_action( 2202): [757,111,758,2]
09-20 06:01:39.358 I/sysui_multi_action( 2202): [757,111,758,1]
09-20 06:01:39.359 I/sysui_multi_action( 2202): [757,126,758,1,759,126,927,0,928,0,1593,1]
09-20 06:01:39.359 I/sysui_multi_action( 2202): [757,113,758,1,759,113,927,1,928,1,1593,1]
09-20 06:01:39.359 I/sysui_multi_action( 2202): [757,0,758,1,759,0,927,2,928,0,1593,1]
09-20 06:01:39.359 I/sysui_multi_action( 2202): [757,0,758,1,759,0,927,3,928,0,1593,1]
09-20 06:01:39.359 I/sysui_multi_action( 2202): [757,1706,758,1,759,1706,927,4,928,0,1593,1]
09-20 06:01:39.360 I/sysui_multi_action( 2202): [757,491,758,1,759,491,927,5,928,0,1311,-1,1593,1]
09-20 06:01:39.360 I/sysui_multi_action( 2202): [757,0,758,1,759,0,927,6,928,0,1593,1]
09-20 06:01:39.360 I/sysui_multi_action( 2202): [757,0,758,1,759,0,927,7,1593,1]
09-20 06:01:39.360 I/sysui_multi_action( 2202): [757,114,758,1,759,114,927,8,928,0,1593,1]
09-20 06:01:39.360 I/sysui_multi_action( 2202): [757,111,758,1]
09-20 06:01:39.360 I/sysui_multi_action( 2202): [757,126,758,1,759,126,927,0,928,0,1593,0]
09-20 06:01:39.360 I/sysui_multi_action( 2202): [757,113,758,1,759,113,927,1,928,1,1593,0]
09-20 06:01:39.360 I/sysui_multi_action( 2202): [757,0,758,1,759,0,927,2,928,0,1593,0]
09-20 06:01:39.360 I/sysui_multi_action( 2202): [757,0,758,1,759,0,927,3,928,0,1593,1]
09-20 06:01:39.370 I/sysui_multi_action( 2202): [757,111,758,2]
09-20 06:01:39.370 I/sysui_multi_action( 2202): [757,111,758,2]
09-20 06:01:39.375 I/sysui_multi_action( 2202): [757,111,758,1]
09-20 06:01:39.375 I/sysui_multi_action( 2202): [757,126,758,1,759,126,927,0,928,0,1593,1]
09-20 06:01:39.375 I/sysui_multi_action( 2202): [757,113,758,1,759,113,927,1,928,1,1593,1]
09-20 06:01:39.375 I/sysui_multi_action( 2202): [757,0,758,1,759,0,927,2,928,0,1593,1]
09-20 06:01:39.375 I/sysui_multi_action( 2202): [757,0,758,1,759,0,927,3,928,0,1593,1]
09-20 06:01:39.375 I/sysui_multi_action( 2202): [757,1706,758,1,759,1706,927,4,928,0,1593,1]
09-20 06:01:39.376 I/sysui_multi_action( 2202): [757,491,758,1,759,491,927,5,928,0,1311,-1,1593,1]
09-20 06:01:39.376 I/sysui_multi_action( 2202): [757,0,758,1,759,0,927,6,928,0,1593,1]
09-20 06:01:39.376 I/sysui_multi_action( 2202): [757,0,758,1,759,0,927,7,1593,1]
09-20 06:01:39.376 I/sysui_multi_action( 2202): [757,114,758,1,759,114,927,8,928,0,1593,1]
09-20 06:01:39.376 I/sysui_multi_action( 2202): [757,111,758,1]
09-20 06:01:39.376 I/sysui_multi_action( 2202): [757,126,758,1,759,126,927,0,928,0,1593,0]
09-20 06:01:39.376 I/sysui_multi_action( 2202): [757,113,758,1,759,113,927,1,928,1,1593,0]
09-20 06:01:39.376 I/sysui_multi_action( 2202): [757,0,758,1,759,0,927,2,928,0,1593,0]
09-20 06:01:39.376 I/sysui_multi_action( 2202): [757,0,758,1,759,0,927,3,928,0,1593,0]
09-20 06:01:39.387 I/sysui_multi_action( 2202): [757,111,758,2]
09-20 06:01:39.387 I/sysui_multi_action( 2202): [757,111,758,2]
09-20 06:01:39.391 I/sysui_multi_action( 2202): [757,111,758,1]
09-20 06:01:39.391 I/sysui_multi_action( 2202): [757,126,758,1,759,126,927,0,928,0,1593,0]
09-20 06:01:39.392 I/sysui_multi_action( 2202): [757,113,758,1,759,113,927,1,928,1,1593,0]
09-20 06:01:39.392 I/sysui_multi_action( 2202): [757,0,758,1,759,0,927,2,928,0,1593,0]
09-20 06:01:39.392 I/sysui_multi_action( 2202): [757,0,758,1,759,0,927,3,928,0,1593,0]
09-20 06:01:39.392 I/sysui_multi_action( 2202): [757,1706,758,1,759,1706,927,4,928,0,1593,0]
09-20 06:01:39.392 I/sysui_multi_action( 2202): [757,491,758,1,759,491,927,5,928,0,1311,-1,1593,0]
09-20 06:01:39.392 I/sysui_multi_action( 2202): [757,0,758,1,759,0,927,6,928,0,1593,0]
09-20 06:01:39.392 I/sysui_multi_action( 2202): [757,0,758,1,759,0,927,7,1593,0]
09-20 06:01:39.392 I/sysui_multi_action( 2202): [757,114,758,1,759,114,927,8,928,0,1593,0]
09-20 06:01:39.393 I/sysui_multi_action( 2202): [757,111,758,1]
09-20 06:01:39.393 I/sysui_multi_action( 2202): [757,126,758,1,759,126,927,0,928,0,1593,0]
09-20 06:01:39.393 I/sysui_multi_action( 2202): [757,113,758,1,759,113,927,1,928,1,1593,0]
09-20 06:01:39.393 I/sysui_multi_action( 2202): [757,0,758,1,759,0,927,2,928,0,1593,0]
09-20 06:01:39.393 I/sysui_multi_action( 2202): [757,0,758,1,759,0,927,3,928,0,1593,0]
09-20 06:01:39.403 I/sysui_multi_action( 2202): [757,111,758,2]
09-20 06:01:39.404 I/sysui_multi_action( 2202): [757,111,758,2]
09-20 06:01:39.408 I/sysui_multi_action( 2202): [757,111,758,1]
09-20 06:01:39.408 I/sysui_multi_action( 2202): [757,126,758,1,759,126,927,0,928,0,1593,1]
09-20 06:01:39.408 I/sysui_multi_action( 2202): [757,113,758,1,759,113,927,1,928,1,1593,1]
09-20 06:01:39.409 I/sysui_multi_action( 2202): [757,0,758,1,759,0,927,2,928,0,1593,1]
09-20 06:01:39.409 I/sysui_multi_action( 2202): [757,0,758,1,759,0,927,3,928,0,1593,1]
09-20 06:01:39.409 I/sysui_multi_action( 2202): [757,1706,758,1,759,1706,927,4,928,0,1593,1]
