09-20 06:14:20.192 I/wm_pause_activity( 1158): [0,51420465,com.android.deskclock/android.service.dreams.DreamActivity,userLeaving=false,finish]
09-20 06:14:20.207 I/wm_on_top_resumed_lost_called( 5400): [51420465,android.service.dreams.DreamActivity,topStateChangedWhenResumed]
09-20 06:14:20.209 I/wm_on_paused_called( 5400): [51420465,android.service.dreams.DreamActivity,performPause]
09-20 06:14:20.210 I/wm_add_to_stopping( 1158): [0,51420465,com.android.deskclock/android.service.dreams.DreamActivity,completeFinishing]
09-20 06:14:20.214 I/wm_set_resumed_activity( 1158): [0,com.android.launcher3/.uioverrides.QuickstepLauncher,resumeTopActivityInnerLocked]
09-20 06:14:20.216 I/wm_resume_activity( 1158): [0,213932593,44,com.android.launcher3/.uioverrides.QuickstepLauncher]
09-20 06:14:20.218 I/wm_on_restart_called( 8801): [213932593,com.android.launcher3.uioverrides.QuickstepLauncher,performRestartActivity]
09-20 06:14:20.218 I/wm_on_start_called( 8801): [213932593,com.android.launcher3.uioverrides.QuickstepLauncher,handleStartActivity]
09-20 06:14:20.219 I/wm_on_resume_called( 8801): [213932593,com.android.launcher3.uioverrides.QuickstepLauncher,RESUME_ACTIVITY]
09-20 06:14:20.220 I/wm_on_top_resumed_gained_called( 8801): [213932593,com.android.launcher3.uioverrides.QuickstepLauncher,topWhenResuming]
09-20 06:14:20.225 I/sysui_multi_action( 1158): [757,803,799,window_time_0,802,335]
09-20 06:14:20.240 I/view_enqueue_input_event( 5400): [Motion - Cancel,com.android.deskclock/android.service.dreams.DreamActivity]
09-20 06:14:20.235 I/input_focus( 1158): [Focus leaving 5a0db6d com.android.deskclock/android.service.dreams.DreamActivity (server),reason=NO_WINDOW]
09-20 06:14:20.242 I/input_focus( 1158): [Focus request 4bde657 com.android.launcher3/com.android.launcher3.uioverrides.QuickstepLauncher,reason=UpdateInputWindows]
09-20 06:14:20.242 I/sysui_multi_action( 1158): [757,803,799,window_time_0,802,0]
09-20 06:14:20.243 I/input_interaction( 1158): Interaction with: edge-swipe (server), swipe-up (server), PointerEventDispatcher0 (server),
09-20 06:14:20.261 I/am_pss ( 1158): [13855,1000,com.android.settings,21723136,12734464,0,114356224,0,19,12]
09-20 06:14:20.270 I/input_focus( 1158): [Focus entering 4bde657 com.android.launcher3/com.android.launcher3.uioverrides.QuickstepLauncher (server),reason=setFocusedWindow]
09-20 06:14:20.275 I/am_pss ( 1158): [13836,10065,com.android.gallery3d,8514560,5201920,0,94601216,0,19,10]
09-20 06:14:20.288 I/am_pss ( 1158): [13276,1000,com.qti.diagservices,7197696,4075520,0,94998528,0,10,10]
09-20 06:14:20.513 I/wm_destroy_activity( 1158): [0,51420465,88,com.android.deskclock/android.service.dreams.DreamActivity,finish-imm:idle]
09-20 06:14:20.518 I/service_manager_slow( 1158): [10,phone]
09-20 06:14:20.533 I/wm_on_stop_called( 5400): [51420465,android.service.dreams.DreamActivity,LIFECYCLER_STOP_ACTIVITY]
09-20 06:14:20.534 I/wm_on_destroy_called( 5400): [51420465,android.service.dreams.DreamActivity,performDestroy]
09-20 06:14:20.541 I/sysui_multi_action( 1158): [757,222,758,2]
09-20 06:14:20.541 I/sysui_multi_action( 1158): [757,804,799,dreaming_minutes,801,5,802,1]
09-20 06:14:20.560 I/wm_task_removed( 1158): [88,removeChild:removeChild last r=ActivityRecord{3109d31 u0 com.android.deskclock/android.service.dreams.DreamActivity t-1 f}} in t=Task{54f6952 #88 type=dream A=10066:android:com.android.deskclock/dream U=0 visible=false mode=fullscreen translucent=true sz=0}]
09-20 06:14:20.560 I/wm_task_removed( 1158): [88,removeChild]
09-20 06:14:22.176 I/input_interaction( 1158): Interaction with: 4bde657 com.android.launcher3/com.android.launcher3.uioverrides.QuickstepLauncher (server), 93416c5 com.android.systemui.ImageWallpaper (server), edge-swipe (server), swipe-up (server), PointerEventDispatcher0 (server),
09-20 06:14:23.456 I/wm_task_created( 1158): [89,-1]
09-20 06:14:23.471 I/wm_task_moved( 1158): [89,1,6]
09-20 06:14:23.471 I/wm_task_to_front( 1158): [0,89]
09-20 06:14:23.471 I/wm_create_task( 1158): [0,89]
09-20 06:14:23.472 I/wm_create_activity( 1158): [0,212290239,89,com.thundercomm.mcuupgrade/.MainActivity,NULL,NULL,NULL,402657280]
09-20 06:14:23.472 I/wm_task_moved( 1158): [89,1,6]
09-20 06:14:23.481 I/wm_on_top_resumed_lost_called( 8801): [213932593,com.android.launcher3.uioverrides.QuickstepLauncher,topStateChangedWhenResumed]
09-20 06:14:23.528 I/am_proc_start( 1158): [0,14237,1000,com.thundercomm.mcuupgrade,top-activity,{com.thundercomm.mcuupgrade/com.thundercomm.mcuupgrade.MainActivity}]
09-20 06:14:23.644 I/am_proc_bound( 1158): [0,14237,com.thundercomm.mcuupgrade]
09-20 06:14:23.647 I/wm_restart_activity( 1158): [0,212290239,89,com.thundercomm.mcuupgrade/.MainActivity]
09-20 06:14:23.648 I/wm_set_resumed_activity( 1158): [0,com.thundercomm.mcuupgrade/.MainActivity,minimalResumeActivityLocked]
09-20 06:14:23.756 I/wm_on_create_called(14237): [212290239,com.thundercomm.mcuupgrade.MainActivity,performCreate]
09-20 06:14:23.757 I/wm_on_start_called(14237): [212290239,com.thundercomm.mcuupgrade.MainActivity,handleStartActivity]
09-20 06:14:23.758 I/wm_on_resume_called(14237): [212290239,com.thundercomm.mcuupgrade.MainActivity,RESUME_ACTIVITY]
09-20 06:14:23.770 I/wm_on_top_resumed_gained_called(14237): [212290239,com.thundercomm.mcuupgrade.MainActivity,topStateChangedWhenResumed]
09-20 06:14:23.803 I/input_focus( 1158): [Focus request a46d58e com.thundercomm.mcuupgrade/com.thundercomm.mcuupgrade.MainActivity,reason=UpdateInputWindows]
09-20 06:14:23.829 I/input_focus( 1158): [Focus leaving 4bde657 com.android.launcher3/com.android.launcher3.uioverrides.QuickstepLauncher (server),reason=Waiting for window because NOT_VISIBLE]
09-20 06:14:23.948 I/input_focus( 1158): [Focus entering a46d58e com.thundercomm.mcuupgrade/com.thundercomm.mcuupgrade.MainActivity (server),reason=Window became focusable. Previous reason: NOT_VISIBLE]
09-20 06:14:23.950 I/sysui_multi_action( 1158): [319,483,322,481,325,8438,757,761,758,7,759,2,806,com.thundercomm.mcuupgrade,871,com.thundercomm.mcuupgrade.MainActivity,904,com.android.launcher3,905,0,945,200,1320,4,1321,1]
09-20 06:14:23.953 I/wm_activity_launch_time( 1158): [0,212290239,com.thundercomm.mcuupgrade/.MainActivity,481]
09-20 06:14:23.959 I/service_manager_slow( 1158): [10,platform_compat]
09-20 06:14:25.566 I/input_interaction( 1158): Interaction with: a46d58e com.thundercomm.mcuupgrade/com.thundercomm.mcuupgrade.MainActivity (server), edge-swipe (server), swipe-up (server), PointerEventDispatcher0 (server),
09-20 06:14:26.204 I/view_enqueue_input_event(14237): [Motion - Cancel,com.thundercomm.mcuupgrade/com.thundercomm.mcuupgrade.MainActivity]
09-20 06:14:26.205 I/input_interaction( 1158): Interaction with: WindowManager (server), edge-swipe (server), swipe-up (server), PointerEventDispatcher0 (server),
09-20 06:14:28.755 I/input_interaction( 1158): Interaction with: a46d58e com.thundercomm.mcuupgrade/com.thundercomm.mcuupgrade.MainActivity (server), edge-swipe (server), swipe-up (server), PointerEventDispatcher0 (server),
09-20 06:14:32.151 I/view_enqueue_input_event(14237): [Motion - Cancel,com.thundercomm.mcuupgrade/com.thundercomm.mcuupgrade.MainActivity]
09-20 06:14:32.165 I/input_interaction( 1158): Interaction with: WindowManager (server), edge-swipe (server), swipe-up (server), PointerEventDispatcher0 (server),
09-20 06:14:40.074 I/input_interaction( 1158): Interaction with: a46d58e com.thundercomm.mcuupgrade/com.thundercomm.mcuupgrade.MainActivity (server), edge-swipe (server), swipe-up (server), PointerEventDispatcher0 (server),
09-20 06:15:20.569 I/am_uid_idle( 1158): 10066
09-20 06:15:35.861 I/sysui_multi_action( 1158): [757,1696,758,6,759,2]
09-20 06:15:35.868 I/am_wtf ( 1158): [0,1158,system_server,-1,DisplayDeviceConfig,requesting nits when no mapping exists.]
09-20 06:15:35.878 I/am_wtf ( 1158): [0,1158,system_server,-1,DisplayDeviceConfig,requesting nits when no mapping exists.]
09-20 06:15:35.884 I/am_wtf ( 1158): [0,1158,system_server,-1,DisplayDeviceConfig,requesting nits when no mapping exists.]
09-20 06:15:35.888 I/am_wtf ( 1158): [0,1158,system_server,-1,DisplayDeviceConfig,requesting nits when no mapping exists.]
09-20 06:15:35.900 I/am_wtf ( 1158): [0,1158,system_server,-1,DisplayDeviceConfig,requesting nits when no mapping exists.]
09-20 06:15:35.903 I/am_wtf ( 1158): [0,1158,system_server,-1,DisplayDeviceConfig,requesting nits when no mapping exists.]
09-20 06:15:35.917 I/am_wtf ( 1158): [0,1158,system_server,-1,DisplayDeviceConfig,requesting nits when no mapping exists.]
09-20 06:15:35.918 I/am_wtf ( 1158): [0,1158,system_server,-1,DisplayDeviceConfig,requesting nits when no mapping exists.]
09-20 06:15:35.934 I/am_wtf ( 1158): [0,1158,system_server,-1,DisplayDeviceConfig,requesting nits when no mapping exists.]
09-20 06:15:35.935 I/am_wtf ( 1158): [0,1158,system_server,-1,DisplayDeviceConfig,requesting nits when no mapping exists.]
09-20 06:15:35.951 I/am_wtf ( 1158): [0,1158,system_server,-1,DisplayDeviceConfig,requesting nits when no mapping exists.]
09-20 06:15:35.952 I/am_wtf ( 1158): [0,1158,system_server,-1,DisplayDeviceConfig,requesting nits when no mapping exists.]
09-20 06:15:35.968 I/am_wtf ( 1158): [0,1158,system_server,-1,DisplayDeviceConfig,requesting nits when no mapping exists.]
09-20 06:15:35.969 I/am_wtf ( 1158): [0,1158,system_server,-1,DisplayDeviceConfig,requesting nits when no mapping exists.]
09-20 06:15:35.984 I/am_wtf ( 1158): [0,1158,system_server,-1,DisplayDeviceConfig,requesting nits when no mapping exists.]
09-20 06:15:35.985 I/am_wtf ( 1158): [0,1158,system_server,-1,DisplayDeviceConfig,requesting nits when no mapping exists.]
09-20 06:15:36.001 I/am_wtf ( 1158): [0,1158,system_server,-1,DisplayDeviceConfig,requesting nits when no mapping exists.]
09-20 06:15:36.003 I/am_wtf ( 1158): [0,1158,system_server,-1,DisplayDeviceConfig,requesting nits when no mapping exists.]
09-20 06:15:36.017 I/am_wtf ( 1158): [0,1158,system_server,-1,DisplayDeviceConfig,requesting nits when no mapping exists.]
09-20 06:15:36.019 I/am_wtf ( 1158): [0,1158,system_server,-1,DisplayDeviceConfig,requesting nits when no mapping exists.]
09-20 06:15:36.035 I/am_wtf ( 1158): [0,1158,system_server,-1,DisplayDeviceConfig,requesting nits when no mapping exists.]
09-20 06:15:36.036 I/am_wtf ( 1158): [0,1158,system_server,-1,DisplayDeviceConfig,requesting nits when no mapping exists.]
09-20 06:15:36.036 I/service_manager_stats( 1158): [100,119,75846]
09-20 06:15:36.051 I/am_wtf ( 1158): [0,1158,system_server,-1,DisplayDeviceConfig,requesting nits when no mapping exists.]
09-20 06:15:36.052 I/am_wtf ( 1158): [0,1158,system_server,-1,DisplayDeviceConfig,requesting nits when no mapping exists.]
09-20 06:15:36.068 I/am_wtf ( 1158): [0,1158,system_server,-1,DisplayDeviceConfig,requesting nits when no mapping exists.]
09-20 06:15:36.069 I/am_wtf ( 1158): [0,1158,system_server,-1,DisplayDeviceConfig,requesting nits when no mapping exists.]
09-20 06:15:36.084 I/am_wtf ( 1158): [0,1158,system_server,-1,DisplayDeviceConfig,requesting nits when no mapping exists.]
09-20 06:15:36.085 I/am_wtf ( 1158): [0,1158,system_server,-1,DisplayDeviceConfig,requesting nits when no mapping exists.]
09-20 06:15:36.101 I/am_wtf ( 1158): [0,1158,system_server,-1,DisplayDeviceConfig,requesting nits when no mapping exists.]
09-20 06:15:36.102 I/am_wtf ( 1158): [0,1158,system_server,-1,DisplayDeviceConfig,requesting nits when no mapping exists.]
09-20 06:15:36.118 I/am_wtf ( 1158): [0,1158,system_server,-1,DisplayDeviceConfig,requesting nits when no mapping exists.]
09-20 06:15:36.119 I/am_wtf ( 1158): [0,1158,system_server,-1,DisplayDeviceConfig,requesting nits when no mapping exists.]
09-20 06:15:36.135 I/am_wtf ( 1158): [0,1158,system_server,-1,DisplayDeviceConfig,requesting nits when no mapping exists.]
09-20 06:15:36.136 I/am_wtf ( 1158): [0,1158,system_server,-1,DisplayDeviceConfig,requesting nits when no mapping exists.]
09-20 06:15:36.152 I/am_wtf ( 1158): [0,1158,system_server,-1,DisplayDeviceConfig,requesting nits when no mapping exists.]
09-20 06:15:36.153 I/am_wtf ( 1158): [0,1158,system_server,-1,DisplayDeviceConfig,requesting nits when no mapping exists.]
09-20 06:15:36.168 I/am_wtf ( 1158): [0,1158,system_server,-1,DisplayDeviceConfig,requesting nits when no mapping exists.]
09-20 06:15:36.169 I/am_wtf ( 1158): [0,1158,system_server,-1,DisplayDeviceConfig,requesting nits when no mapping exists.]
09-20 06:15:36.184 I/am_wtf ( 1158): [0,1158,system_server,-1,DisplayDeviceConfig,requesting nits when no mapping exists.]
09-20 06:15:36.186 I/am_wtf ( 1158): [0,1158,system_server,-1,DisplayDeviceConfig,requesting nits when no mapping exists.]
09-20 06:15:36.201 I/am_wtf ( 1158): [0,1158,system_server,-1,DisplayDeviceConfig,requesting nits when no mapping exists.]
09-20 06:15:36.202 I/am_wtf ( 1158): [0,1158,system_server,-1,DisplayDeviceConfig,requesting nits when no mapping exists.]
09-20 06:15:36.218 I/am_wtf ( 1158): [0,1158,system_server,-1,DisplayDeviceConfig,requesting nits when no mapping exists.]
09-20 06:15:36.219 I/am_wtf ( 1158): [0,1158,system_server,-1,DisplayDeviceConfig,requesting nits when no mapping exists.]
09-20 06:15:36.235 I/am_wtf ( 1158): [0,1158,system_server,-1,DisplayDeviceConfig,requesting nits when no mapping exists.]
09-20 06:15:36.236 I/am_wtf ( 1158): [0,1158,system_server,-1,DisplayDeviceConfig,requesting nits when no mapping exists.]
09-20 06:15:36.252 I/am_wtf ( 1158): [0,1158,system_server,-1,DisplayDeviceConfig,requesting nits when no mapping exists.]
09-20 06:15:36.253 I/am_wtf ( 1158): [0,1158,system_server,-1,DisplayDeviceConfig,requesting nits when no mapping exists.]
09-20 06:15:36.268 I/am_wtf ( 1158): [0,1158,system_server,-1,DisplayDeviceConfig,requesting nits when no mapping exists.]
09-20 06:15:36.269 I/am_wtf ( 1158): [0,1158,system_server,-1,DisplayDeviceConfig,requesting nits when no mapping exists.]
09-20 06:15:36.286 I/am_wtf ( 1158): [0,1158,system_server,-1,DisplayDeviceConfig,requesting nits when no mapping exists.]
09-20 06:15:36.287 I/am_wtf ( 1158): [0,1158,system_server,-1,DisplayDeviceConfig,requesting nits when no mapping exists.]
09-20 06:15:36.301 I/am_wtf ( 1158): [0,1158,system_server,-1,DisplayDeviceConfig,requesting nits when no mapping exists.]
09-20 06:15:36.304 I/am_wtf ( 1158): [0,1158,system_server,-1,DisplayDeviceConfig,requesting nits when no mapping exists.]
09-20 06:15:36.318 I/am_wtf ( 1158): [0,1158,system_server,-1,DisplayDeviceConfig,requesting nits when no mapping exists.]
09-20 06:15:36.320 I/am_wtf ( 1158): [0,1158,system_server,-1,DisplayDeviceConfig,requesting nits when no mapping exists.]
09-20 06:15:36.335 I/am_wtf ( 1158): [0,1158,system_server,-1,DisplayDeviceConfig,requesting nits when no mapping exists.]
09-20 06:15:36.336 I/am_wtf ( 1158): [0,1158,system_server,-1,DisplayDeviceConfig,requesting nits when no mapping exists.]
09-20 06:15:36.352 I/am_wtf ( 1158): [0,1158,system_server,-1,DisplayDeviceConfig,requesting nits when no mapping exists.]
09-20 06:15:36.353 I/am_wtf ( 1158): [0,1158,system_server,-1,DisplayDeviceConfig,requesting nits when no mapping exists.]
09-20 06:15:36.369 I/am_wtf ( 1158): [0,1158,system_server,-1,DisplayDeviceConfig,requesting nits when no mapping exists.]
09-20 06:15:36.370 I/am_wtf ( 1158): [0,1158,system_server,-1,DisplayDeviceConfig,requesting nits when no mapping exists.]
09-20 06:15:36.385 I/am_wtf ( 1158): [0,1158,system_server,-1,DisplayDeviceConfig,requesting nits when no mapping exists.]
09-20 06:15:36.387 I/am_wtf ( 1158): [0,1158,system_server,-1,DisplayDeviceConfig,requesting nits when no mapping exists.]
09-20 06:15:36.402 I/am_wtf ( 1158): [0,1158,system_server,-1,DisplayDeviceConfig,requesting nits when no mapping exists.]
09-20 06:15:36.404 I/am_wtf ( 1158): [0,1158,system_server,-1,DisplayDeviceConfig,requesting nits when no mapping exists.]
09-20 06:15:36.418 I/am_wtf ( 1158): [0,1158,system_server,-1,DisplayDeviceConfig,requesting nits when no mapping exists.]
09-20 06:15:36.419 I/am_wtf ( 1158): [0,1158,system_server,-1,DisplayDeviceConfig,requesting nits when no mapping exists.]
09-20 06:15:36.436 I/am_wtf ( 1158): [0,1158,system_server,-1,DisplayDeviceConfig,requesting nits when no mapping exists.]
09-20 06:15:36.437 I/am_wtf ( 1158): [0,1158,system_server,-1,DisplayDeviceConfig,requesting nits when no mapping exists.]
09-20 06:15:36.453 I/am_wtf ( 1158): [0,1158,system_server,-1,DisplayDeviceConfig,requesting nits when no mapping exists.]
09-20 06:15:36.454 I/am_wtf ( 1158): [0,1158,system_server,-1,DisplayDeviceConfig,requesting nits when no mapping exists.]
09-20 06:15:36.471 I/am_wtf ( 1158): [0,1158,system_server,-1,DisplayDeviceConfig,requesting nits when no mapping exists.]
09-20 06:15:36.472 I/am_wtf ( 1158): [0,1158,system_server,-1,DisplayDeviceConfig,requesting nits when no mapping exists.]
09-20 06:15:36.485 I/am_wtf ( 1158): [0,1158,system_server,-1,DisplayDeviceConfig,requesting nits when no mapping exists.]
09-20 06:15:36.486 I/am_wtf ( 1158): [0,1158,system_server,-1,DisplayDeviceConfig,requesting nits when no mapping exists.]
09-20 06:15:36.503 I/am_wtf ( 1158): [0,1158,system_server,-1,DisplayDeviceConfig,requesting nits when no mapping exists.]
09-20 06:15:36.505 I/am_wtf ( 1158): [0,1158,system_server,-1,DisplayDeviceConfig,requesting nits when no mapping exists.]
09-20 06:15:36.519 I/am_wtf ( 1158): [0,1158,system_server,-1,DisplayDeviceConfig,requesting nits when no mapping exists.]
09-20 06:15:36.521 I/am_wtf ( 1158): [0,1158,system_server,-1,DisplayDeviceConfig,requesting nits when no mapping exists.]
09-20 06:15:36.536 I/am_wtf ( 1158): [0,1158,system_server,-1,DisplayDeviceConfig,requesting nits when no mapping exists.]
09-20 06:15:36.539 I/am_wtf ( 1158): [0,1158,system_server,-1,DisplayDeviceConfig,requesting nits when no mapping exists.]
09-20 06:15:36.553 I/am_wtf ( 1158): [0,1158,system_server,-1,DisplayDeviceConfig,requesting nits when no mapping exists.]
09-20 06:15:36.555 I/am_wtf ( 1158): [0,1158,system_server,-1,DisplayDeviceConfig,requesting nits when no mapping exists.]
09-20 06:15:36.569 I/am_wtf ( 1158): [0,1158,system_server,-1,DisplayDeviceConfig,requesting nits when no mapping exists.]
09-20 06:15:36.572 I/am_wtf ( 1158): [0,1158,system_server,-1,DisplayDeviceConfig,requesting nits when no mapping exists.]
09-20 06:15:36.586 I/am_wtf ( 1158): [0,1158,system_server,-1,DisplayDeviceConfig,requesting nits when no mapping exists.]
09-20 06:15:36.588 I/am_wtf ( 1158): [0,1158,system_server,-1,DisplayDeviceConfig,requesting nits when no mapping exists.]
09-20 06:15:36.602 I/am_wtf ( 1158): [0,1158,system_server,-1,DisplayDeviceConfig,requesting nits when no mapping exists.]
09-20 06:15:36.603 I/am_wtf ( 1158): [0,1158,system_server,-1,DisplayDeviceConfig,requesting nits when no mapping exists.]
09-20 06:15:36.618 I/am_wtf ( 1158): [0,1158,system_server,-1,DisplayDeviceConfig,requesting nits when no mapping exists.]
09-20 06:15:36.619 I/am_wtf ( 1158): [0,1158,system_server,-1,DisplayDeviceConfig,requesting nits when no mapping exists.]
09-20 06:15:36.640 I/am_wtf ( 1158): [0,1158,system_server,-1,DisplayDeviceConfig,requesting nits when no mapping exists.]
09-20 06:15:36.645 I/am_wtf ( 1158): [0,1158,system_server,-1,DisplayDeviceConfig,requesting nits when no mapping exists.]
09-20 06:15:36.657 I/am_wtf ( 1158): [0,1158,system_server,-1,DisplayDeviceConfig,requesting nits when no mapping exists.]
09-20 06:15:36.658 I/am_wtf ( 1158): [0,1158,system_server,-1,DisplayDeviceConfig,requesting nits when no mapping exists.]
09-20 06:15:36.669 I/am_wtf ( 1158): [0,1158,system_server,-1,DisplayDeviceConfig,requesting nits when no mapping exists.]
09-20 06:15:36.670 I/am_wtf ( 1158): [0,1158,system_server,-1,DisplayDeviceConfig,requesting nits when no mapping exists.]
09-20 06:15:36.686 I/am_wtf ( 1158): [0,1158,system_server,-1,DisplayDeviceConfig,requesting nits when no mapping exists.]
09-20 06:15:36.688 I/am_wtf ( 1158): [0,1158,system_server,-1,DisplayDeviceConfig,requesting nits when no mapping exists.]
09-20 06:15:36.703 I/am_wtf ( 1158): [0,1158,system_server,-1,DisplayDeviceConfig,requesting nits when no mapping exists.]
09-20 06:15:36.705 I/am_wtf ( 1158): [0,1158,system_server,-1,DisplayDeviceConfig,requesting nits when no mapping exists.]
09-20 06:15:36.719 I/am_wtf ( 1158): [0,1158,system_server,-1,DisplayDeviceConfig,requesting nits when no mapping exists.]
09-20 06:15:36.721 I/am_wtf ( 1158): [0,1158,system_server,-1,DisplayDeviceConfig,requesting nits when no mapping exists.]
09-20 06:15:36.736 I/am_wtf ( 1158): [0,1158,system_server,-1,DisplayDeviceConfig,requesting nits when no mapping exists.]
09-20 06:15:36.737 I/am_wtf ( 1158): [0,1158,system_server,-1,DisplayDeviceConfig,requesting nits when no mapping exists.]
09-20 06:15:36.753 I/am_wtf ( 1158): [0,1158,system_server,-1,DisplayDeviceConfig,requesting nits when no mapping exists.]
09-20 06:15:36.754 I/am_wtf ( 1158): [0,1158,system_server,-1,DisplayDeviceConfig,requesting nits when no mapping exists.]
09-20 06:15:36.769 I/am_wtf ( 1158): [0,1158,system_server,-1,DisplayDeviceConfig,requesting nits when no mapping exists.]
09-20 06:15:36.771 I/am_wtf ( 1158): [0,1158,system_server,-1,DisplayDeviceConfig,requesting nits when no mapping exists.]
09-20 06:15:36.786 I/am_wtf ( 1158): [0,1158,system_server,-1,DisplayDeviceConfig,requesting nits when no mapping exists.]
09-20 06:15:36.788 I/am_wtf ( 1158): [0,1158,system_server,-1,DisplayDeviceConfig,requesting nits when no mapping exists.]
09-20 06:15:36.803 I/am_wtf ( 1158): [0,1158,system_server,-1,DisplayDeviceConfig,requesting nits when no mapping exists.]
09-20 06:15:36.804 I/am_wtf ( 1158): [0,1158,system_server,-1,DisplayDeviceConfig,requesting nits when no mapping exists.]
09-20 06:15:36.819 I/am_wtf ( 1158): [0,1158,system_server,-1,DisplayDeviceConfig,requesting nits when no mapping exists.]
09-20 06:15:36.820 I/am_wtf ( 1158): [0,1158,system_server,-1,DisplayDeviceConfig,requesting nits when no mapping exists.]
09-20 06:15:42.863 I/sysui_multi_action( 1158): [757,222,758,1]
09-20 06:15:42.865 I/am_uid_active( 1158): 10066
09-20 06:15:42.880 I/wm_task_created( 1158): [90,-1]
09-20 06:15:42.886 I/wm_task_moved( 1158): [90,1,7]
09-20 06:15:42.886 I/wm_task_to_front( 1158): [0,90]
09-20 06:15:42.887 I/am_pss ( 1158): [14237,1000,com.thundercomm.mcuupgrade,85351424,76107776,0,208121856,0,2,17]
09-20 06:15:42.887 I/wm_create_task( 1158): [0,90]
09-20 06:15:42.887 I/wm_create_activity( 1158): [0,198080810,90,com.android.deskclock/android.service.dreams.DreamActivity,NULL,NULL,NULL,276824064]
09-20 06:15:42.887 I/wm_task_moved( 1158): [90,1,7]
09-20 06:15:42.890 I/wm_pause_activity( 1158): [0,213932593,com.android.launcher3/.uioverrides.QuickstepLauncher,userLeaving=true,pauseBackTasks]
09-20 06:15:42.892 I/wm_on_top_resumed_lost_called(14237): [212290239,com.thundercomm.mcuupgrade.MainActivity,topStateChangedWhenResumed]
09-20 06:15:42.892 I/wm_on_paused_called( 8801): [213932593,com.android.launcher3.uioverrides.QuickstepLauncher,performPause]
09-20 06:15:42.897 I/wm_add_to_stopping( 1158): [0,213932593,com.android.launcher3/.uioverrides.QuickstepLauncher,makeInvisible]
09-20 06:15:42.898 I/wm_restart_activity( 1158): [0,198080810,90,com.android.deskclock/android.service.dreams.DreamActivity]
09-20 06:15:42.900 I/wm_set_resumed_activity( 1158): [0,com.android.deskclock/android.service.dreams.DreamActivity,minimalResumeActivityLocked]
09-20 06:15:42.917 I/sysui_multi_action( 1158): [757,803,799,window_time_0,802,83]
09-20 06:15:42.919 I/wm_on_create_called( 5400): [198080810,android.service.dreams.DreamActivity,performCreate]
09-20 06:15:42.920 I/wm_on_start_called( 5400): [198080810,android.service.dreams.DreamActivity,handleStartActivity]
09-20 06:15:42.921 I/wm_on_resume_called( 5400): [198080810,android.service.dreams.DreamActivity,RESUME_ACTIVITY]
09-20 06:15:42.927 I/wm_on_top_resumed_gained_called( 5400): [198080810,android.service.dreams.DreamActivity,topStateChangedWhenResumed]
09-20 06:15:42.947 I/input_focus( 1158): [Focus request 32fdf6 com.android.deskclock/android.service.dreams.DreamActivity,reason=UpdateInputWindows]
09-20 06:15:42.970 I/input_focus( 1158): [Focus leaving a46d58e com.thundercomm.mcuupgrade/com.thundercomm.mcuupgrade.MainActivity (server),reason=Waiting for window because NOT_VISIBLE]
09-20 06:15:42.971 I/sysui_multi_action( 1158): [319,85,322,84,325,8518,757,761,758,8,759,2,806,com.android.deskclock,871,android.service.dreams.DreamActivity,904,com.android.deskclock,905,0,1320,4,1321,1]
09-20 06:15:42.971 I/wm_activity_launch_time( 1158): [0,198080810,com.android.deskclock/android.service.dreams.DreamActivity,84]
09-20 06:15:42.972 I/sysui_multi_action( 1158): [757,1696,758,6,759,3]
09-20 06:15:42.985 I/am_wtf ( 1158): [0,1158,system_server,-1,DisplayDeviceConfig,requesting nits when no mapping exists.]
09-20 06:15:42.986 I/am_wtf ( 1158): [0,1158,system_server,-1,DisplayDeviceConfig,requesting nits when no mapping exists.]
09-20 06:15:42.988 I/input_focus( 1158): [Focus entering 32fdf6 com.android.deskclock/android.service.dreams.DreamActivity (server),reason=Window became focusable. Previous reason: NOT_VISIBLE]
09-20 06:15:43.003 I/am_wtf ( 1158): [0,1158,system_server,-1,DisplayDeviceConfig,requesting nits when no mapping exists.]
09-20 06:15:43.004 I/am_wtf ( 1158): [0,1158,system_server,-1,DisplayDeviceConfig,requesting nits when no mapping exists.]
09-20 06:15:43.035 I/am_wtf ( 1158): [0,1158,system_server,-1,DisplayDeviceConfig,requesting nits when no mapping exists.]
09-20 06:15:43.039 I/am_wtf ( 1158): [0,1158,system_server,-1,DisplayDeviceConfig,requesting nits when no mapping exists.]
09-20 06:15:43.040 I/service_manager_stats( 1158): [100,97,7004]
09-20 06:15:43.052 I/am_wtf ( 1158): [0,1158,system_server,-1,DisplayDeviceConfig,requesting nits when no mapping exists.]
09-20 06:15:43.054 I/am_wtf ( 1158): [0,1158,system_server,-1,DisplayDeviceConfig,requesting nits when no mapping exists.]
09-20 06:15:43.070 I/am_wtf ( 1158): [0,1158,system_server,-1,DisplayDeviceConfig,requesting nits when no mapping exists.]
09-20 06:15:43.072 I/am_wtf ( 1158): [0,1158,system_server,-1,DisplayDeviceConfig,requesting nits when no mapping exists.]
09-20 06:15:43.089 I/am_wtf ( 1158): [0,1158,system_server,-1,DisplayDeviceConfig,requesting nits when no mapping exists.]
09-20 06:15:43.091 I/am_wtf ( 1158): [0,1158,system_server,-1,DisplayDeviceConfig,requesting nits when no mapping exists.]
09-20 06:15:43.117 I/am_wtf ( 1158): [0,1158,system_server,-1,DisplayDeviceConfig,requesting nits when no mapping exists.]
09-20 06:15:43.119 I/am_wtf ( 1158): [0,1158,system_server,-1,DisplayDeviceConfig,requesting nits when no mapping exists.]
09-20 06:15:43.137 I/am_wtf ( 1158): [0,1158,system_server,-1,DisplayDeviceConfig,requesting nits when no mapping exists.]
09-20 06:15:43.138 I/am_wtf ( 1158): [0,1158,system_server,-1,DisplayDeviceConfig,requesting nits when no mapping exists.]
09-20 06:15:43.151 I/am_wtf ( 1158): [0,1158,system_server,-1,DisplayDeviceConfig,requesting nits when no mapping exists.]
09-20 06:15:43.152 I/am_wtf ( 1158): [0,1158,system_server,-1,DisplayDeviceConfig,requesting nits when no mapping exists.]
09-20 06:15:43.184 I/am_wtf ( 1158): [0,1158,system_server,-1,DisplayDeviceConfig,requesting nits when no mapping exists.]
09-20 06:15:43.185 I/am_wtf ( 1158): [0,1158,system_server,-1,DisplayDeviceConfig,requesting nits when no mapping exists.]
09-20 06:15:43.202 I/am_wtf ( 1158): [0,1158,system_server,-1,DisplayDeviceConfig,requesting nits when no mapping exists.]
09-20 06:15:43.211 I/am_wtf ( 1158): [0,1158,system_server,-1,DisplayDeviceConfig,requesting nits when no mapping exists.]
09-20 06:15:43.219 I/am_wtf ( 1158): [0,1158,system_server,-1,DisplayDeviceConfig,requesting nits when no mapping exists.]
09-20 06:15:43.221 I/am_wtf ( 1158): [0,1158,system_server,-1,DisplayDeviceConfig,requesting nits when no mapping exists.]
09-20 06:15:43.236 I/am_wtf ( 1158): [0,1158,system_server,-1,DisplayDeviceConfig,requesting nits when no mapping exists.]
09-20 06:15:43.238 I/am_wtf ( 1158): [0,1158,system_server,-1,DisplayDeviceConfig,requesting nits when no mapping exists.]
09-20 06:15:43.252 I/am_wtf ( 1158): [0,1158,system_server,-1,DisplayDeviceConfig,requesting nits when no mapping exists.]
09-20 06:15:43.255 I/am_wtf ( 1158): [0,1158,system_server,-1,DisplayDeviceConfig,requesting nits when no mapping exists.]
09-20 06:15:43.257 I/wm_stop_activity( 1158): [0,213932593,com.android.launcher3/.uioverrides.QuickstepLauncher]
09-20 06:15:43.272 I/am_wtf ( 1158): [0,1158,system_server,-1,DisplayDeviceConfig,requesting nits when no mapping exists.]
09-20 06:15:43.273 I/am_wtf ( 1158): [0,1158,system_server,-1,DisplayDeviceConfig,requesting nits when no mapping exists.]
09-20 06:15:43.286 I/am_wtf ( 1158): [0,1158,system_server,-1,DisplayDeviceConfig,requesting nits when no mapping exists.]
09-20 06:15:43.287 I/am_wtf ( 1158): [0,1158,system_server,-1,DisplayDeviceConfig,requesting nits when no mapping exists.]
09-20 06:15:43.291 I/wm_on_stop_called( 8801): [213932593,com.android.launcher3.uioverrides.QuickstepLauncher,STOP_ACTIVITY_ITEM]
09-20 06:15:43.303 I/am_wtf ( 1158): [0,1158,system_server,-1,DisplayDeviceConfig,requesting nits when no mapping exists.]
09-20 06:15:43.312 I/am_wtf ( 1158): [0,1158,system_server,-1,DisplayDeviceConfig,requesting nits when no mapping exists.]
09-20 06:15:43.321 I/am_wtf ( 1158): [0,1158,system_server,-1,DisplayDeviceConfig,requesting nits when no mapping exists.]
09-20 06:15:43.323 I/am_wtf ( 1158): [0,1158,system_server,-1,DisplayDeviceConfig,requesting nits when no mapping exists.]
09-20 06:15:43.354 I/am_wtf ( 1158): [0,1158,system_server,-1,DisplayDeviceConfig,requesting nits when no mapping exists.]
09-20 06:15:43.356 I/am_wtf ( 1158): [0,1158,system_server,-1,DisplayDeviceConfig,requesting nits when no mapping exists.]
09-20 06:15:43.371 I/am_wtf ( 1158): [0,1158,system_server,-1,DisplayDeviceConfig,requesting nits when no mapping exists.]
09-20 06:15:43.377 I/am_wtf ( 1158): [0,1158,system_server,-1,DisplayDeviceConfig,requesting nits when no mapping exists.]
09-20 06:15:43.387 I/am_wtf ( 1158): [0,1158,system_server,-1,DisplayDeviceConfig,requesting nits when no mapping exists.]
09-20 06:15:43.388 I/am_wtf ( 1158): [0,1158,system_server,-1,DisplayDeviceConfig,requesting nits when no mapping exists.]
09-20 06:15:43.404 I/am_wtf ( 1158): [0,1158,system_server,-1,DisplayDeviceConfig,requesting nits when no mapping exists.]
09-20 06:15:43.406 I/am_wtf ( 1158): [0,1158,system_server,-1,DisplayDeviceConfig,requesting nits when no mapping exists.]
09-20 06:15:43.425 I/am_wtf ( 1158): [0,1158,system_server,-1,DisplayDeviceConfig,requesting nits when no mapping exists.]
09-20 06:15:43.426 I/am_wtf ( 1158): [0,1158,system_server,-1,DisplayDeviceConfig,requesting nits when no mapping exists.]
09-20 06:15:43.437 I/am_wtf ( 1158): [0,1158,system_server,-1,DisplayDeviceConfig,requesting nits when no mapping exists.]
09-20 06:15:43.439 I/am_wtf ( 1158): [0,1158,system_server,-1,DisplayDeviceConfig,requesting nits when no mapping exists.]
09-20 06:15:43.455 I/am_wtf ( 1158): [0,1158,system_server,-1,DisplayDeviceConfig,requesting nits when no mapping exists.]
09-20 06:15:43.457 I/am_wtf ( 1158): [0,1158,system_server,-1,DisplayDeviceConfig,requesting nits when no mapping exists.]
09-20 06:15:43.471 I/am_wtf ( 1158): [0,1158,system_server,-1,DisplayDeviceConfig,requesting nits when no mapping exists.]
09-20 06:15:43.473 I/am_wtf ( 1158): [0,1158,system_server,-1,DisplayDeviceConfig,requesting nits when no mapping exists.]
09-20 06:15:43.488 I/am_wtf ( 1158): [0,1158,system_server,-1,DisplayDeviceConfig,requesting nits when no mapping exists.]
09-20 06:15:43.489 I/am_wtf ( 1158): [0,1158,system_server,-1,DisplayDeviceConfig,requesting nits when no mapping exists.]
09-20 06:15:43.504 I/am_wtf ( 1158): [0,1158,system_server,-1,DisplayDeviceConfig,requesting nits when no mapping exists.]
09-20 06:15:43.505 I/am_wtf ( 1158): [0,1158,system_server,-1,DisplayDeviceConfig,requesting nits when no mapping exists.]
09-20 06:15:43.527 I/am_wtf ( 1158): [0,1158,system_server,-1,DisplayDeviceConfig,requesting nits when no mapping exists.]
09-20 06:15:43.529 I/am_wtf ( 1158): [0,1158,system_server,-1,DisplayDeviceConfig,requesting nits when no mapping exists.]
09-20 06:15:43.545 I/am_wtf ( 1158): [0,1158,system_server,-1,DisplayDeviceConfig,requesting nits when no mapping exists.]
09-20 06:15:43.546 I/am_wtf ( 1158): [0,1158,system_server,-1,DisplayDeviceConfig,requesting nits when no mapping exists.]
09-20 06:15:43.553 I/am_wtf ( 1158): [0,1158,system_server,-1,DisplayDeviceConfig,requesting nits when no mapping exists.]
09-20 06:15:43.560 I/am_wtf ( 1158): [0,1158,system_server,-1,DisplayDeviceConfig,requesting nits when no mapping exists.]
09-20 06:15:43.571 I/am_wtf ( 1158): [0,1158,system_server,-1,DisplayDeviceConfig,requesting nits when no mapping exists.]
09-20 06:15:43.572 I/am_wtf ( 1158): [0,1158,system_server,-1,DisplayDeviceConfig,requesting nits when no mapping exists.]
09-20 06:15:43.587 I/am_wtf ( 1158): [0,1158,system_server,-1,DisplayDeviceConfig,requesting nits when no mapping exists.]
09-20 06:15:43.588 I/am_wtf ( 1158): [0,1158,system_server,-1,DisplayDeviceConfig,requesting nits when no mapping exists.]
09-20 06:15:43.604 I/am_wtf ( 1158): [0,1158,system_server,-1,DisplayDeviceConfig,requesting nits when no mapping exists.]
09-20 06:15:43.606 I/am_wtf ( 1158): [0,1158,system_server,-1,DisplayDeviceConfig,requesting nits when no mapping exists.]
09-20 06:15:43.622 I/am_wtf ( 1158): [0,1158,system_server,-1,DisplayDeviceConfig,requesting nits when no mapping exists.]
09-20 06:15:43.623 I/am_wtf ( 1158): [0,1158,system_server,-1,DisplayDeviceConfig,requesting nits when no mapping exists.]
09-20 06:15:43.637 I/am_wtf ( 1158): [0,1158,system_server,-1,DisplayDeviceConfig,requesting nits when no mapping exists.]
09-20 06:15:43.638 I/am_wtf ( 1158): [0,1158,system_server,-1,DisplayDeviceConfig,requesting nits when no mapping exists.]
09-20 06:15:43.655 I/am_wtf ( 1158): [0,1158,system_server,-1,DisplayDeviceConfig,requesting nits when no mapping exists.]
09-20 06:15:43.656 I/am_wtf ( 1158): [0,1158,system_server,-1,DisplayDeviceConfig,requesting nits when no mapping exists.]
09-20 06:15:43.672 I/am_wtf ( 1158): [0,1158,system_server,-1,DisplayDeviceConfig,requesting nits when no mapping exists.]
09-20 06:15:43.673 I/am_wtf ( 1158): [0,1158,system_server,-1,DisplayDeviceConfig,requesting nits when no mapping exists.]
09-20 06:15:43.687 I/am_wtf ( 1158): [0,1158,system_server,-1,DisplayDeviceConfig,requesting nits when no mapping exists.]
09-20 06:15:43.689 I/am_wtf ( 1158): [0,1158,system_server,-1,DisplayDeviceConfig,requesting nits when no mapping exists.]
09-20 06:15:43.710 I/am_wtf ( 1158): [0,1158,system_server,-1,DisplayDeviceConfig,requesting nits when no mapping exists.]
09-20 06:15:43.712 I/am_wtf ( 1158): [0,1158,system_server,-1,DisplayDeviceConfig,requesting nits when no mapping exists.]
09-20 06:15:43.720 I/am_wtf ( 1158): [0,1158,system_server,-1,DisplayDeviceConfig,requesting nits when no mapping exists.]
09-20 06:15:43.730 I/am_wtf ( 1158): [0,1158,system_server,-1,DisplayDeviceConfig,requesting nits when no mapping exists.]
09-20 06:15:43.738 I/am_wtf ( 1158): [0,1158,system_server,-1,DisplayDeviceConfig,requesting nits when no mapping exists.]
09-20 06:15:43.739 I/am_wtf ( 1158): [0,1158,system_server,-1,DisplayDeviceConfig,requesting nits when no mapping exists.]
09-20 06:15:43.756 I/am_wtf ( 1158): [0,1158,system_server,-1,DisplayDeviceConfig,requesting nits when no mapping exists.]
09-20 06:15:43.758 I/am_wtf ( 1158): [0,1158,system_server,-1,DisplayDeviceConfig,requesting nits when no mapping exists.]
09-20 06:15:43.772 I/am_wtf ( 1158): [0,1158,system_server,-1,DisplayDeviceConfig,requesting nits when no mapping exists.]
09-20 06:15:43.773 I/am_wtf ( 1158): [0,1158,system_server,-1,DisplayDeviceConfig,requesting nits when no mapping exists.]
09-20 06:15:43.788 I/am_wtf ( 1158): [0,1158,system_server,-1,DisplayDeviceConfig,requesting nits when no mapping exists.]
09-20 06:15:43.790 I/am_wtf ( 1158): [0,1158,system_server,-1,DisplayDeviceConfig,requesting nits when no mapping exists.]
09-20 06:15:43.815 I/am_wtf ( 1158): [0,1158,system_server,-1,DisplayDeviceConfig,requesting nits when no mapping exists.]
09-20 06:15:43.816 I/am_wtf ( 1158): [0,1158,system_server,-1,DisplayDeviceConfig,requesting nits when no mapping exists.]
09-20 06:15:43.821 I/am_wtf ( 1158): [0,1158,system_server,-1,DisplayDeviceConfig,requesting nits when no mapping exists.]
09-20 06:15:43.823 I/am_wtf ( 1158): [0,1158,system_server,-1,DisplayDeviceConfig,requesting nits when no mapping exists.]
09-20 06:15:43.839 I/am_wtf ( 1158): [0,1158,system_server,-1,DisplayDeviceConfig,requesting nits when no mapping exists.]
09-20 06:15:43.840 I/am_wtf ( 1158): [0,1158,system_server,-1,DisplayDeviceConfig,requesting nits when no mapping exists.]
09-20 06:15:43.855 I/am_wtf ( 1158): [0,1158,system_server,-1,DisplayDeviceConfig,requesting nits when no mapping exists.]
09-20 06:15:43.856 I/am_wtf ( 1158): [0,1158,system_server,-1,DisplayDeviceConfig,requesting nits when no mapping exists.]
09-20 06:15:43.872 I/am_wtf ( 1158): [0,1158,system_server,-1,DisplayDeviceConfig,requesting nits when no mapping exists.]
09-20 06:15:43.873 I/am_wtf ( 1158): [0,1158,system_server,-1,DisplayDeviceConfig,requesting nits when no mapping exists.]
09-20 06:15:43.887 I/am_wtf ( 1158): [0,1158,system_server,-1,DisplayDeviceConfig,requesting nits when no mapping exists.]
09-20 06:15:43.888 I/am_wtf ( 1158): [0,1158,system_server,-1,DisplayDeviceConfig,requesting nits when no mapping exists.]
09-20 06:15:43.904 I/am_wtf ( 1158): [0,1158,system_server,-1,DisplayDeviceConfig,requesting nits when no mapping exists.]
09-20 06:15:43.907 I/am_wtf ( 1158): [0,1158,system_server,-1,DisplayDeviceConfig,requesting nits when no mapping exists.]
09-20 06:15:43.922 I/am_wtf ( 1158): [0,1158,system_server,-1,DisplayDeviceConfig,requesting nits when no mapping exists.]
09-20 06:15:43.924 I/am_wtf ( 1158): [0,1158,system_server,-1,DisplayDeviceConfig,requesting nits when no mapping exists.]
09-20 06:15:43.941 I/am_wtf ( 1158): [0,1158,system_server,-1,DisplayDeviceConfig,requesting nits when no mapping exists.]
09-20 06:15:43.942 I/am_wtf ( 1158): [0,1158,system_server,-1,DisplayDeviceConfig,requesting nits when no mapping exists.]
09-20 06:15:56.736 I/input_interaction( 1158): Interaction with: 32fdf6 com.android.deskclock/android.service.dreams.DreamActivity (server), edge-swipe (server), swipe-up (server), PointerEventDispatcher0 (server),
09-20 06:15:56.740 I/service_manager_stats( 1158): [103,134,13700]
09-20 06:15:56.741 I/wm_finish_activity( 1158): [0,198080810,90,com.android.deskclock/android.service.dreams.DreamActivity,finish-activity]
09-20 06:15:56.741 I/wm_task_moved( 1158): [89,1,6]
09-20 06:15:56.741 I/wm_task_to_front( 1158): [0,89]
09-20 06:15:56.742 I/wm_set_resumed_activity( 1158): [0,com.thundercomm.mcuupgrade/.MainActivity,positionChildAt]
09-20 06:15:56.742 I/wm_focused_root_task( 1158): [0,0,89,90,finish-top adjustFocusToNextFocusableTask]
09-20 06:15:56.742 I/wm_set_resumed_activity( 1158): [0,com.thundercomm.mcuupgrade/.MainActivity,finish-top]
09-20 06:15:56.743 I/wm_pause_activity( 1158): [0,198080810,com.android.deskclock/android.service.dreams.DreamActivity,userLeaving=false,finish]
09-20 06:15:56.752 I/sysui_multi_action( 1158): [757,803,799,window_time_0,802,14]
09-20 06:15:56.755 I/wm_on_top_resumed_lost_called( 5400): [198080810,android.service.dreams.DreamActivity,topStateChangedWhenResumed]
09-20 06:15:56.769 I/wm_on_top_resumed_gained_called(14237): [212290239,com.thundercomm.mcuupgrade.MainActivity,topStateChangedWhenResumed]
09-20 06:15:56.770 I/wm_on_paused_called( 5400): [198080810,android.service.dreams.DreamActivity,performPause]
09-20 06:15:56.772 I/wm_resume_activity( 1158): [0,213932593,44,com.android.launcher3/.uioverrides.QuickstepLauncher]
09-20 06:15:56.784 I/view_enqueue_input_event( 5400): [Motion - Cancel,com.android.deskclock/android.service.dreams.DreamActivity]
09-20 06:15:56.786 I/input_focus( 1158): [Focus leaving 32fdf6 com.android.deskclock/android.service.dreams.DreamActivity (server),reason=NO_WINDOW]
09-20 06:15:56.787 I/input_interaction( 1158): Interaction with: edge-swipe (server), swipe-up (server), PointerEventDispatcher0 (server),
09-20 06:15:56.789 I/sysui_multi_action( 1158): [757,803,799,window_time_2,802,0]
09-20 06:15:56.792 I/input_focus( 1158): [Focus request a46d58e com.thundercomm.mcuupgrade/com.thundercomm.mcuupgrade.MainActivity,reason=UpdateInputWindows]
09-20 06:15:56.794 I/wm_on_restart_called( 8801): [213932593,com.android.launcher3.uioverrides.QuickstepLauncher,performRestartActivity]
09-20 06:15:56.794 I/wm_on_start_called( 8801): [213932593,com.android.launcher3.uioverrides.QuickstepLauncher,handleStartActivity]
09-20 06:15:56.795 I/wm_on_resume_called( 8801): [213932593,com.android.launcher3.uioverrides.QuickstepLauncher,RESUME_ACTIVITY]
09-20 06:15:56.819 I/input_focus( 1158): [Focus entering a46d58e com.thundercomm.mcuupgrade/com.thundercomm.mcuupgrade.MainActivity (server),reason=setFocusedWindow]
09-20 06:15:56.860 I/wm_destroy_activity( 1158): [0,198080810,90,com.android.deskclock/android.service.dreams.DreamActivity,finish-idle]
09-20 06:15:56.862 I/wm_on_stop_called( 5400): [198080810,android.service.dreams.DreamActivity,LIFECYCLER_STOP_ACTIVITY]
09-20 06:15:56.863 I/wm_on_destroy_called( 5400): [198080810,android.service.dreams.DreamActivity,performDestroy]
09-20 06:15:56.871 I/sysui_multi_action( 1158): [757,222,758,2]
09-20 06:15:56.872 I/sysui_multi_action( 1158): [757,804,799,dreaming_minutes,801,0,802,1]
09-20 06:15:56.895 I/am_pss ( 1158): [14237,1000,com.thundercomm.mcuupgrade,85711872,76468224,0,208482304,0,2,15]
09-20 06:15:57.107 I/wm_task_removed( 1158): [90,removeChild:removeChild last r=ActivityRecord{bce792a u0 com.android.deskclock/android.service.dreams.DreamActivity t-1 f}} in t=Task{178790b #90 type=dream A=10066:android:com.android.deskclock/dream U=0 visible=false mode=fullscreen translucent=true sz=0}]
09-20 06:15:57.107 I/wm_task_removed( 1158): [90,removeChild]
09-20 06:15:59.234 I/input_interaction( 1158): Interaction with: a46d58e com.thundercomm.mcuupgrade/com.thundercomm.mcuupgrade.MainActivity (server), edge-swipe (server), swipe-up (server), PointerEventDispatcher0 (server),
09-20 06:16:11.371 I/am_freeze( 1158): [13702,com.android.music]
09-20 06:16:11.379 I/am_kill ( 1158): [0,13702,com.android.music,925,Unable to freeze binder interface]
09-20 06:16:11.475 I/am_proc_died( 1158): [0,13702,com.android.music,925,19]
09-20 06:16:11.476 I/am_uid_stopped( 1158): 10070
09-20 06:16:11.487 I/am_uid_running( 1158): 10070
09-20 06:16:11.534 I/am_proc_start( 1158): [0,14368,10070,com.android.music,NULL,]
09-20 06:16:11.589 I/am_proc_bound( 1158): [0,14368,com.android.music]
09-20 06:16:16.624 I/wm_finish_activity( 1158): [0,212290239,89,com.thundercomm.mcuupgrade/.MainActivity,finish-activity]
09-20 06:16:16.624 I/wm_task_moved( 1158): [1,1,6]
09-20 06:16:16.627 I/wm_set_resumed_activity( 1158): [0,com.android.launcher3/.uioverrides.QuickstepLauncher,positionChildAt]
09-20 06:16:16.627 I/wm_task_moved( 1158): [44,1,2147483647]
09-20 06:16:16.628 I/wm_task_to_front( 1158): [0,44]
09-20 06:16:16.628 I/wm_focused_root_task( 1158): [0,0,1,-1,finish-top adjustFocusToNextFocusableTask]
09-20 06:16:16.628 I/wm_set_resumed_activity( 1158): [0,com.android.launcher3/.uioverrides.QuickstepLauncher,finish-top]
09-20 06:16:16.643 I/wm_pause_activity( 1158): [0,212290239,com.thundercomm.mcuupgrade/.MainActivity,userLeaving=false,finish]
09-20 06:16:16.649 I/wm_on_top_resumed_lost_called(14237): [212290239,com.thundercomm.mcuupgrade.MainActivity,topStateChangedWhenResumed]
09-20 06:16:16.652 I/input_focus( 1158): [Focus request 4bde657 com.android.launcher3/com.android.launcher3.uioverrides.QuickstepLauncher,reason=UpdateInputWindows]
09-20 06:16:16.666 I/wm_on_top_resumed_gained_called( 8801): [213932593,com.android.launcher3.uioverrides.QuickstepLauncher,topStateChangedWhenResumed]
09-20 06:16:16.667 I/wm_on_paused_called(14237): [212290239,com.thundercomm.mcuupgrade.MainActivity,performPause]
09-20 06:16:16.673 I/wm_destroy_activity( 1158): [0,212290239,89,com.thundercomm.mcuupgrade/.MainActivity,finish-imm:completePausedLocked]
09-20 06:16:16.683 I/input_focus( 1158): [Focus leaving a46d58e com.thundercomm.mcuupgrade/com.thundercomm.mcuupgrade.MainActivity (server),reason=NO_WINDOW]
09-20 06:16:16.683 I/input_focus( 1158): [Focus entering 4bde657 com.android.launcher3/com.android.launcher3.uioverrides.QuickstepLauncher (server),reason=setFocusedWindow]
09-20 06:16:16.686 I/sysui_multi_action( 1158): [757,803,799,window_time_2,802,20]
09-20 06:16:16.692 I/wm_on_stop_called(14237): [212290239,com.thundercomm.mcuupgrade.MainActivity,LIFECYCLER_STOP_ACTIVITY]
09-20 06:16:16.701 I/am_crash( 1158): [14237,0,com.thundercomm.mcuupgrade,818462277,java.lang.IllegalArgumentException,Service not registered: com.thundercomm.mcuupgrade.MainActivity$1@6bc06b,LoadedApk.java,1880]
09-20 06:16:16.703 I/sysui_multi_action( 1158): [757,803,799,window_time_0,802,0]
09-20 06:16:16.710 I/sysui_multi_action( 1158): [757,316,758,4,759,-1]
09-20 06:16:16.943 I/am_proc_died( 1158): [0,14237,com.thundercomm.mcuupgrade,900,18]
09-20 06:16:17.183 I/wm_task_removed( 1158): [89,removeChild:removeChild last r=ActivityRecord{ca74abf u0 com.thundercomm.mcuupgrade/.MainActivity t-1 f}} in t=Task{21c78de #89 type=standard A=1000:com.thundercomm.mcuupgrade U=0 visible=false mode=freeform translucent=true sz=0}]
09-20 06:16:17.183 I/wm_task_removed( 1158): [89,removeChild]
09-20 06:16:18.489 I/input_interaction( 1158): Interaction with: 4bde657 com.android.launcher3/com.android.launcher3.uioverrides.QuickstepLauncher (server), 93416c5 com.android.systemui.ImageWallpaper (server), edge-swipe (server), swipe-up (server), PointerEventDispatcher0 (server),
09-20 06:16:18.503 I/service_manager_slow( 1158): [12,phone]
09-20 06:16:22.034 I/view_enqueue_input_event( 8801): [Motion - Cancel,com.android.launcher3/com.android.launcher3.uioverrides.QuickstepLauncher]
09-20 06:16:22.047 I/input_interaction( 1158): Interaction with: edge-swipe (server), swipe-up (server), PointerEventDispatcher0 (server),
09-20 06:16:23.684 I/input_interaction( 1158): Interaction with: 4bde657 com.android.launcher3/com.android.launcher3.uioverrides.QuickstepLauncher (server), 93416c5 com.android.systemui.ImageWallpaper (server), edge-swipe (server), swipe-up (server), PointerEventDispatcher0 (server),
09-20 06:16:24.327 I/am_kill ( 1158): [0,13855,com.android.settings,925,remove task]
09-20 06:16:24.347 I/sysui_multi_action( 1158): [757,803,799,window_time_0,802,7]
09-20 06:16:24.456 I/am_proc_died( 1158): [0,13855,com.android.settings,925,19]
09-20 06:16:24.536 I/am_proc_start( 1158): [0,14408,1000,com.android.settings,NULL,]
09-20 06:16:24.639 I/am_proc_bound( 1158): [0,14408,com.android.settings]
09-20 06:16:25.853 I/service_manager_stats( 1158): [100,121,29113]
09-20 06:16:26.378 I/sysui_multi_action( 1158): [757,803,799,window_time_0,802,2]
09-20 06:16:28.181 I/am_kill ( 1158): [0,13836,com.android.gallery3d,925,remove task]
09-20 06:16:28.189 I/sysui_multi_action( 1158): [757,803,799,window_time_0,802,2]
09-20 06:16:28.315 I/am_proc_died( 1158): [0,13836,com.android.gallery3d,925,19]
09-20 06:16:28.317 I/am_uid_stopped( 1158): 10065
09-20 06:16:28.330 I/am_uid_running( 1158): 10065
09-20 06:16:28.385 I/am_proc_start( 1158): [0,14429,10065,com.android.gallery3d,NULL,]
09-20 06:16:28.442 I/am_proc_bound( 1158): [0,14429,com.android.gallery3d]
09-20 06:16:31.231 I/wm_task_created( 1158): [91,-1]
09-20 06:16:31.238 I/wm_task_moved( 1158): [91,1,6]
09-20 06:16:31.238 I/wm_task_to_front( 1158): [0,91]
09-20 06:16:31.239 I/wm_create_task( 1158): [0,91]
09-20 06:16:31.239 I/wm_create_activity( 1158): [0,116856152,91,com.android.settings/.Settings,NULL,NULL,NULL,402657280]
09-20 06:16:31.239 I/wm_task_moved( 1158): [91,1,6]
09-20 06:16:31.241 I/wm_restart_activity( 1158): [0,116856152,91,com.android.settings/.Settings]
09-20 06:16:31.243 I/wm_set_resumed_activity( 1158): [0,com.android.settings/.Settings,minimalResumeActivityLocked]
09-20 06:16:31.266 I/wm_on_top_resumed_lost_called( 8801): [213932593,com.android.launcher3.uioverrides.QuickstepLauncher,topStateChangedWhenResumed]
09-20 06:16:31.333 I/wm_on_create_called(14408): [116856152,com.android.settings.Settings,performCreate]
09-20 06:16:31.396 W/CarrierConfigManager(14408): Error getting config for subId -1 ICarrierConfigLoader is null
09-20 06:16:31.442 I/wm_on_start_called(14408): [116856152,com.android.settings.Settings,handleStartActivity]
09-20 06:16:31.443 I/snet_event_log(14408): [120484087,-1,]
09-20 06:16:31.443 I/wm_on_resume_called(14408): [116856152,com.android.settings.Settings,RESUME_ACTIVITY]
09-20 06:16:31.445 I/sysui_multi_action(14408): [757,35,758,1,833,0,1089,110]
09-20 06:16:31.458 I/sysui_multi_action(14408): [757,1729,758,4,854,isParalleledControllers:false,1089,123]
09-20 06:16:31.468 I/sysui_multi_action(14408): [757,746,758,1,833,0,1089,91]
09-20 06:16:31.470 D/TelephonyRegistry( 1158): listen oscl: mHasNotifySubscriptionInfoChangedOccurred==false no callback
09-20 06:16:31.481 D/TelephonyRegistry( 1158): listen oscl: mHasNotifySubscriptionInfoChangedOccurred==false no callback
09-20 06:16:31.471 I/auditd ( 591): type=1400 audit(0.0:657): avc: denied { read } for comm="Binder:591_2" name="wakeup58" dev="sysfs" ino=89685 scontext=u:r:system_suspend:s0 tcontext=u:object_r:sysfs:s0 tclass=dir permissive=0
09-20 06:16:31.491 I/sysui_multi_action(14408): [757,1729,758,4,854,isParalleledControllers:false,1089,115]
