09-20 06:58:43.685 I/OpenGLRenderer( 8801): Davey! duration=9223360937816ms; Flags=0, FrameTimelineVsyncId=219088, IntendedVsync=11099037354746, Vsync=11099037354746, InputEventId=604772845, HandleInputStart=11099038127118, AnimationStart=11099085258107, PerformTraversalsStart=11099085271441, DrawStart=11099086356337, FrameDeadline=11099054021412, FrameInterval=11099038124253, FrameStartTime=16666666, SyncQueued=11099086923732, SyncStart=11099087760503, IssueDrawCommandsStart=11099088460139, SwapBuffers=11099100771337, FrameCompleted=9223372036854775807, DequeueBufferDuration=44740, QueueBufferDuration=1284688, GpuCompleted=9223372036854775807, SwapBuffersCompleted=11099103677014, DisplayPresentTime=11089964332694,
09-20 06:58:43.698 W/FrameTracker( 8801): Missing SF jank callback for vsyncId: 218889
09-20 06:58:43.698 W/FrameTracker( 8801): Missed App frame:8
09-20 06:58:43.699 V/PerfettoTrigger( 8801): Not triggering com.android.telemetry.interaction-jank-monitor-9 - not enough time since last trigger
01-01 11:08:35.195 D/ ( 0): mv2112_read_status
01-01 11:08:35.202 D/mv2112_update_link( 0): 3.0x901(1G): 0x80
01-01 11:08:35.207 D/mv2112_update_link( 0): 3.0x8109(100M): 0x0
01-01 11:08:35.214 D/mv2112_update_link( 0): link 0x0
01-01 11:08:35.219 I/IRQ 5 ( 0): no longer affine to CPU6
01-01 11:08:35.219 D/mv2112_read_status( 0): autoneg is disabled
09-20 06:58:43.990 I/mpu_uart( 674): [MSG-P:R]:recv sync frame timeout
09-20 06:58:44.211 D/vendor.qti.vibrator( 1012): Vibrator perform effect 0
09-20 06:58:44.213 D/vendor.qti.vibrator( 1012): Vibrator on for timeoutMs: 10
09-20 06:58:44.215 D/vendor.qti.vibrator( 1012): Starting on on another thread
09-20 06:58:44.221 D/vendor.qti.vibrator( 1012): QTI Vibrator off
09-20 06:58:44.225 D/vendor.qti.vibrator( 1012): Notifying on complete
09-20 06:58:44.241 D/vendor.qti.vibrator( 1012): Vibrator on for timeoutMs: 30
09-20 06:58:44.242 D/vendor.qti.vibrator( 1012): Starting on on another thread
09-20 06:58:44.273 D/vendor.qti.vibrator( 1012): Notifying on complete
09-20 06:58:44.274 D/vendor.qti.vibrator( 1012): QTI Vibrator off
09-20 06:58:44.496 I/mpu_uart( 674): [MSG-P:RECV]:No message received in 1000 ms
01-01 11:08:36.223 I/init ( 0): starting service 'qvrd_vndr'...
01-01 11:08:36.237 I/init ( 0): Created socket '/dev/socket/qvrservice_vndr', mode 660, user 1000, group 1000
01-01 11:08:36.249 D/ ( 0): mv2112_read_status
01-01 11:08:36.250 I/init ( 0): Created socket '/dev/socket/qvrservice_vndr_camera', mode 660, user 1000, group 1000
01-01 11:08:36.254 D/mv2112_update_link( 0): 3.0x901(1G): 0x80
01-01 11:08:36.268 D/mv2112_update_link( 0): 3.0x8109(100M): 0x0
01-01 11:08:36.273 D/mv2112_update_link( 0): link 0x0
01-01 11:08:36.276 I/init ( 0): starting service 'sxrd'...
01-01 11:08:36.277 D/mv2112_read_status( 0): autoneg is disabled
09-20 06:58:44.903 F/linker (17836): CANNOT LINK EXECUTABLE "/vendor/bin/hw/qvrservice": library "vendor.qti.hardware.qxr-V1-ndk_platform.so" not found: needed by /vendor/lib64/libqvrservice.so in namespace (default)
01-01 11:08:36.298 I/init ( 0): Service 'qvrd_vndr' (pid 17836) exited with status 1
01-01 11:08:36.305 I/init ( 0): Sending signal 9 to service 'qvrd_vndr' (pid 17836) process group...
01-01 11:08:36.313 I/libprocessgroup( 0): Successfully killed process cgroup uid 1000 pid 17836 in 0ms
09-20 06:58:44.938 F/linker (17837): CANNOT LINK EXECUTABLE "/vendor/bin/hw/sxrservice": library "vendor.qti.hardware.qxr-V1-ndk_platform.so" not found: needed by main executable
01-01 11:08:36.324 I/init ( 0): starting service 'vendor.light-hal-2-0'...
09-20 06:58:44.941 D/StateManager( 8801): goToState: Overview
01-01 11:08:36.340 I/init ( 0): Service 'sxrd' (pid 17837) exited with status 1
01-01 11:08:36.347 I/init ( 0): Sending signal 9 to service 'sxrd' (pid 17837) process group...
09-20 06:58:44.967 I/OpenGLRenderer( 2202): Davey! duration=9223360936497ms; Flags=0, FrameTimelineVsyncId=219296, IntendedVsync=11100357076223, Vsync=11100357076223, InputEventId=0, HandleInputStart=11100364574878, AnimationStart=11100364576128, PerformTraversalsStart=11100365557274, DrawStart=11100365697117, FrameDeadline=11100390409555, FrameInterval=11100364572117, FrameStartTime=16666666, SyncQueued=11100365756180, SyncStart=11100365876597, IssueDrawCommandsStart=11100366001492, SwapBuffers=11100367951024, FrameCompleted=9223372036854775807, DequeueBufferDuration=1634114, QueueBufferDuration=897604, GpuCompleted=9223372036854775807, SwapBuffersCompleted=11100369467117, DisplayPresentTime=1368301822623296566,
09-20 06:58:44.975 I/hwservicemanager( 520): getTransport: Cannot find entry android.hardware.light@2.0::ILight/default in either framework or device VINTF manifest.
09-20 06:58:44.978 E/light (17838): light_open lights keyboard failed: -22
09-20 06:58:44.978 E/light (17838): Light passthrough failed to load legacy HAL.
09-20 06:58:44.979 E/light (17838): light_open lights buttons failed: -22
09-20 06:58:44.979 E/light (17838): Light passthrough failed to load legacy HAL.
09-20 06:58:44.980 E/light (17838): light_open lights bluetooth failed: -22
09-20 06:58:44.980 E/light (17838): Light passthrough failed to load legacy HAL.
09-20 06:58:44.981 E/light (17838): light_open lights wifi failed: -22
09-20 06:58:44.981 E/light (17838): Light passthrough failed to load legacy HAL.
09-20 06:58:44.982 I/hwservicemanager( 520): getTransport: Cannot find entry android.hardware.light@2.0::ILight/default in either framework or device VINTF manifest.
09-20 06:58:44.983 E/HidlServiceManagement(17838): Service android.hardware.light@2.0::ILight/default must be in VINTF manifest in order to register/get.
09-20 06:58:44.983 E/LegacySupport(17838): Could not register service android.hardware.light@2.0::ILight/default (-2147483648).
09-20 06:58:45.146 I/HttpClient( 2481): onFailed
09-20 06:58:45.147 I/MicroService( 2481): sendConnectStateBroadCast() state0
09-20 06:58:45.150 I/MicroService( 2481): onNettyConnectState0
09-20 06:58:45.150 I/MicroService( 2481): onNettyConnectState count = 0
09-20 06:58:45.502 I/mpu_uart( 674): [MSG-P:RECV]:No message received in 1000 ms
01-01 11:08:37.303 D/ ( 0): mv2112_read_status
01-01 11:08:37.307 D/mv2112_update_link( 0): 3.0x901(1G): 0x80
01-01 11:08:37.313 D/mv2112_update_link( 0): 3.0x8109(100M): 0x0
01-01 11:08:37.319 D/mv2112_update_link( 0): link 0x0
01-01 11:08:37.324 D/mv2112_read_status( 0): autoneg is disabled
09-20 06:58:46.147 I/HWebSocketClient( 2481): WEBclient: onFailed
09-20 06:58:46.151 I/ResponseWebSocketHandler( 2481): ResponseWebSocketHandler start
09-20 06:58:46.151 I/HttpContext( 2481): getIResponseJson :com.thundercomm.microservice.MicroServiceProxy@60d04ef
09-20 06:58:46.151 I/ResponseWebSocketHandler( 2481): ResponseWebSocketHandler mResponseJson: com.thundercomm.microservice.MicroServiceProxy@60d04ef
09-20 06:58:46.152 I/System.out( 2481): handler is: com.thundercomm.microservice.netty.client.handler.webSocket.ResponseWebSocketHandler@da48366
09-20 06:58:46.154 I/HttpContext( 2481): getIResponseJson :com.thundercomm.microservice.MicroServiceProxy@60d04ef
09-20 06:58:46.154 I/ResponseHandler( 2481): ResponseHandler() :com.thundercomm.microservice.MicroServiceProxy@60d04ef
09-20 06:58:46.171 W/NioEventLoop( 2481): Selector.select() returned prematurely 512 times in a row; rebuilding Selector io.netty.channel.nio.SelectedSelectionKeySetSelector@5a1f6fd.
09-20 06:58:46.172 I/NioEventLoop( 2481): Migrated 1 channel(s) to the new Selector.
09-20 06:58:46.503 I/mpu_uart( 674): [MSG-P:RECV]:No message received in 1000 ms
01-01 11:08:38.327 D/ ( 0): mv2112_read_status
01-01 11:08:38.331 D/mv2112_update_link( 0): 3.0x901(1G): 0x80
01-01 11:08:38.336 D/mv2112_update_link( 0): 3.0x8109(100M): 0x0
01-01 11:08:38.341 D/mv2112_update_link( 0): link 0x0
01-01 11:08:38.346 D/mv2112_read_status( 0): autoneg is disabled
09-20 06:58:46.993 I/mpu_uart( 674): [MSG-P:R]:recv sync frame timeout
09-20 06:58:47.198 I/input_interaction( 1158): Interaction with: 4bde657 com.android.launcher3/com.android.launcher3.uioverrides.QuickstepLauncher (server), 93416c5 com.android.systemui.ImageWallpaper (server), edge-swipe (server), swipe-up (server), PointerEventDispatcher0 (server),
09-20 06:58:47.374 D/audio_hw_primary( 829): start_output_stream: enter: stream(0xebdc64c0)usecase(1: low-latency-playback) devices(0x2) is_haptic_usecase(0)
09-20 06:58:47.374 E/ANDR-PERF-TARGET( 992): Error: Invalid logical cluster id 0
09-20 06:58:47.375 E/ANDR-PERF-REQUEST( 992): invalid request
09-20 06:58:47.375 E/ANDR-PERF-MPCTL( 992): invalid request, no optimizations performed
09-20 06:58:47.375 E/audio_hw_extn( 829): audio_extn_perf_lock_acquire: Failed to acquire perf lock, err: -1
09-20 06:58:47.375 D/audio_hw_primary( 829): select_devices for use case (low-latency-playback)
09-20 06:58:47.375 I/msm8974_platform( 829): platform_check_and_set_codec_backend_cfg:becf: afe: bitwidth 16, samplerate 48000 channels 2, backend_idx 0 usecase = 1 device (speaker)
09-20 06:58:47.375 D/msm8974_platform( 829): platform_split_snd_device: snd_device(2) num devices(1) new_snd_devices(0)
09-20 06:58:47.375 I/msm8974_platform( 829): platform_check_and_set_codec_backend_cfg: new_snd_devices[0] is 2
09-20 06:58:47.375 I/msm8974_platform( 829): platform_check_codec_backend_cfg:becf: afe: bitwidth 16, samplerate 48000 channels 2, backend_idx 0 usecase = 1 device (speaker)
09-20 06:58:47.378 D/audio_hw_extn( 829): audio_extn_enable_hifi_filter: mixer_value set 0
09-20 06:58:47.378 D/msm8974_platform( 829): platform_check_codec_backend_cfg:becf: updated afe: bitwidth 16, samplerate 48000 channels 2,backend_idx 0 usecase = 1 device (speaker)
09-20 06:58:47.378 D/msm8974_platform( 829): platform_check_codec_backend_cfg:becf: afe: playback on codec device not supporting native playback set default Sample Rate(48k)
09-20 06:58:47.378 I/msm8974_platform( 829): platform_check_codec_backend_cfg:becf: afe: Codec selected backend: 0 updated bit width: 16 and sample rate: 48000
09-20 06:58:47.378 D/audio_hw_primary( 829): check_usecases_codec_backend:becf: force routing 0
09-20 06:58:47.378 E/msm8974_platform( 829): platform_check_backends_match: Invalid snd_device =
09-20 06:58:47.378 D/audio_hw_primary( 829): check_usecases_codec_backend:becf: (78) check_usecases curr device: speaker, usecase device: backends match 0
09-20 06:58:47.378 D/audio_hw_primary( 829): check_usecases_codec_backend:becf: check_usecases num.of Usecases to switch 0
09-20 06:58:47.378 D/hardware_info( 829): hw_info_append_hw_type : device_name = speaker
09-20 06:58:47.378 D/msm8974_platform( 829): platform_split_snd_device: snd_device(2) num devices(0) new_snd_devices(0)
09-20 06:58:47.378 D/audio_hw_primary( 829): enable_snd_device: snd_device(2: speaker)
09-20 06:58:47.379 D/msm8974_platform( 829): platform_get_island_cfg_on_device:island cfg status on snd_device = (speaker 0)
09-20 06:58:47.379 I/soundtrigger( 829): audio_extn_sound_trigger_update_device_status: device 0x2 of type 0 for Event 1, with Raise=0
09-20 06:58:47.379 D/audio_route( 829): Apply path: speaker
09-20 06:58:47.379 I/audio_hw_utils( 829): audio_extn_utils_update_stream_output_app_type_cfg Allowing 24 and above bits playback on speaker ONLY at default sampling rate
09-20 06:58:47.379 E/soundtrigger( 829): audio_extn_sound_trigger_update_stream_status: invalid input device 0x0, for event 3
09-20 06:58:47.379 D/soundtrigger( 829): audio_extn_sound_trigger_update_stream_status: uc_info->id 1 of type 0 for Event 3, with Raise=0
09-20 06:58:47.379 D/audio_hw_utils( 829): audio_extn_utils_send_app_type_cfg: usecase->out_snd_device speaker
09-20 06:58:47.379 D/msm8974_platform( 829): platform_split_snd_device: snd_device(2) num devices(0) new_snd_devices(0)
09-20 06:58:47.379 D/audio_hw_utils( 829): audio_extn_btsco_get_sample_rate:Not a BT SCO device, need not update sampling rate
09-20 06:58:47.379 I/audio_hw_utils( 829): send_app_type_cfg_for_device PLAYBACK app_type 69937, acdb_dev_id 15, sample_rate 48000, snd_device_be_idx 179
09-20 06:58:47.380 D/msm8974_platform( 829): platform_split_snd_device: snd_device(2) num devices(1) new_snd_devices(0)
09-20 06:58:47.380 D/audio_hw_utils( 829): audio_extn_btsco_get_sample_rate:Not a BT SCO device, need not update sampling rate
09-20 06:58:47.380 D/ACDB-LOADER( 829): ACDB -> send_audio_cal, acdb_id = 15, path = 0, app id = 0x11131, sample rate = 48000, afe_sample_rate = 48000
09-20 06:58:47.380 D/ACDB-LOADER( 829): ACDB -> send_asm_topology
09-20 06:58:47.380 D/ACDB-LOADER( 829): ACDB -> ACDB_CMD_GET_AUDPROC_STREAM_TOPOLOGY_ID
09-20 06:58:47.381 D/ACDB-LOADER( 829): ACDB -> send_adm_topology
09-20 06:58:47.381 D/ACDB-LOADER( 829): ACDB -> ACDB_CMD_GET_AUDPROC_COMMON_TOPOLOGY_ID
09-20 06:58:47.381 D/ACDB-LOADER( 829): ACDB -> send_audtable
09-20 06:58:47.381 D/ACDB-LOADER( 829): ACDB -> ACDB_CMD_GET_AUDPROC_INSTANCE_COMMON_TABLE_SIZE
09-20 06:58:47.381 D/ACDB-LOADER( 829): ACDB -> ACDB_CMD_GET_AUDPROC_INSTANCE_COMMON_TABLE
09-20 06:58:47.381 D/ACDB-LOADER( 829): ACDB -> AUDIO_SET_AUDPROC_CAL cal_type[11] acdb_id[15] app_type[69937]
09-20 06:58:47.381 D/ACDB-LOADER( 829): ACDB -> send_audvoltable
09-20 06:58:47.381 D/ACDB-LOADER( 829): ACDB -> ACDB_CMD_GET_AUDPROC_INSTANCE_GAIN_DEP_STEP_TABLE_SIZE
09-20 06:58:47.381 D/ACDB-LOADER( 829): ACDB -> ACDB_CMD_GET_AUDPROC_INSTANCE_GAIN_DEP_STEP_TABLE, vol index 0
09-20 06:58:47.381 D/ACDB-LOADER( 829): ACDB -> AUDIO_SET_VOL_CAL cal type = 12
09-20 06:58:47.381 D/ACDB-LOADER( 829): ACDB -> ACDB_CMD_GET_AUDPROC_INSTANCE_STREAM_TABLE_SIZE
09-20 06:58:47.381 D/ACDB-LOADER( 829): ACDB -> send_audstrmtable
09-20 06:58:47.381 D/ACDB-LOADER( 829): ACDB -> ACDB_CMD_GET_AUDPROC_INSTANCE_STREAM_TABLE
09-20 06:58:47.381 D/ACDB-LOADER( 829): ACDB -> audstrm_cal->cal_type.cal_data.cal_size = 20
09-20 06:58:47.382 D/ACDB-LOADER( 829): ACDB -> send_afe_topology
09-20 06:58:47.382 D/ACDB-LOADER( 829): ACDB -> ACDB_CMD_GET_AFE_TOPOLOGY_ID
09-20 06:58:47.382 D/ACDB-LOADER( 829): ACDB -> GET_AFE_TOPOLOGY_ID for adcd_id 15, Topology Id 112fc
09-20 06:58:47.382 D/ACDB-LOADER( 829): ACDB -> send_afe_cal
09-20 06:58:47.382 D/ACDB-LOADER( 829): ACDB -> ACDB_CMD_GET_AFE_INSTANCE_COMMON_TABLE_SIZE
09-20 06:58:47.382 D/android.hardware.audio.service( 829): Failed to fetch the lookup information of the device 0000000F
09-20 06:58:47.382 D/ACDB-LOADER( 829): Error: ACDB_CMD_GET_AFE_INSTANCE_COMMON_TABLE_SIZE Returned = -19
09-20 06:58:47.382 D/ACDB-LOADER( 829): ACDB -> ACDB_CMD_GET_AFE_INSTANCE_COMMON_TABLE
09-20 06:58:47.382 D/android.hardware.audio.service( 829): Failed to fetch the lookup information of the device 0000000F
09-20 06:58:47.382 D/ACDB-LOADER( 829): Error: ACDB AFE returned = -19
09-20 06:58:47.382 D/ACDB-LOADER( 829): ACDB -> AUDIO_SET_AFE_CAL cal_type[16] acdb_id[15]
09-20 06:58:47.382 D/ACDB-LOADER( 829): ACDB -> send_hw_delay : acdb_id = 15 path = 0
09-20 06:58:47.382 D/ACDB-LOADER( 829): ACDB -> ACDB_AVSYNC_INFO: ACDB_CMD_GET_DEVICE_PROPERTY
09-20 06:58:47.382 D/msm8974_platform( 829): platform_split_snd_device: snd_device(2) num devices(0) new_snd_devices(0)
09-20 06:58:47.383 I/msm8974_platform( 829): platform_get_custom_mtmx_params: no matching param with id 0 ip_ch 2 op_ch 2 uc_id 1 snd_dev 2
09-20 06:58:47.383 D/audio_hw_primary( 829): enable_audio_route: apply mixer and update path: low-latency-playback
09-20 06:58:47.383 D/audio_route( 829): Apply path: low-latency-playback
09-20 06:58:47.384 D/audio_hw_primary( 829): select_devices: done
01-01 11:08:38.782 I/afe_find_cal_topo_id_by_port( 0): port id: 0x9000, dev_acdb_id: 0
01-01 11:08:38.789 I/afe_find_cal_topo_id_by_port( 0): top_id:112fc acdb_id:15 afe_port:0x9000
01-01 11:08:38.797 I/afe_get_cal_topology_id( 0): port_id = 0x9000 acdb_id = 15 topology_id = 0x112fc cal_type_index=8 ret=0
01-01 11:08:38.808 I/afe_send_port_topology_id( 0): AFE set topology id 0x112fc enable for port 0x9000 ret 0
01-01 11:08:38.817 I/send_afe_cal_type( 0): cal_index is 0
01-01 11:08:38.822 I/send_afe_cal_type( 0): dev_acdb_id[55] is 0
01-01 11:08:38.827 I/send_afe_cal_type( 0): Sending cal_index cal 0
01-01 11:08:38.832 E/send_afe_cal_type( 0): No cal sent for cal_index 0, port_id = 0x9000! ret -22
01-01 11:08:38.840 I/afe_send_hw_delay( 0): port_id 0x9000 rate 48000 delay_usec 474 status 0
09-20 06:58:47.477 D/msm8974_platform( 829): platform_set_channel_map mixer_ctl_name:Playback Channel Map9
09-20 06:58:47.477 D/msm8974_platform( 829): platform_set_channel_map: set mapping(1 2 0 0 0 0 0 0) for channel:2
09-20 06:58:47.479 E/audio_hw_extn( 829): audio_extn_perf_lock_release: Perf lock release error
09-20 06:58:47.479 D/audio_hw_primary( 829): start_output_stream: exit
09-20 06:58:47.503 I/mpu_uart( 674): [MSG-P:RECV]:No message received in 1000 ms
09-20 06:58:47.670 D/audio_hw_primary( 829): out_set_parameters: enter: usecase(1: low-latency-playback) kvpairs: suspend_playback=true
09-20 06:58:47.670 D/audio_hw_extn( 829): audio_extn_fm_set_parameters: Enter
01-01 11:08:39.352 D/ ( 0): mv2112_read_status
01-01 11:08:39.356 D/mv2112_update_link( 0): 3.0x901(1G): 0x80
01-01 11:08:39.361 D/mv2112_update_link( 0): 3.0x8109(100M): 0x0
01-01 11:08:39.368 D/mv2112_update_link( 0): link 0x0
01-01 11:08:39.373 D/mv2112_read_status( 0): autoneg is disabled
09-20 06:58:48.220 I/HttpClient( 2481): onFailed
09-20 06:58:48.221 I/MicroService( 2481): sendConnectStateBroadCast() state0
09-20 06:58:48.225 I/MicroService( 2481): onNettyConnectState0
09-20 06:58:48.225 I/MicroService( 2481): onNettyConnectState count = 0
09-20 06:58:48.503 I/mpu_uart( 674): [MSG-P:RECV]:No message received in 1000 ms
09-20 06:58:48.672 D/audio_hw_primary( 829): out_set_parameters: enter: usecase(1: low-latency-playback) kvpairs: suspend_playback=false
09-20 06:58:48.672 D/audio_hw_extn( 829): audio_extn_fm_set_parameters: Enter
09-20 06:58:48.673 W/audio_hw_primary( 829): out_write: underrun(241) frames_by_time(48303) > out->last_fifo_frames_remaining(384)
09-20 06:58:48.715 D/audio_hw_primary( 829): out_set_parameters: enter: usecase(1: low-latency-playback) kvpairs: suspend_playback=true
09-20 06:58:48.715 D/audio_hw_extn( 829): audio_extn_fm_set_parameters: Enter
01-01 11:08:40.375 D/ ( 0): mv2112_read_status
01-01 11:08:40.379 D/mv2112_update_link( 0): 3.0x901(1G): 0x80
01-01 11:08:40.384 D/mv2112_update_link( 0): 3.0x8109(100M): 0x0
01-01 11:08:40.392 D/mv2112_update_link( 0): link 0x0
01-01 11:08:40.397 D/mv2112_read_status( 0): autoneg is disabled
09-20 06:58:49.220 I/HWebSocketClient( 2481): WEBclient: onFailed
09-20 06:58:49.226 I/ResponseWebSocketHandler( 2481): ResponseWebSocketHandler start
09-20 06:58:49.227 I/HttpContext( 2481): getIResponseJson :com.thundercomm.microservice.MicroServiceProxy@60d04ef
09-20 06:58:49.227 I/ResponseWebSocketHandler( 2481): ResponseWebSocketHandler mResponseJson: com.thundercomm.microservice.MicroServiceProxy@60d04ef
09-20 06:58:49.228 I/System.out( 2481): handler is: com.thundercomm.microservice.netty.client.handler.webSocket.ResponseWebSocketHandler@4539f
09-20 06:58:49.228 I/HttpContext( 2481): getIResponseJson :com.thundercomm.microservice.MicroServiceProxy@60d04ef
09-20 06:58:49.228 I/ResponseHandler( 2481): ResponseHandler() :com.thundercomm.microservice.MicroServiceProxy@60d04ef
09-20 06:58:49.504 I/mpu_uart( 674): [MSG-P:RECV]:No message received in 1000 ms
09-20 06:58:49.717 D/audio_hw_primary( 829): out_set_parameters: enter: usecase(1: low-latency-playback) kvpairs: suspend_playback=false
09-20 06:58:49.717 D/audio_hw_extn( 829): audio_extn_fm_set_parameters: Enter
09-20 06:58:49.719 W/audio_hw_primary( 829): out_write: underrun(242) frames_by_time(48321) > out->last_fifo_frames_remaining(384)
09-20 06:58:49.760 D/audio_hw_primary( 829): out_set_parameters: enter: usecase(1: low-latency-playback) kvpairs: suspend_playback=true
09-20 06:58:49.760 D/audio_hw_extn( 829): audio_extn_fm_set_parameters: Enter
01-01 11:08:41.273 I/init ( 0): starting service 'qvrd_vndr'...
01-01 11:08:41.289 I/init ( 0): Created socket '/dev/socket/qvrservice_vndr', mode 660, user 1000, group 1000
01-01 11:08:41.303 I/init ( 0): Created socket '/dev/socket/qvrservice_vndr_camera', mode 660, user 1000, group 1000
01-01 11:08:41.358 I/init ( 0): starting service 'sxrd'...
01-01 11:08:41.380 I/init ( 0): starting service 'vendor.light-hal-2-0'...
09-20 06:58:49.994 I/mpu_uart( 674): [MSG-P:R]:recv sync frame timeout
09-20 06:58:49.998 F/linker (17842): CANNOT LINK EXECUTABLE "/vendor/bin/hw/qvrservice": library "vendor.qti.hardware.qxr-V1-ndk_platform.so" not found: needed by /vendor/lib64/libqvrservice.so in namespace (default)
01-01 11:08:41.399 D/ ( 0): mv2112_read_status
01-01 11:08:41.400 I/init ( 0): Service 'qvrd_vndr' (pid 17842) exited with status 1
09-20 06:58:50.012 F/linker (17843): CANNOT LINK EXECUTABLE "/vendor/bin/hw/sxrservice": library "vendor.qti.hardware.qxr-V1-ndk_platform.so" not found: needed by main executable
01-01 11:08:41.404 D/mv2112_update_link( 0): 3.0x901(1G): 0x80
01-01 11:08:41.409 I/init ( 0): Sending signal 9 to service 'qvrd_vndr' (pid 17842) process group...
01-01 11:08:41.409 I/libprocessgroup( 0): Successfully killed process cgroup uid 1000 pid 17842 in 0ms
01-01 11:08:41.432 D/mv2112_update_link( 0): 3.0x8109(100M): 0x0
09-20 06:58:50.042 I/hwservicemanager( 520): getTransport: Cannot find entry android.hardware.light@2.0::ILight/default in either framework or device VINTF manifest.
09-20 06:58:50.048 E/light (17844): light_open lights keyboard failed: -22
09-20 06:58:50.048 E/light (17844): Light passthrough failed to load legacy HAL.
09-20 06:58:50.049 E/light (17844): light_open lights buttons failed: -22
09-20 06:58:50.049 E/light (17844): Light passthrough failed to load legacy HAL.
01-01 11:08:41.435 I/init ( 0): Service 'sxrd' (pid 17843) exited with status 1
01-01 11:08:41.437 D/mv2112_update_link( 0): link 0x0
01-01 11:08:41.443 I/init ( 0): Sending signal 9 to service 'sxrd' (pid 17843) process group...
09-20 06:58:50.051 E/light (17844): light_open lights bluetooth failed: -22
09-20 06:58:50.051 E/light (17844): Light passthrough failed to load legacy HAL.
09-20 06:58:50.051 E/light (17844): light_open lights wifi failed: -22
09-20 06:58:50.051 E/light (17844): Light passthrough failed to load legacy HAL.
09-20 06:58:50.052 I/hwservicemanager( 520): getTransport: Cannot find entry android.hardware.light@2.0::ILight/default in either framework or device VINTF manifest.
09-20 06:58:50.053 E/HidlServiceManagement(17844): Service android.hardware.light@2.0::ILight/default must be in VINTF manifest in order to register/get.
09-20 06:58:50.053 E/LegacySupport(17844): Could not register service android.hardware.light@2.0::ILight/default (-2147483648).
01-01 11:08:41.456 D/mv2112_read_status( 0): autoneg is disabled
09-20 06:58:50.504 I/mpu_uart( 674): [MSG-P:RECV]:No message received in 1000 ms
09-20 06:58:50.762 D/audio_hw_primary( 829): out_set_parameters: enter: usecase(1: low-latency-playback) kvpairs: suspend_playback=false
09-20 06:58:50.762 D/audio_hw_extn( 829): audio_extn_fm_set_parameters: Enter
09-20 06:58:50.764 D/audio_hw_primary( 829): out_standby: enter: stream (0xebdc64c0) usecase(1: low-latency-playback)
01-01 11:08:42.171 I/afe_close( 0): port_id = 0x9000
09-20 06:58:50.790 D/audio_hw_primary( 829): disable_audio_route: reset and update mixer path: low-latency-playback
09-20 06:58:50.792 E/soundtrigger( 829): audio_extn_sound_trigger_update_stream_status: invalid input device 0x0, for event 2
09-20 06:58:50.792 D/soundtrigger( 829): audio_extn_sound_trigger_update_stream_status: uc_info->id 1 of type 0 for Event 2, with Raise=0
09-20 06:58:50.792 D/msm8974_platform( 829): platform_split_snd_device: snd_device(2) num devices(0) new_snd_devices(0)
09-20 06:58:50.792 I/msm8974_platform( 829): platform_get_custom_mtmx_params: no matching param with id 0 ip_ch 2 op_ch 2 uc_id 1 snd_dev 2
09-20 06:58:50.792 D/hardware_info( 829): hw_info_append_hw_type : device_name = speaker
09-20 06:58:50.792 D/audio_hw_primary( 829): disable_snd_device: snd_device(2: speaker)
09-20 06:58:50.792 D/msm8974_platform( 829): platform_split_snd_device: snd_device(2) num devices(0) new_snd_devices(0)
09-20 06:58:50.793 I/soundtrigger( 829): audio_extn_sound_trigger_update_device_status: device 0x2 of type 0 for Event 0, with Raise=0
09-20 06:58:50.793 D/audio_hw_primary( 829): out_standby: exit
09-20 06:58:50.798 I/OpenGLRenderer( 8801): Davey! duration=9223360930650ms; Flags=0, FrameTimelineVsyncId=219534, IntendedVsync=11106203764831, Vsync=11106203764831, InputEventId=185701769, HandleInputStart=11106204995605, AnimationStart=11106207499771, PerformTraversalsStart=11106207502844, DrawStart=11106207676594, FrameDeadline=11106220431497, FrameInterval=11106204991698, FrameStartTime=16666666, SyncQueued=11106207937584, SyncStart=11106208250240, IssueDrawCommandsStart=11106209122376, SwapBuffers=11106216739719, FrameCompleted=9223372036854775807, DequeueBufferDuration=50625, QueueBufferDuration=3323125, GpuCompleted=9223372036854775807, SwapBuffersCompleted=11106222029303, DisplayPresentTime=11083532258895,
01-01 11:08:42.487 D/ ( 0): mv2112_read_status
01-01 11:08:42.491 D/mv2112_update_link( 0): 3.0x901(1G): 0x80
01-01 11:08:42.498 D/mv2112_update_link( 0): 3.0x8109(100M): 0x0
01-01 11:08:42.504 D/mv2112_update_link( 0): link 0x0
01-01 11:08:42.508 D/mv2112_read_status( 0): autoneg is disabled
09-20 06:58:51.291 I/HttpClient( 2481): onFailed
09-20 06:58:51.291 I/MicroService( 2481): sendConnectStateBroadCast() state0
09-20 06:58:51.293 I/MicroService( 2481): onNettyConnectState0
09-20 06:58:51.293 I/MicroService( 2481): onNettyConnectState count = 0
09-20 06:58:51.306 I/BpBinder( 1053): onLastStrongRef automatically unlinking death recipients:
09-20 06:58:51.384 I/InputDispatcher( 1158): Monitor edge-swipe (server) is stealing touch from [4bde657 com.android.launcher3/com.android.launcher3.uioverrides.QuickstepLauncher (server), 93416c5 com.android.systemui.ImageWallpaper (server), ]
09-20 06:58:51.384 I/view_enqueue_input_event( 8801): [Motion - Cancel,com.android.launcher3/com.android.launcher3.uioverrides.QuickstepLauncher]
09-20 06:58:51.395 I/input_interaction( 1158): Interaction with: edge-swipe (server), swipe-up (server), PointerEventDispatcher0 (server),
09-20 06:58:51.457 I/BpBinder( 1053): onLastStrongRef automatically unlinking death recipients:
09-20 06:58:51.464 D/vendor.qti.vibrator( 1012): Vibrator perform effect 2
09-20 06:58:51.465 D/vendor.qti.vibrator( 1012): QTI Vibrator off
09-20 06:58:51.474 I/BpBinder( 1053): onLastStrongRef automatically unlinking death recipients:
09-20 06:58:51.491 I/BpBinder( 1053): onLastStrongRef automatically unlinking death recipients:
09-20 06:58:51.505 I/mpu_uart( 674): [MSG-P:RECV]:No message received in 1000 ms
09-20 06:58:51.508 I/BpBinder( 1053): onLastStrongRef automatically unlinking death recipients:
09-20 06:58:51.526 I/BpBinder( 1053): onLastStrongRef automatically unlinking death recipients:
09-20 06:58:51.540 I/BpBinder( 1053): onLastStrongRef automatically unlinking death recipients:
09-20 06:58:51.557 I/BpBinder( 1053): onLastStrongRef automatically unlinking death recipients:
09-20 06:58:51.574 I/BpBinder( 1053): onLastStrongRef automatically unlinking death recipients:
09-20 06:58:51.591 I/BpBinder( 1053): onLastStrongRef automatically unlinking death recipients:
09-20 06:58:51.613 I/BpBinder( 1053): onLastStrongRef automatically unlinking death recipients:
09-20 06:58:51.645 I/sysui_multi_action( 1158): [757,803,799,key_back_press,802,1]
09-20 06:58:51.652 I/BpBinder( 1053): onLastStrongRef automatically unlinking death recipients:
09-20 06:58:51.654 D/AutofillManagerService( 1158): onBackKeyPressed()
09-20 06:58:51.654 I/input_interaction( 1158): Interaction with: 4bde657 com.android.launcher3/com.android.launcher3.uioverrides.QuickstepLauncher (server), PointerEventDispatcher0 (server),
09-20 06:58:51.656 D/Sogou: ( 3425): t_wndKeyboard::OnKeyDown, nUnicode = 4, nKeyCode = 4
09-20 06:58:51.659 D/Sogou: ( 3425): t_wndKeyboard::OnKeyUp, nUnicode = 4, nKeyCode = 4
09-20 06:58:51.660 D/StateManager( 8801): goToState: Normal
01-01 11:08:43.513 D/ ( 0): mv2112_read_status
01-01 11:08:43.517 D/mv2112_update_link( 0): 3.0x901(1G): 0x80
01-01 11:08:43.526 D/mv2112_update_link( 0): 3.0x8109(100M): 0x0
01-01 11:08:43.531 D/mv2112_update_link( 0): link 0x0
01-01 11:08:43.537 D/mv2112_read_status( 0): autoneg is disabled
09-20 06:58:52.290 I/HWebSocketClient( 2481): WEBclient: onFailed
09-20 06:58:52.294 I/ResponseWebSocketHandler( 2481): ResponseWebSocketHandler start
09-20 06:58:52.294 I/HttpContext( 2481): getIResponseJson :com.thundercomm.microservice.MicroServiceProxy@60d04ef
09-20 06:58:52.295 I/ResponseWebSocketHandler( 2481): ResponseWebSocketHandler mResponseJson: com.thundercomm.microservice.MicroServiceProxy@60d04ef
09-20 06:58:52.295 I/HttpContext( 2481): getIResponseJson :com.thundercomm.microservice.MicroServiceProxy@60d04ef
09-20 06:58:52.295 I/ResponseHandler( 2481): ResponseHandler() :com.thundercomm.microservice.MicroServiceProxy@60d04ef
09-20 06:58:52.295 I/System.out( 2481): handler is: com.thundercomm.microservice.netty.client.handler.webSocket.ResponseWebSocketHandler@2363bd8
09-20 06:58:52.306 W/NioEventLoop( 2481): Selector.select() returned prematurely 512 times in a row; rebuilding Selector io.netty.channel.nio.SelectedSelectionKeySetSelector@8637b31.
09-20 06:58:52.307 I/NioEventLoop( 2481): Migrated 1 channel(s) to the new Selector.
09-20 06:58:52.507 I/mpu_uart( 674): [MSG-P:RECV]:No message received in 1000 ms
09-20 06:58:52.997 I/mpu_uart( 674): [MSG-P:R]:recv sync frame timeout
01-01 11:08:44.567 D/ ( 0): mv2112_read_status
01-01 11:08:44.572 D/mv2112_update_link( 0): 3.0x901(1G): 0x80
01-01 11:08:44.581 D/mv2112_update_link( 0): 3.0x8109(100M): 0x0
01-01 11:08:44.587 D/mv2112_update_link( 0): link 0x0
01-01 11:08:44.591 D/mv2112_read_status( 0): autoneg is disabled
09-20 06:58:53.508 I/mpu_uart( 674): [MSG-P:RECV]:No message received in 1000 ms
01-01 11:08:45.623 D/ ( 0): mv2112_read_status
01-01 11:08:45.627 D/mv2112_update_link( 0): 3.0x901(1G): 0x80
01-01 11:08:45.633 D/mv2112_update_link( 0): 3.0x8109(100M): 0x0
01-01 11:08:45.640 D/mv2112_update_link( 0): link 0x0
01-01 11:08:45.645 D/mv2112_read_status( 0): autoneg is disabled
09-20 06:58:54.364 I/HttpClient( 2481): onFailed
09-20 06:58:54.364 I/MicroService( 2481): sendConnectStateBroadCast() state0
09-20 06:58:54.368 I/MicroService( 2481): onNettyConnectState0
09-20 06:58:54.368 I/MicroService( 2481): onNettyConnectState count = 0
09-20 06:58:54.508 I/mpu_uart( 674): [MSG-P:RECV]:No message received in 1000 ms
01-01 11:08:46.352 I/init ( 0): starting service 'qvrd_vndr'...
01-01 11:08:46.364 I/init ( 0): Created socket '/dev/socket/qvrservice_vndr', mode 660, user 1000, group 1000
01-01 11:08:46.378 I/init ( 0): Created socket '/dev/socket/qvrservice_vndr_camera', mode 660, user 1000, group 1000
01-01 11:08:46.430 I/init ( 0): starting service 'sxrd'...
09-20 06:58:55.056 F/linker (17848): CANNOT LINK EXECUTABLE "/vendor/bin/hw/qvrservice": library "vendor.qti.hardware.qxr-V1-ndk_platform.so" not found: needed by /vendor/lib64/libqvrservice.so in namespace (default)
01-01 11:08:46.449 I/init ( 0): starting service 'vendor.light-hal-2-0'...
01-01 11:08:46.464 I/init ( 0): Service 'qvrd_vndr' (pid 17848) exited with status 1
01-01 11:08:46.470 I/init ( 0): Sending signal 9 to service 'qvrd_vndr' (pid 17848) process group...
01-01 11:08:46.479 I/libprocessgroup( 0): Successfully killed process cgroup uid 1000 pid 17848 in 0ms
09-20 06:58:55.089 F/linker (17849): CANNOT LINK EXECUTABLE "/vendor/bin/hw/sxrservice": library "vendor.qti.hardware.qxr-V1-ndk_platform.so" not found: needed by main executable
01-01 11:08:46.489 I/init ( 0): Service 'sxrd' (pid 17849) exited with status 1
01-01 11:08:46.495 I/init ( 0): Sending signal 9 to service 'sxrd' (pid 17849) process group...
09-20 06:58:55.121 I/hwservicemanager( 520): getTransport: Cannot find entry android.hardware.light@2.0::ILight/default in either framework or device VINTF manifest.
09-20 06:58:55.125 E/light (17850): light_open lights keyboard failed: -22
09-20 06:58:55.125 E/light (17850): Light passthrough failed to load legacy HAL.
09-20 06:58:55.126 E/light (17850): light_open lights buttons failed: -22
09-20 06:58:55.126 E/light (17850): Light passthrough failed to load legacy HAL.
09-20 06:58:55.128 E/light (17850): light_open lights bluetooth failed: -22
09-20 06:58:55.128 E/light (17850): Light passthrough failed to load legacy HAL.
09-20 06:58:55.129 E/light (17850): light_open lights wifi failed: -22
09-20 06:58:55.129 E/light (17850): Light passthrough failed to load legacy HAL.
09-20 06:58:55.130 I/hwservicemanager( 520): getTransport: Cannot find entry android.hardware.light@2.0::ILight/default in either framework or device VINTF manifest.
09-20 06:58:55.131 E/HidlServiceManagement(17850): Service android.hardware.light@2.0::ILight/default must be in VINTF manifest in order to register/get.
09-20 06:58:55.131 E/LegacySupport(17850): Could not register service android.hardware.light@2.0::ILight/default (-2147483648).
01-01 11:08:46.680 D/ ( 0): mv2112_read_status
01-01 11:08:46.684 D/mv2112_update_link( 0): 3.0x901(1G): 0x80
01-01 11:08:46.689 D/mv2112_update_link( 0): 3.0x8109(100M): 0x0
01-01 11:08:46.696 D/mv2112_update_link( 0): link 0x0
01-01 11:08:46.700 D/mv2112_read_status( 0): autoneg is disabled
09-20 06:58:55.364 I/HWebSocketClient( 2481): WEBclient: onFailed
09-20 06:58:55.371 I/ResponseWebSocketHandler( 2481): ResponseWebSocketHandler start
09-20 06:58:55.372 I/HttpContext( 2481): getIResponseJson :com.thundercomm.microservice.MicroServiceProxy@60d04ef
09-20 06:58:55.372 I/ResponseWebSocketHandler( 2481): ResponseWebSocketHandler mResponseJson: com.thundercomm.microservice.MicroServiceProxy@60d04ef
09-20 06:58:55.372 I/HttpContext( 2481): getIResponseJson :com.thundercomm.microservice.MicroServiceProxy@60d04ef
09-20 06:58:55.373 I/ResponseHandler( 2481): ResponseHandler() :com.thundercomm.microservice.MicroServiceProxy@60d04ef
09-20 06:58:55.373 I/System.out( 2481): handler is: com.thundercomm.microservice.netty.client.handler.webSocket.ResponseWebSocketHandler@adb9633
09-20 06:58:55.395 W/NioEventLoop( 2481): Selector.select() returned prematurely 512 times in a row; rebuilding Selector io.netty.channel.nio.SelectedSelectionKeySetSelector@5b4adf0.
09-20 06:58:55.396 I/NioEventLoop( 2481): Migrated 1 channel(s) to the new Selector.
09-20 06:58:55.509 I/mpu_uart( 674): [MSG-P:RECV]:No message received in 1000 ms