09-20 06:01:42.914 I/sysui_multi_action( 1158): [757,128,758,1,793,7613328,794,0,795,7613328,796,26,798,0,806,android,857,DEVELOPER_IMPORTANT,858,4,947,0,1395,3,1500,7613327,1688,1]
09-20 06:01:42.914 I/sysui_multi_action( 1158): [757,804,799,note_freshness,801,7613328,802,1]
09-20 06:01:42.914 I/notification_visibility( 1158): [-1|android|26|null|1000,1,7613328,7613328,0,0]
09-20 06:01:42.915 I/sysui_multi_action( 1158): [757,128,758,1,793,7613283,794,0,795,7613283,796,55,798,1,806,android,857,DEVELOPER,858,2,947,0,1395,3,1500,7613283,1688,1]
09-20 06:01:42.915 I/sysui_multi_action( 1158): [757,804,799,note_freshness,801,7613283,802,1]
09-20 06:01:42.915 I/notification_visibility( 1158): [-1|android|55|null|1000,1,7613283,7613283,0,1]
09-20 06:01:42.916 I/sysui_multi_action( 1158): [757,128,758,1,793,7614204,794,0,795,7614204,796,32,798,2,806,android,857,USB,858,1,947,0,1395,3,1500,7613714,1688,1]
09-20 06:01:42.916 I/sysui_multi_action( 1158): [757,804,799,note_freshness,801,7614204,802,1]
09-20 06:01:42.917 I/notification_visibility( 1158): [-1|android|32|null|1000,1,7614204,7614204,0,2]
09-20 06:02:04.458 I/am_uid_idle( 1158): 10066
09-20 06:02:06.788 I/input_interaction( 1158): Interaction with: 853367f NotificationShade (server), edge-swipe (server), swipe-up (server), PointerEventDispatcher0 (server),
09-20 06:02:15.467 I/volume_changed( 1158): [3,5,9,15,com.android.systemui]
09-20 06:02:16.211 I/commit_sys_config_file( 1158): [settings-1-0,15]
09-20 06:02:16.701 I/volume_changed( 1158): [3,9,7,15,com.android.systemui]
09-20 06:02:17.438 I/commit_sys_config_file( 1158): [settings-1-0,18]
09-20 06:02:22.012 I/sysui_multi_action( 2202): [757,407,758,4,759,1]
09-20 06:02:22.403 I/sysui_multi_action( 1158): [757,128,758,3,793,7653691,794,39487,795,7653691,796,32,806,android,857,USB,858,1,947,0,1500,7653201,1688,1]
09-20 06:02:30.264 I/sysui_multi_action( 2202): [757,111,758,2]
09-20 06:02:30.264 I/sysui_multi_action( 2202): [757,111,758,2]
09-20 06:02:30.273 I/sysui_multi_action( 2202): [757,111,758,1]
09-20 06:02:30.274 I/sysui_multi_action( 2202): [757,126,758,1,759,126,927,0,928,0,1593,0]
09-20 06:02:30.274 I/sysui_multi_action( 2202): [757,113,758,1,759,113,927,1,928,1,1593,0]
09-20 06:02:30.275 I/sysui_multi_action( 2202): [757,0,758,1,759,0,927,2,928,0,1593,0]
09-20 06:02:30.275 I/sysui_multi_action( 2202): [757,0,758,1,759,0,927,3,928,0,1593,0]
09-20 06:02:30.275 I/sysui_multi_action( 2202): [757,1706,758,1,759,1706,927,4,928,0,1593,0]
09-20 06:02:30.276 I/sysui_multi_action( 2202): [757,491,758,1,759,491,927,5,928,0,1311,-1,1593,0]
09-20 06:02:30.277 I/sysui_multi_action( 2202): [757,0,758,1,759,0,927,6,928,0,1593,0]
09-20 06:02:30.277 I/sysui_multi_action( 2202): [757,0,758,1,759,0,927,7,1593,0]
09-20 06:02:30.277 I/sysui_multi_action( 2202): [757,114,758,1,759,114,927,8,928,0,1593,0]
09-20 06:02:30.278 I/sysui_multi_action( 2202): [757,111,758,1]
09-20 06:02:30.278 I/sysui_multi_action( 2202): [757,126,758,1,759,126,927,0,928,0,1593,1]
09-20 06:02:30.280 I/sysui_multi_action( 2202): [757,113,758,1,759,113,927,1,928,1,1593,1]
09-20 06:02:30.280 I/sysui_multi_action( 2202): [757,0,758,1,759,0,927,2,928,0,1593,1]
09-20 06:02:30.281 I/sysui_multi_action( 2202): [757,0,758,1,759,0,927,3,928,0,1593,1]
09-20 06:02:30.291 I/sysui_multi_action( 2202): [757,111,758,2]
09-20 06:02:30.291 I/sysui_multi_action( 2202): [757,111,758,2]
09-20 06:02:30.298 I/sysui_multi_action( 2202): [757,111,758,1]
09-20 06:02:30.298 I/sysui_multi_action( 2202): [757,126,758,1,759,126,927,0,928,0,1593,1]
09-20 06:02:30.298 I/sysui_multi_action( 2202): [757,113,758,1,759,113,927,1,928,1,1593,1]
09-20 06:02:30.298 I/sysui_multi_action( 2202): [757,0,758,1,759,0,927,2,928,0,1593,1]
09-20 06:02:30.299 I/sysui_multi_action( 2202): [757,0,758,1,759,0,927,3,928,0,1593,1]
09-20 06:02:30.299 I/sysui_multi_action( 2202): [757,1706,758,1,759,1706,927,4,928,0,1593,1]
09-20 06:02:30.299 I/sysui_multi_action( 2202): [757,491,758,1,759,491,927,5,928,0,1311,-1,1593,1]
09-20 06:02:30.300 I/sysui_multi_action( 2202): [757,0,758,1,759,0,927,6,928,0,1593,1]
09-20 06:02:30.300 I/sysui_multi_action( 2202): [757,0,758,1,759,0,927,7,1593,1]
09-20 06:02:30.300 I/sysui_multi_action( 2202): [757,114,758,1,759,114,927,8,928,0,1593,1]
09-20 06:02:30.300 I/sysui_multi_action( 2202): [757,111,758,1]
09-20 06:02:30.300 I/sysui_multi_action( 2202): [757,126,758,1,759,126,927,0,928,0,1593,1]
09-20 06:02:30.300 I/sysui_multi_action( 2202): [757,113,758,1,759,113,927,1,928,1,1593,1]
09-20 06:02:30.301 I/sysui_multi_action( 2202): [757,0,758,1,759,0,927,2,928,0,1593,1]
09-20 06:02:30.301 I/sysui_multi_action( 2202): [757,0,758,1,759,0,927,3,928,0,1593,1]
09-20 06:02:30.308 I/sysui_multi_action( 2202): [757,111,758,2]
09-20 06:02:30.308 I/sysui_multi_action( 2202): [757,111,758,2]
09-20 06:02:30.313 I/sysui_multi_action( 2202): [757,111,758,1]
09-20 06:02:30.314 I/sysui_multi_action( 2202): [757,126,758,1,759,126,927,0,928,0,1593,1]
09-20 06:02:30.314 I/sysui_multi_action( 2202): [757,113,758,1,759,113,927,1,928,1,1593,1]
09-20 06:02:30.314 I/sysui_multi_action( 2202): [757,0,758,1,759,0,927,2,928,0,1593,1]
09-20 06:02:30.314 I/sysui_multi_action( 2202): [757,0,758,1,759,0,927,3,928,0,1593,1]
09-20 06:02:30.314 I/sysui_multi_action( 2202): [757,1706,758,1,759,1706,927,4,928,0,1593,1]
09-20 06:02:30.314 I/sysui_multi_action( 2202): [757,491,758,1,759,491,927,5,928,0,1311,-1,1593,0]
09-20 06:02:30.314 I/sysui_multi_action( 2202): [757,0,758,1,759,0,927,6,928,0,1593,0]
09-20 06:02:30.314 I/sysui_multi_action( 2202): [757,0,758,1,759,0,927,7,1593,0]
09-20 06:02:30.315 I/sysui_multi_action( 2202): [757,114,758,1,759,114,927,8,928,0,1593,0]
09-20 06:02:30.315 I/sysui_multi_action( 2202): [757,111,758,1]
09-20 06:02:30.315 I/sysui_multi_action( 2202): [757,126,758,1,759,126,927,0,928,0,1593,1]
09-20 06:02:30.315 I/sysui_multi_action( 2202): [757,113,758,1,759,113,927,1,928,1,1593,1]
09-20 06:02:30.315 I/sysui_multi_action( 2202): [757,0,758,1,759,0,927,2,928,0,1593,1]
09-20 06:02:30.315 I/sysui_multi_action( 2202): [757,0,758,1,759,0,927,3,928,0,1593,1]
09-20 06:02:30.323 I/sysui_multi_action( 2202): [757,111,758,2]
09-20 06:02:30.324 I/sysui_multi_action( 2202): [757,111,758,2]
09-20 06:02:30.328 I/sysui_multi_action( 2202): [757,111,758,1]
09-20 06:02:30.329 I/sysui_multi_action( 2202): [757,126,758,1,759,126,927,0,928,0,1593,1]
09-20 06:02:30.329 I/sysui_multi_action( 2202): [757,113,758,1,759,113,927,1,928,1,1593,1]
09-20 06:02:30.329 I/sysui_multi_action( 2202): [757,0,758,1,759,0,927,2,928,0,1593,1]
09-20 06:02:30.329 I/sysui_multi_action( 2202): [757,0,758,1,759,0,927,3,928,0,1593,1]
09-20 06:02:30.329 I/sysui_multi_action( 2202): [757,1706,758,1,759,1706,927,4,928,0,1593,1]
09-20 06:02:30.330 I/sysui_multi_action( 2202): [757,491,758,1,759,491,927,5,928,0,1311,-1,1593,1]
09-20 06:02:30.330 I/sysui_multi_action( 2202): [757,0,758,1,759,0,927,6,928,0,1593,1]
09-20 06:02:30.330 I/sysui_multi_action( 2202): [757,0,758,1,759,0,927,7,1593,1]
09-20 06:02:30.330 I/sysui_multi_action( 2202): [757,114,758,1,759,114,927,8,928,0,1593,1]
09-20 06:02:30.330 I/sysui_multi_action( 2202): [757,111,758,1]
09-20 06:02:30.330 I/sysui_multi_action( 2202): [757,126,758,1,759,126,927,0,928,0,1593,1]
09-20 06:02:30.330 I/sysui_multi_action( 2202): [757,113,758,1,759,113,927,1,928,1,1593,1]
09-20 06:02:30.330 I/sysui_multi_action( 2202): [757,0,758,1,759,0,927,2,928,0,1593,1]
09-20 06:02:30.330 I/sysui_multi_action( 2202): [757,0,758,1,759,0,927,3,928,0,1593,1]
09-20 06:02:30.337 I/sysui_multi_action( 2202): [757,111,758,2]
09-20 06:02:30.337 I/sysui_multi_action( 2202): [757,111,758,2]
09-20 06:02:30.341 I/sysui_multi_action( 2202): [757,111,758,1]
09-20 06:02:30.341 I/sysui_multi_action( 2202): [757,126,758,1,759,126,927,0,928,0,1593,1]
09-20 06:02:30.341 I/sysui_multi_action( 2202): [757,113,758,1,759,113,927,1,928,1,1593,1]
09-20 06:02:30.341 I/sysui_multi_action( 2202): [757,0,758,1,759,0,927,2,928,0,1593,1]
09-20 06:02:30.341 I/sysui_multi_action( 2202): [757,0,758,1,759,0,927,3,928,0,1593,1]
09-20 06:02:30.341 I/sysui_multi_action( 2202): [757,1706,758,1,759,1706,927,4,928,0,1593,1]
09-20 06:02:30.342 I/sysui_multi_action( 2202): [757,491,758,1,759,491,927,5,928,0,1311,-1,1593,1]
09-20 06:02:30.342 I/sysui_multi_action( 2202): [757,0,758,1,759,0,927,6,928,0,1593,1]
09-20 06:02:30.342 I/sysui_multi_action( 2202): [757,0,758,1,759,0,927,7,1593,1]
09-20 06:02:30.342 I/sysui_multi_action( 2202): [757,114,758,1,759,114,927,8,928,0,1593,1]
09-20 06:02:30.342 I/sysui_multi_action( 2202): [757,111,758,1]
09-20 06:02:30.342 I/sysui_multi_action( 2202): [757,126,758,1,759,126,927,0,928,0,1593,0]
09-20 06:02:30.343 I/sysui_multi_action( 2202): [757,113,758,1,759,113,927,1,928,1,1593,0]
09-20 06:02:30.343 I/sysui_multi_action( 2202): [757,0,758,1,759,0,927,2,928,0,1593,0]
09-20 06:02:30.343 I/sysui_multi_action( 2202): [757,0,758,1,759,0,927,3,928,0,1593,0]
09-20 06:02:30.349 I/sysui_multi_action( 2202): [757,111,758,2]
09-20 06:02:30.350 I/sysui_multi_action( 2202): [757,111,758,2]
09-20 06:02:30.354 I/sysui_multi_action( 2202): [757,111,758,1]
09-20 06:02:30.354 I/sysui_multi_action( 2202): [757,126,758,1,759,126,927,0,928,0,1593,1]
09-20 06:02:30.354 I/sysui_multi_action( 2202): [757,113,758,1,759,113,927,1,928,1,1593,1]
09-20 06:02:30.354 I/sysui_multi_action( 2202): [757,0,758,1,759,0,927,2,928,0,1593,1]
09-20 06:02:30.354 I/sysui_multi_action( 2202): [757,0,758,1,759,0,927,3,928,0,1593,1]
09-20 06:02:30.354 I/sysui_multi_action( 2202): [757,1706,758,1,759,1706,927,4,928,0,1593,1]
09-20 06:02:30.355 I/sysui_multi_action( 2202): [757,491,758,1,759,491,927,5,928,0,1311,-1,1593,1]
09-20 06:02:30.355 I/sysui_multi_action( 2202): [757,0,758,1,759,0,927,6,928,0,1593,1]
09-20 06:02:30.355 I/sysui_multi_action( 2202): [757,0,758,1,759,0,927,7,1593,1]
09-20 06:02:30.355 I/sysui_multi_action( 2202): [757,114,758,1,759,114,927,8,928,0,1593,1]
09-20 06:02:30.355 I/sysui_multi_action( 2202): [757,111,758,1]
09-20 06:02:30.355 I/sysui_multi_action( 2202): [757,126,758,1,759,126,927,0,928,0,1593,1]
09-20 06:02:30.355 I/sysui_multi_action( 2202): [757,113,758,1,759,113,927,1,928,1,1593,1]
09-20 06:02:30.355 I/sysui_multi_action( 2202): [757,0,758,1,759,0,927,2,928,0,1593,1]
09-20 06:02:30.356 I/sysui_multi_action( 2202): [757,0,758,1,759,0,927,3,928,0,1593,1]
09-20 06:02:30.362 I/sysui_multi_action( 2202): [757,111,758,2]
09-20 06:02:30.362 I/sysui_multi_action( 2202): [757,111,758,2]
09-20 06:02:30.367 I/sysui_multi_action( 2202): [757,111,758,1]
09-20 06:02:30.367 I/sysui_multi_action( 2202): [757,126,758,1,759,126,927,0,928,0,1593,0]
09-20 06:02:30.367 I/sysui_multi_action( 2202): [757,113,758,1,759,113,927,1,928,1,1593,0]
09-20 06:02:30.367 I/sysui_multi_action( 2202): [757,0,758,1,759,0,927,2,928,0,1593,0]
09-20 06:02:30.367 I/sysui_multi_action( 2202): [757,0,758,1,759,0,927,3,928,0,1593,0]
09-20 06:02:30.367 I/sysui_multi_action( 2202): [757,1706,758,1,759,1706,927,4,928,0,1593,1]
09-20 06:02:30.368 I/sysui_multi_action( 2202): [757,491,758,1,759,491,927,5,928,0,1311,-1,1593,0]
09-20 06:02:30.368 I/sysui_multi_action( 2202): [757,0,758,1,759,0,927,6,928,0,1593,0]
09-20 06:02:30.368 I/sysui_multi_action( 2202): [757,0,758,1,759,0,927,7,1593,0]
09-20 06:02:30.368 I/sysui_multi_action( 2202): [757,114,758,1,759,114,927,8,928,0,1593,0]
09-20 06:02:30.368 I/sysui_multi_action( 2202): [757,111,758,1]
09-20 06:02:30.368 I/sysui_multi_action( 2202): [757,126,758,1,759,126,927,0,928,0,1593,1]
09-20 06:02:30.368 I/sysui_multi_action( 2202): [757,113,758,1,759,113,927,1,928,1,1593,1]
09-20 06:02:30.368 I/sysui_multi_action( 2202): [757,0,758,1,759,0,927,2,928,0,1593,1]
09-20 06:02:30.368 I/sysui_multi_action( 2202): [757,0,758,1,759,0,927,3,928,0,1593,1]
09-20 06:02:30.379 I/sysui_multi_action( 2202): [757,111,758,2]
09-20 06:02:30.379 I/sysui_multi_action( 2202): [757,111,758,2]
09-20 06:02:30.383 I/sysui_multi_action( 2202): [757,111,758,1]
09-20 06:02:30.383 I/sysui_multi_action( 2202): [757,126,758,1,759,126,927,0,928,0,1593,1]
09-20 06:02:30.383 I/sysui_multi_action( 2202): [757,113,758,1,759,113,927,1,928,1,1593,1]
09-20 06:02:30.384 I/sysui_multi_action( 2202): [757,0,758,1,759,0,927,2,928,0,1593,1]
09-20 06:02:30.384 I/sysui_multi_action( 2202): [757,0,758,1,759,0,927,3,928,0,1593,1]
09-20 06:02:30.384 I/sysui_multi_action( 2202): [757,1706,758,1,759,1706,927,4,928,0,1593,1]
09-20 06:02:30.384 I/sysui_multi_action( 2202): [757,491,758,1,759,491,927,5,928,0,1311,-1,1593,1]
09-20 06:02:30.384 I/sysui_multi_action( 2202): [757,0,758,1,759,0,927,6,928,0,1593,1]
09-20 06:02:30.384 I/sysui_multi_action( 2202): [757,0,758,1,759,0,927,7,1593,1]
09-20 06:02:30.384 I/sysui_multi_action( 2202): [757,114,758,1,759,114,927,8,928,0,1593,1]
09-20 06:02:30.384 I/sysui_multi_action( 2202): [757,111,758,1]
09-20 06:02:30.385 I/sysui_multi_action( 2202): [757,126,758,1,759,126,927,0,928,0,1593,1]
09-20 06:02:30.385 I/sysui_multi_action( 2202): [757,113,758,1,759,113,927,1,928,1,1593,1]
09-20 06:02:30.385 I/sysui_multi_action( 2202): [757,0,758,1,759,0,927,2,928,0,1593,1]
09-20 06:02:30.385 I/sysui_multi_action( 2202): [757,0,758,1,759,0,927,3,928,0,1593,1]
09-20 06:02:30.396 I/sysui_multi_action( 2202): [757,111,758,2]
09-20 06:02:30.396 I/sysui_multi_action( 2202): [757,111,758,2]
09-20 06:02:30.400 I/sysui_multi_action( 2202): [757,111,758,1]
09-20 06:02:30.400 I/sysui_multi_action( 2202): [757,126,758,1,759,126,927,0,928,0,1593,1]
09-20 06:02:30.400 I/sysui_multi_action( 2202): [757,113,758,1,759,113,927,1,928,1,1593,1]
09-20 06:02:30.400 I/sysui_multi_action( 2202): [757,0,758,1,759,0,927,2,928,0,1593,1]
09-20 06:02:30.400 I/sysui_multi_action( 2202): [757,0,758,1,759,0,927,3,928,0,1593,1]
09-20 06:02:30.401 I/sysui_multi_action( 2202): [757,1706,758,1,759,1706,927,4,928,0,1593,1]
09-20 06:02:30.401 I/sysui_multi_action( 2202): [757,491,758,1,759,491,927,5,928,0,1311,-1,1593,1]
09-20 06:02:30.401 I/sysui_multi_action( 2202): [757,0,758,1,759,0,927,6,928,0,1593,1]
09-20 06:02:30.401 I/sysui_multi_action( 2202): [757,0,758,1,759,0,927,7,1593,1]
09-20 06:02:30.401 I/sysui_multi_action( 2202): [757,114,758,1,759,114,927,8,928,0,1593,1]
09-20 06:02:30.401 I/sysui_multi_action( 2202): [757,111,758,1]
09-20 06:02:30.401 I/sysui_multi_action( 2202): [757,126,758,1,759,126,927,0,928,0,1593,1]
09-20 06:02:30.402 I/sysui_multi_action( 2202): [757,113,758,1,759,113,927,1,928,1,1593,1]
09-20 06:02:30.402 I/sysui_multi_action( 2202): [757,0,758,1,759,0,927,2,928,0,1593,1]
09-20 06:02:30.402 I/sysui_multi_action( 2202): [757,0,758,1,759,0,927,3,928,0,1593,1]
09-20 06:02:30.412 I/sysui_multi_action( 2202): [757,111,758,2]
09-20 06:02:30.412 I/sysui_multi_action( 2202): [757,111,758,2]
09-20 06:02:30.416 I/sysui_multi_action( 2202): [757,111,758,1]
09-20 06:02:30.417 I/sysui_multi_action( 2202): [757,126,758,1,759,126,927,0,928,0,1593,0]
09-20 06:02:30.417 I/sysui_multi_action( 2202): [757,113,758,1,759,113,927,1,928,1,1593,0]
09-20 06:02:30.417 I/sysui_multi_action( 2202): [757,0,758,1,759,0,927,2,928,0,1593,0]
09-20 06:02:30.417 I/sysui_multi_action( 2202): [757,0,758,1,759,0,927,3,928,0,1593,0]
09-20 06:02:30.417 I/sysui_multi_action( 2202): [757,1706,758,1,759,1706,927,4,928,0,1593,0]
09-20 06:02:30.417 I/sysui_multi_action( 2202): [757,491,758,1,759,491,927,5,928,0,1311,-1,1593,0]
09-20 06:02:30.417 I/sysui_multi_action( 2202): [757,0,758,1,759,0,927,6,928,0,1593,0]
09-20 06:02:30.417 I/sysui_multi_action( 2202): [757,0,758,1,759,0,927,7,1593,0]
09-20 06:02:30.418 I/sysui_multi_action( 2202): [757,114,758,1,759,114,927,8,928,0,1593,0]
09-20 06:02:30.418 I/sysui_multi_action( 2202): [757,111,758,1]
09-20 06:02:30.418 I/sysui_multi_action( 2202): [757,126,758,1,759,126,927,0,928,0,1593,0]
09-20 06:02:30.418 I/sysui_multi_action( 2202): [757,113,758,1,759,113,927,1,928,1,1593,0]
09-20 06:02:30.418 I/sysui_multi_action( 2202): [757,0,758,1,759,0,927,2,928,0,1593,0]
09-20 06:02:30.418 I/sysui_multi_action( 2202): [757,0,758,1,759,0,927,3,928,0,1593,0]
09-20 06:02:30.429 I/sysui_multi_action( 2202): [757,111,758,2]
09-20 06:02:30.429 I/sysui_multi_action( 2202): [757,111,758,2]
09-20 06:02:30.433 I/sysui_multi_action( 2202): [757,111,758,1]
09-20 06:02:30.434 I/sysui_multi_action( 2202): [757,126,758,1,759,126,927,0,928,0,1593,1]
09-20 06:02:30.434 I/sysui_multi_action( 2202): [757,113,758,1,759,113,927,1,928,1,1593,1]
09-20 06:02:30.434 I/sysui_multi_action( 2202): [757,0,758,1,759,0,927,2,928,0,1593,1]
09-20 06:02:30.434 I/sysui_multi_action( 2202): [757,0,758,1,759,0,927,3,928,0,1593,1]
09-20 06:02:30.434 I/sysui_multi_action( 2202): [757,1706,758,1,759,1706,927,4,928,0,1593,1]
09-20 06:02:30.434 I/sysui_multi_action( 2202): [757,491,758,1,759,491,927,5,928,0,1311,-1,1593,0]
09-20 06:02:30.434 I/sysui_multi_action( 2202): [757,0,758,1,759,0,927,6,928,0,1593,0]
09-20 06:02:30.435 I/sysui_multi_action( 2202): [757,0,758,1,759,0,927,7,1593,0]
09-20 06:02:30.435 I/sysui_multi_action( 2202): [757,114,758,1,759,114,927,8,928,0,1593,0]
09-20 06:02:30.435 I/sysui_multi_action( 2202): [757,111,758,1]
09-20 06:02:30.435 I/sysui_multi_action( 2202): [757,126,758,1,759,126,927,0,928,0,1593,1]
09-20 06:02:30.435 I/sysui_multi_action( 2202): [757,113,758,1,759,113,927,1,928,1,1593,1]
09-20 06:02:30.435 I/sysui_multi_action( 2202): [757,0,758,1,759,0,927,2,928,0,1593,1]
09-20 06:02:30.435 I/sysui_multi_action( 2202): [757,0,758,1,759,0,927,3,928,0,1593,1]
09-20 06:02:30.446 I/sysui_multi_action( 2202): [757,111,758,2]
09-20 06:02:30.446 I/sysui_multi_action( 2202): [757,111,758,2]
09-20 06:02:30.450 I/sysui_multi_action( 2202): [757,111,758,1]
09-20 06:02:30.450 I/sysui_multi_action( 2202): [757,126,758,1,759,126,927,0,928,0,1593,1]
09-20 06:02:30.450 I/sysui_multi_action( 2202): [757,113,758,1,759,113,927,1,928,1,1593,1]
09-20 06:02:30.450 I/sysui_multi_action( 2202): [757,0,758,1,759,0,927,2,928,0,1593,1]
09-20 06:02:30.450 I/sysui_multi_action( 2202): [757,0,758,1,759,0,927,3,928,0,1593,1]
09-20 06:02:30.451 I/sysui_multi_action( 2202): [757,1706,758,1,759,1706,927,4,928,0,1593,1]
09-20 06:02:30.451 I/sysui_multi_action( 2202): [757,491,758,1,759,491,927,5,928,0,1311,-1,1593,1]
09-20 06:02:30.451 I/sysui_multi_action( 2202): [757,0,758,1,759,0,927,6,928,0,1593,1]
09-20 06:02:30.451 I/sysui_multi_action( 2202): [757,0,758,1,759,0,927,7,1593,1]
09-20 06:02:30.451 I/sysui_multi_action( 2202): [757,114,758,1,759,114,927,8,928,0,1593,1]
09-20 06:02:30.451 I/sysui_multi_action( 2202): [757,111,758,1]
09-20 06:02:30.451 I/sysui_multi_action( 2202): [757,126,758,1,759,126,927,0,928,0,1593,1]
09-20 06:02:30.451 I/sysui_multi_action( 2202): [757,113,758,1,759,113,927,1,928,1,1593,1]
09-20 06:02:30.452 I/sysui_multi_action( 2202): [757,0,758,1,759,0,927,2,928,0,1593,1]
09-20 06:02:30.452 I/sysui_multi_action( 2202): [757,0,758,1,759,0,927,3,928,0,1593,1]
09-20 06:02:30.463 I/sysui_multi_action( 2202): [757,111,758,2]
09-20 06:02:30.463 I/sysui_multi_action( 2202): [757,111,758,2]
09-20 06:02:30.467 I/sysui_multi_action( 2202): [757,111,758,1]
09-20 06:02:30.467 I/sysui_multi_action( 2202): [757,126,758,1,759,126,927,0,928,0,1593,1]
09-20 06:02:30.467 I/sysui_multi_action( 2202): [757,113,758,1,759,113,927,1,928,1,1593,1]
09-20 06:02:30.467 I/sysui_multi_action( 2202): [757,0,758,1,759,0,927,2,928,0,1593,1]
09-20 06:02:30.467 I/sysui_multi_action( 2202): [757,0,758,1,759,0,927,3,928,0,1593,1]
09-20 06:02:30.467 I/sysui_multi_action( 2202): [757,1706,758,1,759,1706,927,4,928,0,1593,1]
09-20 06:02:30.468 I/sysui_multi_action( 2202): [757,491,758,1,759,491,927,5,928,0,1311,-1,1593,1]
09-20 06:02:30.468 I/sysui_multi_action( 2202): [757,0,758,1,759,0,927,6,928,0,1593,1]
09-20 06:02:30.468 I/sysui_multi_action( 2202): [757,0,758,1,759,0,927,7,1593,1]
09-20 06:02:30.468 I/sysui_multi_action( 2202): [757,114,758,1,759,114,927,8,928,0,1593,1]
09-20 06:02:30.468 I/sysui_multi_action( 2202): [757,111,758,1]
09-20 06:02:30.468 I/sysui_multi_action( 2202): [757,126,758,1,759,126,927,0,928,0,1593,1]
09-20 06:02:30.468 I/sysui_multi_action( 2202): [757,113,758,1,759,113,927,1,928,1,1593,1]
09-20 06:02:30.468 I/sysui_multi_action( 2202): [757,0,758,1,759,0,927,2,928,0,1593,1]
09-20 06:02:30.468 I/sysui_multi_action( 2202): [757,0,758,1,759,0,927,3,928,0,1593,1]
09-20 06:02:30.479 I/sysui_multi_action( 2202): [757,111,758,2]
09-20 06:02:30.479 I/sysui_multi_action( 2202): [757,111,758,2]
09-20 06:02:30.483 I/sysui_multi_action( 2202): [757,111,758,1]
09-20 06:02:30.484 I/sysui_multi_action( 2202): [757,126,758,1,759,126,927,0,928,0,1593,1]
09-20 06:02:30.484 I/sysui_multi_action( 2202): [757,113,758,1,759,113,927,1,928,1,1593,1]
09-20 06:02:30.484 I/sysui_multi_action( 2202): [757,0,758,1,759,0,927,2,928,0,1593,1]
09-20 06:02:30.484 I/sysui_multi_action( 2202): [757,0,758,1,759,0,927,3,928,0,1593,1]
09-20 06:02:30.484 I/sysui_multi_action( 2202): [757,1706,758,1,759,1706,927,4,928,0,1593,1]
09-20 06:02:30.484 I/sysui_multi_action( 2202): [757,491,758,1,759,491,927,5,928,0,1311,-1,1593,1]
09-20 06:02:30.484 I/sysui_multi_action( 2202): [757,0,758,1,759,0,927,6,928,0,1593,1]
09-20 06:02:30.484 I/sysui_multi_action( 2202): [757,0,758,1,759,0,927,7,1593,1]
09-20 06:02:30.485 I/sysui_multi_action( 2202): [757,114,758,1,759,114,927,8,928,0,1593,1]
09-20 06:02:30.485 I/sysui_multi_action( 2202): [757,111,758,1]
09-20 06:02:30.485 I/sysui_multi_action( 2202): [757,126,758,1,759,126,927,0,928,0,1593,1]
09-20 06:02:30.485 I/sysui_multi_action( 2202): [757,113,758,1,759,113,927,1,928,1,1593,1]
09-20 06:02:30.485 I/sysui_multi_action( 2202): [757,0,758,1,759,0,927,2,928,0,1593,1]
09-20 06:02:30.485 I/sysui_multi_action( 2202): [757,0,758,1,759,0,927,3,928,0,1593,1]
09-20 06:02:30.496 I/sysui_multi_action( 2202): [757,111,758,2]
09-20 06:02:30.496 I/sysui_multi_action( 2202): [757,111,758,2]
09-20 06:02:30.500 I/sysui_multi_action( 2202): [757,111,758,1]
09-20 06:02:30.500 I/sysui_multi_action( 2202): [757,126,758,1,759,126,927,0,928,0,1593,1]
09-20 06:02:30.500 I/sysui_multi_action( 2202): [757,113,758,1,759,113,927,1,928,1,1593,1]
09-20 06:02:30.500 I/sysui_multi_action( 2202): [757,0,758,1,759,0,927,2,928,0,1593,1]
09-20 06:02:30.501 I/sysui_multi_action( 2202): [757,0,758,1,759,0,927,3,928,0,1593,1]
09-20 06:02:30.501 I/sysui_multi_action( 2202): [757,1706,758,1,759,1706,927,4,928,0,1593,1]
09-20 06:02:30.501 I/sysui_multi_action( 2202): [757,491,758,1,759,491,927,5,928,0,1311,-1,1593,1]
09-20 06:02:30.501 I/sysui_multi_action( 2202): [757,0,758,1,759,0,927,6,928,0,1593,1]
09-20 06:02:30.501 I/sysui_multi_action( 2202): [757,0,758,1,759,0,927,7,1593,1]
09-20 06:02:30.501 I/sysui_multi_action( 2202): [757,114,758,1,759,114,927,8,928,0,1593,1]
09-20 06:02:30.501 I/sysui_multi_action( 2202): [757,111,758,1]
09-20 06:02:30.502 I/sysui_multi_action( 2202): [757,126,758,1,759,126,927,0,928,0,1593,0]
09-20 06:02:30.502 I/sysui_multi_action( 2202): [757,113,758,1,759,113,927,1,928,1,1593,0]
09-20 06:02:30.502 I/sysui_multi_action( 2202): [757,0,758,1,759,0,927,2,928,0,1593,0]
09-20 06:02:30.502 I/sysui_multi_action( 2202): [757,0,758,1,759,0,927,3,928,0,1593,0]
09-20 06:02:30.512 I/sysui_multi_action( 2202): [757,111,758,2]
09-20 06:02:30.513 I/sysui_multi_action( 2202): [757,111,758,2]
09-20 06:02:30.517 I/sysui_multi_action( 2202): [757,111,758,1]
09-20 06:02:30.517 I/sysui_multi_action( 2202): [757,126,758,1,759,126,927,0,928,0,1593,0]
09-20 06:02:30.517 I/sysui_multi_action( 2202): [757,113,758,1,759,113,927,1,928,1,1593,0]
09-20 06:02:30.517 I/sysui_multi_action( 2202): [757,0,758,1,759,0,927,2,928,0,1593,0]
09-20 06:02:30.517 I/sysui_multi_action( 2202): [757,0,758,1,759,0,927,3,928,0,1593,0]
09-20 06:02:30.517 I/sysui_multi_action( 2202): [757,1706,758,1,759,1706,927,4,928,0,1593,0]
09-20 06:02:30.518 I/sysui_multi_action( 2202): [757,491,758,1,759,491,927,5,928,0,1311,-1,1593,0]
09-20 06:02:30.518 I/sysui_multi_action( 2202): [757,0,758,1,759,0,927,6,928,0,1593,0]
09-20 06:02:30.518 I/sysui_multi_action( 2202): [757,0,758,1,759,0,927,7,1593,0]
09-20 06:02:30.518 I/sysui_multi_action( 2202): [757,114,758,1,759,114,927,8,928,0,1593,0]
09-20 06:02:30.518 I/sysui_multi_action( 2202): [757,111,758,1]
09-20 06:02:30.518 I/sysui_multi_action( 2202): [757,126,758,1,759,126,927,0,928,0,1593,0]
09-20 06:02:30.519 I/sysui_multi_action( 2202): [757,113,758,1,759,113,927,1,928,1,1593,0]
09-20 06:02:30.519 I/sysui_multi_action( 2202): [757,0,758,1,759,0,927,2,928,0,1593,1]
09-20 06:02:30.519 I/sysui_multi_action( 2202): [757,0,758,1,759,0,927,3,928,0,1593,1]
09-20 06:02:30.529 I/sysui_multi_action( 2202): [757,111,758,2]
09-20 06:02:30.529 I/sysui_multi_action( 2202): [757,111,758,2]
09-20 06:02:30.540 I/input_focus( 1158): [Focus request 4bde657 com.android.launcher3/com.android.launcher3.uioverrides.QuickstepLauncher,reason=UpdateInputWindows]
09-20 06:02:30.541 I/sysui_multi_action( 2202): [757,111,758,1]
09-20 06:02:30.542 I/sysui_multi_action( 2202): [757,126,758,1,759,126,927,0,928,0,1593,1]
09-20 06:02:30.542 I/sysui_multi_action( 2202): [757,113,758,1,759,113,927,1,928,1,1593,1]
09-20 06:02:30.542 I/sysui_multi_action( 2202): [757,0,758,1,759,0,927,2,928,0,1593,1]
09-20 06:02:30.542 I/sysui_multi_action( 2202): [757,0,758,1,759,0,927,3,928,0,1593,1]
09-20 06:02:30.542 I/sysui_multi_action( 2202): [757,1706,758,1,759,1706,927,4,928,0,1593,1]
09-20 06:02:30.542 I/sysui_multi_action( 2202): [757,491,758,1,759,491,927,5,928,0,1311,-1,1593,1]
09-20 06:02:30.542 I/sysui_multi_action( 2202): [757,0,758,1,759,0,927,6,928,0,1593,1]
09-20 06:02:30.542 I/sysui_multi_action( 2202): [757,0,758,1,759,0,927,7,1593,1]
09-20 06:02:30.543 I/sysui_multi_action( 2202): [757,114,758,1,759,114,927,8,928,0,1593,1]
09-20 06:02:30.543 I/sysui_multi_action( 2202): [757,111,758,1]
09-20 06:02:30.543 I/sysui_multi_action( 2202): [757,126,758,1,759,126,927,0,928,0,1593,1]
09-20 06:02:30.543 I/sysui_multi_action( 2202): [757,113,758,1,759,113,927,1,928,1,1593,1]
09-20 06:02:30.543 I/sysui_multi_action( 2202): [757,0,758,1,759,0,927,2,928,0,1593,1]
09-20 06:02:30.543 I/sysui_multi_action( 2202): [757,0,758,1,759,0,927,3,928,0,1593,1]
09-20 06:02:30.548 I/sysui_multi_action( 2202): [757,111,758,2]
09-20 06:02:30.549 I/sysui_multi_action( 2202): [757,111,758,2]
09-20 06:02:30.550 I/sysui_multi_action( 1158): [757,128,758,2,793,7660964,794,47636,795,7660964,796,26,798,0,806,android,857,DEVELOPER_IMPORTANT,858,4,947,0,1395,3,1500,7660963,1688,1]
09-20 06:02:30.551 I/notification_visibility( 1158): [-1|android|26|null|1000,0,7660964,7660964,0,0]
09-20 06:02:30.551 I/sysui_multi_action( 1158): [757,128,758,2,793,7660919,794,47636,795,7660919,796,55,798,1,806,android,857,DEVELOPER,858,2,947,0,1395,3,1500,7660919,1688,1]
09-20 06:02:30.551 I/notification_visibility( 1158): [-1|android|55|null|1000,0,7660919,7660919,0,1]
09-20 06:02:30.551 I/sysui_multi_action( 1158): [757,128,758,2,793,7661839,794,47635,795,7661839,796,32,798,2,806,android,857,USB,858,1,947,0,1395,3,1500,7661349,1688,1]
09-20 06:02:30.551 I/notification_visibility( 1158): [-1|android|32|null|1000,0,7661839,7661839,0,2]
09-20 06:02:30.554 I/sysui_multi_action( 1158): [757,127,758,2]
09-20 06:02:30.555 I/notification_panel_hidden( 1158):
09-20 06:02:30.565 I/input_focus( 1158): [Focus leaving 853367f NotificationShade (server),reason=NOT_FOCUSABLE]
09-20 06:02:30.565 I/input_focus( 1158): [Focus entering 4bde657 com.android.launcher3/com.android.launcher3.uioverrides.QuickstepLauncher (server),reason=setFocusedWindow]
09-20 06:02:30.570 I/sysui_multi_action( 2202): [757,111,758,1]
09-20 06:02:30.570 I/sysui_multi_action( 2202): [757,126,758,1,759,126,927,0,928,0,1593,1]
09-20 06:02:30.570 I/sysui_multi_action( 2202): [757,113,758,1,759,113,927,1,928,1,1593,1]
09-20 06:02:30.570 I/sysui_multi_action( 2202): [757,0,758,1,759,0,927,2,928,0,1593,1]
09-20 06:02:30.570 I/sysui_multi_action( 2202): [757,0,758,1,759,0,927,3,928,0,1593,1]
09-20 06:02:30.570 I/sysui_multi_action( 2202): [757,1706,758,1,759,1706,927,4,928,0,1593,1]
09-20 06:02:30.571 I/sysui_multi_action( 2202): [757,491,758,1,759,491,927,5,928,0,1311,-1,1593,0]
09-20 06:02:30.571 I/sysui_multi_action( 2202): [757,0,758,1,759,0,927,6,928,0,1593,0]
09-20 06:02:30.571 I/sysui_multi_action( 2202): [757,0,758,1,759,0,927,7,1593,0]
09-20 06:02:30.571 I/sysui_multi_action( 2202): [757,114,758,1,759,114,927,8,928,0,1593,0]
09-20 06:02:30.571 I/sysui_multi_action( 2202): [757,111,758,1]
09-20 06:02:30.571 I/sysui_multi_action( 2202): [757,126,758,1,759,126,927,0,928,0,1593,1]
09-20 06:02:30.571 I/sysui_multi_action( 2202): [757,113,758,1,759,113,927,1,928,1,1593,1]
09-20 06:02:30.571 I/sysui_multi_action( 2202): [757,0,758,1,759,0,927,2,928,0,1593,1]
09-20 06:02:30.572 I/sysui_multi_action( 2202): [757,0,758,1,759,0,927,3,928,0,1593,1]
09-20 06:02:34.560 I/input_interaction( 1158): Interaction with: 4bde657 com.android.launcher3/com.android.launcher3.uioverrides.QuickstepLauncher (server), 93416c5 com.android.systemui.ImageWallpaper (server), edge-swipe (server), swipe-up (server), PointerEventDispatcher0 (server),
09-20 06:02:35.108 I/service_manager_stats( 1158): [100,125,141606]
09-20 06:03:33.220 I/sysui_multi_action( 1158): [757,1696,758,6,759,2]
09-20 06:03:33.236 I/am_wtf ( 1158): [0,1158,system_server,-1,DisplayDeviceConfig,requesting nits when no mapping exists.]
09-20 06:03:33.248 I/am_wtf ( 1158): [0,1158,system_server,-1,DisplayDeviceConfig,requesting nits when no mapping exists.]
09-20 06:03:33.253 I/am_wtf ( 1158): [0,1158,system_server,-1,DisplayDeviceConfig,requesting nits when no mapping exists.]
09-20 06:03:33.256 I/am_wtf ( 1158): [0,1158,system_server,-1,DisplayDeviceConfig,requesting nits when no mapping exists.]
09-20 06:03:33.263 I/am_wtf ( 1158): [0,1158,system_server,-1,DisplayDeviceConfig,requesting nits when no mapping exists.]
09-20 06:03:33.267 I/am_wtf ( 1158): [0,1158,system_server,-1,DisplayDeviceConfig,requesting nits when no mapping exists.]
09-20 06:03:33.280 I/am_wtf ( 1158): [0,1158,system_server,-1,DisplayDeviceConfig,requesting nits when no mapping exists.]
09-20 06:03:33.281 I/am_wtf ( 1158): [0,1158,system_server,-1,DisplayDeviceConfig,requesting nits when no mapping exists.]
09-20 06:03:33.297 I/am_wtf ( 1158): [0,1158,system_server,-1,DisplayDeviceConfig,requesting nits when no mapping exists.]
09-20 06:03:33.298 I/am_wtf ( 1158): [0,1158,system_server,-1,DisplayDeviceConfig,requesting nits when no mapping exists.]
09-20 06:03:33.313 I/am_wtf ( 1158): [0,1158,system_server,-1,DisplayDeviceConfig,requesting nits when no mapping exists.]
09-20 06:03:33.315 I/am_wtf ( 1158): [0,1158,system_server,-1,DisplayDeviceConfig,requesting nits when no mapping exists.]
09-20 06:03:33.331 I/am_wtf ( 1158): [0,1158,system_server,-1,DisplayDeviceConfig,requesting nits when no mapping exists.]
09-20 06:03:33.333 I/am_wtf ( 1158): [0,1158,system_server,-1,DisplayDeviceConfig,requesting nits when no mapping exists.]
09-20 06:03:33.348 I/am_wtf ( 1158): [0,1158,system_server,-1,DisplayDeviceConfig,requesting nits when no mapping exists.]
09-20 06:03:33.349 I/am_wtf ( 1158): [0,1158,system_server,-1,DisplayDeviceConfig,requesting nits when no mapping exists.]
09-20 06:03:33.364 I/am_wtf ( 1158): [0,1158,system_server,-1,DisplayDeviceConfig,requesting nits when no mapping exists.]
09-20 06:03:33.365 I/am_wtf ( 1158): [0,1158,system_server,-1,DisplayDeviceConfig,requesting nits when no mapping exists.]
09-20 06:03:33.381 I/am_wtf ( 1158): [0,1158,system_server,-1,DisplayDeviceConfig,requesting nits when no mapping exists.]
09-20 06:03:33.383 I/am_wtf ( 1158): [0,1158,system_server,-1,DisplayDeviceConfig,requesting nits when no mapping exists.]
09-20 06:03:33.397 I/am_wtf ( 1158): [0,1158,system_server,-1,DisplayDeviceConfig,requesting nits when no mapping exists.]
09-20 06:03:33.398 I/am_wtf ( 1158): [0,1158,system_server,-1,DisplayDeviceConfig,requesting nits when no mapping exists.]
09-20 06:03:33.414 I/am_wtf ( 1158): [0,1158,system_server,-1,DisplayDeviceConfig,requesting nits when no mapping exists.]
09-20 06:03:33.416 I/am_wtf ( 1158): [0,1158,system_server,-1,DisplayDeviceConfig,requesting nits when no mapping exists.]
09-20 06:03:33.431 I/am_wtf ( 1158): [0,1158,system_server,-1,DisplayDeviceConfig,requesting nits when no mapping exists.]
09-20 06:03:33.432 I/am_wtf ( 1158): [0,1158,system_server,-1,DisplayDeviceConfig,requesting nits when no mapping exists.]
09-20 06:03:33.447 I/am_wtf ( 1158): [0,1158,system_server,-1,DisplayDeviceConfig,requesting nits when no mapping exists.]
09-20 06:03:33.450 I/am_wtf ( 1158): [0,1158,system_server,-1,DisplayDeviceConfig,requesting nits when no mapping exists.]
09-20 06:03:33.464 I/am_wtf ( 1158): [0,1158,system_server,-1,DisplayDeviceConfig,requesting nits when no mapping exists.]
09-20 06:03:33.465 I/am_wtf ( 1158): [0,1158,system_server,-1,DisplayDeviceConfig,requesting nits when no mapping exists.]
09-20 06:03:33.481 I/am_wtf ( 1158): [0,1158,system_server,-1,DisplayDeviceConfig,requesting nits when no mapping exists.]
09-20 06:03:33.482 I/am_wtf ( 1158): [0,1158,system_server,-1,DisplayDeviceConfig,requesting nits when no mapping exists.]
09-20 06:03:33.497 I/am_wtf ( 1158): [0,1158,system_server,-1,DisplayDeviceConfig,requesting nits when no mapping exists.]
09-20 06:03:33.498 I/am_wtf ( 1158): [0,1158,system_server,-1,DisplayDeviceConfig,requesting nits when no mapping exists.]
09-20 06:03:33.514 I/am_wtf ( 1158): [0,1158,system_server,-1,DisplayDeviceConfig,requesting nits when no mapping exists.]
09-20 06:03:33.516 I/am_wtf ( 1158): [0,1158,system_server,-1,DisplayDeviceConfig,requesting nits when no mapping exists.]
09-20 06:03:33.531 I/am_wtf ( 1158): [0,1158,system_server,-1,DisplayDeviceConfig,requesting nits when no mapping exists.]
09-20 06:03:33.533 I/am_wtf ( 1158): [0,1158,system_server,-1,DisplayDeviceConfig,requesting nits when no mapping exists.]
09-20 06:03:33.547 I/am_wtf ( 1158): [0,1158,system_server,-1,DisplayDeviceConfig,requesting nits when no mapping exists.]
09-20 06:03:33.549 I/am_wtf ( 1158): [0,1158,system_server,-1,DisplayDeviceConfig,requesting nits when no mapping exists.]
09-20 06:03:33.564 I/am_wtf ( 1158): [0,1158,system_server,-1,DisplayDeviceConfig,requesting nits when no mapping exists.]
09-20 06:03:33.565 I/am_wtf ( 1158): [0,1158,system_server,-1,DisplayDeviceConfig,requesting nits when no mapping exists.]
09-20 06:03:33.581 I/am_wtf ( 1158): [0,1158,system_server,-1,DisplayDeviceConfig,requesting nits when no mapping exists.]
09-20 06:03:33.582 I/am_wtf ( 1158): [0,1158,system_server,-1,DisplayDeviceConfig,requesting nits when no mapping exists.]
09-20 06:03:33.597 I/am_wtf ( 1158): [0,1158,system_server,-1,DisplayDeviceConfig,requesting nits when no mapping exists.]
09-20 06:03:33.598 I/am_wtf ( 1158): [0,1158,system_server,-1,DisplayDeviceConfig,requesting nits when no mapping exists.]
09-20 06:03:33.615 I/am_wtf ( 1158): [0,1158,system_server,-1,DisplayDeviceConfig,requesting nits when no mapping exists.]
09-20 06:03:33.617 I/am_wtf ( 1158): [0,1158,system_server,-1,DisplayDeviceConfig,requesting nits when no mapping exists.]
09-20 06:03:33.631 I/am_wtf ( 1158): [0,1158,system_server,-1,DisplayDeviceConfig,requesting nits when no mapping exists.]
09-20 06:03:33.632 I/am_wtf ( 1158): [0,1158,system_server,-1,DisplayDeviceConfig,requesting nits when no mapping exists.]
09-20 06:03:33.649 I/am_wtf ( 1158): [0,1158,system_server,-1,DisplayDeviceConfig,requesting nits when no mapping exists.]
09-20 06:03:33.651 I/am_wtf ( 1158): [0,1158,system_server,-1,DisplayDeviceConfig,requesting nits when no mapping exists.]
09-20 06:03:33.665 I/am_wtf ( 1158): [0,1158,system_server,-1,DisplayDeviceConfig,requesting nits when no mapping exists.]
09-20 06:03:33.667 I/am_wtf ( 1158): [0,1158,system_server,-1,DisplayDeviceConfig,requesting nits when no mapping exists.]
09-20 06:03:33.681 I/am_wtf ( 1158): [0,1158,system_server,-1,DisplayDeviceConfig,requesting nits when no mapping exists.]
09-20 06:03:33.682 I/am_wtf ( 1158): [0,1158,system_server,-1,DisplayDeviceConfig,requesting nits when no mapping exists.]
09-20 06:03:33.697 I/am_wtf ( 1158): [0,1158,system_server,-1,DisplayDeviceConfig,requesting nits when no mapping exists.]
09-20 06:03:33.699 I/am_wtf ( 1158): [0,1158,system_server,-1,DisplayDeviceConfig,requesting nits when no mapping exists.]
09-20 06:03:33.714 I/am_wtf ( 1158): [0,1158,system_server,-1,DisplayDeviceConfig,requesting nits when no mapping exists.]
09-20 06:03:33.716 I/am_wtf ( 1158): [0,1158,system_server,-1,DisplayDeviceConfig,requesting nits when no mapping exists.]
09-20 06:03:33.731 I/am_wtf ( 1158): [0,1158,system_server,-1,DisplayDeviceConfig,requesting nits when no mapping exists.]
09-20 06:03:33.733 I/am_wtf ( 1158): [0,1158,system_server,-1,DisplayDeviceConfig,requesting nits when no mapping exists.]
09-20 06:03:33.748 I/am_wtf ( 1158): [0,1158,system_server,-1,DisplayDeviceConfig,requesting nits when no mapping exists.]
09-20 06:03:33.749 I/am_wtf ( 1158): [0,1158,system_server,-1,DisplayDeviceConfig,requesting nits when no mapping exists.]
09-20 06:03:33.765 I/am_wtf ( 1158): [0,1158,system_server,-1,DisplayDeviceConfig,requesting nits when no mapping exists.]
09-20 06:03:33.766 I/am_wtf ( 1158): [0,1158,system_server,-1,DisplayDeviceConfig,requesting nits when no mapping exists.]
09-20 06:03:33.781 I/am_wtf ( 1158): [0,1158,system_server,-1,DisplayDeviceConfig,requesting nits when no mapping exists.]
09-20 06:03:33.782 I/am_wtf ( 1158): [0,1158,system_server,-1,DisplayDeviceConfig,requesting nits when no mapping exists.]
09-20 06:03:33.798 I/am_wtf ( 1158): [0,1158,system_server,-1,DisplayDeviceConfig,requesting nits when no mapping exists.]
09-20 06:03:33.800 I/am_wtf ( 1158): [0,1158,system_server,-1,DisplayDeviceConfig,requesting nits when no mapping exists.]
09-20 06:03:33.815 I/am_wtf ( 1158): [0,1158,system_server,-1,DisplayDeviceConfig,requesting nits when no mapping exists.]
09-20 06:03:33.816 I/am_wtf ( 1158): [0,1158,system_server,-1,DisplayDeviceConfig,requesting nits when no mapping exists.]
09-20 06:03:33.832 I/am_wtf ( 1158): [0,1158,system_server,-1,DisplayDeviceConfig,requesting nits when no mapping exists.]
09-20 06:03:33.834 I/am_wtf ( 1158): [0,1158,system_server,-1,DisplayDeviceConfig,requesting nits when no mapping exists.]
09-20 06:03:33.848 I/am_wtf ( 1158): [0,1158,system_server,-1,DisplayDeviceConfig,requesting nits when no mapping exists.]
09-20 06:03:33.849 I/am_wtf ( 1158): [0,1158,system_server,-1,DisplayDeviceConfig,requesting nits when no mapping exists.]
09-20 06:03:33.850 I/service_manager_stats( 1158): [100,89,58741]
09-20 06:03:33.865 I/am_wtf ( 1158): [0,1158,system_server,-1,DisplayDeviceConfig,requesting nits when no mapping exists.]
09-20 06:03:33.866 I/am_wtf ( 1158): [0,1158,system_server,-1,DisplayDeviceConfig,requesting nits when no mapping exists.]
09-20 06:03:33.882 I/am_wtf ( 1158): [0,1158,system_server,-1,DisplayDeviceConfig,requesting nits when no mapping exists.]
09-20 06:03:33.883 I/am_wtf ( 1158): [0,1158,system_server,-1,DisplayDeviceConfig,requesting nits when no mapping exists.]
09-20 06:03:33.898 I/am_wtf ( 1158): [0,1158,system_server,-1,DisplayDeviceConfig,requesting nits when no mapping exists.]
09-20 06:03:33.899 I/am_wtf ( 1158): [0,1158,system_server,-1,DisplayDeviceConfig,requesting nits when no mapping exists.]
09-20 06:03:33.915 I/am_wtf ( 1158): [0,1158,system_server,-1,DisplayDeviceConfig,requesting nits when no mapping exists.]
09-20 06:03:33.917 I/am_wtf ( 1158): [0,1158,system_server,-1,DisplayDeviceConfig,requesting nits when no mapping exists.]
09-20 06:03:33.931 I/am_wtf ( 1158): [0,1158,system_server,-1,DisplayDeviceConfig,requesting nits when no mapping exists.]
09-20 06:03:33.933 I/am_wtf ( 1158): [0,1158,system_server,-1,DisplayDeviceConfig,requesting nits when no mapping exists.]
09-20 06:03:33.949 I/am_wtf ( 1158): [0,1158,system_server,-1,DisplayDeviceConfig,requesting nits when no mapping exists.]
09-20 06:03:33.950 I/am_wtf ( 1158): [0,1158,system_server,-1,DisplayDeviceConfig,requesting nits when no mapping exists.]
09-20 06:03:33.965 I/am_wtf ( 1158): [0,1158,system_server,-1,DisplayDeviceConfig,requesting nits when no mapping exists.]
09-20 06:03:33.967 I/am_wtf ( 1158): [0,1158,system_server,-1,DisplayDeviceConfig,requesting nits when no mapping exists.]
09-20 06:03:33.981 I/am_wtf ( 1158): [0,1158,system_server,-1,DisplayDeviceConfig,requesting nits when no mapping exists.]
09-20 06:03:33.983 I/am_wtf ( 1158): [0,1158,system_server,-1,DisplayDeviceConfig,requesting nits when no mapping exists.]
09-20 06:03:33.999 I/am_wtf ( 1158): [0,1158,system_server,-1,DisplayDeviceConfig,requesting nits when no mapping exists.]
09-20 06:03:34.001 I/am_wtf ( 1158): [0,1158,system_server,-1,DisplayDeviceConfig,requesting nits when no mapping exists.]
09-20 06:03:34.015 I/am_wtf ( 1158): [0,1158,system_server,-1,DisplayDeviceConfig,requesting nits when no mapping exists.]
09-20 06:03:34.016 I/am_wtf ( 1158): [0,1158,system_server,-1,DisplayDeviceConfig,requesting nits when no mapping exists.]
09-20 06:03:34.032 I/am_wtf ( 1158): [0,1158,system_server,-1,DisplayDeviceConfig,requesting nits when no mapping exists.]
09-20 06:03:34.033 I/am_wtf ( 1158): [0,1158,system_server,-1,DisplayDeviceConfig,requesting nits when no mapping exists.]
09-20 06:03:34.049 I/am_wtf ( 1158): [0,1158,system_server,-1,DisplayDeviceConfig,requesting nits when no mapping exists.]
09-20 06:03:34.051 I/am_wtf ( 1158): [0,1158,system_server,-1,DisplayDeviceConfig,requesting nits when no mapping exists.]
09-20 06:03:34.065 I/am_wtf ( 1158): [0,1158,system_server,-1,DisplayDeviceConfig,requesting nits when no mapping exists.]
09-20 06:03:34.067 I/am_wtf ( 1158): [0,1158,system_server,-1,DisplayDeviceConfig,requesting nits when no mapping exists.]
09-20 06:03:34.082 I/am_wtf ( 1158): [0,1158,system_server,-1,DisplayDeviceConfig,requesting nits when no mapping exists.]
09-20 06:03:34.083 I/am_wtf ( 1158): [0,1158,system_server,-1,DisplayDeviceConfig,requesting nits when no mapping exists.]
09-20 06:03:34.099 I/am_wtf ( 1158): [0,1158,system_server,-1,DisplayDeviceConfig,requesting nits when no mapping exists.]
09-20 06:03:34.100 I/am_wtf ( 1158): [0,1158,system_server,-1,DisplayDeviceConfig,requesting nits when no mapping exists.]
09-20 06:03:34.115 I/am_wtf ( 1158): [0,1158,system_server,-1,DisplayDeviceConfig,requesting nits when no mapping exists.]
09-20 06:03:34.116 I/am_wtf ( 1158): [0,1158,system_server,-1,DisplayDeviceConfig,requesting nits when no mapping exists.]
09-20 06:03:34.132 I/am_wtf ( 1158): [0,1158,system_server,-1,DisplayDeviceConfig,requesting nits when no mapping exists.]
09-20 06:03:34.133 I/am_wtf ( 1158): [0,1158,system_server,-1,DisplayDeviceConfig,requesting nits when no mapping exists.]
09-20 06:03:34.149 I/am_wtf ( 1158): [0,1158,system_server,-1,DisplayDeviceConfig,requesting nits when no mapping exists.]
09-20 06:03:34.151 I/am_wtf ( 1158): [0,1158,system_server,-1,DisplayDeviceConfig,requesting nits when no mapping exists.]
09-20 06:03:34.165 I/am_wtf ( 1158): [0,1158,system_server,-1,DisplayDeviceConfig,requesting nits when no mapping exists.]
09-20 06:03:34.168 I/am_wtf ( 1158): [0,1158,system_server,-1,DisplayDeviceConfig,requesting nits when no mapping exists.]
09-20 06:03:40.203 I/sysui_multi_action( 1158): [757,222,758,1]
09-20 06:03:40.207 I/am_uid_active( 1158): 10066
09-20 06:03:40.220 I/wm_task_created( 1158): [84,-1]
09-20 06:03:40.226 I/wm_task_moved( 1158): [84,1,6]
09-20 06:03:40.226 I/wm_task_to_front( 1158): [0,84]
09-20 06:03:40.227 I/wm_create_task( 1158): [0,84]
09-20 06:03:40.227 I/wm_create_activity( 1158): [0,34656430,84,com.android.deskclock/android.service.dreams.DreamActivity,NULL,NULL,NULL,276824064]
09-20 06:03:40.227 I/wm_task_moved( 1158): [84,1,6]
09-20 06:03:40.227 I/wm_on_top_resumed_lost_called( 8801): [213932593,com.android.launcher3.uioverrides.QuickstepLauncher,topStateChangedWhenResumed]
09-20 06:03:40.229 I/wm_pause_activity( 1158): [0,213932593,com.android.launcher3/.uioverrides.QuickstepLauncher,userLeaving=true,pauseBackTasks]
09-20 06:03:40.238 I/wm_on_paused_called( 8801): [213932593,com.android.launcher3.uioverrides.QuickstepLauncher,performPause]
09-20 06:03:40.244 I/wm_add_to_stopping( 1158): [0,213932593,com.android.launcher3/.uioverrides.QuickstepLauncher,makeInvisible]
09-20 06:03:40.245 I/wm_restart_activity( 1158): [0,34656430,84,com.android.deskclock/android.service.dreams.DreamActivity]
09-20 06:03:40.247 I/wm_set_resumed_activity( 1158): [0,com.android.deskclock/android.service.dreams.DreamActivity,minimalResumeActivityLocked]
09-20 06:03:40.260 I/sysui_multi_action( 1158): [757,803,799,window_time_0,802,156]
09-20 06:03:40.262 I/wm_on_create_called( 5400): [34656430,android.service.dreams.DreamActivity,performCreate]
09-20 06:03:40.262 I/wm_on_start_called( 5400): [34656430,android.service.dreams.DreamActivity,handleStartActivity]
09-20 06:03:40.262 I/wm_on_resume_called( 5400): [34656430,android.service.dreams.DreamActivity,RESUME_ACTIVITY]
09-20 06:03:40.267 I/wm_on_top_resumed_gained_called( 5400): [34656430,android.service.dreams.DreamActivity,topStateChangedWhenResumed]
09-20 06:03:40.288 I/input_focus( 1158): [Focus leaving 4bde657 com.android.launcher3/com.android.launcher3.uioverrides.QuickstepLauncher (server),reason=NO_WINDOW]
09-20 06:03:40.294 I/input_focus( 1158): [Focus request b1d7ae5 com.android.deskclock/android.service.dreams.DreamActivity,reason=UpdateInputWindows]
09-20 06:03:40.296 I/sysui_multi_action( 2202): [757,111,758,2]
09-20 06:03:40.297 I/sysui_multi_action( 2202): [757,111,758,2]
09-20 06:03:40.323 I/sysui_multi_action( 2202): [757,111,758,1]
09-20 06:03:40.323 I/sysui_multi_action( 1158): [319,100,322,99,325,7795,757,761,758,8,759,2,806,com.android.deskclock,871,android.service.dreams.DreamActivity,904,com.android.deskclock,905,0,1320,4,1321,1]
09-20 06:03:40.323 I/sysui_multi_action( 2202): [757,126,758,1,759,126,927,0,928,0,1593,0]
09-20 06:03:40.323 I/sysui_multi_action( 2202): [757,113,758,1,759,113,927,1,928,1,1593,0]
09-20 06:03:40.323 I/sysui_multi_action( 2202): [757,0,758,1,759,0,927,2,928,0,1593,0]
09-20 06:03:40.324 I/sysui_multi_action( 2202): [757,0,758,1,759,0,927,3,928,0,1593,0]
09-20 06:03:40.324 I/sysui_multi_action( 2202): [757,1706,758,1,759,1706,927,4,928,0,1593,0]
09-20 06:03:40.324 I/wm_activity_launch_time( 1158): [0,34656430,com.android.deskclock/android.service.dreams.DreamActivity,99]
09-20 06:03:40.324 I/sysui_multi_action( 2202): [757,491,758,1,759,491,927,5,928,0,1311,-1,1593,0]
09-20 06:03:40.324 I/sysui_multi_action( 2202): [757,0,758,1,759,0,927,6,928,0,1593,0]
09-20 06:03:40.324 I/sysui_multi_action( 2202): [757,0,758,1,759,0,927,7,1593,0]
09-20 06:03:40.325 I/sysui_multi_action( 2202): [757,114,758,1,759,114,927,8,928,0,1593,0]
09-20 06:03:40.325 I/sysui_multi_action( 2202): [757,111,758,1]
09-20 06:03:40.325 I/sysui_multi_action( 2202): [757,126,758,1,759,126,927,0,928,0,1593,0]
09-20 06:03:40.325 I/sysui_multi_action( 2202): [757,113,758,1,759,113,927,1,928,1,1593,0]
09-20 06:03:40.325 I/sysui_multi_action( 2202): [757,0,758,1,759,0,927,2,928,0,1593,0]
09-20 06:03:40.325 I/sysui_multi_action( 2202): [757,0,758,1,759,0,927,3,928,0,1593,0]
09-20 06:03:40.326 I/sysui_multi_action( 1158): [757,1696,758,6,759,3]
09-20 06:03:40.332 I/am_wtf ( 1158): [0,1158,system_server,-1,DisplayDeviceConfig,requesting nits when no mapping exists.]
09-20 06:03:40.336 I/am_wtf ( 1158): [0,1158,system_server,-1,DisplayDeviceConfig,requesting nits when no mapping exists.]
09-20 06:03:40.348 I/am_wtf ( 1158): [0,1158,system_server,-1,DisplayDeviceConfig,requesting nits when no mapping exists.]
09-20 06:03:40.349 I/input_focus( 1158): [Focus entering b1d7ae5 com.android.deskclock/android.service.dreams.DreamActivity (server),reason=Window became focusable. Previous reason: NOT_VISIBLE]
09-20 06:03:40.352 I/am_wtf ( 1158): [0,1158,system_server,-1,DisplayDeviceConfig,requesting nits when no mapping exists.]
09-20 06:03:40.366 I/am_wtf ( 1158): [0,1158,system_server,-1,DisplayDeviceConfig,requesting nits when no mapping exists.]
09-20 06:03:40.368 I/am_wtf ( 1158): [0,1158,system_server,-1,DisplayDeviceConfig,requesting nits when no mapping exists.]
09-20 06:03:40.397 I/am_wtf ( 1158): [0,1158,system_server,-1,DisplayDeviceConfig,requesting nits when no mapping exists.]
09-20 06:03:40.398 I/am_wtf ( 1158): [0,1158,system_server,-1,DisplayDeviceConfig,requesting nits when no mapping exists.]
09-20 06:03:40.415 I/am_wtf ( 1158): [0,1158,system_server,-1,DisplayDeviceConfig,requesting nits when no mapping exists.]
09-20 06:03:40.416 I/am_wtf ( 1158): [0,1158,system_server,-1,DisplayDeviceConfig,requesting nits when no mapping exists.]
09-20 06:03:40.432 I/am_wtf ( 1158): [0,1158,system_server,-1,DisplayDeviceConfig,requesting nits when no mapping exists.]
09-20 06:03:40.434 I/am_wtf ( 1158): [0,1158,system_server,-1,DisplayDeviceConfig,requesting nits when no mapping exists.]
09-20 06:03:40.448 I/am_wtf ( 1158): [0,1158,system_server,-1,DisplayDeviceConfig,requesting nits when no mapping exists.]
09-20 06:03:40.450 I/am_wtf ( 1158): [0,1158,system_server,-1,DisplayDeviceConfig,requesting nits when no mapping exists.]
09-20 06:03:40.466 I/am_wtf ( 1158): [0,1158,system_server,-1,DisplayDeviceConfig,requesting nits when no mapping exists.]
09-20 06:03:40.468 I/am_wtf ( 1158): [0,1158,system_server,-1,DisplayDeviceConfig,requesting nits when no mapping exists.]
09-20 06:03:40.487 I/am_wtf ( 1158): [0,1158,system_server,-1,DisplayDeviceConfig,requesting nits when no mapping exists.]
09-20 06:03:40.488 I/am_wtf ( 1158): [0,1158,system_server,-1,DisplayDeviceConfig,requesting nits when no mapping exists.]
09-20 06:03:40.501 I/am_wtf ( 1158): [0,1158,system_server,-1,DisplayDeviceConfig,requesting nits when no mapping exists.]
