09-20 06:37:23.347 I/am_wtf ( 1158): [0,1158,system_server,-1,DisplayDeviceConfig,requesting nits when no mapping exists.]
09-20 06:37:23.349 I/am_wtf ( 1158): [0,1158,system_server,-1,DisplayDeviceConfig,requesting nits when no mapping exists.]
09-20 06:37:23.377 I/am_wtf ( 1158): [0,1158,system_server,-1,DisplayDeviceConfig,requesting nits when no mapping exists.]
09-20 06:37:23.379 I/am_wtf ( 1158): [0,1158,system_server,-1,DisplayDeviceConfig,requesting nits when no mapping exists.]
09-20 06:37:23.393 I/am_wtf ( 1158): [0,1158,system_server,-1,DisplayDeviceConfig,requesting nits when no mapping exists.]
09-20 06:37:23.395 I/am_wtf ( 1158): [0,1158,system_server,-1,DisplayDeviceConfig,requesting nits when no mapping exists.]
09-20 06:37:23.411 I/am_wtf ( 1158): [0,1158,system_server,-1,DisplayDeviceConfig,requesting nits when no mapping exists.]
09-20 06:37:23.413 I/am_wtf ( 1158): [0,1158,system_server,-1,DisplayDeviceConfig,requesting nits when no mapping exists.]
09-20 06:37:23.427 I/am_wtf ( 1158): [0,1158,system_server,-1,DisplayDeviceConfig,requesting nits when no mapping exists.]
09-20 06:37:23.430 I/am_wtf ( 1158): [0,1158,system_server,-1,DisplayDeviceConfig,requesting nits when no mapping exists.]
09-20 06:37:23.447 I/am_wtf ( 1158): [0,1158,system_server,-1,DisplayDeviceConfig,requesting nits when no mapping exists.]
09-20 06:37:23.450 I/am_wtf ( 1158): [0,1158,system_server,-1,DisplayDeviceConfig,requesting nits when no mapping exists.]
09-20 06:37:23.461 I/am_wtf ( 1158): [0,1158,system_server,-1,DisplayDeviceConfig,requesting nits when no mapping exists.]
09-20 06:37:23.462 I/am_wtf ( 1158): [0,1158,system_server,-1,DisplayDeviceConfig,requesting nits when no mapping exists.]
09-20 06:37:23.478 I/am_wtf ( 1158): [0,1158,system_server,-1,DisplayDeviceConfig,requesting nits when no mapping exists.]
09-20 06:37:23.480 I/am_wtf ( 1158): [0,1158,system_server,-1,DisplayDeviceConfig,requesting nits when no mapping exists.]
09-20 06:37:23.495 I/am_wtf ( 1158): [0,1158,system_server,-1,DisplayDeviceConfig,requesting nits when no mapping exists.]
09-20 06:37:23.500 I/am_wtf ( 1158): [0,1158,system_server,-1,DisplayDeviceConfig,requesting nits when no mapping exists.]
09-20 06:37:23.512 I/am_wtf ( 1158): [0,1158,system_server,-1,DisplayDeviceConfig,requesting nits when no mapping exists.]
09-20 06:37:23.514 I/wm_stop_activity( 1158): [0,213932593,com.android.launcher3/.uioverrides.QuickstepLauncher]
09-20 06:37:23.522 I/am_wtf ( 1158): [0,1158,system_server,-1,DisplayDeviceConfig,requesting nits when no mapping exists.]
09-20 06:37:23.528 I/am_wtf ( 1158): [0,1158,system_server,-1,DisplayDeviceConfig,requesting nits when no mapping exists.]
09-20 06:37:23.530 I/am_wtf ( 1158): [0,1158,system_server,-1,DisplayDeviceConfig,requesting nits when no mapping exists.]
09-20 06:37:23.531 I/wm_on_stop_called( 8801): [213932593,com.android.launcher3.uioverrides.QuickstepLauncher,STOP_ACTIVITY_ITEM]
09-20 06:37:23.545 I/am_wtf ( 1158): [0,1158,system_server,-1,DisplayDeviceConfig,requesting nits when no mapping exists.]
09-20 06:37:23.547 I/am_wtf ( 1158): [0,1158,system_server,-1,DisplayDeviceConfig,requesting nits when no mapping exists.]
09-20 06:37:23.561 I/am_wtf ( 1158): [0,1158,system_server,-1,DisplayDeviceConfig,requesting nits when no mapping exists.]
09-20 06:37:23.562 I/am_wtf ( 1158): [0,1158,system_server,-1,DisplayDeviceConfig,requesting nits when no mapping exists.]
09-20 06:37:23.578 I/am_wtf ( 1158): [0,1158,system_server,-1,DisplayDeviceConfig,requesting nits when no mapping exists.]
09-20 06:37:23.579 I/am_wtf ( 1158): [0,1158,system_server,-1,DisplayDeviceConfig,requesting nits when no mapping exists.]
09-20 06:37:23.595 I/am_wtf ( 1158): [0,1158,system_server,-1,DisplayDeviceConfig,requesting nits when no mapping exists.]
09-20 06:37:23.596 I/am_wtf ( 1158): [0,1158,system_server,-1,DisplayDeviceConfig,requesting nits when no mapping exists.]
09-20 06:37:23.619 I/am_wtf ( 1158): [0,1158,system_server,-1,DisplayDeviceConfig,requesting nits when no mapping exists.]
09-20 06:37:23.620 I/am_wtf ( 1158): [0,1158,system_server,-1,DisplayDeviceConfig,requesting nits when no mapping exists.]
09-20 06:37:23.628 I/am_wtf ( 1158): [0,1158,system_server,-1,DisplayDeviceConfig,requesting nits when no mapping exists.]
09-20 06:37:23.629 I/am_wtf ( 1158): [0,1158,system_server,-1,DisplayDeviceConfig,requesting nits when no mapping exists.]
09-20 06:37:23.644 I/am_wtf ( 1158): [0,1158,system_server,-1,DisplayDeviceConfig,requesting nits when no mapping exists.]
09-20 06:37:23.645 I/am_wtf ( 1158): [0,1158,system_server,-1,DisplayDeviceConfig,requesting nits when no mapping exists.]
09-20 06:37:23.661 I/am_wtf ( 1158): [0,1158,system_server,-1,DisplayDeviceConfig,requesting nits when no mapping exists.]
09-20 06:37:23.662 I/am_wtf ( 1158): [0,1158,system_server,-1,DisplayDeviceConfig,requesting nits when no mapping exists.]
09-20 06:37:23.679 I/am_wtf ( 1158): [0,1158,system_server,-1,DisplayDeviceConfig,requesting nits when no mapping exists.]
09-20 06:37:23.680 I/am_wtf ( 1158): [0,1158,system_server,-1,DisplayDeviceConfig,requesting nits when no mapping exists.]
09-20 06:37:23.695 I/am_wtf ( 1158): [0,1158,system_server,-1,DisplayDeviceConfig,requesting nits when no mapping exists.]
09-20 06:37:23.696 I/am_wtf ( 1158): [0,1158,system_server,-1,DisplayDeviceConfig,requesting nits when no mapping exists.]
09-20 06:37:23.713 I/am_wtf ( 1158): [0,1158,system_server,-1,DisplayDeviceConfig,requesting nits when no mapping exists.]
09-20 06:37:23.714 I/am_wtf ( 1158): [0,1158,system_server,-1,DisplayDeviceConfig,requesting nits when no mapping exists.]
09-20 06:37:23.729 I/am_wtf ( 1158): [0,1158,system_server,-1,DisplayDeviceConfig,requesting nits when no mapping exists.]
09-20 06:37:23.730 I/am_wtf ( 1158): [0,1158,system_server,-1,DisplayDeviceConfig,requesting nits when no mapping exists.]
09-20 06:37:23.745 I/am_wtf ( 1158): [0,1158,system_server,-1,DisplayDeviceConfig,requesting nits when no mapping exists.]
09-20 06:37:23.746 I/am_wtf ( 1158): [0,1158,system_server,-1,DisplayDeviceConfig,requesting nits when no mapping exists.]
09-20 06:37:23.761 I/am_wtf ( 1158): [0,1158,system_server,-1,DisplayDeviceConfig,requesting nits when no mapping exists.]
09-20 06:37:23.763 I/am_wtf ( 1158): [0,1158,system_server,-1,DisplayDeviceConfig,requesting nits when no mapping exists.]
09-20 06:37:23.779 I/am_wtf ( 1158): [0,1158,system_server,-1,DisplayDeviceConfig,requesting nits when no mapping exists.]
09-20 06:37:23.780 I/am_wtf ( 1158): [0,1158,system_server,-1,DisplayDeviceConfig,requesting nits when no mapping exists.]
09-20 06:37:23.795 I/am_wtf ( 1158): [0,1158,system_server,-1,DisplayDeviceConfig,requesting nits when no mapping exists.]
09-20 06:37:23.797 I/am_wtf ( 1158): [0,1158,system_server,-1,DisplayDeviceConfig,requesting nits when no mapping exists.]
09-20 06:37:23.812 I/am_wtf ( 1158): [0,1158,system_server,-1,DisplayDeviceConfig,requesting nits when no mapping exists.]
09-20 06:37:23.813 I/am_wtf ( 1158): [0,1158,system_server,-1,DisplayDeviceConfig,requesting nits when no mapping exists.]
09-20 06:37:23.829 I/am_wtf ( 1158): [0,1158,system_server,-1,DisplayDeviceConfig,requesting nits when no mapping exists.]
09-20 06:37:23.830 I/am_wtf ( 1158): [0,1158,system_server,-1,DisplayDeviceConfig,requesting nits when no mapping exists.]
09-20 06:37:23.851 I/am_wtf ( 1158): [0,1158,system_server,-1,DisplayDeviceConfig,requesting nits when no mapping exists.]
09-20 06:37:23.853 I/am_wtf ( 1158): [0,1158,system_server,-1,DisplayDeviceConfig,requesting nits when no mapping exists.]
09-20 06:37:23.863 I/am_wtf ( 1158): [0,1158,system_server,-1,DisplayDeviceConfig,requesting nits when no mapping exists.]
09-20 06:37:23.864 I/am_wtf ( 1158): [0,1158,system_server,-1,DisplayDeviceConfig,requesting nits when no mapping exists.]
09-20 06:37:23.879 I/am_wtf ( 1158): [0,1158,system_server,-1,DisplayDeviceConfig,requesting nits when no mapping exists.]
09-20 06:37:23.881 I/am_wtf ( 1158): [0,1158,system_server,-1,DisplayDeviceConfig,requesting nits when no mapping exists.]
09-20 06:37:23.902 I/am_wtf ( 1158): [0,1158,system_server,-1,DisplayDeviceConfig,requesting nits when no mapping exists.]
09-20 06:37:23.904 I/am_wtf ( 1158): [0,1158,system_server,-1,DisplayDeviceConfig,requesting nits when no mapping exists.]
09-20 06:37:23.913 I/am_wtf ( 1158): [0,1158,system_server,-1,DisplayDeviceConfig,requesting nits when no mapping exists.]
09-20 06:37:23.914 I/am_wtf ( 1158): [0,1158,system_server,-1,DisplayDeviceConfig,requesting nits when no mapping exists.]
09-20 06:37:23.929 I/am_wtf ( 1158): [0,1158,system_server,-1,DisplayDeviceConfig,requesting nits when no mapping exists.]
09-20 06:37:23.935 I/am_wtf ( 1158): [0,1158,system_server,-1,DisplayDeviceConfig,requesting nits when no mapping exists.]
09-20 06:37:23.953 I/am_wtf ( 1158): [0,1158,system_server,-1,DisplayDeviceConfig,requesting nits when no mapping exists.]
09-20 06:37:23.954 I/service_manager_stats( 1158): [100,125,7092]
09-20 06:37:23.955 I/am_wtf ( 1158): [0,1158,system_server,-1,DisplayDeviceConfig,requesting nits when no mapping exists.]
09-20 06:37:23.964 I/am_wtf ( 1158): [0,1158,system_server,-1,DisplayDeviceConfig,requesting nits when no mapping exists.]
09-20 06:37:23.965 I/am_wtf ( 1158): [0,1158,system_server,-1,DisplayDeviceConfig,requesting nits when no mapping exists.]
09-20 06:37:23.980 I/am_wtf ( 1158): [0,1158,system_server,-1,DisplayDeviceConfig,requesting nits when no mapping exists.]
09-20 06:37:23.981 I/am_wtf ( 1158): [0,1158,system_server,-1,DisplayDeviceConfig,requesting nits when no mapping exists.]
09-20 06:37:24.002 I/am_wtf ( 1158): [0,1158,system_server,-1,DisplayDeviceConfig,requesting nits when no mapping exists.]
09-20 06:37:24.004 I/am_wtf ( 1158): [0,1158,system_server,-1,DisplayDeviceConfig,requesting nits when no mapping exists.]
09-20 06:37:24.013 I/am_wtf ( 1158): [0,1158,system_server,-1,DisplayDeviceConfig,requesting nits when no mapping exists.]
09-20 06:37:24.014 I/am_wtf ( 1158): [0,1158,system_server,-1,DisplayDeviceConfig,requesting nits when no mapping exists.]
09-20 06:37:24.029 I/am_wtf ( 1158): [0,1158,system_server,-1,DisplayDeviceConfig,requesting nits when no mapping exists.]
09-20 06:37:24.030 I/am_wtf ( 1158): [0,1158,system_server,-1,DisplayDeviceConfig,requesting nits when no mapping exists.]
09-20 06:37:24.045 I/am_wtf ( 1158): [0,1158,system_server,-1,DisplayDeviceConfig,requesting nits when no mapping exists.]
09-20 06:37:24.047 I/am_wtf ( 1158): [0,1158,system_server,-1,DisplayDeviceConfig,requesting nits when no mapping exists.]
09-20 06:37:24.062 I/am_wtf ( 1158): [0,1158,system_server,-1,DisplayDeviceConfig,requesting nits when no mapping exists.]
09-20 06:37:24.064 I/am_wtf ( 1158): [0,1158,system_server,-1,DisplayDeviceConfig,requesting nits when no mapping exists.]
09-20 06:37:24.080 I/am_wtf ( 1158): [0,1158,system_server,-1,DisplayDeviceConfig,requesting nits when no mapping exists.]
09-20 06:37:24.081 I/am_wtf ( 1158): [0,1158,system_server,-1,DisplayDeviceConfig,requesting nits when no mapping exists.]
09-20 06:37:24.096 I/am_wtf ( 1158): [0,1158,system_server,-1,DisplayDeviceConfig,requesting nits when no mapping exists.]
09-20 06:37:24.097 I/am_wtf ( 1158): [0,1158,system_server,-1,DisplayDeviceConfig,requesting nits when no mapping exists.]
09-20 06:37:24.112 I/am_wtf ( 1158): [0,1158,system_server,-1,DisplayDeviceConfig,requesting nits when no mapping exists.]
09-20 06:37:24.124 I/service_manager_slow( 1158): [11,dropbox]
09-20 06:37:24.124 I/am_wtf ( 1158): [0,1158,system_server,-1,DisplayDeviceConfig,requesting nits when no mapping exists.]
09-20 06:37:24.135 I/am_wtf ( 1158): [0,1158,system_server,-1,DisplayDeviceConfig,requesting nits when no mapping exists.]
09-20 06:37:24.136 I/am_wtf ( 1158): [0,1158,system_server,-1,DisplayDeviceConfig,requesting nits when no mapping exists.]
09-20 06:37:24.152 I/am_wtf ( 1158): [0,1158,system_server,-1,DisplayDeviceConfig,requesting nits when no mapping exists.]
09-20 06:37:24.153 I/am_wtf ( 1158): [0,1158,system_server,-1,DisplayDeviceConfig,requesting nits when no mapping exists.]
09-20 06:37:24.163 I/am_wtf ( 1158): [0,1158,system_server,-1,DisplayDeviceConfig,requesting nits when no mapping exists.]
09-20 06:37:24.164 I/am_wtf ( 1158): [0,1158,system_server,-1,DisplayDeviceConfig,requesting nits when no mapping exists.]
09-20 06:37:24.180 I/am_wtf ( 1158): [0,1158,system_server,-1,DisplayDeviceConfig,requesting nits when no mapping exists.]
09-20 06:37:24.181 I/am_wtf ( 1158): [0,1158,system_server,-1,DisplayDeviceConfig,requesting nits when no mapping exists.]
09-20 06:39:17.217 I/am_freeze( 1158): [13276,com.qti.diagservices]
09-20 06:39:17.227 I/am_kill ( 1158): [0,13276,com.qti.diagservices,935,Unable to freeze binder interface]
09-20 06:39:17.330 I/am_proc_died( 1158): [0,13276,com.qti.diagservices,935,10]
09-20 06:39:17.332 I/am_schedule_service_restart( 1158): [0,com.qti.diagservices/.QTIDiagServices,1000]
09-20 06:39:17.350 I/am_pss ( 1158): [16290,10065,com.android.gallery3d,9237504,6373376,0,94691328,0,19,12]
09-20 06:39:17.363 I/am_pss ( 1158): [16198,10070,com.android.music,7626752,4624384,0,91713536,0,19,11]
09-20 06:39:18.414 I/am_proc_start( 1158): [0,16467,1000,com.qti.diagservices,service,{com.qti.diagservices/com.qti.diagservices.QTIDiagServices}]
09-20 06:39:18.521 I/am_proc_bound( 1158): [0,16467,com.qti.diagservices]
09-20 06:41:39.395 I/am_freeze( 1158): [15765,com.qualcomm.qti.qccauthmgr]
09-20 06:41:39.404 I/am_kill ( 1158): [0,15765,com.qualcomm.qti.qccauthmgr,925,Unable to freeze binder interface]
09-20 06:41:39.498 I/am_proc_died( 1158): [0,15765,com.qualcomm.qti.qccauthmgr,925,19]
09-20 06:41:39.499 I/am_uid_stopped( 1158): 10088
09-20 06:41:39.520 I/am_pss ( 1158): [5400,10066,com.android.deskclock,60336128,50245632,0,180359168,0,2,14]
09-20 06:41:39.533 I/am_pss ( 1158): [16467,1000,com.qti.diagservices,7231488,4063232,0,94982144,0,10,11]
09-20 06:46:12.411 I/am_freeze( 1158): [16198,com.android.music]
09-20 06:46:12.421 I/am_kill ( 1158): [0,16198,com.android.music,915,Unable to freeze binder interface]
09-20 06:46:12.533 I/am_proc_died( 1158): [0,16198,com.android.music,915,19]
09-20 06:46:12.534 I/am_uid_stopped( 1158): 10070
09-20 06:46:12.548 I/am_uid_running( 1158): 10070
09-20 06:46:12.555 I/am_pss ( 1158): [5400,10066,com.android.deskclock,60176384,49778688,0,181923840,0,2,13]
09-20 06:46:12.567 I/am_pss ( 1158): [16467,1000,com.qti.diagservices,7297024,4063232,0,94982144,0,10,10]
09-20 06:46:12.605 I/am_proc_start( 1158): [0,16872,10070,com.android.music,NULL,]
09-20 06:46:12.696 I/am_proc_bound( 1158): [0,16872,com.android.music]
09-20 06:46:18.625 I/input_interaction( 1158): Interaction with: 1894cb com.android.deskclock/android.service.dreams.DreamActivity (server), edge-swipe (server), swipe-up (server), PointerEventDispatcher0 (server),
09-20 06:46:18.632 I/wm_finish_activity( 1158): [0,219208879,110,com.android.deskclock/android.service.dreams.DreamActivity,finish-activity]
09-20 06:46:18.632 I/wm_task_moved( 1158): [1,1,5]
09-20 06:46:18.633 I/wm_task_moved( 1158): [44,1,2147483647]
09-20 06:46:18.633 I/wm_task_to_front( 1158): [0,44]
09-20 06:46:18.633 I/wm_focused_root_task( 1158): [0,0,1,110,finish-top adjustFocusToNextFocusableTask]
09-20 06:46:18.634 I/wm_set_resumed_activity( 1158): [0,com.android.launcher3/.uioverrides.QuickstepLauncher,finish-top adjustFocusToNextFocusableTask]
09-20 06:46:18.636 I/wm_pause_activity( 1158): [0,219208879,com.android.deskclock/android.service.dreams.DreamActivity,userLeaving=false,finish]
09-20 06:46:18.648 I/sysui_multi_action( 1158): [757,803,799,window_time_0,802,536]
09-20 06:46:18.656 I/wm_on_top_resumed_lost_called( 5400): [219208879,android.service.dreams.DreamActivity,topStateChangedWhenResumed]
09-20 06:46:18.657 I/wm_on_paused_called( 5400): [219208879,android.service.dreams.DreamActivity,performPause]
09-20 06:46:18.658 I/wm_add_to_stopping( 1158): [0,219208879,com.android.deskclock/android.service.dreams.DreamActivity,completeFinishing]
09-20 06:46:18.661 I/wm_set_resumed_activity( 1158): [0,com.android.launcher3/.uioverrides.QuickstepLauncher,resumeTopActivityInnerLocked]
09-20 06:46:18.663 I/wm_resume_activity( 1158): [0,213932593,44,com.android.launcher3/.uioverrides.QuickstepLauncher]
09-20 06:46:18.676 I/wm_on_restart_called( 8801): [213932593,com.android.launcher3.uioverrides.QuickstepLauncher,performRestartActivity]
09-20 06:46:18.676 I/wm_on_start_called( 8801): [213932593,com.android.launcher3.uioverrides.QuickstepLauncher,handleStartActivity]
09-20 06:46:18.677 I/wm_on_resume_called( 8801): [213932593,com.android.launcher3.uioverrides.QuickstepLauncher,RESUME_ACTIVITY]
09-20 06:46:18.677 I/wm_on_top_resumed_gained_called( 8801): [213932593,com.android.launcher3.uioverrides.QuickstepLauncher,topWhenResuming]
09-20 06:46:18.678 I/sysui_multi_action( 1158): [757,803,799,window_time_0,802,0]
09-20 06:46:18.683 I/view_enqueue_input_event( 5400): [Motion - Cancel,com.android.deskclock/android.service.dreams.DreamActivity]
09-20 06:46:18.684 I/input_focus( 1158): [Focus leaving 1894cb com.android.deskclock/android.service.dreams.DreamActivity (server),reason=NO_WINDOW]
09-20 06:46:18.689 I/input_interaction( 1158): Interaction with: edge-swipe (server), swipe-up (server), PointerEventDispatcher0 (server),
09-20 06:46:18.691 I/input_focus( 1158): [Focus request 4bde657 com.android.launcher3/com.android.launcher3.uioverrides.QuickstepLauncher,reason=UpdateInputWindows]
09-20 06:46:18.717 I/input_focus( 1158): [Focus entering 4bde657 com.android.launcher3/com.android.launcher3.uioverrides.QuickstepLauncher (server),reason=setFocusedWindow]
09-20 06:46:18.958 I/wm_destroy_activity( 1158): [0,219208879,110,com.android.deskclock/android.service.dreams.DreamActivity,finish-imm:idle]
09-20 06:46:18.985 I/wm_on_stop_called( 5400): [219208879,android.service.dreams.DreamActivity,LIFECYCLER_STOP_ACTIVITY]
09-20 06:46:18.986 I/wm_on_destroy_called( 5400): [219208879,android.service.dreams.DreamActivity,performDestroy]
09-20 06:46:18.992 I/sysui_multi_action( 1158): [757,222,758,2]
09-20 06:46:18.993 I/sysui_multi_action( 1158): [757,804,799,dreaming_minutes,801,8,802,1]
09-20 06:46:19.007 I/wm_task_removed( 1158): [110,removeChild:removeChild last r=ActivityRecord{d10dcaf u0 com.android.deskclock/android.service.dreams.DreamActivity t-1 f}} in t=Task{8179731 #110 type=dream A=10066:android:com.android.deskclock/dream U=0 visible=false mode=fullscreen translucent=true sz=0}]
09-20 06:46:19.007 I/wm_task_removed( 1158): [110,removeChild]
09-20 06:46:19.848 I/input_interaction( 1158): Interaction with: 4bde657 com.android.launcher3/com.android.launcher3.uioverrides.QuickstepLauncher (server), 93416c5 com.android.systemui.ImageWallpaper (server), edge-swipe (server), swipe-up (server), PointerEventDispatcher0 (server),
09-20 06:46:28.999 I/am_freeze( 1158): [16290,com.android.gallery3d]
09-20 06:46:29.007 I/am_kill ( 1158): [0,16290,com.android.gallery3d,915,Unable to freeze binder interface]
09-20 06:46:29.103 I/am_proc_died( 1158): [0,16290,com.android.gallery3d,915,19]
09-20 06:46:29.104 I/am_uid_stopped( 1158): 10065
09-20 06:46:29.113 I/am_uid_running( 1158): 10065
09-20 06:46:29.152 I/am_proc_start( 1158): [0,16908,10065,com.android.gallery3d,NULL,]
09-20 06:46:29.199 I/am_proc_bound( 1158): [0,16908,com.android.gallery3d]
09-20 06:47:16.063 I/netstats_mobile_sample( 1158): [0,0,0,0,0,0,0,0,0,0,0,0,1663627636063]
09-20 06:47:16.063 I/netstats_wifi_sample( 1158): [0,0,0,0,0,0,0,0,0,0,0,0,1663627636063]
09-20 06:47:19.004 I/am_uid_idle( 1158): 10066
09-20 06:48:02.794 I/wm_task_created( 1158): [111,-1]
09-20 06:48:02.807 I/wm_task_moved( 1158): [111,1,6]
09-20 06:48:02.807 I/wm_task_to_front( 1158): [0,111]
09-20 06:48:02.807 I/wm_create_task( 1158): [0,111]
09-20 06:48:02.808 I/wm_create_activity( 1158): [0,30119658,111,com.android.gallery3d/.app.GalleryActivity,android.intent.action.MAIN,NULL,NULL,270532608]
09-20 06:48:02.808 I/wm_task_moved( 1158): [111,1,6]
09-20 06:48:02.810 I/wm_pause_activity( 1158): [0,213932593,com.android.launcher3/.uioverrides.QuickstepLauncher,userLeaving=true,pauseBackTasks]
09-20 06:48:02.824 I/wm_on_top_resumed_lost_called( 8801): [213932593,com.android.launcher3.uioverrides.QuickstepLauncher,topStateChangedWhenResumed]
09-20 06:48:02.825 I/wm_on_paused_called( 8801): [213932593,com.android.launcher3.uioverrides.QuickstepLauncher,performPause]
09-20 06:48:02.837 I/wm_add_to_stopping( 1158): [0,213932593,com.android.launcher3/.uioverrides.QuickstepLauncher,makeInvisible]
09-20 06:48:02.837 I/wm_restart_activity( 1158): [0,30119658,111,com.android.gallery3d/.app.GalleryActivity]
09-20 06:48:02.840 I/wm_set_resumed_activity( 1158): [0,com.android.gallery3d/.app.GalleryActivity,minimalResumeActivityLocked]
09-20 06:48:02.848 I/am_uid_active( 1158): 10065
09-20 06:48:02.860 I/sysui_multi_action( 1158): [757,803,799,window_time_0,802,104]
09-20 06:48:02.878 I/am_pss ( 1158): [16872,10070,com.android.music,7664640,4636672,0,91676672,0,19,10]
09-20 06:48:02.882 I/input_focus( 1158): [Focus leaving 4bde657 com.android.launcher3/com.android.launcher3.uioverrides.QuickstepLauncher (server),reason=NO_WINDOW]
09-20 06:48:02.895 I/wm_on_create_called(16908): [30119658,com.android.gallery3d.app.GalleryActivity,performCreate]
09-20 06:48:02.897 I/wm_on_start_called(16908): [30119658,com.android.gallery3d.app.GalleryActivity,handleStartActivity]
09-20 06:48:02.914 I/wm_on_resume_called(16908): [30119658,com.android.gallery3d.app.GalleryActivity,RESUME_ACTIVITY]
09-20 06:48:02.924 I/wm_on_top_resumed_gained_called(16908): [30119658,com.android.gallery3d.app.GalleryActivity,topStateChangedWhenResumed]
09-20 06:48:02.943 I/input_focus( 1158): [Focus request 671f03e com.android.gallery3d/com.android.gallery3d.app.GalleryActivity,reason=UpdateInputWindows]
09-20 06:48:02.943 I/sysui_multi_action( 2202): [757,111,758,2]
09-20 06:48:02.943 I/sysui_multi_action( 2202): [757,111,758,2]
09-20 06:48:02.969 I/sysui_multi_action( 2202): [757,111,758,1]
09-20 06:48:02.969 I/sysui_multi_action( 2202): [757,126,758,1,759,126,927,0,928,0,1593,1]
09-20 06:48:02.969 I/sysui_multi_action( 2202): [757,113,758,1,759,113,927,1,928,1,1593,1]
09-20 06:48:02.970 I/sysui_multi_action( 2202): [757,0,758,1,759,0,927,2,928,0,1593,1]
09-20 06:48:02.970 I/sysui_multi_action( 2202): [757,0,758,1,759,0,927,3,928,0,1593,1]
09-20 06:48:02.970 I/sysui_multi_action( 2202): [757,1706,758,1,759,1706,927,4,928,0,1593,1]
09-20 06:48:02.970 I/sysui_multi_action( 2202): [757,491,758,1,759,491,927,5,928,0,1311,-1,1593,1]
09-20 06:48:02.970 I/sysui_multi_action( 2202): [757,0,758,1,759,0,927,6,928,0,1593,1]
09-20 06:48:02.971 I/sysui_multi_action( 2202): [757,0,758,1,759,0,927,7,1593,1]
09-20 06:48:02.971 I/sysui_multi_action( 2202): [757,114,758,1,759,114,927,8,928,0,1593,1]
09-20 06:48:02.971 I/sysui_multi_action( 2202): [757,111,758,1]
09-20 06:48:02.971 I/sysui_multi_action( 2202): [757,126,758,1,759,126,927,0,928,0,1593,1]
09-20 06:48:02.971 I/sysui_multi_action( 2202): [757,113,758,1,759,113,927,1,928,1,1593,1]
09-20 06:48:02.971 I/sysui_multi_action( 2202): [757,0,758,1,759,0,927,2,928,0,1593,1]
09-20 06:48:02.971 I/sysui_multi_action( 2202): [757,0,758,1,759,0,927,3,928,0,1593,1]
09-20 06:48:03.033 I/sysui_multi_action( 1158): [319,123,321,119,322,249,325,10458,757,761,758,8,759,1,806,com.android.gallery3d,871,com.android.gallery3d.app.GalleryActivity,904,com.android.launcher3,905,0,1320,4,1321,1]
09-20 06:48:03.034 I/wm_activity_launch_time( 1158): [0,30119658,com.android.gallery3d/.app.GalleryActivity,249]
09-20 06:48:03.049 I/input_focus( 1158): [Focus entering 671f03e com.android.gallery3d/com.android.gallery3d.app.GalleryActivity (server),reason=Window became focusable. Previous reason: NOT_VISIBLE]
09-20 06:48:03.470 I/wm_stop_activity( 1158): [0,213932593,com.android.launcher3/.uioverrides.QuickstepLauncher]
09-20 06:48:03.519 I/wm_on_stop_called( 8801): [213932593,com.android.launcher3.uioverrides.QuickstepLauncher,STOP_ACTIVITY_ITEM]
09-20 06:48:04.531 I/input_interaction( 1158): Interaction with: 671f03e com.android.gallery3d/com.android.gallery3d.app.GalleryActivity (server), edge-swipe (server), swipe-up (server), PointerEventDispatcher0 (server),
09-20 06:48:04.573 I/view_enqueue_input_event(16908): [Motion - Cancel,com.android.gallery3d/com.android.gallery3d.app.GalleryActivity]
09-20 06:48:04.581 I/input_interaction( 1158): Interaction with: edge-swipe (server), swipe-up (server), PointerEventDispatcher0 (server),
09-20 06:48:04.736 I/sysui_multi_action( 1158): [757,803,799,key_back_press,802,1]
09-20 06:48:04.743 I/input_interaction( 1158): Interaction with: 671f03e com.android.gallery3d/com.android.gallery3d.app.GalleryActivity (server), PointerEventDispatcher0 (server),
09-20 06:48:04.750 I/wm_finish_activity( 1158): [0,30119658,111,com.android.gallery3d/.app.GalleryActivity,app-request]
09-20 06:48:04.750 I/wm_task_moved( 1158): [1,1,6]
09-20 06:48:04.751 I/wm_task_moved( 1158): [44,1,2147483647]
09-20 06:48:04.751 I/wm_task_to_front( 1158): [0,44]
09-20 06:48:04.752 I/wm_focused_root_task( 1158): [0,0,1,111,finish-top adjustFocusToNextFocusableTask]
09-20 06:48:04.752 I/wm_set_resumed_activity( 1158): [0,com.android.launcher3/.uioverrides.QuickstepLauncher,finish-top adjustFocusToNextFocusableTask]
09-20 06:48:04.768 I/wm_pause_activity( 1158): [0,30119658,com.android.gallery3d/.app.GalleryActivity,userLeaving=false,finish]
09-20 06:48:04.773 I/wm_on_top_resumed_lost_called(16908): [30119658,com.android.gallery3d.app.GalleryActivity,topStateChangedWhenResumed]
09-20 06:48:04.794 I/wm_on_paused_called(16908): [30119658,com.android.gallery3d.app.GalleryActivity,performPause]
09-20 06:48:04.795 I/wm_add_to_stopping( 1158): [0,30119658,com.android.gallery3d/.app.GalleryActivity,completeFinishing]
09-20 06:48:04.798 I/wm_set_resumed_activity( 1158): [0,com.android.launcher3/.uioverrides.QuickstepLauncher,resumeTopActivityInnerLocked]
09-20 06:48:04.800 I/wm_resume_activity( 1158): [0,213932593,44,com.android.launcher3/.uioverrides.QuickstepLauncher]
09-20 06:48:04.802 I/input_focus( 1158): [Focus leaving 671f03e com.android.gallery3d/com.android.gallery3d.app.GalleryActivity (server),reason=NO_WINDOW]
09-20 06:48:04.804 I/wm_on_restart_called( 8801): [213932593,com.android.launcher3.uioverrides.QuickstepLauncher,performRestartActivity]
09-20 06:48:04.804 I/wm_on_start_called( 8801): [213932593,com.android.launcher3.uioverrides.QuickstepLauncher,handleStartActivity]
09-20 06:48:04.805 I/wm_on_resume_called( 8801): [213932593,com.android.launcher3.uioverrides.QuickstepLauncher,RESUME_ACTIVITY]
09-20 06:48:04.805 I/wm_on_top_resumed_gained_called( 8801): [213932593,com.android.launcher3.uioverrides.QuickstepLauncher,topWhenResuming]
09-20 06:48:04.811 I/dvm_lock_sample( 1158): [system_server,1,android.display,9,ActivityTaskSupervisor.java,2557,void com.android.server.wm.ActivityTaskSupervisor$ActivityTaskSupervisorHandler.handleMessage(android.os.Message),TaskChangeNotificationController.java,342,void com.android.server.wm.TaskChangeNotificationController.forAllLocalListeners(com.android.server.wm.TaskChangeNotificationController$TaskStackConsumer, android.os.Message),1]
09-20 06:48:04.814 I/sysui_multi_action( 1158): [757,803,799,window_time_0,802,2]
09-20 06:48:04.827 I/input_focus( 1158): [Focus request 4bde657 com.android.launcher3/com.android.launcher3.uioverrides.QuickstepLauncher,reason=UpdateInputWindows]
09-20 06:48:04.854 I/input_focus( 1158): [Focus entering 4bde657 com.android.launcher3/com.android.launcher3.uioverrides.QuickstepLauncher (server),reason=setFocusedWindow]
09-20 06:48:05.210 I/wm_destroy_activity( 1158): [0,30119658,111,com.android.gallery3d/.app.GalleryActivity,finish-imm:idle]
09-20 06:48:05.240 I/wm_on_stop_called(16908): [30119658,com.android.gallery3d.app.GalleryActivity,LIFECYCLER_STOP_ACTIVITY]
09-20 06:48:05.249 I/wm_on_destroy_called(16908): [30119658,com.android.gallery3d.app.GalleryActivity,performDestroy]
09-20 06:48:05.259 I/wm_task_removed( 1158): [111,removeChild:removeChild last r=ActivityRecord{1cb96ea u0 com.android.gallery3d/.app.GalleryActivity t-1 f}} in t=Task{dac4745 #111 type=standard A=10065:com.android.gallery3d U=0 visible=false mode=fullscreen translucent=true sz=0}]
09-20 06:48:05.259 I/wm_task_removed( 1158): [111,removeChild]
09-20 06:48:23.696 I/input_interaction( 1158): Interaction with: 4bde657 com.android.launcher3/com.android.launcher3.uioverrides.QuickstepLauncher (server), 93416c5 com.android.systemui.ImageWallpaper (server), edge-swipe (server), swipe-up (server), PointerEventDispatcher0 (server),
09-20 06:48:41.917 I/service_manager_stats( 1158): [100,109,677963]
09-20 06:49:04.820 I/am_uid_idle( 1158): 10065
09-20 06:49:34.910 I/view_enqueue_input_event( 8801): [Motion - Cancel,com.android.launcher3/com.android.launcher3.uioverrides.QuickstepLauncher]
09-20 06:49:34.926 I/input_interaction( 1158): Interaction with: edge-swipe (server), swipe-up (server), PointerEventDispatcher0 (server),
09-20 06:49:36.221 I/input_interaction( 1158): Interaction with: 4bde657 com.android.launcher3/com.android.launcher3.uioverrides.QuickstepLauncher (server), 93416c5 com.android.systemui.ImageWallpaper (server), edge-swipe (server), swipe-up (server), PointerEventDispatcher0 (server),
09-20 06:49:39.917 I/sysui_multi_action( 1158): [757,803,799,window_time_0,802,95]
09-20 06:49:43.011 I/sysui_multi_action( 1158): [757,803,799,window_time_0,802,3]
09-20 06:49:44.264 I/am_kill ( 1158): [0,16908,com.android.gallery3d,900,remove task]
09-20 06:49:44.288 I/sysui_multi_action( 1158): [757,803,799,window_time_0,802,1]
09-20 06:49:44.458 I/am_proc_died( 1158): [0,16908,com.android.gallery3d,900,18]
09-20 06:49:44.461 I/am_uid_stopped( 1158): 10065
09-20 06:49:44.482 I/am_uid_running( 1158): 10065
09-20 06:49:44.496 I/am_pss ( 1158): [16872,10070,com.android.music,7689216,4636672,0,91676672,0,19,11]
09-20 06:49:44.520 I/am_proc_start( 1158): [0,17145,10065,com.android.gallery3d,NULL,]
09-20 06:49:44.564 I/am_proc_start( 1158): [0,17155,1000,com.android.settings,NULL,]
09-20 06:49:44.587 I/am_proc_bound( 1158): [0,17145,com.android.gallery3d]
09-20 06:49:44.619 I/am_proc_bound( 1158): [0,17155,com.android.settings]
09-20 06:49:47.508 I/wm_task_created( 1158): [112,-1]
09-20 06:49:47.533 I/wm_task_moved( 1158): [112,1,6]
09-20 06:49:47.534 I/wm_task_to_front( 1158): [0,112]
09-20 06:49:47.534 I/wm_create_task( 1158): [0,112]
09-20 06:49:47.534 I/wm_create_activity( 1158): [0,133789081,112,com.android.music/.VideoBrowserActivity,NULL,NULL,NULL,402657280]
09-20 06:49:47.535 I/wm_task_moved( 1158): [112,1,6]
09-20 06:49:47.544 I/wm_restart_activity( 1158): [0,133789081,112,com.android.music/.VideoBrowserActivity]
09-20 06:49:47.546 I/wm_set_resumed_activity( 1158): [0,com.android.music/.VideoBrowserActivity,minimalResumeActivityLocked]
09-20 06:49:47.551 I/am_uid_active( 1158): 10070
09-20 06:49:47.555 I/wm_on_top_resumed_lost_called( 8801): [213932593,com.android.launcher3.uioverrides.QuickstepLauncher,topStateChangedWhenResumed]
09-20 06:49:47.611 I/wm_on_create_called(16872): [133789081,com.android.music.VideoBrowserActivity,performCreate]
09-20 06:49:47.612 I/wm_on_start_called(16872): [133789081,com.android.music.VideoBrowserActivity,handleStartActivity]
09-20 06:49:47.613 I/wm_on_resume_called(16872): [133789081,com.android.music.VideoBrowserActivity,RESUME_ACTIVITY]
09-20 06:49:47.621 I/wm_on_top_resumed_gained_called(16872): [133789081,com.android.music.VideoBrowserActivity,topStateChangedWhenResumed]
09-20 06:49:47.636 I/input_focus( 1158): [Focus request 2449437 com.android.music/com.android.music.VideoBrowserActivity,reason=UpdateInputWindows]
09-20 06:49:47.667 I/input_focus( 1158): [Focus leaving 4bde657 com.android.launcher3/com.android.launcher3.uioverrides.QuickstepLauncher (server),reason=Waiting for window because NOT_VISIBLE]
09-20 06:49:47.731 I/sysui_multi_action( 1158): [319,221,322,220,325,10562,757,761,758,8,759,2,806,com.android.music,871,com.android.music.VideoBrowserActivity,904,com.android.launcher3,905,0,1320,4,1321,1]
09-20 06:49:47.735 I/input_focus( 1158): [Focus entering 2449437 com.android.music/com.android.music.VideoBrowserActivity (server),reason=Window became focusable. Previous reason: NOT_VISIBLE]
09-20 06:49:47.738 I/wm_activity_launch_time( 1158): [0,133789081,com.android.music/.VideoBrowserActivity,220]
09-20 06:49:50.258 I/view_enqueue_input_event( 8801): [Motion - Cancel,com.android.launcher3/com.android.launcher3.uioverrides.QuickstepLauncher]
09-20 06:49:50.265 I/input_interaction( 1158): Interaction with: edge-swipe (server), swipe-up (server), PointerEventDispatcher0 (server),
09-20 06:49:50.377 I/wm_task_moved( 1158): [1,1,6]
09-20 06:49:50.379 I/wm_set_resumed_activity( 1158): [0,com.android.launcher3/.uioverrides.QuickstepLauncher,positionChildAt]
09-20 06:49:50.379 I/wm_on_top_resumed_lost_called(16872): [133789081,com.android.music.VideoBrowserActivity,topStateChangedWhenResumed]
09-20 06:49:50.379 I/wm_task_moved( 1158): [44,1,2147483647]
09-20 06:49:50.379 I/wm_task_to_front( 1158): [0,44]
09-20 06:49:50.379 I/wm_focused_root_task( 1158): [0,0,1,112,bringingFoundTaskToFront]
09-20 06:49:50.379 I/wm_set_resumed_activity( 1158): [0,com.android.launcher3/.uioverrides.QuickstepLauncher,bringingFoundTaskToFront]
09-20 06:49:50.380 I/wm_new_intent( 1158): [0,213932593,44,com.android.launcher3/.uioverrides.QuickstepLauncher,android.intent.action.MAIN,NULL,NULL,268435712]
09-20 06:49:50.381 I/wm_task_moved( 1158): [1,1,6]
09-20 06:49:50.381 I/wm_set_resumed_activity( 1158): [0,com.android.launcher3/.uioverrides.QuickstepLauncher,positionChildAt]
09-20 06:49:50.388 I/input_focus( 1158): [Focus request 4bde657 com.android.launcher3/com.android.launcher3.uioverrides.QuickstepLauncher,reason=UpdateInputWindows]
09-20 06:49:50.390 I/wm_on_paused_called( 8801): [213932593,com.android.launcher3.uioverrides.QuickstepLauncher,performPause]
09-20 06:49:50.393 I/wm_on_resume_called( 8801): [213932593,com.android.launcher3.uioverrides.QuickstepLauncher,LIFECYCLER_RESUME_ACTIVITY]
09-20 06:49:50.406 I/input_focus( 1158): [Focus leaving 2449437 com.android.music/com.android.music.VideoBrowserActivity (server),reason=setFocusedWindow]
09-20 06:49:50.407 I/input_focus( 1158): [Focus entering 4bde657 com.android.launcher3/com.android.launcher3.uioverrides.QuickstepLauncher (server),reason=setFocusedWindow]
09-20 06:49:50.418 I/wm_on_top_resumed_gained_called( 8801): [213932593,com.android.launcher3.uioverrides.QuickstepLauncher,topStateChangedWhenResumed]
09-20 06:49:51.275 I/input_interaction( 1158): Interaction with: 4bde657 com.android.launcher3/com.android.launcher3.uioverrides.QuickstepLauncher (server), 93416c5 com.android.systemui.ImageWallpaper (server), edge-swipe (server), swipe-up (server), PointerEventDispatcher0 (server),
09-20 06:49:52.586 I/view_enqueue_input_event( 8801): [Motion - Cancel,com.android.launcher3/com.android.launcher3.uioverrides.QuickstepLauncher]
09-20 06:49:52.590 I/input_interaction( 1158): Interaction with: edge-swipe (server), swipe-up (server), PointerEventDispatcher0 (server),
09-20 06:49:53.338 I/wm_task_moved( 1158): [1,1,6]
09-20 06:49:53.339 I/wm_set_resumed_activity( 1158): [0,com.android.launcher3/.uioverrides.QuickstepLauncher,positionChildAt]
09-20 06:49:53.340 I/wm_task_moved( 1158): [112,1,6]
09-20 06:49:53.340 I/wm_task_to_front( 1158): [0,112]
09-20 06:49:53.343 I/wm_set_resumed_activity( 1158): [0,com.android.music/.VideoBrowserActivity,positionChildAt]
09-20 06:49:53.343 I/wm_focused_root_task( 1158): [0,0,112,1,moveTaskToFront findTaskToMoveToFront]
09-20 06:49:53.343 I/wm_on_top_resumed_lost_called( 8801): [213932593,com.android.launcher3.uioverrides.QuickstepLauncher,topStateChangedWhenResumed]
09-20 06:49:53.343 I/wm_set_resumed_activity( 1158): [0,com.android.music/.VideoBrowserActivity,moveTaskToFront findTaskToMoveToFront]
09-20 06:49:53.356 I/input_focus( 1158): [Focus request 2449437 com.android.music/com.android.music.VideoBrowserActivity,reason=UpdateInputWindows]
09-20 06:49:53.358 I/wm_on_top_resumed_gained_called(16872): [133789081,com.android.music.VideoBrowserActivity,topStateChangedWhenResumed]
09-20 06:49:53.386 I/input_focus( 1158): [Focus leaving 4bde657 com.android.launcher3/com.android.launcher3.uioverrides.QuickstepLauncher (server),reason=setFocusedWindow]
09-20 06:49:53.387 I/input_focus( 1158): [Focus entering 2449437 com.android.music/com.android.music.VideoBrowserActivity (server),reason=setFocusedWindow]
09-20 06:49:54.623 I/input_interaction( 1158): Interaction with: 4bde657 com.android.launcher3/com.android.launcher3.uioverrides.QuickstepLauncher (server), 93416c5 com.android.systemui.ImageWallpaper (server), edge-swipe (server), swipe-up (server), PointerEventDispatcher0 (server),
09-20 06:49:54.728 I/service_manager_stats( 1158): [100,123,72810]
09-20 06:49:54.733 I/view_enqueue_input_event( 8801): [Motion - Cancel,com.android.launcher3/com.android.launcher3.uioverrides.QuickstepLauncher]
09-20 06:49:54.743 I/input_interaction( 1158): Interaction with: edge-swipe (server), swipe-up (server), PointerEventDispatcher0 (server),
09-20 06:49:55.750 I/input_interaction( 1158): Interaction with: 4bde657 com.android.launcher3/com.android.launcher3.uioverrides.QuickstepLauncher (server), 93416c5 com.android.systemui.ImageWallpaper (server), edge-swipe (server), swipe-up (server), PointerEventDispatcher0 (server),
09-20 06:49:57.424 I/view_enqueue_input_event( 8801): [Motion - Cancel,com.android.launcher3/com.android.launcher3.uioverrides.QuickstepLauncher]
09-20 06:49:57.426 I/input_interaction( 1158): Interaction with: edge-swipe (server), swipe-up (server), PointerEventDispatcher0 (server),
09-20 06:49:57.969 I/wm_task_moved( 1158): [1,1,6]
09-20 06:49:57.971 I/wm_set_resumed_activity( 1158): [0,com.android.launcher3/.uioverrides.QuickstepLauncher,positionChildAt]
09-20 06:49:57.971 I/wm_task_moved( 1158): [44,1,2147483647]
09-20 06:49:57.971 I/wm_task_to_front( 1158): [0,44]
09-20 06:49:57.972 I/wm_focused_root_task( 1158): [0,0,1,112,bringingFoundTaskToFront]
09-20 06:49:57.972 I/wm_set_resumed_activity( 1158): [0,com.android.launcher3/.uioverrides.QuickstepLauncher,bringingFoundTaskToFront]
09-20 06:49:57.972 I/wm_new_intent( 1158): [0,213932593,44,com.android.launcher3/.uioverrides.QuickstepLauncher,android.intent.action.MAIN,NULL,NULL,268435712]
09-20 06:49:57.973 I/wm_task_moved( 1158): [1,1,6]
09-20 06:49:57.973 I/wm_set_resumed_activity( 1158): [0,com.android.launcher3/.uioverrides.QuickstepLauncher,positionChildAt]
09-20 06:49:57.974 I/wm_on_top_resumed_lost_called(16872): [133789081,com.android.music.VideoBrowserActivity,topStateChangedWhenResumed]
09-20 06:49:57.982 I/input_focus( 1158): [Focus request 4bde657 com.android.launcher3/com.android.launcher3.uioverrides.QuickstepLauncher,reason=UpdateInputWindows]
09-20 06:49:57.984 I/wm_on_paused_called( 8801): [213932593,com.android.launcher3.uioverrides.QuickstepLauncher,performPause]
09-20 06:49:57.986 I/wm_on_resume_called( 8801): [213932593,com.android.launcher3.uioverrides.QuickstepLauncher,LIFECYCLER_RESUME_ACTIVITY]
09-20 06:49:57.997 I/wm_on_top_resumed_gained_called( 8801): [213932593,com.android.launcher3.uioverrides.QuickstepLauncher,topStateChangedWhenResumed]
09-20 06:49:58.007 I/input_focus( 1158): [Focus leaving 2449437 com.android.music/com.android.music.VideoBrowserActivity (server),reason=setFocusedWindow]
09-20 06:49:58.007 I/input_focus( 1158): [Focus entering 4bde657 com.android.launcher3/com.android.launcher3.uioverrides.QuickstepLauncher (server),reason=setFocusedWindow]
09-20 06:49:58.022 I/am_pss ( 1158): [16872,10070,com.android.music,28199936,20930560,0,141631488,0,2,13]
09-20 06:49:58.682 I/input_interaction( 1158): Interaction with: 4bde657 com.android.launcher3/com.android.launcher3.uioverrides.QuickstepLauncher (server), 93416c5 com.android.systemui.ImageWallpaper (server), edge-swipe (server), swipe-up (server), PointerEventDispatcher0 (server),
09-20 06:50:00.188 I/input_interaction( 1158): Interaction with: edge-swipe (server), swipe-up (server), PointerEventDispatcher0 (server),
09-20 06:50:00.189 I/view_enqueue_input_event( 8801): [Motion - Cancel,com.android.launcher3/com.android.launcher3.uioverrides.QuickstepLauncher]
09-20 06:50:00.224 I/dvm_lock_sample( 1158): [system_server,0,Binder:1158_D,9,Session.java,511,void com.android.server.wm.Session.setWallpaperZoomOut(android.os.IBinder, float),WindowAnimator.java,110,void com.android.server.wm.WindowAnimator.lambda$new$1$WindowAnimator(long),1]
09-20 06:50:02.198 I/input_interaction( 1158): Interaction with: 4bde657 com.android.launcher3/com.android.launcher3.uioverrides.QuickstepLauncher (server), 93416c5 com.android.systemui.ImageWallpaper (server), edge-swipe (server), swipe-up (server), PointerEventDispatcher0 (server),
09-20 06:50:07.768 I/input_interaction( 1158): Interaction with: 2449437 com.android.music/com.android.music.VideoBrowserActivity (server), edge-swipe (server), swipe-up (server), PointerEventDispatcher0 (server),
09-20 06:50:07.771 I/wm_task_moved( 1158): [112,1,6]
09-20 06:50:07.772 I/wm_task_to_front( 1158): [0,112]
09-20 06:50:07.780 I/wm_on_top_resumed_lost_called( 8801): [213932593,com.android.launcher3.uioverrides.QuickstepLauncher,topStateChangedWhenResumed]
09-20 06:50:07.780 I/wm_set_resumed_activity( 1158): [0,com.android.music/.VideoBrowserActivity,positionChildAt]
09-20 06:50:07.780 I/wm_focused_root_task( 1158): [0,0,112,1,setFocusedTask]
09-20 06:50:07.781 I/wm_set_resumed_activity( 1158): [0,com.android.music/.VideoBrowserActivity,setFocusedTask]
09-20 06:50:07.783 I/input_focus( 1158): [Focus request 2449437 com.android.music/com.android.music.VideoBrowserActivity,reason=UpdateInputWindows]
09-20 06:50:07.783 I/wm_on_top_resumed_gained_called(16872): [133789081,com.android.music.VideoBrowserActivity,topStateChangedWhenResumed]
09-20 06:50:07.814 I/input_focus( 1158): [Focus leaving 4bde657 com.android.launcher3/com.android.launcher3.uioverrides.QuickstepLauncher (server),reason=setFocusedWindow]
09-20 06:50:07.814 I/input_focus( 1158): [Focus entering 2449437 com.android.music/com.android.music.VideoBrowserActivity (server),reason=setFocusedWindow]
09-20 06:50:07.889 I/wm_finish_activity( 1158): [0,133789081,112,com.android.music/.VideoBrowserActivity,finish-activity]
09-20 06:50:07.889 I/wm_task_moved( 1158): [1,1,6]
09-20 06:50:07.892 I/wm_set_resumed_activity( 1158): [0,com.android.launcher3/.uioverrides.QuickstepLauncher,positionChildAt]
09-20 06:50:07.892 I/wm_task_moved( 1158): [44,1,2147483647]
09-20 06:50:07.892 I/wm_task_to_front( 1158): [0,44]
09-20 06:50:07.892 I/wm_focused_root_task( 1158): [0,0,1,-1,finish-top adjustFocusToNextFocusableTask]
09-20 06:50:07.892 I/wm_set_resumed_activity( 1158): [0,com.android.launcher3/.uioverrides.QuickstepLauncher,finish-top]
09-20 06:50:07.907 I/wm_pause_activity( 1158): [0,133789081,com.android.music/.VideoBrowserActivity,userLeaving=false,finish]
09-20 06:50:07.914 I/wm_on_top_resumed_lost_called(16872): [133789081,com.android.music.VideoBrowserActivity,topStateChangedWhenResumed]
09-20 06:50:07.914 I/input_focus( 1158): [Focus request 4bde657 com.android.launcher3/com.android.launcher3.uioverrides.QuickstepLauncher,reason=UpdateInputWindows]
09-20 06:50:07.920 I/sysui_multi_action( 1158): [757,803,799,window_time_0,802,24]
09-20 06:50:07.929 I/wm_on_top_resumed_gained_called( 8801): [213932593,com.android.launcher3.uioverrides.QuickstepLauncher,topStateChangedWhenResumed]
09-20 06:50:07.929 I/wm_on_paused_called(16872): [133789081,com.android.music.VideoBrowserActivity,performPause]
09-20 06:50:07.931 I/wm_destroy_activity( 1158): [0,133789081,112,com.android.music/.VideoBrowserActivity,finish-imm:completePausedLocked]
09-20 06:50:07.945 I/wm_on_stop_called(16872): [133789081,com.android.music.VideoBrowserActivity,LIFECYCLER_STOP_ACTIVITY]
09-20 06:50:07.949 I/input_focus( 1158): [Focus leaving 2449437 com.android.music/com.android.music.VideoBrowserActivity (server),reason=NO_WINDOW]
09-20 06:50:07.949 I/input_focus( 1158): [Focus entering 4bde657 com.android.launcher3/com.android.launcher3.uioverrides.QuickstepLauncher (server),reason=setFocusedWindow]
09-20 06:50:07.955 I/sysui_multi_action( 1158): [757,803,799,window_time_0,802,0]
09-20 06:50:07.960 I/wm_on_destroy_called(16872): [133789081,com.android.music.VideoBrowserActivity,performDestroy]
09-20 06:50:08.449 I/wm_task_removed( 1158): [112,removeChild:removeChild last r=ActivityRecord{7f97599 u0 com.android.music/.VideoBrowserActivity t-1 f}} in t=Task{a677ee0 #112 type=standard A=10070:android.task.video U=0 visible=false mode=freeform translucent=true sz=0}]
09-20 06:50:08.449 I/wm_task_removed( 1158): [112,removeChild]
09-20 06:50:09.156 I/input_interaction( 1158): Interaction with: 4bde657 com.android.launcher3/com.android.launcher3.uioverrides.QuickstepLauncher (server), 93416c5 com.android.systemui.ImageWallpaper (server), edge-swipe (server), swipe-up (server), PointerEventDispatcher0 (server),
09-20 06:50:10.784 I/wm_task_created( 1158): [113,-1]
09-20 06:50:10.790 I/wm_task_moved( 1158): [113,1,6]
09-20 06:50:10.790 I/wm_task_to_front( 1158): [0,113]
09-20 06:50:10.791 I/wm_create_task( 1158): [0,113]
09-20 06:50:10.791 I/wm_create_activity( 1158): [0,168551179,113,com.android.music/.VideoBrowserActivity,android.intent.action.MAIN,NULL,NULL,270532608]
09-20 06:50:10.791 I/wm_task_moved( 1158): [113,1,6]
09-20 06:50:10.792 I/wm_pause_activity( 1158): [0,213932593,com.android.launcher3/.uioverrides.QuickstepLauncher,userLeaving=true,pauseBackTasks]
09-20 06:50:10.796 I/wm_on_top_resumed_lost_called( 8801): [213932593,com.android.launcher3.uioverrides.QuickstepLauncher,topStateChangedWhenResumed]
09-20 06:50:10.799 I/wm_on_paused_called( 8801): [213932593,com.android.launcher3.uioverrides.QuickstepLauncher,performPause]
09-20 06:50:10.812 I/wm_add_to_stopping( 1158): [0,213932593,com.android.launcher3/.uioverrides.QuickstepLauncher,makeInvisible]
09-20 06:50:10.812 I/wm_restart_activity( 1158): [0,168551179,113,com.android.music/.VideoBrowserActivity]
09-20 06:50:10.813 I/wm_set_resumed_activity( 1158): [0,com.android.music/.VideoBrowserActivity,minimalResumeActivityLocked]
09-20 06:50:10.825 I/sysui_multi_action( 1158): [757,803,799,window_time_0,802,3]
09-20 06:50:10.838 I/input_focus( 1158): [Focus leaving 4bde657 com.android.launcher3/com.android.launcher3.uioverrides.QuickstepLauncher (server),reason=NO_WINDOW]
09-20 06:50:10.853 I/am_pss ( 1158): [17155,1000,com.android.settings,18255872,10399744,0,114024448,0,19,12]
09-20 06:50:10.856 I/wm_on_create_called(16872): [168551179,com.android.music.VideoBrowserActivity,performCreate]
09-20 06:50:10.857 I/wm_on_start_called(16872): [168551179,com.android.music.VideoBrowserActivity,handleStartActivity]
09-20 06:50:10.858 I/wm_on_resume_called(16872): [168551179,com.android.music.VideoBrowserActivity,RESUME_ACTIVITY]
09-20 06:50:10.862 I/wm_on_top_resumed_gained_called(16872): [168551179,com.android.music.VideoBrowserActivity,topStateChangedWhenResumed]
09-20 06:50:10.866 I/am_pss ( 1158): [17145,10065,com.android.gallery3d,8325120,5279744,0,94687232,0,19,10]
09-20 06:50:10.880 I/input_focus( 1158): [Focus request 200da00 com.android.music/com.android.music.VideoBrowserActivity,reason=UpdateInputWindows]
09-20 06:50:10.895 I/sysui_multi_action( 1158): [319,101,321,97,322,125,325,10586,757,761,758,8,759,1,806,com.android.music,871,com.android.music.VideoBrowserActivity,904,com.android.launcher3,905,0,1320,4,1321,1]
09-20 06:50:10.895 I/wm_activity_launch_time( 1158): [0,168551179,com.android.music/.VideoBrowserActivity,125]
09-20 06:50:10.907 I/input_focus( 1158): [Focus entering 200da00 com.android.music/com.android.music.VideoBrowserActivity (server),reason=setFocusedWindow]
09-20 06:50:11.469 I/wm_stop_activity( 1158): [0,213932593,com.android.launcher3/.uioverrides.QuickstepLauncher]
09-20 06:50:11.522 I/wm_on_stop_called( 8801): [213932593,com.android.launcher3.uioverrides.QuickstepLauncher,STOP_ACTIVITY_ITEM]
09-20 06:50:12.655 I/input_interaction( 1158): Interaction with: 200da00 com.android.music/com.android.music.VideoBrowserActivity (server), edge-swipe (server), swipe-up (server), PointerEventDispatcher0 (server),
09-20 06:50:12.719 I/view_enqueue_input_event(16872): [Motion - Cancel,com.android.music/com.android.music.VideoBrowserActivity]
09-20 06:50:12.730 I/input_interaction( 1158): Interaction with: edge-swipe (server), swipe-up (server), PointerEventDispatcher0 (server),
09-20 06:50:13.050 I/sysui_multi_action( 1158): [757,803,799,key_back_press,802,1]
09-20 06:50:13.055 I/input_interaction( 1158): Interaction with: 200da00 com.android.music/com.android.music.VideoBrowserActivity (server), PointerEventDispatcher0 (server),
09-20 06:50:13.061 I/wm_finish_activity( 1158): [0,168551179,113,com.android.music/.VideoBrowserActivity,app-request]
09-20 06:50:13.061 I/wm_task_moved( 1158): [1,1,6]
09-20 06:50:13.062 I/wm_task_moved( 1158): [44,1,2147483647]
09-20 06:50:13.062 I/wm_task_to_front( 1158): [0,44]
09-20 06:50:13.062 I/wm_focused_root_task( 1158): [0,0,1,113,finish-top adjustFocusToNextFocusableTask]
09-20 06:50:13.063 I/wm_set_resumed_activity( 1158): [0,com.android.launcher3/.uioverrides.QuickstepLauncher,finish-top adjustFocusToNextFocusableTask]
09-20 06:50:13.078 I/wm_pause_activity( 1158): [0,168551179,com.android.music/.VideoBrowserActivity,userLeaving=false,finish]
09-20 06:50:13.083 I/wm_on_top_resumed_lost_called(16872): [168551179,com.android.music.VideoBrowserActivity,topStateChangedWhenResumed]
09-20 06:50:13.085 I/wm_on_paused_called(16872): [168551179,com.android.music.VideoBrowserActivity,performPause]
