--------- beginning of radio
09-20 03:54:44.549 D/TelephonyRegistry( 1158): listen oscl: mHasNotifySubscriptionInfoChangedOccurred==false no callback
09-20 03:54:45.873 D/TelephonyRegistry( 1158): listen oscl: mHasNotifySubscriptionInfoChangedOccurred==false no callback
09-20 03:54:46.028 D/TelephonyRegistry( 1158): listen oscl: mHasNotifySubscriptionInfoChangedOccurred==false no callback
09-20 03:54:46.039 D/TelephonyRegistry( 1158): listen oscl: mHasNotifySubscriptionInfoChangedOccurred==false no callback
09-20 03:54:46.090 D/TelephonyRegistry( 1158): listen oscl: mHasNotifySubscriptionInfoChangedOccurred==false no callback
09-20 03:54:46.144 D/TelephonyRegistry( 1158): listen oscl: mHasNotifySubscriptionInfoChangedOccurred==false no callback
09-20 03:54:46.164 W/CarrierConfigManager( 1158): Error getting config for subId -1 ICarrierConfigLoader is null
09-20 03:54:46.288 D/TelephonyRegistry( 1158): systemRunning register for intents
09-20 03:54:46.832 D/TelephonyRegistry( 1158): listen oscl: mHasNotifySubscriptionInfoChangedOccurred==false no callback
09-20 03:54:47.179 W/CarrierConfigManager( 2202): Error getting config for subId -1 ICarrierConfigLoader is null
09-20 03:54:47.199 D/TelephonyRegistry( 1158): listen oscl: mHasNotifySubscriptionInfoChangedOccurred==false no callback
09-20 03:54:48.833 D/TelephonyRegistry( 1158): listen oscl: mHasNotifySubscriptionInfoChangedOccurred==false no callback
09-20 03:54:48.840 W/CarrierConfigManager( 1158): Error getting config for subId -1 ICarrierConfigLoader is null
09-20 03:54:49.193 D/TelephonyRegistry( 1158): notifyCellLocationForSubscriber: subId=2147483647 cellIdentity=null
09-20 03:54:50.139 D/TelephonyRegistry( 1158): listen oscl: mHasNotifySubscriptionInfoChangedOccurred==false no callback
09-20 03:54:51.307 D/TelephonyRegistry( 1158): listen oscl: mHasNotifySubscriptionInfoChangedOccurred==false no callback
09-20 03:54:55.844 W/CarrierConfigManager( 1158): Error getting config for subId -1 ICarrierConfigLoader is null
09-20 03:54:55.852 W/CarrierConfigManager( 1158): Error getting config for subId -1 ICarrierConfigLoader is null
09-20 03:55:08.146 D/TelephonyRegistry( 1158): listen oscl: mHasNotifySubscriptionInfoChangedOccurred==false no callback
09-20 03:55:11.219 D/CAT ( 4158): BootCompletedReceiver: [ACTION_BOOT_COMPLETED]
09-20 03:55:11.224 D/CAT ( 4158): StkAppService: onCreate()+
09-20 03:55:11.225 D/CAT ( 4158): StkAppService: simCount: 1
09-20 03:55:11.226 D/CAT ( 4158): StkAppService: slotId: 0
09-20 03:55:11.230 D/CAT ( 4158): StkAppService: onStart sim id: 0, op: 5, *****
09-20 03:55:11.230 D/CAT ( 4158): StkAppService: mStkService is: -1
09-20 03:55:11.239 W/CarrierConfigManager( 2796): Error getting config for subId -1 ICarrierConfigLoader is null
09-20 03:55:11.243 D/CAT ( 4158): StkAppInstaller: SIM Toolkit is disabled
09-20 03:55:11.246 D/CAT ( 4158): StkAppService: onDestroy()
09-20 03:55:11.352 D/TelephonyRegistry( 1158): listen oscl: mHasNotifySubscriptionInfoChangedOccurred==false no callback
09-20 03:55:11.361 D/TelephonyRegistry( 1158): listen oscl: mHasNotifySubscriptionInfoChangedOccurred==false no callback
09-20 03:56:03.391 W/CarrierConfigManager( 2796): Error getting config for subId -1 ICarrierConfigLoader is null
09-20 03:56:03.452 D/TelephonyRegistry( 1158): listen oscl: mHasNotifySubscriptionInfoChangedOccurred==false no callback
09-20 03:56:03.479 D/TelephonyRegistry( 1158): listen oscl: mHasNotifySubscriptionInfoChangedOccurred==false no callback
09-20 03:58:23.316 W/CarrierConfigManager( 2796): Error getting config for subId -1 ICarrierConfigLoader is null
09-20 03:58:23.373 D/TelephonyRegistry( 1158): listen oscl: mHasNotifySubscriptionInfoChangedOccurred==false no callback
09-20 03:58:23.381 D/TelephonyRegistry( 1158): listen oscl: mHasNotifySubscriptionInfoChangedOccurred==false no callback
09-20 04:06:29.697 W/CarrierConfigManager( 5284): Error getting config for subId -1 ICarrierConfigLoader is null
09-20 04:06:29.765 D/TelephonyRegistry( 1158): listen oscl: mHasNotifySubscriptionInfoChangedOccurred==false no callback
09-20 04:06:29.772 D/TelephonyRegistry( 1158): listen oscl: mHasNotifySubscriptionInfoChangedOccurred==false no callback
09-20 04:37:34.731 W/CarrierConfigManager( 5284): Error getting config for subId -1 ICarrierConfigLoader is null
09-20 04:37:34.789 D/TelephonyRegistry( 1158): listen oscl: mHasNotifySubscriptionInfoChangedOccurred==false no callback
09-20 04:37:34.795 D/TelephonyRegistry( 1158): listen oscl: mHasNotifySubscriptionInfoChangedOccurred==false no callback
09-20 04:57:47.721 W/CarrierConfigManager( 8887): Error getting config for subId -1 ICarrierConfigLoader is null
09-20 04:57:47.797 D/TelephonyRegistry( 1158): listen oscl: mHasNotifySubscriptionInfoChangedOccurred==false no callback
09-20 04:57:47.805 D/TelephonyRegistry( 1158): listen oscl: mHasNotifySubscriptionInfoChangedOccurred==false no callback
09-20 05:11:54.081 W/CarrierConfigManager( 8887): Error getting config for subId -1 ICarrierConfigLoader is null
09-20 05:11:54.131 D/TelephonyRegistry( 1158): listen oscl: mHasNotifySubscriptionInfoChangedOccurred==false no callback
09-20 05:11:54.137 D/TelephonyRegistry( 1158): listen oscl: mHasNotifySubscriptionInfoChangedOccurred==false no callback
09-20 05:14:05.209 W/CarrierConfigManager(10199): Error getting config for subId -1 ICarrierConfigLoader is null
09-20 05:14:05.290 D/TelephonyRegistry( 1158): listen oscl: mHasNotifySubscriptionInfoChangedOccurred==false no callback
09-20 05:14:05.299 D/TelephonyRegistry( 1158): listen oscl: mHasNotifySubscriptionInfoChangedOccurred==false no callback
09-20 05:56:21.115 W/CarrierConfigManager(12880): Error getting config for subId -1 ICarrierConfigLoader is null
09-20 05:56:21.198 D/TelephonyRegistry( 1158): listen oscl: mHasNotifySubscriptionInfoChangedOccurred==false no callback
09-20 05:56:21.205 D/TelephonyRegistry( 1158): listen oscl: mHasNotifySubscriptionInfoChangedOccurred==false no callback --------- beginning of events
09-20 05:57:16.637 I/sysui_multi_action( 2202): [757,111,758,2]
09-20 05:57:16.637 I/sysui_multi_action( 2202): [757,111,758,2]
09-20 05:57:16.641 I/sysui_multi_action( 2202): [757,111,758,1]
09-20 05:57:16.642 I/sysui_multi_action( 2202): [757,126,758,1,759,126,927,0,928,0,1593,1]
09-20 05:57:16.642 I/sysui_multi_action( 2202): [757,113,758,1,759,113,927,1,928,1,1593,1]
09-20 05:57:16.642 I/sysui_multi_action( 2202): [757,0,758,1,759,0,927,2,928,0,1593,1]
09-20 05:57:16.642 I/sysui_multi_action( 2202): [757,0,758,1,759,0,927,3,928,0,1593,1]
09-20 05:57:16.642 I/sysui_multi_action( 2202): [757,1706,758,1,759,1706,927,4,928,0,1593,1]
09-20 05:57:16.642 I/sysui_multi_action( 2202): [757,491,758,1,759,491,927,5,928,0,1311,-1,1593,0]
09-20 05:57:16.642 I/sysui_multi_action( 2202): [757,0,758,1,759,0,927,6,928,0,1593,0]
09-20 05:57:16.643 I/sysui_multi_action( 2202): [757,0,758,1,759,0,927,7,1593,0]
09-20 05:57:16.643 I/sysui_multi_action( 2202): [757,114,758,1,759,114,927,8,928,0,1593,0]
09-20 05:57:16.643 I/sysui_multi_action( 2202): [757,111,758,1]
09-20 05:57:16.643 I/sysui_multi_action( 2202): [757,126,758,1,759,126,927,0,928,0,1593,1]
09-20 05:57:16.643 I/sysui_multi_action( 2202): [757,113,758,1,759,113,927,1,928,1,1593,1]
09-20 05:57:16.643 I/sysui_multi_action( 2202): [757,0,758,1,759,0,927,2,928,0,1593,1]
09-20 05:57:16.643 I/sysui_multi_action( 2202): [757,0,758,1,759,0,927,3,928,0,1593,1]
09-20 05:57:16.656 I/sysui_multi_action( 2202): [757,111,758,2]
09-20 05:57:16.656 I/sysui_multi_action( 2202): [757,111,758,2]
09-20 05:57:16.660 I/sysui_multi_action( 2202): [757,111,758,1]
09-20 05:57:16.660 I/sysui_multi_action( 2202): [757,126,758,1,759,126,927,0,928,0,1593,1]
09-20 05:57:16.661 I/sysui_multi_action( 2202): [757,113,758,1,759,113,927,1,928,1,1593,1]
09-20 05:57:16.661 I/sysui_multi_action( 2202): [757,0,758,1,759,0,927,2,928,0,1593,1]
09-20 05:57:16.661 I/sysui_multi_action( 2202): [757,0,758,1,759,0,927,3,928,0,1593,1]
09-20 05:57:16.661 I/sysui_multi_action( 2202): [757,1706,758,1,759,1706,927,4,928,0,1593,1]
09-20 05:57:16.661 I/sysui_multi_action( 2202): [757,491,758,1,759,491,927,5,928,0,1311,-1,1593,0]
09-20 05:57:16.661 I/sysui_multi_action( 2202): [757,0,758,1,759,0,927,6,928,0,1593,0]
09-20 05:57:16.661 I/sysui_multi_action( 2202): [757,0,758,1,759,0,927,7,1593,0]
09-20 05:57:16.662 I/sysui_multi_action( 2202): [757,114,758,1,759,114,927,8,928,0,1593,0]
09-20 05:57:16.662 I/sysui_multi_action( 2202): [757,111,758,1]
09-20 05:57:16.662 I/sysui_multi_action( 2202): [757,126,758,1,759,126,927,0,928,0,1593,1]
09-20 05:57:16.662 I/sysui_multi_action( 2202): [757,113,758,1,759,113,927,1,928,1,1593,1]
09-20 05:57:16.662 I/sysui_multi_action( 2202): [757,0,758,1,759,0,927,2,928,0,1593,1]
09-20 05:57:16.662 I/sysui_multi_action( 2202): [757,0,758,1,759,0,927,3,928,0,1593,1]
09-20 05:57:16.684 I/sysui_multi_action( 2202): [757,111,758,2]
09-20 05:57:16.684 I/sysui_multi_action( 2202): [757,111,758,2]
09-20 05:57:16.688 I/sysui_multi_action( 2202): [757,111,758,1]
09-20 05:57:16.688 I/sysui_multi_action( 2202): [757,126,758,1,759,126,927,0,928,0,1593,1]
09-20 05:57:16.688 I/sysui_multi_action( 2202): [757,113,758,1,759,113,927,1,928,1,1593,1]
09-20 05:57:16.688 I/sysui_multi_action( 2202): [757,0,758,1,759,0,927,2,928,0,1593,1]
09-20 05:57:16.689 I/sysui_multi_action( 2202): [757,0,758,1,759,0,927,3,928,0,1593,1]
09-20 05:57:16.689 I/sysui_multi_action( 2202): [757,1706,758,1,759,1706,927,4,928,0,1593,1]
09-20 05:57:16.689 I/sysui_multi_action( 2202): [757,491,758,1,759,491,927,5,928,0,1311,-1,1593,0]
09-20 05:57:16.689 I/sysui_multi_action( 2202): [757,0,758,1,759,0,927,6,928,0,1593,0]
09-20 05:57:16.689 I/sysui_multi_action( 2202): [757,0,758,1,759,0,927,7,1593,0]
09-20 05:57:16.689 I/sysui_multi_action( 2202): [757,114,758,1,759,114,927,8,928,0,1593,0]
09-20 05:57:16.689 I/sysui_multi_action( 2202): [757,111,758,1]
09-20 05:57:16.689 I/sysui_multi_action( 2202): [757,126,758,1,759,126,927,0,928,0,1593,1]
09-20 05:57:16.690 I/sysui_multi_action( 2202): [757,113,758,1,759,113,927,1,928,1,1593,1]
09-20 05:57:16.690 I/sysui_multi_action( 2202): [757,0,758,1,759,0,927,2,928,0,1593,1]
09-20 05:57:16.690 I/sysui_multi_action( 2202): [757,0,758,1,759,0,927,3,928,0,1593,1]
09-20 05:57:16.708 I/sysui_multi_action( 2202): [757,111,758,2]
09-20 05:57:16.708 I/sysui_multi_action( 2202): [757,111,758,2]
09-20 05:57:16.713 I/sysui_multi_action( 2202): [757,111,758,1]
09-20 05:57:16.713 I/sysui_multi_action( 2202): [757,126,758,1,759,126,927,0,928,0,1593,1]
09-20 05:57:16.713 I/sysui_multi_action( 2202): [757,113,758,1,759,113,927,1,928,1,1593,1]
09-20 05:57:16.713 I/sysui_multi_action( 2202): [757,0,758,1,759,0,927,2,928,0,1593,1]
09-20 05:57:16.713 I/sysui_multi_action( 2202): [757,0,758,1,759,0,927,3,928,0,1593,1]
09-20 05:57:16.713 I/sysui_multi_action( 2202): [757,1706,758,1,759,1706,927,4,928,0,1593,1]
09-20 05:57:16.714 I/sysui_multi_action( 2202): [757,491,758,1,759,491,927,5,928,0,1311,-1,1593,0]
09-20 05:57:16.714 I/sysui_multi_action( 2202): [757,0,758,1,759,0,927,6,928,0,1593,0]
09-20 05:57:16.714 I/sysui_multi_action( 2202): [757,0,758,1,759,0,927,7,1593,0]
09-20 05:57:16.714 I/sysui_multi_action( 2202): [757,114,758,1,759,114,927,8,928,0,1593,0]
09-20 05:57:16.714 I/sysui_multi_action( 2202): [757,111,758,1]
09-20 05:57:16.714 I/sysui_multi_action( 2202): [757,126,758,1,759,126,927,0,928,0,1593,1]
09-20 05:57:16.714 I/sysui_multi_action( 2202): [757,113,758,1,759,113,927,1,928,1,1593,1]
09-20 05:57:16.715 I/sysui_multi_action( 2202): [757,0,758,1,759,0,927,2,928,0,1593,1]
09-20 05:57:16.715 I/sysui_multi_action( 2202): [757,0,758,1,759,0,927,3,928,0,1593,1]
09-20 05:57:16.733 I/sysui_multi_action( 2202): [757,111,758,2]
09-20 05:57:16.733 I/sysui_multi_action( 2202): [757,111,758,2]
09-20 05:57:16.738 I/sysui_multi_action( 2202): [757,111,758,1]
09-20 05:57:16.738 I/sysui_multi_action( 2202): [757,126,758,1,759,126,927,0,928,0,1593,0]
09-20 05:57:16.738 I/sysui_multi_action( 2202): [757,113,758,1,759,113,927,1,928,1,1593,0]
09-20 05:57:16.738 I/sysui_multi_action( 2202): [757,0,758,1,759,0,927,2,928,0,1593,0]
09-20 05:57:16.738 I/sysui_multi_action( 2202): [757,0,758,1,759,0,927,3,928,0,1593,0]
09-20 05:57:16.738 I/sysui_multi_action( 2202): [757,1706,758,1,759,1706,927,4,928,0,1593,0]
09-20 05:57:16.738 I/sysui_multi_action( 2202): [757,491,758,1,759,491,927,5,928,0,1311,-1,1593,0]
09-20 05:57:16.739 I/sysui_multi_action( 2202): [757,0,758,1,759,0,927,6,928,0,1593,0]
09-20 05:57:16.739 I/sysui_multi_action( 2202): [757,0,758,1,759,0,927,7,1593,0]
09-20 05:57:16.739 I/sysui_multi_action( 2202): [757,114,758,1,759,114,927,8,928,0,1593,0]
09-20 05:57:16.739 I/sysui_multi_action( 2202): [757,111,758,1]
09-20 05:57:16.739 I/sysui_multi_action( 2202): [757,126,758,1,759,126,927,0,928,0,1593,1]
09-20 05:57:16.739 I/sysui_multi_action( 2202): [757,113,758,1,759,113,927,1,928,1,1593,1]
09-20 05:57:16.739 I/sysui_multi_action( 2202): [757,0,758,1,759,0,927,2,928,0,1593,1]
09-20 05:57:16.739 I/sysui_multi_action( 2202): [757,0,758,1,759,0,927,3,928,0,1593,1]
09-20 05:57:16.753 I/sysui_multi_action( 2202): [757,111,758,2]
09-20 05:57:16.753 I/sysui_multi_action( 2202): [757,111,758,2]
09-20 05:57:16.757 I/sysui_multi_action( 2202): [757,111,758,1]
09-20 05:57:16.757 I/sysui_multi_action( 2202): [757,126,758,1,759,126,927,0,928,0,1593,1]
09-20 05:57:16.757 I/sysui_multi_action( 2202): [757,113,758,1,759,113,927,1,928,1,1593,1]
09-20 05:57:16.758 I/sysui_multi_action( 2202): [757,0,758,1,759,0,927,2,928,0,1593,1]
09-20 05:57:16.758 I/sysui_multi_action( 2202): [757,0,758,1,759,0,927,3,928,0,1593,1]
09-20 05:57:16.758 I/sysui_multi_action( 2202): [757,1706,758,1,759,1706,927,4,928,0,1593,1]
09-20 05:57:16.758 I/sysui_multi_action( 2202): [757,491,758,1,759,491,927,5,928,0,1311,-1,1593,0]
09-20 05:57:16.758 I/sysui_multi_action( 2202): [757,0,758,1,759,0,927,6,928,0,1593,0]
09-20 05:57:16.758 I/sysui_multi_action( 2202): [757,0,758,1,759,0,927,7,1593,0]
09-20 05:57:16.758 I/sysui_multi_action( 2202): [757,114,758,1,759,114,927,8,928,0,1593,0]
09-20 05:57:16.759 I/sysui_multi_action( 2202): [757,111,758,1]
09-20 05:57:16.759 I/sysui_multi_action( 2202): [757,126,758,1,759,126,927,0,928,0,1593,1]
09-20 05:57:16.759 I/sysui_multi_action( 2202): [757,113,758,1,759,113,927,1,928,1,1593,1]
09-20 05:57:16.759 I/sysui_multi_action( 2202): [757,0,758,1,759,0,927,2,928,0,1593,1]
09-20 05:57:16.759 I/sysui_multi_action( 2202): [757,0,758,1,759,0,927,3,928,0,1593,1]
09-20 05:57:16.771 I/sysui_multi_action( 1158): [757,128,758,2,793,7347185,794,7596,795,7347185,796,26,798,0,806,android,857,DEVELOPER_IMPORTANT,858,4,947,0,1395,4,1500,7347184,1688,1]
09-20 05:57:16.771 I/notification_visibility( 1158): [-1|android|26|null|1000,0,7347185,7347185,0,0]
09-20 05:57:16.772 I/sysui_multi_action( 1158): [757,128,758,2,793,1659595,794,7596,795,4672,796,4273,798,1,806,com.android.systemui,857,screen_record,858,3,947,0,1395,4,1500,4467,1688,1,1745,680407814]
09-20 05:57:16.772 I/notification_visibility( 1158): [0|com.android.systemui|4273|null|10087,0,1659595,4672,0,1]
09-20 05:57:16.772 I/sysui_multi_action( 1158): [757,128,758,2,793,7347140,794,7595,795,7347140,796,55,798,2,806,android,857,DEVELOPER,858,2,947,0,1395,4,1500,7347140,1688,1]
09-20 05:57:16.772 I/notification_visibility( 1158): [-1|android|55|null|1000,0,7347140,7347140,0,2]
09-20 05:57:16.772 I/sysui_multi_action( 2202): [757,111,758,2]
09-20 05:57:16.772 I/sysui_multi_action( 1158): [757,128,758,2,793,7348060,794,7593,795,7348060,796,32,798,3,806,android,857,USB,858,1,947,0,1395,4,1500,7347570,1688,1]
09-20 05:57:16.772 I/notification_visibility( 1158): [-1|android|32|null|1000,0,7348060,7348060,0,3]
09-20 05:57:16.772 I/sysui_multi_action( 2202): [757,111,758,2]
09-20 05:57:16.800 I/sysui_multi_action( 2202): [757,111,758,1]
09-20 05:57:16.800 I/sysui_multi_action( 2202): [757,126,758,1,759,126,927,0,928,0,1593,1]
09-20 05:57:16.800 I/sysui_multi_action( 2202): [757,113,758,1,759,113,927,1,928,1,1593,1]
09-20 05:57:16.800 I/sysui_multi_action( 2202): [757,0,758,1,759,0,927,2,928,0,1593,1]
09-20 05:57:16.800 I/sysui_multi_action( 2202): [757,0,758,1,759,0,927,3,928,0,1593,1]
09-20 05:57:16.801 I/sysui_multi_action( 2202): [757,1706,758,1,759,1706,927,4,928,0,1593,1]
09-20 05:57:16.801 I/sysui_multi_action( 2202): [757,491,758,1,759,491,927,5,928,0,1311,-1,1593,0]
09-20 05:57:16.801 I/sysui_multi_action( 2202): [757,0,758,1,759,0,927,6,928,0,1593,0]
09-20 05:57:16.801 I/sysui_multi_action( 2202): [757,0,758,1,759,0,927,7,1593,0]
09-20 05:57:16.801 I/sysui_multi_action( 2202): [757,114,758,1,759,114,927,8,928,0,1593,0]
09-20 05:57:16.802 I/sysui_multi_action( 2202): [757,111,758,1]
09-20 05:57:16.802 I/sysui_multi_action( 2202): [757,126,758,1,759,126,927,0,928,0,1593,1]
09-20 05:57:16.802 I/sysui_multi_action( 2202): [757,113,758,1,759,113,927,1,928,1,1593,1]
09-20 05:57:16.802 I/sysui_multi_action( 2202): [757,0,758,1,759,0,927,2,928,0,1593,1]
09-20 05:57:16.802 I/sysui_multi_action( 2202): [757,0,758,1,759,0,927,3,928,0,1593,1]
09-20 05:57:16.810 I/sysui_multi_action( 2202): [757,111,758,2]
09-20 05:57:16.810 I/sysui_multi_action( 2202): [757,111,758,2]
09-20 05:57:16.813 I/sysui_multi_action( 1158): [757,127,758,2]
09-20 05:57:16.813 I/notification_panel_hidden( 1158):
09-20 05:57:16.832 I/sysui_multi_action( 2202): [757,111,758,1]
09-20 05:57:16.832 I/sysui_multi_action( 2202): [757,126,758,1,759,126,927,0,928,0,1593,1]
09-20 05:57:16.832 I/sysui_multi_action( 2202): [757,113,758,1,759,113,927,1,928,1,1593,1]
09-20 05:57:16.832 I/sysui_multi_action( 2202): [757,0,758,1,759,0,927,2,928,0,1593,1]
09-20 05:57:16.832 I/sysui_multi_action( 2202): [757,0,758,1,759,0,927,3,928,0,1593,1]
09-20 05:57:16.833 I/sysui_multi_action( 2202): [757,1706,758,1,759,1706,927,4,928,0,1593,1]
09-20 05:57:16.833 I/sysui_multi_action( 2202): [757,491,758,1,759,491,927,5,928,0,1311,-1,1593,0]
09-20 05:57:16.833 I/sysui_multi_action( 2202): [757,0,758,1,759,0,927,6,928,0,1593,0]
09-20 05:57:16.833 I/sysui_multi_action( 2202): [757,0,758,1,759,0,927,7,1593,0]
09-20 05:57:16.833 I/sysui_multi_action( 2202): [757,114,758,1,759,114,927,8,928,0,1593,0]
09-20 05:57:16.834 I/sysui_multi_action( 2202): [757,111,758,1]
09-20 05:57:16.834 I/sysui_multi_action( 2202): [757,126,758,1,759,126,927,0,928,0,1593,1]
09-20 05:57:16.834 I/sysui_multi_action( 2202): [757,113,758,1,759,113,927,1,928,1,1593,1]
09-20 05:57:16.834 I/sysui_multi_action( 2202): [757,0,758,1,759,0,927,2,928,0,1593,1]
09-20 05:57:16.834 I/sysui_multi_action( 2202): [757,0,758,1,759,0,927,3,928,0,1593,1]
09-20 05:57:17.256 I/input_interaction( 1158): Interaction with: 4b84711 StatusBar (server), edge-swipe (server), swipe-up (server), PointerEventDispatcher0 (server),
09-20 05:57:17.268 I/sysui_multi_action( 2202): [757,803,799,panel_open,802,1]
09-20 05:57:17.270 I/sysui_multi_action( 2202): [757,1328,758,4,1326,39,1327,1,1329,0]
09-20 05:57:17.322 I/sysui_multi_action( 2202): [757,111,758,2]
09-20 05:57:17.322 I/sysui_multi_action( 2202): [757,111,758,2]
09-20 05:57:17.325 I/sysui_multi_action( 1158): [757,127,758,1]
09-20 05:57:17.325 I/sysui_multi_action( 1158): [757,804,799,note_load,801,4,802,1]
09-20 05:57:17.325 I/notification_panel_revealed( 1158): 4
09-20 05:57:17.342 I/input_focus( 1158): [Focus request 853367f NotificationShade,reason=UpdateInputWindows]
09-20 05:57:17.347 I/sysui_multi_action( 2202): [757,111,758,1]
09-20 05:57:17.347 I/sysui_multi_action( 2202): [757,126,758,1,759,126,927,0,928,0,1593,0]
09-20 05:57:17.347 I/sysui_multi_action( 2202): [757,113,758,1,759,113,927,1,928,1,1593,0]
09-20 05:57:17.347 I/sysui_multi_action( 2202): [757,0,758,1,759,0,927,2,928,0,1593,0]
09-20 05:57:17.347 I/sysui_multi_action( 2202): [757,0,758,1,759,0,927,3,928,0,1593,0]
09-20 05:57:17.347 I/sysui_multi_action( 2202): [757,1706,758,1,759,1706,927,4,928,0,1593,0]
09-20 05:57:17.348 I/sysui_multi_action( 2202): [757,491,758,1,759,491,927,5,928,0,1311,-1,1593,0]
09-20 05:57:17.348 I/sysui_multi_action( 2202): [757,0,758,1,759,0,927,6,928,0,1593,0]
09-20 05:57:17.348 I/sysui_multi_action( 2202): [757,0,758,1,759,0,927,7,1593,0]
09-20 05:57:17.348 I/sysui_multi_action( 2202): [757,114,758,1,759,114,927,8,928,0,1593,0]
09-20 05:57:17.348 I/sysui_multi_action( 2202): [757,111,758,1]
09-20 05:57:17.348 I/sysui_multi_action( 2202): [757,126,758,1,759,126,927,0,928,0,1593,0]
09-20 05:57:17.348 I/sysui_multi_action( 2202): [757,113,758,1,759,113,927,1,928,1,1593,0]
09-20 05:57:17.348 I/sysui_multi_action( 2202): [757,0,758,1,759,0,927,2,928,0,1593,0]
09-20 05:57:17.349 I/sysui_multi_action( 2202): [757,0,758,1,759,0,927,3,928,0,1593,0]
09-20 05:57:17.358 I/sysui_multi_action( 2202): [757,111,758,2]
09-20 05:57:17.358 I/sysui_multi_action( 2202): [757,111,758,2]
09-20 05:57:17.363 I/sysui_multi_action( 2202): [757,111,758,1]
09-20 05:57:17.363 I/sysui_multi_action( 2202): [757,126,758,1,759,126,927,0,928,0,1593,0]
09-20 05:57:17.363 I/sysui_multi_action( 2202): [757,113,758,1,759,113,927,1,928,1,1593,0]
09-20 05:57:17.363 I/sysui_multi_action( 2202): [757,0,758,1,759,0,927,2,928,0,1593,0]
09-20 05:57:17.363 I/sysui_multi_action( 2202): [757,0,758,1,759,0,927,3,928,0,1593,0]
09-20 05:57:17.363 I/sysui_multi_action( 2202): [757,1706,758,1,759,1706,927,4,928,0,1593,0]
09-20 05:57:17.364 I/sysui_multi_action( 2202): [757,491,758,1,759,491,927,5,928,0,1311,-1,1593,0]
09-20 05:57:17.364 I/sysui_multi_action( 2202): [757,0,758,1,759,0,927,6,928,0,1593,0]
09-20 05:57:17.364 I/sysui_multi_action( 2202): [757,0,758,1,759,0,927,7,1593,0]
09-20 05:57:17.364 I/sysui_multi_action( 2202): [757,114,758,1,759,114,927,8,928,0,1593,0]
09-20 05:57:17.364 I/sysui_multi_action( 2202): [757,111,758,1]
09-20 05:57:17.364 I/sysui_multi_action( 2202): [757,126,758,1,759,126,927,0,928,0,1593,0]
09-20 05:57:17.364 I/sysui_multi_action( 2202): [757,113,758,1,759,113,927,1,928,1,1593,0]
09-20 05:57:17.364 I/sysui_multi_action( 2202): [757,0,758,1,759,0,927,2,928,0,1593,0]
09-20 05:57:17.364 I/sysui_multi_action( 2202): [757,0,758,1,759,0,927,3,928,0,1593,0]
09-20 05:57:17.369 I/input_focus( 1158): [Focus leaving 4bde657 com.android.launcher3/com.android.launcher3.uioverrides.QuickstepLauncher (server),reason=setFocusedWindow]
09-20 05:57:17.369 I/input_focus( 1158): [Focus entering 853367f NotificationShade (server),reason=setFocusedWindow]
09-20 05:57:17.375 I/sysui_multi_action( 2202): [757,111,758,2]
09-20 05:57:17.376 I/sysui_multi_action( 2202): [757,111,758,2]
09-20 05:57:17.382 I/sysui_multi_action( 2202): [757,111,758,1]
09-20 05:57:17.382 I/sysui_multi_action( 2202): [757,126,758,1,759,126,927,0,928,0,1593,0]
09-20 05:57:17.383 I/sysui_multi_action( 2202): [757,113,758,1,759,113,927,1,928,1,1593,0]
09-20 05:57:17.383 I/sysui_multi_action( 2202): [757,0,758,1,759,0,927,2,928,0,1593,0]
09-20 05:57:17.383 I/sysui_multi_action( 2202): [757,0,758,1,759,0,927,3,928,0,1593,0]
09-20 05:57:17.383 I/sysui_multi_action( 2202): [757,1706,758,1,759,1706,927,4,928,0,1593,0]
09-20 05:57:17.383 I/sysui_multi_action( 2202): [757,491,758,1,759,491,927,5,928,0,1311,-1,1593,0]
09-20 05:57:17.383 I/sysui_multi_action( 2202): [757,0,758,1,759,0,927,6,928,0,1593,0]
09-20 05:57:17.383 I/sysui_multi_action( 2202): [757,0,758,1,759,0,927,7,1593,0]
09-20 05:57:17.384 I/sysui_multi_action( 2202): [757,114,758,1,759,114,927,8,928,0,1593,0]
09-20 05:57:17.384 I/sysui_multi_action( 2202): [757,111,758,1]
09-20 05:57:17.384 I/sysui_multi_action( 2202): [757,126,758,1,759,126,927,0,928,0,1593,0]
09-20 05:57:17.384 I/sysui_multi_action( 2202): [757,113,758,1,759,113,927,1,928,1,1593,0]
09-20 05:57:17.384 I/sysui_multi_action( 2202): [757,0,758,1,759,0,927,2,928,0,1593,0]
09-20 05:57:17.384 I/sysui_multi_action( 2202): [757,0,758,1,759,0,927,3,928,0,1593,0]
09-20 05:57:17.392 I/sysui_multi_action( 2202): [757,111,758,2]
09-20 05:57:17.392 I/sysui_multi_action( 2202): [757,111,758,2]
09-20 05:57:17.397 I/sysui_multi_action( 2202): [757,111,758,1]
09-20 05:57:17.397 I/sysui_multi_action( 2202): [757,126,758,1,759,126,927,0,928,0,1593,0]
09-20 05:57:17.397 I/sysui_multi_action( 2202): [757,113,758,1,759,113,927,1,928,1,1593,0]
09-20 05:57:17.397 I/sysui_multi_action( 2202): [757,0,758,1,759,0,927,2,928,0,1593,0]
09-20 05:57:17.397 I/sysui_multi_action( 2202): [757,0,758,1,759,0,927,3,928,0,1593,0]
09-20 05:57:17.397 I/sysui_multi_action( 2202): [757,1706,758,1,759,1706,927,4,928,0,1593,0]
09-20 05:57:17.398 I/sysui_multi_action( 2202): [757,491,758,1,759,491,927,5,928,0,1311,-1,1593,0]
09-20 05:57:17.398 I/sysui_multi_action( 2202): [757,0,758,1,759,0,927,6,928,0,1593,0]
09-20 05:57:17.398 I/sysui_multi_action( 2202): [757,0,758,1,759,0,927,7,1593,0]
09-20 05:57:17.398 I/sysui_multi_action( 2202): [757,114,758,1,759,114,927,8,928,0,1593,0]
09-20 05:57:17.398 I/sysui_multi_action( 2202): [757,111,758,1]
09-20 05:57:17.398 I/sysui_multi_action( 2202): [757,126,758,1,759,126,927,0,928,0,1593,0]
09-20 05:57:17.399 I/sysui_multi_action( 2202): [757,113,758,1,759,113,927,1,928,1,1593,0]
09-20 05:57:17.399 I/sysui_multi_action( 2202): [757,0,758,1,759,0,927,2,928,0,1593,0]
09-20 05:57:17.399 I/sysui_multi_action( 2202): [757,0,758,1,759,0,927,3,928,0,1593,0]
09-20 05:57:17.418 I/sysui_multi_action( 2202): [757,111,758,2]
09-20 05:57:17.418 I/sysui_multi_action( 2202): [757,111,758,2]
09-20 05:57:17.422 I/sysui_multi_action( 2202): [757,111,758,1]
09-20 05:57:17.422 I/sysui_multi_action( 2202): [757,126,758,1,759,126,927,0,928,0,1593,0]
09-20 05:57:17.422 I/sysui_multi_action( 2202): [757,113,758,1,759,113,927,1,928,1,1593,0]
09-20 05:57:17.422 I/sysui_multi_action( 2202): [757,0,758,1,759,0,927,2,928,0,1593,0]
09-20 05:57:17.422 I/sysui_multi_action( 2202): [757,0,758,1,759,0,927,3,928,0,1593,0]
09-20 05:57:17.422 I/sysui_multi_action( 2202): [757,1706,758,1,759,1706,927,4,928,0,1593,0]
09-20 05:57:17.423 I/sysui_multi_action( 2202): [757,491,758,1,759,491,927,5,928,0,1311,-1,1593,0]
09-20 05:57:17.423 I/sysui_multi_action( 2202): [757,0,758,1,759,0,927,6,928,0,1593,0]
09-20 05:57:17.423 I/sysui_multi_action( 2202): [757,0,758,1,759,0,927,7,1593,0]
09-20 05:57:17.423 I/sysui_multi_action( 2202): [757,114,758,1,759,114,927,8,928,0,1593,0]
09-20 05:57:17.423 I/sysui_multi_action( 2202): [757,111,758,1]
09-20 05:57:17.423 I/sysui_multi_action( 2202): [757,126,758,1,759,126,927,0,928,0,1593,0]
09-20 05:57:17.423 I/sysui_multi_action( 2202): [757,113,758,1,759,113,927,1,928,1,1593,0]
09-20 05:57:17.423 I/sysui_multi_action( 2202): [757,0,758,1,759,0,927,2,928,0,1593,0]
09-20 05:57:17.424 I/sysui_multi_action( 2202): [757,0,758,1,759,0,927,3,928,0,1593,0]
09-20 05:57:17.438 I/sysui_multi_action( 2202): [757,111,758,2]
09-20 05:57:17.438 I/sysui_multi_action( 2202): [757,111,758,2]
09-20 05:57:17.444 I/sysui_multi_action( 2202): [757,111,758,1]
09-20 05:57:17.444 I/sysui_multi_action( 2202): [757,126,758,1,759,126,927,0,928,0,1593,0]
09-20 05:57:17.444 I/sysui_multi_action( 2202): [757,113,758,1,759,113,927,1,928,1,1593,0]
09-20 05:57:17.444 I/sysui_multi_action( 2202): [757,0,758,1,759,0,927,2,928,0,1593,0]
09-20 05:57:17.444 I/sysui_multi_action( 2202): [757,0,758,1,759,0,927,3,928,0,1593,0]
09-20 05:57:17.444 I/sysui_multi_action( 2202): [757,1706,758,1,759,1706,927,4,928,0,1593,0]
09-20 05:57:17.445 I/sysui_multi_action( 2202): [757,491,758,1,759,491,927,5,928,0,1311,-1,1593,0]
09-20 05:57:17.445 I/sysui_multi_action( 2202): [757,0,758,1,759,0,927,6,928,0,1593,0]
09-20 05:57:17.445 I/sysui_multi_action( 2202): [757,0,758,1,759,0,927,7,1593,0]
09-20 05:57:17.445 I/sysui_multi_action( 2202): [757,114,758,1,759,114,927,8,928,0,1593,0]
09-20 05:57:17.445 I/sysui_multi_action( 2202): [757,111,758,1]
09-20 05:57:17.445 I/sysui_multi_action( 2202): [757,126,758,1,759,126,927,0,928,0,1593,0]
09-20 05:57:17.446 I/sysui_multi_action( 2202): [757,113,758,1,759,113,927,1,928,1,1593,0]
09-20 05:57:17.446 I/sysui_multi_action( 2202): [757,0,758,1,759,0,927,2,928,0,1593,0]
09-20 05:57:17.446 I/sysui_multi_action( 2202): [757,0,758,1,759,0,927,3,928,0,1593,0]
09-20 05:57:17.882 I/sysui_multi_action( 1158): [757,128,758,1,793,7348296,794,0,795,7348296,796,26,798,0,806,android,857,DEVELOPER_IMPORTANT,858,4,947,0,1395,4,1500,7348295,1688,1]
09-20 05:57:17.882 I/sysui_multi_action( 1158): [757,804,799,note_freshness,801,7348296,802,1]
09-20 05:57:17.883 I/notification_visibility( 1158): [-1|android|26|null|1000,1,7348296,7348296,0,0]
09-20 05:57:17.883 I/sysui_multi_action( 1158): [757,128,758,1,793,1660706,794,0,795,5783,796,4273,798,1,806,com.android.systemui,857,screen_record,858,3,947,0,1395,4,1500,5578,1688,1,1745,680407814]
09-20 05:57:17.883 I/sysui_multi_action( 1158): [757,1501,758,1,793,1660706,794,0,795,5783,796,4273,806,com.android.systemui,857,screen_record,858,3,947,0,1500,0,1688,1,1745,680407814]
09-20 05:57:17.883 I/sysui_multi_action( 1158): [757,804,799,note_interruptive,801,0,802,1]
09-20 05:57:17.883 I/sysui_multi_action( 1158): [757,804,799,note_freshness,801,5783,802,1]
09-20 05:57:17.883 I/notification_visibility( 1158): [0|com.android.systemui|4273|null|10087,1,1660706,5783,0,1]
09-20 05:57:17.884 I/sysui_multi_action( 1158): [757,128,758,1,793,7348252,794,0,795,7348252,796,55,798,2,806,android,857,DEVELOPER,858,2,947,0,1395,4,1500,7348252,1688,1]
09-20 05:57:17.884 I/sysui_multi_action( 1158): [757,804,799,note_freshness,801,7348252,802,1]
09-20 05:57:17.884 I/notification_visibility( 1158): [-1|android|55|null|1000,1,7348252,7348252,0,2]
09-20 05:57:17.884 I/sysui_multi_action( 1158): [757,128,758,1,793,7349172,794,0,795,7349172,796,32,798,3,806,android,857,USB,858,1,947,0,1395,4,1500,7348682,1688,1]
09-20 05:57:17.884 I/sysui_multi_action( 1158): [757,804,799,note_freshness,801,7349172,802,1]
09-20 05:57:17.884 I/notification_visibility( 1158): [-1|android|32|null|1000,1,7349172,7349172,0,3]
09-20 05:57:18.837 I/input_interaction( 1158): Interaction with: 853367f NotificationShade (server), edge-swipe (server), swipe-up (server), PointerEventDispatcher0 (server),
09-20 05:57:18.964 I/sysui_multi_action( 2202): [757,407,758,4,759,1]
09-20 05:57:19.438 I/sysui_multi_action( 1158): [757,128,758,2,793,7350726,794,1554,795,7350726,796,32,798,3,806,android,857,USB,858,1,947,0,1395,4,1500,7350236,1688,1]
09-20 05:57:19.438 I/notification_visibility( 1158): [-1|android|32|null|1000,0,7350726,7350726,0,3]
09-20 05:57:19.439 I/sysui_multi_action( 1158): [757,128,758,3,793,1662262,794,1556,795,7339,796,4273,806,com.android.systemui,857,screen_record,858,3,947,0,1500,1556,1688,1,1745,680407814]
09-20 05:57:22.311 I/sysui_multi_action( 2202): [757,204,758,1,759,0,796,4273,806,com.android.systemui,857,screen_record,947,0,1745,680407814]
09-20 05:57:22.844 I/sysui_multi_action( 1158): [757,128,758,1,793,7354132,794,0,795,7354132,796,32,798,3,806,android,857,USB,858,1,947,0,1395,4,1500,7353642,1688,1]
09-20 05:57:22.844 I/sysui_multi_action( 1158): [757,804,799,note_freshness,801,7354132,802,1]
09-20 05:57:22.845 I/notification_visibility( 1158): [-1|android|32|null|1000,1,7354132,7354132,0,3]
09-20 05:57:25.940 I/sysui_multi_action( 2202): [757,204,758,2,759,0,796,4273,806,com.android.systemui,857,screen_record,947,0,1745,680407814]
09-20 05:57:25.953 I/sysui_multi_action( 1158): [757,128,758,2,793,7357241,794,3109,795,7357241,796,32,798,3,806,android,857,USB,858,1,947,0,1395,4,1500,7356751,1688,1]
09-20 05:57:25.954 I/notification_visibility( 1158): [-1|android|32|null|1000,0,7357241,7357241,0,3]
09-20 05:57:26.744 I/am_wtf ( 1158): [0,1158,system_server,-1,Binder,Outgoing transactions from this process must be FLAG_ONEWAY]
09-20 05:57:26.759 I/wm_task_created( 1158): [81,-1]
09-20 05:57:26.771 I/wm_task_moved( 1158): [81,1,7]
09-20 05:57:26.771 I/wm_task_to_front( 1158): [0,81]
09-20 05:57:26.773 I/wm_on_top_resumed_lost_called( 8801): [213932593,com.android.launcher3.uioverrides.QuickstepLauncher,topStateChangedWhenResumed]
09-20 05:57:26.774 I/wm_create_task( 1158): [0,81]
09-20 05:57:26.774 I/wm_create_activity( 1158): [0,120964987,81,com.android.gallery3d/.app.MovieActivity,android.intent.action.VIEW,video/mp4,content://media/external_primary/video/media/21,268435457]
09-20 05:57:26.774 I/wm_task_moved( 1158): [81,1,7]
09-20 05:57:26.780 I/wm_pause_activity( 1158): [0,213932593,com.android.launcher3/.uioverrides.QuickstepLauncher,userLeaving=true,pauseBackTasks]
09-20 05:57:26.786 I/wm_on_paused_called( 8801): [213932593,com.android.launcher3.uioverrides.QuickstepLauncher,performPause]
09-20 05:57:26.788 I/sysui_multi_action( 1158): [757,128,758,4,793,1669611,794,8905,795,14688,796,4273,798,2,806,com.android.systemui,857,screen_record,858,3,947,0,1395,4,1500,8905,1688,1,1745,680407814]
09-20 05:57:26.788 I/notification_clicked( 1158): [0|com.android.systemui|4273|null|10087,1669611,14688,8905,2,4]
09-20 05:57:26.790 I/sysui_multi_action( 1158): [757,804,799,note_click_longevity,801,0,802,1]
09-20 05:57:26.790 I/am_uid_running( 1158): 10065
09-20 05:57:26.791 I/sysui_multi_action( 1158): [757,128,758,5,759,1,793,1669614,794,8908,795,14691,796,4273,798,2,806,com.android.systemui,857,screen_record,858,3,947,0,1395,4,1500,8908,1688,1,1745,680407814]
09-20 05:57:26.791 I/notification_canceled( 1158): [0|com.android.systemui|4273|null|10087,1,1669614,14691,8908,2,4,NULL]
09-20 05:57:26.792 I/wm_add_to_stopping( 1158): [0,213932593,com.android.launcher3/.uioverrides.QuickstepLauncher,makeInvisible]
09-20 05:57:26.810 I/sysui_multi_action( 1158): [757,803,799,window_time_2,802,39]
09-20 05:57:26.858 I/am_proc_start( 1158): [0,13076,10065,com.android.gallery3d,pre-top-activity,{com.android.gallery3d/com.android.gallery3d.app.MovieActivity}]
09-20 05:57:26.996 I/am_proc_bound( 1158): [0,13076,com.android.gallery3d]
09-20 05:57:26.999 I/wm_restart_activity( 1158): [0,120964987,81,com.android.gallery3d/.app.MovieActivity]
09-20 05:57:27.000 I/wm_set_resumed_activity( 1158): [0,com.android.gallery3d/.app.MovieActivity,minimalResumeActivityLocked]
09-20 05:57:27.005 I/am_uid_active( 1158): 10065
09-20 05:57:27.089 I/wm_on_create_called(13076): [120964987,com.android.gallery3d.app.MovieActivity,performCreate]
09-20 05:57:27.100 I/wm_on_start_called(13076): [120964987,com.android.gallery3d.app.MovieActivity,handleStartActivity]
09-20 05:57:27.102 I/wm_on_resume_called(13076): [120964987,com.android.gallery3d.app.MovieActivity,RESUME_ACTIVITY]
09-20 05:57:27.114 I/wm_on_top_resumed_gained_called(13076): [120964987,com.android.gallery3d.app.MovieActivity,topStateChangedWhenResumed]
09-20 05:57:27.227 I/sysui_multi_action( 1158): [319,110,321,106,322,472,325,7422,757,761,758,7,759,1,806,com.android.gallery3d,871,com.android.gallery3d.app.MovieActivity,904,com.android.systemui,905,0,945,255,1320,4,1321,1]
09-20 05:57:27.231 I/wm_activity_launch_time( 1158): [0,120964987,com.android.gallery3d/.app.MovieActivity,472]
09-20 05:57:27.383 I/wm_stop_activity( 1158): [0,213932593,com.android.launcher3/.uioverrides.QuickstepLauncher]
09-20 05:57:27.391 I/sysui_multi_action( 2202): [757,111,758,2]
09-20 05:57:27.391 I/sysui_multi_action( 2202): [757,111,758,2]
09-20 05:57:27.428 I/wm_on_stop_called( 8801): [213932593,com.android.launcher3.uioverrides.QuickstepLauncher,STOP_ACTIVITY_ITEM]
09-20 05:57:27.448 I/input_focus( 1158): [Focus request af49f5b com.android.gallery3d/com.android.gallery3d.app.MovieActivity,reason=UpdateInputWindows]
09-20 05:57:27.453 I/sysui_multi_action( 2202): [757,111,758,1]
09-20 05:57:27.453 I/sysui_multi_action( 2202): [757,126,758,1,759,126,927,0,928,0,1593,1]
09-20 05:57:27.453 I/sysui_multi_action( 2202): [757,113,758,1,759,113,927,1,928,1,1593,1]
09-20 05:57:27.454 I/sysui_multi_action( 2202): [757,0,758,1,759,0,927,2,928,0,1593,1]
09-20 05:57:27.454 I/sysui_multi_action( 2202): [757,0,758,1,759,0,927,3,928,0,1593,1]
09-20 05:57:27.454 I/sysui_multi_action( 2202): [757,1706,758,1,759,1706,927,4,928,0,1593,1]
09-20 05:57:27.455 I/sysui_multi_action( 2202): [757,491,758,1,759,491,927,5,928,0,1311,-1,1593,0]
09-20 05:57:27.456 I/sysui_multi_action( 2202): [757,0,758,1,759,0,927,6,928,0,1593,1]
09-20 05:57:27.456 I/sysui_multi_action( 2202): [757,0,758,1,759,0,927,7,1593,1]
09-20 05:57:27.456 I/sysui_multi_action( 2202): [757,114,758,1,759,114,927,8,928,0,1593,1]
09-20 05:57:27.456 I/sysui_multi_action( 2202): [757,111,758,1]
09-20 05:57:27.456 I/sysui_multi_action( 2202): [757,126,758,1,759,126,927,0,928,0,1593,1]
09-20 05:57:27.456 I/sysui_multi_action( 2202): [757,113,758,1,759,113,927,1,928,1,1593,1]
09-20 05:57:27.456 I/sysui_multi_action( 2202): [757,0,758,1,759,0,927,2,928,0,1593,1]
09-20 05:57:27.456 I/sysui_multi_action( 2202): [757,0,758,1,759,0,927,3,928,0,1593,1]
09-20 05:57:27.470 I/input_focus( 1158): [Focus leaving 853367f NotificationShade (server),reason=NOT_FOCUSABLE]
09-20 05:57:27.470 I/input_focus( 1158): [Focus entering af49f5b com.android.gallery3d/com.android.gallery3d.app.MovieActivity (server),reason=setFocusedWindow]
09-20 05:57:27.547 I/sysui_multi_action( 1158): [757,128,758,2,793,7357961,794,9665,795,7357961,796,26,798,0,806,android,857,DEVELOPER_IMPORTANT,858,4,947,0,1395,3,1500,7357960,1688,1]
09-20 05:57:27.548 I/notification_visibility( 1158): [-1|android|26|null|1000,0,7357961,7357961,0,0]
09-20 05:57:27.548 I/sysui_multi_action( 1158): [757,128,758,2,793,7357916,794,9664,795,7357916,796,55,798,1,806,android,857,DEVELOPER,858,2,947,0,1395,3,1500,7357916,1688,1]
09-20 05:57:27.548 I/notification_visibility( 1158): [-1|android|55|null|1000,0,7357916,7357916,0,1]
09-20 05:57:27.628 I/sysui_multi_action( 2202): [757,111,758,2]
09-20 05:57:27.629 I/sysui_multi_action( 2202): [757,111,758,2]
09-20 05:57:27.631 I/sysui_multi_action( 1158): [757,127,758,2]
09-20 05:57:27.631 I/notification_panel_hidden( 1158):
09-20 05:57:27.655 I/sysui_multi_action( 2202): [757,111,758,1]
09-20 05:57:27.656 I/sysui_multi_action( 2202): [757,126,758,1,759,126,927,0,928,0,1593,1]
09-20 05:57:27.656 I/sysui_multi_action( 2202): [757,113,758,1,759,113,927,1,928,1,1593,1]
09-20 05:57:27.656 I/sysui_multi_action( 2202): [757,0,758,1,759,0,927,2,928,0,1593,1]
09-20 05:57:27.656 I/sysui_multi_action( 2202): [757,0,758,1,759,0,927,3,928,0,1593,1]
09-20 05:57:27.656 I/sysui_multi_action( 2202): [757,1706,758,1,759,1706,927,4,928,0,1593,1]
09-20 05:57:27.657 I/sysui_multi_action( 2202): [757,491,758,1,759,491,927,5,928,0,1311,-1,1593,0]
09-20 05:57:27.657 I/sysui_multi_action( 2202): [757,0,758,1,759,0,927,6,928,0,1593,0]
09-20 05:57:27.657 I/sysui_multi_action( 2202): [757,0,758,1,759,0,927,7,1593,0]
09-20 05:57:27.657 I/sysui_multi_action( 2202): [757,114,758,1,759,114,927,8,928,0,1593,0]
09-20 05:57:27.657 I/sysui_multi_action( 2202): [757,111,758,1]
09-20 05:57:27.657 I/sysui_multi_action( 2202): [757,126,758,1,759,126,927,0,928,0,1593,1]
09-20 05:57:27.657 I/sysui_multi_action( 2202): [757,113,758,1,759,113,927,1,928,1,1593,1]
09-20 05:57:27.657 I/sysui_multi_action( 2202): [757,0,758,1,759,0,927,2,928,0,1593,1]
09-20 05:57:27.658 I/sysui_multi_action( 2202): [757,0,758,1,759,0,927,3,928,0,1593,1]
09-20 05:57:29.020 I/input_interaction( 1158): Interaction with: af49f5b com.android.gallery3d/com.android.gallery3d.app.MovieActivity (server), edge-swipe (server), swipe-up (server), PointerEventDispatcher0 (server),
09-20 05:57:45.538 I/input_interaction( 1158): Interaction with: 4b84711 StatusBar (server), edge-swipe (server), swipe-up (server), PointerEventDispatcher0 (server),
09-20 05:57:45.551 I/sysui_multi_action( 2202): [757,803,799,panel_open,802,1]
09-20 05:57:45.555 I/sysui_multi_action( 2202): [757,1328,758,4,1326,0,1327,3,1329,0]
09-20 05:57:46.875 I/input_interaction( 1158): Interaction with: af49f5b com.android.gallery3d/com.android.gallery3d.app.MovieActivity (server), edge-swipe (server), swipe-up (server), PointerEventDispatcher0 (server),
09-20 05:57:47.013 I/menu_item_selected(13076): [0,screen-20220920-055711.mp4]
09-20 05:57:47.024 I/wm_task_moved( 1158): [81,1,7]
09-20 05:57:47.025 I/wm_set_resumed_activity( 1158): [0,com.android.gallery3d/.app.MovieActivity,positionChildAt]
09-20 05:57:47.025 I/wm_create_activity( 1158): [0,125517698,81,com.android.gallery3d/.app.GalleryActivity,NULL,NULL,NULL,0]
09-20 05:57:47.027 I/wm_pause_activity( 1158): [0,120964987,com.android.gallery3d/.app.MovieActivity,userLeaving=true,resumeTopActivityInnerLocked]
09-20 05:57:47.040 I/dvm_lock_sample( 1158): [system_server,1,android.anim,17,InputMonitor.java,144,void com.android.server.wm.InputMonitor$UpdateInputWindows.run(),TaskSnapshotCache.java,68,android.window.TaskSnapshot com.android.server.wm.TaskSnapshotCache.getSnapshot(int, int, boolean, boolean),3]
09-20 05:57:47.041 I/wm_finish_activity( 1158): [0,120964987,81,com.android.gallery3d/.app.MovieActivity,app-request]
09-20 05:57:47.042 I/wm_on_top_resumed_lost_called(13076): [120964987,com.android.gallery3d.app.MovieActivity,topStateChangedWhenResumed]
09-20 05:57:47.150 I/wm_on_paused_called(13076): [120964987,com.android.gallery3d.app.MovieActivity,performPause]
09-20 05:57:47.151 I/wm_add_to_stopping( 1158): [0,120964987,com.android.gallery3d/.app.MovieActivity,completeFinishing]
09-20 05:57:47.154 I/wm_restart_activity( 1158): [0,125517698,81,com.android.gallery3d/.app.GalleryActivity]
09-20 05:57:47.157 I/wm_set_resumed_activity( 1158): [0,com.android.gallery3d/.app.GalleryActivity,minimalResumeActivityLocked]
09-20 05:57:47.161 I/sysui_multi_action( 1158): [757,803,799,window_time_0,802,20]
09-20 05:57:47.183 I/am_pss ( 1158): [13076,10065,com.android.gallery3d,56860672,47939584,0,182730752,0,2,13]
09-20 05:57:47.186 I/input_focus( 1158): [Focus leaving af49f5b com.android.gallery3d/com.android.gallery3d.app.MovieActivity (server),reason=NO_WINDOW]
09-20 05:57:47.204 I/commit_sys_config_file( 1158): [procstats,17]
09-20 05:57:47.208 I/wm_on_create_called(13076): [125517698,com.android.gallery3d.app.GalleryActivity,performCreate]
09-20 05:57:47.211 I/wm_on_start_called(13076): [125517698,com.android.gallery3d.app.GalleryActivity,handleStartActivity]
09-20 05:57:47.218 I/wm_on_resume_called(13076): [125517698,com.android.gallery3d.app.GalleryActivity,RESUME_ACTIVITY]
09-20 05:57:47.225 I/wm_on_top_resumed_gained_called(13076): [125517698,com.android.gallery3d.app.GalleryActivity,topStateChangedWhenResumed]
09-20 05:57:47.240 I/input_focus( 1158): [Focus request b124ca6 com.android.gallery3d/com.android.gallery3d.app.GalleryActivity,reason=UpdateInputWindows]
09-20 05:57:47.286 I/wm_activity_launch_time( 1158): [0,125517698,com.android.gallery3d/.app.GalleryActivity,265]
09-20 05:57:47.303 I/input_focus( 1158): [Focus entering b124ca6 com.android.gallery3d/com.android.gallery3d.app.GalleryActivity (server),reason=Window became focusable. Previous reason: NOT_VISIBLE]
09-20 05:57:47.690 I/wm_destroy_activity( 1158): [0,120964987,81,com.android.gallery3d/.app.MovieActivity,finish-imm:idle]
09-20 05:57:47.709 I/wm_on_stop_called(13076): [120964987,com.android.gallery3d.app.MovieActivity,LIFECYCLER_STOP_ACTIVITY]
09-20 05:57:47.710 I/wm_on_destroy_called(13076): [120964987,com.android.gallery3d.app.MovieActivity,performDestroy]
09-20 05:57:48.803 I/input_interaction( 1158): Interaction with: b124ca6 com.android.gallery3d/com.android.gallery3d.app.GalleryActivity (server), edge-swipe (server), swipe-up (server), PointerEventDispatcher0 (server),
09-20 05:57:53.797 I/input_interaction( 1158): Interaction with: 4b84711 StatusBar (server), edge-swipe (server), swipe-up (server), PointerEventDispatcher0 (server),
09-20 05:57:53.809 I/sysui_multi_action( 2202): [757,803,799,panel_open,802,1]
09-20 05:57:53.811 I/sysui_multi_action( 2202): [757,1328,758,4,1326,0,1327,3,1329,0]
09-20 05:57:56.296 I/input_interaction( 1158): Interaction with: b124ca6 com.android.gallery3d/com.android.gallery3d.app.GalleryActivity (server), edge-swipe (server), swipe-up (server), PointerEventDispatcher0 (server),
09-20 05:57:56.528 I/input_focus( 1158): [Focus request d659260 PopupWindow:7ac3c2a,reason=UpdateInputWindows]
09-20 05:57:56.551 I/input_focus( 1158): [Focus leaving b124ca6 com.android.gallery3d/com.android.gallery3d.app.GalleryActivity (server),reason=Waiting for window because NOT_VISIBLE]
09-20 05:57:56.571 I/input_focus( 1158): [Focus entering d659260 PopupWindow:7ac3c2a (server),reason=Window became focusable. Previous reason: NOT_VISIBLE]
09-20 05:57:57.431 I/input_interaction( 1158): Interaction with: d659260 PopupWindow:7ac3c2a (server), edge-swipe (server), swipe-up (server), PointerEventDispatcher0 (server),
09-20 05:57:57.440 I/input_interaction( 1158): Interaction with: edge-swipe (server), swipe-up (server), PointerEventDispatcher0 (server),
09-20 05:57:57.450 I/input_focus( 1158): [Focus request b124ca6 com.android.gallery3d/com.android.gallery3d.app.GalleryActivity,reason=UpdateInputWindows]
09-20 05:57:57.493 I/input_focus( 1158): [Focus entering b124ca6 com.android.gallery3d/com.android.gallery3d.app.GalleryActivity (server),reason=setFocusedWindow]
09-20 05:57:58.023 I/input_interaction( 1158): Interaction with: b124ca6 com.android.gallery3d/com.android.gallery3d.app.GalleryActivity (server), edge-swipe (server), swipe-up (server), PointerEventDispatcher0 (server),
09-20 05:57:58.898 I/service_manager_stats( 1158): [100,121,42911]
09-20 05:58:00.389 I/input_interaction( 1158): Interaction with: 4b84711 StatusBar (server), edge-swipe (server), swipe-up (server), PointerEventDispatcher0 (server),
09-20 05:58:00.400 I/sysui_multi_action( 2202): [757,803,799,panel_open,802,1]
09-20 05:58:00.403 I/sysui_multi_action( 2202): [757,1328,758,4,1326,3,1327,2,1329,0]
09-20 05:58:01.155 I/input_interaction( 1158): Interaction with: b124ca6 com.android.gallery3d/com.android.gallery3d.app.GalleryActivity (server), edge-swipe (server), swipe-up (server), PointerEventDispatcher0 (server),
09-20 05:58:01.210 I/view_enqueue_input_event(13076): [Motion - Cancel,com.android.gallery3d/com.android.gallery3d.app.GalleryActivity]
09-20 05:58:01.219 I/input_interaction( 1158): Interaction with: edge-swipe (server), swipe-up (server), PointerEventDispatcher0 (server),
09-20 05:58:01.304 I/sysui_multi_action( 1158): [757,803,799,key_back_press,802,1]
09-20 05:58:01.318 I/service_manager_slow( 1158): [12,phone]
09-20 05:58:01.331 I/input_interaction( 1158): Interaction with: b124ca6 com.android.gallery3d/com.android.gallery3d.app.GalleryActivity (server), PointerEventDispatcher0 (server),
09-20 05:58:02.161 I/input_interaction( 1158): Interaction with: b124ca6 com.android.gallery3d/com.android.gallery3d.app.GalleryActivity (server), edge-swipe (server), swipe-up (server), PointerEventDispatcher0 (server),
09-20 05:58:02.208 I/view_enqueue_input_event(13076): [Motion - Cancel,com.android.gallery3d/com.android.gallery3d.app.GalleryActivity]
09-20 05:58:02.221 I/input_interaction( 1158): Interaction with: edge-swipe (server), swipe-up (server), PointerEventDispatcher0 (server),
09-20 05:58:02.329 I/sysui_multi_action( 1158): [757,803,799,key_back_press,802,1]
09-20 05:58:02.335 I/input_interaction( 1158): Interaction with: b124ca6 com.android.gallery3d/com.android.gallery3d.app.GalleryActivity (server), PointerEventDispatcher0 (server),
09-20 05:58:05.388 I/input_interaction( 1158): Interaction with: b124ca6 com.android.gallery3d/com.android.gallery3d.app.GalleryActivity (server), edge-swipe (server), swipe-up (server), PointerEventDispatcher0 (server),
09-20 05:58:05.538 I/view_enqueue_input_event(13076): [Motion - Cancel,com.android.gallery3d/com.android.gallery3d.app.GalleryActivity]
09-20 05:58:05.550 I/input_interaction( 1158): Interaction with: edge-swipe (server), swipe-up (server), PointerEventDispatcher0 (server),
09-20 05:58:05.737 I/sysui_multi_action( 1158): [757,803,799,key_back_press,802,1]
09-20 05:58:05.764 I/input_interaction( 1158): Interaction with: b124ca6 com.android.gallery3d/com.android.gallery3d.app.GalleryActivity (server), PointerEventDispatcher0 (server),
09-20 05:58:05.768 I/wm_finish_activity( 1158): [0,125517698,81,com.android.gallery3d/.app.GalleryActivity,app-request]
09-20 05:58:05.768 I/wm_task_moved( 1158): [1,1,7]
09-20 05:58:05.769 I/wm_task_moved( 1158): [44,1,2147483647]
09-20 05:58:05.769 I/wm_task_to_front( 1158): [0,44]
09-20 05:58:05.769 I/wm_focused_root_task( 1158): [0,0,1,81,finish-top adjustFocusToNextFocusableTask]
09-20 05:58:05.770 I/wm_set_resumed_activity( 1158): [0,com.android.launcher3/.uioverrides.QuickstepLauncher,finish-top adjustFocusToNextFocusableTask]
09-20 05:58:05.782 I/wm_pause_activity( 1158): [0,125517698,com.android.gallery3d/.app.GalleryActivity,userLeaving=false,finish]
09-20 05:58:05.794 I/wm_on_top_resumed_lost_called(13076): [125517698,com.android.gallery3d.app.GalleryActivity,topStateChangedWhenResumed]
09-20 05:58:05.818 I/input_focus( 1158): [Focus leaving b124ca6 com.android.gallery3d/com.android.gallery3d.app.GalleryActivity (server),reason=NO_WINDOW]
09-20 05:58:05.824 I/wm_on_paused_called(13076): [125517698,com.android.gallery3d.app.GalleryActivity,performPause]
09-20 05:58:05.826 I/wm_add_to_stopping( 1158): [0,125517698,com.android.gallery3d/.app.GalleryActivity,completeFinishing]
09-20 05:58:05.830 I/wm_set_resumed_activity( 1158): [0,com.android.launcher3/.uioverrides.QuickstepLauncher,resumeTopActivityInnerLocked]
09-20 05:58:05.831 I/wm_resume_activity( 1158): [0,213932593,44,com.android.launcher3/.uioverrides.QuickstepLauncher]
09-20 05:58:05.856 I/sysui_multi_action( 1158): [757,803,799,window_time_0,802,19]
09-20 05:58:05.857 I/wm_on_restart_called( 8801): [213932593,com.android.launcher3.uioverrides.QuickstepLauncher,performRestartActivity]
09-20 05:58:05.858 I/wm_on_start_called( 8801): [213932593,com.android.launcher3.uioverrides.QuickstepLauncher,handleStartActivity]
09-20 05:58:05.858 I/wm_on_resume_called( 8801): [213932593,com.android.launcher3.uioverrides.QuickstepLauncher,RESUME_ACTIVITY]
