09-20 06:52:35.352 I/am_wtf ( 1158): [0,1158,system_server,-1,DisplayDeviceConfig,requesting nits when no mapping exists.]
09-20 06:52:35.353 I/am_wtf ( 1158): [0,1158,system_server,-1,DisplayDeviceConfig,requesting nits when no mapping exists.]
09-20 06:52:35.369 I/am_wtf ( 1158): [0,1158,system_server,-1,DisplayDeviceConfig,requesting nits when no mapping exists.]
09-20 06:52:35.370 I/am_wtf ( 1158): [0,1158,system_server,-1,DisplayDeviceConfig,requesting nits when no mapping exists.]
09-20 06:52:35.385 I/am_wtf ( 1158): [0,1158,system_server,-1,DisplayDeviceConfig,requesting nits when no mapping exists.]
09-20 06:52:35.387 I/am_wtf ( 1158): [0,1158,system_server,-1,DisplayDeviceConfig,requesting nits when no mapping exists.]
09-20 06:52:35.402 I/am_wtf ( 1158): [0,1158,system_server,-1,DisplayDeviceConfig,requesting nits when no mapping exists.]
09-20 06:52:35.403 I/am_wtf ( 1158): [0,1158,system_server,-1,DisplayDeviceConfig,requesting nits when no mapping exists.]
09-20 06:52:35.419 I/am_wtf ( 1158): [0,1158,system_server,-1,DisplayDeviceConfig,requesting nits when no mapping exists.]
09-20 06:52:35.420 I/am_wtf ( 1158): [0,1158,system_server,-1,DisplayDeviceConfig,requesting nits when no mapping exists.]
09-20 06:52:35.436 I/am_wtf ( 1158): [0,1158,system_server,-1,DisplayDeviceConfig,requesting nits when no mapping exists.]
09-20 06:52:35.437 I/am_wtf ( 1158): [0,1158,system_server,-1,DisplayDeviceConfig,requesting nits when no mapping exists.]
09-20 06:52:35.453 I/am_wtf ( 1158): [0,1158,system_server,-1,DisplayDeviceConfig,requesting nits when no mapping exists.]
09-20 06:52:35.454 I/am_wtf ( 1158): [0,1158,system_server,-1,DisplayDeviceConfig,requesting nits when no mapping exists.]
09-20 06:52:35.469 I/am_wtf ( 1158): [0,1158,system_server,-1,DisplayDeviceConfig,requesting nits when no mapping exists.]
09-20 06:52:35.470 I/am_wtf ( 1158): [0,1158,system_server,-1,DisplayDeviceConfig,requesting nits when no mapping exists.]
09-20 06:52:35.486 I/am_wtf ( 1158): [0,1158,system_server,-1,DisplayDeviceConfig,requesting nits when no mapping exists.]
09-20 06:52:35.487 I/am_wtf ( 1158): [0,1158,system_server,-1,DisplayDeviceConfig,requesting nits when no mapping exists.]
09-20 06:52:35.502 I/am_wtf ( 1158): [0,1158,system_server,-1,DisplayDeviceConfig,requesting nits when no mapping exists.]
09-20 06:52:35.504 I/am_wtf ( 1158): [0,1158,system_server,-1,DisplayDeviceConfig,requesting nits when no mapping exists.]
09-20 06:52:35.519 I/am_wtf ( 1158): [0,1158,system_server,-1,DisplayDeviceConfig,requesting nits when no mapping exists.]
09-20 06:52:35.520 I/am_wtf ( 1158): [0,1158,system_server,-1,DisplayDeviceConfig,requesting nits when no mapping exists.]
09-20 06:52:35.536 I/am_wtf ( 1158): [0,1158,system_server,-1,DisplayDeviceConfig,requesting nits when no mapping exists.]
09-20 06:52:35.537 I/am_wtf ( 1158): [0,1158,system_server,-1,DisplayDeviceConfig,requesting nits when no mapping exists.]
09-20 06:52:35.552 I/am_wtf ( 1158): [0,1158,system_server,-1,DisplayDeviceConfig,requesting nits when no mapping exists.]
09-20 06:52:35.554 I/am_wtf ( 1158): [0,1158,system_server,-1,DisplayDeviceConfig,requesting nits when no mapping exists.]
09-20 06:52:35.570 I/am_wtf ( 1158): [0,1158,system_server,-1,DisplayDeviceConfig,requesting nits when no mapping exists.]
09-20 06:52:35.573 I/am_wtf ( 1158): [0,1158,system_server,-1,DisplayDeviceConfig,requesting nits when no mapping exists.]
09-20 06:52:35.586 I/am_wtf ( 1158): [0,1158,system_server,-1,DisplayDeviceConfig,requesting nits when no mapping exists.]
09-20 06:52:35.588 I/am_wtf ( 1158): [0,1158,system_server,-1,DisplayDeviceConfig,requesting nits when no mapping exists.]
09-20 06:52:35.603 I/am_wtf ( 1158): [0,1158,system_server,-1,DisplayDeviceConfig,requesting nits when no mapping exists.]
09-20 06:52:35.604 I/am_wtf ( 1158): [0,1158,system_server,-1,DisplayDeviceConfig,requesting nits when no mapping exists.]
09-20 06:52:35.619 I/am_wtf ( 1158): [0,1158,system_server,-1,DisplayDeviceConfig,requesting nits when no mapping exists.]
09-20 06:52:35.620 I/am_wtf ( 1158): [0,1158,system_server,-1,DisplayDeviceConfig,requesting nits when no mapping exists.]
09-20 06:52:35.636 I/am_wtf ( 1158): [0,1158,system_server,-1,DisplayDeviceConfig,requesting nits when no mapping exists.]
09-20 06:52:35.637 I/am_wtf ( 1158): [0,1158,system_server,-1,DisplayDeviceConfig,requesting nits when no mapping exists.]
09-20 06:52:35.653 I/am_wtf ( 1158): [0,1158,system_server,-1,DisplayDeviceConfig,requesting nits when no mapping exists.]
09-20 06:52:35.654 I/am_wtf ( 1158): [0,1158,system_server,-1,DisplayDeviceConfig,requesting nits when no mapping exists.]
09-20 06:52:35.670 I/am_wtf ( 1158): [0,1158,system_server,-1,DisplayDeviceConfig,requesting nits when no mapping exists.]
09-20 06:52:35.672 I/am_wtf ( 1158): [0,1158,system_server,-1,DisplayDeviceConfig,requesting nits when no mapping exists.]
09-20 06:52:35.686 I/am_wtf ( 1158): [0,1158,system_server,-1,DisplayDeviceConfig,requesting nits when no mapping exists.]
09-20 06:52:35.688 I/am_wtf ( 1158): [0,1158,system_server,-1,DisplayDeviceConfig,requesting nits when no mapping exists.]
09-20 06:52:35.702 I/am_wtf ( 1158): [0,1158,system_server,-1,DisplayDeviceConfig,requesting nits when no mapping exists.]
09-20 06:52:35.704 I/am_wtf ( 1158): [0,1158,system_server,-1,DisplayDeviceConfig,requesting nits when no mapping exists.]
09-20 06:52:35.720 I/am_wtf ( 1158): [0,1158,system_server,-1,DisplayDeviceConfig,requesting nits when no mapping exists.]
09-20 06:52:35.721 I/am_wtf ( 1158): [0,1158,system_server,-1,DisplayDeviceConfig,requesting nits when no mapping exists.]
09-20 06:52:35.736 I/am_wtf ( 1158): [0,1158,system_server,-1,DisplayDeviceConfig,requesting nits when no mapping exists.]
09-20 06:52:35.737 I/am_wtf ( 1158): [0,1158,system_server,-1,DisplayDeviceConfig,requesting nits when no mapping exists.]
09-20 06:52:41.988 I/sysui_multi_action( 1158): [757,222,758,1]
09-20 06:52:42.006 I/wm_task_created( 1158): [115,-1]
09-20 06:52:42.010 I/wm_task_moved( 1158): [115,1,6]
09-20 06:52:42.010 I/wm_task_to_front( 1158): [0,115]
09-20 06:52:42.011 I/wm_create_task( 1158): [0,115]
09-20 06:52:42.011 I/wm_create_activity( 1158): [0,62055011,115,com.android.deskclock/android.service.dreams.DreamActivity,NULL,NULL,NULL,276824064]
09-20 06:52:42.011 I/wm_task_moved( 1158): [115,1,6]
09-20 06:52:42.012 I/wm_on_top_resumed_lost_called( 8801): [213932593,com.android.launcher3.uioverrides.QuickstepLauncher,topStateChangedWhenResumed]
09-20 06:52:42.013 I/wm_pause_activity( 1158): [0,213932593,com.android.launcher3/.uioverrides.QuickstepLauncher,userLeaving=true,pauseBackTasks]
09-20 06:52:42.018 I/am_pss ( 1158): [17269,10070,com.android.music,7401472,4595712,0,91713536,0,19,11]
09-20 06:52:42.020 I/wm_on_paused_called( 8801): [213932593,com.android.launcher3.uioverrides.QuickstepLauncher,performPause]
09-20 06:52:42.023 I/wm_add_to_stopping( 1158): [0,213932593,com.android.launcher3/.uioverrides.QuickstepLauncher,makeInvisible]
09-20 06:52:42.024 I/wm_restart_activity( 1158): [0,62055011,115,com.android.deskclock/android.service.dreams.DreamActivity]
09-20 06:52:42.025 I/wm_set_resumed_activity( 1158): [0,com.android.deskclock/android.service.dreams.DreamActivity,minimalResumeActivityLocked]
09-20 06:52:42.040 I/wm_on_create_called( 5400): [62055011,android.service.dreams.DreamActivity,performCreate]
09-20 06:52:42.040 I/wm_on_start_called( 5400): [62055011,android.service.dreams.DreamActivity,handleStartActivity]
09-20 06:52:42.042 I/wm_on_resume_called( 5400): [62055011,android.service.dreams.DreamActivity,RESUME_ACTIVITY]
09-20 06:52:42.049 I/sysui_multi_action( 1158): [757,803,799,window_time_0,802,60]
09-20 06:52:42.052 I/input_focus( 1158): [Focus leaving 4bde657 com.android.launcher3/com.android.launcher3.uioverrides.QuickstepLauncher (server),reason=NO_WINDOW]
09-20 06:52:42.057 I/wm_on_top_resumed_gained_called( 5400): [62055011,android.service.dreams.DreamActivity,topStateChangedWhenResumed]
09-20 06:52:42.074 I/sysui_multi_action( 2202): [757,111,758,2]
09-20 06:52:42.079 I/input_focus( 1158): [Focus request be741bf com.android.deskclock/android.service.dreams.DreamActivity,reason=UpdateInputWindows]
09-20 06:52:42.076 I/sysui_multi_action( 2202): [757,111,758,2]
09-20 06:52:42.090 I/sysui_multi_action( 2202): [757,111,758,1]
09-20 06:52:42.091 I/sysui_multi_action( 2202): [757,126,758,1,759,126,927,0,928,0,1593,1]
09-20 06:52:42.091 I/sysui_multi_action( 2202): [757,113,758,1,759,113,927,1,928,1,1593,1]
09-20 06:52:42.091 I/sysui_multi_action( 2202): [757,0,758,1,759,0,927,2,928,0,1593,1]
09-20 06:52:42.091 I/sysui_multi_action( 2202): [757,0,758,1,759,0,927,3,928,0,1593,1]
09-20 06:52:42.091 I/sysui_multi_action( 2202): [757,1706,758,1,759,1706,927,4,928,0,1593,1]
09-20 06:52:42.092 I/sysui_multi_action( 2202): [757,491,758,1,759,491,927,5,928,0,1311,-1,1593,0]
09-20 06:52:42.092 I/sysui_multi_action( 2202): [757,0,758,1,759,0,927,6,928,0,1593,0]
09-20 06:52:42.092 I/sysui_multi_action( 2202): [757,0,758,1,759,0,927,7,1593,0]
09-20 06:52:42.092 I/sysui_multi_action( 2202): [757,114,758,1,759,114,927,8,928,0,1593,0]
09-20 06:52:42.092 I/sysui_multi_action( 2202): [757,111,758,1]
09-20 06:52:42.092 I/sysui_multi_action( 2202): [757,126,758,1,759,126,927,0,928,0,1593,1]
09-20 06:52:42.092 I/sysui_multi_action( 2202): [757,113,758,1,759,113,927,1,928,1,1593,1]
09-20 06:52:42.093 I/sysui_multi_action( 2202): [757,0,758,1,759,0,927,2,928,0,1593,1]
09-20 06:52:42.093 I/sysui_multi_action( 2202): [757,0,758,1,759,0,927,3,928,0,1593,1]
09-20 06:52:42.099 I/sysui_multi_action( 1158): [319,89,322,88,325,10737,757,761,758,8,759,2,806,com.android.deskclock,871,android.service.dreams.DreamActivity,904,com.android.deskclock,905,0,1320,4,1321,1]
09-20 06:52:42.099 I/wm_activity_launch_time( 1158): [0,62055011,com.android.deskclock/android.service.dreams.DreamActivity,88]
09-20 06:52:42.101 I/sysui_multi_action( 1158): [757,1696,758,6,759,3]
09-20 06:52:42.106 I/am_wtf ( 1158): [0,1158,system_server,-1,DisplayDeviceConfig,requesting nits when no mapping exists.]
09-20 06:52:42.107 I/am_wtf ( 1158): [0,1158,system_server,-1,DisplayDeviceConfig,requesting nits when no mapping exists.]
09-20 06:52:42.118 I/am_wtf ( 1158): [0,1158,system_server,-1,DisplayDeviceConfig,requesting nits when no mapping exists.]
09-20 06:52:42.119 I/input_focus( 1158): [Focus entering be741bf com.android.deskclock/android.service.dreams.DreamActivity (server),reason=Window became focusable. Previous reason: NOT_VISIBLE]
09-20 06:52:42.119 I/am_wtf ( 1158): [0,1158,system_server,-1,DisplayDeviceConfig,requesting nits when no mapping exists.]
09-20 06:52:42.137 I/am_wtf ( 1158): [0,1158,system_server,-1,DisplayDeviceConfig,requesting nits when no mapping exists.]
09-20 06:52:42.138 I/am_wtf ( 1158): [0,1158,system_server,-1,DisplayDeviceConfig,requesting nits when no mapping exists.]
09-20 06:52:42.152 I/am_wtf ( 1158): [0,1158,system_server,-1,DisplayDeviceConfig,requesting nits when no mapping exists.]
09-20 06:52:42.153 I/am_wtf ( 1158): [0,1158,system_server,-1,DisplayDeviceConfig,requesting nits when no mapping exists.]
09-20 06:52:42.171 I/am_wtf ( 1158): [0,1158,system_server,-1,DisplayDeviceConfig,requesting nits when no mapping exists.]
09-20 06:52:42.172 I/am_wtf ( 1158): [0,1158,system_server,-1,DisplayDeviceConfig,requesting nits when no mapping exists.]
09-20 06:52:42.188 I/am_wtf ( 1158): [0,1158,system_server,-1,DisplayDeviceConfig,requesting nits when no mapping exists.]
09-20 06:52:42.190 I/am_wtf ( 1158): [0,1158,system_server,-1,DisplayDeviceConfig,requesting nits when no mapping exists.]
09-20 06:52:42.203 I/am_wtf ( 1158): [0,1158,system_server,-1,DisplayDeviceConfig,requesting nits when no mapping exists.]
09-20 06:52:42.207 I/am_wtf ( 1158): [0,1158,system_server,-1,DisplayDeviceConfig,requesting nits when no mapping exists.]
09-20 06:52:42.221 I/am_wtf ( 1158): [0,1158,system_server,-1,DisplayDeviceConfig,requesting nits when no mapping exists.]
09-20 06:52:42.223 I/am_wtf ( 1158): [0,1158,system_server,-1,DisplayDeviceConfig,requesting nits when no mapping exists.]
09-20 06:52:42.237 I/am_wtf ( 1158): [0,1158,system_server,-1,DisplayDeviceConfig,requesting nits when no mapping exists.]
09-20 06:52:42.238 I/am_wtf ( 1158): [0,1158,system_server,-1,DisplayDeviceConfig,requesting nits when no mapping exists.]
09-20 06:52:42.270 I/am_wtf ( 1158): [0,1158,system_server,-1,DisplayDeviceConfig,requesting nits when no mapping exists.]
09-20 06:52:42.274 I/am_wtf ( 1158): [0,1158,system_server,-1,DisplayDeviceConfig,requesting nits when no mapping exists.]
09-20 06:52:42.285 I/am_wtf ( 1158): [0,1158,system_server,-1,DisplayDeviceConfig,requesting nits when no mapping exists.]
09-20 06:52:42.287 I/am_wtf ( 1158): [0,1158,system_server,-1,DisplayDeviceConfig,requesting nits when no mapping exists.]
09-20 06:52:42.302 I/am_wtf ( 1158): [0,1158,system_server,-1,DisplayDeviceConfig,requesting nits when no mapping exists.]
09-20 06:52:42.303 I/am_wtf ( 1158): [0,1158,system_server,-1,DisplayDeviceConfig,requesting nits when no mapping exists.]
09-20 06:52:42.321 I/am_wtf ( 1158): [0,1158,system_server,-1,DisplayDeviceConfig,requesting nits when no mapping exists.]
09-20 06:52:42.322 I/am_wtf ( 1158): [0,1158,system_server,-1,DisplayDeviceConfig,requesting nits when no mapping exists.]
09-20 06:52:42.337 I/am_wtf ( 1158): [0,1158,system_server,-1,DisplayDeviceConfig,requesting nits when no mapping exists.]
09-20 06:52:42.339 I/am_wtf ( 1158): [0,1158,system_server,-1,DisplayDeviceConfig,requesting nits when no mapping exists.]
09-20 06:52:42.353 I/am_wtf ( 1158): [0,1158,system_server,-1,DisplayDeviceConfig,requesting nits when no mapping exists.]
09-20 06:52:42.354 I/am_wtf ( 1158): [0,1158,system_server,-1,DisplayDeviceConfig,requesting nits when no mapping exists.]
09-20 06:52:42.369 I/am_wtf ( 1158): [0,1158,system_server,-1,DisplayDeviceConfig,requesting nits when no mapping exists.]
09-20 06:52:42.370 I/am_wtf ( 1158): [0,1158,system_server,-1,DisplayDeviceConfig,requesting nits when no mapping exists.]
09-20 06:52:42.386 I/am_wtf ( 1158): [0,1158,system_server,-1,DisplayDeviceConfig,requesting nits when no mapping exists.]
09-20 06:52:42.388 I/am_wtf ( 1158): [0,1158,system_server,-1,DisplayDeviceConfig,requesting nits when no mapping exists.]
09-20 06:52:42.399 I/wm_stop_activity( 1158): [0,213932593,com.android.launcher3/.uioverrides.QuickstepLauncher]
09-20 06:52:42.407 I/am_wtf ( 1158): [0,1158,system_server,-1,DisplayDeviceConfig,requesting nits when no mapping exists.]
09-20 06:52:42.409 I/am_wtf ( 1158): [0,1158,system_server,-1,DisplayDeviceConfig,requesting nits when no mapping exists.]
09-20 06:52:42.422 I/am_wtf ( 1158): [0,1158,system_server,-1,DisplayDeviceConfig,requesting nits when no mapping exists.]
09-20 06:52:42.424 I/am_wtf ( 1158): [0,1158,system_server,-1,DisplayDeviceConfig,requesting nits when no mapping exists.]
09-20 06:52:42.424 I/wm_on_stop_called( 8801): [213932593,com.android.launcher3.uioverrides.QuickstepLauncher,STOP_ACTIVITY_ITEM]
09-20 06:52:42.436 I/am_wtf ( 1158): [0,1158,system_server,-1,DisplayDeviceConfig,requesting nits when no mapping exists.]
09-20 06:52:42.445 I/service_manager_stats( 1158): [100,104,7209]
09-20 06:52:42.445 I/am_wtf ( 1158): [0,1158,system_server,-1,DisplayDeviceConfig,requesting nits when no mapping exists.]
09-20 06:52:42.454 I/am_wtf ( 1158): [0,1158,system_server,-1,DisplayDeviceConfig,requesting nits when no mapping exists.]
09-20 06:52:42.455 I/am_wtf ( 1158): [0,1158,system_server,-1,DisplayDeviceConfig,requesting nits when no mapping exists.]
09-20 06:52:42.472 I/am_wtf ( 1158): [0,1158,system_server,-1,DisplayDeviceConfig,requesting nits when no mapping exists.]
09-20 06:52:42.474 I/am_wtf ( 1158): [0,1158,system_server,-1,DisplayDeviceConfig,requesting nits when no mapping exists.]
09-20 06:52:42.490 I/am_wtf ( 1158): [0,1158,system_server,-1,DisplayDeviceConfig,requesting nits when no mapping exists.]
09-20 06:52:42.492 I/am_wtf ( 1158): [0,1158,system_server,-1,DisplayDeviceConfig,requesting nits when no mapping exists.]
09-20 06:52:42.504 I/am_wtf ( 1158): [0,1158,system_server,-1,DisplayDeviceConfig,requesting nits when no mapping exists.]
09-20 06:52:42.505 I/am_wtf ( 1158): [0,1158,system_server,-1,DisplayDeviceConfig,requesting nits when no mapping exists.]
09-20 06:52:42.520 I/am_wtf ( 1158): [0,1158,system_server,-1,DisplayDeviceConfig,requesting nits when no mapping exists.]
09-20 06:52:42.522 I/am_wtf ( 1158): [0,1158,system_server,-1,DisplayDeviceConfig,requesting nits when no mapping exists.]
09-20 06:52:42.538 I/am_wtf ( 1158): [0,1158,system_server,-1,DisplayDeviceConfig,requesting nits when no mapping exists.]
09-20 06:52:42.539 I/am_wtf ( 1158): [0,1158,system_server,-1,DisplayDeviceConfig,requesting nits when no mapping exists.]
09-20 06:52:42.557 I/am_wtf ( 1158): [0,1158,system_server,-1,DisplayDeviceConfig,requesting nits when no mapping exists.]
09-20 06:52:42.559 I/am_wtf ( 1158): [0,1158,system_server,-1,DisplayDeviceConfig,requesting nits when no mapping exists.]
09-20 06:52:42.570 I/am_wtf ( 1158): [0,1158,system_server,-1,DisplayDeviceConfig,requesting nits when no mapping exists.]
09-20 06:52:42.572 I/am_wtf ( 1158): [0,1158,system_server,-1,DisplayDeviceConfig,requesting nits when no mapping exists.]
09-20 06:52:42.587 I/am_wtf ( 1158): [0,1158,system_server,-1,DisplayDeviceConfig,requesting nits when no mapping exists.]
09-20 06:52:42.589 I/am_wtf ( 1158): [0,1158,system_server,-1,DisplayDeviceConfig,requesting nits when no mapping exists.]
09-20 06:52:42.610 I/am_wtf ( 1158): [0,1158,system_server,-1,DisplayDeviceConfig,requesting nits when no mapping exists.]
09-20 06:52:42.612 I/am_wtf ( 1158): [0,1158,system_server,-1,DisplayDeviceConfig,requesting nits when no mapping exists.]
09-20 06:52:42.627 I/am_wtf ( 1158): [0,1158,system_server,-1,DisplayDeviceConfig,requesting nits when no mapping exists.]
09-20 06:52:42.628 I/am_wtf ( 1158): [0,1158,system_server,-1,DisplayDeviceConfig,requesting nits when no mapping exists.]
09-20 06:52:42.638 I/am_wtf ( 1158): [0,1158,system_server,-1,DisplayDeviceConfig,requesting nits when no mapping exists.]
09-20 06:52:42.639 I/am_wtf ( 1158): [0,1158,system_server,-1,DisplayDeviceConfig,requesting nits when no mapping exists.]
09-20 06:52:42.656 I/am_wtf ( 1158): [0,1158,system_server,-1,DisplayDeviceConfig,requesting nits when no mapping exists.]
09-20 06:52:42.658 I/am_wtf ( 1158): [0,1158,system_server,-1,DisplayDeviceConfig,requesting nits when no mapping exists.]
09-20 06:52:42.671 I/am_wtf ( 1158): [0,1158,system_server,-1,DisplayDeviceConfig,requesting nits when no mapping exists.]
09-20 06:52:42.673 I/am_wtf ( 1158): [0,1158,system_server,-1,DisplayDeviceConfig,requesting nits when no mapping exists.]
09-20 06:52:42.689 I/am_wtf ( 1158): [0,1158,system_server,-1,DisplayDeviceConfig,requesting nits when no mapping exists.]
09-20 06:52:42.690 I/am_wtf ( 1158): [0,1158,system_server,-1,DisplayDeviceConfig,requesting nits when no mapping exists.]
09-20 06:52:42.705 I/am_wtf ( 1158): [0,1158,system_server,-1,DisplayDeviceConfig,requesting nits when no mapping exists.]
09-20 06:52:42.706 I/am_wtf ( 1158): [0,1158,system_server,-1,DisplayDeviceConfig,requesting nits when no mapping exists.]
09-20 06:52:42.721 I/am_wtf ( 1158): [0,1158,system_server,-1,DisplayDeviceConfig,requesting nits when no mapping exists.]
09-20 06:52:42.722 I/am_wtf ( 1158): [0,1158,system_server,-1,DisplayDeviceConfig,requesting nits when no mapping exists.]
09-20 06:52:42.739 I/am_wtf ( 1158): [0,1158,system_server,-1,DisplayDeviceConfig,requesting nits when no mapping exists.]
09-20 06:52:42.744 I/am_wtf ( 1158): [0,1158,system_server,-1,DisplayDeviceConfig,requesting nits when no mapping exists.]
09-20 06:52:42.755 I/am_wtf ( 1158): [0,1158,system_server,-1,DisplayDeviceConfig,requesting nits when no mapping exists.]
09-20 06:52:42.757 I/am_wtf ( 1158): [0,1158,system_server,-1,DisplayDeviceConfig,requesting nits when no mapping exists.]
09-20 06:52:42.773 I/am_wtf ( 1158): [0,1158,system_server,-1,DisplayDeviceConfig,requesting nits when no mapping exists.]
09-20 06:52:42.774 I/am_wtf ( 1158): [0,1158,system_server,-1,DisplayDeviceConfig,requesting nits when no mapping exists.]
09-20 06:52:42.789 I/am_wtf ( 1158): [0,1158,system_server,-1,DisplayDeviceConfig,requesting nits when no mapping exists.]
09-20 06:52:42.793 I/am_wtf ( 1158): [0,1158,system_server,-1,DisplayDeviceConfig,requesting nits when no mapping exists.]
09-20 06:52:42.805 I/am_wtf ( 1158): [0,1158,system_server,-1,DisplayDeviceConfig,requesting nits when no mapping exists.]
09-20 06:52:42.807 I/am_wtf ( 1158): [0,1158,system_server,-1,DisplayDeviceConfig,requesting nits when no mapping exists.]
09-20 06:52:42.826 I/am_wtf ( 1158): [0,1158,system_server,-1,DisplayDeviceConfig,requesting nits when no mapping exists.]
09-20 06:52:42.827 I/am_wtf ( 1158): [0,1158,system_server,-1,DisplayDeviceConfig,requesting nits when no mapping exists.]
09-20 06:52:42.845 I/am_wtf ( 1158): [0,1158,system_server,-1,DisplayDeviceConfig,requesting nits when no mapping exists.]
09-20 06:52:42.846 I/am_wtf ( 1158): [0,1158,system_server,-1,DisplayDeviceConfig,requesting nits when no mapping exists.]
09-20 06:52:42.861 I/am_wtf ( 1158): [0,1158,system_server,-1,DisplayDeviceConfig,requesting nits when no mapping exists.]
09-20 06:52:42.862 I/am_wtf ( 1158): [0,1158,system_server,-1,DisplayDeviceConfig,requesting nits when no mapping exists.]
09-20 06:52:42.871 I/am_wtf ( 1158): [0,1158,system_server,-1,DisplayDeviceConfig,requesting nits when no mapping exists.]
09-20 06:52:42.872 I/am_wtf ( 1158): [0,1158,system_server,-1,DisplayDeviceConfig,requesting nits when no mapping exists.]
09-20 06:52:42.888 I/am_wtf ( 1158): [0,1158,system_server,-1,DisplayDeviceConfig,requesting nits when no mapping exists.]
09-20 06:52:42.890 I/am_wtf ( 1158): [0,1158,system_server,-1,DisplayDeviceConfig,requesting nits when no mapping exists.]
09-20 06:52:42.905 I/am_wtf ( 1158): [0,1158,system_server,-1,DisplayDeviceConfig,requesting nits when no mapping exists.]
09-20 06:52:42.906 I/am_wtf ( 1158): [0,1158,system_server,-1,DisplayDeviceConfig,requesting nits when no mapping exists.]
09-20 06:52:42.922 I/am_wtf ( 1158): [0,1158,system_server,-1,DisplayDeviceConfig,requesting nits when no mapping exists.]
09-20 06:52:42.928 I/am_wtf ( 1158): [0,1158,system_server,-1,DisplayDeviceConfig,requesting nits when no mapping exists.]
09-20 06:52:42.938 I/am_wtf ( 1158): [0,1158,system_server,-1,DisplayDeviceConfig,requesting nits when no mapping exists.]
09-20 06:52:42.939 I/am_wtf ( 1158): [0,1158,system_server,-1,DisplayDeviceConfig,requesting nits when no mapping exists.]
09-20 06:52:42.960 I/am_wtf ( 1158): [0,1158,system_server,-1,DisplayDeviceConfig,requesting nits when no mapping exists.]
09-20 06:52:42.962 I/am_wtf ( 1158): [0,1158,system_server,-1,DisplayDeviceConfig,requesting nits when no mapping exists.]
09-20 06:52:42.972 I/am_wtf ( 1158): [0,1158,system_server,-1,DisplayDeviceConfig,requesting nits when no mapping exists.]
09-20 06:52:42.973 I/am_wtf ( 1158): [0,1158,system_server,-1,DisplayDeviceConfig,requesting nits when no mapping exists.]
09-20 06:52:42.989 I/am_wtf ( 1158): [0,1158,system_server,-1,DisplayDeviceConfig,requesting nits when no mapping exists.]
09-20 06:52:42.991 I/am_wtf ( 1158): [0,1158,system_server,-1,DisplayDeviceConfig,requesting nits when no mapping exists.]
09-20 06:52:43.005 I/am_wtf ( 1158): [0,1158,system_server,-1,DisplayDeviceConfig,requesting nits when no mapping exists.]
09-20 06:52:43.006 I/am_wtf ( 1158): [0,1158,system_server,-1,DisplayDeviceConfig,requesting nits when no mapping exists.]
09-20 06:52:43.021 I/am_wtf ( 1158): [0,1158,system_server,-1,DisplayDeviceConfig,requesting nits when no mapping exists.]
09-20 06:52:43.023 I/am_wtf ( 1158): [0,1158,system_server,-1,DisplayDeviceConfig,requesting nits when no mapping exists.]
09-20 06:52:43.038 I/am_wtf ( 1158): [0,1158,system_server,-1,DisplayDeviceConfig,requesting nits when no mapping exists.]
09-20 06:52:43.041 I/am_wtf ( 1158): [0,1158,system_server,-1,DisplayDeviceConfig,requesting nits when no mapping exists.]
09-20 06:52:43.057 I/am_wtf ( 1158): [0,1158,system_server,-1,DisplayDeviceConfig,requesting nits when no mapping exists.]
09-20 06:52:43.058 I/am_wtf ( 1158): [0,1158,system_server,-1,DisplayDeviceConfig,requesting nits when no mapping exists.]
09-20 06:53:44.711 I/auditd ( 591): type=1400 audit(0.0:1014): avc: denied { read } for comm="Binder:591_2" name="wakeup58" dev="sysfs" ino=89685 scontext=u:r:system_suspend:s0 tcontext=u:object_r:sysfs:s0 tclass=dir permissive=0
09-20 06:53:44.715 I/auditd ( 591): type=1400 audit(0.0:1015): avc: denied { read } for comm="Binder:591_2" name="wakeup4" dev="sysfs" ino=52927 scontext=u:r:system_suspend:s0 tcontext=u:object_r:sysfs:s0 tclass=dir permissive=0
09-20 06:53:44.715 I/auditd ( 591): type=1400 audit(0.0:1016): avc: denied { read } for comm="Binder:591_2" name="wakeup38" dev="sysfs" ino=72782 scontext=u:r:system_suspend:s0 tcontext=u:object_r:sysfs:s0 tclass=dir permissive=0
09-20 06:53:44.788 I/commit_sys_config_file( 1158): [batterystats,11]
09-20 06:53:44.792 I/commit_sys_config_file( 1158): [batterystats,3]
09-20 06:53:44.715 I/auditd ( 591): type=1400 audit(0.0:1017): avc: denied { read } for comm="Binder:591_2" name="wakeup28" dev="sysfs" ino=62538 scontext=u:r:system_suspend:s0 tcontext=u:object_r:sysfs:s0 tclass=dir permissive=0
09-20 06:53:44.715 I/auditd ( 591): type=1400 audit(0.0:1018): avc: denied { read } for comm="Binder:591_2" name="wakeup56" dev="sysfs" ino=89613 scontext=u:r:system_suspend:s0 tcontext=u:object_r:sysfs:s0 tclass=dir permissive=0
09-20 06:58:07.795 I/input_interaction( 1158): Interaction with: be741bf com.android.deskclock/android.service.dreams.DreamActivity (server), edge-swipe (server), swipe-up (server), PointerEventDispatcher0 (server),
09-20 06:58:07.804 I/wm_finish_activity( 1158): [0,62055011,115,com.android.deskclock/android.service.dreams.DreamActivity,finish-activity]
09-20 06:58:07.804 I/wm_task_moved( 1158): [1,1,5]
09-20 06:58:07.805 I/wm_task_moved( 1158): [44,1,2147483647]
09-20 06:58:07.806 I/wm_task_to_front( 1158): [0,44]
09-20 06:58:07.806 I/wm_focused_root_task( 1158): [0,0,1,115,finish-top adjustFocusToNextFocusableTask]
09-20 06:58:07.806 I/wm_set_resumed_activity( 1158): [0,com.android.launcher3/.uioverrides.QuickstepLauncher,finish-top adjustFocusToNextFocusableTask]
09-20 06:58:07.808 I/wm_pause_activity( 1158): [0,62055011,com.android.deskclock/android.service.dreams.DreamActivity,userLeaving=false,finish]
09-20 06:58:07.817 I/wm_on_top_resumed_lost_called( 5400): [62055011,android.service.dreams.DreamActivity,topStateChangedWhenResumed]
09-20 06:58:07.820 I/wm_on_paused_called( 5400): [62055011,android.service.dreams.DreamActivity,performPause]
09-20 06:58:07.822 I/wm_add_to_stopping( 1158): [0,62055011,com.android.deskclock/android.service.dreams.DreamActivity,completeFinishing]
09-20 06:58:07.826 I/wm_set_resumed_activity( 1158): [0,com.android.launcher3/.uioverrides.QuickstepLauncher,resumeTopActivityInnerLocked]
09-20 06:58:07.828 I/wm_resume_activity( 1158): [0,213932593,44,com.android.launcher3/.uioverrides.QuickstepLauncher]
09-20 06:58:07.835 I/view_enqueue_input_event( 5400): [Motion - Cancel,com.android.deskclock/android.service.dreams.DreamActivity]
09-20 06:58:07.836 I/input_focus( 1158): [Focus leaving be741bf com.android.deskclock/android.service.dreams.DreamActivity (server),reason=NO_WINDOW]
09-20 06:58:07.841 I/sysui_multi_action( 1158): [757,803,799,window_time_0,802,326]
09-20 06:58:07.843 I/input_interaction( 1158): Interaction with: edge-swipe (server), swipe-up (server), PointerEventDispatcher0 (server),
09-20 06:58:07.852 I/wm_on_restart_called( 8801): [213932593,com.android.launcher3.uioverrides.QuickstepLauncher,performRestartActivity]
09-20 06:58:07.852 I/wm_on_start_called( 8801): [213932593,com.android.launcher3.uioverrides.QuickstepLauncher,handleStartActivity]
09-20 06:58:07.853 I/wm_on_resume_called( 8801): [213932593,com.android.launcher3.uioverrides.QuickstepLauncher,RESUME_ACTIVITY]
09-20 06:58:07.853 I/wm_on_top_resumed_gained_called( 8801): [213932593,com.android.launcher3.uioverrides.QuickstepLauncher,topWhenResuming]
09-20 06:58:07.855 I/sysui_multi_action( 1158): [757,803,799,window_time_0,802,0]
09-20 06:58:07.880 I/input_focus( 1158): [Focus request 4bde657 com.android.launcher3/com.android.launcher3.uioverrides.QuickstepLauncher,reason=UpdateInputWindows]
09-20 06:58:07.904 I/input_focus( 1158): [Focus entering 4bde657 com.android.launcher3/com.android.launcher3.uioverrides.QuickstepLauncher (server),reason=Window became focusable. Previous reason: NOT_VISIBLE]
09-20 06:58:07.976 I/commit_sys_config_file( 1158): [procstats,64]
09-20 06:58:08.146 I/wm_destroy_activity( 1158): [0,62055011,115,com.android.deskclock/android.service.dreams.DreamActivity,finish-imm:idle]
09-20 06:58:08.168 I/wm_on_stop_called( 5400): [62055011,android.service.dreams.DreamActivity,LIFECYCLER_STOP_ACTIVITY]
09-20 06:58:08.169 I/wm_on_destroy_called( 5400): [62055011,android.service.dreams.DreamActivity,performDestroy]
09-20 06:58:08.184 I/sysui_multi_action( 1158): [757,222,758,2]
09-20 06:58:08.184 I/sysui_multi_action( 1158): [757,804,799,dreaming_minutes,801,5,802,1]
09-20 06:58:08.207 I/wm_task_removed( 1158): [115,removeChild:removeChild last r=ActivityRecord{3b2e263 u0 com.android.deskclock/android.service.dreams.DreamActivity t-1 f}} in t=Task{a1c04bc #115 type=dream A=10066:android:com.android.deskclock/dream U=0 visible=false mode=fullscreen translucent=true sz=0}]
09-20 06:58:08.207 I/wm_task_removed( 1158): [115,removeChild]
09-20 06:58:08.739 I/am_meminfo( 1158): [2141724672,3042476032,12288,836276224,670281728]
09-20 06:58:08.756 I/am_pss ( 1158): [3425,10029,com.sohu.inputmethod.sogou.car,68706304,37928960,0,149434368,2,7,14]
09-20 06:58:08.769 I/am_pss ( 1158): [17269,10070,com.android.music,7401472,4595712,0,91713536,2,19,11]
09-20 06:58:08.782 I/am_pss ( 1158): [3535,10099,com.android.providers.media.module,22062080,16584704,0,128643072,2,0,11]
09-20 06:58:08.796 I/am_pss ( 1158): [17155,1000,com.android.settings,20393984,10399744,0,114024448,2,19,11]
09-20 06:58:08.807 I/am_pss ( 1158): [17145,10065,com.android.gallery3d,8419328,5279744,0,94687232,2,19,9]
09-20 06:58:08.818 I/am_pss ( 1158): [16467,1000,com.qti.diagservices,7147520,4063232,0,94982144,2,10,9]
09-20 06:58:08.833 I/am_pss ( 1158): [2198,1002,com.android.bluetooth,31112192,25153536,0,138821632,2,0,13]
09-20 06:58:08.844 I/am_pss ( 1158): [3451,10076,com.qualcomm.location.XT,7574528,4767744,0,94498816,2,6,9]
09-20 06:58:08.855 I/am_pss ( 1158): [4140,2000,com.android.shell,6847488,4194304,0,91688960,2,19,8]
09-20 06:58:08.866 I/am_pss ( 1158): [4121,10034,com.android.packageinstaller,8174592,5570560,0,92286976,2,19,9]
09-20 06:58:08.876 I/am_pss ( 1158): [3596,10027,com.android.managedprovisioning,10419200,7614464,0,97083392,2,19,9]
09-20 06:58:08.888 I/am_pss ( 1158): [3392,10089,com.qualcomm.qti.workloadclassifier,13286400,9801728,0,105086976,2,0,9]
09-20 06:58:08.899 I/am_pss ( 1158): [3379,10090,com.qualcomm.qti.qccnetstat,7131136,4378624,0,92635136,2,0,10]
09-20 06:58:08.910 I/am_pss ( 1158): [3355,10086,com.qualcomm.qti.services.systemhelper:systemhelper_service,7444480,4624384,0,95088640,2,0,9]
09-20 06:58:08.921 I/am_pss ( 1158): [3332,10051,.pasr,6346752,3715072,0,90517504,2,0,9]
09-20 06:58:08.932 I/am_pss ( 1158): [3301,10053,ts.car.uart,7148544,4513792,0,91795456,2,0,8]
09-20 06:58:08.944 I/am_pss ( 1158): [3004,10100,android.ext.services,17987584,6578176,0,136048640,2,5,11]
09-20 06:58:08.956 I/am_pss ( 1158): [3089,10077,com.qualcomm.location,11590656,7819264,0,105558016,2,0,10]
09-20 06:58:08.968 I/am_pss ( 1158): [2679,1000,com.qualcomm.qti.qdma,11460608,7221248,0,108392448,2,0,10]
09-20 06:58:08.979 I/am_pss ( 1158): [3970,10074,com.qualcomm.qti.devicestatisticsservice,6358016,3678208,0,89956352,2,0,9]
09-20 06:58:08.990 I/am_pss ( 1158): [2650,1000,com.thundercomm.remotecontrolservice,10912768,7593984,0,102719488,2,0,9]
09-20 06:58:09.002 I/am_pss ( 1158): [2615,1068,com.android.se,6835200,4108288,0,92823552,2,0,9]
09-20 06:58:09.013 I/am_pss ( 1158): [2578,10094,com.qti.qualcomm.mstatssystemservice,6503424,3870720,0,90890240,2,0,9]
09-20 06:58:09.024 I/am_pss ( 1158): [2559,1000,vendor.qti.qesdk.sysservice,6635520,3878912,0,92520448,2,0,9]
09-20 06:58:09.036 I/am_pss ( 1158): [2499,10059,.qtidataservices,6897664,4210688,0,92733440,2,0,10]
09-20 06:58:09.047 I/am_pss ( 1158): [2497,1001,.dataservices,8982528,6164480,0,95662080,2,0,9]
09-20 06:58:09.061 I/am_pss ( 1158): [2481,1000,com.thundercomm.microservice,24477696,19820544,0,123756544,2,0,11]
09-20 06:58:09.073 I/am_pss ( 1158): [2429,1073,com.android.networkstack.process,12273664,8589312,0,105955328,2,0,10]
09-20 06:58:09.098 I/am_pss ( 1158): [2202,10087,com.android.systemui,127500288,99471360,0,305737728,2,0,21]
09-20 06:58:09.134 I/am_pss ( 1158): [1158,1000,system,233981952,137392128,0,563965952,2,0,31]
09-20 06:58:10.313 I/input_interaction( 1158): Interaction with: 4bde657 com.android.launcher3/com.android.launcher3.uioverrides.QuickstepLauncher (server), 93416c5 com.android.systemui.ImageWallpaper (server), edge-swipe (server), swipe-up (server), PointerEventDispatcher0 (server),
09-20 06:58:13.323 I/service_manager_stats( 1158): [100,110,330878]
09-20 06:58:15.150 I/view_enqueue_input_event( 8801): [Motion - Cancel,com.android.launcher3/com.android.launcher3.uioverrides.QuickstepLauncher]
09-20 06:58:15.152 I/input_interaction( 1158): Interaction with: edge-swipe (server), swipe-up (server), PointerEventDispatcher0 (server),
09-20 06:58:16.735 I/input_interaction( 1158): Interaction with: 4bde657 com.android.launcher3/com.android.launcher3.uioverrides.QuickstepLauncher (server), 93416c5 com.android.systemui.ImageWallpaper (server), edge-swipe (server), swipe-up (server), PointerEventDispatcher0 (server), --------- beginning of kernel
01-01 11:08:16.009 I/init ( 0): starting service 'qvrd_vndr'...
01-01 11:08:16.016 I/init ( 0): Created socket '/dev/socket/qvrservice_vndr', mode 660, user 1000, group 1000
01-01 11:08:16.026 I/init ( 0): Created socket '/dev/socket/qvrservice_vndr_camera', mode 660, user 1000, group 1000 --------- beginning of main
09-20 06:58:24.645 I/HWebSocketClient( 2481): WEBclient: onFailed
09-20 06:58:24.649 I/ResponseWebSocketHandler( 2481): ResponseWebSocketHandler start
09-20 06:58:24.649 I/HttpContext( 2481): getIResponseJson :com.thundercomm.microservice.MicroServiceProxy@60d04ef
09-20 06:58:24.650 I/ResponseWebSocketHandler( 2481): ResponseWebSocketHandler mResponseJson: com.thundercomm.microservice.MicroServiceProxy@60d04ef
09-20 06:58:24.651 I/System.out( 2481): handler is: com.thundercomm.microservice.netty.client.handler.webSocket.ResponseWebSocketHandler@988be73
09-20 06:58:24.654 I/HttpContext( 2481): getIResponseJson :com.thundercomm.microservice.MicroServiceProxy@60d04ef
09-20 06:58:24.655 I/ResponseHandler( 2481): ResponseHandler() :com.thundercomm.microservice.MicroServiceProxy@60d04ef
01-01 11:08:16.053 I/init ( 0): starting service 'sxrd'...
09-20 06:58:24.665 W/NioEventLoop( 2481): Selector.select() returned prematurely 512 times in a row; rebuilding Selector io.netty.channel.nio.SelectedSelectionKeySetSelector@eb6432e.
09-20 06:58:24.667 I/NioEventLoop( 2481): Migrated 1 channel(s) to the new Selector.
01-01 11:08:16.069 I/init ( 0): starting service 'vendor.light-hal-2-0'... --------- beginning of crash
09-20 06:58:24.697 F/linker (17762): CANNOT LINK EXECUTABLE "/vendor/bin/hw/qvrservice": library "vendor.qti.hardware.qxr-V1-ndk_platform.so" not found: needed by /vendor/lib64/libqvrservice.so in namespace (default)
01-01 11:08:16.091 I/init ( 0): Service 'qvrd_vndr' (pid 17762) exited with status 1
01-01 11:08:16.098 I/init ( 0): Sending signal 9 to service 'qvrd_vndr' (pid 17762) process group...
09-20 06:58:24.708 F/linker (17763): CANNOT LINK EXECUTABLE "/vendor/bin/hw/sxrservice": library "vendor.qti.hardware.qxr-V1-ndk_platform.so" not found: needed by main executable
01-01 11:08:16.106 I/libprocessgroup( 0): Successfully killed process cgroup uid 1000 pid 17762 in 0ms
09-20 06:58:24.737 I/hwservicemanager( 520): getTransport: Cannot find entry android.hardware.light@2.0::ILight/default in either framework or device VINTF manifest.
01-01 11:08:16.117 I/init ( 0): Service 'sxrd' (pid 17763) exited with status 1
01-01 11:08:16.123 I/init ( 0): Sending signal 9 to service 'sxrd' (pid 17763) process group...
09-20 06:58:24.740 E/light (17764): light_open lights keyboard failed: -22
09-20 06:58:24.740 E/light (17764): Light passthrough failed to load legacy HAL.
09-20 06:58:24.741 E/light (17764): light_open lights buttons failed: -22
09-20 06:58:24.741 E/light (17764): Light passthrough failed to load legacy HAL.
09-20 06:58:24.743 E/light (17764): light_open lights bluetooth failed: -22
09-20 06:58:24.743 E/light (17764): Light passthrough failed to load legacy HAL.
09-20 06:58:24.743 E/light (17764): light_open lights wifi failed: -22
09-20 06:58:24.743 E/light (17764): Light passthrough failed to load legacy HAL.
09-20 06:58:24.745 I/hwservicemanager( 520): getTransport: Cannot find entry android.hardware.light@2.0::ILight/default in either framework or device VINTF manifest.
09-20 06:58:24.745 E/HidlServiceManagement(17764): Service android.hardware.light@2.0::ILight/default must be in VINTF manifest in order to register/get.
09-20 06:58:24.745 E/LegacySupport(17764): Could not register service android.hardware.light@2.0::ILight/default (-2147483648).
01-01 11:08:16.472 D/ ( 0): mv2112_read_status
01-01 11:08:16.475 D/mv2112_update_link( 0): 3.0x901(1G): 0x80
01-01 11:08:16.481 D/mv2112_update_link( 0): 3.0x8109(100M): 0x0
01-01 11:08:16.486 D/mv2112_update_link( 0): link 0x0
01-01 11:08:16.490 D/mv2112_read_status( 0): autoneg is disabled
09-20 06:58:25.477 I/mpu_uart( 674): [MSG-P:RECV]:No message received in 1000 ms
01-01 11:08:16.952 I/logd ( 0): logdr: UID=2000 GID=2000 PID=17765 b tail=0 logMask=bf pid=0 start=0ns deadline=0ns
09-20 06:58:25.973 I/mpu_uart( 674): [MSG-P:R]:recv sync frame timeout
01-01 11:08:17.495 D/ ( 0): mv2112_read_status
01-01 11:08:17.499 D/mv2112_update_link( 0): 3.0x901(1G): 0x80
01-01 11:08:17.504 D/mv2112_update_link( 0): 3.0x8109(100M): 0x0
01-01 11:08:17.509 D/mv2112_update_link( 0): link 0x0
01-01 11:08:17.513 D/mv2112_read_status( 0): autoneg is disabled
01-01 11:08:17.639 I/IRQ 5 ( 0): no longer affine to CPU6
09-20 06:58:26.478 I/mpu_uart( 674): [MSG-P:RECV]:No message received in 1000 ms
09-20 06:58:26.717 I/HttpClient( 2481): onFailed
09-20 06:58:26.718 I/MicroService( 2481): sendConnectStateBroadCast() state0
09-20 06:58:26.723 I/MicroService( 2481): onNettyConnectState0
09-20 06:58:26.723 I/MicroService( 2481): onNettyConnectState count = 0
01-01 11:08:18.520 D/ ( 0): mv2112_read_status
01-01 11:08:18.524 D/mv2112_update_link( 0): 3.0x901(1G): 0x80
01-01 11:08:18.529 D/mv2112_update_link( 0): 3.0x8109(100M): 0x0
01-01 11:08:18.534 D/mv2112_update_link( 0): link 0x0
01-01 11:08:18.539 D/mv2112_read_status( 0): autoneg is disabled
09-20 06:58:27.479 I/mpu_uart( 674): [MSG-P:RECV]:No message received in 1000 ms
09-20 06:58:27.717 I/HWebSocketClient( 2481): WEBclient: onFailed
09-20 06:58:27.722 I/ResponseWebSocketHandler( 2481): ResponseWebSocketHandler start
09-20 06:58:27.722 I/HttpContext( 2481): getIResponseJson :com.thundercomm.microservice.MicroServiceProxy@60d04ef
09-20 06:58:27.722 I/ResponseWebSocketHandler( 2481): ResponseWebSocketHandler mResponseJson: com.thundercomm.microservice.MicroServiceProxy@60d04ef
09-20 06:58:27.723 I/System.out( 2481): handler is: com.thundercomm.microservice.netty.client.handler.webSocket.ResponseWebSocketHandler@2e7643a
09-20 06:58:27.725 I/HttpContext( 2481): getIResponseJson :com.thundercomm.microservice.MicroServiceProxy@60d04ef
09-20 06:58:27.726 I/ResponseHandler( 2481): ResponseHandler() :com.thundercomm.microservice.MicroServiceProxy@60d04ef
09-20 06:58:27.739 W/NioEventLoop( 2481): Selector.select() returned prematurely 512 times in a row; rebuilding Selector io.netty.channel.nio.SelectedSelectionKeySetSelector@28a9ce1.
09-20 06:58:27.740 I/NioEventLoop( 2481): Migrated 1 channel(s) to the new Selector.
09-20 06:58:27.786 E/FrameEvents( 8801): updateAcquireFence: Did not find frame.
09-20 06:58:27.825 D/vendor.qti.vibrator( 1012): Vibrator perform effect 5
09-20 06:58:27.846 D/vendor.qti.vibrator( 1012): Vibrator on for timeoutMs: 21
09-20 06:58:27.847 D/vendor.qti.vibrator( 1012): Starting on on another thread
09-20 06:58:27.868 D/vendor.qti.vibrator( 1012): Notifying on complete
09-20 06:58:27.870 D/vendor.qti.vibrator( 1012): QTI Vibrator off
01-01 11:08:19.543 D/ ( 0): mv2112_read_status
01-01 11:08:19.547 D/mv2112_update_link( 0): 3.0x901(1G): 0x80
01-01 11:08:19.553 D/mv2112_update_link( 0): 3.0x8109(100M): 0x0
01-01 11:08:19.560 D/mv2112_update_link( 0): link 0x0
01-01 11:08:19.564 D/mv2112_read_status( 0): autoneg is disabled
09-20 06:58:28.271 D/FlingToDeleteHelper( 8801): isFlingToDelete = false
09-20 06:58:28.479 I/mpu_uart( 674): [MSG-P:RECV]:No message received in 1000 ms
09-20 06:58:28.977 I/mpu_uart( 674): [MSG-P:R]:recv sync frame timeout
01-01 11:08:20.568 D/ ( 0): mv2112_read_status
01-01 11:08:20.571 D/mv2112_update_link( 0): 3.0x901(1G): 0x80
01-01 11:08:20.578 D/mv2112_update_link( 0): 3.0x8109(100M): 0x0
01-01 11:08:20.584 D/mv2112_update_link( 0): link 0x0
01-01 11:08:20.588 D/mv2112_read_status( 0): autoneg is disabled
09-20 06:58:29.480 I/mpu_uart( 674): [MSG-P:RECV]:No message received in 1000 ms --------- beginning of system
09-20 06:58:29.585 I/ActivityTaskManager( 1158): START u0 {flg=0x18001000 cmp=com.android.settings/.Settings} from uid 10085
09-20 06:58:29.586 I/EventSequenceValidator( 1158): inc AccIntentStartedEvents to 2
09-20 06:58:29.590 D/audio_hw_primary( 829): start_output_stream: enter: stream(0xebdc64c0)usecase(1: low-latency-playback) devices(0x2) is_haptic_usecase(0)
09-20 06:58:29.591 E/ANDR-PERF-TARGET( 992): Error: Invalid logical cluster id 0
09-20 06:58:29.591 E/ANDR-PERF-REQUEST( 992): invalid request
09-20 06:58:29.591 E/ANDR-PERF-MPCTL( 992): invalid request, no optimizations performed
09-20 06:58:29.592 E/audio_hw_extn( 829): audio_extn_perf_lock_acquire: Failed to acquire perf lock, err: -1
09-20 06:58:29.592 D/audio_hw_primary( 829): select_devices for use case (low-latency-playback)
09-20 06:58:29.592 I/msm8974_platform( 829): platform_check_and_set_codec_backend_cfg:becf: afe: bitwidth 16, samplerate 48000 channels 2, backend_idx 0 usecase = 1 device (speaker)
09-20 06:58:29.592 D/msm8974_platform( 829): platform_split_snd_device: snd_device(2) num devices(1) new_snd_devices(0)
09-20 06:58:29.592 I/msm8974_platform( 829): platform_check_and_set_codec_backend_cfg: new_snd_devices[0] is 2
09-20 06:58:29.592 I/msm8974_platform( 829): platform_check_codec_backend_cfg:becf: afe: bitwidth 16, samplerate 48000 channels 2, backend_idx 0 usecase = 1 device (speaker)
09-20 06:58:29.594 D/audio_hw_extn( 829): audio_extn_enable_hifi_filter: mixer_value set 0
09-20 06:58:29.594 D/msm8974_platform( 829): platform_check_codec_backend_cfg:becf: updated afe: bitwidth 16, samplerate 48000 channels 2,backend_idx 0 usecase = 1 device (speaker)
09-20 06:58:29.594 D/msm8974_platform( 829): platform_check_codec_backend_cfg:becf: afe: playback on codec device not supporting native playback set default Sample Rate(48k)
09-20 06:58:29.594 I/msm8974_platform( 829): platform_check_codec_backend_cfg:becf: afe: Codec selected backend: 0 updated bit width: 16 and sample rate: 48000
09-20 06:58:29.595 D/audio_hw_primary( 829): check_usecases_codec_backend:becf: force routing 0
09-20 06:58:29.595 E/msm8974_platform( 829): platform_check_backends_match: Invalid snd_device =
09-20 06:58:29.595 D/audio_hw_primary( 829): check_usecases_codec_backend:becf: (78) check_usecases curr device: speaker, usecase device: backends match 0
09-20 06:58:29.595 D/audio_hw_primary( 829): check_usecases_codec_backend:becf: check_usecases num.of Usecases to switch 0
09-20 06:58:29.595 D/hardware_info( 829): hw_info_append_hw_type : device_name = speaker
09-20 06:58:29.595 D/msm8974_platform( 829): platform_split_snd_device: snd_device(2) num devices(0) new_snd_devices(0)
09-20 06:58:29.595 D/audio_hw_primary( 829): enable_snd_device: snd_device(2: speaker)
09-20 06:58:29.595 D/msm8974_platform( 829): platform_get_island_cfg_on_device:island cfg status on snd_device = (speaker 0)
09-20 06:58:29.595 I/soundtrigger( 829): audio_extn_sound_trigger_update_device_status: device 0x2 of type 0 for Event 1, with Raise=0
09-20 06:58:29.595 D/audio_route( 829): Apply path: speaker
09-20 06:58:29.595 I/audio_hw_utils( 829): audio_extn_utils_update_stream_output_app_type_cfg Allowing 24 and above bits playback on speaker ONLY at default sampling rate
09-20 06:58:29.595 E/soundtrigger( 829): audio_extn_sound_trigger_update_stream_status: invalid input device 0x0, for event 3
09-20 06:58:29.595 D/soundtrigger( 829): audio_extn_sound_trigger_update_stream_status: uc_info->id 1 of type 0 for Event 3, with Raise=0
09-20 06:58:29.595 D/audio_hw_utils( 829): audio_extn_utils_send_app_type_cfg: usecase->out_snd_device speaker
09-20 06:58:29.595 D/msm8974_platform( 829): platform_split_snd_device: snd_device(2) num devices(0) new_snd_devices(0)
09-20 06:58:29.596 D/audio_hw_utils( 829): audio_extn_btsco_get_sample_rate:Not a BT SCO device, need not update sampling rate
09-20 06:58:29.596 I/audio_hw_utils( 829): send_app_type_cfg_for_device PLAYBACK app_type 69937, acdb_dev_id 15, sample_rate 48000, snd_device_be_idx 179
09-20 06:58:29.597 D/msm8974_platform( 829): platform_split_snd_device: snd_device(2) num devices(1) new_snd_devices(0)
09-20 06:58:29.597 D/audio_hw_utils( 829): audio_extn_btsco_get_sample_rate:Not a BT SCO device, need not update sampling rate
09-20 06:58:29.597 D/ACDB-LOADER( 829): ACDB -> send_audio_cal, acdb_id = 15, path = 0, app id = 0x11131, sample rate = 48000, afe_sample_rate = 48000
09-20 06:58:29.597 D/ACDB-LOADER( 829): ACDB -> send_asm_topology
09-20 06:58:29.597 D/ACDB-LOADER( 829): ACDB -> ACDB_CMD_GET_AUDPROC_STREAM_TOPOLOGY_ID
09-20 06:58:29.597 D/ACDB-LOADER( 829): ACDB -> send_adm_topology
09-20 06:58:29.597 D/ACDB-LOADER( 829): ACDB -> ACDB_CMD_GET_AUDPROC_COMMON_TOPOLOGY_ID
09-20 06:58:29.597 D/ACDB-LOADER( 829): ACDB -> send_audtable
09-20 06:58:29.597 D/ACDB-LOADER( 829): ACDB -> ACDB_CMD_GET_AUDPROC_INSTANCE_COMMON_TABLE_SIZE
09-20 06:58:29.597 D/ACDB-LOADER( 829): ACDB -> ACDB_CMD_GET_AUDPROC_INSTANCE_COMMON_TABLE
09-20 06:58:29.597 D/ACDB-LOADER( 829): ACDB -> AUDIO_SET_AUDPROC_CAL cal_type[11] acdb_id[15] app_type[69937]
09-20 06:58:29.597 D/ACDB-LOADER( 829): ACDB -> send_audvoltable
09-20 06:58:29.597 D/ACDB-LOADER( 829): ACDB -> ACDB_CMD_GET_AUDPROC_INSTANCE_GAIN_DEP_STEP_TABLE_SIZE
09-20 06:58:29.597 D/ACDB-LOADER( 829): ACDB -> ACDB_CMD_GET_AUDPROC_INSTANCE_GAIN_DEP_STEP_TABLE, vol index 0
09-20 06:58:29.598 D/ACDB-LOADER( 829): ACDB -> AUDIO_SET_VOL_CAL cal type = 12
09-20 06:58:29.598 D/ACDB-LOADER( 829): ACDB -> ACDB_CMD_GET_AUDPROC_INSTANCE_STREAM_TABLE_SIZE
09-20 06:58:29.598 D/ACDB-LOADER( 829): ACDB -> send_audstrmtable
09-20 06:58:29.598 D/ACDB-LOADER( 829): ACDB -> ACDB_CMD_GET_AUDPROC_INSTANCE_STREAM_TABLE
09-20 06:58:29.598 D/ACDB-LOADER( 829): ACDB -> audstrm_cal->cal_type.cal_data.cal_size = 20
09-20 06:58:29.598 D/ACDB-LOADER( 829): ACDB -> send_afe_topology
09-20 06:58:29.598 D/ACDB-LOADER( 829): ACDB -> ACDB_CMD_GET_AFE_TOPOLOGY_ID
09-20 06:58:29.598 D/ACDB-LOADER( 829): ACDB -> GET_AFE_TOPOLOGY_ID for adcd_id 15, Topology Id 112fc
09-20 06:58:29.598 D/ACDB-LOADER( 829): ACDB -> send_afe_cal
09-20 06:58:29.598 D/ACDB-LOADER( 829): ACDB -> ACDB_CMD_GET_AFE_INSTANCE_COMMON_TABLE_SIZE
09-20 06:58:29.598 D/android.hardware.audio.service( 829): Failed to fetch the lookup information of the device 0000000F
09-20 06:58:29.598 D/ACDB-LOADER( 829): Error: ACDB_CMD_GET_AFE_INSTANCE_COMMON_TABLE_SIZE Returned = -19
09-20 06:58:29.598 D/ACDB-LOADER( 829): ACDB -> ACDB_CMD_GET_AFE_INSTANCE_COMMON_TABLE
09-20 06:58:29.598 D/android.hardware.audio.service( 829): Failed to fetch the lookup information of the device 0000000F
09-20 06:58:29.598 D/ACDB-LOADER( 829): Error: ACDB AFE returned = -19
09-20 06:58:29.598 D/ACDB-LOADER( 829): ACDB -> AUDIO_SET_AFE_CAL cal_type[16] acdb_id[15]
09-20 06:58:29.599 D/ACDB-LOADER( 829): ACDB -> send_hw_delay : acdb_id = 15 path = 0
09-20 06:58:29.599 D/ACDB-LOADER( 829): ACDB -> ACDB_AVSYNC_INFO: ACDB_CMD_GET_DEVICE_PROPERTY
09-20 06:58:29.599 D/msm8974_platform( 829): platform_split_snd_device: snd_device(2) num devices(0) new_snd_devices(0)
09-20 06:58:29.599 I/msm8974_platform( 829): platform_get_custom_mtmx_params: no matching param with id 0 ip_ch 2 op_ch 2 uc_id 1 snd_dev 2
09-20 06:58:29.599 D/audio_hw_primary( 829): enable_audio_route: apply mixer and update path: low-latency-playback
09-20 06:58:29.599 D/audio_route( 829): Apply path: low-latency-playback
09-20 06:58:29.600 D/audio_hw_primary( 829): select_devices: done
09-20 06:58:29.605 I/wm_task_created( 1158): [116,-1]
09-20 06:58:29.605 W/ActivityTaskManager( 1158): Can't find TaskDisplayArea to determine support for multi window. Task id=116 attached=false
09-20 06:58:29.607 D/FreeFormWindowHelper( 1158): Add freeform task=Task{8cef6ad #116 type=standard ?? U=0 visible=false mode=freeform translucent=true sz=0}
09-20 06:58:29.610 D/CompatibilityChangeReporter( 1158): Compat change id reported: 174042980; UID 1000; state: DISABLED
09-20 06:58:29.612 I/wm_task_moved( 1158): [116,1,6]
09-20 06:58:29.612 I/wm_task_to_front( 1158): [0,116]
