09-20 06:30:50.211 I/input_interaction( 1158): Interaction with: 7410096 com.android.deskclock/android.service.dreams.DreamActivity (server), edge-swipe (server), swipe-up (server), PointerEventDispatcher0 (server),
09-20 06:30:50.213 I/wm_finish_activity( 1158): [0,194220490,102,com.android.deskclock/android.service.dreams.DreamActivity,finish-activity]
09-20 06:30:50.214 I/wm_task_moved( 1158): [1,1,6]
09-20 06:30:50.215 I/wm_task_moved( 1158): [44,1,2147483647]
09-20 06:30:50.215 I/wm_task_to_front( 1158): [0,44]
09-20 06:30:50.215 I/wm_focused_root_task( 1158): [0,0,1,102,finish-top adjustFocusToNextFocusableTask]
09-20 06:30:50.215 I/wm_set_resumed_activity( 1158): [0,com.android.launcher3/.uioverrides.QuickstepLauncher,finish-top adjustFocusToNextFocusableTask]
09-20 06:30:50.217 I/wm_pause_activity( 1158): [0,194220490,com.android.deskclock/android.service.dreams.DreamActivity,userLeaving=false,finish]
09-20 06:30:50.229 I/wm_on_top_resumed_lost_called( 5400): [194220490,android.service.dreams.DreamActivity,topStateChangedWhenResumed]
09-20 06:30:50.233 I/sysui_multi_action( 1158): [757,803,799,window_time_0,802,1]
09-20 06:30:50.237 I/wm_on_paused_called( 5400): [194220490,android.service.dreams.DreamActivity,performPause]
09-20 06:30:50.237 I/wm_add_to_stopping( 1158): [0,194220490,com.android.deskclock/android.service.dreams.DreamActivity,completeFinishing]
09-20 06:30:50.241 I/wm_set_resumed_activity( 1158): [0,com.android.launcher3/.uioverrides.QuickstepLauncher,resumeTopActivityInnerLocked]
09-20 06:30:50.242 I/wm_resume_activity( 1158): [0,213932593,44,com.android.launcher3/.uioverrides.QuickstepLauncher]
09-20 06:30:50.245 I/wm_on_restart_called( 8801): [213932593,com.android.launcher3.uioverrides.QuickstepLauncher,performRestartActivity]
09-20 06:30:50.245 I/wm_on_start_called( 8801): [213932593,com.android.launcher3.uioverrides.QuickstepLauncher,handleStartActivity]
09-20 06:30:50.246 I/wm_on_resume_called( 8801): [213932593,com.android.launcher3.uioverrides.QuickstepLauncher,RESUME_ACTIVITY]
09-20 06:30:50.246 I/wm_on_top_resumed_gained_called( 8801): [213932593,com.android.launcher3.uioverrides.QuickstepLauncher,topWhenResuming]
09-20 06:30:50.250 I/view_enqueue_input_event( 5400): [Motion - Cancel,com.android.deskclock/android.service.dreams.DreamActivity]
09-20 06:30:50.250 I/input_focus( 1158): [Focus leaving 7410096 com.android.deskclock/android.service.dreams.DreamActivity (server),reason=NO_WINDOW]
09-20 06:30:50.262 I/input_interaction( 1158): Interaction with: edge-swipe (server), swipe-up (server), PointerEventDispatcher0 (server),
09-20 06:30:50.268 I/sysui_multi_action( 1158): [757,803,799,window_time_0,802,0]
09-20 06:30:50.269 I/input_focus( 1158): [Focus request 4bde657 com.android.launcher3/com.android.launcher3.uioverrides.QuickstepLauncher,reason=UpdateInputWindows]
09-20 06:30:50.300 I/input_focus( 1158): [Focus entering 4bde657 com.android.launcher3/com.android.launcher3.uioverrides.QuickstepLauncher (server),reason=Window became focusable. Previous reason: NOT_VISIBLE]
09-20 06:30:50.543 I/wm_destroy_activity( 1158): [0,194220490,102,com.android.deskclock/android.service.dreams.DreamActivity,finish-imm:idle]
09-20 06:30:50.559 I/wm_on_stop_called( 5400): [194220490,android.service.dreams.DreamActivity,LIFECYCLER_STOP_ACTIVITY]
09-20 06:30:50.559 I/wm_on_destroy_called( 5400): [194220490,android.service.dreams.DreamActivity,performDestroy]
09-20 06:30:50.564 I/sysui_multi_action( 1158): [757,222,758,2]
09-20 06:30:50.564 I/sysui_multi_action( 1158): [757,804,799,dreaming_minutes,801,0,802,1]
09-20 06:30:50.576 I/wm_task_removed( 1158): [102,removeChild:removeChild last r=ActivityRecord{b9391ca u0 com.android.deskclock/android.service.dreams.DreamActivity t-1 f}} in t=Task{f7b4107 #102 type=dream A=10066:android:com.android.deskclock/dream U=0 visible=false mode=fullscreen translucent=true sz=0}]
09-20 06:30:50.576 I/wm_task_removed( 1158): [102,removeChild]
09-20 06:31:25.900 I/input_interaction( 1158): Interaction with: 4bde657 com.android.launcher3/com.android.launcher3.uioverrides.QuickstepLauncher (server), 93416c5 com.android.systemui.ImageWallpaper (server), edge-swipe (server), swipe-up (server), PointerEventDispatcher0 (server),
09-20 06:31:30.385 I/wm_task_moved( 1158): [101,1,6]
09-20 06:31:30.386 I/wm_task_to_front( 1158): [0,101]
09-20 06:31:30.387 I/wm_focused_root_task( 1158): [0,0,101,1,bringingFoundTaskToFront]
09-20 06:31:30.387 I/wm_set_resumed_activity( 1158): [0,com.android.settings/.Settings,bringingFoundTaskToFront]
09-20 06:31:30.405 I/wm_set_resumed_activity( 1158): [0,com.android.settings/.Settings,resumeTopActivityInnerLocked]
09-20 06:31:30.406 I/wm_resume_activity( 1158): [0,53610587,101,com.android.settings/.Settings]
09-20 06:31:30.408 I/wm_new_intent( 1158): [0,53610587,101,com.android.settings/.Settings,android.intent.action.MAIN,NULL,NULL,270532608]
09-20 06:31:30.425 I/wm_on_top_resumed_lost_called( 8801): [213932593,com.android.launcher3.uioverrides.QuickstepLauncher,topStateChangedWhenResumed]
09-20 06:31:30.438 I/wm_on_restart_called(15487): [53610587,com.android.settings.Settings,performRestartActivity]
09-20 06:31:30.454 I/wm_on_start_called(15487): [53610587,com.android.settings.Settings,handleStartActivity]
09-20 06:31:30.455 I/snet_event_log(15487): [120484087,-1,]
09-20 06:31:30.455 I/wm_on_resume_called(15487): [53610587,com.android.settings.Settings,RESUME_ACTIVITY]
09-20 06:31:30.456 I/sysui_multi_action(15487): [757,35,758,1,833,0,1089,0]
09-20 06:31:30.465 I/sysui_multi_action(15487): [757,746,758,1,833,0,1089,0]
09-20 06:31:30.466 D/TelephonyRegistry( 1158): listen oscl: mHasNotifySubscriptionInfoChangedOccurred==false no callback
09-20 06:31:30.474 D/TelephonyRegistry( 1158): listen oscl: mHasNotifySubscriptionInfoChangedOccurred==false no callback
09-20 06:31:30.490 I/sysui_multi_action(15487): [757,35,758,2,1089,34]
09-20 06:31:30.494 I/sysui_multi_action(15487): [757,746,758,2,1089,28]
09-20 06:31:30.497 I/wm_on_paused_called(15487): [53610587,com.android.settings.Settings,performPause]
09-20 06:31:30.497 I/wm_on_resume_called(15487): [53610587,com.android.settings.Settings,LIFECYCLER_RESUME_ACTIVITY]
09-20 06:31:30.497 I/sysui_multi_action(15487): [757,35,758,1,833,0,1089,0]
09-20 06:31:30.507 I/sysui_multi_action(15487): [757,746,758,1,833,0,1089,0]
09-20 06:31:30.507 D/TelephonyRegistry( 1158): listen oscl: mHasNotifySubscriptionInfoChangedOccurred==false no callback
09-20 06:31:30.513 D/TelephonyRegistry( 1158): listen oscl: mHasNotifySubscriptionInfoChangedOccurred==false no callback
09-20 06:31:30.524 I/wm_on_top_resumed_gained_called(15487): [53610587,com.android.settings.Settings,topStateChangedWhenResumed]
09-20 06:31:30.536 I/input_focus( 1158): [Focus request 58aece com.android.settings/com.android.settings.Settings,reason=UpdateInputWindows]
09-20 06:31:30.562 I/sysui_multi_action( 1158): [319,172,322,171,325,9465,757,761,758,9,759,2,806,com.android.settings,871,com.android.settings.Settings,904,com.android.launcher3,905,0,1320,4,1321,1]
09-20 06:31:30.564 I/input_focus( 1158): [Focus leaving 4bde657 com.android.launcher3/com.android.launcher3.uioverrides.QuickstepLauncher (server),reason=setFocusedWindow]
09-20 06:31:30.565 I/input_focus( 1158): [Focus entering 58aece com.android.settings/com.android.settings.Settings (server),reason=setFocusedWindow]
09-20 06:31:31.793 I/input_interaction( 1158): Interaction with: 58aece com.android.settings/com.android.settings.Settings (server), edge-swipe (server), swipe-up (server), PointerEventDispatcher0 (server),
09-20 06:31:31.825 I/view_enqueue_input_event(15487): [Motion - Cancel,com.android.settings/com.android.settings.Settings]
09-20 06:31:31.832 I/input_interaction( 1158): Interaction with: edge-swipe (server), swipe-up (server), PointerEventDispatcher0 (server),
09-20 06:31:32.028 I/sysui_multi_action( 1158): [757,803,799,key_back_press,802,1]
09-20 06:31:32.039 I/input_interaction( 1158): Interaction with: 58aece com.android.settings/com.android.settings.Settings (server), PointerEventDispatcher0 (server),
09-20 06:31:32.044 I/wm_task_moved( 1158): [101,0,0]
09-20 06:31:32.049 I/wm_focused_root_task( 1158): [0,0,1,101,moveTaskToBackLocked]
09-20 06:31:32.051 I/wm_on_top_resumed_lost_called(15487): [53610587,com.android.settings.Settings,topStateChangedWhenResumed]
09-20 06:31:32.055 I/input_focus( 1158): [Focus request 4bde657 com.android.launcher3/com.android.launcher3.uioverrides.QuickstepLauncher,reason=UpdateInputWindows]
09-20 06:31:32.066 I/wm_on_top_resumed_gained_called( 8801): [213932593,com.android.launcher3.uioverrides.QuickstepLauncher,topStateChangedWhenResumed]
09-20 06:31:32.074 I/input_focus( 1158): [Focus leaving 58aece com.android.settings/com.android.settings.Settings (server),reason=setFocusedWindow]
09-20 06:31:32.074 I/input_focus( 1158): [Focus entering 4bde657 com.android.launcher3/com.android.launcher3.uioverrides.QuickstepLauncher (server),reason=setFocusedWindow]
09-20 06:31:33.124 I/input_interaction( 1158): Interaction with: 58aece com.android.settings/com.android.settings.Settings (server), edge-swipe (server), swipe-up (server), PointerEventDispatcher0 (server),
09-20 06:31:33.128 I/wm_task_moved( 1158): [101,1,6]
09-20 06:31:33.129 I/wm_task_to_front( 1158): [0,101]
09-20 06:31:33.136 I/wm_set_resumed_activity( 1158): [0,com.android.settings/.Settings,positionChildAt]
09-20 06:31:33.136 I/wm_focused_root_task( 1158): [0,0,101,1,setFocusedTask]
09-20 06:31:33.136 I/wm_set_resumed_activity( 1158): [0,com.android.settings/.Settings,setFocusedTask]
09-20 06:31:33.140 I/input_focus( 1158): [Focus request 58aece com.android.settings/com.android.settings.Settings,reason=UpdateInputWindows]
09-20 06:31:33.151 I/wm_on_top_resumed_lost_called( 8801): [213932593,com.android.launcher3.uioverrides.QuickstepLauncher,topStateChangedWhenResumed]
09-20 06:31:33.153 I/wm_on_top_resumed_gained_called(15487): [53610587,com.android.settings.Settings,topStateChangedWhenResumed]
09-20 06:31:33.170 I/input_focus( 1158): [Focus leaving 4bde657 com.android.launcher3/com.android.launcher3.uioverrides.QuickstepLauncher (server),reason=setFocusedWindow]
09-20 06:31:33.170 I/input_focus( 1158): [Focus entering 58aece com.android.settings/com.android.settings.Settings (server),reason=setFocusedWindow]
09-20 06:31:35.438 I/view_enqueue_input_event(15487): [Motion - Cancel,com.android.settings/com.android.settings.Settings]
09-20 06:31:35.445 I/input_interaction( 1158): Interaction with: edge-swipe (server), swipe-up (server), PointerEventDispatcher0 (server),
09-20 06:31:35.599 I/sysui_multi_action( 1158): [757,803,799,key_back_press,802,1]
09-20 06:31:35.606 I/input_interaction( 1158): Interaction with: 58aece com.android.settings/com.android.settings.Settings (server), PointerEventDispatcher0 (server),
09-20 06:31:35.612 I/wm_task_moved( 1158): [101,0,0]
09-20 06:31:35.617 I/wm_focused_root_task( 1158): [0,0,1,101,moveTaskToBackLocked]
09-20 06:31:35.619 I/input_focus( 1158): [Focus request 4bde657 com.android.launcher3/com.android.launcher3.uioverrides.QuickstepLauncher,reason=UpdateInputWindows]
09-20 06:31:35.619 I/wm_on_top_resumed_lost_called(15487): [53610587,com.android.settings.Settings,topStateChangedWhenResumed]
09-20 06:31:35.625 I/wm_on_top_resumed_gained_called( 8801): [213932593,com.android.launcher3.uioverrides.QuickstepLauncher,topStateChangedWhenResumed]
09-20 06:31:35.627 I/input_focus( 1158): [Focus leaving 58aece com.android.settings/com.android.settings.Settings (server),reason=setFocusedWindow]
09-20 06:31:35.627 I/input_focus( 1158): [Focus entering 4bde657 com.android.launcher3/com.android.launcher3.uioverrides.QuickstepLauncher (server),reason=setFocusedWindow]
09-20 06:31:36.407 I/input_interaction( 1158): Interaction with: 4b84711 StatusBar (server), edge-swipe (server), swipe-up (server), PointerEventDispatcher0 (server),
09-20 06:31:36.420 I/sysui_multi_action( 2202): [757,803,799,panel_open,802,1]
09-20 06:31:36.422 I/sysui_multi_action( 2202): [757,1328,758,4,1326,38,1327,2,1329,0]
09-20 06:31:36.522 I/sysui_multi_action( 1158): [757,127,758,1]
09-20 06:31:36.522 I/sysui_multi_action( 1158): [757,804,799,note_load,801,3,802,1]
09-20 06:31:36.524 I/sysui_multi_action( 2202): [757,111,758,2]
09-20 06:31:36.524 I/notification_panel_revealed( 1158): 3
09-20 06:31:36.524 I/sysui_multi_action( 2202): [757,111,758,2]
09-20 06:31:36.548 I/input_focus( 1158): [Focus request 853367f NotificationShade,reason=UpdateInputWindows]
09-20 06:31:36.555 I/sysui_multi_action( 2202): [757,111,758,1]
09-20 06:31:36.555 I/sysui_multi_action( 2202): [757,126,758,1,759,126,927,0,928,0,1593,0]
09-20 06:31:36.555 I/sysui_multi_action( 2202): [757,113,758,1,759,113,927,1,928,1,1593,0]
09-20 06:31:36.556 I/sysui_multi_action( 2202): [757,0,758,1,759,0,927,2,928,0,1593,0]
09-20 06:31:36.556 I/sysui_multi_action( 2202): [757,0,758,1,759,0,927,3,928,0,1593,0]
09-20 06:31:36.556 I/sysui_multi_action( 2202): [757,1706,758,1,759,1706,927,4,928,0,1593,0]
09-20 06:31:36.556 I/sysui_multi_action( 2202): [757,491,758,1,759,491,927,5,928,0,1311,-1,1593,0]
09-20 06:31:36.556 I/sysui_multi_action( 2202): [757,0,758,1,759,0,927,6,928,0,1593,0]
09-20 06:31:36.557 I/sysui_multi_action( 2202): [757,0,758,1,759,0,927,7,1593,0]
09-20 06:31:36.557 I/sysui_multi_action( 2202): [757,114,758,1,759,114,927,8,928,0,1593,0]
09-20 06:31:36.557 I/sysui_multi_action( 2202): [757,111,758,1]
09-20 06:31:36.557 I/sysui_multi_action( 2202): [757,126,758,1,759,126,927,0,928,0,1593,0]
09-20 06:31:36.557 I/sysui_multi_action( 2202): [757,113,758,1,759,113,927,1,928,1,1593,0]
09-20 06:31:36.557 I/sysui_multi_action( 2202): [757,0,758,1,759,0,927,2,928,0,1593,0]
09-20 06:31:36.557 I/sysui_multi_action( 2202): [757,0,758,1,759,0,927,3,928,0,1593,0]
09-20 06:31:36.567 I/sysui_multi_action( 2202): [757,111,758,2]
09-20 06:31:36.568 I/sysui_multi_action( 2202): [757,111,758,2]
09-20 06:31:36.572 I/sysui_multi_action( 2202): [757,111,758,1]
09-20 06:31:36.573 I/sysui_multi_action( 2202): [757,126,758,1,759,126,927,0,928,0,1593,0]
09-20 06:31:36.573 I/sysui_multi_action( 2202): [757,113,758,1,759,113,927,1,928,1,1593,0]
09-20 06:31:36.573 I/sysui_multi_action( 2202): [757,0,758,1,759,0,927,2,928,0,1593,0]
09-20 06:31:36.573 I/sysui_multi_action( 2202): [757,0,758,1,759,0,927,3,928,0,1593,0]
09-20 06:31:36.573 I/sysui_multi_action( 2202): [757,1706,758,1,759,1706,927,4,928,0,1593,0]
09-20 06:31:36.574 I/sysui_multi_action( 2202): [757,491,758,1,759,491,927,5,928,0,1311,-1,1593,0]
09-20 06:31:36.574 I/sysui_multi_action( 2202): [757,0,758,1,759,0,927,6,928,0,1593,0]
09-20 06:31:36.574 I/sysui_multi_action( 2202): [757,0,758,1,759,0,927,7,1593,0]
09-20 06:31:36.574 I/sysui_multi_action( 2202): [757,114,758,1,759,114,927,8,928,0,1593,0]
09-20 06:31:36.574 I/sysui_multi_action( 2202): [757,111,758,1]
09-20 06:31:36.574 I/sysui_multi_action( 2202): [757,126,758,1,759,126,927,0,928,0,1593,0]
09-20 06:31:36.574 I/sysui_multi_action( 2202): [757,113,758,1,759,113,927,1,928,1,1593,0]
09-20 06:31:36.574 I/sysui_multi_action( 2202): [757,0,758,1,759,0,927,2,928,0,1593,0]
09-20 06:31:36.574 I/sysui_multi_action( 2202): [757,0,758,1,759,0,927,3,928,0,1593,0]
09-20 06:31:36.578 I/input_focus( 1158): [Focus leaving 4bde657 com.android.launcher3/com.android.launcher3.uioverrides.QuickstepLauncher (server),reason=Waiting for window because NOT_VISIBLE]
09-20 06:31:36.585 I/sysui_multi_action( 2202): [757,111,758,2]
09-20 06:31:36.585 I/sysui_multi_action( 2202): [757,111,758,2]
09-20 06:31:36.591 I/sysui_multi_action( 2202): [757,111,758,1]
09-20 06:31:36.591 I/sysui_multi_action( 2202): [757,126,758,1,759,126,927,0,928,0,1593,0]
09-20 06:31:36.591 I/sysui_multi_action( 2202): [757,113,758,1,759,113,927,1,928,1,1593,0]
09-20 06:31:36.592 I/sysui_multi_action( 2202): [757,0,758,1,759,0,927,2,928,0,1593,0]
09-20 06:31:36.592 I/sysui_multi_action( 2202): [757,0,758,1,759,0,927,3,928,0,1593,0]
09-20 06:31:36.592 I/sysui_multi_action( 2202): [757,1706,758,1,759,1706,927,4,928,0,1593,0]
09-20 06:31:36.592 I/sysui_multi_action( 2202): [757,491,758,1,759,491,927,5,928,0,1311,-1,1593,0]
09-20 06:31:36.593 I/sysui_multi_action( 2202): [757,0,758,1,759,0,927,6,928,0,1593,0]
09-20 06:31:36.593 I/sysui_multi_action( 2202): [757,0,758,1,759,0,927,7,1593,0]
09-20 06:31:36.593 I/sysui_multi_action( 2202): [757,114,758,1,759,114,927,8,928,0,1593,0]
09-20 06:31:36.593 I/sysui_multi_action( 2202): [757,111,758,1]
09-20 06:31:36.593 I/sysui_multi_action( 2202): [757,126,758,1,759,126,927,0,928,0,1593,0]
09-20 06:31:36.593 I/sysui_multi_action( 2202): [757,113,758,1,759,113,927,1,928,1,1593,0]
09-20 06:31:36.594 I/sysui_multi_action( 2202): [757,0,758,1,759,0,927,2,928,0,1593,0]
09-20 06:31:36.594 I/sysui_multi_action( 2202): [757,0,758,1,759,0,927,3,928,0,1593,0]
09-20 06:31:36.595 I/input_focus( 1158): [Focus entering 853367f NotificationShade (server),reason=Window became focusable. Previous reason: NOT_VISIBLE]
09-20 06:31:36.604 I/sysui_multi_action( 2202): [757,111,758,2]
09-20 06:31:36.604 I/sysui_multi_action( 2202): [757,111,758,2]
09-20 06:31:36.609 I/sysui_multi_action( 2202): [757,111,758,1]
09-20 06:31:36.610 I/sysui_multi_action( 2202): [757,126,758,1,759,126,927,0,928,0,1593,0]
09-20 06:31:36.610 I/sysui_multi_action( 2202): [757,113,758,1,759,113,927,1,928,1,1593,0]
09-20 06:31:36.610 I/sysui_multi_action( 2202): [757,0,758,1,759,0,927,2,928,0,1593,0]
09-20 06:31:36.610 I/sysui_multi_action( 2202): [757,0,758,1,759,0,927,3,928,0,1593,0]
09-20 06:31:36.610 I/sysui_multi_action( 2202): [757,1706,758,1,759,1706,927,4,928,0,1593,0]
09-20 06:31:36.611 I/sysui_multi_action( 2202): [757,491,758,1,759,491,927,5,928,0,1311,-1,1593,0]
09-20 06:31:36.611 I/sysui_multi_action( 2202): [757,0,758,1,759,0,927,6,928,0,1593,0]
09-20 06:31:36.611 I/sysui_multi_action( 2202): [757,0,758,1,759,0,927,7,1593,0]
09-20 06:31:36.611 I/sysui_multi_action( 2202): [757,114,758,1,759,114,927,8,928,0,1593,0]
09-20 06:31:36.611 I/sysui_multi_action( 2202): [757,111,758,1]
09-20 06:31:36.611 I/sysui_multi_action( 2202): [757,126,758,1,759,126,927,0,928,0,1593,0]
09-20 06:31:36.612 I/sysui_multi_action( 2202): [757,113,758,1,759,113,927,1,928,1,1593,0]
09-20 06:31:36.612 I/sysui_multi_action( 2202): [757,0,758,1,759,0,927,2,928,0,1593,0]
09-20 06:31:36.612 I/sysui_multi_action( 2202): [757,0,758,1,759,0,927,3,928,0,1593,0]
09-20 06:31:36.620 I/sysui_multi_action( 2202): [757,111,758,2]
09-20 06:31:36.620 I/sysui_multi_action( 2202): [757,111,758,2]
09-20 06:31:36.625 I/sysui_multi_action( 2202): [757,111,758,1]
09-20 06:31:36.625 I/sysui_multi_action( 2202): [757,126,758,1,759,126,927,0,928,0,1593,0]
09-20 06:31:36.625 I/sysui_multi_action( 2202): [757,113,758,1,759,113,927,1,928,1,1593,0]
09-20 06:31:36.625 I/sysui_multi_action( 2202): [757,0,758,1,759,0,927,2,928,0,1593,0]
09-20 06:31:36.625 I/sysui_multi_action( 2202): [757,0,758,1,759,0,927,3,928,0,1593,0]
09-20 06:31:36.625 I/sysui_multi_action( 2202): [757,1706,758,1,759,1706,927,4,928,0,1593,0]
09-20 06:31:36.625 I/sysui_multi_action( 2202): [757,491,758,1,759,491,927,5,928,0,1311,-1,1593,0]
09-20 06:31:36.625 I/sysui_multi_action( 2202): [757,0,758,1,759,0,927,6,928,0,1593,0]
09-20 06:31:36.626 I/sysui_multi_action( 2202): [757,0,758,1,759,0,927,7,1593,0]
09-20 06:31:36.626 I/sysui_multi_action( 2202): [757,114,758,1,759,114,927,8,928,0,1593,0]
09-20 06:31:36.626 I/sysui_multi_action( 2202): [757,111,758,1]
09-20 06:31:36.626 I/sysui_multi_action( 2202): [757,126,758,1,759,126,927,0,928,0,1593,0]
09-20 06:31:36.626 I/sysui_multi_action( 2202): [757,113,758,1,759,113,927,1,928,1,1593,0]
09-20 06:31:36.626 I/sysui_multi_action( 2202): [757,0,758,1,759,0,927,2,928,0,1593,0]
09-20 06:31:36.626 I/sysui_multi_action( 2202): [757,0,758,1,759,0,927,3,928,0,1593,0]
09-20 06:31:36.633 I/sysui_multi_action( 2202): [757,111,758,2]
09-20 06:31:36.633 I/sysui_multi_action( 2202): [757,111,758,2]
09-20 06:31:36.637 I/sysui_multi_action( 2202): [757,111,758,1]
09-20 06:31:36.637 I/sysui_multi_action( 2202): [757,126,758,1,759,126,927,0,928,0,1593,0]
09-20 06:31:36.637 I/sysui_multi_action( 2202): [757,113,758,1,759,113,927,1,928,1,1593,0]
09-20 06:31:36.638 I/sysui_multi_action( 2202): [757,0,758,1,759,0,927,2,928,0,1593,0]
09-20 06:31:36.638 I/sysui_multi_action( 2202): [757,0,758,1,759,0,927,3,928,0,1593,0]
09-20 06:31:36.638 I/sysui_multi_action( 2202): [757,1706,758,1,759,1706,927,4,928,0,1593,0]
09-20 06:31:36.638 I/sysui_multi_action( 2202): [757,491,758,1,759,491,927,5,928,0,1311,-1,1593,0]
09-20 06:31:36.638 I/sysui_multi_action( 2202): [757,0,758,1,759,0,927,6,928,0,1593,0]
09-20 06:31:36.638 I/sysui_multi_action( 2202): [757,0,758,1,759,0,927,7,1593,0]
09-20 06:31:36.638 I/sysui_multi_action( 2202): [757,114,758,1,759,114,927,8,928,0,1593,0]
09-20 06:31:36.638 I/sysui_multi_action( 2202): [757,111,758,1]
09-20 06:31:36.639 I/sysui_multi_action( 2202): [757,126,758,1,759,126,927,0,928,0,1593,0]
09-20 06:31:36.639 I/sysui_multi_action( 2202): [757,113,758,1,759,113,927,1,928,1,1593,0]
09-20 06:31:36.639 I/sysui_multi_action( 2202): [757,0,758,1,759,0,927,2,928,0,1593,0]
09-20 06:31:36.639 I/sysui_multi_action( 2202): [757,0,758,1,759,0,927,3,928,0,1593,0]
09-20 06:31:36.646 I/sysui_multi_action( 2202): [757,111,758,2]
09-20 06:31:36.646 I/sysui_multi_action( 2202): [757,111,758,2]
09-20 06:31:36.651 I/sysui_multi_action( 2202): [757,111,758,1]
09-20 06:31:36.651 I/sysui_multi_action( 2202): [757,126,758,1,759,126,927,0,928,0,1593,0]
09-20 06:31:36.651 I/sysui_multi_action( 2202): [757,113,758,1,759,113,927,1,928,1,1593,0]
09-20 06:31:36.651 I/sysui_multi_action( 2202): [757,0,758,1,759,0,927,2,928,0,1593,0]
09-20 06:31:36.651 I/sysui_multi_action( 2202): [757,0,758,1,759,0,927,3,928,0,1593,0]
09-20 06:31:36.651 I/sysui_multi_action( 2202): [757,1706,758,1,759,1706,927,4,928,0,1593,0]
09-20 06:31:36.651 I/sysui_multi_action( 2202): [757,491,758,1,759,491,927,5,928,0,1311,-1,1593,0]
09-20 06:31:36.652 I/sysui_multi_action( 2202): [757,0,758,1,759,0,927,6,928,0,1593,0]
09-20 06:31:36.652 I/sysui_multi_action( 2202): [757,0,758,1,759,0,927,7,1593,0]
09-20 06:31:36.652 I/sysui_multi_action( 2202): [757,114,758,1,759,114,927,8,928,0,1593,0]
09-20 06:31:36.652 I/sysui_multi_action( 2202): [757,111,758,1]
09-20 06:31:36.652 I/sysui_multi_action( 2202): [757,126,758,1,759,126,927,0,928,0,1593,0]
09-20 06:31:36.652 I/sysui_multi_action( 2202): [757,113,758,1,759,113,927,1,928,1,1593,0]
09-20 06:31:36.652 I/sysui_multi_action( 2202): [757,0,758,1,759,0,927,2,928,0,1593,0]
09-20 06:31:36.652 I/sysui_multi_action( 2202): [757,0,758,1,759,0,927,3,928,0,1593,0]
09-20 06:31:36.660 I/sysui_multi_action( 2202): [757,111,758,2]
09-20 06:31:36.660 I/sysui_multi_action( 2202): [757,111,758,2]
09-20 06:31:36.665 I/sysui_multi_action( 2202): [757,111,758,1]
09-20 06:31:36.665 I/sysui_multi_action( 2202): [757,126,758,1,759,126,927,0,928,0,1593,0]
09-20 06:31:36.665 I/sysui_multi_action( 2202): [757,113,758,1,759,113,927,1,928,1,1593,0]
09-20 06:31:36.665 I/sysui_multi_action( 2202): [757,0,758,1,759,0,927,2,928,0,1593,0]
09-20 06:31:36.665 I/sysui_multi_action( 2202): [757,0,758,1,759,0,927,3,928,0,1593,0]
09-20 06:31:36.665 I/sysui_multi_action( 2202): [757,1706,758,1,759,1706,927,4,928,0,1593,0]
09-20 06:31:36.666 I/sysui_multi_action( 2202): [757,491,758,1,759,491,927,5,928,0,1311,-1,1593,0]
09-20 06:31:36.666 I/sysui_multi_action( 2202): [757,0,758,1,759,0,927,6,928,0,1593,0]
09-20 06:31:36.666 I/sysui_multi_action( 2202): [757,0,758,1,759,0,927,7,1593,0]
09-20 06:31:36.666 I/sysui_multi_action( 2202): [757,114,758,1,759,114,927,8,928,0,1593,0]
09-20 06:31:36.666 I/sysui_multi_action( 2202): [757,111,758,1]
09-20 06:31:36.666 I/sysui_multi_action( 2202): [757,126,758,1,759,126,927,0,928,0,1593,0]
09-20 06:31:36.666 I/sysui_multi_action( 2202): [757,113,758,1,759,113,927,1,928,1,1593,0]
09-20 06:31:36.666 I/sysui_multi_action( 2202): [757,0,758,1,759,0,927,2,928,0,1593,0]
09-20 06:31:36.666 I/sysui_multi_action( 2202): [757,0,758,1,759,0,927,3,928,0,1593,0]
09-20 06:31:36.677 I/sysui_multi_action( 2202): [757,111,758,2]
09-20 06:31:36.677 I/sysui_multi_action( 2202): [757,111,758,2]
09-20 06:31:36.681 I/sysui_multi_action( 2202): [757,111,758,1]
09-20 06:31:36.681 I/sysui_multi_action( 2202): [757,126,758,1,759,126,927,0,928,0,1593,0]
09-20 06:31:36.681 I/sysui_multi_action( 2202): [757,113,758,1,759,113,927,1,928,1,1593,0]
09-20 06:31:36.681 I/sysui_multi_action( 2202): [757,0,758,1,759,0,927,2,928,0,1593,0]
09-20 06:31:36.681 I/sysui_multi_action( 2202): [757,0,758,1,759,0,927,3,928,0,1593,0]
09-20 06:31:36.682 I/sysui_multi_action( 2202): [757,1706,758,1,759,1706,927,4,928,0,1593,0]
09-20 06:31:36.682 I/sysui_multi_action( 2202): [757,491,758,1,759,491,927,5,928,0,1311,-1,1593,0]
09-20 06:31:36.682 I/sysui_multi_action( 2202): [757,0,758,1,759,0,927,6,928,0,1593,0]
09-20 06:31:36.682 I/sysui_multi_action( 2202): [757,0,758,1,759,0,927,7,1593,0]
09-20 06:31:36.682 I/sysui_multi_action( 2202): [757,114,758,1,759,114,927,8,928,0,1593,0]
09-20 06:31:36.682 I/sysui_multi_action( 2202): [757,111,758,1]
09-20 06:31:36.683 I/sysui_multi_action( 2202): [757,126,758,1,759,126,927,0,928,0,1593,0]
09-20 06:31:36.683 I/sysui_multi_action( 2202): [757,113,758,1,759,113,927,1,928,1,1593,0]
09-20 06:31:36.683 I/sysui_multi_action( 2202): [757,0,758,1,759,0,927,2,928,0,1593,0]
09-20 06:31:36.683 I/sysui_multi_action( 2202): [757,0,758,1,759,0,927,3,928,0,1593,0]
09-20 06:31:36.694 I/sysui_multi_action( 2202): [757,111,758,2]
09-20 06:31:36.694 I/sysui_multi_action( 2202): [757,111,758,2]
09-20 06:31:36.698 I/sysui_multi_action( 2202): [757,111,758,1]
09-20 06:31:36.698 I/sysui_multi_action( 2202): [757,126,758,1,759,126,927,0,928,0,1593,0]
09-20 06:31:36.698 I/sysui_multi_action( 2202): [757,113,758,1,759,113,927,1,928,1,1593,0]
09-20 06:31:36.698 I/sysui_multi_action( 2202): [757,0,758,1,759,0,927,2,928,0,1593,0]
09-20 06:31:36.698 I/sysui_multi_action( 2202): [757,0,758,1,759,0,927,3,928,0,1593,0]
09-20 06:31:36.698 I/sysui_multi_action( 2202): [757,1706,758,1,759,1706,927,4,928,0,1593,0]
09-20 06:31:36.699 I/sysui_multi_action( 2202): [757,491,758,1,759,491,927,5,928,0,1311,-1,1593,0]
09-20 06:31:36.699 I/sysui_multi_action( 2202): [757,0,758,1,759,0,927,6,928,0,1593,0]
09-20 06:31:36.699 I/sysui_multi_action( 2202): [757,0,758,1,759,0,927,7,1593,0]
09-20 06:31:36.699 I/sysui_multi_action( 2202): [757,114,758,1,759,114,927,8,928,0,1593,0]
09-20 06:31:36.699 I/sysui_multi_action( 2202): [757,111,758,1]
09-20 06:31:36.699 I/sysui_multi_action( 2202): [757,126,758,1,759,126,927,0,928,0,1593,0]
09-20 06:31:36.699 I/sysui_multi_action( 2202): [757,113,758,1,759,113,927,1,928,1,1593,0]
09-20 06:31:36.699 I/sysui_multi_action( 2202): [757,0,758,1,759,0,927,2,928,0,1593,0]
09-20 06:31:36.699 I/sysui_multi_action( 2202): [757,0,758,1,759,0,927,3,928,0,1593,0]
09-20 06:31:36.710 I/sysui_multi_action( 2202): [757,111,758,2]
09-20 06:31:36.711 I/sysui_multi_action( 2202): [757,111,758,2]
09-20 06:31:36.715 I/sysui_multi_action( 2202): [757,111,758,1]
09-20 06:31:36.715 I/sysui_multi_action( 2202): [757,126,758,1,759,126,927,0,928,0,1593,0]
09-20 06:31:36.715 I/sysui_multi_action( 2202): [757,113,758,1,759,113,927,1,928,1,1593,0]
09-20 06:31:36.715 I/sysui_multi_action( 2202): [757,0,758,1,759,0,927,2,928,0,1593,0]
09-20 06:31:36.715 I/sysui_multi_action( 2202): [757,0,758,1,759,0,927,3,928,0,1593,0]
09-20 06:31:36.715 I/sysui_multi_action( 2202): [757,1706,758,1,759,1706,927,4,928,0,1593,0]
09-20 06:31:36.716 I/sysui_multi_action( 2202): [757,491,758,1,759,491,927,5,928,0,1311,-1,1593,0]
09-20 06:31:36.716 I/sysui_multi_action( 2202): [757,0,758,1,759,0,927,6,928,0,1593,0]
09-20 06:31:36.716 I/sysui_multi_action( 2202): [757,0,758,1,759,0,927,7,1593,0]
09-20 06:31:36.716 I/sysui_multi_action( 2202): [757,114,758,1,759,114,927,8,928,0,1593,0]
09-20 06:31:36.716 I/sysui_multi_action( 2202): [757,111,758,1]
09-20 06:31:36.716 I/sysui_multi_action( 2202): [757,126,758,1,759,126,927,0,928,0,1593,0]
09-20 06:31:36.717 I/sysui_multi_action( 2202): [757,113,758,1,759,113,927,1,928,1,1593,0]
09-20 06:31:36.717 I/sysui_multi_action( 2202): [757,0,758,1,759,0,927,2,928,0,1593,0]
09-20 06:31:36.717 I/sysui_multi_action( 2202): [757,0,758,1,759,0,927,3,928,0,1593,0]
09-20 06:31:36.728 I/sysui_multi_action( 2202): [757,111,758,2]
09-20 06:31:36.728 I/sysui_multi_action( 2202): [757,111,758,2]
09-20 06:31:36.733 I/sysui_multi_action( 2202): [757,111,758,1]
09-20 06:31:36.734 I/sysui_multi_action( 2202): [757,126,758,1,759,126,927,0,928,0,1593,0]
09-20 06:31:36.734 I/sysui_multi_action( 2202): [757,113,758,1,759,113,927,1,928,1,1593,0]
09-20 06:31:36.734 I/sysui_multi_action( 2202): [757,0,758,1,759,0,927,2,928,0,1593,0]
09-20 06:31:36.734 I/sysui_multi_action( 2202): [757,0,758,1,759,0,927,3,928,0,1593,0]
09-20 06:31:36.734 I/sysui_multi_action( 2202): [757,1706,758,1,759,1706,927,4,928,0,1593,0]
09-20 06:31:36.735 I/sysui_multi_action( 2202): [757,491,758,1,759,491,927,5,928,0,1311,-1,1593,0]
09-20 06:31:36.735 I/sysui_multi_action( 2202): [757,0,758,1,759,0,927,6,928,0,1593,0]
09-20 06:31:36.735 I/sysui_multi_action( 2202): [757,0,758,1,759,0,927,7,1593,0]
09-20 06:31:36.735 I/sysui_multi_action( 2202): [757,114,758,1,759,114,927,8,928,0,1593,0]
09-20 06:31:36.735 I/sysui_multi_action( 2202): [757,111,758,1]
09-20 06:31:36.736 I/sysui_multi_action( 2202): [757,126,758,1,759,126,927,0,928,0,1593,0]
09-20 06:31:36.736 I/sysui_multi_action( 2202): [757,113,758,1,759,113,927,1,928,1,1593,0]
09-20 06:31:36.736 I/sysui_multi_action( 2202): [757,0,758,1,759,0,927,2,928,0,1593,0]
09-20 06:31:36.736 I/sysui_multi_action( 2202): [757,0,758,1,759,0,927,3,928,0,1593,0]
09-20 06:31:37.596 I/sysui_multi_action( 1158): [757,128,758,1,793,9408010,794,0,795,9408010,796,26,798,0,806,android,857,DEVELOPER_IMPORTANT,858,4,947,0,1395,3,1500,9408009,1688,1]
09-20 06:31:37.597 I/sysui_multi_action( 1158): [757,804,799,note_freshness,801,9408010,802,1]
09-20 06:31:37.597 I/notification_visibility( 1158): [-1|android|26|null|1000,1,9408010,9408010,0,0]
09-20 06:31:37.598 I/sysui_multi_action( 1158): [757,128,758,1,793,9407966,794,0,795,9407966,796,55,798,1,806,android,857,DEVELOPER,858,2,947,0,1395,3,1500,9407966,1688,1]
09-20 06:31:37.598 I/sysui_multi_action( 1158): [757,804,799,note_freshness,801,9407966,802,1]
09-20 06:31:37.598 I/notification_visibility( 1158): [-1|android|55|null|1000,1,9407966,9407966,0,1]
09-20 06:31:37.599 I/sysui_multi_action( 1158): [757,128,758,1,793,9408887,794,0,795,9408887,796,32,798,2,806,android,857,USB,858,1,947,0,1395,3,1500,9408397,1688,1]
09-20 06:31:37.599 I/sysui_multi_action( 1158): [757,804,799,note_freshness,801,9408887,802,1]
09-20 06:31:37.599 I/notification_visibility( 1158): [-1|android|32|null|1000,1,9408887,9408887,0,2]
09-20 06:31:38.471 I/input_interaction( 1158): Interaction with: 853367f NotificationShade (server), edge-swipe (server), swipe-up (server), PointerEventDispatcher0 (server),
09-20 06:31:38.881 I/sysui_multi_action( 2202): [757,366,758,4,759,126,927,0,928,0,1592,0,1593,1]
09-20 06:31:38.906 I/wm_task_created( 1158): [103,-1]
09-20 06:31:38.912 I/wm_task_moved( 1158): [103,1,7]
09-20 06:31:38.912 I/wm_task_to_front( 1158): [0,103]
09-20 06:31:38.913 I/wm_create_task( 1158): [0,103]
09-20 06:31:38.913 I/wm_create_activity( 1158): [0,265036239,103,com.android.settings/.Settings$WifiSettingsActivity,android.settings.WIFI_SETTINGS,NULL,NULL,335544320]
09-20 06:31:38.913 I/wm_task_moved( 1158): [103,1,7]
09-20 06:31:38.915 I/wm_on_top_resumed_lost_called( 8801): [213932593,com.android.launcher3.uioverrides.QuickstepLauncher,topStateChangedWhenResumed]
09-20 06:31:38.917 I/wm_pause_activity( 1158): [0,213932593,com.android.launcher3/.uioverrides.QuickstepLauncher,userLeaving=true,pauseBackTasks]
09-20 06:31:38.929 I/wm_on_paused_called( 8801): [213932593,com.android.launcher3.uioverrides.QuickstepLauncher,performPause]
09-20 06:31:38.943 I/wm_add_to_stopping( 1158): [0,213932593,com.android.launcher3/.uioverrides.QuickstepLauncher,makeInvisible]
09-20 06:31:38.944 I/wm_restart_activity( 1158): [0,265036239,103,com.android.settings/.Settings$WifiSettingsActivity]
09-20 06:31:38.946 I/wm_set_resumed_activity( 1158): [0,com.android.settings/.Settings$WifiSettingsActivity,minimalResumeActivityLocked]
09-20 06:31:38.960 I/sysui_multi_action( 1158): [757,803,799,window_time_0,802,49]
09-20 06:31:38.975 I/am_uid_running( 1158): 10088
09-20 06:31:39.007 I/am_proc_start( 1158): [0,15765,10088,com.qualcomm.qti.qccauthmgr,content provider,{com.qualcomm.qti.qccauthmgr/com.qualcomm.qti.qccauthmgr.providers.SMQContentProvider}]
09-20 06:31:39.021 I/netstats_mobile_sample( 1158): [0,0,0,0,0,0,0,0,0,0,0,0,1663626699020]
09-20 06:31:39.021 I/netstats_wifi_sample( 1158): [0,0,0,0,0,0,0,0,0,0,0,0,1663626699020]
09-20 06:31:39.033 I/service_manager_stats( 1158): [100,100,49466]
09-20 06:31:39.048 I/netstats_mobile_sample( 1158): [0,0,0,0,0,0,0,0,0,0,0,0,1663626699048]
09-20 06:31:39.048 I/netstats_wifi_sample( 1158): [0,0,0,0,0,0,0,0,0,0,0,0,1663626699048]
09-20 06:31:39.052 I/wm_on_create_called(15487): [265036239,com.android.settings.Settings$WifiSettingsActivity,performCreate]
09-20 06:31:39.053 I/am_proc_bound( 1158): [0,15765,com.qualcomm.qti.qccauthmgr]
09-20 06:31:39.059 I/am_uid_active( 1158): 10088
09-20 06:31:39.066 I/am_crash( 1158): [15487,0,com.android.settings,952745541,java.lang.ClassCastException,com.android.settings.Settings$WifiSettingsActivity cannot be cast to com.android.settings.homepage.SettingsHomepageActivity,WifiSettings.java,229]
09-20 06:31:39.069 I/wm_finish_activity( 1158): [0,265036239,103,com.android.settings/.Settings$WifiSettingsActivity,force-crash]
09-20 06:31:39.070 I/wm_task_moved( 1158): [1,1,7]
09-20 06:31:39.070 I/wm_task_moved( 1158): [44,1,2147483647]
09-20 06:31:39.070 I/wm_task_to_front( 1158): [0,44]
09-20 06:31:39.070 I/wm_focused_root_task( 1158): [0,0,1,103,finish-top adjustFocusToNextFocusableTask]
09-20 06:31:39.070 I/wm_set_resumed_activity( 1158): [0,com.android.launcher3/.uioverrides.QuickstepLauncher,finish-top adjustFocusToNextFocusableTask]
09-20 06:31:39.088 I/wm_pause_activity( 1158): [0,265036239,com.android.settings/.Settings$WifiSettingsActivity,userLeaving=false,finish]
09-20 06:31:39.091 I/wm_finish_activity( 1158): [0,53610587,101,com.android.settings/.Settings,force-crash]
09-20 06:31:39.108 I/wm_pause_activity( 1158): [0,53610587,com.android.settings/.Settings,userLeaving=false,finish]
09-20 06:31:39.111 I/dvm_lock_sample( 1158): [system_server,1,android.anim,41,InputMonitor.java,144,void com.android.server.wm.InputMonitor$UpdateInputWindows.run(),TaskChangeNotificationController.java,342,void com.android.server.wm.TaskChangeNotificationController.forAllLocalListeners(com.android.server.wm.TaskChangeNotificationController$TaskStackConsumer, android.os.Message),8]
09-20 06:31:39.112 I/dvm_lock_sample( 1158): [system_server,0,android.fg,38,ActivityManagerService.java,13701,int com.android.server.am.ActivityManagerService.broadcastIntentWithFeature(android.app.IApplicationThread, java.lang.String, android.content.Intent, java.lang.String, android.content.IIntentReceiver, int, java.lang.String, android.os.Bundle, java.lang.String[], java.lang.String[], int, android.os.Bundle, boolean, boolean, int),AppErrors.java,636,void com.android.server.am.AppErrors.crashApplicationInner(com.android.server.am.ProcessRecord, android.app.ApplicationErrorReport$CrashInfo, int, int),7]
09-20 06:31:39.117 I/sysui_multi_action( 1158): [757,316,758,4,759,-1]
09-20 06:31:39.121 I/sysui_multi_action( 1158): [757,1144,758,8,806,com.android.settings,871,com.android.settings.Settings$WifiSettingsActivity]
09-20 06:31:39.300 I/am_proc_died( 1158): [0,15487,com.android.settings,0,2]
09-20 06:31:39.319 I/wm_task_removed( 1158): [101,removeChild:removeChild last r=ActivityRecord{332085b u0 com.android.settings/.Settings t-1 f}} in t=Task{dd42a0d #101 type=standard A=1000:com.android.settings.root U=0 visible=false mode=freeform translucent=true sz=0}]
09-20 06:31:39.320 I/wm_task_removed( 1158): [101,removeChild]
09-20 06:31:39.322 I/wm_set_resumed_activity( 1158): [0,com.android.launcher3/.uioverrides.QuickstepLauncher,resumeTopActivityInnerLocked]
09-20 06:31:39.323 I/wm_resume_activity( 1158): [0,213932593,44,com.android.launcher3/.uioverrides.QuickstepLauncher]
09-20 06:31:39.332 I/wm_on_resume_called( 8801): [213932593,com.android.launcher3.uioverrides.QuickstepLauncher,RESUME_ACTIVITY]
09-20 06:31:39.507 I/sysui_multi_action( 2202): [757,111,758,2]
09-20 06:31:39.508 I/sysui_multi_action( 2202): [757,111,758,2]
09-20 06:31:39.517 I/wm_task_removed( 1158): [103,removeChild:removeChild last r=ActivityRecord{fcc21cf u0 com.android.settings/.Settings$WifiSettingsActivity t-1 f}} in t=Task{17b2906 #103 type=standard A=1000:com.android.settings U=0 visible=false mode=fullscreen translucent=true sz=0}]
09-20 06:31:39.517 I/wm_task_removed( 1158): [103,removeChild]
09-20 06:31:39.556 I/input_focus( 1158): [Focus request 4bde657 com.android.launcher3/com.android.launcher3.uioverrides.QuickstepLauncher,reason=UpdateInputWindows]
09-20 06:31:39.562 I/sysui_multi_action( 2202): [757,111,758,1]
09-20 06:31:39.563 I/sysui_multi_action( 2202): [757,126,758,1,759,126,927,0,928,0,1593,1]
09-20 06:31:39.563 I/sysui_multi_action( 2202): [757,113,758,1,759,113,927,1,928,1,1593,1]
09-20 06:31:39.563 I/sysui_multi_action( 2202): [757,0,758,1,759,0,927,2,928,0,1593,1]
09-20 06:31:39.563 I/sysui_multi_action( 2202): [757,0,758,1,759,0,927,3,928,0,1593,1]
09-20 06:31:39.563 I/sysui_multi_action( 2202): [757,1706,758,1,759,1706,927,4,928,0,1593,1]
09-20 06:31:39.564 I/sysui_multi_action( 2202): [757,491,758,1,759,491,927,5,928,0,1311,-1,1593,0]
09-20 06:31:39.564 I/sysui_multi_action( 2202): [757,0,758,1,759,0,927,6,928,0,1593,0]
09-20 06:31:39.564 I/sysui_multi_action( 2202): [757,0,758,1,759,0,927,7,1593,0]
09-20 06:31:39.564 I/sysui_multi_action( 2202): [757,114,758,1,759,114,927,8,928,0,1593,0]
09-20 06:31:39.564 I/sysui_multi_action( 2202): [757,111,758,1]
09-20 06:31:39.564 I/sysui_multi_action( 2202): [757,126,758,1,759,126,927,0,928,0,1593,1]
09-20 06:31:39.565 I/sysui_multi_action( 2202): [757,113,758,1,759,113,927,1,928,1,1593,1]
09-20 06:31:39.565 I/sysui_multi_action( 2202): [757,0,758,1,759,0,927,2,928,0,1593,1]
09-20 06:31:39.565 I/sysui_multi_action( 2202): [757,0,758,1,759,0,927,3,928,0,1593,1]
09-20 06:31:39.571 I/wm_on_top_resumed_gained_called( 8801): [213932593,com.android.launcher3.uioverrides.QuickstepLauncher,topStateChangedWhenResumed]
09-20 06:31:39.586 I/input_focus( 1158): [Focus leaving 853367f NotificationShade (server),reason=NOT_FOCUSABLE]
09-20 06:31:39.586 I/input_focus( 1158): [Focus entering 4bde657 com.android.launcher3/com.android.launcher3.uioverrides.QuickstepLauncher (server),reason=setFocusedWindow]
09-20 06:31:39.646 I/sysui_multi_action( 1158): [757,128,758,2,793,9410060,794,2050,795,9410060,796,26,798,0,806,android,857,DEVELOPER_IMPORTANT,858,4,947,0,1395,3,1500,9410059,1688,1]
09-20 06:31:39.646 I/notification_visibility( 1158): [-1|android|26|null|1000,0,9410060,9410060,0,0]
09-20 06:31:39.646 I/sysui_multi_action( 1158): [757,128,758,2,793,9410014,794,2048,795,9410014,796,55,798,1,806,android,857,DEVELOPER,858,2,947,0,1395,3,1500,9410014,1688,1]
09-20 06:31:39.647 I/notification_visibility( 1158): [-1|android|55|null|1000,0,9410014,9410014,0,1]
09-20 06:31:39.647 I/sysui_multi_action( 1158): [757,128,758,2,793,9410935,794,2048,795,9410935,796,32,798,2,806,android,857,USB,858,1,947,0,1395,3,1500,9410445,1688,1]
09-20 06:31:39.647 I/notification_visibility( 1158): [-1|android|32|null|1000,0,9410935,9410935,0,2]
09-20 06:31:39.669 I/sysui_multi_action( 2202): [757,111,758,2]
09-20 06:31:39.669 I/sysui_multi_action( 2202): [757,111,758,2]
09-20 06:31:39.673 I/sysui_multi_action( 1158): [757,127,758,2]
09-20 06:31:39.674 I/notification_panel_hidden( 1158):
09-20 06:31:39.702 I/sysui_multi_action( 2202): [757,111,758,1]
09-20 06:31:39.703 I/sysui_multi_action( 2202): [757,126,758,1,759,126,927,0,928,0,1593,1]
09-20 06:31:39.703 I/sysui_multi_action( 2202): [757,113,758,1,759,113,927,1,928,1,1593,1]
09-20 06:31:39.703 I/sysui_multi_action( 2202): [757,0,758,1,759,0,927,2,928,0,1593,1]
09-20 06:31:39.703 I/sysui_multi_action( 2202): [757,0,758,1,759,0,927,3,928,0,1593,1]
09-20 06:31:39.703 I/sysui_multi_action( 2202): [757,1706,758,1,759,1706,927,4,928,0,1593,1]
09-20 06:31:39.703 I/sysui_multi_action( 2202): [757,491,758,1,759,491,927,5,928,0,1311,-1,1593,0]
09-20 06:31:39.703 I/sysui_multi_action( 2202): [757,0,758,1,759,0,927,6,928,0,1593,0]
09-20 06:31:39.704 I/sysui_multi_action( 2202): [757,0,758,1,759,0,927,7,1593,0]
09-20 06:31:39.704 I/sysui_multi_action( 2202): [757,114,758,1,759,114,927,8,928,0,1593,0]
09-20 06:31:39.704 I/sysui_multi_action( 2202): [757,111,758,1]
09-20 06:31:39.704 I/sysui_multi_action( 2202): [757,126,758,1,759,126,927,0,928,0,1593,1]
09-20 06:31:39.704 I/sysui_multi_action( 2202): [757,113,758,1,759,113,927,1,928,1,1593,1]
09-20 06:31:39.704 I/sysui_multi_action( 2202): [757,0,758,1,759,0,927,2,928,0,1593,1]
09-20 06:31:39.704 I/sysui_multi_action( 2202): [757,0,758,1,759,0,927,3,928,0,1593,1]
09-20 06:31:43.119 I/input_interaction( 1158): Interaction with: 4bde657 com.android.launcher3/com.android.launcher3.uioverrides.QuickstepLauncher (server), 93416c5 com.android.systemui.ImageWallpaper (server), edge-swipe (server), swipe-up (server), PointerEventDispatcher0 (server),
09-20 06:31:48.477 I/view_enqueue_input_event( 8801): [Motion - Cancel,com.android.launcher3/com.android.launcher3.uioverrides.QuickstepLauncher]
09-20 06:31:48.482 I/input_interaction( 1158): Interaction with: edge-swipe (server), swipe-up (server), PointerEventDispatcher0 (server),
09-20 06:31:49.957 I/input_interaction( 1158): Interaction with: 4bde657 com.android.launcher3/com.android.launcher3.uioverrides.QuickstepLauncher (server), 93416c5 com.android.systemui.ImageWallpaper (server), edge-swipe (server), swipe-up (server), PointerEventDispatcher0 (server),
09-20 06:31:50.574 I/am_uid_idle( 1158): 10066
09-20 06:31:50.673 I/sysui_multi_action( 1158): [757,803,799,window_time_0,802,12]
09-20 06:31:54.711 I/sysui_multi_action( 1158): [757,803,799,window_time_0,802,4]
09-20 06:31:59.437 I/sysui_multi_action( 1158): [757,803,799,window_time_0,802,4]
09-20 06:32:00.575 I/sysui_multi_action( 1158): [757,803,799,window_time_0,802,2]
09-20 06:32:05.977 I/wm_task_created( 1158): [104,-1]
09-20 06:32:05.985 I/wm_task_moved( 1158): [104,1,6]
09-20 06:32:05.985 I/wm_task_to_front( 1158): [0,104]
09-20 06:32:05.986 I/wm_create_task( 1158): [0,104]
09-20 06:32:05.986 I/wm_create_activity( 1158): [0,141826638,104,com.android.settings/.Settings,NULL,NULL,NULL,402657280]
09-20 06:32:05.988 I/wm_task_moved( 1158): [104,1,6]
09-20 06:32:05.996 I/wm_on_top_resumed_lost_called( 8801): [213932593,com.android.launcher3.uioverrides.QuickstepLauncher,topStateChangedWhenResumed]
09-20 06:32:06.069 I/am_proc_start( 1158): [0,15831,1000,com.android.settings,top-activity,{com.android.settings/com.android.settings.Settings}]
09-20 06:32:06.138 I/am_proc_bound( 1158): [0,15831,com.android.settings]
09-20 06:32:06.142 I/wm_restart_activity( 1158): [0,141826638,104,com.android.settings/.Settings]
09-20 06:32:06.148 I/wm_set_resumed_activity( 1158): [0,com.android.settings/.Settings,minimalResumeActivityLocked]
09-20 06:32:06.241 I/wm_on_create_called(15831): [141826638,com.android.settings.Settings,performCreate]
09-20 06:32:06.300 W/CarrierConfigManager(15831): Error getting config for subId -1 ICarrierConfigLoader is null
09-20 06:32:06.342 I/wm_on_start_called(15831): [141826638,com.android.settings.Settings,handleStartActivity]
09-20 06:32:06.344 I/snet_event_log(15831): [120484087,-1,]
09-20 06:32:06.344 I/wm_on_resume_called(15831): [141826638,com.android.settings.Settings,RESUME_ACTIVITY]
09-20 06:32:06.346 I/sysui_multi_action(15831): [757,35,758,1,833,0,1089,102]
09-20 06:32:06.352 I/sysui_multi_action(15831): [757,1729,758,4,854,isParalleledControllers:false,1089,108]
09-20 06:32:06.363 I/sysui_multi_action(15831): [757,746,758,1,833,0,1089,82]
09-20 06:32:06.364 D/TelephonyRegistry( 1158): listen oscl: mHasNotifySubscriptionInfoChangedOccurred==false no callback
09-20 06:32:06.371 D/TelephonyRegistry( 1158): listen oscl: mHasNotifySubscriptionInfoChangedOccurred==false no callback
09-20 06:32:06.383 I/sysui_multi_action(15831): [757,1729,758,4,854,isParalleledControllers:false,1089,102]
09-20 06:32:06.396 I/wm_on_top_resumed_gained_called(15831): [141826638,com.android.settings.Settings,topStateChangedWhenResumed]
09-20 06:32:06.473 I/input_focus( 1158): [Focus request 9df856c com.android.settings/com.android.settings.Settings,reason=UpdateInputWindows]
09-20 06:32:06.500 I/input_focus( 1158): [Focus leaving 4bde657 com.android.launcher3/com.android.launcher3.uioverrides.QuickstepLauncher (server),reason=Waiting for window because NOT_VISIBLE]
09-20 06:32:06.555 I/sysui_multi_action( 1158): [324,0,757,1090,758,12,806,com.android.settings,871,com.android.settings.Settings,1091,581]
09-20 06:32:06.568 I/input_focus( 1158): [Focus entering 9df856c com.android.settings/com.android.settings.Settings (server),reason=Window became focusable. Previous reason: NOT_VISIBLE]
09-20 06:32:06.575 I/sysui_multi_action( 1158): [319,583,322,581,325,9501,757,761,758,7,759,2,806,com.android.settings,871,com.android.settings.Settings,904,com.android.launcher3,905,0,945,168,1320,4,1321,1]
09-20 06:32:06.578 I/wm_activity_launch_time( 1158): [0,141826638,com.android.settings/.Settings,581]
09-20 06:32:06.940 I/am_pss ( 1158): [15765,10088,com.qualcomm.qti.qccauthmgr,6559744,3973120,0,91320320,0,19,14]
09-20 06:32:08.684 I/input_interaction( 1158): Interaction with: 9df856c com.android.settings/com.android.settings.Settings (server), edge-swipe (server), swipe-up (server), PointerEventDispatcher0 (server),
09-20 06:32:08.797 I/wm_relaunch_resume_activity( 1158): [0,141826638,104,com.android.settings/.Settings]
09-20 06:32:08.798 I/wm_add_to_stopping( 1158): [0,213932593,com.android.launcher3/.uioverrides.QuickstepLauncher,makeInvisible]
09-20 06:32:08.815 I/wm_on_top_resumed_lost_called(15831): [141826638,com.android.settings.Settings,pausing]
09-20 06:32:08.819 I/sysui_multi_action(15831): [757,35,758,2,1089,2473]
09-20 06:32:08.828 I/sysui_multi_action(15831): [757,746,758,2,1089,2466]
09-20 06:32:08.834 I/wm_on_paused_called(15831): [141826638,com.android.settings.Settings,performPause]
09-20 06:32:08.840 I/wm_on_stop_called(15831): [141826638,com.android.settings.Settings,handleRelaunchActivity]
09-20 06:32:08.847 I/wm_on_destroy_called(15831): [141826638,com.android.settings.Settings,performDestroy]
09-20 06:32:08.860 I/am_crash( 1158): [15831,0,com.android.settings,952745541,java.lang.NullPointerException,Attempt to invoke virtual method 'void com.google.android.material.appbar.CollapsingToolbarLayout.setTitle(java.lang.CharSequence)' on a null object reference,SettingsHomepageActivity.java,288]
09-20 06:32:08.863 I/wm_finish_activity( 1158): [0,141826638,104,com.android.settings/.Settings,force-crash]
09-20 06:32:08.863 I/wm_task_moved( 1158): [1,1,6]
09-20 06:32:08.864 I/wm_set_resumed_activity( 1158): [0,com.android.launcher3/.uioverrides.QuickstepLauncher,positionChildAt]
09-20 06:32:08.864 I/wm_task_moved( 1158): [44,1,2147483647]
09-20 06:32:08.864 I/wm_task_to_front( 1158): [0,44]
09-20 06:32:08.864 I/wm_focused_root_task( 1158): [0,0,1,104,finish-top adjustFocusToNextFocusableTask]
09-20 06:32:08.864 I/wm_set_resumed_activity( 1158): [0,com.android.launcher3/.uioverrides.QuickstepLauncher,finish-top adjustFocusToNextFocusableTask]
09-20 06:32:08.873 I/wm_pause_activity( 1158): [0,141826638,com.android.settings/.Settings,userLeaving=false,finish]
09-20 06:32:08.906 I/input_focus( 1158): [Focus leaving 9df856c com.android.settings/com.android.settings.Settings (server),reason=NO_WINDOW]
09-20 06:32:08.911 I/input_focus( 1158): [Focus request 84c4e8a Application Error: com.android.settings,reason=UpdateInputWindows]
09-20 06:32:08.955 I/input_focus( 1158): [Focus entering 84c4e8a Application Error: com.android.settings (server),reason=Window became focusable. Previous reason: NOT_VISIBLE]
09-20 06:32:09.366 I/wm_on_top_resumed_gained_called( 8801): [213932593,com.android.launcher3.uioverrides.QuickstepLauncher,topStateChangedWhenResumed]
09-20 06:32:09.376 I/wm_add_to_stopping( 1158): [0,141826638,com.android.settings/.Settings,completeFinishing]
09-20 06:32:09.392 I/sysui_multi_action( 1158): [757,803,799,window_time_0,802,8]
09-20 06:32:09.741 I/wm_destroy_activity( 1158): [0,141826638,104,com.android.settings/.Settings,finish-imm:idle]
09-20 06:32:12.381 I/input_interaction( 1158): Interaction with: 84c4e8a Application Error: com.android.settings (server), edge-swipe (server), swipe-up (server), PointerEventDispatcher0 (server),
09-20 06:32:12.537 I/sysui_multi_action( 1158): [757,316,758,4,759,1]
09-20 06:32:12.540 I/wm_destroy_activity( 1158): [0,141826638,104,com.android.settings/.Settings,finish-imm:handleAppCrashed]
09-20 06:32:12.546 I/am_kill ( 1158): [0,15831,com.android.settings,900,crash]
09-20 06:32:12.574 I/wm_task_removed( 1158): [104,removeChild:removeChild last r=ActivityRecord{8741a4e u0 com.android.settings/.Settings t-1 f}} in t=Task{cc9a149 #104 type=standard A=1000:com.android.settings.root U=0 visible=false mode=fullscreen translucent=true sz=0}]
09-20 06:32:12.574 I/wm_task_removed( 1158): [104,removeChild]
09-20 06:32:12.645 I/input_focus( 1158): [Focus request 4bde657 com.android.launcher3/com.android.launcher3.uioverrides.QuickstepLauncher,reason=UpdateInputWindows]
