09-20 06:29:01.651 I/wm_on_create_called(15487): [118580877,com.android.settings.Settings,performCreate]
09-20 06:29:01.675 W/CarrierConfigManager(15487): Error getting config for subId -1 ICarrierConfigLoader is null
09-20 06:29:01.709 I/wm_on_start_called(15487): [118580877,com.android.settings.Settings,handleStartActivity]
09-20 06:29:01.709 I/snet_event_log(15487): [120484087,-1,]
09-20 06:29:01.710 I/wm_on_resume_called(15487): [118580877,com.android.settings.Settings,RESUME_ACTIVITY]
09-20 06:29:01.710 I/sysui_multi_action(15487): [757,35,758,1,833,0,1089,58]
09-20 06:29:01.711 I/sysui_multi_action(15487): [757,1729,758,4,854,isParalleledControllers:false,1089,59]
09-20 06:29:01.720 I/sysui_multi_action(15487): [757,746,758,1,833,0,1089,53]
09-20 06:29:01.721 D/TelephonyRegistry( 1158): listen oscl: mHasNotifySubscriptionInfoChangedOccurred==false no callback
09-20 06:29:01.725 D/TelephonyRegistry( 1158): listen oscl: mHasNotifySubscriptionInfoChangedOccurred==false no callback
09-20 06:29:01.741 I/sysui_multi_action(15487): [757,1729,758,4,854,isParalleledControllers:false,1089,74]
09-20 06:29:01.746 I/wm_on_top_resumed_gained_called(15487): [118580877,com.android.settings.Settings,topStateChangedWhenResumed]
09-20 06:29:01.817 I/input_focus( 1158): [Focus request 156e84d com.android.settings/com.android.settings.Settings,reason=UpdateInputWindows]
09-20 06:29:01.839 I/input_focus( 1158): [Focus leaving 4bde657 com.android.launcher3/com.android.launcher3.uioverrides.QuickstepLauncher (server),reason=Waiting for window because NOT_VISIBLE]
09-20 06:29:01.867 I/sysui_multi_action( 1158): [324,1,757,1090,758,12,806,com.android.settings,871,com.android.settings.Settings,1091,266]
09-20 06:29:01.884 I/sysui_multi_action( 1158): [319,268,322,266,325,9317,757,761,758,8,759,2,806,com.android.settings,871,com.android.settings.Settings,904,com.android.launcher3,905,0,1320,4,1321,1]
09-20 06:29:01.885 I/wm_activity_launch_time( 1158): [0,118580877,com.android.settings/.Settings,266]
09-20 06:29:01.890 I/input_focus( 1158): [Focus entering 156e84d com.android.settings/com.android.settings.Settings (server),reason=Window became focusable. Previous reason: NOT_VISIBLE]
09-20 06:29:04.161 I/view_enqueue_input_event( 8801): [Motion - Cancel,com.android.launcher3/com.android.launcher3.uioverrides.QuickstepLauncher]
09-20 06:29:04.167 I/input_interaction( 1158): Interaction with: edge-swipe (server), swipe-up (server), PointerEventDispatcher0 (server),
09-20 06:29:04.742 I/wm_task_moved( 1158): [1,1,6]
09-20 06:29:04.744 I/wm_on_top_resumed_lost_called(15487): [118580877,com.android.settings.Settings,topStateChangedWhenResumed]
09-20 06:29:04.745 I/wm_set_resumed_activity( 1158): [0,com.android.launcher3/.uioverrides.QuickstepLauncher,positionChildAt]
09-20 06:29:04.745 I/wm_task_moved( 1158): [44,1,2147483647]
09-20 06:29:04.745 I/wm_task_to_front( 1158): [0,44]
09-20 06:29:04.745 I/wm_focused_root_task( 1158): [0,0,1,100,bringingFoundTaskToFront]
09-20 06:29:04.745 I/wm_set_resumed_activity( 1158): [0,com.android.launcher3/.uioverrides.QuickstepLauncher,bringingFoundTaskToFront]
09-20 06:29:04.746 I/wm_new_intent( 1158): [0,213932593,44,com.android.launcher3/.uioverrides.QuickstepLauncher,android.intent.action.MAIN,NULL,NULL,268435712]
09-20 06:29:04.746 I/wm_task_moved( 1158): [1,1,6]
09-20 06:29:04.746 I/wm_set_resumed_activity( 1158): [0,com.android.launcher3/.uioverrides.QuickstepLauncher,positionChildAt]
09-20 06:29:04.752 I/input_focus( 1158): [Focus request 4bde657 com.android.launcher3/com.android.launcher3.uioverrides.QuickstepLauncher,reason=UpdateInputWindows]
09-20 06:29:04.756 I/wm_on_paused_called( 8801): [213932593,com.android.launcher3.uioverrides.QuickstepLauncher,performPause]
09-20 06:29:04.759 I/wm_on_resume_called( 8801): [213932593,com.android.launcher3.uioverrides.QuickstepLauncher,LIFECYCLER_RESUME_ACTIVITY]
09-20 06:29:04.772 I/wm_on_top_resumed_gained_called( 8801): [213932593,com.android.launcher3.uioverrides.QuickstepLauncher,topStateChangedWhenResumed]
09-20 06:29:04.779 I/input_focus( 1158): [Focus leaving 156e84d com.android.settings/com.android.settings.Settings (server),reason=setFocusedWindow]
09-20 06:29:04.779 I/input_focus( 1158): [Focus entering 4bde657 com.android.launcher3/com.android.launcher3.uioverrides.QuickstepLauncher (server),reason=setFocusedWindow]
09-20 06:29:05.076 I/input_interaction( 1158): Interaction with: 4bde657 com.android.launcher3/com.android.launcher3.uioverrides.QuickstepLauncher (server), 93416c5 com.android.systemui.ImageWallpaper (server), edge-swipe (server), swipe-up (server), PointerEventDispatcher0 (server),
09-20 06:29:06.330 I/view_enqueue_input_event( 8801): [Motion - Cancel,com.android.launcher3/com.android.launcher3.uioverrides.QuickstepLauncher]
09-20 06:29:06.339 I/input_interaction( 1158): Interaction with: edge-swipe (server), swipe-up (server), PointerEventDispatcher0 (server),
09-20 06:29:06.838 I/input_interaction( 1158): Interaction with: 4bde657 com.android.launcher3/com.android.launcher3.uioverrides.QuickstepLauncher (server), 93416c5 com.android.systemui.ImageWallpaper (server), edge-swipe (server), swipe-up (server), PointerEventDispatcher0 (server),
09-20 06:29:12.345 I/input_interaction( 1158): Interaction with: 156e84d com.android.settings/com.android.settings.Settings (server), edge-swipe (server), swipe-up (server), PointerEventDispatcher0 (server),
09-20 06:29:12.348 I/wm_task_moved( 1158): [100,1,6]
09-20 06:29:12.348 I/wm_task_to_front( 1158): [0,100]
09-20 06:29:12.357 I/wm_set_resumed_activity( 1158): [0,com.android.settings/.Settings,positionChildAt]
09-20 06:29:12.357 I/wm_focused_root_task( 1158): [0,0,100,1,setFocusedTask]
09-20 06:29:12.357 I/wm_set_resumed_activity( 1158): [0,com.android.settings/.Settings,setFocusedTask]
09-20 06:29:12.359 I/input_focus( 1158): [Focus request 156e84d com.android.settings/com.android.settings.Settings,reason=UpdateInputWindows]
09-20 06:29:12.359 I/wm_on_top_resumed_lost_called( 8801): [213932593,com.android.launcher3.uioverrides.QuickstepLauncher,topStateChangedWhenResumed]
09-20 06:29:12.362 I/wm_on_top_resumed_gained_called(15487): [118580877,com.android.settings.Settings,topStateChangedWhenResumed]
09-20 06:29:12.403 I/input_focus( 1158): [Focus leaving 4bde657 com.android.launcher3/com.android.launcher3.uioverrides.QuickstepLauncher (server),reason=setFocusedWindow]
09-20 06:29:12.403 I/input_focus( 1158): [Focus entering 156e84d com.android.settings/com.android.settings.Settings (server),reason=setFocusedWindow]
09-20 06:29:12.511 I/wm_finish_activity( 1158): [0,118580877,100,com.android.settings/.Settings,finish-activity]
09-20 06:29:12.511 I/wm_task_moved( 1158): [1,1,6]
09-20 06:29:12.514 I/wm_set_resumed_activity( 1158): [0,com.android.launcher3/.uioverrides.QuickstepLauncher,positionChildAt]
09-20 06:29:12.514 I/wm_task_moved( 1158): [44,1,2147483647]
09-20 06:29:12.514 I/wm_task_to_front( 1158): [0,44]
09-20 06:29:12.514 I/wm_focused_root_task( 1158): [0,0,1,-1,finish-top adjustFocusToNextFocusableTask]
09-20 06:29:12.514 I/wm_set_resumed_activity( 1158): [0,com.android.launcher3/.uioverrides.QuickstepLauncher,finish-top]
09-20 06:29:12.531 I/wm_pause_activity( 1158): [0,118580877,com.android.settings/.Settings,userLeaving=false,finish]
09-20 06:29:12.538 I/wm_on_top_resumed_lost_called(15487): [118580877,com.android.settings.Settings,topStateChangedWhenResumed]
09-20 06:29:12.541 I/input_focus( 1158): [Focus request 4bde657 com.android.launcher3/com.android.launcher3.uioverrides.QuickstepLauncher,reason=UpdateInputWindows]
09-20 06:29:12.541 I/wm_on_top_resumed_gained_called( 8801): [213932593,com.android.launcher3.uioverrides.QuickstepLauncher,topStateChangedWhenResumed]
09-20 06:29:12.553 I/sysui_multi_action(15487): [757,35,758,2,1089,10840]
09-20 06:29:12.557 I/dvm_lock_sample( 1158): [system_server,1,android.anim,10,WindowAnimator.java,103,void com.android.server.wm.WindowAnimator.lambda$new$1$WindowAnimator(long),TaskChangeNotificationController.java,330,void com.android.server.wm.TaskChangeNotificationController.forAllRemoteListeners(com.android.server.wm.TaskChangeNotificationController$TaskStackConsumer, android.os.Message),2]
09-20 06:29:12.559 I/sysui_multi_action( 1158): [757,803,799,window_time_0,802,22]
09-20 06:29:12.571 I/sysui_multi_action(15487): [757,746,758,2,1089,10851]
09-20 06:29:12.573 I/input_focus( 1158): [Focus leaving 156e84d com.android.settings/com.android.settings.Settings (server),reason=NO_WINDOW]
09-20 06:29:12.573 I/input_focus( 1158): [Focus entering 4bde657 com.android.launcher3/com.android.launcher3.uioverrides.QuickstepLauncher (server),reason=setFocusedWindow]
09-20 06:29:12.589 I/wm_on_paused_called(15487): [118580877,com.android.settings.Settings,performPause]
09-20 06:29:12.592 I/wm_destroy_activity( 1158): [0,118580877,100,com.android.settings/.Settings,finish-imm:completePausedLocked]
09-20 06:29:12.605 I/sysui_multi_action( 1158): [757,803,799,window_time_0,802,1]
09-20 06:29:12.642 I/wm_on_stop_called(15487): [118580877,com.android.settings.Settings,LIFECYCLER_STOP_ACTIVITY]
09-20 06:29:12.662 I/wm_on_destroy_called(15487): [118580877,com.android.settings.Settings,performDestroy]
09-20 06:29:13.115 I/wm_task_removed( 1158): [100,removeChild:removeChild last r=ActivityRecord{711668d u0 com.android.settings/.Settings t-1 f}} in t=Task{15d8b24 #100 type=standard A=1000:com.android.settings.root U=0 visible=false mode=freeform translucent=true sz=0}]
09-20 06:29:13.115 I/wm_task_removed( 1158): [100,removeChild]
09-20 06:29:13.608 I/input_interaction( 1158): Interaction with: 4bde657 com.android.launcher3/com.android.launcher3.uioverrides.QuickstepLauncher (server), 93416c5 com.android.systemui.ImageWallpaper (server), edge-swipe (server), swipe-up (server), PointerEventDispatcher0 (server),
09-20 06:29:13.810 I/dvm_lock_sample( 1158): [system_server,0,Binder:1158_1D,10,Session.java,511,void com.android.server.wm.Session.setWallpaperZoomOut(android.os.IBinder, float),,0,null,2]
09-20 06:29:17.050 I/wm_task_created( 1158): [101,-1]
09-20 06:29:17.055 I/wm_task_moved( 1158): [101,1,6]
09-20 06:29:17.055 I/wm_task_to_front( 1158): [0,101]
09-20 06:29:17.056 I/wm_create_task( 1158): [0,101]
09-20 06:29:17.056 I/wm_create_activity( 1158): [0,53610587,101,com.android.settings/.Settings,android.intent.action.MAIN,NULL,NULL,270532608]
09-20 06:29:17.056 I/wm_task_moved( 1158): [101,1,6]
09-20 06:29:17.059 I/wm_pause_activity( 1158): [0,213932593,com.android.launcher3/.uioverrides.QuickstepLauncher,userLeaving=true,pauseBackTasks]
09-20 06:29:17.067 I/wm_on_top_resumed_lost_called( 8801): [213932593,com.android.launcher3.uioverrides.QuickstepLauncher,topStateChangedWhenResumed]
09-20 06:29:17.070 I/wm_on_paused_called( 8801): [213932593,com.android.launcher3.uioverrides.QuickstepLauncher,performPause]
09-20 06:29:17.072 I/wm_add_to_stopping( 1158): [0,213932593,com.android.launcher3/.uioverrides.QuickstepLauncher,makeInvisible]
09-20 06:29:17.072 I/wm_restart_activity( 1158): [0,53610587,101,com.android.settings/.Settings]
09-20 06:29:17.074 I/wm_set_resumed_activity( 1158): [0,com.android.settings/.Settings,minimalResumeActivityLocked]
09-20 06:29:17.091 I/sysui_multi_action( 1158): [757,803,799,window_time_0,802,4]
09-20 06:29:17.092 I/input_focus( 1158): [Focus leaving 4bde657 com.android.launcher3/com.android.launcher3.uioverrides.QuickstepLauncher (server),reason=NO_WINDOW]
09-20 06:29:17.110 I/wm_on_create_called(15487): [53610587,com.android.settings.Settings,performCreate]
09-20 06:29:17.143 W/CarrierConfigManager(15487): Error getting config for subId -1 ICarrierConfigLoader is null
09-20 06:29:17.184 I/wm_on_start_called(15487): [53610587,com.android.settings.Settings,handleStartActivity]
09-20 06:29:17.184 I/snet_event_log(15487): [120484087,-1,]
09-20 06:29:17.185 I/wm_on_resume_called(15487): [53610587,com.android.settings.Settings,RESUME_ACTIVITY]
09-20 06:29:17.185 I/sysui_multi_action(15487): [757,35,758,1,833,0,1089,74]
09-20 06:29:17.187 I/sysui_multi_action(15487): [757,1729,758,4,854,isParalleledControllers:false,1089,75]
09-20 06:29:17.198 I/sysui_multi_action(15487): [757,746,758,1,833,0,1089,64]
09-20 06:29:17.199 D/TelephonyRegistry( 1158): listen oscl: mHasNotifySubscriptionInfoChangedOccurred==false no callback
09-20 06:29:17.211 I/service_manager_stats(15487): [100,89,9332644]
09-20 06:29:17.213 D/TelephonyRegistry( 1158): listen oscl: mHasNotifySubscriptionInfoChangedOccurred==false no callback
09-20 06:29:17.223 I/sysui_multi_action(15487): [757,1729,758,4,854,isParalleledControllers:false,1089,89]
09-20 06:29:17.228 I/wm_on_top_resumed_gained_called(15487): [53610587,com.android.settings.Settings,topStateChangedWhenResumed]
09-20 06:29:17.290 I/input_focus( 1158): [Focus request 58aece com.android.settings/com.android.settings.Settings,reason=UpdateInputWindows]
09-20 06:29:17.328 I/sysui_multi_action( 1158): [324,1,757,1090,758,12,806,com.android.settings,871,com.android.settings.Settings,1091,300]
09-20 06:29:17.340 I/sysui_multi_action( 1158): [319,115,321,110,322,300,325,9332,757,761,758,8,759,1,806,com.android.settings,871,com.android.settings.Settings,904,com.android.launcher3,905,0,1320,4,1321,1]
09-20 06:29:17.347 I/wm_activity_launch_time( 1158): [0,53610587,com.android.settings/.Settings,300]
09-20 06:29:17.361 I/input_focus( 1158): [Focus entering 58aece com.android.settings/com.android.settings.Settings (server),reason=Window became focusable. Previous reason: NOT_VISIBLE]
09-20 06:29:17.713 I/wm_stop_activity( 1158): [0,213932593,com.android.launcher3/.uioverrides.QuickstepLauncher]
09-20 06:29:17.781 I/wm_on_stop_called( 8801): [213932593,com.android.launcher3.uioverrides.QuickstepLauncher,STOP_ACTIVITY_ITEM]
09-20 06:29:18.682 I/input_interaction( 1158): Interaction with: 58aece com.android.settings/com.android.settings.Settings (server), edge-swipe (server), swipe-up (server), PointerEventDispatcher0 (server),
09-20 06:29:18.776 I/view_enqueue_input_event(15487): [Motion - Cancel,com.android.settings/com.android.settings.Settings]
09-20 06:29:18.789 I/input_interaction( 1158): Interaction with: edge-swipe (server), swipe-up (server), PointerEventDispatcher0 (server),
09-20 06:29:19.046 I/sysui_multi_action( 1158): [757,803,799,key_back_press,802,1]
09-20 06:29:19.058 I/input_interaction( 1158): Interaction with: 58aece com.android.settings/com.android.settings.Settings (server), PointerEventDispatcher0 (server),
09-20 06:29:19.061 I/wm_task_moved( 1158): [101,0,0]
09-20 06:29:19.063 I/wm_focused_root_task( 1158): [0,0,1,101,moveTaskToBackLocked]
09-20 06:29:19.064 I/wm_add_to_stopping( 1158): [0,53610587,com.android.settings/.Settings,makeInvisible]
09-20 06:29:19.066 I/wm_pause_activity( 1158): [0,53610587,com.android.settings/.Settings,userLeaving=false,pauseBackTasks]
09-20 06:29:19.069 I/wm_set_resumed_activity( 1158): [0,com.android.launcher3/.uioverrides.QuickstepLauncher,resumeTopActivityInnerLocked]
09-20 06:29:19.069 I/wm_resume_activity( 1158): [0,213932593,44,com.android.launcher3/.uioverrides.QuickstepLauncher]
09-20 06:29:19.075 I/wm_on_top_resumed_lost_called(15487): [53610587,com.android.settings.Settings,topStateChangedWhenResumed]
09-20 06:29:19.078 I/sysui_multi_action(15487): [757,35,758,2,1089,1892]
09-20 06:29:19.079 I/sysui_multi_action( 1158): [757,803,799,window_time_0,802,2]
09-20 06:29:19.081 I/input_focus( 1158): [Focus leaving 58aece com.android.settings/com.android.settings.Settings (server),reason=NO_WINDOW]
09-20 06:29:19.087 I/sysui_multi_action(15487): [757,746,758,2,1089,1889]
09-20 06:29:19.089 I/wm_on_restart_called( 8801): [213932593,com.android.launcher3.uioverrides.QuickstepLauncher,performRestartActivity]
09-20 06:29:19.089 I/wm_on_start_called( 8801): [213932593,com.android.launcher3.uioverrides.QuickstepLauncher,handleStartActivity]
09-20 06:29:19.089 I/wm_on_resume_called( 8801): [213932593,com.android.launcher3.uioverrides.QuickstepLauncher,RESUME_ACTIVITY]
09-20 06:29:19.090 I/wm_on_top_resumed_gained_called( 8801): [213932593,com.android.launcher3.uioverrides.QuickstepLauncher,topStateChangedWhenResumed]
09-20 06:29:19.095 I/wm_on_paused_called(15487): [53610587,com.android.settings.Settings,performPause]
09-20 06:29:19.106 I/input_focus( 1158): [Focus request 4bde657 com.android.launcher3/com.android.launcher3.uioverrides.QuickstepLauncher,reason=UpdateInputWindows]
09-20 06:29:19.131 I/input_focus( 1158): [Focus entering 4bde657 com.android.launcher3/com.android.launcher3.uioverrides.QuickstepLauncher (server),reason=Window became focusable. Previous reason: NOT_VISIBLE]
09-20 06:29:19.491 I/wm_stop_activity( 1158): [0,53610587,com.android.settings/.Settings]
09-20 06:29:19.546 I/wm_on_stop_called(15487): [53610587,com.android.settings.Settings,STOP_ACTIVITY_ITEM]
09-20 06:29:47.489 I/input_interaction( 1158): Interaction with: 4bde657 com.android.launcher3/com.android.launcher3.uioverrides.QuickstepLauncher (server), 93416c5 com.android.systemui.ImageWallpaper (server), edge-swipe (server), swipe-up (server), PointerEventDispatcher0 (server),
09-20 06:29:47.593 I/service_manager_stats( 1158): [100,136,64676]
09-20 06:30:12.548 I/commit_sys_config_file( 1158): [appops,9317316]
09-20 06:30:41.775 I/sysui_multi_action( 1158): [757,1696,758,6,759,2]
09-20 06:30:41.779 I/am_wtf ( 1158): [0,1158,system_server,-1,DisplayDeviceConfig,requesting nits when no mapping exists.]
09-20 06:30:41.784 I/am_wtf ( 1158): [0,1158,system_server,-1,DisplayDeviceConfig,requesting nits when no mapping exists.]
09-20 06:30:41.796 I/am_wtf ( 1158): [0,1158,system_server,-1,DisplayDeviceConfig,requesting nits when no mapping exists.]
09-20 06:30:41.801 I/am_wtf ( 1158): [0,1158,system_server,-1,DisplayDeviceConfig,requesting nits when no mapping exists.]
09-20 06:30:41.811 I/am_wtf ( 1158): [0,1158,system_server,-1,DisplayDeviceConfig,requesting nits when no mapping exists.]
09-20 06:30:41.815 I/am_wtf ( 1158): [0,1158,system_server,-1,DisplayDeviceConfig,requesting nits when no mapping exists.]
09-20 06:30:41.828 I/am_wtf ( 1158): [0,1158,system_server,-1,DisplayDeviceConfig,requesting nits when no mapping exists.]
09-20 06:30:41.829 I/am_wtf ( 1158): [0,1158,system_server,-1,DisplayDeviceConfig,requesting nits when no mapping exists.]
09-20 06:30:41.845 I/am_wtf ( 1158): [0,1158,system_server,-1,DisplayDeviceConfig,requesting nits when no mapping exists.]
09-20 06:30:41.846 I/am_wtf ( 1158): [0,1158,system_server,-1,DisplayDeviceConfig,requesting nits when no mapping exists.]
09-20 06:30:41.861 I/am_wtf ( 1158): [0,1158,system_server,-1,DisplayDeviceConfig,requesting nits when no mapping exists.]
09-20 06:30:41.863 I/am_wtf ( 1158): [0,1158,system_server,-1,DisplayDeviceConfig,requesting nits when no mapping exists.]
09-20 06:30:41.879 I/am_wtf ( 1158): [0,1158,system_server,-1,DisplayDeviceConfig,requesting nits when no mapping exists.]
09-20 06:30:41.880 I/am_wtf ( 1158): [0,1158,system_server,-1,DisplayDeviceConfig,requesting nits when no mapping exists.]
09-20 06:30:41.895 I/am_wtf ( 1158): [0,1158,system_server,-1,DisplayDeviceConfig,requesting nits when no mapping exists.]
09-20 06:30:41.896 I/am_wtf ( 1158): [0,1158,system_server,-1,DisplayDeviceConfig,requesting nits when no mapping exists.]
09-20 06:30:41.912 I/am_wtf ( 1158): [0,1158,system_server,-1,DisplayDeviceConfig,requesting nits when no mapping exists.]
09-20 06:30:41.913 I/am_wtf ( 1158): [0,1158,system_server,-1,DisplayDeviceConfig,requesting nits when no mapping exists.]
09-20 06:30:41.929 I/am_wtf ( 1158): [0,1158,system_server,-1,DisplayDeviceConfig,requesting nits when no mapping exists.]
09-20 06:30:41.930 I/am_wtf ( 1158): [0,1158,system_server,-1,DisplayDeviceConfig,requesting nits when no mapping exists.]
09-20 06:30:41.947 I/am_wtf ( 1158): [0,1158,system_server,-1,DisplayDeviceConfig,requesting nits when no mapping exists.]
09-20 06:30:41.948 I/am_wtf ( 1158): [0,1158,system_server,-1,DisplayDeviceConfig,requesting nits when no mapping exists.]
09-20 06:30:41.963 I/am_wtf ( 1158): [0,1158,system_server,-1,DisplayDeviceConfig,requesting nits when no mapping exists.]
09-20 06:30:41.964 I/am_wtf ( 1158): [0,1158,system_server,-1,DisplayDeviceConfig,requesting nits when no mapping exists.]
09-20 06:30:41.979 I/am_wtf ( 1158): [0,1158,system_server,-1,DisplayDeviceConfig,requesting nits when no mapping exists.]
09-20 06:30:41.980 I/am_wtf ( 1158): [0,1158,system_server,-1,DisplayDeviceConfig,requesting nits when no mapping exists.]
09-20 06:30:41.996 I/am_wtf ( 1158): [0,1158,system_server,-1,DisplayDeviceConfig,requesting nits when no mapping exists.]
09-20 06:30:41.997 I/am_wtf ( 1158): [0,1158,system_server,-1,DisplayDeviceConfig,requesting nits when no mapping exists.]
09-20 06:30:42.012 I/am_wtf ( 1158): [0,1158,system_server,-1,DisplayDeviceConfig,requesting nits when no mapping exists.]
09-20 06:30:42.013 I/am_wtf ( 1158): [0,1158,system_server,-1,DisplayDeviceConfig,requesting nits when no mapping exists.]
09-20 06:30:42.029 I/am_wtf ( 1158): [0,1158,system_server,-1,DisplayDeviceConfig,requesting nits when no mapping exists.]
09-20 06:30:42.030 I/am_wtf ( 1158): [0,1158,system_server,-1,DisplayDeviceConfig,requesting nits when no mapping exists.]
09-20 06:30:42.046 I/am_wtf ( 1158): [0,1158,system_server,-1,DisplayDeviceConfig,requesting nits when no mapping exists.]
09-20 06:30:42.048 I/am_wtf ( 1158): [0,1158,system_server,-1,DisplayDeviceConfig,requesting nits when no mapping exists.]
09-20 06:30:42.062 I/am_wtf ( 1158): [0,1158,system_server,-1,DisplayDeviceConfig,requesting nits when no mapping exists.]
09-20 06:30:42.064 I/am_wtf ( 1158): [0,1158,system_server,-1,DisplayDeviceConfig,requesting nits when no mapping exists.]
09-20 06:30:42.080 I/am_wtf ( 1158): [0,1158,system_server,-1,DisplayDeviceConfig,requesting nits when no mapping exists.]
09-20 06:30:42.081 I/am_wtf ( 1158): [0,1158,system_server,-1,DisplayDeviceConfig,requesting nits when no mapping exists.]
09-20 06:30:42.096 I/am_wtf ( 1158): [0,1158,system_server,-1,DisplayDeviceConfig,requesting nits when no mapping exists.]
09-20 06:30:42.097 I/am_wtf ( 1158): [0,1158,system_server,-1,DisplayDeviceConfig,requesting nits when no mapping exists.]
09-20 06:30:42.113 I/am_wtf ( 1158): [0,1158,system_server,-1,DisplayDeviceConfig,requesting nits when no mapping exists.]
09-20 06:30:42.114 I/am_wtf ( 1158): [0,1158,system_server,-1,DisplayDeviceConfig,requesting nits when no mapping exists.]
09-20 06:30:42.129 I/am_wtf ( 1158): [0,1158,system_server,-1,DisplayDeviceConfig,requesting nits when no mapping exists.]
09-20 06:30:42.130 I/am_wtf ( 1158): [0,1158,system_server,-1,DisplayDeviceConfig,requesting nits when no mapping exists.]
09-20 06:30:42.145 I/am_wtf ( 1158): [0,1158,system_server,-1,DisplayDeviceConfig,requesting nits when no mapping exists.]
09-20 06:30:42.147 I/am_wtf ( 1158): [0,1158,system_server,-1,DisplayDeviceConfig,requesting nits when no mapping exists.]
09-20 06:30:42.162 I/am_wtf ( 1158): [0,1158,system_server,-1,DisplayDeviceConfig,requesting nits when no mapping exists.]
09-20 06:30:42.164 I/am_wtf ( 1158): [0,1158,system_server,-1,DisplayDeviceConfig,requesting nits when no mapping exists.]
09-20 06:30:42.179 I/am_wtf ( 1158): [0,1158,system_server,-1,DisplayDeviceConfig,requesting nits when no mapping exists.]
09-20 06:30:42.180 I/am_wtf ( 1158): [0,1158,system_server,-1,DisplayDeviceConfig,requesting nits when no mapping exists.]
09-20 06:30:42.196 I/am_wtf ( 1158): [0,1158,system_server,-1,DisplayDeviceConfig,requesting nits when no mapping exists.]
09-20 06:30:42.197 I/am_wtf ( 1158): [0,1158,system_server,-1,DisplayDeviceConfig,requesting nits when no mapping exists.]
09-20 06:30:42.212 I/am_wtf ( 1158): [0,1158,system_server,-1,DisplayDeviceConfig,requesting nits when no mapping exists.]
09-20 06:30:42.214 I/am_wtf ( 1158): [0,1158,system_server,-1,DisplayDeviceConfig,requesting nits when no mapping exists.]
09-20 06:30:42.229 I/am_wtf ( 1158): [0,1158,system_server,-1,DisplayDeviceConfig,requesting nits when no mapping exists.]
09-20 06:30:42.231 I/am_wtf ( 1158): [0,1158,system_server,-1,DisplayDeviceConfig,requesting nits when no mapping exists.]
09-20 06:30:42.246 I/am_wtf ( 1158): [0,1158,system_server,-1,DisplayDeviceConfig,requesting nits when no mapping exists.]
09-20 06:30:42.248 I/am_wtf ( 1158): [0,1158,system_server,-1,DisplayDeviceConfig,requesting nits when no mapping exists.]
09-20 06:30:42.263 I/am_wtf ( 1158): [0,1158,system_server,-1,DisplayDeviceConfig,requesting nits when no mapping exists.]
09-20 06:30:42.264 I/am_wtf ( 1158): [0,1158,system_server,-1,DisplayDeviceConfig,requesting nits when no mapping exists.]
09-20 06:30:42.279 I/am_wtf ( 1158): [0,1158,system_server,-1,DisplayDeviceConfig,requesting nits when no mapping exists.]
09-20 06:30:42.280 I/am_wtf ( 1158): [0,1158,system_server,-1,DisplayDeviceConfig,requesting nits when no mapping exists.]
09-20 06:30:42.296 I/am_wtf ( 1158): [0,1158,system_server,-1,DisplayDeviceConfig,requesting nits when no mapping exists.]
09-20 06:30:42.297 I/am_wtf ( 1158): [0,1158,system_server,-1,DisplayDeviceConfig,requesting nits when no mapping exists.]
09-20 06:30:42.313 I/am_wtf ( 1158): [0,1158,system_server,-1,DisplayDeviceConfig,requesting nits when no mapping exists.]
09-20 06:30:42.315 I/am_wtf ( 1158): [0,1158,system_server,-1,DisplayDeviceConfig,requesting nits when no mapping exists.]
09-20 06:30:42.331 I/am_wtf ( 1158): [0,1158,system_server,-1,DisplayDeviceConfig,requesting nits when no mapping exists.]
09-20 06:30:42.332 I/am_wtf ( 1158): [0,1158,system_server,-1,DisplayDeviceConfig,requesting nits when no mapping exists.]
09-20 06:30:42.346 I/am_wtf ( 1158): [0,1158,system_server,-1,DisplayDeviceConfig,requesting nits when no mapping exists.]
09-20 06:30:42.349 I/am_wtf ( 1158): [0,1158,system_server,-1,DisplayDeviceConfig,requesting nits when no mapping exists.]
09-20 06:30:42.363 I/am_wtf ( 1158): [0,1158,system_server,-1,DisplayDeviceConfig,requesting nits when no mapping exists.]
09-20 06:30:42.364 I/am_wtf ( 1158): [0,1158,system_server,-1,DisplayDeviceConfig,requesting nits when no mapping exists.]
09-20 06:30:42.380 I/am_wtf ( 1158): [0,1158,system_server,-1,DisplayDeviceConfig,requesting nits when no mapping exists.]
09-20 06:30:42.381 I/am_wtf ( 1158): [0,1158,system_server,-1,DisplayDeviceConfig,requesting nits when no mapping exists.]
09-20 06:30:42.396 I/am_wtf ( 1158): [0,1158,system_server,-1,DisplayDeviceConfig,requesting nits when no mapping exists.]
09-20 06:30:42.398 I/am_wtf ( 1158): [0,1158,system_server,-1,DisplayDeviceConfig,requesting nits when no mapping exists.]
09-20 06:30:42.413 I/am_wtf ( 1158): [0,1158,system_server,-1,DisplayDeviceConfig,requesting nits when no mapping exists.]
09-20 06:30:42.415 I/am_wtf ( 1158): [0,1158,system_server,-1,DisplayDeviceConfig,requesting nits when no mapping exists.]
09-20 06:30:42.430 I/am_wtf ( 1158): [0,1158,system_server,-1,DisplayDeviceConfig,requesting nits when no mapping exists.]
09-20 06:30:42.431 I/am_wtf ( 1158): [0,1158,system_server,-1,DisplayDeviceConfig,requesting nits when no mapping exists.]
09-20 06:30:42.447 I/am_wtf ( 1158): [0,1158,system_server,-1,DisplayDeviceConfig,requesting nits when no mapping exists.]
09-20 06:30:42.448 I/am_wtf ( 1158): [0,1158,system_server,-1,DisplayDeviceConfig,requesting nits when no mapping exists.]
09-20 06:30:42.463 I/am_wtf ( 1158): [0,1158,system_server,-1,DisplayDeviceConfig,requesting nits when no mapping exists.]
09-20 06:30:42.464 I/am_wtf ( 1158): [0,1158,system_server,-1,DisplayDeviceConfig,requesting nits when no mapping exists.]
09-20 06:30:42.480 I/am_wtf ( 1158): [0,1158,system_server,-1,DisplayDeviceConfig,requesting nits when no mapping exists.]
09-20 06:30:42.481 I/am_wtf ( 1158): [0,1158,system_server,-1,DisplayDeviceConfig,requesting nits when no mapping exists.]
09-20 06:30:42.496 I/am_wtf ( 1158): [0,1158,system_server,-1,DisplayDeviceConfig,requesting nits when no mapping exists.]
09-20 06:30:42.497 I/am_wtf ( 1158): [0,1158,system_server,-1,DisplayDeviceConfig,requesting nits when no mapping exists.]
09-20 06:30:42.513 I/am_wtf ( 1158): [0,1158,system_server,-1,DisplayDeviceConfig,requesting nits when no mapping exists.]
09-20 06:30:42.516 I/am_wtf ( 1158): [0,1158,system_server,-1,DisplayDeviceConfig,requesting nits when no mapping exists.]
09-20 06:30:42.530 I/am_wtf ( 1158): [0,1158,system_server,-1,DisplayDeviceConfig,requesting nits when no mapping exists.]
09-20 06:30:42.531 I/am_wtf ( 1158): [0,1158,system_server,-1,DisplayDeviceConfig,requesting nits when no mapping exists.]
09-20 06:30:42.532 I/service_manager_stats( 1158): [100,87,54939]
09-20 06:30:42.547 I/am_wtf ( 1158): [0,1158,system_server,-1,DisplayDeviceConfig,requesting nits when no mapping exists.]
09-20 06:30:42.548 I/am_wtf ( 1158): [0,1158,system_server,-1,DisplayDeviceConfig,requesting nits when no mapping exists.]
09-20 06:30:42.564 I/am_wtf ( 1158): [0,1158,system_server,-1,DisplayDeviceConfig,requesting nits when no mapping exists.]
09-20 06:30:42.565 I/am_wtf ( 1158): [0,1158,system_server,-1,DisplayDeviceConfig,requesting nits when no mapping exists.]
09-20 06:30:42.580 I/am_wtf ( 1158): [0,1158,system_server,-1,DisplayDeviceConfig,requesting nits when no mapping exists.]
09-20 06:30:42.581 I/am_wtf ( 1158): [0,1158,system_server,-1,DisplayDeviceConfig,requesting nits when no mapping exists.]
09-20 06:30:42.597 I/am_wtf ( 1158): [0,1158,system_server,-1,DisplayDeviceConfig,requesting nits when no mapping exists.]
09-20 06:30:42.599 I/am_wtf ( 1158): [0,1158,system_server,-1,DisplayDeviceConfig,requesting nits when no mapping exists.]
09-20 06:30:42.614 I/am_wtf ( 1158): [0,1158,system_server,-1,DisplayDeviceConfig,requesting nits when no mapping exists.]
09-20 06:30:42.615 I/am_wtf ( 1158): [0,1158,system_server,-1,DisplayDeviceConfig,requesting nits when no mapping exists.]
09-20 06:30:42.630 I/am_wtf ( 1158): [0,1158,system_server,-1,DisplayDeviceConfig,requesting nits when no mapping exists.]
09-20 06:30:42.632 I/am_wtf ( 1158): [0,1158,system_server,-1,DisplayDeviceConfig,requesting nits when no mapping exists.]
09-20 06:30:42.647 I/am_wtf ( 1158): [0,1158,system_server,-1,DisplayDeviceConfig,requesting nits when no mapping exists.]
09-20 06:30:42.648 I/am_wtf ( 1158): [0,1158,system_server,-1,DisplayDeviceConfig,requesting nits when no mapping exists.]
09-20 06:30:42.663 I/am_wtf ( 1158): [0,1158,system_server,-1,DisplayDeviceConfig,requesting nits when no mapping exists.]
09-20 06:30:42.664 I/am_wtf ( 1158): [0,1158,system_server,-1,DisplayDeviceConfig,requesting nits when no mapping exists.]
09-20 06:30:42.680 I/am_wtf ( 1158): [0,1158,system_server,-1,DisplayDeviceConfig,requesting nits when no mapping exists.]
09-20 06:30:42.681 I/am_wtf ( 1158): [0,1158,system_server,-1,DisplayDeviceConfig,requesting nits when no mapping exists.]
09-20 06:30:42.705 I/am_wtf ( 1158): [0,1158,system_server,-1,DisplayDeviceConfig,requesting nits when no mapping exists.]
09-20 06:30:42.707 I/am_wtf ( 1158): [0,1158,system_server,-1,DisplayDeviceConfig,requesting nits when no mapping exists.]
09-20 06:30:42.713 I/am_wtf ( 1158): [0,1158,system_server,-1,DisplayDeviceConfig,requesting nits when no mapping exists.]
09-20 06:30:42.715 I/am_wtf ( 1158): [0,1158,system_server,-1,DisplayDeviceConfig,requesting nits when no mapping exists.]
09-20 06:30:42.730 I/am_wtf ( 1158): [0,1158,system_server,-1,DisplayDeviceConfig,requesting nits when no mapping exists.]
09-20 06:30:42.731 I/am_wtf ( 1158): [0,1158,system_server,-1,DisplayDeviceConfig,requesting nits when no mapping exists.]
09-20 06:30:48.778 I/sysui_multi_action( 1158): [757,222,758,1]
09-20 06:30:48.781 I/am_uid_active( 1158): 10066
09-20 06:30:48.805 I/am_pss ( 1158): [15487,1000,com.android.settings,53101568,38703104,0,186281984,0,15,16]
09-20 06:30:48.816 I/wm_task_created( 1158): [102,-1]
09-20 06:30:48.822 I/wm_task_moved( 1158): [102,1,7]
09-20 06:30:48.822 I/wm_task_to_front( 1158): [0,102]
09-20 06:30:48.823 I/wm_create_task( 1158): [0,102]
09-20 06:30:48.823 I/wm_create_activity( 1158): [0,194220490,102,com.android.deskclock/android.service.dreams.DreamActivity,NULL,NULL,NULL,276824064]
09-20 06:30:48.823 I/wm_task_moved( 1158): [102,1,7]
09-20 06:30:48.823 I/wm_on_top_resumed_lost_called( 8801): [213932593,com.android.launcher3.uioverrides.QuickstepLauncher,topStateChangedWhenResumed]
09-20 06:30:48.827 I/wm_pause_activity( 1158): [0,213932593,com.android.launcher3/.uioverrides.QuickstepLauncher,userLeaving=true,pauseBackTasks]
09-20 06:30:48.833 I/wm_on_paused_called( 8801): [213932593,com.android.launcher3.uioverrides.QuickstepLauncher,performPause]
09-20 06:30:48.838 I/wm_add_to_stopping( 1158): [0,213932593,com.android.launcher3/.uioverrides.QuickstepLauncher,makeInvisible]
09-20 06:30:48.839 I/wm_restart_activity( 1158): [0,194220490,102,com.android.deskclock/android.service.dreams.DreamActivity]
09-20 06:30:48.841 I/wm_set_resumed_activity( 1158): [0,com.android.deskclock/android.service.dreams.DreamActivity,minimalResumeActivityLocked]
09-20 06:30:48.857 I/sysui_multi_action( 1158): [757,803,799,window_time_0,802,90]
09-20 06:30:48.858 I/wm_on_create_called( 5400): [194220490,android.service.dreams.DreamActivity,performCreate]
09-20 06:30:48.859 I/wm_on_start_called( 5400): [194220490,android.service.dreams.DreamActivity,handleStartActivity]
09-20 06:30:48.859 I/wm_on_resume_called( 5400): [194220490,android.service.dreams.DreamActivity,RESUME_ACTIVITY]
09-20 06:30:48.862 I/input_focus( 1158): [Focus leaving 4bde657 com.android.launcher3/com.android.launcher3.uioverrides.QuickstepLauncher (server),reason=NO_WINDOW]
09-20 06:30:48.868 I/wm_on_top_resumed_gained_called( 5400): [194220490,android.service.dreams.DreamActivity,topStateChangedWhenResumed]
09-20 06:30:48.895 I/input_focus( 1158): [Focus request 7410096 com.android.deskclock/android.service.dreams.DreamActivity,reason=UpdateInputWindows]
09-20 06:30:48.895 I/sysui_multi_action( 2202): [757,111,758,2]
09-20 06:30:48.896 I/sysui_multi_action( 2202): [757,111,758,2]
09-20 06:30:48.914 I/sysui_multi_action( 1158): [757,1696,758,6,759,3]
09-20 06:30:48.919 I/sysui_multi_action( 1158): [319,101,322,99,325,9424,757,761,758,8,759,2,806,com.android.deskclock,871,android.service.dreams.DreamActivity,904,com.android.deskclock,905,0,1320,4,1321,1]
09-20 06:30:48.919 I/sysui_multi_action( 2202): [757,111,758,1]
09-20 06:30:48.920 I/sysui_multi_action( 2202): [757,126,758,1,759,126,927,0,928,0,1593,0]
09-20 06:30:48.920 I/sysui_multi_action( 2202): [757,113,758,1,759,113,927,1,928,1,1593,0]
09-20 06:30:48.920 I/sysui_multi_action( 2202): [757,0,758,1,759,0,927,2,928,0,1593,0]
09-20 06:30:48.920 I/wm_activity_launch_time( 1158): [0,194220490,com.android.deskclock/android.service.dreams.DreamActivity,99]
09-20 06:30:48.920 I/sysui_multi_action( 2202): [757,0,758,1,759,0,927,3,928,0,1593,0]
09-20 06:30:48.920 I/sysui_multi_action( 2202): [757,1706,758,1,759,1706,927,4,928,0,1593,0]
09-20 06:30:48.921 I/sysui_multi_action( 2202): [757,491,758,1,759,491,927,5,928,0,1311,-1,1593,0]
09-20 06:30:48.922 I/sysui_multi_action( 2202): [757,0,758,1,759,0,927,6,928,0,1593,0]
09-20 06:30:48.923 I/sysui_multi_action( 2202): [757,0,758,1,759,0,927,7,1593,0]
09-20 06:30:48.923 I/sysui_multi_action( 2202): [757,114,758,1,759,114,927,8,928,0,1593,0]
09-20 06:30:48.923 I/sysui_multi_action( 2202): [757,111,758,1]
09-20 06:30:48.924 I/sysui_multi_action( 2202): [757,126,758,1,759,126,927,0,928,0,1593,0]
09-20 06:30:48.924 I/sysui_multi_action( 2202): [757,113,758,1,759,113,927,1,928,1,1593,0]
09-20 06:30:48.924 I/sysui_multi_action( 2202): [757,0,758,1,759,0,927,2,928,0,1593,0]
09-20 06:30:48.925 I/sysui_multi_action( 2202): [757,0,758,1,759,0,927,3,928,0,1593,0]
09-20 06:30:48.937 I/am_wtf ( 1158): [0,1158,system_server,-1,DisplayDeviceConfig,requesting nits when no mapping exists.]
09-20 06:30:48.940 I/am_wtf ( 1158): [0,1158,system_server,-1,DisplayDeviceConfig,requesting nits when no mapping exists.]
09-20 06:30:48.947 I/input_focus( 1158): [Focus entering 7410096 com.android.deskclock/android.service.dreams.DreamActivity (server),reason=Window became focusable. Previous reason: NOT_VISIBLE]
09-20 06:30:48.950 I/am_wtf ( 1158): [0,1158,system_server,-1,DisplayDeviceConfig,requesting nits when no mapping exists.]
09-20 06:30:48.951 I/am_wtf ( 1158): [0,1158,system_server,-1,DisplayDeviceConfig,requesting nits when no mapping exists.]
09-20 06:30:48.979 I/am_wtf ( 1158): [0,1158,system_server,-1,DisplayDeviceConfig,requesting nits when no mapping exists.]
09-20 06:30:48.986 I/am_wtf ( 1158): [0,1158,system_server,-1,DisplayDeviceConfig,requesting nits when no mapping exists.]
09-20 06:30:48.995 I/am_wtf ( 1158): [0,1158,system_server,-1,DisplayDeviceConfig,requesting nits when no mapping exists.]
09-20 06:30:48.998 I/am_wtf ( 1158): [0,1158,system_server,-1,DisplayDeviceConfig,requesting nits when no mapping exists.]
09-20 06:30:49.013 I/am_wtf ( 1158): [0,1158,system_server,-1,DisplayDeviceConfig,requesting nits when no mapping exists.]
09-20 06:30:49.016 I/am_wtf ( 1158): [0,1158,system_server,-1,DisplayDeviceConfig,requesting nits when no mapping exists.]
09-20 06:30:49.030 I/am_wtf ( 1158): [0,1158,system_server,-1,DisplayDeviceConfig,requesting nits when no mapping exists.]
09-20 06:30:49.032 I/am_wtf ( 1158): [0,1158,system_server,-1,DisplayDeviceConfig,requesting nits when no mapping exists.]
09-20 06:30:49.064 I/am_wtf ( 1158): [0,1158,system_server,-1,DisplayDeviceConfig,requesting nits when no mapping exists.]
09-20 06:30:49.065 I/am_wtf ( 1158): [0,1158,system_server,-1,DisplayDeviceConfig,requesting nits when no mapping exists.]
09-20 06:30:49.083 I/am_wtf ( 1158): [0,1158,system_server,-1,DisplayDeviceConfig,requesting nits when no mapping exists.]
09-20 06:30:49.084 I/am_wtf ( 1158): [0,1158,system_server,-1,DisplayDeviceConfig,requesting nits when no mapping exists.]
09-20 06:30:49.099 I/am_wtf ( 1158): [0,1158,system_server,-1,DisplayDeviceConfig,requesting nits when no mapping exists.]
09-20 06:30:49.100 I/am_wtf ( 1158): [0,1158,system_server,-1,DisplayDeviceConfig,requesting nits when no mapping exists.]
09-20 06:30:49.119 I/am_wtf ( 1158): [0,1158,system_server,-1,DisplayDeviceConfig,requesting nits when no mapping exists.]
09-20 06:30:49.121 I/am_wtf ( 1158): [0,1158,system_server,-1,DisplayDeviceConfig,requesting nits when no mapping exists.]
09-20 06:30:49.135 I/am_wtf ( 1158): [0,1158,system_server,-1,DisplayDeviceConfig,requesting nits when no mapping exists.]
09-20 06:30:49.136 I/am_wtf ( 1158): [0,1158,system_server,-1,DisplayDeviceConfig,requesting nits when no mapping exists.]
09-20 06:30:49.147 I/am_wtf ( 1158): [0,1158,system_server,-1,DisplayDeviceConfig,requesting nits when no mapping exists.]
09-20 06:30:49.148 I/am_wtf ( 1158): [0,1158,system_server,-1,DisplayDeviceConfig,requesting nits when no mapping exists.]
09-20 06:30:49.173 I/am_wtf ( 1158): [0,1158,system_server,-1,DisplayDeviceConfig,requesting nits when no mapping exists.]
09-20 06:30:49.174 I/am_wtf ( 1158): [0,1158,system_server,-1,DisplayDeviceConfig,requesting nits when no mapping exists.]
09-20 06:30:49.179 I/am_wtf ( 1158): [0,1158,system_server,-1,DisplayDeviceConfig,requesting nits when no mapping exists.]
09-20 06:30:49.180 I/am_wtf ( 1158): [0,1158,system_server,-1,DisplayDeviceConfig,requesting nits when no mapping exists.]
09-20 06:30:49.199 I/am_wtf ( 1158): [0,1158,system_server,-1,DisplayDeviceConfig,requesting nits when no mapping exists.]
09-20 06:30:49.200 I/am_wtf ( 1158): [0,1158,system_server,-1,DisplayDeviceConfig,requesting nits when no mapping exists.]
09-20 06:30:49.204 I/wm_stop_activity( 1158): [0,213932593,com.android.launcher3/.uioverrides.QuickstepLauncher]
09-20 06:30:49.217 I/am_wtf ( 1158): [0,1158,system_server,-1,DisplayDeviceConfig,requesting nits when no mapping exists.]
09-20 06:30:49.219 I/am_wtf ( 1158): [0,1158,system_server,-1,DisplayDeviceConfig,requesting nits when no mapping exists.]
09-20 06:30:49.232 I/am_wtf ( 1158): [0,1158,system_server,-1,DisplayDeviceConfig,requesting nits when no mapping exists.]
09-20 06:30:49.234 I/am_wtf ( 1158): [0,1158,system_server,-1,DisplayDeviceConfig,requesting nits when no mapping exists.]
09-20 06:30:49.237 I/wm_on_stop_called( 8801): [213932593,com.android.launcher3.uioverrides.QuickstepLauncher,STOP_ACTIVITY_ITEM]
09-20 06:30:49.247 I/am_wtf ( 1158): [0,1158,system_server,-1,DisplayDeviceConfig,requesting nits when no mapping exists.]
09-20 06:30:49.255 I/am_wtf ( 1158): [0,1158,system_server,-1,DisplayDeviceConfig,requesting nits when no mapping exists.]
09-20 06:30:49.264 I/am_wtf ( 1158): [0,1158,system_server,-1,DisplayDeviceConfig,requesting nits when no mapping exists.]
09-20 06:30:49.267 I/am_wtf ( 1158): [0,1158,system_server,-1,DisplayDeviceConfig,requesting nits when no mapping exists.]
09-20 06:30:49.281 I/am_wtf ( 1158): [0,1158,system_server,-1,DisplayDeviceConfig,requesting nits when no mapping exists.]
09-20 06:30:49.282 I/am_wtf ( 1158): [0,1158,system_server,-1,DisplayDeviceConfig,requesting nits when no mapping exists.]
09-20 06:30:49.297 I/am_wtf ( 1158): [0,1158,system_server,-1,DisplayDeviceConfig,requesting nits when no mapping exists.]
09-20 06:30:49.304 I/am_wtf ( 1158): [0,1158,system_server,-1,DisplayDeviceConfig,requesting nits when no mapping exists.]
09-20 06:30:49.314 I/am_wtf ( 1158): [0,1158,system_server,-1,DisplayDeviceConfig,requesting nits when no mapping exists.]
09-20 06:30:49.315 I/am_wtf ( 1158): [0,1158,system_server,-1,DisplayDeviceConfig,requesting nits when no mapping exists.]
09-20 06:30:49.331 I/am_wtf ( 1158): [0,1158,system_server,-1,DisplayDeviceConfig,requesting nits when no mapping exists.]
09-20 06:30:49.332 I/am_wtf ( 1158): [0,1158,system_server,-1,DisplayDeviceConfig,requesting nits when no mapping exists.]
09-20 06:30:49.348 I/am_wtf ( 1158): [0,1158,system_server,-1,DisplayDeviceConfig,requesting nits when no mapping exists.]
09-20 06:30:49.349 I/am_wtf ( 1158): [0,1158,system_server,-1,DisplayDeviceConfig,requesting nits when no mapping exists.]
09-20 06:30:49.368 I/am_wtf ( 1158): [0,1158,system_server,-1,DisplayDeviceConfig,requesting nits when no mapping exists.]
09-20 06:30:49.369 I/am_wtf ( 1158): [0,1158,system_server,-1,DisplayDeviceConfig,requesting nits when no mapping exists.]
09-20 06:30:49.381 I/am_wtf ( 1158): [0,1158,system_server,-1,DisplayDeviceConfig,requesting nits when no mapping exists.]
09-20 06:30:49.383 I/am_wtf ( 1158): [0,1158,system_server,-1,DisplayDeviceConfig,requesting nits when no mapping exists.]
09-20 06:30:49.399 I/am_wtf ( 1158): [0,1158,system_server,-1,DisplayDeviceConfig,requesting nits when no mapping exists.]
09-20 06:30:49.400 I/am_wtf ( 1158): [0,1158,system_server,-1,DisplayDeviceConfig,requesting nits when no mapping exists.]
09-20 06:30:49.414 I/am_wtf ( 1158): [0,1158,system_server,-1,DisplayDeviceConfig,requesting nits when no mapping exists.]
09-20 06:30:49.415 I/am_wtf ( 1158): [0,1158,system_server,-1,DisplayDeviceConfig,requesting nits when no mapping exists.]
09-20 06:30:49.432 I/am_wtf ( 1158): [0,1158,system_server,-1,DisplayDeviceConfig,requesting nits when no mapping exists.]
09-20 06:30:49.434 I/am_wtf ( 1158): [0,1158,system_server,-1,DisplayDeviceConfig,requesting nits when no mapping exists.]
09-20 06:30:49.449 I/am_wtf ( 1158): [0,1158,system_server,-1,DisplayDeviceConfig,requesting nits when no mapping exists.]
09-20 06:30:49.451 I/am_wtf ( 1158): [0,1158,system_server,-1,DisplayDeviceConfig,requesting nits when no mapping exists.]
09-20 06:30:49.471 I/am_wtf ( 1158): [0,1158,system_server,-1,DisplayDeviceConfig,requesting nits when no mapping exists.]
09-20 06:30:49.473 I/am_wtf ( 1158): [0,1158,system_server,-1,DisplayDeviceConfig,requesting nits when no mapping exists.]
09-20 06:30:49.481 I/am_wtf ( 1158): [0,1158,system_server,-1,DisplayDeviceConfig,requesting nits when no mapping exists.]
09-20 06:30:49.483 I/am_wtf ( 1158): [0,1158,system_server,-1,DisplayDeviceConfig,requesting nits when no mapping exists.]
09-20 06:30:49.498 I/am_wtf ( 1158): [0,1158,system_server,-1,DisplayDeviceConfig,requesting nits when no mapping exists.]
09-20 06:30:49.499 I/am_wtf ( 1158): [0,1158,system_server,-1,DisplayDeviceConfig,requesting nits when no mapping exists.]
09-20 06:30:49.522 I/am_wtf ( 1158): [0,1158,system_server,-1,DisplayDeviceConfig,requesting nits when no mapping exists.]
09-20 06:30:49.524 I/am_wtf ( 1158): [0,1158,system_server,-1,DisplayDeviceConfig,requesting nits when no mapping exists.]
09-20 06:30:49.538 I/am_wtf ( 1158): [0,1158,system_server,-1,DisplayDeviceConfig,requesting nits when no mapping exists.]
09-20 06:30:49.540 I/am_wtf ( 1158): [0,1158,system_server,-1,DisplayDeviceConfig,requesting nits when no mapping exists.]
09-20 06:30:49.548 I/am_wtf ( 1158): [0,1158,system_server,-1,DisplayDeviceConfig,requesting nits when no mapping exists.]
09-20 06:30:49.549 I/am_wtf ( 1158): [0,1158,system_server,-1,DisplayDeviceConfig,requesting nits when no mapping exists.]
09-20 06:30:49.565 I/am_wtf ( 1158): [0,1158,system_server,-1,DisplayDeviceConfig,requesting nits when no mapping exists.]
09-20 06:30:49.566 I/am_wtf ( 1158): [0,1158,system_server,-1,DisplayDeviceConfig,requesting nits when no mapping exists.]
09-20 06:30:49.567 I/service_manager_stats( 1158): [100,98,7035]
09-20 06:30:49.582 I/am_wtf ( 1158): [0,1158,system_server,-1,DisplayDeviceConfig,requesting nits when no mapping exists.]
09-20 06:30:49.583 I/am_wtf ( 1158): [0,1158,system_server,-1,DisplayDeviceConfig,requesting nits when no mapping exists.]
09-20 06:30:49.599 I/am_wtf ( 1158): [0,1158,system_server,-1,DisplayDeviceConfig,requesting nits when no mapping exists.]
09-20 06:30:49.600 I/am_wtf ( 1158): [0,1158,system_server,-1,DisplayDeviceConfig,requesting nits when no mapping exists.]
09-20 06:30:49.615 I/am_wtf ( 1158): [0,1158,system_server,-1,DisplayDeviceConfig,requesting nits when no mapping exists.]
09-20 06:30:49.616 I/am_wtf ( 1158): [0,1158,system_server,-1,DisplayDeviceConfig,requesting nits when no mapping exists.]
09-20 06:30:49.632 I/am_wtf ( 1158): [0,1158,system_server,-1,DisplayDeviceConfig,requesting nits when no mapping exists.]
09-20 06:30:49.634 I/am_wtf ( 1158): [0,1158,system_server,-1,DisplayDeviceConfig,requesting nits when no mapping exists.]
09-20 06:30:49.649 I/am_wtf ( 1158): [0,1158,system_server,-1,DisplayDeviceConfig,requesting nits when no mapping exists.]
09-20 06:30:49.651 I/am_wtf ( 1158): [0,1158,system_server,-1,DisplayDeviceConfig,requesting nits when no mapping exists.]
09-20 06:30:49.665 I/am_wtf ( 1158): [0,1158,system_server,-1,DisplayDeviceConfig,requesting nits when no mapping exists.]
09-20 06:30:49.666 I/am_wtf ( 1158): [0,1158,system_server,-1,DisplayDeviceConfig,requesting nits when no mapping exists.]
09-20 06:30:49.681 I/am_wtf ( 1158): [0,1158,system_server,-1,DisplayDeviceConfig,requesting nits when no mapping exists.]
09-20 06:30:49.682 I/am_wtf ( 1158): [0,1158,system_server,-1,DisplayDeviceConfig,requesting nits when no mapping exists.]
09-20 06:30:49.698 I/am_wtf ( 1158): [0,1158,system_server,-1,DisplayDeviceConfig,requesting nits when no mapping exists.]
09-20 06:30:49.699 I/am_wtf ( 1158): [0,1158,system_server,-1,DisplayDeviceConfig,requesting nits when no mapping exists.]
09-20 06:30:49.716 I/am_wtf ( 1158): [0,1158,system_server,-1,DisplayDeviceConfig,requesting nits when no mapping exists.]
09-20 06:30:49.717 I/am_wtf ( 1158): [0,1158,system_server,-1,DisplayDeviceConfig,requesting nits when no mapping exists.]
09-20 06:30:49.732 I/am_wtf ( 1158): [0,1158,system_server,-1,DisplayDeviceConfig,requesting nits when no mapping exists.]
09-20 06:30:49.733 I/am_wtf ( 1158): [0,1158,system_server,-1,DisplayDeviceConfig,requesting nits when no mapping exists.]
09-20 06:30:49.757 I/am_wtf ( 1158): [0,1158,system_server,-1,DisplayDeviceConfig,requesting nits when no mapping exists.]
09-20 06:30:49.759 I/am_wtf ( 1158): [0,1158,system_server,-1,DisplayDeviceConfig,requesting nits when no mapping exists.]
09-20 06:30:49.773 I/am_wtf ( 1158): [0,1158,system_server,-1,DisplayDeviceConfig,requesting nits when no mapping exists.]
09-20 06:30:49.773 I/am_wtf ( 1158): [0,1158,system_server,-1,DisplayDeviceConfig,requesting nits when no mapping exists.]
09-20 06:30:49.783 I/am_wtf ( 1158): [0,1158,system_server,-1,DisplayDeviceConfig,requesting nits when no mapping exists.]
09-20 06:30:49.784 I/am_wtf ( 1158): [0,1158,system_server,-1,DisplayDeviceConfig,requesting nits when no mapping exists.]
09-20 06:30:49.800 I/am_wtf ( 1158): [0,1158,system_server,-1,DisplayDeviceConfig,requesting nits when no mapping exists.]
09-20 06:30:49.801 I/am_wtf ( 1158): [0,1158,system_server,-1,DisplayDeviceConfig,requesting nits when no mapping exists.]
09-20 06:30:49.816 I/am_wtf ( 1158): [0,1158,system_server,-1,DisplayDeviceConfig,requesting nits when no mapping exists.]
09-20 06:30:49.817 I/am_wtf ( 1158): [0,1158,system_server,-1,DisplayDeviceConfig,requesting nits when no mapping exists.]
09-20 06:30:49.836 I/am_wtf ( 1158): [0,1158,system_server,-1,DisplayDeviceConfig,requesting nits when no mapping exists.]
09-20 06:30:49.838 I/am_wtf ( 1158): [0,1158,system_server,-1,DisplayDeviceConfig,requesting nits when no mapping exists.]
09-20 06:30:49.849 I/am_wtf ( 1158): [0,1158,system_server,-1,DisplayDeviceConfig,requesting nits when no mapping exists.]
09-20 06:30:49.851 I/am_wtf ( 1158): [0,1158,system_server,-1,DisplayDeviceConfig,requesting nits when no mapping exists.]
09-20 06:30:49.866 I/am_wtf ( 1158): [0,1158,system_server,-1,DisplayDeviceConfig,requesting nits when no mapping exists.]
09-20 06:30:49.868 I/am_wtf ( 1158): [0,1158,system_server,-1,DisplayDeviceConfig,requesting nits when no mapping exists.]
