09-22 22:28:13.126 I/sysui_multi_action( 1811): [757,0,758,1,759,0,927,2,928,0,1593,0]
09-22 22:28:13.127 I/sysui_multi_action( 1811): [757,0,758,1,759,0,927,3,928,0,1593,0]
09-22 22:28:13.127 I/sysui_multi_action( 1811): [757,1706,758,1,759,1706,927,4,928,0,1593,0]
09-22 22:28:13.127 I/sysui_multi_action( 1811): [757,491,758,1,759,491,927,5,928,0,1311,-1,1593,0]
09-22 22:28:13.127 I/sysui_multi_action( 1811): [757,0,758,1,759,0,927,6,928,0,1593,0]
09-22 22:28:13.127 I/sysui_multi_action( 1811): [757,111,758,1]
09-22 22:28:13.127 I/sysui_multi_action( 1811): [757,126,758,1,759,126,927,0,928,0,1593,0]
09-22 22:28:13.127 I/sysui_multi_action( 1811): [757,113,758,1,759,113,927,1,928,1,1593,0]
09-22 22:28:13.127 I/sysui_multi_action( 1811): [757,0,758,1,759,0,927,2,928,0,1593,0]
09-22 22:28:13.127 I/sysui_multi_action( 1811): [757,0,758,1,759,0,927,3,928,0,1593,0]
09-22 22:28:13.146 I/notification_enqueue( 1496): [10081,1811,com.android.systemui,2048,NULL,0,Notification(channel=updateNotification shortcut=null contentView=null vibrate=null sound=null defaults=0x0 flags=0x0 color=0x00000000 vis=PRIVATE),1]
09-22 22:28:13.147 I/sysui_multi_action( 1811): [757,111,758,2]
09-22 22:28:13.147 I/sysui_multi_action( 1811): [757,111,758,2]
09-22 22:28:13.151 I/sysui_multi_action( 1811): [757,111,758,1]
09-22 22:28:13.151 I/sysui_multi_action( 1811): [757,126,758,1,759,126,927,0,928,0,1593,0]
09-22 22:28:13.151 I/sysui_multi_action( 1811): [757,113,758,1,759,113,927,1,928,1,1593,0]
09-22 22:28:13.151 I/sysui_multi_action( 1811): [757,0,758,1,759,0,927,2,928,0,1593,0]
09-22 22:28:13.151 I/sysui_multi_action( 1811): [757,0,758,1,759,0,927,3,928,0,1593,0]
09-22 22:28:13.151 I/sysui_multi_action( 1811): [757,1706,758,1,759,1706,927,4,928,0,1593,0]
09-22 22:28:13.151 I/sysui_multi_action( 1811): [757,491,758,1,759,491,927,5,928,0,1311,-1,1593,0]
09-22 22:28:13.151 I/sysui_multi_action( 1811): [757,0,758,1,759,0,927,6,928,0,1593,0]
09-22 22:28:13.151 I/sysui_multi_action( 1811): [757,111,758,1]
09-22 22:28:13.152 I/sysui_multi_action( 1811): [757,126,758,1,759,126,927,0,928,0,1593,0]
09-22 22:28:13.152 I/sysui_multi_action( 1811): [757,113,758,1,759,113,927,1,928,1,1593,0]
09-22 22:28:13.152 I/sysui_multi_action( 1811): [757,0,758,1,759,0,927,2,928,0,1593,0]
09-22 22:28:13.152 I/sysui_multi_action( 1811): [757,0,758,1,759,0,927,3,928,0,1593,0]
09-22 22:28:13.170 I/notification_enqueue( 1496): [10081,1811,com.android.systemui,2048,NULL,0,Notification(channel=updateNotification shortcut=null contentView=null vibrate=null sound=null defaults=0x0 flags=0x0 color=0x00000000 vis=PRIVATE),1]
09-22 22:28:13.171 I/sysui_multi_action( 1811): [757,111,758,2]
09-22 22:28:13.171 I/sysui_multi_action( 1811): [757,111,758,2]
09-22 22:28:13.176 I/sysui_multi_action( 1811): [757,111,758,1]
09-22 22:28:13.176 I/sysui_multi_action( 1811): [757,126,758,1,759,126,927,0,928,0,1593,0]
09-22 22:28:13.176 I/sysui_multi_action( 1811): [757,113,758,1,759,113,927,1,928,1,1593,0]
09-22 22:28:13.176 I/sysui_multi_action( 1811): [757,0,758,1,759,0,927,2,928,0,1593,0]
09-22 22:28:13.176 I/sysui_multi_action( 1811): [757,0,758,1,759,0,927,3,928,0,1593,0]
09-22 22:28:13.176 I/sysui_multi_action( 1811): [757,1706,758,1,759,1706,927,4,928,0,1593,0]
09-22 22:28:13.176 I/sysui_multi_action( 1811): [757,491,758,1,759,491,927,5,928,0,1311,-1,1593,0]
09-22 22:28:13.176 I/sysui_multi_action( 1811): [757,0,758,1,759,0,927,6,928,0,1593,0]
09-22 22:28:13.176 I/sysui_multi_action( 1811): [757,111,758,1]
09-22 22:28:13.176 I/sysui_multi_action( 1811): [757,126,758,1,759,126,927,0,928,0,1593,0]
09-22 22:28:13.176 I/sysui_multi_action( 1811): [757,113,758,1,759,113,927,1,928,1,1593,0]
09-22 22:28:13.176 I/sysui_multi_action( 1811): [757,0,758,1,759,0,927,2,928,0,1593,0]
09-22 22:28:13.176 I/sysui_multi_action( 1811): [757,0,758,1,759,0,927,3,928,0,1593,0]
09-22 22:28:13.190 I/sysui_multi_action( 1811): [757,111,758,2]
09-22 22:28:13.190 I/sysui_multi_action( 1811): [757,111,758,2]
09-22 22:28:13.190 I/notification_enqueue( 1496): [10081,1811,com.android.systemui,2048,NULL,0,Notification(channel=updateNotification shortcut=null contentView=null vibrate=null sound=null defaults=0x0 flags=0x0 color=0x00000000 vis=PRIVATE),1]
09-22 22:28:13.194 I/sysui_multi_action( 1811): [757,111,758,1]
09-22 22:28:13.194 I/sysui_multi_action( 1811): [757,126,758,1,759,126,927,0,928,0,1593,0]
09-22 22:28:13.194 I/sysui_multi_action( 1811): [757,113,758,1,759,113,927,1,928,1,1593,0]
09-22 22:28:13.194 I/sysui_multi_action( 1811): [757,0,758,1,759,0,927,2,928,0,1593,0]
09-22 22:28:13.194 I/sysui_multi_action( 1811): [757,0,758,1,759,0,927,3,928,0,1593,0]
09-22 22:28:13.194 I/sysui_multi_action( 1811): [757,1706,758,1,759,1706,927,4,928,0,1593,0]
09-22 22:28:13.194 I/sysui_multi_action( 1811): [757,491,758,1,759,491,927,5,928,0,1311,-1,1593,0]
09-22 22:28:13.194 I/sysui_multi_action( 1811): [757,0,758,1,759,0,927,6,928,0,1593,0]
09-22 22:28:13.194 I/sysui_multi_action( 1811): [757,111,758,1]
09-22 22:28:13.194 I/sysui_multi_action( 1811): [757,126,758,1,759,126,927,0,928,0,1593,0]
09-22 22:28:13.195 I/sysui_multi_action( 1811): [757,113,758,1,759,113,927,1,928,1,1593,0]
09-22 22:28:13.195 I/sysui_multi_action( 1811): [757,0,758,1,759,0,927,2,928,0,1593,0]
09-22 22:28:13.195 I/sysui_multi_action( 1811): [757,0,758,1,759,0,927,3,928,0,1593,0]
09-22 22:28:13.212 I/sysui_multi_action( 1811): [757,111,758,2]
09-22 22:28:13.212 I/notification_enqueue( 1496): [10081,1811,com.android.systemui,2048,NULL,0,Notification(channel=updateNotification shortcut=null contentView=null vibrate=null sound=null defaults=0x0 flags=0x0 color=0x00000000 vis=PRIVATE),1]
09-22 22:28:13.212 I/sysui_multi_action( 1811): [757,111,758,2]
09-22 22:28:13.216 I/sysui_multi_action( 1811): [757,111,758,1]
09-22 22:28:13.216 I/sysui_multi_action( 1811): [757,126,758,1,759,126,927,0,928,0,1593,0]
09-22 22:28:13.216 I/sysui_multi_action( 1811): [757,113,758,1,759,113,927,1,928,1,1593,0]
09-22 22:28:13.216 I/sysui_multi_action( 1811): [757,0,758,1,759,0,927,2,928,0,1593,0]
09-22 22:28:13.216 I/sysui_multi_action( 1811): [757,0,758,1,759,0,927,3,928,0,1593,0]
09-22 22:28:13.216 I/sysui_multi_action( 1811): [757,1706,758,1,759,1706,927,4,928,0,1593,0]
09-22 22:28:13.216 I/sysui_multi_action( 1811): [757,491,758,1,759,491,927,5,928,0,1311,-1,1593,0]
09-22 22:28:13.216 I/sysui_multi_action( 1811): [757,0,758,1,759,0,927,6,928,0,1593,0]
09-22 22:28:13.216 I/sysui_multi_action( 1811): [757,111,758,1]
09-22 22:28:13.216 I/sysui_multi_action( 1811): [757,126,758,1,759,126,927,0,928,0,1593,0]
09-22 22:28:13.216 I/sysui_multi_action( 1811): [757,113,758,1,759,113,927,1,928,1,1593,0]
09-22 22:28:13.216 I/sysui_multi_action( 1811): [757,0,758,1,759,0,927,2,928,0,1593,0]
09-22 22:28:13.216 I/sysui_multi_action( 1811): [757,0,758,1,759,0,927,3,928,0,1593,0]
09-22 22:28:13.232 I/notification_enqueue( 1496): [10081,1811,com.android.systemui,2048,NULL,0,Notification(channel=updateNotification shortcut=null contentView=null vibrate=null sound=null defaults=0x0 flags=0x0 color=0x00000000 vis=PRIVATE),1]
09-22 22:28:13.233 I/sysui_multi_action( 1811): [757,111,758,2]
09-22 22:28:13.233 I/sysui_multi_action( 1811): [757,111,758,2]
09-22 22:28:13.250 I/input_focus( 1496): [Focus request cdcb676 com.android.launcher3/com.android.launcher3.uioverrides.QuickstepLauncher,reason=UpdateInputWindows]
09-22 22:28:13.251 I/sysui_multi_action( 1811): [757,111,758,1]
09-22 22:28:13.251 I/sysui_multi_action( 1811): [757,126,758,1,759,126,927,0,928,0,1593,0]
09-22 22:28:13.251 I/sysui_multi_action( 1811): [757,113,758,1,759,113,927,1,928,1,1593,0]
09-22 22:28:13.251 I/sysui_multi_action( 1811): [757,0,758,1,759,0,927,2,928,0,1593,0]
09-22 22:28:13.252 I/sysui_multi_action( 1811): [757,0,758,1,759,0,927,3,928,0,1593,0]
09-22 22:28:13.252 I/sysui_multi_action( 1811): [757,1706,758,1,759,1706,927,4,928,0,1593,0]
09-22 22:28:13.252 I/sysui_multi_action( 1811): [757,491,758,1,759,491,927,5,928,0,1311,-1,1593,0]
09-22 22:28:13.252 I/sysui_multi_action( 1811): [757,0,758,1,759,0,927,6,928,0,1593,0]
09-22 22:28:13.252 I/sysui_multi_action( 1811): [757,111,758,1]
09-22 22:28:13.252 I/sysui_multi_action( 1811): [757,126,758,1,759,126,927,0,928,0,1593,0]
09-22 22:28:13.252 I/sysui_multi_action( 1811): [757,113,758,1,759,113,927,1,928,1,1593,0]
09-22 22:28:13.252 I/sysui_multi_action( 1811): [757,0,758,1,759,0,927,2,928,0,1593,0]
09-22 22:28:13.252 I/sysui_multi_action( 1811): [757,0,758,1,759,0,927,3,928,0,1593,0]
09-22 22:28:13.270 I/input_focus( 1496): [Focus leaving c147ec4 NotificationShade (server),reason=NOT_FOCUSABLE]
09-22 22:28:13.270 I/input_focus( 1496): [Focus entering cdcb676 com.android.launcher3/com.android.launcher3.uioverrides.QuickstepLauncher (server),reason=setFocusedWindow]
09-22 22:28:13.275 I/sysui_multi_action( 1811): [757,111,758,2]
09-22 22:28:13.275 I/sysui_multi_action( 1811): [757,111,758,2]
09-22 22:28:13.276 I/notification_enqueue( 1496): [10081,1811,com.android.systemui,2048,NULL,0,Notification(channel=updateNotification shortcut=null contentView=null vibrate=null sound=null defaults=0x0 flags=0x0 color=0x00000000 vis=PRIVATE),1]
09-22 22:28:13.278 I/sysui_multi_action( 1496): [757,127,758,2]
09-22 22:28:13.278 I/notification_panel_hidden( 1496):
09-22 22:28:13.295 I/sysui_multi_action( 1811): [757,111,758,1]
09-22 22:28:13.295 I/sysui_multi_action( 1811): [757,126,758,1,759,126,927,0,928,0,1593,0]
09-22 22:28:13.295 I/sysui_multi_action( 1811): [757,113,758,1,759,113,927,1,928,1,1593,0]
09-22 22:28:13.295 I/sysui_multi_action( 1811): [757,0,758,1,759,0,927,2,928,0,1593,0]
09-22 22:28:13.295 I/sysui_multi_action( 1811): [757,0,758,1,759,0,927,3,928,0,1593,0]
09-22 22:28:13.295 I/sysui_multi_action( 1811): [757,1706,758,1,759,1706,927,4,928,0,1593,0]
09-22 22:28:13.296 I/sysui_multi_action( 1811): [757,491,758,1,759,491,927,5,928,0,1311,-1,1593,0]
09-22 22:28:13.296 I/sysui_multi_action( 1811): [757,0,758,1,759,0,927,6,928,0,1593,0]
09-22 22:28:13.296 I/sysui_multi_action( 1811): [757,111,758,1]
09-22 22:28:13.296 I/sysui_multi_action( 1811): [757,126,758,1,759,126,927,0,928,0,1593,0]
09-22 22:28:13.296 I/sysui_multi_action( 1811): [757,113,758,1,759,113,927,1,928,1,1593,0]
09-22 22:28:13.296 I/sysui_multi_action( 1811): [757,0,758,1,759,0,927,2,928,0,1593,0]
09-22 22:28:13.296 I/sysui_multi_action( 1811): [757,0,758,1,759,0,927,3,928,0,1593,0]
09-22 22:28:13.664 I/input_interaction( 1496): Interaction with: cdcb676 com.android.launcher3/com.android.launcher3.uioverrides.QuickstepLauncher (server), 23a4ae6 com.android.systemui.ImageWallpaper (server), edge-swipe (server), swipe-up (server), PointerEventDispatcher0 (server),
09-22 22:28:14.611 I/service_manager_stats( 1496): [100,47,30150]
09-22 22:28:16.154 I/input_interaction( 1496): Interaction with: edge-swipe (server), swipe-up (server), PointerEventDispatcher0 (server),
09-22 22:28:16.157 I/view_enqueue_input_event( 2390): [Motion - Cancel,com.android.launcher3/com.android.launcher3.uioverrides.QuickstepLauncher]
09-22 22:28:16.361 I/input_interaction( 1496): Interaction with: cdcb676 com.android.launcher3/com.android.launcher3.uioverrides.QuickstepLauncher (server), 23a4ae6 com.android.systemui.ImageWallpaper (server), edge-swipe (server), swipe-up (server), PointerEventDispatcher0 (server),
09-22 22:28:18.366 I/wm_finish_activity( 1496): [0,70291832,21,com.android.settings/.Settings,recent-task-trimmed]
09-22 22:28:18.369 I/wm_destroy_activity( 1496): [0,70291832,21,com.android.settings/.Settings,finish-imm:finishIfPossible]
09-22 22:28:18.372 I/am_kill ( 1496): [0,3761,com.android.settings,900,remove task]
09-22 22:28:18.377 I/sysui_multi_action( 1496): [757,803,799,window_time_0,802,16]
09-22 22:28:18.421 I/am_proc_died( 1496): [0,3761,com.android.settings,900,18]
09-22 22:28:18.425 I/wm_task_removed( 1496): [21,removeChild:removeChild last r=ActivityRecord{4309178 u0 com.android.settings/.Settings t-1 f}} in t=Task{5881889 #21 type=standard A=1000:com.android.settings.root U=0 visible=false mode=fullscreen translucent=true sz=0}]
09-22 22:28:18.425 I/wm_task_removed( 1496): [21,removeChild]
09-22 22:28:18.437 I/am_pss ( 1496): [3567,10052,com.qualcomm.qti.qms.service.trustzoneaccess,5869568,3796992,0,92504064,0,19,7]
09-22 22:28:18.443 I/am_pss ( 1496): [3360,10030,com.android.providers.calendar,7436288,5128192,0,98897920,0,19,5]
09-22 22:28:18.449 I/am_proc_start( 1496): [0,3846,1000,com.android.settings,NULL,]
09-22 22:28:18.451 I/am_pss ( 1496): [3504,1000,com.android.localtransport,5604352,3768320,0,90750976,0,19,6]
09-22 22:28:18.456 I/am_pss ( 1496): [2829,10026,android.process.media,10131456,7778304,0,101765120,0,19,5]
09-22 22:28:18.461 I/am_pss ( 1496): [3467,10018,com.android.externalstorage,5776384,3850240,0,92626944,0,19,5]
09-22 22:28:18.468 I/am_pss ( 1496): [3023,10020,android.process.acore,13375488,9367552,0,116989952,0,19,5]
09-22 22:28:18.486 I/am_proc_bound( 1496): [0,3846,com.android.settings]
09-22 22:28:19.941 I/wm_task_created( 1496): [22,-1]
09-22 22:28:19.955 I/wm_task_moved( 1496): [22,1,6]
09-22 22:28:19.955 I/wm_task_to_front( 1496): [0,22]
09-22 22:28:19.956 I/wm_create_task( 1496): [0,22]
09-22 22:28:19.956 I/wm_create_activity( 1496): [0,20407619,22,com.android.deskclock/.DeskClock,NULL,NULL,NULL,402657280]
09-22 22:28:19.956 I/wm_task_moved( 1496): [22,1,6]
09-22 22:28:19.961 I/wm_restart_activity( 1496): [0,20407619,22,com.android.deskclock/.DeskClock]
09-22 22:28:19.963 I/wm_set_resumed_activity( 1496): [0,com.android.deskclock/.DeskClock,minimalResumeActivityLocked]
09-22 22:28:19.971 I/am_uid_active( 1496): 10066
09-22 22:28:19.971 I/wm_on_top_resumed_lost_called( 2390): [261001500,com.android.launcher3.uioverrides.QuickstepLauncher,topStateChangedWhenResumed]
09-22 22:28:20.045 I/wm_task_moved( 1496): [22,1,6]
09-22 22:28:20.045 I/wm_set_resumed_activity( 1496): [0,com.android.deskclock/.DeskClock,positionChildAt]
09-22 22:28:20.047 I/wm_create_activity( 1496): [0,266408607,22,com.android.permissioncontroller/.permission.ui.GrantPermissionsActivity,android.content.pm.action.REQUEST_PERMISSIONS,NULL,NULL,8388608]
09-22 22:28:20.048 I/wm_pause_activity( 1496): [0,20407619,com.android.deskclock/.DeskClock,userLeaving=true,resumeTopActivityInnerLocked]
09-22 22:28:20.077 I/wm_on_create_called( 2558): [20407619,com.android.deskclock.DeskClock,performCreate]
09-22 22:28:20.079 I/wm_on_start_called( 2558): [20407619,com.android.deskclock.DeskClock,handleStartActivity]
09-22 22:28:20.082 I/wm_on_resume_called( 2558): [20407619,com.android.deskclock.DeskClock,RESUME_ACTIVITY]
09-22 22:28:20.088 I/wm_on_top_resumed_gained_called( 2558): [20407619,com.android.deskclock.DeskClock,topStateChangedWhenResumed]
09-22 22:28:20.088 I/wm_on_top_resumed_lost_called( 2558): [20407619,com.android.deskclock.DeskClock,topStateChangedWhenResumed]
09-22 22:28:20.089 I/wm_on_paused_called( 2558): [20407619,com.android.deskclock.DeskClock,performPause]
09-22 22:28:20.090 I/wm_restart_activity( 1496): [0,266408607,22,com.android.permissioncontroller/.permission.ui.GrantPermissionsActivity]
09-22 22:28:20.090 I/wm_set_resumed_activity( 1496): [0,com.android.permissioncontroller/.permission.ui.GrantPermissionsActivity,minimalResumeActivityLocked]
09-22 22:28:20.092 I/sysui_multi_action( 1496): [757,803,799,window_time_0,802,2]
09-22 22:28:20.158 I/wm_on_create_called( 3343): [266408607,com.android.permissioncontroller.permission.ui.GrantPermissionsActivity,performCreate]
09-22 22:28:20.159 I/wm_on_start_called( 3343): [266408607,com.android.permissioncontroller.permission.ui.GrantPermissionsActivity,handleStartActivity]
09-22 22:28:20.159 I/wm_on_resume_called( 3343): [266408607,com.android.permissioncontroller.permission.ui.GrantPermissionsActivity,RESUME_ACTIVITY]
09-22 22:28:20.165 I/wm_on_top_resumed_gained_called( 3343): [266408607,com.android.permissioncontroller.permission.ui.GrantPermissionsActivity,topStateChangedWhenResumed]
09-22 22:28:20.174 I/input_focus( 1496): [Focus request 732e8ee com.android.permissioncontroller/com.android.permissioncontroller.permission.ui.GrantPermissionsActivity,reason=UpdateInputWindows]
09-22 22:28:20.182 I/wm_finish_activity( 1496): [0,266408607,22,com.android.permissioncontroller/.permission.ui.GrantPermissionsActivity,app-request]
09-22 22:28:20.182 I/wm_pause_activity( 1496): [0,266408607,com.android.permissioncontroller/.permission.ui.GrantPermissionsActivity,userLeaving=false,finish]
09-22 22:28:20.187 I/input_focus( 1496): [Focus leaving cdcb676 com.android.launcher3/com.android.launcher3.uioverrides.QuickstepLauncher (server),reason=Waiting for window because NOT_VISIBLE]
09-22 22:28:20.187 I/wm_on_top_resumed_lost_called( 3343): [266408607,com.android.permissioncontroller.permission.ui.GrantPermissionsActivity,topStateChangedWhenResumed]
09-22 22:28:20.189 I/wm_on_paused_called( 3343): [266408607,com.android.permissioncontroller.permission.ui.GrantPermissionsActivity,performPause]
09-22 22:28:20.189 I/wm_add_to_stopping( 1496): [0,266408607,com.android.permissioncontroller/.permission.ui.GrantPermissionsActivity,completeFinishing]
09-22 22:28:20.190 I/wm_set_resumed_activity( 1496): [0,com.android.deskclock/.DeskClock,resumeTopActivityInnerLocked]
09-22 22:28:20.191 I/wm_resume_activity( 1496): [0,20407619,22,com.android.deskclock/.DeskClock]
09-22 22:28:20.193 I/sysui_multi_action( 1496): [757,803,799,window_time_2,802,0]
09-22 22:28:20.194 I/input_focus( 1496): [Focus request f024231 com.android.deskclock/com.android.deskclock.DeskClock,reason=UpdateInputWindows]
09-22 22:28:20.258 I/wm_on_activity_result_called( 2558): [20407619,com.android.deskclock.DeskClock,ACTIVITY_RESULT]
09-22 22:28:20.259 I/wm_on_resume_called( 2558): [20407619,com.android.deskclock.DeskClock,RESUME_ACTIVITY]
09-22 22:28:20.260 I/wm_on_top_resumed_gained_called( 2558): [20407619,com.android.deskclock.DeskClock,topWhenResuming]
09-22 22:28:20.270 I/input_focus( 1496): [Focus entering f024231 com.android.deskclock/com.android.deskclock.DeskClock (server),reason=Window became focusable. Previous reason: NOT_VISIBLE]
09-22 22:28:20.336 I/am_pss ( 1496): [2773,10082,com.qualcomm.qti.workloadclassifier,9096192,6995968,0,98418688,0,0,8]
09-22 22:28:20.344 I/am_pss ( 1496): [2749,10086,com.qualcomm.qti.qccnetstat,6124544,4255744,0,92012544,0,0,6]
09-22 22:28:20.352 I/am_pss ( 1496): [2718,10072,com.qualcomm.qti.services.systemhelper:systemhelper_service,6446080,4460544,0,94576640,0,0,6]
09-22 22:28:20.359 I/am_pss ( 1496): [2684,10053,.pasr,5467136,3665920,0,90271744,0,0,5]
09-22 22:28:20.364 I/am_pss ( 1496): [2661,10056,ts.car.uart,6247424,4448256,0,91291648,0,0,5]
09-22 22:28:20.369 I/am_pss ( 1496): [3154,10061,com.qualcomm.qti.devicestatisticsservice,5383168,3579904,0,89837568,0,0,4]
09-22 22:28:20.760 I/wm_destroy_activity( 1496): [0,266408607,22,com.android.permissioncontroller/.permission.ui.GrantPermissionsActivity,finish-imm:idle]
09-22 22:28:20.763 I/wm_on_stop_called( 3343): [266408607,com.android.permissioncontroller.permission.ui.GrantPermissionsActivity,LIFECYCLER_STOP_ACTIVITY]
09-22 22:28:20.764 I/wm_on_destroy_called( 3343): [266408607,com.android.permissioncontroller.permission.ui.GrantPermissionsActivity,performDestroy]
09-22 22:28:22.945 I/input_interaction( 1496): Interaction with: f024231 com.android.deskclock/com.android.deskclock.DeskClock (server), edge-swipe (server), swipe-up (server), PointerEventDispatcher0 (server),
09-22 22:28:23.108 I/wm_finish_activity( 1496): [0,20407619,22,com.android.deskclock/.DeskClock,finish-activity]
09-22 22:28:23.108 I/wm_task_moved( 1496): [1,1,6]
09-22 22:28:23.110 I/wm_set_resumed_activity( 1496): [0,com.android.launcher3/.uioverrides.QuickstepLauncher,positionChildAt]
09-22 22:28:23.110 I/wm_task_moved( 1496): [19,1,2147483647]
09-22 22:28:23.110 I/wm_task_to_front( 1496): [0,19]
09-22 22:28:23.111 I/wm_focused_root_task( 1496): [0,0,1,-1,finish-top adjustFocusToNextFocusableTask]
09-22 22:28:23.111 I/wm_set_resumed_activity( 1496): [0,com.android.launcher3/.uioverrides.QuickstepLauncher,finish-top]
09-22 22:28:23.122 I/wm_pause_activity( 1496): [0,20407619,com.android.deskclock/.DeskClock,userLeaving=false,finish]
09-22 22:28:23.126 I/wm_on_top_resumed_lost_called( 2558): [20407619,com.android.deskclock.DeskClock,topStateChangedWhenResumed]
09-22 22:28:23.128 I/wm_on_top_resumed_gained_called( 2390): [261001500,com.android.launcher3.uioverrides.QuickstepLauncher,topStateChangedWhenResumed]
09-22 22:28:23.129 I/sysui_multi_action( 1496): [757,803,799,window_time_2,802,3]
09-22 22:28:23.130 I/input_focus( 1496): [Focus request cdcb676 com.android.launcher3/com.android.launcher3.uioverrides.QuickstepLauncher,reason=UpdateInputWindows]
09-22 22:28:23.135 I/wm_on_paused_called( 2558): [20407619,com.android.deskclock.DeskClock,performPause]
09-22 22:28:23.137 I/wm_destroy_activity( 1496): [0,20407619,22,com.android.deskclock/.DeskClock,finish-imm:completePausedLocked]
09-22 22:28:23.143 I/input_focus( 1496): [Focus leaving f024231 com.android.deskclock/com.android.deskclock.DeskClock (server),reason=NO_WINDOW]
09-22 22:28:23.143 I/input_focus( 1496): [Focus entering cdcb676 com.android.launcher3/com.android.launcher3.uioverrides.QuickstepLauncher (server),reason=setFocusedWindow]
09-22 22:28:23.147 I/sysui_multi_action( 1496): [757,803,799,window_time_0,802,0]
09-22 22:28:23.152 I/wm_on_stop_called( 2558): [20407619,com.android.deskclock.DeskClock,LIFECYCLER_STOP_ACTIVITY]
09-22 22:28:23.163 I/wm_on_destroy_called( 2558): [20407619,com.android.deskclock.DeskClock,performDestroy]
09-22 22:28:23.661 I/wm_task_removed( 1496): [22,removeChild:removeChild last r=ActivityRecord{1376543 u0 com.android.deskclock/.DeskClock t-1 f}} in t=Task{8b21af2 #22 type=standard A=10066:com.android.deskclock U=0 visible=false mode=freeform translucent=true sz=0}]
09-22 22:28:23.661 I/wm_task_removed( 1496): [22,removeChild]
09-22 22:28:24.109 I/input_interaction( 1496): Interaction with: cdcb676 com.android.launcher3/com.android.launcher3.uioverrides.QuickstepLauncher (server), 23a4ae6 com.android.systemui.ImageWallpaper (server), edge-swipe (server), swipe-up (server), PointerEventDispatcher0 (server),
09-22 22:28:24.267 I/wm_task_created( 1496): [23,-1]
09-22 22:28:24.274 I/wm_task_moved( 1496): [23,1,6]
09-22 22:28:24.274 I/wm_task_to_front( 1496): [0,23]
09-22 22:28:24.275 I/wm_create_task( 1496): [0,23]
09-22 22:28:24.275 I/wm_create_activity( 1496): [0,66997516,23,com.android.gallery3d/.app.GalleryActivity,NULL,NULL,NULL,402657280]
09-22 22:28:24.275 I/wm_task_moved( 1496): [23,1,6]
09-22 22:28:24.280 I/wm_on_top_resumed_lost_called( 2390): [261001500,com.android.launcher3.uioverrides.QuickstepLauncher,topStateChangedWhenResumed]
09-22 22:28:24.282 I/am_uid_running( 1496): 10067
09-22 22:28:24.302 I/am_proc_start( 1496): [0,3876,10067,com.android.gallery3d,top-activity,{com.android.gallery3d/com.android.gallery3d.app.GalleryActivity}]
09-22 22:28:24.327 I/am_proc_bound( 1496): [0,3876,com.android.gallery3d]
09-22 22:28:24.329 I/wm_restart_activity( 1496): [0,66997516,23,com.android.gallery3d/.app.GalleryActivity]
09-22 22:28:24.330 I/wm_set_resumed_activity( 1496): [0,com.android.gallery3d/.app.GalleryActivity,minimalResumeActivityLocked]
09-22 22:28:24.330 I/am_uid_active( 1496): 10067
09-22 22:28:24.399 I/wm_on_create_called( 3876): [66997516,com.android.gallery3d.app.GalleryActivity,performCreate]
09-22 22:28:24.402 I/wm_on_start_called( 3876): [66997516,com.android.gallery3d.app.GalleryActivity,handleStartActivity]
09-22 22:28:24.405 I/wm_on_resume_called( 3876): [66997516,com.android.gallery3d.app.GalleryActivity,RESUME_ACTIVITY]
09-22 22:28:24.411 I/wm_on_top_resumed_gained_called( 3876): [66997516,com.android.gallery3d.app.GalleryActivity,topStateChangedWhenResumed]
09-22 22:28:24.419 I/input_focus( 1496): [Focus request d184879 com.android.gallery3d/com.android.gallery3d.app.GalleryActivity,reason=UpdateInputWindows]
09-22 22:28:24.447 I/input_focus( 1496): [Focus leaving cdcb676 com.android.launcher3/com.android.launcher3.uioverrides.QuickstepLauncher (server),reason=Waiting for window because NOT_VISIBLE]
09-22 22:28:24.521 I/sysui_multi_action( 1496): [319,255,322,255,325,111,757,761,758,7,759,2,806,com.android.gallery3d,871,com.android.gallery3d.app.GalleryActivity,904,com.android.launcher3,905,0,945,68,1320,4,1321,1]
09-22 22:28:24.522 I/wm_activity_launch_time( 1496): [0,66997516,com.android.gallery3d/.app.GalleryActivity,255]
09-22 22:28:24.530 I/input_focus( 1496): [Focus entering d184879 com.android.gallery3d/com.android.gallery3d.app.GalleryActivity (server),reason=Window became focusable. Previous reason: NOT_VISIBLE]
09-22 22:28:25.559 I/input_interaction( 1496): Interaction with: d184879 com.android.gallery3d/com.android.gallery3d.app.GalleryActivity (server), edge-swipe (server), swipe-up (server), PointerEventDispatcher0 (server),
09-22 22:28:25.749 I/wm_finish_activity( 1496): [0,66997516,23,com.android.gallery3d/.app.GalleryActivity,finish-activity]
09-22 22:28:25.749 I/wm_task_moved( 1496): [1,1,6]
09-22 22:28:25.752 I/wm_set_resumed_activity( 1496): [0,com.android.launcher3/.uioverrides.QuickstepLauncher,positionChildAt]
09-22 22:28:25.752 I/wm_task_moved( 1496): [19,1,2147483647]
09-22 22:28:25.752 I/wm_task_to_front( 1496): [0,19]
09-22 22:28:25.752 I/wm_focused_root_task( 1496): [0,0,1,-1,finish-top adjustFocusToNextFocusableTask]
09-22 22:28:25.752 I/wm_set_resumed_activity( 1496): [0,com.android.launcher3/.uioverrides.QuickstepLauncher,finish-top]
09-22 22:28:25.764 I/wm_pause_activity( 1496): [0,66997516,com.android.gallery3d/.app.GalleryActivity,userLeaving=false,finish]
09-22 22:28:25.767 I/wm_on_top_resumed_lost_called( 3876): [66997516,com.android.gallery3d.app.GalleryActivity,topStateChangedWhenResumed]
09-22 22:28:25.769 I/input_focus( 1496): [Focus request cdcb676 com.android.launcher3/com.android.launcher3.uioverrides.QuickstepLauncher,reason=UpdateInputWindows]
09-22 22:28:25.770 I/wm_on_top_resumed_gained_called( 2390): [261001500,com.android.launcher3.uioverrides.QuickstepLauncher,topStateChangedWhenResumed]
09-22 22:28:25.772 I/sysui_multi_action( 1496): [757,803,799,window_time_0,802,2]
09-22 22:28:25.780 I/wm_on_paused_called( 3876): [66997516,com.android.gallery3d.app.GalleryActivity,performPause]
09-22 22:28:25.781 I/wm_destroy_activity( 1496): [0,66997516,23,com.android.gallery3d/.app.GalleryActivity,finish-imm:completePausedLocked]
09-22 22:28:25.800 I/input_focus( 1496): [Focus leaving d184879 com.android.gallery3d/com.android.gallery3d.app.GalleryActivity (server),reason=NO_WINDOW]
09-22 22:28:25.800 I/input_focus( 1496): [Focus entering cdcb676 com.android.launcher3/com.android.launcher3.uioverrides.QuickstepLauncher (server),reason=setFocusedWindow]
09-22 22:28:25.801 I/sysui_multi_action( 1496): [757,803,799,window_time_0,802,0]
09-22 22:28:25.825 I/wm_on_stop_called( 3876): [66997516,com.android.gallery3d.app.GalleryActivity,LIFECYCLER_STOP_ACTIVITY]
09-22 22:28:25.829 I/wm_on_destroy_called( 3876): [66997516,com.android.gallery3d.app.GalleryActivity,performDestroy]
09-22 22:28:26.317 I/wm_task_removed( 1496): [23,removeChild:removeChild last r=ActivityRecord{3fe4d0c u0 com.android.gallery3d/.app.GalleryActivity t-1 f}} in t=Task{632103f #23 type=standard A=10067:com.android.gallery3d U=0 visible=false mode=freeform translucent=true sz=0}]
09-22 22:28:26.317 I/wm_task_removed( 1496): [23,removeChild]
09-22 22:28:26.866 I/input_interaction( 1496): Interaction with: cdcb676 com.android.launcher3/com.android.launcher3.uioverrides.QuickstepLauncher (server), 23a4ae6 com.android.systemui.ImageWallpaper (server), edge-swipe (server), swipe-up (server), PointerEventDispatcher0 (server),
09-22 22:28:28.914 I/wm_task_created( 1496): [24,-1]
09-22 22:28:28.925 I/wm_task_moved( 1496): [24,1,6]
09-22 22:28:28.925 I/wm_task_to_front( 1496): [0,24]
09-22 22:28:28.926 I/wm_create_task( 1496): [0,24]
09-22 22:28:28.926 I/wm_create_activity( 1496): [0,102139006,24,com.android.settings/.Settings,NULL,NULL,NULL,402657280]
09-22 22:28:28.926 I/wm_task_moved( 1496): [24,1,6]
09-22 22:28:28.931 I/wm_restart_activity( 1496): [0,102139006,24,com.android.settings/.Settings]
09-22 22:28:28.933 I/wm_set_resumed_activity( 1496): [0,com.android.settings/.Settings,minimalResumeActivityLocked]
09-22 22:28:28.948 I/wm_on_top_resumed_lost_called( 2390): [261001500,com.android.launcher3.uioverrides.QuickstepLauncher,topStateChangedWhenResumed]
09-22 22:28:29.031 I/wm_on_create_called( 3846): [102139006,com.android.settings.Settings,performCreate]
09-22 22:28:29.067 I/wm_on_start_called( 3846): [102139006,com.android.settings.Settings,handleStartActivity]
09-22 22:28:29.068 I/snet_event_log( 3846): [120484087,-1,]
09-22 22:28:29.068 I/wm_on_resume_called( 3846): [102139006,com.android.settings.Settings,RESUME_ACTIVITY]
09-22 22:28:29.071 I/sysui_multi_action( 3846): [757,35,758,1,833,0,1089,36]
09-22 22:28:29.080 I/sysui_multi_action( 3846): [757,1729,758,4,854,isParalleledControllers:false,1089,46]
09-22 22:28:29.087 I/wm_on_top_resumed_gained_called( 3846): [102139006,com.android.settings.Settings,topStateChangedWhenResumed]
09-22 22:28:29.141 I/input_focus( 1496): [Focus request ca1ac48 com.android.settings/com.android.settings.Settings,reason=UpdateInputWindows]
09-22 22:28:29.175 I/input_focus( 1496): [Focus leaving cdcb676 com.android.launcher3/com.android.launcher3.uioverrides.QuickstepLauncher (server),reason=Waiting for window because NOT_VISIBLE]
09-22 22:28:29.200 I/sysui_multi_action( 1496): [324,1,757,1090,758,12,806,com.android.settings,871,com.android.settings.Settings,1091,288]
09-22 22:28:29.209 I/sysui_multi_action( 1496): [319,289,322,288,325,116,757,761,758,8,759,2,806,com.android.settings,871,com.android.settings.Settings,904,com.android.launcher3,905,0,1320,4,1321,1]
09-22 22:28:29.210 I/wm_activity_launch_time( 1496): [0,102139006,com.android.settings/.Settings,288]
09-22 22:28:29.225 I/input_focus( 1496): [Focus entering ca1ac48 com.android.settings/com.android.settings.Settings (server),reason=Window became focusable. Previous reason: NOT_VISIBLE]
09-22 22:28:29.238 W/CarrierConfigManager( 3846): Error getting config for subId -1 ICarrierConfigLoader is null
09-22 22:28:29.273 I/sysui_multi_action( 3846): [757,746,758,1,833,0,1089,52]
09-22 22:28:29.274 D/TelephonyRegistry( 1496): listen oscl: mHasNotifySubscriptionInfoChangedOccurred==false no callback
09-22 22:28:29.278 D/TelephonyRegistry( 1496): listen oscl: mHasNotifySubscriptionInfoChangedOccurred==false no callback
09-22 22:28:29.285 I/sysui_multi_action( 3846): [757,1729,758,4,854,isParalleledControllers:false,1089,64]
09-22 22:28:29.286 I/sysui_multi_action( 3846): [757,35,758,2,1089,216]
09-22 22:28:29.312 I/sysui_multi_action( 3846): [757,35,758,1,833,0,1089,23]
09-22 22:28:29.313 I/sysui_multi_action( 3846): [757,1729,758,4,854,isParalleledControllers:false,1089,24]
09-22 22:28:30.384 I/input_interaction( 1496): Interaction with: ca1ac48 com.android.settings/com.android.settings.Settings (server), edge-swipe (server), swipe-up (server), PointerEventDispatcher0 (server),
09-22 22:28:30.546 I/wm_finish_activity( 1496): [0,102139006,24,com.android.settings/.Settings,finish-activity]
09-22 22:28:30.546 I/wm_task_moved( 1496): [1,1,6]
09-22 22:28:30.549 I/wm_set_resumed_activity( 1496): [0,com.android.launcher3/.uioverrides.QuickstepLauncher,positionChildAt]
09-22 22:28:30.549 I/wm_task_moved( 1496): [19,1,2147483647]
09-22 22:28:30.549 I/wm_task_to_front( 1496): [0,19]
09-22 22:28:30.549 I/wm_focused_root_task( 1496): [0,0,1,-1,finish-top adjustFocusToNextFocusableTask]
09-22 22:28:30.549 I/wm_set_resumed_activity( 1496): [0,com.android.launcher3/.uioverrides.QuickstepLauncher,finish-top]
09-22 22:28:30.560 I/wm_pause_activity( 1496): [0,102139006,com.android.settings/.Settings,userLeaving=false,finish]
09-22 22:28:30.564 I/wm_on_top_resumed_lost_called( 3846): [102139006,com.android.settings.Settings,topStateChangedWhenResumed]
09-22 22:28:30.566 I/input_focus( 1496): [Focus request cdcb676 com.android.launcher3/com.android.launcher3.uioverrides.QuickstepLauncher,reason=UpdateInputWindows]
09-22 22:28:30.568 I/sysui_multi_action( 1496): [757,803,799,window_time_0,802,5]
09-22 22:28:30.575 I/wm_on_top_resumed_gained_called( 2390): [261001500,com.android.launcher3.uioverrides.QuickstepLauncher,topStateChangedWhenResumed]
09-22 22:28:30.578 I/sysui_multi_action( 3846): [757,746,758,2,1089,1305]
09-22 22:28:30.587 I/sysui_multi_action( 3846): [757,35,758,2,1089,1275]
09-22 22:28:30.589 I/wm_on_paused_called( 3846): [102139006,com.android.settings.Settings,performPause]
09-22 22:28:30.591 I/wm_destroy_activity( 1496): [0,102139006,24,com.android.settings/.Settings,finish-imm:completePausedLocked]
09-22 22:28:30.594 I/input_focus( 1496): [Focus leaving ca1ac48 com.android.settings/com.android.settings.Settings (server),reason=NO_WINDOW]
09-22 22:28:30.594 I/input_focus( 1496): [Focus entering cdcb676 com.android.launcher3/com.android.launcher3.uioverrides.QuickstepLauncher (server),reason=setFocusedWindow]
09-22 22:28:30.605 I/sysui_multi_action( 1496): [757,803,799,window_time_0,802,0]
09-22 22:28:30.620 I/wm_on_stop_called( 3846): [102139006,com.android.settings.Settings,LIFECYCLER_STOP_ACTIVITY]
09-22 22:28:30.638 I/wm_on_destroy_called( 3846): [102139006,com.android.settings.Settings,performDestroy]
09-22 22:28:31.112 I/wm_task_removed( 1496): [24,removeChild:removeChild last r=ActivityRecord{616847e u0 com.android.settings/.Settings t-1 f}} in t=Task{2079639 #24 type=standard A=1000:com.android.settings.root U=0 visible=false mode=freeform translucent=true sz=0}]
09-22 22:28:31.112 I/wm_task_removed( 1496): [24,removeChild]
09-22 22:28:31.962 I/input_interaction( 1496): Interaction with: cdcb676 com.android.launcher3/com.android.launcher3.uioverrides.QuickstepLauncher (server), 23a4ae6 com.android.systemui.ImageWallpaper (server), edge-swipe (server), swipe-up (server), PointerEventDispatcher0 (server),
09-22 22:28:32.028 I/view_enqueue_input_event( 2390): [Motion - Cancel,com.android.launcher3/com.android.launcher3.uioverrides.QuickstepLauncher]
09-22 22:28:32.041 I/input_interaction( 1496): Interaction with: edge-swipe (server), swipe-up (server), PointerEventDispatcher0 (server),
09-22 22:28:32.262 I/sysui_multi_action( 1496): [757,803,799,key_back_press,802,1]
09-22 22:28:32.265 I/input_interaction( 1496): Interaction with: cdcb676 com.android.launcher3/com.android.launcher3.uioverrides.QuickstepLauncher (server), PointerEventDispatcher0 (server),
09-22 22:28:45.592 I/input_interaction( 1496): Interaction with: cdcb676 com.android.launcher3/com.android.launcher3.uioverrides.QuickstepLauncher (server), 23a4ae6 com.android.systemui.ImageWallpaper (server), edge-swipe (server), swipe-up (server), PointerEventDispatcher0 (server),
09-22 22:28:45.753 I/wm_task_created( 1496): [25,-1]
09-22 22:28:45.759 I/wm_task_moved( 1496): [25,1,6]
09-22 22:28:45.759 I/wm_task_to_front( 1496): [0,25]
09-22 22:28:45.759 I/wm_create_task( 1496): [0,25]
09-22 22:28:45.759 I/wm_create_activity( 1496): [0,113182047,25,com.android.settings/.Settings,android.intent.action.MAIN,NULL,NULL,270532608]
09-22 22:28:45.759 I/wm_task_moved( 1496): [25,1,6]
09-22 22:28:45.761 I/wm_pause_activity( 1496): [0,261001500,com.android.launcher3/.uioverrides.QuickstepLauncher,userLeaving=true,pauseBackTasks]
09-22 22:28:45.769 I/wm_on_top_resumed_lost_called( 2390): [261001500,com.android.launcher3.uioverrides.QuickstepLauncher,topStateChangedWhenResumed]
09-22 22:28:45.773 I/wm_on_paused_called( 2390): [261001500,com.android.launcher3.uioverrides.QuickstepLauncher,performPause]
09-22 22:28:45.775 I/wm_add_to_stopping( 1496): [0,261001500,com.android.launcher3/.uioverrides.QuickstepLauncher,makeInvisible]
09-22 22:28:45.775 I/wm_restart_activity( 1496): [0,113182047,25,com.android.settings/.Settings]
09-22 22:28:45.777 I/wm_set_resumed_activity( 1496): [0,com.android.settings/.Settings,minimalResumeActivityLocked]
09-22 22:28:45.782 I/sysui_multi_action( 1496): [757,803,799,window_time_0,802,15]
09-22 22:28:45.797 I/input_focus( 1496): [Focus leaving cdcb676 com.android.launcher3/com.android.launcher3.uioverrides.QuickstepLauncher (server),reason=NO_WINDOW]
09-22 22:28:45.825 I/wm_on_create_called( 3846): [113182047,com.android.settings.Settings,performCreate]
09-22 22:28:45.850 I/wm_on_start_called( 3846): [113182047,com.android.settings.Settings,handleStartActivity]
09-22 22:28:45.850 I/snet_event_log( 3846): [120484087,-1,]
09-22 22:28:45.851 I/wm_on_resume_called( 3846): [113182047,com.android.settings.Settings,RESUME_ACTIVITY]
09-22 22:28:45.851 I/sysui_multi_action( 3846): [757,35,758,1,833,0,1089,24]
09-22 22:28:45.853 I/sysui_multi_action( 3846): [757,1729,758,4,854,isParalleledControllers:false,1089,26]
09-22 22:28:45.856 I/wm_on_top_resumed_gained_called( 3846): [113182047,com.android.settings.Settings,topStateChangedWhenResumed]
09-22 22:28:45.898 I/input_focus( 1496): [Focus request 7ac2e47 com.android.settings/com.android.settings.Settings,reason=UpdateInputWindows]
09-22 22:28:45.923 I/sysui_multi_action( 1496): [324,1,757,1090,758,12,806,com.android.settings,871,com.android.settings.Settings,1091,177]
09-22 22:28:45.930 I/sysui_multi_action( 1496): [319,86,321,83,322,177,325,132,757,761,758,8,759,1,806,com.android.settings,871,com.android.settings.Settings,904,com.android.launcher3,905,0,1320,4,1321,1]
09-22 22:28:45.932 I/input_focus( 1496): [Focus entering 7ac2e47 com.android.settings/com.android.settings.Settings (server),reason=setFocusedWindow]
09-22 22:28:45.935 I/wm_activity_launch_time( 1496): [0,113182047,com.android.settings/.Settings,177]
09-22 22:28:45.965 I/sysui_multi_action( 3846): [757,35,758,2,1089,114]
09-22 22:28:45.987 I/sysui_multi_action( 3846): [757,35,758,1,833,0,1089,20]
09-22 22:28:45.988 I/sysui_multi_action( 3846): [757,1729,758,4,854,isParalleledControllers:false,1089,21]
09-22 22:28:46.051 I/am_pss ( 1496): [3876,10067,com.android.gallery3d,24302592,15794176,0,147435520,0,18,9]
09-22 22:28:46.377 I/wm_stop_activity( 1496): [0,261001500,com.android.launcher3/.uioverrides.QuickstepLauncher]
09-22 22:28:46.396 I/wm_on_stop_called( 2390): [261001500,com.android.launcher3.uioverrides.QuickstepLauncher,STOP_ACTIVITY_ITEM]
09-22 22:28:46.870 I/input_interaction( 1496): Interaction with: 7ac2e47 com.android.settings/com.android.settings.Settings (server), edge-swipe (server), swipe-up (server), PointerEventDispatcher0 (server),
09-22 22:28:46.963 I/view_enqueue_input_event( 3846): [Motion - Cancel,com.android.settings/com.android.settings.Settings]
09-22 22:28:46.976 I/input_interaction( 1496): Interaction with: edge-swipe (server), swipe-up (server), PointerEventDispatcher0 (server),
09-22 22:28:47.198 I/sysui_multi_action( 1496): [757,803,799,key_back_press,802,1]
09-22 22:28:47.200 I/input_interaction( 1496): Interaction with: 7ac2e47 com.android.settings/com.android.settings.Settings (server), PointerEventDispatcher0 (server),
09-22 22:28:47.207 I/wm_task_moved( 1496): [25,0,0]
09-22 22:28:47.210 I/wm_focused_root_task( 1496): [0,0,1,25,moveTaskToBackLocked]
09-22 22:28:47.211 I/wm_add_to_stopping( 1496): [0,113182047,com.android.settings/.Settings,makeInvisible]
09-22 22:28:47.212 I/wm_pause_activity( 1496): [0,113182047,com.android.settings/.Settings,userLeaving=false,pauseBackTasks]
09-22 22:28:47.214 I/wm_set_resumed_activity( 1496): [0,com.android.launcher3/.uioverrides.QuickstepLauncher,resumeTopActivityInnerLocked]
09-22 22:28:47.215 I/wm_resume_activity( 1496): [0,261001500,19,com.android.launcher3/.uioverrides.QuickstepLauncher]
09-22 22:28:47.216 I/wm_on_top_resumed_lost_called( 3846): [113182047,com.android.settings.Settings,topStateChangedWhenResumed]
09-22 22:28:47.224 I/sysui_multi_action( 3846): [757,35,758,2,1089,1236]
09-22 22:28:47.225 I/sysui_multi_action( 1496): [757,803,799,window_time_0,802,2]
09-22 22:28:47.226 I/wm_on_paused_called( 3846): [113182047,com.android.settings.Settings,performPause]
09-22 22:28:47.226 I/wm_on_restart_called( 2390): [261001500,com.android.launcher3.uioverrides.QuickstepLauncher,performRestartActivity]
09-22 22:28:47.227 I/wm_on_start_called( 2390): [261001500,com.android.launcher3.uioverrides.QuickstepLauncher,handleStartActivity]
09-22 22:28:47.228 I/wm_on_resume_called( 2390): [261001500,com.android.launcher3.uioverrides.QuickstepLauncher,RESUME_ACTIVITY]
09-22 22:28:47.228 I/wm_on_top_resumed_gained_called( 2390): [261001500,com.android.launcher3.uioverrides.QuickstepLauncher,topStateChangedWhenResumed]
09-22 22:28:47.235 I/input_focus( 1496): [Focus leaving 7ac2e47 com.android.settings/com.android.settings.Settings (server),reason=NO_WINDOW]
09-22 22:28:47.240 I/input_focus( 1496): [Focus request cdcb676 com.android.launcher3/com.android.launcher3.uioverrides.QuickstepLauncher,reason=UpdateInputWindows]
09-22 22:28:47.273 I/input_focus( 1496): [Focus entering cdcb676 com.android.launcher3/com.android.launcher3.uioverrides.QuickstepLauncher (server),reason=Window became focusable. Previous reason: NOT_VISIBLE]
09-22 22:28:47.622 I/wm_stop_activity( 1496): [0,113182047,com.android.settings/.Settings]
09-22 22:28:47.657 I/wm_on_stop_called( 3846): [113182047,com.android.settings.Settings,STOP_ACTIVITY_ITEM]
09-22 22:28:48.233 I/input_interaction( 1496): Interaction with: cdcb676 com.android.launcher3/com.android.launcher3.uioverrides.QuickstepLauncher (server), 23a4ae6 com.android.systemui.ImageWallpaper (server), edge-swipe (server), swipe-up (server), PointerEventDispatcher0 (server),
09-22 22:28:48.375 I/sysui_multi_action( 1496): [757,127,758,1]
09-22 22:28:48.376 I/sysui_multi_action( 1496): [757,804,799,note_load,801,2,802,1]
09-22 22:28:48.376 I/notification_panel_revealed( 1496): 2
09-22 22:28:48.397 I/input_focus( 1496): [Focus request c147ec4 NotificationShade,reason=UpdateInputWindows]
09-22 22:28:48.422 I/input_focus( 1496): [Focus leaving cdcb676 com.android.launcher3/com.android.launcher3.uioverrides.QuickstepLauncher (server),reason=setFocusedWindow]
09-22 22:28:48.422 I/input_focus( 1496): [Focus entering c147ec4 NotificationShade (server),reason=setFocusedWindow]
09-22 22:28:48.435 I/input_interaction( 1496): Interaction with: cdcb676 com.android.launcher3/com.android.launcher3.uioverrides.QuickstepLauncher (server), 23a4ae6 com.android.systemui.ImageWallpaper (server), c147ec4 NotificationShade (server), edge-swipe (server), swipe-up (server), PointerEventDispatcher0 (server),
09-22 22:28:48.435 I/view_enqueue_input_event( 2390): [Motion - Cancel,com.android.launcher3/com.android.launcher3.uioverrides.QuickstepLauncher]
09-22 22:28:48.437 I/sysui_multi_action( 1811): [757,803,799,panel_open,802,1]
09-22 22:28:48.438 I/sysui_multi_action( 1811): [757,1328,758,4,1326,22,1327,81,1329,0]
09-22 22:28:48.448 I/input_interaction( 1496): Interaction with: 23a4ae6 com.android.systemui.ImageWallpaper (server), c147ec4 NotificationShade (server), edge-swipe (server), swipe-up (server), PointerEventDispatcher0 (server),
09-22 22:28:48.456 I/notification_enqueue( 1496): [10081,1811,com.android.systemui,2048,NULL,0,Notification(channel=updateNotification shortcut=null contentView=null vibrate=null sound=null defaults=0x0 flags=0x0 color=0x00000000 vis=PRIVATE),1]
09-22 22:28:48.456 I/sysui_multi_action( 1811): [757,111,758,2]
09-22 22:28:48.457 I/sysui_multi_action( 1811): [757,111,758,2]
09-22 22:28:48.469 I/sysui_multi_action( 1811): [757,111,758,1]
09-22 22:28:48.469 I/sysui_multi_action( 1811): [757,126,758,1,759,126,927,0,928,0,1593,0]
09-22 22:28:48.470 I/sysui_multi_action( 1811): [757,113,758,1,759,113,927,1,928,1,1593,0]
09-22 22:28:48.470 I/sysui_multi_action( 1811): [757,0,758,1,759,0,927,2,928,0,1593,0]
09-22 22:28:48.470 I/sysui_multi_action( 1811): [757,0,758,1,759,0,927,3,928,0,1593,0]
09-22 22:28:48.470 I/sysui_multi_action( 1811): [757,1706,758,1,759,1706,927,4,928,0,1593,0]
09-22 22:28:48.471 I/sysui_multi_action( 1811): [757,491,758,1,759,491,927,5,928,0,1311,-1,1593,0]
09-22 22:28:48.471 I/sysui_multi_action( 1811): [757,0,758,1,759,0,927,6,928,0,1593,0]
09-22 22:28:48.471 I/sysui_multi_action( 1811): [757,111,758,1]
09-22 22:28:48.471 I/sysui_multi_action( 1811): [757,126,758,1,759,126,927,0,928,0,1593,0]
09-22 22:28:48.471 I/sysui_multi_action( 1811): [757,113,758,1,759,113,927,1,928,1,1593,0]
09-22 22:28:48.471 I/sysui_multi_action( 1811): [757,0,758,1,759,0,927,2,928,0,1593,0]
09-22 22:28:48.471 I/sysui_multi_action( 1811): [757,0,758,1,759,0,927,3,928,0,1593,0]
09-22 22:28:48.494 I/notification_enqueue( 1496): [10081,1811,com.android.systemui,2048,NULL,0,Notification(channel=updateNotification shortcut=null contentView=null vibrate=null sound=null defaults=0x0 flags=0x0 color=0x00000000 vis=PRIVATE),1]
09-22 22:28:48.494 I/sysui_multi_action( 1811): [757,111,758,2]
09-22 22:28:48.494 I/sysui_multi_action( 1811): [757,111,758,2]
09-22 22:28:48.499 I/sysui_multi_action( 1811): [757,111,758,1]
09-22 22:28:48.500 I/sysui_multi_action( 1811): [757,126,758,1,759,126,927,0,928,0,1593,0]
09-22 22:28:48.500 I/sysui_multi_action( 1811): [757,113,758,1,759,113,927,1,928,1,1593,0]
09-22 22:28:48.500 I/sysui_multi_action( 1811): [757,0,758,1,759,0,927,2,928,0,1593,0]
09-22 22:28:48.500 I/sysui_multi_action( 1811): [757,0,758,1,759,0,927,3,928,0,1593,0]
09-22 22:28:48.500 I/sysui_multi_action( 1811): [757,1706,758,1,759,1706,927,4,928,0,1593,0]
09-22 22:28:48.500 I/sysui_multi_action( 1811): [757,491,758,1,759,491,927,5,928,0,1311,-1,1593,0]
09-22 22:28:48.500 I/sysui_multi_action( 1811): [757,0,758,1,759,0,927,6,928,0,1593,0]
09-22 22:28:48.500 I/sysui_multi_action( 1811): [757,111,758,1]
09-22 22:28:48.500 I/sysui_multi_action( 1811): [757,126,758,1,759,126,927,0,928,0,1593,0]
09-22 22:28:48.500 I/sysui_multi_action( 1811): [757,113,758,1,759,113,927,1,928,1,1593,0]
09-22 22:28:48.500 I/sysui_multi_action( 1811): [757,0,758,1,759,0,927,2,928,0,1593,0]
09-22 22:28:48.500 I/sysui_multi_action( 1811): [757,0,758,1,759,0,927,3,928,0,1593,0]
09-22 22:28:48.518 I/sysui_multi_action( 1811): [757,111,758,2]
09-22 22:28:48.518 I/sysui_multi_action( 1811): [757,111,758,2]
09-22 22:28:48.518 I/notification_enqueue( 1496): [10081,1811,com.android.systemui,2048,NULL,0,Notification(channel=updateNotification shortcut=null contentView=null vibrate=null sound=null defaults=0x0 flags=0x0 color=0x00000000 vis=PRIVATE),1]
09-22 22:28:48.524 I/sysui_multi_action( 1811): [757,111,758,1]
09-22 22:28:48.524 I/sysui_multi_action( 1811): [757,126,758,1,759,126,927,0,928,0,1593,0]
09-22 22:28:48.524 I/sysui_multi_action( 1811): [757,113,758,1,759,113,927,1,928,1,1593,0]
09-22 22:28:48.524 I/sysui_multi_action( 1811): [757,0,758,1,759,0,927,2,928,0,1593,0]
09-22 22:28:48.524 I/sysui_multi_action( 1811): [757,0,758,1,759,0,927,3,928,0,1593,0]
09-22 22:28:48.524 I/sysui_multi_action( 1811): [757,1706,758,1,759,1706,927,4,928,0,1593,0]
09-22 22:28:48.524 I/sysui_multi_action( 1811): [757,491,758,1,759,491,927,5,928,0,1311,-1,1593,0]
09-22 22:28:48.524 I/sysui_multi_action( 1811): [757,0,758,1,759,0,927,6,928,0,1593,0]
09-22 22:28:48.524 I/sysui_multi_action( 1811): [757,111,758,1]
09-22 22:28:48.525 I/sysui_multi_action( 1811): [757,126,758,1,759,126,927,0,928,0,1593,0]
09-22 22:28:48.525 I/sysui_multi_action( 1811): [757,113,758,1,759,113,927,1,928,1,1593,0]
09-22 22:28:48.525 I/sysui_multi_action( 1811): [757,0,758,1,759,0,927,2,928,0,1593,0]
09-22 22:28:48.525 I/sysui_multi_action( 1811): [757,0,758,1,759,0,927,3,928,0,1593,0]
09-22 22:28:48.539 I/sysui_multi_action( 1811): [757,111,758,2]
09-22 22:28:48.539 I/sysui_multi_action( 1811): [757,111,758,2]
09-22 22:28:48.539 I/notification_enqueue( 1496): [10081,1811,com.android.systemui,2048,NULL,0,Notification(channel=updateNotification shortcut=null contentView=null vibrate=null sound=null defaults=0x0 flags=0x0 color=0x00000000 vis=PRIVATE),1]
09-22 22:28:48.543 I/sysui_multi_action( 1811): [757,111,758,1]
09-22 22:28:48.543 I/sysui_multi_action( 1811): [757,126,758,1,759,126,927,0,928,0,1593,0]
09-22 22:28:48.543 I/sysui_multi_action( 1811): [757,113,758,1,759,113,927,1,928,1,1593,0]
09-22 22:28:48.543 I/sysui_multi_action( 1811): [757,0,758,1,759,0,927,2,928,0,1593,0]
09-22 22:28:48.543 I/sysui_multi_action( 1811): [757,0,758,1,759,0,927,3,928,0,1593,0]
09-22 22:28:48.543 I/sysui_multi_action( 1811): [757,1706,758,1,759,1706,927,4,928,0,1593,0]
09-22 22:28:48.544 I/sysui_multi_action( 1811): [757,491,758,1,759,491,927,5,928,0,1311,-1,1593,0]
09-22 22:28:48.544 I/sysui_multi_action( 1811): [757,0,758,1,759,0,927,6,928,0,1593,0]
09-22 22:28:48.544 I/sysui_multi_action( 1811): [757,111,758,1]
09-22 22:28:48.544 I/sysui_multi_action( 1811): [757,126,758,1,759,126,927,0,928,0,1593,0]
09-22 22:28:48.544 I/sysui_multi_action( 1811): [757,113,758,1,759,113,927,1,928,1,1593,0]
09-22 22:28:48.544 I/sysui_multi_action( 1811): [757,0,758,1,759,0,927,2,928,0,1593,0]
09-22 22:28:48.544 I/sysui_multi_action( 1811): [757,0,758,1,759,0,927,3,928,0,1593,0]
09-22 22:28:48.558 I/sysui_multi_action( 1811): [757,111,758,2]
09-22 22:28:48.558 I/sysui_multi_action( 1811): [757,111,758,2]
09-22 22:28:48.558 I/notification_enqueue( 1496): [10081,1811,com.android.systemui,2048,NULL,0,Notification(channel=updateNotification shortcut=null contentView=null vibrate=null sound=null defaults=0x0 flags=0x0 color=0x00000000 vis=PRIVATE),1]
09-22 22:28:48.562 I/sysui_multi_action( 1811): [757,111,758,1]
09-22 22:28:48.562 I/sysui_multi_action( 1811): [757,126,758,1,759,126,927,0,928,0,1593,0]
09-22 22:28:48.562 I/sysui_multi_action( 1811): [757,113,758,1,759,113,927,1,928,1,1593,0]
09-22 22:28:48.563 I/sysui_multi_action( 1811): [757,0,758,1,759,0,927,2,928,0,1593,0]
09-22 22:28:48.563 I/sysui_multi_action( 1811): [757,0,758,1,759,0,927,3,928,0,1593,0]
09-22 22:28:48.563 I/sysui_multi_action( 1811): [757,1706,758,1,759,1706,927,4,928,0,1593,0]
