09-22 22:35:27.364 I/am_wtf ( 1496): [0,1496,system_server,-1,DisplayDeviceConfig,requesting nits when no mapping exists.]
09-22 22:35:27.380 I/am_wtf ( 1496): [0,1496,system_server,-1,DisplayDeviceConfig,requesting nits when no mapping exists.]
09-22 22:35:27.381 I/am_wtf ( 1496): [0,1496,system_server,-1,DisplayDeviceConfig,requesting nits when no mapping exists.]
09-22 22:35:27.397 I/am_wtf ( 1496): [0,1496,system_server,-1,DisplayDeviceConfig,requesting nits when no mapping exists.]
09-22 22:35:27.398 I/am_wtf ( 1496): [0,1496,system_server,-1,DisplayDeviceConfig,requesting nits when no mapping exists.]
09-22 22:35:27.413 I/am_wtf ( 1496): [0,1496,system_server,-1,DisplayDeviceConfig,requesting nits when no mapping exists.]
09-22 22:35:27.414 I/am_wtf ( 1496): [0,1496,system_server,-1,DisplayDeviceConfig,requesting nits when no mapping exists.]
09-22 22:35:27.430 I/am_wtf ( 1496): [0,1496,system_server,-1,DisplayDeviceConfig,requesting nits when no mapping exists.]
09-22 22:35:27.431 I/am_wtf ( 1496): [0,1496,system_server,-1,DisplayDeviceConfig,requesting nits when no mapping exists.]
09-22 22:35:27.446 I/am_wtf ( 1496): [0,1496,system_server,-1,DisplayDeviceConfig,requesting nits when no mapping exists.]
09-22 22:35:27.448 I/am_wtf ( 1496): [0,1496,system_server,-1,DisplayDeviceConfig,requesting nits when no mapping exists.]
09-22 22:35:27.463 I/am_wtf ( 1496): [0,1496,system_server,-1,DisplayDeviceConfig,requesting nits when no mapping exists.]
09-22 22:35:27.464 I/am_wtf ( 1496): [0,1496,system_server,-1,DisplayDeviceConfig,requesting nits when no mapping exists.]
09-22 22:35:27.480 I/am_wtf ( 1496): [0,1496,system_server,-1,DisplayDeviceConfig,requesting nits when no mapping exists.]
09-22 22:35:27.481 I/am_wtf ( 1496): [0,1496,system_server,-1,DisplayDeviceConfig,requesting nits when no mapping exists.]
09-22 22:35:27.497 I/am_wtf ( 1496): [0,1496,system_server,-1,DisplayDeviceConfig,requesting nits when no mapping exists.]
09-22 22:35:27.498 I/am_wtf ( 1496): [0,1496,system_server,-1,DisplayDeviceConfig,requesting nits when no mapping exists.]
09-22 22:35:27.514 I/am_wtf ( 1496): [0,1496,system_server,-1,DisplayDeviceConfig,requesting nits when no mapping exists.]
09-22 22:35:27.515 I/am_wtf ( 1496): [0,1496,system_server,-1,DisplayDeviceConfig,requesting nits when no mapping exists.]
09-22 22:35:27.530 I/am_wtf ( 1496): [0,1496,system_server,-1,DisplayDeviceConfig,requesting nits when no mapping exists.]
09-22 22:35:27.531 I/am_wtf ( 1496): [0,1496,system_server,-1,DisplayDeviceConfig,requesting nits when no mapping exists.]
09-22 22:35:27.547 I/am_wtf ( 1496): [0,1496,system_server,-1,DisplayDeviceConfig,requesting nits when no mapping exists.]
09-22 22:35:27.548 I/am_wtf ( 1496): [0,1496,system_server,-1,DisplayDeviceConfig,requesting nits when no mapping exists.]
09-22 22:35:27.564 I/am_wtf ( 1496): [0,1496,system_server,-1,DisplayDeviceConfig,requesting nits when no mapping exists.]
09-22 22:35:27.565 I/am_wtf ( 1496): [0,1496,system_server,-1,DisplayDeviceConfig,requesting nits when no mapping exists.]
09-22 22:35:27.581 I/am_wtf ( 1496): [0,1496,system_server,-1,DisplayDeviceConfig,requesting nits when no mapping exists.]
09-22 22:35:27.582 I/am_wtf ( 1496): [0,1496,system_server,-1,DisplayDeviceConfig,requesting nits when no mapping exists.]
09-22 22:35:27.597 I/am_wtf ( 1496): [0,1496,system_server,-1,DisplayDeviceConfig,requesting nits when no mapping exists.]
09-22 22:35:27.598 I/am_wtf ( 1496): [0,1496,system_server,-1,DisplayDeviceConfig,requesting nits when no mapping exists.]
09-22 22:35:27.613 I/am_wtf ( 1496): [0,1496,system_server,-1,DisplayDeviceConfig,requesting nits when no mapping exists.]
09-22 22:35:27.614 I/am_wtf ( 1496): [0,1496,system_server,-1,DisplayDeviceConfig,requesting nits when no mapping exists.]
09-22 22:35:27.630 I/am_wtf ( 1496): [0,1496,system_server,-1,DisplayDeviceConfig,requesting nits when no mapping exists.]
09-22 22:35:27.631 I/am_wtf ( 1496): [0,1496,system_server,-1,DisplayDeviceConfig,requesting nits when no mapping exists.]
09-22 22:35:27.647 I/am_wtf ( 1496): [0,1496,system_server,-1,DisplayDeviceConfig,requesting nits when no mapping exists.]
09-22 22:35:27.648 I/am_wtf ( 1496): [0,1496,system_server,-1,DisplayDeviceConfig,requesting nits when no mapping exists.]
09-22 22:35:27.664 I/am_wtf ( 1496): [0,1496,system_server,-1,DisplayDeviceConfig,requesting nits when no mapping exists.]
09-22 22:35:27.665 I/am_wtf ( 1496): [0,1496,system_server,-1,DisplayDeviceConfig,requesting nits when no mapping exists.]
09-22 22:35:27.666 I/service_manager_stats( 1496): [100,66,76415]
09-22 22:35:27.680 I/am_wtf ( 1496): [0,1496,system_server,-1,DisplayDeviceConfig,requesting nits when no mapping exists.]
09-22 22:35:27.681 I/am_wtf ( 1496): [0,1496,system_server,-1,DisplayDeviceConfig,requesting nits when no mapping exists.]
09-22 22:35:27.697 I/am_wtf ( 1496): [0,1496,system_server,-1,DisplayDeviceConfig,requesting nits when no mapping exists.]
09-22 22:35:27.698 I/am_wtf ( 1496): [0,1496,system_server,-1,DisplayDeviceConfig,requesting nits when no mapping exists.]
09-22 22:35:27.714 I/am_wtf ( 1496): [0,1496,system_server,-1,DisplayDeviceConfig,requesting nits when no mapping exists.]
09-22 22:35:27.715 I/am_wtf ( 1496): [0,1496,system_server,-1,DisplayDeviceConfig,requesting nits when no mapping exists.]
09-22 22:35:27.731 I/am_wtf ( 1496): [0,1496,system_server,-1,DisplayDeviceConfig,requesting nits when no mapping exists.]
09-22 22:35:27.732 I/am_wtf ( 1496): [0,1496,system_server,-1,DisplayDeviceConfig,requesting nits when no mapping exists.]
09-22 22:35:27.748 I/am_wtf ( 1496): [0,1496,system_server,-1,DisplayDeviceConfig,requesting nits when no mapping exists.]
09-22 22:35:27.749 I/am_wtf ( 1496): [0,1496,system_server,-1,DisplayDeviceConfig,requesting nits when no mapping exists.]
09-22 22:35:27.764 I/am_wtf ( 1496): [0,1496,system_server,-1,DisplayDeviceConfig,requesting nits when no mapping exists.]
09-22 22:35:27.765 I/am_wtf ( 1496): [0,1496,system_server,-1,DisplayDeviceConfig,requesting nits when no mapping exists.]
09-22 22:35:27.780 I/am_wtf ( 1496): [0,1496,system_server,-1,DisplayDeviceConfig,requesting nits when no mapping exists.]
09-22 22:35:27.782 I/am_wtf ( 1496): [0,1496,system_server,-1,DisplayDeviceConfig,requesting nits when no mapping exists.]
09-22 22:35:27.797 I/am_wtf ( 1496): [0,1496,system_server,-1,DisplayDeviceConfig,requesting nits when no mapping exists.]
09-22 22:35:27.798 I/am_wtf ( 1496): [0,1496,system_server,-1,DisplayDeviceConfig,requesting nits when no mapping exists.]
09-22 22:35:27.814 I/am_wtf ( 1496): [0,1496,system_server,-1,DisplayDeviceConfig,requesting nits when no mapping exists.]
09-22 22:35:27.815 I/am_wtf ( 1496): [0,1496,system_server,-1,DisplayDeviceConfig,requesting nits when no mapping exists.]
09-22 22:35:27.831 I/am_wtf ( 1496): [0,1496,system_server,-1,DisplayDeviceConfig,requesting nits when no mapping exists.]
09-22 22:35:27.832 I/am_wtf ( 1496): [0,1496,system_server,-1,DisplayDeviceConfig,requesting nits when no mapping exists.]
09-22 22:35:27.847 I/am_wtf ( 1496): [0,1496,system_server,-1,DisplayDeviceConfig,requesting nits when no mapping exists.]
09-22 22:35:27.851 I/am_wtf ( 1496): [0,1496,system_server,-1,DisplayDeviceConfig,requesting nits when no mapping exists.]
09-22 22:35:27.864 I/am_wtf ( 1496): [0,1496,system_server,-1,DisplayDeviceConfig,requesting nits when no mapping exists.]
09-22 22:35:27.866 I/am_wtf ( 1496): [0,1496,system_server,-1,DisplayDeviceConfig,requesting nits when no mapping exists.]
09-22 22:35:27.880 I/am_wtf ( 1496): [0,1496,system_server,-1,DisplayDeviceConfig,requesting nits when no mapping exists.]
09-22 22:35:27.881 I/am_wtf ( 1496): [0,1496,system_server,-1,DisplayDeviceConfig,requesting nits when no mapping exists.]
09-22 22:35:27.898 I/am_wtf ( 1496): [0,1496,system_server,-1,DisplayDeviceConfig,requesting nits when no mapping exists.]
09-22 22:35:27.899 I/am_wtf ( 1496): [0,1496,system_server,-1,DisplayDeviceConfig,requesting nits when no mapping exists.]
09-22 22:35:27.914 I/am_wtf ( 1496): [0,1496,system_server,-1,DisplayDeviceConfig,requesting nits when no mapping exists.]
09-22 22:35:27.916 I/am_wtf ( 1496): [0,1496,system_server,-1,DisplayDeviceConfig,requesting nits when no mapping exists.]
09-22 22:35:27.931 I/am_wtf ( 1496): [0,1496,system_server,-1,DisplayDeviceConfig,requesting nits when no mapping exists.]
09-22 22:35:27.932 I/am_wtf ( 1496): [0,1496,system_server,-1,DisplayDeviceConfig,requesting nits when no mapping exists.]
09-22 22:35:27.948 I/am_wtf ( 1496): [0,1496,system_server,-1,DisplayDeviceConfig,requesting nits when no mapping exists.]
09-22 22:35:27.949 I/am_wtf ( 1496): [0,1496,system_server,-1,DisplayDeviceConfig,requesting nits when no mapping exists.]
09-22 22:35:27.964 I/am_wtf ( 1496): [0,1496,system_server,-1,DisplayDeviceConfig,requesting nits when no mapping exists.]
09-22 22:35:27.965 I/am_wtf ( 1496): [0,1496,system_server,-1,DisplayDeviceConfig,requesting nits when no mapping exists.]
09-22 22:35:27.981 I/am_wtf ( 1496): [0,1496,system_server,-1,DisplayDeviceConfig,requesting nits when no mapping exists.]
09-22 22:35:27.982 I/am_wtf ( 1496): [0,1496,system_server,-1,DisplayDeviceConfig,requesting nits when no mapping exists.]
09-22 22:35:27.997 I/am_wtf ( 1496): [0,1496,system_server,-1,DisplayDeviceConfig,requesting nits when no mapping exists.]
09-22 22:35:27.998 I/am_wtf ( 1496): [0,1496,system_server,-1,DisplayDeviceConfig,requesting nits when no mapping exists.]
09-22 22:35:28.014 I/am_wtf ( 1496): [0,1496,system_server,-1,DisplayDeviceConfig,requesting nits when no mapping exists.]
09-22 22:35:28.015 I/am_wtf ( 1496): [0,1496,system_server,-1,DisplayDeviceConfig,requesting nits when no mapping exists.]
09-22 22:35:28.032 I/am_wtf ( 1496): [0,1496,system_server,-1,DisplayDeviceConfig,requesting nits when no mapping exists.]
09-22 22:35:28.033 I/am_wtf ( 1496): [0,1496,system_server,-1,DisplayDeviceConfig,requesting nits when no mapping exists.]
09-22 22:35:28.048 I/am_wtf ( 1496): [0,1496,system_server,-1,DisplayDeviceConfig,requesting nits when no mapping exists.]
09-22 22:35:28.049 I/am_wtf ( 1496): [0,1496,system_server,-1,DisplayDeviceConfig,requesting nits when no mapping exists.]
09-22 22:35:28.064 I/am_wtf ( 1496): [0,1496,system_server,-1,DisplayDeviceConfig,requesting nits when no mapping exists.]
09-22 22:35:28.066 I/am_wtf ( 1496): [0,1496,system_server,-1,DisplayDeviceConfig,requesting nits when no mapping exists.]
09-22 22:35:28.082 I/am_wtf ( 1496): [0,1496,system_server,-1,DisplayDeviceConfig,requesting nits when no mapping exists.]
09-22 22:35:28.083 I/am_wtf ( 1496): [0,1496,system_server,-1,DisplayDeviceConfig,requesting nits when no mapping exists.]
09-22 22:35:28.098 I/am_wtf ( 1496): [0,1496,system_server,-1,DisplayDeviceConfig,requesting nits when no mapping exists.]
09-22 22:35:28.099 I/am_wtf ( 1496): [0,1496,system_server,-1,DisplayDeviceConfig,requesting nits when no mapping exists.]
09-22 22:35:28.115 I/am_wtf ( 1496): [0,1496,system_server,-1,DisplayDeviceConfig,requesting nits when no mapping exists.]
09-22 22:35:28.116 I/am_wtf ( 1496): [0,1496,system_server,-1,DisplayDeviceConfig,requesting nits when no mapping exists.]
09-22 22:35:34.397 I/sysui_multi_action( 1496): [757,222,758,1]
09-22 22:35:34.414 I/wm_task_created( 1496): [31,-1]
09-22 22:35:34.418 I/wm_task_moved( 1496): [31,1,6]
09-22 22:35:34.418 I/wm_task_to_front( 1496): [0,31]
09-22 22:35:34.419 I/wm_create_task( 1496): [0,31]
09-22 22:35:34.419 I/wm_create_activity( 1496): [0,100516248,31,com.android.deskclock/android.service.dreams.DreamActivity,NULL,NULL,NULL,276824064]
09-22 22:35:34.419 I/wm_task_moved( 1496): [31,1,6]
09-22 22:35:34.419 I/wm_on_top_resumed_lost_called( 2390): [261001500,com.android.launcher3.uioverrides.QuickstepLauncher,topStateChangedWhenResumed]
09-22 22:35:34.422 I/wm_pause_activity( 1496): [0,261001500,com.android.launcher3/.uioverrides.QuickstepLauncher,userLeaving=true,pauseBackTasks]
09-22 22:35:34.427 I/wm_on_paused_called( 2390): [261001500,com.android.launcher3.uioverrides.QuickstepLauncher,performPause]
09-22 22:35:34.431 I/wm_add_to_stopping( 1496): [0,261001500,com.android.launcher3/.uioverrides.QuickstepLauncher,makeInvisible]
09-22 22:35:34.431 I/wm_restart_activity( 1496): [0,100516248,31,com.android.deskclock/android.service.dreams.DreamActivity]
09-22 22:35:34.433 I/wm_set_resumed_activity( 1496): [0,com.android.deskclock/android.service.dreams.DreamActivity,minimalResumeActivityLocked]
09-22 22:35:34.443 I/sysui_multi_action( 1496): [757,803,799,window_time_0,802,60]
09-22 22:35:34.445 I/wm_on_create_called( 4256): [100516248,android.service.dreams.DreamActivity,performCreate]
09-22 22:35:34.446 I/wm_on_start_called( 4256): [100516248,android.service.dreams.DreamActivity,handleStartActivity]
09-22 22:35:34.446 I/wm_on_resume_called( 4256): [100516248,android.service.dreams.DreamActivity,RESUME_ACTIVITY]
09-22 22:35:34.455 I/wm_on_top_resumed_gained_called( 4256): [100516248,android.service.dreams.DreamActivity,topStateChangedWhenResumed]
09-22 22:35:34.465 I/input_focus( 1496): [Focus leaving cdcb676 com.android.launcher3/com.android.launcher3.uioverrides.QuickstepLauncher (server),reason=NO_WINDOW]
09-22 22:35:34.484 I/input_focus( 1496): [Focus request 8d95f44 com.android.deskclock/android.service.dreams.DreamActivity,reason=UpdateInputWindows]
09-22 22:35:34.487 I/notification_enqueue( 1496): [10081,1811,com.android.systemui,2048,NULL,0,Notification(channel=updateNotification shortcut=null contentView=null vibrate=null sound=null defaults=0x0 flags=0x0 color=0x00000000 vis=PRIVATE),1]
09-22 22:35:34.487 I/sysui_multi_action( 1811): [757,111,758,2]
09-22 22:35:34.489 I/sysui_multi_action( 1811): [757,111,758,2]
09-22 22:35:34.503 I/sysui_multi_action( 1496): [757,1696,758,6,759,3]
09-22 22:35:34.505 I/sysui_multi_action( 1496): [319,86,322,86,325,541,757,761,758,8,759,2,806,com.android.deskclock,871,android.service.dreams.DreamActivity,904,com.android.deskclock,905,0,1320,4,1321,1]
09-22 22:35:34.506 I/wm_activity_launch_time( 1496): [0,100516248,com.android.deskclock/android.service.dreams.DreamActivity,86]
09-22 22:35:34.514 I/am_wtf ( 1496): [0,1496,system_server,-1,DisplayDeviceConfig,requesting nits when no mapping exists.]
09-22 22:35:34.515 I/am_wtf ( 1496): [0,1496,system_server,-1,DisplayDeviceConfig,requesting nits when no mapping exists.]
09-22 22:35:34.516 I/sysui_multi_action( 1811): [757,111,758,1]
09-22 22:35:34.516 I/sysui_multi_action( 1811): [757,126,758,1,759,126,927,0,928,0,1593,0]
09-22 22:35:34.516 I/sysui_multi_action( 1811): [757,113,758,1,759,113,927,1,928,1,1593,0]
09-22 22:35:34.516 I/sysui_multi_action( 1811): [757,0,758,1,759,0,927,2,928,0,1593,0]
09-22 22:35:34.516 I/sysui_multi_action( 1811): [757,0,758,1,759,0,927,3,928,0,1593,0]
09-22 22:35:34.516 I/sysui_multi_action( 1811): [757,1706,758,1,759,1706,927,4,928,0,1593,0]
09-22 22:35:34.517 I/sysui_multi_action( 1811): [757,491,758,1,759,491,927,5,928,0,1311,-1,1593,0]
09-22 22:35:34.517 I/sysui_multi_action( 1811): [757,0,758,1,759,0,927,6,928,0,1593,0]
09-22 22:35:34.517 I/sysui_multi_action( 1811): [757,111,758,1]
09-22 22:35:34.517 I/sysui_multi_action( 1811): [757,126,758,1,759,126,927,0,928,0,1593,0]
09-22 22:35:34.518 I/sysui_multi_action( 1811): [757,113,758,1,759,113,927,1,928,1,1593,0]
09-22 22:35:34.518 I/sysui_multi_action( 1811): [757,0,758,1,759,0,927,2,928,0,1593,0]
09-22 22:35:34.518 I/sysui_multi_action( 1811): [757,0,758,1,759,0,927,3,928,0,1593,0]
09-22 22:35:34.531 I/am_wtf ( 1496): [0,1496,system_server,-1,DisplayDeviceConfig,requesting nits when no mapping exists.]
09-22 22:35:34.531 I/am_wtf ( 1496): [0,1496,system_server,-1,DisplayDeviceConfig,requesting nits when no mapping exists.]
09-22 22:35:34.547 I/input_focus( 1496): [Focus entering 8d95f44 com.android.deskclock/android.service.dreams.DreamActivity (server),reason=Window became focusable. Previous reason: NOT_VISIBLE]
09-22 22:35:34.555 I/am_wtf ( 1496): [0,1496,system_server,-1,DisplayDeviceConfig,requesting nits when no mapping exists.]
09-22 22:35:34.555 I/am_wtf ( 1496): [0,1496,system_server,-1,DisplayDeviceConfig,requesting nits when no mapping exists.]
09-22 22:35:34.568 I/am_wtf ( 1496): [0,1496,system_server,-1,DisplayDeviceConfig,requesting nits when no mapping exists.]
09-22 22:35:34.569 I/am_wtf ( 1496): [0,1496,system_server,-1,DisplayDeviceConfig,requesting nits when no mapping exists.]
09-22 22:35:34.582 I/am_wtf ( 1496): [0,1496,system_server,-1,DisplayDeviceConfig,requesting nits when no mapping exists.]
09-22 22:35:34.583 I/am_wtf ( 1496): [0,1496,system_server,-1,DisplayDeviceConfig,requesting nits when no mapping exists.]
09-22 22:35:34.599 I/am_wtf ( 1496): [0,1496,system_server,-1,DisplayDeviceConfig,requesting nits when no mapping exists.]
09-22 22:35:34.600 I/am_wtf ( 1496): [0,1496,system_server,-1,DisplayDeviceConfig,requesting nits when no mapping exists.]
09-22 22:35:34.621 I/am_wtf ( 1496): [0,1496,system_server,-1,DisplayDeviceConfig,requesting nits when no mapping exists.]
09-22 22:35:34.621 I/am_wtf ( 1496): [0,1496,system_server,-1,DisplayDeviceConfig,requesting nits when no mapping exists.]
09-22 22:35:34.632 I/am_wtf ( 1496): [0,1496,system_server,-1,DisplayDeviceConfig,requesting nits when no mapping exists.]
09-22 22:35:34.633 I/am_wtf ( 1496): [0,1496,system_server,-1,DisplayDeviceConfig,requesting nits when no mapping exists.]
09-22 22:35:34.647 I/am_wtf ( 1496): [0,1496,system_server,-1,DisplayDeviceConfig,requesting nits when no mapping exists.]
09-22 22:35:34.648 I/am_wtf ( 1496): [0,1496,system_server,-1,DisplayDeviceConfig,requesting nits when no mapping exists.]
09-22 22:35:34.665 I/am_wtf ( 1496): [0,1496,system_server,-1,DisplayDeviceConfig,requesting nits when no mapping exists.]
09-22 22:35:34.667 I/am_wtf ( 1496): [0,1496,system_server,-1,DisplayDeviceConfig,requesting nits when no mapping exists.]
09-22 22:35:34.683 I/am_wtf ( 1496): [0,1496,system_server,-1,DisplayDeviceConfig,requesting nits when no mapping exists.]
09-22 22:35:34.683 I/am_wtf ( 1496): [0,1496,system_server,-1,DisplayDeviceConfig,requesting nits when no mapping exists.]
09-22 22:35:34.689 I/sysui_multi_action( 1496): [757,1501,758,1,793,521764,794,0,795,203,796,2048,806,com.android.systemui,857,updateNotification,858,3,947,0,1500,0,1688,1]
09-22 22:35:34.690 I/sysui_multi_action( 1496): [757,804,799,note_interruptive,801,0,802,1]
09-22 22:35:34.690 I/sysui_multi_action( 1496): [757,199,758,1,759,2,793,521765,794,0,795,204,796,2048,806,com.android.systemui,857,updateNotification,858,3,947,0,1500,1,1688,1]
09-22 22:35:34.690 I/notification_alert( 1496): [0|com.android.systemui|2048|null|10081,0,1,0]
09-22 22:35:34.698 I/am_wtf ( 1496): [0,1496,system_server,-1,DisplayDeviceConfig,requesting nits when no mapping exists.]
09-22 22:35:34.699 I/am_wtf ( 1496): [0,1496,system_server,-1,DisplayDeviceConfig,requesting nits when no mapping exists.]
09-22 22:35:34.715 I/am_wtf ( 1496): [0,1496,system_server,-1,DisplayDeviceConfig,requesting nits when no mapping exists.]
09-22 22:35:34.716 I/am_wtf ( 1496): [0,1496,system_server,-1,DisplayDeviceConfig,requesting nits when no mapping exists.]
09-22 22:35:34.737 I/am_wtf ( 1496): [0,1496,system_server,-1,DisplayDeviceConfig,requesting nits when no mapping exists.]
09-22 22:35:34.737 I/am_wtf ( 1496): [0,1496,system_server,-1,DisplayDeviceConfig,requesting nits when no mapping exists.]
09-22 22:35:34.748 I/am_wtf ( 1496): [0,1496,system_server,-1,DisplayDeviceConfig,requesting nits when no mapping exists.]
09-22 22:35:34.749 I/am_wtf ( 1496): [0,1496,system_server,-1,DisplayDeviceConfig,requesting nits when no mapping exists.]
09-22 22:35:34.765 I/am_wtf ( 1496): [0,1496,system_server,-1,DisplayDeviceConfig,requesting nits when no mapping exists.]
09-22 22:35:34.766 I/am_wtf ( 1496): [0,1496,system_server,-1,DisplayDeviceConfig,requesting nits when no mapping exists.]
09-22 22:35:34.782 I/am_wtf ( 1496): [0,1496,system_server,-1,DisplayDeviceConfig,requesting nits when no mapping exists.]
09-22 22:35:34.783 I/am_wtf ( 1496): [0,1496,system_server,-1,DisplayDeviceConfig,requesting nits when no mapping exists.]
09-22 22:35:34.799 I/am_wtf ( 1496): [0,1496,system_server,-1,DisplayDeviceConfig,requesting nits when no mapping exists.]
09-22 22:35:34.799 I/wm_stop_activity( 1496): [0,261001500,com.android.launcher3/.uioverrides.QuickstepLauncher]
09-22 22:35:34.800 I/am_wtf ( 1496): [0,1496,system_server,-1,DisplayDeviceConfig,requesting nits when no mapping exists.]
09-22 22:35:34.816 I/am_wtf ( 1496): [0,1496,system_server,-1,DisplayDeviceConfig,requesting nits when no mapping exists.]
09-22 22:35:34.818 I/am_wtf ( 1496): [0,1496,system_server,-1,DisplayDeviceConfig,requesting nits when no mapping exists.]
09-22 22:35:34.833 I/am_wtf ( 1496): [0,1496,system_server,-1,DisplayDeviceConfig,requesting nits when no mapping exists.]
09-22 22:35:34.833 I/am_wtf ( 1496): [0,1496,system_server,-1,DisplayDeviceConfig,requesting nits when no mapping exists.]
09-22 22:35:34.837 I/wm_on_stop_called( 2390): [261001500,com.android.launcher3.uioverrides.QuickstepLauncher,STOP_ACTIVITY_ITEM]
09-22 22:35:34.852 I/am_wtf ( 1496): [0,1496,system_server,-1,DisplayDeviceConfig,requesting nits when no mapping exists.]
09-22 22:35:34.853 I/am_wtf ( 1496): [0,1496,system_server,-1,DisplayDeviceConfig,requesting nits when no mapping exists.]
09-22 22:35:34.865 I/am_wtf ( 1496): [0,1496,system_server,-1,DisplayDeviceConfig,requesting nits when no mapping exists.]
09-22 22:35:34.866 I/am_wtf ( 1496): [0,1496,system_server,-1,DisplayDeviceConfig,requesting nits when no mapping exists.]
09-22 22:35:34.884 I/am_wtf ( 1496): [0,1496,system_server,-1,DisplayDeviceConfig,requesting nits when no mapping exists.]
09-22 22:35:34.885 I/am_wtf ( 1496): [0,1496,system_server,-1,DisplayDeviceConfig,requesting nits when no mapping exists.]
09-22 22:35:34.885 I/service_manager_stats( 1496): [100,57,7219]
09-22 22:35:34.899 I/am_wtf ( 1496): [0,1496,system_server,-1,DisplayDeviceConfig,requesting nits when no mapping exists.]
09-22 22:35:34.900 I/am_wtf ( 1496): [0,1496,system_server,-1,DisplayDeviceConfig,requesting nits when no mapping exists.]
09-22 22:35:34.916 I/am_wtf ( 1496): [0,1496,system_server,-1,DisplayDeviceConfig,requesting nits when no mapping exists.]
09-22 22:35:34.917 I/am_wtf ( 1496): [0,1496,system_server,-1,DisplayDeviceConfig,requesting nits when no mapping exists.]
09-22 22:35:34.932 I/am_wtf ( 1496): [0,1496,system_server,-1,DisplayDeviceConfig,requesting nits when no mapping exists.]
09-22 22:35:34.933 I/am_wtf ( 1496): [0,1496,system_server,-1,DisplayDeviceConfig,requesting nits when no mapping exists.]
09-22 22:35:34.948 I/am_wtf ( 1496): [0,1496,system_server,-1,DisplayDeviceConfig,requesting nits when no mapping exists.]
09-22 22:35:34.949 I/am_wtf ( 1496): [0,1496,system_server,-1,DisplayDeviceConfig,requesting nits when no mapping exists.]
09-22 22:35:34.966 I/am_wtf ( 1496): [0,1496,system_server,-1,DisplayDeviceConfig,requesting nits when no mapping exists.]
09-22 22:35:34.967 I/am_wtf ( 1496): [0,1496,system_server,-1,DisplayDeviceConfig,requesting nits when no mapping exists.]
09-22 22:35:34.985 I/am_wtf ( 1496): [0,1496,system_server,-1,DisplayDeviceConfig,requesting nits when no mapping exists.]
09-22 22:35:34.985 I/am_wtf ( 1496): [0,1496,system_server,-1,DisplayDeviceConfig,requesting nits when no mapping exists.]
09-22 22:35:35.005 I/am_wtf ( 1496): [0,1496,system_server,-1,DisplayDeviceConfig,requesting nits when no mapping exists.]
09-22 22:35:35.005 I/am_wtf ( 1496): [0,1496,system_server,-1,DisplayDeviceConfig,requesting nits when no mapping exists.]
09-22 22:35:35.017 I/am_wtf ( 1496): [0,1496,system_server,-1,DisplayDeviceConfig,requesting nits when no mapping exists.]
09-22 22:35:35.019 I/am_wtf ( 1496): [0,1496,system_server,-1,DisplayDeviceConfig,requesting nits when no mapping exists.]
09-22 22:35:35.032 I/am_wtf ( 1496): [0,1496,system_server,-1,DisplayDeviceConfig,requesting nits when no mapping exists.]
09-22 22:35:35.037 I/am_wtf ( 1496): [0,1496,system_server,-1,DisplayDeviceConfig,requesting nits when no mapping exists.]
09-22 22:35:35.049 I/am_wtf ( 1496): [0,1496,system_server,-1,DisplayDeviceConfig,requesting nits when no mapping exists.]
09-22 22:35:35.050 I/am_wtf ( 1496): [0,1496,system_server,-1,DisplayDeviceConfig,requesting nits when no mapping exists.]
09-22 22:35:35.067 I/am_wtf ( 1496): [0,1496,system_server,-1,DisplayDeviceConfig,requesting nits when no mapping exists.]
09-22 22:35:35.069 I/am_wtf ( 1496): [0,1496,system_server,-1,DisplayDeviceConfig,requesting nits when no mapping exists.]
09-22 22:35:35.088 I/am_wtf ( 1496): [0,1496,system_server,-1,DisplayDeviceConfig,requesting nits when no mapping exists.]
09-22 22:35:35.089 I/am_wtf ( 1496): [0,1496,system_server,-1,DisplayDeviceConfig,requesting nits when no mapping exists.]
09-22 22:35:35.099 I/am_wtf ( 1496): [0,1496,system_server,-1,DisplayDeviceConfig,requesting nits when no mapping exists.]
09-22 22:35:35.101 I/am_wtf ( 1496): [0,1496,system_server,-1,DisplayDeviceConfig,requesting nits when no mapping exists.]
09-22 22:35:35.116 I/am_wtf ( 1496): [0,1496,system_server,-1,DisplayDeviceConfig,requesting nits when no mapping exists.]
09-22 22:35:35.117 I/am_wtf ( 1496): [0,1496,system_server,-1,DisplayDeviceConfig,requesting nits when no mapping exists.]
09-22 22:35:35.132 I/am_wtf ( 1496): [0,1496,system_server,-1,DisplayDeviceConfig,requesting nits when no mapping exists.]
09-22 22:35:35.133 I/am_wtf ( 1496): [0,1496,system_server,-1,DisplayDeviceConfig,requesting nits when no mapping exists.]
09-22 22:35:35.149 I/am_wtf ( 1496): [0,1496,system_server,-1,DisplayDeviceConfig,requesting nits when no mapping exists.]
09-22 22:35:35.150 I/am_wtf ( 1496): [0,1496,system_server,-1,DisplayDeviceConfig,requesting nits when no mapping exists.]
09-22 22:35:35.166 I/am_wtf ( 1496): [0,1496,system_server,-1,DisplayDeviceConfig,requesting nits when no mapping exists.]
09-22 22:35:35.167 I/am_wtf ( 1496): [0,1496,system_server,-1,DisplayDeviceConfig,requesting nits when no mapping exists.]
09-22 22:35:35.184 I/am_wtf ( 1496): [0,1496,system_server,-1,DisplayDeviceConfig,requesting nits when no mapping exists.]
09-22 22:35:35.186 I/am_wtf ( 1496): [0,1496,system_server,-1,DisplayDeviceConfig,requesting nits when no mapping exists.]
09-22 22:35:35.202 I/am_wtf ( 1496): [0,1496,system_server,-1,DisplayDeviceConfig,requesting nits when no mapping exists.]
09-22 22:35:35.203 I/am_wtf ( 1496): [0,1496,system_server,-1,DisplayDeviceConfig,requesting nits when no mapping exists.]
09-22 22:35:35.216 I/am_wtf ( 1496): [0,1496,system_server,-1,DisplayDeviceConfig,requesting nits when no mapping exists.]
09-22 22:35:35.218 I/am_wtf ( 1496): [0,1496,system_server,-1,DisplayDeviceConfig,requesting nits when no mapping exists.]
09-22 22:35:35.236 I/am_wtf ( 1496): [0,1496,system_server,-1,DisplayDeviceConfig,requesting nits when no mapping exists.]
09-22 22:35:35.238 I/am_wtf ( 1496): [0,1496,system_server,-1,DisplayDeviceConfig,requesting nits when no mapping exists.]
09-22 22:35:35.252 I/am_wtf ( 1496): [0,1496,system_server,-1,DisplayDeviceConfig,requesting nits when no mapping exists.]
09-22 22:35:35.252 I/am_wtf ( 1496): [0,1496,system_server,-1,DisplayDeviceConfig,requesting nits when no mapping exists.]
09-22 22:35:35.266 I/am_wtf ( 1496): [0,1496,system_server,-1,DisplayDeviceConfig,requesting nits when no mapping exists.]
09-22 22:35:35.267 I/am_wtf ( 1496): [0,1496,system_server,-1,DisplayDeviceConfig,requesting nits when no mapping exists.]
09-22 22:35:35.290 I/am_wtf ( 1496): [0,1496,system_server,-1,DisplayDeviceConfig,requesting nits when no mapping exists.]
09-22 22:35:35.291 I/am_wtf ( 1496): [0,1496,system_server,-1,DisplayDeviceConfig,requesting nits when no mapping exists.]
09-22 22:35:35.302 I/am_wtf ( 1496): [0,1496,system_server,-1,DisplayDeviceConfig,requesting nits when no mapping exists.]
09-22 22:35:35.302 I/am_wtf ( 1496): [0,1496,system_server,-1,DisplayDeviceConfig,requesting nits when no mapping exists.]
09-22 22:35:35.319 I/am_wtf ( 1496): [0,1496,system_server,-1,DisplayDeviceConfig,requesting nits when no mapping exists.]
09-22 22:35:35.320 I/am_wtf ( 1496): [0,1496,system_server,-1,DisplayDeviceConfig,requesting nits when no mapping exists.]
09-22 22:35:35.333 I/am_wtf ( 1496): [0,1496,system_server,-1,DisplayDeviceConfig,requesting nits when no mapping exists.]
09-22 22:35:35.334 I/am_wtf ( 1496): [0,1496,system_server,-1,DisplayDeviceConfig,requesting nits when no mapping exists.]
09-22 22:35:35.352 I/am_wtf ( 1496): [0,1496,system_server,-1,DisplayDeviceConfig,requesting nits when no mapping exists.]
09-22 22:35:35.353 I/am_wtf ( 1496): [0,1496,system_server,-1,DisplayDeviceConfig,requesting nits when no mapping exists.]
09-22 22:35:35.366 I/am_wtf ( 1496): [0,1496,system_server,-1,DisplayDeviceConfig,requesting nits when no mapping exists.]
09-22 22:35:35.369 I/am_wtf ( 1496): [0,1496,system_server,-1,DisplayDeviceConfig,requesting nits when no mapping exists.]
09-22 22:35:35.385 I/am_wtf ( 1496): [0,1496,system_server,-1,DisplayDeviceConfig,requesting nits when no mapping exists.]
09-22 22:35:35.386 I/am_wtf ( 1496): [0,1496,system_server,-1,DisplayDeviceConfig,requesting nits when no mapping exists.]
09-22 22:35:35.403 I/am_wtf ( 1496): [0,1496,system_server,-1,DisplayDeviceConfig,requesting nits when no mapping exists.]
09-22 22:35:35.403 I/am_wtf ( 1496): [0,1496,system_server,-1,DisplayDeviceConfig,requesting nits when no mapping exists.]
09-22 22:35:35.417 I/am_wtf ( 1496): [0,1496,system_server,-1,DisplayDeviceConfig,requesting nits when no mapping exists.]
09-22 22:35:35.419 I/am_wtf ( 1496): [0,1496,system_server,-1,DisplayDeviceConfig,requesting nits when no mapping exists.]
09-22 22:35:35.440 I/am_wtf ( 1496): [0,1496,system_server,-1,DisplayDeviceConfig,requesting nits when no mapping exists.]
09-22 22:35:35.441 I/am_wtf ( 1496): [0,1496,system_server,-1,DisplayDeviceConfig,requesting nits when no mapping exists.]
09-22 22:35:35.450 I/am_wtf ( 1496): [0,1496,system_server,-1,DisplayDeviceConfig,requesting nits when no mapping exists.]
09-22 22:35:35.455 I/am_wtf ( 1496): [0,1496,system_server,-1,DisplayDeviceConfig,requesting nits when no mapping exists.]
09-22 22:35:35.467 I/am_wtf ( 1496): [0,1496,system_server,-1,DisplayDeviceConfig,requesting nits when no mapping exists.]
09-22 22:35:35.468 I/am_wtf ( 1496): [0,1496,system_server,-1,DisplayDeviceConfig,requesting nits when no mapping exists.]
09-22 22:36:46.665 I/am_freeze( 1496): [2825,com.android.keychain]
09-22 22:36:46.667 I/am_kill ( 1496): [0,2825,com.android.keychain,965,Unable to freeze binder interface]
09-22 22:36:46.704 I/am_proc_died( 1496): [0,2825,com.android.keychain,965,19]
09-22 22:36:46.717 I/am_pss ( 1496): [4256,10066,com.android.deskclock,54376448,47611904,0,168644608,0,2,8]
09-22 22:36:46.729 I/am_pss ( 1496): [2390,10076,com.android.launcher3,79762432,66945024,0,214556672,0,6,11]
09-22 22:36:47.062 I/am_freeze( 1496): [3052,com.android.traceur]
09-22 22:36:47.063 I/am_kill ( 1496): [0,3052,com.android.traceur,995,Unable to freeze binder interface]
09-22 22:36:47.085 I/am_proc_died( 1496): [0,3052,com.android.traceur,995,19]
09-22 22:36:47.086 I/am_uid_stopped( 1496): 10031
09-22 22:36:47.298 I/am_freeze( 1496): [3213,com.android.calendar]
09-22 22:36:47.299 I/am_kill ( 1496): [0,3213,com.android.calendar,985,Unable to freeze binder interface]
09-22 22:36:47.335 I/am_proc_died( 1496): [0,3213,com.android.calendar,985,19]
09-22 22:36:47.335 I/am_uid_stopped( 1496): 10068
09-22 22:36:47.381 I/am_freeze( 1496): [3253,com.android.dynsystem]
09-22 22:36:47.383 I/am_kill ( 1496): [0,3253,com.android.dynsystem,985,Unable to freeze binder interface]
09-22 22:36:47.413 I/am_proc_died( 1496): [0,3253,com.android.dynsystem,985,19]
09-22 22:36:47.449 I/am_freeze( 1496): [3271,com.android.dynsystem:dynsystem]
09-22 22:36:47.451 I/am_kill ( 1496): [0,3271,com.android.dynsystem:dynsystem,975,Unable to freeze binder interface]
09-22 22:36:47.483 I/am_proc_died( 1496): [0,3271,com.android.dynsystem:dynsystem,975,19]
09-22 22:36:47.633 I/am_freeze( 1496): [3308,com.android.onetimeinitializer]
09-22 22:36:47.635 I/am_kill ( 1496): [0,3308,com.android.onetimeinitializer,965,Unable to freeze binder interface]
09-22 22:36:47.665 I/am_proc_died( 1496): [0,3308,com.android.onetimeinitializer,965,19]
09-22 22:36:47.665 I/am_uid_stopped( 1496): 10057
09-22 22:36:48.258 I/am_freeze( 1496): [3398,com.android.phone]
09-22 22:36:48.259 I/am_kill ( 1496): [0,3398,com.android.phone,955,Unable to freeze binder interface]
09-22 22:36:48.295 I/am_proc_died( 1496): [0,3398,com.android.phone,955,19]
09-22 22:36:48.841 I/am_freeze( 1496): [3449,com.qualcomm.qti.qms.service.connectionsecurity]
09-22 22:36:48.842 I/am_kill ( 1496): [0,3449,com.qualcomm.qti.qms.service.connectionsecurity,945,Unable to freeze binder interface]
09-22 22:36:48.847 I/am_freeze( 1496): [2942,com.qualcomm.qtil.aptxui]
09-22 22:36:48.848 I/am_kill ( 1496): [0,2942,com.qualcomm.qtil.aptxui,945,Unable to freeze binder interface]
09-22 22:36:48.868 I/am_proc_died( 1496): [0,3449,com.qualcomm.qti.qms.service.connectionsecurity,945,19]
09-22 22:36:48.868 I/am_uid_stopped( 1496): 10055
09-22 22:36:48.876 I/am_proc_died( 1496): [0,2942,com.qualcomm.qtil.aptxui,945,19]
09-22 22:36:48.877 I/am_uid_stopped( 1496): 10085
09-22 22:36:48.961 I/am_freeze( 1496): [3467,com.android.externalstorage]
09-22 22:36:48.962 I/am_kill ( 1496): [0,3467,com.android.externalstorage,935,Unable to freeze binder interface]
09-22 22:36:48.989 I/am_proc_died( 1496): [0,3467,com.android.externalstorage,935,19]
09-22 22:36:48.990 I/am_uid_stopped( 1496): 10018
09-22 22:36:49.639 I/am_freeze( 1496): [3504,com.android.localtransport]
09-22 22:36:49.641 I/am_kill ( 1496): [0,3504,com.android.localtransport,925,Unable to freeze binder interface]
09-22 22:36:49.667 I/am_proc_died( 1496): [0,3504,com.android.localtransport,925,19]
09-22 22:36:53.026 I/am_freeze( 1496): [3360,com.android.providers.calendar]
09-22 22:36:53.028 I/am_kill ( 1496): [0,3360,com.android.providers.calendar,945,Unable to freeze binder interface]
09-22 22:36:53.066 I/am_proc_died( 1496): [0,3360,com.android.providers.calendar,945,19]
09-22 22:36:53.067 I/am_uid_stopped( 1496): 10030
09-22 22:36:54.299 I/am_freeze( 1496): [3567,com.qualcomm.qti.qms.service.trustzoneaccess]
09-22 22:36:54.301 I/am_kill ( 1496): [0,3567,com.qualcomm.qti.qms.service.trustzoneaccess,935,Unable to freeze binder interface]
09-22 22:36:54.329 I/am_proc_died( 1496): [0,3567,com.qualcomm.qti.qms.service.trustzoneaccess,935,19]
09-22 22:36:54.330 I/am_uid_stopped( 1496): 10052
09-22 22:37:44.642 I/am_pss ( 1496): [1496,1000,system,214809600,124346368,0,535724032,0,0,32]
09-22 22:37:44.654 I/am_pss ( 1496): [4256,10066,com.android.deskclock,55384064,48054272,0,169078784,0,2,9]
09-22 22:37:44.666 I/am_pss ( 1496): [2390,10076,com.android.launcher3,80361472,66945024,0,214556672,0,6,10]
09-22 22:37:44.675 I/am_pss ( 1496): [1810,1002,com.android.bluetooth,30599168,23359488,0,142864384,0,0,9]
09-22 22:37:44.681 I/am_pss ( 1496): [2207,10094,android.ext.services,13639680,8515584,0,111222784,0,5,6]
09-22 22:37:44.687 I/am_pss ( 1496): [2904,10080,com.qualcomm.location.XT,7103488,4571136,0,94322688,0,6,5]
09-22 22:37:44.692 I/am_pss ( 1496): [2628,10027,com.sohu.inputmethod.sogou.car,31522816,10194944,0,94191616,0,7,5]
09-22 22:37:44.699 I/am_pss ( 1496): [1973,1001,.dataservices,8550400,6053888,0,94744576,0,0,6]
09-22 22:37:44.705 I/am_pss ( 1496): [1883,1073,com.android.networkstack.process,11409408,8175616,0,104890368,0,0,5]
09-22 22:37:44.718 I/am_pss ( 1496): [1811,10081,com.android.systemui,103025664,78819328,0,266280960,0,0,12]
09-22 22:37:48.782 I/am_freeze( 1496): [2829,android.process.media]
09-22 22:37:48.786 I/am_freeze( 1496): [3023,android.process.acore]
09-22 22:37:48.788 I/am_kill ( 1496): [0,2829,android.process.media,935,Unable to freeze binder interface]
09-22 22:37:48.789 I/am_kill ( 1496): [0,3023,android.process.acore,975,Unable to freeze binder interface]
09-22 22:37:48.821 I/am_proc_died( 1496): [0,2829,android.process.media,935,19]
09-22 22:37:48.822 I/am_uid_stopped( 1496): 10026
09-22 22:37:48.824 I/am_proc_died( 1496): [0,3023,android.process.acore,975,19]
09-22 22:37:48.825 I/am_uid_stopped( 1496): 10020
09-22 22:37:48.831 I/am_pss ( 1496): [3381,2000,com.android.shell,6846464,4243456,0,92700672,0,19,6]
09-22 22:37:48.836 I/am_pss ( 1496): [3325,10022,com.android.packageinstaller,7938048,5496832,0,91725824,0,19,5]
09-22 22:37:48.841 I/am_pss ( 1496): [3292,10034,com.android.managedprovisioning,9708544,7155712,0,94945280,0,19,4]
09-22 22:37:48.846 I/am_pss ( 1496): [2157,1000,com.qualcomm.qti.qdma,10455040,6553600,0,105476096,0,0,5]
09-22 22:37:48.852 I/am_pss ( 1496): [2130,1000,com.thundercomm.remotecontrolservice,11442176,8269824,0,102248448,0,0,5]
09-22 22:37:48.857 I/am_pss ( 1496): [2114,1068,com.android.se,6576128,4009984,0,92454912,0,0,5]
09-22 22:37:48.862 I/am_pss ( 1496): [2051,10084,com.qti.qualcomm.mstatssystemservice,6189056,3710976,0,90456064,0,0,4]
09-22 22:37:48.867 I/am_pss ( 1496): [2020,1000,vendor.qti.qesdk.sysservice,6279168,3731456,0,91377664,0,0,5]
09-22 22:37:48.871 I/am_pss ( 1496): [1976,10050,.qtidataservices,6634496,4108288,0,92282880,0,0,4]
09-22 22:37:48.877 I/am_pss ( 1496): [1951,1000,com.thundercomm.microsettings,35972096,31858688,0,128958464,0,0,5]
09-22 22:37:48.882 I/am_pss ( 1496): [1944,1000,com.thundercomm.microservice,11016192,8454144,0,96423936,0,0,5]
09-22 22:38:20.805 I/am_freeze( 1496): [3343,com.android.permissioncontroller]
09-22 22:38:20.807 I/am_kill ( 1496): [0,3343,com.android.permissioncontroller,925,Unable to freeze binder interface]
09-22 22:38:20.850 I/am_proc_died( 1496): [0,3343,com.android.permissioncontroller,925,19]
09-22 22:38:20.851 I/am_uid_stopped( 1496): 10092
09-22 22:38:20.863 I/am_pss ( 1496): [2789,10093,com.android.providers.media.module,19221504,14127104,0,122916864,0,0,8]
09-22 22:38:20.870 I/am_pss ( 1496): [2774,10073,com.qualcomm.location,11266048,7421952,0,105209856,0,0,7]
09-22 22:38:20.876 I/am_pss ( 1496): [2773,10082,com.qualcomm.qti.workloadclassifier,9960448,7020544,0,98443264,0,0,5]
09-22 22:38:20.881 I/am_pss ( 1496): [2749,10086,com.qualcomm.qti.qccnetstat,6879232,4255744,0,92012544,0,0,5]
09-22 22:38:20.886 I/am_pss ( 1496): [2718,10072,com.qualcomm.qti.services.systemhelper:systemhelper_service,7207936,4460544,0,94576640,0,0,4]
09-22 22:38:20.890 I/am_pss ( 1496): [2684,10053,.pasr,6217728,3665920,0,90271744,0,0,4]
09-22 22:38:20.895 I/am_pss ( 1496): [2661,10056,ts.car.uart,6995968,4448256,0,91291648,0,0,4]
09-22 22:38:20.900 I/am_pss ( 1496): [3154,10061,com.qualcomm.qti.devicestatisticsservice,6139904,3579904,0,89837568,0,0,5]
09-22 22:38:48.391 I/input_interaction( 1496): Interaction with: 8d95f44 com.android.deskclock/android.service.dreams.DreamActivity (server), edge-swipe (server), swipe-up (server), PointerEventDispatcher0 (server),
09-22 22:38:48.396 I/wm_finish_activity( 1496): [0,100516248,31,com.android.deskclock/android.service.dreams.DreamActivity,finish-activity]
09-22 22:38:48.396 I/wm_task_moved( 1496): [1,1,5]
09-22 22:38:48.397 I/wm_task_moved( 1496): [19,1,2147483647]
09-22 22:38:48.397 I/wm_task_to_front( 1496): [0,19]
09-22 22:38:48.397 I/wm_focused_root_task( 1496): [0,0,1,31,finish-top adjustFocusToNextFocusableTask]
09-22 22:38:48.398 I/wm_set_resumed_activity( 1496): [0,com.android.launcher3/.uioverrides.QuickstepLauncher,finish-top adjustFocusToNextFocusableTask]
09-22 22:38:48.400 I/wm_pause_activity( 1496): [0,100516248,com.android.deskclock/android.service.dreams.DreamActivity,userLeaving=false,finish]
09-22 22:38:48.405 I/wm_on_top_resumed_lost_called( 4256): [100516248,android.service.dreams.DreamActivity,topStateChangedWhenResumed]
09-22 22:38:48.406 I/sysui_multi_action( 1496): [757,803,799,window_time_0,802,194]
09-22 22:38:48.406 I/wm_on_paused_called( 4256): [100516248,android.service.dreams.DreamActivity,performPause]
09-22 22:38:48.407 I/wm_add_to_stopping( 1496): [0,100516248,com.android.deskclock/android.service.dreams.DreamActivity,completeFinishing]
09-22 22:38:48.409 I/wm_set_resumed_activity( 1496): [0,com.android.launcher3/.uioverrides.QuickstepLauncher,resumeTopActivityInnerLocked]
09-22 22:38:48.410 I/wm_resume_activity( 1496): [0,261001500,19,com.android.launcher3/.uioverrides.QuickstepLauncher]
09-22 22:38:48.420 I/view_enqueue_input_event( 4256): [Motion - Cancel,com.android.deskclock/android.service.dreams.DreamActivity]
09-22 22:38:48.421 I/input_focus( 1496): [Focus leaving 8d95f44 com.android.deskclock/android.service.dreams.DreamActivity (server),reason=NO_WINDOW]
09-22 22:38:48.424 I/wm_on_restart_called( 2390): [261001500,com.android.launcher3.uioverrides.QuickstepLauncher,performRestartActivity]
09-22 22:38:48.424 I/sysui_multi_action( 1496): [757,803,799,window_time_0,802,0]
09-22 22:38:48.424 I/wm_on_start_called( 2390): [261001500,com.android.launcher3.uioverrides.QuickstepLauncher,handleStartActivity]
09-22 22:38:48.425 I/wm_on_resume_called( 2390): [261001500,com.android.launcher3.uioverrides.QuickstepLauncher,RESUME_ACTIVITY]
09-22 22:38:48.425 I/wm_on_top_resumed_gained_called( 2390): [261001500,com.android.launcher3.uioverrides.QuickstepLauncher,topWhenResuming]
09-22 22:38:48.425 I/am_uid_running( 1496): 10068
09-22 22:38:48.428 I/input_interaction( 1496): Interaction with: edge-swipe (server), swipe-up (server), PointerEventDispatcher0 (server),
09-22 22:38:48.433 I/am_pss ( 1496): [2330,10088,com.qualcomm.qti.qccauthmgr,7332864,4333568,0,96317440,0,19,5]
09-22 22:38:48.435 I/input_focus( 1496): [Focus request cdcb676 com.android.launcher3/com.android.launcher3.uioverrides.QuickstepLauncher,reason=UpdateInputWindows]
09-22 22:38:48.441 I/am_proc_start( 1496): [0,4548,10068,com.android.calendar,NULL,]
09-22 22:38:48.463 I/input_focus( 1496): [Focus entering cdcb676 com.android.launcher3/com.android.launcher3.uioverrides.QuickstepLauncher (server),reason=setFocusedWindow]
09-22 22:38:48.475 I/am_proc_bound( 1496): [0,4548,com.android.calendar]
09-22 22:38:48.704 I/wm_destroy_activity( 1496): [0,100516248,31,com.android.deskclock/android.service.dreams.DreamActivity,finish-imm:idle]
09-22 22:38:48.721 I/wm_on_stop_called( 4256): [100516248,android.service.dreams.DreamActivity,LIFECYCLER_STOP_ACTIVITY]
09-22 22:38:48.721 I/wm_on_destroy_called( 4256): [100516248,android.service.dreams.DreamActivity,performDestroy]
09-22 22:38:48.725 I/sysui_multi_action( 1496): [757,222,758,2]
09-22 22:38:48.725 I/sysui_multi_action( 1496): [757,804,799,dreaming_minutes,801,3,802,1]
09-22 22:38:48.737 I/wm_task_removed( 1496): [31,removeChild:removeChild last r=ActivityRecord{5fdc198 u0 com.android.deskclock/android.service.dreams.DreamActivity t-1 f}} in t=Task{ec8c69d #31 type=dream A=10066:android:com.android.deskclock/dream U=0 visible=false mode=fullscreen translucent=true sz=0}]
09-22 22:38:48.737 I/wm_task_removed( 1496): [31,removeChild]
09-22 22:38:51.892 I/am_freeze( 1496): [2330,com.qualcomm.qti.qccauthmgr]
09-22 22:38:51.895 I/am_kill ( 1496): [0,2330,com.qualcomm.qti.qccauthmgr,925,Unable to freeze binder interface]
09-22 22:38:51.923 I/am_proc_died( 1496): [0,2330,com.qualcomm.qti.qccauthmgr,925,19]
09-22 22:38:51.924 I/am_uid_stopped( 1496): 10088 --------- beginning of main
09-22 22:39:32.260 I/mpu_uart( 653): [MSG-P:R]:recv sync frame timeout
09-22 22:39:32.320 I/hwservicemanager( 515): getTransport: Cannot find entry android.hardware.light@2.0::ILight/default in either framework or device VINTF manifest.
09-22 22:39:32.322 E/light ( 4591): light_open lights keyboard failed: -22
09-22 22:39:32.322 E/light ( 4591): Light passthrough failed to load legacy HAL.
09-22 22:39:32.322 E/light ( 4591): light_open lights buttons failed: -22
09-22 22:39:32.322 E/light ( 4591): Light passthrough failed to load legacy HAL.
09-22 22:39:32.324 E/light ( 4591): light_open lights bluetooth failed: -22
09-22 22:39:32.324 E/light ( 4591): Light passthrough failed to load legacy HAL.
09-22 22:39:32.324 E/light ( 4591): light_open lights wifi failed: -22
09-22 22:39:32.324 E/light ( 4591): Light passthrough failed to load legacy HAL.
09-22 22:39:32.324 I/hwservicemanager( 515): getTransport: Cannot find entry android.hardware.light@2.0::ILight/default in either framework or device VINTF manifest.
09-22 22:39:32.324 E/HidlServiceManagement( 4591): Service android.hardware.light@2.0::ILight/default must be in VINTF manifest in order to register/get.
09-22 22:39:32.324 E/LegacySupport( 4591): Could not register service android.hardware.light@2.0::ILight/default (-2147483648).
09-22 22:39:32.758 I/mpu_uart( 653): [MSG-P:RECV]:No message received in 1000 ms --------- beginning of crash
09-22 22:39:33.243 F/linker ( 4592): CANNOT LINK EXECUTABLE "/vendor/bin/hw/qvrservice": library "vendor.qti.hardware.qxr-V1-ndk_platform.so" not found: needed by /vendor/lib64/libqvrservice.so in namespace (default)
09-22 22:39:33.243 F/linker ( 4593): CANNOT LINK EXECUTABLE "/vendor/bin/hw/sxrservice": library "vendor.qti.hardware.qxr-V1-ndk_platform.so" not found: needed by main executable
09-22 22:39:33.758 I/mpu_uart( 653): [MSG-P:RECV]:No message received in 1000 ms
09-22 22:39:34.758 I/mpu_uart( 653): [MSG-P:RECV]:No message received in 1000 ms
09-22 22:39:35.262 I/mpu_uart( 653): [MSG-P:R]:recv sync frame timeout
09-22 22:39:35.759 I/mpu_uart( 653): [MSG-P:RECV]:No message received in 1000 ms
09-22 22:39:36.759 I/mpu_uart( 653): [MSG-P:RECV]:No message received in 1000 ms
09-22 22:39:37.325 I/hwservicemanager( 515): getTransport: Cannot find entry android.hardware.light@2.0::ILight/default in either framework or device VINTF manifest.
09-22 22:39:37.327 E/light ( 4594): light_open lights keyboard failed: -22
09-22 22:39:37.327 E/light ( 4594): Light passthrough failed to load legacy HAL.
09-22 22:39:37.327 E/light ( 4594): light_open lights buttons failed: -22
09-22 22:39:37.327 E/light ( 4594): Light passthrough failed to load legacy HAL.
09-22 22:39:37.329 E/light ( 4594): light_open lights bluetooth failed: -22
09-22 22:39:37.329 E/light ( 4594): Light passthrough failed to load legacy HAL.
09-22 22:39:37.329 E/light ( 4594): light_open lights wifi failed: -22
09-22 22:39:37.329 E/light ( 4594): Light passthrough failed to load legacy HAL.
09-22 22:39:37.330 I/hwservicemanager( 515): getTransport: Cannot find entry android.hardware.light@2.0::ILight/default in either framework or device VINTF manifest.
09-22 22:39:37.330 E/HidlServiceManagement( 4594): Service android.hardware.light@2.0::ILight/default must be in VINTF manifest in order to register/get.
09-22 22:39:37.330 E/LegacySupport( 4594): Could not register service android.hardware.light@2.0::ILight/default (-2147483648).
09-22 22:39:37.759 I/mpu_uart( 653): [MSG-P:RECV]:No message received in 1000 ms
09-22 22:39:38.250 F/linker ( 4596): CANNOT LINK EXECUTABLE "/vendor/bin/hw/sxrservice": library "vendor.qti.hardware.qxr-V1-ndk_platform.so" not found: needed by main executable
09-22 22:39:38.251 F/linker ( 4595): CANNOT LINK EXECUTABLE "/vendor/bin/hw/qvrservice": library "vendor.qti.hardware.qxr-V1-ndk_platform.so" not found: needed by /vendor/lib64/libqvrservice.so in namespace (default)
09-22 22:39:38.266 I/mpu_uart( 653): [MSG-P:R]:recv sync frame timeout
09-22 22:39:38.759 I/mpu_uart( 653): [MSG-P:RECV]:No message received in 1000 ms
09-22 22:39:39.760 I/mpu_uart( 653): [MSG-P:RECV]:No message received in 1000 ms
09-22 22:39:40.760 I/mpu_uart( 653): [MSG-P:RECV]:No message received in 1000 ms
09-22 22:39:41.269 I/mpu_uart( 653): [MSG-P:R]:recv sync frame timeout --------- beginning of system
09-22 22:39:41.541 V/DisplayPowerController[0]( 1496): Brightness [0.05] reason changing to: 'manual [ dim ]', previous reason: 'manual'.
09-22 22:39:41.542 I/sysui_multi_action( 1496): [757,1696,758,6,759,2]
09-22 22:39:41.542 W/PowerManagerService( 1496): Screen on took 53094 ms
09-22 22:39:41.555 E/DisplayDeviceConfig( 1496): requesting nits when no mapping exists.
09-22 22:39:41.556 E/DisplayDeviceConfig( 1496): requesting nits when no mapping exists.
09-22 22:39:41.556 I/am_wtf ( 1496): [0,1496,system_server,-1,DisplayDeviceConfig,requesting nits when no mapping exists.]
09-22 22:39:41.558 I/DropBoxManagerService( 1496): add tag=system_server_wtf isTagEnabled=true flags=0x2
09-22 22:39:41.561 I/am_wtf ( 1496): [0,1496,system_server,-1,DisplayDeviceConfig,requesting nits when no mapping exists.]
09-22 22:39:41.562 I/DropBoxManagerService( 1496): add tag=system_server_wtf isTagEnabled=true flags=0x2
09-22 22:39:41.573 E/DisplayDeviceConfig( 1496): requesting nits when no mapping exists.
09-22 22:39:41.573 E/DisplayDeviceConfig( 1496): requesting nits when no mapping exists.
09-22 22:39:41.574 I/am_wtf ( 1496): [0,1496,system_server,-1,DisplayDeviceConfig,requesting nits when no mapping exists.]
09-22 22:39:41.575 I/DropBoxManagerService( 1496): add tag=system_server_wtf isTagEnabled=true flags=0x2
09-22 22:39:41.576 I/am_wtf ( 1496): [0,1496,system_server,-1,DisplayDeviceConfig,requesting nits when no mapping exists.]
09-22 22:39:41.577 I/DropBoxManagerService( 1496): add tag=system_server_wtf isTagEnabled=true flags=0x2
09-22 22:39:41.589 E/DisplayDeviceConfig( 1496): requesting nits when no mapping exists.
09-22 22:39:41.589 E/DisplayDeviceConfig( 1496): requesting nits when no mapping exists.
09-22 22:39:41.589 I/am_wtf ( 1496): [0,1496,system_server,-1,DisplayDeviceConfig,requesting nits when no mapping exists.]
09-22 22:39:41.590 I/DropBoxManagerService( 1496): add tag=system_server_wtf isTagEnabled=true flags=0x2
09-22 22:39:41.591 I/am_wtf ( 1496): [0,1496,system_server,-1,DisplayDeviceConfig,requesting nits when no mapping exists.]
