09-22 22:26:44.416 I/am_wtf ( 1496): [0,1496,system_server,-1,LazyAlarmStore,Removed TIME_TICK alarm]
09-22 22:26:44.420 I/configuration_changed( 1496): 512
09-22 22:26:44.456 I/commit_sys_config_file( 1496): [package-session,0]
09-22 22:26:44.463 I/auditd ( 1496): type=1400 audit(0.0:201): avc: denied { read } for comm="android.display" name="u:object_r:vendor_wfd_sys_debug_prop:s0" dev="tmpfs" ino=14734 scontext=u:r:system_server:s0 tcontext=u:object_r:vendor_wfd_sys_debug_prop:s0 tclass=file permissive=0
09-22 22:26:44.463 I/auditd ( 1496): type=1400 audit(0.0:202): avc: denied { read } for comm="android.display" name="u:object_r:vendor_wfd_sys_debug_prop:s0" dev="tmpfs" ino=14734 scontext=u:r:system_server:s0 tcontext=u:object_r:vendor_wfd_sys_debug_prop:s0 tclass=file permissive=0
09-22 22:26:44.479 I/boot_progress_ams_ready( 1496): 11584
09-22 22:26:44.481 I/configuration_changed( 1496): 268435456
09-22 22:26:44.497 I/am_uid_running( 1496): 1002
09-22 22:26:44.525 I/am_proc_start( 1496): [0,1810,1002,com.android.bluetooth,service,{com.android.bluetooth/com.android.bluetooth.btservice.AdapterService}]
09-22 22:26:44.519 I/auditd ( 964): type=1400 audit(0.0:203): avc: denied { read write } for comm="sensors.qti" name="diag" dev="tmpfs" ino=11526 scontext=u:r:vendor_sensors_qti:s0 tcontext=u:object_r:vendor_diag_device:s0 tclass=chr_file permissive=0
09-22 22:26:44.526 I/am_uid_running( 1496): 10081
09-22 22:26:44.529 I/commit_sys_config_file( 1496): [notification-policy,1]
09-22 22:26:44.531 I/am_proc_start( 1496): [0,1811,10081,com.android.systemui,service,{com.android.systemui/com.android.systemui.ImageWallpaper}]
09-22 22:26:44.545 I/am_proc_bound( 1496): [0,1810,com.android.bluetooth]
09-22 22:26:44.550 I/am_uid_active( 1496): 1002
09-22 22:26:44.550 I/am_proc_bound( 1496): [0,1811,com.android.systemui]
09-22 22:26:44.552 I/am_uid_active( 1496): 10081
09-22 22:26:44.554 I/am_uid_running( 1496): 1037
09-22 22:26:44.560 I/commit_sys_config_file( 1496): [net-policy,1]
09-22 22:26:44.565 D/TelephonyRegistry( 1496): listen oscl: mHasNotifySubscriptionInfoChangedOccurred==false no callback
09-22 22:26:44.576 D/TelephonyRegistry( 1496): listen oscl: mHasNotifySubscriptionInfoChangedOccurred==false no callback
09-22 22:26:44.578 D/TelephonyRegistry( 1496): listen oscl: mHasNotifySubscriptionInfoChangedOccurred==false no callback
09-22 22:26:44.595 D/TelephonyRegistry( 1496): listen oscl: mHasNotifySubscriptionInfoChangedOccurred==false no callback
09-22 22:26:44.602 W/CarrierConfigManager( 1496): Error getting config for subId -1 ICarrierConfigLoader is null
09-22 22:26:44.611 I/am_uid_running( 1496): 1073
09-22 22:26:44.615 I/configuration_changed( 1496): 16384
09-22 22:26:44.618 D/TelephonyRegistry( 1496): systemRunning register for intents
09-22 22:26:44.618 I/netstats_mobile_sample( 1496): [0,0,0,0,0,0,0,0,0,0,0,0,1663856804618]
09-22 22:26:44.618 I/netstats_wifi_sample( 1496): [0,0,0,0,0,0,0,0,0,0,0,0,1663856804618]
09-22 22:26:44.619 I/ssm_user_starting( 1496): 0
09-22 22:26:44.625 I/netstats_mobile_sample( 1496): [0,0,0,0,0,0,0,0,0,0,0,0,1663856804625]
09-22 22:26:44.625 I/netstats_wifi_sample( 1496): [0,0,0,0,0,0,0,0,0,0,0,0,1663856804625]
09-22 22:26:44.628 I/am_proc_start( 1496): [0,1876,1037,WebViewLoader-armeabi-v7a,NULL,]
09-22 22:26:44.632 I/netstats_mobile_sample( 1496): [0,0,0,0,0,0,0,0,0,0,0,0,1663856804632]
09-22 22:26:44.632 I/netstats_wifi_sample( 1496): [0,0,0,0,0,0,0,0,0,0,0,0,1663856804632]
09-22 22:26:44.632 I/am_proc_start( 1496): [0,1879,1037,WebViewLoader-arm64-v8a,NULL,]
09-22 22:26:44.634 I/am_uid_running( 1496): 1001
09-22 22:26:44.635 I/am_uid_running( 1496): 10050
09-22 22:26:44.636 I/am_uid_running( 1496): 10084
09-22 22:26:44.637 I/am_uid_running( 1496): 1068
09-22 22:26:44.638 I/am_uid_running( 1496): 10061
09-22 22:26:44.639 I/netstats_mobile_sample( 1496): [0,0,0,0,0,0,0,0,0,0,0,0,1663856804639]
09-22 22:26:44.639 I/netstats_wifi_sample( 1496): [0,0,0,0,0,0,0,0,0,0,0,0,1663856804639]
09-22 22:26:44.649 I/netstats_mobile_sample( 1496): [0,0,0,0,0,0,0,0,0,0,0,0,1663856804648]
09-22 22:26:44.649 I/netstats_wifi_sample( 1496): [0,0,0,0,0,0,0,0,0,0,0,0,1663856804648]
09-22 22:26:44.652 I/wm_task_created( 1496): [2,-1]
09-22 22:26:44.652 I/wm_task_moved( 1496): [2,1,2147483647]
09-22 22:26:44.653 I/netstats_mobile_sample( 1496): [0,0,0,0,0,0,0,0,0,0,0,0,1663856804653]
09-22 22:26:44.653 I/netstats_wifi_sample( 1496): [0,0,0,0,0,0,0,0,0,0,0,0,1663856804653]
09-22 22:26:44.654 I/wm_task_moved( 1496): [1,1,0]
09-22 22:26:44.654 I/wm_create_task( 1496): [0,2]
09-22 22:26:44.654 I/wm_create_activity( 1496): [0,17161421,2,com.android.settings/.FallbackHome,android.intent.action.MAIN,NULL,NULL,276824320]
09-22 22:26:44.654 I/wm_task_moved( 1496): [1,1,0]
09-22 22:26:44.654 I/wm_task_moved( 1496): [2,1,2147483647]
09-22 22:26:44.654 I/wm_task_to_front( 1496): [0,2]
09-22 22:26:44.656 I/netstats_mobile_sample( 1496): [0,0,0,0,0,0,0,0,0,0,0,0,1663856804656]
09-22 22:26:44.656 I/netstats_wifi_sample( 1496): [0,0,0,0,0,0,0,0,0,0,0,0,1663856804656]
09-22 22:26:44.660 I/netstats_mobile_sample( 1496): [0,0,0,0,0,0,0,0,0,0,0,0,1663856804660]
09-22 22:26:44.660 I/netstats_wifi_sample( 1496): [0,0,0,0,0,0,0,0,0,0,0,0,1663856804660]
09-22 22:26:44.667 I/netstats_mobile_sample( 1496): [0,0,0,0,0,0,0,0,0,0,0,0,1663856804667]
09-22 22:26:44.668 I/netstats_wifi_sample( 1496): [0,0,0,0,0,0,0,0,0,0,0,0,1663856804667]
09-22 22:26:44.673 I/netstats_mobile_sample( 1496): [0,0,0,0,0,0,0,0,0,0,0,0,1663856804673]
09-22 22:26:44.673 I/netstats_wifi_sample( 1496): [0,0,0,0,0,0,0,0,0,0,0,0,1663856804673]
09-22 22:26:44.676 I/netstats_mobile_sample( 1496): [0,0,0,0,0,0,0,0,0,0,0,0,1663856804676]
09-22 22:26:44.676 I/netstats_wifi_sample( 1496): [0,0,0,0,0,0,0,0,0,0,0,0,1663856804676]
09-22 22:26:44.677 I/netstats_mobile_sample( 1496): [0,0,0,0,0,0,0,0,0,0,0,0,1663856804677]
09-22 22:26:44.677 I/netstats_wifi_sample( 1496): [0,0,0,0,0,0,0,0,0,0,0,0,1663856804677]
09-22 22:26:44.679 I/netstats_mobile_sample( 1496): [0,0,0,0,0,0,0,0,0,0,0,0,1663856804679]
09-22 22:26:44.679 I/netstats_wifi_sample( 1496): [0,0,0,0,0,0,0,0,0,0,0,0,1663856804679]
09-22 22:26:44.680 I/netstats_mobile_sample( 1496): [0,0,0,0,0,0,0,0,0,0,0,0,1663856804680]
09-22 22:26:44.680 I/netstats_wifi_sample( 1496): [0,0,0,0,0,0,0,0,0,0,0,0,1663856804680]
09-22 22:26:44.682 I/netstats_mobile_sample( 1496): [0,0,0,0,0,0,0,0,0,0,0,0,1663856804682]
09-22 22:26:44.682 I/netstats_wifi_sample( 1496): [0,0,0,0,0,0,0,0,0,0,0,0,1663856804682]
09-22 22:26:44.682 D/TelephonyRegistry( 1496): listen oscl: mHasNotifySubscriptionInfoChangedOccurred==false no callback
09-22 22:26:44.686 I/uc_send_user_broadcast( 1496): [0,android.intent.action.USER_FOREGROUND]
09-22 22:26:44.686 I/uc_send_user_broadcast( 1496): [0,android.intent.action.USER_SWITCHED]
09-22 22:26:44.687 I/am_proc_start( 1496): [0,1883,1073,com.android.networkstack.process,service,{com.android.networkstack/com.android.server.NetworkStackService}]
09-22 22:26:44.690 I/am_proc_bound( 1496): [0,1876,WebViewLoader-armeabi-v7a]
09-22 22:26:44.697 I/am_uid_active( 1496): 1037
09-22 22:26:44.698 I/am_proc_bound( 1496): [0,1883,com.android.networkstack.process]
09-22 22:26:44.699 I/am_uid_active( 1496): 1073
09-22 22:26:44.701 I/am_proc_bound( 1496): [0,1879,WebViewLoader-arm64-v8a]
09-22 22:26:44.707 I/am_proc_start( 1496): [0,1944,1000,com.thundercomm.microservice,added application,com.thundercomm.microservice]
09-22 22:26:44.715 I/am_proc_start( 1496): [0,1951,1000,com.thundercomm.microsettings,added application,com.thundercomm.microsettings]
09-22 22:26:44.720 I/notification_cancel_all( 1496): [1000,1496,android,0,0,0,20,NULL]
09-22 22:26:44.721 I/am_uid_running( 1496): 10094
09-22 22:26:44.724 I/wm_task_created( 1496): [3,-1]
09-22 22:26:44.719 I/auditd ( 964): type=1400 audit(0.0:204): avc: denied { read write } for comm="sensors.qti" name="diag" dev="tmpfs" ino=11526 scontext=u:r:vendor_sensors_qti:s0 tcontext=u:object_r:vendor_diag_device:s0 tclass=chr_file permissive=0
09-22 22:26:44.726 I/wm_task_created( 1496): [4,-1]
09-22 22:26:44.733 I/am_proc_start( 1496): [0,1973,1001,.dataservices,added application,.dataservices]
09-22 22:26:44.736 I/am_proc_bound( 1496): [0,1944,com.thundercomm.microservice]
09-22 22:26:44.743 I/am_proc_start( 1496): [0,1976,10050,.qtidataservices,added application,.qtidataservices]
09-22 22:26:44.778 I/bt_config_source( 1810): 1
09-22 22:26:44.779 I/bt_config_source( 1810): 3
09-22 22:26:44.786 I/am_proc_bound( 1496): [0,1951,com.thundercomm.microsettings]
09-22 22:26:44.789 I/am_proc_start( 1496): [0,2020,1000,vendor.qti.qesdk.sysservice,added application,vendor.qti.qesdk.sysservice]
09-22 22:26:44.796 I/am_proc_bound( 1496): [0,1973,.dataservices]
09-22 22:26:44.805 I/am_uid_active( 1496): 1001
09-22 22:26:44.807 I/commit_sys_config_file( 1496): [settings-0-0,25]
09-22 22:26:44.809 I/am_proc_bound( 1496): [0,1976,.qtidataservices]
09-22 22:26:44.814 I/am_uid_active( 1496): 10050
09-22 22:26:44.816 I/am_proc_bound( 1496): [0,2020,vendor.qti.qesdk.sysservice]
09-22 22:26:44.820 I/am_proc_start( 1496): [0,2051,10084,com.qti.qualcomm.mstatssystemservice,added application,com.qti.qualcomm.mstatssystemservice]
09-22 22:26:44.830 I/wm_task_created( 1496): [5,-1]
09-22 22:26:44.834 I/wm_task_created( 1496): [6,-1]
09-22 22:26:44.840 I/wm_task_created( 1496): [7,-1]
09-22 22:26:44.864 I/am_proc_died( 1496): [0,1876,WebViewLoader-armeabi-v7a,-700,0]
09-22 22:26:44.868 I/am_low_memory( 1496): 10
09-22 22:26:44.872 I/am_proc_start( 1496): [0,2114,1068,com.android.se,added application,com.android.se]
09-22 22:26:44.872 I/am_proc_bound( 1496): [0,2051,com.qti.qualcomm.mstatssystemservice]
09-22 22:26:44.874 I/am_uid_active( 1496): 10084
09-22 22:26:44.876 I/am_proc_died( 1496): [0,1879,WebViewLoader-arm64-v8a,-700,0]
09-22 22:26:44.877 I/am_uid_stopped( 1496): 1037
09-22 22:26:44.878 I/am_low_memory( 1496): 10
09-22 22:26:44.894 I/am_proc_start( 1496): [0,2130,1000,com.thundercomm.remotecontrolservice,added application,com.thundercomm.remotecontrolservice]
09-22 22:26:44.907 I/am_proc_start( 1496): [0,2142,10061,com.qualcomm.qti.devicestatisticsservice,added application,com.qualcomm.qti.devicestatisticsservice]
09-22 22:26:44.918 I/am_proc_bound( 1496): [0,2114,com.android.se]
09-22 22:26:44.925 I/am_uid_active( 1496): 1068
09-22 22:26:44.923 I/auditd ( 964): type=1400 audit(0.0:205): avc: denied { read write } for comm="sensors.qti" name="diag" dev="tmpfs" ino=11526 scontext=u:r:vendor_sensors_qti:s0 tcontext=u:object_r:vendor_diag_device:s0 tclass=chr_file permissive=0
09-22 22:26:44.929 I/am_proc_start( 1496): [0,2157,1000,com.qualcomm.qti.qdma,added application,com.qualcomm.qti.qdma]
09-22 22:26:44.946 I/am_proc_bound( 1496): [0,2130,com.thundercomm.remotecontrolservice]
09-22 22:26:44.952 I/am_proc_start( 1496): [0,2197,1000,com.android.settings,top-activity,{com.android.settings/com.android.settings.FallbackHome}]
09-22 22:26:44.958 I/am_proc_bound( 1496): [0,2157,com.qualcomm.qti.qdma]
09-22 22:26:44.963 I/am_proc_start( 1496): [0,2207,10094,android.ext.services,service,{android.ext.services/android.ext.services.autofill.InlineSuggestionRenderServiceImpl}]
09-22 22:26:44.970 I/am_proc_bound( 1496): [0,2142,com.qualcomm.qti.devicestatisticsservice]
09-22 22:26:44.972 I/am_uid_active( 1496): 10061
09-22 22:26:44.999 I/am_proc_bound( 1496): [0,2207,android.ext.services]
09-22 22:26:45.001 I/am_uid_active( 1496): 10094
09-22 22:26:45.004 I/am_proc_bound( 1496): [0,2197,com.android.settings]
09-22 22:26:45.016 I/wm_restart_activity( 1496): [0,17161421,2,com.android.settings/.FallbackHome]
09-22 22:26:45.017 I/wm_set_resumed_activity( 1496): [0,com.android.settings/.FallbackHome,minimalResumeActivityLocked]
09-22 22:26:45.080 D/TelephonyRegistry( 1496): listen oscl: mHasNotifySubscriptionInfoChangedOccurred==false no callback
09-22 22:26:45.096 I/wm_on_create_called( 2197): [17161421,com.android.settings.FallbackHome,performCreate]
09-22 22:26:45.096 I/wm_on_start_called( 2197): [17161421,com.android.settings.FallbackHome,handleStartActivity]
09-22 22:26:45.097 D/TelephonyRegistry( 1496): listen oscl: mHasNotifySubscriptionInfoChangedOccurred==false no callback
09-22 22:26:45.097 I/wm_on_resume_called( 2197): [17161421,com.android.settings.FallbackHome,RESUME_ACTIVITY]
09-22 22:26:45.102 I/wm_on_top_resumed_gained_called( 2197): [17161421,com.android.settings.FallbackHome,topStateChangedWhenResumed]
09-22 22:26:45.107 D/TelephonyRegistry( 1496): notifyCellLocationForSubscriber: subId=2147483647 cellIdentity=null
09-22 22:26:45.108 I/notification_enqueue( 1496): [1000,1496,android,32,NULL,-1,Notification(channel=USB shortcut=null contentView=null vibrate=null sound=null tick defaults=0x0 flags=0x2 color=0x00000000 vis=PUBLIC),0]
09-22 22:26:45.111 I/input_focus( 1496): [Focus request 1deed4c com.android.settings/com.android.settings.FallbackHome,reason=UpdateInputWindows]
09-22 22:26:45.123 I/auditd ( 964): type=1400 audit(0.0:206): avc: denied { read write } for comm="sensors.qti" name="diag" dev="tmpfs" ino=11526 scontext=u:r:vendor_sensors_qti:s0 tcontext=u:object_r:vendor_diag_device:s0 tclass=chr_file permissive=0
09-22 22:26:45.139 I/am_uid_running( 1496): 10088
09-22 22:26:45.147 I/boot_progress_enable_screen( 1496): 12252
09-22 22:26:45.149 I/screen_toggled( 1496): 1
09-22 22:26:45.153 I/am_proc_start( 1496): [0,2330,10088,com.qualcomm.qti.qccauthmgr,content provider,{com.qualcomm.qti.qccauthmgr/com.qualcomm.qti.qccauthmgr.providers.SMQContentProvider}]
09-22 22:26:45.169 I/notification_enqueue( 1496): [10081,1811,com.android.systemui,1,empty_media,0,Notification(channel=empty_media_style_id shortcut=null contentView=null vibrate=null sound=null defaults=0x0 flags=0x20 color=0x00000000 category=transport actions=3 vis=PRIVATE),0]
09-22 22:26:45.187 I/am_proc_bound( 1496): [0,2330,com.qualcomm.qti.qccauthmgr]
09-22 22:26:45.189 I/am_uid_active( 1496): 10088
09-22 22:26:45.191 I/notification_cancel_all( 1496): [1000,1496,com.android.systemui,0,0,0,20,NULL]
09-22 22:26:45.226 I/am_uid_running( 1496): 10076
09-22 22:26:45.234 I/am_proc_start( 1496): [0,2390,10076,com.android.launcher3,service,{com.android.launcher3/com.android.quickstep.TouchInteractionService}]
09-22 22:26:45.254 I/am_proc_bound( 1496): [0,2390,com.android.launcher3]
09-22 22:26:45.255 I/am_uid_active( 1496): 10076
09-22 22:26:45.281 I/sysui_multi_action( 1811): [757,213,758,4,759,-1]
09-22 22:26:45.304 W/CarrierConfigManager( 1811): Error getting config for subId -1 ICarrierConfigLoader is null
09-22 22:26:45.309 D/TelephonyRegistry( 1496): listen oscl: mHasNotifySubscriptionInfoChangedOccurred==false no callback
09-22 22:26:45.309 I/sysui_multi_action( 1496): [757,1501,758,1,793,248,794,0,795,248,796,32,806,android,857,USB,858,1,947,0,1500,0]
09-22 22:26:45.310 I/sysui_multi_action( 1496): [757,804,799,note_interruptive,801,0,802,1]
09-22 22:26:45.323 I/auditd ( 964): type=1400 audit(0.0:207): avc: denied { read write } for comm="sensors.qti" name="diag" dev="tmpfs" ino=11526 scontext=u:r:vendor_sensors_qti:s0 tcontext=u:object_r:vendor_diag_device:s0 tclass=chr_file permissive=0
09-22 22:26:45.370 I/sysui_multi_action( 1496): [757,1501,758,1,793,201,794,0,795,201,796,1,797,empty_media,806,com.android.systemui,857,empty_media_style_id,858,4,947,0,1500,0,1641,transport,1688,1,1745,1043716538]
09-22 22:26:45.370 I/sysui_multi_action( 1496): [757,804,799,note_interruptive,801,0,802,1]
09-22 22:26:45.523 I/auditd ( 964): type=1400 audit(0.0:208): avc: denied { read write } for comm="sensors.qti" name="diag" dev="tmpfs" ino=11526 scontext=u:r:vendor_sensors_qti:s0 tcontext=u:object_r:vendor_diag_device:s0 tclass=chr_file permissive=0
09-22 22:26:45.723 I/auditd ( 964): type=1400 audit(0.0:209): avc: denied { read write } for comm="sensors.qti" name="diag" dev="tmpfs" ino=11526 scontext=u:r:vendor_sensors_qti:s0 tcontext=u:object_r:vendor_diag_device:s0 tclass=chr_file permissive=0
09-22 22:26:45.853 I/sysui_multi_action( 1811): [757,111,758,1]
09-22 22:26:45.853 I/sysui_multi_action( 1811): [757,126,758,1,759,126,927,0,928,0,1593,0]
09-22 22:26:45.853 I/sysui_multi_action( 1811): [757,113,758,1,759,113,927,1,928,0,1593,0]
09-22 22:26:45.853 I/sysui_multi_action( 1811): [757,0,758,1,759,0,927,2,928,0,1593,0]
09-22 22:26:45.853 I/sysui_multi_action( 1811): [757,0,758,1,759,0,927,3,928,0,1593,0]
09-22 22:26:45.853 I/sysui_multi_action( 1811): [757,1706,758,1,759,1706,927,4,928,0,1593,0]
09-22 22:26:45.854 I/sysui_multi_action( 1811): [757,491,758,1,759,491,927,5,928,0,1311,-1,1593,0]
09-22 22:26:45.854 I/sysui_multi_action( 1811): [757,0,758,1,759,0,927,6,928,0,1593,0]
09-22 22:26:45.854 I/sysui_multi_action( 1811): [757,111,758,1]
09-22 22:26:45.854 I/sysui_multi_action( 1811): [757,126,758,1,759,126,927,0,928,0,1593,0]
09-22 22:26:45.854 I/sysui_multi_action( 1811): [757,113,758,1,759,113,927,1,928,0,1593,0]
09-22 22:26:45.854 I/sysui_multi_action( 1811): [757,0,758,1,759,0,927,2,928,0,1593,0]
09-22 22:26:45.854 I/sysui_multi_action( 1811): [757,0,758,1,759,0,927,3,928,0,1593,0]
09-22 22:26:45.870 I/sf_stop_bootanim( 961): 12975
09-22 22:26:45.871 I/wm_boot_animation_done( 1496): 12976
09-22 22:26:45.876 I/input_focus( 1496): [Focus entering 1deed4c com.android.settings/com.android.settings.FallbackHome (server),reason=setFocusedWindow]
09-22 22:26:45.878 I/am_uid_running( 1496): 10069
09-22 22:26:45.888 I/am_proc_start( 1496): [0,2504,10069,com.android.inputmethod.latin,service,{com.android.inputmethod.latin/com.android.inputmethod.latin.LatinIME}]
09-22 22:26:45.897 I/uc_finish_user_boot( 1496): 0
09-22 22:26:45.897 I/am_user_state_changed( 1496): [0,1]
09-22 22:26:45.898 I/uc_send_user_broadcast( 1496): [0,android.intent.action.LOCKED_BOOT_COMPLETED]
09-22 22:26:45.915 I/auditd ( 2527): type=1400 audit(0.0:210): avc: denied { ptrace } for comm="crash_dump64" scontext=u:r:crash_dump:s0 tcontext=u:r:init:s0 tclass=process permissive=0
09-22 22:26:45.923 I/auditd ( 964): type=1400 audit(0.0:211): avc: denied { read write } for comm="sensors.qti" name="diag" dev="tmpfs" ino=11526 scontext=u:r:vendor_sensors_qti:s0 tcontext=u:object_r:vendor_diag_device:s0 tclass=chr_file permissive=0
09-22 22:26:46.025 I/uc_finish_user_unlocking( 1496): 0
09-22 22:26:46.029 I/am_uid_running( 1496): 10066
09-22 22:26:46.031 I/am_proc_bound( 1496): [0,2504,com.android.inputmethod.latin]
09-22 22:26:46.035 I/am_uid_active( 1496): 10069
09-22 22:26:46.038 I/am_proc_start( 1496): [0,2558,10066,com.android.deskclock,broadcast,{com.android.deskclock/com.android.deskclock.AlarmInitReceiver}]
09-22 22:26:46.063 I/am_proc_bound( 1496): [0,2558,com.android.deskclock]
09-22 22:26:46.067 I/am_uid_active( 1496): 10066
09-22 22:26:46.118 I/commit_sys_config_file( 1496): [input-subtypes,1]
09-22 22:26:46.144 I/notification_enqueue( 1496): [1000,1496,android,26,NULL,-1,Notification(channel=DEVELOPER_IMPORTANT shortcut=null contentView=null vibrate=null sound=null tick defaults=0x0 flags=0x2 color=0x00000000 vis=PUBLIC),0]
09-22 22:26:46.186 I/am_user_state_changed( 1496): [0,2]
09-22 22:26:46.186 I/ssm_user_unlocking( 1496): 0
09-22 22:26:46.203 I/auditd ( 830): type=1400 audit(0.0:212): avc: denied { read } for comm="Loc_hal_worker" name="u:object_r:vendor_pd_locater_dbg_prop:s0" dev="tmpfs" ino=14698 scontext=u:r:vendor_hal_gnss_qti:s0 tcontext=u:object_r:vendor_pd_locater_dbg_prop:s0 tclass=file permissive=0
09-22 22:26:46.207 I/am_uid_running( 1496): 10027
09-22 22:26:46.216 I/am_proc_start( 1496): [0,2628,10027,com.sohu.inputmethod.sogou.car,service,{com.sohu.inputmethod.sogou.car/com.sohu.inputmethod.sogou.car.CrossSogouIME}]
09-22 22:26:46.221 I/uc_finish_user_unlocked( 1496): 0
09-22 22:26:46.221 I/am_user_state_changed( 1496): [0,3]
09-22 22:26:46.280 I/wm_task_created( 1496): [9,-1]
09-22 22:26:46.281 I/wm_task_created( 1496): [13,-1]
09-22 22:26:46.282 I/wm_task_created( 1496): [14,-1]
09-22 22:26:46.282 I/wm_task_created( 1496): [16,-1]
09-22 22:26:46.284 I/wm_task_created( 1496): [18,-1]
09-22 22:26:46.284 I/am_uid_running( 1496): 10056
09-22 22:26:46.287 I/am_uid_running( 1496): 10053
09-22 22:26:46.288 I/am_uid_running( 1496): 10072
09-22 22:26:46.288 I/am_uid_running( 1496): 10086
09-22 22:26:46.289 I/am_uid_running( 1496): 10082
09-22 22:26:46.290 I/am_uid_running( 1496): 10073
09-22 22:26:46.300 I/uc_send_user_broadcast( 1496): [0,android.intent.action.USER_UNLOCKED]
09-22 22:26:46.301 I/uc_finish_user_unlocked_completed( 1496): 0
09-22 22:26:46.301 I/am_proc_bound( 1496): [0,2628,com.sohu.inputmethod.sogou.car]
09-22 22:26:46.304 I/am_uid_active( 1496): 10027
09-22 22:26:46.307 I/am_proc_start( 1496): [0,2661,10056,ts.car.uart,added application,ts.car.uart]
09-22 22:26:46.317 I/ssm_user_unlocked( 1496): 0
09-22 22:26:46.317 I/am_uid_running( 1496): 10093
09-22 22:26:46.318 I/wm_finish_activity( 1496): [0,17161421,2,com.android.settings/.FallbackHome,app-request]
09-22 22:26:46.319 I/wm_pause_activity( 1496): [0,17161421,com.android.settings/.FallbackHome,userLeaving=false,finish]
09-22 22:26:46.321 I/wm_on_top_resumed_lost_called( 2197): [17161421,com.android.settings.FallbackHome,topStateChangedWhenResumed]
09-22 22:26:46.321 I/sysui_multi_action( 1496): [757,1144,758,7,806,com.android.settings,871,com.android.settings.FallbackHome]
09-22 22:26:46.322 I/wm_on_paused_called( 2197): [17161421,com.android.settings.FallbackHome,performPause]
09-22 22:26:46.327 I/am_proc_bound( 1496): [0,2661,ts.car.uart]
09-22 22:26:46.336 I/wm_task_created( 1496): [19,-1]
09-22 22:26:46.338 I/wm_task_moved( 1496): [19,1,2147483647]
09-22 22:26:46.339 I/wm_task_moved( 1496): [1,1,5]
09-22 22:26:46.340 I/wm_create_task( 1496): [0,19]
09-22 22:26:46.340 I/wm_create_activity( 1496): [0,261001500,19,com.android.launcher3/.uioverrides.QuickstepLauncher,android.intent.action.MAIN,NULL,NULL,268435712]
09-22 22:26:46.340 I/wm_task_moved( 1496): [1,1,5]
09-22 22:26:46.340 I/wm_task_moved( 1496): [19,1,2147483647]
09-22 22:26:46.340 I/wm_task_to_front( 1496): [0,19]
09-22 22:26:46.344 I/wm_restart_activity( 1496): [0,261001500,19,com.android.launcher3/.uioverrides.QuickstepLauncher]
09-22 22:26:46.346 I/wm_set_resumed_activity( 1496): [0,com.android.launcher3/.uioverrides.QuickstepLauncher,minimalResumeActivityLocked]
09-22 22:26:46.355 I/am_uid_active( 1496): 10056
09-22 22:26:46.358 I/am_proc_start( 1496): [0,2684,10053,.pasr,added application,.pasr]
09-22 22:26:46.360 I/input_focus( 1496): [Focus leaving 1deed4c com.android.settings/com.android.settings.FallbackHome (server),reason=NO_WINDOW]
09-22 22:26:46.361 I/uc_send_user_broadcast( 1496): [0,android.intent.action.BOOT_COMPLETED]
09-22 22:26:46.355 I/auditd ( 2628): type=1400 audit(0.0:214): avc: denied { read } for comm="ethod.sogou.car" name="filesystems" dev="proc" ino=4026532313 scontext=u:r:priv_app:s0:c512,c768 tcontext=u:object_r:proc_filesystems:s0 tclass=file permissive=0 app=com.sohu.inputmethod.sogou.car
09-22 22:26:46.369 I/am_proc_bound( 1496): [0,2684,.pasr]
09-22 22:26:46.372 I/am_uid_active( 1496): 10053
09-22 22:26:46.377 I/am_wtf ( 1496): [0,2628,com.sohu.inputmethod.sogou.car,948485701,SystemConfig,SystemConfig is being accessed by a process other than system_server.]
09-22 22:26:46.385 I/sysui_multi_action( 1496): [757,803,799,window_time_0,802,3]
09-22 22:26:46.389 I/am_uid_active( 1496): 10073
09-22 22:26:46.390 I/am_proc_start( 1496): [0,2718,10072,com.qualcomm.qti.services.systemhelper:systemhelper_service,added application,com.qualcomm.qti.services.systemhelper:systemhelper_service]
09-22 22:26:46.397 I/am_proc_bound( 1496): [0,2718,com.qualcomm.qti.services.systemhelper:systemhelper_service]
09-22 22:26:46.399 I/am_uid_active( 1496): 10072
09-22 22:26:46.402 I/am_proc_start( 1496): [0,2749,10086,com.qualcomm.qti.qccnetstat,added application,com.qualcomm.qti.qccnetstat]
09-22 22:26:46.417 I/sysui_multi_action( 1496): [757,1501,758,1,793,527,794,0,795,527,796,26,806,android,857,DEVELOPER_IMPORTANT,858,4,947,0,1500,0]
09-22 22:26:46.417 I/sysui_multi_action( 1496): [757,804,799,note_interruptive,801,0,802,1]
09-22 22:26:46.417 I/sysui_multi_action( 1496): [757,1501,758,1,793,527,794,0,795,527,796,26,806,android,857,DEVELOPER_IMPORTANT,858,4,947,0,1500,0,1688,1]
09-22 22:26:46.417 I/sysui_multi_action( 1496): [757,804,799,note_interruptive,801,0,802,1]
09-22 22:26:46.417 I/sysui_multi_action( 1496): [757,199,758,1,759,2,793,527,794,0,795,527,796,26,806,android,857,DEVELOPER_IMPORTANT,858,4,947,0,1500,0,1688,1]
09-22 22:26:46.418 I/notification_alert( 1496): [-1|android|26|null|1000,0,1,0]
09-22 22:26:46.424 I/am_proc_start( 1496): [0,2773,10082,com.qualcomm.qti.workloadclassifier,added application,com.qualcomm.qti.workloadclassifier]
09-22 22:26:46.425 I/am_proc_bound( 1496): [0,2749,com.qualcomm.qti.qccnetstat]
09-22 22:26:46.428 I/am_uid_active( 1496): 10086
09-22 22:26:46.430 I/am_proc_start( 1496): [0,2774,10073,com.qualcomm.location,added application,com.qualcomm.location]
09-22 22:26:46.450 I/am_proc_start( 1496): [0,2789,10093,com.android.providers.media.module,service,{com.android.providers.media.module/com.android.providers.media.fuse.ExternalStorageServiceImpl}]
09-22 22:26:46.461 I/am_proc_bound( 1496): [0,2773,com.qualcomm.qti.workloadclassifier]
09-22 22:26:46.463 I/am_uid_active( 1496): 10082
09-22 22:26:46.467 I/am_uid_running( 1496): 10026
09-22 22:26:46.469 I/am_proc_bound( 1496): [0,2774,com.qualcomm.location]
09-22 22:26:46.472 I/am_proc_start( 1496): [0,2825,1000,com.android.keychain,service,{com.android.keychain/com.android.keychain.KeyChainService}]
09-22 22:26:46.472 I/am_proc_bound( 1496): [0,2789,com.android.providers.media.module]
09-22 22:26:46.474 I/am_uid_active( 1496): 10093
09-22 22:26:46.480 I/am_proc_start( 1496): [0,2829,10026,android.process.media,broadcast,{com.android.mtp/com.android.mtp.MtpReceiver}]
09-22 22:26:46.503 I/am_proc_bound( 1496): [0,2829,android.process.media]
09-22 22:26:46.514 I/am_proc_bound( 1496): [0,2825,com.android.keychain]
09-22 22:26:46.592 I/am_uid_running( 1496): 10080
09-22 22:26:46.600 I/am_proc_start( 1496): [0,2904,10080,com.qualcomm.location.XT,service,{com.qualcomm.location.XT/com.qualcomm.location.XT.XTSrv}]
09-22 22:26:46.607 D/TelephonyRegistry( 1496): listen oscl: mHasNotifySubscriptionInfoChangedOccurred==false no callback
09-22 22:26:46.624 I/am_proc_bound( 1496): [0,2904,com.qualcomm.location.XT]
09-22 22:26:46.626 I/wm_on_create_called( 2390): [261001500,com.android.launcher3.uioverrides.QuickstepLauncher,performCreate]
09-22 22:26:46.627 I/am_uid_active( 1496): 10080
09-22 22:26:46.627 I/wm_on_start_called( 2390): [261001500,com.android.launcher3.uioverrides.QuickstepLauncher,handleStartActivity]
09-22 22:26:46.628 I/wm_on_resume_called( 2390): [261001500,com.android.launcher3.uioverrides.QuickstepLauncher,RESUME_ACTIVITY]
09-22 22:26:46.637 I/wm_on_top_resumed_gained_called( 2390): [261001500,com.android.launcher3.uioverrides.QuickstepLauncher,topStateChangedWhenResumed]
09-22 22:26:46.648 I/am_uid_running( 1496): 10085
09-22 22:26:46.658 I/am_proc_start( 1496): [0,2942,10085,com.qualcomm.qtil.aptxui,broadcast,{com.qualcomm.qtil.aptxui/com.qualcomm.qtil.aptxui.aptxuiBootReceiver}]
09-22 22:26:46.675 I/auditd ( 2628): type=1400 audit(0.0:215): avc: denied { read } for comm="ethod.sogou.car" name="anr" dev="dm-10" ino=34 scontext=u:r:priv_app:s0:c512,c768 tcontext=u:object_r:anr_data_file:s0 tclass=dir permissive=0 app=com.sohu.inputmethod.sogou.car
09-22 22:26:46.691 I/input_focus( 1496): [Focus request cdcb676 com.android.launcher3/com.android.launcher3.uioverrides.QuickstepLauncher,reason=UpdateInputWindows]
09-22 22:26:46.691 I/am_uid_active( 1496): 10085
09-22 22:26:46.692 I/am_proc_bound( 1496): [0,2942,com.qualcomm.qtil.aptxui]
09-22 22:26:46.707 D/TelephonyRegistry( 1496): listen oscl: mHasNotifySubscriptionInfoChangedOccurred==false no callback
09-22 22:26:46.728 I/input_focus( 1496): [Focus entering cdcb676 com.android.launcher3/com.android.launcher3.uioverrides.QuickstepLauncher (server),reason=Window became focusable. Previous reason: NOT_VISIBLE]
09-22 22:26:46.730 I/sysui_multi_action( 1496): [319,399,322,398,325,13,757,761,758,8,759,2,806,com.android.launcher3,871,com.android.launcher3.uioverrides.QuickstepLauncher,905,0,1320,4,1321,1]
09-22 22:26:46.730 I/wm_activity_launch_time( 1496): [0,261001500,com.android.launcher3/.uioverrides.QuickstepLauncher,398]
09-22 22:26:46.741 I/wm_destroy_activity( 1496): [0,17161421,2,com.android.settings/.FallbackHome,finish-idle]
09-22 22:26:46.743 I/wm_on_stop_called( 2197): [17161421,com.android.settings.FallbackHome,LIFECYCLER_STOP_ACTIVITY]
09-22 22:26:46.754 I/sysui_multi_action( 1811): [757,803,799,note_peek,802,1]
09-22 22:26:46.757 I/sysui_multi_action( 1496): [757,127,758,1]
09-22 22:26:46.758 I/sysui_multi_action( 1496): [757,804,799,note_load,801,1,802,1]
09-22 22:26:46.758 I/notification_panel_revealed( 1496): 1
09-22 22:26:46.765 I/sysui_heads_up_status( 1811): [-1|android|26|null|1000,1]
09-22 22:26:46.780 I/wm_on_destroy_called( 2197): [17161421,com.android.settings.FallbackHome,performDestroy]
09-22 22:26:46.802 I/liblog ( 1810): 217
09-22 22:26:46.836 I/am_uid_running( 1496): 10020
09-22 22:26:46.859 I/am_proc_start( 1496): [0,3023,10020,android.process.acore,content provider,{com.android.providers.contacts/com.android.providers.contacts.ContactsProvider2}]
09-22 22:26:46.870 I/notification_cancel_all( 1496): [1002,1810,com.android.bluetooth,0,0,64,9,NULL]
09-22 22:26:46.886 I/am_proc_bound( 1496): [0,3023,android.process.acore]
09-22 22:26:46.888 I/am_uid_active( 1496): 10020
09-22 22:26:46.893 I/am_uid_running( 1496): 10031
09-22 22:26:46.903 I/am_proc_start( 1496): [0,3052,10031,com.android.traceur,broadcast,{com.android.traceur/com.android.traceur.Receiver}]
09-22 22:26:46.918 I/am_proc_bound( 1496): [0,3052,com.android.traceur]
09-22 22:26:46.921 I/am_uid_active( 1496): 10031
09-22 22:26:47.011 I/wm_task_removed( 1496): [2,cleanUpResourcesForDestroy]
09-22 22:26:47.011 I/wm_task_removed( 1496): [2,removeChild:removeChild last r=ActivityRecord{105dccd u0 com.android.settings/.FallbackHome t-1 f}} in t=Task{8cd7df9 #2 type=home A=1000:com.android.settings.FallbackHome U=0 visible=false mode=fullscreen translucent=true sz=0}]
09-22 22:26:47.011 I/wm_task_removed( 1496): [2,removeChild]
09-22 22:26:47.026 I/am_crash( 1496): [2142,0,com.qualcomm.qti.devicestatisticsservice,814235213,java.lang.ClassNotFoundException,android.hidl.manager.V1_0.IServiceNotification$Stub,DeviceStatisticsService.java,83]
09-22 22:26:47.030 I/sysui_multi_action( 1496): [757,316,758,4,759,-1]
09-22 22:26:47.035 I/am_wtf ( 1496): [0,1496,system_server,-1,BootReceiver,open failed: ENOENT (No such file or directory)]
09-22 22:26:47.046 I/commit_sys_config_file( 1496): [log-files,1]
09-22 22:26:47.049 I/am_uid_active( 1496): 10026
09-22 22:26:47.059 I/am_proc_died( 1496): [0,2142,com.qualcomm.qti.devicestatisticsservice,-800,0]
09-22 22:26:47.060 I/am_schedule_service_restart( 1496): [0,com.qualcomm.qti.devicestatisticsservice/.DeviceStatisticsService,0]
09-22 22:26:47.060 I/am_uid_stopped( 1496): 10061
09-22 22:26:47.060 I/am_uid_running( 1496): 10061
09-22 22:26:47.062 I/am_uid_active( 1496): 10061
09-22 22:26:47.068 I/am_proc_start( 1496): [0,3154,10061,com.qualcomm.qti.devicestatisticsservice,restart,com.qualcomm.qti.devicestatisticsservice]
09-22 22:26:47.076 D/TelephonyRegistry( 1496): listen oscl: mHasNotifySubscriptionInfoChangedOccurred==false no callback
09-22 22:26:47.090 I/am_proc_start( 1496): [0,3177,1000,com.qti.diagservices,broadcast,{com.qti.diagservices/com.qti.diagservices.Diag_OnBoot}]
09-22 22:26:47.092 I/am_proc_bound( 1496): [0,3154,com.qualcomm.qti.devicestatisticsservice]
09-22 22:26:47.109 I/am_proc_bound( 1496): [0,3177,com.qti.diagservices]
09-22 22:26:47.157 I/am_uid_running( 1496): 10068
09-22 22:26:47.151 I/auditd ( 3177): type=1400 audit(0.0:216): avc: denied { read write } for comm="ti.diagservices" name="diag" dev="tmpfs" ino=11526 scontext=u:r:system_app:s0 tcontext=u:object_r:vendor_diag_device:s0 tclass=chr_file permissive=0
09-22 22:26:47.165 I/am_proc_start( 1496): [0,3213,10068,com.android.calendar,broadcast,{com.android.calendar/com.android.calendar.alerts.AlertReceiver}]
09-22 22:26:47.166 I/am_meminfo( 1496): [920657920,5119066112,12288,300503040,573130752]
09-22 22:26:47.173 I/am_pss ( 1496): [1810,1002,com.android.bluetooth,27248640,21823488,0,133304320,2,0,6]
09-22 22:26:47.179 I/am_pss ( 1496): [2330,10088,com.qualcomm.qti.qccauthmgr,7175168,4444160,0,96272384,2,5,5]
09-22 22:26:47.185 I/am_pss ( 1496): [2207,10094,android.ext.services,7766016,4915200,0,96841728,2,5,6]
09-22 22:26:47.190 I/am_pss ( 1496): [2157,1000,com.qualcomm.qti.qdma,10547200,6578176,0,105365504,2,0,5]
09-22 22:26:47.196 I/am_pss ( 1496): [2130,1000,com.thundercomm.remotecontrolservice,9822208,6762496,0,100610048,2,0,5]
09-22 22:26:47.201 I/am_pss ( 1496): [2114,1068,com.android.se,6521856,4079616,0,92393472,2,0,5]
09-22 22:26:47.204 I/am_proc_bound( 1496): [0,3213,com.android.calendar]
09-22 22:26:47.207 I/am_pss ( 1496): [2051,10084,com.qti.qualcomm.mstatssystemservice,6115328,3760128,0,90374144,2,0,5]
09-22 22:26:47.211 I/am_uid_active( 1496): 10068
09-22 22:26:47.212 I/am_pss ( 1496): [2020,1000,vendor.qti.qesdk.sysservice,6216704,3796992,0,91308032,2,0,5]
09-22 22:26:47.218 I/am_pss ( 1496): [1976,10050,.qtidataservices,6562816,4161536,0,92213248,2,0,5]
09-22 22:26:47.223 I/am_pss ( 1496): [1973,1001,.dataservices,8418304,5914624,0,94531584,2,0,5]
09-22 22:26:47.230 I/am_pss ( 1496): [1951,1000,com.thundercomm.microsettings,35835904,31809536,0,128774144,2,0,6]
09-22 22:26:47.236 I/am_pss ( 1496): [1944,1000,com.thundercomm.microservice,9379840,6946816,0,94785536,2,0,5]
09-22 22:26:47.242 I/am_pss ( 1496): [1883,1073,com.android.networkstack.process,10955776,7675904,0,104206336,2,0,5]
09-22 22:26:47.251 I/am_pss ( 1496): [1811,10081,com.android.systemui,114258944,89288704,0,271585280,2,1,9]
09-22 22:26:47.269 I/am_pss ( 1496): [1496,1000,system,191446016,97976320,0,501276672,2,0,15]
09-22 22:26:47.270 I/sysui_multi_action( 1496): [757,128,758,1,793,1379,794,0,795,1379,796,26,798,0,806,android,857,DEVELOPER_IMPORTANT,858,4,947,0,1395,2,1500,852,1688,1]
09-22 22:26:47.270 I/sysui_multi_action( 1496): [757,804,799,note_freshness,801,1379,802,1]
09-22 22:26:47.270 I/notification_visibility( 1496): [-1|android|26|null|1000,1,1379,1379,0,0]
09-22 22:26:47.305 I/am_proc_start( 1496): [0,3253,1000,com.android.dynsystem,broadcast,{com.android.dynsystem/com.android.dynsystem.BootCompletedReceiver}]
09-22 22:26:47.321 I/am_proc_bound( 1496): [0,3253,com.android.dynsystem]
09-22 22:26:47.369 I/am_proc_start( 1496): [0,3271,1000,com.android.dynsystem:dynsystem,service,{com.android.dynsystem/com.android.dynsystem.DynamicSystemInstallationService}]
09-22 22:26:47.398 I/am_proc_bound( 1496): [0,3271,com.android.dynsystem:dynsystem]
09-22 22:26:47.421 I/am_proc_died( 1496): [0,2504,com.android.inputmethod.latin,0,11]
09-22 22:26:47.422 I/am_broadcast_discard_app( 1496): [0,51562520,android.intent.action.BOOT_COMPLETED,15,ResolveInfo{30d677d com.android.inputmethod.latin/.SystemBroadcastReceiver m=0x108000}]
09-22 22:26:47.422 I/am_uid_stopped( 1496): 10069
09-22 22:26:47.426 I/am_uid_running( 1496): 10034
09-22 22:26:47.437 I/am_proc_start( 1496): [0,3292,10034,com.android.managedprovisioning,broadcast,{com.android.managedprovisioning/com.android.managedprovisioning.BootReminder}]
09-22 22:26:47.447 I/auditd ( 3293): type=1400 audit(0.0:217): avc: denied { read } for comm="ip" name="rt_tables" dev="dm-10" ino=339 scontext=u:r:ethernet:s0 tcontext=u:object_r:net_data_file:s0 tclass=file permissive=0
09-22 22:26:47.447 I/auditd ( 2593): type=1400 audit(0.0:218): avc: denied { write } for comm="sh" name="ip_forward" dev="proc" ino=1895 scontext=u:r:ethernet:s0 tcontext=u:object_r:proc_net:s0 tclass=file permissive=0
09-22 22:26:47.447 I/auditd ( 2593): type=1400 audit(0.0:219): avc: denied { write } for comm="sh" name="ip_default_ttl" dev="proc" ino=23357 scontext=u:r:ethernet:s0 tcontext=u:object_r:proc_net:s0 tclass=file permissive=0
09-22 22:26:47.447 I/auditd ( 2593): type=1400 audit(0.0:220): avc: denied { write } for comm="sh" name="tcp_keepalive_probes" dev="proc" ino=23358 scontext=u:r:ethernet:s0 tcontext=u:object_r:proc_net:s0 tclass=file permissive=0
09-22 22:26:47.459 I/am_proc_bound( 1496): [0,3292,com.android.managedprovisioning]
09-22 22:26:47.463 I/am_uid_active( 1496): 10034
09-22 22:26:47.548 I/am_uid_running( 1496): 10057
09-22 22:26:47.561 I/am_proc_start( 1496): [0,3308,10057,com.android.onetimeinitializer,broadcast,{com.android.onetimeinitializer/com.android.onetimeinitializer.OneTimeInitializerReceiver}]
09-22 22:26:47.587 I/am_proc_bound( 1496): [0,3308,com.android.onetimeinitializer]
09-22 22:26:47.591 I/am_uid_active( 1496): 10057
09-22 22:26:47.625 I/am_uid_running( 1496): 10022
09-22 22:26:47.638 I/am_proc_start( 1496): [0,3325,10022,com.android.packageinstaller,broadcast,{com.android.packageinstaller/com.android.packageinstaller.TemporaryFileManager}]
09-22 22:26:47.666 I/am_proc_bound( 1496): [0,3325,com.android.packageinstaller]
09-22 22:26:47.669 I/am_uid_active( 1496): 10022
09-22 22:26:47.715 I/am_uid_running( 1496): 10092
09-22 22:26:47.726 I/am_proc_start( 1496): [0,3343,10092,com.android.permissioncontroller,broadcast,{com.android.permissioncontroller/com.android.permissioncontroller.permission.service.LocationAccessCheck$SetupPeriodicBackgroundLocationAccessCheck}]
09-22 22:26:47.750 I/am_proc_bound( 1496): [0,3343,com.android.permissioncontroller]
09-22 22:26:47.757 I/am_uid_active( 1496): 10092
09-22 22:26:47.879 I/am_uid_running( 1496): 10030
09-22 22:26:47.891 I/am_proc_start( 1496): [0,3360,10030,com.android.providers.calendar,broadcast,{com.android.providers.calendar/com.android.providers.calendar.CalendarReceiver}]
09-22 22:26:47.916 I/am_proc_bound( 1496): [0,3360,com.android.providers.calendar]
09-22 22:26:47.920 I/am_uid_active( 1496): 10030
09-22 22:26:48.008 I/am_uid_running( 1496): 2000
09-22 22:26:48.028 I/am_proc_start( 1496): [0,3381,2000,com.android.shell,broadcast,{com.android.shell/com.android.shell.HeapDumpReceiver}]
09-22 22:26:48.060 I/am_proc_bound( 1496): [0,3381,com.android.shell]
09-22 22:26:48.066 I/am_uid_active( 1496): 2000
09-22 22:26:48.124 I/am_proc_start( 1496): [0,3398,1001,com.android.phone,broadcast,{com.android.stk/com.android.stk.BootCompletedReceiver}]
09-22 22:26:48.162 I/am_proc_bound( 1496): [0,3398,com.android.phone]
09-22 22:26:48.223 D/CAT ( 3398): BootCompletedReceiver: [ACTION_BOOT_COMPLETED]
09-22 22:26:48.224 I/am_uid_running( 1496): 10079
09-22 22:26:48.226 D/CAT ( 3398): StkAppService: onCreate()+
09-22 22:26:48.227 I/commit_sys_config_file( 1496): [jobs,4]
09-22 22:26:48.227 D/CAT ( 3398): StkAppService: simCount: 1
09-22 22:26:48.227 D/CAT ( 3398): StkAppService: slotId: 0
09-22 22:26:48.228 D/CAT ( 3398): StkAppService: onStart sim id: 0, op: 5, *****
09-22 22:26:48.228 D/CAT ( 3398): StkAppService: mStkService is: -1
09-22 22:26:48.239 D/CAT ( 3398): StkAppService: onDestroy()
09-22 22:26:48.246 I/am_proc_start( 1496): [0,3419,10079,com.qti.ltebc,broadcast,{com.qti.ltebc/com.qualcomm.ltebc.LTEBroadcastBootReceiver}]
09-22 22:26:48.281 I/am_proc_bound( 1496): [0,3419,com.qti.ltebc]
09-22 22:26:48.281 I/service_manager_stats( 1496): [684,277,5089]
09-22 22:26:48.284 I/am_uid_active( 1496): 10079
09-22 22:26:48.646 I/netstats_mobile_sample( 1496): [0,0,0,0,0,0,0,0,0,0,0,0,1663856808645]
09-22 22:26:48.646 I/netstats_wifi_sample( 1496): [0,0,0,0,0,0,0,0,0,0,0,0,1663856808645]
09-22 22:26:48.650 I/netstats_mobile_sample( 1496): [0,0,0,0,0,0,0,0,0,0,0,0,1663856808650]
09-22 22:26:48.650 I/netstats_wifi_sample( 1496): [0,0,0,0,0,0,0,0,0,0,0,0,1663856808650]
09-22 22:26:48.733 I/am_proc_died( 1496): [0,3419,com.qti.ltebc,905,19]
09-22 22:26:48.733 I/am_uid_stopped( 1496): 10079
09-22 22:26:48.737 I/am_uid_running( 1496): 10055
09-22 22:26:48.751 I/am_proc_start( 1496): [0,3449,10055,com.qualcomm.qti.qms.service.connectionsecurity,broadcast,{com.qualcomm.qti.qms.service.connectionsecurity/com.qualcomm.qti.qms.service.connectionsecurity.ConnSecBroadcastReceiver}]
09-22 22:26:48.779 I/am_proc_bound( 1496): [0,3449,com.qualcomm.qti.qms.service.connectionsecurity]
09-22 22:26:48.782 I/am_uid_active( 1496): 10055
09-22 22:26:48.855 I/am_uid_running( 1496): 10018
09-22 22:26:48.867 I/am_proc_start( 1496): [0,3467,10018,com.android.externalstorage,broadcast,{com.android.externalstorage/com.android.externalstorage.MountReceiver}]
09-22 22:26:48.893 I/am_proc_bound( 1496): [0,3467,com.android.externalstorage]
09-22 22:26:48.952 I/am_uid_running( 1496): 10079
09-22 22:26:48.965 I/am_proc_start( 1496): [0,3485,10079,com.qti.ltebc,broadcast,{com.qti.ltebc/com.qualcomm.ltebc.LTEBroadcastReceiver}]
09-22 22:26:48.995 I/am_proc_bound( 1496): [0,3485,com.qti.ltebc]
09-22 22:26:48.999 I/am_uid_active( 1496): 10079
09-22 22:26:49.337 I/am_proc_died( 1496): [0,3485,com.qti.ltebc,0,11]
09-22 22:26:49.337 I/am_broadcast_discard_app( 1496): [0,162435566,android.intent.action.MEDIA_MOUNTED,2,ResolveInfo{a2e054c com.qti.ltebc/com.qualcomm.ltebc.LTEBroadcastReceiver m=0x208000}]
09-22 22:26:49.338 I/am_uid_stopped( 1496): 10079
09-22 22:26:49.401 I/backup_transport_lifecycle( 1496): [com.android.localtransport/.LocalTransportService,1]
09-22 22:26:49.423 I/am_proc_start( 1496): [0,3504,1000,com.android.localtransport,service,{com.android.localtransport/com.android.localtransport.LocalTransportService}]
09-22 22:26:49.473 I/am_proc_bound( 1496): [0,3504,com.android.localtransport]
09-22 22:26:49.587 I/backup_transport_connection( 1496): [com.android.localtransport/.LocalTransportService,1]
09-22 22:26:49.592 I/backup_transport_lifecycle( 1496): [com.android.localtransport/.LocalTransportService,0]
09-22 22:26:49.592 I/backup_transport_connection( 1496): [com.android.localtransport/.LocalTransportService,0]
09-22 22:26:50.305 I/sysui_multi_action( 1496): [757,1717,758,1,759,0]
09-22 22:26:50.306 I/sysui_multi_action( 1496): [757,1717,758,2,759,0]
09-22 22:26:50.306 I/sysui_multi_action( 1496): [757,1717,758,3,759,0]
09-22 22:26:50.872 I/input_interaction( 1496): Interaction with: cdcb676 com.android.launcher3/com.android.launcher3.uioverrides.QuickstepLauncher (server), 23a4ae6 com.android.systemui.ImageWallpaper (server), edge-swipe (server), swipe-up (server), PointerEventDispatcher0 (server),
09-22 22:26:52.462 I/sysui_heads_up_status( 1811): [-1|android|26|null|1000,0]
09-22 22:26:52.924 I/sysui_multi_action( 1496): [757,128,758,2,793,7034,794,5655,795,7034,796,26,798,0,806,android,857,DEVELOPER_IMPORTANT,858,4,947,0,1395,2,1500,6507,1688,1]
09-22 22:26:52.924 I/notification_visibility( 1496): [-1|android|26|null|1000,0,7034,7034,0,0]
09-22 22:26:52.926 I/notification_enqueue( 1496): [10081,1811,com.android.systemui,2048,NULL,0,Notification(channel=updateNotification shortcut=null contentView=null vibrate=null sound=null defaults=0x0 flags=0x0 color=0x00000000 vis=PRIVATE),0]
09-22 22:26:52.926 I/sysui_multi_action( 1811): [757,111,758,2]
09-22 22:26:52.927 I/sysui_multi_action( 1811): [757,111,758,2]
09-22 22:26:52.936 I/sysui_multi_action( 1496): [757,127,758,2]
09-22 22:26:52.936 I/notification_panel_hidden( 1496):
09-22 22:26:52.950 I/sysui_multi_action( 1811): [757,111,758,1]
09-22 22:26:52.950 I/sysui_multi_action( 1811): [757,126,758,1,759,126,927,0,928,0,1593,0]
09-22 22:26:52.950 I/sysui_multi_action( 1811): [757,113,758,1,759,113,927,1,928,0,1593,0]
09-22 22:26:52.950 I/sysui_multi_action( 1811): [757,0,758,1,759,0,927,2,928,0,1593,0]
09-22 22:26:52.950 I/sysui_multi_action( 1811): [757,0,758,1,759,0,927,3,928,0,1593,0]
09-22 22:26:52.950 I/sysui_multi_action( 1811): [757,1706,758,1,759,1706,927,4,928,0,1593,0]
09-22 22:26:52.951 I/sysui_multi_action( 1811): [757,491,758,1,759,491,927,5,928,0,1311,-1,1593,0]
09-22 22:26:52.951 I/sysui_multi_action( 1811): [757,0,758,1,759,0,927,6,928,0,1593,0]
09-22 22:26:52.951 I/sysui_multi_action( 1811): [757,111,758,1]
09-22 22:26:52.951 I/sysui_multi_action( 1811): [757,126,758,1,759,126,927,0,928,0,1593,0]
09-22 22:26:52.951 I/sysui_multi_action( 1811): [757,113,758,1,759,113,927,1,928,0,1593,0]
09-22 22:26:52.951 I/sysui_multi_action( 1811): [757,0,758,1,759,0,927,2,928,0,1593,0]
09-22 22:26:52.951 I/sysui_multi_action( 1811): [757,0,758,1,759,0,927,3,928,0,1593,0]
09-22 22:26:53.128 I/sysui_multi_action( 1496): [757,1501,758,1,793,203,794,0,795,203,796,2048,806,com.android.systemui,857,updateNotification,858,3,947,0,1500,0,1688,1]
09-22 22:26:53.128 I/sysui_multi_action( 1496): [757,804,799,note_interruptive,801,0,802,1]
09-22 22:26:53.130 I/sysui_multi_action( 1496): [757,1501,758,1,793,205,794,0,795,205,796,2048,806,com.android.systemui,857,updateNotification,858,3,947,0,1500,0,1688,1]
09-22 22:26:53.130 I/sysui_multi_action( 1496): [757,804,799,note_interruptive,801,0,802,1]
09-22 22:26:53.131 I/sysui_multi_action( 1496): [757,199,758,1,759,2,793,205,794,0,795,205,796,2048,806,com.android.systemui,857,updateNotification,858,3,947,0,1500,0,1688,1]
09-22 22:26:53.131 I/notification_alert( 1496): [0|com.android.systemui|2048|null|10081,0,1,0]
09-22 22:26:53.543 I/commit_sys_config_file( 1496): [package-user-0,2]
09-22 22:26:53.543 I/commit_sys_config_file( 1496): [package,46]
09-22 22:26:53.706 I/am_uid_running( 1496): 10079
09-22 22:26:53.738 I/am_proc_start( 1496): [0,3542,10079,com.qti.ltebc,broadcast,{com.qti.ltebc/com.qualcomm.ltebc.LTEBroadcastAlarmReceiver}]
09-22 22:26:53.775 I/am_proc_bound( 1496): [0,3542,com.qti.ltebc]
09-22 22:26:53.785 I/am_uid_active( 1496): 10079
09-22 22:26:54.141 I/am_uid_running( 1496): 10052
09-22 22:26:54.156 I/am_proc_start( 1496): [0,3567,10052,com.qualcomm.qti.qms.service.trustzoneaccess,service,{com.qualcomm.qti.qms.service.trustzoneaccess/com.qualcomm.qti.qms.service.trustzoneaccess.TZAccessService}]
09-22 22:26:54.182 I/am_proc_bound( 1496): [0,3567,com.qualcomm.qti.qms.service.trustzoneaccess]
09-22 22:26:54.305 I/am_proc_died( 1496): [0,3542,com.qti.ltebc,905,19]
09-22 22:26:54.305 I/am_uid_stopped( 1496): 10079
09-22 22:26:54.488 I/commit_sys_config_file( 1496): [appops,9]
09-22 22:26:54.775 I/wm_task_created( 1496): [20,-1]
09-22 22:26:54.783 I/wm_task_moved( 1496): [20,1,6]
09-22 22:26:54.783 I/wm_task_to_front( 1496): [0,20]
09-22 22:26:54.784 I/wm_create_task( 1496): [0,20]
09-22 22:26:54.784 I/wm_create_activity( 1496): [0,250673815,20,com.android.settings/.Settings,android.intent.action.MAIN,NULL,NULL,270532608]
09-22 22:26:54.784 I/wm_task_moved( 1496): [20,1,6]
09-22 22:26:54.788 I/wm_pause_activity( 1496): [0,261001500,com.android.launcher3/.uioverrides.QuickstepLauncher,userLeaving=true,pauseBackTasks]
09-22 22:26:54.797 I/wm_on_top_resumed_lost_called( 2390): [261001500,com.android.launcher3.uioverrides.QuickstepLauncher,topStateChangedWhenResumed]
09-22 22:26:54.800 I/wm_on_paused_called( 2390): [261001500,com.android.launcher3.uioverrides.QuickstepLauncher,performPause]
09-22 22:26:54.804 I/wm_add_to_stopping( 1496): [0,261001500,com.android.launcher3/.uioverrides.QuickstepLauncher,makeInvisible]
09-22 22:26:54.805 I/wm_restart_activity( 1496): [0,250673815,20,com.android.settings/.Settings]
09-22 22:26:54.807 I/wm_set_resumed_activity( 1496): [0,com.android.settings/.Settings,minimalResumeActivityLocked]
09-22 22:26:54.815 I/sysui_multi_action( 1496): [757,803,799,window_time_0,802,8]
09-22 22:26:54.831 I/input_focus( 1496): [Focus leaving cdcb676 com.android.launcher3/com.android.launcher3.uioverrides.QuickstepLauncher (server),reason=NO_WINDOW]
09-22 22:26:54.889 I/wm_on_create_called( 2197): [250673815,com.android.settings.Settings,performCreate]
09-22 22:26:54.937 I/wm_on_start_called( 2197): [250673815,com.android.settings.Settings,handleStartActivity]
09-22 22:26:54.938 I/snet_event_log( 2197): [120484087,-1,]
09-22 22:26:54.938 I/wm_on_resume_called( 2197): [250673815,com.android.settings.Settings,RESUME_ACTIVITY]
09-22 22:26:54.941 I/sysui_multi_action( 2197): [757,35,758,1,833,0,1089,48]
09-22 22:26:54.949 I/sysui_multi_action( 2197): [757,1729,758,4,854,isParalleledControllers:false,1089,58]
09-22 22:26:54.953 I/wm_on_top_resumed_gained_called( 2197): [250673815,com.android.settings.Settings,topStateChangedWhenResumed]
09-22 22:26:55.013 I/input_focus( 1496): [Focus request 9eef4e4 com.android.settings/com.android.settings.Settings,reason=UpdateInputWindows]
09-22 22:26:55.059 I/sysui_multi_action( 1496): [324,1,757,1090,758,12,806,com.android.settings,871,com.android.settings.Settings,1091,295]
09-22 22:26:55.066 I/input_focus( 1496): [Focus entering 9eef4e4 com.android.settings/com.android.settings.Settings (server),reason=Window became focusable. Previous reason: NOT_VISIBLE]
09-22 22:26:55.069 I/sysui_multi_action( 1496): [319,86,321,84,322,295,325,21,757,761,758,8,759,1,806,com.android.settings,871,com.android.settings.Settings,904,com.android.launcher3,905,0,1320,4,1321,1]
09-22 22:26:55.071 I/wm_activity_launch_time( 1496): [0,250673815,com.android.settings/.Settings,295]
09-22 22:26:55.106 W/CarrierConfigManager( 2197): Error getting config for subId -1 ICarrierConfigLoader is null
09-22 22:26:55.147 I/sysui_multi_action( 2197): [757,746,758,1,833,0,1089,57]
09-22 22:26:55.149 D/TelephonyRegistry( 1496): listen oscl: mHasNotifySubscriptionInfoChangedOccurred==false no callback
09-22 22:26:55.156 D/TelephonyRegistry( 1496): listen oscl: mHasNotifySubscriptionInfoChangedOccurred==false no callback
09-22 22:26:55.163 I/sysui_multi_action( 2197): [757,1729,758,4,854,isParalleledControllers:false,1089,72]
09-22 22:26:55.164 I/sysui_multi_action( 2197): [757,35,758,2,1089,225]
09-22 22:26:55.187 I/sysui_multi_action( 2197): [757,35,758,1,833,0,1089,21]
09-22 22:26:55.188 I/sysui_multi_action( 2197): [757,1729,758,4,854,isParalleledControllers:false,1089,22]
