09-22 22:39:53.810 I/EthernetNetworkFactory( 1496): networkForRequest, request: NetworkRequest [ REQUEST id=93, [ Capabilities: INTERNET&NOT_RESTRICTED&TRUSTED&NOT_VCN_MANAGED Uid: 1000 RequestorUid: 1000 RequestorPkg: com.android.settings] ], network: null
09-22 22:39:53.810 D/Ethernet( 1496): got request NetworkRequest [ REQUEST id=96, [ Capabilities: INTERNET&NOT_RESTRICTED&TRUSTED&NOT_VCN_MANAGED Uid: 1000 RequestorUid: 1000 RequestorPkg: com.android.settings] ]
09-22 22:39:53.810 D/EthernetNetworkFactory( 1496): acceptRequest, request: NetworkRequest [ REQUEST id=96, [ Capabilities: INTERNET&NOT_RESTRICTED&TRUSTED&NOT_VCN_MANAGED Uid: 1000 RequestorUid: 1000 RequestorPkg: com.android.settings] ]
09-22 22:39:53.810 I/EthernetNetworkFactory( 1496): networkForRequest, request: NetworkRequest [ REQUEST id=96, [ Capabilities: INTERNET&NOT_RESTRICTED&TRUSTED&NOT_VCN_MANAGED Uid: 1000 RequestorUid: 1000 RequestorPkg: com.android.settings] ], network: null
09-22 22:39:53.813 W/BatteryBroadcastRcvr( 4134): Problem reading the battery meter.
09-22 22:39:53.814 W/ScanResultUtil( 1496): Empty or null ScanResult list
09-22 22:39:53.814 W/WifiService( 1496): Attempt to retrieve WifiConfiguration with invalid scanResult List
09-22 22:39:53.814 W/ScanResultUtil( 1496): Empty or null ScanResult list
09-22 22:39:53.814 E/WifiService( 1496): Attempt to retrieve passpoint with invalid scanResult List
09-22 22:39:53.815 I/wm_on_start_called( 4134): [159182179,com.android.settings.Settings,handleStartActivity]
09-22 22:39:53.815 W/ScanResultUtil( 1496): Empty or null ScanResult list
09-22 22:39:53.815 W/WifiService( 1496): Attempt to retrieve OsuProviders with invalid scanResult List
09-22 22:39:53.815 I/snet_event_log( 4134): [120484087,-1,]
09-22 22:39:53.816 I/wm_on_resume_called( 4134): [159182179,com.android.settings.Settings,RESUME_ACTIVITY]
09-22 22:39:53.819 D/UsageGraph( 4134): No enabled state changed, skipping updateCategory call
09-22 22:39:53.819 D/ConnectivityService( 1496): requestNetwork for uid/pid:1000/4134 activeRequest: null callbackRequest: 98 [NetworkRequest [ REQUEST id=99, [ Capabilities: INTERNET&NOT_RESTRICTED&TRUSTED&NOT_VCN_MANAGED Uid: 1000 RequestorUid: 1000 RequestorPkg: com.android.settings] ]] callback flags: 1 priority: 2147483647
09-22 22:39:53.820 D/ConnectivityService( 1496): NetReassign [no changes]
09-22 22:39:53.821 D/ConnectivityService( 1496): NetReassign [no changes]
09-22 22:39:53.821 D/BluetoothPan( 4134): Binding service...
09-22 22:39:53.821 D/WifiNetworkFactory( 1496): got request NetworkRequest [ REQUEST id=99, [ Capabilities: INTERNET&NOT_RESTRICTED&TRUSTED&NOT_VCN_MANAGED Uid: 1000 RequestorUid: 1000 RequestorPkg: com.android.settings] ]
09-22 22:39:53.821 D/ConnectivityService( 1496): NetReassign [no changes]
09-22 22:39:53.821 D/UntrustedWifiNetworkFactory( 1496): got request NetworkRequest [ REQUEST id=99, [ Capabilities: INTERNET&NOT_RESTRICTED&TRUSTED&NOT_VCN_MANAGED Uid: 1000 RequestorUid: 1000 RequestorPkg: com.android.settings] ]
09-22 22:39:53.822 D/OemPaidWifiNetworkFactory( 1496): got request NetworkRequest [ REQUEST id=99, [ Capabilities: INTERNET&NOT_RESTRICTED&TRUSTED&NOT_VCN_MANAGED Uid: 1000 RequestorUid: 1000 RequestorPkg: com.android.settings] ]
09-22 22:39:53.822 D/BatteryInfo( 4134): time for getStats: 0ms
09-22 22:39:53.822 D/Ethernet( 1496): got request NetworkRequest [ REQUEST id=99, [ Capabilities: INTERNET&NOT_RESTRICTED&TRUSTED&NOT_VCN_MANAGED Uid: 1000 RequestorUid: 1000 RequestorPkg: com.android.settings] ]
09-22 22:39:53.822 D/EthernetNetworkFactory( 1496): acceptRequest, request: NetworkRequest [ REQUEST id=99, [ Capabilities: INTERNET&NOT_RESTRICTED&TRUSTED&NOT_VCN_MANAGED Uid: 1000 RequestorUid: 1000 RequestorPkg: com.android.settings] ]
09-22 22:39:53.822 I/EthernetNetworkFactory( 1496): networkForRequest, request: NetworkRequest [ REQUEST id=99, [ Capabilities: INTERNET&NOT_RESTRICTED&TRUSTED&NOT_VCN_MANAGED Uid: 1000 RequestorUid: 1000 RequestorPkg: com.android.settings] ], network: null
09-22 22:39:53.822 I/sysui_multi_action( 4134): [757,746,758,1,833,0,1089,0]
09-22 22:39:53.823 D/SubscriptionsChangeListener( 4134): Start
09-22 22:39:53.823 D/TelephonyRegistry( 1496): listen oscl: mHasNotifySubscriptionInfoChangedOccurred==false no callback
09-22 22:39:53.823 D/BatteryInfo( 4134): time for regular BatteryInfo: 1ms
09-22 22:39:53.824 D/MobileNetworkSummaryStatus( 4134): network summary query
09-22 22:39:53.824 D/BatteryTipLoader( 4134): BatteryInfoLoader post query: 1ms
09-22 22:39:53.824 D/BatteryInfo( 4134): time for getBatteryInfo: 0ms
09-22 22:39:53.824 D/BatteryTipLoader( 4134): BatteryInfoLoader.loadInBackground: 1ms
09-22 22:39:53.825 W/MobileNetworkUtils( 4134): EuiccManager is not enabled.
09-22 22:39:53.825 E/TelephonyManager( 4134): Error in getUiccCardsInfo: unable to connect to Telephony service.
09-22 22:39:53.825 D/BatteryInfo( 4134): time for getBatteryInfo: 1ms
09-22 22:39:53.826 W/SelectableSubscriptions( 4134): Fail to request subIdList
09-22 22:39:53.826 W/SelectableSubscriptions( 4134): java.lang.NullPointerException: Attempt to invoke interface method 'int java.util.List.size()' on a null object reference
09-22 22:39:53.826 W/SelectableSubscriptions( 4134): at com.android.settings.network.helper.SelectableSubscriptions.call(SelectableSubscriptions.java:128)
09-22 22:39:53.826 W/SelectableSubscriptions( 4134): at com.android.settings.network.MobileNetworkSummaryStatus.getSubscriptions(MobileNetworkSummaryStatus.java:158)
09-22 22:39:53.826 W/SelectableSubscriptions( 4134): at com.android.settings.network.MobileNetworkSummaryStatus.update(MobileNetworkSummaryStatus.java:88)
09-22 22:39:53.826 W/SelectableSubscriptions( 4134): at com.android.settings.network.MobileNetworkSummaryController.update(MobileNetworkSummaryController.java:170)
09-22 22:39:53.826 W/SelectableSubscriptions( 4134): at com.android.settings.network.MobileNetworkSummaryController.onResume(MobileNetworkSummaryController.java:95)
09-22 22:39:53.826 W/SelectableSubscriptions( 4134): at java.lang.reflect.Method.invoke(Native Method)
09-22 22:39:53.826 W/SelectableSubscriptions( 4134): at androidx.lifecycle.ClassesInfoCache$MethodReference.invokeCallback(ClassesInfoCache.java:216)
09-22 22:39:53.826 W/SelectableSubscriptions( 4134): at androidx.lifecycle.ClassesInfoCache$CallbackInfo.invokeMethodsForEvent(ClassesInfoCache.java:194)
09-22 22:39:53.826 W/SelectableSubscriptions( 4134): at androidx.lifecycle.ClassesInfoCache$CallbackInfo.invokeCallbacks(ClassesInfoCache.java:185)
09-22 22:39:53.826 W/SelectableSubscriptions( 4134): at androidx.lifecycle.ReflectiveGenericLifecycleObserver.onStateChanged(ReflectiveGenericLifecycleObserver.java:37)
09-22 22:39:53.826 W/SelectableSubscriptions( 4134): at androidx.lifecycle.LifecycleRegistry$ObserverWithState.dispatchEvent(LifecycleRegistry.java:354)
09-22 22:39:53.826 W/SelectableSubscriptions( 4134): at androidx.lifecycle.LifecycleRegistry.forwardPass(LifecycleRegistry.java:265)
09-22 22:39:53.826 W/SelectableSubscriptions( 4134): at androidx.lifecycle.LifecycleRegistry.sync(LifecycleRegistry.java:307)
09-22 22:39:53.826 W/SelectableSubscriptions( 4134): at androidx.lifecycle.LifecycleRegistry.moveToState(LifecycleRegistry.java:148)
09-22 22:39:53.826 W/SelectableSubscriptions( 4134): at androidx.lifecycle.LifecycleRegistry.handleLifecycleEvent(LifecycleRegistry.java:134)
09-22 22:39:53.826 W/SelectableSubscriptions( 4134): at com.android.settingslib.core.lifecycle.ObservablePreferenceFragment.onResume(ObservablePreferenceFragment.java:87)
09-22 22:39:53.826 W/SelectableSubscriptions( 4134): at com.android.settings.core.InstrumentedPreferenceFragment.onResume(InstrumentedPreferenceFragment.java:77)
09-22 22:39:53.826 W/SelectableSubscriptions( 4134): at com.android.settings.SettingsPreferenceFragment.onResume(SettingsPreferenceFragment.java:198)
09-22 22:39:53.826 W/SelectableSubscriptions( 4134): at com.android.settings.dashboard.DashboardFragment.onResume(DashboardFragment.java:218)
09-22 22:39:53.826 W/SelectableSubscriptions( 4134): at androidx.fragment.app.Fragment.performResume(Fragment.java:3029)
09-22 22:39:53.826 W/SelectableSubscriptions( 4134): at androidx.fragment.app.FragmentStateManager.resume(FragmentStateManager.java:583)
09-22 22:39:53.826 W/SelectableSubscriptions( 4134): at androidx.fragment.app.FragmentStateManager.moveToExpectedState(FragmentStateManager.java:282)
09-22 22:39:53.826 W/SelectableSubscriptions( 4134): at androidx.fragment.app.FragmentStore.moveToExpectedState(FragmentStore.java:112)
09-22 22:39:53.826 W/SelectableSubscriptions( 4134): at androidx.fragment.app.FragmentManager.moveToState(FragmentManager.java:1667)
09-22 22:39:53.826 W/SelectableSubscriptions( 4134): at androidx.fragment.app.FragmentManager.dispatchStateChange(FragmentManager.java:3234)
09-22 22:39:53.826 W/SelectableSubscriptions( 4134): at androidx.fragment.app.FragmentManager.dispatchResume(FragmentManager.java:3192)
09-22 22:39:53.826 W/SelectableSubscriptions( 4134): at androidx.fragment.app.FragmentController.dispatchResume(FragmentController.java:273)
09-22 22:39:53.826 W/SelectableSubscriptions( 4134): at androidx.fragment.app.FragmentActivity.onResumeFragments(FragmentActivity.java:434)
09-22 22:39:53.826 W/SelectableSubscriptions( 4134): at androidx.fragment.app.FragmentActivity.onPostResume(FragmentActivity.java:423)
09-22 22:39:53.826 W/SelectableSubscriptions( 4134): at android.app.Activity.performResume(Activity.java:8235)
09-22 22:39:53.826 W/SelectableSubscriptions( 4134): at android.app.ActivityThread.performResumeActivity(ActivityThread.java:4748)
09-22 22:39:53.826 W/SelectableSubscriptions( 4134): at android.app.ActivityThread.handleResumeActivity(ActivityThread.java:4791)
09-22 22:39:53.826 W/SelectableSubscriptions( 4134): at android.app.servertransaction.ResumeActivityItem.execute(ResumeActivityItem.java:54)
09-22 22:39:53.826 W/SelectableSubscriptions( 4134): at android.app.servertransaction.ActivityTransactionItem.execute(ActivityTransactionItem.java:45)
09-22 22:39:53.826 W/SelectableSubscriptions( 4134): at android.app.servertransaction.TransactionExecutor.executeLifecycleState(TransactionExecutor.java:176)
09-22 22:39:53.826 W/SelectableSubscriptions( 4134): at android.app.servertransaction.TransactionExecutor.execute(TransactionExecutor.java:97)
09-22 22:39:53.826 W/SelectableSubscriptions( 4134): at android.app.ActivityThread$H.handleMessage(ActivityThread.java:2211)
09-22 22:39:53.826 W/SelectableSubscriptions( 4134): at android.os.Handler.dispatchMessage(Handler.java:106)
09-22 22:39:53.826 W/SelectableSubscriptions( 4134): at android.os.Looper.loopOnce(Looper.java:201)
09-22 22:39:53.826 W/SelectableSubscriptions( 4134): at android.os.Looper.loop(Looper.java:288)
09-22 22:39:53.826 W/SelectableSubscriptions( 4134): at android.app.ActivityThread.main(ActivityThread.java:7880)
09-22 22:39:53.826 W/SelectableSubscriptions( 4134): at java.lang.reflect.Method.invoke(Native Method)
09-22 22:39:53.826 W/SelectableSubscriptions( 4134): at com.android.internal.os.RuntimeInit$MethodAndArgsCaller.run(RuntimeInit.java:548)
09-22 22:39:53.826 W/SelectableSubscriptions( 4134): at com.android.internal.os.ZygoteInit.main(ZygoteInit.java:1009)
09-22 22:39:53.826 D/MobileNetworkSummaryStatus( 4134): network summary query ignored
09-22 22:39:53.826 D/SubscriptionsChangeListener( 4134): Start
09-22 22:39:53.827 D/TelephonyRegistry( 1496): listen oscl: mHasNotifySubscriptionInfoChangedOccurred==false no callback
09-22 22:39:53.829 D/ConnectivityService( 1496): NetReassign [no changes]
09-22 22:39:53.835 I/sysui_multi_action( 4134): [757,35,758,1,833,0,1089,0]
09-22 22:39:53.840 I/sysui_multi_action( 4134): [757,746,758,2,1089,18]
09-22 22:39:53.842 I/sysui_multi_action( 4134): [757,35,758,2,1089,7]
09-22 22:39:53.842 I/wm_on_paused_called( 4134): [159182179,com.android.settings.Settings,performPause]
09-22 22:39:53.842 I/wm_on_resume_called( 4134): [159182179,com.android.settings.Settings,LIFECYCLER_RESUME_ACTIVITY]
09-22 22:39:53.844 D/UsageGraph( 4134): No enabled state changed, skipping updateCategory call
09-22 22:39:53.845 D/ConnectivityService( 1496): NetReassign [no changes]
09-22 22:39:53.845 D/ConnectivityService( 1496): requestNetwork for uid/pid:1000/4134 activeRequest: null callbackRequest: 103 [NetworkRequest [ REQUEST id=104, [ Capabilities: INTERNET&NOT_RESTRICTED&TRUSTED&NOT_VCN_MANAGED Uid: 1000 RequestorUid: 1000 RequestorPkg: com.android.settings] ]] callback flags: 1 priority: 2147483647
09-22 22:39:53.845 D/ConnectivityService( 1496): NetReassign [no changes]
09-22 22:39:53.846 D/BluetoothPan( 4134): Binding service...
09-22 22:39:53.846 D/Ethernet( 1496): got request NetworkRequest [ REQUEST id=104, [ Capabilities: INTERNET&NOT_RESTRICTED&TRUSTED&NOT_VCN_MANAGED Uid: 1000 RequestorUid: 1000 RequestorPkg: com.android.settings] ]
09-22 22:39:53.846 D/WifiNetworkFactory( 1496): got request NetworkRequest [ REQUEST id=104, [ Capabilities: INTERNET&NOT_RESTRICTED&TRUSTED&NOT_VCN_MANAGED Uid: 1000 RequestorUid: 1000 RequestorPkg: com.android.settings] ]
09-22 22:39:53.846 D/EthernetNetworkFactory( 1496): acceptRequest, request: NetworkRequest [ REQUEST id=104, [ Capabilities: INTERNET&NOT_RESTRICTED&TRUSTED&NOT_VCN_MANAGED Uid: 1000 RequestorUid: 1000 RequestorPkg: com.android.settings] ]
09-22 22:39:53.846 I/EthernetNetworkFactory( 1496): networkForRequest, request: NetworkRequest [ REQUEST id=104, [ Capabilities: INTERNET&NOT_RESTRICTED&TRUSTED&NOT_VCN_MANAGED Uid: 1000 RequestorUid: 1000 RequestorPkg: com.android.settings] ], network: null
09-22 22:39:53.846 D/UntrustedWifiNetworkFactory( 1496): got request NetworkRequest [ REQUEST id=104, [ Capabilities: INTERNET&NOT_RESTRICTED&TRUSTED&NOT_VCN_MANAGED Uid: 1000 RequestorUid: 1000 RequestorPkg: com.android.settings] ]
09-22 22:39:53.847 D/OemPaidWifiNetworkFactory( 1496): got request NetworkRequest [ REQUEST id=104, [ Capabilities: INTERNET&NOT_RESTRICTED&TRUSTED&NOT_VCN_MANAGED Uid: 1000 RequestorUid: 1000 RequestorPkg: com.android.settings] ]
09-22 22:39:53.847 D/ConnectivityService( 1496): NetReassign [no changes]
09-22 22:39:53.847 I/sysui_multi_action( 4134): [757,746,758,1,833,0,1089,0]
09-22 22:39:53.847 D/SubscriptionsChangeListener( 4134): Start
09-22 22:39:53.848 D/TelephonyRegistry( 1496): listen oscl: mHasNotifySubscriptionInfoChangedOccurred==false no callback
09-22 22:39:53.848 D/MobileNetworkSummaryStatus( 4134): network summary query
09-22 22:39:53.848 W/MobileNetworkUtils( 4134): EuiccManager is not enabled.
09-22 22:39:53.849 E/TelephonyManager( 4134): Error in getUiccCardsInfo: unable to connect to Telephony service.
09-22 22:39:53.849 W/SelectableSubscriptions( 4134): Fail to request subIdList
09-22 22:39:53.849 W/SelectableSubscriptions( 4134): java.lang.NullPointerException: Attempt to invoke interface method 'int java.util.List.size()' on a null object reference
09-22 22:39:53.849 W/SelectableSubscriptions( 4134): at com.android.settings.network.helper.SelectableSubscriptions.call(SelectableSubscriptions.java:128)
09-22 22:39:53.849 W/SelectableSubscriptions( 4134): at com.android.settings.network.MobileNetworkSummaryStatus.getSubscriptions(MobileNetworkSummaryStatus.java:158)
09-22 22:39:53.849 W/SelectableSubscriptions( 4134): at com.android.settings.network.MobileNetworkSummaryStatus.update(MobileNetworkSummaryStatus.java:88)
09-22 22:39:53.849 W/SelectableSubscriptions( 4134): at com.android.settings.network.MobileNetworkSummaryController.update(MobileNetworkSummaryController.java:170)
09-22 22:39:53.849 W/SelectableSubscriptions( 4134): at com.android.settings.network.MobileNetworkSummaryController.onResume(MobileNetworkSummaryController.java:95)
09-22 22:39:53.849 W/SelectableSubscriptions( 4134): at java.lang.reflect.Method.invoke(Native Method)
09-22 22:39:53.849 W/SelectableSubscriptions( 4134): at androidx.lifecycle.ClassesInfoCache$MethodReference.invokeCallback(ClassesInfoCache.java:216)
09-22 22:39:53.849 W/SelectableSubscriptions( 4134): at androidx.lifecycle.ClassesInfoCache$CallbackInfo.invokeMethodsForEvent(ClassesInfoCache.java:194)
09-22 22:39:53.849 W/SelectableSubscriptions( 4134): at androidx.lifecycle.ClassesInfoCache$CallbackInfo.invokeCallbacks(ClassesInfoCache.java:185)
09-22 22:39:53.849 W/SelectableSubscriptions( 4134): at androidx.lifecycle.ReflectiveGenericLifecycleObserver.onStateChanged(ReflectiveGenericLifecycleObserver.java:37)
09-22 22:39:53.849 W/SelectableSubscriptions( 4134): at androidx.lifecycle.LifecycleRegistry$ObserverWithState.dispatchEvent(LifecycleRegistry.java:354)
09-22 22:39:53.849 W/SelectableSubscriptions( 4134): at androidx.lifecycle.LifecycleRegistry.forwardPass(LifecycleRegistry.java:265)
09-22 22:39:53.849 W/SelectableSubscriptions( 4134): at androidx.lifecycle.LifecycleRegistry.sync(LifecycleRegistry.java:307)
09-22 22:39:53.849 W/SelectableSubscriptions( 4134): at androidx.lifecycle.LifecycleRegistry.moveToState(LifecycleRegistry.java:148)
09-22 22:39:53.849 W/SelectableSubscriptions( 4134): at androidx.lifecycle.LifecycleRegistry.handleLifecycleEvent(LifecycleRegistry.java:134)
09-22 22:39:53.849 W/SelectableSubscriptions( 4134): at com.android.settingslib.core.lifecycle.ObservablePreferenceFragment.onResume(ObservablePreferenceFragment.java:87)
09-22 22:39:53.849 W/SelectableSubscriptions( 4134): at com.android.settings.core.InstrumentedPreferenceFragment.onResume(InstrumentedPreferenceFragment.java:77)
09-22 22:39:53.849 W/SelectableSubscriptions( 4134): at com.android.settings.SettingsPreferenceFragment.onResume(SettingsPreferenceFragment.java:198)
09-22 22:39:53.849 W/SelectableSubscriptions( 4134): at com.android.settings.dashboard.DashboardFragment.onResume(DashboardFragment.java:218)
09-22 22:39:53.849 W/SelectableSubscriptions( 4134): at androidx.fragment.app.Fragment.performResume(Fragment.java:3029)
09-22 22:39:53.849 W/SelectableSubscriptions( 4134): at androidx.fragment.app.FragmentStateManager.resume(FragmentStateManager.java:583)
09-22 22:39:53.849 W/SelectableSubscriptions( 4134): at androidx.fragment.app.FragmentStateManager.moveToExpectedState(FragmentStateManager.java:282)
09-22 22:39:53.849 W/SelectableSubscriptions( 4134): at androidx.fragment.app.FragmentStore.moveToExpectedState(FragmentStore.java:112)
09-22 22:39:53.849 W/SelectableSubscriptions( 4134): at androidx.fragment.app.FragmentManager.moveToState(FragmentManager.java:1667)
09-22 22:39:53.849 W/SelectableSubscriptions( 4134): at androidx.fragment.app.FragmentManager.dispatchStateChange(FragmentManager.java:3234)
09-22 22:39:53.849 W/SelectableSubscriptions( 4134): at androidx.fragment.app.FragmentManager.dispatchResume(FragmentManager.java:3192)
09-22 22:39:53.849 W/SelectableSubscriptions( 4134): at androidx.fragment.app.FragmentController.dispatchResume(FragmentController.java:273)
09-22 22:39:53.849 W/SelectableSubscriptions( 4134): at androidx.fragment.app.FragmentActivity.onResumeFragments(FragmentActivity.java:434)
09-22 22:39:53.849 W/SelectableSubscriptions( 4134): at androidx.fragment.app.FragmentActivity.onPostResume(FragmentActivity.java:423)
09-22 22:39:53.849 W/SelectableSubscriptions( 4134): at android.app.Activity.performResume(Activity.java:8235)
09-22 22:39:53.849 W/SelectableSubscriptions( 4134): at android.app.ActivityThread.performResumeActivity(ActivityThread.java:4748)
09-22 22:39:53.849 W/SelectableSubscriptions( 4134): at android.app.ActivityThread.handleResumeActivity(ActivityThread.java:4791)
09-22 22:39:53.849 W/SelectableSubscriptions( 4134): at android.app.servertransaction.TransactionExecutor.performLifecycleSequence(TransactionExecutor.java:225)
09-22 22:39:53.849 W/SelectableSubscriptions( 4134): at android.app.servertransaction.TransactionExecutor.cycleToPath(TransactionExecutor.java:201)
09-22 22:39:53.849 W/SelectableSubscriptions( 4134): at android.app.servertransaction.TransactionExecutor.executeCallbacks(TransactionExecutor.java:146)
09-22 22:39:53.849 W/SelectableSubscriptions( 4134): at android.app.servertransaction.TransactionExecutor.execute(TransactionExecutor.java:95)
09-22 22:39:53.849 W/SelectableSubscriptions( 4134): at android.app.ActivityThread$H.handleMessage(ActivityThread.java:2211)
09-22 22:39:53.849 W/SelectableSubscriptions( 4134): at android.os.Handler.dispatchMessage(Handler.java:106)
09-22 22:39:53.849 W/SelectableSubscriptions( 4134): at android.os.Looper.loopOnce(Looper.java:201)
09-22 22:39:53.849 W/SelectableSubscriptions( 4134): at android.os.Looper.loop(Looper.java:288)
09-22 22:39:53.849 W/SelectableSubscriptions( 4134): at android.app.ActivityThread.main(ActivityThread.java:7880)
09-22 22:39:53.849 W/SelectableSubscriptions( 4134): at java.lang.reflect.Method.invoke(Native Method)
09-22 22:39:53.849 W/SelectableSubscriptions( 4134): at com.android.internal.os.RuntimeInit$MethodAndArgsCaller.run(RuntimeInit.java:548)
09-22 22:39:53.849 W/SelectableSubscriptions( 4134): at com.android.internal.os.ZygoteInit.main(ZygoteInit.java:1009)
09-22 22:39:53.849 D/MobileNetworkSummaryStatus( 4134): network summary query ignored
09-22 22:39:53.849 D/SubscriptionsChangeListener( 4134): Start
09-22 22:39:53.849 D/TelephonyRegistry( 1496): listen oscl: mHasNotifySubscriptionInfoChangedOccurred==false no callback
09-22 22:39:53.851 D/ConnectivityService( 1496): NetReassign [no changes]
09-22 22:39:53.854 I/sysui_multi_action( 4134): [757,35,758,1,833,0,1089,0]
09-22 22:39:53.856 I/wm_on_top_resumed_gained_called( 4134): [159182179,com.android.settings.Settings,topStateChangedWhenResumed]
09-22 22:39:53.863 I/input_focus( 1496): [Focus request deebe52 com.android.settings/com.android.settings.Settings,reason=UpdateInputWindows]
09-22 22:39:53.875 W/BatteryBroadcastRcvr( 4134): Problem reading the battery meter.
09-22 22:39:53.877 D/BluetoothPan( 4134): Proxy object connected
09-22 22:39:53.878 D/BatteryInfo( 4134): time for callback: 0ms
09-22 22:39:53.878 D/BluetoothPan( 4134): Proxy object connected
09-22 22:39:53.879 I/EventSequenceValidator( 1496): dec AccIntentStartedEvents to 1
09-22 22:39:53.882 I/sysui_multi_action( 1496): [319,112,322,111,325,800,757,761,758,9,759,2,806,com.android.settings,871,com.android.settings.Settings,904,com.android.launcher3,905,0,1320,4,1321,1]
09-22 22:39:53.888 I/input_focus( 1496): [Focus leaving cdcb676 com.android.launcher3/com.android.launcher3.uioverrides.QuickstepLauncher (server),reason=setFocusedWindow]
09-22 22:39:53.888 I/input_focus( 1496): [Focus entering deebe52 com.android.settings/com.android.settings.Settings (server),reason=setFocusedWindow]
09-22 22:39:53.890 D/BatteryInfo( 4134): time for getStats: 0ms
09-22 22:39:53.890 D/BatteryInfo( 4134): time for regular BatteryInfo: 0ms
09-22 22:39:53.891 D/BatteryTipLoader( 4134): BatteryInfoLoader post query: 0ms
09-22 22:39:53.891 D/BatteryInfo( 4134): time for getBatteryInfo: 0ms
09-22 22:39:53.891 D/BatteryTipLoader( 4134): BatteryInfoLoader.loadInBackground: 0ms
09-22 22:39:53.891 D/BatteryInfo( 4134): time for getBatteryInfo: 0ms
09-22 22:39:53.892 D/Sogou ( 2628): onUnbindInput finish
09-22 22:39:53.893 D/Sogou ( 2628): onFinishInput:
09-22 22:39:53.904 D/BatteryInfo( 4134): time for callback: 0ms
09-22 22:39:53.990 D/audio_hw_primary( 806): out_set_parameters: enter: usecase(1: low-latency-playback) kvpairs: suspend_playback=true
09-22 22:39:53.990 D/audio_hw_extn( 806): audio_extn_fm_set_parameters: Enter
09-22 22:39:54.764 I/mpu_uart( 653): [MSG-P:RECV]:No message received in 1000 ms
09-22 22:39:54.991 D/audio_hw_primary( 806): out_set_parameters: enter: usecase(1: low-latency-playback) kvpairs: suspend_playback=false
09-22 22:39:54.991 D/audio_hw_extn( 806): audio_extn_fm_set_parameters: Enter
09-22 22:39:54.991 W/audio_hw_primary( 806): out_write: underrun(67) frames_by_time(48190) > out->last_fifo_frames_remaining(384)
09-22 22:39:55.031 D/audio_hw_primary( 806): out_set_parameters: enter: usecase(1: low-latency-playback) kvpairs: suspend_playback=true
09-22 22:39:55.031 D/audio_hw_extn( 806): audio_extn_fm_set_parameters: Enter
09-22 22:39:55.523 W/Choreographer( 4134): Frame time is 0.047714 ms in the future! Check that graphics HAL is generating vsync timestamps using the correct timebase.
09-22 22:39:55.764 I/mpu_uart( 653): [MSG-P:RECV]:No message received in 1000 ms
09-22 22:39:55.913 I/input_interaction( 1496): Interaction with: deebe52 com.android.settings/com.android.settings.Settings (server), edge-swipe (server), swipe-up (server), PointerEventDispatcher0 (server),
09-22 22:39:55.929 I/BpBinder( 961): onLastStrongRef automatically unlinking death recipients:
09-22 22:39:55.938 I/InputDispatcher( 1496): Monitor edge-swipe (server) is stealing touch from [deebe52 com.android.settings/com.android.settings.Settings (server), ]
09-22 22:39:55.938 I/BpBinder( 961): onLastStrongRef automatically unlinking death recipients:
09-22 22:39:55.938 I/view_enqueue_input_event( 4134): [Motion - Cancel,com.android.settings/com.android.settings.Settings]
09-22 22:39:55.951 I/input_interaction( 1496): Interaction with: edge-swipe (server), swipe-up (server), PointerEventDispatcher0 (server),
09-22 22:39:55.958 I/BpBinder( 961): onLastStrongRef automatically unlinking death recipients:
09-22 22:39:55.976 I/BpBinder( 961): onLastStrongRef automatically unlinking death recipients:
09-22 22:39:55.979 D/vendor.qti.vibrator( 883): Vibrator perform effect 2
09-22 22:39:55.980 D/vendor.qti.vibrator( 883): QTI Vibrator off
09-22 22:39:55.993 I/BpBinder( 961): onLastStrongRef automatically unlinking death recipients:
09-22 22:39:56.009 I/BpBinder( 961): onLastStrongRef automatically unlinking death recipients:
09-22 22:39:56.026 I/BpBinder( 961): onLastStrongRef automatically unlinking death recipients:
09-22 22:39:56.031 D/audio_hw_primary( 806): out_set_parameters: enter: usecase(1: low-latency-playback) kvpairs: suspend_playback=false
09-22 22:39:56.032 D/audio_hw_extn( 806): audio_extn_fm_set_parameters: Enter
09-22 22:39:56.032 W/audio_hw_primary( 806): out_write: underrun(68) frames_by_time(48160) > out->last_fifo_frames_remaining(384)
09-22 22:39:56.041 I/BpBinder( 961): onLastStrongRef automatically unlinking death recipients:
09-22 22:39:56.059 I/BpBinder( 961): onLastStrongRef automatically unlinking death recipients:
09-22 22:39:56.070 D/audio_hw_primary( 806): out_set_parameters: enter: usecase(1: low-latency-playback) kvpairs: suspend_playback=true
09-22 22:39:56.070 D/audio_hw_extn( 806): audio_extn_fm_set_parameters: Enter
09-22 22:39:56.075 I/BpBinder( 961): onLastStrongRef automatically unlinking death recipients:
09-22 22:39:56.092 I/BpBinder( 961): onLastStrongRef automatically unlinking death recipients:
09-22 22:39:56.109 I/BpBinder( 961): onLastStrongRef automatically unlinking death recipients:
09-22 22:39:56.146 I/sysui_multi_action( 1496): [757,803,799,key_back_press,802,1]
09-22 22:39:56.148 I/BpBinder( 961): onLastStrongRef automatically unlinking death recipients:
09-22 22:39:56.148 I/input_interaction( 1496): Interaction with: deebe52 com.android.settings/com.android.settings.Settings (server), PointerEventDispatcher0 (server),
09-22 22:39:56.152 I/ActivityTaskManager( 1496): moveTaskToBack: Task{509db8d #32 type=standard A=1000:com.android.settings.root U=0 visible=true mode=freeform translucent=false sz=1}
09-22 22:39:56.152 I/wm_task_moved( 1496): [32,0,0]
09-22 22:39:56.156 I/wm_focused_root_task( 1496): [0,0,1,32,moveTaskToBackLocked]
09-22 22:39:56.158 I/wm_on_top_resumed_lost_called( 4134): [159182179,com.android.settings.Settings,topStateChangedWhenResumed]
09-22 22:39:56.160 I/input_focus( 1496): [Focus request cdcb676 com.android.launcher3/com.android.launcher3.uioverrides.QuickstepLauncher,reason=UpdateInputWindows]
09-22 22:39:56.164 I/wm_on_top_resumed_gained_called( 2390): [261001500,com.android.launcher3.uioverrides.QuickstepLauncher,topStateChangedWhenResumed]
09-22 22:39:56.176 I/input_focus( 1496): [Focus leaving deebe52 com.android.settings/com.android.settings.Settings (server),reason=setFocusedWindow]
09-22 22:39:56.176 I/input_focus( 1496): [Focus entering cdcb676 com.android.launcher3/com.android.launcher3.uioverrides.QuickstepLauncher (server),reason=setFocusedWindow]
09-22 22:39:56.180 D/Sogou ( 2628): onUnbindInput finish
09-22 22:39:56.180 D/Sogou ( 2628): onFinishInput:
09-22 22:39:56.278 I/mpu_uart( 653): [MSG-P:R]:recv sync frame timeout
09-22 22:39:56.764 I/mpu_uart( 653): [MSG-P:RECV]:No message received in 1000 ms
09-22 22:39:56.788 E/TaskPersister( 1496): File error accessing recents directory (directory doesn't exist?).
09-22 22:39:57.069 I/input_interaction( 1496): Interaction with: deebe52 com.android.settings/com.android.settings.Settings (server), edge-swipe (server), swipe-up (server), PointerEventDispatcher0 (server),
09-22 22:39:57.071 I/wm_task_moved( 1496): [32,1,6]
09-22 22:39:57.071 I/wm_task_to_front( 1496): [0,32]
09-22 22:39:57.071 D/audio_hw_primary( 806): out_set_parameters: enter: usecase(1: low-latency-playback) kvpairs: suspend_playback=false
09-22 22:39:57.071 D/audio_hw_extn( 806): audio_extn_fm_set_parameters: Enter
09-22 22:39:57.072 D/audio_hw_primary( 806): out_standby: enter: stream (0xe45464c0) usecase(1: low-latency-playback)
09-22 22:39:57.076 I/wm_set_resumed_activity( 1496): [0,com.android.settings/.Settings,positionChildAt]
09-22 22:39:57.076 I/wm_focused_root_task( 1496): [0,0,32,1,setFocusedTask]
09-22 22:39:57.076 I/wm_set_resumed_activity( 1496): [0,com.android.settings/.Settings,setFocusedTask]
09-22 22:39:57.077 I/input_focus( 1496): [Focus request deebe52 com.android.settings/com.android.settings.Settings,reason=UpdateInputWindows]
09-22 22:39:57.081 I/wm_on_top_resumed_lost_called( 2390): [261001500,com.android.launcher3.uioverrides.QuickstepLauncher,topStateChangedWhenResumed]
09-22 22:39:57.082 I/wm_on_top_resumed_gained_called( 4134): [159182179,com.android.settings.Settings,topStateChangedWhenResumed]
09-22 22:39:57.095 D/audio_hw_primary( 806): disable_audio_route: reset and update mixer path: low-latency-playback
09-22 22:39:57.096 E/soundtrigger( 806): audio_extn_sound_trigger_update_stream_status: invalid input device 0x0, for event 2
09-22 22:39:57.096 D/soundtrigger( 806): audio_extn_sound_trigger_update_stream_status: uc_info->id 1 of type 0 for Event 2, with Raise=0
09-22 22:39:57.096 D/msm8974_platform( 806): platform_split_snd_device: snd_device(2) num devices(0) new_snd_devices(0)
09-22 22:39:57.096 I/msm8974_platform( 806): platform_get_custom_mtmx_params: no matching param with id 0 ip_ch 2 op_ch 2 uc_id 1 snd_dev 2
09-22 22:39:57.096 D/hardware_info( 806): hw_info_append_hw_type : device_name = speaker
09-22 22:39:57.096 D/audio_hw_primary( 806): disable_snd_device: snd_device(2: speaker)
09-22 22:39:57.096 D/msm8974_platform( 806): platform_split_snd_device: snd_device(2) num devices(0) new_snd_devices(0)
09-22 22:39:57.096 I/soundtrigger( 806): audio_extn_sound_trigger_update_device_status: device 0x2 of type 0 for Event 0, with Raise=0
09-22 22:39:57.096 D/audio_hw_primary( 806): out_standby: exit
09-22 22:39:57.098 I/input_focus( 1496): [Focus leaving cdcb676 com.android.launcher3/com.android.launcher3.uioverrides.QuickstepLauncher (server),reason=setFocusedWindow]
09-22 22:39:57.098 I/input_focus( 1496): [Focus entering deebe52 com.android.settings/com.android.settings.Settings (server),reason=setFocusedWindow]
09-22 22:39:57.104 D/Sogou ( 2628): onUnbindInput finish
09-22 22:39:57.105 D/Sogou ( 2628): onFinishInput:
09-22 22:39:57.344 I/hwservicemanager( 515): getTransport: Cannot find entry android.hardware.light@2.0::ILight/default in either framework or device VINTF manifest.
09-22 22:39:57.346 E/light ( 4676): light_open lights keyboard failed: -22
09-22 22:39:57.346 E/light ( 4676): Light passthrough failed to load legacy HAL.
09-22 22:39:57.347 E/light ( 4676): light_open lights buttons failed: -22
09-22 22:39:57.347 E/light ( 4676): Light passthrough failed to load legacy HAL.
09-22 22:39:57.348 E/light ( 4676): light_open lights bluetooth failed: -22
09-22 22:39:57.348 E/light ( 4676): Light passthrough failed to load legacy HAL.
09-22 22:39:57.348 E/light ( 4676): light_open lights wifi failed: -22
09-22 22:39:57.348 E/light ( 4676): Light passthrough failed to load legacy HAL.
09-22 22:39:57.349 I/hwservicemanager( 515): getTransport: Cannot find entry android.hardware.light@2.0::ILight/default in either framework or device VINTF manifest.
09-22 22:39:57.349 E/HidlServiceManagement( 4676): Service android.hardware.light@2.0::ILight/default must be in VINTF manifest in order to register/get.
09-22 22:39:57.349 E/LegacySupport( 4676): Could not register service android.hardware.light@2.0::ILight/default (-2147483648).
09-22 22:39:57.765 I/mpu_uart( 653): [MSG-P:RECV]:No message received in 1000 ms
09-22 22:39:58.267 F/linker ( 4678): CANNOT LINK EXECUTABLE "/vendor/bin/hw/sxrservice": library "vendor.qti.hardware.qxr-V1-ndk_platform.so" not found: needed by main executable
09-22 22:39:58.268 F/linker ( 4677): CANNOT LINK EXECUTABLE "/vendor/bin/hw/qvrservice": library "vendor.qti.hardware.qxr-V1-ndk_platform.so" not found: needed by /vendor/lib64/libqvrservice.so in namespace (default)
09-22 22:39:58.765 I/mpu_uart( 653): [MSG-P:RECV]:No message received in 1000 ms
09-22 22:39:59.011 I/BpBinder( 961): onLastStrongRef automatically unlinking death recipients:
09-22 22:39:59.027 I/BpBinder( 961): onLastStrongRef automatically unlinking death recipients:
09-22 22:39:59.051 I/BpBinder( 961): onLastStrongRef automatically unlinking death recipients:
09-22 22:39:59.080 I/BpBinder( 961): onLastStrongRef automatically unlinking death recipients:
09-22 22:39:59.282 I/mpu_uart( 653): [MSG-P:R]:recv sync frame timeout
09-22 22:39:59.765 I/mpu_uart( 653): [MSG-P:RECV]:No message received in 1000 ms
09-22 22:40:00.004 D/KeyguardUpdateMonitor( 1811): received broadcast android.intent.action.TIME_TICK
09-22 22:40:00.004 D/KeyguardUpdateMonitor( 1811): handleTimeUpdate
09-22 22:40:00.065 I/BpBinder( 961): onLastStrongRef automatically unlinking death recipients:
09-22 22:40:00.133 I/BpBinder( 961): onLastStrongRef automatically unlinking death recipients:
09-22 22:40:00.146 I/InputDispatcher( 1496): Monitor edge-swipe (server) is stealing touch from [deebe52 com.android.settings/com.android.settings.Settings (server), ]
09-22 22:40:00.146 I/view_enqueue_input_event( 4134): [Motion - Cancel,com.android.settings/com.android.settings.Settings]
09-22 22:40:00.159 I/input_interaction( 1496): Interaction with: edge-swipe (server), swipe-up (server), PointerEventDispatcher0 (server),
09-22 22:40:00.168 I/BpBinder( 961): onLastStrongRef automatically unlinking death recipients:
09-22 22:40:00.186 I/BpBinder( 961): onLastStrongRef automatically unlinking death recipients:
09-22 22:40:00.189 D/vendor.qti.vibrator( 883): Vibrator perform effect 2
09-22 22:40:00.190 D/vendor.qti.vibrator( 883): QTI Vibrator off
09-22 22:40:00.202 I/BpBinder( 961): onLastStrongRef automatically unlinking death recipients:
09-22 22:40:00.218 I/BpBinder( 961): onLastStrongRef automatically unlinking death recipients:
09-22 22:40:00.235 I/BpBinder( 961): onLastStrongRef automatically unlinking death recipients:
09-22 22:40:00.252 I/BpBinder( 961): onLastStrongRef automatically unlinking death recipients:
09-22 22:40:00.269 I/BpBinder( 961): onLastStrongRef automatically unlinking death recipients:
09-22 22:40:00.285 I/BpBinder( 961): onLastStrongRef automatically unlinking death recipients:
09-22 22:40:00.302 I/BpBinder( 961): onLastStrongRef automatically unlinking death recipients:
09-22 22:40:00.319 I/BpBinder( 961): onLastStrongRef automatically unlinking death recipients:
09-22 22:40:00.335 I/BpBinder( 961): onLastStrongRef automatically unlinking death recipients:
09-22 22:40:00.381 I/sysui_multi_action( 1496): [757,803,799,key_back_press,802,1]
09-22 22:40:00.384 I/BpBinder( 961): onLastStrongRef automatically unlinking death recipients:
09-22 22:40:00.385 I/input_interaction( 1496): Interaction with: deebe52 com.android.settings/com.android.settings.Settings (server), PointerEventDispatcher0 (server),
09-22 22:40:00.388 I/ActivityTaskManager( 1496): moveTaskToBack: Task{509db8d #32 type=standard A=1000:com.android.settings.root U=0 visible=true mode=freeform translucent=true sz=1}
09-22 22:40:00.388 I/wm_task_moved( 1496): [32,0,0]
09-22 22:40:00.388 D/vendor.qti.vibrator( 883): Vibrator perform effect 0
09-22 22:40:00.389 D/vendor.qti.vibrator( 883): QTI Vibrator off
09-22 22:40:00.393 I/wm_focused_root_task( 1496): [0,0,1,32,moveTaskToBackLocked]
09-22 22:40:00.394 I/wm_on_top_resumed_lost_called( 4134): [159182179,com.android.settings.Settings,topStateChangedWhenResumed]
09-22 22:40:00.394 I/input_focus( 1496): [Focus request cdcb676 com.android.launcher3/com.android.launcher3.uioverrides.QuickstepLauncher,reason=UpdateInputWindows]
09-22 22:40:00.399 I/wm_on_top_resumed_gained_called( 2390): [261001500,com.android.launcher3.uioverrides.QuickstepLauncher,topStateChangedWhenResumed]
09-22 22:40:00.403 I/input_focus( 1496): [Focus leaving deebe52 com.android.settings/com.android.settings.Settings (server),reason=setFocusedWindow]
09-22 22:40:00.403 I/input_focus( 1496): [Focus entering cdcb676 com.android.launcher3/com.android.launcher3.uioverrides.QuickstepLauncher (server),reason=setFocusedWindow]
09-22 22:40:00.410 D/Sogou ( 2628): onUnbindInput finish
09-22 22:40:00.411 D/Sogou ( 2628): onFinishInput:
09-22 22:40:00.765 I/mpu_uart( 653): [MSG-P:RECV]:No message received in 1000 ms
09-22 22:40:01.117 I/input_interaction( 1496): Interaction with: deebe52 com.android.settings/com.android.settings.Settings (server), edge-swipe (server), swipe-up (server), PointerEventDispatcher0 (server),
09-22 22:40:01.119 I/wm_task_moved( 1496): [32,1,6]
09-22 22:40:01.119 I/wm_task_to_front( 1496): [0,32]
09-22 22:40:01.124 I/wm_set_resumed_activity( 1496): [0,com.android.settings/.Settings,positionChildAt]
09-22 22:40:01.124 I/wm_focused_root_task( 1496): [0,0,32,1,setFocusedTask]
09-22 22:40:01.124 I/wm_set_resumed_activity( 1496): [0,com.android.settings/.Settings,setFocusedTask]
09-22 22:40:01.125 I/input_focus( 1496): [Focus request deebe52 com.android.settings/com.android.settings.Settings,reason=UpdateInputWindows]
09-22 22:40:01.126 I/wm_on_top_resumed_lost_called( 2390): [261001500,com.android.launcher3.uioverrides.QuickstepLauncher,topStateChangedWhenResumed]
09-22 22:40:01.127 I/wm_on_top_resumed_gained_called( 4134): [159182179,com.android.settings.Settings,topStateChangedWhenResumed]
09-22 22:40:01.154 I/input_focus( 1496): [Focus leaving cdcb676 com.android.launcher3/com.android.launcher3.uioverrides.QuickstepLauncher (server),reason=setFocusedWindow]
09-22 22:40:01.154 I/input_focus( 1496): [Focus entering deebe52 com.android.settings/com.android.settings.Settings (server),reason=setFocusedWindow]
09-22 22:40:01.161 D/Sogou ( 2628): onUnbindInput finish
09-22 22:40:01.161 D/Sogou ( 2628): onFinishInput:
09-22 22:40:01.766 I/mpu_uart( 653): [MSG-P:RECV]:No message received in 1000 ms
09-22 22:40:02.229 I/BpBinder( 961): onLastStrongRef automatically unlinking death recipients:
09-22 22:40:02.270 I/BpBinder( 961): onLastStrongRef automatically unlinking death recipients:
09-22 22:40:02.285 I/mpu_uart( 653): [MSG-P:R]:recv sync frame timeout
09-22 22:40:02.298 I/InputDispatcher( 1496): Monitor edge-swipe (server) is stealing touch from [deebe52 com.android.settings/com.android.settings.Settings (server), ]
09-22 22:40:02.298 I/BpBinder( 961): onLastStrongRef automatically unlinking death recipients:
09-22 22:40:02.298 I/view_enqueue_input_event( 4134): [Motion - Cancel,com.android.settings/com.android.settings.Settings]
09-22 22:40:02.311 I/input_interaction( 1496): Interaction with: edge-swipe (server), swipe-up (server), PointerEventDispatcher0 (server),
09-22 22:40:02.341 I/BpBinder( 961): onLastStrongRef automatically unlinking death recipients:
09-22 22:40:02.343 D/vendor.qti.vibrator( 883): Vibrator perform effect 2
09-22 22:40:02.343 D/vendor.qti.vibrator( 883): QTI Vibrator off
09-22 22:40:02.351 I/hwservicemanager( 515): getTransport: Cannot find entry android.hardware.light@2.0::ILight/default in either framework or device VINTF manifest.
09-22 22:40:02.354 E/light ( 4686): light_open lights keyboard failed: -22
09-22 22:40:02.354 E/light ( 4686): Light passthrough failed to load legacy HAL.
09-22 22:40:02.355 E/light ( 4686): light_open lights buttons failed: -22
09-22 22:40:02.355 E/light ( 4686): Light passthrough failed to load legacy HAL.
09-22 22:40:02.356 E/light ( 4686): light_open lights bluetooth failed: -22
09-22 22:40:02.356 E/light ( 4686): Light passthrough failed to load legacy HAL.
09-22 22:40:02.357 E/light ( 4686): light_open lights wifi failed: -22
09-22 22:40:02.357 E/light ( 4686): Light passthrough failed to load legacy HAL.
09-22 22:40:02.357 I/hwservicemanager( 515): getTransport: Cannot find entry android.hardware.light@2.0::ILight/default in either framework or device VINTF manifest.
09-22 22:40:02.358 E/HidlServiceManagement( 4686): Service android.hardware.light@2.0::ILight/default must be in VINTF manifest in order to register/get.
09-22 22:40:02.358 E/LegacySupport( 4686): Could not register service android.hardware.light@2.0::ILight/default (-2147483648).
09-22 22:40:02.358 I/BpBinder( 961): onLastStrongRef automatically unlinking death recipients:
09-22 22:40:02.374 I/BpBinder( 961): onLastStrongRef automatically unlinking death recipients:
09-22 22:40:02.390 I/BpBinder( 961): onLastStrongRef automatically unlinking death recipients:
09-22 22:40:02.407 I/BpBinder( 961): onLastStrongRef automatically unlinking death recipients:
09-22 22:40:02.424 I/BpBinder( 961): onLastStrongRef automatically unlinking death recipients:
09-22 22:40:02.441 I/BpBinder( 961): onLastStrongRef automatically unlinking death recipients:
09-22 22:40:02.457 I/BpBinder( 961): onLastStrongRef automatically unlinking death recipients:
09-22 22:40:02.474 I/BpBinder( 961): onLastStrongRef automatically unlinking death recipients:
09-22 22:40:02.491 I/BpBinder( 961): onLastStrongRef automatically unlinking death recipients:
09-22 22:40:02.508 I/BpBinder( 961): onLastStrongRef automatically unlinking death recipients:
09-22 22:40:02.525 I/BpBinder( 961): onLastStrongRef automatically unlinking death recipients:
09-22 22:40:02.541 I/BpBinder( 961): onLastStrongRef automatically unlinking death recipients:
09-22 22:40:02.557 I/BpBinder( 961): onLastStrongRef automatically unlinking death recipients:
09-22 22:40:02.574 I/BpBinder( 961): onLastStrongRef automatically unlinking death recipients:
09-22 22:40:02.591 I/BpBinder( 961): onLastStrongRef automatically unlinking death recipients:
09-22 22:40:02.608 I/BpBinder( 961): onLastStrongRef automatically unlinking death recipients:
09-22 22:40:02.624 I/BpBinder( 961): onLastStrongRef automatically unlinking death recipients:
09-22 22:40:02.641 I/BpBinder( 961): onLastStrongRef automatically unlinking death recipients:
09-22 22:40:02.658 I/BpBinder( 961): onLastStrongRef automatically unlinking death recipients:
09-22 22:40:02.711 I/sysui_multi_action( 1496): [757,803,799,key_back_press,802,1]
09-22 22:40:02.714 I/BpBinder( 961): onLastStrongRef automatically unlinking death recipients:
09-22 22:40:02.716 I/input_interaction( 1496): Interaction with: deebe52 com.android.settings/com.android.settings.Settings (server), PointerEventDispatcher0 (server),
09-22 22:40:02.717 I/ActivityTaskManager( 1496): moveTaskToBack: Task{509db8d #32 type=standard A=1000:com.android.settings.root U=0 visible=true mode=freeform translucent=true sz=1}
09-22 22:40:02.718 I/wm_task_moved( 1496): [32,0,0]
09-22 22:40:02.721 I/wm_focused_root_task( 1496): [0,0,1,32,moveTaskToBackLocked]
09-22 22:40:02.722 I/wm_on_top_resumed_lost_called( 4134): [159182179,com.android.settings.Settings,topStateChangedWhenResumed]
09-22 22:40:02.722 I/input_focus( 1496): [Focus request cdcb676 com.android.launcher3/com.android.launcher3.uioverrides.QuickstepLauncher,reason=UpdateInputWindows]
09-22 22:40:02.723 I/wm_on_top_resumed_gained_called( 2390): [261001500,com.android.launcher3.uioverrides.QuickstepLauncher,topStateChangedWhenResumed]
09-22 22:40:02.742 I/input_focus( 1496): [Focus leaving deebe52 com.android.settings/com.android.settings.Settings (server),reason=setFocusedWindow]
09-22 22:40:02.742 I/input_focus( 1496): [Focus entering cdcb676 com.android.launcher3/com.android.launcher3.uioverrides.QuickstepLauncher (server),reason=setFocusedWindow]
09-22 22:40:02.747 D/Sogou ( 2628): onUnbindInput finish
09-22 22:40:02.748 D/Sogou ( 2628): onFinishInput:
09-22 22:40:02.766 I/mpu_uart( 653): [MSG-P:RECV]:No message received in 1000 ms
09-22 22:40:03.282 F/linker ( 4689): CANNOT LINK EXECUTABLE "/vendor/bin/hw/sxrservice": library "vendor.qti.hardware.qxr-V1-ndk_platform.so" not found: needed by main executable
09-22 22:40:03.282 F/linker ( 4688): CANNOT LINK EXECUTABLE "/vendor/bin/hw/qvrservice": library "vendor.qti.hardware.qxr-V1-ndk_platform.so" not found: needed by /vendor/lib64/libqvrservice.so in namespace (default)
09-22 22:40:03.766 I/mpu_uart( 653): [MSG-P:RECV]:No message received in 1000 ms
09-22 22:40:04.682 I/input_interaction( 1496): Interaction with: deebe52 com.android.settings/com.android.settings.Settings (server), edge-swipe (server), swipe-up (server), PointerEventDispatcher0 (server),
09-22 22:40:04.685 I/wm_task_moved( 1496): [32,1,6]
09-22 22:40:04.685 I/wm_task_to_front( 1496): [0,32]
09-22 22:40:04.690 I/wm_set_resumed_activity( 1496): [0,com.android.settings/.Settings,positionChildAt]
09-22 22:40:04.690 I/wm_focused_root_task( 1496): [0,0,32,1,setFocusedTask]
09-22 22:40:04.690 I/wm_set_resumed_activity( 1496): [0,com.android.settings/.Settings,setFocusedTask]
09-22 22:40:04.690 I/wm_on_top_resumed_lost_called( 2390): [261001500,com.android.launcher3.uioverrides.QuickstepLauncher,topStateChangedWhenResumed]
09-22 22:40:04.691 I/input_focus( 1496): [Focus request deebe52 com.android.settings/com.android.settings.Settings,reason=UpdateInputWindows]
09-22 22:40:04.693 I/wm_on_top_resumed_gained_called( 4134): [159182179,com.android.settings.Settings,topStateChangedWhenResumed]
09-22 22:40:04.724 I/input_focus( 1496): [Focus leaving cdcb676 com.android.launcher3/com.android.launcher3.uioverrides.QuickstepLauncher (server),reason=setFocusedWindow]
09-22 22:40:04.725 I/input_focus( 1496): [Focus entering deebe52 com.android.settings/com.android.settings.Settings (server),reason=setFocusedWindow]
09-22 22:40:04.732 D/Sogou ( 2628): onUnbindInput finish
09-22 22:40:04.732 D/Sogou ( 2628): onFinishInput:
09-22 22:40:04.766 I/mpu_uart( 653): [MSG-P:RECV]:No message received in 1000 ms
09-22 22:40:05.286 I/mpu_uart( 653): [MSG-P:R]:recv sync frame timeout
09-22 22:40:05.767 I/mpu_uart( 653): [MSG-P:RECV]:No message received in 1000 ms
09-22 22:40:06.183 I/InputDispatcher( 1496): Monitor swipe-up (server) is stealing touch from [deebe52 com.android.settings/com.android.settings.Settings (server), ]
09-22 22:40:06.183 I/view_enqueue_input_event( 4134): [Motion - Cancel,com.android.settings/com.android.settings.Settings]
09-22 22:40:06.185 I/input_interaction( 1496): Interaction with: edge-swipe (server), swipe-up (server), PointerEventDispatcher0 (server),
09-22 22:40:06.709 I/ActivityTaskManager( 1496): START u0 {act=android.intent.action.MAIN cat=[android.intent.category.HOME] flg=0x10000000 cmp=com.android.launcher3/.uioverrides.QuickstepLauncher} from uid 10076
09-22 22:40:06.709 I/EventSequenceValidator( 1496): inc AccIntentStartedEvents to 2
09-22 22:40:06.717 I/wm_task_moved( 1496): [1,1,6]
09-22 22:40:06.718 I/wm_on_top_resumed_lost_called( 4134): [159182179,com.android.settings.Settings,topStateChangedWhenResumed]
09-22 22:40:06.718 I/wm_set_resumed_activity( 1496): [0,com.android.launcher3/.uioverrides.QuickstepLauncher,positionChildAt]
09-22 22:40:06.718 I/wm_task_moved( 1496): [19,1,2147483647]
09-22 22:40:06.718 I/wm_task_to_front( 1496): [0,19]
09-22 22:40:06.719 I/wm_focused_root_task( 1496): [0,0,1,32,bringingFoundTaskToFront]
09-22 22:40:06.719 I/wm_set_resumed_activity( 1496): [0,com.android.launcher3/.uioverrides.QuickstepLauncher,bringingFoundTaskToFront]
09-22 22:40:06.719 I/wm_new_intent( 1496): [0,261001500,19,com.android.launcher3/.uioverrides.QuickstepLauncher,android.intent.action.MAIN,NULL,NULL,268435712]
09-22 22:40:06.719 I/wm_task_moved( 1496): [1,1,6]
09-22 22:40:06.720 I/wm_set_resumed_activity( 1496): [0,com.android.launcher3/.uioverrides.QuickstepLauncher,positionChildAt]
09-22 22:40:06.725 I/input_focus( 1496): [Focus request cdcb676 com.android.launcher3/com.android.launcher3.uioverrides.QuickstepLauncher,reason=UpdateInputWindows]
09-22 22:40:06.727 I/wm_on_paused_called( 2390): [261001500,com.android.launcher3.uioverrides.QuickstepLauncher,performPause]
09-22 22:40:06.728 I/EventSequenceValidator( 1496): dec AccIntentStartedEvents to 1
09-22 22:40:06.732 I/wm_on_resume_called( 2390): [261001500,com.android.launcher3.uioverrides.QuickstepLauncher,LIFECYCLER_RESUME_ACTIVITY]
09-22 22:40:06.735 V/ShadeControllerImpl( 1811): NotificationShadeWindow: com.android.systemui.statusbar.phone.NotificationShadeWindowView{6600874 I.E...... ......ID 0,0-2380,1020} canPanelBeCollapsed(): false
09-22 22:40:06.738 I/wm_on_top_resumed_gained_called( 2390): [261001500,com.android.launcher3.uioverrides.QuickstepLauncher,topStateChangedWhenResumed]
09-22 22:40:06.751 I/input_focus( 1496): [Focus leaving deebe52 com.android.settings/com.android.settings.Settings (server),reason=setFocusedWindow]
09-22 22:40:06.751 I/input_focus( 1496): [Focus entering cdcb676 com.android.launcher3/com.android.launcher3.uioverrides.QuickstepLauncher (server),reason=setFocusedWindow]
09-22 22:40:06.757 D/Sogou ( 2628): onUnbindInput finish
09-22 22:40:06.758 D/Sogou ( 2628): onFinishInput:
