09-22 22:39:41.607 E/DisplayDeviceConfig( 1496): requesting nits when no mapping exists.
09-22 22:39:41.608 E/DisplayDeviceConfig( 1496): requesting nits when no mapping exists.
09-22 22:39:41.608 I/am_wtf ( 1496): [0,1496,system_server,-1,DisplayDeviceConfig,requesting nits when no mapping exists.]
09-22 22:39:41.609 I/am_wtf ( 1496): [0,1496,system_server,-1,DisplayDeviceConfig,requesting nits when no mapping exists.]
09-22 22:39:41.624 E/DisplayDeviceConfig( 1496): requesting nits when no mapping exists.
09-22 22:39:41.624 E/DisplayDeviceConfig( 1496): requesting nits when no mapping exists.
09-22 22:39:41.624 I/am_wtf ( 1496): [0,1496,system_server,-1,DisplayDeviceConfig,requesting nits when no mapping exists.]
09-22 22:39:41.625 I/am_wtf ( 1496): [0,1496,system_server,-1,DisplayDeviceConfig,requesting nits when no mapping exists.]
09-22 22:39:41.640 E/DisplayDeviceConfig( 1496): requesting nits when no mapping exists.
09-22 22:39:41.640 E/DisplayDeviceConfig( 1496): requesting nits when no mapping exists.
09-22 22:39:41.641 I/am_wtf ( 1496): [0,1496,system_server,-1,DisplayDeviceConfig,requesting nits when no mapping exists.]
09-22 22:39:41.641 I/am_wtf ( 1496): [0,1496,system_server,-1,DisplayDeviceConfig,requesting nits when no mapping exists.]
09-22 22:39:41.657 E/DisplayDeviceConfig( 1496): requesting nits when no mapping exists.
09-22 22:39:41.658 E/DisplayDeviceConfig( 1496): requesting nits when no mapping exists.
09-22 22:39:41.658 I/am_wtf ( 1496): [0,1496,system_server,-1,DisplayDeviceConfig,requesting nits when no mapping exists.]
09-22 22:39:41.659 I/am_wtf ( 1496): [0,1496,system_server,-1,DisplayDeviceConfig,requesting nits when no mapping exists.]
09-22 22:39:41.673 E/DisplayDeviceConfig( 1496): requesting nits when no mapping exists.
09-22 22:39:41.674 E/DisplayDeviceConfig( 1496): requesting nits when no mapping exists.
09-22 22:39:41.674 I/am_wtf ( 1496): [0,1496,system_server,-1,DisplayDeviceConfig,requesting nits when no mapping exists.]
09-22 22:39:41.675 I/am_wtf ( 1496): [0,1496,system_server,-1,DisplayDeviceConfig,requesting nits when no mapping exists.]
09-22 22:39:41.690 E/DisplayDeviceConfig( 1496): requesting nits when no mapping exists.
09-22 22:39:41.691 E/DisplayDeviceConfig( 1496): requesting nits when no mapping exists.
09-22 22:39:41.691 I/am_wtf ( 1496): [0,1496,system_server,-1,DisplayDeviceConfig,requesting nits when no mapping exists.]
09-22 22:39:41.692 I/am_wtf ( 1496): [0,1496,system_server,-1,DisplayDeviceConfig,requesting nits when no mapping exists.]
09-22 22:39:41.707 E/DisplayDeviceConfig( 1496): requesting nits when no mapping exists.
09-22 22:39:41.708 E/DisplayDeviceConfig( 1496): requesting nits when no mapping exists.
09-22 22:39:41.708 I/am_wtf ( 1496): [0,1496,system_server,-1,DisplayDeviceConfig,requesting nits when no mapping exists.]
09-22 22:39:41.709 I/service_manager_stats( 1496): [100,63,246824]
09-22 22:39:41.709 I/am_wtf ( 1496): [0,1496,system_server,-1,DisplayDeviceConfig,requesting nits when no mapping exists.]
09-22 22:39:41.724 E/DisplayDeviceConfig( 1496): requesting nits when no mapping exists.
09-22 22:39:41.724 E/DisplayDeviceConfig( 1496): requesting nits when no mapping exists.
09-22 22:39:41.724 I/am_wtf ( 1496): [0,1496,system_server,-1,DisplayDeviceConfig,requesting nits when no mapping exists.]
09-22 22:39:41.725 I/am_wtf ( 1496): [0,1496,system_server,-1,DisplayDeviceConfig,requesting nits when no mapping exists.]
09-22 22:39:41.741 E/DisplayDeviceConfig( 1496): requesting nits when no mapping exists.
09-22 22:39:41.741 E/DisplayDeviceConfig( 1496): requesting nits when no mapping exists.
09-22 22:39:41.741 I/am_wtf ( 1496): [0,1496,system_server,-1,DisplayDeviceConfig,requesting nits when no mapping exists.]
09-22 22:39:41.742 I/am_wtf ( 1496): [0,1496,system_server,-1,DisplayDeviceConfig,requesting nits when no mapping exists.]
09-22 22:39:41.758 E/DisplayDeviceConfig( 1496): requesting nits when no mapping exists.
09-22 22:39:41.758 I/am_wtf ( 1496): [0,1496,system_server,-1,DisplayDeviceConfig,requesting nits when no mapping exists.]
09-22 22:39:41.758 E/DisplayDeviceConfig( 1496): requesting nits when no mapping exists.
09-22 22:39:41.760 I/am_wtf ( 1496): [0,1496,system_server,-1,DisplayDeviceConfig,requesting nits when no mapping exists.]
09-22 22:39:41.760 I/mpu_uart( 653): [MSG-P:RECV]:No message received in 1000 ms
09-22 22:39:41.774 E/DisplayDeviceConfig( 1496): requesting nits when no mapping exists.
09-22 22:39:41.775 E/DisplayDeviceConfig( 1496): requesting nits when no mapping exists.
09-22 22:39:41.775 I/am_wtf ( 1496): [0,1496,system_server,-1,DisplayDeviceConfig,requesting nits when no mapping exists.]
09-22 22:39:41.776 I/am_wtf ( 1496): [0,1496,system_server,-1,DisplayDeviceConfig,requesting nits when no mapping exists.]
09-22 22:39:41.791 E/DisplayDeviceConfig( 1496): requesting nits when no mapping exists.
09-22 22:39:41.791 E/DisplayDeviceConfig( 1496): requesting nits when no mapping exists.
09-22 22:39:41.791 I/am_wtf ( 1496): [0,1496,system_server,-1,DisplayDeviceConfig,requesting nits when no mapping exists.]
09-22 22:39:41.792 I/am_wtf ( 1496): [0,1496,system_server,-1,DisplayDeviceConfig,requesting nits when no mapping exists.]
09-22 22:39:41.808 E/DisplayDeviceConfig( 1496): requesting nits when no mapping exists.
09-22 22:39:41.809 I/am_wtf ( 1496): [0,1496,system_server,-1,DisplayDeviceConfig,requesting nits when no mapping exists.]
09-22 22:39:41.809 E/DisplayDeviceConfig( 1496): requesting nits when no mapping exists.
09-22 22:39:41.810 I/am_wtf ( 1496): [0,1496,system_server,-1,DisplayDeviceConfig,requesting nits when no mapping exists.]
09-22 22:39:41.824 E/DisplayDeviceConfig( 1496): requesting nits when no mapping exists.
09-22 22:39:41.825 E/DisplayDeviceConfig( 1496): requesting nits when no mapping exists.
09-22 22:39:41.825 I/am_wtf ( 1496): [0,1496,system_server,-1,DisplayDeviceConfig,requesting nits when no mapping exists.]
09-22 22:39:41.826 I/am_wtf ( 1496): [0,1496,system_server,-1,DisplayDeviceConfig,requesting nits when no mapping exists.]
09-22 22:39:41.841 E/DisplayDeviceConfig( 1496): requesting nits when no mapping exists.
09-22 22:39:41.841 E/DisplayDeviceConfig( 1496): requesting nits when no mapping exists.
09-22 22:39:41.841 I/am_wtf ( 1496): [0,1496,system_server,-1,DisplayDeviceConfig,requesting nits when no mapping exists.]
09-22 22:39:41.842 I/am_wtf ( 1496): [0,1496,system_server,-1,DisplayDeviceConfig,requesting nits when no mapping exists.]
09-22 22:39:41.857 E/DisplayDeviceConfig( 1496): requesting nits when no mapping exists.
09-22 22:39:41.858 E/DisplayDeviceConfig( 1496): requesting nits when no mapping exists.
09-22 22:39:41.858 I/am_wtf ( 1496): [0,1496,system_server,-1,DisplayDeviceConfig,requesting nits when no mapping exists.]
09-22 22:39:41.859 I/am_wtf ( 1496): [0,1496,system_server,-1,DisplayDeviceConfig,requesting nits when no mapping exists.]
09-22 22:39:41.875 E/DisplayDeviceConfig( 1496): requesting nits when no mapping exists.
09-22 22:39:41.875 E/DisplayDeviceConfig( 1496): requesting nits when no mapping exists.
09-22 22:39:41.875 I/am_wtf ( 1496): [0,1496,system_server,-1,DisplayDeviceConfig,requesting nits when no mapping exists.]
09-22 22:39:41.876 I/am_wtf ( 1496): [0,1496,system_server,-1,DisplayDeviceConfig,requesting nits when no mapping exists.]
09-22 22:39:41.891 E/DisplayDeviceConfig( 1496): requesting nits when no mapping exists.
09-22 22:39:41.891 E/DisplayDeviceConfig( 1496): requesting nits when no mapping exists.
09-22 22:39:41.891 I/am_wtf ( 1496): [0,1496,system_server,-1,DisplayDeviceConfig,requesting nits when no mapping exists.]
09-22 22:39:41.892 I/am_wtf ( 1496): [0,1496,system_server,-1,DisplayDeviceConfig,requesting nits when no mapping exists.]
09-22 22:39:41.908 E/DisplayDeviceConfig( 1496): requesting nits when no mapping exists.
09-22 22:39:41.908 E/DisplayDeviceConfig( 1496): requesting nits when no mapping exists.
09-22 22:39:41.908 I/am_wtf ( 1496): [0,1496,system_server,-1,DisplayDeviceConfig,requesting nits when no mapping exists.]
09-22 22:39:41.909 I/am_wtf ( 1496): [0,1496,system_server,-1,DisplayDeviceConfig,requesting nits when no mapping exists.]
09-22 22:39:41.925 E/DisplayDeviceConfig( 1496): requesting nits when no mapping exists.
09-22 22:39:41.925 I/am_wtf ( 1496): [0,1496,system_server,-1,DisplayDeviceConfig,requesting nits when no mapping exists.]
09-22 22:39:41.925 E/DisplayDeviceConfig( 1496): requesting nits when no mapping exists.
09-22 22:39:41.927 I/am_wtf ( 1496): [0,1496,system_server,-1,DisplayDeviceConfig,requesting nits when no mapping exists.]
09-22 22:39:41.941 E/DisplayDeviceConfig( 1496): requesting nits when no mapping exists.
09-22 22:39:41.942 E/DisplayDeviceConfig( 1496): requesting nits when no mapping exists.
09-22 22:39:41.942 I/am_wtf ( 1496): [0,1496,system_server,-1,DisplayDeviceConfig,requesting nits when no mapping exists.]
09-22 22:39:41.943 I/am_wtf ( 1496): [0,1496,system_server,-1,DisplayDeviceConfig,requesting nits when no mapping exists.]
09-22 22:39:41.958 E/DisplayDeviceConfig( 1496): requesting nits when no mapping exists.
09-22 22:39:41.958 E/DisplayDeviceConfig( 1496): requesting nits when no mapping exists.
09-22 22:39:41.958 I/am_wtf ( 1496): [0,1496,system_server,-1,DisplayDeviceConfig,requesting nits when no mapping exists.]
09-22 22:39:41.959 I/am_wtf ( 1496): [0,1496,system_server,-1,DisplayDeviceConfig,requesting nits when no mapping exists.]
09-22 22:39:41.975 E/DisplayDeviceConfig( 1496): requesting nits when no mapping exists.
09-22 22:39:41.975 E/DisplayDeviceConfig( 1496): requesting nits when no mapping exists.
09-22 22:39:41.975 I/am_wtf ( 1496): [0,1496,system_server,-1,DisplayDeviceConfig,requesting nits when no mapping exists.]
09-22 22:39:41.976 I/am_wtf ( 1496): [0,1496,system_server,-1,DisplayDeviceConfig,requesting nits when no mapping exists.]
09-22 22:39:41.991 E/DisplayDeviceConfig( 1496): requesting nits when no mapping exists.
09-22 22:39:41.992 E/DisplayDeviceConfig( 1496): requesting nits when no mapping exists.
09-22 22:39:41.992 I/am_wtf ( 1496): [0,1496,system_server,-1,DisplayDeviceConfig,requesting nits when no mapping exists.]
09-22 22:39:41.993 I/am_wtf ( 1496): [0,1496,system_server,-1,DisplayDeviceConfig,requesting nits when no mapping exists.]
09-22 22:39:42.008 E/DisplayDeviceConfig( 1496): requesting nits when no mapping exists.
09-22 22:39:42.008 E/DisplayDeviceConfig( 1496): requesting nits when no mapping exists.
09-22 22:39:42.008 I/am_wtf ( 1496): [0,1496,system_server,-1,DisplayDeviceConfig,requesting nits when no mapping exists.]
09-22 22:39:42.009 I/am_wtf ( 1496): [0,1496,system_server,-1,DisplayDeviceConfig,requesting nits when no mapping exists.]
09-22 22:39:42.025 E/DisplayDeviceConfig( 1496): requesting nits when no mapping exists.
09-22 22:39:42.025 I/am_wtf ( 1496): [0,1496,system_server,-1,DisplayDeviceConfig,requesting nits when no mapping exists.]
09-22 22:39:42.025 E/DisplayDeviceConfig( 1496): requesting nits when no mapping exists.
09-22 22:39:42.026 I/am_wtf ( 1496): [0,1496,system_server,-1,DisplayDeviceConfig,requesting nits when no mapping exists.]
09-22 22:39:42.041 E/DisplayDeviceConfig( 1496): requesting nits when no mapping exists.
09-22 22:39:42.042 E/DisplayDeviceConfig( 1496): requesting nits when no mapping exists.
09-22 22:39:42.042 I/am_wtf ( 1496): [0,1496,system_server,-1,DisplayDeviceConfig,requesting nits when no mapping exists.]
09-22 22:39:42.043 I/am_wtf ( 1496): [0,1496,system_server,-1,DisplayDeviceConfig,requesting nits when no mapping exists.]
09-22 22:39:42.058 E/DisplayDeviceConfig( 1496): requesting nits when no mapping exists.
09-22 22:39:42.058 E/DisplayDeviceConfig( 1496): requesting nits when no mapping exists.
09-22 22:39:42.058 I/am_wtf ( 1496): [0,1496,system_server,-1,DisplayDeviceConfig,requesting nits when no mapping exists.]
09-22 22:39:42.060 I/am_wtf ( 1496): [0,1496,system_server,-1,DisplayDeviceConfig,requesting nits when no mapping exists.]
09-22 22:39:42.075 E/DisplayDeviceConfig( 1496): requesting nits when no mapping exists.
09-22 22:39:42.076 I/am_wtf ( 1496): [0,1496,system_server,-1,DisplayDeviceConfig,requesting nits when no mapping exists.]
09-22 22:39:42.076 E/DisplayDeviceConfig( 1496): requesting nits when no mapping exists.
09-22 22:39:42.077 I/am_wtf ( 1496): [0,1496,system_server,-1,DisplayDeviceConfig,requesting nits when no mapping exists.]
09-22 22:39:42.092 E/DisplayDeviceConfig( 1496): requesting nits when no mapping exists.
09-22 22:39:42.092 E/DisplayDeviceConfig( 1496): requesting nits when no mapping exists.
09-22 22:39:42.092 I/am_wtf ( 1496): [0,1496,system_server,-1,DisplayDeviceConfig,requesting nits when no mapping exists.]
09-22 22:39:42.093 I/am_wtf ( 1496): [0,1496,system_server,-1,DisplayDeviceConfig,requesting nits when no mapping exists.]
09-22 22:39:42.108 E/DisplayDeviceConfig( 1496): requesting nits when no mapping exists.
09-22 22:39:42.109 E/DisplayDeviceConfig( 1496): requesting nits when no mapping exists.
09-22 22:39:42.109 I/am_wtf ( 1496): [0,1496,system_server,-1,DisplayDeviceConfig,requesting nits when no mapping exists.]
09-22 22:39:42.110 I/am_wtf ( 1496): [0,1496,system_server,-1,DisplayDeviceConfig,requesting nits when no mapping exists.]
09-22 22:39:42.125 E/DisplayDeviceConfig( 1496): requesting nits when no mapping exists.
09-22 22:39:42.125 E/DisplayDeviceConfig( 1496): requesting nits when no mapping exists.
09-22 22:39:42.125 I/am_wtf ( 1496): [0,1496,system_server,-1,DisplayDeviceConfig,requesting nits when no mapping exists.]
09-22 22:39:42.126 I/am_wtf ( 1496): [0,1496,system_server,-1,DisplayDeviceConfig,requesting nits when no mapping exists.]
09-22 22:39:42.142 E/DisplayDeviceConfig( 1496): requesting nits when no mapping exists.
09-22 22:39:42.143 E/DisplayDeviceConfig( 1496): requesting nits when no mapping exists.
09-22 22:39:42.143 I/am_wtf ( 1496): [0,1496,system_server,-1,DisplayDeviceConfig,requesting nits when no mapping exists.]
09-22 22:39:42.144 I/am_wtf ( 1496): [0,1496,system_server,-1,DisplayDeviceConfig,requesting nits when no mapping exists.]
09-22 22:39:42.158 E/DisplayDeviceConfig( 1496): requesting nits when no mapping exists.
09-22 22:39:42.159 E/DisplayDeviceConfig( 1496): requesting nits when no mapping exists.
09-22 22:39:42.159 I/am_wtf ( 1496): [0,1496,system_server,-1,DisplayDeviceConfig,requesting nits when no mapping exists.]
09-22 22:39:42.160 I/am_wtf ( 1496): [0,1496,system_server,-1,DisplayDeviceConfig,requesting nits when no mapping exists.]
09-22 22:39:42.175 E/DisplayDeviceConfig( 1496): requesting nits when no mapping exists.
09-22 22:39:42.175 E/DisplayDeviceConfig( 1496): requesting nits when no mapping exists.
09-22 22:39:42.175 I/am_wtf ( 1496): [0,1496,system_server,-1,DisplayDeviceConfig,requesting nits when no mapping exists.]
09-22 22:39:42.176 I/am_wtf ( 1496): [0,1496,system_server,-1,DisplayDeviceConfig,requesting nits when no mapping exists.]
09-22 22:39:42.192 E/DisplayDeviceConfig( 1496): requesting nits when no mapping exists.
09-22 22:39:42.193 I/am_wtf ( 1496): [0,1496,system_server,-1,DisplayDeviceConfig,requesting nits when no mapping exists.]
09-22 22:39:42.193 E/DisplayDeviceConfig( 1496): requesting nits when no mapping exists.
09-22 22:39:42.194 I/am_wtf ( 1496): [0,1496,system_server,-1,DisplayDeviceConfig,requesting nits when no mapping exists.]
09-22 22:39:42.208 E/DisplayDeviceConfig( 1496): requesting nits when no mapping exists.
09-22 22:39:42.209 E/DisplayDeviceConfig( 1496): requesting nits when no mapping exists.
09-22 22:39:42.209 I/am_wtf ( 1496): [0,1496,system_server,-1,DisplayDeviceConfig,requesting nits when no mapping exists.]
09-22 22:39:42.209 I/am_wtf ( 1496): [0,1496,system_server,-1,DisplayDeviceConfig,requesting nits when no mapping exists.]
09-22 22:39:42.225 E/DisplayDeviceConfig( 1496): requesting nits when no mapping exists.
09-22 22:39:42.225 E/DisplayDeviceConfig( 1496): requesting nits when no mapping exists.
09-22 22:39:42.225 I/am_wtf ( 1496): [0,1496,system_server,-1,DisplayDeviceConfig,requesting nits when no mapping exists.]
09-22 22:39:42.226 I/am_wtf ( 1496): [0,1496,system_server,-1,DisplayDeviceConfig,requesting nits when no mapping exists.]
09-22 22:39:42.242 E/DisplayDeviceConfig( 1496): requesting nits when no mapping exists.
09-22 22:39:42.243 I/am_wtf ( 1496): [0,1496,system_server,-1,DisplayDeviceConfig,requesting nits when no mapping exists.]
09-22 22:39:42.243 E/DisplayDeviceConfig( 1496): requesting nits when no mapping exists.
09-22 22:39:42.244 I/am_wtf ( 1496): [0,1496,system_server,-1,DisplayDeviceConfig,requesting nits when no mapping exists.]
09-22 22:39:42.258 E/DisplayDeviceConfig( 1496): requesting nits when no mapping exists.
09-22 22:39:42.259 E/DisplayDeviceConfig( 1496): requesting nits when no mapping exists.
09-22 22:39:42.259 I/am_wtf ( 1496): [0,1496,system_server,-1,DisplayDeviceConfig,requesting nits when no mapping exists.]
09-22 22:39:42.260 I/am_wtf ( 1496): [0,1496,system_server,-1,DisplayDeviceConfig,requesting nits when no mapping exists.]
09-22 22:39:42.275 E/DisplayDeviceConfig( 1496): requesting nits when no mapping exists.
09-22 22:39:42.276 E/DisplayDeviceConfig( 1496): requesting nits when no mapping exists.
09-22 22:39:42.276 I/am_wtf ( 1496): [0,1496,system_server,-1,DisplayDeviceConfig,requesting nits when no mapping exists.]
09-22 22:39:42.277 I/am_wtf ( 1496): [0,1496,system_server,-1,DisplayDeviceConfig,requesting nits when no mapping exists.]
09-22 22:39:42.292 E/DisplayDeviceConfig( 1496): requesting nits when no mapping exists.
09-22 22:39:42.293 E/DisplayDeviceConfig( 1496): requesting nits when no mapping exists.
09-22 22:39:42.293 I/am_wtf ( 1496): [0,1496,system_server,-1,DisplayDeviceConfig,requesting nits when no mapping exists.]
09-22 22:39:42.294 I/am_wtf ( 1496): [0,1496,system_server,-1,DisplayDeviceConfig,requesting nits when no mapping exists.]
09-22 22:39:42.308 E/DisplayDeviceConfig( 1496): requesting nits when no mapping exists.
09-22 22:39:42.309 E/DisplayDeviceConfig( 1496): requesting nits when no mapping exists.
09-22 22:39:42.309 I/am_wtf ( 1496): [0,1496,system_server,-1,DisplayDeviceConfig,requesting nits when no mapping exists.]
09-22 22:39:42.310 I/am_wtf ( 1496): [0,1496,system_server,-1,DisplayDeviceConfig,requesting nits when no mapping exists.]
09-22 22:39:42.325 E/DisplayDeviceConfig( 1496): requesting nits when no mapping exists.
09-22 22:39:42.326 I/am_wtf ( 1496): [0,1496,system_server,-1,DisplayDeviceConfig,requesting nits when no mapping exists.]
09-22 22:39:42.327 E/DisplayDeviceConfig( 1496): requesting nits when no mapping exists.
09-22 22:39:42.327 I/am_wtf ( 1496): [0,1496,system_server,-1,DisplayDeviceConfig,requesting nits when no mapping exists.]
09-22 22:39:42.341 I/hwservicemanager( 515): getTransport: Cannot find entry android.hardware.light@2.0::ILight/default in either framework or device VINTF manifest.
09-22 22:39:42.342 E/DisplayDeviceConfig( 1496): requesting nits when no mapping exists.
09-22 22:39:42.342 E/DisplayDeviceConfig( 1496): requesting nits when no mapping exists.
09-22 22:39:42.342 I/am_wtf ( 1496): [0,1496,system_server,-1,DisplayDeviceConfig,requesting nits when no mapping exists.]
09-22 22:39:42.343 E/light ( 4597): light_open lights keyboard failed: -22
09-22 22:39:42.343 E/light ( 4597): Light passthrough failed to load legacy HAL.
09-22 22:39:42.343 I/am_wtf ( 1496): [0,1496,system_server,-1,DisplayDeviceConfig,requesting nits when no mapping exists.]
09-22 22:39:42.343 E/light ( 4597): light_open lights buttons failed: -22
09-22 22:39:42.343 E/light ( 4597): Light passthrough failed to load legacy HAL.
09-22 22:39:42.345 E/light ( 4597): light_open lights bluetooth failed: -22
09-22 22:39:42.345 E/light ( 4597): Light passthrough failed to load legacy HAL.
09-22 22:39:42.345 E/light ( 4597): light_open lights wifi failed: -22
09-22 22:39:42.345 E/light ( 4597): Light passthrough failed to load legacy HAL.
09-22 22:39:42.345 I/hwservicemanager( 515): getTransport: Cannot find entry android.hardware.light@2.0::ILight/default in either framework or device VINTF manifest.
09-22 22:39:42.346 E/HidlServiceManagement( 4597): Service android.hardware.light@2.0::ILight/default must be in VINTF manifest in order to register/get.
09-22 22:39:42.346 E/LegacySupport( 4597): Could not register service android.hardware.light@2.0::ILight/default (-2147483648).
09-22 22:39:42.358 E/DisplayDeviceConfig( 1496): requesting nits when no mapping exists.
09-22 22:39:42.359 E/DisplayDeviceConfig( 1496): requesting nits when no mapping exists.
09-22 22:39:42.359 I/am_wtf ( 1496): [0,1496,system_server,-1,DisplayDeviceConfig,requesting nits when no mapping exists.]
09-22 22:39:42.359 I/am_wtf ( 1496): [0,1496,system_server,-1,DisplayDeviceConfig,requesting nits when no mapping exists.]
09-22 22:39:42.376 E/DisplayDeviceConfig( 1496): requesting nits when no mapping exists.
09-22 22:39:42.376 E/DisplayDeviceConfig( 1496): requesting nits when no mapping exists.
09-22 22:39:42.376 I/am_wtf ( 1496): [0,1496,system_server,-1,DisplayDeviceConfig,requesting nits when no mapping exists.]
09-22 22:39:42.377 I/am_wtf ( 1496): [0,1496,system_server,-1,DisplayDeviceConfig,requesting nits when no mapping exists.]
09-22 22:39:42.392 E/DisplayDeviceConfig( 1496): requesting nits when no mapping exists.
09-22 22:39:42.393 I/am_wtf ( 1496): [0,1496,system_server,-1,DisplayDeviceConfig,requesting nits when no mapping exists.]
09-22 22:39:42.394 E/DisplayDeviceConfig( 1496): requesting nits when no mapping exists.
09-22 22:39:42.395 I/am_wtf ( 1496): [0,1496,system_server,-1,DisplayDeviceConfig,requesting nits when no mapping exists.]
09-22 22:39:42.409 E/DisplayDeviceConfig( 1496): requesting nits when no mapping exists.
09-22 22:39:42.409 E/DisplayDeviceConfig( 1496): requesting nits when no mapping exists.
09-22 22:39:42.409 I/am_wtf ( 1496): [0,1496,system_server,-1,DisplayDeviceConfig,requesting nits when no mapping exists.]
09-22 22:39:42.410 I/am_wtf ( 1496): [0,1496,system_server,-1,DisplayDeviceConfig,requesting nits when no mapping exists.]
09-22 22:39:42.426 E/DisplayDeviceConfig( 1496): requesting nits when no mapping exists.
09-22 22:39:42.426 E/DisplayDeviceConfig( 1496): requesting nits when no mapping exists.
09-22 22:39:42.426 I/am_wtf ( 1496): [0,1496,system_server,-1,DisplayDeviceConfig,requesting nits when no mapping exists.]
09-22 22:39:42.427 I/am_wtf ( 1496): [0,1496,system_server,-1,DisplayDeviceConfig,requesting nits when no mapping exists.]
09-22 22:39:42.442 E/DisplayDeviceConfig( 1496): requesting nits when no mapping exists.
09-22 22:39:42.443 E/DisplayDeviceConfig( 1496): requesting nits when no mapping exists.
09-22 22:39:42.443 I/am_wtf ( 1496): [0,1496,system_server,-1,DisplayDeviceConfig,requesting nits when no mapping exists.]
09-22 22:39:42.444 I/am_wtf ( 1496): [0,1496,system_server,-1,DisplayDeviceConfig,requesting nits when no mapping exists.]
09-22 22:39:42.459 E/DisplayDeviceConfig( 1496): requesting nits when no mapping exists.
09-22 22:39:42.460 E/DisplayDeviceConfig( 1496): requesting nits when no mapping exists.
09-22 22:39:42.460 I/am_wtf ( 1496): [0,1496,system_server,-1,DisplayDeviceConfig,requesting nits when no mapping exists.]
09-22 22:39:42.461 I/am_wtf ( 1496): [0,1496,system_server,-1,DisplayDeviceConfig,requesting nits when no mapping exists.]
09-22 22:39:42.476 E/DisplayDeviceConfig( 1496): requesting nits when no mapping exists.
09-22 22:39:42.476 I/am_wtf ( 1496): [0,1496,system_server,-1,DisplayDeviceConfig,requesting nits when no mapping exists.]
09-22 22:39:42.478 E/DisplayDeviceConfig( 1496): requesting nits when no mapping exists.
09-22 22:39:42.478 I/am_wtf ( 1496): [0,1496,system_server,-1,DisplayDeviceConfig,requesting nits when no mapping exists.]
09-22 22:39:42.492 E/DisplayDeviceConfig( 1496): requesting nits when no mapping exists.
09-22 22:39:42.493 E/DisplayDeviceConfig( 1496): requesting nits when no mapping exists.
09-22 22:39:42.493 I/am_wtf ( 1496): [0,1496,system_server,-1,DisplayDeviceConfig,requesting nits when no mapping exists.]
09-22 22:39:42.494 I/am_wtf ( 1496): [0,1496,system_server,-1,DisplayDeviceConfig,requesting nits when no mapping exists.]
09-22 22:39:42.760 I/mpu_uart( 653): [MSG-P:RECV]:No message received in 1000 ms
09-22 22:39:43.256 F/linker ( 4599): CANNOT LINK EXECUTABLE "/vendor/bin/hw/sxrservice": library "vendor.qti.hardware.qxr-V1-ndk_platform.so" not found: needed by main executable
09-22 22:39:43.256 F/linker ( 4598): CANNOT LINK EXECUTABLE "/vendor/bin/hw/qvrservice": library "vendor.qti.hardware.qxr-V1-ndk_platform.so" not found: needed by /vendor/lib64/libqvrservice.so in namespace (default)
09-22 22:39:43.761 I/mpu_uart( 653): [MSG-P:RECV]:No message received in 1000 ms
09-22 22:39:44.270 I/mpu_uart( 653): [MSG-P:R]:recv sync frame timeout
09-22 22:39:44.761 I/mpu_uart( 653): [MSG-P:RECV]:No message received in 1000 ms
09-22 22:39:45.606 I/input_interaction( 1496): Interaction with: cdcb676 com.android.launcher3/com.android.launcher3.uioverrides.QuickstepLauncher (server), 23a4ae6 com.android.systemui.ImageWallpaper (server), edge-swipe (server), swipe-up (server), PointerEventDispatcher0 (server),
09-22 22:39:45.610 V/DisplayPowerController[0]( 1496): Brightness [1.0] reason changing to: 'manual', previous reason: 'manual [ dim ]'.
09-22 22:39:45.610 I/sysui_multi_action( 1496): [757,1696,758,6,759,3]
09-22 22:39:45.624 E/DisplayDeviceConfig( 1496): requesting nits when no mapping exists.
09-22 22:39:45.624 E/DisplayDeviceConfig( 1496): requesting nits when no mapping exists.
09-22 22:39:45.624 I/am_wtf ( 1496): [0,1496,system_server,-1,DisplayDeviceConfig,requesting nits when no mapping exists.]
09-22 22:39:45.630 I/am_wtf ( 1496): [0,1496,system_server,-1,DisplayDeviceConfig,requesting nits when no mapping exists.]
09-22 22:39:45.641 E/DisplayDeviceConfig( 1496): requesting nits when no mapping exists.
09-22 22:39:45.641 E/DisplayDeviceConfig( 1496): requesting nits when no mapping exists.
09-22 22:39:45.641 I/am_wtf ( 1496): [0,1496,system_server,-1,DisplayDeviceConfig,requesting nits when no mapping exists.]
09-22 22:39:45.642 I/am_wtf ( 1496): [0,1496,system_server,-1,DisplayDeviceConfig,requesting nits when no mapping exists.]
09-22 22:39:45.650 E/DisplayDeviceConfig( 1496): requesting nits when no mapping exists.
09-22 22:39:45.653 I/am_wtf ( 1496): [0,1496,system_server,-1,DisplayDeviceConfig,requesting nits when no mapping exists.]
09-22 22:39:45.653 E/DisplayDeviceConfig( 1496): requesting nits when no mapping exists.
09-22 22:39:45.654 I/am_wtf ( 1496): [0,1496,system_server,-1,DisplayDeviceConfig,requesting nits when no mapping exists.]
09-22 22:39:45.667 E/DisplayDeviceConfig( 1496): requesting nits when no mapping exists.
09-22 22:39:45.667 E/DisplayDeviceConfig( 1496): requesting nits when no mapping exists.
09-22 22:39:45.668 I/am_wtf ( 1496): [0,1496,system_server,-1,DisplayDeviceConfig,requesting nits when no mapping exists.]
09-22 22:39:45.671 I/am_wtf ( 1496): [0,1496,system_server,-1,DisplayDeviceConfig,requesting nits when no mapping exists.]
09-22 22:39:45.684 E/DisplayDeviceConfig( 1496): requesting nits when no mapping exists.
09-22 22:39:45.685 E/DisplayDeviceConfig( 1496): requesting nits when no mapping exists.
09-22 22:39:45.688 I/am_wtf ( 1496): [0,1496,system_server,-1,DisplayDeviceConfig,requesting nits when no mapping exists.]
09-22 22:39:45.689 I/am_wtf ( 1496): [0,1496,system_server,-1,DisplayDeviceConfig,requesting nits when no mapping exists.]
09-22 22:39:45.704 E/DisplayDeviceConfig( 1496): requesting nits when no mapping exists.
09-22 22:39:45.704 I/am_wtf ( 1496): [0,1496,system_server,-1,DisplayDeviceConfig,requesting nits when no mapping exists.]
09-22 22:39:45.704 E/DisplayDeviceConfig( 1496): requesting nits when no mapping exists.
09-22 22:39:45.705 I/am_wtf ( 1496): [0,1496,system_server,-1,DisplayDeviceConfig,requesting nits when no mapping exists.]
09-22 22:39:45.717 E/DisplayDeviceConfig( 1496): requesting nits when no mapping exists.
09-22 22:39:45.717 E/DisplayDeviceConfig( 1496): requesting nits when no mapping exists.
09-22 22:39:45.717 I/am_wtf ( 1496): [0,1496,system_server,-1,DisplayDeviceConfig,requesting nits when no mapping exists.]
09-22 22:39:45.718 I/am_wtf ( 1496): [0,1496,system_server,-1,DisplayDeviceConfig,requesting nits when no mapping exists.]
09-22 22:39:45.730 I/ActivityTaskManager( 1496): START u0 {act=android.intent.action.MAIN cat=[android.intent.category.LAUNCHER] flg=0x10200000 cmp=com.android.settings/.Settings bnds=[2111,696][2292,883]} from uid 10076
09-22 22:39:45.730 I/EventSequenceValidator( 1496): inc AccIntentStartedEvents to 2
09-22 22:39:45.735 E/DisplayDeviceConfig( 1496): requesting nits when no mapping exists.
09-22 22:39:45.736 E/DisplayDeviceConfig( 1496): requesting nits when no mapping exists.
09-22 22:39:45.739 I/am_wtf ( 1496): [0,1496,system_server,-1,DisplayDeviceConfig,requesting nits when no mapping exists.]
09-22 22:39:45.740 E/ANDR-PERF-JNI( 1496): com_qualcomm_qtiperformance_native_perf_io_prefetch_start
09-22 22:39:45.742 I/wm_task_created( 1496): [32,-1]
09-22 22:39:45.742 D/audio_hw_primary( 806): start_output_stream: enter: stream(0xe45464c0)usecase(1: low-latency-playback) devices(0x2) is_haptic_usecase(0)
09-22 22:39:45.742 W/ActivityTaskManager( 1496): Can't find TaskDisplayArea to determine support for multi window. Task id=32 attached=false
09-22 22:39:45.742 E/ANDR-PERF-TARGET( 873): Error: Invalid logical cluster id 0
09-22 22:39:45.742 E/ANDR-PERF-REQUEST( 873): invalid request
09-22 22:39:45.742 E/ANDR-PERF-MPCTL( 873): invalid request, no optimizations performed
09-22 22:39:45.742 E/audio_hw_extn( 806): audio_extn_perf_lock_acquire: Failed to acquire perf lock, err: -1
09-22 22:39:45.742 D/audio_hw_primary( 806): select_devices for use case (low-latency-playback)
09-22 22:39:45.742 I/msm8974_platform( 806): platform_check_and_set_codec_backend_cfg:becf: afe: bitwidth 16, samplerate 48000 channels 2, backend_idx 0 usecase = 1 device (speaker)
09-22 22:39:45.742 D/msm8974_platform( 806): platform_split_snd_device: snd_device(2) num devices(1) new_snd_devices(0)
09-22 22:39:45.742 I/msm8974_platform( 806): platform_check_and_set_codec_backend_cfg: new_snd_devices[0] is 2
09-22 22:39:45.742 I/msm8974_platform( 806): platform_check_codec_backend_cfg:becf: afe: bitwidth 16, samplerate 48000 channels 2, backend_idx 0 usecase = 1 device (speaker)
09-22 22:39:45.744 I/am_wtf ( 1496): [0,1496,system_server,-1,DisplayDeviceConfig,requesting nits when no mapping exists.]
09-22 22:39:45.744 D/audio_hw_extn( 806): audio_extn_enable_hifi_filter: mixer_value set 0
09-22 22:39:45.744 D/msm8974_platform( 806): platform_check_codec_backend_cfg:becf: updated afe: bitwidth 16, samplerate 48000 channels 2,backend_idx 0 usecase = 1 device (speaker)
09-22 22:39:45.744 D/msm8974_platform( 806): platform_check_codec_backend_cfg:becf: afe: playback on codec device not supporting native playback set default Sample Rate(48k)
09-22 22:39:45.744 I/msm8974_platform( 806): platform_check_codec_backend_cfg:becf: afe: Codec selected backend: 0 updated bit width: 16 and sample rate: 48000
09-22 22:39:45.744 D/audio_hw_primary( 806): check_usecases_codec_backend:becf: force routing 0
09-22 22:39:45.744 E/msm8974_platform( 806): platform_check_backends_match: Invalid snd_device =
09-22 22:39:45.744 D/audio_hw_primary( 806): check_usecases_codec_backend:becf: (78) check_usecases curr device: speaker, usecase device: backends match 0
09-22 22:39:45.744 D/audio_hw_primary( 806): check_usecases_codec_backend:becf: check_usecases num.of Usecases to switch 0
09-22 22:39:45.744 D/hardware_info( 806): hw_info_append_hw_type : device_name = speaker
09-22 22:39:45.744 D/msm8974_platform( 806): platform_split_snd_device: snd_device(2) num devices(0) new_snd_devices(0)
09-22 22:39:45.744 D/audio_hw_primary( 806): enable_snd_device: snd_device(2: speaker)
09-22 22:39:45.744 D/msm8974_platform( 806): platform_get_island_cfg_on_device:island cfg status on snd_device = (speaker 0)
09-22 22:39:45.744 I/soundtrigger( 806): audio_extn_sound_trigger_update_device_status: device 0x2 of type 0 for Event 1, with Raise=0
09-22 22:39:45.744 D/audio_route( 806): Apply path: speaker
09-22 22:39:45.744 I/audio_hw_utils( 806): audio_extn_utils_update_stream_output_app_type_cfg Allowing 24 and above bits playback on speaker ONLY at default sampling rate
09-22 22:39:45.744 E/soundtrigger( 806): audio_extn_sound_trigger_update_stream_status: invalid input device 0x0, for event 3
09-22 22:39:45.744 D/soundtrigger( 806): audio_extn_sound_trigger_update_stream_status: uc_info->id 1 of type 0 for Event 3, with Raise=0
09-22 22:39:45.744 D/audio_hw_utils( 806): audio_extn_utils_send_app_type_cfg: usecase->out_snd_device speaker
09-22 22:39:45.744 D/msm8974_platform( 806): platform_split_snd_device: snd_device(2) num devices(0) new_snd_devices(0)
09-22 22:39:45.744 D/audio_hw_utils( 806): audio_extn_btsco_get_sample_rate:Not a BT SCO device, need not update sampling rate
09-22 22:39:45.744 I/audio_hw_utils( 806): send_app_type_cfg_for_device PLAYBACK app_type 69937, acdb_dev_id 15, sample_rate 48000, snd_device_be_idx 179
09-22 22:39:45.745 D/msm8974_platform( 806): platform_split_snd_device: snd_device(2) num devices(1) new_snd_devices(0)
09-22 22:39:45.745 D/audio_hw_utils( 806): audio_extn_btsco_get_sample_rate:Not a BT SCO device, need not update sampling rate
09-22 22:39:45.745 D/ACDB-LOADER( 806): ACDB -> send_audio_cal, acdb_id = 15, path = 0, app id = 0x11131, sample rate = 48000, afe_sample_rate = 48000
09-22 22:39:45.745 D/ACDB-LOADER( 806): ACDB -> send_asm_topology
09-22 22:39:45.745 D/ACDB-LOADER( 806): ACDB -> ACDB_CMD_GET_AUDPROC_STREAM_TOPOLOGY_ID
09-22 22:39:45.745 D/ACDB-LOADER( 806): ACDB -> send_adm_topology
09-22 22:39:45.745 D/ACDB-LOADER( 806): ACDB -> ACDB_CMD_GET_AUDPROC_COMMON_TOPOLOGY_ID
09-22 22:39:45.745 D/ACDB-LOADER( 806): ACDB -> send_audtable
09-22 22:39:45.745 D/ACDB-LOADER( 806): ACDB -> ACDB_CMD_GET_AUDPROC_INSTANCE_COMMON_TABLE_SIZE
09-22 22:39:45.745 D/ACDB-LOADER( 806): ACDB -> ACDB_CMD_GET_AUDPROC_INSTANCE_COMMON_TABLE
09-22 22:39:45.745 D/CompatibilityChangeReporter( 1496): Compat change id reported: 174042980; UID 1000; state: DISABLED
09-22 22:39:45.745 D/ACDB-LOADER( 806): ACDB -> AUDIO_SET_AUDPROC_CAL cal_type[11] acdb_id[15] app_type[69937]
09-22 22:39:45.745 D/ACDB-LOADER( 806): ACDB -> send_audvoltable
09-22 22:39:45.745 D/ACDB-LOADER( 806): ACDB -> ACDB_CMD_GET_AUDPROC_INSTANCE_GAIN_DEP_STEP_TABLE_SIZE
09-22 22:39:45.745 D/ACDB-LOADER( 806): ACDB -> ACDB_CMD_GET_AUDPROC_INSTANCE_GAIN_DEP_STEP_TABLE, vol index 0
09-22 22:39:45.745 D/ACDB-LOADER( 806): ACDB -> AUDIO_SET_VOL_CAL cal type = 12
09-22 22:39:45.745 D/ACDB-LOADER( 806): ACDB -> ACDB_CMD_GET_AUDPROC_INSTANCE_STREAM_TABLE_SIZE
09-22 22:39:45.745 D/ACDB-LOADER( 806): ACDB -> send_audstrmtable
09-22 22:39:45.745 D/ACDB-LOADER( 806): ACDB -> ACDB_CMD_GET_AUDPROC_INSTANCE_STREAM_TABLE
09-22 22:39:45.745 D/ACDB-LOADER( 806): ACDB -> audstrm_cal->cal_type.cal_data.cal_size = 20
09-22 22:39:45.745 D/ACDB-LOADER( 806): ACDB -> send_afe_topology
09-22 22:39:45.745 D/ACDB-LOADER( 806): ACDB -> ACDB_CMD_GET_AFE_TOPOLOGY_ID
09-22 22:39:45.745 D/ACDB-LOADER( 806): ACDB -> GET_AFE_TOPOLOGY_ID for adcd_id 15, Topology Id 112fc
09-22 22:39:45.745 D/ACDB-LOADER( 806): ACDB -> send_afe_cal
09-22 22:39:45.745 D/ACDB-LOADER( 806): ACDB -> ACDB_CMD_GET_AFE_INSTANCE_COMMON_TABLE_SIZE
09-22 22:39:45.745 D/android.hardware.audio.service( 806): Failed to fetch the lookup information of the device 0000000F
09-22 22:39:45.745 D/ACDB-LOADER( 806): Error: ACDB_CMD_GET_AFE_INSTANCE_COMMON_TABLE_SIZE Returned = -19
09-22 22:39:45.745 D/ACDB-LOADER( 806): ACDB -> ACDB_CMD_GET_AFE_INSTANCE_COMMON_TABLE
09-22 22:39:45.745 D/android.hardware.audio.service( 806): Failed to fetch the lookup information of the device 0000000F
09-22 22:39:45.745 D/ACDB-LOADER( 806): Error: ACDB AFE returned = -19
09-22 22:39:45.745 D/ACDB-LOADER( 806): ACDB -> AUDIO_SET_AFE_CAL cal_type[16] acdb_id[15]
09-22 22:39:45.745 D/ACDB-LOADER( 806): ACDB -> send_hw_delay : acdb_id = 15 path = 0
09-22 22:39:45.745 D/ACDB-LOADER( 806): ACDB -> ACDB_AVSYNC_INFO: ACDB_CMD_GET_DEVICE_PROPERTY
09-22 22:39:45.745 D/msm8974_platform( 806): platform_split_snd_device: snd_device(2) num devices(0) new_snd_devices(0)
09-22 22:39:45.745 I/msm8974_platform( 806): platform_get_custom_mtmx_params: no matching param with id 0 ip_ch 2 op_ch 2 uc_id 1 snd_dev 2
09-22 22:39:45.745 D/audio_hw_primary( 806): enable_audio_route: apply mixer and update path: low-latency-playback
09-22 22:39:45.745 D/audio_route( 806): Apply path: low-latency-playback
09-22 22:39:45.746 I/wm_task_moved( 1496): [32,1,6]
09-22 22:39:45.746 I/wm_task_to_front( 1496): [0,32]
09-22 22:39:45.746 I/wm_create_task( 1496): [0,32]
09-22 22:39:45.746 I/wm_create_activity( 1496): [0,159182179,32,com.android.settings/.Settings,android.intent.action.MAIN,NULL,NULL,270532608]
09-22 22:39:45.746 I/wm_task_moved( 1496): [32,1,6]
09-22 22:39:45.747 D/audio_hw_primary( 806): select_devices: done
09-22 22:39:45.747 D/CompatibilityInfo( 1496): mCompatibilityFlags - 4
09-22 22:39:45.747 D/CompatibilityInfo( 1496): applicationDensity - 240
09-22 22:39:45.747 D/CompatibilityInfo( 1496): applicationScale - 1.0
09-22 22:39:45.748 D/ActivityTrigger( 1496): ActivityTrigger activityPauseTrigger
09-22 22:39:45.748 I/wm_pause_activity( 1496): [0,261001500,com.android.launcher3/.uioverrides.QuickstepLauncher,userLeaving=true,pauseBackTasks]
09-22 22:39:45.756 E/DisplayDeviceConfig( 1496): requesting nits when no mapping exists.
09-22 22:39:45.756 E/DisplayDeviceConfig( 1496): requesting nits when no mapping exists.
09-22 22:39:45.756 I/am_wtf ( 1496): [0,1496,system_server,-1,DisplayDeviceConfig,requesting nits when no mapping exists.]
09-22 22:39:45.757 I/am_wtf ( 1496): [0,1496,system_server,-1,DisplayDeviceConfig,requesting nits when no mapping exists.]
09-22 22:39:45.757 E/ANDR-IOP( 869): io prefetch is disabled
09-22 22:39:45.761 I/mpu_uart( 653): [MSG-P:RECV]:No message received in 1000 ms
09-22 22:39:45.764 I/wm_on_top_resumed_lost_called( 2390): [261001500,com.android.launcher3.uioverrides.QuickstepLauncher,topStateChangedWhenResumed]
09-22 22:39:45.765 I/wm_on_paused_called( 2390): [261001500,com.android.launcher3.uioverrides.QuickstepLauncher,performPause]
09-22 22:39:45.768 I/ActivityTaskManager( 1496): The Process com.android.settings Already Exists in BG. So sending its PID: 4134
09-22 22:39:45.768 E/DisplayDeviceConfig( 1496): requesting nits when no mapping exists.
09-22 22:39:45.768 I/wm_add_to_stopping( 1496): [0,261001500,com.android.launcher3/.uioverrides.QuickstepLauncher,makeInvisible]
09-22 22:39:45.768 E/DisplayDeviceConfig( 1496): requesting nits when no mapping exists.
09-22 22:39:45.768 I/am_wtf ( 1496): [0,1496,system_server,-1,DisplayDeviceConfig,requesting nits when no mapping exists.]
09-22 22:39:45.769 I/wm_restart_activity( 1496): [0,159182179,32,com.android.settings/.Settings]
09-22 22:39:45.769 D/CompatibilityInfo( 1496): mCompatibilityFlags - 4
09-22 22:39:45.769 D/CompatibilityInfo( 1496): applicationDensity - 240
09-22 22:39:45.769 D/CompatibilityInfo( 1496): applicationScale - 1.0
09-22 22:39:45.769 I/am_wtf ( 1496): [0,1496,system_server,-1,DisplayDeviceConfig,requesting nits when no mapping exists.]
09-22 22:39:45.770 I/wm_set_resumed_activity( 1496): [0,com.android.settings/.Settings,minimalResumeActivityLocked]
09-22 22:39:45.772 D/msm8974_platform( 806): platform_set_channel_map mixer_ctl_name:Playback Channel Map9
09-22 22:39:45.773 D/msm8974_platform( 806): platform_set_channel_map: set mapping(1 2 0 0 0 0 0 0) for channel:2
09-22 22:39:45.774 E/audio_hw_extn( 806): audio_extn_perf_lock_release: Perf lock release error
09-22 22:39:45.774 D/audio_hw_primary( 806): start_output_stream: exit
09-22 22:39:45.774 D/audio_hw_primary( 806): out_write: retry previous failed cal level set
09-22 22:39:45.774 D/msm8974_platform( 806): platform_split_snd_device: snd_device(2) num devices(1) new_snd_devices(0)
09-22 22:39:45.774 D/CompatibilityChangeReporter( 1496): Compat change id reported: 181136395; UID 1000; state: DISABLED
09-22 22:39:45.775 D/CompatibilityChangeReporter( 1496): Compat change id reported: 174042936; UID 1000; state: DISABLED
09-22 22:39:45.783 I/BpBinder( 961): onLastStrongRef automatically unlinking death recipients:
09-22 22:39:45.784 I/input_focus( 1496): [Focus leaving cdcb676 com.android.launcher3/com.android.launcher3.uioverrides.QuickstepLauncher (server),reason=NO_WINDOW]
09-22 22:39:45.785 E/DisplayDeviceConfig( 1496): requesting nits when no mapping exists.
09-22 22:39:45.785 E/DisplayDeviceConfig( 1496): requesting nits when no mapping exists.
09-22 22:39:45.787 I/sysui_multi_action( 1496): [757,803,799,window_time_0,802,57]
09-22 22:39:45.788 I/am_wtf ( 1496): [0,1496,system_server,-1,DisplayDeviceConfig,requesting nits when no mapping exists.]
09-22 22:39:45.789 I/am_wtf ( 1496): [0,1496,system_server,-1,DisplayDeviceConfig,requesting nits when no mapping exists.]
09-22 22:39:45.798 I/SettingsHomepageActivity( 4134): SettingsHomepageActivity: onCreate
09-22 22:39:45.800 I/am_pss ( 1496): [4256,10066,com.android.deskclock,23763968,16072704,0,137084928,0,19,7]
09-22 22:39:45.803 E/DisplayDeviceConfig( 1496): requesting nits when no mapping exists.
09-22 22:39:45.803 E/DisplayDeviceConfig( 1496): requesting nits when no mapping exists.
09-22 22:39:45.803 I/am_wtf ( 1496): [0,1496,system_server,-1,DisplayDeviceConfig,requesting nits when no mapping exists.]
09-22 22:39:45.806 I/am_wtf ( 1496): [0,1496,system_server,-1,DisplayDeviceConfig,requesting nits when no mapping exists.]
09-22 22:39:45.811 I/am_pss ( 1496): [4548,10068,com.android.calendar,7418880,4825088,0,92098560,0,19,6]
09-22 22:39:45.816 E/DisplayDeviceConfig( 1496): requesting nits when no mapping exists.
09-22 22:39:45.817 E/DisplayDeviceConfig( 1496): requesting nits when no mapping exists.
09-22 22:39:45.818 I/am_wtf ( 1496): [0,1496,system_server,-1,DisplayDeviceConfig,requesting nits when no mapping exists.]
09-22 22:39:45.819 I/am_wtf ( 1496): [0,1496,system_server,-1,DisplayDeviceConfig,requesting nits when no mapping exists.]
09-22 22:39:45.824 E/ThemeUtils( 4134): View class androidx.appcompat.widget.AppCompatImageView is an AppCompat widget that can only be used with a Theme.AppCompat theme (or descendant).
09-22 22:39:45.827 D/CompatibilityChangeReporter( 4134): Compat change id reported: 171228096; UID 1000; state: ENABLED
09-22 22:39:45.834 E/DisplayDeviceConfig( 1496): requesting nits when no mapping exists.
09-22 22:39:45.834 E/DisplayDeviceConfig( 1496): requesting nits when no mapping exists.
09-22 22:39:45.834 I/am_wtf ( 1496): [0,1496,system_server,-1,DisplayDeviceConfig,requesting nits when no mapping exists.]
09-22 22:39:45.835 I/am_wtf ( 1496): [0,1496,system_server,-1,DisplayDeviceConfig,requesting nits when no mapping exists.]
09-22 22:39:45.843 I/am_uid_running( 1496): 10088
09-22 22:39:45.844 D/CompatibilityChangeReporter( 1496): Compat change id reported: 135634846; UID 10088; state: DISABLED
09-22 22:39:45.844 D/CompatibilityChangeReporter( 1496): Compat change id reported: 177438394; UID 10088; state: DISABLED
09-22 22:39:45.844 D/CompatibilityChangeReporter( 1496): Compat change id reported: 135772972; UID 10088; state: DISABLED
09-22 22:39:45.844 D/CompatibilityChangeReporter( 1496): Compat change id reported: 135754954; UID 10088; state: ENABLED
09-22 22:39:45.844 D/CompatibilityChangeReporter( 1496): Compat change id reported: 143937733; UID 10088; state: ENABLED
09-22 22:39:45.845 D/AvatarViewMixin( 4134): Feature disabled by config. Skipping
09-22 22:39:45.849 D/Zygote ( 674): Forked child process 4613
09-22 22:39:45.849 I/am_proc_start( 1496): [0,4613,10088,com.qualcomm.qti.qccauthmgr,content provider,{com.qualcomm.qti.qccauthmgr/com.qualcomm.qti.qccauthmgr.providers.SMQContentProvider}]
09-22 22:39:45.849 I/ActivityManager( 1496): Start proc 4613:com.qualcomm.qti.qccauthmgr/u0a88 for content provider {com.qualcomm.qti.qccauthmgr/com.qualcomm.qti.qccauthmgr.providers.SMQContentProvider}
09-22 22:39:45.850 I/wm_on_create_called( 4134): [159182179,com.android.settings.Settings,performCreate]
09-22 22:39:45.853 D/PrefCtrlListHelper( 4134): Could not find Context-only controller for pref: com.android.settings.network.TopLevelNetworkEntryPreferenceController
09-22 22:39:45.854 D/PrefCtrlListHelper( 4134): Could not find Context-only controller for pref: com.android.settings.connecteddevice.TopLevelConnectedDevicesPreferenceController
09-22 22:39:45.854 D/PrefCtrlListHelper( 4134): Could not find Context-only controller for pref: com.android.settings.fuelgauge.TopLevelBatteryPreferenceController
09-22 22:39:45.854 D/PrefCtrlListHelper( 4134): Could not find Context-only controller for pref: com.android.settings.deviceinfo.TopLevelStoragePreferenceController
09-22 22:39:45.854 D/PrefCtrlListHelper( 4134): Could not find Context-only controller for pref: com.android.settings.display.TopLevelDisplayPreferenceController
09-22 22:39:45.855 D/PrefCtrlListHelper( 4134): Could not find Context-only controller for pref: com.android.settings.display.TopLevelWallpaperPreferenceController
09-22 22:39:45.855 D/PrefCtrlListHelper( 4134): Could not find Context-only controller for pref: com.android.settings.accessibility.TopLevelAccessibilityPreferenceController
09-22 22:39:45.855 D/PrefCtrlListHelper( 4134): Could not find Context-only controller for pref: com.android.settings.security.TopLevelSecurityEntryPreferenceController
09-22 22:39:45.855 D/PrefCtrlListHelper( 4134): Could not find Context-only controller for pref: com.android.settings.location.TopLevelLocationPreferenceController
09-22 22:39:45.856 D/PrefCtrlListHelper( 4134): Could not find Context-only controller for pref: com.android.settings.accounts.TopLevelAccountEntryPreferenceController
09-22 22:39:45.856 D/PrefCtrlListHelper( 4134): Could not find Context-only controller for pref: com.android.settings.deviceinfo.aboutphone.TopLevelAboutDevicePreferenceController
09-22 22:39:45.856 D/PrefCtrlListHelper( 4134): Could not find Context-only controller for pref: com.android.settings.support.SupportPreferenceController
09-22 22:39:45.856 E/DisplayDeviceConfig( 1496): requesting nits when no mapping exists.
09-22 22:39:45.856 E/DisplayDeviceConfig( 1496): requesting nits when no mapping exists.
09-22 22:39:45.856 I/am_wtf ( 1496): [0,1496,system_server,-1,DisplayDeviceConfig,requesting nits when no mapping exists.]
09-22 22:39:45.857 I/am_wtf ( 1496): [0,1496,system_server,-1,DisplayDeviceConfig,requesting nits when no mapping exists.]
09-22 22:39:45.858 E/.qti.qccauthmg( 4613): Not starting debugger since process cannot load the jdwp agent.
09-22 22:39:45.860 D/ProcessState( 4613): Binder ioctl to enable oneway spam detection failed: Invalid argument
09-22 22:39:45.860 E/UserRestrictionsUtils( 1496): Unknown restriction queried by uid 1000 (com.android.inputdevices et al): null
09-22 22:39:45.862 W/InstrumentedPrefFrag( 4134): Screen title missing for fragment com.android.settings.homepage.TopLevelSettings
09-22 22:39:45.866 I/am_proc_bound( 1496): [0,4613,com.qualcomm.qti.qccauthmgr]
09-22 22:39:45.867 E/DisplayDeviceConfig( 1496): requesting nits when no mapping exists.
09-22 22:39:45.868 D/CompatibilityInfo( 1496): mCompatibilityFlags - 4
09-22 22:39:45.868 D/CompatibilityInfo( 1496): applicationDensity - 240
09-22 22:39:45.868 D/CompatibilityInfo( 1496): applicationScale - 1.0
09-22 22:39:45.868 E/DisplayDeviceConfig( 1496): requesting nits when no mapping exists.
09-22 22:39:45.868 D/TopLevelSettings( 4134): NO dashboard tiles for TopLevelSettings
09-22 22:39:45.868 D/TopLevelSettings( 4134): All preferences added, reporting fully drawn
09-22 22:39:45.868 I/am_wtf ( 1496): [0,1496,system_server,-1,DisplayDeviceConfig,requesting nits when no mapping exists.]
09-22 22:39:45.869 I/am_uid_active( 1496): 10088
09-22 22:39:45.870 I/am_wtf ( 1496): [0,1496,system_server,-1,DisplayDeviceConfig,requesting nits when no mapping exists.]
09-22 22:39:45.872 D/CompatibilityChangeReporter( 4613): Compat change id reported: 171979766; UID 10088; state: ENABLED
09-22 22:39:45.883 E/DisplayDeviceConfig( 1496): requesting nits when no mapping exists.
09-22 22:39:45.884 E/DisplayDeviceConfig( 1496): requesting nits when no mapping exists.
09-22 22:39:45.884 I/am_wtf ( 1496): [0,1496,system_server,-1,DisplayDeviceConfig,requesting nits when no mapping exists.]
09-22 22:39:45.885 I/Perf ( 4613): Connecting to perf service.
09-22 22:39:45.885 W/BatteryBroadcastRcvr( 4134): Problem reading the battery meter.
09-22 22:39:45.886 I/am_wtf ( 1496): [0,1496,system_server,-1,DisplayDeviceConfig,requesting nits when no mapping exists.]
09-22 22:39:45.887 I/wm_on_start_called( 4134): [159182179,com.android.settings.Settings,handleStartActivity]
09-22 22:39:45.888 I/snet_event_log( 4134): [120484087,-1,]
09-22 22:39:45.888 I/wm_on_resume_called( 4134): [159182179,com.android.settings.Settings,RESUME_ACTIVITY]
09-22 22:39:45.889 I/sysui_multi_action( 4134): [757,35,758,1,833,0,1089,37]
09-22 22:39:45.891 V/GraphicsEnvironment( 4613): ANGLE Developer option for 'com.qualcomm.qti.qccauthmgr' set to: 'default'
09-22 22:39:45.891 W/BatteryExternalStatsWorker( 1496): error reading modem stats:ERROR_PHONE_NOT_AVAILABLE
09-22 22:39:45.892 V/GraphicsEnvironment( 4613): ANGLE GameManagerService for com.qualcomm.qti.qccauthmgr: false
09-22 22:39:45.893 D/NetworkSecurityConfig( 4613): No Network Security Config specified, using platform default
09-22 22:39:45.893 D/NetworkSecurityConfig( 4613): No Network Security Config specified, using platform default
