09-22 22:40:06.759 I/am_pss ( 1496): [4134,1000,com.android.settings,87756800,72290304,0,226779136,0,2,10]
09-22 22:40:06.767 I/mpu_uart( 653): [MSG-P:RECV]:No message received in 1000 ms
09-22 22:40:06.769 I/am_pss ( 1496): [4256,10066,com.android.deskclock,23118848,15970304,0,137084928,0,19,9]
09-22 22:40:06.776 I/am_pss ( 1496): [4548,10068,com.android.calendar,7347200,4825088,0,92098560,0,19,6]
09-22 22:40:07.243 I/input_interaction( 1496): Interaction with: deebe52 com.android.settings/com.android.settings.Settings (server), edge-swipe (server), swipe-up (server), PointerEventDispatcher0 (server),
09-22 22:40:07.245 I/wm_task_moved( 1496): [32,1,6]
09-22 22:40:07.245 I/wm_task_to_front( 1496): [0,32]
09-22 22:40:07.249 I/wm_set_resumed_activity( 1496): [0,com.android.settings/.Settings,positionChildAt]
09-22 22:40:07.249 I/wm_focused_root_task( 1496): [0,0,32,1,setFocusedTask]
09-22 22:40:07.249 I/wm_set_resumed_activity( 1496): [0,com.android.settings/.Settings,setFocusedTask]
09-22 22:40:07.250 I/input_focus( 1496): [Focus request deebe52 com.android.settings/com.android.settings.Settings,reason=UpdateInputWindows]
09-22 22:40:07.251 I/wm_on_top_resumed_lost_called( 2390): [261001500,com.android.launcher3.uioverrides.QuickstepLauncher,topStateChangedWhenResumed]
09-22 22:40:07.255 I/wm_on_top_resumed_gained_called( 4134): [159182179,com.android.settings.Settings,topStateChangedWhenResumed]
09-22 22:40:07.268 I/input_focus( 1496): [Focus leaving cdcb676 com.android.launcher3/com.android.launcher3.uioverrides.QuickstepLauncher (server),reason=setFocusedWindow]
09-22 22:40:07.269 I/input_focus( 1496): [Focus entering deebe52 com.android.settings/com.android.settings.Settings (server),reason=setFocusedWindow]
09-22 22:40:07.278 D/Sogou ( 2628): onUnbindInput finish
09-22 22:40:07.279 D/Sogou ( 2628): onFinishInput:
09-22 22:40:07.357 I/hwservicemanager( 515): getTransport: Cannot find entry android.hardware.light@2.0::ILight/default in either framework or device VINTF manifest.
09-22 22:40:07.359 E/light ( 4691): light_open lights keyboard failed: -22
09-22 22:40:07.359 E/light ( 4691): Light passthrough failed to load legacy HAL.
09-22 22:40:07.361 E/light ( 4691): light_open lights buttons failed: -22
09-22 22:40:07.361 E/light ( 4691): Light passthrough failed to load legacy HAL.
09-22 22:40:07.363 E/light ( 4691): light_open lights bluetooth failed: -22
09-22 22:40:07.363 E/light ( 4691): Light passthrough failed to load legacy HAL.
09-22 22:40:07.364 E/light ( 4691): light_open lights wifi failed: -22
09-22 22:40:07.364 E/light ( 4691): Light passthrough failed to load legacy HAL.
09-22 22:40:07.364 I/hwservicemanager( 515): getTransport: Cannot find entry android.hardware.light@2.0::ILight/default in either framework or device VINTF manifest.
09-22 22:40:07.364 E/HidlServiceManagement( 4691): Service android.hardware.light@2.0::ILight/default must be in VINTF manifest in order to register/get.
09-22 22:40:07.364 E/LegacySupport( 4691): Could not register service android.hardware.light@2.0::ILight/default (-2147483648).
09-22 22:40:07.767 I/mpu_uart( 653): [MSG-P:RECV]:No message received in 1000 ms
09-22 22:40:08.290 I/mpu_uart( 653): [MSG-P:R]:recv sync frame timeout
09-22 22:40:08.295 F/linker ( 4693): CANNOT LINK EXECUTABLE "/vendor/bin/hw/sxrservice": library "vendor.qti.hardware.qxr-V1-ndk_platform.so" not found: needed by main executable
09-22 22:40:08.298 F/linker ( 4692): CANNOT LINK EXECUTABLE "/vendor/bin/hw/qvrservice": library "vendor.qti.hardware.qxr-V1-ndk_platform.so" not found: needed by /vendor/lib64/libqvrservice.so in namespace (default)
09-22 22:40:08.422 I/InputDispatcher( 1496): Monitor swipe-up (server) is stealing touch from [deebe52 com.android.settings/com.android.settings.Settings (server), ]
09-22 22:40:08.424 I/view_enqueue_input_event( 4134): [Motion - Cancel,com.android.settings/com.android.settings.Settings]
09-22 22:40:08.430 I/input_interaction( 1496): Interaction with: edge-swipe (server), swipe-up (server), PointerEventDispatcher0 (server),
09-22 22:40:08.768 I/mpu_uart( 653): [MSG-P:RECV]:No message received in 1000 ms
09-22 22:40:08.940 I/ActivityTaskManager( 1496): START u0 {act=android.intent.action.MAIN cat=[android.intent.category.HOME] flg=0x10000000 cmp=com.android.launcher3/.uioverrides.QuickstepLauncher} from uid 10076
09-22 22:40:08.941 I/EventSequenceValidator( 1496): inc AccIntentStartedEvents to 2
09-22 22:40:08.943 I/wm_task_moved( 1496): [1,1,6]
09-22 22:40:08.944 I/wm_set_resumed_activity( 1496): [0,com.android.launcher3/.uioverrides.QuickstepLauncher,positionChildAt]
09-22 22:40:08.944 I/wm_task_moved( 1496): [19,1,2147483647]
09-22 22:40:08.944 I/wm_task_to_front( 1496): [0,19]
09-22 22:40:08.944 I/wm_focused_root_task( 1496): [0,0,1,32,bringingFoundTaskToFront]
09-22 22:40:08.944 I/wm_set_resumed_activity( 1496): [0,com.android.launcher3/.uioverrides.QuickstepLauncher,bringingFoundTaskToFront]
09-22 22:40:08.944 I/wm_new_intent( 1496): [0,261001500,19,com.android.launcher3/.uioverrides.QuickstepLauncher,android.intent.action.MAIN,NULL,NULL,268435712]
09-22 22:40:08.945 I/wm_task_moved( 1496): [1,1,6]
09-22 22:40:08.945 I/wm_set_resumed_activity( 1496): [0,com.android.launcher3/.uioverrides.QuickstepLauncher,positionChildAt]
09-22 22:40:08.947 I/wm_on_top_resumed_lost_called( 4134): [159182179,com.android.settings.Settings,topStateChangedWhenResumed]
09-22 22:40:08.951 I/input_focus( 1496): [Focus request cdcb676 com.android.launcher3/com.android.launcher3.uioverrides.QuickstepLauncher,reason=UpdateInputWindows]
09-22 22:40:08.953 I/wm_on_paused_called( 2390): [261001500,com.android.launcher3.uioverrides.QuickstepLauncher,performPause]
09-22 22:40:08.955 I/wm_on_resume_called( 2390): [261001500,com.android.launcher3.uioverrides.QuickstepLauncher,LIFECYCLER_RESUME_ACTIVITY]
09-22 22:40:08.963 I/wm_on_top_resumed_gained_called( 2390): [261001500,com.android.launcher3.uioverrides.QuickstepLauncher,topStateChangedWhenResumed]
09-22 22:40:08.964 I/EventSequenceValidator( 1496): dec AccIntentStartedEvents to 1
09-22 22:40:08.964 V/ShadeControllerImpl( 1811): NotificationShadeWindow: com.android.systemui.statusbar.phone.NotificationShadeWindowView{6600874 I.E...... ......ID 0,0-2380,1020} canPanelBeCollapsed(): false
09-22 22:40:08.973 I/input_focus( 1496): [Focus leaving deebe52 com.android.settings/com.android.settings.Settings (server),reason=setFocusedWindow]
09-22 22:40:08.973 I/input_focus( 1496): [Focus entering cdcb676 com.android.launcher3/com.android.launcher3.uioverrides.QuickstepLauncher (server),reason=setFocusedWindow]
09-22 22:40:08.975 D/Sogou ( 2628): onUnbindInput finish
09-22 22:40:08.979 D/Sogou ( 2628): onFinishInput:
09-22 22:40:09.624 I/input_interaction( 1496): Interaction with: deebe52 com.android.settings/com.android.settings.Settings (server), edge-swipe (server), swipe-up (server), PointerEventDispatcher0 (server),
09-22 22:40:09.626 I/wm_task_moved( 1496): [32,1,6]
09-22 22:40:09.626 I/wm_task_to_front( 1496): [0,32]
09-22 22:40:09.631 I/wm_set_resumed_activity( 1496): [0,com.android.settings/.Settings,positionChildAt]
09-22 22:40:09.631 I/wm_focused_root_task( 1496): [0,0,32,1,setFocusedTask]
09-22 22:40:09.631 I/wm_set_resumed_activity( 1496): [0,com.android.settings/.Settings,setFocusedTask]
09-22 22:40:09.632 I/input_focus( 1496): [Focus request deebe52 com.android.settings/com.android.settings.Settings,reason=UpdateInputWindows]
09-22 22:40:09.633 I/wm_on_top_resumed_lost_called( 2390): [261001500,com.android.launcher3.uioverrides.QuickstepLauncher,topStateChangedWhenResumed]
09-22 22:40:09.634 I/wm_on_top_resumed_gained_called( 4134): [159182179,com.android.settings.Settings,topStateChangedWhenResumed]
09-22 22:40:09.658 I/input_focus( 1496): [Focus leaving cdcb676 com.android.launcher3/com.android.launcher3.uioverrides.QuickstepLauncher (server),reason=setFocusedWindow]
09-22 22:40:09.658 I/input_focus( 1496): [Focus entering deebe52 com.android.settings/com.android.settings.Settings (server),reason=setFocusedWindow]
09-22 22:40:09.669 D/Sogou ( 2628): onUnbindInput finish
09-22 22:40:09.669 D/Sogou ( 2628): onFinishInput:
09-22 22:40:09.768 I/mpu_uart( 653): [MSG-P:RECV]:No message received in 1000 ms
09-22 22:40:10.527 I/InputDispatcher( 1496): Monitor swipe-up (server) is stealing touch from [deebe52 com.android.settings/com.android.settings.Settings (server), ]
09-22 22:40:10.527 I/view_enqueue_input_event( 4134): [Motion - Cancel,com.android.settings/com.android.settings.Settings]
09-22 22:40:10.538 I/input_interaction( 1496): Interaction with: edge-swipe (server), swipe-up (server), PointerEventDispatcher0 (server),
09-22 22:40:10.768 I/mpu_uart( 653): [MSG-P:RECV]:No message received in 1000 ms
09-22 22:40:10.926 I/ActivityTaskManager( 1496): START u0 {act=android.intent.action.MAIN cat=[android.intent.category.HOME] flg=0x10000000 cmp=com.android.launcher3/.uioverrides.QuickstepLauncher} from uid 10076
09-22 22:40:10.926 I/EventSequenceValidator( 1496): inc AccIntentStartedEvents to 2
09-22 22:40:10.928 I/wm_task_moved( 1496): [1,1,6]
09-22 22:40:10.929 I/wm_set_resumed_activity( 1496): [0,com.android.launcher3/.uioverrides.QuickstepLauncher,positionChildAt]
09-22 22:40:10.929 I/wm_task_moved( 1496): [19,1,2147483647]
09-22 22:40:10.929 I/wm_task_to_front( 1496): [0,19]
09-22 22:40:10.930 I/wm_focused_root_task( 1496): [0,0,1,32,bringingFoundTaskToFront]
09-22 22:40:10.930 I/wm_set_resumed_activity( 1496): [0,com.android.launcher3/.uioverrides.QuickstepLauncher,bringingFoundTaskToFront]
09-22 22:40:10.930 I/wm_new_intent( 1496): [0,261001500,19,com.android.launcher3/.uioverrides.QuickstepLauncher,android.intent.action.MAIN,NULL,NULL,268435712]
09-22 22:40:10.930 I/wm_task_moved( 1496): [1,1,6]
09-22 22:40:10.931 I/wm_on_top_resumed_lost_called( 4134): [159182179,com.android.settings.Settings,topStateChangedWhenResumed]
09-22 22:40:10.931 I/wm_set_resumed_activity( 1496): [0,com.android.launcher3/.uioverrides.QuickstepLauncher,positionChildAt]
09-22 22:40:10.936 I/input_focus( 1496): [Focus request cdcb676 com.android.launcher3/com.android.launcher3.uioverrides.QuickstepLauncher,reason=UpdateInputWindows]
09-22 22:40:10.937 I/wm_on_paused_called( 2390): [261001500,com.android.launcher3.uioverrides.QuickstepLauncher,performPause]
09-22 22:40:10.939 I/EventSequenceValidator( 1496): dec AccIntentStartedEvents to 1
09-22 22:40:10.939 I/wm_on_resume_called( 2390): [261001500,com.android.launcher3.uioverrides.QuickstepLauncher,LIFECYCLER_RESUME_ACTIVITY]
09-22 22:40:10.944 I/wm_on_top_resumed_gained_called( 2390): [261001500,com.android.launcher3.uioverrides.QuickstepLauncher,topStateChangedWhenResumed]
09-22 22:40:10.947 I/input_focus( 1496): [Focus leaving deebe52 com.android.settings/com.android.settings.Settings (server),reason=setFocusedWindow]
09-22 22:40:10.947 I/input_focus( 1496): [Focus entering cdcb676 com.android.launcher3/com.android.launcher3.uioverrides.QuickstepLauncher (server),reason=setFocusedWindow]
09-22 22:40:10.954 D/Sogou ( 2628): onUnbindInput finish
09-22 22:40:10.954 D/Sogou ( 2628): onFinishInput:
09-22 22:40:10.955 V/ShadeControllerImpl( 1811): NotificationShadeWindow: com.android.systemui.statusbar.phone.NotificationShadeWindowView{6600874 I.E...... ......ID 0,0-2380,1020} canPanelBeCollapsed(): false
09-22 22:40:10.959 I/am_pss ( 1496): [4613,10088,com.qualcomm.qti.qccauthmgr,7156736,4231168,0,96018432,0,19,7]
09-22 22:40:11.282 I/input_interaction( 1496): Interaction with: deebe52 com.android.settings/com.android.settings.Settings (server), edge-swipe (server), swipe-up (server), PointerEventDispatcher0 (server),
09-22 22:40:11.283 I/wm_task_moved( 1496): [32,1,6]
09-22 22:40:11.283 I/wm_task_to_front( 1496): [0,32]
09-22 22:40:11.289 I/wm_set_resumed_activity( 1496): [0,com.android.settings/.Settings,positionChildAt]
09-22 22:40:11.289 I/wm_focused_root_task( 1496): [0,0,32,1,setFocusedTask]
09-22 22:40:11.289 I/wm_set_resumed_activity( 1496): [0,com.android.settings/.Settings,setFocusedTask]
09-22 22:40:11.290 I/input_focus( 1496): [Focus request deebe52 com.android.settings/com.android.settings.Settings,reason=UpdateInputWindows]
09-22 22:40:11.291 I/mpu_uart( 653): [MSG-P:R]:recv sync frame timeout
09-22 22:40:11.292 I/wm_on_top_resumed_lost_called( 2390): [261001500,com.android.launcher3.uioverrides.QuickstepLauncher,topStateChangedWhenResumed]
09-22 22:40:11.292 I/wm_on_top_resumed_gained_called( 4134): [159182179,com.android.settings.Settings,topStateChangedWhenResumed]
09-22 22:40:11.312 I/input_focus( 1496): [Focus leaving cdcb676 com.android.launcher3/com.android.launcher3.uioverrides.QuickstepLauncher (server),reason=setFocusedWindow]
09-22 22:40:11.312 I/input_focus( 1496): [Focus entering deebe52 com.android.settings/com.android.settings.Settings (server),reason=setFocusedWindow]
09-22 22:40:11.320 D/Sogou ( 2628): onUnbindInput finish
09-22 22:40:11.320 D/Sogou ( 2628): onFinishInput:
09-22 22:40:11.768 I/mpu_uart( 653): [MSG-P:RECV]:No message received in 1000 ms
09-22 22:40:12.360 I/hwservicemanager( 515): getTransport: Cannot find entry android.hardware.light@2.0::ILight/default in either framework or device VINTF manifest.
09-22 22:40:12.363 E/light ( 4694): light_open lights keyboard failed: -22
09-22 22:40:12.363 E/light ( 4694): Light passthrough failed to load legacy HAL.
09-22 22:40:12.363 E/light ( 4694): light_open lights buttons failed: -22
09-22 22:40:12.363 E/light ( 4694): Light passthrough failed to load legacy HAL.
09-22 22:40:12.364 E/light ( 4694): light_open lights bluetooth failed: -22
09-22 22:40:12.364 E/light ( 4694): Light passthrough failed to load legacy HAL.
09-22 22:40:12.365 E/light ( 4694): light_open lights wifi failed: -22
09-22 22:40:12.365 E/light ( 4694): Light passthrough failed to load legacy HAL.
09-22 22:40:12.365 I/hwservicemanager( 515): getTransport: Cannot find entry android.hardware.light@2.0::ILight/default in either framework or device VINTF manifest.
09-22 22:40:12.365 E/HidlServiceManagement( 4694): Service android.hardware.light@2.0::ILight/default must be in VINTF manifest in order to register/get.
09-22 22:40:12.365 E/LegacySupport( 4694): Could not register service android.hardware.light@2.0::ILight/default (-2147483648).
09-22 22:40:12.769 I/mpu_uart( 653): [MSG-P:RECV]:No message received in 1000 ms
09-22 22:40:12.866 I/InputDispatcher( 1496): Monitor swipe-up (server) is stealing touch from [deebe52 com.android.settings/com.android.settings.Settings (server), ]
09-22 22:40:12.866 I/view_enqueue_input_event( 4134): [Motion - Cancel,com.android.settings/com.android.settings.Settings]
09-22 22:40:12.866 I/input_interaction( 1496): Interaction with: edge-swipe (server), swipe-up (server), PointerEventDispatcher0 (server),
09-22 22:40:13.211 I/ActivityTaskManager( 1496): START u0 {act=android.intent.action.MAIN cat=[android.intent.category.HOME] flg=0x10000000 cmp=com.android.launcher3/.uioverrides.QuickstepLauncher} from uid 10076
09-22 22:40:13.211 I/EventSequenceValidator( 1496): inc AccIntentStartedEvents to 2
09-22 22:40:13.212 I/wm_task_moved( 1496): [1,1,6]
09-22 22:40:13.214 I/wm_set_resumed_activity( 1496): [0,com.android.launcher3/.uioverrides.QuickstepLauncher,positionChildAt]
09-22 22:40:13.214 I/wm_task_moved( 1496): [19,1,2147483647]
09-22 22:40:13.214 I/wm_task_to_front( 1496): [0,19]
09-22 22:40:13.214 I/wm_focused_root_task( 1496): [0,0,1,32,bringingFoundTaskToFront]
09-22 22:40:13.214 I/wm_set_resumed_activity( 1496): [0,com.android.launcher3/.uioverrides.QuickstepLauncher,bringingFoundTaskToFront]
09-22 22:40:13.215 I/wm_new_intent( 1496): [0,261001500,19,com.android.launcher3/.uioverrides.QuickstepLauncher,android.intent.action.MAIN,NULL,NULL,268435712]
09-22 22:40:13.215 I/wm_task_moved( 1496): [1,1,6]
09-22 22:40:13.215 I/wm_set_resumed_activity( 1496): [0,com.android.launcher3/.uioverrides.QuickstepLauncher,positionChildAt]
09-22 22:40:13.220 I/wm_on_top_resumed_lost_called( 4134): [159182179,com.android.settings.Settings,topStateChangedWhenResumed]
09-22 22:40:13.221 I/input_focus( 1496): [Focus request cdcb676 com.android.launcher3/com.android.launcher3.uioverrides.QuickstepLauncher,reason=UpdateInputWindows]
09-22 22:40:13.222 I/wm_on_paused_called( 2390): [261001500,com.android.launcher3.uioverrides.QuickstepLauncher,performPause]
09-22 22:40:13.223 I/EventSequenceValidator( 1496): dec AccIntentStartedEvents to 1
09-22 22:40:13.224 I/wm_on_resume_called( 2390): [261001500,com.android.launcher3.uioverrides.QuickstepLauncher,LIFECYCLER_RESUME_ACTIVITY]
09-22 22:40:13.229 V/ShadeControllerImpl( 1811): NotificationShadeWindow: com.android.systemui.statusbar.phone.NotificationShadeWindowView{6600874 I.E...... ......ID 0,0-2380,1020} canPanelBeCollapsed(): false
09-22 22:40:13.229 I/wm_on_top_resumed_gained_called( 2390): [261001500,com.android.launcher3.uioverrides.QuickstepLauncher,topStateChangedWhenResumed]
09-22 22:40:13.234 I/input_focus( 1496): [Focus leaving deebe52 com.android.settings/com.android.settings.Settings (server),reason=setFocusedWindow]
09-22 22:40:13.234 I/input_focus( 1496): [Focus entering cdcb676 com.android.launcher3/com.android.launcher3.uioverrides.QuickstepLauncher (server),reason=setFocusedWindow]
09-22 22:40:13.239 D/Sogou ( 2628): onUnbindInput finish
09-22 22:40:13.240 D/Sogou ( 2628): onFinishInput:
09-22 22:40:13.294 F/linker ( 4696): CANNOT LINK EXECUTABLE "/vendor/bin/hw/sxrservice": library "vendor.qti.hardware.qxr-V1-ndk_platform.so" not found: needed by main executable
09-22 22:40:13.298 F/linker ( 4695): CANNOT LINK EXECUTABLE "/vendor/bin/hw/qvrservice": library "vendor.qti.hardware.qxr-V1-ndk_platform.so" not found: needed by /vendor/lib64/libqvrservice.so in namespace (default)
09-22 22:40:13.734 I/input_interaction( 1496): Interaction with: deebe52 com.android.settings/com.android.settings.Settings (server), edge-swipe (server), swipe-up (server), PointerEventDispatcher0 (server),
09-22 22:40:13.737 I/wm_task_moved( 1496): [32,1,6]
09-22 22:40:13.737 I/wm_task_to_front( 1496): [0,32]
09-22 22:40:13.742 I/wm_on_top_resumed_lost_called( 2390): [261001500,com.android.launcher3.uioverrides.QuickstepLauncher,topStateChangedWhenResumed]
09-22 22:40:13.742 I/wm_set_resumed_activity( 1496): [0,com.android.settings/.Settings,positionChildAt]
09-22 22:40:13.742 I/wm_focused_root_task( 1496): [0,0,32,1,setFocusedTask]
09-22 22:40:13.742 I/wm_set_resumed_activity( 1496): [0,com.android.settings/.Settings,setFocusedTask]
09-22 22:40:13.742 I/input_focus( 1496): [Focus request deebe52 com.android.settings/com.android.settings.Settings,reason=UpdateInputWindows]
09-22 22:40:13.743 I/wm_on_top_resumed_gained_called( 4134): [159182179,com.android.settings.Settings,topStateChangedWhenResumed]
09-22 22:40:13.767 I/input_focus( 1496): [Focus leaving cdcb676 com.android.launcher3/com.android.launcher3.uioverrides.QuickstepLauncher (server),reason=setFocusedWindow]
09-22 22:40:13.768 I/input_focus( 1496): [Focus entering deebe52 com.android.settings/com.android.settings.Settings (server),reason=setFocusedWindow]
09-22 22:40:13.769 I/mpu_uart( 653): [MSG-P:RECV]:No message received in 1000 ms
09-22 22:40:13.777 D/Sogou ( 2628): onUnbindInput finish
09-22 22:40:13.778 D/Sogou ( 2628): onFinishInput:
09-22 22:40:14.295 I/mpu_uart( 653): [MSG-P:R]:recv sync frame timeout
09-22 22:40:14.769 I/mpu_uart( 653): [MSG-P:RECV]:No message received in 1000 ms
09-22 22:40:15.770 I/mpu_uart( 653): [MSG-P:RECV]:No message received in 1000 ms
09-22 22:40:15.788 I/service_manager_stats( 1496): [100,58,27978]
09-22 22:40:16.023 I/InputDispatcher( 1496): Monitor swipe-up (server) is stealing touch from [deebe52 com.android.settings/com.android.settings.Settings (server), ]
09-22 22:40:16.023 I/view_enqueue_input_event( 4134): [Motion - Cancel,com.android.settings/com.android.settings.Settings]
09-22 22:40:16.028 I/input_interaction( 1496): Interaction with: edge-swipe (server), swipe-up (server), PointerEventDispatcher0 (server),
09-22 22:40:16.510 I/ActivityTaskManager( 1496): START u0 {act=android.intent.action.MAIN cat=[android.intent.category.HOME] flg=0x10000000 cmp=com.android.launcher3/.uioverrides.QuickstepLauncher} from uid 10076
09-22 22:40:16.511 I/EventSequenceValidator( 1496): inc AccIntentStartedEvents to 2
09-22 22:40:16.512 I/wm_task_moved( 1496): [1,1,6]
09-22 22:40:16.514 I/wm_set_resumed_activity( 1496): [0,com.android.launcher3/.uioverrides.QuickstepLauncher,positionChildAt]
09-22 22:40:16.514 I/wm_task_moved( 1496): [19,1,2147483647]
09-22 22:40:16.514 I/wm_task_to_front( 1496): [0,19]
09-22 22:40:16.514 I/wm_focused_root_task( 1496): [0,0,1,32,bringingFoundTaskToFront]
09-22 22:40:16.514 I/wm_set_resumed_activity( 1496): [0,com.android.launcher3/.uioverrides.QuickstepLauncher,bringingFoundTaskToFront]
09-22 22:40:16.515 I/wm_on_top_resumed_lost_called( 4134): [159182179,com.android.settings.Settings,topStateChangedWhenResumed]
09-22 22:40:16.515 I/wm_new_intent( 1496): [0,261001500,19,com.android.launcher3/.uioverrides.QuickstepLauncher,android.intent.action.MAIN,NULL,NULL,268435712]
09-22 22:40:16.515 I/wm_task_moved( 1496): [1,1,6]
09-22 22:40:16.515 I/wm_set_resumed_activity( 1496): [0,com.android.launcher3/.uioverrides.QuickstepLauncher,positionChildAt]
09-22 22:40:16.520 I/input_focus( 1496): [Focus request cdcb676 com.android.launcher3/com.android.launcher3.uioverrides.QuickstepLauncher,reason=UpdateInputWindows]
09-22 22:40:16.521 I/wm_on_paused_called( 2390): [261001500,com.android.launcher3.uioverrides.QuickstepLauncher,performPause]
09-22 22:40:16.522 I/EventSequenceValidator( 1496): dec AccIntentStartedEvents to 1
09-22 22:40:16.522 I/wm_on_resume_called( 2390): [261001500,com.android.launcher3.uioverrides.QuickstepLauncher,LIFECYCLER_RESUME_ACTIVITY]
09-22 22:40:16.523 I/wm_on_top_resumed_gained_called( 2390): [261001500,com.android.launcher3.uioverrides.QuickstepLauncher,topStateChangedWhenResumed]
09-22 22:40:16.531 V/ShadeControllerImpl( 1811): NotificationShadeWindow: com.android.systemui.statusbar.phone.NotificationShadeWindowView{6600874 I.E...... ......ID 0,0-2380,1020} canPanelBeCollapsed(): false
09-22 22:40:16.541 I/input_focus( 1496): [Focus leaving deebe52 com.android.settings/com.android.settings.Settings (server),reason=setFocusedWindow]
09-22 22:40:16.541 I/input_focus( 1496): [Focus entering cdcb676 com.android.launcher3/com.android.launcher3.uioverrides.QuickstepLauncher (server),reason=setFocusedWindow]
09-22 22:40:16.544 D/Sogou ( 2628): onUnbindInput finish
09-22 22:40:16.545 D/Sogou ( 2628): onFinishInput:
09-22 22:40:16.731 I/input_interaction( 1496): Interaction with: deebe52 com.android.settings/com.android.settings.Settings (server), edge-swipe (server), swipe-up (server), PointerEventDispatcher0 (server),
09-22 22:40:16.732 I/wm_task_moved( 1496): [32,1,6]
09-22 22:40:16.732 I/wm_task_to_front( 1496): [0,32]
09-22 22:40:16.739 I/wm_set_resumed_activity( 1496): [0,com.android.settings/.Settings,positionChildAt]
09-22 22:40:16.739 I/wm_focused_root_task( 1496): [0,0,32,1,setFocusedTask]
09-22 22:40:16.739 I/wm_set_resumed_activity( 1496): [0,com.android.settings/.Settings,setFocusedTask]
09-22 22:40:16.739 I/input_focus( 1496): [Focus request deebe52 com.android.settings/com.android.settings.Settings,reason=UpdateInputWindows]
09-22 22:40:16.742 I/wm_on_top_resumed_lost_called( 2390): [261001500,com.android.launcher3.uioverrides.QuickstepLauncher,topStateChangedWhenResumed]
09-22 22:40:16.747 I/wm_on_top_resumed_gained_called( 4134): [159182179,com.android.settings.Settings,topStateChangedWhenResumed]
09-22 22:40:16.758 I/input_focus( 1496): [Focus leaving cdcb676 com.android.launcher3/com.android.launcher3.uioverrides.QuickstepLauncher (server),reason=setFocusedWindow]
09-22 22:40:16.759 I/input_focus( 1496): [Focus entering deebe52 com.android.settings/com.android.settings.Settings (server),reason=setFocusedWindow]
09-22 22:40:16.768 D/Sogou ( 2628): onUnbindInput finish
09-22 22:40:16.769 D/Sogou ( 2628): onFinishInput:
09-22 22:40:16.770 I/mpu_uart( 653): [MSG-P:RECV]:No message received in 1000 ms
09-22 22:40:17.298 I/mpu_uart( 653): [MSG-P:R]:recv sync frame timeout
09-22 22:40:17.371 I/hwservicemanager( 515): getTransport: Cannot find entry android.hardware.light@2.0::ILight/default in either framework or device VINTF manifest.
09-22 22:40:17.374 E/light ( 4697): light_open lights keyboard failed: -22
09-22 22:40:17.374 E/light ( 4697): Light passthrough failed to load legacy HAL.
09-22 22:40:17.374 E/light ( 4697): light_open lights buttons failed: -22
09-22 22:40:17.375 E/light ( 4697): Light passthrough failed to load legacy HAL.
09-22 22:40:17.376 E/light ( 4697): light_open lights bluetooth failed: -22
09-22 22:40:17.376 E/light ( 4697): Light passthrough failed to load legacy HAL.
09-22 22:40:17.376 E/light ( 4697): light_open lights wifi failed: -22
09-22 22:40:17.376 E/light ( 4697): Light passthrough failed to load legacy HAL.
09-22 22:40:17.377 I/hwservicemanager( 515): getTransport: Cannot find entry android.hardware.light@2.0::ILight/default in either framework or device VINTF manifest.
09-22 22:40:17.377 E/HidlServiceManagement( 4697): Service android.hardware.light@2.0::ILight/default must be in VINTF manifest in order to register/get.
09-22 22:40:17.377 E/LegacySupport( 4697): Could not register service android.hardware.light@2.0::ILight/default (-2147483648).
09-22 22:40:17.770 I/mpu_uart( 653): [MSG-P:RECV]:No message received in 1000 ms
09-22 22:40:18.296 F/linker ( 4699): CANNOT LINK EXECUTABLE "/vendor/bin/hw/sxrservice": library "vendor.qti.hardware.qxr-V1-ndk_platform.so" not found: needed by main executable
09-22 22:40:18.297 F/linker ( 4698): CANNOT LINK EXECUTABLE "/vendor/bin/hw/qvrservice": library "vendor.qti.hardware.qxr-V1-ndk_platform.so" not found: needed by /vendor/lib64/libqvrservice.so in namespace (default)
09-22 22:40:18.770 I/mpu_uart( 653): [MSG-P:RECV]:No message received in 1000 ms
09-22 22:40:19.771 I/mpu_uart( 653): [MSG-P:RECV]:No message received in 1000 ms
09-22 22:40:20.301 I/mpu_uart( 653): [MSG-P:R]:recv sync frame timeout
09-22 22:40:20.771 I/mpu_uart( 653): [MSG-P:RECV]:No message received in 1000 ms
09-22 22:40:21.030 I/BpBinder( 961): onLastStrongRef automatically unlinking death recipients:
09-22 22:40:21.041 I/BpBinder( 961): onLastStrongRef automatically unlinking death recipients:
09-22 22:40:21.054 I/BpBinder( 961): onLastStrongRef automatically unlinking death recipients:
09-22 22:40:21.054 I/InputDispatcher( 1496): Monitor edge-swipe (server) is stealing touch from [deebe52 com.android.settings/com.android.settings.Settings (server), ]
09-22 22:40:21.056 I/view_enqueue_input_event( 4134): [Motion - Cancel,com.android.settings/com.android.settings.Settings]
09-22 22:40:21.068 I/input_interaction( 1496): Interaction with: edge-swipe (server), swipe-up (server), PointerEventDispatcher0 (server),
09-22 22:40:21.086 I/BpBinder( 961): onLastStrongRef automatically unlinking death recipients:
09-22 22:40:21.090 D/vendor.qti.vibrator( 883): Vibrator perform effect 2
09-22 22:40:21.091 D/vendor.qti.vibrator( 883): QTI Vibrator off
09-22 22:40:21.101 I/BpBinder( 961): onLastStrongRef automatically unlinking death recipients:
09-22 22:40:21.118 I/BpBinder( 961): onLastStrongRef automatically unlinking death recipients:
09-22 22:40:21.135 I/BpBinder( 961): onLastStrongRef automatically unlinking death recipients:
09-22 22:40:21.152 I/BpBinder( 961): onLastStrongRef automatically unlinking death recipients:
09-22 22:40:21.169 I/BpBinder( 961): onLastStrongRef automatically unlinking death recipients:
09-22 22:40:21.186 I/BpBinder( 961): onLastStrongRef automatically unlinking death recipients:
09-22 22:40:21.203 I/BpBinder( 961): onLastStrongRef automatically unlinking death recipients:
09-22 22:40:21.219 I/BpBinder( 961): onLastStrongRef automatically unlinking death recipients:
09-22 22:40:21.262 I/sysui_multi_action( 1496): [757,803,799,key_back_press,802,1]
09-22 22:40:21.263 I/BpBinder( 961): onLastStrongRef automatically unlinking death recipients:
09-22 22:40:21.264 I/input_interaction( 1496): Interaction with: deebe52 com.android.settings/com.android.settings.Settings (server), PointerEventDispatcher0 (server),
09-22 22:40:21.266 I/ActivityTaskManager( 1496): moveTaskToBack: Task{509db8d #32 type=standard A=1000:com.android.settings.root U=0 visible=true mode=freeform translucent=true sz=1}
09-22 22:40:21.266 I/wm_task_moved( 1496): [32,0,0]
09-22 22:40:21.266 D/vendor.qti.vibrator( 883): Vibrator perform effect 0
09-22 22:40:21.267 D/vendor.qti.vibrator( 883): QTI Vibrator off
09-22 22:40:21.270 I/wm_focused_root_task( 1496): [0,0,1,32,moveTaskToBackLocked]
09-22 22:40:21.272 I/wm_on_top_resumed_lost_called( 4134): [159182179,com.android.settings.Settings,topStateChangedWhenResumed]
09-22 22:40:21.273 I/input_focus( 1496): [Focus request cdcb676 com.android.launcher3/com.android.launcher3.uioverrides.QuickstepLauncher,reason=UpdateInputWindows]
09-22 22:40:21.277 I/wm_on_top_resumed_gained_called( 2390): [261001500,com.android.launcher3.uioverrides.QuickstepLauncher,topStateChangedWhenResumed]
09-22 22:40:21.287 I/input_focus( 1496): [Focus leaving deebe52 com.android.settings/com.android.settings.Settings (server),reason=setFocusedWindow]
09-22 22:40:21.287 I/input_focus( 1496): [Focus entering cdcb676 com.android.launcher3/com.android.launcher3.uioverrides.QuickstepLauncher (server),reason=setFocusedWindow]
09-22 22:40:21.295 D/Sogou ( 2628): onUnbindInput finish
09-22 22:40:21.296 D/Sogou ( 2628): onFinishInput:
09-22 22:40:21.738 I/input_interaction( 1496): Interaction with: deebe52 com.android.settings/com.android.settings.Settings (server), edge-swipe (server), swipe-up (server), PointerEventDispatcher0 (server),
09-22 22:40:21.739 I/wm_task_moved( 1496): [32,1,6]
09-22 22:40:21.739 I/wm_task_to_front( 1496): [0,32]
09-22 22:40:21.745 I/wm_set_resumed_activity( 1496): [0,com.android.settings/.Settings,positionChildAt]
09-22 22:40:21.745 I/wm_focused_root_task( 1496): [0,0,32,1,setFocusedTask]
09-22 22:40:21.745 I/wm_set_resumed_activity( 1496): [0,com.android.settings/.Settings,setFocusedTask]
09-22 22:40:21.746 I/input_focus( 1496): [Focus request deebe52 com.android.settings/com.android.settings.Settings,reason=UpdateInputWindows]
09-22 22:40:21.746 I/wm_on_top_resumed_lost_called( 2390): [261001500,com.android.launcher3.uioverrides.QuickstepLauncher,topStateChangedWhenResumed]
09-22 22:40:21.749 I/wm_on_top_resumed_gained_called( 4134): [159182179,com.android.settings.Settings,topStateChangedWhenResumed]
09-22 22:40:21.771 I/mpu_uart( 653): [MSG-P:RECV]:No message received in 1000 ms
09-22 22:40:21.774 I/input_focus( 1496): [Focus leaving cdcb676 com.android.launcher3/com.android.launcher3.uioverrides.QuickstepLauncher (server),reason=setFocusedWindow]
09-22 22:40:21.774 I/input_focus( 1496): [Focus entering deebe52 com.android.settings/com.android.settings.Settings (server),reason=setFocusedWindow]
09-22 22:40:21.780 D/Sogou ( 2628): onUnbindInput finish
09-22 22:40:21.781 D/Sogou ( 2628): onFinishInput:
09-22 22:40:22.385 I/hwservicemanager( 515): getTransport: Cannot find entry android.hardware.light@2.0::ILight/default in either framework or device VINTF manifest.
09-22 22:40:22.387 E/light ( 4703): light_open lights keyboard failed: -22
09-22 22:40:22.387 E/light ( 4703): Light passthrough failed to load legacy HAL.
09-22 22:40:22.388 E/light ( 4703): light_open lights buttons failed: -22
09-22 22:40:22.388 E/light ( 4703): Light passthrough failed to load legacy HAL.
09-22 22:40:22.389 E/light ( 4703): light_open lights bluetooth failed: -22
09-22 22:40:22.389 E/light ( 4703): Light passthrough failed to load legacy HAL.
09-22 22:40:22.390 E/light ( 4703): light_open lights wifi failed: -22
09-22 22:40:22.390 E/light ( 4703): Light passthrough failed to load legacy HAL.
09-22 22:40:22.391 I/hwservicemanager( 515): getTransport: Cannot find entry android.hardware.light@2.0::ILight/default in either framework or device VINTF manifest.
09-22 22:40:22.391 E/HidlServiceManagement( 4703): Service android.hardware.light@2.0::ILight/default must be in VINTF manifest in order to register/get.
09-22 22:40:22.391 E/LegacySupport( 4703): Could not register service android.hardware.light@2.0::ILight/default (-2147483648).
09-22 22:40:22.612 I/BpBinder( 961): onLastStrongRef automatically unlinking death recipients:
09-22 22:40:22.624 I/InputDispatcher( 1496): Monitor edge-swipe (server) is stealing touch from [deebe52 com.android.settings/com.android.settings.Settings (server), ]
09-22 22:40:22.630 I/view_enqueue_input_event( 4134): [Motion - Cancel,com.android.settings/com.android.settings.Settings]
09-22 22:40:22.637 I/input_interaction( 1496): Interaction with: edge-swipe (server), swipe-up (server), PointerEventDispatcher0 (server),
09-22 22:40:22.657 I/BpBinder( 961): onLastStrongRef automatically unlinking death recipients:
09-22 22:40:22.665 D/vendor.qti.vibrator( 883): Vibrator perform effect 2
09-22 22:40:22.666 D/vendor.qti.vibrator( 883): QTI Vibrator off
09-22 22:40:22.672 I/BpBinder( 961): onLastStrongRef automatically unlinking death recipients:
09-22 22:40:22.690 I/BpBinder( 961): onLastStrongRef automatically unlinking death recipients:
09-22 22:40:22.706 I/BpBinder( 961): onLastStrongRef automatically unlinking death recipients:
09-22 22:40:22.722 I/BpBinder( 961): onLastStrongRef automatically unlinking death recipients:
09-22 22:40:22.740 I/BpBinder( 961): onLastStrongRef automatically unlinking death recipients:
09-22 22:40:22.757 I/BpBinder( 961): onLastStrongRef automatically unlinking death recipients:
09-22 22:40:22.772 I/mpu_uart( 653): [MSG-P:RECV]:No message received in 1000 ms
09-22 22:40:22.805 I/sysui_multi_action( 1496): [757,803,799,key_back_press,802,1]
09-22 22:40:22.806 I/BpBinder( 961): onLastStrongRef automatically unlinking death recipients:
09-22 22:40:22.809 D/vendor.qti.vibrator( 883): Vibrator perform effect 0
09-22 22:40:22.810 I/input_interaction( 1496): Interaction with: deebe52 com.android.settings/com.android.settings.Settings (server), PointerEventDispatcher0 (server),
09-22 22:40:22.811 D/vendor.qti.vibrator( 883): QTI Vibrator off
09-22 22:40:22.812 I/ActivityTaskManager( 1496): moveTaskToBack: Task{509db8d #32 type=standard A=1000:com.android.settings.root U=0 visible=true mode=freeform translucent=true sz=1}
09-22 22:40:22.812 I/wm_task_moved( 1496): [32,0,0]
09-22 22:40:22.816 I/wm_focused_root_task( 1496): [0,0,1,32,moveTaskToBackLocked]
09-22 22:40:22.818 I/wm_on_top_resumed_lost_called( 4134): [159182179,com.android.settings.Settings,topStateChangedWhenResumed]
09-22 22:40:22.818 I/input_focus( 1496): [Focus request cdcb676 com.android.launcher3/com.android.launcher3.uioverrides.QuickstepLauncher,reason=UpdateInputWindows]
09-22 22:40:22.822 I/wm_on_top_resumed_gained_called( 2390): [261001500,com.android.launcher3.uioverrides.QuickstepLauncher,topStateChangedWhenResumed]
09-22 22:40:22.824 I/input_focus( 1496): [Focus leaving deebe52 com.android.settings/com.android.settings.Settings (server),reason=setFocusedWindow]
09-22 22:40:22.824 I/input_focus( 1496): [Focus entering cdcb676 com.android.launcher3/com.android.launcher3.uioverrides.QuickstepLauncher (server),reason=setFocusedWindow]
09-22 22:40:22.829 D/Sogou ( 2628): onUnbindInput finish
09-22 22:40:22.830 D/Sogou ( 2628): onFinishInput:
09-22 22:40:23.302 I/mpu_uart( 653): [MSG-P:R]:recv sync frame timeout
09-22 22:40:23.314 F/linker ( 4708): CANNOT LINK EXECUTABLE "/vendor/bin/hw/sxrservice": library "vendor.qti.hardware.qxr-V1-ndk_platform.so" not found: needed by main executable
09-22 22:40:23.315 F/linker ( 4707): CANNOT LINK EXECUTABLE "/vendor/bin/hw/qvrservice": library "vendor.qti.hardware.qxr-V1-ndk_platform.so" not found: needed by /vendor/lib64/libqvrservice.so in namespace (default)
09-22 22:40:23.367 I/input_interaction( 1496): Interaction with: deebe52 com.android.settings/com.android.settings.Settings (server), edge-swipe (server), swipe-up (server), PointerEventDispatcher0 (server),
09-22 22:40:23.369 I/wm_task_moved( 1496): [32,1,6]
09-22 22:40:23.369 I/wm_task_to_front( 1496): [0,32]
09-22 22:40:23.375 I/wm_set_resumed_activity( 1496): [0,com.android.settings/.Settings,positionChildAt]
09-22 22:40:23.375 I/wm_focused_root_task( 1496): [0,0,32,1,setFocusedTask]
09-22 22:40:23.375 I/wm_set_resumed_activity( 1496): [0,com.android.settings/.Settings,setFocusedTask]
09-22 22:40:23.376 I/input_focus( 1496): [Focus request deebe52 com.android.settings/com.android.settings.Settings,reason=UpdateInputWindows]
09-22 22:40:23.377 I/wm_on_top_resumed_lost_called( 2390): [261001500,com.android.launcher3.uioverrides.QuickstepLauncher,topStateChangedWhenResumed]
09-22 22:40:23.378 I/wm_on_top_resumed_gained_called( 4134): [159182179,com.android.settings.Settings,topStateChangedWhenResumed]
09-22 22:40:23.408 I/input_focus( 1496): [Focus leaving cdcb676 com.android.launcher3/com.android.launcher3.uioverrides.QuickstepLauncher (server),reason=setFocusedWindow]
09-22 22:40:23.408 I/input_focus( 1496): [Focus entering deebe52 com.android.settings/com.android.settings.Settings (server),reason=setFocusedWindow]
09-22 22:40:23.416 D/Sogou ( 2628): onUnbindInput finish
09-22 22:40:23.417 D/Sogou ( 2628): onFinishInput:
09-22 22:40:23.772 I/mpu_uart( 653): [MSG-P:RECV]:No message received in 1000 ms
09-22 22:40:24.509 I/BpBinder( 961): onLastStrongRef automatically unlinking death recipients:
09-22 22:40:24.561 I/InputDispatcher( 1496): Monitor edge-swipe (server) is stealing touch from [deebe52 com.android.settings/com.android.settings.Settings (server), ]
09-22 22:40:24.562 I/view_enqueue_input_event( 4134): [Motion - Cancel,com.android.settings/com.android.settings.Settings]
09-22 22:40:24.573 I/input_interaction( 1496): Interaction with: edge-swipe (server), swipe-up (server), PointerEventDispatcher0 (server),
09-22 22:40:24.594 I/BpBinder( 961): onLastStrongRef automatically unlinking death recipients:
09-22 22:40:24.599 D/vendor.qti.vibrator( 883): Vibrator perform effect 2
09-22 22:40:24.599 D/vendor.qti.vibrator( 883): QTI Vibrator off
09-22 22:40:24.611 I/BpBinder( 961): onLastStrongRef automatically unlinking death recipients:
09-22 22:40:24.627 I/BpBinder( 961): onLastStrongRef automatically unlinking death recipients:
09-22 22:40:24.644 I/BpBinder( 961): onLastStrongRef automatically unlinking death recipients:
09-22 22:40:24.660 I/BpBinder( 961): onLastStrongRef automatically unlinking death recipients:
09-22 22:40:24.677 I/BpBinder( 961): onLastStrongRef automatically unlinking death recipients:
09-22 22:40:24.694 I/BpBinder( 961): onLastStrongRef automatically unlinking death recipients:
09-22 22:40:24.712 I/BpBinder( 961): onLastStrongRef automatically unlinking death recipients:
09-22 22:40:24.728 I/BpBinder( 961): onLastStrongRef automatically unlinking death recipients:
09-22 22:40:24.744 I/BpBinder( 961): onLastStrongRef automatically unlinking death recipients:
09-22 22:40:24.761 I/BpBinder( 961): onLastStrongRef automatically unlinking death recipients:
09-22 22:40:24.772 I/mpu_uart( 653): [MSG-P:RECV]:No message received in 1000 ms
09-22 22:40:24.777 I/BpBinder( 961): onLastStrongRef automatically unlinking death recipients:
09-22 22:40:24.794 I/BpBinder( 961): onLastStrongRef automatically unlinking death recipients:
09-22 22:40:24.836 I/sysui_multi_action( 1496): [757,803,799,key_back_press,802,1]
09-22 22:40:24.838 I/BpBinder( 961): onLastStrongRef automatically unlinking death recipients:
09-22 22:40:24.838 I/input_interaction( 1496): Interaction with: deebe52 com.android.settings/com.android.settings.Settings (server), PointerEventDispatcher0 (server),
09-22 22:40:24.840 I/ActivityTaskManager( 1496): moveTaskToBack: Task{509db8d #32 type=standard A=1000:com.android.settings.root U=0 visible=true mode=freeform translucent=true sz=1}
09-22 22:40:24.841 I/wm_task_moved( 1496): [32,0,0]
09-22 22:40:24.841 D/vendor.qti.vibrator( 883): Vibrator perform effect 0
09-22 22:40:24.841 D/vendor.qti.vibrator( 883): QTI Vibrator off
09-22 22:40:24.845 I/wm_focused_root_task( 1496): [0,0,1,32,moveTaskToBackLocked]
09-22 22:40:24.846 I/wm_on_top_resumed_lost_called( 4134): [159182179,com.android.settings.Settings,topStateChangedWhenResumed]
09-22 22:40:24.846 I/input_focus( 1496): [Focus request cdcb676 com.android.launcher3/com.android.launcher3.uioverrides.QuickstepLauncher,reason=UpdateInputWindows]
09-22 22:40:24.850 I/wm_on_top_resumed_gained_called( 2390): [261001500,com.android.launcher3.uioverrides.QuickstepLauncher,topStateChangedWhenResumed]
09-22 22:40:24.862 I/input_focus( 1496): [Focus leaving deebe52 com.android.settings/com.android.settings.Settings (server),reason=setFocusedWindow]
09-22 22:40:24.863 I/input_focus( 1496): [Focus entering cdcb676 com.android.launcher3/com.android.launcher3.uioverrides.QuickstepLauncher (server),reason=setFocusedWindow]
09-22 22:40:24.867 D/Sogou ( 2628): onUnbindInput finish
09-22 22:40:24.867 D/Sogou ( 2628): onFinishInput:
09-22 22:40:25.493 I/input_interaction( 1496): Interaction with: deebe52 com.android.settings/com.android.settings.Settings (server), edge-swipe (server), swipe-up (server), PointerEventDispatcher0 (server),
09-22 22:40:25.494 I/wm_task_moved( 1496): [32,1,6]
09-22 22:40:25.495 I/wm_task_to_front( 1496): [0,32]
09-22 22:40:25.500 I/wm_set_resumed_activity( 1496): [0,com.android.settings/.Settings,positionChildAt]
09-22 22:40:25.500 I/wm_focused_root_task( 1496): [0,0,32,1,setFocusedTask]
09-22 22:40:25.500 I/wm_set_resumed_activity( 1496): [0,com.android.settings/.Settings,setFocusedTask]
09-22 22:40:25.501 I/input_focus( 1496): [Focus request deebe52 com.android.settings/com.android.settings.Settings,reason=UpdateInputWindows]
09-22 22:40:25.501 I/wm_on_top_resumed_lost_called( 2390): [261001500,com.android.launcher3.uioverrides.QuickstepLauncher,topStateChangedWhenResumed]
09-22 22:40:25.502 I/wm_on_top_resumed_gained_called( 4134): [159182179,com.android.settings.Settings,topStateChangedWhenResumed]
09-22 22:40:25.529 I/input_focus( 1496): [Focus leaving cdcb676 com.android.launcher3/com.android.launcher3.uioverrides.QuickstepLauncher (server),reason=setFocusedWindow]
09-22 22:40:25.529 I/input_focus( 1496): [Focus entering deebe52 com.android.settings/com.android.settings.Settings (server),reason=setFocusedWindow]
09-22 22:40:25.535 D/Sogou ( 2628): onUnbindInput finish
09-22 22:40:25.535 D/Sogou ( 2628): onFinishInput:
09-22 22:40:25.772 I/mpu_uart( 653): [MSG-P:RECV]:No message received in 1000 ms
09-22 22:40:26.304 I/mpu_uart( 653): [MSG-P:R]:recv sync frame timeout
09-22 22:40:26.313 I/BpBinder( 961): onLastStrongRef automatically unlinking death recipients:
09-22 22:40:26.364 I/BpBinder( 961): onLastStrongRef automatically unlinking death recipients:
09-22 22:40:26.419 I/InputDispatcher( 1496): Monitor edge-swipe (server) is stealing touch from [deebe52 com.android.settings/com.android.settings.Settings (server), ]
09-22 22:40:26.419 I/view_enqueue_input_event( 4134): [Motion - Cancel,com.android.settings/com.android.settings.Settings]
09-22 22:40:26.431 I/input_interaction( 1496): Interaction with: edge-swipe (server), swipe-up (server), PointerEventDispatcher0 (server),
09-22 22:40:26.449 I/BpBinder( 961): onLastStrongRef automatically unlinking death recipients:
09-22 22:40:26.454 D/vendor.qti.vibrator( 883): Vibrator perform effect 2
09-22 22:40:26.455 D/vendor.qti.vibrator( 883): QTI Vibrator off
09-22 22:40:26.465 I/BpBinder( 961): onLastStrongRef automatically unlinking death recipients:
09-22 22:40:26.482 I/BpBinder( 961): onLastStrongRef automatically unlinking death recipients:
09-22 22:40:26.498 I/BpBinder( 961): onLastStrongRef automatically unlinking death recipients:
09-22 22:40:26.515 I/BpBinder( 961): onLastStrongRef automatically unlinking death recipients:
09-22 22:40:26.532 I/BpBinder( 961): onLastStrongRef automatically unlinking death recipients:
09-22 22:40:26.549 I/BpBinder( 961): onLastStrongRef automatically unlinking death recipients:
09-22 22:40:26.570 I/input_interaction( 1496): Interaction with: deebe52 com.android.settings/com.android.settings.Settings (server), edge-swipe (server), swipe-up (server), PointerEventDispatcher0 (server),
09-22 22:40:26.599 I/BpBinder( 961): onLastStrongRef automatically unlinking death recipients:
09-22 22:40:26.653 I/sysui_multi_action( 1496): [757,803,799,key_back_press,802,1]
09-22 22:40:26.656 I/BpBinder( 961): onLastStrongRef automatically unlinking death recipients:
09-22 22:40:26.656 I/input_interaction( 1496): Interaction with: deebe52 com.android.settings/com.android.settings.Settings (server), PointerEventDispatcher0 (server),
09-22 22:40:26.658 I/ActivityTaskManager( 1496): moveTaskToBack: Task{509db8d #32 type=standard A=1000:com.android.settings.root U=0 visible=true mode=freeform translucent=true sz=1}
09-22 22:40:26.659 I/wm_task_moved( 1496): [32,0,0]
09-22 22:40:26.662 I/wm_focused_root_task( 1496): [0,0,1,32,moveTaskToBackLocked]
09-22 22:40:26.664 I/input_focus( 1496): [Focus request cdcb676 com.android.launcher3/com.android.launcher3.uioverrides.QuickstepLauncher,reason=UpdateInputWindows]
09-22 22:40:26.680 I/DashboardFragment( 4134): onPreferenceTreeClick: onPreferenceTreeClick::com.android.settings.TetherSettings
09-22 22:40:26.682 I/sysui_multi_action( 4134): [757,830,758,4,833,0,854,tether_settings,1089,0]
09-22 22:40:26.682 I/input_focus( 1496): [Focus leaving deebe52 com.android.settings/com.android.settings.Settings (server),reason=setFocusedWindow]
09-22 22:40:26.682 I/input_focus( 1496): [Focus entering cdcb676 com.android.launcher3/com.android.launcher3.uioverrides.QuickstepLauncher (server),reason=setFocusedWindow]
09-22 22:40:26.685 D/audio_hw_primary( 806): start_output_stream: enter: stream(0xe45464c0)usecase(1: low-latency-playback) devices(0x2) is_haptic_usecase(0)
09-22 22:40:26.685 W/PreferenceFragment( 4134): onPreferenceStartFragment is not implemented in the parent activity - attempting to use a fallback implementation. You should implement this method so that you can configure the new fragment that will be displayed, and set a transition between the fragments.
09-22 22:40:26.685 E/ANDR-PERF-TARGET( 873): Error: Invalid logical cluster id 0
09-22 22:40:26.685 E/ANDR-PERF-REQUEST( 873): invalid request
09-22 22:40:26.685 E/ANDR-PERF-MPCTL( 873): invalid request, no optimizations performed
09-22 22:40:26.685 E/audio_hw_extn( 806): audio_extn_perf_lock_acquire: Failed to acquire perf lock, err: -1
09-22 22:40:26.685 D/audio_hw_primary( 806): select_devices for use case (low-latency-playback)
09-22 22:40:26.685 I/msm8974_platform( 806): platform_check_and_set_codec_backend_cfg:becf: afe: bitwidth 16, samplerate 48000 channels 2, backend_idx 0 usecase = 1 device (speaker)
09-22 22:40:26.685 D/msm8974_platform( 806): platform_split_snd_device: snd_device(2) num devices(1) new_snd_devices(0)
09-22 22:40:26.685 I/msm8974_platform( 806): platform_check_and_set_codec_backend_cfg: new_snd_devices[0] is 2
09-22 22:40:26.685 I/msm8974_platform( 806): platform_check_codec_backend_cfg:becf: afe: bitwidth 16, samplerate 48000 channels 2, backend_idx 0 usecase = 1 device (speaker)
09-22 22:40:26.686 D/audio_hw_extn( 806): audio_extn_enable_hifi_filter: mixer_value set 0
09-22 22:40:26.686 D/msm8974_platform( 806): platform_check_codec_backend_cfg:becf: updated afe: bitwidth 16, samplerate 48000 channels 2,backend_idx 0 usecase = 1 device (speaker)
09-22 22:40:26.687 D/msm8974_platform( 806): platform_check_codec_backend_cfg:becf: afe: playback on codec device not supporting native playback set default Sample Rate(48k)
09-22 22:40:26.687 I/msm8974_platform( 806): platform_check_codec_backend_cfg:becf: afe: Codec selected backend: 0 updated bit width: 16 and sample rate: 48000
09-22 22:40:26.687 D/audio_hw_primary( 806): check_usecases_codec_backend:becf: force routing 0
09-22 22:40:26.687 E/msm8974_platform( 806): platform_check_backends_match: Invalid snd_device =
09-22 22:40:26.687 D/audio_hw_primary( 806): check_usecases_codec_backend:becf: (78) check_usecases curr device: speaker, usecase device: backends match 0
09-22 22:40:26.687 D/audio_hw_primary( 806): check_usecases_codec_backend:becf: check_usecases num.of Usecases to switch 0
09-22 22:40:26.687 D/hardware_info( 806): hw_info_append_hw_type : device_name = speaker
09-22 22:40:26.687 D/msm8974_platform( 806): platform_split_snd_device: snd_device(2) num devices(0) new_snd_devices(0)
09-22 22:40:26.687 D/audio_hw_primary( 806): enable_snd_device: snd_device(2: speaker)
09-22 22:40:26.687 D/msm8974_platform( 806): platform_get_island_cfg_on_device:island cfg status on snd_device = (speaker 0)
09-22 22:40:26.687 I/soundtrigger( 806): audio_extn_sound_trigger_update_device_status: device 0x2 of type 0 for Event 1, with Raise=0
09-22 22:40:26.687 D/audio_route( 806): Apply path: speaker
09-22 22:40:26.687 I/audio_hw_utils( 806): audio_extn_utils_update_stream_output_app_type_cfg Allowing 24 and above bits playback on speaker ONLY at default sampling rate
09-22 22:40:26.687 E/soundtrigger( 806): audio_extn_sound_trigger_update_stream_status: invalid input device 0x0, for event 3
09-22 22:40:26.687 D/soundtrigger( 806): audio_extn_sound_trigger_update_stream_status: uc_info->id 1 of type 0 for Event 3, with Raise=0
09-22 22:40:26.687 D/audio_hw_utils( 806): audio_extn_utils_send_app_type_cfg: usecase->out_snd_device speaker
09-22 22:40:26.687 D/msm8974_platform( 806): platform_split_snd_device: snd_device(2) num devices(0) new_snd_devices(0)
09-22 22:40:26.687 D/audio_hw_utils( 806): audio_extn_btsco_get_sample_rate:Not a BT SCO device, need not update sampling rate
09-22 22:40:26.687 I/audio_hw_utils( 806): send_app_type_cfg_for_device PLAYBACK app_type 69937, acdb_dev_id 15, sample_rate 48000, snd_device_be_idx 179
