09-22 22:28:48.563 I/sysui_multi_action( 1811): [757,491,758,1,759,491,927,5,928,0,1311,-1,1593,0]
09-22 22:28:48.563 I/sysui_multi_action( 1811): [757,0,758,1,759,0,927,6,928,0,1593,0]
09-22 22:28:48.563 I/sysui_multi_action( 1811): [757,111,758,1]
09-22 22:28:48.563 I/sysui_multi_action( 1811): [757,126,758,1,759,126,927,0,928,0,1593,0]
09-22 22:28:48.563 I/sysui_multi_action( 1811): [757,113,758,1,759,113,927,1,928,1,1593,0]
09-22 22:28:48.563 I/sysui_multi_action( 1811): [757,0,758,1,759,0,927,2,928,0,1593,0]
09-22 22:28:48.563 I/sysui_multi_action( 1811): [757,0,758,1,759,0,927,3,928,0,1593,0]
09-22 22:28:48.577 I/sysui_multi_action( 1811): [757,111,758,2]
09-22 22:28:48.577 I/sysui_multi_action( 1811): [757,111,758,2]
09-22 22:28:48.577 I/notification_enqueue( 1496): [10081,1811,com.android.systemui,2048,NULL,0,Notification(channel=updateNotification shortcut=null contentView=null vibrate=null sound=null defaults=0x0 flags=0x0 color=0x00000000 vis=PRIVATE),1]
09-22 22:28:48.582 I/sysui_multi_action( 1811): [757,111,758,1]
09-22 22:28:48.582 I/sysui_multi_action( 1811): [757,126,758,1,759,126,927,0,928,0,1593,0]
09-22 22:28:48.582 I/sysui_multi_action( 1811): [757,113,758,1,759,113,927,1,928,1,1593,0]
09-22 22:28:48.582 I/sysui_multi_action( 1811): [757,0,758,1,759,0,927,2,928,0,1593,0]
09-22 22:28:48.582 I/sysui_multi_action( 1811): [757,0,758,1,759,0,927,3,928,0,1593,0]
09-22 22:28:48.582 I/sysui_multi_action( 1811): [757,1706,758,1,759,1706,927,4,928,0,1593,0]
09-22 22:28:48.582 I/sysui_multi_action( 1811): [757,491,758,1,759,491,927,5,928,0,1311,-1,1593,0]
09-22 22:28:48.582 I/sysui_multi_action( 1811): [757,0,758,1,759,0,927,6,928,0,1593,0]
09-22 22:28:48.582 I/sysui_multi_action( 1811): [757,111,758,1]
09-22 22:28:48.582 I/sysui_multi_action( 1811): [757,126,758,1,759,126,927,0,928,0,1593,0]
09-22 22:28:48.582 I/sysui_multi_action( 1811): [757,113,758,1,759,113,927,1,928,1,1593,0]
09-22 22:28:48.582 I/sysui_multi_action( 1811): [757,0,758,1,759,0,927,2,928,0,1593,0]
09-22 22:28:48.582 I/sysui_multi_action( 1811): [757,0,758,1,759,0,927,3,928,0,1593,0]
09-22 22:28:48.596 I/sysui_multi_action( 1811): [757,111,758,2]
09-22 22:28:48.596 I/sysui_multi_action( 1811): [757,111,758,2]
09-22 22:28:48.596 I/notification_enqueue( 1496): [10081,1811,com.android.systemui,2048,NULL,0,Notification(channel=updateNotification shortcut=null contentView=null vibrate=null sound=null defaults=0x0 flags=0x0 color=0x00000000 vis=PRIVATE),1]
09-22 22:28:48.600 I/sysui_multi_action( 1811): [757,111,758,1]
09-22 22:28:48.600 I/sysui_multi_action( 1811): [757,126,758,1,759,126,927,0,928,0,1593,0]
09-22 22:28:48.600 I/sysui_multi_action( 1811): [757,113,758,1,759,113,927,1,928,1,1593,0]
09-22 22:28:48.601 I/sysui_multi_action( 1811): [757,0,758,1,759,0,927,2,928,0,1593,0]
09-22 22:28:48.601 I/sysui_multi_action( 1811): [757,0,758,1,759,0,927,3,928,0,1593,0]
09-22 22:28:48.601 I/sysui_multi_action( 1811): [757,1706,758,1,759,1706,927,4,928,0,1593,0]
09-22 22:28:48.601 I/sysui_multi_action( 1811): [757,491,758,1,759,491,927,5,928,0,1311,-1,1593,0]
09-22 22:28:48.601 I/sysui_multi_action( 1811): [757,0,758,1,759,0,927,6,928,0,1593,0]
09-22 22:28:48.601 I/sysui_multi_action( 1811): [757,111,758,1]
09-22 22:28:48.601 I/sysui_multi_action( 1811): [757,126,758,1,759,126,927,0,928,0,1593,0]
09-22 22:28:48.601 I/sysui_multi_action( 1811): [757,113,758,1,759,113,927,1,928,1,1593,0]
09-22 22:28:48.601 I/sysui_multi_action( 1811): [757,0,758,1,759,0,927,2,928,0,1593,0]
09-22 22:28:48.601 I/sysui_multi_action( 1811): [757,0,758,1,759,0,927,3,928,0,1593,0]
09-22 22:28:48.614 I/sysui_multi_action( 1811): [757,111,758,2]
09-22 22:28:48.614 I/notification_enqueue( 1496): [10081,1811,com.android.systemui,2048,NULL,0,Notification(channel=updateNotification shortcut=null contentView=null vibrate=null sound=null defaults=0x0 flags=0x0 color=0x00000000 vis=PRIVATE),1]
09-22 22:28:48.614 I/sysui_multi_action( 1811): [757,111,758,2]
09-22 22:28:48.619 I/sysui_multi_action( 1811): [757,111,758,1]
09-22 22:28:48.619 I/sysui_multi_action( 1811): [757,126,758,1,759,126,927,0,928,0,1593,0]
09-22 22:28:48.619 I/sysui_multi_action( 1811): [757,113,758,1,759,113,927,1,928,1,1593,0]
09-22 22:28:48.619 I/sysui_multi_action( 1811): [757,0,758,1,759,0,927,2,928,0,1593,0]
09-22 22:28:48.619 I/sysui_multi_action( 1811): [757,0,758,1,759,0,927,3,928,0,1593,0]
09-22 22:28:48.619 I/sysui_multi_action( 1811): [757,1706,758,1,759,1706,927,4,928,0,1593,0]
09-22 22:28:48.619 I/sysui_multi_action( 1811): [757,491,758,1,759,491,927,5,928,0,1311,-1,1593,0]
09-22 22:28:48.619 I/sysui_multi_action( 1811): [757,0,758,1,759,0,927,6,928,0,1593,0]
09-22 22:28:48.619 I/sysui_multi_action( 1811): [757,111,758,1]
09-22 22:28:48.619 I/sysui_multi_action( 1811): [757,126,758,1,759,126,927,0,928,0,1593,0]
09-22 22:28:48.619 I/sysui_multi_action( 1811): [757,113,758,1,759,113,927,1,928,1,1593,0]
09-22 22:28:48.619 I/sysui_multi_action( 1811): [757,0,758,1,759,0,927,2,928,0,1593,0]
09-22 22:28:48.620 I/sysui_multi_action( 1811): [757,0,758,1,759,0,927,3,928,0,1593,0]
09-22 22:28:48.633 I/sysui_multi_action( 1811): [757,111,758,2]
09-22 22:28:48.633 I/sysui_multi_action( 1811): [757,111,758,2]
09-22 22:28:48.633 I/notification_enqueue( 1496): [10081,1811,com.android.systemui,2048,NULL,0,Notification(channel=updateNotification shortcut=null contentView=null vibrate=null sound=null defaults=0x0 flags=0x0 color=0x00000000 vis=PRIVATE),1]
09-22 22:28:48.638 I/sysui_multi_action( 1811): [757,111,758,1]
09-22 22:28:48.638 I/sysui_multi_action( 1811): [757,126,758,1,759,126,927,0,928,0,1593,0]
09-22 22:28:48.638 I/sysui_multi_action( 1811): [757,113,758,1,759,113,927,1,928,1,1593,0]
09-22 22:28:48.638 I/sysui_multi_action( 1811): [757,0,758,1,759,0,927,2,928,0,1593,0]
09-22 22:28:48.638 I/sysui_multi_action( 1811): [757,0,758,1,759,0,927,3,928,0,1593,0]
09-22 22:28:48.638 I/sysui_multi_action( 1811): [757,1706,758,1,759,1706,927,4,928,0,1593,0]
09-22 22:28:48.638 I/sysui_multi_action( 1811): [757,491,758,1,759,491,927,5,928,0,1311,-1,1593,0]
09-22 22:28:48.638 I/sysui_multi_action( 1811): [757,0,758,1,759,0,927,6,928,0,1593,0]
09-22 22:28:48.638 I/sysui_multi_action( 1811): [757,111,758,1]
09-22 22:28:48.638 I/sysui_multi_action( 1811): [757,126,758,1,759,126,927,0,928,0,1593,0]
09-22 22:28:48.638 I/sysui_multi_action( 1811): [757,113,758,1,759,113,927,1,928,1,1593,0]
09-22 22:28:48.638 I/sysui_multi_action( 1811): [757,0,758,1,759,0,927,2,928,0,1593,0]
09-22 22:28:48.638 I/sysui_multi_action( 1811): [757,0,758,1,759,0,927,3,928,0,1593,0]
09-22 22:28:48.651 I/sysui_multi_action( 1811): [757,111,758,2]
09-22 22:28:48.651 I/sysui_multi_action( 1811): [757,111,758,2]
09-22 22:28:48.651 I/notification_enqueue( 1496): [10081,1811,com.android.systemui,2048,NULL,0,Notification(channel=updateNotification shortcut=null contentView=null vibrate=null sound=null defaults=0x0 flags=0x0 color=0x00000000 vis=PRIVATE),1]
09-22 22:28:48.656 I/sysui_multi_action( 1811): [757,111,758,1]
09-22 22:28:48.656 I/sysui_multi_action( 1811): [757,126,758,1,759,126,927,0,928,0,1593,0]
09-22 22:28:48.656 I/sysui_multi_action( 1811): [757,113,758,1,759,113,927,1,928,1,1593,0]
09-22 22:28:48.656 I/sysui_multi_action( 1811): [757,0,758,1,759,0,927,2,928,0,1593,0]
09-22 22:28:48.656 I/sysui_multi_action( 1811): [757,0,758,1,759,0,927,3,928,0,1593,0]
09-22 22:28:48.656 I/sysui_multi_action( 1811): [757,1706,758,1,759,1706,927,4,928,0,1593,0]
09-22 22:28:48.656 I/sysui_multi_action( 1811): [757,491,758,1,759,491,927,5,928,0,1311,-1,1593,0]
09-22 22:28:48.656 I/sysui_multi_action( 1811): [757,0,758,1,759,0,927,6,928,0,1593,0]
09-22 22:28:48.656 I/sysui_multi_action( 1811): [757,111,758,1]
09-22 22:28:48.656 I/sysui_multi_action( 1811): [757,126,758,1,759,126,927,0,928,0,1593,0]
09-22 22:28:48.656 I/sysui_multi_action( 1811): [757,113,758,1,759,113,927,1,928,1,1593,0]
09-22 22:28:48.656 I/sysui_multi_action( 1811): [757,0,758,1,759,0,927,2,928,0,1593,0]
09-22 22:28:48.656 I/sysui_multi_action( 1811): [757,0,758,1,759,0,927,3,928,0,1593,0]
09-22 22:28:48.659 I/sysui_multi_action( 1496): [757,1501,758,1,793,115734,794,0,795,204,796,2048,806,com.android.systemui,857,updateNotification,858,3,947,0,1500,0,1688,1]
09-22 22:28:48.659 I/sysui_multi_action( 1496): [757,804,799,note_interruptive,801,0,802,1]
09-22 22:28:48.660 I/sysui_multi_action( 1496): [757,199,758,1,759,2,793,115734,794,0,795,204,796,2048,806,com.android.systemui,857,updateNotification,858,3,947,0,1500,0,1688,1]
09-22 22:28:48.660 I/notification_alert( 1496): [0|com.android.systemui|2048|null|10081,0,1,0]
09-22 22:28:48.670 I/sysui_multi_action( 1811): [757,111,758,2]
09-22 22:28:48.670 I/sysui_multi_action( 1811): [757,111,758,2]
09-22 22:28:48.674 I/notification_enqueue( 1496): [10081,1811,com.android.systemui,2048,NULL,0,Notification(channel=updateNotification shortcut=null contentView=null vibrate=null sound=null defaults=0x0 flags=0x0 color=0x00000000 vis=PRIVATE),1]
09-22 22:28:48.674 I/sysui_multi_action( 1811): [757,111,758,1]
09-22 22:28:48.674 I/sysui_multi_action( 1811): [757,126,758,1,759,126,927,0,928,0,1593,0]
09-22 22:28:48.674 I/sysui_multi_action( 1811): [757,113,758,1,759,113,927,1,928,1,1593,0]
09-22 22:28:48.674 I/sysui_multi_action( 1811): [757,0,758,1,759,0,927,2,928,0,1593,0]
09-22 22:28:48.674 I/sysui_multi_action( 1811): [757,0,758,1,759,0,927,3,928,0,1593,0]
09-22 22:28:48.675 I/sysui_multi_action( 1811): [757,1706,758,1,759,1706,927,4,928,0,1593,0]
09-22 22:28:48.675 I/sysui_multi_action( 1811): [757,491,758,1,759,491,927,5,928,0,1311,-1,1593,0]
09-22 22:28:48.675 I/sysui_multi_action( 1811): [757,0,758,1,759,0,927,6,928,0,1593,0]
09-22 22:28:48.675 I/sysui_multi_action( 1811): [757,111,758,1]
09-22 22:28:48.675 I/sysui_multi_action( 1811): [757,126,758,1,759,126,927,0,928,0,1593,0]
09-22 22:28:48.675 I/sysui_multi_action( 1811): [757,113,758,1,759,113,927,1,928,1,1593,0]
09-22 22:28:48.675 I/sysui_multi_action( 1811): [757,0,758,1,759,0,927,2,928,0,1593,0]
09-22 22:28:48.675 I/sysui_multi_action( 1811): [757,0,758,1,759,0,927,3,928,0,1593,0]
09-22 22:28:48.689 I/sysui_multi_action( 1811): [757,111,758,2]
09-22 22:28:48.689 I/sysui_multi_action( 1811): [757,111,758,2]
09-22 22:28:48.689 I/notification_enqueue( 1496): [10081,1811,com.android.systemui,2048,NULL,0,Notification(channel=updateNotification shortcut=null contentView=null vibrate=null sound=null defaults=0x0 flags=0x0 color=0x00000000 vis=PRIVATE),1]
09-22 22:28:48.694 I/sysui_multi_action( 1811): [757,111,758,1]
09-22 22:28:48.694 I/sysui_multi_action( 1811): [757,126,758,1,759,126,927,0,928,0,1593,0]
09-22 22:28:48.694 I/sysui_multi_action( 1811): [757,113,758,1,759,113,927,1,928,1,1593,0]
09-22 22:28:48.694 I/sysui_multi_action( 1811): [757,0,758,1,759,0,927,2,928,0,1593,0]
09-22 22:28:48.694 I/sysui_multi_action( 1811): [757,0,758,1,759,0,927,3,928,0,1593,0]
09-22 22:28:48.694 I/sysui_multi_action( 1811): [757,1706,758,1,759,1706,927,4,928,0,1593,0]
09-22 22:28:48.694 I/sysui_multi_action( 1811): [757,491,758,1,759,491,927,5,928,0,1311,-1,1593,0]
09-22 22:28:48.694 I/sysui_multi_action( 1811): [757,0,758,1,759,0,927,6,928,0,1593,0]
09-22 22:28:48.694 I/sysui_multi_action( 1811): [757,111,758,1]
09-22 22:28:48.694 I/sysui_multi_action( 1811): [757,126,758,1,759,126,927,0,928,0,1593,0]
09-22 22:28:48.694 I/sysui_multi_action( 1811): [757,113,758,1,759,113,927,1,928,1,1593,0]
09-22 22:28:48.694 I/sysui_multi_action( 1811): [757,0,758,1,759,0,927,2,928,0,1593,0]
09-22 22:28:48.694 I/sysui_multi_action( 1811): [757,0,758,1,759,0,927,3,928,0,1593,0]
09-22 22:28:48.938 I/sysui_multi_action( 1496): [757,128,758,1,793,123048,794,0,795,123048,796,26,798,0,806,android,857,DEVELOPER_IMPORTANT,858,4,947,0,1395,2,1500,122521,1688,1]
09-22 22:28:48.939 I/sysui_multi_action( 1496): [757,804,799,note_freshness,801,123048,802,1]
09-22 22:28:48.939 I/notification_visibility( 1496): [-1|android|26|null|1000,1,123048,123048,0,0]
09-22 22:28:48.939 I/sysui_multi_action( 1496): [757,128,758,1,793,123878,794,0,795,123878,796,32,798,1,806,android,857,USB,858,1,947,0,1395,2,1500,123630,1688,1]
09-22 22:28:48.939 I/sysui_multi_action( 1496): [757,804,799,note_freshness,801,123878,802,1]
09-22 22:28:48.939 I/notification_visibility( 1496): [-1|android|32|null|1000,1,123878,123878,0,1]
09-22 22:28:49.942 I/input_interaction( 1496): Interaction with: c147ec4 NotificationShade (server), edge-swipe (server), swipe-up (server), PointerEventDispatcher0 (server),
09-22 22:28:54.149 I/view_enqueue_input_event( 1811): [Motion - Cancel,NotificationShade]
09-22 22:28:54.154 I/input_interaction( 1496): Interaction with: edge-swipe (server), swipe-up (server), PointerEventDispatcher0 (server),
09-22 22:28:54.737 I/wm_new_intent( 1496): [0,261001500,19,com.android.launcher3/.uioverrides.QuickstepLauncher,android.intent.action.MAIN,NULL,NULL,268435712]
09-22 22:28:54.738 I/wm_task_moved( 1496): [1,1,6]
09-22 22:28:54.738 I/wm_set_resumed_activity( 1496): [0,com.android.launcher3/.uioverrides.QuickstepLauncher,positionChildAt]
09-22 22:28:54.743 I/wm_on_top_resumed_lost_called( 2390): [261001500,com.android.launcher3.uioverrides.QuickstepLauncher,pausing]
09-22 22:28:54.743 I/wm_on_paused_called( 2390): [261001500,com.android.launcher3.uioverrides.QuickstepLauncher,performPause]
09-22 22:28:54.745 I/wm_on_resume_called( 2390): [261001500,com.android.launcher3.uioverrides.QuickstepLauncher,LIFECYCLER_RESUME_ACTIVITY]
09-22 22:28:54.745 I/wm_on_top_resumed_gained_called( 2390): [261001500,com.android.launcher3.uioverrides.QuickstepLauncher,topWhenResuming]
09-22 22:28:54.759 I/input_focus( 1496): [Focus request cdcb676 com.android.launcher3/com.android.launcher3.uioverrides.QuickstepLauncher,reason=UpdateInputWindows]
09-22 22:28:54.788 I/input_focus( 1496): [Focus leaving c147ec4 NotificationShade (server),reason=NOT_FOCUSABLE]
09-22 22:28:54.788 I/input_focus( 1496): [Focus entering cdcb676 com.android.launcher3/com.android.launcher3.uioverrides.QuickstepLauncher (server),reason=setFocusedWindow]
09-22 22:28:54.974 I/sysui_multi_action( 1811): [757,111,758,2]
09-22 22:28:54.974 I/sysui_multi_action( 1811): [757,111,758,2]
09-22 22:28:54.978 I/notification_enqueue( 1496): [10081,1811,com.android.systemui,2048,NULL,0,Notification(channel=updateNotification shortcut=null contentView=null vibrate=null sound=null defaults=0x0 flags=0x0 color=0x00000000 vis=PRIVATE),1]
09-22 22:28:54.983 I/sysui_multi_action( 1811): [757,111,758,1]
09-22 22:28:54.983 I/sysui_multi_action( 1811): [757,126,758,1,759,126,927,0,928,0,1593,0]
09-22 22:28:54.983 I/sysui_multi_action( 1811): [757,113,758,1,759,113,927,1,928,1,1593,1]
09-22 22:28:54.983 I/sysui_multi_action( 1811): [757,0,758,1,759,0,927,2,928,0,1593,1]
09-22 22:28:54.983 I/sysui_multi_action( 1811): [757,0,758,1,759,0,927,3,928,0,1593,1]
09-22 22:28:54.983 I/sysui_multi_action( 1811): [757,1706,758,1,759,1706,927,4,928,0,1593,1]
09-22 22:28:54.984 I/sysui_multi_action( 1811): [757,491,758,1,759,491,927,5,928,0,1311,-1,1593,0]
09-22 22:28:54.984 I/sysui_multi_action( 1811): [757,0,758,1,759,0,927,6,928,0,1593,0]
09-22 22:28:54.984 I/sysui_multi_action( 1811): [757,111,758,1]
09-22 22:28:54.985 I/sysui_multi_action( 1811): [757,126,758,1,759,126,927,0,928,0,1593,1]
09-22 22:28:54.985 I/sysui_multi_action( 1811): [757,113,758,1,759,113,927,1,928,1,1593,1]
09-22 22:28:54.985 I/sysui_multi_action( 1811): [757,0,758,1,759,0,927,2,928,0,1593,1]
09-22 22:28:54.985 I/sysui_multi_action( 1811): [757,0,758,1,759,0,927,3,928,0,1593,1]
09-22 22:28:55.011 I/sysui_multi_action( 1811): [757,111,758,2]
09-22 22:28:55.011 I/notification_enqueue( 1496): [10081,1811,com.android.systemui,2048,NULL,0,Notification(channel=updateNotification shortcut=null contentView=null vibrate=null sound=null defaults=0x0 flags=0x0 color=0x00000000 vis=PRIVATE),1]
09-22 22:28:55.011 I/sysui_multi_action( 1811): [757,111,758,2]
09-22 22:28:55.017 I/sysui_multi_action( 1811): [757,111,758,1]
09-22 22:28:55.017 I/sysui_multi_action( 1811): [757,126,758,1,759,126,927,0,928,0,1593,1]
09-22 22:28:55.017 I/sysui_multi_action( 1811): [757,113,758,1,759,113,927,1,928,1,1593,1]
09-22 22:28:55.018 I/sysui_multi_action( 1811): [757,0,758,1,759,0,927,2,928,0,1593,1]
09-22 22:28:55.018 I/sysui_multi_action( 1811): [757,0,758,1,759,0,927,3,928,0,1593,1]
09-22 22:28:55.018 I/sysui_multi_action( 1811): [757,1706,758,1,759,1706,927,4,928,0,1593,1]
09-22 22:28:55.018 I/sysui_multi_action( 1811): [757,491,758,1,759,491,927,5,928,0,1311,-1,1593,0]
09-22 22:28:55.018 I/sysui_multi_action( 1811): [757,0,758,1,759,0,927,6,928,0,1593,0]
09-22 22:28:55.018 I/sysui_multi_action( 1811): [757,111,758,1]
09-22 22:28:55.018 I/sysui_multi_action( 1811): [757,126,758,1,759,126,927,0,928,0,1593,1]
09-22 22:28:55.018 I/sysui_multi_action( 1811): [757,113,758,1,759,113,927,1,928,1,1593,1]
09-22 22:28:55.018 I/sysui_multi_action( 1811): [757,0,758,1,759,0,927,2,928,0,1593,1]
09-22 22:28:55.018 I/sysui_multi_action( 1811): [757,0,758,1,759,0,927,3,928,0,1593,1]
09-22 22:28:55.036 I/notification_enqueue( 1496): [10081,1811,com.android.systemui,2048,NULL,0,Notification(channel=updateNotification shortcut=null contentView=null vibrate=null sound=null defaults=0x0 flags=0x0 color=0x00000000 vis=PRIVATE),1]
09-22 22:28:55.036 I/sysui_multi_action( 1811): [757,111,758,2]
09-22 22:28:55.036 I/sysui_multi_action( 1811): [757,111,758,2]
09-22 22:28:55.040 I/sysui_multi_action( 1811): [757,111,758,1]
09-22 22:28:55.040 I/sysui_multi_action( 1811): [757,126,758,1,759,126,927,0,928,0,1593,1]
09-22 22:28:55.040 I/sysui_multi_action( 1811): [757,113,758,1,759,113,927,1,928,1,1593,1]
09-22 22:28:55.040 I/sysui_multi_action( 1811): [757,0,758,1,759,0,927,2,928,0,1593,1]
09-22 22:28:55.040 I/sysui_multi_action( 1811): [757,0,758,1,759,0,927,3,928,0,1593,1]
09-22 22:28:55.040 I/sysui_multi_action( 1811): [757,1706,758,1,759,1706,927,4,928,0,1593,1]
09-22 22:28:55.041 I/sysui_multi_action( 1811): [757,491,758,1,759,491,927,5,928,0,1311,-1,1593,0]
09-22 22:28:55.041 I/sysui_multi_action( 1811): [757,0,758,1,759,0,927,6,928,0,1593,0]
09-22 22:28:55.041 I/sysui_multi_action( 1811): [757,111,758,1]
09-22 22:28:55.041 I/sysui_multi_action( 1811): [757,126,758,1,759,126,927,0,928,0,1593,1]
09-22 22:28:55.041 I/sysui_multi_action( 1811): [757,113,758,1,759,113,927,1,928,1,1593,1]
09-22 22:28:55.041 I/sysui_multi_action( 1811): [757,0,758,1,759,0,927,2,928,0,1593,1]
09-22 22:28:55.041 I/sysui_multi_action( 1811): [757,0,758,1,759,0,927,3,928,0,1593,1]
09-22 22:28:55.054 I/sysui_multi_action( 1811): [757,111,758,2]
09-22 22:28:55.054 I/sysui_multi_action( 1811): [757,111,758,2]
09-22 22:28:55.054 I/notification_enqueue( 1496): [10081,1811,com.android.systemui,2048,NULL,0,Notification(channel=updateNotification shortcut=null contentView=null vibrate=null sound=null defaults=0x0 flags=0x0 color=0x00000000 vis=PRIVATE),1]
09-22 22:28:55.059 I/sysui_multi_action( 1811): [757,111,758,1]
09-22 22:28:55.059 I/sysui_multi_action( 1811): [757,126,758,1,759,126,927,0,928,0,1593,1]
09-22 22:28:55.059 I/sysui_multi_action( 1811): [757,113,758,1,759,113,927,1,928,1,1593,1]
09-22 22:28:55.059 I/sysui_multi_action( 1811): [757,0,758,1,759,0,927,2,928,0,1593,1]
09-22 22:28:55.059 I/sysui_multi_action( 1811): [757,0,758,1,759,0,927,3,928,0,1593,1]
09-22 22:28:55.059 I/sysui_multi_action( 1811): [757,1706,758,1,759,1706,927,4,928,0,1593,1]
09-22 22:28:55.059 I/sysui_multi_action( 1811): [757,491,758,1,759,491,927,5,928,0,1311,-1,1593,0]
09-22 22:28:55.059 I/sysui_multi_action( 1811): [757,0,758,1,759,0,927,6,928,0,1593,0]
09-22 22:28:55.059 I/sysui_multi_action( 1811): [757,111,758,1]
09-22 22:28:55.059 I/sysui_multi_action( 1811): [757,126,758,1,759,126,927,0,928,0,1593,1]
09-22 22:28:55.059 I/sysui_multi_action( 1811): [757,113,758,1,759,113,927,1,928,1,1593,1]
09-22 22:28:55.059 I/sysui_multi_action( 1811): [757,0,758,1,759,0,927,2,928,0,1593,1]
09-22 22:28:55.059 I/sysui_multi_action( 1811): [757,0,758,1,759,0,927,3,928,0,1593,1]
09-22 22:28:55.075 I/sysui_multi_action( 1811): [757,111,758,2]
09-22 22:28:55.075 I/notification_enqueue( 1496): [10081,1811,com.android.systemui,2048,NULL,0,Notification(channel=updateNotification shortcut=null contentView=null vibrate=null sound=null defaults=0x0 flags=0x0 color=0x00000000 vis=PRIVATE),1]
09-22 22:28:55.075 I/sysui_multi_action( 1811): [757,111,758,2]
09-22 22:28:55.079 I/sysui_multi_action( 1811): [757,111,758,1]
09-22 22:28:55.079 I/sysui_multi_action( 1811): [757,126,758,1,759,126,927,0,928,0,1593,1]
09-22 22:28:55.079 I/sysui_multi_action( 1811): [757,113,758,1,759,113,927,1,928,1,1593,1]
09-22 22:28:55.079 I/sysui_multi_action( 1811): [757,0,758,1,759,0,927,2,928,0,1593,1]
09-22 22:28:55.079 I/sysui_multi_action( 1811): [757,0,758,1,759,0,927,3,928,0,1593,1]
09-22 22:28:55.079 I/sysui_multi_action( 1811): [757,1706,758,1,759,1706,927,4,928,0,1593,1]
09-22 22:28:55.079 I/sysui_multi_action( 1811): [757,491,758,1,759,491,927,5,928,0,1311,-1,1593,0]
09-22 22:28:55.079 I/sysui_multi_action( 1811): [757,0,758,1,759,0,927,6,928,0,1593,0]
09-22 22:28:55.079 I/sysui_multi_action( 1811): [757,111,758,1]
09-22 22:28:55.079 I/sysui_multi_action( 1811): [757,126,758,1,759,126,927,0,928,0,1593,1]
09-22 22:28:55.080 I/sysui_multi_action( 1811): [757,113,758,1,759,113,927,1,928,1,1593,1]
09-22 22:28:55.080 I/sysui_multi_action( 1811): [757,0,758,1,759,0,927,2,928,0,1593,1]
09-22 22:28:55.080 I/sysui_multi_action( 1811): [757,0,758,1,759,0,927,3,928,0,1593,1]
09-22 22:28:55.093 I/sysui_multi_action( 1811): [757,111,758,2]
09-22 22:28:55.093 I/notification_enqueue( 1496): [10081,1811,com.android.systemui,2048,NULL,0,Notification(channel=updateNotification shortcut=null contentView=null vibrate=null sound=null defaults=0x0 flags=0x0 color=0x00000000 vis=PRIVATE),1]
09-22 22:28:55.093 I/sysui_multi_action( 1811): [757,111,758,2]
09-22 22:28:55.100 I/sysui_multi_action( 1811): [757,111,758,1]
09-22 22:28:55.100 I/sysui_multi_action( 1811): [757,126,758,1,759,126,927,0,928,0,1593,1]
09-22 22:28:55.100 I/sysui_multi_action( 1811): [757,113,758,1,759,113,927,1,928,1,1593,1]
09-22 22:28:55.100 I/sysui_multi_action( 1811): [757,0,758,1,759,0,927,2,928,0,1593,1]
09-22 22:28:55.100 I/sysui_multi_action( 1811): [757,0,758,1,759,0,927,3,928,0,1593,1]
09-22 22:28:55.103 I/sysui_multi_action( 1811): [757,1706,758,1,759,1706,927,4,928,0,1593,1]
09-22 22:28:55.104 I/sysui_multi_action( 1811): [757,491,758,1,759,491,927,5,928,0,1311,-1,1593,1]
09-22 22:28:55.104 I/sysui_multi_action( 1811): [757,0,758,1,759,0,927,6,928,0,1593,1]
09-22 22:28:55.104 I/sysui_multi_action( 1811): [757,111,758,1]
09-22 22:28:55.104 I/sysui_multi_action( 1811): [757,126,758,1,759,126,927,0,928,0,1593,1]
09-22 22:28:55.104 I/sysui_multi_action( 1811): [757,113,758,1,759,113,927,1,928,1,1593,1]
09-22 22:28:55.104 I/sysui_multi_action( 1811): [757,0,758,1,759,0,927,2,928,0,1593,1]
09-22 22:28:55.104 I/sysui_multi_action( 1811): [757,0,758,1,759,0,927,3,928,0,1593,1]
09-22 22:28:55.121 I/sysui_multi_action( 1811): [757,111,758,2]
09-22 22:28:55.121 I/notification_enqueue( 1496): [10081,1811,com.android.systemui,2048,NULL,0,Notification(channel=updateNotification shortcut=null contentView=null vibrate=null sound=null defaults=0x0 flags=0x0 color=0x00000000 vis=PRIVATE),1]
09-22 22:28:55.121 I/sysui_multi_action( 1811): [757,111,758,2]
09-22 22:28:55.129 I/sysui_multi_action( 1811): [757,111,758,1]
09-22 22:28:55.129 I/sysui_multi_action( 1811): [757,126,758,1,759,126,927,0,928,0,1593,1]
09-22 22:28:55.129 I/sysui_multi_action( 1811): [757,113,758,1,759,113,927,1,928,1,1593,1]
09-22 22:28:55.130 I/sysui_multi_action( 1811): [757,0,758,1,759,0,927,2,928,0,1593,1]
09-22 22:28:55.130 I/sysui_multi_action( 1811): [757,0,758,1,759,0,927,3,928,0,1593,1]
09-22 22:28:55.130 I/sysui_multi_action( 1811): [757,1706,758,1,759,1706,927,4,928,0,1593,1]
09-22 22:28:55.130 I/sysui_multi_action( 1811): [757,491,758,1,759,491,927,5,928,0,1311,-1,1593,0]
09-22 22:28:55.130 I/sysui_multi_action( 1811): [757,0,758,1,759,0,927,6,928,0,1593,0]
09-22 22:28:55.131 I/sysui_multi_action( 1811): [757,111,758,1]
09-22 22:28:55.131 I/sysui_multi_action( 1811): [757,126,758,1,759,126,927,0,928,0,1593,1]
09-22 22:28:55.131 I/sysui_multi_action( 1811): [757,113,758,1,759,113,927,1,928,1,1593,1]
09-22 22:28:55.131 I/sysui_multi_action( 1811): [757,0,758,1,759,0,927,2,928,0,1593,1]
09-22 22:28:55.131 I/sysui_multi_action( 1811): [757,0,758,1,759,0,927,3,928,0,1593,1]
09-22 22:28:55.150 I/notification_enqueue( 1496): [10081,1811,com.android.systemui,2048,NULL,0,Notification(channel=updateNotification shortcut=null contentView=null vibrate=null sound=null defaults=0x0 flags=0x0 color=0x00000000 vis=PRIVATE),1]
09-22 22:28:55.150 I/sysui_multi_action( 1811): [757,111,758,2]
09-22 22:28:55.150 I/sysui_multi_action( 1811): [757,111,758,2]
09-22 22:28:55.154 I/sysui_multi_action( 1811): [757,111,758,1]
09-22 22:28:55.155 I/sysui_multi_action( 1811): [757,126,758,1,759,126,927,0,928,0,1593,1]
09-22 22:28:55.155 I/sysui_multi_action( 1811): [757,113,758,1,759,113,927,1,928,1,1593,1]
09-22 22:28:55.155 I/sysui_multi_action( 1811): [757,0,758,1,759,0,927,2,928,0,1593,1]
09-22 22:28:55.155 I/sysui_multi_action( 1811): [757,0,758,1,759,0,927,3,928,0,1593,1]
09-22 22:28:55.155 I/sysui_multi_action( 1811): [757,1706,758,1,759,1706,927,4,928,0,1593,1]
09-22 22:28:55.155 I/sysui_multi_action( 1811): [757,491,758,1,759,491,927,5,928,0,1311,-1,1593,0]
09-22 22:28:55.155 I/sysui_multi_action( 1811): [757,0,758,1,759,0,927,6,928,0,1593,0]
09-22 22:28:55.155 I/sysui_multi_action( 1811): [757,111,758,1]
09-22 22:28:55.155 I/sysui_multi_action( 1811): [757,126,758,1,759,126,927,0,928,0,1593,1]
09-22 22:28:55.155 I/sysui_multi_action( 1811): [757,113,758,1,759,113,927,1,928,1,1593,1]
09-22 22:28:55.155 I/sysui_multi_action( 1811): [757,0,758,1,759,0,927,2,928,0,1593,1]
09-22 22:28:55.155 I/sysui_multi_action( 1811): [757,0,758,1,759,0,927,3,928,0,1593,1]
09-22 22:28:55.165 I/sysui_multi_action( 1496): [757,128,758,2,793,129275,794,6227,795,129275,796,26,798,0,806,android,857,DEVELOPER_IMPORTANT,858,4,947,0,1395,2,1500,128748,1688,1]
09-22 22:28:55.166 I/notification_visibility( 1496): [-1|android|26|null|1000,0,129275,129275,0,0]
09-22 22:28:55.166 I/sysui_multi_action( 1496): [757,128,758,2,793,130105,794,6227,795,130105,796,32,798,1,806,android,857,USB,858,1,947,0,1395,2,1500,129857,1688,1]
09-22 22:28:55.166 I/notification_visibility( 1496): [-1|android|32|null|1000,0,130105,130105,0,1]
09-22 22:28:55.168 I/sysui_multi_action( 1811): [757,111,758,2]
09-22 22:28:55.168 I/sysui_multi_action( 1811): [757,111,758,2]
09-22 22:28:55.168 I/notification_enqueue( 1496): [10081,1811,com.android.systemui,2048,NULL,0,Notification(channel=updateNotification shortcut=null contentView=null vibrate=null sound=null defaults=0x0 flags=0x0 color=0x00000000 vis=PRIVATE),1]
09-22 22:28:55.172 I/sysui_multi_action( 1811): [757,111,758,1]
09-22 22:28:55.172 I/sysui_multi_action( 1811): [757,126,758,1,759,126,927,0,928,0,1593,1]
09-22 22:28:55.172 I/sysui_multi_action( 1811): [757,113,758,1,759,113,927,1,928,1,1593,1]
09-22 22:28:55.172 I/sysui_multi_action( 1811): [757,0,758,1,759,0,927,2,928,0,1593,1]
09-22 22:28:55.172 I/sysui_multi_action( 1811): [757,0,758,1,759,0,927,3,928,0,1593,1]
09-22 22:28:55.172 I/sysui_multi_action( 1811): [757,1706,758,1,759,1706,927,4,928,0,1593,1]
09-22 22:28:55.172 I/sysui_multi_action( 1811): [757,491,758,1,759,491,927,5,928,0,1311,-1,1593,0]
09-22 22:28:55.172 I/sysui_multi_action( 1811): [757,0,758,1,759,0,927,6,928,0,1593,0]
09-22 22:28:55.172 I/sysui_multi_action( 1811): [757,111,758,1]
09-22 22:28:55.172 I/sysui_multi_action( 1811): [757,126,758,1,759,126,927,0,928,0,1593,1]
09-22 22:28:55.172 I/sysui_multi_action( 1811): [757,113,758,1,759,113,927,1,928,1,1593,1]
09-22 22:28:55.172 I/sysui_multi_action( 1811): [757,0,758,1,759,0,927,2,928,0,1593,1]
09-22 22:28:55.172 I/sysui_multi_action( 1811): [757,0,758,1,759,0,927,3,928,0,1593,1]
09-22 22:28:55.180 I/sysui_multi_action( 1496): [757,1501,758,1,793,122255,794,0,795,209,796,2048,806,com.android.systemui,857,updateNotification,858,3,947,0,1500,0,1688,1]
09-22 22:28:55.180 I/sysui_multi_action( 1496): [757,804,799,note_interruptive,801,0,802,1]
09-22 22:28:55.181 I/sysui_multi_action( 1496): [757,199,758,1,759,2,793,122256,794,0,795,210,796,2048,806,com.android.systemui,857,updateNotification,858,3,947,0,1500,1,1688,1]
09-22 22:28:55.181 I/notification_alert( 1496): [0|com.android.systemui|2048|null|10081,0,1,0]
09-22 22:28:55.184 I/notification_enqueue( 1496): [10081,1811,com.android.systemui,2048,NULL,0,Notification(channel=updateNotification shortcut=null contentView=null vibrate=null sound=null defaults=0x0 flags=0x0 color=0x00000000 vis=PRIVATE),1]
09-22 22:28:55.185 I/sysui_multi_action( 1811): [757,111,758,2]
09-22 22:28:55.185 I/sysui_multi_action( 1811): [757,111,758,2]
09-22 22:28:55.188 I/sysui_multi_action( 1811): [757,111,758,1]
09-22 22:28:55.189 I/sysui_multi_action( 1811): [757,126,758,1,759,126,927,0,928,0,1593,1]
09-22 22:28:55.189 I/sysui_multi_action( 1811): [757,113,758,1,759,113,927,1,928,1,1593,1]
09-22 22:28:55.189 I/sysui_multi_action( 1811): [757,0,758,1,759,0,927,2,928,0,1593,1]
09-22 22:28:55.189 I/sysui_multi_action( 1811): [757,0,758,1,759,0,927,3,928,0,1593,1]
09-22 22:28:55.189 I/sysui_multi_action( 1811): [757,1706,758,1,759,1706,927,4,928,0,1593,1]
09-22 22:28:55.189 I/sysui_multi_action( 1811): [757,491,758,1,759,491,927,5,928,0,1311,-1,1593,0]
09-22 22:28:55.189 I/sysui_multi_action( 1811): [757,0,758,1,759,0,927,6,928,0,1593,0]
09-22 22:28:55.189 I/sysui_multi_action( 1811): [757,111,758,1]
09-22 22:28:55.189 I/sysui_multi_action( 1811): [757,126,758,1,759,126,927,0,928,0,1593,1]
09-22 22:28:55.189 I/sysui_multi_action( 1811): [757,113,758,1,759,113,927,1,928,1,1593,1]
09-22 22:28:55.189 I/sysui_multi_action( 1811): [757,0,758,1,759,0,927,2,928,0,1593,1]
09-22 22:28:55.189 I/sysui_multi_action( 1811): [757,0,758,1,759,0,927,3,928,0,1593,1]
09-22 22:28:55.201 I/sysui_multi_action( 1811): [757,111,758,2]
09-22 22:28:55.201 I/notification_enqueue( 1496): [10081,1811,com.android.systemui,2048,NULL,0,Notification(channel=updateNotification shortcut=null contentView=null vibrate=null sound=null defaults=0x0 flags=0x0 color=0x00000000 vis=PRIVATE),1]
09-22 22:28:55.201 I/sysui_multi_action( 1811): [757,111,758,2]
09-22 22:28:55.205 I/sysui_multi_action( 1811): [757,111,758,1]
09-22 22:28:55.205 I/sysui_multi_action( 1811): [757,126,758,1,759,126,927,0,928,0,1593,1]
09-22 22:28:55.205 I/sysui_multi_action( 1811): [757,113,758,1,759,113,927,1,928,1,1593,1]
09-22 22:28:55.205 I/sysui_multi_action( 1811): [757,0,758,1,759,0,927,2,928,0,1593,1]
09-22 22:28:55.205 I/sysui_multi_action( 1811): [757,0,758,1,759,0,927,3,928,0,1593,1]
09-22 22:28:55.205 I/sysui_multi_action( 1811): [757,1706,758,1,759,1706,927,4,928,0,1593,1]
09-22 22:28:55.205 I/sysui_multi_action( 1811): [757,491,758,1,759,491,927,5,928,0,1311,-1,1593,0]
09-22 22:28:55.205 I/sysui_multi_action( 1811): [757,0,758,1,759,0,927,6,928,0,1593,0]
09-22 22:28:55.205 I/sysui_multi_action( 1811): [757,111,758,1]
09-22 22:28:55.205 I/sysui_multi_action( 1811): [757,126,758,1,759,126,927,0,928,0,1593,1]
09-22 22:28:55.205 I/sysui_multi_action( 1811): [757,113,758,1,759,113,927,1,928,1,1593,1]
09-22 22:28:55.205 I/sysui_multi_action( 1811): [757,0,758,1,759,0,927,2,928,0,1593,1]
09-22 22:28:55.205 I/sysui_multi_action( 1811): [757,0,758,1,759,0,927,3,928,0,1593,1]
09-22 22:28:55.223 I/notification_enqueue( 1496): [10081,1811,com.android.systemui,2048,NULL,0,Notification(channel=updateNotification shortcut=null contentView=null vibrate=null sound=null defaults=0x0 flags=0x0 color=0x00000000 vis=PRIVATE),1]
09-22 22:28:55.223 I/sysui_multi_action( 1811): [757,111,758,2]
09-22 22:28:55.223 I/sysui_multi_action( 1811): [757,111,758,2]
09-22 22:28:55.229 I/sysui_multi_action( 1811): [757,111,758,1]
09-22 22:28:55.229 I/sysui_multi_action( 1811): [757,126,758,1,759,126,927,0,928,0,1593,1]
09-22 22:28:55.229 I/sysui_multi_action( 1811): [757,113,758,1,759,113,927,1,928,1,1593,1]
09-22 22:28:55.229 I/sysui_multi_action( 1811): [757,0,758,1,759,0,927,2,928,0,1593,1]
09-22 22:28:55.229 I/sysui_multi_action( 1811): [757,0,758,1,759,0,927,3,928,0,1593,1]
09-22 22:28:55.229 I/sysui_multi_action( 1811): [757,1706,758,1,759,1706,927,4,928,0,1593,1]
09-22 22:28:55.230 I/sysui_multi_action( 1811): [757,491,758,1,759,491,927,5,928,0,1311,-1,1593,0]
09-22 22:28:55.230 I/sysui_multi_action( 1811): [757,0,758,1,759,0,927,6,928,0,1593,0]
09-22 22:28:55.230 I/sysui_multi_action( 1811): [757,111,758,1]
09-22 22:28:55.230 I/sysui_multi_action( 1811): [757,126,758,1,759,126,927,0,928,0,1593,1]
09-22 22:28:55.230 I/sysui_multi_action( 1811): [757,113,758,1,759,113,927,1,928,1,1593,1]
09-22 22:28:55.230 I/sysui_multi_action( 1811): [757,0,758,1,759,0,927,2,928,0,1593,1]
09-22 22:28:55.230 I/sysui_multi_action( 1811): [757,0,758,1,759,0,927,3,928,0,1593,1]
09-22 22:28:55.245 I/notification_enqueue( 1496): [10081,1811,com.android.systemui,2048,NULL,0,Notification(channel=updateNotification shortcut=null contentView=null vibrate=null sound=null defaults=0x0 flags=0x0 color=0x00000000 vis=PRIVATE),1]
09-22 22:28:55.246 I/sysui_multi_action( 1811): [757,111,758,2]
09-22 22:28:55.246 I/sysui_multi_action( 1811): [757,111,758,2]
09-22 22:28:55.249 I/sysui_multi_action( 1811): [757,111,758,1]
09-22 22:28:55.249 I/sysui_multi_action( 1811): [757,126,758,1,759,126,927,0,928,0,1593,0]
09-22 22:28:55.249 I/sysui_multi_action( 1811): [757,113,758,1,759,113,927,1,928,1,1593,0]
09-22 22:28:55.250 I/sysui_multi_action( 1811): [757,0,758,1,759,0,927,2,928,0,1593,0]
09-22 22:28:55.250 I/sysui_multi_action( 1811): [757,0,758,1,759,0,927,3,928,0,1593,0]
09-22 22:28:55.250 I/sysui_multi_action( 1811): [757,1706,758,1,759,1706,927,4,928,0,1593,0]
09-22 22:28:55.250 I/sysui_multi_action( 1811): [757,491,758,1,759,491,927,5,928,0,1311,-1,1593,0]
09-22 22:28:55.250 I/sysui_multi_action( 1811): [757,0,758,1,759,0,927,6,928,0,1593,0]
09-22 22:28:55.250 I/sysui_multi_action( 1811): [757,111,758,1]
09-22 22:28:55.251 I/sysui_multi_action( 1811): [757,126,758,1,759,126,927,0,928,0,1593,0]
09-22 22:28:55.251 I/sysui_multi_action( 1811): [757,113,758,1,759,113,927,1,928,1,1593,0]
09-22 22:28:55.251 I/sysui_multi_action( 1811): [757,0,758,1,759,0,927,2,928,0,1593,0]
09-22 22:28:55.251 I/sysui_multi_action( 1811): [757,0,758,1,759,0,927,3,928,0,1593,0]
09-22 22:28:55.267 I/sysui_multi_action( 1811): [757,111,758,2]
09-22 22:28:55.267 I/notification_enqueue( 1496): [10081,1811,com.android.systemui,2048,NULL,0,Notification(channel=updateNotification shortcut=null contentView=null vibrate=null sound=null defaults=0x0 flags=0x0 color=0x00000000 vis=PRIVATE),1]
09-22 22:28:55.268 I/sysui_multi_action( 1811): [757,111,758,2]
09-22 22:28:55.271 I/sysui_multi_action( 1811): [757,111,758,1]
09-22 22:28:55.271 I/sysui_multi_action( 1811): [757,126,758,1,759,126,927,0,928,0,1593,0]
09-22 22:28:55.271 I/sysui_multi_action( 1811): [757,113,758,1,759,113,927,1,928,1,1593,0]
09-22 22:28:55.272 I/sysui_multi_action( 1811): [757,0,758,1,759,0,927,2,928,0,1593,0]
09-22 22:28:55.272 I/sysui_multi_action( 1811): [757,0,758,1,759,0,927,3,928,0,1593,0]
09-22 22:28:55.272 I/sysui_multi_action( 1811): [757,1706,758,1,759,1706,927,4,928,0,1593,0]
09-22 22:28:55.272 I/sysui_multi_action( 1811): [757,491,758,1,759,491,927,5,928,0,1311,-1,1593,0]
09-22 22:28:55.272 I/sysui_multi_action( 1811): [757,0,758,1,759,0,927,6,928,0,1593,0]
09-22 22:28:55.272 I/sysui_multi_action( 1811): [757,111,758,1]
09-22 22:28:55.272 I/sysui_multi_action( 1811): [757,126,758,1,759,126,927,0,928,0,1593,1]
09-22 22:28:55.272 I/sysui_multi_action( 1811): [757,113,758,1,759,113,927,1,928,1,1593,1]
09-22 22:28:55.272 I/sysui_multi_action( 1811): [757,0,758,1,759,0,927,2,928,0,1593,1]
09-22 22:28:55.272 I/sysui_multi_action( 1811): [757,0,758,1,759,0,927,3,928,0,1593,1]
09-22 22:28:55.287 I/notification_enqueue( 1496): [10081,1811,com.android.systemui,2048,NULL,0,Notification(channel=updateNotification shortcut=null contentView=null vibrate=null sound=null defaults=0x0 flags=0x0 color=0x00000000 vis=PRIVATE),1]
09-22 22:28:55.288 I/sysui_multi_action( 1811): [757,111,758,2]
09-22 22:28:55.288 I/sysui_multi_action( 1811): [757,111,758,2]
09-22 22:28:55.302 I/sysui_multi_action( 1811): [757,111,758,1]
09-22 22:28:55.302 I/sysui_multi_action( 1811): [757,126,758,1,759,126,927,0,928,0,1593,1]
09-22 22:28:55.302 I/sysui_multi_action( 1811): [757,113,758,1,759,113,927,1,928,1,1593,1]
09-22 22:28:55.302 I/sysui_multi_action( 1811): [757,0,758,1,759,0,927,2,928,0,1593,1]
09-22 22:28:55.302 I/sysui_multi_action( 1811): [757,0,758,1,759,0,927,3,928,0,1593,1]
09-22 22:28:55.302 I/sysui_multi_action( 1811): [757,1706,758,1,759,1706,927,4,928,0,1593,1]
09-22 22:28:55.302 I/sysui_multi_action( 1811): [757,491,758,1,759,491,927,5,928,0,1311,-1,1593,0]
09-22 22:28:55.302 I/sysui_multi_action( 1811): [757,0,758,1,759,0,927,6,928,0,1593,0]
09-22 22:28:55.302 I/sysui_multi_action( 1811): [757,111,758,1]
09-22 22:28:55.302 I/sysui_multi_action( 1811): [757,126,758,1,759,126,927,0,928,0,1593,1]
09-22 22:28:55.303 I/sysui_multi_action( 1811): [757,113,758,1,759,113,927,1,928,1,1593,1]
09-22 22:28:55.303 I/sysui_multi_action( 1811): [757,0,758,1,759,0,927,2,928,0,1593,1]
09-22 22:28:55.303 I/sysui_multi_action( 1811): [757,0,758,1,759,0,927,3,928,0,1593,1]
09-22 22:28:55.320 I/notification_enqueue( 1496): [10081,1811,com.android.systemui,2048,NULL,0,Notification(channel=updateNotification shortcut=null contentView=null vibrate=null sound=null defaults=0x0 flags=0x0 color=0x00000000 vis=PRIVATE),1]
09-22 22:28:55.321 I/sysui_multi_action( 1811): [757,111,758,2]
09-22 22:28:55.321 I/sysui_multi_action( 1811): [757,111,758,2]
09-22 22:28:55.325 I/sysui_multi_action( 1496): [757,127,758,2]
09-22 22:28:55.326 I/notification_panel_hidden( 1496):
09-22 22:28:55.335 I/sysui_multi_action( 1811): [757,111,758,1]
09-22 22:28:55.336 I/sysui_multi_action( 1811): [757,126,758,1,759,126,927,0,928,0,1593,1]
09-22 22:28:55.336 I/sysui_multi_action( 1811): [757,113,758,1,759,113,927,1,928,1,1593,1]
09-22 22:28:55.336 I/sysui_multi_action( 1811): [757,0,758,1,759,0,927,2,928,0,1593,1]
09-22 22:28:55.336 I/sysui_multi_action( 1811): [757,0,758,1,759,0,927,3,928,0,1593,1]
09-22 22:28:55.336 I/sysui_multi_action( 1811): [757,1706,758,1,759,1706,927,4,928,0,1593,1]
09-22 22:28:55.336 I/sysui_multi_action( 1811): [757,491,758,1,759,491,927,5,928,0,1311,-1,1593,0]
09-22 22:28:55.336 I/sysui_multi_action( 1811): [757,0,758,1,759,0,927,6,928,0,1593,0]
09-22 22:28:55.336 I/sysui_multi_action( 1811): [757,111,758,1]
09-22 22:28:55.336 I/sysui_multi_action( 1811): [757,126,758,1,759,126,927,0,928,0,1593,1]
09-22 22:28:55.336 I/sysui_multi_action( 1811): [757,113,758,1,759,113,927,1,928,1,1593,1]
09-22 22:28:55.336 I/sysui_multi_action( 1811): [757,0,758,1,759,0,927,2,928,0,1593,1]
09-22 22:28:55.336 I/sysui_multi_action( 1811): [757,0,758,1,759,0,927,3,928,0,1593,1]
09-22 22:28:55.607 I/input_interaction( 1496): Interaction with: cdcb676 com.android.launcher3/com.android.launcher3.uioverrides.QuickstepLauncher (server), 23a4ae6 com.android.systemui.ImageWallpaper (server), edge-swipe (server), swipe-up (server), PointerEventDispatcher0 (server),
09-22 22:28:55.732 I/sysui_multi_action( 1496): [757,127,758,1]
09-22 22:28:55.732 I/sysui_multi_action( 1496): [757,804,799,note_load,801,2,802,1]
09-22 22:28:55.732 I/notification_panel_revealed( 1496): 2
09-22 22:28:55.751 I/input_focus( 1496): [Focus request c147ec4 NotificationShade,reason=UpdateInputWindows]
09-22 22:28:55.772 I/input_focus( 1496): [Focus leaving cdcb676 com.android.launcher3/com.android.launcher3.uioverrides.QuickstepLauncher (server),reason=setFocusedWindow]
09-22 22:28:55.772 I/input_focus( 1496): [Focus entering c147ec4 NotificationShade (server),reason=setFocusedWindow]
09-22 22:28:55.780 I/input_interaction( 1496): Interaction with: cdcb676 com.android.launcher3/com.android.launcher3.uioverrides.QuickstepLauncher (server), 23a4ae6 com.android.systemui.ImageWallpaper (server), c147ec4 NotificationShade (server), edge-swipe (server), swipe-up (server), PointerEventDispatcher0 (server),
09-22 22:28:55.780 I/view_enqueue_input_event( 2390): [Motion - Cancel,com.android.launcher3/com.android.launcher3.uioverrides.QuickstepLauncher]
09-22 22:28:55.782 I/sysui_multi_action( 1811): [757,803,799,panel_open,802,1]
09-22 22:28:55.783 I/sysui_multi_action( 1811): [757,1328,758,4,1326,49,1327,32,1329,0]
09-22 22:28:55.794 I/input_interaction( 1496): Interaction with: 23a4ae6 com.android.systemui.ImageWallpaper (server), c147ec4 NotificationShade (server), edge-swipe (server), swipe-up (server), PointerEventDispatcher0 (server),
09-22 22:28:55.807 I/sysui_multi_action( 1811): [757,111,758,2]
09-22 22:28:55.808 I/sysui_multi_action( 1811): [757,111,758,2]
09-22 22:28:55.808 I/notification_enqueue( 1496): [10081,1811,com.android.systemui,2048,NULL,0,Notification(channel=updateNotification shortcut=null contentView=null vibrate=null sound=null defaults=0x0 flags=0x0 color=0x00000000 vis=PRIVATE),1]
09-22 22:28:55.817 I/sysui_multi_action( 1811): [757,111,758,1]
09-22 22:28:55.817 I/sysui_multi_action( 1811): [757,126,758,1,759,126,927,0,928,0,1593,0]
09-22 22:28:55.818 I/sysui_multi_action( 1811): [757,113,758,1,759,113,927,1,928,1,1593,0]
09-22 22:28:55.818 I/sysui_multi_action( 1811): [757,0,758,1,759,0,927,2,928,0,1593,0]
09-22 22:28:55.818 I/sysui_multi_action( 1811): [757,0,758,1,759,0,927,3,928,0,1593,0]
09-22 22:28:55.818 I/sysui_multi_action( 1811): [757,1706,758,1,759,1706,927,4,928,0,1593,0]
09-22 22:28:55.819 I/sysui_multi_action( 1811): [757,491,758,1,759,491,927,5,928,0,1311,-1,1593,0]
09-22 22:28:55.819 I/sysui_multi_action( 1811): [757,0,758,1,759,0,927,6,928,0,1593,0]
09-22 22:28:55.819 I/sysui_multi_action( 1811): [757,111,758,1]
09-22 22:28:55.819 I/sysui_multi_action( 1811): [757,126,758,1,759,126,927,0,928,0,1593,0]
09-22 22:28:55.819 I/sysui_multi_action( 1811): [757,113,758,1,759,113,927,1,928,1,1593,0]
09-22 22:28:55.819 I/sysui_multi_action( 1811): [757,0,758,1,759,0,927,2,928,0,1593,0]
09-22 22:28:55.819 I/sysui_multi_action( 1811): [757,0,758,1,759,0,927,3,928,0,1593,0]
09-22 22:28:55.848 I/sysui_multi_action( 1811): [757,111,758,2]
09-22 22:28:55.848 I/notification_enqueue( 1496): [10081,1811,com.android.systemui,2048,NULL,0,Notification(channel=updateNotification shortcut=null contentView=null vibrate=null sound=null defaults=0x0 flags=0x0 color=0x00000000 vis=PRIVATE),1]
09-22 22:28:55.848 I/sysui_multi_action( 1811): [757,111,758,2]
09-22 22:28:55.856 I/sysui_multi_action( 1811): [757,111,758,1]
09-22 22:28:55.856 I/sysui_multi_action( 1811): [757,126,758,1,759,126,927,0,928,0,1593,0]
09-22 22:28:55.856 I/sysui_multi_action( 1811): [757,113,758,1,759,113,927,1,928,1,1593,0]
09-22 22:28:55.856 I/sysui_multi_action( 1811): [757,0,758,1,759,0,927,2,928,0,1593,0]
09-22 22:28:55.856 I/sysui_multi_action( 1811): [757,0,758,1,759,0,927,3,928,0,1593,0]
09-22 22:28:55.856 I/sysui_multi_action( 1811): [757,1706,758,1,759,1706,927,4,928,0,1593,0]
09-22 22:28:55.857 I/sysui_multi_action( 1811): [757,491,758,1,759,491,927,5,928,0,1311,-1,1593,0]
09-22 22:28:55.857 I/sysui_multi_action( 1811): [757,0,758,1,759,0,927,6,928,0,1593,0]
09-22 22:28:55.857 I/sysui_multi_action( 1811): [757,111,758,1]
09-22 22:28:55.857 I/sysui_multi_action( 1811): [757,126,758,1,759,126,927,0,928,0,1593,0]
09-22 22:28:55.857 I/sysui_multi_action( 1811): [757,113,758,1,759,113,927,1,928,1,1593,0]
09-22 22:28:55.857 I/sysui_multi_action( 1811): [757,0,758,1,759,0,927,2,928,0,1593,0]
09-22 22:28:55.857 I/sysui_multi_action( 1811): [757,0,758,1,759,0,927,3,928,0,1593,0]
09-22 22:28:55.877 I/sysui_multi_action( 1811): [757,111,758,2]
09-22 22:28:55.878 I/sysui_multi_action( 1811): [757,111,758,2]
09-22 22:28:55.878 I/notification_enqueue( 1496): [10081,1811,com.android.systemui,2048,NULL,0,Notification(channel=updateNotification shortcut=null contentView=null vibrate=null sound=null defaults=0x0 flags=0x0 color=0x00000000 vis=PRIVATE),1]
09-22 22:28:55.883 I/sysui_multi_action( 1811): [757,111,758,1]
09-22 22:28:55.883 I/sysui_multi_action( 1811): [757,126,758,1,759,126,927,0,928,0,1593,0]
09-22 22:28:55.883 I/sysui_multi_action( 1811): [757,113,758,1,759,113,927,1,928,1,1593,0]
09-22 22:28:55.883 I/sysui_multi_action( 1811): [757,0,758,1,759,0,927,2,928,0,1593,0]
09-22 22:28:55.883 I/sysui_multi_action( 1811): [757,0,758,1,759,0,927,3,928,0,1593,0]
09-22 22:28:55.883 I/sysui_multi_action( 1811): [757,1706,758,1,759,1706,927,4,928,0,1593,0]
09-22 22:28:55.883 I/sysui_multi_action( 1811): [757,491,758,1,759,491,927,5,928,0,1311,-1,1593,0]
09-22 22:28:55.883 I/sysui_multi_action( 1811): [757,0,758,1,759,0,927,6,928,0,1593,0]
09-22 22:28:55.883 I/sysui_multi_action( 1811): [757,111,758,1]
09-22 22:28:55.883 I/sysui_multi_action( 1811): [757,126,758,1,759,126,927,0,928,0,1593,0]
09-22 22:28:55.883 I/sysui_multi_action( 1811): [757,113,758,1,759,113,927,1,928,1,1593,0]
09-22 22:28:55.883 I/sysui_multi_action( 1811): [757,0,758,1,759,0,927,2,928,0,1593,0]
09-22 22:28:55.883 I/sysui_multi_action( 1811): [757,0,758,1,759,0,927,3,928,0,1593,0]
09-22 22:28:55.901 I/sysui_multi_action( 1811): [757,111,758,2]
09-22 22:28:55.901 I/sysui_multi_action( 1811): [757,111,758,2]
09-22 22:28:55.901 I/notification_enqueue( 1496): [10081,1811,com.android.systemui,2048,NULL,0,Notification(channel=updateNotification shortcut=null contentView=null vibrate=null sound=null defaults=0x0 flags=0x0 color=0x00000000 vis=PRIVATE),1]
09-22 22:28:55.906 I/sysui_multi_action( 1811): [757,111,758,1]
09-22 22:28:55.906 I/sysui_multi_action( 1811): [757,126,758,1,759,126,927,0,928,0,1593,0]
09-22 22:28:55.906 I/sysui_multi_action( 1811): [757,113,758,1,759,113,927,1,928,1,1593,0]
09-22 22:28:55.906 I/sysui_multi_action( 1811): [757,0,758,1,759,0,927,2,928,0,1593,0]
09-22 22:28:55.906 I/sysui_multi_action( 1811): [757,0,758,1,759,0,927,3,928,0,1593,0]
09-22 22:28:55.906 I/sysui_multi_action( 1811): [757,1706,758,1,759,1706,927,4,928,0,1593,0]
09-22 22:28:55.906 I/sysui_multi_action( 1811): [757,491,758,1,759,491,927,5,928,0,1311,-1,1593,0]
09-22 22:28:55.906 I/sysui_multi_action( 1811): [757,0,758,1,759,0,927,6,928,0,1593,0]
09-22 22:28:55.906 I/sysui_multi_action( 1811): [757,111,758,1]
09-22 22:28:55.906 I/sysui_multi_action( 1811): [757,126,758,1,759,126,927,0,928,0,1593,0]
09-22 22:28:55.906 I/sysui_multi_action( 1811): [757,113,758,1,759,113,927,1,928,1,1593,0]
09-22 22:28:55.906 I/sysui_multi_action( 1811): [757,0,758,1,759,0,927,2,928,0,1593,0]
09-22 22:28:55.906 I/sysui_multi_action( 1811): [757,0,758,1,759,0,927,3,928,0,1593,0]
09-22 22:28:55.922 I/sysui_multi_action( 1811): [757,111,758,2]
09-22 22:28:55.922 I/notification_enqueue( 1496): [10081,1811,com.android.systemui,2048,NULL,0,Notification(channel=updateNotification shortcut=null contentView=null vibrate=null sound=null defaults=0x0 flags=0x0 color=0x00000000 vis=PRIVATE),1]
09-22 22:28:55.922 I/sysui_multi_action( 1811): [757,111,758,2]
09-22 22:28:55.927 I/sysui_multi_action( 1811): [757,111,758,1]
09-22 22:28:55.927 I/sysui_multi_action( 1811): [757,126,758,1,759,126,927,0,928,0,1593,0]
09-22 22:28:55.927 I/sysui_multi_action( 1811): [757,113,758,1,759,113,927,1,928,1,1593,0]
09-22 22:28:55.927 I/sysui_multi_action( 1811): [757,0,758,1,759,0,927,2,928,0,1593,0]
09-22 22:28:55.927 I/sysui_multi_action( 1811): [757,0,758,1,759,0,927,3,928,0,1593,0]
09-22 22:28:55.927 I/sysui_multi_action( 1811): [757,1706,758,1,759,1706,927,4,928,0,1593,0]
09-22 22:28:55.927 I/sysui_multi_action( 1811): [757,491,758,1,759,491,927,5,928,0,1311,-1,1593,0]
09-22 22:28:55.927 I/sysui_multi_action( 1811): [757,0,758,1,759,0,927,6,928,0,1593,0]
09-22 22:28:55.927 I/sysui_multi_action( 1811): [757,111,758,1]
09-22 22:28:55.927 I/sysui_multi_action( 1811): [757,126,758,1,759,126,927,0,928,0,1593,0]
09-22 22:28:55.927 I/sysui_multi_action( 1811): [757,113,758,1,759,113,927,1,928,1,1593,0]
09-22 22:28:55.927 I/sysui_multi_action( 1811): [757,0,758,1,759,0,927,2,928,0,1593,0]
09-22 22:28:55.927 I/sysui_multi_action( 1811): [757,0,758,1,759,0,927,3,928,0,1593,0]
09-22 22:28:55.944 I/sysui_multi_action( 1811): [757,111,758,2]
09-22 22:28:55.944 I/sysui_multi_action( 1811): [757,111,758,2]
09-22 22:28:55.945 I/notification_enqueue( 1496): [10081,1811,com.android.systemui,2048,NULL,0,Notification(channel=updateNotification shortcut=null contentView=null vibrate=null sound=null defaults=0x0 flags=0x0 color=0x00000000 vis=PRIVATE),1]
09-22 22:28:55.948 I/sysui_multi_action( 1811): [757,111,758,1]
09-22 22:28:55.949 I/sysui_multi_action( 1811): [757,126,758,1,759,126,927,0,928,0,1593,0]
09-22 22:28:55.949 I/sysui_multi_action( 1811): [757,113,758,1,759,113,927,1,928,1,1593,0]
09-22 22:28:55.949 I/sysui_multi_action( 1811): [757,0,758,1,759,0,927,2,928,0,1593,0]
09-22 22:28:55.949 I/sysui_multi_action( 1811): [757,0,758,1,759,0,927,3,928,0,1593,0]
09-22 22:28:55.949 I/sysui_multi_action( 1811): [757,1706,758,1,759,1706,927,4,928,0,1593,0]
09-22 22:28:55.949 I/sysui_multi_action( 1811): [757,491,758,1,759,491,927,5,928,0,1311,-1,1593,0]
09-22 22:28:55.949 I/sysui_multi_action( 1811): [757,0,758,1,759,0,927,6,928,0,1593,0]
09-22 22:28:55.949 I/sysui_multi_action( 1811): [757,111,758,1]
09-22 22:28:55.949 I/sysui_multi_action( 1811): [757,126,758,1,759,126,927,0,928,0,1593,0]
09-22 22:28:55.949 I/sysui_multi_action( 1811): [757,113,758,1,759,113,927,1,928,1,1593,0]
09-22 22:28:55.949 I/sysui_multi_action( 1811): [757,0,758,1,759,0,927,2,928,0,1593,0]
09-22 22:28:55.949 I/sysui_multi_action( 1811): [757,0,758,1,759,0,927,3,928,0,1593,0]
