09-22 22:39:45.893 W/UnsafeUtil( 4134): platform method missing - proto runtime falling back to safer methods: java.lang.NoSuchMethodException: sun.misc.Unsafe.copyMemory [class java.lang.Object, long, class java.lang.Object, long, long]
09-22 22:39:45.893 D/vendor.qti.bluetooth@1.0-ibs_handler( 815): SerialClockVote: vote for UART CLK ON
09-22 22:39:45.894 D/qcc:QccAuthApp( 4613): load libqccAuthMgr
09-22 22:39:45.894 D/vendor.qti.bluetooth@1.0-wake_lock( 815): Acquire wakelock is acquired
09-22 22:39:45.894 I/vendor.qti.bluetooth@1.0-ibs_handler( 815): DeviceWakeUp: Writing IBS_WAKE_IND
09-22 22:39:45.897 D/QCCAuthMgr( 4613): SMQContentProvider onCreate
09-22 22:39:45.897 I/sysui_multi_action( 4134): [757,1729,758,4,854,isParalleledControllers:false,1089,46]
09-22 22:39:45.898 I/qcc:QccAuthApp( 4613): onCreate()
09-22 22:39:45.898 D/qcc:QccAuthApp( 4613): detectUninstallIsv
09-22 22:39:45.900 I/vendor.qti.bluetooth@1.0-ibs_handler( 815): ProcessIbsCmd: Received IBS_WAKE_ACK: 0xFC
09-22 22:39:45.900 I/vendor.qti.bluetooth@1.0-ibs_handler( 815): ProcessIbsCmd: Signal wack_cond_
09-22 22:39:45.900 D/vendor.qti.bluetooth@1.0-ibs_handler( 815): DeviceWakeUp: Unblocked from waiting for FC, pthread_cond_timedwait ret = 0
09-22 22:39:45.901 I/vendor.qti.bluetooth@1.0-ibs_handler( 815): ProcessIbsCmd: Received IBS_WAKE_IND: 0xFD
09-22 22:39:45.901 I/vendor.qti.bluetooth@1.0-ibs_handler( 815): ProcessIbsCmd: Writing IBS_WAKE_ACK
09-22 22:39:45.902 E/DisplayDeviceConfig( 1496): requesting nits when no mapping exists.
09-22 22:39:45.905 I/wm_on_top_resumed_gained_called( 4134): [159182179,com.android.settings.Settings,topStateChangedWhenResumed]
09-22 22:39:45.905 W/BatteryBroadcastRcvr( 4134): Problem reading the battery meter.
09-22 22:39:45.909 I/am_wtf ( 1496): [0,1496,system_server,-1,DisplayDeviceConfig,requesting nits when no mapping exists.]
09-22 22:39:45.909 E/DisplayDeviceConfig( 1496): requesting nits when no mapping exists.
09-22 22:39:45.910 I/am_wtf ( 1496): [0,1496,system_server,-1,DisplayDeviceConfig,requesting nits when no mapping exists.]
09-22 22:39:45.913 E/KernelCpuSpeedReader( 1496): Failed to read cpu-freq: /sys/devices/system/cpu/cpu4/cpufreq/stats/time_in_state: open failed: ENOENT (No such file or directory)
09-22 22:39:45.913 E/KernelCpuSpeedReader( 1496): Failed to read cpu-freq: /sys/devices/system/cpu/cpu0/cpufreq/stats/time_in_state: open failed: ENOENT (No such file or directory)
09-22 22:39:45.911 I/auditd ( 578): type=1400 audit(0.0:449): avc: denied { read } for comm="Binder:578_2" name="wakeup58" dev="sysfs" ino=83493 scontext=u:r:system_suspend:s0 tcontext=u:object_r:sysfs:s0 tclass=dir permissive=0
09-22 22:39:45.911 W/Binder:578_2( 578): type=1400 audit(0.0:449): avc: denied { read } for name="wakeup58" dev="sysfs" ino=83493 scontext=u:r:system_suspend:s0 tcontext=u:object_r:sysfs:s0 tclass=dir permissive=0
09-22 22:39:45.915 E/android.system.suspend@1.0-service( 578): Error opening kernel wakelock stats for: wakeup58: Permission denied
09-22 22:39:45.915 D/QCCAuthMgr( 4613): SMQContentProvider query uri: content://com.qti.smq.Feedback.provider/smq_settings, selection: key=?, uri_matcher: 1
09-22 22:39:45.911 I/auditd ( 578): type=1400 audit(0.0:450): avc: denied { read } for comm="Binder:578_2" name="wakeup4" dev="sysfs" ino=52895 scontext=u:r:system_suspend:s0 tcontext=u:object_r:sysfs:s0 tclass=dir permissive=0
09-22 22:39:45.911 W/Binder:578_2( 578): type=1400 audit(0.0:450): avc: denied { read } for name="wakeup4" dev="sysfs" ino=52895 scontext=u:r:system_suspend:s0 tcontext=u:object_r:sysfs:s0 tclass=dir permissive=0
09-22 22:39:45.916 E/android.system.suspend@1.0-service( 578): Error opening kernel wakelock stats for: wakeup4: Permission denied
09-22 22:39:45.911 I/auditd ( 578): type=1400 audit(0.0:451): avc: denied { read } for comm="Binder:578_2" name="wakeup38" dev="sysfs" ino=68553 scontext=u:r:system_suspend:s0 tcontext=u:object_r:sysfs:s0 tclass=dir permissive=0
09-22 22:39:45.911 W/Binder:578_2( 578): type=1400 audit(0.0:451): avc: denied { read } for name="wakeup38" dev="sysfs" ino=68553 scontext=u:r:system_suspend:s0 tcontext=u:object_r:sysfs:s0 tclass=dir permissive=0
09-22 22:39:45.915 I/auditd ( 578): type=1400 audit(0.0:452): avc: denied { read } for comm="Binder:578_2" name="wakeup28" dev="sysfs" ino=59251 scontext=u:r:system_suspend:s0 tcontext=u:object_r:sysfs:s0 tclass=dir permissive=0
09-22 22:39:45.915 W/Binder:578_2( 578): type=1400 audit(0.0:452): avc: denied { read } for name="wakeup28" dev="sysfs" ino=59251 scontext=u:r:system_suspend:s0 tcontext=u:object_r:sysfs:s0 tclass=dir permissive=0
09-22 22:39:45.915 I/auditd ( 578): type=1400 audit(0.0:453): avc: denied { read } for comm="Binder:578_2" name="wakeup56" dev="sysfs" ino=83421 scontext=u:r:system_suspend:s0 tcontext=u:object_r:sysfs:s0 tclass=dir permissive=0
09-22 22:39:45.915 W/Binder:578_2( 578): type=1400 audit(0.0:453): avc: denied { read } for name="wakeup56" dev="sysfs" ino=83421 scontext=u:r:system_suspend:s0 tcontext=u:object_r:sysfs:s0 tclass=dir permissive=0
09-22 22:39:45.917 E/DisplayDeviceConfig( 1496): requesting nits when no mapping exists.
09-22 22:39:45.917 E/DisplayDeviceConfig( 1496): requesting nits when no mapping exists.
09-22 22:39:45.917 I/am_wtf ( 1496): [0,1496,system_server,-1,DisplayDeviceConfig,requesting nits when no mapping exists.]
09-22 22:39:45.918 E/android.system.suspend@1.0-service( 578): Error opening kernel wakelock stats for: wakeup38: Permission denied
09-22 22:39:45.919 I/am_wtf ( 1496): [0,1496,system_server,-1,DisplayDeviceConfig,requesting nits when no mapping exists.]
09-22 22:39:45.919 E/android.system.suspend@1.0-service( 578): Error opening kernel wakelock stats for: wakeup28: Permission denied
09-22 22:39:45.919 E/android.system.suspend@1.0-service( 578): Error opening kernel wakelock stats for: wakeup56: Permission denied
09-22 22:39:45.919 E/android.system.suspend@1.0-service( 578): Error opening kernel wakelock stats for: wakeup18: Permission denied
09-22 22:39:45.919 E/android.system.suspend@1.0-service( 578): Error opening kernel wakelock stats for: wakeup46: Permission denied
09-22 22:39:45.919 E/android.system.suspend@1.0-service( 578): Error opening kernel wakelock stats for: wakeup2: Permission denied
09-22 22:39:45.921 E/android.system.suspend@1.0-service( 578): Error opening kernel wakelock stats for: wakeup64: Permission denied
09-22 22:39:45.921 E/android.system.suspend@1.0-service( 578): Error opening kernel wakelock stats for: wakeup26: Permission denied
09-22 22:39:45.921 E/android.system.suspend@1.0-service( 578): Error opening kernel wakelock stats for: wakeup54: Permission denied
09-22 22:39:45.922 E/android.system.suspend@1.0-service( 578): Error opening kernel wakelock stats for: wakeup16: Permission denied
09-22 22:39:45.922 E/android.system.suspend@1.0-service( 578): Error opening kernel wakelock stats for: wakeup0: Permission denied
09-22 22:39:45.922 D/QCCAuthMgr( 4613): SMQContentProvider query tableName: smq_settings
09-22 22:39:45.922 E/android.system.suspend@1.0-service( 578): Error opening kernel wakelock stats for: wakeup34: Permission denied
09-22 22:39:45.922 E/android.system.suspend@1.0-service( 578): Error opening kernel wakelock stats for: wakeup62: Permission denied
09-22 22:39:45.927 E/android.system.suspend@1.0-service( 578): Error opening kernel wakelock stats for: wakeup24: Permission denied
09-22 22:39:45.927 E/android.system.suspend@1.0-service( 578): Error opening kernel wakelock stats for: wakeup52: Permission denied
09-22 22:39:45.927 E/android.system.suspend@1.0-service( 578): Error opening kernel wakelock stats for: wakeup9: Permission denied
09-22 22:39:45.928 E/android.system.suspend@1.0-service( 578): Error opening kernel wakelock stats for: wakeup14: Permission denied
09-22 22:39:45.928 E/android.system.suspend@1.0-service( 578): Error opening kernel wakelock stats for: wakeup42: Permission denied
09-22 22:39:45.929 E/android.system.suspend@1.0-service( 578): Error opening kernel wakelock stats for: wakeup32: Permission denied
09-22 22:39:45.929 E/android.system.suspend@1.0-service( 578): Error opening kernel wakelock stats for: wakeup60: Permission denied
09-22 22:39:45.930 E/android.system.suspend@1.0-service( 578): Error opening kernel wakelock stats for: wakeup22: Permission denied
09-22 22:39:45.930 E/android.system.suspend@1.0-service( 578): Error opening kernel wakelock stats for: wakeup50: Permission denied
09-22 22:39:45.930 E/android.system.suspend@1.0-service( 578): Error opening kernel wakelock stats for: wakeup7: Permission denied
09-22 22:39:45.930 E/android.system.suspend@1.0-service( 578): Error opening kernel wakelock stats for: wakeup79: Permission denied
09-22 22:39:45.930 E/android.system.suspend@1.0-service( 578): Error opening kernel wakelock stats for: wakeup12: Permission denied
09-22 22:39:45.930 E/android.system.suspend@1.0-service( 578): Error opening kernel wakelock stats for: wakeup40: Permission denied
09-22 22:39:45.932 D/UsageGraph( 4134): No enabled state changed, skipping updateCategory call
09-22 22:39:45.933 E/DisplayDeviceConfig( 1496): requesting nits when no mapping exists.
09-22 22:39:45.934 E/DisplayDeviceConfig( 1496): requesting nits when no mapping exists.
09-22 22:39:45.934 I/am_wtf ( 1496): [0,1496,system_server,-1,DisplayDeviceConfig,requesting nits when no mapping exists.]
09-22 22:39:45.935 E/android.system.suspend@1.0-service( 578): Error opening kernel wakelock stats for: wakeup30: Permission denied
09-22 22:39:45.935 E/android.system.suspend@1.0-service( 578): Error opening kernel wakelock stats for: wakeup59: Permission denied
09-22 22:39:45.935 I/am_wtf ( 1496): [0,1496,system_server,-1,DisplayDeviceConfig,requesting nits when no mapping exists.]
09-22 22:39:45.935 E/android.system.suspend@1.0-service( 578): Error opening kernel wakelock stats for: wakeup20: Permission denied
09-22 22:39:45.935 E/android.system.suspend@1.0-service( 578): Error opening kernel wakelock stats for: wakeup5: Permission denied
09-22 22:39:45.935 E/android.system.suspend@1.0-service( 578): Error opening kernel wakelock stats for: wakeup77: Permission denied
09-22 22:39:45.935 E/android.system.suspend@1.0-service( 578): Error opening kernel wakelock stats for: wakeup10: Permission denied
09-22 22:39:45.935 E/android.system.suspend@1.0-service( 578): Error opening kernel wakelock stats for: wakeup29: Permission denied
09-22 22:39:45.935 E/android.system.suspend@1.0-service( 578): Error opening kernel wakelock stats for: wakeup57: Permission denied
09-22 22:39:45.936 E/android.system.suspend@1.0-service( 578): Error opening kernel wakelock stats for: wakeup37: Permission denied
09-22 22:39:45.936 E/android.system.suspend@1.0-service( 578): Error opening kernel wakelock stats for: wakeup65: Permission denied
09-22 22:39:45.936 E/android.system.suspend@1.0-service( 578): Error opening kernel wakelock stats for: wakeup55: Permission denied
09-22 22:39:45.936 E/android.system.suspend@1.0-service( 578): Error opening kernel wakelock stats for: wakeup45: Permission denied
09-22 22:39:45.936 E/android.system.suspend@1.0-service( 578): Error opening kernel wakelock stats for: wakeup1: Permission denied
09-22 22:39:45.936 E/android.system.suspend@1.0-service( 578): Error opening kernel wakelock stats for: wakeup63: Permission denied
09-22 22:39:45.936 E/android.system.suspend@1.0-service( 578): Error opening kernel wakelock stats for: wakeup53: Permission denied
09-22 22:39:45.936 E/android.system.suspend@1.0-service( 578): Error opening kernel wakelock stats for: wakeup43: Permission denied
09-22 22:39:45.937 E/android.system.suspend@1.0-service( 578): Error opening kernel wakelock stats for: wakeup33: Permission denied
09-22 22:39:45.937 E/android.system.suspend@1.0-service( 578): Error opening kernel wakelock stats for: wakeup61: Permission denied
09-22 22:39:45.937 E/android.system.suspend@1.0-service( 578): Error opening kernel wakelock stats for: wakeup8: Permission denied
09-22 22:39:45.937 E/android.system.suspend@1.0-service( 578): Error opening kernel wakelock stats for: wakeup41: Permission denied
09-22 22:39:45.937 E/android.system.suspend@1.0-service( 578): Error opening kernel wakelock stats for: wakeup31: Permission denied
09-22 22:39:45.937 E/android.system.suspend@1.0-service( 578): Error opening kernel wakelock stats for: wakeup6: Permission denied
09-22 22:39:45.937 E/android.system.suspend@1.0-service( 578): Error opening kernel wakelock stats for: wakeup78: Permission denied
09-22 22:39:45.938 D/KernelCpuUidUserSysTimeReader( 1496): Removing uids 1037-1037
09-22 22:39:45.948 D/BatteryInfo( 4134): time for getStats: 0ms
09-22 22:39:45.949 D/BatteryInfo( 4134): time for regular BatteryInfo: 1ms
09-22 22:39:45.950 E/DisplayDeviceConfig( 1496): requesting nits when no mapping exists.
09-22 22:39:45.950 E/DisplayDeviceConfig( 1496): requesting nits when no mapping exists.
09-22 22:39:45.950 I/am_wtf ( 1496): [0,1496,system_server,-1,DisplayDeviceConfig,requesting nits when no mapping exists.]
09-22 22:39:45.951 D/BatteryInfo( 4134): time for getBatteryInfo: 2ms
09-22 22:39:45.951 I/am_wtf ( 1496): [0,1496,system_server,-1,DisplayDeviceConfig,requesting nits when no mapping exists.]
09-22 22:39:45.953 W/BatteryExternalStatsWorker( 1496): error reading modem stats:ERROR_PHONE_NOT_AVAILABLE
09-22 22:39:45.958 E/KernelCpuSpeedReader( 1496): Failed to read cpu-freq: /sys/devices/system/cpu/cpu4/cpufreq/stats/time_in_state: open failed: ENOENT (No such file or directory)
09-22 22:39:45.959 E/KernelCpuSpeedReader( 1496): Failed to read cpu-freq: /sys/devices/system/cpu/cpu0/cpufreq/stats/time_in_state: open failed: ENOENT (No such file or directory)
09-22 22:39:45.959 E/android.system.suspend@1.0-service( 578): Error opening kernel wakelock stats for: wakeup58: Permission denied
09-22 22:39:45.960 D/BatteryTipLoader( 4134): BatteryInfoLoader post query: 1ms
09-22 22:39:45.960 D/BatteryInfo( 4134): time for getBatteryInfo: 0ms
09-22 22:39:45.960 D/BatteryTipLoader( 4134): BatteryInfoLoader.loadInBackground: 1ms
09-22 22:39:45.960 E/android.system.suspend@1.0-service( 578): Error opening kernel wakelock stats for: wakeup4: Permission denied
09-22 22:39:45.961 E/android.system.suspend@1.0-service( 578): Error opening kernel wakelock stats for: wakeup38: Permission denied
09-22 22:39:45.961 E/android.system.suspend@1.0-service( 578): Error opening kernel wakelock stats for: wakeup28: Permission denied
09-22 22:39:45.961 E/android.system.suspend@1.0-service( 578): Error opening kernel wakelock stats for: wakeup56: Permission denied
09-22 22:39:45.961 E/android.system.suspend@1.0-service( 578): Error opening kernel wakelock stats for: wakeup18: Permission denied
09-22 22:39:45.961 E/android.system.suspend@1.0-service( 578): Error opening kernel wakelock stats for: wakeup46: Permission denied
09-22 22:39:45.962 E/android.system.suspend@1.0-service( 578): Error opening kernel wakelock stats for: wakeup2: Permission denied
09-22 22:39:45.962 E/android.system.suspend@1.0-service( 578): Error opening kernel wakelock stats for: wakeup64: Permission denied
09-22 22:39:45.963 E/android.system.suspend@1.0-service( 578): Error opening kernel wakelock stats for: wakeup26: Permission denied
09-22 22:39:45.963 E/android.system.suspend@1.0-service( 578): Error opening kernel wakelock stats for: wakeup54: Permission denied
09-22 22:39:45.963 E/android.system.suspend@1.0-service( 578): Error opening kernel wakelock stats for: wakeup16: Permission denied
09-22 22:39:45.963 E/android.system.suspend@1.0-service( 578): Error opening kernel wakelock stats for: wakeup0: Permission denied
09-22 22:39:45.963 E/android.system.suspend@1.0-service( 578): Error opening kernel wakelock stats for: wakeup34: Permission denied
09-22 22:39:45.963 E/android.system.suspend@1.0-service( 578): Error opening kernel wakelock stats for: wakeup62: Permission denied
09-22 22:39:45.964 E/android.system.suspend@1.0-service( 578): Error opening kernel wakelock stats for: wakeup24: Permission denied
09-22 22:39:45.964 E/android.system.suspend@1.0-service( 578): Error opening kernel wakelock stats for: wakeup52: Permission denied
09-22 22:39:45.964 E/android.system.suspend@1.0-service( 578): Error opening kernel wakelock stats for: wakeup9: Permission denied
09-22 22:39:45.964 E/android.system.suspend@1.0-service( 578): Error opening kernel wakelock stats for: wakeup14: Permission denied
09-22 22:39:45.964 E/android.system.suspend@1.0-service( 578): Error opening kernel wakelock stats for: wakeup42: Permission denied
09-22 22:39:45.965 E/android.system.suspend@1.0-service( 578): Error opening kernel wakelock stats for: wakeup32: Permission denied
09-22 22:39:45.965 E/android.system.suspend@1.0-service( 578): Error opening kernel wakelock stats for: wakeup60: Permission denied
09-22 22:39:45.965 I/input_focus( 1496): [Focus request deebe52 com.android.settings/com.android.settings.Settings,reason=UpdateInputWindows]
09-22 22:39:45.965 E/android.system.suspend@1.0-service( 578): Error opening kernel wakelock stats for: wakeup22: Permission denied
09-22 22:39:45.965 E/android.system.suspend@1.0-service( 578): Error opening kernel wakelock stats for: wakeup50: Permission denied
09-22 22:39:45.965 E/android.system.suspend@1.0-service( 578): Error opening kernel wakelock stats for: wakeup7: Permission denied
09-22 22:39:45.965 E/android.system.suspend@1.0-service( 578): Error opening kernel wakelock stats for: wakeup79: Permission denied
09-22 22:39:45.966 E/android.system.suspend@1.0-service( 578): Error opening kernel wakelock stats for: wakeup12: Permission denied
09-22 22:39:45.966 E/android.system.suspend@1.0-service( 578): Error opening kernel wakelock stats for: wakeup40: Permission denied
09-22 22:39:45.966 E/android.system.suspend@1.0-service( 578): Error opening kernel wakelock stats for: wakeup30: Permission denied
09-22 22:39:45.966 E/android.system.suspend@1.0-service( 578): Error opening kernel wakelock stats for: wakeup59: Permission denied
09-22 22:39:45.966 I/AdrenoGLES-0( 4134): QUALCOMM build : 47421dbee6, I139f36ad46
09-22 22:39:45.966 I/AdrenoGLES-0( 4134): Build Date : 02/18/22
09-22 22:39:45.966 I/AdrenoGLES-0( 4134): OpenGL ES Shader Compiler Version: EV031.32.02.17
09-22 22:39:45.966 I/AdrenoGLES-0( 4134): Local Branch :
09-22 22:39:45.966 I/AdrenoGLES-0( 4134): Remote Branch :
09-22 22:39:45.966 I/AdrenoGLES-0( 4134): Remote Branch :
09-22 22:39:45.966 I/AdrenoGLES-0( 4134): Reconstruct Branch :
09-22 22:39:45.966 I/AdrenoGLES-0( 4134): Build Config : S P 10.0.7 AArch64
09-22 22:39:45.966 I/AdrenoGLES-0( 4134): Driver Path : /vendor/lib64/egl/libGLESv2_adreno.so
09-22 22:39:45.966 E/android.system.suspend@1.0-service( 578): Error opening kernel wakelock stats for: wakeup20: Permission denied
09-22 22:39:45.966 E/android.system.suspend@1.0-service( 578): Error opening kernel wakelock stats for: wakeup5: Permission denied
09-22 22:39:45.966 E/android.system.suspend@1.0-service( 578): Error opening kernel wakelock stats for: wakeup77: Permission denied
09-22 22:39:45.966 E/android.system.suspend@1.0-service( 578): Error opening kernel wakelock stats for: wakeup10: Permission denied
09-22 22:39:45.966 E/android.system.suspend@1.0-service( 578): Error opening kernel wakelock stats for: wakeup29: Permission denied
09-22 22:39:45.966 E/android.system.suspend@1.0-service( 578): Error opening kernel wakelock stats for: wakeup57: Permission denied
09-22 22:39:45.967 E/android.system.suspend@1.0-service( 578): Error opening kernel wakelock stats for: wakeup37: Permission denied
09-22 22:39:45.967 E/android.system.suspend@1.0-service( 578): Error opening kernel wakelock stats for: wakeup65: Permission denied
09-22 22:39:45.967 E/android.system.suspend@1.0-service( 578): Error opening kernel wakelock stats for: wakeup55: Permission denied
09-22 22:39:45.967 E/android.system.suspend@1.0-service( 578): Error opening kernel wakelock stats for: wakeup45: Permission denied
09-22 22:39:45.967 E/android.system.suspend@1.0-service( 578): Error opening kernel wakelock stats for: wakeup1: Permission denied
09-22 22:39:45.967 E/android.system.suspend@1.0-service( 578): Error opening kernel wakelock stats for: wakeup63: Permission denied
09-22 22:39:45.967 E/android.system.suspend@1.0-service( 578): Error opening kernel wakelock stats for: wakeup53: Permission denied
09-22 22:39:45.967 E/android.system.suspend@1.0-service( 578): Error opening kernel wakelock stats for: wakeup43: Permission denied
09-22 22:39:45.968 E/android.system.suspend@1.0-service( 578): Error opening kernel wakelock stats for: wakeup33: Permission denied
09-22 22:39:45.968 E/android.system.suspend@1.0-service( 578): Error opening kernel wakelock stats for: wakeup61: Permission denied
09-22 22:39:45.968 E/android.system.suspend@1.0-service( 578): Error opening kernel wakelock stats for: wakeup8: Permission denied
09-22 22:39:45.968 E/android.system.suspend@1.0-service( 578): Error opening kernel wakelock stats for: wakeup41: Permission denied
09-22 22:39:45.968 E/android.system.suspend@1.0-service( 578): Error opening kernel wakelock stats for: wakeup31: Permission denied
09-22 22:39:45.968 E/android.system.suspend@1.0-service( 578): Error opening kernel wakelock stats for: wakeup6: Permission denied
09-22 22:39:45.968 E/android.system.suspend@1.0-service( 578): Error opening kernel wakelock stats for: wakeup78: Permission denied
09-22 22:39:45.968 E/DisplayDeviceConfig( 1496): requesting nits when no mapping exists.
09-22 22:39:45.968 D/audio_hw_primary( 806): out_set_parameters: enter: usecase(1: low-latency-playback) kvpairs: suspend_playback=true
09-22 22:39:45.968 D/audio_hw_extn( 806): audio_extn_fm_set_parameters: Enter
09-22 22:39:45.969 E/DisplayDeviceConfig( 1496): requesting nits when no mapping exists.
09-22 22:39:45.969 I/am_wtf ( 1496): [0,1496,system_server,-1,DisplayDeviceConfig,requesting nits when no mapping exists.]
09-22 22:39:45.970 I/hwservicemanager( 515): getTransport: Cannot find entry android.hardware.graphics.mapper@4.0::IMapper/default in either framework or device VINTF manifest.
09-22 22:39:45.973 I/AdrenoGLES-0( 4134): PFP: 0x016dd093, ME: 0x00000000
09-22 22:39:45.975 I/am_wtf ( 1496): [0,1496,system_server,-1,DisplayDeviceConfig,requesting nits when no mapping exists.]
09-22 22:39:45.980 D/BatteryInfo( 4134): time for getStats: 0ms
09-22 22:39:45.982 I/SDM ( 867): HWCDisplay::GetColorModeCount: Supported color mode count = 1
09-22 22:39:45.982 I/SDM ( 867): HWCDisplay::GetColorModes: Color mode = 0 is supported
09-22 22:39:45.982 E/HWComposer( 961): getSupportedContentTypes: getSupportedContentTypes failed for display 4630946370410392961: Unsupported (8)
09-22 22:39:45.983 D/hw-ProcessState( 4134): Binder ioctl to enable oneway spam detection failed: Invalid argument
09-22 22:39:45.983 D/BatteryInfo( 4134): time for regular BatteryInfo: 3ms
09-22 22:39:45.985 I/hwservicemanager( 515): getTransport: Cannot find entry android.hardware.graphics.mapper@4.0::IMapper/default in either framework or device VINTF manifest.
09-22 22:39:45.985 I/Gralloc4( 4134): mapper 4.x is not supported
09-22 22:39:45.986 E/DisplayDeviceConfig( 1496): requesting nits when no mapping exists.
09-22 22:39:45.986 D/BatteryTipLoader( 4134): BatteryInfoLoader post query: 1ms
09-22 22:39:45.986 E/DisplayDeviceConfig( 1496): requesting nits when no mapping exists.
09-22 22:39:45.986 D/BatteryInfo( 4134): time for getBatteryInfo: 0ms
09-22 22:39:45.986 D/BatteryTipLoader( 4134): BatteryInfoLoader.loadInBackground: 1ms
09-22 22:39:45.987 I/am_wtf ( 1496): [0,1496,system_server,-1,DisplayDeviceConfig,requesting nits when no mapping exists.]
09-22 22:39:45.987 I/hwservicemanager( 515): getTransport: Cannot find entry android.hardware.graphics.allocator@4.0::IAllocator/default in either framework or device VINTF manifest.
09-22 22:39:45.987 I/am_wtf ( 1496): [0,1496,system_server,-1,DisplayDeviceConfig,requesting nits when no mapping exists.]
09-22 22:39:45.987 W/Gralloc4( 4134): allocator 4.x is not supported
09-22 22:39:45.988 D/BatteryInfo( 4134): time for getBatteryInfo: 5ms
09-22 22:39:46.001 E/DisplayDeviceConfig( 1496): requesting nits when no mapping exists.
09-22 22:39:46.002 E/DisplayDeviceConfig( 1496): requesting nits when no mapping exists.
09-22 22:39:46.003 I/am_wtf ( 1496): [0,1496,system_server,-1,DisplayDeviceConfig,requesting nits when no mapping exists.]
09-22 22:39:46.003 I/am_wtf ( 1496): [0,1496,system_server,-1,DisplayDeviceConfig,requesting nits when no mapping exists.]
09-22 22:39:46.015 I/sysui_multi_action( 1496): [324,1,757,1090,758,12,806,com.android.settings,871,com.android.settings.Settings,1091,285]
09-22 22:39:46.018 E/DisplayDeviceConfig( 1496): requesting nits when no mapping exists.
09-22 22:39:46.018 I/EventSequenceValidator( 1496): dec AccIntentStartedEvents to 1
09-22 22:39:46.021 I/sysui_multi_action( 1496): [319,72,321,68,322,285,325,792,757,761,758,8,759,1,806,com.android.settings,871,com.android.settings.Settings,904,com.android.launcher3,905,0,1320,4,1321,1]
09-22 22:39:46.024 E/DisplayDeviceConfig( 1496): requesting nits when no mapping exists.
09-22 22:39:46.025 I/wm_activity_launch_time( 1496): [0,159182179,com.android.settings/.Settings,285]
09-22 22:39:46.026 I/ActivityTaskManager( 1496): Displayed com.android.settings/.Settings: +285ms
09-22 22:39:46.027 I/ActivityTaskManager( 1496): Fully drawn com.android.settings/.Settings: +285ms
09-22 22:39:46.028 I/am_wtf ( 1496): [0,1496,system_server,-1,DisplayDeviceConfig,requesting nits when no mapping exists.]
09-22 22:39:46.029 I/am_wtf ( 1496): [0,1496,system_server,-1,DisplayDeviceConfig,requesting nits when no mapping exists.]
09-22 22:39:46.033 I/vendor.qti.bluetooth@1.0-ibs_handler( 815): ProcessIbsCmd: Received IBS_SLEEP_IND: 0xFE
09-22 22:39:46.034 D/BatteryInfo( 4134): time for callback: 0ms
09-22 22:39:46.035 D/BatteryInfo( 4134): time for callback: 0ms
09-22 22:39:46.035 I/input_focus( 1496): [Focus entering deebe52 com.android.settings/com.android.settings.Settings (server),reason=Window became focusable. Previous reason: NOT_VISIBLE]
09-22 22:39:46.036 I/TopLevelSettings( 4134): TopLevelSettings: TopLevelSettings::com.android.settings.network.NetworkDashboardFragment
09-22 22:39:46.037 E/DisplayDeviceConfig( 1496): requesting nits when no mapping exists.
09-22 22:39:46.037 E/DisplayDeviceConfig( 1496): requesting nits when no mapping exists.
09-22 22:39:46.038 I/am_wtf ( 1496): [0,1496,system_server,-1,DisplayDeviceConfig,requesting nits when no mapping exists.]
09-22 22:39:46.039 I/am_wtf ( 1496): [0,1496,system_server,-1,DisplayDeviceConfig,requesting nits when no mapping exists.]
09-22 22:39:46.044 I/TetheringManager( 4134): registerTetheringEventCallback:com.android.settings
09-22 22:39:46.045 D/PrefCtrlListHelper( 4134): Could not find Context-only controller for pref: com.android.settings.network.MultiNetworkHeaderController
09-22 22:39:46.045 D/PrefCtrlListHelper( 4134): Could not find Context-only controller for pref: com.android.settings.network.AirplaneModePreferenceController
09-22 22:39:46.045 D/PrefCtrlListHelper( 4134): Could not find Context-only controller for pref: com.android.settings.network.AllInOneTetherPreferenceController
09-22 22:39:46.046 D/PrefCtrlListHelper( 4134): Could not find Context-only controller for pref: com.android.settings.network.AdaptiveConnectivityPreferenceController
09-22 22:39:46.049 W/CarrierConfigManager( 4134): Error getting config for subId -1 ICarrierConfigLoader is null
09-22 22:39:46.050 D/MobilePlanPrefContr( 4134): onCreate: mMobilePlanDialogMessage=null
09-22 22:39:46.050 E/DisplayDeviceConfig( 1496): requesting nits when no mapping exists.
09-22 22:39:46.051 D/BluetoothPan( 4134): Binding service...
09-22 22:39:46.051 E/DisplayDeviceConfig( 1496): requesting nits when no mapping exists.
09-22 22:39:46.052 I/am_wtf ( 1496): [0,1496,system_server,-1,DisplayDeviceConfig,requesting nits when no mapping exists.]
09-22 22:39:46.053 E/UserRestrictionsUtils( 1496): Unknown restriction queried by uid 1000 (com.android.inputdevices et al): null
09-22 22:39:46.056 I/am_wtf ( 1496): [0,1496,system_server,-1,DisplayDeviceConfig,requesting nits when no mapping exists.]
09-22 22:39:46.062 D/NetworkDashboardFrag( 4134): NO dashboard tiles for NetworkDashboardFrag
09-22 22:39:46.062 D/NetworkDashboardFrag( 4134): All preferences added, reporting fully drawn
09-22 22:39:46.067 E/DisplayDeviceConfig( 1496): requesting nits when no mapping exists.
09-22 22:39:46.067 E/DisplayDeviceConfig( 1496): requesting nits when no mapping exists.
09-22 22:39:46.067 I/am_wtf ( 1496): [0,1496,system_server,-1,DisplayDeviceConfig,requesting nits when no mapping exists.]
09-22 22:39:46.069 I/am_wtf ( 1496): [0,1496,system_server,-1,DisplayDeviceConfig,requesting nits when no mapping exists.]
09-22 22:39:46.072 D/ConnectivityService( 1496): requestNetwork for uid/pid:1000/4134 activeRequest: null callbackRequest: 82 [NetworkRequest [ REQUEST id=83, [ Capabilities: INTERNET&NOT_RESTRICTED&TRUSTED&NOT_VCN_MANAGED Uid: 1000 RequestorUid: 1000 RequestorPkg: com.android.settings] ]] callback flags: 0 priority: 2147483647
09-22 22:39:46.073 D/ConnectivityService( 1496): requestNetwork for uid/pid:1000/4134 activeRequest: null callbackRequest: 85 [NetworkRequest [ REQUEST id=86, [ Capabilities: INTERNET&NOT_RESTRICTED&TRUSTED&NOT_VCN_MANAGED Uid: 1000 RequestorUid: 1000 RequestorPkg: com.android.settings] ]] callback flags: 0 priority: 2147483647
09-22 22:39:46.075 D/ConnectivityService( 1496): NetReassign [no changes]
09-22 22:39:46.075 D/Ethernet( 1496): got request NetworkRequest [ REQUEST id=83, [ Capabilities: INTERNET&NOT_RESTRICTED&TRUSTED&NOT_VCN_MANAGED Uid: 1000 RequestorUid: 1000 RequestorPkg: com.android.settings] ]
09-22 22:39:46.076 D/WifiNetworkFactory( 1496): got request NetworkRequest [ REQUEST id=83, [ Capabilities: INTERNET&NOT_RESTRICTED&TRUSTED&NOT_VCN_MANAGED Uid: 1000 RequestorUid: 1000 RequestorPkg: com.android.settings] ]
09-22 22:39:46.076 D/EthernetNetworkFactory( 1496): acceptRequest, request: NetworkRequest [ REQUEST id=83, [ Capabilities: INTERNET&NOT_RESTRICTED&TRUSTED&NOT_VCN_MANAGED Uid: 1000 RequestorUid: 1000 RequestorPkg: com.android.settings] ]
09-22 22:39:46.076 I/EthernetNetworkFactory( 1496): networkForRequest, request: NetworkRequest [ REQUEST id=83, [ Capabilities: INTERNET&NOT_RESTRICTED&TRUSTED&NOT_VCN_MANAGED Uid: 1000 RequestorUid: 1000 RequestorPkg: com.android.settings] ], network: null
09-22 22:39:46.076 D/UntrustedWifiNetworkFactory( 1496): got request NetworkRequest [ REQUEST id=83, [ Capabilities: INTERNET&NOT_RESTRICTED&TRUSTED&NOT_VCN_MANAGED Uid: 1000 RequestorUid: 1000 RequestorPkg: com.android.settings] ]
09-22 22:39:46.076 D/ConnectivityService( 1496): NetReassign [no changes]
09-22 22:39:46.076 D/OemPaidWifiNetworkFactory( 1496): got request NetworkRequest [ REQUEST id=83, [ Capabilities: INTERNET&NOT_RESTRICTED&TRUSTED&NOT_VCN_MANAGED Uid: 1000 RequestorUid: 1000 RequestorPkg: com.android.settings] ]
09-22 22:39:46.077 D/ConnectivityService( 1496): NetReassign [no changes]
09-22 22:39:46.077 D/Ethernet( 1496): got request NetworkRequest [ REQUEST id=86, [ Capabilities: INTERNET&NOT_RESTRICTED&TRUSTED&NOT_VCN_MANAGED Uid: 1000 RequestorUid: 1000 RequestorPkg: com.android.settings] ]
09-22 22:39:46.077 D/EthernetNetworkFactory( 1496): acceptRequest, request: NetworkRequest [ REQUEST id=86, [ Capabilities: INTERNET&NOT_RESTRICTED&TRUSTED&NOT_VCN_MANAGED Uid: 1000 RequestorUid: 1000 RequestorPkg: com.android.settings] ]
09-22 22:39:46.077 I/EthernetNetworkFactory( 1496): networkForRequest, request: NetworkRequest [ REQUEST id=86, [ Capabilities: INTERNET&NOT_RESTRICTED&TRUSTED&NOT_VCN_MANAGED Uid: 1000 RequestorUid: 1000 RequestorPkg: com.android.settings] ], network: null
09-22 22:39:46.077 D/WifiNetworkFactory( 1496): got request NetworkRequest [ REQUEST id=86, [ Capabilities: INTERNET&NOT_RESTRICTED&TRUSTED&NOT_VCN_MANAGED Uid: 1000 RequestorUid: 1000 RequestorPkg: com.android.settings] ]
09-22 22:39:46.077 D/UntrustedWifiNetworkFactory( 1496): got request NetworkRequest [ REQUEST id=86, [ Capabilities: INTERNET&NOT_RESTRICTED&TRUSTED&NOT_VCN_MANAGED Uid: 1000 RequestorUid: 1000 RequestorPkg: com.android.settings] ]
09-22 22:39:46.077 D/OemPaidWifiNetworkFactory( 1496): got request NetworkRequest [ REQUEST id=86, [ Capabilities: INTERNET&NOT_RESTRICTED&TRUSTED&NOT_VCN_MANAGED Uid: 1000 RequestorUid: 1000 RequestorPkg: com.android.settings] ]
09-22 22:39:46.078 I/TetheringManager( 4134): registerTetheringEventCallback caller:com.android.settings
09-22 22:39:46.080 W/ScanResultUtil( 1496): Empty or null ScanResult list
09-22 22:39:46.080 W/WifiService( 1496): Attempt to retrieve WifiConfiguration with invalid scanResult List
09-22 22:39:46.082 W/ScanResultUtil( 1496): Empty or null ScanResult list
09-22 22:39:46.082 E/WifiService( 1496): Attempt to retrieve passpoint with invalid scanResult List
09-22 22:39:46.082 D/ConnectivityService( 1496): requestNetwork for uid/pid:1000/4134 activeRequest: null callbackRequest: 88 [NetworkRequest [ REQUEST id=89, [ Capabilities: INTERNET&NOT_RESTRICTED&TRUSTED&NOT_VCN_MANAGED Uid: 1000 RequestorUid: 1000 RequestorPkg: com.android.settings] ]] callback flags: 1 priority: 2147483647
09-22 22:39:46.082 D/ConnectivityService( 1496): NetReassign [no changes]
09-22 22:39:46.083 W/ScanResultUtil( 1496): Empty or null ScanResult list
09-22 22:39:46.083 W/WifiService( 1496): Attempt to retrieve OsuProviders with invalid scanResult List
09-22 22:39:46.083 D/BluetoothPan( 4134): Binding service...
09-22 22:39:46.084 E/DisplayDeviceConfig( 1496): requesting nits when no mapping exists.
09-22 22:39:46.085 E/DisplayDeviceConfig( 1496): requesting nits when no mapping exists.
09-22 22:39:46.085 I/sysui_multi_action( 4134): [757,746,758,1,833,0,1089,46]
09-22 22:39:46.085 I/am_wtf ( 1496): [0,1496,system_server,-1,DisplayDeviceConfig,requesting nits when no mapping exists.]
09-22 22:39:46.086 D/SubscriptionsChangeListener( 4134): Start
09-22 22:39:46.086 I/am_wtf ( 1496): [0,1496,system_server,-1,DisplayDeviceConfig,requesting nits when no mapping exists.]
09-22 22:39:46.087 D/TelephonyRegistry( 1496): listen oscl: mHasNotifySubscriptionInfoChangedOccurred==false no callback
09-22 22:39:46.088 D/MobileNetworkSummaryStatus( 4134): network summary query
09-22 22:39:46.088 D/ConnectivityService( 1496): NetReassign [no changes]
09-22 22:39:46.088 D/Ethernet( 1496): got request NetworkRequest [ REQUEST id=89, [ Capabilities: INTERNET&NOT_RESTRICTED&TRUSTED&NOT_VCN_MANAGED Uid: 1000 RequestorUid: 1000 RequestorPkg: com.android.settings] ]
09-22 22:39:46.088 D/EthernetNetworkFactory( 1496): acceptRequest, request: NetworkRequest [ REQUEST id=89, [ Capabilities: INTERNET&NOT_RESTRICTED&TRUSTED&NOT_VCN_MANAGED Uid: 1000 RequestorUid: 1000 RequestorPkg: com.android.settings] ]
09-22 22:39:46.088 I/EthernetNetworkFactory( 1496): networkForRequest, request: NetworkRequest [ REQUEST id=89, [ Capabilities: INTERNET&NOT_RESTRICTED&TRUSTED&NOT_VCN_MANAGED Uid: 1000 RequestorUid: 1000 RequestorPkg: com.android.settings] ], network: null
09-22 22:39:46.089 D/WifiNetworkFactory( 1496): got request NetworkRequest [ REQUEST id=89, [ Capabilities: INTERNET&NOT_RESTRICTED&TRUSTED&NOT_VCN_MANAGED Uid: 1000 RequestorUid: 1000 RequestorPkg: com.android.settings] ]
09-22 22:39:46.089 D/UntrustedWifiNetworkFactory( 1496): got request NetworkRequest [ REQUEST id=89, [ Capabilities: INTERNET&NOT_RESTRICTED&TRUSTED&NOT_VCN_MANAGED Uid: 1000 RequestorUid: 1000 RequestorPkg: com.android.settings] ]
09-22 22:39:46.090 D/OemPaidWifiNetworkFactory( 1496): got request NetworkRequest [ REQUEST id=89, [ Capabilities: INTERNET&NOT_RESTRICTED&TRUSTED&NOT_VCN_MANAGED Uid: 1000 RequestorUid: 1000 RequestorPkg: com.android.settings] ]
09-22 22:39:46.090 D/ConnectivityService( 1496): NetReassign [no changes]
09-22 22:39:46.094 E/TelephonyManager( 4134): Error in getUiccCardsInfo: unable to connect to Telephony service.
09-22 22:39:46.094 W/MobileNetworkUtils( 4134): EuiccManager is not enabled.
09-22 22:39:46.095 W/SelectableSubscriptions( 4134): Fail to request subIdList
09-22 22:39:46.095 W/SelectableSubscriptions( 4134): java.lang.NullPointerException: Attempt to invoke interface method 'int java.util.List.size()' on a null object reference
09-22 22:39:46.095 W/SelectableSubscriptions( 4134): at com.android.settings.network.helper.SelectableSubscriptions.call(SelectableSubscriptions.java:128)
09-22 22:39:46.095 W/SelectableSubscriptions( 4134): at com.android.settings.network.MobileNetworkSummaryStatus.getSubscriptions(MobileNetworkSummaryStatus.java:158)
09-22 22:39:46.095 W/SelectableSubscriptions( 4134): at com.android.settings.network.MobileNetworkSummaryStatus.update(MobileNetworkSummaryStatus.java:88)
09-22 22:39:46.095 W/SelectableSubscriptions( 4134): at com.android.settings.network.MobileNetworkSummaryController.update(MobileNetworkSummaryController.java:170)
09-22 22:39:46.095 W/SelectableSubscriptions( 4134): at com.android.settings.network.MobileNetworkSummaryController.onResume(MobileNetworkSummaryController.java:95)
09-22 22:39:46.095 W/SelectableSubscriptions( 4134): at java.lang.reflect.Method.invoke(Native Method)
09-22 22:39:46.095 W/SelectableSubscriptions( 4134): at androidx.lifecycle.ClassesInfoCache$MethodReference.invokeCallback(ClassesInfoCache.java:216)
09-22 22:39:46.095 W/SelectableSubscriptions( 4134): at androidx.lifecycle.ClassesInfoCache$CallbackInfo.invokeMethodsForEvent(ClassesInfoCache.java:194)
09-22 22:39:46.095 W/SelectableSubscriptions( 4134): at androidx.lifecycle.ClassesInfoCache$CallbackInfo.invokeCallbacks(ClassesInfoCache.java:185)
09-22 22:39:46.095 W/SelectableSubscriptions( 4134): at androidx.lifecycle.ReflectiveGenericLifecycleObserver.onStateChanged(ReflectiveGenericLifecycleObserver.java:37)
09-22 22:39:46.095 W/SelectableSubscriptions( 4134): at androidx.lifecycle.LifecycleRegistry$ObserverWithState.dispatchEvent(LifecycleRegistry.java:354)
09-22 22:39:46.095 W/SelectableSubscriptions( 4134): at androidx.lifecycle.LifecycleRegistry.forwardPass(LifecycleRegistry.java:265)
09-22 22:39:46.095 W/SelectableSubscriptions( 4134): at androidx.lifecycle.LifecycleRegistry.sync(LifecycleRegistry.java:307)
09-22 22:39:46.095 W/SelectableSubscriptions( 4134): at androidx.lifecycle.LifecycleRegistry.moveToState(LifecycleRegistry.java:148)
09-22 22:39:46.095 W/SelectableSubscriptions( 4134): at androidx.lifecycle.LifecycleRegistry.handleLifecycleEvent(LifecycleRegistry.java:134)
09-22 22:39:46.095 W/SelectableSubscriptions( 4134): at com.android.settingslib.core.lifecycle.ObservablePreferenceFragment.onResume(ObservablePreferenceFragment.java:87)
09-22 22:39:46.095 W/SelectableSubscriptions( 4134): at com.android.settings.core.InstrumentedPreferenceFragment.onResume(InstrumentedPreferenceFragment.java:77)
09-22 22:39:46.095 W/SelectableSubscriptions( 4134): at com.android.settings.SettingsPreferenceFragment.onResume(SettingsPreferenceFragment.java:198)
09-22 22:39:46.095 W/SelectableSubscriptions( 4134): at com.android.settings.dashboard.DashboardFragment.onResume(DashboardFragment.java:218)
09-22 22:39:46.095 W/SelectableSubscriptions( 4134): at androidx.fragment.app.Fragment.performResume(Fragment.java:3029)
09-22 22:39:46.095 W/SelectableSubscriptions( 4134): at androidx.fragment.app.FragmentStateManager.resume(FragmentStateManager.java:583)
09-22 22:39:46.095 W/SelectableSubscriptions( 4134): at androidx.fragment.app.FragmentStateManager.moveToExpectedState(FragmentStateManager.java:282)
09-22 22:39:46.095 W/SelectableSubscriptions( 4134): at androidx.fragment.app.SpecialEffectsController$FragmentStateManagerOperation.complete(SpecialEffectsController.java:742)
09-22 22:39:46.095 W/SelectableSubscriptions( 4134): at androidx.fragment.app.SpecialEffectsController$Operation.completeSpecialEffect(SpecialEffectsController.java:669)
09-22 22:39:46.095 W/SelectableSubscriptions( 4134): at androidx.fragment.app.DefaultSpecialEffectsController$SpecialEffectsInfo.completeSpecialEffect(DefaultSpecialEffectsController.java:755)
09-22 22:39:46.095 W/SelectableSubscriptions( 4134): at androidx.fragment.app.DefaultSpecialEffectsController.startAnimations(DefaultSpecialEffectsController.java:147)
09-22 22:39:46.095 W/SelectableSubscriptions( 4134): at androidx.fragment.app.DefaultSpecialEffectsController.executeOperations(DefaultSpecialEffectsController.java:120)
09-22 22:39:46.095 W/SelectableSubscriptions( 4134): at androidx.fragment.app.SpecialEffectsController.executePendingOperations(SpecialEffectsController.java:294)
09-22 22:39:46.095 W/SelectableSubscriptions( 4134): at androidx.fragment.app.FragmentManager.executeOpsTogether(FragmentManager.java:2222)
09-22 22:39:46.095 W/SelectableSubscriptions( 4134): at androidx.fragment.app.FragmentManager.removeRedundantOperationsAndExecute(FragmentManager.java:2120)
09-22 22:39:46.095 W/SelectableSubscriptions( 4134): at androidx.fragment.app.FragmentManager.execPendingActions(FragmentManager.java:2022)
09-22 22:39:46.095 W/SelectableSubscriptions( 4134): at androidx.fragment.app.FragmentManager$5.run(FragmentManager.java:527)
09-22 22:39:46.095 W/SelectableSubscriptions( 4134): at android.os.Handler.handleCallback(Handler.java:938)
09-22 22:39:46.095 W/SelectableSubscriptions( 4134): at android.os.Handler.dispatchMessage(Handler.java:99)
09-22 22:39:46.095 W/SelectableSubscriptions( 4134): at android.os.Looper.loopOnce(Looper.java:201)
09-22 22:39:46.095 W/SelectableSubscriptions( 4134): at android.os.Looper.loop(Looper.java:288)
09-22 22:39:46.095 W/SelectableSubscriptions( 4134): at android.app.ActivityThread.main(ActivityThread.java:7880)
09-22 22:39:46.095 W/SelectableSubscriptions( 4134): at java.lang.reflect.Method.invoke(Native Method)
09-22 22:39:46.095 W/SelectableSubscriptions( 4134): at com.android.internal.os.RuntimeInit$MethodAndArgsCaller.run(RuntimeInit.java:548)
09-22 22:39:46.095 W/SelectableSubscriptions( 4134): at com.android.internal.os.ZygoteInit.main(ZygoteInit.java:1009)
09-22 22:39:46.095 D/MobileNetworkSummaryStatus( 4134): network summary query ignored
09-22 22:39:46.096 D/SubscriptionsChangeListener( 4134): Start
09-22 22:39:46.096 D/TelephonyRegistry( 1496): listen oscl: mHasNotifySubscriptionInfoChangedOccurred==false no callback
09-22 22:39:46.098 D/ConnectivityService( 1496): NetReassign [no changes]
09-22 22:39:46.103 E/DisplayDeviceConfig( 1496): requesting nits when no mapping exists.
09-22 22:39:46.104 E/DisplayDeviceConfig( 1496): requesting nits when no mapping exists.
09-22 22:39:46.104 I/am_wtf ( 1496): [0,1496,system_server,-1,DisplayDeviceConfig,requesting nits when no mapping exists.]
09-22 22:39:46.105 I/sysui_multi_action( 4134): [757,1729,758,4,854,isParalleledControllers:false,1089,66]
09-22 22:39:46.105 I/am_wtf ( 1496): [0,1496,system_server,-1,DisplayDeviceConfig,requesting nits when no mapping exists.]
09-22 22:39:46.106 I/sysui_multi_action( 4134): [757,35,758,2,1089,217]
09-22 22:39:46.109 D/PrefCtrlListHelper( 4134): Could not find Context-only controller for pref: com.android.settings.network.TopLevelNetworkEntryPreferenceController
09-22 22:39:46.109 D/PrefCtrlListHelper( 4134): Could not find Context-only controller for pref: com.android.settings.connecteddevice.TopLevelConnectedDevicesPreferenceController
09-22 22:39:46.109 D/PrefCtrlListHelper( 4134): Could not find Context-only controller for pref: com.android.settings.fuelgauge.TopLevelBatteryPreferenceController
09-22 22:39:46.110 D/PrefCtrlListHelper( 4134): Could not find Context-only controller for pref: com.android.settings.deviceinfo.TopLevelStoragePreferenceController
09-22 22:39:46.110 D/PrefCtrlListHelper( 4134): Could not find Context-only controller for pref: com.android.settings.display.TopLevelDisplayPreferenceController
09-22 22:39:46.110 D/PrefCtrlListHelper( 4134): Could not find Context-only controller for pref: com.android.settings.display.TopLevelWallpaperPreferenceController
09-22 22:39:46.110 D/PrefCtrlListHelper( 4134): Could not find Context-only controller for pref: com.android.settings.accessibility.TopLevelAccessibilityPreferenceController
09-22 22:39:46.110 D/PrefCtrlListHelper( 4134): Could not find Context-only controller for pref: com.android.settings.security.TopLevelSecurityEntryPreferenceController
09-22 22:39:46.110 D/PrefCtrlListHelper( 4134): Could not find Context-only controller for pref: com.android.settings.location.TopLevelLocationPreferenceController
09-22 22:39:46.110 D/PrefCtrlListHelper( 4134): Could not find Context-only controller for pref: com.android.settings.accounts.TopLevelAccountEntryPreferenceController
09-22 22:39:46.110 D/PrefCtrlListHelper( 4134): Could not find Context-only controller for pref: com.android.settings.deviceinfo.aboutphone.TopLevelAboutDevicePreferenceController
09-22 22:39:46.110 D/PrefCtrlListHelper( 4134): Could not find Context-only controller for pref: com.android.settings.support.SupportPreferenceController
09-22 22:39:46.112 E/UserRestrictionsUtils( 1496): Unknown restriction queried by uid 1000 (com.android.inputdevices et al): null
09-22 22:39:46.114 W/InstrumentedPrefFrag( 4134): Screen title missing for fragment com.android.settings.homepage.TopLevelSettings
09-22 22:39:46.114 D/TopLevelSettings( 4134): NO dashboard tiles for TopLevelSettings
09-22 22:39:46.114 D/TopLevelSettings( 4134): All preferences added, reporting fully drawn
09-22 22:39:46.118 E/DisplayDeviceConfig( 1496): requesting nits when no mapping exists.
09-22 22:39:46.118 E/DisplayDeviceConfig( 1496): requesting nits when no mapping exists.
09-22 22:39:46.119 I/am_wtf ( 1496): [0,1496,system_server,-1,DisplayDeviceConfig,requesting nits when no mapping exists.]
09-22 22:39:46.119 I/am_wtf ( 1496): [0,1496,system_server,-1,DisplayDeviceConfig,requesting nits when no mapping exists.]
09-22 22:39:46.126 W/BatteryBroadcastRcvr( 4134): Problem reading the battery meter.
09-22 22:39:46.131 I/sysui_multi_action( 4134): [757,35,758,1,833,0,1089,24]
09-22 22:39:46.133 I/sysui_multi_action( 4134): [757,1729,758,4,854,isParalleledControllers:false,1089,25]
09-22 22:39:46.135 D/Sogou ( 2628): onUnbindInput finish
09-22 22:39:46.137 E/DisplayDeviceConfig( 1496): requesting nits when no mapping exists.
09-22 22:39:46.137 E/DisplayDeviceConfig( 1496): requesting nits when no mapping exists.
09-22 22:39:46.137 I/am_wtf ( 1496): [0,1496,system_server,-1,DisplayDeviceConfig,requesting nits when no mapping exists.]
09-22 22:39:46.138 I/am_wtf ( 1496): [0,1496,system_server,-1,DisplayDeviceConfig,requesting nits when no mapping exists.]
09-22 22:39:46.138 D/BatteryInfo( 4134): time for getStats: 0ms
09-22 22:39:46.139 D/BatteryInfo( 4134): time for regular BatteryInfo: 1ms
09-22 22:39:46.140 D/BatteryInfo( 4134): time for getBatteryInfo: 1ms
09-22 22:39:46.142 D/BatteryTipLoader( 4134): BatteryInfoLoader post query: 0ms
09-22 22:39:46.142 D/BatteryInfo( 4134): time for getBatteryInfo: 0ms
09-22 22:39:46.142 D/BatteryTipLoader( 4134): BatteryInfoLoader.loadInBackground: 0ms
09-22 22:39:46.143 D/Sogou ( 2628): onFinishInput:
09-22 22:39:46.151 E/DisplayDeviceConfig( 1496): requesting nits when no mapping exists.
09-22 22:39:46.152 E/DisplayDeviceConfig( 1496): requesting nits when no mapping exists.
09-22 22:39:46.152 I/am_wtf ( 1496): [0,1496,system_server,-1,DisplayDeviceConfig,requesting nits when no mapping exists.]
09-22 22:39:46.152 I/am_wtf ( 1496): [0,1496,system_server,-1,DisplayDeviceConfig,requesting nits when no mapping exists.]
09-22 22:39:46.169 E/DisplayDeviceConfig( 1496): requesting nits when no mapping exists.
09-22 22:39:46.169 E/DisplayDeviceConfig( 1496): requesting nits when no mapping exists.
09-22 22:39:46.170 I/am_wtf ( 1496): [0,1496,system_server,-1,DisplayDeviceConfig,requesting nits when no mapping exists.]
09-22 22:39:46.172 I/am_wtf ( 1496): [0,1496,system_server,-1,DisplayDeviceConfig,requesting nits when no mapping exists.]
09-22 22:39:46.187 E/DisplayDeviceConfig( 1496): requesting nits when no mapping exists.
09-22 22:39:46.188 E/DisplayDeviceConfig( 1496): requesting nits when no mapping exists.
09-22 22:39:46.189 I/am_wtf ( 1496): [0,1496,system_server,-1,DisplayDeviceConfig,requesting nits when no mapping exists.]
09-22 22:39:46.193 I/am_wtf ( 1496): [0,1496,system_server,-1,DisplayDeviceConfig,requesting nits when no mapping exists.]
09-22 22:39:46.202 E/DisplayDeviceConfig( 1496): requesting nits when no mapping exists.
09-22 22:39:46.202 E/DisplayDeviceConfig( 1496): requesting nits when no mapping exists.
09-22 22:39:46.202 I/am_wtf ( 1496): [0,1496,system_server,-1,DisplayDeviceConfig,requesting nits when no mapping exists.]
09-22 22:39:46.203 I/am_wtf ( 1496): [0,1496,system_server,-1,DisplayDeviceConfig,requesting nits when no mapping exists.]
09-22 22:39:46.211 D/BluetoothPan( 4134): Proxy object connected
09-22 22:39:46.213 D/BluetoothPan( 4134): Proxy object connected
09-22 22:39:46.214 W/BatteryBroadcastRcvr( 4134): Problem reading the battery meter.
09-22 22:39:46.214 D/BatteryInfo( 4134): time for callback: 0ms
09-22 22:39:46.226 E/DisplayDeviceConfig( 1496): requesting nits when no mapping exists.
09-22 22:39:46.226 D/BatteryInfo( 4134): time for getStats: 0ms
09-22 22:39:46.227 E/DisplayDeviceConfig( 1496): requesting nits when no mapping exists.
09-22 22:39:46.227 I/am_wtf ( 1496): [0,1496,system_server,-1,DisplayDeviceConfig,requesting nits when no mapping exists.]
09-22 22:39:46.227 D/BatteryInfo( 4134): time for regular BatteryInfo: 1ms
09-22 22:39:46.228 I/am_wtf ( 1496): [0,1496,system_server,-1,DisplayDeviceConfig,requesting nits when no mapping exists.]
09-22 22:39:46.228 D/BatteryInfo( 4134): time for getBatteryInfo: 1ms
09-22 22:39:46.229 D/BatteryTipLoader( 4134): BatteryInfoLoader post query: 1ms
