09-22 22:27:06.085 I/sysui_multi_action( 1811): [757,0,758,1,759,0,927,3,928,0,1593,0]
09-22 22:27:06.085 I/sysui_multi_action( 1811): [757,1706,758,1,759,1706,927,4,928,0,1593,0]
09-22 22:27:06.085 I/sysui_multi_action( 1811): [757,491,758,1,759,491,927,5,928,0,1311,-1,1593,0]
09-22 22:27:06.085 I/sysui_multi_action( 1811): [757,0,758,1,759,0,927,6,928,0,1593,0]
09-22 22:27:06.085 I/sysui_multi_action( 1811): [757,111,758,1]
09-22 22:27:06.085 I/sysui_multi_action( 1811): [757,126,758,1,759,126,927,0,928,0,1593,0]
09-22 22:27:06.085 I/sysui_multi_action( 1811): [757,113,758,1,759,113,927,1,928,1,1593,0]
09-22 22:27:06.085 I/sysui_multi_action( 1811): [757,0,758,1,759,0,927,2,928,0,1593,0]
09-22 22:27:06.085 I/sysui_multi_action( 1811): [757,0,758,1,759,0,927,3,928,0,1593,0]
09-22 22:27:06.099 I/notification_enqueue( 1496): [10081,1811,com.android.systemui,2048,NULL,0,Notification(channel=updateNotification shortcut=null contentView=null vibrate=null sound=null defaults=0x0 flags=0x0 color=0x00000000 vis=PRIVATE),1]
09-22 22:27:06.100 I/sysui_multi_action( 1811): [757,111,758,2]
09-22 22:27:06.100 I/sysui_multi_action( 1811): [757,111,758,2]
09-22 22:27:06.105 I/sysui_multi_action( 1811): [757,111,758,1]
09-22 22:27:06.105 I/sysui_multi_action( 1811): [757,126,758,1,759,126,927,0,928,0,1593,0]
09-22 22:27:06.105 I/sysui_multi_action( 1811): [757,113,758,1,759,113,927,1,928,1,1593,0]
09-22 22:27:06.105 I/sysui_multi_action( 1811): [757,0,758,1,759,0,927,2,928,0,1593,0]
09-22 22:27:06.105 I/sysui_multi_action( 1811): [757,0,758,1,759,0,927,3,928,0,1593,0]
09-22 22:27:06.105 I/sysui_multi_action( 1811): [757,1706,758,1,759,1706,927,4,928,0,1593,0]
09-22 22:27:06.105 I/sysui_multi_action( 1811): [757,491,758,1,759,491,927,5,928,0,1311,-1,1593,0]
09-22 22:27:06.105 I/sysui_multi_action( 1811): [757,0,758,1,759,0,927,6,928,0,1593,0]
09-22 22:27:06.105 I/sysui_multi_action( 1811): [757,111,758,1]
09-22 22:27:06.106 I/sysui_multi_action( 1811): [757,126,758,1,759,126,927,0,928,0,1593,0]
09-22 22:27:06.106 I/sysui_multi_action( 1811): [757,113,758,1,759,113,927,1,928,1,1593,0]
09-22 22:27:06.106 I/sysui_multi_action( 1811): [757,0,758,1,759,0,927,2,928,0,1593,0]
09-22 22:27:06.106 I/sysui_multi_action( 1811): [757,0,758,1,759,0,927,3,928,0,1593,0]
09-22 22:27:06.123 I/notification_enqueue( 1496): [10081,1811,com.android.systemui,2048,NULL,0,Notification(channel=updateNotification shortcut=null contentView=null vibrate=null sound=null defaults=0x0 flags=0x0 color=0x00000000 vis=PRIVATE),1]
09-22 22:27:06.124 I/sysui_multi_action( 1811): [757,111,758,2]
09-22 22:27:06.124 I/sysui_multi_action( 1811): [757,111,758,2]
09-22 22:27:06.129 I/sysui_multi_action( 1811): [757,111,758,1]
09-22 22:27:06.129 I/sysui_multi_action( 1811): [757,126,758,1,759,126,927,0,928,0,1593,0]
09-22 22:27:06.129 I/sysui_multi_action( 1811): [757,113,758,1,759,113,927,1,928,1,1593,0]
09-22 22:27:06.129 I/sysui_multi_action( 1811): [757,0,758,1,759,0,927,2,928,0,1593,0]
09-22 22:27:06.129 I/sysui_multi_action( 1811): [757,0,758,1,759,0,927,3,928,0,1593,0]
09-22 22:27:06.129 I/sysui_multi_action( 1811): [757,1706,758,1,759,1706,927,4,928,0,1593,0]
09-22 22:27:06.131 I/sysui_multi_action( 1811): [757,491,758,1,759,491,927,5,928,0,1311,-1,1593,0]
09-22 22:27:06.131 I/sysui_multi_action( 1811): [757,0,758,1,759,0,927,6,928,0,1593,0]
09-22 22:27:06.131 I/sysui_multi_action( 1811): [757,111,758,1]
09-22 22:27:06.131 I/sysui_multi_action( 1811): [757,126,758,1,759,126,927,0,928,0,1593,0]
09-22 22:27:06.131 I/sysui_multi_action( 1811): [757,113,758,1,759,113,927,1,928,1,1593,0]
09-22 22:27:06.131 I/sysui_multi_action( 1811): [757,0,758,1,759,0,927,2,928,0,1593,0]
09-22 22:27:06.131 I/sysui_multi_action( 1811): [757,0,758,1,759,0,927,3,928,0,1593,0]
09-22 22:27:06.341 I/sysui_multi_action( 1496): [757,128,758,1,793,20451,794,0,795,20451,796,26,798,0,806,android,857,DEVELOPER_IMPORTANT,858,4,947,0,1395,2,1500,19924,1688,1]
09-22 22:27:06.341 I/sysui_multi_action( 1496): [757,804,799,note_freshness,801,20451,802,1]
09-22 22:27:06.342 I/notification_visibility( 1496): [-1|android|26|null|1000,1,20451,20451,0,0]
09-22 22:27:06.342 I/sysui_multi_action( 1496): [757,128,758,1,793,21281,794,0,795,21281,796,32,798,1,806,android,857,USB,858,1,947,0,1395,2,1500,21033,1688,1]
09-22 22:27:06.342 I/sysui_multi_action( 1496): [757,804,799,note_freshness,801,21281,802,1]
09-22 22:27:06.342 I/notification_visibility( 1496): [-1|android|32|null|1000,1,21281,21281,0,1]
09-22 22:27:06.908 I/am_pss ( 1496): [2558,10066,com.android.deskclock,9909248,6615040,0,102817792,0,19,9]
09-22 22:27:06.917 I/am_pss ( 1496): [2942,10085,com.qualcomm.qtil.aptxui,7442432,5668864,0,92135424,0,19,7]
09-22 22:27:06.925 I/am_pss ( 1496): [2904,10080,com.qualcomm.location.XT,6544384,4571136,0,94322688,0,6,7]
09-22 22:27:06.932 I/am_pss ( 1496): [2825,1000,com.android.keychain,8119296,6262784,0,93732864,0,19,6]
09-22 22:27:06.939 I/am_pss ( 1496): [2207,10094,android.ext.services,10018816,5791744,0,105549824,0,5,6]
09-22 22:27:06.946 I/am_pss ( 1496): [2628,10027,com.sohu.inputmethod.sogou.car,26389504,9408512,0,94150656,0,7,6]
09-22 22:27:07.034 I/am_pss ( 1496): [3052,10031,com.android.traceur,10341376,8396800,0,97832960,0,19,8]
09-22 22:27:07.098 I/input_interaction( 1496): Interaction with: c147ec4 NotificationShade (server), edge-swipe (server), swipe-up (server), PointerEventDispatcher0 (server),
09-22 22:27:07.171 I/am_pss ( 1496): [3177,1000,com.qti.diagservices,6066176,3788800,0,94953472,0,10,7]
09-22 22:27:07.269 I/am_pss ( 1496): [3213,10068,com.android.calendar,6744064,4911104,0,92319744,0,19,8]
09-22 22:27:07.436 I/am_pss ( 1496): [3253,1000,com.android.dynsystem,5530624,3653632,0,90386432,0,19,7]
09-22 22:27:07.447 I/notification_enqueue( 1496): [10081,1811,com.android.systemui,2048,NULL,0,Notification(channel=updateNotification shortcut=null contentView=null vibrate=null sound=null defaults=0x0 flags=0x0 color=0x00000000 vis=PRIVATE),1]
09-22 22:27:07.447 I/sysui_multi_action( 1811): [757,111,758,2]
09-22 22:27:07.448 I/sysui_multi_action( 1811): [757,111,758,2]
09-22 22:27:07.456 I/sysui_multi_action( 1811): [757,111,758,1]
09-22 22:27:07.456 I/sysui_multi_action( 1811): [757,126,758,1,759,126,927,0,928,0,1593,1]
09-22 22:27:07.456 I/sysui_multi_action( 1811): [757,113,758,1,759,113,927,1,928,1,1593,1]
09-22 22:27:07.456 I/sysui_multi_action( 1811): [757,0,758,1,759,0,927,2,928,0,1593,1]
09-22 22:27:07.456 I/sysui_multi_action( 1811): [757,0,758,1,759,0,927,3,928,0,1593,1]
09-22 22:27:07.456 I/sysui_multi_action( 1811): [757,1706,758,1,759,1706,927,4,928,0,1593,0]
09-22 22:27:07.456 I/sysui_multi_action( 1811): [757,491,758,1,759,491,927,5,928,0,1311,-1,1593,0]
09-22 22:27:07.456 I/sysui_multi_action( 1811): [757,0,758,1,759,0,927,6,928,0,1593,0]
09-22 22:27:07.456 I/sysui_multi_action( 1811): [757,111,758,1]
09-22 22:27:07.456 I/sysui_multi_action( 1811): [757,126,758,1,759,126,927,0,928,0,1593,1]
09-22 22:27:07.456 I/sysui_multi_action( 1811): [757,113,758,1,759,113,927,1,928,1,1593,1]
09-22 22:27:07.456 I/sysui_multi_action( 1811): [757,0,758,1,759,0,927,2,928,0,1593,1]
09-22 22:27:07.456 I/sysui_multi_action( 1811): [757,0,758,1,759,0,927,3,928,0,1593,1]
09-22 22:27:07.475 I/sysui_multi_action( 1811): [757,111,758,2]
09-22 22:27:07.475 I/notification_enqueue( 1496): [10081,1811,com.android.systemui,2048,NULL,0,Notification(channel=updateNotification shortcut=null contentView=null vibrate=null sound=null defaults=0x0 flags=0x0 color=0x00000000 vis=PRIVATE),1]
09-22 22:27:07.475 I/sysui_multi_action( 1811): [757,111,758,2]
09-22 22:27:07.481 I/sysui_multi_action( 1811): [757,111,758,1]
09-22 22:27:07.481 I/sysui_multi_action( 1811): [757,126,758,1,759,126,927,0,928,0,1593,1]
09-22 22:27:07.481 I/sysui_multi_action( 1811): [757,113,758,1,759,113,927,1,928,1,1593,1]
09-22 22:27:07.481 I/sysui_multi_action( 1811): [757,0,758,1,759,0,927,2,928,0,1593,1]
09-22 22:27:07.481 I/sysui_multi_action( 1811): [757,0,758,1,759,0,927,3,928,0,1593,1]
09-22 22:27:07.481 I/sysui_multi_action( 1811): [757,1706,758,1,759,1706,927,4,928,0,1593,1]
09-22 22:27:07.482 I/sysui_multi_action( 1811): [757,491,758,1,759,491,927,5,928,0,1311,-1,1593,0]
09-22 22:27:07.482 I/sysui_multi_action( 1811): [757,0,758,1,759,0,927,6,928,0,1593,0]
09-22 22:27:07.482 I/sysui_multi_action( 1811): [757,111,758,1]
09-22 22:27:07.482 I/sysui_multi_action( 1811): [757,126,758,1,759,126,927,0,928,0,1593,1]
09-22 22:27:07.482 I/sysui_multi_action( 1811): [757,113,758,1,759,113,927,1,928,1,1593,1]
09-22 22:27:07.482 I/sysui_multi_action( 1811): [757,0,758,1,759,0,927,2,928,0,1593,1]
09-22 22:27:07.482 I/sysui_multi_action( 1811): [757,0,758,1,759,0,927,3,928,0,1593,1]
09-22 22:27:07.501 I/notification_enqueue( 1496): [10081,1811,com.android.systemui,2048,NULL,0,Notification(channel=updateNotification shortcut=null contentView=null vibrate=null sound=null defaults=0x0 flags=0x0 color=0x00000000 vis=PRIVATE),1]
09-22 22:27:07.501 I/sysui_multi_action( 1811): [757,111,758,2]
09-22 22:27:07.501 I/sysui_multi_action( 1811): [757,111,758,2]
09-22 22:27:07.507 I/sysui_multi_action( 1811): [757,111,758,1]
09-22 22:27:07.507 I/sysui_multi_action( 1811): [757,126,758,1,759,126,927,0,928,0,1593,1]
09-22 22:27:07.507 I/sysui_multi_action( 1811): [757,113,758,1,759,113,927,1,928,1,1593,1]
09-22 22:27:07.507 I/sysui_multi_action( 1811): [757,0,758,1,759,0,927,2,928,0,1593,1]
09-22 22:27:07.507 I/sysui_multi_action( 1811): [757,0,758,1,759,0,927,3,928,0,1593,1]
09-22 22:27:07.507 I/sysui_multi_action( 1811): [757,1706,758,1,759,1706,927,4,928,0,1593,1]
09-22 22:27:07.507 I/sysui_multi_action( 1811): [757,491,758,1,759,491,927,5,928,0,1311,-1,1593,0]
09-22 22:27:07.507 I/sysui_multi_action( 1811): [757,0,758,1,759,0,927,6,928,0,1593,0]
09-22 22:27:07.507 I/sysui_multi_action( 1811): [757,111,758,1]
09-22 22:27:07.507 I/sysui_multi_action( 1811): [757,126,758,1,759,126,927,0,928,0,1593,1]
09-22 22:27:07.507 I/sysui_multi_action( 1811): [757,113,758,1,759,113,927,1,928,1,1593,1]
09-22 22:27:07.508 I/sysui_multi_action( 1811): [757,0,758,1,759,0,927,2,928,0,1593,1]
09-22 22:27:07.508 I/sysui_multi_action( 1811): [757,0,758,1,759,0,927,3,928,0,1593,1]
09-22 22:27:07.526 I/sysui_multi_action( 1811): [757,111,758,2]
09-22 22:27:07.526 I/notification_enqueue( 1496): [10081,1811,com.android.systemui,2048,NULL,0,Notification(channel=updateNotification shortcut=null contentView=null vibrate=null sound=null defaults=0x0 flags=0x0 color=0x00000000 vis=PRIVATE),1]
09-22 22:27:07.526 I/sysui_multi_action( 1811): [757,111,758,2]
09-22 22:27:07.532 I/sysui_multi_action( 1811): [757,111,758,1]
09-22 22:27:07.532 I/sysui_multi_action( 1811): [757,126,758,1,759,126,927,0,928,0,1593,0]
09-22 22:27:07.532 I/sysui_multi_action( 1811): [757,113,758,1,759,113,927,1,928,1,1593,0]
09-22 22:27:07.532 I/sysui_multi_action( 1811): [757,0,758,1,759,0,927,2,928,0,1593,0]
09-22 22:27:07.532 I/sysui_multi_action( 1811): [757,0,758,1,759,0,927,3,928,0,1593,0]
09-22 22:27:07.532 I/sysui_multi_action( 1811): [757,1706,758,1,759,1706,927,4,928,0,1593,0]
09-22 22:27:07.532 I/sysui_multi_action( 1811): [757,491,758,1,759,491,927,5,928,0,1311,-1,1593,0]
09-22 22:27:07.532 I/sysui_multi_action( 1811): [757,0,758,1,759,0,927,6,928,0,1593,0]
09-22 22:27:07.532 I/sysui_multi_action( 1811): [757,111,758,1]
09-22 22:27:07.532 I/sysui_multi_action( 1811): [757,126,758,1,759,126,927,0,928,0,1593,1]
09-22 22:27:07.532 I/sysui_multi_action( 1811): [757,113,758,1,759,113,927,1,928,1,1593,1]
09-22 22:27:07.532 I/sysui_multi_action( 1811): [757,0,758,1,759,0,927,2,928,0,1593,1]
09-22 22:27:07.532 I/sysui_multi_action( 1811): [757,0,758,1,759,0,927,3,928,0,1593,1]
09-22 22:27:07.550 I/sysui_multi_action( 1811): [757,111,758,2]
09-22 22:27:07.550 I/notification_enqueue( 1496): [10081,1811,com.android.systemui,2048,NULL,0,Notification(channel=updateNotification shortcut=null contentView=null vibrate=null sound=null defaults=0x0 flags=0x0 color=0x00000000 vis=PRIVATE),1]
09-22 22:27:07.550 I/sysui_multi_action( 1811): [757,111,758,2]
09-22 22:27:07.555 I/sysui_multi_action( 1811): [757,111,758,1]
09-22 22:27:07.556 I/sysui_multi_action( 1811): [757,126,758,1,759,126,927,0,928,0,1593,1]
09-22 22:27:07.556 I/sysui_multi_action( 1811): [757,113,758,1,759,113,927,1,928,1,1593,1]
09-22 22:27:07.556 I/sysui_multi_action( 1811): [757,0,758,1,759,0,927,2,928,0,1593,1]
09-22 22:27:07.556 I/sysui_multi_action( 1811): [757,0,758,1,759,0,927,3,928,0,1593,1]
09-22 22:27:07.556 I/sysui_multi_action( 1811): [757,1706,758,1,759,1706,927,4,928,0,1593,0]
09-22 22:27:07.556 I/am_pss ( 1496): [3292,10034,com.android.managedprovisioning,9019392,7155712,0,94945280,0,19,5]
09-22 22:27:07.556 I/sysui_multi_action( 1811): [757,491,758,1,759,491,927,5,928,0,1311,-1,1593,0]
09-22 22:27:07.556 I/sysui_multi_action( 1811): [757,0,758,1,759,0,927,6,928,0,1593,0]
09-22 22:27:07.556 I/sysui_multi_action( 1811): [757,111,758,1]
09-22 22:27:07.556 I/sysui_multi_action( 1811): [757,126,758,1,759,126,927,0,928,0,1593,1]
09-22 22:27:07.556 I/sysui_multi_action( 1811): [757,113,758,1,759,113,927,1,928,1,1593,1]
09-22 22:27:07.556 I/sysui_multi_action( 1811): [757,0,758,1,759,0,927,2,928,0,1593,1]
09-22 22:27:07.556 I/sysui_multi_action( 1811): [757,0,758,1,759,0,927,3,928,0,1593,1]
09-22 22:27:07.564 I/am_pss ( 1496): [3271,1000,com.android.dynsystem:dynsystem,5858304,3846144,0,91299840,0,19,6]
09-22 22:27:07.574 I/sysui_multi_action( 1811): [757,111,758,2]
09-22 22:27:07.574 I/notification_enqueue( 1496): [10081,1811,com.android.systemui,2048,NULL,0,Notification(channel=updateNotification shortcut=null contentView=null vibrate=null sound=null defaults=0x0 flags=0x0 color=0x00000000 vis=PRIVATE),1]
09-22 22:27:07.574 I/sysui_multi_action( 1811): [757,111,758,2]
09-22 22:27:07.580 I/sysui_multi_action( 1811): [757,111,758,1]
09-22 22:27:07.580 I/sysui_multi_action( 1811): [757,126,758,1,759,126,927,0,928,0,1593,1]
09-22 22:27:07.580 I/sysui_multi_action( 1811): [757,113,758,1,759,113,927,1,928,1,1593,1]
09-22 22:27:07.580 I/sysui_multi_action( 1811): [757,0,758,1,759,0,927,2,928,0,1593,1]
09-22 22:27:07.580 I/sysui_multi_action( 1811): [757,0,758,1,759,0,927,3,928,0,1593,1]
09-22 22:27:07.580 I/sysui_multi_action( 1811): [757,1706,758,1,759,1706,927,4,928,0,1593,1]
09-22 22:27:07.581 I/sysui_multi_action( 1811): [757,491,758,1,759,491,927,5,928,0,1311,-1,1593,0]
09-22 22:27:07.581 I/sysui_multi_action( 1811): [757,0,758,1,759,0,927,6,928,0,1593,0]
09-22 22:27:07.581 I/sysui_multi_action( 1811): [757,111,758,1]
09-22 22:27:07.581 I/sysui_multi_action( 1811): [757,126,758,1,759,126,927,0,928,0,1593,1]
09-22 22:27:07.581 I/sysui_multi_action( 1811): [757,113,758,1,759,113,927,1,928,1,1593,1]
09-22 22:27:07.581 I/sysui_multi_action( 1811): [757,0,758,1,759,0,927,2,928,0,1593,1]
09-22 22:27:07.581 I/sysui_multi_action( 1811): [757,0,758,1,759,0,927,3,928,0,1593,1]
09-22 22:27:07.597 I/sysui_multi_action( 1811): [757,111,758,2]
09-22 22:27:07.597 I/notification_enqueue( 1496): [10081,1811,com.android.systemui,2048,NULL,0,Notification(channel=updateNotification shortcut=null contentView=null vibrate=null sound=null defaults=0x0 flags=0x0 color=0x00000000 vis=PRIVATE),1]
09-22 22:27:07.597 I/sysui_multi_action( 1811): [757,111,758,2]
09-22 22:27:07.602 I/sysui_multi_action( 1811): [757,111,758,1]
09-22 22:27:07.602 I/sysui_multi_action( 1811): [757,126,758,1,759,126,927,0,928,0,1593,1]
09-22 22:27:07.603 I/sysui_multi_action( 1811): [757,113,758,1,759,113,927,1,928,1,1593,1]
09-22 22:27:07.603 I/sysui_multi_action( 1811): [757,0,758,1,759,0,927,2,928,0,1593,1]
09-22 22:27:07.603 I/sysui_multi_action( 1811): [757,0,758,1,759,0,927,3,928,0,1593,1]
09-22 22:27:07.603 I/sysui_multi_action( 1811): [757,1706,758,1,759,1706,927,4,928,0,1593,1]
09-22 22:27:07.603 I/sysui_multi_action( 1811): [757,491,758,1,759,491,927,5,928,0,1311,-1,1593,0]
09-22 22:27:07.603 I/sysui_multi_action( 1811): [757,0,758,1,759,0,927,6,928,0,1593,0]
09-22 22:27:07.603 I/sysui_multi_action( 1811): [757,111,758,1]
09-22 22:27:07.603 I/sysui_multi_action( 1811): [757,126,758,1,759,126,927,0,928,0,1593,1]
09-22 22:27:07.603 I/sysui_multi_action( 1811): [757,113,758,1,759,113,927,1,928,1,1593,1]
09-22 22:27:07.603 I/sysui_multi_action( 1811): [757,0,758,1,759,0,927,2,928,0,1593,1]
09-22 22:27:07.603 I/sysui_multi_action( 1811): [757,0,758,1,759,0,927,3,928,0,1593,1]
09-22 22:27:07.623 I/notification_enqueue( 1496): [10081,1811,com.android.systemui,2048,NULL,0,Notification(channel=updateNotification shortcut=null contentView=null vibrate=null sound=null defaults=0x0 flags=0x0 color=0x00000000 vis=PRIVATE),1]
09-22 22:27:07.623 I/sysui_multi_action( 1811): [757,111,758,2]
09-22 22:27:07.623 I/sysui_multi_action( 1811): [757,111,758,2]
09-22 22:27:07.628 I/sysui_multi_action( 1811): [757,111,758,1]
09-22 22:27:07.628 I/sysui_multi_action( 1811): [757,126,758,1,759,126,927,0,928,0,1593,1]
09-22 22:27:07.628 I/sysui_multi_action( 1811): [757,113,758,1,759,113,927,1,928,1,1593,1]
09-22 22:27:07.628 I/sysui_multi_action( 1811): [757,0,758,1,759,0,927,2,928,0,1593,1]
09-22 22:27:07.628 I/sysui_multi_action( 1811): [757,0,758,1,759,0,927,3,928,0,1593,1]
09-22 22:27:07.628 I/sysui_multi_action( 1811): [757,1706,758,1,759,1706,927,4,928,0,1593,0]
09-22 22:27:07.629 I/sysui_multi_action( 1811): [757,491,758,1,759,491,927,5,928,0,1311,-1,1593,0]
09-22 22:27:07.629 I/sysui_multi_action( 1811): [757,0,758,1,759,0,927,6,928,0,1593,0]
09-22 22:27:07.629 I/sysui_multi_action( 1811): [757,111,758,1]
09-22 22:27:07.629 I/sysui_multi_action( 1811): [757,126,758,1,759,126,927,0,928,0,1593,1]
09-22 22:27:07.629 I/sysui_multi_action( 1811): [757,113,758,1,759,113,927,1,928,1,1593,1]
09-22 22:27:07.629 I/sysui_multi_action( 1811): [757,0,758,1,759,0,927,2,928,0,1593,1]
09-22 22:27:07.629 I/sysui_multi_action( 1811): [757,0,758,1,759,0,927,3,928,0,1593,1]
09-22 22:27:07.635 I/am_pss ( 1496): [3308,10057,com.android.onetimeinitializer,5330944,3489792,0,90890240,0,19,5]
09-22 22:27:07.644 I/notification_enqueue( 1496): [10081,1811,com.android.systemui,2048,NULL,0,Notification(channel=updateNotification shortcut=null contentView=null vibrate=null sound=null defaults=0x0 flags=0x0 color=0x00000000 vis=PRIVATE),1]
09-22 22:27:07.645 I/sysui_multi_action( 1811): [757,111,758,2]
09-22 22:27:07.645 I/sysui_multi_action( 1811): [757,111,758,2]
09-22 22:27:07.649 I/sysui_multi_action( 1496): [757,1501,758,1,793,14724,794,0,795,203,796,2048,806,com.android.systemui,857,updateNotification,858,3,947,0,1500,0,1688,1]
09-22 22:27:07.650 I/sysui_multi_action( 1496): [757,804,799,note_interruptive,801,0,802,1]
09-22 22:27:07.650 I/sysui_multi_action( 1496): [757,199,758,1,759,2,793,14725,794,0,795,204,796,2048,806,com.android.systemui,857,updateNotification,858,3,947,0,1500,1,1688,1]
09-22 22:27:07.650 I/notification_alert( 1496): [0|com.android.systemui|2048|null|10081,0,1,0]
09-22 22:27:07.650 I/sysui_multi_action( 1811): [757,111,758,1]
09-22 22:27:07.650 I/sysui_multi_action( 1811): [757,126,758,1,759,126,927,0,928,0,1593,1]
09-22 22:27:07.650 I/sysui_multi_action( 1811): [757,113,758,1,759,113,927,1,928,1,1593,1]
09-22 22:27:07.650 I/sysui_multi_action( 1811): [757,0,758,1,759,0,927,2,928,0,1593,1]
09-22 22:27:07.650 I/sysui_multi_action( 1811): [757,0,758,1,759,0,927,3,928,0,1593,1]
09-22 22:27:07.650 I/sysui_multi_action( 1811): [757,1706,758,1,759,1706,927,4,928,0,1593,1]
09-22 22:27:07.650 I/sysui_multi_action( 1811): [757,491,758,1,759,491,927,5,928,0,1311,-1,1593,0]
09-22 22:27:07.650 I/sysui_multi_action( 1811): [757,0,758,1,759,0,927,6,928,0,1593,0]
09-22 22:27:07.650 I/sysui_multi_action( 1811): [757,111,758,1]
09-22 22:27:07.650 I/sysui_multi_action( 1811): [757,126,758,1,759,126,927,0,928,0,1593,1]
09-22 22:27:07.650 I/sysui_multi_action( 1811): [757,113,758,1,759,113,927,1,928,1,1593,1]
09-22 22:27:07.650 I/sysui_multi_action( 1811): [757,0,758,1,759,0,927,2,928,0,1593,1]
09-22 22:27:07.651 I/sysui_multi_action( 1811): [757,0,758,1,759,0,927,3,928,0,1593,1]
09-22 22:27:07.667 I/notification_enqueue( 1496): [10081,1811,com.android.systemui,2048,NULL,0,Notification(channel=updateNotification shortcut=null contentView=null vibrate=null sound=null defaults=0x0 flags=0x0 color=0x00000000 vis=PRIVATE),1]
09-22 22:27:07.667 I/sysui_multi_action( 1811): [757,111,758,2]
09-22 22:27:07.667 I/sysui_multi_action( 1811): [757,111,758,2]
09-22 22:27:07.672 I/sysui_multi_action( 1811): [757,111,758,1]
09-22 22:27:07.672 I/sysui_multi_action( 1811): [757,126,758,1,759,126,927,0,928,0,1593,1]
09-22 22:27:07.673 I/sysui_multi_action( 1811): [757,113,758,1,759,113,927,1,928,1,1593,1]
09-22 22:27:07.673 I/sysui_multi_action( 1811): [757,0,758,1,759,0,927,2,928,0,1593,1]
09-22 22:27:07.673 I/sysui_multi_action( 1811): [757,0,758,1,759,0,927,3,928,0,1593,1]
09-22 22:27:07.673 I/sysui_multi_action( 1811): [757,1706,758,1,759,1706,927,4,928,0,1593,1]
09-22 22:27:07.673 I/sysui_multi_action( 1811): [757,491,758,1,759,491,927,5,928,0,1311,-1,1593,0]
09-22 22:27:07.673 I/sysui_multi_action( 1811): [757,0,758,1,759,0,927,6,928,0,1593,0]
09-22 22:27:07.673 I/sysui_multi_action( 1811): [757,111,758,1]
09-22 22:27:07.673 I/sysui_multi_action( 1811): [757,126,758,1,759,126,927,0,928,0,1593,1]
09-22 22:27:07.673 I/sysui_multi_action( 1811): [757,113,758,1,759,113,927,1,928,1,1593,1]
09-22 22:27:07.673 I/sysui_multi_action( 1811): [757,0,758,1,759,0,927,2,928,0,1593,1]
09-22 22:27:07.673 I/sysui_multi_action( 1811): [757,0,758,1,759,0,927,3,928,0,1593,1]
09-22 22:27:07.689 I/notification_enqueue( 1496): [10081,1811,com.android.systemui,2048,NULL,0,Notification(channel=updateNotification shortcut=null contentView=null vibrate=null sound=null defaults=0x0 flags=0x0 color=0x00000000 vis=PRIVATE),1]
09-22 22:27:07.690 I/sysui_multi_action( 1811): [757,111,758,2]
09-22 22:27:07.690 I/sysui_multi_action( 1811): [757,111,758,2]
09-22 22:27:07.695 I/sysui_multi_action( 1811): [757,111,758,1]
09-22 22:27:07.695 I/sysui_multi_action( 1811): [757,126,758,1,759,126,927,0,928,0,1593,1]
09-22 22:27:07.695 I/sysui_multi_action( 1811): [757,113,758,1,759,113,927,1,928,1,1593,1]
09-22 22:27:07.695 I/sysui_multi_action( 1811): [757,0,758,1,759,0,927,2,928,0,1593,1]
09-22 22:27:07.695 I/sysui_multi_action( 1811): [757,0,758,1,759,0,927,3,928,0,1593,1]
09-22 22:27:07.695 I/sysui_multi_action( 1811): [757,1706,758,1,759,1706,927,4,928,0,1593,1]
09-22 22:27:07.696 I/sysui_multi_action( 1811): [757,491,758,1,759,491,927,5,928,0,1311,-1,1593,0]
09-22 22:27:07.696 I/sysui_multi_action( 1811): [757,0,758,1,759,0,927,6,928,0,1593,0]
09-22 22:27:07.696 I/sysui_multi_action( 1811): [757,111,758,1]
09-22 22:27:07.696 I/sysui_multi_action( 1811): [757,126,758,1,759,126,927,0,928,0,1593,1]
09-22 22:27:07.696 I/sysui_multi_action( 1811): [757,113,758,1,759,113,927,1,928,1,1593,1]
09-22 22:27:07.696 I/sysui_multi_action( 1811): [757,0,758,1,759,0,927,2,928,0,1593,1]
09-22 22:27:07.696 I/sysui_multi_action( 1811): [757,0,758,1,759,0,927,3,928,0,1593,1]
09-22 22:27:07.716 I/sysui_multi_action( 1811): [757,111,758,2]
09-22 22:27:07.716 I/notification_enqueue( 1496): [10081,1811,com.android.systemui,2048,NULL,0,Notification(channel=updateNotification shortcut=null contentView=null vibrate=null sound=null defaults=0x0 flags=0x0 color=0x00000000 vis=PRIVATE),1]
09-22 22:27:07.717 I/sysui_multi_action( 1811): [757,111,758,2]
09-22 22:27:07.721 I/sysui_multi_action( 1811): [757,111,758,1]
09-22 22:27:07.721 I/sysui_multi_action( 1811): [757,126,758,1,759,126,927,0,928,0,1593,1]
09-22 22:27:07.721 I/sysui_multi_action( 1811): [757,113,758,1,759,113,927,1,928,1,1593,1]
09-22 22:27:07.721 I/sysui_multi_action( 1811): [757,0,758,1,759,0,927,2,928,0,1593,1]
09-22 22:27:07.722 I/sysui_multi_action( 1811): [757,0,758,1,759,0,927,3,928,0,1593,1]
09-22 22:27:07.722 I/sysui_multi_action( 1811): [757,1706,758,1,759,1706,927,4,928,0,1593,1]
09-22 22:27:07.722 I/sysui_multi_action( 1811): [757,491,758,1,759,491,927,5,928,0,1311,-1,1593,0]
09-22 22:27:07.722 I/sysui_multi_action( 1811): [757,0,758,1,759,0,927,6,928,0,1593,0]
09-22 22:27:07.722 I/sysui_multi_action( 1811): [757,111,758,1]
09-22 22:27:07.722 I/sysui_multi_action( 1811): [757,126,758,1,759,126,927,0,928,0,1593,1]
09-22 22:27:07.722 I/sysui_multi_action( 1811): [757,113,758,1,759,113,927,1,928,1,1593,1]
09-22 22:27:07.722 I/sysui_multi_action( 1811): [757,0,758,1,759,0,927,2,928,0,1593,1]
09-22 22:27:07.722 I/sysui_multi_action( 1811): [757,0,758,1,759,0,927,3,928,0,1593,1]
09-22 22:27:07.742 I/notification_enqueue( 1496): [10081,1811,com.android.systemui,2048,NULL,0,Notification(channel=updateNotification shortcut=null contentView=null vibrate=null sound=null defaults=0x0 flags=0x0 color=0x00000000 vis=PRIVATE),1]
09-22 22:27:07.742 I/sysui_multi_action( 1811): [757,111,758,2]
09-22 22:27:07.742 I/sysui_multi_action( 1811): [757,111,758,2]
09-22 22:27:07.747 I/sysui_multi_action( 1811): [757,111,758,1]
09-22 22:27:07.747 I/sysui_multi_action( 1811): [757,126,758,1,759,126,927,0,928,0,1593,1]
09-22 22:27:07.747 I/sysui_multi_action( 1811): [757,113,758,1,759,113,927,1,928,1,1593,1]
09-22 22:27:07.747 I/sysui_multi_action( 1811): [757,0,758,1,759,0,927,2,928,0,1593,1]
09-22 22:27:07.747 I/sysui_multi_action( 1811): [757,0,758,1,759,0,927,3,928,0,1593,1]
09-22 22:27:07.747 I/sysui_multi_action( 1811): [757,1706,758,1,759,1706,927,4,928,0,1593,1]
09-22 22:27:07.748 I/sysui_multi_action( 1811): [757,491,758,1,759,491,927,5,928,0,1311,-1,1593,0]
09-22 22:27:07.748 I/sysui_multi_action( 1811): [757,0,758,1,759,0,927,6,928,0,1593,0]
09-22 22:27:07.748 I/sysui_multi_action( 1811): [757,111,758,1]
09-22 22:27:07.748 I/sysui_multi_action( 1811): [757,126,758,1,759,126,927,0,928,0,1593,1]
09-22 22:27:07.748 I/sysui_multi_action( 1811): [757,113,758,1,759,113,927,1,928,1,1593,1]
09-22 22:27:07.748 I/sysui_multi_action( 1811): [757,0,758,1,759,0,927,2,928,0,1593,1]
09-22 22:27:07.748 I/sysui_multi_action( 1811): [757,0,758,1,759,0,927,3,928,0,1593,1]
09-22 22:27:07.765 I/sysui_multi_action( 1811): [757,111,758,2]
09-22 22:27:07.765 I/sysui_multi_action( 1811): [757,111,758,2]
09-22 22:27:07.765 I/notification_enqueue( 1496): [10081,1811,com.android.systemui,2048,NULL,0,Notification(channel=updateNotification shortcut=null contentView=null vibrate=null sound=null defaults=0x0 flags=0x0 color=0x00000000 vis=PRIVATE),1]
09-22 22:27:07.783 I/input_focus( 1496): [Focus request cdcb676 com.android.launcher3/com.android.launcher3.uioverrides.QuickstepLauncher,reason=UpdateInputWindows]
09-22 22:27:07.784 I/sysui_multi_action( 1811): [757,111,758,1]
09-22 22:27:07.784 I/sysui_multi_action( 1811): [757,126,758,1,759,126,927,0,928,0,1593,1]
09-22 22:27:07.784 I/sysui_multi_action( 1811): [757,113,758,1,759,113,927,1,928,1,1593,1]
09-22 22:27:07.784 I/sysui_multi_action( 1811): [757,0,758,1,759,0,927,2,928,0,1593,1]
09-22 22:27:07.784 I/sysui_multi_action( 1811): [757,0,758,1,759,0,927,3,928,0,1593,1]
09-22 22:27:07.784 I/sysui_multi_action( 1811): [757,1706,758,1,759,1706,927,4,928,0,1593,1]
09-22 22:27:07.784 I/sysui_multi_action( 1811): [757,491,758,1,759,491,927,5,928,0,1311,-1,1593,0]
09-22 22:27:07.784 I/sysui_multi_action( 1811): [757,0,758,1,759,0,927,6,928,0,1593,0]
09-22 22:27:07.784 I/sysui_multi_action( 1811): [757,111,758,1]
09-22 22:27:07.785 I/sysui_multi_action( 1811): [757,126,758,1,759,126,927,0,928,0,1593,1]
09-22 22:27:07.785 I/sysui_multi_action( 1811): [757,113,758,1,759,113,927,1,928,1,1593,1]
09-22 22:27:07.785 I/sysui_multi_action( 1811): [757,0,758,1,759,0,927,2,928,0,1593,1]
09-22 22:27:07.785 I/sysui_multi_action( 1811): [757,0,758,1,759,0,927,3,928,0,1593,1]
09-22 22:27:07.803 I/notification_enqueue( 1496): [10081,1811,com.android.systemui,2048,NULL,0,Notification(channel=updateNotification shortcut=null contentView=null vibrate=null sound=null defaults=0x0 flags=0x0 color=0x00000000 vis=PRIVATE),1]
09-22 22:27:07.804 I/sysui_multi_action( 1811): [757,111,758,2]
09-22 22:27:07.804 I/sysui_multi_action( 1811): [757,111,758,2]
09-22 22:27:07.807 I/sysui_multi_action( 1496): [757,128,758,2,793,21917,794,1466,795,21917,796,26,798,0,806,android,857,DEVELOPER_IMPORTANT,858,4,947,0,1395,2,1500,21390,1688,1]
09-22 22:27:07.807 I/notification_visibility( 1496): [-1|android|26|null|1000,0,21917,21917,0,0]
09-22 22:27:07.807 I/sysui_multi_action( 1496): [757,128,758,2,793,22746,794,1465,795,22746,796,32,798,1,806,android,857,USB,858,1,947,0,1395,2,1500,22498,1688,1]
09-22 22:27:07.808 I/notification_visibility( 1496): [-1|android|32|null|1000,0,22746,22746,0,1]
09-22 22:27:07.808 I/sysui_multi_action( 1496): [757,127,758,2]
09-22 22:27:07.808 I/notification_panel_hidden( 1496):
09-22 22:27:07.813 I/input_focus( 1496): [Focus leaving c147ec4 NotificationShade (server),reason=NOT_FOCUSABLE]
09-22 22:27:07.814 I/input_focus( 1496): [Focus entering cdcb676 com.android.launcher3/com.android.launcher3.uioverrides.QuickstepLauncher (server),reason=setFocusedWindow]
09-22 22:27:07.820 I/sysui_multi_action( 1811): [757,111,758,1]
09-22 22:27:07.820 I/sysui_multi_action( 1811): [757,126,758,1,759,126,927,0,928,0,1593,1]
09-22 22:27:07.820 I/sysui_multi_action( 1811): [757,113,758,1,759,113,927,1,928,1,1593,1]
09-22 22:27:07.820 I/sysui_multi_action( 1811): [757,0,758,1,759,0,927,2,928,0,1593,1]
09-22 22:27:07.820 I/sysui_multi_action( 1811): [757,0,758,1,759,0,927,3,928,0,1593,1]
09-22 22:27:07.820 I/sysui_multi_action( 1811): [757,1706,758,1,759,1706,927,4,928,0,1593,1]
09-22 22:27:07.821 I/sysui_multi_action( 1811): [757,491,758,1,759,491,927,5,928,0,1311,-1,1593,0]
09-22 22:27:07.821 I/sysui_multi_action( 1811): [757,0,758,1,759,0,927,6,928,0,1593,0]
09-22 22:27:07.821 I/sysui_multi_action( 1811): [757,111,758,1]
09-22 22:27:07.821 I/sysui_multi_action( 1811): [757,126,758,1,759,126,927,0,928,0,1593,1]
09-22 22:27:07.821 I/sysui_multi_action( 1811): [757,113,758,1,759,113,927,1,928,1,1593,1]
09-22 22:27:07.821 I/sysui_multi_action( 1811): [757,0,758,1,759,0,927,2,928,0,1593,1]
09-22 22:27:07.821 I/sysui_multi_action( 1811): [757,0,758,1,759,0,927,3,928,0,1593,1]
09-22 22:27:07.878 I/am_pss ( 1496): [3343,10092,com.android.permissioncontroller,11912192,9924608,0,99569664,0,19,7]
09-22 22:27:07.886 I/am_pss ( 1496): [3325,10022,com.android.packageinstaller,7264256,5496832,0,91725824,0,19,6]
09-22 22:27:08.327 I/input_interaction( 1496): Interaction with: cdcb676 com.android.launcher3/com.android.launcher3.uioverrides.QuickstepLauncher (server), 23a4ae6 com.android.systemui.ImageWallpaper (server), edge-swipe (server), swipe-up (server), PointerEventDispatcher0 (server),
09-22 22:27:08.722 I/am_pss ( 1496): [3398,1001,com.android.phone,7840768,5607424,0,94265344,0,19,7]
09-22 22:27:08.730 I/am_pss ( 1496): [3381,2000,com.android.shell,6140928,4243456,0,92700672,0,19,7]
09-22 22:27:08.845 I/am_pss ( 1496): [3449,10055,com.qualcomm.qti.qms.service.connectionsecurity,18609152,4337664,0,77684736,0,19,6]
09-22 22:27:14.125 I/am_pss ( 1496): [2390,10076,com.android.launcher3,93710336,77156352,0,227966976,0,2,12]
09-22 22:27:29.659 I/netstats_mobile_sample( 1496): [0,0,0,0,0,0,0,0,0,0,0,0,1663856849658]
09-22 22:27:29.659 I/netstats_wifi_sample( 1496): [0,0,0,0,0,0,0,0,0,0,0,0,1663856849658]
09-22 22:27:29.663 I/am_pss ( 1496): [2390,10076,com.android.launcher3,93710336,77156352,0,227966976,0,2,11]
09-22 22:27:29.675 I/am_pss ( 1496): [2197,1000,com.android.settings,48564224,34779136,0,179326976,0,15,11]
09-22 22:27:29.685 I/am_pss ( 1496): [1810,1002,com.android.bluetooth,29319168,22646784,0,142151680,0,0,8]
09-22 22:27:29.692 I/am_pss ( 1496): [2789,10093,com.android.providers.media.module,16769024,12652544,0,121352192,0,0,6]
09-22 22:27:29.697 I/am_pss ( 1496): [2904,10080,com.qualcomm.location.XT,6544384,4571136,0,94322688,0,6,5]
09-22 22:27:29.703 I/am_pss ( 1496): [2774,10073,com.qualcomm.location,10019840,7282688,0,103014400,0,0,5]
09-22 22:27:29.708 I/am_pss ( 1496): [2628,10027,com.sohu.inputmethod.sogou.car,26388480,9408512,0,94150656,0,7,5]
09-22 22:27:29.715 I/am_pss ( 1496): [1973,1001,.dataservices,7968768,6021120,0,94711808,0,0,6]
09-22 22:27:29.722 I/am_pss ( 1496): [1883,1073,com.android.networkstack.process,10817536,8167424,0,104886272,0,0,7]
09-22 22:27:29.736 I/am_pss ( 1496): [1811,10081,com.android.systemui,97957888,74076160,0,260259840,0,0,12]
09-22 22:27:29.755 I/am_pss ( 1496): [1496,1000,system,224459776,128010240,0,550746112,0,0,18]
09-22 22:27:44.461 I/service_manager_stats( 1496): [100,62,56180]
09-22 22:27:48.739 I/wm_task_moved( 1496): [20,1,6]
09-22 22:27:48.739 I/wm_task_to_front( 1496): [0,20]
09-22 22:27:48.742 I/wm_focused_root_task( 1496): [0,0,20,1,bringingFoundTaskToFront]
09-22 22:27:48.743 I/wm_set_resumed_activity( 1496): [0,com.android.settings/.Settings,bringingFoundTaskToFront]
09-22 22:27:48.743 I/wm_new_intent( 1496): [0,250673815,20,com.android.settings/.Settings,android.intent.action.MAIN,NULL,NULL,270532608]
09-22 22:27:48.745 I/wm_pause_activity( 1496): [0,261001500,com.android.launcher3/.uioverrides.QuickstepLauncher,userLeaving=true,pauseBackTasks]
09-22 22:27:48.751 I/wm_on_top_resumed_lost_called( 2390): [261001500,com.android.launcher3.uioverrides.QuickstepLauncher,topStateChangedWhenResumed]
09-22 22:27:48.752 I/wm_on_paused_called( 2390): [261001500,com.android.launcher3.uioverrides.QuickstepLauncher,performPause]
09-22 22:27:48.754 I/wm_set_resumed_activity( 1496): [0,com.android.settings/.Settings,resumeTopActivityInnerLocked]
09-22 22:27:48.754 I/wm_add_to_stopping( 1496): [0,261001500,com.android.launcher3/.uioverrides.QuickstepLauncher,makeInvisible]
09-22 22:27:48.755 I/wm_resume_activity( 1496): [0,250673815,20,com.android.settings/.Settings]
09-22 22:27:48.760 I/sysui_multi_action( 1496): [757,803,799,window_time_0,802,48]
09-22 22:27:48.767 I/wm_on_restart_called( 2197): [250673815,com.android.settings.Settings,performRestartActivity]
09-22 22:27:48.772 I/am_pss ( 1496): [2330,10088,com.qualcomm.qti.qccauthmgr,6497280,4341760,0,96325632,0,19,5]
09-22 22:27:48.778 I/wm_on_start_called( 2197): [250673815,com.android.settings.Settings,handleStartActivity]
09-22 22:27:48.779 I/snet_event_log( 2197): [120484087,-1,]
09-22 22:27:48.779 I/wm_on_resume_called( 2197): [250673815,com.android.settings.Settings,RESUME_ACTIVITY]
09-22 22:27:48.780 I/input_focus( 1496): [Focus leaving cdcb676 com.android.launcher3/com.android.launcher3.uioverrides.QuickstepLauncher (server),reason=NO_WINDOW]
09-22 22:27:48.788 I/sysui_multi_action( 2197): [757,746,758,1,833,0,1089,0]
09-22 22:27:48.789 D/TelephonyRegistry( 1496): listen oscl: mHasNotifySubscriptionInfoChangedOccurred==false no callback
09-22 22:27:48.790 I/am_pss ( 1496): [3567,10052,com.qualcomm.qti.qms.service.trustzoneaccess,5823488,3796992,0,92504064,0,19,5]
09-22 22:27:48.791 D/TelephonyRegistry( 1496): listen oscl: mHasNotifySubscriptionInfoChangedOccurred==false no callback
09-22 22:27:48.799 I/sysui_multi_action( 2197): [757,35,758,1,833,0,1089,0]
09-22 22:27:48.800 I/am_pss ( 1496): [3360,10030,com.android.providers.calendar,7418880,5128192,0,98897920,0,19,7]
09-22 22:27:48.800 I/wm_on_top_resumed_gained_called( 2197): [250673815,com.android.settings.Settings,topWhenResuming]
09-22 22:27:48.805 I/input_focus( 1496): [Focus request 9eef4e4 com.android.settings/com.android.settings.Settings,reason=UpdateInputWindows]
09-22 22:27:48.807 I/am_pss ( 1496): [3504,1000,com.android.localtransport,5588992,3768320,0,90750976,0,19,5]
09-22 22:27:48.814 I/am_pss ( 1496): [2829,10026,android.process.media,10099712,7778304,0,101765120,0,19,6]
09-22 22:27:48.820 I/sysui_multi_action( 1496): [319,33,321,30,322,78,325,75,757,761,758,9,759,4,806,com.android.settings,871,com.android.settings.Settings,904,com.android.launcher3,905,0,1320,4,1321,1]
09-22 22:27:48.821 I/am_pss ( 1496): [3467,10018,com.android.externalstorage,5758976,3850240,0,92626944,0,19,6]
09-22 22:27:48.828 I/input_focus( 1496): [Focus entering 9eef4e4 com.android.settings/com.android.settings.Settings (server),reason=setFocusedWindow]
09-22 22:27:48.829 I/am_pss ( 1496): [2558,10066,com.android.deskclock,9906176,6615040,0,102817792,0,19,6]
09-22 22:27:48.835 I/am_pss ( 1496): [2942,10085,com.qualcomm.qtil.aptxui,7442432,5668864,0,92135424,0,19,6]
09-22 22:27:48.840 I/am_pss ( 1496): [3449,10055,com.qualcomm.qti.qms.service.connectionsecurity,18608128,4337664,0,77684736,0,19,4]
09-22 22:27:48.847 I/am_pss ( 1496): [3398,1001,com.android.phone,7840768,5607424,0,94265344,0,19,5]
09-22 22:27:48.853 I/am_pss ( 1496): [3381,2000,com.android.shell,6139904,4243456,0,92700672,0,19,6]
09-22 22:27:48.860 I/am_pss ( 1496): [3325,10022,com.android.packageinstaller,7264256,5496832,0,91725824,0,19,5]
09-22 22:27:48.866 I/am_pss ( 1496): [3308,10057,com.android.onetimeinitializer,5330944,3489792,0,90890240,0,19,5]
09-22 22:27:48.873 I/am_pss ( 1496): [3292,10034,com.android.managedprovisioning,9019392,7155712,0,94945280,0,19,5]
09-22 22:27:48.879 I/am_pss ( 1496): [3271,1000,com.android.dynsystem:dynsystem,5857280,3846144,0,91299840,0,19,6]
09-22 22:27:48.885 I/am_pss ( 1496): [3253,1000,com.android.dynsystem,5530624,3653632,0,90386432,0,19,5]
09-22 22:27:48.891 I/am_pss ( 1496): [3213,10068,com.android.calendar,6742016,4911104,0,92319744,0,19,5]
09-22 22:27:48.898 I/am_pss ( 1496): [3023,10020,android.process.acore,13314048,9367552,0,116989952,0,19,6]
09-22 22:27:48.905 I/am_pss ( 1496): [3177,1000,com.qti.diagservices,6066176,3788800,0,94953472,0,10,6]
09-22 22:27:48.910 I/am_pss ( 1496): [3052,10031,com.android.traceur,10341376,8396800,0,97832960,0,19,5]
09-22 22:27:48.917 I/am_pss ( 1496): [2825,1000,com.android.keychain,8118272,6262784,0,93732864,0,19,6]
09-22 22:27:48.923 I/am_pss ( 1496): [2773,10082,com.qualcomm.qti.workloadclassifier,8545280,6696960,0,94289920,0,0,6]
09-22 22:27:48.929 I/am_pss ( 1496): [2749,10086,com.qualcomm.qti.qccnetstat,6122496,4255744,0,92012544,0,0,5]
09-22 22:27:48.936 I/am_pss ( 1496): [2718,10072,com.qualcomm.qti.services.systemhelper:systemhelper_service,6448128,4460544,0,94576640,0,0,6]
09-22 22:27:48.941 I/am_pss ( 1496): [2684,10053,.pasr,5465088,3665920,0,90271744,0,0,5]
09-22 22:27:48.948 I/am_pss ( 1496): [2661,10056,ts.car.uart,6246400,4448256,0,91291648,0,0,5]
09-22 22:27:48.954 I/am_pss ( 1496): [3154,10061,com.qualcomm.qti.devicestatisticsservice,5383168,3579904,0,89837568,0,0,6]
09-22 22:27:48.961 I/am_pss ( 1496): [2157,1000,com.qualcomm.qti.qdma,9762816,6553600,0,105476096,0,0,6]
09-22 22:27:48.967 I/am_pss ( 1496): [2130,1000,com.thundercomm.remotecontrolservice,9292800,6852608,0,100831232,0,0,5]
09-22 22:27:48.973 I/am_pss ( 1496): [2114,1068,com.android.se,5885952,4009984,0,92454912,0,0,5]
09-22 22:27:48.978 I/am_pss ( 1496): [2051,10084,com.qti.qualcomm.mstatssystemservice,5511168,3710976,0,90456064,0,0,4]
09-22 22:27:48.984 I/am_pss ( 1496): [2020,1000,vendor.qti.qesdk.sysservice,5594112,3731456,0,91377664,0,0,6]
09-22 22:27:48.989 I/am_pss ( 1496): [1976,10050,.qtidataservices,5951488,4108288,0,92282880,0,0,5]
09-22 22:27:48.995 I/am_pss ( 1496): [1951,1000,com.thundercomm.microsettings,35298304,31842304,0,128942080,0,0,6]
09-22 22:27:49.002 I/am_pss ( 1496): [1944,1000,com.thundercomm.microservice,8906752,7036928,0,95006720,0,0,6]
09-22 22:27:49.325 I/wm_stop_activity( 1496): [0,261001500,com.android.launcher3/.uioverrides.QuickstepLauncher]
09-22 22:27:49.346 I/wm_on_stop_called( 2390): [261001500,com.android.launcher3.uioverrides.QuickstepLauncher,STOP_ACTIVITY_ITEM]
09-22 22:27:51.256 I/input_interaction( 1496): Interaction with: 9eef4e4 com.android.settings/com.android.settings.Settings (server), edge-swipe (server), swipe-up (server), PointerEventDispatcher0 (server),
09-22 22:27:52.218 I/wm_task_moved( 1496): [1,0,0]
09-22 22:27:52.218 I/wm_task_moved( 1496): [1,0,5]
09-22 22:27:52.236 I/wm_on_restart_called( 2390): [261001500,com.android.launcher3.uioverrides.QuickstepLauncher,performRestartActivity]
09-22 22:27:52.267 I/wm_on_start_called( 2390): [261001500,com.android.launcher3.uioverrides.QuickstepLauncher,handleStartActivity]
09-22 22:27:52.269 I/view_enqueue_input_event( 2197): [Motion - Cancel,com.android.settings/com.android.settings.Settings]
09-22 22:27:52.272 I/input_focus( 1496): [Focus request recents_animation_input_consumer,reason=UpdateInputWindows]
09-22 22:27:52.279 I/input_interaction( 1496): Interaction with: edge-swipe (server), swipe-up (server), PointerEventDispatcher0 (server),
09-22 22:27:52.281 I/sysui_latency( 2390): [1,93]
09-22 22:27:52.286 I/input_focus( 1496): [Focus leaving 9eef4e4 com.android.settings/com.android.settings.Settings (server),reason=NOT_FOCUSABLE]
09-22 22:27:52.286 I/input_focus( 1496): [Focus entering recents_animation_input_consumer (server),reason=setFocusedWindow]
09-22 22:27:52.295 I/sysui_multi_action( 1496): [319,11,322,71,325,79,757,761,758,9,759,5,806,com.android.launcher3,871,com.android.launcher3.uioverrides.QuickstepLauncher,905,0,1320,4,1321,1]
09-22 22:27:52.590 I/sysui_latency( 1496): [8,92]
09-22 22:27:53.173 I/am_uid_idle( 1496): 10020
09-22 22:27:55.384 I/input_interaction( 1496): Interaction with: cdcb676 com.android.launcher3/com.android.launcher3.uioverrides.QuickstepLauncher (server), edge-swipe (server), swipe-up (server), PointerEventDispatcher0 (server),
09-22 22:27:56.266 I/sysui_multi_action( 1496): [757,803,799,window_time_0,802,8]
09-22 22:27:58.037 I/sysui_multi_action( 1496): [757,803,799,window_time_0,802,2]
09-22 22:27:58.830 I/wm_task_moved( 1496): [1,1,6]
09-22 22:27:58.831 I/wm_focused_root_task( 1496): [0,0,1,20,RecentsAnimation.onAnimationFinished()]
09-22 22:27:58.831 I/wm_on_top_resumed_lost_called( 2197): [250673815,com.android.settings.Settings,topStateChangedWhenResumed]
09-22 22:27:58.833 I/wm_pause_activity( 1496): [0,250673815,com.android.settings/.Settings,userLeaving=false,pauseBackTasks]
09-22 22:27:58.837 I/wm_set_resumed_activity( 1496): [0,com.android.launcher3/.uioverrides.QuickstepLauncher,resumeTopActivityInnerLocked]
09-22 22:27:58.838 I/wm_resume_activity( 1496): [0,261001500,19,com.android.launcher3/.uioverrides.QuickstepLauncher]
09-22 22:27:58.839 I/wm_add_to_stopping( 1496): [0,250673815,com.android.settings/.Settings,makeInvisible]
09-22 22:27:58.841 I/wm_on_resume_called( 2390): [261001500,com.android.launcher3.uioverrides.QuickstepLauncher,RESUME_ACTIVITY]
09-22 22:27:58.851 I/input_focus( 1496): [Focus request cdcb676 com.android.launcher3/com.android.launcher3.uioverrides.QuickstepLauncher,reason=UpdateInputWindows]
09-22 22:27:58.852 I/sysui_multi_action( 1496): [757,803,799,window_time_0,802,0]
09-22 22:27:58.858 I/wm_stop_activity( 1496): [0,250673815,com.android.settings/.Settings]
09-22 22:27:58.859 I/sysui_multi_action( 1496): [757,803,799,window_time_0,802,0]
09-22 22:27:58.864 I/wm_on_top_resumed_gained_called( 2390): [261001500,com.android.launcher3.uioverrides.QuickstepLauncher,topStateChangedWhenResumed]
09-22 22:27:58.864 I/sysui_multi_action( 2197): [757,746,758,2,1089,10076]
09-22 22:27:58.869 I/input_focus( 1496): [Focus leaving recents_animation_input_consumer (server),reason=NOT_VISIBLE]
09-22 22:27:58.871 I/input_focus( 1496): [Focus entering cdcb676 com.android.launcher3/com.android.launcher3.uioverrides.QuickstepLauncher (server),reason=setFocusedWindow]
09-22 22:27:58.879 I/sysui_multi_action( 2197): [757,35,758,2,1089,10079]
09-22 22:27:58.880 I/wm_on_paused_called( 2197): [250673815,com.android.settings.Settings,performPause]
09-22 22:27:58.891 I/wm_on_stop_called( 2197): [250673815,com.android.settings.Settings,STOP_ACTIVITY_ITEM]
09-22 22:27:58.954 I/wm_finish_activity( 1496): [0,250673815,20,com.android.settings/.Settings,recent-task-trimmed]
09-22 22:27:58.955 I/wm_destroy_activity( 1496): [0,250673815,20,com.android.settings/.Settings,finish-imm:finishIfPossible]
09-22 22:27:58.958 I/am_kill ( 1496): [0,2197,com.android.settings,905,remove task]
09-22 22:27:58.960 I/sysui_multi_action( 1496): [757,803,799,window_time_0,802,1]
09-22 22:27:59.001 I/am_proc_died( 1496): [0,2197,com.android.settings,905,19]
09-22 22:27:59.006 I/wm_task_removed( 1496): [20,removeChild:removeChild last r=ActivityRecord{ef0fa97 u0 com.android.settings/.Settings t-1 f}} in t=Task{e702a69 #20 type=standard A=1000:com.android.settings.root U=0 visible=false mode=fullscreen translucent=true sz=0}]
09-22 22:27:59.006 I/wm_task_removed( 1496): [20,removeChild]
09-22 22:27:59.809 I/input_interaction( 1496): Interaction with: cdcb676 com.android.launcher3/com.android.launcher3.uioverrides.QuickstepLauncher (server), 23a4ae6 com.android.systemui.ImageWallpaper (server), edge-swipe (server), swipe-up (server), PointerEventDispatcher0 (server),
09-22 22:28:01.419 I/wm_task_created( 1496): [21,-1]
09-22 22:28:01.424 I/wm_task_moved( 1496): [21,1,6]
09-22 22:28:01.424 I/wm_task_to_front( 1496): [0,21]
09-22 22:28:01.425 I/wm_create_task( 1496): [0,21]
09-22 22:28:01.425 I/wm_create_activity( 1496): [0,70291832,21,com.android.settings/.Settings,android.intent.action.MAIN,NULL,NULL,270532608]
09-22 22:28:01.425 I/wm_task_moved( 1496): [21,1,6]
09-22 22:28:01.427 I/wm_pause_activity( 1496): [0,261001500,com.android.launcher3/.uioverrides.QuickstepLauncher,userLeaving=true,pauseBackTasks]
09-22 22:28:01.434 I/wm_on_top_resumed_lost_called( 2390): [261001500,com.android.launcher3.uioverrides.QuickstepLauncher,topStateChangedWhenResumed]
09-22 22:28:01.435 I/wm_on_paused_called( 2390): [261001500,com.android.launcher3.uioverrides.QuickstepLauncher,performPause]
09-22 22:28:01.439 I/wm_add_to_stopping( 1496): [0,261001500,com.android.launcher3/.uioverrides.QuickstepLauncher,makeInvisible]
09-22 22:28:01.447 I/am_proc_start( 1496): [0,3761,1000,com.android.settings,pre-top-activity,{com.android.settings/com.android.settings.Settings}]
09-22 22:28:01.451 I/sysui_multi_action( 1496): [757,803,799,window_time_0,802,2]
09-22 22:28:01.459 I/input_focus( 1496): [Focus leaving cdcb676 com.android.launcher3/com.android.launcher3.uioverrides.QuickstepLauncher (server),reason=NO_WINDOW]
09-22 22:28:01.466 I/am_pss ( 1496): [2789,10093,com.android.providers.media.module,16875520,12652544,0,121352192,0,0,6]
09-22 22:28:01.467 I/am_proc_bound( 1496): [0,3761,com.android.settings]
09-22 22:28:01.470 I/wm_restart_activity( 1496): [0,70291832,21,com.android.settings/.Settings]
09-22 22:28:01.471 I/wm_set_resumed_activity( 1496): [0,com.android.settings/.Settings,minimalResumeActivityLocked]
09-22 22:28:01.459 I/auditd ( 1180): type=1400 audit(0.0:237): avc: denied { read } for comm="traced_probes" name="format" dev="tracefs" ino=6405 scontext=u:r:traced_probes:s0 tcontext=u:object_r:debugfs_tracing_debug:s0 tclass=file permissive=0
09-22 22:28:01.459 I/auditd ( 1180): type=1400 audit(0.0:238): avc: denied { read } for comm="traced_probes" name="format" dev="tracefs" ino=6411 scontext=u:r:traced_probes:s0 tcontext=u:object_r:debugfs_tracing_debug:s0 tclass=file permissive=0
09-22 22:28:01.459 I/auditd ( 1180): type=1400 audit(0.0:239): avc: denied { read } for comm="traced_probes" name="format" dev="tracefs" ino=6423 scontext=u:r:traced_probes:s0 tcontext=u:object_r:debugfs_tracing_debug:s0 tclass=file permissive=0
09-22 22:28:01.459 I/auditd ( 1180): type=1400 audit(0.0:240): avc: denied { read } for comm="traced_probes" name="format" dev="tracefs" ino=6429 scontext=u:r:traced_probes:s0 tcontext=u:object_r:debugfs_tracing_debug:s0 tclass=file permissive=0
09-22 22:28:01.481 I/am_pss ( 1496): [2774,10073,com.qualcomm.location,10055680,7282688,0,103014400,0,0,6]
09-22 22:28:01.539 I/wm_on_create_called( 3761): [70291832,com.android.settings.Settings,performCreate]
09-22 22:28:01.569 I/wm_on_start_called( 3761): [70291832,com.android.settings.Settings,handleStartActivity]
09-22 22:28:01.570 I/snet_event_log( 3761): [120484087,-1,]
09-22 22:28:01.571 I/wm_on_resume_called( 3761): [70291832,com.android.settings.Settings,RESUME_ACTIVITY]
09-22 22:28:01.572 I/sysui_multi_action( 3761): [757,35,758,1,833,0,1089,31]
09-22 22:28:01.578 I/sysui_multi_action( 3761): [757,1729,758,4,854,isParalleledControllers:false,1089,38]
09-22 22:28:01.590 I/wm_on_top_resumed_gained_called( 3761): [70291832,com.android.settings.Settings,topStateChangedWhenResumed]
09-22 22:28:01.633 I/input_focus( 1496): [Focus request dcd3dee com.android.settings/com.android.settings.Settings,reason=UpdateInputWindows]
09-22 22:28:01.681 I/sysui_multi_action( 1496): [324,0,757,1090,758,12,806,com.android.settings,871,com.android.settings.Settings,1091,268]
09-22 22:28:01.690 I/sysui_multi_action( 1496): [319,66,321,64,322,268,325,88,757,761,758,7,759,1,806,com.android.settings,871,com.android.settings.Settings,904,com.android.launcher3,905,0,945,55,1320,4,1321,1]
09-22 22:28:01.693 I/wm_activity_launch_time( 1496): [0,70291832,com.android.settings/.Settings,268]
09-22 22:28:01.693 I/input_focus( 1496): [Focus entering dcd3dee com.android.settings/com.android.settings.Settings (server),reason=Window became focusable. Previous reason: NOT_VISIBLE]
09-22 22:28:01.720 W/CarrierConfigManager( 3761): Error getting config for subId -1 ICarrierConfigLoader is null
09-22 22:28:01.752 I/sysui_multi_action( 3761): [757,746,758,1,833,0,1089,44]
09-22 22:28:01.753 D/TelephonyRegistry( 1496): listen oscl: mHasNotifySubscriptionInfoChangedOccurred==false no callback
09-22 22:28:01.756 D/TelephonyRegistry( 1496): listen oscl: mHasNotifySubscriptionInfoChangedOccurred==false no callback
09-22 22:28:01.765 I/sysui_multi_action( 3761): [757,1729,758,4,854,isParalleledControllers:false,1089,57]
09-22 22:28:01.766 I/sysui_multi_action( 3761): [757,35,758,2,1089,194]
09-22 22:28:01.786 I/sysui_multi_action( 3761): [757,35,758,1,833,0,1089,19]
09-22 22:28:01.787 I/sysui_multi_action( 3761): [757,1729,758,4,854,isParalleledControllers:false,1089,20]
09-22 22:28:02.013 I/wm_stop_activity( 1496): [0,261001500,com.android.launcher3/.uioverrides.QuickstepLauncher]
