09-22 22:39:46.230 D/BatteryInfo( 4134): time for getBatteryInfo: 1ms
09-22 22:39:46.230 D/BatteryTipLoader( 4134): BatteryInfoLoader.loadInBackground: 2ms
09-22 22:39:46.235 E/DisplayDeviceConfig( 1496): requesting nits when no mapping exists.
09-22 22:39:46.235 E/DisplayDeviceConfig( 1496): requesting nits when no mapping exists.
09-22 22:39:46.235 I/am_wtf ( 1496): [0,1496,system_server,-1,DisplayDeviceConfig,requesting nits when no mapping exists.]
09-22 22:39:46.238 I/am_wtf ( 1496): [0,1496,system_server,-1,DisplayDeviceConfig,requesting nits when no mapping exists.]
09-22 22:39:46.245 D/BatteryInfo( 4134): time for callback: 0ms
09-22 22:39:46.252 E/DisplayDeviceConfig( 1496): requesting nits when no mapping exists.
09-22 22:39:46.253 E/DisplayDeviceConfig( 1496): requesting nits when no mapping exists.
09-22 22:39:46.253 I/am_wtf ( 1496): [0,1496,system_server,-1,DisplayDeviceConfig,requesting nits when no mapping exists.]
09-22 22:39:46.254 I/am_wtf ( 1496): [0,1496,system_server,-1,DisplayDeviceConfig,requesting nits when no mapping exists.]
09-22 22:39:46.269 E/DisplayDeviceConfig( 1496): requesting nits when no mapping exists.
09-22 22:39:46.270 E/DisplayDeviceConfig( 1496): requesting nits when no mapping exists.
09-22 22:39:46.271 I/am_wtf ( 1496): [0,1496,system_server,-1,DisplayDeviceConfig,requesting nits when no mapping exists.]
09-22 22:39:46.272 I/am_wtf ( 1496): [0,1496,system_server,-1,DisplayDeviceConfig,requesting nits when no mapping exists.]
09-22 22:39:46.288 E/DisplayDeviceConfig( 1496): requesting nits when no mapping exists.
09-22 22:39:46.288 E/DisplayDeviceConfig( 1496): requesting nits when no mapping exists.
09-22 22:39:46.289 I/am_wtf ( 1496): [0,1496,system_server,-1,DisplayDeviceConfig,requesting nits when no mapping exists.]
09-22 22:39:46.290 I/am_wtf ( 1496): [0,1496,system_server,-1,DisplayDeviceConfig,requesting nits when no mapping exists.]
09-22 22:39:46.302 E/DisplayDeviceConfig( 1496): requesting nits when no mapping exists.
09-22 22:39:46.302 E/DisplayDeviceConfig( 1496): requesting nits when no mapping exists.
09-22 22:39:46.302 I/am_wtf ( 1496): [0,1496,system_server,-1,DisplayDeviceConfig,requesting nits when no mapping exists.]
09-22 22:39:46.303 I/am_wtf ( 1496): [0,1496,system_server,-1,DisplayDeviceConfig,requesting nits when no mapping exists.]
09-22 22:39:46.319 E/DisplayDeviceConfig( 1496): requesting nits when no mapping exists.
09-22 22:39:46.319 E/DisplayDeviceConfig( 1496): requesting nits when no mapping exists.
09-22 22:39:46.320 I/am_wtf ( 1496): [0,1496,system_server,-1,DisplayDeviceConfig,requesting nits when no mapping exists.]
09-22 22:39:46.321 I/am_wtf ( 1496): [0,1496,system_server,-1,DisplayDeviceConfig,requesting nits when no mapping exists.]
09-22 22:39:46.335 E/DisplayDeviceConfig( 1496): requesting nits when no mapping exists.
09-22 22:39:46.335 I/am_wtf ( 1496): [0,1496,system_server,-1,DisplayDeviceConfig,requesting nits when no mapping exists.]
09-22 22:39:46.336 E/DisplayDeviceConfig( 1496): requesting nits when no mapping exists.
09-22 22:39:46.337 I/am_wtf ( 1496): [0,1496,system_server,-1,DisplayDeviceConfig,requesting nits when no mapping exists.]
09-22 22:39:46.343 I/wm_stop_activity( 1496): [0,261001500,com.android.launcher3/.uioverrides.QuickstepLauncher]
09-22 22:39:46.352 E/DisplayDeviceConfig( 1496): requesting nits when no mapping exists.
09-22 22:39:46.353 E/DisplayDeviceConfig( 1496): requesting nits when no mapping exists.
09-22 22:39:46.353 I/am_wtf ( 1496): [0,1496,system_server,-1,DisplayDeviceConfig,requesting nits when no mapping exists.]
09-22 22:39:46.360 I/am_wtf ( 1496): [0,1496,system_server,-1,DisplayDeviceConfig,requesting nits when no mapping exists.]
09-22 22:39:46.360 D/StateManager( 2390): goToState: Normal
09-22 22:39:46.361 I/wm_on_stop_called( 2390): [261001500,com.android.launcher3.uioverrides.QuickstepLauncher,STOP_ACTIVITY_ITEM]
09-22 22:39:46.368 E/DisplayDeviceConfig( 1496): requesting nits when no mapping exists.
09-22 22:39:46.369 I/am_wtf ( 1496): [0,1496,system_server,-1,DisplayDeviceConfig,requesting nits when no mapping exists.]
09-22 22:39:46.370 E/DisplayDeviceConfig( 1496): requesting nits when no mapping exists.
09-22 22:39:46.370 I/am_wtf ( 1496): [0,1496,system_server,-1,DisplayDeviceConfig,requesting nits when no mapping exists.]
09-22 22:39:46.378 I/system_server( 1496): Background concurrent copying GC freed 136649(10MB) AllocSpace objects, 13(404KB) LOS objects, 49% free, 11MB/22MB, paused 97us,92us total 108.436ms
09-22 22:39:46.382 W/System ( 1496): A resource failed to call release.
09-22 22:39:46.382 W/System ( 1496): A resource failed to call close.
09-22 22:39:46.382 W/System ( 1496): A resource failed to call close.
09-22 22:39:46.383 W/System ( 1496): A resource failed to call close.
09-22 22:39:46.388 E/DisplayDeviceConfig( 1496): requesting nits when no mapping exists.
09-22 22:39:46.392 I/am_wtf ( 1496): [0,1496,system_server,-1,DisplayDeviceConfig,requesting nits when no mapping exists.]
09-22 22:39:46.392 E/DisplayDeviceConfig( 1496): requesting nits when no mapping exists.
09-22 22:39:46.393 I/am_wtf ( 1496): [0,1496,system_server,-1,DisplayDeviceConfig,requesting nits when no mapping exists.]
09-22 22:39:46.394 W/InputManager-JNI( 1496): Input channel object 'b62a6d5 Splash Screen com.android.settings (client)' was disposed without first being removed with the input manager!
09-22 22:39:46.401 W/Choreographer( 1496): Frame time is 0.243535 ms in the future! Check that graphics HAL is generating vsync timestamps using the correct timebase.
09-22 22:39:46.401 W/Choreographer( 1811): Frame time is 0.193067 ms in the future! Check that graphics HAL is generating vsync timestamps using the correct timebase.
09-22 22:39:46.401 W/Choreographer( 4134): Frame time is 0.155358 ms in the future! Check that graphics HAL is generating vsync timestamps using the correct timebase.
09-22 22:39:46.401 W/Choreographer( 2390): Frame time is 0.024942 ms in the future! Check that graphics HAL is generating vsync timestamps using the correct timebase.
09-22 22:39:46.401 W/Choreographer( 1496): Frame time is 0.229004 ms in the future! Check that graphics HAL is generating vsync timestamps using the correct timebase.
09-22 22:39:46.403 E/DisplayDeviceConfig( 1496): requesting nits when no mapping exists.
09-22 22:39:46.403 E/DisplayDeviceConfig( 1496): requesting nits when no mapping exists.
09-22 22:39:46.403 I/am_wtf ( 1496): [0,1496,system_server,-1,DisplayDeviceConfig,requesting nits when no mapping exists.]
09-22 22:39:46.404 I/am_wtf ( 1496): [0,1496,system_server,-1,DisplayDeviceConfig,requesting nits when no mapping exists.]
09-22 22:39:46.421 E/DisplayDeviceConfig( 1496): requesting nits when no mapping exists.
09-22 22:39:46.421 E/DisplayDeviceConfig( 1496): requesting nits when no mapping exists.
09-22 22:39:46.421 I/am_wtf ( 1496): [0,1496,system_server,-1,DisplayDeviceConfig,requesting nits when no mapping exists.]
09-22 22:39:46.422 I/am_wtf ( 1496): [0,1496,system_server,-1,DisplayDeviceConfig,requesting nits when no mapping exists.]
09-22 22:39:46.437 E/DisplayDeviceConfig( 1496): requesting nits when no mapping exists.
09-22 22:39:46.437 E/DisplayDeviceConfig( 1496): requesting nits when no mapping exists.
09-22 22:39:46.437 I/am_wtf ( 1496): [0,1496,system_server,-1,DisplayDeviceConfig,requesting nits when no mapping exists.]
09-22 22:39:46.438 I/am_wtf ( 1496): [0,1496,system_server,-1,DisplayDeviceConfig,requesting nits when no mapping exists.]
09-22 22:39:46.453 E/DisplayDeviceConfig( 1496): requesting nits when no mapping exists.
09-22 22:39:46.453 E/DisplayDeviceConfig( 1496): requesting nits when no mapping exists.
09-22 22:39:46.453 I/am_wtf ( 1496): [0,1496,system_server,-1,DisplayDeviceConfig,requesting nits when no mapping exists.]
09-22 22:39:46.454 I/am_wtf ( 1496): [0,1496,system_server,-1,DisplayDeviceConfig,requesting nits when no mapping exists.]
09-22 22:39:46.470 E/DisplayDeviceConfig( 1496): requesting nits when no mapping exists.
09-22 22:39:46.470 E/DisplayDeviceConfig( 1496): requesting nits when no mapping exists.
09-22 22:39:46.470 I/am_wtf ( 1496): [0,1496,system_server,-1,DisplayDeviceConfig,requesting nits when no mapping exists.]
09-22 22:39:46.471 I/am_wtf ( 1496): [0,1496,system_server,-1,DisplayDeviceConfig,requesting nits when no mapping exists.]
09-22 22:39:46.486 E/DisplayDeviceConfig( 1496): requesting nits when no mapping exists.
09-22 22:39:46.486 E/DisplayDeviceConfig( 1496): requesting nits when no mapping exists.
09-22 22:39:46.486 I/am_wtf ( 1496): [0,1496,system_server,-1,DisplayDeviceConfig,requesting nits when no mapping exists.]
09-22 22:39:46.487 I/am_wtf ( 1496): [0,1496,system_server,-1,DisplayDeviceConfig,requesting nits when no mapping exists.]
09-22 22:39:46.503 E/DisplayDeviceConfig( 1496): requesting nits when no mapping exists.
09-22 22:39:46.504 E/DisplayDeviceConfig( 1496): requesting nits when no mapping exists.
09-22 22:39:46.506 I/am_wtf ( 1496): [0,1496,system_server,-1,DisplayDeviceConfig,requesting nits when no mapping exists.]
09-22 22:39:46.509 I/am_wtf ( 1496): [0,1496,system_server,-1,DisplayDeviceConfig,requesting nits when no mapping exists.]
09-22 22:39:46.519 E/DisplayDeviceConfig( 1496): requesting nits when no mapping exists.
09-22 22:39:46.520 E/DisplayDeviceConfig( 1496): requesting nits when no mapping exists.
09-22 22:39:46.520 I/am_wtf ( 1496): [0,1496,system_server,-1,DisplayDeviceConfig,requesting nits when no mapping exists.]
09-22 22:39:46.521 I/am_wtf ( 1496): [0,1496,system_server,-1,DisplayDeviceConfig,requesting nits when no mapping exists.]
09-22 22:39:46.537 E/DisplayDeviceConfig( 1496): requesting nits when no mapping exists.
09-22 22:39:46.538 E/DisplayDeviceConfig( 1496): requesting nits when no mapping exists.
09-22 22:39:46.538 I/am_wtf ( 1496): [0,1496,system_server,-1,DisplayDeviceConfig,requesting nits when no mapping exists.]
09-22 22:39:46.539 I/am_wtf ( 1496): [0,1496,system_server,-1,DisplayDeviceConfig,requesting nits when no mapping exists.]
09-22 22:39:46.553 E/DisplayDeviceConfig( 1496): requesting nits when no mapping exists.
09-22 22:39:46.554 E/DisplayDeviceConfig( 1496): requesting nits when no mapping exists.
09-22 22:39:46.554 I/am_wtf ( 1496): [0,1496,system_server,-1,DisplayDeviceConfig,requesting nits when no mapping exists.]
09-22 22:39:46.555 I/am_wtf ( 1496): [0,1496,system_server,-1,DisplayDeviceConfig,requesting nits when no mapping exists.]
09-22 22:39:46.570 E/DisplayDeviceConfig( 1496): requesting nits when no mapping exists.
09-22 22:39:46.570 E/DisplayDeviceConfig( 1496): requesting nits when no mapping exists.
09-22 22:39:46.570 I/am_wtf ( 1496): [0,1496,system_server,-1,DisplayDeviceConfig,requesting nits when no mapping exists.]
09-22 22:39:46.573 I/am_wtf ( 1496): [0,1496,system_server,-1,DisplayDeviceConfig,requesting nits when no mapping exists.]
09-22 22:39:46.761 I/mpu_uart( 653): [MSG-P:RECV]:No message received in 1000 ms
09-22 22:39:46.953 I/vendor.qti.bluetooth@1.0-ibs_handler( 815): DeviceSleep: TX Awake, Sending SLEEP_IND
09-22 22:39:46.953 D/vendor.qti.bluetooth@1.0-ibs_handler( 815): SerialClockVote: vote for UART CLK OFF
09-22 22:39:46.969 D/audio_hw_primary( 806): out_set_parameters: enter: usecase(1: low-latency-playback) kvpairs: suspend_playback=false
09-22 22:39:46.969 D/audio_hw_extn( 806): audio_extn_fm_set_parameters: Enter
09-22 22:39:46.970 W/audio_hw_primary( 806): out_write: underrun(63) frames_by_time(48174) > out->last_fifo_frames_remaining(384)
09-22 22:39:47.011 D/audio_hw_primary( 806): out_set_parameters: enter: usecase(1: low-latency-playback) kvpairs: suspend_playback=true
09-22 22:39:47.011 D/audio_hw_extn( 806): audio_extn_fm_set_parameters: Enter
09-22 22:39:47.104 D/vendor.qti.bluetooth@1.0-wake_lock( 815): Release wakelock is released
09-22 22:39:47.274 I/mpu_uart( 653): [MSG-P:R]:recv sync frame timeout
09-22 22:39:47.345 I/hwservicemanager( 515): getTransport: Cannot find entry android.hardware.light@2.0::ILight/default in either framework or device VINTF manifest.
09-22 22:39:47.347 E/light ( 4652): light_open lights keyboard failed: -22
09-22 22:39:47.348 E/light ( 4652): Light passthrough failed to load legacy HAL.
09-22 22:39:47.348 E/light ( 4652): light_open lights buttons failed: -22
09-22 22:39:47.348 E/light ( 4652): Light passthrough failed to load legacy HAL.
09-22 22:39:47.349 E/light ( 4652): light_open lights bluetooth failed: -22
09-22 22:39:47.349 E/light ( 4652): Light passthrough failed to load legacy HAL.
09-22 22:39:47.350 E/light ( 4652): light_open lights wifi failed: -22
09-22 22:39:47.350 E/light ( 4652): Light passthrough failed to load legacy HAL.
09-22 22:39:47.350 I/hwservicemanager( 515): getTransport: Cannot find entry android.hardware.light@2.0::ILight/default in either framework or device VINTF manifest.
09-22 22:39:47.350 E/HidlServiceManagement( 4652): Service android.hardware.light@2.0::ILight/default must be in VINTF manifest in order to register/get.
09-22 22:39:47.350 E/LegacySupport( 4652): Could not register service android.hardware.light@2.0::ILight/default (-2147483648).
09-22 22:39:47.761 I/mpu_uart( 653): [MSG-P:RECV]:No message received in 1000 ms
09-22 22:39:47.804 I/input_interaction( 1496): Interaction with: deebe52 com.android.settings/com.android.settings.Settings (server), edge-swipe (server), swipe-up (server), PointerEventDispatcher0 (server),
09-22 22:39:47.809 I/service_manager_stats( 1496): [222,154,6101]
09-22 22:39:47.828 I/wm_task_moved( 1496): [1,0,0]
09-22 22:39:47.829 I/wm_task_moved( 1496): [1,0,5]
09-22 22:39:47.829 I/EventSequenceValidator( 1496): inc AccIntentStartedEvents to 2
09-22 22:39:47.840 I/wm_on_restart_called( 2390): [261001500,com.android.launcher3.uioverrides.QuickstepLauncher,performRestartActivity]
09-22 22:39:47.841 D/StateManager( 2390): goToState: Background
09-22 22:39:47.855 I/BpBinder( 961): onLastStrongRef automatically unlinking death recipients:
09-22 22:39:47.855 I/wm_on_start_called( 2390): [261001500,com.android.launcher3.uioverrides.QuickstepLauncher,handleStartActivity]
09-22 22:39:47.856 I/InputDispatcher( 1496): Monitor swipe-up (server) is stealing touch from [deebe52 com.android.settings/com.android.settings.Settings (server), ]
09-22 22:39:47.859 I/view_enqueue_input_event( 4134): [Motion - Cancel,com.android.settings/com.android.settings.Settings]
09-22 22:39:47.865 V/ShadeControllerImpl( 1811): NotificationShadeWindow: com.android.systemui.statusbar.phone.NotificationShadeWindowView{6600874 I.E...... ......ID 0,0-2380,1020} canPanelBeCollapsed(): false
09-22 22:39:47.866 I/LatencyTracker( 2390): ACTION_TOGGLE_RECENTS latency=61
09-22 22:39:47.866 I/sysui_latency( 2390): [1,61]
09-22 22:39:47.869 I/input_interaction( 1496): Interaction with: edge-swipe (server), swipe-up (server), PointerEventDispatcher0 (server),
09-22 22:39:47.869 I/input_focus( 1496): [Focus request recents_animation_input_consumer,reason=UpdateInputWindows]
09-22 22:39:47.873 I/input_focus( 1496): [Focus leaving deebe52 com.android.settings/com.android.settings.Settings (server),reason=NOT_FOCUSABLE]
09-22 22:39:47.873 I/input_focus( 1496): [Focus entering recents_animation_input_consumer (server),reason=setFocusedWindow]
09-22 22:39:47.878 I/EventSequenceValidator( 1496): dec AccIntentStartedEvents to 1
09-22 22:39:47.880 I/sysui_multi_action( 1496): [319,8,322,47,325,794,757,761,758,9,759,5,806,com.android.launcher3,871,com.android.launcher3.uioverrides.QuickstepLauncher,905,0,1320,4,1321,1]
09-22 22:39:47.949 W/System ( 2390): A resource failed to call release.
09-22 22:39:47.950 W/System ( 2390): A resource failed to call release.
09-22 22:39:47.950 W/System ( 2390): A resource failed to call release.
09-22 22:39:48.011 D/audio_hw_primary( 806): out_set_parameters: enter: usecase(1: low-latency-playback) kvpairs: suspend_playback=false
09-22 22:39:48.012 D/audio_hw_extn( 806): audio_extn_fm_set_parameters: Enter
09-22 22:39:48.012 W/audio_hw_primary( 806): out_write: underrun(64) frames_by_time(48234) > out->last_fifo_frames_remaining(384)
09-22 22:39:48.026 D/vendor.qti.vibrator( 883): Vibrator perform effect 0
09-22 22:39:48.036 W/OrientationEventListener( 2390): Cannot detect sensors. Invalid disable
09-22 22:39:48.053 D/audio_hw_primary( 806): out_set_parameters: enter: usecase(1: low-latency-playback) kvpairs: suspend_playback=true
09-22 22:39:48.053 D/audio_hw_extn( 806): audio_extn_fm_set_parameters: Enter
09-22 22:39:48.056 D/vendor.qti.vibrator( 883): Vibrator on for timeoutMs: 30
09-22 22:39:48.057 D/vendor.qti.vibrator( 883): Starting on on another thread
09-22 22:39:48.087 D/vendor.qti.vibrator( 883): Notifying on complete
09-22 22:39:48.088 D/vendor.qti.vibrator( 883): QTI Vibrator off
09-22 22:39:48.178 I/LatencyTracker( 1496): ACTION_START_RECENTS_ANIMATION latency=65
09-22 22:39:48.178 I/sysui_latency( 1496): [8,65]
09-22 22:39:48.259 F/linker ( 4661): CANNOT LINK EXECUTABLE "/vendor/bin/hw/qvrservice": library "vendor.qti.hardware.qxr-V1-ndk_platform.so" not found: needed by /vendor/lib64/libqvrservice.so in namespace (default)
09-22 22:39:48.265 F/linker ( 4662): CANNOT LINK EXECUTABLE "/vendor/bin/hw/sxrservice": library "vendor.qti.hardware.qxr-V1-ndk_platform.so" not found: needed by main executable
09-22 22:39:48.404 D/StateManager( 2390): goToState: Overview
09-22 22:39:48.421 E/PagedView( 2390): validateNewPage: failed to find a page > mMinScrollX
09-22 22:39:48.489 W/System ( 1811): A resource failed to call close.
09-22 22:39:48.492 W/System ( 1811): A resource failed to call release.
09-22 22:39:48.493 W/System ( 1811): A resource failed to call release.
09-22 22:39:48.493 W/System ( 1811): A resource failed to call release.
09-22 22:39:48.493 W/System ( 1811): A resource failed to call close.
09-22 22:39:48.493 W/System ( 1811): A resource failed to call close.
09-22 22:39:48.493 W/System ( 1811): A resource failed to call release.
09-22 22:39:48.495 W/System ( 1811): A resource failed to call release.
09-22 22:39:48.496 W/System ( 1811): A resource failed to call release.
09-22 22:39:48.729 I/am_uid_idle( 1496): 10066
09-22 22:39:48.762 I/mpu_uart( 653): [MSG-P:RECV]:No message received in 1000 ms
09-22 22:39:48.768 E/TaskPersister( 1496): File error accessing recents directory (directory doesn't exist?).
09-22 22:39:49.054 D/audio_hw_primary( 806): out_set_parameters: enter: usecase(1: low-latency-playback) kvpairs: suspend_playback=false
09-22 22:39:49.054 D/audio_hw_extn( 806): audio_extn_fm_set_parameters: Enter
09-22 22:39:49.055 D/audio_hw_primary( 806): out_standby: enter: stream (0xe45464c0) usecase(1: low-latency-playback)
09-22 22:39:49.075 D/audio_hw_primary( 806): disable_audio_route: reset and update mixer path: low-latency-playback
09-22 22:39:49.076 E/soundtrigger( 806): audio_extn_sound_trigger_update_stream_status: invalid input device 0x0, for event 2
09-22 22:39:49.076 D/soundtrigger( 806): audio_extn_sound_trigger_update_stream_status: uc_info->id 1 of type 0 for Event 2, with Raise=0
09-22 22:39:49.076 D/msm8974_platform( 806): platform_split_snd_device: snd_device(2) num devices(0) new_snd_devices(0)
09-22 22:39:49.076 I/msm8974_platform( 806): platform_get_custom_mtmx_params: no matching param with id 0 ip_ch 2 op_ch 2 uc_id 1 snd_dev 2
09-22 22:39:49.076 D/hardware_info( 806): hw_info_append_hw_type : device_name = speaker
09-22 22:39:49.076 D/audio_hw_primary( 806): disable_snd_device: snd_device(2: speaker)
09-22 22:39:49.076 D/msm8974_platform( 806): platform_split_snd_device: snd_device(2) num devices(0) new_snd_devices(0)
09-22 22:39:49.077 I/soundtrigger( 806): audio_extn_sound_trigger_update_device_status: device 0x2 of type 0 for Event 0, with Raise=0
09-22 22:39:49.077 D/audio_hw_primary( 806): out_standby: exit
09-22 22:39:49.428 I/input_interaction( 1496): Interaction with: cdcb676 com.android.launcher3/com.android.launcher3.uioverrides.QuickstepLauncher (server), edge-swipe (server), swipe-up (server), PointerEventDispatcher0 (server),
09-22 22:39:49.564 D/StateManager( 2390): goToState: Normal
09-22 22:39:49.572 D/audio_hw_primary( 806): start_output_stream: enter: stream(0xe45464c0)usecase(1: low-latency-playback) devices(0x2) is_haptic_usecase(0)
09-22 22:39:49.572 E/ANDR-PERF-TARGET( 873): Error: Invalid logical cluster id 0
09-22 22:39:49.572 E/ANDR-PERF-REQUEST( 873): invalid request
09-22 22:39:49.572 E/ANDR-PERF-MPCTL( 873): invalid request, no optimizations performed
09-22 22:39:49.572 E/audio_hw_extn( 806): audio_extn_perf_lock_acquire: Failed to acquire perf lock, err: -1
09-22 22:39:49.572 D/audio_hw_primary( 806): select_devices for use case (low-latency-playback)
09-22 22:39:49.573 I/msm8974_platform( 806): platform_check_and_set_codec_backend_cfg:becf: afe: bitwidth 16, samplerate 48000 channels 2, backend_idx 0 usecase = 1 device (speaker)
09-22 22:39:49.573 D/msm8974_platform( 806): platform_split_snd_device: snd_device(2) num devices(1) new_snd_devices(0)
09-22 22:39:49.573 I/msm8974_platform( 806): platform_check_and_set_codec_backend_cfg: new_snd_devices[0] is 2
09-22 22:39:49.573 I/msm8974_platform( 806): platform_check_codec_backend_cfg:becf: afe: bitwidth 16, samplerate 48000 channels 2, backend_idx 0 usecase = 1 device (speaker)
09-22 22:39:49.575 D/audio_hw_extn( 806): audio_extn_enable_hifi_filter: mixer_value set 0
09-22 22:39:49.575 D/msm8974_platform( 806): platform_check_codec_backend_cfg:becf: updated afe: bitwidth 16, samplerate 48000 channels 2,backend_idx 0 usecase = 1 device (speaker)
09-22 22:39:49.575 D/msm8974_platform( 806): platform_check_codec_backend_cfg:becf: afe: playback on codec device not supporting native playback set default Sample Rate(48k)
09-22 22:39:49.575 I/msm8974_platform( 806): platform_check_codec_backend_cfg:becf: afe: Codec selected backend: 0 updated bit width: 16 and sample rate: 48000
09-22 22:39:49.575 D/audio_hw_primary( 806): check_usecases_codec_backend:becf: force routing 0
09-22 22:39:49.575 E/msm8974_platform( 806): platform_check_backends_match: Invalid snd_device =
09-22 22:39:49.575 D/audio_hw_primary( 806): check_usecases_codec_backend:becf: (78) check_usecases curr device: speaker, usecase device: backends match 0
09-22 22:39:49.575 D/audio_hw_primary( 806): check_usecases_codec_backend:becf: check_usecases num.of Usecases to switch 0
09-22 22:39:49.575 D/hardware_info( 806): hw_info_append_hw_type : device_name = speaker
09-22 22:39:49.575 D/msm8974_platform( 806): platform_split_snd_device: snd_device(2) num devices(0) new_snd_devices(0)
09-22 22:39:49.575 D/audio_hw_primary( 806): enable_snd_device: snd_device(2: speaker)
09-22 22:39:49.575 D/msm8974_platform( 806): platform_get_island_cfg_on_device:island cfg status on snd_device = (speaker 0)
09-22 22:39:49.575 I/soundtrigger( 806): audio_extn_sound_trigger_update_device_status: device 0x2 of type 0 for Event 1, with Raise=0
09-22 22:39:49.575 D/audio_route( 806): Apply path: speaker
09-22 22:39:49.575 I/audio_hw_utils( 806): audio_extn_utils_update_stream_output_app_type_cfg Allowing 24 and above bits playback on speaker ONLY at default sampling rate
09-22 22:39:49.575 E/soundtrigger( 806): audio_extn_sound_trigger_update_stream_status: invalid input device 0x0, for event 3
09-22 22:39:49.575 D/soundtrigger( 806): audio_extn_sound_trigger_update_stream_status: uc_info->id 1 of type 0 for Event 3, with Raise=0
09-22 22:39:49.576 D/audio_hw_utils( 806): audio_extn_utils_send_app_type_cfg: usecase->out_snd_device speaker
09-22 22:39:49.576 D/msm8974_platform( 806): platform_split_snd_device: snd_device(2) num devices(0) new_snd_devices(0)
09-22 22:39:49.576 D/audio_hw_utils( 806): audio_extn_btsco_get_sample_rate:Not a BT SCO device, need not update sampling rate
09-22 22:39:49.576 I/audio_hw_utils( 806): send_app_type_cfg_for_device PLAYBACK app_type 69937, acdb_dev_id 15, sample_rate 48000, snd_device_be_idx 179
09-22 22:39:49.576 D/msm8974_platform( 806): platform_split_snd_device: snd_device(2) num devices(1) new_snd_devices(0)
09-22 22:39:49.576 D/audio_hw_utils( 806): audio_extn_btsco_get_sample_rate:Not a BT SCO device, need not update sampling rate
09-22 22:39:49.576 D/ACDB-LOADER( 806): ACDB -> send_audio_cal, acdb_id = 15, path = 0, app id = 0x11131, sample rate = 48000, afe_sample_rate = 48000
09-22 22:39:49.576 D/ACDB-LOADER( 806): ACDB -> send_asm_topology
09-22 22:39:49.576 D/ACDB-LOADER( 806): ACDB -> ACDB_CMD_GET_AUDPROC_STREAM_TOPOLOGY_ID
09-22 22:39:49.577 D/ACDB-LOADER( 806): ACDB -> send_adm_topology
09-22 22:39:49.577 D/ACDB-LOADER( 806): ACDB -> ACDB_CMD_GET_AUDPROC_COMMON_TOPOLOGY_ID
09-22 22:39:49.577 D/ACDB-LOADER( 806): ACDB -> send_audtable
09-22 22:39:49.577 D/ACDB-LOADER( 806): ACDB -> ACDB_CMD_GET_AUDPROC_INSTANCE_COMMON_TABLE_SIZE
09-22 22:39:49.577 D/ACDB-LOADER( 806): ACDB -> ACDB_CMD_GET_AUDPROC_INSTANCE_COMMON_TABLE
09-22 22:39:49.577 D/ACDB-LOADER( 806): ACDB -> AUDIO_SET_AUDPROC_CAL cal_type[11] acdb_id[15] app_type[69937]
09-22 22:39:49.577 D/ACDB-LOADER( 806): ACDB -> send_audvoltable
09-22 22:39:49.577 D/ACDB-LOADER( 806): ACDB -> ACDB_CMD_GET_AUDPROC_INSTANCE_GAIN_DEP_STEP_TABLE_SIZE
09-22 22:39:49.577 D/ACDB-LOADER( 806): ACDB -> ACDB_CMD_GET_AUDPROC_INSTANCE_GAIN_DEP_STEP_TABLE, vol index 0
09-22 22:39:49.577 D/ACDB-LOADER( 806): ACDB -> AUDIO_SET_VOL_CAL cal type = 12
09-22 22:39:49.577 D/ACDB-LOADER( 806): ACDB -> ACDB_CMD_GET_AUDPROC_INSTANCE_STREAM_TABLE_SIZE
09-22 22:39:49.577 D/ACDB-LOADER( 806): ACDB -> send_audstrmtable
09-22 22:39:49.577 D/ACDB-LOADER( 806): ACDB -> ACDB_CMD_GET_AUDPROC_INSTANCE_STREAM_TABLE
09-22 22:39:49.577 D/ACDB-LOADER( 806): ACDB -> audstrm_cal->cal_type.cal_data.cal_size = 20
09-22 22:39:49.577 D/ACDB-LOADER( 806): ACDB -> send_afe_topology
09-22 22:39:49.577 D/ACDB-LOADER( 806): ACDB -> ACDB_CMD_GET_AFE_TOPOLOGY_ID
09-22 22:39:49.577 D/ACDB-LOADER( 806): ACDB -> GET_AFE_TOPOLOGY_ID for adcd_id 15, Topology Id 112fc
09-22 22:39:49.577 D/ACDB-LOADER( 806): ACDB -> send_afe_cal
09-22 22:39:49.577 D/ACDB-LOADER( 806): ACDB -> ACDB_CMD_GET_AFE_INSTANCE_COMMON_TABLE_SIZE
09-22 22:39:49.577 D/android.hardware.audio.service( 806): Failed to fetch the lookup information of the device 0000000F
09-22 22:39:49.577 D/ACDB-LOADER( 806): Error: ACDB_CMD_GET_AFE_INSTANCE_COMMON_TABLE_SIZE Returned = -19
09-22 22:39:49.577 D/ACDB-LOADER( 806): ACDB -> ACDB_CMD_GET_AFE_INSTANCE_COMMON_TABLE
09-22 22:39:49.577 D/android.hardware.audio.service( 806): Failed to fetch the lookup information of the device 0000000F
09-22 22:39:49.577 D/ACDB-LOADER( 806): Error: ACDB AFE returned = -19
09-22 22:39:49.577 D/ACDB-LOADER( 806): ACDB -> AUDIO_SET_AFE_CAL cal_type[16] acdb_id[15]
09-22 22:39:49.577 D/ACDB-LOADER( 806): ACDB -> send_hw_delay : acdb_id = 15 path = 0
09-22 22:39:49.577 D/ACDB-LOADER( 806): ACDB -> ACDB_AVSYNC_INFO: ACDB_CMD_GET_DEVICE_PROPERTY
09-22 22:39:49.577 D/msm8974_platform( 806): platform_split_snd_device: snd_device(2) num devices(0) new_snd_devices(0)
09-22 22:39:49.577 I/msm8974_platform( 806): platform_get_custom_mtmx_params: no matching param with id 0 ip_ch 2 op_ch 2 uc_id 1 snd_dev 2
09-22 22:39:49.577 D/audio_hw_primary( 806): enable_audio_route: apply mixer and update path: low-latency-playback
09-22 22:39:49.577 D/audio_route( 806): Apply path: low-latency-playback
09-22 22:39:49.579 D/audio_hw_primary( 806): select_devices: done
09-22 22:39:49.602 I/OpenGLRenderer( 2390): Davey! duration=9223371240174ms; Flags=0, FrameTimelineVsyncId=15425, IntendedVsync=796680289436, Vsync=796680289436, InputEventId=1003667224, HandleInputStart=796680759589, AnimationStart=796680870787, PerformTraversalsStart=796681075162, DrawStart=796682622089, FrameDeadline=796696956102, FrameInterval=796680752766, FrameStartTime=16666666, SyncQueued=796686050787, SyncStart=796686403078, IssueDrawCommandsStart=796687093443, SwapBuffers=796690459328, FrameCompleted=9223372036854775807, DequeueBufferDuration=60104, QueueBufferDuration=1740156, GpuCompleted=9223372036854775807, SwapBuffersCompleted=796693013026, DisplayPresentTime=0,
09-22 22:39:49.610 D/msm8974_platform( 806): platform_set_channel_map mixer_ctl_name:Playback Channel Map9
09-22 22:39:49.610 D/msm8974_platform( 806): platform_set_channel_map: set mapping(1 2 0 0 0 0 0 0) for channel:2
09-22 22:39:49.611 E/audio_hw_extn( 806): audio_extn_perf_lock_release: Perf lock release error
09-22 22:39:49.611 D/audio_hw_primary( 806): start_output_stream: exit
09-22 22:39:49.762 I/mpu_uart( 653): [MSG-P:RECV]:No message received in 1000 ms
09-22 22:39:49.801 D/audio_hw_primary( 806): out_set_parameters: enter: usecase(1: low-latency-playback) kvpairs: suspend_playback=true
09-22 22:39:49.802 D/audio_hw_extn( 806): audio_extn_fm_set_parameters: Enter
09-22 22:39:49.984 W/OrientationEventListener( 2390): Cannot detect sensors. Invalid disable
09-22 22:39:49.991 I/wm_task_moved( 1496): [1,1,6]
09-22 22:39:49.994 I/wm_task_moved( 1496): [19,1,2147483647]
09-22 22:39:49.994 I/wm_task_to_front( 1496): [0,19]
09-22 22:39:49.995 I/wm_on_top_resumed_lost_called( 4134): [159182179,com.android.settings.Settings,topStateChangedWhenResumed]
09-22 22:39:50.000 I/wm_focused_root_task( 1496): [0,0,1,32,RecentsAnimation.onAnimationFinished()]
09-22 22:39:50.001 I/wm_set_resumed_activity( 1496): [0,com.android.launcher3/.uioverrides.QuickstepLauncher,RecentsAnimation.onAnimationFinished()]
09-22 22:39:50.002 D/ActivityTrigger( 1496): ActivityTrigger activityPauseTrigger
09-22 22:39:50.002 I/wm_pause_activity( 1496): [0,159182179,com.android.settings/.Settings,userLeaving=true,pauseBackTasks]
09-22 22:39:50.003 I/wm_add_to_stopping( 1496): [0,159182179,com.android.settings/.Settings,makeInvisible]
09-22 22:39:50.004 I/wm_set_resumed_activity( 1496): [0,com.android.launcher3/.uioverrides.QuickstepLauncher,resumeTopActivityInnerLocked]
09-22 22:39:50.005 I/wm_resume_activity( 1496): [0,261001500,19,com.android.launcher3/.uioverrides.QuickstepLauncher]
09-22 22:39:50.007 I/wm_on_resume_called( 2390): [261001500,com.android.launcher3.uioverrides.QuickstepLauncher,RESUME_ACTIVITY]
09-22 22:39:50.016 I/input_focus( 1496): [Focus request cdcb676 com.android.launcher3/com.android.launcher3.uioverrides.QuickstepLauncher,reason=UpdateInputWindows]
09-22 22:39:50.021 I/wm_on_top_resumed_gained_called( 2390): [261001500,com.android.launcher3.uioverrides.QuickstepLauncher,topStateChangedWhenResumed]
09-22 22:39:50.023 I/wm_stop_activity( 1496): [0,159182179,com.android.settings/.Settings]
09-22 22:39:50.024 I/sysui_multi_action( 4134): [757,746,758,2,1089,3939]
09-22 22:39:50.025 I/sysui_multi_action( 1496): [757,803,799,window_time_0,802,5]
09-22 22:39:50.027 I/sysui_multi_action( 1496): [757,803,799,window_time_0,802,0]
09-22 22:39:50.028 I/ActivityManager( 1496): PendingStartActivityUids startActivity to updateOomAdj delay:2197ms, uid:10076
09-22 22:39:50.029 I/input_focus( 1496): [Focus leaving recents_animation_input_consumer (server),reason=NOT_VISIBLE]
09-22 22:39:50.029 I/input_focus( 1496): [Focus entering cdcb676 com.android.launcher3/com.android.launcher3.uioverrides.QuickstepLauncher (server),reason=setFocusedWindow]
09-22 22:39:50.034 D/BluetoothPan( 4134): Unbinding service...
09-22 22:39:50.037 D/Sogou ( 2628): onUnbindInput finish
09-22 22:39:50.038 D/Sogou ( 2628): onFinishInput:
09-22 22:39:50.049 I/sysui_multi_action( 4134): [757,35,758,2,1089,3917]
09-22 22:39:50.052 I/wm_on_paused_called( 4134): [159182179,com.android.settings.Settings,performPause]
09-22 22:39:50.059 I/TetheringManager( 4134): unregisterTetheringEventCallback caller:com.android.settings
09-22 22:39:50.059 W/Choreographer( 1496): Frame time is 0.216715 ms in the future! Check that graphics HAL is generating vsync timestamps using the correct timebase.
09-22 22:39:50.065 I/wm_on_stop_called( 4134): [159182179,com.android.settings.Settings,STOP_ACTIVITY_ITEM]
09-22 22:39:50.108 W/System ( 1496): A resource failed to call close.
09-22 22:39:50.109 W/System ( 1496): A resource failed to call close.
09-22 22:39:50.275 I/mpu_uart( 653): [MSG-P:R]:recv sync frame timeout
09-22 22:39:50.762 I/mpu_uart( 653): [MSG-P:RECV]:No message received in 1000 ms
09-22 22:39:50.803 D/audio_hw_primary( 806): out_set_parameters: enter: usecase(1: low-latency-playback) kvpairs: suspend_playback=false
09-22 22:39:50.803 D/audio_hw_extn( 806): audio_extn_fm_set_parameters: Enter
09-22 22:39:50.804 W/audio_hw_primary( 806): out_write: underrun(65) frames_by_time(48301) > out->last_fifo_frames_remaining(384)
09-22 22:39:50.841 D/audio_hw_primary( 806): out_set_parameters: enter: usecase(1: low-latency-playback) kvpairs: suspend_playback=true
09-22 22:39:50.842 D/audio_hw_extn( 806): audio_extn_fm_set_parameters: Enter
09-22 22:39:51.763 I/mpu_uart( 653): [MSG-P:RECV]:No message received in 1000 ms
09-22 22:39:51.842 D/audio_hw_primary( 806): out_set_parameters: enter: usecase(1: low-latency-playback) kvpairs: suspend_playback=false
09-22 22:39:51.842 D/audio_hw_extn( 806): audio_extn_fm_set_parameters: Enter
09-22 22:39:51.843 W/audio_hw_primary( 806): out_write: underrun(66) frames_by_time(48212) > out->last_fifo_frames_remaining(384)
09-22 22:39:51.884 D/audio_hw_primary( 806): out_set_parameters: enter: usecase(1: low-latency-playback) kvpairs: suspend_playback=true
09-22 22:39:51.884 D/audio_hw_extn( 806): audio_extn_fm_set_parameters: Enter
09-22 22:39:52.185 I/input_interaction( 1496): Interaction with: cdcb676 com.android.launcher3/com.android.launcher3.uioverrides.QuickstepLauncher (server), 23a4ae6 com.android.systemui.ImageWallpaper (server), edge-swipe (server), swipe-up (server), PointerEventDispatcher0 (server),
09-22 22:39:52.342 I/hwservicemanager( 515): getTransport: Cannot find entry android.hardware.light@2.0::ILight/default in either framework or device VINTF manifest.
09-22 22:39:52.345 E/light ( 4665): light_open lights keyboard failed: -22
09-22 22:39:52.345 E/light ( 4665): Light passthrough failed to load legacy HAL.
09-22 22:39:52.346 E/light ( 4665): light_open lights buttons failed: -22
09-22 22:39:52.346 E/light ( 4665): Light passthrough failed to load legacy HAL.
09-22 22:39:52.348 E/light ( 4665): light_open lights bluetooth failed: -22
09-22 22:39:52.348 E/light ( 4665): Light passthrough failed to load legacy HAL.
09-22 22:39:52.349 E/light ( 4665): light_open lights wifi failed: -22
09-22 22:39:52.349 E/light ( 4665): Light passthrough failed to load legacy HAL.
09-22 22:39:52.349 I/hwservicemanager( 515): getTransport: Cannot find entry android.hardware.light@2.0::ILight/default in either framework or device VINTF manifest.
09-22 22:39:52.349 E/HidlServiceManagement( 4665): Service android.hardware.light@2.0::ILight/default must be in VINTF manifest in order to register/get.
09-22 22:39:52.350 E/LegacySupport( 4665): Could not register service android.hardware.light@2.0::ILight/default (-2147483648).
09-22 22:39:52.595 E/FrameEvents( 2390): updateAcquireFence: Did not find frame.
09-22 22:39:52.634 D/vendor.qti.vibrator( 883): Vibrator perform effect 5
09-22 22:39:52.635 D/vendor.qti.vibrator( 883): Vibrator on for timeoutMs: 1
09-22 22:39:52.635 D/vendor.qti.vibrator( 883): QTI Vibrator off
09-22 22:39:52.636 D/vendor.qti.vibrator( 883): Starting on on another thread
09-22 22:39:52.637 D/vendor.qti.vibrator( 883): Notifying on complete
09-22 22:39:52.657 D/vendor.qti.vibrator( 883): Vibrator on for timeoutMs: 21
09-22 22:39:52.658 D/vendor.qti.vibrator( 883): Starting on on another thread
09-22 22:39:52.679 D/vendor.qti.vibrator( 883): Notifying on complete
09-22 22:39:52.680 D/vendor.qti.vibrator( 883): QTI Vibrator off
09-22 22:39:52.763 I/mpu_uart( 653): [MSG-P:RECV]:No message received in 1000 ms
09-22 22:39:52.885 D/audio_hw_primary( 806): out_set_parameters: enter: usecase(1: low-latency-playback) kvpairs: suspend_playback=false
09-22 22:39:52.885 D/audio_hw_extn( 806): audio_extn_fm_set_parameters: Enter
09-22 22:39:52.885 D/audio_hw_primary( 806): out_standby: enter: stream (0xe45464c0) usecase(1: low-latency-playback)
09-22 22:39:52.904 D/audio_hw_primary( 806): disable_audio_route: reset and update mixer path: low-latency-playback
09-22 22:39:52.905 E/soundtrigger( 806): audio_extn_sound_trigger_update_stream_status: invalid input device 0x0, for event 2
09-22 22:39:52.905 D/soundtrigger( 806): audio_extn_sound_trigger_update_stream_status: uc_info->id 1 of type 0 for Event 2, with Raise=0
09-22 22:39:52.905 D/msm8974_platform( 806): platform_split_snd_device: snd_device(2) num devices(0) new_snd_devices(0)
09-22 22:39:52.905 I/msm8974_platform( 806): platform_get_custom_mtmx_params: no matching param with id 0 ip_ch 2 op_ch 2 uc_id 1 snd_dev 2
09-22 22:39:52.905 D/hardware_info( 806): hw_info_append_hw_type : device_name = speaker
09-22 22:39:52.906 D/audio_hw_primary( 806): disable_snd_device: snd_device(2: speaker)
09-22 22:39:52.906 D/msm8974_platform( 806): platform_split_snd_device: snd_device(2) num devices(0) new_snd_devices(0)
09-22 22:39:52.906 I/soundtrigger( 806): audio_extn_sound_trigger_update_device_status: device 0x2 of type 0 for Event 0, with Raise=0
09-22 22:39:52.906 D/audio_hw_primary( 806): out_standby: exit
09-22 22:39:53.047 D/FlingToDeleteHelper( 2390): isFlingToDelete = false
09-22 22:39:53.272 F/linker ( 4671): CANNOT LINK EXECUTABLE "/vendor/bin/hw/sxrservice": library "vendor.qti.hardware.qxr-V1-ndk_platform.so" not found: needed by main executable
09-22 22:39:53.275 F/linker ( 4670): CANNOT LINK EXECUTABLE "/vendor/bin/hw/qvrservice": library "vendor.qti.hardware.qxr-V1-ndk_platform.so" not found: needed by /vendor/lib64/libqvrservice.so in namespace (default)
09-22 22:39:53.278 I/mpu_uart( 653): [MSG-P:R]:recv sync frame timeout
09-22 22:39:53.763 I/mpu_uart( 653): [MSG-P:RECV]:No message received in 1000 ms
09-22 22:39:53.766 I/EventSequenceValidator( 1496): inc AccIntentStartedEvents to 2
09-22 22:39:53.768 D/audio_hw_primary( 806): start_output_stream: enter: stream(0xe45464c0)usecase(1: low-latency-playback) devices(0x2) is_haptic_usecase(0)
09-22 22:39:53.769 E/ANDR-PERF-TARGET( 873): Error: Invalid logical cluster id 0
09-22 22:39:53.769 E/ANDR-PERF-REQUEST( 873): invalid request
09-22 22:39:53.769 E/ANDR-PERF-MPCTL( 873): invalid request, no optimizations performed
09-22 22:39:53.769 E/audio_hw_extn( 806): audio_extn_perf_lock_acquire: Failed to acquire perf lock, err: -1
09-22 22:39:53.769 D/audio_hw_primary( 806): select_devices for use case (low-latency-playback)
09-22 22:39:53.769 I/msm8974_platform( 806): platform_check_and_set_codec_backend_cfg:becf: afe: bitwidth 16, samplerate 48000 channels 2, backend_idx 0 usecase = 1 device (speaker)
09-22 22:39:53.769 D/msm8974_platform( 806): platform_split_snd_device: snd_device(2) num devices(1) new_snd_devices(0)
09-22 22:39:53.769 I/msm8974_platform( 806): platform_check_and_set_codec_backend_cfg: new_snd_devices[0] is 2
09-22 22:39:53.769 I/msm8974_platform( 806): platform_check_codec_backend_cfg:becf: afe: bitwidth 16, samplerate 48000 channels 2, backend_idx 0 usecase = 1 device (speaker)
09-22 22:39:53.769 I/ActivityTaskManager( 1496): START u0 {flg=0x18001000 cmp=com.android.settings/.Settings} from uid 10076
09-22 22:39:53.771 D/audio_hw_extn( 806): audio_extn_enable_hifi_filter: mixer_value set 0
09-22 22:39:53.771 D/msm8974_platform( 806): platform_check_codec_backend_cfg:becf: updated afe: bitwidth 16, samplerate 48000 channels 2,backend_idx 0 usecase = 1 device (speaker)
09-22 22:39:53.771 D/msm8974_platform( 806): platform_check_codec_backend_cfg:becf: afe: playback on codec device not supporting native playback set default Sample Rate(48k)
09-22 22:39:53.771 I/wm_task_moved( 1496): [32,1,6]
09-22 22:39:53.771 I/msm8974_platform( 806): platform_check_codec_backend_cfg:becf: afe: Codec selected backend: 0 updated bit width: 16 and sample rate: 48000
09-22 22:39:53.771 I/wm_task_to_front( 1496): [0,32]
09-22 22:39:53.771 D/audio_hw_primary( 806): check_usecases_codec_backend:becf: force routing 0
09-22 22:39:53.771 E/msm8974_platform( 806): platform_check_backends_match: Invalid snd_device =
09-22 22:39:53.771 D/audio_hw_primary( 806): check_usecases_codec_backend:becf: (78) check_usecases curr device: speaker, usecase device: backends match 0
09-22 22:39:53.771 D/audio_hw_primary( 806): check_usecases_codec_backend:becf: check_usecases num.of Usecases to switch 0
09-22 22:39:53.771 D/hardware_info( 806): hw_info_append_hw_type : device_name = speaker
09-22 22:39:53.771 D/msm8974_platform( 806): platform_split_snd_device: snd_device(2) num devices(0) new_snd_devices(0)
09-22 22:39:53.771 D/audio_hw_primary( 806): enable_snd_device: snd_device(2: speaker)
09-22 22:39:53.771 D/msm8974_platform( 806): platform_get_island_cfg_on_device:island cfg status on snd_device = (speaker 0)
09-22 22:39:53.771 I/soundtrigger( 806): audio_extn_sound_trigger_update_device_status: device 0x2 of type 0 for Event 1, with Raise=0
09-22 22:39:53.771 D/audio_route( 806): Apply path: speaker
09-22 22:39:53.771 I/audio_hw_utils( 806): audio_extn_utils_update_stream_output_app_type_cfg Allowing 24 and above bits playback on speaker ONLY at default sampling rate
09-22 22:39:53.772 E/soundtrigger( 806): audio_extn_sound_trigger_update_stream_status: invalid input device 0x0, for event 3
09-22 22:39:53.772 D/soundtrigger( 806): audio_extn_sound_trigger_update_stream_status: uc_info->id 1 of type 0 for Event 3, with Raise=0
09-22 22:39:53.772 D/audio_hw_utils( 806): audio_extn_utils_send_app_type_cfg: usecase->out_snd_device speaker
09-22 22:39:53.772 D/msm8974_platform( 806): platform_split_snd_device: snd_device(2) num devices(0) new_snd_devices(0)
09-22 22:39:53.772 D/audio_hw_utils( 806): audio_extn_btsco_get_sample_rate:Not a BT SCO device, need not update sampling rate
09-22 22:39:53.772 I/audio_hw_utils( 806): send_app_type_cfg_for_device PLAYBACK app_type 69937, acdb_dev_id 15, sample_rate 48000, snd_device_be_idx 179
09-22 22:39:53.772 I/wm_focused_root_task( 1496): [0,0,32,1,bringingFoundTaskToFront]
09-22 22:39:53.772 D/msm8974_platform( 806): platform_split_snd_device: snd_device(2) num devices(1) new_snd_devices(0)
09-22 22:39:53.772 D/audio_hw_utils( 806): audio_extn_btsco_get_sample_rate:Not a BT SCO device, need not update sampling rate
09-22 22:39:53.772 D/ACDB-LOADER( 806): ACDB -> send_audio_cal, acdb_id = 15, path = 0, app id = 0x11131, sample rate = 48000, afe_sample_rate = 48000
09-22 22:39:53.772 D/ACDB-LOADER( 806): ACDB -> send_asm_topology
09-22 22:39:53.772 D/ACDB-LOADER( 806): ACDB -> ACDB_CMD_GET_AUDPROC_STREAM_TOPOLOGY_ID
09-22 22:39:53.772 D/ACDB-LOADER( 806): ACDB -> send_adm_topology
09-22 22:39:53.773 D/ACDB-LOADER( 806): ACDB -> ACDB_CMD_GET_AUDPROC_COMMON_TOPOLOGY_ID
09-22 22:39:53.773 D/ACDB-LOADER( 806): ACDB -> send_audtable
09-22 22:39:53.773 D/ACDB-LOADER( 806): ACDB -> ACDB_CMD_GET_AUDPROC_INSTANCE_COMMON_TABLE_SIZE
09-22 22:39:53.773 D/ACDB-LOADER( 806): ACDB -> ACDB_CMD_GET_AUDPROC_INSTANCE_COMMON_TABLE
09-22 22:39:53.773 D/ACDB-LOADER( 806): ACDB -> AUDIO_SET_AUDPROC_CAL cal_type[11] acdb_id[15] app_type[69937]
09-22 22:39:53.773 D/ACDB-LOADER( 806): ACDB -> send_audvoltable
09-22 22:39:53.773 D/ACDB-LOADER( 806): ACDB -> ACDB_CMD_GET_AUDPROC_INSTANCE_GAIN_DEP_STEP_TABLE_SIZE
09-22 22:39:53.773 D/ACDB-LOADER( 806): ACDB -> ACDB_CMD_GET_AUDPROC_INSTANCE_GAIN_DEP_STEP_TABLE, vol index 0
09-22 22:39:53.773 D/ACDB-LOADER( 806): ACDB -> AUDIO_SET_VOL_CAL cal type = 12
09-22 22:39:53.773 D/ACDB-LOADER( 806): ACDB -> ACDB_CMD_GET_AUDPROC_INSTANCE_STREAM_TABLE_SIZE
09-22 22:39:53.773 D/ACDB-LOADER( 806): ACDB -> send_audstrmtable
09-22 22:39:53.773 D/ACDB-LOADER( 806): ACDB -> ACDB_CMD_GET_AUDPROC_INSTANCE_STREAM_TABLE
09-22 22:39:53.773 D/ACDB-LOADER( 806): ACDB -> audstrm_cal->cal_type.cal_data.cal_size = 20
09-22 22:39:53.773 D/ACDB-LOADER( 806): ACDB -> send_afe_topology
09-22 22:39:53.773 D/ACDB-LOADER( 806): ACDB -> ACDB_CMD_GET_AFE_TOPOLOGY_ID
09-22 22:39:53.773 D/ACDB-LOADER( 806): ACDB -> GET_AFE_TOPOLOGY_ID for adcd_id 15, Topology Id 112fc
09-22 22:39:53.773 D/ACDB-LOADER( 806): ACDB -> send_afe_cal
09-22 22:39:53.773 D/ACDB-LOADER( 806): ACDB -> ACDB_CMD_GET_AFE_INSTANCE_COMMON_TABLE_SIZE
09-22 22:39:53.773 I/wm_set_resumed_activity( 1496): [0,com.android.settings/.Settings,bringingFoundTaskToFront]
09-22 22:39:53.773 D/android.hardware.audio.service( 806): Failed to fetch the lookup information of the device 0000000F
09-22 22:39:53.773 D/ACDB-LOADER( 806): Error: ACDB_CMD_GET_AFE_INSTANCE_COMMON_TABLE_SIZE Returned = -19
09-22 22:39:53.773 D/ACDB-LOADER( 806): ACDB -> ACDB_CMD_GET_AFE_INSTANCE_COMMON_TABLE
09-22 22:39:53.773 D/android.hardware.audio.service( 806): Failed to fetch the lookup information of the device 0000000F
09-22 22:39:53.773 D/ACDB-LOADER( 806): Error: ACDB AFE returned = -19
09-22 22:39:53.773 D/ACDB-LOADER( 806): ACDB -> AUDIO_SET_AFE_CAL cal_type[16] acdb_id[15]
09-22 22:39:53.773 D/ACDB-LOADER( 806): ACDB -> send_hw_delay : acdb_id = 15 path = 0
09-22 22:39:53.773 D/ACDB-LOADER( 806): ACDB -> ACDB_AVSYNC_INFO: ACDB_CMD_GET_DEVICE_PROPERTY
09-22 22:39:53.773 D/msm8974_platform( 806): platform_split_snd_device: snd_device(2) num devices(0) new_snd_devices(0)
09-22 22:39:53.773 I/msm8974_platform( 806): platform_get_custom_mtmx_params: no matching param with id 0 ip_ch 2 op_ch 2 uc_id 1 snd_dev 2
09-22 22:39:53.773 D/audio_hw_primary( 806): enable_audio_route: apply mixer and update path: low-latency-playback
09-22 22:39:53.773 D/audio_route( 806): Apply path: low-latency-playback
09-22 22:39:53.775 D/audio_hw_primary( 806): select_devices: done
09-22 22:39:53.775 D/FreeFormWindowHelper( 1496): Add freeform task=Task{509db8d #32 type=standard A=1000:com.android.settings.root U=0 visible=true mode=freeform translucent=true sz=1}
09-22 22:39:53.780 I/wm_set_resumed_activity( 1496): [0,com.android.settings/.Settings,resumeTopActivityInnerLocked]
09-22 22:39:53.781 I/wm_resume_activity( 1496): [0,159182179,32,com.android.settings/.Settings]
09-22 22:39:53.782 I/wm_new_intent( 1496): [0,159182179,32,com.android.settings/.Settings,android.intent.action.MAIN,NULL,NULL,270532608]
09-22 22:39:53.782 D/CompatibilityInfo( 1496): mCompatibilityFlags - 4
09-22 22:39:53.783 D/CompatibilityInfo( 1496): applicationDensity - 240
09-22 22:39:53.783 D/CompatibilityInfo( 1496): applicationScale - 1.0
09-22 22:39:53.788 D/StateManager( 2390): goToState: Normal
09-22 22:39:53.790 I/wm_on_top_resumed_lost_called( 2390): [261001500,com.android.launcher3.uioverrides.QuickstepLauncher,topStateChangedWhenResumed]
09-22 22:39:53.800 I/wm_on_restart_called( 4134): [159182179,com.android.settings.Settings,performRestartActivity]
09-22 22:39:53.801 D/msm8974_platform( 806): platform_set_channel_map mixer_ctl_name:Playback Channel Map9
09-22 22:39:53.801 D/msm8974_platform( 806): platform_set_channel_map: set mapping(1 2 0 0 0 0 0 0) for channel:2
09-22 22:39:53.802 I/BpBinder( 961): onLastStrongRef automatically unlinking death recipients:
09-22 22:39:53.803 E/audio_hw_extn( 806): audio_extn_perf_lock_release: Perf lock release error
09-22 22:39:53.803 D/audio_hw_primary( 806): start_output_stream: exit
09-22 22:39:53.806 D/ConnectivityService( 1496): requestNetwork for uid/pid:1000/4134 activeRequest: null callbackRequest: 92 [NetworkRequest [ REQUEST id=93, [ Capabilities: INTERNET&NOT_RESTRICTED&TRUSTED&NOT_VCN_MANAGED Uid: 1000 RequestorUid: 1000 RequestorPkg: com.android.settings] ]] callback flags: 0 priority: 2147483647
09-22 22:39:53.807 D/ConnectivityService( 1496): NetReassign [no changes]
09-22 22:39:53.808 D/ConnectivityService( 1496): requestNetwork for uid/pid:1000/4134 activeRequest: null callbackRequest: 95 [NetworkRequest [ REQUEST id=96, [ Capabilities: INTERNET&NOT_RESTRICTED&TRUSTED&NOT_VCN_MANAGED Uid: 1000 RequestorUid: 1000 RequestorPkg: com.android.settings] ]] callback flags: 0 priority: 2147483647
09-22 22:39:53.808 D/WifiNetworkFactory( 1496): got request NetworkRequest [ REQUEST id=93, [ Capabilities: INTERNET&NOT_RESTRICTED&TRUSTED&NOT_VCN_MANAGED Uid: 1000 RequestorUid: 1000 RequestorPkg: com.android.settings] ]
09-22 22:39:53.808 D/UntrustedWifiNetworkFactory( 1496): got request NetworkRequest [ REQUEST id=93, [ Capabilities: INTERNET&NOT_RESTRICTED&TRUSTED&NOT_VCN_MANAGED Uid: 1000 RequestorUid: 1000 RequestorPkg: com.android.settings] ]
09-22 22:39:53.808 D/ConnectivityService( 1496): NetReassign [no changes]
09-22 22:39:53.808 D/OemPaidWifiNetworkFactory( 1496): got request NetworkRequest [ REQUEST id=93, [ Capabilities: INTERNET&NOT_RESTRICTED&TRUSTED&NOT_VCN_MANAGED Uid: 1000 RequestorUid: 1000 RequestorPkg: com.android.settings] ]
09-22 22:39:53.809 D/ConnectivityService( 1496): NetReassign [no changes]
09-22 22:39:53.810 D/WifiNetworkFactory( 1496): got request NetworkRequest [ REQUEST id=96, [ Capabilities: INTERNET&NOT_RESTRICTED&TRUSTED&NOT_VCN_MANAGED Uid: 1000 RequestorUid: 1000 RequestorPkg: com.android.settings] ]
09-22 22:39:53.810 D/UntrustedWifiNetworkFactory( 1496): got request NetworkRequest [ REQUEST id=96, [ Capabilities: INTERNET&NOT_RESTRICTED&TRUSTED&NOT_VCN_MANAGED Uid: 1000 RequestorUid: 1000 RequestorPkg: com.android.settings] ]
09-22 22:39:53.810 D/OemPaidWifiNetworkFactory( 1496): got request NetworkRequest [ REQUEST id=96, [ Capabilities: INTERNET&NOT_RESTRICTED&TRUSTED&NOT_VCN_MANAGED Uid: 1000 RequestorUid: 1000 RequestorPkg: com.android.settings] ]
09-22 22:39:53.810 D/Ethernet( 1496): got request NetworkRequest [ REQUEST id=93, [ Capabilities: INTERNET&NOT_RESTRICTED&TRUSTED&NOT_VCN_MANAGED Uid: 1000 RequestorUid: 1000 RequestorPkg: com.android.settings] ]
09-22 22:39:53.810 I/TetheringManager( 4134): registerTetheringEventCallback caller:com.android.settings
09-22 22:39:53.810 D/EthernetNetworkFactory( 1496): acceptRequest, request: NetworkRequest [ REQUEST id=93, [ Capabilities: INTERNET&NOT_RESTRICTED&TRUSTED&NOT_VCN_MANAGED Uid: 1000 RequestorUid: 1000 RequestorPkg: com.android.settings] ]
