09-22 22:29:05.355 I/sysui_multi_action( 1811): [757,113,758,1,759,113,927,1,928,1,1593,1]
09-22 22:29:05.355 I/sysui_multi_action( 1811): [757,0,758,1,759,0,927,2,928,0,1593,1]
09-22 22:29:05.355 I/sysui_multi_action( 1811): [757,0,758,1,759,0,927,3,928,0,1593,1]
09-22 22:29:05.368 I/sysui_multi_action( 1811): [757,111,758,2]
09-22 22:29:05.368 I/notification_enqueue( 1496): [10081,1811,com.android.systemui,2048,NULL,0,Notification(channel=updateNotification shortcut=null contentView=null vibrate=null sound=null defaults=0x0 flags=0x0 color=0x00000000 vis=PRIVATE),1]
09-22 22:29:05.368 I/sysui_multi_action( 1811): [757,111,758,2]
09-22 22:29:05.372 I/sysui_multi_action( 1811): [757,111,758,1]
09-22 22:29:05.372 I/sysui_multi_action( 1811): [757,126,758,1,759,126,927,0,928,0,1593,1]
09-22 22:29:05.372 I/sysui_multi_action( 1811): [757,113,758,1,759,113,927,1,928,1,1593,1]
09-22 22:29:05.372 I/sysui_multi_action( 1811): [757,0,758,1,759,0,927,2,928,0,1593,1]
09-22 22:29:05.373 I/sysui_multi_action( 1811): [757,0,758,1,759,0,927,3,928,0,1593,1]
09-22 22:29:05.373 I/sysui_multi_action( 1811): [757,1706,758,1,759,1706,927,4,928,0,1593,1]
09-22 22:29:05.373 I/sysui_multi_action( 1811): [757,491,758,1,759,491,927,5,928,0,1311,-1,1593,0]
09-22 22:29:05.373 I/sysui_multi_action( 1811): [757,0,758,1,759,0,927,6,928,0,1593,0]
09-22 22:29:05.373 I/sysui_multi_action( 1811): [757,111,758,1]
09-22 22:29:05.373 I/sysui_multi_action( 1811): [757,126,758,1,759,126,927,0,928,0,1593,1]
09-22 22:29:05.373 I/sysui_multi_action( 1811): [757,113,758,1,759,113,927,1,928,1,1593,1]
09-22 22:29:05.373 I/sysui_multi_action( 1811): [757,0,758,1,759,0,927,2,928,0,1593,1]
09-22 22:29:05.373 I/sysui_multi_action( 1811): [757,0,758,1,759,0,927,3,928,0,1593,1]
09-22 22:29:05.387 I/notification_enqueue( 1496): [10081,1811,com.android.systemui,2048,NULL,0,Notification(channel=updateNotification shortcut=null contentView=null vibrate=null sound=null defaults=0x0 flags=0x0 color=0x00000000 vis=PRIVATE),1]
09-22 22:29:05.389 I/sysui_multi_action( 1811): [757,111,758,2]
09-22 22:29:05.389 I/sysui_multi_action( 1811): [757,111,758,2]
09-22 22:29:05.393 I/sysui_multi_action( 1811): [757,111,758,1]
09-22 22:29:05.393 I/sysui_multi_action( 1811): [757,126,758,1,759,126,927,0,928,0,1593,1]
09-22 22:29:05.393 I/sysui_multi_action( 1811): [757,113,758,1,759,113,927,1,928,1,1593,1]
09-22 22:29:05.393 I/sysui_multi_action( 1811): [757,0,758,1,759,0,927,2,928,0,1593,1]
09-22 22:29:05.393 I/sysui_multi_action( 1811): [757,0,758,1,759,0,927,3,928,0,1593,1]
09-22 22:29:05.393 I/sysui_multi_action( 1811): [757,1706,758,1,759,1706,927,4,928,0,1593,1]
09-22 22:29:05.393 I/sysui_multi_action( 1811): [757,491,758,1,759,491,927,5,928,0,1311,-1,1593,0]
09-22 22:29:05.394 I/sysui_multi_action( 1811): [757,0,758,1,759,0,927,6,928,0,1593,0]
09-22 22:29:05.394 I/sysui_multi_action( 1811): [757,111,758,1]
09-22 22:29:05.394 I/sysui_multi_action( 1811): [757,126,758,1,759,126,927,0,928,0,1593,1]
09-22 22:29:05.394 I/sysui_multi_action( 1811): [757,113,758,1,759,113,927,1,928,1,1593,1]
09-22 22:29:05.394 I/sysui_multi_action( 1811): [757,0,758,1,759,0,927,2,928,0,1593,1]
09-22 22:29:05.394 I/sysui_multi_action( 1811): [757,0,758,1,759,0,927,3,928,0,1593,1]
09-22 22:29:05.407 I/sysui_multi_action( 1811): [757,111,758,2]
09-22 22:29:05.407 I/sysui_multi_action( 1811): [757,111,758,2]
09-22 22:29:05.407 I/notification_enqueue( 1496): [10081,1811,com.android.systemui,2048,NULL,0,Notification(channel=updateNotification shortcut=null contentView=null vibrate=null sound=null defaults=0x0 flags=0x0 color=0x00000000 vis=PRIVATE),1]
09-22 22:29:05.410 I/sysui_multi_action( 1811): [757,111,758,1]
09-22 22:29:05.411 I/sysui_multi_action( 1811): [757,126,758,1,759,126,927,0,928,0,1593,1]
09-22 22:29:05.411 I/sysui_multi_action( 1811): [757,113,758,1,759,113,927,1,928,1,1593,1]
09-22 22:29:05.411 I/sysui_multi_action( 1811): [757,0,758,1,759,0,927,2,928,0,1593,1]
09-22 22:29:05.411 I/sysui_multi_action( 1811): [757,0,758,1,759,0,927,3,928,0,1593,1]
09-22 22:29:05.411 I/sysui_multi_action( 1811): [757,1706,758,1,759,1706,927,4,928,0,1593,1]
09-22 22:29:05.411 I/sysui_multi_action( 1811): [757,491,758,1,759,491,927,5,928,0,1311,-1,1593,0]
09-22 22:29:05.411 I/sysui_multi_action( 1811): [757,0,758,1,759,0,927,6,928,0,1593,0]
09-22 22:29:05.411 I/sysui_multi_action( 1811): [757,111,758,1]
09-22 22:29:05.411 I/sysui_multi_action( 1811): [757,126,758,1,759,126,927,0,928,0,1593,1]
09-22 22:29:05.411 I/sysui_multi_action( 1811): [757,113,758,1,759,113,927,1,928,1,1593,1]
09-22 22:29:05.411 I/sysui_multi_action( 1811): [757,0,758,1,759,0,927,2,928,0,1593,1]
09-22 22:29:05.411 I/sysui_multi_action( 1811): [757,0,758,1,759,0,927,3,928,0,1593,1]
09-22 22:29:05.426 I/notification_enqueue( 1496): [10081,1811,com.android.systemui,2048,NULL,0,Notification(channel=updateNotification shortcut=null contentView=null vibrate=null sound=null defaults=0x0 flags=0x0 color=0x00000000 vis=PRIVATE),1]
09-22 22:29:05.426 I/sysui_multi_action( 1811): [757,111,758,2]
09-22 22:29:05.427 I/sysui_multi_action( 1811): [757,111,758,2]
09-22 22:29:05.430 I/sysui_multi_action( 1811): [757,111,758,1]
09-22 22:29:05.430 I/sysui_multi_action( 1811): [757,126,758,1,759,126,927,0,928,0,1593,1]
09-22 22:29:05.430 I/sysui_multi_action( 1811): [757,113,758,1,759,113,927,1,928,1,1593,1]
09-22 22:29:05.430 I/sysui_multi_action( 1811): [757,0,758,1,759,0,927,2,928,0,1593,1]
09-22 22:29:05.430 I/sysui_multi_action( 1811): [757,0,758,1,759,0,927,3,928,0,1593,1]
09-22 22:29:05.430 I/sysui_multi_action( 1811): [757,1706,758,1,759,1706,927,4,928,0,1593,1]
09-22 22:29:05.431 I/sysui_multi_action( 1811): [757,491,758,1,759,491,927,5,928,0,1311,-1,1593,0]
09-22 22:29:05.431 I/sysui_multi_action( 1811): [757,0,758,1,759,0,927,6,928,0,1593,0]
09-22 22:29:05.431 I/sysui_multi_action( 1811): [757,111,758,1]
09-22 22:29:05.431 I/sysui_multi_action( 1811): [757,126,758,1,759,126,927,0,928,0,1593,1]
09-22 22:29:05.431 I/sysui_multi_action( 1811): [757,113,758,1,759,113,927,1,928,1,1593,1]
09-22 22:29:05.431 I/sysui_multi_action( 1811): [757,0,758,1,759,0,927,2,928,0,1593,1]
09-22 22:29:05.431 I/sysui_multi_action( 1811): [757,0,758,1,759,0,927,3,928,0,1593,1]
09-22 22:29:05.433 I/sysui_multi_action( 1496): [757,1501,758,1,793,132508,794,0,795,205,796,2048,806,com.android.systemui,857,updateNotification,858,3,947,0,1500,0,1688,1]
09-22 22:29:05.433 I/sysui_multi_action( 1496): [757,804,799,note_interruptive,801,0,802,1]
09-22 22:29:05.433 I/sysui_multi_action( 1496): [757,199,758,1,759,2,793,132508,794,0,795,205,796,2048,806,com.android.systemui,857,updateNotification,858,3,947,0,1500,0,1688,1]
09-22 22:29:05.433 I/notification_alert( 1496): [0|com.android.systemui|2048|null|10081,0,1,0]
09-22 22:29:05.444 I/sysui_multi_action( 1811): [757,111,758,2]
09-22 22:29:05.444 I/sysui_multi_action( 1811): [757,111,758,2]
09-22 22:29:05.444 I/notification_enqueue( 1496): [10081,1811,com.android.systemui,2048,NULL,0,Notification(channel=updateNotification shortcut=null contentView=null vibrate=null sound=null defaults=0x0 flags=0x0 color=0x00000000 vis=PRIVATE),1]
09-22 22:29:05.447 I/sysui_multi_action( 1811): [757,111,758,1]
09-22 22:29:05.447 I/sysui_multi_action( 1811): [757,126,758,1,759,126,927,0,928,0,1593,0]
09-22 22:29:05.447 I/sysui_multi_action( 1811): [757,113,758,1,759,113,927,1,928,1,1593,0]
09-22 22:29:05.447 I/sysui_multi_action( 1811): [757,0,758,1,759,0,927,2,928,0,1593,0]
09-22 22:29:05.447 I/sysui_multi_action( 1811): [757,0,758,1,759,0,927,3,928,0,1593,0]
09-22 22:29:05.447 I/sysui_multi_action( 1811): [757,1706,758,1,759,1706,927,4,928,0,1593,0]
09-22 22:29:05.447 I/sysui_multi_action( 1811): [757,491,758,1,759,491,927,5,928,0,1311,-1,1593,1]
09-22 22:29:05.448 I/sysui_multi_action( 1811): [757,0,758,1,759,0,927,6,928,0,1593,1]
09-22 22:29:05.448 I/sysui_multi_action( 1811): [757,111,758,1]
09-22 22:29:05.448 I/sysui_multi_action( 1811): [757,126,758,1,759,126,927,0,928,0,1593,0]
09-22 22:29:05.448 I/sysui_multi_action( 1811): [757,113,758,1,759,113,927,1,928,1,1593,0]
09-22 22:29:05.448 I/sysui_multi_action( 1811): [757,0,758,1,759,0,927,2,928,0,1593,0]
09-22 22:29:05.448 I/sysui_multi_action( 1811): [757,0,758,1,759,0,927,3,928,0,1593,0]
09-22 22:29:05.463 I/notification_enqueue( 1496): [10081,1811,com.android.systemui,2048,NULL,0,Notification(channel=updateNotification shortcut=null contentView=null vibrate=null sound=null defaults=0x0 flags=0x0 color=0x00000000 vis=PRIVATE),1]
09-22 22:29:05.463 I/sysui_multi_action( 1811): [757,111,758,2]
09-22 22:29:05.463 I/sysui_multi_action( 1811): [757,111,758,2]
09-22 22:29:05.467 I/sysui_multi_action( 1811): [757,111,758,1]
09-22 22:29:05.467 I/sysui_multi_action( 1811): [757,126,758,1,759,126,927,0,928,0,1593,1]
09-22 22:29:05.467 I/sysui_multi_action( 1811): [757,113,758,1,759,113,927,1,928,1,1593,1]
09-22 22:29:05.467 I/sysui_multi_action( 1811): [757,0,758,1,759,0,927,2,928,0,1593,1]
09-22 22:29:05.467 I/sysui_multi_action( 1811): [757,0,758,1,759,0,927,3,928,0,1593,1]
09-22 22:29:05.467 I/sysui_multi_action( 1811): [757,1706,758,1,759,1706,927,4,928,0,1593,1]
09-22 22:29:05.467 I/sysui_multi_action( 1811): [757,491,758,1,759,491,927,5,928,0,1311,-1,1593,0]
09-22 22:29:05.467 I/sysui_multi_action( 1811): [757,0,758,1,759,0,927,6,928,0,1593,0]
09-22 22:29:05.467 I/sysui_multi_action( 1811): [757,111,758,1]
09-22 22:29:05.467 I/sysui_multi_action( 1811): [757,126,758,1,759,126,927,0,928,0,1593,1]
09-22 22:29:05.467 I/sysui_multi_action( 1811): [757,113,758,1,759,113,927,1,928,1,1593,1]
09-22 22:29:05.467 I/sysui_multi_action( 1811): [757,0,758,1,759,0,927,2,928,0,1593,1]
09-22 22:29:05.467 I/sysui_multi_action( 1811): [757,0,758,1,759,0,927,3,928,0,1593,1]
09-22 22:29:05.483 I/notification_enqueue( 1496): [10081,1811,com.android.systemui,2048,NULL,0,Notification(channel=updateNotification shortcut=null contentView=null vibrate=null sound=null defaults=0x0 flags=0x0 color=0x00000000 vis=PRIVATE),1]
09-22 22:29:05.484 I/sysui_multi_action( 1811): [757,111,758,2]
09-22 22:29:05.484 I/sysui_multi_action( 1811): [757,111,758,2]
09-22 22:29:05.488 I/sysui_multi_action( 1811): [757,111,758,1]
09-22 22:29:05.488 I/sysui_multi_action( 1811): [757,126,758,1,759,126,927,0,928,0,1593,1]
09-22 22:29:05.488 I/sysui_multi_action( 1811): [757,113,758,1,759,113,927,1,928,1,1593,1]
09-22 22:29:05.488 I/sysui_multi_action( 1811): [757,0,758,1,759,0,927,2,928,0,1593,1]
09-22 22:29:05.488 I/sysui_multi_action( 1811): [757,0,758,1,759,0,927,3,928,0,1593,1]
09-22 22:29:05.488 I/sysui_multi_action( 1811): [757,1706,758,1,759,1706,927,4,928,0,1593,1]
09-22 22:29:05.488 I/sysui_multi_action( 1811): [757,491,758,1,759,491,927,5,928,0,1311,-1,1593,0]
09-22 22:29:05.488 I/sysui_multi_action( 1811): [757,0,758,1,759,0,927,6,928,0,1593,0]
09-22 22:29:05.488 I/sysui_multi_action( 1811): [757,111,758,1]
09-22 22:29:05.488 I/sysui_multi_action( 1811): [757,126,758,1,759,126,927,0,928,0,1593,1]
09-22 22:29:05.488 I/sysui_multi_action( 1811): [757,113,758,1,759,113,927,1,928,1,1593,1]
09-22 22:29:05.488 I/sysui_multi_action( 1811): [757,0,758,1,759,0,927,2,928,0,1593,1]
09-22 22:29:05.488 I/sysui_multi_action( 1811): [757,0,758,1,759,0,927,3,928,0,1593,1]
09-22 22:29:05.507 I/sysui_multi_action( 1811): [757,111,758,2]
09-22 22:29:05.507 I/notification_enqueue( 1496): [10081,1811,com.android.systemui,2048,NULL,0,Notification(channel=updateNotification shortcut=null contentView=null vibrate=null sound=null defaults=0x0 flags=0x0 color=0x00000000 vis=PRIVATE),1]
09-22 22:29:05.507 I/sysui_multi_action( 1811): [757,111,758,2]
09-22 22:29:05.511 I/sysui_multi_action( 1811): [757,111,758,1]
09-22 22:29:05.511 I/sysui_multi_action( 1811): [757,126,758,1,759,126,927,0,928,0,1593,1]
09-22 22:29:05.511 I/sysui_multi_action( 1811): [757,113,758,1,759,113,927,1,928,1,1593,1]
09-22 22:29:05.511 I/sysui_multi_action( 1811): [757,0,758,1,759,0,927,2,928,0,1593,1]
09-22 22:29:05.511 I/sysui_multi_action( 1811): [757,0,758,1,759,0,927,3,928,0,1593,1]
09-22 22:29:05.511 I/sysui_multi_action( 1811): [757,1706,758,1,759,1706,927,4,928,0,1593,1]
09-22 22:29:05.511 I/sysui_multi_action( 1811): [757,491,758,1,759,491,927,5,928,0,1311,-1,1593,0]
09-22 22:29:05.512 I/sysui_multi_action( 1811): [757,0,758,1,759,0,927,6,928,0,1593,0]
09-22 22:29:05.512 I/sysui_multi_action( 1811): [757,111,758,1]
09-22 22:29:05.512 I/sysui_multi_action( 1811): [757,126,758,1,759,126,927,0,928,0,1593,1]
09-22 22:29:05.512 I/sysui_multi_action( 1811): [757,113,758,1,759,113,927,1,928,1,1593,1]
09-22 22:29:05.512 I/sysui_multi_action( 1811): [757,0,758,1,759,0,927,2,928,0,1593,1]
09-22 22:29:05.512 I/sysui_multi_action( 1811): [757,0,758,1,759,0,927,3,928,0,1593,1]
09-22 22:29:05.526 I/notification_enqueue( 1496): [10081,1811,com.android.systemui,2048,NULL,0,Notification(channel=updateNotification shortcut=null contentView=null vibrate=null sound=null defaults=0x0 flags=0x0 color=0x00000000 vis=PRIVATE),1]
09-22 22:29:05.526 I/sysui_multi_action( 1811): [757,111,758,2]
09-22 22:29:05.526 I/sysui_multi_action( 1811): [757,111,758,2]
09-22 22:29:05.531 I/sysui_multi_action( 1811): [757,111,758,1]
09-22 22:29:05.531 I/sysui_multi_action( 1811): [757,126,758,1,759,126,927,0,928,0,1593,1]
09-22 22:29:05.531 I/sysui_multi_action( 1811): [757,113,758,1,759,113,927,1,928,1,1593,1]
09-22 22:29:05.531 I/sysui_multi_action( 1811): [757,0,758,1,759,0,927,2,928,0,1593,1]
09-22 22:29:05.531 I/sysui_multi_action( 1811): [757,0,758,1,759,0,927,3,928,0,1593,1]
09-22 22:29:05.531 I/sysui_multi_action( 1811): [757,1706,758,1,759,1706,927,4,928,0,1593,1]
09-22 22:29:05.531 I/sysui_multi_action( 1811): [757,491,758,1,759,491,927,5,928,0,1311,-1,1593,0]
09-22 22:29:05.531 I/sysui_multi_action( 1811): [757,0,758,1,759,0,927,6,928,0,1593,0]
09-22 22:29:05.531 I/sysui_multi_action( 1811): [757,111,758,1]
09-22 22:29:05.532 I/sysui_multi_action( 1811): [757,126,758,1,759,126,927,0,928,0,1593,1]
09-22 22:29:05.532 I/sysui_multi_action( 1811): [757,113,758,1,759,113,927,1,928,1,1593,1]
09-22 22:29:05.532 I/sysui_multi_action( 1811): [757,0,758,1,759,0,927,2,928,0,1593,1]
09-22 22:29:05.532 I/sysui_multi_action( 1811): [757,0,758,1,759,0,927,3,928,0,1593,1]
09-22 22:29:05.553 I/notification_enqueue( 1496): [10081,1811,com.android.systemui,2048,NULL,0,Notification(channel=updateNotification shortcut=null contentView=null vibrate=null sound=null defaults=0x0 flags=0x0 color=0x00000000 vis=PRIVATE),1]
09-22 22:29:05.554 I/sysui_multi_action( 1811): [757,111,758,2]
09-22 22:29:05.554 I/sysui_multi_action( 1811): [757,111,758,2]
09-22 22:29:05.567 I/sysui_multi_action( 1811): [757,111,758,1]
09-22 22:29:05.567 I/sysui_multi_action( 1811): [757,126,758,1,759,126,927,0,928,0,1593,1]
09-22 22:29:05.567 I/sysui_multi_action( 1811): [757,113,758,1,759,113,927,1,928,1,1593,1]
09-22 22:29:05.567 I/sysui_multi_action( 1811): [757,0,758,1,759,0,927,2,928,0,1593,1]
09-22 22:29:05.567 I/sysui_multi_action( 1811): [757,0,758,1,759,0,927,3,928,0,1593,1]
09-22 22:29:05.567 I/sysui_multi_action( 1811): [757,1706,758,1,759,1706,927,4,928,0,1593,1]
09-22 22:29:05.567 I/sysui_multi_action( 1811): [757,491,758,1,759,491,927,5,928,0,1311,-1,1593,0]
09-22 22:29:05.567 I/sysui_multi_action( 1811): [757,0,758,1,759,0,927,6,928,0,1593,0]
09-22 22:29:05.568 I/sysui_multi_action( 1811): [757,111,758,1]
09-22 22:29:05.568 I/sysui_multi_action( 1811): [757,126,758,1,759,126,927,0,928,0,1593,1]
09-22 22:29:05.568 I/sysui_multi_action( 1811): [757,113,758,1,759,113,927,1,928,1,1593,1]
09-22 22:29:05.568 I/sysui_multi_action( 1811): [757,0,758,1,759,0,927,2,928,0,1593,1]
09-22 22:29:05.568 I/sysui_multi_action( 1811): [757,0,758,1,759,0,927,3,928,0,1593,1]
09-22 22:29:05.587 I/sysui_multi_action( 1811): [757,111,758,2]
09-22 22:29:05.587 I/notification_enqueue( 1496): [10081,1811,com.android.systemui,2048,NULL,0,Notification(channel=updateNotification shortcut=null contentView=null vibrate=null sound=null defaults=0x0 flags=0x0 color=0x00000000 vis=PRIVATE),1]
09-22 22:29:05.587 I/sysui_multi_action( 1811): [757,111,758,2]
09-22 22:29:05.595 I/sysui_multi_action( 1496): [757,128,758,2,793,139705,794,9345,795,139705,796,26,798,0,806,android,857,DEVELOPER_IMPORTANT,858,4,947,0,1395,2,1500,139178,1688,1]
09-22 22:29:05.595 I/notification_visibility( 1496): [-1|android|26|null|1000,0,139705,139705,0,0]
09-22 22:29:05.595 I/sysui_multi_action( 1496): [757,128,758,2,793,140534,794,9344,795,140534,796,32,798,1,806,android,857,USB,858,1,947,0,1395,2,1500,140286,1688,1]
09-22 22:29:05.595 I/notification_visibility( 1496): [-1|android|32|null|1000,0,140534,140534,0,1]
09-22 22:29:05.595 I/sysui_multi_action( 1496): [757,127,758,2]
09-22 22:29:05.595 I/notification_panel_hidden( 1496):
09-22 22:29:05.597 I/sysui_multi_action( 1811): [757,111,758,1]
09-22 22:29:05.597 I/sysui_multi_action( 1811): [757,126,758,1,759,126,927,0,928,0,1593,1]
09-22 22:29:05.597 I/sysui_multi_action( 1811): [757,113,758,1,759,113,927,1,928,1,1593,1]
09-22 22:29:05.597 I/sysui_multi_action( 1811): [757,0,758,1,759,0,927,2,928,0,1593,1]
09-22 22:29:05.597 I/sysui_multi_action( 1811): [757,0,758,1,759,0,927,3,928,0,1593,1]
09-22 22:29:05.597 I/sysui_multi_action( 1811): [757,1706,758,1,759,1706,927,4,928,0,1593,1]
09-22 22:29:05.597 I/sysui_multi_action( 1811): [757,491,758,1,759,491,927,5,928,0,1311,-1,1593,0]
09-22 22:29:05.598 I/sysui_multi_action( 1811): [757,0,758,1,759,0,927,6,928,0,1593,0]
09-22 22:29:05.598 I/sysui_multi_action( 1811): [757,111,758,1]
09-22 22:29:05.598 I/sysui_multi_action( 1811): [757,126,758,1,759,126,927,0,928,0,1593,1]
09-22 22:29:05.598 I/sysui_multi_action( 1811): [757,113,758,1,759,113,927,1,928,1,1593,1]
09-22 22:29:05.598 I/sysui_multi_action( 1811): [757,0,758,1,759,0,927,2,928,0,1593,1]
09-22 22:29:05.598 I/sysui_multi_action( 1811): [757,0,758,1,759,0,927,3,928,0,1593,1]
09-22 22:29:20.341 I/am_uid_idle( 1496): 10092
09-22 22:29:23.141 I/am_uid_idle( 1496): 10066
09-22 22:29:25.786 I/am_uid_idle( 1496): 10067
09-22 22:29:47.646 I/am_uid_idle( 1496): 10088
09-22 22:29:58.004 I/sysui_multi_action( 1496): [757,1696,758,6,759,2]
09-22 22:29:58.021 I/am_wtf ( 1496): [0,1496,system_server,-1,DisplayDeviceConfig,requesting nits when no mapping exists.]
09-22 22:29:58.025 I/am_wtf ( 1496): [0,1496,system_server,-1,DisplayDeviceConfig,requesting nits when no mapping exists.]
09-22 22:29:58.038 I/am_wtf ( 1496): [0,1496,system_server,-1,DisplayDeviceConfig,requesting nits when no mapping exists.]
09-22 22:29:58.040 I/am_wtf ( 1496): [0,1496,system_server,-1,DisplayDeviceConfig,requesting nits when no mapping exists.]
09-22 22:29:58.054 I/am_wtf ( 1496): [0,1496,system_server,-1,DisplayDeviceConfig,requesting nits when no mapping exists.]
09-22 22:29:58.056 I/am_wtf ( 1496): [0,1496,system_server,-1,DisplayDeviceConfig,requesting nits when no mapping exists.]
09-22 22:29:58.071 I/am_wtf ( 1496): [0,1496,system_server,-1,DisplayDeviceConfig,requesting nits when no mapping exists.]
09-22 22:29:58.072 I/am_wtf ( 1496): [0,1496,system_server,-1,DisplayDeviceConfig,requesting nits when no mapping exists.]
09-22 22:29:58.088 I/am_wtf ( 1496): [0,1496,system_server,-1,DisplayDeviceConfig,requesting nits when no mapping exists.]
09-22 22:29:58.089 I/am_wtf ( 1496): [0,1496,system_server,-1,DisplayDeviceConfig,requesting nits when no mapping exists.]
09-22 22:29:58.105 I/am_wtf ( 1496): [0,1496,system_server,-1,DisplayDeviceConfig,requesting nits when no mapping exists.]
09-22 22:29:58.106 I/am_wtf ( 1496): [0,1496,system_server,-1,DisplayDeviceConfig,requesting nits when no mapping exists.]
09-22 22:29:58.122 I/am_wtf ( 1496): [0,1496,system_server,-1,DisplayDeviceConfig,requesting nits when no mapping exists.]
09-22 22:29:58.123 I/am_wtf ( 1496): [0,1496,system_server,-1,DisplayDeviceConfig,requesting nits when no mapping exists.]
09-22 22:29:58.138 I/am_wtf ( 1496): [0,1496,system_server,-1,DisplayDeviceConfig,requesting nits when no mapping exists.]
09-22 22:29:58.140 I/am_wtf ( 1496): [0,1496,system_server,-1,DisplayDeviceConfig,requesting nits when no mapping exists.]
09-22 22:29:58.155 I/am_wtf ( 1496): [0,1496,system_server,-1,DisplayDeviceConfig,requesting nits when no mapping exists.]
09-22 22:29:58.156 I/am_wtf ( 1496): [0,1496,system_server,-1,DisplayDeviceConfig,requesting nits when no mapping exists.]
09-22 22:29:58.172 I/am_wtf ( 1496): [0,1496,system_server,-1,DisplayDeviceConfig,requesting nits when no mapping exists.]
09-22 22:29:58.173 I/am_wtf ( 1496): [0,1496,system_server,-1,DisplayDeviceConfig,requesting nits when no mapping exists.]
09-22 22:29:58.189 I/am_wtf ( 1496): [0,1496,system_server,-1,DisplayDeviceConfig,requesting nits when no mapping exists.]
09-22 22:29:58.190 I/am_wtf ( 1496): [0,1496,system_server,-1,DisplayDeviceConfig,requesting nits when no mapping exists.]
09-22 22:29:58.206 I/am_wtf ( 1496): [0,1496,system_server,-1,DisplayDeviceConfig,requesting nits when no mapping exists.]
09-22 22:29:58.207 I/am_wtf ( 1496): [0,1496,system_server,-1,DisplayDeviceConfig,requesting nits when no mapping exists.]
09-22 22:29:58.223 I/am_wtf ( 1496): [0,1496,system_server,-1,DisplayDeviceConfig,requesting nits when no mapping exists.]
09-22 22:29:58.223 I/am_wtf ( 1496): [0,1496,system_server,-1,DisplayDeviceConfig,requesting nits when no mapping exists.]
09-22 22:29:58.239 I/am_wtf ( 1496): [0,1496,system_server,-1,DisplayDeviceConfig,requesting nits when no mapping exists.]
09-22 22:29:58.240 I/am_wtf ( 1496): [0,1496,system_server,-1,DisplayDeviceConfig,requesting nits when no mapping exists.]
09-22 22:29:58.255 I/am_wtf ( 1496): [0,1496,system_server,-1,DisplayDeviceConfig,requesting nits when no mapping exists.]
09-22 22:29:58.256 I/am_wtf ( 1496): [0,1496,system_server,-1,DisplayDeviceConfig,requesting nits when no mapping exists.]
09-22 22:29:58.272 I/am_wtf ( 1496): [0,1496,system_server,-1,DisplayDeviceConfig,requesting nits when no mapping exists.]
09-22 22:29:58.273 I/am_wtf ( 1496): [0,1496,system_server,-1,DisplayDeviceConfig,requesting nits when no mapping exists.]
09-22 22:29:58.289 I/am_wtf ( 1496): [0,1496,system_server,-1,DisplayDeviceConfig,requesting nits when no mapping exists.]
09-22 22:29:58.290 I/am_wtf ( 1496): [0,1496,system_server,-1,DisplayDeviceConfig,requesting nits when no mapping exists.]
09-22 22:29:58.305 I/am_wtf ( 1496): [0,1496,system_server,-1,DisplayDeviceConfig,requesting nits when no mapping exists.]
09-22 22:29:58.306 I/am_wtf ( 1496): [0,1496,system_server,-1,DisplayDeviceConfig,requesting nits when no mapping exists.]
09-22 22:29:58.323 I/am_wtf ( 1496): [0,1496,system_server,-1,DisplayDeviceConfig,requesting nits when no mapping exists.]
09-22 22:29:58.324 I/am_wtf ( 1496): [0,1496,system_server,-1,DisplayDeviceConfig,requesting nits when no mapping exists.]
09-22 22:29:58.339 I/am_wtf ( 1496): [0,1496,system_server,-1,DisplayDeviceConfig,requesting nits when no mapping exists.]
09-22 22:29:58.340 I/am_wtf ( 1496): [0,1496,system_server,-1,DisplayDeviceConfig,requesting nits when no mapping exists.]
09-22 22:29:58.355 I/am_wtf ( 1496): [0,1496,system_server,-1,DisplayDeviceConfig,requesting nits when no mapping exists.]
09-22 22:29:58.356 I/am_wtf ( 1496): [0,1496,system_server,-1,DisplayDeviceConfig,requesting nits when no mapping exists.]
09-22 22:29:58.372 I/am_wtf ( 1496): [0,1496,system_server,-1,DisplayDeviceConfig,requesting nits when no mapping exists.]
09-22 22:29:58.373 I/am_wtf ( 1496): [0,1496,system_server,-1,DisplayDeviceConfig,requesting nits when no mapping exists.]
09-22 22:29:58.374 I/service_manager_stats( 1496): [100,45,56098]
09-22 22:29:58.389 I/am_wtf ( 1496): [0,1496,system_server,-1,DisplayDeviceConfig,requesting nits when no mapping exists.]
09-22 22:29:58.390 I/am_wtf ( 1496): [0,1496,system_server,-1,DisplayDeviceConfig,requesting nits when no mapping exists.]
09-22 22:29:58.405 I/am_wtf ( 1496): [0,1496,system_server,-1,DisplayDeviceConfig,requesting nits when no mapping exists.]
09-22 22:29:58.406 I/am_wtf ( 1496): [0,1496,system_server,-1,DisplayDeviceConfig,requesting nits when no mapping exists.]
09-22 22:29:58.423 I/am_wtf ( 1496): [0,1496,system_server,-1,DisplayDeviceConfig,requesting nits when no mapping exists.]
09-22 22:29:58.424 I/am_wtf ( 1496): [0,1496,system_server,-1,DisplayDeviceConfig,requesting nits when no mapping exists.]
09-22 22:29:58.439 I/am_wtf ( 1496): [0,1496,system_server,-1,DisplayDeviceConfig,requesting nits when no mapping exists.]
09-22 22:29:58.440 I/am_wtf ( 1496): [0,1496,system_server,-1,DisplayDeviceConfig,requesting nits when no mapping exists.]
09-22 22:29:58.456 I/am_wtf ( 1496): [0,1496,system_server,-1,DisplayDeviceConfig,requesting nits when no mapping exists.]
09-22 22:29:58.457 I/am_wtf ( 1496): [0,1496,system_server,-1,DisplayDeviceConfig,requesting nits when no mapping exists.]
09-22 22:29:58.472 I/am_wtf ( 1496): [0,1496,system_server,-1,DisplayDeviceConfig,requesting nits when no mapping exists.]
09-22 22:29:58.473 I/am_wtf ( 1496): [0,1496,system_server,-1,DisplayDeviceConfig,requesting nits when no mapping exists.]
09-22 22:29:58.489 I/am_wtf ( 1496): [0,1496,system_server,-1,DisplayDeviceConfig,requesting nits when no mapping exists.]
09-22 22:29:58.490 I/am_wtf ( 1496): [0,1496,system_server,-1,DisplayDeviceConfig,requesting nits when no mapping exists.]
09-22 22:29:58.505 I/am_wtf ( 1496): [0,1496,system_server,-1,DisplayDeviceConfig,requesting nits when no mapping exists.]
09-22 22:29:58.506 I/am_wtf ( 1496): [0,1496,system_server,-1,DisplayDeviceConfig,requesting nits when no mapping exists.]
09-22 22:29:58.522 I/am_wtf ( 1496): [0,1496,system_server,-1,DisplayDeviceConfig,requesting nits when no mapping exists.]
09-22 22:29:58.523 I/am_wtf ( 1496): [0,1496,system_server,-1,DisplayDeviceConfig,requesting nits when no mapping exists.]
09-22 22:29:58.539 I/am_wtf ( 1496): [0,1496,system_server,-1,DisplayDeviceConfig,requesting nits when no mapping exists.]
09-22 22:29:58.540 I/am_wtf ( 1496): [0,1496,system_server,-1,DisplayDeviceConfig,requesting nits when no mapping exists.]
09-22 22:29:58.556 I/am_wtf ( 1496): [0,1496,system_server,-1,DisplayDeviceConfig,requesting nits when no mapping exists.]
09-22 22:29:58.557 I/am_wtf ( 1496): [0,1496,system_server,-1,DisplayDeviceConfig,requesting nits when no mapping exists.]
09-22 22:29:58.572 I/am_wtf ( 1496): [0,1496,system_server,-1,DisplayDeviceConfig,requesting nits when no mapping exists.]
09-22 22:29:58.573 I/am_wtf ( 1496): [0,1496,system_server,-1,DisplayDeviceConfig,requesting nits when no mapping exists.]
09-22 22:29:58.590 I/am_wtf ( 1496): [0,1496,system_server,-1,DisplayDeviceConfig,requesting nits when no mapping exists.]
09-22 22:29:58.591 I/am_wtf ( 1496): [0,1496,system_server,-1,DisplayDeviceConfig,requesting nits when no mapping exists.]
09-22 22:29:58.606 I/am_wtf ( 1496): [0,1496,system_server,-1,DisplayDeviceConfig,requesting nits when no mapping exists.]
09-22 22:29:58.607 I/am_wtf ( 1496): [0,1496,system_server,-1,DisplayDeviceConfig,requesting nits when no mapping exists.]
09-22 22:29:58.623 I/am_wtf ( 1496): [0,1496,system_server,-1,DisplayDeviceConfig,requesting nits when no mapping exists.]
09-22 22:29:58.624 I/am_wtf ( 1496): [0,1496,system_server,-1,DisplayDeviceConfig,requesting nits when no mapping exists.]
09-22 22:29:58.640 I/am_wtf ( 1496): [0,1496,system_server,-1,DisplayDeviceConfig,requesting nits when no mapping exists.]
09-22 22:29:58.641 I/am_wtf ( 1496): [0,1496,system_server,-1,DisplayDeviceConfig,requesting nits when no mapping exists.]
09-22 22:29:58.656 I/am_wtf ( 1496): [0,1496,system_server,-1,DisplayDeviceConfig,requesting nits when no mapping exists.]
09-22 22:29:58.657 I/am_wtf ( 1496): [0,1496,system_server,-1,DisplayDeviceConfig,requesting nits when no mapping exists.]
09-22 22:29:58.672 I/am_wtf ( 1496): [0,1496,system_server,-1,DisplayDeviceConfig,requesting nits when no mapping exists.]
09-22 22:29:58.673 I/am_wtf ( 1496): [0,1496,system_server,-1,DisplayDeviceConfig,requesting nits when no mapping exists.]
09-22 22:29:58.689 I/am_wtf ( 1496): [0,1496,system_server,-1,DisplayDeviceConfig,requesting nits when no mapping exists.]
09-22 22:29:58.690 I/am_wtf ( 1496): [0,1496,system_server,-1,DisplayDeviceConfig,requesting nits when no mapping exists.]
09-22 22:29:58.706 I/am_wtf ( 1496): [0,1496,system_server,-1,DisplayDeviceConfig,requesting nits when no mapping exists.]
09-22 22:29:58.707 I/am_wtf ( 1496): [0,1496,system_server,-1,DisplayDeviceConfig,requesting nits when no mapping exists.]
09-22 22:29:58.723 I/am_wtf ( 1496): [0,1496,system_server,-1,DisplayDeviceConfig,requesting nits when no mapping exists.]
09-22 22:29:58.724 I/am_wtf ( 1496): [0,1496,system_server,-1,DisplayDeviceConfig,requesting nits when no mapping exists.]
09-22 22:29:58.740 I/am_wtf ( 1496): [0,1496,system_server,-1,DisplayDeviceConfig,requesting nits when no mapping exists.]
09-22 22:29:58.741 I/am_wtf ( 1496): [0,1496,system_server,-1,DisplayDeviceConfig,requesting nits when no mapping exists.]
09-22 22:29:58.756 I/am_wtf ( 1496): [0,1496,system_server,-1,DisplayDeviceConfig,requesting nits when no mapping exists.]
09-22 22:29:58.757 I/am_wtf ( 1496): [0,1496,system_server,-1,DisplayDeviceConfig,requesting nits when no mapping exists.]
09-22 22:29:58.773 I/am_wtf ( 1496): [0,1496,system_server,-1,DisplayDeviceConfig,requesting nits when no mapping exists.]
09-22 22:29:58.774 I/am_wtf ( 1496): [0,1496,system_server,-1,DisplayDeviceConfig,requesting nits when no mapping exists.]
09-22 22:29:58.790 I/am_wtf ( 1496): [0,1496,system_server,-1,DisplayDeviceConfig,requesting nits when no mapping exists.]
09-22 22:29:58.791 I/am_wtf ( 1496): [0,1496,system_server,-1,DisplayDeviceConfig,requesting nits when no mapping exists.]
09-22 22:29:58.807 I/am_wtf ( 1496): [0,1496,system_server,-1,DisplayDeviceConfig,requesting nits when no mapping exists.]
09-22 22:29:58.808 I/am_wtf ( 1496): [0,1496,system_server,-1,DisplayDeviceConfig,requesting nits when no mapping exists.]
09-22 22:29:58.824 I/am_wtf ( 1496): [0,1496,system_server,-1,DisplayDeviceConfig,requesting nits when no mapping exists.]
09-22 22:29:58.825 I/am_wtf ( 1496): [0,1496,system_server,-1,DisplayDeviceConfig,requesting nits when no mapping exists.]
09-22 22:29:58.840 I/am_wtf ( 1496): [0,1496,system_server,-1,DisplayDeviceConfig,requesting nits when no mapping exists.]
09-22 22:29:58.841 I/am_wtf ( 1496): [0,1496,system_server,-1,DisplayDeviceConfig,requesting nits when no mapping exists.]
09-22 22:29:58.857 I/am_wtf ( 1496): [0,1496,system_server,-1,DisplayDeviceConfig,requesting nits when no mapping exists.]
09-22 22:29:58.858 I/am_wtf ( 1496): [0,1496,system_server,-1,DisplayDeviceConfig,requesting nits when no mapping exists.]
09-22 22:29:58.873 I/am_wtf ( 1496): [0,1496,system_server,-1,DisplayDeviceConfig,requesting nits when no mapping exists.]
09-22 22:29:58.875 I/am_wtf ( 1496): [0,1496,system_server,-1,DisplayDeviceConfig,requesting nits when no mapping exists.]
09-22 22:29:58.889 I/am_wtf ( 1496): [0,1496,system_server,-1,DisplayDeviceConfig,requesting nits when no mapping exists.]
09-22 22:29:58.890 I/am_wtf ( 1496): [0,1496,system_server,-1,DisplayDeviceConfig,requesting nits when no mapping exists.]
09-22 22:29:58.907 I/am_wtf ( 1496): [0,1496,system_server,-1,DisplayDeviceConfig,requesting nits when no mapping exists.]
09-22 22:29:58.908 I/am_wtf ( 1496): [0,1496,system_server,-1,DisplayDeviceConfig,requesting nits when no mapping exists.]
09-22 22:29:58.923 I/am_wtf ( 1496): [0,1496,system_server,-1,DisplayDeviceConfig,requesting nits when no mapping exists.]
09-22 22:29:58.924 I/am_wtf ( 1496): [0,1496,system_server,-1,DisplayDeviceConfig,requesting nits when no mapping exists.]
09-22 22:29:58.940 I/am_wtf ( 1496): [0,1496,system_server,-1,DisplayDeviceConfig,requesting nits when no mapping exists.]
09-22 22:29:58.941 I/am_wtf ( 1496): [0,1496,system_server,-1,DisplayDeviceConfig,requesting nits when no mapping exists.]
09-22 22:29:58.957 I/am_wtf ( 1496): [0,1496,system_server,-1,DisplayDeviceConfig,requesting nits when no mapping exists.]
09-22 22:29:58.958 I/am_wtf ( 1496): [0,1496,system_server,-1,DisplayDeviceConfig,requesting nits when no mapping exists.]
09-22 22:30:05.008 I/sysui_multi_action( 1496): [757,222,758,1]
09-22 22:30:05.015 I/am_uid_active( 1496): 10066
09-22 22:30:05.028 I/am_pss ( 1496): [3846,1000,com.android.settings,50077696,36098048,0,180547584,0,15,13]
09-22 22:30:05.031 I/wm_task_created( 1496): [26,-1]
09-22 22:30:05.034 I/wm_task_moved( 1496): [26,1,7]
09-22 22:30:05.034 I/wm_task_to_front( 1496): [0,26]
09-22 22:30:05.035 I/wm_create_task( 1496): [0,26]
09-22 22:30:05.035 I/wm_create_activity( 1496): [0,228580975,26,com.android.deskclock/android.service.dreams.DreamActivity,NULL,NULL,NULL,276824064]
09-22 22:30:05.035 I/wm_task_moved( 1496): [26,1,7]
09-22 22:30:05.035 I/wm_on_top_resumed_lost_called( 2390): [261001500,com.android.launcher3.uioverrides.QuickstepLauncher,topStateChangedWhenResumed]
09-22 22:30:05.036 I/wm_pause_activity( 1496): [0,261001500,com.android.launcher3/.uioverrides.QuickstepLauncher,userLeaving=true,pauseBackTasks]
09-22 22:30:05.039 I/am_pss ( 1496): [3876,10067,com.android.gallery3d,24525824,15888384,0,147435520,0,18,8]
09-22 22:30:05.039 I/wm_on_paused_called( 2390): [261001500,com.android.launcher3.uioverrides.QuickstepLauncher,performPause]
09-22 22:30:05.041 I/wm_add_to_stopping( 1496): [0,261001500,com.android.launcher3/.uioverrides.QuickstepLauncher,makeInvisible]
09-22 22:30:05.042 I/wm_restart_activity( 1496): [0,228580975,26,com.android.deskclock/android.service.dreams.DreamActivity]
09-22 22:30:05.043 I/wm_set_resumed_activity( 1496): [0,com.android.deskclock/android.service.dreams.DreamActivity,minimalResumeActivityLocked]
09-22 22:30:05.054 I/sysui_multi_action( 1496): [757,803,799,window_time_0,802,78]
09-22 22:30:05.054 I/wm_on_create_called( 2558): [228580975,android.service.dreams.DreamActivity,performCreate]
09-22 22:30:05.060 I/wm_on_start_called( 2558): [228580975,android.service.dreams.DreamActivity,handleStartActivity]
09-22 22:30:05.061 I/wm_on_resume_called( 2558): [228580975,android.service.dreams.DreamActivity,RESUME_ACTIVITY]
09-22 22:30:05.066 I/wm_on_top_resumed_gained_called( 2558): [228580975,android.service.dreams.DreamActivity,topStateChangedWhenResumed]
09-22 22:30:05.071 I/input_focus( 1496): [Focus leaving cdcb676 com.android.launcher3/com.android.launcher3.uioverrides.QuickstepLauncher (server),reason=NO_WINDOW]
09-22 22:30:05.096 I/input_focus( 1496): [Focus request 5f5f28b com.android.deskclock/android.service.dreams.DreamActivity,reason=UpdateInputWindows]
09-22 22:30:05.100 I/sysui_multi_action( 1811): [757,111,758,2]
09-22 22:30:05.100 I/notification_enqueue( 1496): [10081,1811,com.android.systemui,2048,NULL,0,Notification(channel=updateNotification shortcut=null contentView=null vibrate=null sound=null defaults=0x0 flags=0x0 color=0x00000000 vis=PRIVATE),1]
09-22 22:30:05.101 I/sysui_multi_action( 1811): [757,111,758,2]
09-22 22:30:05.118 I/sysui_multi_action( 1811): [757,196,758,2,759,0]
09-22 22:30:05.118 I/sysui_status_bar_state( 1811): [0,0,1,0,0,1]
09-22 22:30:05.124 I/sysui_multi_action( 1496): [757,1696,758,6,759,3]
09-22 22:30:05.125 I/sysui_multi_action( 1496): [319,92,322,91,325,212,757,761,758,8,759,2,806,com.android.deskclock,871,android.service.dreams.DreamActivity,904,com.android.deskclock,905,0,1320,4,1321,1]
09-22 22:30:05.126 I/wm_activity_launch_time( 1496): [0,228580975,com.android.deskclock/android.service.dreams.DreamActivity,91]
09-22 22:30:05.136 I/sysui_multi_action( 1811): [757,111,758,1]
09-22 22:30:05.136 I/sysui_multi_action( 1811): [757,126,758,1,759,126,927,0,928,0,1593,0]
09-22 22:30:05.136 I/sysui_multi_action( 1811): [757,113,758,1,759,113,927,1,928,1,1593,0]
09-22 22:30:05.136 I/sysui_multi_action( 1811): [757,0,758,1,759,0,927,2,928,0,1593,0]
09-22 22:30:05.136 I/sysui_multi_action( 1811): [757,0,758,1,759,0,927,3,928,0,1593,0]
09-22 22:30:05.136 I/sysui_multi_action( 1811): [757,1706,758,1,759,1706,927,4,928,0,1593,0]
09-22 22:30:05.136 I/sysui_multi_action( 1811): [757,491,758,1,759,491,927,5,928,0,1311,-1,1593,0]
09-22 22:30:05.136 I/sysui_multi_action( 1811): [757,0,758,1,759,0,927,6,928,0,1593,0]
09-22 22:30:05.136 I/sysui_multi_action( 1811): [757,111,758,1]
09-22 22:30:05.136 I/sysui_multi_action( 1811): [757,126,758,1,759,126,927,0,928,0,1593,0]
09-22 22:30:05.136 I/sysui_multi_action( 1811): [757,113,758,1,759,113,927,1,928,1,1593,0]
09-22 22:30:05.136 I/sysui_multi_action( 1811): [757,0,758,1,759,0,927,2,928,0,1593,0]
09-22 22:30:05.137 I/sysui_multi_action( 1811): [757,0,758,1,759,0,927,3,928,0,1593,0]
09-22 22:30:05.140 I/am_wtf ( 1496): [0,1496,system_server,-1,DisplayDeviceConfig,requesting nits when no mapping exists.]
09-22 22:30:05.140 I/am_wtf ( 1496): [0,1496,system_server,-1,DisplayDeviceConfig,requesting nits when no mapping exists.]
09-22 22:30:05.160 I/am_wtf ( 1496): [0,1496,system_server,-1,DisplayDeviceConfig,requesting nits when no mapping exists.]
09-22 22:30:05.161 I/am_wtf ( 1496): [0,1496,system_server,-1,DisplayDeviceConfig,requesting nits when no mapping exists.]
09-22 22:30:05.172 I/input_focus( 1496): [Focus entering 5f5f28b com.android.deskclock/android.service.dreams.DreamActivity (server),reason=Window became focusable. Previous reason: NOT_VISIBLE]
09-22 22:30:05.172 I/am_wtf ( 1496): [0,1496,system_server,-1,DisplayDeviceConfig,requesting nits when no mapping exists.]
09-22 22:30:05.174 I/am_wtf ( 1496): [0,1496,system_server,-1,DisplayDeviceConfig,requesting nits when no mapping exists.]
09-22 22:30:05.189 I/am_wtf ( 1496): [0,1496,system_server,-1,DisplayDeviceConfig,requesting nits when no mapping exists.]
09-22 22:30:05.190 I/am_wtf ( 1496): [0,1496,system_server,-1,DisplayDeviceConfig,requesting nits when no mapping exists.]
09-22 22:30:05.210 I/am_wtf ( 1496): [0,1496,system_server,-1,DisplayDeviceConfig,requesting nits when no mapping exists.]
09-22 22:30:05.211 I/am_wtf ( 1496): [0,1496,system_server,-1,DisplayDeviceConfig,requesting nits when no mapping exists.]
09-22 22:30:05.222 I/am_wtf ( 1496): [0,1496,system_server,-1,DisplayDeviceConfig,requesting nits when no mapping exists.]
09-22 22:30:05.223 I/am_wtf ( 1496): [0,1496,system_server,-1,DisplayDeviceConfig,requesting nits when no mapping exists.]
09-22 22:30:05.241 I/am_wtf ( 1496): [0,1496,system_server,-1,DisplayDeviceConfig,requesting nits when no mapping exists.]
09-22 22:30:05.242 I/am_wtf ( 1496): [0,1496,system_server,-1,DisplayDeviceConfig,requesting nits when no mapping exists.]
09-22 22:30:05.257 I/am_wtf ( 1496): [0,1496,system_server,-1,DisplayDeviceConfig,requesting nits when no mapping exists.]
09-22 22:30:05.258 I/am_wtf ( 1496): [0,1496,system_server,-1,DisplayDeviceConfig,requesting nits when no mapping exists.]
09-22 22:30:05.271 I/am_wtf ( 1496): [0,1496,system_server,-1,DisplayDeviceConfig,requesting nits when no mapping exists.]
09-22 22:30:05.272 I/am_wtf ( 1496): [0,1496,system_server,-1,DisplayDeviceConfig,requesting nits when no mapping exists.]
09-22 22:30:05.291 I/am_wtf ( 1496): [0,1496,system_server,-1,DisplayDeviceConfig,requesting nits when no mapping exists.]
09-22 22:30:05.292 I/am_wtf ( 1496): [0,1496,system_server,-1,DisplayDeviceConfig,requesting nits when no mapping exists.]
09-22 22:30:05.306 I/sysui_multi_action( 1496): [757,1501,758,1,793,192379,794,0,795,206,796,2048,806,com.android.systemui,857,updateNotification,858,3,947,0,1500,0,1688,1]
09-22 22:30:05.306 I/sysui_multi_action( 1496): [757,804,799,note_interruptive,801,0,802,1]
09-22 22:30:05.306 I/sysui_multi_action( 1496): [757,199,758,1,759,2,793,192381,794,0,795,208,796,2048,806,com.android.systemui,857,updateNotification,858,3,947,0,1500,2,1688,1]
09-22 22:30:05.306 I/notification_alert( 1496): [0|com.android.systemui|2048|null|10081,0,1,0]
09-22 22:30:05.311 I/am_wtf ( 1496): [0,1496,system_server,-1,DisplayDeviceConfig,requesting nits when no mapping exists.]
09-22 22:30:05.311 I/am_wtf ( 1496): [0,1496,system_server,-1,DisplayDeviceConfig,requesting nits when no mapping exists.]
09-22 22:30:05.323 I/am_wtf ( 1496): [0,1496,system_server,-1,DisplayDeviceConfig,requesting nits when no mapping exists.]
09-22 22:30:05.324 I/am_wtf ( 1496): [0,1496,system_server,-1,DisplayDeviceConfig,requesting nits when no mapping exists.]
09-22 22:30:05.339 I/am_wtf ( 1496): [0,1496,system_server,-1,DisplayDeviceConfig,requesting nits when no mapping exists.]
09-22 22:30:05.340 I/service_manager_stats( 1496): [100,53,6966]
09-22 22:30:05.340 I/am_wtf ( 1496): [0,1496,system_server,-1,DisplayDeviceConfig,requesting nits when no mapping exists.]
09-22 22:30:05.357 I/am_wtf ( 1496): [0,1496,system_server,-1,DisplayDeviceConfig,requesting nits when no mapping exists.]
09-22 22:30:05.357 I/am_wtf ( 1496): [0,1496,system_server,-1,DisplayDeviceConfig,requesting nits when no mapping exists.]
09-22 22:30:05.373 I/am_wtf ( 1496): [0,1496,system_server,-1,DisplayDeviceConfig,requesting nits when no mapping exists.]
09-22 22:30:05.375 I/am_wtf ( 1496): [0,1496,system_server,-1,DisplayDeviceConfig,requesting nits when no mapping exists.]
09-22 22:30:05.390 I/am_wtf ( 1496): [0,1496,system_server,-1,DisplayDeviceConfig,requesting nits when no mapping exists.]
09-22 22:30:05.393 I/am_wtf ( 1496): [0,1496,system_server,-1,DisplayDeviceConfig,requesting nits when no mapping exists.]
09-22 22:30:05.408 I/wm_stop_activity( 1496): [0,261001500,com.android.launcher3/.uioverrides.QuickstepLauncher]
09-22 22:30:05.413 I/am_wtf ( 1496): [0,1496,system_server,-1,DisplayDeviceConfig,requesting nits when no mapping exists.]
09-22 22:30:05.414 I/am_wtf ( 1496): [0,1496,system_server,-1,DisplayDeviceConfig,requesting nits when no mapping exists.]
09-22 22:30:05.427 I/am_wtf ( 1496): [0,1496,system_server,-1,DisplayDeviceConfig,requesting nits when no mapping exists.]
09-22 22:30:05.428 I/am_wtf ( 1496): [0,1496,system_server,-1,DisplayDeviceConfig,requesting nits when no mapping exists.]
09-22 22:30:05.440 I/am_wtf ( 1496): [0,1496,system_server,-1,DisplayDeviceConfig,requesting nits when no mapping exists.]
09-22 22:30:05.441 I/am_wtf ( 1496): [0,1496,system_server,-1,DisplayDeviceConfig,requesting nits when no mapping exists.]
09-22 22:30:05.446 I/wm_on_stop_called( 2390): [261001500,com.android.launcher3.uioverrides.QuickstepLauncher,STOP_ACTIVITY_ITEM]
09-22 22:30:05.459 I/am_wtf ( 1496): [0,1496,system_server,-1,DisplayDeviceConfig,requesting nits when no mapping exists.]
09-22 22:30:05.460 I/am_wtf ( 1496): [0,1496,system_server,-1,DisplayDeviceConfig,requesting nits when no mapping exists.]
09-22 22:30:05.475 I/am_wtf ( 1496): [0,1496,system_server,-1,DisplayDeviceConfig,requesting nits when no mapping exists.]
09-22 22:30:05.476 I/am_wtf ( 1496): [0,1496,system_server,-1,DisplayDeviceConfig,requesting nits when no mapping exists.]
09-22 22:30:05.489 I/am_wtf ( 1496): [0,1496,system_server,-1,DisplayDeviceConfig,requesting nits when no mapping exists.]
09-22 22:30:05.493 I/am_wtf ( 1496): [0,1496,system_server,-1,DisplayDeviceConfig,requesting nits when no mapping exists.]
09-22 22:30:05.506 I/am_wtf ( 1496): [0,1496,system_server,-1,DisplayDeviceConfig,requesting nits when no mapping exists.]
09-22 22:30:05.507 I/am_wtf ( 1496): [0,1496,system_server,-1,DisplayDeviceConfig,requesting nits when no mapping exists.]
09-22 22:30:05.523 I/am_wtf ( 1496): [0,1496,system_server,-1,DisplayDeviceConfig,requesting nits when no mapping exists.]
09-22 22:30:05.524 I/am_wtf ( 1496): [0,1496,system_server,-1,DisplayDeviceConfig,requesting nits when no mapping exists.]
09-22 22:30:05.540 I/am_wtf ( 1496): [0,1496,system_server,-1,DisplayDeviceConfig,requesting nits when no mapping exists.]
09-22 22:30:05.541 I/am_wtf ( 1496): [0,1496,system_server,-1,DisplayDeviceConfig,requesting nits when no mapping exists.]
09-22 22:30:05.559 I/am_wtf ( 1496): [0,1496,system_server,-1,DisplayDeviceConfig,requesting nits when no mapping exists.]
09-22 22:30:05.560 I/am_wtf ( 1496): [0,1496,system_server,-1,DisplayDeviceConfig,requesting nits when no mapping exists.]
09-22 22:30:05.574 I/am_wtf ( 1496): [0,1496,system_server,-1,DisplayDeviceConfig,requesting nits when no mapping exists.]
09-22 22:30:05.575 I/am_wtf ( 1496): [0,1496,system_server,-1,DisplayDeviceConfig,requesting nits when no mapping exists.]
09-22 22:30:05.593 I/am_wtf ( 1496): [0,1496,system_server,-1,DisplayDeviceConfig,requesting nits when no mapping exists.]
09-22 22:30:05.594 I/am_wtf ( 1496): [0,1496,system_server,-1,DisplayDeviceConfig,requesting nits when no mapping exists.]
09-22 22:30:05.608 I/am_wtf ( 1496): [0,1496,system_server,-1,DisplayDeviceConfig,requesting nits when no mapping exists.]
09-22 22:30:05.609 I/am_wtf ( 1496): [0,1496,system_server,-1,DisplayDeviceConfig,requesting nits when no mapping exists.]
09-22 22:30:05.627 I/am_wtf ( 1496): [0,1496,system_server,-1,DisplayDeviceConfig,requesting nits when no mapping exists.]
09-22 22:30:05.628 I/am_wtf ( 1496): [0,1496,system_server,-1,DisplayDeviceConfig,requesting nits when no mapping exists.]
09-22 22:30:05.641 I/am_wtf ( 1496): [0,1496,system_server,-1,DisplayDeviceConfig,requesting nits when no mapping exists.]
09-22 22:30:05.643 I/am_wtf ( 1496): [0,1496,system_server,-1,DisplayDeviceConfig,requesting nits when no mapping exists.]
09-22 22:30:05.657 I/am_wtf ( 1496): [0,1496,system_server,-1,DisplayDeviceConfig,requesting nits when no mapping exists.]
09-22 22:30:05.660 I/am_wtf ( 1496): [0,1496,system_server,-1,DisplayDeviceConfig,requesting nits when no mapping exists.]
09-22 22:30:05.673 I/am_wtf ( 1496): [0,1496,system_server,-1,DisplayDeviceConfig,requesting nits when no mapping exists.]
09-22 22:30:05.675 I/am_wtf ( 1496): [0,1496,system_server,-1,DisplayDeviceConfig,requesting nits when no mapping exists.]
09-22 22:30:05.690 I/am_wtf ( 1496): [0,1496,system_server,-1,DisplayDeviceConfig,requesting nits when no mapping exists.]
09-22 22:30:05.691 I/am_wtf ( 1496): [0,1496,system_server,-1,DisplayDeviceConfig,requesting nits when no mapping exists.]
09-22 22:30:05.714 I/am_wtf ( 1496): [0,1496,system_server,-1,DisplayDeviceConfig,requesting nits when no mapping exists.]
09-22 22:30:05.715 I/am_wtf ( 1496): [0,1496,system_server,-1,DisplayDeviceConfig,requesting nits when no mapping exists.]
09-22 22:30:05.724 I/am_wtf ( 1496): [0,1496,system_server,-1,DisplayDeviceConfig,requesting nits when no mapping exists.]
09-22 22:30:05.730 I/am_wtf ( 1496): [0,1496,system_server,-1,DisplayDeviceConfig,requesting nits when no mapping exists.]
09-22 22:30:05.746 I/am_wtf ( 1496): [0,1496,system_server,-1,DisplayDeviceConfig,requesting nits when no mapping exists.]
09-22 22:30:05.748 I/am_wtf ( 1496): [0,1496,system_server,-1,DisplayDeviceConfig,requesting nits when no mapping exists.]
09-22 22:30:05.763 I/am_wtf ( 1496): [0,1496,system_server,-1,DisplayDeviceConfig,requesting nits when no mapping exists.]
09-22 22:30:05.764 I/am_wtf ( 1496): [0,1496,system_server,-1,DisplayDeviceConfig,requesting nits when no mapping exists.]
09-22 22:30:05.775 I/am_wtf ( 1496): [0,1496,system_server,-1,DisplayDeviceConfig,requesting nits when no mapping exists.]
09-22 22:30:05.779 I/am_wtf ( 1496): [0,1496,system_server,-1,DisplayDeviceConfig,requesting nits when no mapping exists.]
09-22 22:30:05.790 I/am_wtf ( 1496): [0,1496,system_server,-1,DisplayDeviceConfig,requesting nits when no mapping exists.]
09-22 22:30:05.791 I/am_wtf ( 1496): [0,1496,system_server,-1,DisplayDeviceConfig,requesting nits when no mapping exists.]
09-22 22:30:05.808 I/am_wtf ( 1496): [0,1496,system_server,-1,DisplayDeviceConfig,requesting nits when no mapping exists.]
09-22 22:30:05.808 I/am_wtf ( 1496): [0,1496,system_server,-1,DisplayDeviceConfig,requesting nits when no mapping exists.]
09-22 22:30:05.826 I/am_wtf ( 1496): [0,1496,system_server,-1,DisplayDeviceConfig,requesting nits when no mapping exists.]
09-22 22:30:05.827 I/am_wtf ( 1496): [0,1496,system_server,-1,DisplayDeviceConfig,requesting nits when no mapping exists.]
09-22 22:30:05.841 I/am_wtf ( 1496): [0,1496,system_server,-1,DisplayDeviceConfig,requesting nits when no mapping exists.]
09-22 22:30:05.843 I/am_wtf ( 1496): [0,1496,system_server,-1,DisplayDeviceConfig,requesting nits when no mapping exists.]
09-22 22:30:05.860 I/am_wtf ( 1496): [0,1496,system_server,-1,DisplayDeviceConfig,requesting nits when no mapping exists.]
09-22 22:30:05.861 I/am_wtf ( 1496): [0,1496,system_server,-1,DisplayDeviceConfig,requesting nits when no mapping exists.]
09-22 22:30:05.877 I/am_wtf ( 1496): [0,1496,system_server,-1,DisplayDeviceConfig,requesting nits when no mapping exists.]
09-22 22:30:05.878 I/am_wtf ( 1496): [0,1496,system_server,-1,DisplayDeviceConfig,requesting nits when no mapping exists.]
09-22 22:30:05.895 I/am_wtf ( 1496): [0,1496,system_server,-1,DisplayDeviceConfig,requesting nits when no mapping exists.]
09-22 22:30:05.896 I/am_wtf ( 1496): [0,1496,system_server,-1,DisplayDeviceConfig,requesting nits when no mapping exists.]
09-22 22:30:05.910 I/am_wtf ( 1496): [0,1496,system_server,-1,DisplayDeviceConfig,requesting nits when no mapping exists.]
09-22 22:30:05.911 I/am_wtf ( 1496): [0,1496,system_server,-1,DisplayDeviceConfig,requesting nits when no mapping exists.]
09-22 22:30:05.927 I/am_wtf ( 1496): [0,1496,system_server,-1,DisplayDeviceConfig,requesting nits when no mapping exists.]
09-22 22:30:05.928 I/am_wtf ( 1496): [0,1496,system_server,-1,DisplayDeviceConfig,requesting nits when no mapping exists.]
09-22 22:30:05.943 I/am_wtf ( 1496): [0,1496,system_server,-1,DisplayDeviceConfig,requesting nits when no mapping exists.]
09-22 22:30:05.944 I/am_wtf ( 1496): [0,1496,system_server,-1,DisplayDeviceConfig,requesting nits when no mapping exists.]
09-22 22:30:05.958 I/am_wtf ( 1496): [0,1496,system_server,-1,DisplayDeviceConfig,requesting nits when no mapping exists.]
