--------- beginning of events
01-01 08:00:09.223 I/snet_event_log( 514): [121035042,-1,]
01-01 08:00:09.229 I/auditd ( 514): SELinux: Loaded service_contexts from:
01-01 08:00:09.229 I/auditd ( 514): /system/etc/selinux/plat_service_contexts
01-01 08:00:09.229 I/auditd ( 514): /system_ext/etc/selinux/system_ext_service_contexts
01-01 08:00:09.229 I/auditd ( 514): /product/etc/selinux/product_service_contexts
01-01 08:00:09.229 I/auditd ( 514): /vendor/etc/selinux/vendor_service_contexts
01-01 08:00:09.234 I/snet_event_log( 516): [121035042,-1,]
01-01 08:00:00.215 I/auditd ( 512): type=2000 audit(0.0:1): state=initialized audit_enabled=0 res=1
01-01 08:00:08.487 I/auditd ( 512): type=1403 audit(0.0:2): auid=4294967295 ses=4294967295 lsm=selinux res=1
01-01 08:00:08.487 I/auditd ( 512): type=1404 audit(0.0:3): enforcing=1 old_enforcing=0 auid=4294967295 ses=4294967295 enabled=1 old-enabled=1 lsm=selinux res=1
01-01 08:00:08.551 I/auditd ( 1): type=1107 audit(0.0:4): uid=0 auid=4294967295 ses=4294967295 subj=u:r:init:s0 msg='avc: denied { read } for property=persist.debug.trace pid=0 uid=0 gid=0 scontext=u:r:vendor_init:s0 tcontext=u:object_r:persist_debug_prop:s0 tclass=file permissive=0'
01-01 08:00:08.935 I/auditd ( 1): type=1400 audit(0.0:5): avc: denied { mounton } for comm="init" path="/sys/kernel/tracing" dev="tracefs" ino=1 scontext=u:r:init:s0 tcontext=u:object_r:debugfs_tracing_debug:s0 tclass=dir permissive=0
01-01 08:00:09.227 I/auditd ( 523): type=1400 audit(0.0:6): avc: denied { ptrace } for comm="crash_dump64" scontext=u:r:crash_dump:s0 tcontext=u:r:init:s0 tclass=process permissive=0
01-01 08:00:09.267 I/auditd ( 531): type=1400 audit(0.0:7): avc: denied { kill } for comm="e2fsck" capability=5 scontext=u:r:fsck:s0 tcontext=u:r:fsck:s0 tclass=capability permissive=0
01-01 08:00:09.275 I/auditd ( 566): type=1400 audit(0.0:8): avc: denied { read write } for comm="fsck_msdos" name="sde51" dev="tmpfs" ino=1065 scontext=u:r:fsck:s0 tcontext=u:object_r:block_device:s0 tclass=blk_file permissive=0
01-01 08:00:09.275 I/auditd ( 566): type=1400 audit(0.0:9): avc: denied { read } for comm="fsck_msdos" name="sde51" dev="tmpfs" ino=1065 scontext=u:r:fsck:s0 tcontext=u:object_r:block_device:s0 tclass=blk_file permissive=0
01-01 08:00:09.275 I/auditd ( 566): type=1400 audit(0.0:10): avc: denied { kill } for comm="fsck_msdos" capability=5 scontext=u:r:fsck:s0 tcontext=u:r:fsck:s0 tclass=capability permissive=0
01-01 08:00:10.359 I/auditd ( 617): type=1400 audit(0.0:11): avc: denied { kill } for comm="vdc" capability=5 scontext=u:r:vdc:s0 tcontext=u:r:vdc:s0 tclass=capability permissive=0
01-01 08:00:10.375 I/auditd ( 579): SELinux: Loaded keystore2_key_contexts from:
01-01 08:00:10.375 I/auditd ( 579): /system/etc/selinux/plat_keystore2_key_contexts
01-01 08:00:10.403 I/auditd ( 619): type=1400 audit(0.0:12): avc: denied { kill } for comm="fsck.f2fs" capability=5 scontext=u:r:fsck:s0 tcontext=u:r:fsck:s0 tclass=capability permissive=0
01-01 08:00:10.435 I/auditd ( 618): type=1400 audit(0.0:13): avc: denied { kill } for comm="vdc" capability=5 scontext=u:r:vdc:s0 tcontext=u:r:vdc:s0 tclass=capability permissive=0
01-01 08:00:10.369 I/auditd ( 1): type=1400 audit(0.0:14): avc: denied { getattr } for comm="init" path="/product/bin/init.qti.display.sh" dev="dm-7" ino=78 scontext=u:r:init:s0 tcontext=u:object_r:vendor_sys_qti_display_exec:s0 tclass=file permissive=0
01-01 08:00:10.415 I/liblog ( 665): 354
01-01 08:00:10.419 I/liblog ( 665): 305
01-01 08:00:10.419 I/liblog ( 665): 36
01-01 08:00:10.419 I/liblog ( 665): 1
01-01 08:00:10.419 I/liblog ( 665): 1
01-01 08:00:10.419 I/liblog ( 665): 39
01-01 08:00:10.672 I/boot_progress_start( 674): 7868
01-01 08:00:10.892 I/auditd ( 865): type=1400 audit(0.0:15): avc: denied { read } for comm="vendor.qti.hard" name="u:object_r:vendor_cap_configstore_dbg_prop:s0" dev="tmpfs" ino=14642 scontext=u:r:vendor_hal_capabilityconfigstore_qti_default:s0 tcontext=u:object_r:vendor_cap_configstore_dbg_prop:s0 tclass=file permissive=0
01-01 08:00:11.008 I/auditd ( 482): type=1400 audit(0.0:16): avc: denied { setattr } for comm="init" name="rawdump" dev="tmpfs" ino=11514 scontext=u:r:vendor_init:s0 tcontext=u:object_r:block_device:s0 tclass=lnk_file permissive=0
01-01 08:00:11.008 I/auditd ( 482): type=1400 audit(0.0:17): avc: denied { setattr } for comm="init" name="rawdump" dev="tmpfs" ino=11514 scontext=u:r:vendor_init:s0 tcontext=u:object_r:block_device:s0 tclass=lnk_file permissive=0
01-01 08:00:11.019 I/snet_event_log( 675): [200284993,-1,]
01-01 08:00:11.019 I/snet_event_log( 674): [200284993,-1,]
01-01 08:00:11.024 I/auditd ( 964): type=1400 audit(0.0:18): avc: denied { read write } for comm="sensors.qti" name="diag" dev="tmpfs" ino=11526 scontext=u:r:vendor_sensors_qti:s0 tcontext=u:object_r:vendor_diag_device:s0 tclass=chr_file permissive=0
01-01 08:00:11.028 I/auditd ( 277): type=1400 audit(0.0:19): avc: denied { create } for comm="kworker/u16:4" scontext=u:r:kernel:s0 tcontext=u:r:kernel:s0 tclass=qipcrtr_socket permissive=0
01-01 08:00:11.028 I/auditd ( 829): type=1400 audit(0.0:20): avc: denied { create } for comm="kworker/u16:18" scontext=u:r:kernel:s0 tcontext=u:r:kernel:s0 tclass=qipcrtr_socket permissive=0
01-01 08:00:11.028 I/auditd ( 829): type=1400 audit(0.0:21): avc: denied { create } for comm="kworker/u16:18" scontext=u:r:kernel:s0 tcontext=u:r:kernel:s0 tclass=qipcrtr_socket permissive=0
01-01 08:00:11.028 I/auditd ( 829): type=1400 audit(0.0:22): avc: denied { create } for comm="kworker/u16:18" scontext=u:r:kernel:s0 tcontext=u:r:kernel:s0 tclass=qipcrtr_socket permissive=0
01-01 08:00:11.028 I/auditd ( 829): type=1400 audit(0.0:23): avc: denied { create } for comm="kworker/u16:18" scontext=u:r:kernel:s0 tcontext=u:r:kernel:s0 tclass=qipcrtr_socket permissive=0
01-01 08:00:11.028 I/auditd ( 829): type=1400 audit(0.0:24): avc: denied { create } for comm="kworker/u16:18" scontext=u:r:kernel:s0 tcontext=u:r:kernel:s0 tclass=qipcrtr_socket permissive=0
01-01 08:00:11.028 I/auditd ( 829): type=1400 audit(0.0:25): avc: denied { create } for comm="kworker/u16:18" scontext=u:r:kernel:s0 tcontext=u:r:kernel:s0 tclass=qipcrtr_socket permissive=0
01-01 08:00:11.028 I/auditd ( 829): type=1400 audit(0.0:26): avc: denied { create } for comm="kworker/u16:18" scontext=u:r:kernel:s0 tcontext=u:r:kernel:s0 tclass=qipcrtr_socket permissive=0
01-01 08:00:11.028 I/auditd ( 829): type=1400 audit(0.0:27): avc: denied { create } for comm="kworker/u16:18" scontext=u:r:kernel:s0 tcontext=u:r:kernel:s0 tclass=qipcrtr_socket permissive=0
01-01 08:00:11.028 I/auditd ( 7): type=1400 audit(0.0:28): avc: denied { create } for comm="kworker/u16:0" scontext=u:r:kernel:s0 tcontext=u:r:kernel:s0 tclass=qipcrtr_socket permissive=0
01-01 08:00:11.028 I/auditd ( 7): type=1400 audit(0.0:29): avc: denied { create } for comm="kworker/u16:0" scontext=u:r:kernel:s0 tcontext=u:r:kernel:s0 tclass=qipcrtr_socket permissive=0
01-01 08:00:11.028 I/auditd ( 80): type=1400 audit(0.0:30): avc: denied { create } for comm="kworker/u16:1" scontext=u:r:kernel:s0 tcontext=u:r:kernel:s0 tclass=qipcrtr_socket permissive=0
01-01 08:00:11.028 I/auditd ( 272): type=1400 audit(0.0:31): avc: denied { create } for comm="kworker/u16:2" scontext=u:r:kernel:s0 tcontext=u:r:kernel:s0 tclass=qipcrtr_socket permissive=0
01-01 08:00:11.028 I/auditd ( 274): type=1400 audit(0.0:32): avc: denied { create } for comm="kworker/u16:3" scontext=u:r:kernel:s0 tcontext=u:r:kernel:s0 tclass=qipcrtr_socket permissive=0
01-01 08:00:11.032 I/auditd ( 279): type=1400 audit(0.0:33): avc: denied { create } for comm="kworker/u16:5" scontext=u:r:kernel:s0 tcontext=u:r:kernel:s0 tclass=qipcrtr_socket permissive=0
01-01 08:00:11.032 I/auditd ( 279): type=1400 audit(0.0:34): avc: denied { create } for comm="kworker/u16:5" scontext=u:r:kernel:s0 tcontext=u:r:kernel:s0 tclass=qipcrtr_socket permissive=0
01-01 08:00:11.032 I/auditd ( 281): type=1400 audit(0.0:35): avc: denied { create } for comm="kworker/u16:6" scontext=u:r:kernel:s0 tcontext=u:r:kernel:s0 tclass=qipcrtr_socket permissive=0
01-01 08:00:11.032 I/auditd ( 281): type=1400 audit(0.0:36): avc: denied { create } for comm="kworker/u16:6" scontext=u:r:kernel:s0 tcontext=u:r:kernel:s0 tclass=qipcrtr_socket permissive=0
01-01 08:00:11.032 I/auditd ( 281): type=1400 audit(0.0:37): avc: denied { create } for comm="kworker/u16:6" scontext=u:r:kernel:s0 tcontext=u:r:kernel:s0 tclass=qipcrtr_socket permissive=0
01-01 08:00:11.032 I/auditd ( 281): type=1400 audit(0.0:38): avc: denied { create } for comm="kworker/u16:6" scontext=u:r:kernel:s0 tcontext=u:r:kernel:s0 tclass=qipcrtr_socket permissive=0
01-01 08:00:11.032 I/auditd ( 281): type=1400 audit(0.0:39): avc: denied { create } for comm="kworker/u16:6" scontext=u:r:kernel:s0 tcontext=u:r:kernel:s0 tclass=qipcrtr_socket permissive=0
01-01 08:00:11.076 I/auditd ( 867): type=1400 audit(0.0:40): avc: denied { read write } for comm="vendor.qti.hard" name="diag" dev="tmpfs" ino=11526 scontext=u:r:hal_graphics_composer_default:s0 tcontext=u:object_r:vendor_diag_device:s0 tclass=chr_file permissive=0
01-01 08:00:11.122 I/liblog ( 824): 361
01-01 08:00:11.132 I/boot_progress_preload_start( 674): 8328
01-01 08:00:11.197 I/auditd ( 514): avc: denied { find } for pid=961 uid=1000 name=vendor.qti.hardware.display.config.IDisplayConfig/default scontext=u:r:surfaceflinger:s0 tcontext=u:object_r:default_android_service:s0 tclass=service_manager permissive=0
01-01 08:00:11.199 I/auditd ( 514): avc: denied { find } for pid=961 uid=1000 name=vendor.qti.hardware.display.config.IDisplayConfig/default scontext=u:r:surfaceflinger:s0 tcontext=u:object_r:default_android_service:s0 tclass=service_manager permissive=0
01-01 08:00:11.224 I/auditd ( 964): type=1400 audit(0.0:41): avc: denied { read write } for comm="sensors.qti" name="diag" dev="tmpfs" ino=11526 scontext=u:r:vendor_sensors_qti:s0 tcontext=u:object_r:vendor_diag_device:s0 tclass=chr_file permissive=0
01-01 08:00:11.424 I/auditd ( 964): type=1400 audit(0.0:42): avc: denied { read write } for comm="sensors.qti" name="diag" dev="tmpfs" ino=11526 scontext=u:r:vendor_sensors_qti:s0 tcontext=u:object_r:vendor_diag_device:s0 tclass=chr_file permissive=0
01-01 08:00:11.436 I/auditd ( 1033): type=1400 audit(0.0:43): avc: denied { write } for comm="init.qcom.usb.s" name="uvc.0" dev="configfs" ino=19765 scontext=u:r:vendor_qti_init_shell:s0 tcontext=u:object_r:configfs:s0 tclass=dir permissive=0
01-01 08:00:11.436 I/auditd ( 1033): type=1400 audit(0.0:44): avc: denied { write } for comm="init.qcom.usb.s" name="uvc.0" dev="configfs" ino=19765 scontext=u:r:vendor_qti_init_shell:s0 tcontext=u:object_r:configfs:s0 tclass=dir permissive=0
01-01 08:00:11.456 I/auditd ( 1118): type=1400 audit(0.0:45): avc: denied { write } for comm="mkdir" name="header" dev="configfs" ino=19767 scontext=u:r:vendor_qti_init_shell:s0 tcontext=u:object_r:configfs:s0 tclass=dir permissive=0
01-01 08:00:11.476 I/auditd ( 1120): type=1400 audit(0.0:46): avc: denied { write } for comm="ln" name="fs" dev="configfs" ino=19776 scontext=u:r:vendor_qti_init_shell:s0 tcontext=u:object_r:configfs:s0 tclass=dir permissive=0
01-01 08:00:11.496 I/auditd ( 1124): type=1400 audit(0.0:47): avc: denied { write } for comm="ln" name="ss" dev="configfs" ino=19777 scontext=u:r:vendor_qti_init_shell:s0 tcontext=u:object_r:configfs:s0 tclass=dir permissive=0
01-01 08:00:11.516 I/auditd ( 1130): type=1400 audit(0.0:48): avc: denied { write } for comm="mkdir" name="uncompressed" dev="configfs" ino=19780 scontext=u:r:vendor_qti_init_shell:s0 tcontext=u:object_r:configfs:s0 tclass=dir permissive=0
01-01 08:00:11.536 I/auditd ( 1135): type=1400 audit(0.0:49): avc: denied { write } for comm="mkdir" name="uncompressed" dev="configfs" ino=19780 scontext=u:r:vendor_qti_init_shell:s0 tcontext=u:object_r:configfs:s0 tclass=dir permissive=0
01-01 08:00:11.548 I/auditd ( 1139): type=1400 audit(0.0:50): avc: denied { write } for comm="mkdir" name="mjpeg" dev="configfs" ino=19781 scontext=u:r:vendor_qti_init_shell:s0 tcontext=u:object_r:configfs:s0 tclass=dir permissive=0
01-01 08:00:11.560 I/auditd ( 1142): type=1400 audit(0.0:51): avc: denied { write } for comm="mkdir" name="mjpeg" dev="configfs" ino=19781 scontext=u:r:vendor_qti_init_shell:s0 tcontext=u:object_r:configfs:s0 tclass=dir permissive=0
01-01 08:00:11.572 I/auditd ( 1146): type=1400 audit(0.0:52): avc: denied { write } for comm="mkdir" name="h264" dev="configfs" ino=19782 scontext=u:r:vendor_qti_init_shell:s0 tcontext=u:object_r:configfs:s0 tclass=dir permissive=0
01-01 08:00:11.580 I/auditd ( 1147): type=1400 audit(0.0:53): avc: denied { write } for comm="mkdir" name="h264" dev="configfs" ino=19782 scontext=u:r:vendor_qti_init_shell:s0 tcontext=u:object_r:configfs:s0 tclass=dir permissive=0
01-01 08:00:11.588 I/auditd ( 1148): type=1400 audit(0.0:54): avc: denied { write } for comm="mkdir" name="header" dev="configfs" ino=19779 scontext=u:r:vendor_qti_init_shell:s0 tcontext=u:object_r:configfs:s0 tclass=dir permissive=0
01-01 08:00:11.596 I/auditd ( 1149): type=1400 audit(0.0:55): avc: denied { write } for comm="ln" name="header" dev="configfs" ino=19779 scontext=u:r:vendor_qti_init_shell:s0 tcontext=u:object_r:configfs:s0 tclass=dir permissive=0
01-01 08:00:11.604 I/auditd ( 1150): type=1400 audit(0.0:56): avc: denied { write } for comm="ln" name="header" dev="configfs" ino=19779 scontext=u:r:vendor_qti_init_shell:s0 tcontext=u:object_r:configfs:s0 tclass=dir permissive=0
01-01 08:00:11.608 I/auditd ( 1151): type=1400 audit(0.0:57): avc: denied { write } for comm="ln" name="header" dev="configfs" ino=19779 scontext=u:r:vendor_qti_init_shell:s0 tcontext=u:object_r:configfs:s0 tclass=dir permissive=0
01-01 08:00:11.612 I/auditd ( 1152): type=1400 audit(0.0:58): avc: denied { write } for comm="ln" name="fs" dev="configfs" ino=19786 scontext=u:r:vendor_qti_init_shell:s0 tcontext=u:object_r:configfs:s0 tclass=dir permissive=0
01-01 08:00:11.616 I/auditd ( 1153): type=1400 audit(0.0:59): avc: denied { write } for comm="ln" name="hs" dev="configfs" ino=19787 scontext=u:r:vendor_qti_init_shell:s0 tcontext=u:object_r:configfs:s0 tclass=dir permissive=0
01-01 08:00:11.624 I/auditd ( 1154): type=1400 audit(0.0:60): avc: denied { write } for comm="ln" name="ss" dev="configfs" ino=19788 scontext=u:r:vendor_qti_init_shell:s0 tcontext=u:object_r:configfs:s0 tclass=dir permissive=0
01-01 08:00:11.624 I/auditd ( 964): type=1400 audit(0.0:61): avc: denied { read write } for comm="sensors.qti" name="diag" dev="tmpfs" ino=11526 scontext=u:r:vendor_sensors_qti:s0 tcontext=u:object_r:vendor_diag_device:s0 tclass=chr_file permissive=0
01-01 08:00:11.776 I/auditd ( 1184): type=1400 audit(0.0:62): avc: denied { read write } for comm="dpmd" name="diag" dev="tmpfs" ino=11526 scontext=u:r:vendor_dpmd:s0 tcontext=u:object_r:vendor_diag_device:s0 tclass=chr_file permissive=0
01-01 08:00:11.780 I/auditd ( 1201): type=1400 audit(0.0:63): avc: denied { read write } for comm="dpmd" name="diag" dev="tmpfs" ino=11526 scontext=u:r:vendor_dpmd:s0 tcontext=u:object_r:vendor_diag_device:s0 tclass=chr_file permissive=0
01-01 08:00:11.828 I/auditd ( 964): type=1400 audit(0.0:64): avc: denied { read write } for comm="sensors.qti" name="diag" dev="tmpfs" ino=11526 scontext=u:r:vendor_sensors_qti:s0 tcontext=u:object_r:vendor_diag_device:s0 tclass=chr_file permissive=0
01-01 08:00:11.868 I/auditd ( 831): type=1400 audit(0.0:65): avc: denied { read } for comm="android.hardwar" name="type" dev="sysfs" ino=69867 scontext=u:r:hal_health_default:s0 tcontext=u:object_r:sysfs:s0 tclass=file permissive=0
01-01 08:00:11.884 I/auditd ( 1260): type=1400 audit(0.0:66): avc: denied { read write } for comm="ipacm-diag" name="diag" dev="tmpfs" ino=11526 scontext=u:r:hal_tetheroffload_default:s0 tcontext=u:object_r:vendor_diag_device:s0 tclass=chr_file permissive=0
01-01 08:00:11.896 I/auditd ( 1256): type=1400 audit(0.0:67): avc: denied { read write } for comm="imsqmidaemon" name="diag" dev="tmpfs" ino=11526 scontext=u:r:vendor_ims:s0 tcontext=u:object_r:vendor_diag_device:s0 tclass=chr_file permissive=0
01-01 08:00:11.896 I/auditd ( 1256): type=1400 audit(0.0:68): avc: denied { read write } for comm="imsqmidaemon" name="diag" dev="tmpfs" ino=11526 scontext=u:r:vendor_ims:s0 tcontext=u:object_r:vendor_diag_device:s0 tclass=chr_file permissive=0
01-01 08:00:11.896 I/auditd ( 1256): type=1400 audit(0.0:69): avc: denied { read write } for comm="imsqmidaemon" name="diag" dev="tmpfs" ino=11526 scontext=u:r:vendor_ims:s0 tcontext=u:object_r:vendor_diag_device:s0 tclass=chr_file permissive=0
01-01 08:00:11.896 I/auditd ( 1256): type=1400 audit(0.0:70): avc: denied { read write } for comm="imsqmidaemon" name="diag" dev="tmpfs" ino=11526 scontext=u:r:vendor_ims:s0 tcontext=u:object_r:vendor_diag_device:s0 tclass=chr_file permissive=0
01-01 08:00:11.896 I/auditd ( 1256): type=1400 audit(0.0:71): avc: denied { read write } for comm="imsqmidaemon" name="diag" dev="tmpfs" ino=11526 scontext=u:r:vendor_ims:s0 tcontext=u:object_r:vendor_diag_device:s0 tclass=chr_file permissive=0
01-01 08:00:11.896 I/auditd ( 1256): type=1400 audit(0.0:72): avc: denied { read write } for comm="imsqmidaemon" name="diag" dev="tmpfs" ino=11526 scontext=u:r:vendor_ims:s0 tcontext=u:object_r:vendor_diag_device:s0 tclass=chr_file permissive=0
01-01 08:00:11.896 I/auditd ( 1256): type=1400 audit(0.0:73): avc: denied { read write } for comm="imsqmidaemon" name="diag" dev="tmpfs" ino=11526 scontext=u:r:vendor_ims:s0 tcontext=u:object_r:vendor_diag_device:s0 tclass=chr_file permissive=0
01-01 08:00:11.904 I/auditd ( 1256): type=1400 audit(0.0:74): avc: denied { read write } for comm="imsqmidaemon" name="diag" dev="tmpfs" ino=11526 scontext=u:r:vendor_ims:s0 tcontext=u:object_r:vendor_diag_device:s0 tclass=chr_file permissive=0
01-01 08:00:11.904 I/auditd ( 1256): type=1400 audit(0.0:75): avc: denied { read write } for comm="imsqmidaemon" name="diag" dev="tmpfs" ino=11526 scontext=u:r:vendor_ims:s0 tcontext=u:object_r:vendor_diag_device:s0 tclass=chr_file permissive=0
01-01 08:00:11.904 I/auditd ( 1256): type=1400 audit(0.0:76): avc: denied { read write } for comm="imsqmidaemon" name="diag" dev="tmpfs" ino=11526 scontext=u:r:vendor_ims:s0 tcontext=u:object_r:vendor_diag_device:s0 tclass=chr_file permissive=0
01-01 08:00:12.024 I/auditd ( 1253): type=1400 audit(0.0:77): avc: denied { read write } for comm="ims_rtp_daemon" name="diag" dev="tmpfs" ino=11526 scontext=u:r:vendor_hal_imsrtp:s0 tcontext=u:object_r:vendor_diag_device:s0 tclass=chr_file permissive=0
01-01 08:00:12.028 I/auditd ( 964): type=1400 audit(0.0:78): avc: denied { read write } for comm="sensors.qti" name="diag" dev="tmpfs" ino=11526 scontext=u:r:vendor_sensors_qti:s0 tcontext=u:object_r:vendor_diag_device:s0 tclass=chr_file permissive=0
01-01 08:00:12.108 I/auditd ( 1231): type=1400 audit(0.0:79): avc: denied { read write } for comm="cnd" name="diag" dev="tmpfs" ino=11526 scontext=u:r:vendor_cnd:s0 tcontext=u:object_r:vendor_diag_device:s0 tclass=chr_file permissive=0
01-01 08:00:12.224 I/auditd ( 1368): type=1400 audit(0.0:80): avc: denied { read write } for comm="imsdatadaemon" name="diag" dev="tmpfs" ino=11526 scontext=u:r:vendor_ims:s0 tcontext=u:object_r:vendor_diag_device:s0 tclass=chr_file permissive=0
01-01 08:00:12.224 I/auditd ( 1368): type=1400 audit(0.0:81): avc: denied { read write } for comm="imsdatadaemon" name="diag" dev="tmpfs" ino=11526 scontext=u:r:vendor_ims:s0 tcontext=u:object_r:vendor_diag_device:s0 tclass=chr_file permissive=0
01-01 08:00:12.224 I/auditd ( 1368): type=1400 audit(0.0:82): avc: denied { read write } for comm="imsdatadaemon" name="diag" dev="tmpfs" ino=11526 scontext=u:r:vendor_ims:s0 tcontext=u:object_r:vendor_diag_device:s0 tclass=chr_file permissive=0
01-01 08:00:12.224 I/auditd ( 1368): type=1400 audit(0.0:83): avc: denied { read write } for comm="imsdatadaemon" name="diag" dev="tmpfs" ino=11526 scontext=u:r:vendor_ims:s0 tcontext=u:object_r:vendor_diag_device:s0 tclass=chr_file permissive=0
01-01 08:00:12.224 I/auditd ( 1368): type=1400 audit(0.0:84): avc: denied { read write } for comm="imsdatadaemon" name="diag" dev="tmpfs" ino=11526 scontext=u:r:vendor_ims:s0 tcontext=u:object_r:vendor_diag_device:s0 tclass=chr_file permissive=0
01-01 08:00:12.224 I/auditd ( 1368): type=1400 audit(0.0:85): avc: denied { read write } for comm="imsdatadaemon" name="diag" dev="tmpfs" ino=11526 scontext=u:r:vendor_ims:s0 tcontext=u:object_r:vendor_diag_device:s0 tclass=chr_file permissive=0
01-01 08:00:12.224 I/auditd ( 1368): type=1400 audit(0.0:86): avc: denied { read write } for comm="imsdatadaemon" name="diag" dev="tmpfs" ino=11526 scontext=u:r:vendor_ims:s0 tcontext=u:object_r:vendor_diag_device:s0 tclass=chr_file permissive=0
01-01 08:00:12.224 I/auditd ( 1368): type=1400 audit(0.0:87): avc: denied { read write } for comm="imsdatadaemon" name="diag" dev="tmpfs" ino=11526 scontext=u:r:vendor_ims:s0 tcontext=u:object_r:vendor_diag_device:s0 tclass=chr_file permissive=0
01-01 08:00:12.224 I/auditd ( 1368): type=1400 audit(0.0:88): avc: denied { read write } for comm="imsdatadaemon" name="diag" dev="tmpfs" ino=11526 scontext=u:r:vendor_ims:s0 tcontext=u:object_r:vendor_diag_device:s0 tclass=chr_file permissive=0
01-01 08:00:12.224 I/auditd ( 1368): type=1400 audit(0.0:89): avc: denied { read write } for comm="imsdatadaemon" name="diag" dev="tmpfs" ino=11526 scontext=u:r:vendor_ims:s0 tcontext=u:object_r:vendor_diag_device:s0 tclass=chr_file permissive=0
01-01 08:00:12.224 I/auditd ( 1368): type=1400 audit(0.0:90): avc: denied { read write } for comm="imsdatadaemon" name="diag" dev="tmpfs" ino=11526 scontext=u:r:vendor_ims:s0 tcontext=u:object_r:vendor_diag_device:s0 tclass=chr_file permissive=0
01-01 08:00:12.224 I/auditd ( 1368): type=1400 audit(0.0:91): avc: denied { read write } for comm="imsdatadaemon" name="diag" dev="tmpfs" ino=11526 scontext=u:r:vendor_ims:s0 tcontext=u:object_r:vendor_diag_device:s0 tclass=chr_file permissive=0
01-01 08:00:12.228 I/auditd ( 1368): type=1400 audit(0.0:92): avc: denied { read write } for comm="imsdatadaemon" name="diag" dev="tmpfs" ino=11526 scontext=u:r:vendor_ims:s0 tcontext=u:object_r:vendor_diag_device:s0 tclass=chr_file permissive=0
01-01 08:00:12.228 I/auditd ( 1368): type=1400 audit(0.0:93): avc: denied { read write } for comm="imsdatadaemon" name="diag" dev="tmpfs" ino=11526 scontext=u:r:vendor_ims:s0 tcontext=u:object_r:vendor_diag_device:s0 tclass=chr_file permissive=0
01-01 08:00:12.228 I/auditd ( 1368): type=1400 audit(0.0:94): avc: denied { read write } for comm="imsdatadaemon" name="diag" dev="tmpfs" ino=11526 scontext=u:r:vendor_ims:s0 tcontext=u:object_r:vendor_diag_device:s0 tclass=chr_file permissive=0
01-01 08:00:12.228 I/auditd ( 1368): type=1400 audit(0.0:95): avc: denied { read write } for comm="imsdatadaemon" name="diag" dev="tmpfs" ino=11526 scontext=u:r:vendor_ims:s0 tcontext=u:object_r:vendor_diag_device:s0 tclass=chr_file permissive=0
01-01 08:00:12.228 I/auditd ( 1368): type=1400 audit(0.0:96): avc: denied { read write } for comm="imsdatadaemon" name="diag" dev="tmpfs" ino=11526 scontext=u:r:vendor_ims:s0 tcontext=u:object_r:vendor_diag_device:s0 tclass=chr_file permissive=0
01-01 08:00:12.228 I/auditd ( 1368): type=1400 audit(0.0:97): avc: denied { read write } for comm="imsdatadaemon" name="diag" dev="tmpfs" ino=11526 scontext=u:r:vendor_ims:s0 tcontext=u:object_r:vendor_diag_device:s0 tclass=chr_file permissive=0
01-01 08:00:12.228 I/auditd ( 1368): type=1400 audit(0.0:98): avc: denied { read write } for comm="imsdatadaemon" name="diag" dev="tmpfs" ino=11526 scontext=u:r:vendor_ims:s0 tcontext=u:object_r:vendor_diag_device:s0 tclass=chr_file permissive=0
01-01 08:00:12.228 I/auditd ( 1368): type=1400 audit(0.0:99): avc: denied { read write } for comm="imsdatadaemon" name="diag" dev="tmpfs" ino=11526 scontext=u:r:vendor_ims:s0 tcontext=u:object_r:vendor_diag_device:s0 tclass=chr_file permissive=0
01-01 08:00:12.228 I/auditd ( 1368): type=1400 audit(0.0:100): avc: denied { read write } for comm="imsdatadaemon" name="diag" dev="tmpfs" ino=11526 scontext=u:r:vendor_ims:s0 tcontext=u:object_r:vendor_diag_device:s0 tclass=chr_file permissive=0
01-01 08:00:12.228 I/auditd ( 1368): type=1400 audit(0.0:101): avc: denied { read write } for comm="imsdatadaemon" name="diag" dev="tmpfs" ino=11526 scontext=u:r:vendor_ims:s0 tcontext=u:object_r:vendor_diag_device:s0 tclass=chr_file permissive=0
01-01 08:00:12.228 I/auditd ( 1368): type=1400 audit(0.0:102): avc: denied { read write } for comm="imsdatadaemon" name="diag" dev="tmpfs" ino=11526 scontext=u:r:vendor_ims:s0 tcontext=u:object_r:vendor_diag_device:s0 tclass=chr_file permissive=0
01-01 08:00:12.228 I/auditd ( 1368): type=1400 audit(0.0:103): avc: denied { read write } for comm="imsdatadaemon" name="diag" dev="tmpfs" ino=11526 scontext=u:r:vendor_ims:s0 tcontext=u:object_r:vendor_diag_device:s0 tclass=chr_file permissive=0
01-01 08:00:12.228 I/auditd ( 1368): type=1400 audit(0.0:105): avc: denied { read write } for comm="imsdatadaemon" name="diag" dev="tmpfs" ino=11526 scontext=u:r:vendor_ims:s0 tcontext=u:object_r:vendor_diag_device:s0 tclass=chr_file permissive=0
01-01 08:00:12.228 I/auditd ( 964): type=1400 audit(0.0:104): avc: denied { read write } for comm="sensors.qti" name="diag" dev="tmpfs" ino=11526 scontext=u:r:vendor_sensors_qti:s0 tcontext=u:object_r:vendor_diag_device:s0 tclass=chr_file permissive=0
01-01 08:00:12.228 I/auditd ( 1368): type=1400 audit(0.0:106): avc: denied { read write } for comm="imsdatadaemon" name="diag" dev="tmpfs" ino=11526 scontext=u:r:vendor_ims:s0 tcontext=u:object_r:vendor_diag_device:s0 tclass=chr_file permissive=0
01-01 08:00:12.228 I/auditd ( 1368): type=1400 audit(0.0:107): avc: denied { read write } for comm="imsdatadaemon" name="diag" dev="tmpfs" ino=11526 scontext=u:r:vendor_ims:s0 tcontext=u:object_r:vendor_diag_device:s0 tclass=chr_file permissive=0
01-01 08:00:12.228 I/auditd ( 1368): type=1400 audit(0.0:108): avc: denied { read write } for comm="imsdatadaemon" name="diag" dev="tmpfs" ino=11526 scontext=u:r:vendor_ims:s0 tcontext=u:object_r:vendor_diag_device:s0 tclass=chr_file permissive=0
01-01 08:00:12.228 I/auditd ( 1368): type=1400 audit(0.0:109): avc: denied { read write } for comm="imsdatadaemon" name="diag" dev="tmpfs" ino=11526 scontext=u:r:vendor_ims:s0 tcontext=u:object_r:vendor_diag_device:s0 tclass=chr_file permissive=0
01-01 08:00:12.228 I/auditd ( 1368): type=1400 audit(0.0:110): avc: denied { read write } for comm="imsdatadaemon" name="diag" dev="tmpfs" ino=11526 scontext=u:r:vendor_ims:s0 tcontext=u:object_r:vendor_diag_device:s0 tclass=chr_file permissive=0
01-01 08:00:12.232 I/auditd ( 1368): type=1400 audit(0.0:111): avc: denied { read write } for comm="imsdatadaemon" name="diag" dev="tmpfs" ino=11526 scontext=u:r:vendor_ims:s0 tcontext=u:object_r:vendor_diag_device:s0 tclass=chr_file permissive=0
01-01 08:00:12.232 I/auditd ( 1368): type=1400 audit(0.0:112): avc: denied { read write } for comm="imsdatadaemon" name="diag" dev="tmpfs" ino=11526 scontext=u:r:vendor_ims:s0 tcontext=u:object_r:vendor_diag_device:s0 tclass=chr_file permissive=0
01-01 08:00:12.232 I/auditd ( 1368): type=1400 audit(0.0:113): avc: denied { read write } for comm="imsdatadaemon" name="diag" dev="tmpfs" ino=11526 scontext=u:r:vendor_ims:s0 tcontext=u:object_r:vendor_diag_device:s0 tclass=chr_file permissive=0
01-01 08:00:12.262 I/boot_progress_preload_end( 674): 9459
01-01 08:00:12.428 I/auditd ( 964): type=1400 audit(0.0:114): avc: denied { read write } for comm="sensors.qti" name="diag" dev="tmpfs" ino=11526 scontext=u:r:vendor_sensors_qti:s0 tcontext=u:object_r:vendor_diag_device:s0 tclass=chr_file permissive=0
01-01 08:00:12.548 I/system_server_start( 1496): [1,9735,9735]
01-01 08:00:12.548 I/boot_progress_system_run( 1496): 9744
01-01 08:00:12.544 I/auditd ( 1530): type=1400 audit(0.0:115): avc: denied { getattr } for comm="hvdcp_opti" path="/dev/kmsg" dev="tmpfs" ino=11420 scontext=u:r:vendor_hvdcp:s0 tcontext=u:object_r:kmsg_device:s0 tclass=chr_file permissive=0
01-01 08:00:12.544 I/auditd ( 1530): type=1400 audit(0.0:116): avc: denied { write } for comm="hvdcp_opti" name="kmsg" dev="tmpfs" ino=11420 scontext=u:r:vendor_hvdcp:s0 tcontext=u:object_r:kmsg_device:s0 tclass=chr_file permissive=0
01-01 08:00:12.552 I/auditd ( 1530): type=1400 audit(0.0:117): avc: denied { read } for comm="hvdcp_opti" name="devices" dev="sysfs" ino=52721 scontext=u:r:vendor_hvdcp:s0 tcontext=u:object_r:sysfs:s0 tclass=dir permissive=0
01-01 08:00:12.616 I/auditd ( 1309): type=1400 audit(0.0:118): avc: denied { read write } for comm="qfp-daemon" name="diag" dev="tmpfs" ino=11526 scontext=u:r:vendor_qfp-daemon:s0 tcontext=u:object_r:vendor_diag_device:s0 tclass=chr_file permissive=0
01-01 08:00:12.628 I/auditd ( 964): type=1400 audit(0.0:119): avc: denied { read write } for comm="sensors.qti" name="diag" dev="tmpfs" ino=11526 scontext=u:r:vendor_sensors_qti:s0 tcontext=u:object_r:vendor_diag_device:s0 tclass=chr_file permissive=0
01-01 08:00:12.828 I/auditd ( 964): type=1400 audit(0.0:120): avc: denied { read write } for comm="sensors.qti" name="diag" dev="tmpfs" ino=11526 scontext=u:r:vendor_sensors_qti:s0 tcontext=u:object_r:vendor_diag_device:s0 tclass=chr_file permissive=0
01-01 08:00:12.860 I/auditd ( 806): type=1400 audit(0.0:121): avc: denied { read write } for comm="audio.service" name="diag" dev="tmpfs" ino=11526 scontext=u:r:hal_audio_default:s0 tcontext=u:object_r:vendor_diag_device:s0 tclass=chr_file permissive=0
01-01 08:00:13.028 I/auditd ( 964): type=1400 audit(0.0:122): avc: denied { read write } for comm="sensors.qti" name="diag" dev="tmpfs" ino=11526 scontext=u:r:vendor_sensors_qti:s0 tcontext=u:object_r:vendor_diag_device:s0 tclass=chr_file permissive=0
01-01 08:00:13.064 I/auditd ( 578): type=1400 audit(0.0:123): avc: denied { read } for comm="Binder:578_2" name="wakeup58" dev="sysfs" ino=83493 scontext=u:r:system_suspend:s0 tcontext=u:object_r:sysfs:s0 tclass=dir permissive=0
01-01 08:00:13.064 I/auditd ( 578): type=1400 audit(0.0:124): avc: denied { read } for comm="Binder:578_2" name="wakeup4" dev="sysfs" ino=52895 scontext=u:r:system_suspend:s0 tcontext=u:object_r:sysfs:s0 tclass=dir permissive=0
01-01 08:00:13.064 I/auditd ( 578): type=1400 audit(0.0:125): avc: denied { read } for comm="Binder:578_2" name="wakeup38" dev="sysfs" ino=68553 scontext=u:r:system_suspend:s0 tcontext=u:object_r:sysfs:s0 tclass=dir permissive=0
01-01 08:00:13.064 I/auditd ( 578): type=1400 audit(0.0:126): avc: denied { read } for comm="Binder:578_2" name="wakeup28" dev="sysfs" ino=59251 scontext=u:r:system_suspend:s0 tcontext=u:object_r:sysfs:s0 tclass=dir permissive=0
01-01 08:00:13.064 I/auditd ( 578): type=1400 audit(0.0:127): avc: denied { read } for comm="Binder:578_2" name="wakeup56" dev="sysfs" ino=83421 scontext=u:r:system_suspend:s0 tcontext=u:object_r:sysfs:s0 tclass=dir permissive=0
01-01 08:00:13.064 I/auditd ( 578): type=1400 audit(0.0:128): avc: denied { read } for comm="Binder:578_2" name="wakeup18" dev="sysfs" ino=58638 scontext=u:r:system_suspend:s0 tcontext=u:object_r:sysfs:s0 tclass=dir permissive=0
01-01 08:00:13.064 I/auditd ( 578): type=1400 audit(0.0:129): avc: denied { read } for comm="Binder:578_2" name="wakeup46" dev="sysfs" ino=77354 scontext=u:r:system_suspend:s0 tcontext=u:object_r:sysfs:s0 tclass=dir permissive=0
01-01 08:00:13.064 I/auditd ( 578): type=1400 audit(0.0:130): avc: denied { read } for comm="Binder:578_2" name="wakeup2" dev="sysfs" ino=52419 scontext=u:r:system_suspend:s0 tcontext=u:object_r:sysfs:s0 tclass=dir permissive=0
01-01 08:00:13.064 I/auditd ( 578): type=1400 audit(0.0:131): avc: denied { read } for comm="Binder:578_2" name="wakeup64" dev="sysfs" ino=83721 scontext=u:r:system_suspend:s0 tcontext=u:object_r:sysfs:s0 tclass=dir permissive=0
01-01 08:00:13.064 I/auditd ( 578): type=1400 audit(0.0:132): avc: denied { read } for comm="Binder:578_2" name="wakeup26" dev="sysfs" ino=59048 scontext=u:r:system_suspend:s0 tcontext=u:object_r:sysfs:s0 tclass=dir permissive=0
01-01 08:00:13.064 I/auditd ( 578): type=1400 audit(0.0:133): avc: denied { read } for comm="Binder:578_2" name="wakeup54" dev="sysfs" ino=83349 scontext=u:r:system_suspend:s0 tcontext=u:object_r:sysfs:s0 tclass=dir permissive=0
01-01 08:00:13.068 I/auditd ( 578): type=1400 audit(0.0:134): avc: denied { read } for comm="Binder:578_2" name="wakeup16" dev="sysfs" ino=58538 scontext=u:r:system_suspend:s0 tcontext=u:object_r:sysfs:s0 tclass=dir permissive=0
01-01 08:00:13.068 I/auditd ( 578): type=1400 audit(0.0:135): avc: denied { read } for comm="Binder:578_2" name="wakeup0" dev="sysfs" ino=49627 scontext=u:r:system_suspend:s0 tcontext=u:object_r:sysfs:s0 tclass=dir permissive=0
01-01 08:00:13.068 I/auditd ( 578): type=1400 audit(0.0:136): avc: denied { read } for comm="Binder:578_2" name="wakeup34" dev="sysfs" ino=63154 scontext=u:r:system_suspend:s0 tcontext=u:object_r:sysfs:s0 tclass=dir permissive=0
01-01 08:00:13.068 I/auditd ( 578): type=1400 audit(0.0:137): avc: denied { read } for comm="Binder:578_2" name="wakeup62" dev="sysfs" ino=83649 scontext=u:r:system_suspend:s0 tcontext=u:object_r:sysfs:s0 tclass=dir permissive=0
01-01 08:00:13.068 I/auditd ( 578): type=1400 audit(0.0:138): avc: denied { read } for comm="Binder:578_2" name="wakeup24" dev="sysfs" ino=58949 scontext=u:r:system_suspend:s0 tcontext=u:object_r:sysfs:s0 tclass=dir permissive=0
01-01 08:00:13.068 I/auditd ( 578): type=1400 audit(0.0:139): avc: denied { read } for comm="Binder:578_2" name="wakeup52" dev="sysfs" ino=83277 scontext=u:r:system_suspend:s0 tcontext=u:object_r:sysfs:s0 tclass=dir permissive=0
01-01 08:00:13.068 I/auditd ( 578): type=1400 audit(0.0:140): avc: denied { read } for comm="Binder:578_2" name="wakeup9" dev="sysfs" ino=58207 scontext=u:r:system_suspend:s0 tcontext=u:object_r:sysfs:s0 tclass=dir permissive=0
01-01 08:00:13.068 I/auditd ( 578): type=1400 audit(0.0:141): avc: denied { read } for comm="Binder:578_2" name="wakeup14" dev="sysfs" ino=58430 scontext=u:r:system_suspend:s0 tcontext=u:object_r:sysfs:s0 tclass=dir permissive=0
01-01 08:00:13.068 I/auditd ( 578): type=1400 audit(0.0:142): avc: denied { read } for comm="Binder:578_2" name="wakeup42" dev="sysfs" ino=69248 scontext=u:r:system_suspend:s0 tcontext=u:object_r:sysfs:s0 tclass=dir permissive=0
01-01 08:00:13.068 I/auditd ( 578): type=1400 audit(0.0:143): avc: denied { read } for comm="Binder:578_2" name="wakeup32" dev="sysfs" ino=59553 scontext=u:r:system_suspend:s0 tcontext=u:object_r:sysfs:s0 tclass=dir permissive=0
01-01 08:00:13.068 I/auditd ( 578): type=1400 audit(0.0:144): avc: denied { read } for comm="Binder:578_2" name="wakeup60" dev="sysfs" ino=83565 scontext=u:r:system_suspend:s0 tcontext=u:object_r:sysfs:s0 tclass=dir permissive=0
01-01 08:00:13.068 I/auditd ( 578): type=1400 audit(0.0:145): avc: denied { read } for comm="Binder:578_2" name="wakeup22" dev="sysfs" ino=58789 scontext=u:r:system_suspend:s0 tcontext=u:object_r:sysfs:s0 tclass=dir permissive=0
01-01 08:00:13.068 I/auditd ( 578): type=1400 audit(0.0:146): avc: denied { read } for comm="Binder:578_2" name="wakeup50" dev="sysfs" ino=78636 scontext=u:r:system_suspend:s0 tcontext=u:object_r:sysfs:s0 tclass=dir permissive=0
01-01 08:00:13.068 I/auditd ( 578): type=1400 audit(0.0:147): avc: denied { read } for comm="Binder:578_2" name="wakeup7" dev="sysfs" ino=58155 scontext=u:r:system_suspend:s0 tcontext=u:object_r:sysfs:s0 tclass=dir permissive=0
01-01 08:00:13.068 I/auditd ( 578): type=1400 audit(0.0:148): avc: denied { read } for comm="Binder:578_2" name="wakeup79" dev="sysfs" ino=88447 scontext=u:r:system_suspend:s0 tcontext=u:object_r:sysfs:s0 tclass=dir permissive=0
01-01 08:00:13.068 I/auditd ( 578): type=1400 audit(0.0:149): avc: denied { read } for comm="Binder:578_2" name="wakeup12" dev="sysfs" ino=58345 scontext=u:r:system_suspend:s0 tcontext=u:object_r:sysfs:s0 tclass=dir permissive=0
01-01 08:00:13.068 I/auditd ( 578): type=1400 audit(0.0:150): avc: denied { read } for comm="Binder:578_2" name="wakeup40" dev="sysfs" ino=69149 scontext=u:r:system_suspend:s0 tcontext=u:object_r:sysfs:s0 tclass=dir permissive=0
01-01 08:00:13.068 I/auditd ( 578): type=1400 audit(0.0:151): avc: denied { read } for comm="Binder:578_2" name="wakeup30" dev="sysfs" ino=59394 scontext=u:r:system_suspend:s0 tcontext=u:object_r:sysfs:s0 tclass=dir permissive=0
01-01 08:00:13.068 I/auditd ( 578): type=1400 audit(0.0:152): avc: denied { read } for comm="Binder:578_2" name="wakeup59" dev="sysfs" ino=83529 scontext=u:r:system_suspend:s0 tcontext=u:object_r:sysfs:s0 tclass=dir permissive=0
01-01 08:00:13.068 I/auditd ( 578): type=1400 audit(0.0:153): avc: denied { read } for comm="Binder:578_2" name="wakeup20" dev="sysfs" ino=58714 scontext=u:r:system_suspend:s0 tcontext=u:object_r:sysfs:s0 tclass=dir permissive=0
01-01 08:00:13.068 I/auditd ( 578): type=1400 audit(0.0:154): avc: denied { read } for comm="Binder:578_2" name="wakeup5" dev="sysfs" ino=52927 scontext=u:r:system_suspend:s0 tcontext=u:object_r:sysfs:s0 tclass=dir permissive=0
01-01 08:00:13.068 I/auditd ( 578): type=1400 audit(0.0:155): avc: denied { read } for comm="Binder:578_2" name="wakeup77" dev="sysfs" ino=88332 scontext=u:r:system_suspend:s0 tcontext=u:object_r:sysfs:s0 tclass=dir permissive=0
01-01 08:00:13.068 I/auditd ( 578): type=1400 audit(0.0:156): avc: denied { read } for comm="Binder:578_2" name="wakeup10" dev="sysfs" ino=58269 scontext=u:r:system_suspend:s0 tcontext=u:object_r:sysfs:s0 tclass=dir permissive=0
01-01 08:00:13.068 I/auditd ( 578): type=1400 audit(0.0:157): avc: denied { read } for comm="Binder:578_2" name="wakeup29" dev="sysfs" ino=59285 scontext=u:r:system_suspend:s0 tcontext=u:object_r:sysfs:s0 tclass=dir permissive=0
01-01 08:00:13.068 I/auditd ( 578): type=1400 audit(0.0:158): avc: denied { read } for comm="Binder:578_2" name="wakeup57" dev="sysfs" ino=83457 scontext=u:r:system_suspend:s0 tcontext=u:object_r:sysfs:s0 tclass=dir permissive=0
01-01 08:00:13.068 I/auditd ( 578): type=1400 audit(0.0:159): avc: denied { read } for comm="Binder:578_2" name="wakeup37" dev="sysfs" ino=68517 scontext=u:r:system_suspend:s0 tcontext=u:object_r:sysfs:s0 tclass=dir permissive=0
01-01 08:00:13.068 I/auditd ( 578): type=1400 audit(0.0:160): avc: denied { read } for comm="Binder:578_2" name="wakeup65" dev="sysfs" ino=83757 scontext=u:r:system_suspend:s0 tcontext=u:object_r:sysfs:s0 tclass=dir permissive=0
01-01 08:00:13.068 I/auditd ( 578): type=1400 audit(0.0:161): avc: denied { read } for comm="Binder:578_2" name="wakeup55" dev="sysfs" ino=83385 scontext=u:r:system_suspend:s0 tcontext=u:object_r:sysfs:s0 tclass=dir permissive=0
01-01 08:00:13.068 I/auditd ( 578): type=1400 audit(0.0:162): avc: denied { read } for comm="Binder:578_2" name="wakeup45" dev="sysfs" ino=77336 scontext=u:r:system_suspend:s0 tcontext=u:object_r:sysfs:s0 tclass=dir permissive=0
01-01 08:00:13.068 I/auditd ( 578): type=1400 audit(0.0:163): avc: denied { read } for comm="Binder:578_2" name="wakeup1" dev="sysfs" ino=49655 scontext=u:r:system_suspend:s0 tcontext=u:object_r:sysfs:s0 tclass=dir permissive=0
01-01 08:00:13.068 I/auditd ( 578): type=1400 audit(0.0:164): avc: denied { read } for comm="Binder:578_2" name="wakeup63" dev="sysfs" ino=83685 scontext=u:r:system_suspend:s0 tcontext=u:object_r:sysfs:s0 tclass=dir permissive=0
01-01 08:00:13.068 I/auditd ( 578): type=1400 audit(0.0:165): avc: denied { read } for comm="Binder:578_2" name="wakeup53" dev="sysfs" ino=83313 scontext=u:r:system_suspend:s0 tcontext=u:object_r:sysfs:s0 tclass=dir permissive=0
01-01 08:00:13.068 I/auditd ( 578): type=1400 audit(0.0:166): avc: denied { read } for comm="Binder:578_2" name="wakeup43" dev="sysfs" ino=69886 scontext=u:r:system_suspend:s0 tcontext=u:object_r:sysfs:s0 tclass=dir permissive=0
01-01 08:00:13.068 I/auditd ( 578): type=1400 audit(0.0:167): avc: denied { read } for comm="Binder:578_2" name="wakeup33" dev="sysfs" ino=59675 scontext=u:r:system_suspend:s0 tcontext=u:object_r:sysfs:s0 tclass=dir permissive=0
01-01 08:00:13.068 I/auditd ( 578): type=1400 audit(0.0:168): avc: denied { read } for comm="Binder:578_2" name="wakeup61" dev="sysfs" ino=83613 scontext=u:r:system_suspend:s0 tcontext=u:object_r:sysfs:s0 tclass=dir permissive=0
01-01 08:00:13.068 I/auditd ( 578): type=1400 audit(0.0:169): avc: denied { read } for comm="Binder:578_2" name="wakeup8" dev="sysfs" ino=58181 scontext=u:r:system_suspend:s0 tcontext=u:object_r:sysfs:s0 tclass=dir permissive=0
01-01 08:00:13.072 I/auditd ( 578): type=1400 audit(0.0:170): avc: denied { read } for comm="Binder:578_2" name="wakeup41" dev="sysfs" ino=69185 scontext=u:r:system_suspend:s0 tcontext=u:object_r:sysfs:s0 tclass=dir permissive=0
01-01 08:00:13.072 I/auditd ( 578): type=1400 audit(0.0:171): avc: denied { read } for comm="Binder:578_2" name="wakeup31" dev="sysfs" ino=59496 scontext=u:r:system_suspend:s0 tcontext=u:object_r:sysfs:s0 tclass=dir permissive=0
01-01 08:00:13.072 I/auditd ( 578): type=1400 audit(0.0:172): avc: denied { read } for comm="Binder:578_2" name="wakeup6" dev="sysfs" ino=53099 scontext=u:r:system_suspend:s0 tcontext=u:object_r:sysfs:s0 tclass=dir permissive=0
01-01 08:00:13.072 I/auditd ( 578): type=1400 audit(0.0:173): avc: denied { read } for comm="Binder:578_2" name="wakeup78" dev="sysfs" ino=88396 scontext=u:r:system_suspend:s0 tcontext=u:object_r:sysfs:s0 tclass=dir permissive=0
01-01 08:00:13.079 I/commit_sys_config_file( 1496): [batterystats,1]
01-01 08:00:13.079 I/commit_sys_config_file( 1496): [batterystats,1]
01-01 08:00:13.076 I/auditd ( 1608): type=1400 audit(0.0:174): avc: denied { read } for comm="ip" name="rt_tables" dev="dm-10" ino=339 scontext=u:r:ethernet:s0 tcontext=u:object_r:net_data_file:s0 tclass=file permissive=0
01-01 08:00:13.076 I/auditd ( 1252): type=1400 audit(0.0:175): avc: denied { write } for comm="sh" name="ip_forward" dev="proc" ino=1895 scontext=u:r:ethernet:s0 tcontext=u:object_r:proc_net:s0 tclass=file permissive=0
01-01 08:00:13.076 I/auditd ( 1252): type=1400 audit(0.0:176): avc: denied { write } for comm="sh" name="ip_default_ttl" dev="proc" ino=23357 scontext=u:r:ethernet:s0 tcontext=u:object_r:proc_net:s0 tclass=file permissive=0
01-01 08:00:13.076 I/auditd ( 1252): type=1400 audit(0.0:177): avc: denied { write } for comm="sh" name="tcp_keepalive_probes" dev="proc" ino=23358 scontext=u:r:ethernet:s0 tcontext=u:object_r:proc_net:s0 tclass=file permissive=0
01-01 08:00:13.076 I/auditd ( 1252): type=1400 audit(0.0:178): avc: denied { write } for comm="sh" name="tcp_keepalive_intvl" dev="proc" ino=23359 scontext=u:r:ethernet:s0 tcontext=u:object_r:proc_net:s0 tclass=file permissive=0
01-01 08:00:13.076 I/auditd ( 1252): type=1400 audit(0.0:179): avc: denied { write } for comm="sh" name="tcp_keepalive_time" dev="proc" ino=23360 scontext=u:r:ethernet:s0 tcontext=u:object_r:proc_net:s0 tclass=file permissive=0
01-01 08:00:13.076 I/auditd ( 1252): type=1400 audit(0.0:180): avc: denied { write } for comm="sh" name="tcp_rmem" dev="proc" ino=23361 scontext=u:r:ethernet:s0 tcontext=u:object_r:proc_net:s0 tclass=file permissive=0
01-01 08:00:13.076 I/auditd ( 1252): type=1400 audit(0.0:181): avc: denied { write } for comm="sh" name="tcp_wmem" dev="proc" ino=23362 scontext=u:r:ethernet:s0 tcontext=u:object_r:proc_net:s0 tclass=file permissive=0
01-01 08:00:13.076 I/auditd ( 1252): type=1400 audit(0.0:182): avc: denied { write } for comm="sh" name="tcp_synack_retries" dev="proc" ino=20048 scontext=u:r:ethernet:s0 tcontext=u:object_r:proc_net:s0 tclass=file permissive=0
01-01 08:00:13.076 I/auditd ( 1252): type=1400 audit(0.0:183): avc: denied { write } for comm="sh" name="tcp_syn_retries" dev="proc" ino=20047 scontext=u:r:ethernet:s0 tcontext=u:object_r:proc_net:s0 tclass=file permissive=0
01-01 08:00:13.076 I/auditd ( 1252): type=1400 audit(0.0:184): avc: denied { write } for comm="sh" name="tcp_max_tw_buckets" dev="proc" ino=23363 scontext=u:r:ethernet:s0 tcontext=u:object_r:proc_net:s0 tclass=file permissive=0
01-01 08:00:13.076 I/auditd ( 1252): type=1400 audit(0.0:185): avc: denied { write } for comm="sh" name="tcp_retries2" dev="proc" ino=20050 scontext=u:r:ethernet:s0 tcontext=u:object_r:proc_net:s0 tclass=file permissive=0
01-01 08:00:13.076 I/auditd ( 1252): type=1400 audit(0.0:186): avc: denied { write } for comm="sh" name="icmp_echo_ignore_all" dev="proc" ino=23364 scontext=u:r:ethernet:s0 tcontext=u:object_r:proc_net:s0 tclass=file permissive=0
01-01 08:00:13.076 I/auditd ( 1252): type=1400 audit(0.0:187): avc: denied { write } for comm="sh" name="icmp_echo_ignore_broadcasts" dev="proc" ino=23365 scontext=u:r:ethernet:s0 tcontext=u:object_r:proc_net:s0 tclass=file permissive=0
01-01 08:00:13.076 I/auditd ( 1252): type=1400 audit(0.0:188): avc: denied { write } for comm="sh" name="tcp_window_scaling" dev="proc" ino=23366 scontext=u:r:ethernet:s0 tcontext=u:object_r:proc_net:s0 tclass=file permissive=0
01-01 08:00:13.076 I/auditd ( 1252): type=1400 audit(0.0:189): avc: denied { write } for comm="sh" name="drop_gratuitous_arp" dev="proc" ino=23367 scontext=u:r:ethernet:s0 tcontext=u:object_r:proc_net:s0 tclass=file permissive=0
01-01 08:00:13.076 I/auditd ( 1252): type=1400 audit(0.0:190): avc: denied { write } for comm="sh" name="arp_accept" dev="proc" ino=23368 scontext=u:r:ethernet:s0 tcontext=u:object_r:proc_net:s0 tclass=file permissive=0
01-01 08:00:13.076 I/auditd ( 1252): type=1400 audit(0.0:191): avc: denied { write } for comm="sh" name="arp_notify" dev="proc" ino=23369 scontext=u:r:ethernet:s0 tcontext=u:object_r:proc_net:s0 tclass=file permissive=0
01-01 08:00:13.076 I/auditd ( 1252): type=1400 audit(0.0:192): avc: denied { write } for comm="sh" name="arp_ignore" dev="proc" ino=23370 scontext=u:r:ethernet:s0 tcontext=u:object_r:proc_net:s0 tclass=file permissive=0
01-01 08:00:13.100 I/service_manager_stats( 1496): [100,7,10297]
01-01 08:00:13.131 I/rescue_note( 1496): [0,1,10327]
01-01 08:00:13.228 I/auditd ( 964): type=1400 audit(0.0:193): avc: denied { read write } for comm="sensors.qti" name="diag" dev="tmpfs" ino=11526 scontext=u:r:vendor_sensors_qti:s0 tcontext=u:object_r:vendor_diag_device:s0 tclass=chr_file permissive=0
01-01 08:00:13.323 I/am_wtf ( 1496): [0,1496,system_server,-1,DisplayDeviceConfig,requesting nits when no mapping exists.]
01-01 08:00:13.323 I/am_wtf ( 1496): [0,1496,system_server,-1,DisplayDeviceConfig,requesting nits when no mapping exists.]
01-01 08:00:13.333 I/boot_progress_pms_start( 1496): 10530
01-01 08:00:13.409 I/boot_progress_pms_system_scan_start( 1496): 10605
01-01 08:00:13.428 I/auditd ( 964): type=1400 audit(0.0:194): avc: denied { read write } for comm="sensors.qti" name="diag" dev="tmpfs" ino=11526 scontext=u:r:vendor_sensors_qti:s0 tcontext=u:object_r:vendor_diag_device:s0 tclass=chr_file permissive=0
01-01 08:00:13.628 I/auditd ( 964): type=1400 audit(0.0:195): avc: denied { read write } for comm="sensors.qti" name="diag" dev="tmpfs" ino=11526 scontext=u:r:vendor_sensors_qti:s0 tcontext=u:object_r:vendor_diag_device:s0 tclass=chr_file permissive=0
01-01 08:00:13.743 I/boot_progress_pms_data_scan_start( 1496): 10939
01-01 08:00:13.745 I/boot_progress_pms_scan_end( 1496): 10941
01-01 08:00:13.796 I/commit_sys_config_file( 1496): [package-user-0,1]
01-01 08:00:13.796 I/commit_sys_config_file( 1496): [package,13]
01-01 08:00:13.796 I/boot_progress_pms_ready( 1496): 10993
01-01 08:00:13.805 I/am_uid_running( 1496): 1000
01-01 08:00:13.806 I/am_uid_active( 1496): 1000
01-01 08:00:13.824 I/commit_sys_config_file( 1496): [overlays,1]
01-01 08:00:13.832 I/battery_status( 1496): [1,1,0,0,]
01-01 08:00:13.828 I/auditd ( 964): type=1400 audit(0.0:196): avc: denied { read write } for comm="sensors.qti" name="diag" dev="tmpfs" ino=11526 scontext=u:r:vendor_sensors_qti:s0 tcontext=u:object_r:vendor_diag_device:s0 tclass=chr_file permissive=0
01-01 08:00:13.864 I/service_manager_slow( 1496): [13,permissionmgr]
09-22 22:26:44.030 I/wm_task_created( 1496): [1,-1]
09-22 22:26:44.033 I/sysui_multi_action( 1496): [757,1594,758,4,759,0,806,NULL]
09-22 22:26:44.031 I/auditd ( 1496): type=1400 audit(0.0:197): avc: denied { read } for comm="InputReader" name="virtualkeys.cyttsp7_mt" dev="sysfs" ino=69224 scontext=u:r:system_server:s0 tcontext=u:object_r:sysfs:s0 tclass=file permissive=0
09-22 22:26:44.057 I/configuration_changed( 1496): 536894968
09-22 22:26:44.058 I/sysui_multi_action( 1496): [757,1659,758,4,759,2,1660,0]
09-22 22:26:44.066 I/configuration_changed( 1496): 8
09-22 22:26:44.119 I/auditd ( 964): type=1400 audit(0.0:198): avc: denied { read write } for comm="sensors.qti" name="diag" dev="tmpfs" ino=11526 scontext=u:r:vendor_sensors_qti:s0 tcontext=u:object_r:vendor_diag_device:s0 tclass=chr_file permissive=0 --------- beginning of radio
09-22 22:26:44.216 D/TelephonyRegistry( 1496): listen oscl: mHasNotifySubscriptionInfoChangedOccurred==false no callback
09-22 22:26:44.291 I/storage_state( 1496): [41217664-9172-527a-b3d5-edabb50a7d69,0,0,46911266816,48316284928]
09-22 22:26:44.319 I/auditd ( 964): type=1400 audit(0.0:199): avc: denied { read write } for comm="sensors.qti" name="diag" dev="tmpfs" ino=11526 scontext=u:r:vendor_sensors_qti:s0 tcontext=u:object_r:vendor_diag_device:s0 tclass=chr_file permissive=0
09-22 22:26:44.331 I/auditd ( 1496): type=1400 audit(0.0:200): avc: denied { read } for comm="system_server" name="u:object_r:vendor_default_prop:s0" dev="tmpfs" ino=14667 scontext=u:r:system_server:s0 tcontext=u:object_r:vendor_default_prop:s0 tclass=file permissive=0
09-22 22:26:44.363 I/stream_devices_changed( 1496): [4,0,2]
09-22 22:26:44.363 I/stream_devices_changed( 1496): [3,0,2]
09-22 22:26:44.364 I/stream_devices_changed( 1496): [2,0,2]
09-22 22:26:44.364 I/stream_devices_changed( 1496): [0,0,1]
09-22 22:26:44.371 I/stream_devices_changed( 1496): [6,0,1]
