09-22 22:30:05.959 I/am_wtf ( 1496): [0,1496,system_server,-1,DisplayDeviceConfig,requesting nits when no mapping exists.]
09-22 22:30:05.976 I/am_wtf ( 1496): [0,1496,system_server,-1,DisplayDeviceConfig,requesting nits when no mapping exists.]
09-22 22:30:05.979 I/am_wtf ( 1496): [0,1496,system_server,-1,DisplayDeviceConfig,requesting nits when no mapping exists.]
09-22 22:30:05.994 I/am_wtf ( 1496): [0,1496,system_server,-1,DisplayDeviceConfig,requesting nits when no mapping exists.]
09-22 22:30:05.996 I/am_wtf ( 1496): [0,1496,system_server,-1,DisplayDeviceConfig,requesting nits when no mapping exists.]
09-22 22:30:06.007 I/am_wtf ( 1496): [0,1496,system_server,-1,DisplayDeviceConfig,requesting nits when no mapping exists.]
09-22 22:30:06.011 I/am_wtf ( 1496): [0,1496,system_server,-1,DisplayDeviceConfig,requesting nits when no mapping exists.]
09-22 22:30:06.028 I/am_wtf ( 1496): [0,1496,system_server,-1,DisplayDeviceConfig,requesting nits when no mapping exists.]
09-22 22:30:06.029 I/am_wtf ( 1496): [0,1496,system_server,-1,DisplayDeviceConfig,requesting nits when no mapping exists.]
09-22 22:30:06.042 I/am_wtf ( 1496): [0,1496,system_server,-1,DisplayDeviceConfig,requesting nits when no mapping exists.]
09-22 22:30:06.043 I/am_wtf ( 1496): [0,1496,system_server,-1,DisplayDeviceConfig,requesting nits when no mapping exists.]
09-22 22:30:06.062 I/am_wtf ( 1496): [0,1496,system_server,-1,DisplayDeviceConfig,requesting nits when no mapping exists.]
09-22 22:30:06.063 I/am_wtf ( 1496): [0,1496,system_server,-1,DisplayDeviceConfig,requesting nits when no mapping exists.]
09-22 22:30:06.077 I/am_wtf ( 1496): [0,1496,system_server,-1,DisplayDeviceConfig,requesting nits when no mapping exists.]
09-22 22:30:06.079 I/am_wtf ( 1496): [0,1496,system_server,-1,DisplayDeviceConfig,requesting nits when no mapping exists.]
09-22 22:31:05.391 I/input_interaction( 1496): Interaction with: 5f5f28b com.android.deskclock/android.service.dreams.DreamActivity (server), edge-swipe (server), swipe-up (server), PointerEventDispatcher0 (server),
09-22 22:31:05.394 I/wm_finish_activity( 1496): [0,228580975,26,com.android.deskclock/android.service.dreams.DreamActivity,finish-activity]
09-22 22:31:05.394 I/wm_task_moved( 1496): [1,1,6]
09-22 22:31:05.395 I/wm_task_moved( 1496): [19,1,2147483647]
09-22 22:31:05.395 I/wm_task_to_front( 1496): [0,19]
09-22 22:31:05.395 I/wm_focused_root_task( 1496): [0,0,1,26,finish-top adjustFocusToNextFocusableTask]
09-22 22:31:05.396 I/wm_set_resumed_activity( 1496): [0,com.android.launcher3/.uioverrides.QuickstepLauncher,finish-top adjustFocusToNextFocusableTask]
09-22 22:31:05.397 I/wm_pause_activity( 1496): [0,228580975,com.android.deskclock/android.service.dreams.DreamActivity,userLeaving=false,finish]
09-22 22:31:05.405 I/sysui_multi_action( 1496): [757,803,799,window_time_0,802,60]
09-22 22:31:05.405 I/wm_on_top_resumed_lost_called( 2558): [228580975,android.service.dreams.DreamActivity,topStateChangedWhenResumed]
09-22 22:31:05.405 I/wm_on_paused_called( 2558): [228580975,android.service.dreams.DreamActivity,performPause]
09-22 22:31:05.406 I/wm_add_to_stopping( 1496): [0,228580975,com.android.deskclock/android.service.dreams.DreamActivity,completeFinishing]
09-22 22:31:05.408 I/wm_set_resumed_activity( 1496): [0,com.android.launcher3/.uioverrides.QuickstepLauncher,resumeTopActivityInnerLocked]
09-22 22:31:05.409 I/wm_resume_activity( 1496): [0,261001500,19,com.android.launcher3/.uioverrides.QuickstepLauncher]
09-22 22:31:05.426 I/wm_on_restart_called( 2390): [261001500,com.android.launcher3.uioverrides.QuickstepLauncher,performRestartActivity]
09-22 22:31:05.426 I/wm_on_start_called( 2390): [261001500,com.android.launcher3.uioverrides.QuickstepLauncher,handleStartActivity]
09-22 22:31:05.427 I/wm_on_resume_called( 2390): [261001500,com.android.launcher3.uioverrides.QuickstepLauncher,RESUME_ACTIVITY]
09-22 22:31:05.427 I/wm_on_top_resumed_gained_called( 2390): [261001500,com.android.launcher3.uioverrides.QuickstepLauncher,topWhenResuming]
09-22 22:31:05.428 I/sysui_multi_action( 1496): [757,803,799,window_time_0,802,0]
09-22 22:31:05.433 I/input_focus( 1496): [Focus leaving 5f5f28b com.android.deskclock/android.service.dreams.DreamActivity (server),reason=NO_WINDOW]
09-22 22:31:05.435 I/input_focus( 1496): [Focus request cdcb676 com.android.launcher3/com.android.launcher3.uioverrides.QuickstepLauncher,reason=UpdateInputWindows]
09-22 22:31:05.435 I/view_enqueue_input_event( 2558): [Motion - Cancel,com.android.deskclock/android.service.dreams.DreamActivity]
09-22 22:31:05.441 I/input_interaction( 1496): Interaction with: edge-swipe (server), swipe-up (server), PointerEventDispatcher0 (server),
09-22 22:31:05.443 I/am_pss ( 1496): [3846,1000,com.android.settings,50055168,36098048,0,180547584,0,15,11]
09-22 22:31:05.466 I/input_focus( 1496): [Focus entering cdcb676 com.android.launcher3/com.android.launcher3.uioverrides.QuickstepLauncher (server),reason=Window became focusable. Previous reason: NOT_VISIBLE]
09-22 22:31:05.706 I/wm_destroy_activity( 1496): [0,228580975,26,com.android.deskclock/android.service.dreams.DreamActivity,finish-imm:idle]
09-22 22:31:05.724 I/wm_on_stop_called( 2558): [228580975,android.service.dreams.DreamActivity,LIFECYCLER_STOP_ACTIVITY]
09-22 22:31:05.725 I/wm_on_destroy_called( 2558): [228580975,android.service.dreams.DreamActivity,performDestroy]
09-22 22:31:05.730 I/sysui_multi_action( 1496): [757,222,758,2]
09-22 22:31:05.730 I/sysui_multi_action( 1496): [757,804,799,dreaming_minutes,801,1,802,1]
09-22 22:31:05.741 I/wm_task_removed( 1496): [26,removeChild:removeChild last r=ActivityRecord{d9fde6f u0 com.android.deskclock/android.service.dreams.DreamActivity t-1 f}} in t=Task{b2276d6 #26 type=dream A=10066:android:com.android.deskclock/dream U=0 visible=false mode=fullscreen translucent=true sz=0}]
09-22 22:31:05.741 I/wm_task_removed( 1496): [26,removeChild]
09-22 22:31:27.455 I/input_interaction( 1496): Interaction with: cdcb676 com.android.launcher3/com.android.launcher3.uioverrides.QuickstepLauncher (server), 23a4ae6 com.android.systemui.ImageWallpaper (server), edge-swipe (server), swipe-up (server), PointerEventDispatcher0 (server),
09-22 22:31:28.525 I/service_manager_stats( 1496): [100,75,83185]
09-22 22:31:33.336 I/view_enqueue_input_event( 2390): [Motion - Cancel,com.android.launcher3/com.android.launcher3.uioverrides.QuickstepLauncher]
09-22 22:31:33.339 I/input_interaction( 1496): Interaction with: edge-swipe (server), swipe-up (server), PointerEventDispatcher0 (server),
09-22 22:31:34.942 I/input_interaction( 1496): Interaction with: cdcb676 com.android.launcher3/com.android.launcher3.uioverrides.QuickstepLauncher (server), 23a4ae6 com.android.systemui.ImageWallpaper (server), edge-swipe (server), swipe-up (server), PointerEventDispatcher0 (server),
09-22 22:31:36.278 I/sysui_multi_action( 1496): [757,803,799,window_time_0,802,31]
09-22 22:31:37.561 I/wm_finish_activity( 1496): [0,113182047,25,com.android.settings/.Settings,remove-task]
09-22 22:31:37.563 I/wm_destroy_activity( 1496): [0,113182047,25,com.android.settings/.Settings,finish-imm:finishIfPossible]
09-22 22:31:37.572 I/am_kill ( 1496): [0,3846,com.android.settings,905,remove task]
09-22 22:31:37.573 I/sysui_multi_action( 1496): [757,803,799,window_time_0,802,1]
09-22 22:31:37.629 I/am_proc_died( 1496): [0,3846,com.android.settings,905,19]
09-22 22:31:37.636 I/wm_task_removed( 1496): [25,removeChild:removeChild last r=ActivityRecord{6bf055f u0 com.android.settings/.Settings t-1 f}} in t=Task{56e4157 #25 type=standard A=1000:com.android.settings.root U=0 visible=false mode=fullscreen translucent=true sz=0}]
09-22 22:31:37.636 I/wm_task_removed( 1496): [25,removeChild]
09-22 22:31:37.658 I/am_proc_start( 1496): [0,4134,1000,com.android.settings,NULL,]
09-22 22:31:37.694 I/am_proc_bound( 1496): [0,4134,com.android.settings]
09-22 22:31:38.700 I/am_kill ( 1496): [0,3876,com.android.gallery3d,910,remove task]
09-22 22:31:38.704 I/sysui_multi_action( 1496): [757,803,799,window_time_0,802,1]
09-22 22:31:38.742 I/am_proc_died( 1496): [0,3876,com.android.gallery3d,910,18]
09-22 22:31:38.743 I/am_uid_stopped( 1496): 10067
09-22 22:31:40.489 I/am_kill ( 1496): [0,2558,com.android.deskclock,900,remove task]
09-22 22:31:40.490 I/sysui_multi_action( 1496): [757,803,799,window_time_0,802,2]
09-22 22:31:40.543 I/am_proc_died( 1496): [0,2558,com.android.deskclock,900,18]
09-22 22:31:40.544 I/am_uid_stopped( 1496): 10066
09-22 22:31:52.019 I/wm_task_created( 1496): [27,-1]
09-22 22:31:52.026 I/wm_task_moved( 1496): [27,1,6]
09-22 22:31:52.026 I/wm_task_to_front( 1496): [0,27]
09-22 22:31:52.027 I/wm_create_task( 1496): [0,27]
09-22 22:31:52.027 I/wm_create_activity( 1496): [0,257827598,27,com.android.music/.VideoBrowserActivity,android.intent.action.MAIN,NULL,NULL,270532608]
09-22 22:31:52.027 I/wm_task_moved( 1496): [27,1,6]
09-22 22:31:52.030 I/wm_pause_activity( 1496): [0,261001500,com.android.launcher3/.uioverrides.QuickstepLauncher,userLeaving=true,pauseBackTasks]
09-22 22:31:52.041 I/wm_on_top_resumed_lost_called( 2390): [261001500,com.android.launcher3.uioverrides.QuickstepLauncher,topStateChangedWhenResumed]
09-22 22:31:52.042 I/wm_on_paused_called( 2390): [261001500,com.android.launcher3.uioverrides.QuickstepLauncher,performPause]
09-22 22:31:52.044 I/wm_add_to_stopping( 1496): [0,261001500,com.android.launcher3/.uioverrides.QuickstepLauncher,makeInvisible]
09-22 22:31:52.048 I/am_uid_running( 1496): 10063
09-22 22:31:52.052 I/sysui_multi_action( 1496): [757,803,799,window_time_0,802,12]
09-22 22:31:52.063 I/input_focus( 1496): [Focus leaving cdcb676 com.android.launcher3/com.android.launcher3.uioverrides.QuickstepLauncher (server),reason=NO_WINDOW]
09-22 22:31:52.070 I/am_proc_start( 1496): [0,4169,10063,com.android.music,pre-top-activity,{com.android.music/com.android.music.VideoBrowserActivity}]
09-22 22:31:52.095 I/am_proc_bound( 1496): [0,4169,com.android.music]
09-22 22:31:52.098 I/wm_restart_activity( 1496): [0,257827598,27,com.android.music/.VideoBrowserActivity]
09-22 22:31:52.099 I/wm_set_resumed_activity( 1496): [0,com.android.music/.VideoBrowserActivity,minimalResumeActivityLocked]
09-22 22:31:52.099 I/am_uid_active( 1496): 10063
09-22 22:31:52.161 I/wm_on_create_called( 4169): [257827598,com.android.music.VideoBrowserActivity,performCreate]
09-22 22:31:52.161 I/wm_on_start_called( 4169): [257827598,com.android.music.VideoBrowserActivity,handleStartActivity]
09-22 22:31:52.162 I/wm_on_resume_called( 4169): [257827598,com.android.music.VideoBrowserActivity,RESUME_ACTIVITY]
09-22 22:31:52.167 I/wm_on_top_resumed_gained_called( 4169): [257827598,com.android.music.VideoBrowserActivity,topStateChangedWhenResumed]
09-22 22:31:52.175 I/input_focus( 1496): [Focus request 5000be9 com.android.music/com.android.music.VideoBrowserActivity,reason=UpdateInputWindows]
09-22 22:31:52.243 I/sysui_multi_action( 1496): [319,76,321,73,322,222,325,319,757,761,758,7,759,1,806,com.android.music,871,com.android.music.VideoBrowserActivity,904,com.android.launcher3,905,0,945,86,1320,4,1321,1]
09-22 22:31:52.248 I/input_focus( 1496): [Focus entering 5000be9 com.android.music/com.android.music.VideoBrowserActivity (server),reason=Window became focusable. Previous reason: NOT_VISIBLE]
09-22 22:31:52.256 I/wm_activity_launch_time( 1496): [0,257827598,com.android.music/.VideoBrowserActivity,222]
09-22 22:31:52.617 I/wm_stop_activity( 1496): [0,261001500,com.android.launcher3/.uioverrides.QuickstepLauncher]
09-22 22:31:52.656 I/wm_on_stop_called( 2390): [261001500,com.android.launcher3.uioverrides.QuickstepLauncher,STOP_ACTIVITY_ITEM]
09-22 22:31:55.363 I/input_interaction( 1496): Interaction with: 5000be9 com.android.music/com.android.music.VideoBrowserActivity (server), edge-swipe (server), swipe-up (server), PointerEventDispatcher0 (server),
09-22 22:31:55.401 I/view_enqueue_input_event( 4169): [Motion - Cancel,com.android.music/com.android.music.VideoBrowserActivity]
09-22 22:31:55.414 I/input_interaction( 1496): Interaction with: edge-swipe (server), swipe-up (server), PointerEventDispatcher0 (server),
09-22 22:31:55.539 I/sysui_multi_action( 1496): [757,803,799,key_back_press,802,1]
09-22 22:31:55.542 I/input_interaction( 1496): Interaction with: 5000be9 com.android.music/com.android.music.VideoBrowserActivity (server), PointerEventDispatcher0 (server),
09-22 22:31:55.544 I/wm_finish_activity( 1496): [0,257827598,27,com.android.music/.VideoBrowserActivity,app-request]
09-22 22:31:55.545 I/wm_task_moved( 1496): [1,1,6]
09-22 22:31:55.545 I/wm_task_moved( 1496): [19,1,2147483647]
09-22 22:31:55.546 I/wm_task_to_front( 1496): [0,19]
09-22 22:31:55.546 I/wm_focused_root_task( 1496): [0,0,1,27,finish-top adjustFocusToNextFocusableTask]
09-22 22:31:55.546 I/wm_set_resumed_activity( 1496): [0,com.android.launcher3/.uioverrides.QuickstepLauncher,finish-top adjustFocusToNextFocusableTask]
09-22 22:31:55.553 I/wm_pause_activity( 1496): [0,257827598,com.android.music/.VideoBrowserActivity,userLeaving=false,finish]
09-22 22:31:55.556 I/wm_on_top_resumed_lost_called( 4169): [257827598,com.android.music.VideoBrowserActivity,topStateChangedWhenResumed]
09-22 22:31:55.558 I/wm_on_paused_called( 4169): [257827598,com.android.music.VideoBrowserActivity,performPause]
09-22 22:31:55.559 I/wm_add_to_stopping( 1496): [0,257827598,com.android.music/.VideoBrowserActivity,completeFinishing]
09-22 22:31:55.561 I/wm_set_resumed_activity( 1496): [0,com.android.launcher3/.uioverrides.QuickstepLauncher,resumeTopActivityInnerLocked]
09-22 22:31:55.562 I/wm_resume_activity( 1496): [0,261001500,19,com.android.launcher3/.uioverrides.QuickstepLauncher]
09-22 22:31:55.569 I/sysui_multi_action( 1496): [757,803,799,window_time_0,802,3]
09-22 22:31:55.571 I/input_focus( 1496): [Focus leaving 5000be9 com.android.music/com.android.music.VideoBrowserActivity (server),reason=NO_WINDOW]
09-22 22:31:55.577 I/wm_on_restart_called( 2390): [261001500,com.android.launcher3.uioverrides.QuickstepLauncher,performRestartActivity]
09-22 22:31:55.577 I/wm_on_start_called( 2390): [261001500,com.android.launcher3.uioverrides.QuickstepLauncher,handleStartActivity]
09-22 22:31:55.578 I/wm_on_resume_called( 2390): [261001500,com.android.launcher3.uioverrides.QuickstepLauncher,RESUME_ACTIVITY]
09-22 22:31:55.578 I/wm_on_top_resumed_gained_called( 2390): [261001500,com.android.launcher3.uioverrides.QuickstepLauncher,topWhenResuming]
09-22 22:31:55.592 I/input_focus( 1496): [Focus request cdcb676 com.android.launcher3/com.android.launcher3.uioverrides.QuickstepLauncher,reason=UpdateInputWindows]
09-22 22:31:55.622 I/input_focus( 1496): [Focus entering cdcb676 com.android.launcher3/com.android.launcher3.uioverrides.QuickstepLauncher (server),reason=Window became focusable. Previous reason: NOT_VISIBLE]
09-22 22:31:55.960 I/wm_destroy_activity( 1496): [0,257827598,27,com.android.music/.VideoBrowserActivity,finish-imm:idle]
09-22 22:31:55.980 I/wm_on_stop_called( 4169): [257827598,com.android.music.VideoBrowserActivity,LIFECYCLER_STOP_ACTIVITY]
09-22 22:31:55.984 I/wm_on_destroy_called( 4169): [257827598,com.android.music.VideoBrowserActivity,performDestroy]
09-22 22:31:55.991 I/wm_task_removed( 1496): [27,removeChild:removeChild last r=ActivityRecord{f5e230e u0 com.android.music/.VideoBrowserActivity t-1 f}} in t=Task{db0bb7d #27 type=standard A=10063:android.task.video U=0 visible=false mode=fullscreen translucent=true sz=0}]
09-22 22:31:55.991 I/wm_task_removed( 1496): [27,removeChild]
09-22 22:31:56.580 I/input_interaction( 1496): Interaction with: cdcb676 com.android.launcher3/com.android.launcher3.uioverrides.QuickstepLauncher (server), 23a4ae6 com.android.systemui.ImageWallpaper (server), edge-swipe (server), swipe-up (server), PointerEventDispatcher0 (server),
09-22 22:31:58.065 I/wm_task_created( 1496): [28,-1]
09-22 22:31:58.069 I/wm_task_moved( 1496): [28,1,6]
09-22 22:31:58.069 I/wm_task_to_front( 1496): [0,28]
09-22 22:31:58.070 I/wm_create_task( 1496): [0,28]
09-22 22:31:58.070 I/wm_create_activity( 1496): [0,79574212,28,com.android.music/.VideoBrowserActivity,NULL,NULL,NULL,402657280]
09-22 22:31:58.070 I/wm_task_moved( 1496): [28,1,6]
09-22 22:31:58.072 I/wm_restart_activity( 1496): [0,79574212,28,com.android.music/.VideoBrowserActivity]
09-22 22:31:58.074 I/wm_set_resumed_activity( 1496): [0,com.android.music/.VideoBrowserActivity,minimalResumeActivityLocked]
09-22 22:31:58.085 I/wm_on_top_resumed_lost_called( 2390): [261001500,com.android.launcher3.uioverrides.QuickstepLauncher,topStateChangedWhenResumed]
09-22 22:31:58.111 I/wm_on_create_called( 4169): [79574212,com.android.music.VideoBrowserActivity,performCreate]
09-22 22:31:58.111 I/wm_on_start_called( 4169): [79574212,com.android.music.VideoBrowserActivity,handleStartActivity]
09-22 22:31:58.113 I/wm_on_resume_called( 4169): [79574212,com.android.music.VideoBrowserActivity,RESUME_ACTIVITY]
09-22 22:31:58.115 I/wm_on_top_resumed_gained_called( 4169): [79574212,com.android.music.VideoBrowserActivity,topStateChangedWhenResumed]
09-22 22:31:58.124 I/input_focus( 1496): [Focus request 91849a9 com.android.music/com.android.music.VideoBrowserActivity,reason=UpdateInputWindows]
09-22 22:31:58.144 I/input_focus( 1496): [Focus leaving cdcb676 com.android.launcher3/com.android.launcher3.uioverrides.QuickstepLauncher (server),reason=Waiting for window because NOT_VISIBLE]
09-22 22:31:58.151 I/sysui_multi_action( 1496): [319,82,322,81,325,325,757,761,758,8,759,2,806,com.android.music,871,com.android.music.VideoBrowserActivity,904,com.android.launcher3,905,0,1320,4,1321,1]
09-22 22:31:58.155 I/wm_activity_launch_time( 1496): [0,79574212,com.android.music/.VideoBrowserActivity,81]
09-22 22:31:58.160 I/input_focus( 1496): [Focus entering 91849a9 com.android.music/com.android.music.VideoBrowserActivity (server),reason=Window became focusable. Previous reason: NOT_VISIBLE]
09-22 22:31:58.171 I/am_pss ( 1496): [4134,1000,com.android.settings,26698752,24780800,0,113070080,0,19,8]
09-22 22:31:59.962 I/input_interaction( 1496): Interaction with: 91849a9 com.android.music/com.android.music.VideoBrowserActivity (server), edge-swipe (server), swipe-up (server), PointerEventDispatcher0 (server),
09-22 22:32:01.114 I/wm_finish_activity( 1496): [0,79574212,28,com.android.music/.VideoBrowserActivity,finish-activity]
09-22 22:32:01.115 I/wm_task_moved( 1496): [1,1,6]
09-22 22:32:01.117 I/wm_set_resumed_activity( 1496): [0,com.android.launcher3/.uioverrides.QuickstepLauncher,positionChildAt]
09-22 22:32:01.117 I/wm_task_moved( 1496): [19,1,2147483647]
09-22 22:32:01.117 I/wm_task_to_front( 1496): [0,19]
09-22 22:32:01.117 I/wm_focused_root_task( 1496): [0,0,1,-1,finish-top adjustFocusToNextFocusableTask]
09-22 22:32:01.118 I/wm_set_resumed_activity( 1496): [0,com.android.launcher3/.uioverrides.QuickstepLauncher,finish-top]
09-22 22:32:01.128 I/wm_pause_activity( 1496): [0,79574212,com.android.music/.VideoBrowserActivity,userLeaving=false,finish]
09-22 22:32:01.132 I/input_focus( 1496): [Focus request cdcb676 com.android.launcher3/com.android.launcher3.uioverrides.QuickstepLauncher,reason=UpdateInputWindows]
09-22 22:32:01.132 I/wm_on_top_resumed_lost_called( 4169): [79574212,com.android.music.VideoBrowserActivity,topStateChangedWhenResumed]
09-22 22:32:01.132 I/wm_on_top_resumed_gained_called( 2390): [261001500,com.android.launcher3.uioverrides.QuickstepLauncher,topStateChangedWhenResumed]
09-22 22:32:01.132 I/wm_on_paused_called( 4169): [79574212,com.android.music.VideoBrowserActivity,performPause]
09-22 22:32:01.140 I/wm_destroy_activity( 1496): [0,79574212,28,com.android.music/.VideoBrowserActivity,finish-imm:completePausedLocked]
09-22 22:32:01.151 I/input_focus( 1496): [Focus leaving 91849a9 com.android.music/com.android.music.VideoBrowserActivity (server),reason=NO_WINDOW]
09-22 22:32:01.151 I/input_focus( 1496): [Focus entering cdcb676 com.android.launcher3/com.android.launcher3.uioverrides.QuickstepLauncher (server),reason=setFocusedWindow]
09-22 22:32:01.152 I/sysui_multi_action( 1496): [757,803,799,window_time_0,802,6]
09-22 22:32:01.155 I/wm_on_stop_called( 4169): [79574212,com.android.music.VideoBrowserActivity,LIFECYCLER_STOP_ACTIVITY]
09-22 22:32:01.161 I/wm_on_destroy_called( 4169): [79574212,com.android.music.VideoBrowserActivity,performDestroy]
09-22 22:32:01.163 I/sysui_multi_action( 1496): [757,803,799,window_time_0,802,0]
09-22 22:32:01.651 I/wm_task_removed( 1496): [28,removeChild:removeChild last r=ActivityRecord{4be34c4 u0 com.android.music/.VideoBrowserActivity t-1 f}} in t=Task{f9663d7 #28 type=standard A=10063:android.task.video U=0 visible=false mode=freeform translucent=true sz=0}]
09-22 22:32:01.651 I/wm_task_removed( 1496): [28,removeChild]
09-22 22:32:54.062 I/sysui_multi_action( 1496): [757,1696,758,6,759,2]
09-22 22:32:54.069 I/am_wtf ( 1496): [0,1496,system_server,-1,DisplayDeviceConfig,requesting nits when no mapping exists.]
09-22 22:32:54.072 I/am_wtf ( 1496): [0,1496,system_server,-1,DisplayDeviceConfig,requesting nits when no mapping exists.]
09-22 22:32:54.085 I/am_wtf ( 1496): [0,1496,system_server,-1,DisplayDeviceConfig,requesting nits when no mapping exists.]
09-22 22:32:54.086 I/am_wtf ( 1496): [0,1496,system_server,-1,DisplayDeviceConfig,requesting nits when no mapping exists.]
09-22 22:32:54.102 I/am_wtf ( 1496): [0,1496,system_server,-1,DisplayDeviceConfig,requesting nits when no mapping exists.]
09-22 22:32:54.103 I/am_wtf ( 1496): [0,1496,system_server,-1,DisplayDeviceConfig,requesting nits when no mapping exists.]
09-22 22:32:54.111 I/am_wtf ( 1496): [0,1496,system_server,-1,DisplayDeviceConfig,requesting nits when no mapping exists.]
09-22 22:32:54.111 I/am_wtf ( 1496): [0,1496,system_server,-1,DisplayDeviceConfig,requesting nits when no mapping exists.]
09-22 22:32:54.127 I/am_wtf ( 1496): [0,1496,system_server,-1,DisplayDeviceConfig,requesting nits when no mapping exists.]
09-22 22:32:54.128 I/am_wtf ( 1496): [0,1496,system_server,-1,DisplayDeviceConfig,requesting nits when no mapping exists.]
09-22 22:32:54.145 I/am_wtf ( 1496): [0,1496,system_server,-1,DisplayDeviceConfig,requesting nits when no mapping exists.]
09-22 22:32:54.146 I/am_wtf ( 1496): [0,1496,system_server,-1,DisplayDeviceConfig,requesting nits when no mapping exists.]
09-22 22:32:54.161 I/am_wtf ( 1496): [0,1496,system_server,-1,DisplayDeviceConfig,requesting nits when no mapping exists.]
09-22 22:32:54.161 I/am_wtf ( 1496): [0,1496,system_server,-1,DisplayDeviceConfig,requesting nits when no mapping exists.]
09-22 22:32:54.177 I/am_wtf ( 1496): [0,1496,system_server,-1,DisplayDeviceConfig,requesting nits when no mapping exists.]
09-22 22:32:54.178 I/am_wtf ( 1496): [0,1496,system_server,-1,DisplayDeviceConfig,requesting nits when no mapping exists.]
09-22 22:32:54.195 I/am_wtf ( 1496): [0,1496,system_server,-1,DisplayDeviceConfig,requesting nits when no mapping exists.]
09-22 22:32:54.196 I/am_wtf ( 1496): [0,1496,system_server,-1,DisplayDeviceConfig,requesting nits when no mapping exists.]
09-22 22:32:54.211 I/am_wtf ( 1496): [0,1496,system_server,-1,DisplayDeviceConfig,requesting nits when no mapping exists.]
09-22 22:32:54.212 I/am_wtf ( 1496): [0,1496,system_server,-1,DisplayDeviceConfig,requesting nits when no mapping exists.]
09-22 22:32:54.228 I/am_wtf ( 1496): [0,1496,system_server,-1,DisplayDeviceConfig,requesting nits when no mapping exists.]
09-22 22:32:54.229 I/am_wtf ( 1496): [0,1496,system_server,-1,DisplayDeviceConfig,requesting nits when no mapping exists.]
09-22 22:32:54.245 I/am_wtf ( 1496): [0,1496,system_server,-1,DisplayDeviceConfig,requesting nits when no mapping exists.]
09-22 22:32:54.246 I/am_wtf ( 1496): [0,1496,system_server,-1,DisplayDeviceConfig,requesting nits when no mapping exists.]
09-22 22:32:54.247 I/service_manager_stats( 1496): [100,54,85722]
09-22 22:32:54.261 I/am_wtf ( 1496): [0,1496,system_server,-1,DisplayDeviceConfig,requesting nits when no mapping exists.]
09-22 22:32:54.262 I/am_wtf ( 1496): [0,1496,system_server,-1,DisplayDeviceConfig,requesting nits when no mapping exists.]
09-22 22:32:54.278 I/am_wtf ( 1496): [0,1496,system_server,-1,DisplayDeviceConfig,requesting nits when no mapping exists.]
09-22 22:32:54.279 I/am_wtf ( 1496): [0,1496,system_server,-1,DisplayDeviceConfig,requesting nits when no mapping exists.]
09-22 22:32:54.295 I/am_wtf ( 1496): [0,1496,system_server,-1,DisplayDeviceConfig,requesting nits when no mapping exists.]
09-22 22:32:54.296 I/am_wtf ( 1496): [0,1496,system_server,-1,DisplayDeviceConfig,requesting nits when no mapping exists.]
09-22 22:32:54.312 I/am_wtf ( 1496): [0,1496,system_server,-1,DisplayDeviceConfig,requesting nits when no mapping exists.]
09-22 22:32:54.313 I/am_wtf ( 1496): [0,1496,system_server,-1,DisplayDeviceConfig,requesting nits when no mapping exists.]
09-22 22:32:54.328 I/am_wtf ( 1496): [0,1496,system_server,-1,DisplayDeviceConfig,requesting nits when no mapping exists.]
09-22 22:32:54.329 I/am_wtf ( 1496): [0,1496,system_server,-1,DisplayDeviceConfig,requesting nits when no mapping exists.]
09-22 22:32:54.345 I/am_wtf ( 1496): [0,1496,system_server,-1,DisplayDeviceConfig,requesting nits when no mapping exists.]
09-22 22:32:54.346 I/am_wtf ( 1496): [0,1496,system_server,-1,DisplayDeviceConfig,requesting nits when no mapping exists.]
09-22 22:32:54.361 I/am_wtf ( 1496): [0,1496,system_server,-1,DisplayDeviceConfig,requesting nits when no mapping exists.]
09-22 22:32:54.362 I/am_wtf ( 1496): [0,1496,system_server,-1,DisplayDeviceConfig,requesting nits when no mapping exists.]
09-22 22:32:54.378 I/am_wtf ( 1496): [0,1496,system_server,-1,DisplayDeviceConfig,requesting nits when no mapping exists.]
09-22 22:32:54.379 I/am_wtf ( 1496): [0,1496,system_server,-1,DisplayDeviceConfig,requesting nits when no mapping exists.]
09-22 22:32:54.395 I/am_wtf ( 1496): [0,1496,system_server,-1,DisplayDeviceConfig,requesting nits when no mapping exists.]
09-22 22:32:54.397 I/am_wtf ( 1496): [0,1496,system_server,-1,DisplayDeviceConfig,requesting nits when no mapping exists.]
09-22 22:32:54.412 I/am_wtf ( 1496): [0,1496,system_server,-1,DisplayDeviceConfig,requesting nits when no mapping exists.]
09-22 22:32:54.413 I/am_wtf ( 1496): [0,1496,system_server,-1,DisplayDeviceConfig,requesting nits when no mapping exists.]
09-22 22:32:54.428 I/am_wtf ( 1496): [0,1496,system_server,-1,DisplayDeviceConfig,requesting nits when no mapping exists.]
09-22 22:32:54.429 I/am_wtf ( 1496): [0,1496,system_server,-1,DisplayDeviceConfig,requesting nits when no mapping exists.]
09-22 22:32:54.445 I/am_wtf ( 1496): [0,1496,system_server,-1,DisplayDeviceConfig,requesting nits when no mapping exists.]
09-22 22:32:54.446 I/am_wtf ( 1496): [0,1496,system_server,-1,DisplayDeviceConfig,requesting nits when no mapping exists.]
09-22 22:32:54.462 I/am_wtf ( 1496): [0,1496,system_server,-1,DisplayDeviceConfig,requesting nits when no mapping exists.]
09-22 22:32:54.463 I/am_wtf ( 1496): [0,1496,system_server,-1,DisplayDeviceConfig,requesting nits when no mapping exists.]
09-22 22:32:54.479 I/am_wtf ( 1496): [0,1496,system_server,-1,DisplayDeviceConfig,requesting nits when no mapping exists.]
09-22 22:32:54.480 I/am_wtf ( 1496): [0,1496,system_server,-1,DisplayDeviceConfig,requesting nits when no mapping exists.]
09-22 22:32:54.495 I/am_wtf ( 1496): [0,1496,system_server,-1,DisplayDeviceConfig,requesting nits when no mapping exists.]
09-22 22:32:54.496 I/am_wtf ( 1496): [0,1496,system_server,-1,DisplayDeviceConfig,requesting nits when no mapping exists.]
09-22 22:32:54.512 I/am_wtf ( 1496): [0,1496,system_server,-1,DisplayDeviceConfig,requesting nits when no mapping exists.]
09-22 22:32:54.513 I/am_wtf ( 1496): [0,1496,system_server,-1,DisplayDeviceConfig,requesting nits when no mapping exists.]
09-22 22:32:54.528 I/am_wtf ( 1496): [0,1496,system_server,-1,DisplayDeviceConfig,requesting nits when no mapping exists.]
09-22 22:32:54.529 I/am_wtf ( 1496): [0,1496,system_server,-1,DisplayDeviceConfig,requesting nits when no mapping exists.]
09-22 22:32:54.545 I/am_wtf ( 1496): [0,1496,system_server,-1,DisplayDeviceConfig,requesting nits when no mapping exists.]
09-22 22:32:54.546 I/am_wtf ( 1496): [0,1496,system_server,-1,DisplayDeviceConfig,requesting nits when no mapping exists.]
09-22 22:32:54.562 I/am_wtf ( 1496): [0,1496,system_server,-1,DisplayDeviceConfig,requesting nits when no mapping exists.]
09-22 22:32:54.564 I/am_wtf ( 1496): [0,1496,system_server,-1,DisplayDeviceConfig,requesting nits when no mapping exists.]
09-22 22:32:54.578 I/am_wtf ( 1496): [0,1496,system_server,-1,DisplayDeviceConfig,requesting nits when no mapping exists.]
09-22 22:32:54.579 I/am_wtf ( 1496): [0,1496,system_server,-1,DisplayDeviceConfig,requesting nits when no mapping exists.]
09-22 22:32:54.596 I/am_wtf ( 1496): [0,1496,system_server,-1,DisplayDeviceConfig,requesting nits when no mapping exists.]
09-22 22:32:54.597 I/am_wtf ( 1496): [0,1496,system_server,-1,DisplayDeviceConfig,requesting nits when no mapping exists.]
09-22 22:32:54.612 I/am_wtf ( 1496): [0,1496,system_server,-1,DisplayDeviceConfig,requesting nits when no mapping exists.]
09-22 22:32:54.613 I/am_wtf ( 1496): [0,1496,system_server,-1,DisplayDeviceConfig,requesting nits when no mapping exists.]
09-22 22:32:54.629 I/am_wtf ( 1496): [0,1496,system_server,-1,DisplayDeviceConfig,requesting nits when no mapping exists.]
09-22 22:32:54.630 I/am_wtf ( 1496): [0,1496,system_server,-1,DisplayDeviceConfig,requesting nits when no mapping exists.]
09-22 22:32:54.645 I/am_wtf ( 1496): [0,1496,system_server,-1,DisplayDeviceConfig,requesting nits when no mapping exists.]
09-22 22:32:54.647 I/am_wtf ( 1496): [0,1496,system_server,-1,DisplayDeviceConfig,requesting nits when no mapping exists.]
09-22 22:32:54.662 I/am_wtf ( 1496): [0,1496,system_server,-1,DisplayDeviceConfig,requesting nits when no mapping exists.]
09-22 22:32:54.663 I/am_wtf ( 1496): [0,1496,system_server,-1,DisplayDeviceConfig,requesting nits when no mapping exists.]
09-22 22:32:54.679 I/am_wtf ( 1496): [0,1496,system_server,-1,DisplayDeviceConfig,requesting nits when no mapping exists.]
09-22 22:32:54.680 I/am_wtf ( 1496): [0,1496,system_server,-1,DisplayDeviceConfig,requesting nits when no mapping exists.]
09-22 22:32:54.696 I/am_wtf ( 1496): [0,1496,system_server,-1,DisplayDeviceConfig,requesting nits when no mapping exists.]
09-22 22:32:54.697 I/am_wtf ( 1496): [0,1496,system_server,-1,DisplayDeviceConfig,requesting nits when no mapping exists.]
09-22 22:32:54.712 I/am_wtf ( 1496): [0,1496,system_server,-1,DisplayDeviceConfig,requesting nits when no mapping exists.]
09-22 22:32:54.713 I/am_wtf ( 1496): [0,1496,system_server,-1,DisplayDeviceConfig,requesting nits when no mapping exists.]
09-22 22:32:54.729 I/am_wtf ( 1496): [0,1496,system_server,-1,DisplayDeviceConfig,requesting nits when no mapping exists.]
09-22 22:32:54.730 I/am_wtf ( 1496): [0,1496,system_server,-1,DisplayDeviceConfig,requesting nits when no mapping exists.]
09-22 22:32:54.746 I/am_wtf ( 1496): [0,1496,system_server,-1,DisplayDeviceConfig,requesting nits when no mapping exists.]
09-22 22:32:54.747 I/am_wtf ( 1496): [0,1496,system_server,-1,DisplayDeviceConfig,requesting nits when no mapping exists.]
09-22 22:32:54.762 I/am_wtf ( 1496): [0,1496,system_server,-1,DisplayDeviceConfig,requesting nits when no mapping exists.]
09-22 22:32:54.763 I/am_wtf ( 1496): [0,1496,system_server,-1,DisplayDeviceConfig,requesting nits when no mapping exists.]
09-22 22:32:54.780 I/am_wtf ( 1496): [0,1496,system_server,-1,DisplayDeviceConfig,requesting nits when no mapping exists.]
09-22 22:32:54.781 I/am_wtf ( 1496): [0,1496,system_server,-1,DisplayDeviceConfig,requesting nits when no mapping exists.]
09-22 22:32:54.797 I/am_wtf ( 1496): [0,1496,system_server,-1,DisplayDeviceConfig,requesting nits when no mapping exists.]
09-22 22:32:54.798 I/am_wtf ( 1496): [0,1496,system_server,-1,DisplayDeviceConfig,requesting nits when no mapping exists.]
09-22 22:32:54.813 I/am_wtf ( 1496): [0,1496,system_server,-1,DisplayDeviceConfig,requesting nits when no mapping exists.]
09-22 22:32:54.814 I/am_wtf ( 1496): [0,1496,system_server,-1,DisplayDeviceConfig,requesting nits when no mapping exists.]
09-22 22:32:54.829 I/am_wtf ( 1496): [0,1496,system_server,-1,DisplayDeviceConfig,requesting nits when no mapping exists.]
09-22 22:32:54.831 I/am_wtf ( 1496): [0,1496,system_server,-1,DisplayDeviceConfig,requesting nits when no mapping exists.]
09-22 22:32:54.846 I/am_wtf ( 1496): [0,1496,system_server,-1,DisplayDeviceConfig,requesting nits when no mapping exists.]
09-22 22:32:54.847 I/am_wtf ( 1496): [0,1496,system_server,-1,DisplayDeviceConfig,requesting nits when no mapping exists.]
09-22 22:32:54.863 I/am_wtf ( 1496): [0,1496,system_server,-1,DisplayDeviceConfig,requesting nits when no mapping exists.]
09-22 22:32:54.864 I/am_wtf ( 1496): [0,1496,system_server,-1,DisplayDeviceConfig,requesting nits when no mapping exists.]
09-22 22:32:54.880 I/am_wtf ( 1496): [0,1496,system_server,-1,DisplayDeviceConfig,requesting nits when no mapping exists.]
09-22 22:32:54.881 I/am_wtf ( 1496): [0,1496,system_server,-1,DisplayDeviceConfig,requesting nits when no mapping exists.]
09-22 22:32:54.896 I/am_wtf ( 1496): [0,1496,system_server,-1,DisplayDeviceConfig,requesting nits when no mapping exists.]
09-22 22:32:54.898 I/am_wtf ( 1496): [0,1496,system_server,-1,DisplayDeviceConfig,requesting nits when no mapping exists.]
09-22 22:32:54.913 I/am_wtf ( 1496): [0,1496,system_server,-1,DisplayDeviceConfig,requesting nits when no mapping exists.]
09-22 22:32:54.914 I/am_wtf ( 1496): [0,1496,system_server,-1,DisplayDeviceConfig,requesting nits when no mapping exists.]
09-22 22:32:54.929 I/am_wtf ( 1496): [0,1496,system_server,-1,DisplayDeviceConfig,requesting nits when no mapping exists.]
09-22 22:32:54.930 I/am_wtf ( 1496): [0,1496,system_server,-1,DisplayDeviceConfig,requesting nits when no mapping exists.]
09-22 22:32:54.946 I/am_wtf ( 1496): [0,1496,system_server,-1,DisplayDeviceConfig,requesting nits when no mapping exists.]
09-22 22:32:54.948 I/am_wtf ( 1496): [0,1496,system_server,-1,DisplayDeviceConfig,requesting nits when no mapping exists.]
09-22 22:32:54.963 I/am_wtf ( 1496): [0,1496,system_server,-1,DisplayDeviceConfig,requesting nits when no mapping exists.]
09-22 22:32:54.964 I/am_wtf ( 1496): [0,1496,system_server,-1,DisplayDeviceConfig,requesting nits when no mapping exists.]
09-22 22:32:54.980 I/am_wtf ( 1496): [0,1496,system_server,-1,DisplayDeviceConfig,requesting nits when no mapping exists.]
09-22 22:32:54.981 I/am_wtf ( 1496): [0,1496,system_server,-1,DisplayDeviceConfig,requesting nits when no mapping exists.]
09-22 22:32:54.996 I/am_wtf ( 1496): [0,1496,system_server,-1,DisplayDeviceConfig,requesting nits when no mapping exists.]
09-22 22:32:54.998 I/am_wtf ( 1496): [0,1496,system_server,-1,DisplayDeviceConfig,requesting nits when no mapping exists.]
09-22 22:32:55.013 I/am_wtf ( 1496): [0,1496,system_server,-1,DisplayDeviceConfig,requesting nits when no mapping exists.]
09-22 22:32:55.015 I/am_wtf ( 1496): [0,1496,system_server,-1,DisplayDeviceConfig,requesting nits when no mapping exists.]
09-22 22:33:01.053 I/sysui_multi_action( 1496): [757,222,758,1]
09-22 22:33:01.056 I/am_uid_running( 1496): 10066
09-22 22:33:01.067 I/am_pss ( 1496): [4169,10063,com.android.music,23100416,14192640,0,142131200,0,18,9]
09-22 22:33:01.072 I/am_pss ( 1496): [4134,1000,com.android.settings,26677248,24780800,0,113070080,0,19,4]
09-22 22:33:01.075 I/am_proc_start( 1496): [0,4256,10066,com.android.deskclock,service,{com.android.deskclock/com.android.deskclock.Screensaver}]
09-22 22:33:01.078 I/am_pss ( 1496): [3177,1000,com.qti.diagservices,6043648,3788800,0,94953472,0,10,4]
09-22 22:33:01.115 I/am_proc_bound( 1496): [0,4256,com.android.deskclock]
09-22 22:33:01.117 I/am_uid_active( 1496): 10066
09-22 22:33:01.153 I/am_uid_idle( 1496): 10063
09-22 22:33:01.161 I/wm_task_created( 1496): [29,-1]
09-22 22:33:01.163 I/wm_task_moved( 1496): [29,1,6]
09-22 22:33:01.163 I/wm_task_to_front( 1496): [0,29]
09-22 22:33:01.163 I/wm_create_task( 1496): [0,29]
09-22 22:33:01.163 I/wm_create_activity( 1496): [0,175799551,29,com.android.deskclock/android.service.dreams.DreamActivity,NULL,NULL,NULL,276824064]
09-22 22:33:01.163 I/wm_task_moved( 1496): [29,1,6]
09-22 22:33:01.163 I/wm_on_top_resumed_lost_called( 2390): [261001500,com.android.launcher3.uioverrides.QuickstepLauncher,topStateChangedWhenResumed]
09-22 22:33:01.164 I/wm_pause_activity( 1496): [0,261001500,com.android.launcher3/.uioverrides.QuickstepLauncher,userLeaving=true,pauseBackTasks]
09-22 22:33:01.168 I/wm_on_paused_called( 2390): [261001500,com.android.launcher3.uioverrides.QuickstepLauncher,performPause]
09-22 22:33:01.172 I/wm_add_to_stopping( 1496): [0,261001500,com.android.launcher3/.uioverrides.QuickstepLauncher,makeInvisible]
09-22 22:33:01.173 I/wm_restart_activity( 1496): [0,175799551,29,com.android.deskclock/android.service.dreams.DreamActivity]
09-22 22:33:01.174 I/wm_set_resumed_activity( 1496): [0,com.android.deskclock/android.service.dreams.DreamActivity,minimalResumeActivityLocked]
09-22 22:33:01.181 I/sysui_multi_action( 1496): [757,803,799,window_time_0,802,60]
09-22 22:33:01.191 I/wm_on_create_called( 4256): [175799551,android.service.dreams.DreamActivity,performCreate]
09-22 22:33:01.191 I/wm_on_start_called( 4256): [175799551,android.service.dreams.DreamActivity,handleStartActivity]
09-22 22:33:01.192 I/wm_on_resume_called( 4256): [175799551,android.service.dreams.DreamActivity,RESUME_ACTIVITY]
09-22 22:33:01.194 I/input_focus( 1496): [Focus leaving cdcb676 com.android.launcher3/com.android.launcher3.uioverrides.QuickstepLauncher (server),reason=NO_WINDOW]
09-22 22:33:01.203 I/wm_on_top_resumed_gained_called( 4256): [175799551,android.service.dreams.DreamActivity,topStateChangedWhenResumed]
09-22 22:33:01.244 I/input_focus( 1496): [Focus request 6ebf764 com.android.deskclock/android.service.dreams.DreamActivity,reason=UpdateInputWindows]
09-22 22:33:01.248 I/notification_enqueue( 1496): [10081,1811,com.android.systemui,2048,NULL,0,Notification(channel=updateNotification shortcut=null contentView=null vibrate=null sound=null defaults=0x0 flags=0x0 color=0x00000000 vis=PRIVATE),1]
09-22 22:33:01.248 I/sysui_multi_action( 1811): [757,111,758,2]
09-22 22:33:01.249 I/sysui_multi_action( 1811): [757,111,758,2]
09-22 22:33:01.279 I/sysui_multi_action( 1811): [757,111,758,1]
09-22 22:33:01.279 I/sysui_multi_action( 1811): [757,126,758,1,759,126,927,0,928,0,1593,0]
09-22 22:33:01.280 I/sysui_multi_action( 1811): [757,113,758,1,759,113,927,1,928,1,1593,0]
09-22 22:33:01.280 I/sysui_multi_action( 1811): [757,0,758,1,759,0,927,2,928,0,1593,0]
09-22 22:33:01.280 I/sysui_multi_action( 1811): [757,0,758,1,759,0,927,3,928,0,1593,0]
09-22 22:33:01.280 I/sysui_multi_action( 1811): [757,1706,758,1,759,1706,927,4,928,0,1593,0]
09-22 22:33:01.281 I/sysui_multi_action( 1811): [757,491,758,1,759,491,927,5,928,0,1311,-1,1593,0]
09-22 22:33:01.281 I/sysui_multi_action( 1811): [757,0,758,1,759,0,927,6,928,0,1593,0]
09-22 22:33:01.281 I/sysui_multi_action( 1811): [757,111,758,1]
09-22 22:33:01.281 I/sysui_multi_action( 1811): [757,126,758,1,759,126,927,0,928,0,1593,0]
09-22 22:33:01.282 I/sysui_multi_action( 1811): [757,113,758,1,759,113,927,1,928,1,1593,0]
09-22 22:33:01.282 I/sysui_multi_action( 1811): [757,0,758,1,759,0,927,2,928,0,1593,0]
09-22 22:33:01.282 I/sysui_multi_action( 1811): [757,0,758,1,759,0,927,3,928,0,1593,0]
09-22 22:33:01.296 I/sysui_multi_action( 1496): [757,1696,758,6,759,3]
09-22 22:33:01.299 I/sysui_multi_action( 1496): [319,132,322,131,325,388,757,761,758,8,759,2,806,com.android.deskclock,871,android.service.dreams.DreamActivity,904,com.android.deskclock,905,0,1320,4,1321,1]
09-22 22:33:01.300 I/wm_activity_launch_time( 1496): [0,175799551,com.android.deskclock/android.service.dreams.DreamActivity,131]
09-22 22:33:01.312 I/am_wtf ( 1496): [0,1496,system_server,-1,DisplayDeviceConfig,requesting nits when no mapping exists.]
09-22 22:33:01.317 I/am_wtf ( 1496): [0,1496,system_server,-1,DisplayDeviceConfig,requesting nits when no mapping exists.]
09-22 22:33:01.329 I/input_focus( 1496): [Focus entering 6ebf764 com.android.deskclock/android.service.dreams.DreamActivity (server),reason=Window became focusable. Previous reason: NOT_VISIBLE]
09-22 22:33:01.329 I/am_wtf ( 1496): [0,1496,system_server,-1,DisplayDeviceConfig,requesting nits when no mapping exists.]
09-22 22:33:01.336 I/am_wtf ( 1496): [0,1496,system_server,-1,DisplayDeviceConfig,requesting nits when no mapping exists.]
09-22 22:33:01.345 I/am_wtf ( 1496): [0,1496,system_server,-1,DisplayDeviceConfig,requesting nits when no mapping exists.]
09-22 22:33:01.346 I/am_wtf ( 1496): [0,1496,system_server,-1,DisplayDeviceConfig,requesting nits when no mapping exists.]
09-22 22:33:01.367 I/am_wtf ( 1496): [0,1496,system_server,-1,DisplayDeviceConfig,requesting nits when no mapping exists.]
09-22 22:33:01.367 I/am_wtf ( 1496): [0,1496,system_server,-1,DisplayDeviceConfig,requesting nits when no mapping exists.]
09-22 22:33:01.368 I/service_manager_stats( 1496): [100,62,7121]
09-22 22:33:01.380 I/am_wtf ( 1496): [0,1496,system_server,-1,DisplayDeviceConfig,requesting nits when no mapping exists.]
09-22 22:33:01.385 I/am_wtf ( 1496): [0,1496,system_server,-1,DisplayDeviceConfig,requesting nits when no mapping exists.]
09-22 22:33:01.401 I/am_wtf ( 1496): [0,1496,system_server,-1,DisplayDeviceConfig,requesting nits when no mapping exists.]
09-22 22:33:01.402 I/am_wtf ( 1496): [0,1496,system_server,-1,DisplayDeviceConfig,requesting nits when no mapping exists.]
09-22 22:33:01.418 I/am_wtf ( 1496): [0,1496,system_server,-1,DisplayDeviceConfig,requesting nits when no mapping exists.]
09-22 22:33:01.418 I/am_wtf ( 1496): [0,1496,system_server,-1,DisplayDeviceConfig,requesting nits when no mapping exists.]
09-22 22:33:01.428 I/am_wtf ( 1496): [0,1496,system_server,-1,DisplayDeviceConfig,requesting nits when no mapping exists.]
09-22 22:33:01.429 I/am_wtf ( 1496): [0,1496,system_server,-1,DisplayDeviceConfig,requesting nits when no mapping exists.]
09-22 22:33:01.445 I/am_wtf ( 1496): [0,1496,system_server,-1,DisplayDeviceConfig,requesting nits when no mapping exists.]
09-22 22:33:01.445 I/am_wtf ( 1496): [0,1496,system_server,-1,DisplayDeviceConfig,requesting nits when no mapping exists.]
09-22 22:33:01.451 I/sysui_multi_action( 1496): [757,1501,758,1,793,368526,794,0,795,205,796,2048,806,com.android.systemui,857,updateNotification,858,3,947,0,1500,0,1688,1]
09-22 22:33:01.451 I/sysui_multi_action( 1496): [757,804,799,note_interruptive,801,0,802,1]
09-22 22:33:01.451 I/sysui_multi_action( 1496): [757,199,758,1,759,2,793,368526,794,0,795,205,796,2048,806,com.android.systemui,857,updateNotification,858,3,947,0,1500,0,1688,1]
09-22 22:33:01.451 I/notification_alert( 1496): [0|com.android.systemui|2048|null|10081,0,1,0]
09-22 22:33:01.464 I/am_wtf ( 1496): [0,1496,system_server,-1,DisplayDeviceConfig,requesting nits when no mapping exists.]
09-22 22:33:01.465 I/am_wtf ( 1496): [0,1496,system_server,-1,DisplayDeviceConfig,requesting nits when no mapping exists.]
09-22 22:33:01.480 I/am_wtf ( 1496): [0,1496,system_server,-1,DisplayDeviceConfig,requesting nits when no mapping exists.]
09-22 22:33:01.481 I/am_wtf ( 1496): [0,1496,system_server,-1,DisplayDeviceConfig,requesting nits when no mapping exists.]
09-22 22:33:01.496 I/am_wtf ( 1496): [0,1496,system_server,-1,DisplayDeviceConfig,requesting nits when no mapping exists.]
09-22 22:33:01.497 I/am_wtf ( 1496): [0,1496,system_server,-1,DisplayDeviceConfig,requesting nits when no mapping exists.]
09-22 22:33:01.518 I/am_wtf ( 1496): [0,1496,system_server,-1,DisplayDeviceConfig,requesting nits when no mapping exists.]
09-22 22:33:01.519 I/am_wtf ( 1496): [0,1496,system_server,-1,DisplayDeviceConfig,requesting nits when no mapping exists.]
09-22 22:33:01.531 I/am_wtf ( 1496): [0,1496,system_server,-1,DisplayDeviceConfig,requesting nits when no mapping exists.]
09-22 22:33:01.532 I/am_wtf ( 1496): [0,1496,system_server,-1,DisplayDeviceConfig,requesting nits when no mapping exists.]
09-22 22:33:01.547 I/am_wtf ( 1496): [0,1496,system_server,-1,DisplayDeviceConfig,requesting nits when no mapping exists.]
09-22 22:33:01.548 I/am_wtf ( 1496): [0,1496,system_server,-1,DisplayDeviceConfig,requesting nits when no mapping exists.]
09-22 22:33:01.569 I/am_wtf ( 1496): [0,1496,system_server,-1,DisplayDeviceConfig,requesting nits when no mapping exists.]
09-22 22:33:01.570 I/am_wtf ( 1496): [0,1496,system_server,-1,DisplayDeviceConfig,requesting nits when no mapping exists.]
09-22 22:33:01.582 I/am_wtf ( 1496): [0,1496,system_server,-1,DisplayDeviceConfig,requesting nits when no mapping exists.]
09-22 22:33:01.583 I/am_wtf ( 1496): [0,1496,system_server,-1,DisplayDeviceConfig,requesting nits when no mapping exists.]
09-22 22:33:01.584 I/wm_stop_activity( 1496): [0,261001500,com.android.launcher3/.uioverrides.QuickstepLauncher]
09-22 22:33:01.607 I/am_wtf ( 1496): [0,1496,system_server,-1,DisplayDeviceConfig,requesting nits when no mapping exists.]
09-22 22:33:01.608 I/am_wtf ( 1496): [0,1496,system_server,-1,DisplayDeviceConfig,requesting nits when no mapping exists.]
09-22 22:33:01.615 I/wm_on_stop_called( 2390): [261001500,com.android.launcher3.uioverrides.QuickstepLauncher,STOP_ACTIVITY_ITEM]
09-22 22:33:01.617 I/am_wtf ( 1496): [0,1496,system_server,-1,DisplayDeviceConfig,requesting nits when no mapping exists.]
09-22 22:33:01.617 I/am_wtf ( 1496): [0,1496,system_server,-1,DisplayDeviceConfig,requesting nits when no mapping exists.]
09-22 22:33:01.633 I/am_wtf ( 1496): [0,1496,system_server,-1,DisplayDeviceConfig,requesting nits when no mapping exists.]
09-22 22:33:01.633 I/am_wtf ( 1496): [0,1496,system_server,-1,DisplayDeviceConfig,requesting nits when no mapping exists.]
09-22 22:33:01.648 I/am_wtf ( 1496): [0,1496,system_server,-1,DisplayDeviceConfig,requesting nits when no mapping exists.]
09-22 22:33:01.648 I/am_wtf ( 1496): [0,1496,system_server,-1,DisplayDeviceConfig,requesting nits when no mapping exists.]
09-22 22:33:01.664 I/am_wtf ( 1496): [0,1496,system_server,-1,DisplayDeviceConfig,requesting nits when no mapping exists.]
09-22 22:33:01.665 I/am_wtf ( 1496): [0,1496,system_server,-1,DisplayDeviceConfig,requesting nits when no mapping exists.]
09-22 22:33:01.682 I/am_wtf ( 1496): [0,1496,system_server,-1,DisplayDeviceConfig,requesting nits when no mapping exists.]
09-22 22:33:01.683 I/am_wtf ( 1496): [0,1496,system_server,-1,DisplayDeviceConfig,requesting nits when no mapping exists.]
09-22 22:33:01.697 I/am_wtf ( 1496): [0,1496,system_server,-1,DisplayDeviceConfig,requesting nits when no mapping exists.]
09-22 22:33:01.698 I/am_wtf ( 1496): [0,1496,system_server,-1,DisplayDeviceConfig,requesting nits when no mapping exists.]
09-22 22:33:01.713 I/am_wtf ( 1496): [0,1496,system_server,-1,DisplayDeviceConfig,requesting nits when no mapping exists.]
09-22 22:33:01.714 I/am_wtf ( 1496): [0,1496,system_server,-1,DisplayDeviceConfig,requesting nits when no mapping exists.]
09-22 22:33:01.731 I/am_wtf ( 1496): [0,1496,system_server,-1,DisplayDeviceConfig,requesting nits when no mapping exists.]
09-22 22:33:01.733 I/am_wtf ( 1496): [0,1496,system_server,-1,DisplayDeviceConfig,requesting nits when no mapping exists.]
09-22 22:33:01.747 I/am_wtf ( 1496): [0,1496,system_server,-1,DisplayDeviceConfig,requesting nits when no mapping exists.]
09-22 22:33:01.747 I/am_wtf ( 1496): [0,1496,system_server,-1,DisplayDeviceConfig,requesting nits when no mapping exists.]
09-22 22:33:01.765 I/am_wtf ( 1496): [0,1496,system_server,-1,DisplayDeviceConfig,requesting nits when no mapping exists.]
09-22 22:33:01.767 I/am_wtf ( 1496): [0,1496,system_server,-1,DisplayDeviceConfig,requesting nits when no mapping exists.]
09-22 22:33:01.783 I/am_wtf ( 1496): [0,1496,system_server,-1,DisplayDeviceConfig,requesting nits when no mapping exists.]
09-22 22:33:01.784 I/am_wtf ( 1496): [0,1496,system_server,-1,DisplayDeviceConfig,requesting nits when no mapping exists.]
09-22 22:33:01.796 I/am_wtf ( 1496): [0,1496,system_server,-1,DisplayDeviceConfig,requesting nits when no mapping exists.]
09-22 22:33:01.799 I/am_wtf ( 1496): [0,1496,system_server,-1,DisplayDeviceConfig,requesting nits when no mapping exists.]
09-22 22:33:01.813 I/am_wtf ( 1496): [0,1496,system_server,-1,DisplayDeviceConfig,requesting nits when no mapping exists.]
09-22 22:33:01.814 I/am_wtf ( 1496): [0,1496,system_server,-1,DisplayDeviceConfig,requesting nits when no mapping exists.]
09-22 22:33:01.833 I/am_wtf ( 1496): [0,1496,system_server,-1,DisplayDeviceConfig,requesting nits when no mapping exists.]
09-22 22:33:01.833 I/am_wtf ( 1496): [0,1496,system_server,-1,DisplayDeviceConfig,requesting nits when no mapping exists.]
09-22 22:33:01.850 I/am_wtf ( 1496): [0,1496,system_server,-1,DisplayDeviceConfig,requesting nits when no mapping exists.]
09-22 22:33:01.851 I/am_wtf ( 1496): [0,1496,system_server,-1,DisplayDeviceConfig,requesting nits when no mapping exists.]
09-22 22:33:01.864 I/am_wtf ( 1496): [0,1496,system_server,-1,DisplayDeviceConfig,requesting nits when no mapping exists.]
09-22 22:33:01.867 I/am_wtf ( 1496): [0,1496,system_server,-1,DisplayDeviceConfig,requesting nits when no mapping exists.]
09-22 22:33:01.883 I/am_wtf ( 1496): [0,1496,system_server,-1,DisplayDeviceConfig,requesting nits when no mapping exists.]
09-22 22:33:01.884 I/am_wtf ( 1496): [0,1496,system_server,-1,DisplayDeviceConfig,requesting nits when no mapping exists.]
09-22 22:33:01.898 I/am_wtf ( 1496): [0,1496,system_server,-1,DisplayDeviceConfig,requesting nits when no mapping exists.]
09-22 22:33:01.899 I/am_wtf ( 1496): [0,1496,system_server,-1,DisplayDeviceConfig,requesting nits when no mapping exists.]
09-22 22:33:01.917 I/am_wtf ( 1496): [0,1496,system_server,-1,DisplayDeviceConfig,requesting nits when no mapping exists.]
