09-22 22:40:26.687 D/msm8974_platform( 806): platform_split_snd_device: snd_device(2) num devices(1) new_snd_devices(0)
09-22 22:40:26.687 D/audio_hw_utils( 806): audio_extn_btsco_get_sample_rate:Not a BT SCO device, need not update sampling rate
09-22 22:40:26.687 D/ACDB-LOADER( 806): ACDB -> send_audio_cal, acdb_id = 15, path = 0, app id = 0x11131, sample rate = 48000, afe_sample_rate = 48000
09-22 22:40:26.687 D/ACDB-LOADER( 806): ACDB -> send_asm_topology
09-22 22:40:26.687 D/ACDB-LOADER( 806): ACDB -> ACDB_CMD_GET_AUDPROC_STREAM_TOPOLOGY_ID
09-22 22:40:26.687 D/ACDB-LOADER( 806): ACDB -> send_adm_topology
09-22 22:40:26.687 D/ACDB-LOADER( 806): ACDB -> ACDB_CMD_GET_AUDPROC_COMMON_TOPOLOGY_ID
09-22 22:40:26.687 D/ACDB-LOADER( 806): ACDB -> send_audtable
09-22 22:40:26.687 D/ACDB-LOADER( 806): ACDB -> ACDB_CMD_GET_AUDPROC_INSTANCE_COMMON_TABLE_SIZE
09-22 22:40:26.688 D/ACDB-LOADER( 806): ACDB -> ACDB_CMD_GET_AUDPROC_INSTANCE_COMMON_TABLE
09-22 22:40:26.688 D/ACDB-LOADER( 806): ACDB -> AUDIO_SET_AUDPROC_CAL cal_type[11] acdb_id[15] app_type[69937]
09-22 22:40:26.688 D/ACDB-LOADER( 806): ACDB -> send_audvoltable
09-22 22:40:26.688 D/ACDB-LOADER( 806): ACDB -> ACDB_CMD_GET_AUDPROC_INSTANCE_GAIN_DEP_STEP_TABLE_SIZE
09-22 22:40:26.688 D/ACDB-LOADER( 806): ACDB -> ACDB_CMD_GET_AUDPROC_INSTANCE_GAIN_DEP_STEP_TABLE, vol index 0
09-22 22:40:26.688 D/ACDB-LOADER( 806): ACDB -> AUDIO_SET_VOL_CAL cal type = 12
09-22 22:40:26.688 D/ACDB-LOADER( 806): ACDB -> ACDB_CMD_GET_AUDPROC_INSTANCE_STREAM_TABLE_SIZE
09-22 22:40:26.688 D/ACDB-LOADER( 806): ACDB -> send_audstrmtable
09-22 22:40:26.688 D/ACDB-LOADER( 806): ACDB -> ACDB_CMD_GET_AUDPROC_INSTANCE_STREAM_TABLE
09-22 22:40:26.688 D/ACDB-LOADER( 806): ACDB -> audstrm_cal->cal_type.cal_data.cal_size = 20
09-22 22:40:26.688 D/ACDB-LOADER( 806): ACDB -> send_afe_topology
09-22 22:40:26.688 D/ACDB-LOADER( 806): ACDB -> ACDB_CMD_GET_AFE_TOPOLOGY_ID
09-22 22:40:26.688 D/ACDB-LOADER( 806): ACDB -> GET_AFE_TOPOLOGY_ID for adcd_id 15, Topology Id 112fc
09-22 22:40:26.688 D/ACDB-LOADER( 806): ACDB -> send_afe_cal
09-22 22:40:26.688 D/ACDB-LOADER( 806): ACDB -> ACDB_CMD_GET_AFE_INSTANCE_COMMON_TABLE_SIZE
09-22 22:40:26.688 D/android.hardware.audio.service( 806): Failed to fetch the lookup information of the device 0000000F
09-22 22:40:26.688 D/ACDB-LOADER( 806): Error: ACDB_CMD_GET_AFE_INSTANCE_COMMON_TABLE_SIZE Returned = -19
09-22 22:40:26.688 D/ACDB-LOADER( 806): ACDB -> ACDB_CMD_GET_AFE_INSTANCE_COMMON_TABLE
09-22 22:40:26.688 D/android.hardware.audio.service( 806): Failed to fetch the lookup information of the device 0000000F
09-22 22:40:26.688 D/ACDB-LOADER( 806): Error: ACDB AFE returned = -19
09-22 22:40:26.688 D/ACDB-LOADER( 806): ACDB -> AUDIO_SET_AFE_CAL cal_type[16] acdb_id[15]
09-22 22:40:26.688 D/ACDB-LOADER( 806): ACDB -> send_hw_delay : acdb_id = 15 path = 0
09-22 22:40:26.688 D/ACDB-LOADER( 806): ACDB -> ACDB_AVSYNC_INFO: ACDB_CMD_GET_DEVICE_PROPERTY
09-22 22:40:26.688 D/msm8974_platform( 806): platform_split_snd_device: snd_device(2) num devices(0) new_snd_devices(0)
09-22 22:40:26.688 I/msm8974_platform( 806): platform_get_custom_mtmx_params: no matching param with id 0 ip_ch 2 op_ch 2 uc_id 1 snd_dev 2
09-22 22:40:26.688 D/audio_hw_primary( 806): enable_audio_route: apply mixer and update path: low-latency-playback
09-22 22:40:26.688 D/audio_route( 806): Apply path: low-latency-playback
09-22 22:40:26.689 I/wm_on_top_resumed_lost_called( 4134): [159182179,com.android.settings.Settings,topStateChangedWhenResumed]
09-22 22:40:26.689 D/audio_hw_primary( 806): select_devices: done
09-22 22:40:26.691 D/Sogou ( 2628): onUnbindInput finish
09-22 22:40:26.692 D/Sogou ( 2628): onFinishInput:
09-22 22:40:26.692 I/wm_on_top_resumed_gained_called( 2390): [261001500,com.android.launcher3.uioverrides.QuickstepLauncher,topStateChangedWhenResumed]
09-22 22:40:26.705 I/sysui_multi_action( 4134): [757,746,758,2,1089,32858]
09-22 22:40:26.709 D/BluetoothPan( 4134): Unbinding service...
09-22 22:40:26.712 I/TetheringManager( 4134): unregisterTetheringEventCallback caller:com.android.settings
09-22 22:40:26.714 D/msm8974_platform( 806): platform_set_channel_map mixer_ctl_name:Playback Channel Map9
09-22 22:40:26.715 D/msm8974_platform( 806): platform_set_channel_map: set mapping(1 2 0 0 0 0 0 0) for channel:2
09-22 22:40:26.716 E/audio_hw_extn( 806): audio_extn_perf_lock_release: Perf lock release error
09-22 22:40:26.716 D/audio_hw_primary( 806): start_output_stream: exit
09-22 22:40:26.728 I/am_pss ( 1496): [4134,1000,com.android.settings,90997760,75501568,0,230088704,0,2,10]
09-22 22:40:26.731 E/UserRestrictionsUtils( 1496): Unknown restriction queried by uid 1000 (com.android.inputdevices et al): null
09-22 22:40:26.737 D/BluetoothPan( 4134): Binding service...
09-22 22:40:26.762 V/WifiManager( 4134): registerSoftApCallback: callback=com.android.settings.wifi.tether.WifiTetherSoftApManager$1@d7e61bb, executor=android.os.HandlerExecutor@238c6d8
09-22 22:40:26.764 I/TetheringManager( 4134): registerTetheringEventCallback caller:com.android.settings
09-22 22:40:26.764 V/WifiManager( 4134): SoftApCallbackProxy: send InfoChanged, newInfo: SoftApInfo{bandwidth= 0, frequency= 0, wifiStandard= 0, mApInstanceIdentifier= null, mIdleShutdownTimeoutMillis= 0}
09-22 22:40:26.764 V/WifiManager( 4134): SoftApCallbackProxy: send InfoChanged, changedInfoList: []
09-22 22:40:26.764 V/WifiManager( 4134): SoftApCallbackProxy: send onConnectedClientsChanged(clients): []
09-22 22:40:26.772 I/mpu_uart( 653): [MSG-P:RECV]:No message received in 1000 ms
09-22 22:40:26.777 I/sysui_multi_action( 4134): [757,90,758,1,833,0,1089,58]
09-22 22:40:26.829 D/BluetoothPan( 4134): Proxy object connected
09-22 22:40:26.830 D/TetheringSettings( 4134): onTetheredInterfacesChanged() interfaces : []
09-22 22:40:26.907 D/audio_hw_primary( 806): out_set_parameters: enter: usecase(1: low-latency-playback) kvpairs: suspend_playback=true
09-22 22:40:26.907 D/audio_hw_extn( 806): audio_extn_fm_set_parameters: Enter
09-22 22:40:27.387 I/hwservicemanager( 515): getTransport: Cannot find entry android.hardware.light@2.0::ILight/default in either framework or device VINTF manifest.
09-22 22:40:27.389 E/light ( 4716): light_open lights keyboard failed: -22
09-22 22:40:27.389 E/light ( 4716): Light passthrough failed to load legacy HAL.
09-22 22:40:27.389 E/light ( 4716): light_open lights buttons failed: -22
09-22 22:40:27.389 E/light ( 4716): Light passthrough failed to load legacy HAL.
09-22 22:40:27.391 E/light ( 4716): light_open lights bluetooth failed: -22
09-22 22:40:27.391 E/light ( 4716): Light passthrough failed to load legacy HAL.
09-22 22:40:27.391 E/light ( 4716): light_open lights wifi failed: -22
09-22 22:40:27.391 E/light ( 4716): Light passthrough failed to load legacy HAL.
09-22 22:40:27.391 I/hwservicemanager( 515): getTransport: Cannot find entry android.hardware.light@2.0::ILight/default in either framework or device VINTF manifest.
09-22 22:40:27.392 E/HidlServiceManagement( 4716): Service android.hardware.light@2.0::ILight/default must be in VINTF manifest in order to register/get.
09-22 22:40:27.392 E/LegacySupport( 4716): Could not register service android.hardware.light@2.0::ILight/default (-2147483648).
09-22 22:40:27.773 I/mpu_uart( 653): [MSG-P:RECV]:No message received in 1000 ms
09-22 22:40:27.908 D/audio_hw_primary( 806): out_set_parameters: enter: usecase(1: low-latency-playback) kvpairs: suspend_playback=false
09-22 22:40:27.908 D/audio_hw_extn( 806): audio_extn_fm_set_parameters: Enter
09-22 22:40:27.909 W/audio_hw_primary( 806): out_write: underrun(69) frames_by_time(48164) > out->last_fifo_frames_remaining(384)
09-22 22:40:27.949 D/audio_hw_primary( 806): out_set_parameters: enter: usecase(1: low-latency-playback) kvpairs: suspend_playback=true
09-22 22:40:27.950 D/audio_hw_extn( 806): audio_extn_fm_set_parameters: Enter
09-22 22:40:28.320 F/linker ( 4717): CANNOT LINK EXECUTABLE "/vendor/bin/hw/qvrservice": library "vendor.qti.hardware.qxr-V1-ndk_platform.so" not found: needed by /vendor/lib64/libqvrservice.so in namespace (default)
09-22 22:40:28.321 F/linker ( 4718): CANNOT LINK EXECUTABLE "/vendor/bin/hw/sxrservice": library "vendor.qti.hardware.qxr-V1-ndk_platform.so" not found: needed by main executable
09-22 22:40:28.773 I/mpu_uart( 653): [MSG-P:RECV]:No message received in 1000 ms
09-22 22:40:28.950 D/audio_hw_primary( 806): out_set_parameters: enter: usecase(1: low-latency-playback) kvpairs: suspend_playback=false
09-22 22:40:28.951 D/audio_hw_extn( 806): audio_extn_fm_set_parameters: Enter
09-22 22:40:28.951 W/audio_hw_primary( 806): out_write: underrun(70) frames_by_time(48242) > out->last_fifo_frames_remaining(384)
09-22 22:40:28.989 D/audio_hw_primary( 806): out_set_parameters: enter: usecase(1: low-latency-playback) kvpairs: suspend_playback=true
09-22 22:40:28.989 D/audio_hw_extn( 806): audio_extn_fm_set_parameters: Enter