09-22 22:26:55.388 I/wm_stop_activity( 1496): [0,261001500,com.android.launcher3/.uioverrides.QuickstepLauncher]
09-22 22:26:55.409 I/wm_on_stop_called( 2390): [261001500,com.android.launcher3.uioverrides.QuickstepLauncher,STOP_ACTIVITY_ITEM]
09-22 22:26:56.064 I/input_interaction( 1496): Interaction with: 9eef4e4 com.android.settings/com.android.settings.Settings (server), edge-swipe (server), swipe-up (server), PointerEventDispatcher0 (server),
09-22 22:26:56.144 I/view_enqueue_input_event( 2197): [Motion - Cancel,com.android.settings/com.android.settings.Settings]
09-22 22:26:56.157 I/input_interaction( 1496): Interaction with: edge-swipe (server), swipe-up (server), PointerEventDispatcher0 (server),
09-22 22:26:56.394 I/sysui_multi_action( 1496): [757,803,799,key_back_press,802,1]
09-22 22:26:56.398 I/input_interaction( 1496): Interaction with: 9eef4e4 com.android.settings/com.android.settings.Settings (server), PointerEventDispatcher0 (server),
09-22 22:26:56.403 I/wm_task_moved( 1496): [20,0,0]
09-22 22:26:56.407 I/wm_focused_root_task( 1496): [0,0,1,20,moveTaskToBackLocked]
09-22 22:26:56.408 I/wm_add_to_stopping( 1496): [0,250673815,com.android.settings/.Settings,makeInvisible]
09-22 22:26:56.409 I/wm_pause_activity( 1496): [0,250673815,com.android.settings/.Settings,userLeaving=false,pauseBackTasks]
09-22 22:26:56.412 I/wm_set_resumed_activity( 1496): [0,com.android.launcher3/.uioverrides.QuickstepLauncher,resumeTopActivityInnerLocked]
09-22 22:26:56.412 I/wm_resume_activity( 1496): [0,261001500,19,com.android.launcher3/.uioverrides.QuickstepLauncher]
09-22 22:26:56.414 I/wm_on_top_resumed_lost_called( 2197): [250673815,com.android.settings.Settings,topStateChangedWhenResumed]
09-22 22:26:56.420 I/input_focus( 1496): [Focus leaving 9eef4e4 com.android.settings/com.android.settings.Settings (server),reason=NO_WINDOW]
09-22 22:26:56.420 I/sysui_multi_action( 1496): [757,803,799,window_time_0,802,2]
09-22 22:26:56.428 I/wm_on_restart_called( 2390): [261001500,com.android.launcher3.uioverrides.QuickstepLauncher,performRestartActivity]
09-22 22:26:56.429 I/wm_on_start_called( 2390): [261001500,com.android.launcher3.uioverrides.QuickstepLauncher,handleStartActivity]
09-22 22:26:56.429 I/wm_on_resume_called( 2390): [261001500,com.android.launcher3.uioverrides.QuickstepLauncher,RESUME_ACTIVITY]
09-22 22:26:56.430 I/wm_on_top_resumed_gained_called( 2390): [261001500,com.android.launcher3.uioverrides.QuickstepLauncher,topStateChangedWhenResumed]
09-22 22:26:56.432 I/sysui_multi_action( 2197): [757,746,758,2,1089,1284]
09-22 22:26:56.438 I/input_focus( 1496): [Focus request cdcb676 com.android.launcher3/com.android.launcher3.uioverrides.QuickstepLauncher,reason=UpdateInputWindows]
09-22 22:26:56.445 I/sysui_multi_action( 2197): [757,35,758,2,1089,1257]
09-22 22:26:56.446 I/wm_on_paused_called( 2197): [250673815,com.android.settings.Settings,performPause]
09-22 22:26:56.468 I/input_focus( 1496): [Focus entering cdcb676 com.android.launcher3/com.android.launcher3.uioverrides.QuickstepLauncher (server),reason=Window became focusable. Previous reason: NOT_VISIBLE]
09-22 22:26:56.823 I/wm_stop_activity( 1496): [0,250673815,com.android.settings/.Settings]
09-22 22:26:56.866 I/wm_on_stop_called( 2197): [250673815,com.android.settings.Settings,STOP_ACTIVITY_ITEM]
09-22 22:26:58.655 I/input_interaction( 1496): Interaction with: cdcb676 com.android.launcher3/com.android.launcher3.uioverrides.QuickstepLauncher (server), 23a4ae6 com.android.systemui.ImageWallpaper (server), edge-swipe (server), swipe-up (server), PointerEventDispatcher0 (server),
09-22 22:26:58.786 I/wm_task_moved( 1496): [20,1,6]
09-22 22:26:58.786 I/wm_task_to_front( 1496): [0,20]
09-22 22:26:58.787 I/wm_focused_root_task( 1496): [0,0,20,1,bringingFoundTaskToFront]
09-22 22:26:58.788 I/wm_set_resumed_activity( 1496): [0,com.android.settings/.Settings,bringingFoundTaskToFront]
09-22 22:26:58.789 I/wm_new_intent( 1496): [0,250673815,20,com.android.settings/.Settings,android.intent.action.MAIN,NULL,NULL,270532608]
09-22 22:26:58.791 I/wm_pause_activity( 1496): [0,261001500,com.android.launcher3/.uioverrides.QuickstepLauncher,userLeaving=true,pauseBackTasks]
09-22 22:26:58.798 I/wm_on_top_resumed_lost_called( 2390): [261001500,com.android.launcher3.uioverrides.QuickstepLauncher,topStateChangedWhenResumed]
09-22 22:26:58.803 I/wm_on_paused_called( 2390): [261001500,com.android.launcher3.uioverrides.QuickstepLauncher,performPause]
09-22 22:26:58.806 I/wm_set_resumed_activity( 1496): [0,com.android.settings/.Settings,resumeTopActivityInnerLocked]
09-22 22:26:58.806 I/wm_add_to_stopping( 1496): [0,261001500,com.android.launcher3/.uioverrides.QuickstepLauncher,makeInvisible]
09-22 22:26:58.807 I/wm_resume_activity( 1496): [0,250673815,20,com.android.settings/.Settings]
09-22 22:26:58.816 I/sysui_multi_action( 1496): [757,803,799,window_time_0,802,2]
09-22 22:26:58.824 I/input_focus( 1496): [Focus leaving cdcb676 com.android.launcher3/com.android.launcher3.uioverrides.QuickstepLauncher (server),reason=NO_WINDOW]
09-22 22:26:58.828 I/wm_on_restart_called( 2197): [250673815,com.android.settings.Settings,performRestartActivity]
09-22 22:26:58.844 I/wm_on_start_called( 2197): [250673815,com.android.settings.Settings,handleStartActivity]
09-22 22:26:58.845 I/snet_event_log( 2197): [120484087,-1,]
09-22 22:26:58.845 I/wm_on_resume_called( 2197): [250673815,com.android.settings.Settings,RESUME_ACTIVITY]
09-22 22:26:58.855 I/sysui_multi_action( 2197): [757,746,758,1,833,0,1089,0]
09-22 22:26:58.855 D/TelephonyRegistry( 1496): listen oscl: mHasNotifySubscriptionInfoChangedOccurred==false no callback
09-22 22:26:58.859 D/TelephonyRegistry( 1496): listen oscl: mHasNotifySubscriptionInfoChangedOccurred==false no callback
09-22 22:26:58.868 I/sysui_multi_action( 2197): [757,35,758,1,833,0,1089,0]
09-22 22:26:58.870 I/wm_on_top_resumed_gained_called( 2197): [250673815,com.android.settings.Settings,topWhenResuming]
09-22 22:26:58.875 I/input_focus( 1496): [Focus request 9eef4e4 com.android.settings/com.android.settings.Settings,reason=UpdateInputWindows]
09-22 22:26:58.899 I/sysui_multi_action( 1496): [319,39,321,35,322,109,325,25,757,761,758,9,759,4,806,com.android.settings,871,com.android.settings.Settings,904,com.android.launcher3,905,0,1320,4,1321,1]
09-22 22:26:58.908 I/input_focus( 1496): [Focus entering 9eef4e4 com.android.settings/com.android.settings.Settings (server),reason=setFocusedWindow]
09-22 22:26:59.366 I/wm_stop_activity( 1496): [0,261001500,com.android.launcher3/.uioverrides.QuickstepLauncher]
09-22 22:26:59.384 I/wm_on_stop_called( 2390): [261001500,com.android.launcher3.uioverrides.QuickstepLauncher,STOP_ACTIVITY_ITEM]
09-22 22:26:59.862 I/input_interaction( 1496): Interaction with: 9eef4e4 com.android.settings/com.android.settings.Settings (server), edge-swipe (server), swipe-up (server), PointerEventDispatcher0 (server),
09-22 22:26:59.915 I/view_enqueue_input_event( 2197): [Motion - Cancel,com.android.settings/com.android.settings.Settings]
09-22 22:26:59.927 I/input_interaction( 1496): Interaction with: edge-swipe (server), swipe-up (server), PointerEventDispatcher0 (server),
09-22 22:27:00.259 I/sysui_multi_action( 1496): [757,803,799,key_back_press,802,1]
09-22 22:27:00.262 I/input_interaction( 1496): Interaction with: 9eef4e4 com.android.settings/com.android.settings.Settings (server), PointerEventDispatcher0 (server),
09-22 22:27:00.265 I/wm_task_moved( 1496): [20,0,0]
09-22 22:27:00.268 I/wm_focused_root_task( 1496): [0,0,1,20,moveTaskToBackLocked]
09-22 22:27:00.268 I/wm_add_to_stopping( 1496): [0,250673815,com.android.settings/.Settings,makeInvisible]
09-22 22:27:00.271 I/wm_pause_activity( 1496): [0,250673815,com.android.settings/.Settings,userLeaving=false,pauseBackTasks]
09-22 22:27:00.274 I/wm_set_resumed_activity( 1496): [0,com.android.launcher3/.uioverrides.QuickstepLauncher,resumeTopActivityInnerLocked]
09-22 22:27:00.274 I/wm_resume_activity( 1496): [0,261001500,19,com.android.launcher3/.uioverrides.QuickstepLauncher]
09-22 22:27:00.275 I/wm_on_top_resumed_lost_called( 2197): [250673815,com.android.settings.Settings,topStateChangedWhenResumed]
09-22 22:27:00.288 I/sysui_multi_action( 1496): [757,803,799,window_time_0,802,2]
09-22 22:27:00.291 I/wm_on_restart_called( 2390): [261001500,com.android.launcher3.uioverrides.QuickstepLauncher,performRestartActivity]
09-22 22:27:00.292 I/wm_on_start_called( 2390): [261001500,com.android.launcher3.uioverrides.QuickstepLauncher,handleStartActivity]
09-22 22:27:00.293 I/wm_on_resume_called( 2390): [261001500,com.android.launcher3.uioverrides.QuickstepLauncher,RESUME_ACTIVITY]
09-22 22:27:00.293 I/wm_on_top_resumed_gained_called( 2390): [261001500,com.android.launcher3.uioverrides.QuickstepLauncher,topStateChangedWhenResumed]
09-22 22:27:00.294 I/input_focus( 1496): [Focus leaving 9eef4e4 com.android.settings/com.android.settings.Settings (server),reason=NO_WINDOW]
09-22 22:27:00.299 I/sysui_multi_action( 2197): [757,746,758,2,1089,1444]
09-22 22:27:00.300 I/input_focus( 1496): [Focus request cdcb676 com.android.launcher3/com.android.launcher3.uioverrides.QuickstepLauncher,reason=UpdateInputWindows]
09-22 22:27:00.305 I/sysui_multi_action( 2197): [757,35,758,2,1089,1437]
09-22 22:27:00.310 I/wm_on_paused_called( 2197): [250673815,com.android.settings.Settings,performPause]
09-22 22:27:00.327 I/input_focus( 1496): [Focus entering cdcb676 com.android.launcher3/com.android.launcher3.uioverrides.QuickstepLauncher (server),reason=Window became focusable. Previous reason: NOT_VISIBLE]
09-22 22:27:00.669 I/wm_stop_activity( 1496): [0,250673815,com.android.settings/.Settings]
09-22 22:27:00.705 I/wm_on_stop_called( 2197): [250673815,com.android.settings.Settings,STOP_ACTIVITY_ITEM]
09-22 22:27:01.622 I/input_interaction( 1496): Interaction with: cdcb676 com.android.launcher3/com.android.launcher3.uioverrides.QuickstepLauncher (server), 23a4ae6 com.android.systemui.ImageWallpaper (server), edge-swipe (server), swipe-up (server), PointerEventDispatcher0 (server),
09-22 22:27:04.124 I/sysui_multi_action( 1496): [757,127,758,1]
09-22 22:27:04.124 I/sysui_multi_action( 1496): [757,804,799,note_load,801,2,802,1]
09-22 22:27:04.124 I/notification_panel_revealed( 1496): 2
09-22 22:27:04.146 I/input_focus( 1496): [Focus request c147ec4 NotificationShade,reason=UpdateInputWindows]
09-22 22:27:04.171 I/input_focus( 1496): [Focus leaving cdcb676 com.android.launcher3/com.android.launcher3.uioverrides.QuickstepLauncher (server),reason=setFocusedWindow]
09-22 22:27:04.171 I/input_focus( 1496): [Focus entering c147ec4 NotificationShade (server),reason=setFocusedWindow]
09-22 22:27:04.172 I/input_interaction( 1496): Interaction with: cdcb676 com.android.launcher3/com.android.launcher3.uioverrides.QuickstepLauncher (server), 23a4ae6 com.android.systemui.ImageWallpaper (server), c147ec4 NotificationShade (server), edge-swipe (server), swipe-up (server), PointerEventDispatcher0 (server),
09-22 22:27:04.172 I/view_enqueue_input_event( 2390): [Motion - Cancel,com.android.launcher3/com.android.launcher3.uioverrides.QuickstepLauncher]
09-22 22:27:04.176 I/sysui_multi_action( 1811): [757,803,799,panel_open,802,1]
09-22 22:27:04.177 I/sysui_multi_action( 1811): [757,1328,758,4,1326,24,1327,95,1329,0]
09-22 22:27:04.185 I/input_interaction( 1496): Interaction with: 23a4ae6 com.android.systemui.ImageWallpaper (server), c147ec4 NotificationShade (server), edge-swipe (server), swipe-up (server), PointerEventDispatcher0 (server),
09-22 22:27:04.194 I/sysui_multi_action( 1811): [757,111,758,2]
09-22 22:27:04.194 I/notification_enqueue( 1496): [10081,1811,com.android.systemui,2048,NULL,0,Notification(channel=updateNotification shortcut=null contentView=null vibrate=null sound=null defaults=0x0 flags=0x0 color=0x00000000 vis=PRIVATE),1]
09-22 22:27:04.194 I/sysui_multi_action( 1811): [757,111,758,2]
09-22 22:27:04.204 I/sysui_multi_action( 1811): [757,111,758,1]
09-22 22:27:04.204 I/sysui_multi_action( 1811): [757,126,758,1,759,126,927,0,928,0,1593,0]
09-22 22:27:04.204 I/sysui_multi_action( 1811): [757,113,758,1,759,113,927,1,928,1,1593,0]
09-22 22:27:04.204 I/sysui_multi_action( 1811): [757,0,758,1,759,0,927,2,928,0,1593,0]
09-22 22:27:04.204 I/sysui_multi_action( 1811): [757,0,758,1,759,0,927,3,928,0,1593,0]
09-22 22:27:04.204 I/sysui_multi_action( 1811): [757,1706,758,1,759,1706,927,4,928,0,1593,0]
09-22 22:27:04.204 I/sysui_multi_action( 1811): [757,491,758,1,759,491,927,5,928,0,1311,-1,1593,0]
09-22 22:27:04.204 I/sysui_multi_action( 1811): [757,0,758,1,759,0,927,6,928,0,1593,0]
09-22 22:27:04.205 I/sysui_multi_action( 1811): [757,111,758,1]
09-22 22:27:04.205 I/sysui_multi_action( 1811): [757,126,758,1,759,126,927,0,928,0,1593,0]
09-22 22:27:04.205 I/sysui_multi_action( 1811): [757,113,758,1,759,113,927,1,928,1,1593,0]
09-22 22:27:04.205 I/sysui_multi_action( 1811): [757,0,758,1,759,0,927,2,928,0,1593,0]
09-22 22:27:04.205 I/sysui_multi_action( 1811): [757,0,758,1,759,0,927,3,928,0,1593,0]
09-22 22:27:04.228 I/sysui_multi_action( 1811): [757,111,758,2]
09-22 22:27:04.228 I/notification_enqueue( 1496): [10081,1811,com.android.systemui,2048,NULL,0,Notification(channel=updateNotification shortcut=null contentView=null vibrate=null sound=null defaults=0x0 flags=0x0 color=0x00000000 vis=PRIVATE),1]
09-22 22:27:04.228 I/sysui_multi_action( 1811): [757,111,758,2]
09-22 22:27:04.236 I/sysui_multi_action( 1811): [757,111,758,1]
09-22 22:27:04.236 I/sysui_multi_action( 1811): [757,126,758,1,759,126,927,0,928,0,1593,0]
09-22 22:27:04.236 I/sysui_multi_action( 1811): [757,113,758,1,759,113,927,1,928,1,1593,0]
09-22 22:27:04.237 I/sysui_multi_action( 1811): [757,0,758,1,759,0,927,2,928,0,1593,0]
09-22 22:27:04.237 I/sysui_multi_action( 1811): [757,0,758,1,759,0,927,3,928,0,1593,0]
09-22 22:27:04.237 I/sysui_multi_action( 1811): [757,1706,758,1,759,1706,927,4,928,0,1593,0]
09-22 22:27:04.237 I/sysui_multi_action( 1811): [757,491,758,1,759,491,927,5,928,0,1311,-1,1593,0]
09-22 22:27:04.237 I/sysui_multi_action( 1811): [757,0,758,1,759,0,927,6,928,0,1593,0]
09-22 22:27:04.237 I/sysui_multi_action( 1811): [757,111,758,1]
09-22 22:27:04.237 I/sysui_multi_action( 1811): [757,126,758,1,759,126,927,0,928,0,1593,0]
09-22 22:27:04.237 I/sysui_multi_action( 1811): [757,113,758,1,759,113,927,1,928,1,1593,0]
09-22 22:27:04.237 I/sysui_multi_action( 1811): [757,0,758,1,759,0,927,2,928,0,1593,0]
09-22 22:27:04.237 I/sysui_multi_action( 1811): [757,0,758,1,759,0,927,3,928,0,1593,0]
09-22 22:27:04.258 I/sysui_multi_action( 1811): [757,111,758,2]
09-22 22:27:04.258 I/notification_enqueue( 1496): [10081,1811,com.android.systemui,2048,NULL,0,Notification(channel=updateNotification shortcut=null contentView=null vibrate=null sound=null defaults=0x0 flags=0x0 color=0x00000000 vis=PRIVATE),1]
09-22 22:27:04.258 I/sysui_multi_action( 1811): [757,111,758,2]
09-22 22:27:04.266 I/sysui_multi_action( 1811): [757,111,758,1]
09-22 22:27:04.266 I/sysui_multi_action( 1811): [757,126,758,1,759,126,927,0,928,0,1593,0]
09-22 22:27:04.266 I/sysui_multi_action( 1811): [757,113,758,1,759,113,927,1,928,1,1593,0]
09-22 22:27:04.266 I/sysui_multi_action( 1811): [757,0,758,1,759,0,927,2,928,0,1593,0]
09-22 22:27:04.266 I/sysui_multi_action( 1811): [757,0,758,1,759,0,927,3,928,0,1593,0]
09-22 22:27:04.266 I/sysui_multi_action( 1811): [757,1706,758,1,759,1706,927,4,928,0,1593,0]
09-22 22:27:04.266 I/sysui_multi_action( 1811): [757,491,758,1,759,491,927,5,928,0,1311,-1,1593,0]
09-22 22:27:04.266 I/sysui_multi_action( 1811): [757,0,758,1,759,0,927,6,928,0,1593,0]
09-22 22:27:04.266 I/sysui_multi_action( 1811): [757,111,758,1]
09-22 22:27:04.266 I/sysui_multi_action( 1811): [757,126,758,1,759,126,927,0,928,0,1593,0]
09-22 22:27:04.266 I/sysui_multi_action( 1811): [757,113,758,1,759,113,927,1,928,1,1593,0]
09-22 22:27:04.266 I/sysui_multi_action( 1811): [757,0,758,1,759,0,927,2,928,0,1593,0]
09-22 22:27:04.266 I/sysui_multi_action( 1811): [757,0,758,1,759,0,927,3,928,0,1593,0]
09-22 22:27:04.286 I/sysui_multi_action( 1811): [757,111,758,2]
09-22 22:27:04.286 I/notification_enqueue( 1496): [10081,1811,com.android.systemui,2048,NULL,0,Notification(channel=updateNotification shortcut=null contentView=null vibrate=null sound=null defaults=0x0 flags=0x0 color=0x00000000 vis=PRIVATE),1]
09-22 22:27:04.287 I/sysui_multi_action( 1811): [757,111,758,2]
09-22 22:27:04.294 I/sysui_multi_action( 1811): [757,111,758,1]
09-22 22:27:04.294 I/sysui_multi_action( 1811): [757,126,758,1,759,126,927,0,928,0,1593,0]
09-22 22:27:04.295 I/sysui_multi_action( 1811): [757,113,758,1,759,113,927,1,928,1,1593,0]
09-22 22:27:04.295 I/sysui_multi_action( 1811): [757,0,758,1,759,0,927,2,928,0,1593,0]
09-22 22:27:04.295 I/sysui_multi_action( 1811): [757,0,758,1,759,0,927,3,928,0,1593,0]
09-22 22:27:04.295 I/sysui_multi_action( 1811): [757,1706,758,1,759,1706,927,4,928,0,1593,0]
09-22 22:27:04.295 I/sysui_multi_action( 1811): [757,491,758,1,759,491,927,5,928,0,1311,-1,1593,0]
09-22 22:27:04.295 I/sysui_multi_action( 1811): [757,0,758,1,759,0,927,6,928,0,1593,0]
09-22 22:27:04.295 I/sysui_multi_action( 1811): [757,111,758,1]
09-22 22:27:04.295 I/sysui_multi_action( 1811): [757,126,758,1,759,126,927,0,928,0,1593,0]
09-22 22:27:04.295 I/sysui_multi_action( 1811): [757,113,758,1,759,113,927,1,928,1,1593,0]
09-22 22:27:04.295 I/sysui_multi_action( 1811): [757,0,758,1,759,0,927,2,928,0,1593,0]
09-22 22:27:04.295 I/sysui_multi_action( 1811): [757,0,758,1,759,0,927,3,928,0,1593,0]
09-22 22:27:04.315 I/sysui_multi_action( 1811): [757,111,758,2]
09-22 22:27:04.315 I/notification_enqueue( 1496): [10081,1811,com.android.systemui,2048,NULL,0,Notification(channel=updateNotification shortcut=null contentView=null vibrate=null sound=null defaults=0x0 flags=0x0 color=0x00000000 vis=PRIVATE),1]
09-22 22:27:04.315 I/sysui_multi_action( 1811): [757,111,758,2]
09-22 22:27:04.322 I/sysui_multi_action( 1811): [757,111,758,1]
09-22 22:27:04.322 I/sysui_multi_action( 1811): [757,126,758,1,759,126,927,0,928,0,1593,0]
09-22 22:27:04.322 I/sysui_multi_action( 1811): [757,113,758,1,759,113,927,1,928,1,1593,0]
09-22 22:27:04.322 I/sysui_multi_action( 1811): [757,0,758,1,759,0,927,2,928,0,1593,0]
09-22 22:27:04.322 I/sysui_multi_action( 1811): [757,0,758,1,759,0,927,3,928,0,1593,0]
09-22 22:27:04.322 I/sysui_multi_action( 1811): [757,1706,758,1,759,1706,927,4,928,0,1593,0]
09-22 22:27:04.323 I/sysui_multi_action( 1811): [757,491,758,1,759,491,927,5,928,0,1311,-1,1593,0]
09-22 22:27:04.323 I/sysui_multi_action( 1811): [757,0,758,1,759,0,927,6,928,0,1593,0]
09-22 22:27:04.323 I/sysui_multi_action( 1811): [757,111,758,1]
09-22 22:27:04.323 I/sysui_multi_action( 1811): [757,126,758,1,759,126,927,0,928,0,1593,0]
09-22 22:27:04.323 I/sysui_multi_action( 1811): [757,113,758,1,759,113,927,1,928,1,1593,0]
09-22 22:27:04.323 I/sysui_multi_action( 1811): [757,0,758,1,759,0,927,2,928,0,1593,0]
09-22 22:27:04.323 I/sysui_multi_action( 1811): [757,0,758,1,759,0,927,3,928,0,1593,0]
09-22 22:27:04.345 I/sysui_multi_action( 1811): [757,111,758,2]
09-22 22:27:04.345 I/notification_enqueue( 1496): [10081,1811,com.android.systemui,2048,NULL,0,Notification(channel=updateNotification shortcut=null contentView=null vibrate=null sound=null defaults=0x0 flags=0x0 color=0x00000000 vis=PRIVATE),1]
09-22 22:27:04.345 I/sysui_multi_action( 1811): [757,111,758,2]
09-22 22:27:04.352 I/sysui_multi_action( 1811): [757,111,758,1]
09-22 22:27:04.352 I/sysui_multi_action( 1811): [757,126,758,1,759,126,927,0,928,0,1593,0]
09-22 22:27:04.352 I/sysui_multi_action( 1811): [757,113,758,1,759,113,927,1,928,1,1593,0]
09-22 22:27:04.352 I/sysui_multi_action( 1811): [757,0,758,1,759,0,927,2,928,0,1593,0]
09-22 22:27:04.352 I/sysui_multi_action( 1811): [757,0,758,1,759,0,927,3,928,0,1593,0]
09-22 22:27:04.352 I/sysui_multi_action( 1811): [757,1706,758,1,759,1706,927,4,928,0,1593,0]
09-22 22:27:04.352 I/sysui_multi_action( 1811): [757,491,758,1,759,491,927,5,928,0,1311,-1,1593,0]
09-22 22:27:04.352 I/sysui_multi_action( 1811): [757,0,758,1,759,0,927,6,928,0,1593,0]
09-22 22:27:04.352 I/sysui_multi_action( 1811): [757,111,758,1]
09-22 22:27:04.352 I/sysui_multi_action( 1811): [757,126,758,1,759,126,927,0,928,0,1593,0]
09-22 22:27:04.352 I/sysui_multi_action( 1811): [757,113,758,1,759,113,927,1,928,1,1593,0]
09-22 22:27:04.352 I/sysui_multi_action( 1811): [757,0,758,1,759,0,927,2,928,0,1593,0]
09-22 22:27:04.352 I/sysui_multi_action( 1811): [757,0,758,1,759,0,927,3,928,0,1593,0]
09-22 22:27:04.371 I/sysui_multi_action( 1811): [757,111,758,2]
09-22 22:27:04.371 I/notification_enqueue( 1496): [10081,1811,com.android.systemui,2048,NULL,0,Notification(channel=updateNotification shortcut=null contentView=null vibrate=null sound=null defaults=0x0 flags=0x0 color=0x00000000 vis=PRIVATE),1]
09-22 22:27:04.371 I/sysui_multi_action( 1811): [757,111,758,2]
09-22 22:27:04.377 I/sysui_multi_action( 1811): [757,111,758,1]
09-22 22:27:04.377 I/sysui_multi_action( 1811): [757,126,758,1,759,126,927,0,928,0,1593,0]
09-22 22:27:04.377 I/sysui_multi_action( 1811): [757,113,758,1,759,113,927,1,928,1,1593,0]
09-22 22:27:04.377 I/sysui_multi_action( 1811): [757,0,758,1,759,0,927,2,928,0,1593,0]
09-22 22:27:04.377 I/sysui_multi_action( 1811): [757,0,758,1,759,0,927,3,928,0,1593,0]
09-22 22:27:04.377 I/sysui_multi_action( 1811): [757,1706,758,1,759,1706,927,4,928,0,1593,0]
09-22 22:27:04.377 I/sysui_multi_action( 1811): [757,491,758,1,759,491,927,5,928,0,1311,-1,1593,0]
09-22 22:27:04.377 I/sysui_multi_action( 1811): [757,0,758,1,759,0,927,6,928,0,1593,0]
09-22 22:27:04.377 I/sysui_multi_action( 1811): [757,111,758,1]
09-22 22:27:04.377 I/sysui_multi_action( 1811): [757,126,758,1,759,126,927,0,928,0,1593,0]
09-22 22:27:04.377 I/sysui_multi_action( 1811): [757,113,758,1,759,113,927,1,928,1,1593,0]
09-22 22:27:04.377 I/sysui_multi_action( 1811): [757,0,758,1,759,0,927,2,928,0,1593,0]
09-22 22:27:04.377 I/sysui_multi_action( 1811): [757,0,758,1,759,0,927,3,928,0,1593,0]
09-22 22:27:04.394 I/notification_enqueue( 1496): [10081,1811,com.android.systemui,2048,NULL,0,Notification(channel=updateNotification shortcut=null contentView=null vibrate=null sound=null defaults=0x0 flags=0x0 color=0x00000000 vis=PRIVATE),1]
09-22 22:27:04.395 I/sysui_multi_action( 1811): [757,111,758,2]
09-22 22:27:04.395 I/sysui_multi_action( 1811): [757,111,758,2]
09-22 22:27:04.397 I/sysui_multi_action( 1496): [757,1501,758,1,793,11472,794,0,795,204,796,2048,806,com.android.systemui,857,updateNotification,858,3,947,0,1500,0,1688,1]
09-22 22:27:04.398 I/sysui_multi_action( 1496): [757,804,799,note_interruptive,801,0,802,1]
09-22 22:27:04.398 I/sysui_multi_action( 1496): [757,199,758,1,759,2,793,11473,794,0,795,205,796,2048,806,com.android.systemui,857,updateNotification,858,3,947,0,1500,1,1688,1]
09-22 22:27:04.398 I/notification_alert( 1496): [0|com.android.systemui|2048|null|10081,0,1,0]
09-22 22:27:04.400 I/sysui_multi_action( 1811): [757,111,758,1]
09-22 22:27:04.401 I/sysui_multi_action( 1811): [757,126,758,1,759,126,927,0,928,0,1593,0]
09-22 22:27:04.401 I/sysui_multi_action( 1811): [757,113,758,1,759,113,927,1,928,1,1593,0]
09-22 22:27:04.401 I/sysui_multi_action( 1811): [757,0,758,1,759,0,927,2,928,0,1593,0]
09-22 22:27:04.401 I/sysui_multi_action( 1811): [757,0,758,1,759,0,927,3,928,0,1593,0]
09-22 22:27:04.401 I/sysui_multi_action( 1811): [757,1706,758,1,759,1706,927,4,928,0,1593,0]
09-22 22:27:04.401 I/sysui_multi_action( 1811): [757,491,758,1,759,491,927,5,928,0,1311,-1,1593,0]
09-22 22:27:04.401 I/sysui_multi_action( 1811): [757,0,758,1,759,0,927,6,928,0,1593,0]
09-22 22:27:04.401 I/sysui_multi_action( 1811): [757,111,758,1]
09-22 22:27:04.401 I/sysui_multi_action( 1811): [757,126,758,1,759,126,927,0,928,0,1593,0]
09-22 22:27:04.401 I/sysui_multi_action( 1811): [757,113,758,1,759,113,927,1,928,1,1593,0]
09-22 22:27:04.401 I/sysui_multi_action( 1811): [757,0,758,1,759,0,927,2,928,0,1593,0]
09-22 22:27:04.401 I/sysui_multi_action( 1811): [757,0,758,1,759,0,927,3,928,0,1593,0]
09-22 22:27:04.417 I/notification_enqueue( 1496): [10081,1811,com.android.systemui,2048,NULL,0,Notification(channel=updateNotification shortcut=null contentView=null vibrate=null sound=null defaults=0x0 flags=0x0 color=0x00000000 vis=PRIVATE),1]
09-22 22:27:04.418 I/sysui_multi_action( 1811): [757,111,758,2]
09-22 22:27:04.418 I/sysui_multi_action( 1811): [757,111,758,2]
09-22 22:27:04.424 I/sysui_multi_action( 1811): [757,111,758,1]
09-22 22:27:04.424 I/sysui_multi_action( 1811): [757,126,758,1,759,126,927,0,928,0,1593,0]
09-22 22:27:04.424 I/sysui_multi_action( 1811): [757,113,758,1,759,113,927,1,928,1,1593,0]
09-22 22:27:04.424 I/sysui_multi_action( 1811): [757,0,758,1,759,0,927,2,928,0,1593,0]
09-22 22:27:04.424 I/sysui_multi_action( 1811): [757,0,758,1,759,0,927,3,928,0,1593,0]
09-22 22:27:04.424 I/sysui_multi_action( 1811): [757,1706,758,1,759,1706,927,4,928,0,1593,0]
09-22 22:27:04.425 I/sysui_multi_action( 1811): [757,491,758,1,759,491,927,5,928,0,1311,-1,1593,0]
09-22 22:27:04.425 I/sysui_multi_action( 1811): [757,0,758,1,759,0,927,6,928,0,1593,0]
09-22 22:27:04.425 I/sysui_multi_action( 1811): [757,111,758,1]
09-22 22:27:04.425 I/sysui_multi_action( 1811): [757,126,758,1,759,126,927,0,928,0,1593,0]
09-22 22:27:04.425 I/sysui_multi_action( 1811): [757,113,758,1,759,113,927,1,928,1,1593,0]
09-22 22:27:04.425 I/sysui_multi_action( 1811): [757,0,758,1,759,0,927,2,928,0,1593,0]
09-22 22:27:04.425 I/sysui_multi_action( 1811): [757,0,758,1,759,0,927,3,928,0,1593,0]
09-22 22:27:04.446 I/notification_enqueue( 1496): [10081,1811,com.android.systemui,2048,NULL,0,Notification(channel=updateNotification shortcut=null contentView=null vibrate=null sound=null defaults=0x0 flags=0x0 color=0x00000000 vis=PRIVATE),1]
09-22 22:27:04.446 I/sysui_multi_action( 1811): [757,111,758,2]
09-22 22:27:04.447 I/sysui_multi_action( 1811): [757,111,758,2]
09-22 22:27:04.453 I/sysui_multi_action( 1811): [757,111,758,1]
09-22 22:27:04.453 I/sysui_multi_action( 1811): [757,126,758,1,759,126,927,0,928,0,1593,0]
09-22 22:27:04.453 I/sysui_multi_action( 1811): [757,113,758,1,759,113,927,1,928,1,1593,0]
09-22 22:27:04.453 I/sysui_multi_action( 1811): [757,0,758,1,759,0,927,2,928,0,1593,0]
09-22 22:27:04.453 I/sysui_multi_action( 1811): [757,0,758,1,759,0,927,3,928,0,1593,0]
09-22 22:27:04.453 I/sysui_multi_action( 1811): [757,1706,758,1,759,1706,927,4,928,0,1593,0]
09-22 22:27:04.453 I/sysui_multi_action( 1811): [757,491,758,1,759,491,927,5,928,0,1311,-1,1593,0]
09-22 22:27:04.453 I/sysui_multi_action( 1811): [757,0,758,1,759,0,927,6,928,0,1593,0]
09-22 22:27:04.453 I/sysui_multi_action( 1811): [757,111,758,1]
09-22 22:27:04.453 I/sysui_multi_action( 1811): [757,126,758,1,759,126,927,0,928,0,1593,0]
09-22 22:27:04.453 I/sysui_multi_action( 1811): [757,113,758,1,759,113,927,1,928,1,1593,0]
09-22 22:27:04.453 I/sysui_multi_action( 1811): [757,0,758,1,759,0,927,2,928,0,1593,0]
09-22 22:27:04.454 I/sysui_multi_action( 1811): [757,0,758,1,759,0,927,3,928,0,1593,0]
09-22 22:27:04.469 I/sysui_multi_action( 1811): [757,111,758,2]
09-22 22:27:04.469 I/notification_enqueue( 1496): [10081,1811,com.android.systemui,2048,NULL,0,Notification(channel=updateNotification shortcut=null contentView=null vibrate=null sound=null defaults=0x0 flags=0x0 color=0x00000000 vis=PRIVATE),1]
09-22 22:27:04.469 I/sysui_multi_action( 1811): [757,111,758,2]
09-22 22:27:04.475 I/sysui_multi_action( 1811): [757,111,758,1]
09-22 22:27:04.475 I/sysui_multi_action( 1811): [757,126,758,1,759,126,927,0,928,0,1593,0]
09-22 22:27:04.475 I/sysui_multi_action( 1811): [757,113,758,1,759,113,927,1,928,1,1593,0]
09-22 22:27:04.475 I/sysui_multi_action( 1811): [757,0,758,1,759,0,927,2,928,0,1593,0]
09-22 22:27:04.475 I/sysui_multi_action( 1811): [757,0,758,1,759,0,927,3,928,0,1593,0]
09-22 22:27:04.475 I/sysui_multi_action( 1811): [757,1706,758,1,759,1706,927,4,928,0,1593,0]
09-22 22:27:04.475 I/sysui_multi_action( 1811): [757,491,758,1,759,491,927,5,928,0,1311,-1,1593,0]
09-22 22:27:04.475 I/sysui_multi_action( 1811): [757,0,758,1,759,0,927,6,928,0,1593,0]
09-22 22:27:04.475 I/sysui_multi_action( 1811): [757,111,758,1]
09-22 22:27:04.475 I/sysui_multi_action( 1811): [757,126,758,1,759,126,927,0,928,0,1593,0]
09-22 22:27:04.475 I/sysui_multi_action( 1811): [757,113,758,1,759,113,927,1,928,1,1593,0]
09-22 22:27:04.475 I/sysui_multi_action( 1811): [757,0,758,1,759,0,927,2,928,0,1593,0]
09-22 22:27:04.475 I/sysui_multi_action( 1811): [757,0,758,1,759,0,927,3,928,0,1593,0]
09-22 22:27:04.489 I/sysui_multi_action( 1811): [757,111,758,2]
09-22 22:27:04.489 I/sysui_multi_action( 1811): [757,111,758,2]
09-22 22:27:04.489 I/notification_enqueue( 1496): [10081,1811,com.android.systemui,2048,NULL,0,Notification(channel=updateNotification shortcut=null contentView=null vibrate=null sound=null defaults=0x0 flags=0x0 color=0x00000000 vis=PRIVATE),1]
09-22 22:27:04.504 I/sysui_multi_action( 1811): [757,111,758,1]
09-22 22:27:04.504 I/sysui_multi_action( 1811): [757,126,758,1,759,126,927,0,928,0,1593,0]
09-22 22:27:04.504 I/sysui_multi_action( 1811): [757,113,758,1,759,113,927,1,928,1,1593,0]
09-22 22:27:04.504 I/sysui_multi_action( 1811): [757,0,758,1,759,0,927,2,928,0,1593,0]
09-22 22:27:04.504 I/sysui_multi_action( 1811): [757,0,758,1,759,0,927,3,928,0,1593,0]
09-22 22:27:04.504 I/sysui_multi_action( 1811): [757,1706,758,1,759,1706,927,4,928,0,1593,0]
09-22 22:27:04.504 I/sysui_multi_action( 1811): [757,491,758,1,759,491,927,5,928,0,1311,-1,1593,0]
09-22 22:27:04.504 I/sysui_multi_action( 1811): [757,0,758,1,759,0,927,6,928,0,1593,0]
09-22 22:27:04.504 I/sysui_multi_action( 1811): [757,111,758,1]
09-22 22:27:04.504 I/sysui_multi_action( 1811): [757,126,758,1,759,126,927,0,928,0,1593,0]
09-22 22:27:04.504 I/sysui_multi_action( 1811): [757,113,758,1,759,113,927,1,928,1,1593,0]
09-22 22:27:04.504 I/sysui_multi_action( 1811): [757,0,758,1,759,0,927,2,928,0,1593,0]
09-22 22:27:04.504 I/sysui_multi_action( 1811): [757,0,758,1,759,0,927,3,928,0,1593,0]
09-22 22:27:04.524 I/sysui_multi_action( 1811): [757,111,758,2]
09-22 22:27:04.524 I/sysui_multi_action( 1811): [757,111,758,2]
09-22 22:27:04.527 I/notification_enqueue( 1496): [10081,1811,com.android.systemui,2048,NULL,0,Notification(channel=updateNotification shortcut=null contentView=null vibrate=null sound=null defaults=0x0 flags=0x0 color=0x00000000 vis=PRIVATE),1]
09-22 22:27:04.536 I/sysui_multi_action( 1811): [757,111,758,1]
09-22 22:27:04.536 I/sysui_multi_action( 1811): [757,126,758,1,759,126,927,0,928,0,1593,0]
09-22 22:27:04.536 I/sysui_multi_action( 1811): [757,113,758,1,759,113,927,1,928,1,1593,0]
09-22 22:27:04.536 I/sysui_multi_action( 1811): [757,0,758,1,759,0,927,2,928,0,1593,0]
09-22 22:27:04.537 I/sysui_multi_action( 1811): [757,0,758,1,759,0,927,3,928,0,1593,0]
09-22 22:27:04.537 I/sysui_multi_action( 1811): [757,1706,758,1,759,1706,927,4,928,0,1593,0]
09-22 22:27:04.537 I/sysui_multi_action( 1811): [757,491,758,1,759,491,927,5,928,0,1311,-1,1593,0]
09-22 22:27:04.537 I/sysui_multi_action( 1811): [757,0,758,1,759,0,927,6,928,0,1593,0]
09-22 22:27:04.537 I/sysui_multi_action( 1811): [757,111,758,1]
09-22 22:27:04.537 I/sysui_multi_action( 1811): [757,126,758,1,759,126,927,0,928,0,1593,0]
09-22 22:27:04.537 I/sysui_multi_action( 1811): [757,113,758,1,759,113,927,1,928,1,1593,0]
09-22 22:27:04.537 I/sysui_multi_action( 1811): [757,0,758,1,759,0,927,2,928,0,1593,0]
09-22 22:27:04.537 I/sysui_multi_action( 1811): [757,0,758,1,759,0,927,3,928,0,1593,0]
09-22 22:27:04.556 I/notification_enqueue( 1496): [10081,1811,com.android.systemui,2048,NULL,0,Notification(channel=updateNotification shortcut=null contentView=null vibrate=null sound=null defaults=0x0 flags=0x0 color=0x00000000 vis=PRIVATE),1]
09-22 22:27:04.556 I/sysui_multi_action( 1811): [757,111,758,2]
09-22 22:27:04.557 I/sysui_multi_action( 1811): [757,111,758,2]
09-22 22:27:04.571 I/input_focus( 1496): [Focus request cdcb676 com.android.launcher3/com.android.launcher3.uioverrides.QuickstepLauncher,reason=UpdateInputWindows]
09-22 22:27:04.574 I/sysui_multi_action( 1811): [757,111,758,1]
09-22 22:27:04.574 I/sysui_multi_action( 1811): [757,126,758,1,759,126,927,0,928,0,1593,0]
09-22 22:27:04.574 I/sysui_multi_action( 1811): [757,113,758,1,759,113,927,1,928,1,1593,0]
09-22 22:27:04.574 I/sysui_multi_action( 1811): [757,0,758,1,759,0,927,2,928,0,1593,0]
09-22 22:27:04.574 I/sysui_multi_action( 1811): [757,0,758,1,759,0,927,3,928,0,1593,0]
09-22 22:27:04.574 I/sysui_multi_action( 1811): [757,1706,758,1,759,1706,927,4,928,0,1593,0]
09-22 22:27:04.574 I/sysui_multi_action( 1811): [757,491,758,1,759,491,927,5,928,0,1311,-1,1593,0]
09-22 22:27:04.574 I/sysui_multi_action( 1811): [757,0,758,1,759,0,927,6,928,0,1593,0]
09-22 22:27:04.574 I/sysui_multi_action( 1811): [757,111,758,1]
09-22 22:27:04.574 I/sysui_multi_action( 1811): [757,126,758,1,759,126,927,0,928,0,1593,0]
09-22 22:27:04.574 I/sysui_multi_action( 1811): [757,113,758,1,759,113,927,1,928,1,1593,0]
09-22 22:27:04.574 I/sysui_multi_action( 1811): [757,0,758,1,759,0,927,2,928,0,1593,0]
09-22 22:27:04.574 I/sysui_multi_action( 1811): [757,0,758,1,759,0,927,3,928,0,1593,0]
09-22 22:27:04.588 I/input_focus( 1496): [Focus leaving c147ec4 NotificationShade (server),reason=NOT_FOCUSABLE]
09-22 22:27:04.589 I/input_focus( 1496): [Focus entering cdcb676 com.android.launcher3/com.android.launcher3.uioverrides.QuickstepLauncher (server),reason=setFocusedWindow]
09-22 22:27:04.593 I/notification_enqueue( 1496): [10081,1811,com.android.systemui,2048,NULL,0,Notification(channel=updateNotification shortcut=null contentView=null vibrate=null sound=null defaults=0x0 flags=0x0 color=0x00000000 vis=PRIVATE),1]
09-22 22:27:04.595 I/sysui_multi_action( 1811): [757,111,758,2]
09-22 22:27:04.595 I/sysui_multi_action( 1811): [757,111,758,2]
09-22 22:27:04.598 I/sysui_multi_action( 1496): [757,127,758,2]
09-22 22:27:04.598 I/notification_panel_hidden( 1496):
09-22 22:27:04.611 I/sysui_multi_action( 1811): [757,111,758,1]
09-22 22:27:04.611 I/sysui_multi_action( 1811): [757,126,758,1,759,126,927,0,928,0,1593,0]
09-22 22:27:04.612 I/sysui_multi_action( 1811): [757,113,758,1,759,113,927,1,928,1,1593,0]
09-22 22:27:04.612 I/sysui_multi_action( 1811): [757,0,758,1,759,0,927,2,928,0,1593,0]
09-22 22:27:04.612 I/sysui_multi_action( 1811): [757,0,758,1,759,0,927,3,928,0,1593,0]
09-22 22:27:04.612 I/sysui_multi_action( 1811): [757,1706,758,1,759,1706,927,4,928,0,1593,0]
09-22 22:27:04.612 I/sysui_multi_action( 1811): [757,491,758,1,759,491,927,5,928,0,1311,-1,1593,0]
09-22 22:27:04.612 I/sysui_multi_action( 1811): [757,0,758,1,759,0,927,6,928,0,1593,0]
09-22 22:27:04.612 I/sysui_multi_action( 1811): [757,111,758,1]
09-22 22:27:04.612 I/sysui_multi_action( 1811): [757,126,758,1,759,126,927,0,928,0,1593,0]
09-22 22:27:04.612 I/sysui_multi_action( 1811): [757,113,758,1,759,113,927,1,928,1,1593,0]
09-22 22:27:04.612 I/sysui_multi_action( 1811): [757,0,758,1,759,0,927,2,928,0,1593,0]
09-22 22:27:04.612 I/sysui_multi_action( 1811): [757,0,758,1,759,0,927,3,928,0,1593,0]
09-22 22:27:04.874 I/input_interaction( 1496): Interaction with: cdcb676 com.android.launcher3/com.android.launcher3.uioverrides.QuickstepLauncher (server), 23a4ae6 com.android.systemui.ImageWallpaper (server), edge-swipe (server), swipe-up (server), PointerEventDispatcher0 (server),
09-22 22:27:05.788 I/sysui_multi_action( 1496): [757,127,758,1]
09-22 22:27:05.788 I/sysui_multi_action( 1496): [757,804,799,note_load,801,2,802,1]
09-22 22:27:05.788 I/notification_panel_revealed( 1496): 2
09-22 22:27:05.809 I/input_focus( 1496): [Focus request c147ec4 NotificationShade,reason=UpdateInputWindows]
09-22 22:27:05.826 I/input_focus( 1496): [Focus leaving cdcb676 com.android.launcher3/com.android.launcher3.uioverrides.QuickstepLauncher (server),reason=setFocusedWindow]
09-22 22:27:05.826 I/input_focus( 1496): [Focus entering c147ec4 NotificationShade (server),reason=setFocusedWindow]
09-22 22:27:05.831 I/input_interaction( 1496): Interaction with: cdcb676 com.android.launcher3/com.android.launcher3.uioverrides.QuickstepLauncher (server), 23a4ae6 com.android.systemui.ImageWallpaper (server), c147ec4 NotificationShade (server), edge-swipe (server), swipe-up (server), PointerEventDispatcher0 (server),
09-22 22:27:05.831 I/view_enqueue_input_event( 2390): [Motion - Cancel,com.android.launcher3/com.android.launcher3.uioverrides.QuickstepLauncher]
09-22 22:27:05.834 I/sysui_multi_action( 1811): [757,803,799,panel_open,802,1]
09-22 22:27:05.835 I/sysui_multi_action( 1811): [757,1328,758,4,1326,30,1327,91,1329,0]
09-22 22:27:05.841 I/input_interaction( 1496): Interaction with: 23a4ae6 com.android.systemui.ImageWallpaper (server), c147ec4 NotificationShade (server), edge-swipe (server), swipe-up (server), PointerEventDispatcher0 (server),
09-22 22:27:05.861 I/notification_enqueue( 1496): [10081,1811,com.android.systemui,2048,NULL,0,Notification(channel=updateNotification shortcut=null contentView=null vibrate=null sound=null defaults=0x0 flags=0x0 color=0x00000000 vis=PRIVATE),1]
09-22 22:27:05.861 I/sysui_multi_action( 1811): [757,111,758,2]
09-22 22:27:05.861 I/sysui_multi_action( 1811): [757,111,758,2]
09-22 22:27:05.877 I/sysui_multi_action( 1811): [757,111,758,1]
09-22 22:27:05.877 I/sysui_multi_action( 1811): [757,126,758,1,759,126,927,0,928,0,1593,0]
09-22 22:27:05.878 I/sysui_multi_action( 1811): [757,113,758,1,759,113,927,1,928,1,1593,0]
09-22 22:27:05.878 I/sysui_multi_action( 1811): [757,0,758,1,759,0,927,2,928,0,1593,0]
09-22 22:27:05.878 I/sysui_multi_action( 1811): [757,0,758,1,759,0,927,3,928,0,1593,0]
09-22 22:27:05.878 I/sysui_multi_action( 1811): [757,1706,758,1,759,1706,927,4,928,0,1593,0]
09-22 22:27:05.878 I/sysui_multi_action( 1811): [757,491,758,1,759,491,927,5,928,0,1311,-1,1593,0]
09-22 22:27:05.878 I/sysui_multi_action( 1811): [757,0,758,1,759,0,927,6,928,0,1593,0]
09-22 22:27:05.879 I/sysui_multi_action( 1811): [757,111,758,1]
09-22 22:27:05.879 I/sysui_multi_action( 1811): [757,126,758,1,759,126,927,0,928,0,1593,0]
09-22 22:27:05.879 I/sysui_multi_action( 1811): [757,113,758,1,759,113,927,1,928,1,1593,0]
09-22 22:27:05.879 I/sysui_multi_action( 1811): [757,0,758,1,759,0,927,2,928,0,1593,0]
09-22 22:27:05.879 I/sysui_multi_action( 1811): [757,0,758,1,759,0,927,3,928,0,1593,0]
09-22 22:27:05.907 I/sysui_multi_action( 1811): [757,111,758,2]
09-22 22:27:05.908 I/notification_enqueue( 1496): [10081,1811,com.android.systemui,2048,NULL,0,Notification(channel=updateNotification shortcut=null contentView=null vibrate=null sound=null defaults=0x0 flags=0x0 color=0x00000000 vis=PRIVATE),1]
09-22 22:27:05.908 I/sysui_multi_action( 1811): [757,111,758,2]
09-22 22:27:05.916 I/sysui_multi_action( 1811): [757,111,758,1]
09-22 22:27:05.917 I/sysui_multi_action( 1811): [757,126,758,1,759,126,927,0,928,0,1593,0]
09-22 22:27:05.917 I/sysui_multi_action( 1811): [757,113,758,1,759,113,927,1,928,1,1593,0]
09-22 22:27:05.917 I/sysui_multi_action( 1811): [757,0,758,1,759,0,927,2,928,0,1593,0]
09-22 22:27:05.917 I/sysui_multi_action( 1811): [757,0,758,1,759,0,927,3,928,0,1593,0]
09-22 22:27:05.917 I/sysui_multi_action( 1811): [757,1706,758,1,759,1706,927,4,928,0,1593,0]
09-22 22:27:05.917 I/sysui_multi_action( 1811): [757,491,758,1,759,491,927,5,928,0,1311,-1,1593,0]
09-22 22:27:05.917 I/sysui_multi_action( 1811): [757,0,758,1,759,0,927,6,928,0,1593,0]
09-22 22:27:05.917 I/sysui_multi_action( 1811): [757,111,758,1]
09-22 22:27:05.917 I/sysui_multi_action( 1811): [757,126,758,1,759,126,927,0,928,0,1593,0]
09-22 22:27:05.917 I/sysui_multi_action( 1811): [757,113,758,1,759,113,927,1,928,1,1593,0]
09-22 22:27:05.918 I/sysui_multi_action( 1811): [757,0,758,1,759,0,927,2,928,0,1593,0]
09-22 22:27:05.918 I/sysui_multi_action( 1811): [757,0,758,1,759,0,927,3,928,0,1593,0]
09-22 22:27:05.936 I/sysui_multi_action( 1811): [757,111,758,2]
09-22 22:27:05.936 I/notification_enqueue( 1496): [10081,1811,com.android.systemui,2048,NULL,0,Notification(channel=updateNotification shortcut=null contentView=null vibrate=null sound=null defaults=0x0 flags=0x0 color=0x00000000 vis=PRIVATE),1]
09-22 22:27:05.937 I/sysui_multi_action( 1811): [757,111,758,2]
09-22 22:27:05.946 I/sysui_multi_action( 1811): [757,111,758,1]
09-22 22:27:05.946 I/sysui_multi_action( 1811): [757,126,758,1,759,126,927,0,928,0,1593,0]
09-22 22:27:05.946 I/sysui_multi_action( 1811): [757,113,758,1,759,113,927,1,928,1,1593,0]
09-22 22:27:05.946 I/sysui_multi_action( 1811): [757,0,758,1,759,0,927,2,928,0,1593,0]
09-22 22:27:05.946 I/sysui_multi_action( 1811): [757,0,758,1,759,0,927,3,928,0,1593,0]
09-22 22:27:05.946 I/sysui_multi_action( 1811): [757,1706,758,1,759,1706,927,4,928,0,1593,0]
09-22 22:27:05.946 I/sysui_multi_action( 1811): [757,491,758,1,759,491,927,5,928,0,1311,-1,1593,0]
09-22 22:27:05.946 I/sysui_multi_action( 1811): [757,0,758,1,759,0,927,6,928,0,1593,0]
09-22 22:27:05.947 I/sysui_multi_action( 1811): [757,111,758,1]
09-22 22:27:05.947 I/sysui_multi_action( 1811): [757,126,758,1,759,126,927,0,928,0,1593,0]
09-22 22:27:05.947 I/sysui_multi_action( 1811): [757,113,758,1,759,113,927,1,928,1,1593,0]
09-22 22:27:05.947 I/sysui_multi_action( 1811): [757,0,758,1,759,0,927,2,928,0,1593,0]
09-22 22:27:05.947 I/sysui_multi_action( 1811): [757,0,758,1,759,0,927,3,928,0,1593,0]
09-22 22:27:05.963 I/sysui_multi_action( 1811): [757,111,758,2]
09-22 22:27:05.963 I/notification_enqueue( 1496): [10081,1811,com.android.systemui,2048,NULL,0,Notification(channel=updateNotification shortcut=null contentView=null vibrate=null sound=null defaults=0x0 flags=0x0 color=0x00000000 vis=PRIVATE),1]
09-22 22:27:05.963 I/sysui_multi_action( 1811): [757,111,758,2]
09-22 22:27:05.969 I/sysui_multi_action( 1811): [757,111,758,1]
09-22 22:27:05.969 I/sysui_multi_action( 1811): [757,126,758,1,759,126,927,0,928,0,1593,0]
09-22 22:27:05.969 I/sysui_multi_action( 1811): [757,113,758,1,759,113,927,1,928,1,1593,0]
09-22 22:27:05.969 I/sysui_multi_action( 1811): [757,0,758,1,759,0,927,2,928,0,1593,0]
09-22 22:27:05.969 I/sysui_multi_action( 1811): [757,0,758,1,759,0,927,3,928,0,1593,0]
09-22 22:27:05.969 I/sysui_multi_action( 1811): [757,1706,758,1,759,1706,927,4,928,0,1593,0]
09-22 22:27:05.970 I/sysui_multi_action( 1811): [757,491,758,1,759,491,927,5,928,0,1311,-1,1593,0]
09-22 22:27:05.970 I/sysui_multi_action( 1811): [757,0,758,1,759,0,927,6,928,0,1593,0]
09-22 22:27:05.970 I/sysui_multi_action( 1811): [757,111,758,1]
09-22 22:27:05.970 I/sysui_multi_action( 1811): [757,126,758,1,759,126,927,0,928,0,1593,0]
09-22 22:27:05.970 I/sysui_multi_action( 1811): [757,113,758,1,759,113,927,1,928,1,1593,0]
09-22 22:27:05.970 I/sysui_multi_action( 1811): [757,0,758,1,759,0,927,2,928,0,1593,0]
09-22 22:27:05.970 I/sysui_multi_action( 1811): [757,0,758,1,759,0,927,3,928,0,1593,0]
09-22 22:27:05.986 I/sysui_multi_action( 1811): [757,111,758,2]
09-22 22:27:05.987 I/sysui_multi_action( 1811): [757,111,758,2]
09-22 22:27:05.987 I/notification_enqueue( 1496): [10081,1811,com.android.systemui,2048,NULL,0,Notification(channel=updateNotification shortcut=null contentView=null vibrate=null sound=null defaults=0x0 flags=0x0 color=0x00000000 vis=PRIVATE),1]
09-22 22:27:05.992 I/sysui_multi_action( 1811): [757,111,758,1]
09-22 22:27:05.992 I/sysui_multi_action( 1811): [757,126,758,1,759,126,927,0,928,0,1593,0]
09-22 22:27:05.992 I/sysui_multi_action( 1811): [757,113,758,1,759,113,927,1,928,1,1593,0]
09-22 22:27:05.993 I/sysui_multi_action( 1811): [757,0,758,1,759,0,927,2,928,0,1593,0]
09-22 22:27:05.993 I/sysui_multi_action( 1811): [757,0,758,1,759,0,927,3,928,0,1593,0]
09-22 22:27:05.993 I/sysui_multi_action( 1811): [757,1706,758,1,759,1706,927,4,928,0,1593,0]
09-22 22:27:05.993 I/sysui_multi_action( 1811): [757,491,758,1,759,491,927,5,928,0,1311,-1,1593,0]
09-22 22:27:05.993 I/sysui_multi_action( 1811): [757,0,758,1,759,0,927,6,928,0,1593,0]
09-22 22:27:05.993 I/sysui_multi_action( 1811): [757,111,758,1]
09-22 22:27:05.993 I/sysui_multi_action( 1811): [757,126,758,1,759,126,927,0,928,0,1593,0]
09-22 22:27:05.993 I/sysui_multi_action( 1811): [757,113,758,1,759,113,927,1,928,1,1593,0]
09-22 22:27:05.993 I/sysui_multi_action( 1811): [757,0,758,1,759,0,927,2,928,0,1593,0]
09-22 22:27:05.993 I/sysui_multi_action( 1811): [757,0,758,1,759,0,927,3,928,0,1593,0]
09-22 22:27:06.010 I/sysui_multi_action( 1811): [757,111,758,2]
09-22 22:27:06.010 I/sysui_multi_action( 1811): [757,111,758,2]
09-22 22:27:06.010 I/notification_enqueue( 1496): [10081,1811,com.android.systemui,2048,NULL,0,Notification(channel=updateNotification shortcut=null contentView=null vibrate=null sound=null defaults=0x0 flags=0x0 color=0x00000000 vis=PRIVATE),1]
09-22 22:27:06.016 I/sysui_multi_action( 1811): [757,111,758,1]
09-22 22:27:06.016 I/sysui_multi_action( 1811): [757,126,758,1,759,126,927,0,928,0,1593,0]
09-22 22:27:06.016 I/sysui_multi_action( 1811): [757,113,758,1,759,113,927,1,928,1,1593,0]
09-22 22:27:06.016 I/sysui_multi_action( 1811): [757,0,758,1,759,0,927,2,928,0,1593,0]
09-22 22:27:06.016 I/sysui_multi_action( 1811): [757,0,758,1,759,0,927,3,928,0,1593,0]
09-22 22:27:06.016 I/sysui_multi_action( 1811): [757,1706,758,1,759,1706,927,4,928,0,1593,0]
09-22 22:27:06.016 I/sysui_multi_action( 1811): [757,491,758,1,759,491,927,5,928,0,1311,-1,1593,0]
09-22 22:27:06.016 I/sysui_multi_action( 1811): [757,0,758,1,759,0,927,6,928,0,1593,0]
09-22 22:27:06.017 I/sysui_multi_action( 1811): [757,111,758,1]
09-22 22:27:06.017 I/sysui_multi_action( 1811): [757,126,758,1,759,126,927,0,928,0,1593,0]
09-22 22:27:06.017 I/sysui_multi_action( 1811): [757,113,758,1,759,113,927,1,928,1,1593,0]
09-22 22:27:06.017 I/sysui_multi_action( 1811): [757,0,758,1,759,0,927,2,928,0,1593,0]
09-22 22:27:06.017 I/sysui_multi_action( 1811): [757,0,758,1,759,0,927,3,928,0,1593,0]
09-22 22:27:06.032 I/sysui_multi_action( 1811): [757,111,758,2]
09-22 22:27:06.032 I/sysui_multi_action( 1811): [757,111,758,2]
09-22 22:27:06.033 I/notification_enqueue( 1496): [10081,1811,com.android.systemui,2048,NULL,0,Notification(channel=updateNotification shortcut=null contentView=null vibrate=null sound=null defaults=0x0 flags=0x0 color=0x00000000 vis=PRIVATE),1]
09-22 22:27:06.038 I/sysui_multi_action( 1811): [757,111,758,1]
09-22 22:27:06.038 I/sysui_multi_action( 1811): [757,126,758,1,759,126,927,0,928,0,1593,0]
09-22 22:27:06.038 I/sysui_multi_action( 1811): [757,113,758,1,759,113,927,1,928,1,1593,0]
09-22 22:27:06.038 I/sysui_multi_action( 1811): [757,0,758,1,759,0,927,2,928,0,1593,0]
09-22 22:27:06.038 I/sysui_multi_action( 1811): [757,0,758,1,759,0,927,3,928,0,1593,0]
09-22 22:27:06.038 I/sysui_multi_action( 1811): [757,1706,758,1,759,1706,927,4,928,0,1593,0]
09-22 22:27:06.038 I/sysui_multi_action( 1811): [757,491,758,1,759,491,927,5,928,0,1311,-1,1593,0]
09-22 22:27:06.038 I/sysui_multi_action( 1811): [757,0,758,1,759,0,927,6,928,0,1593,0]
09-22 22:27:06.038 I/sysui_multi_action( 1811): [757,111,758,1]
09-22 22:27:06.038 I/sysui_multi_action( 1811): [757,126,758,1,759,126,927,0,928,0,1593,0]
09-22 22:27:06.039 I/sysui_multi_action( 1811): [757,113,758,1,759,113,927,1,928,1,1593,0]
09-22 22:27:06.039 I/sysui_multi_action( 1811): [757,0,758,1,759,0,927,2,928,0,1593,0]
09-22 22:27:06.039 I/sysui_multi_action( 1811): [757,0,758,1,759,0,927,3,928,0,1593,0]
09-22 22:27:06.055 I/sysui_multi_action( 1811): [757,111,758,2]
09-22 22:27:06.055 I/sysui_multi_action( 1811): [757,111,758,2]
09-22 22:27:06.055 I/notification_enqueue( 1496): [10081,1811,com.android.systemui,2048,NULL,0,Notification(channel=updateNotification shortcut=null contentView=null vibrate=null sound=null defaults=0x0 flags=0x0 color=0x00000000 vis=PRIVATE),1]
09-22 22:27:06.061 I/sysui_multi_action( 1811): [757,111,758,1]
09-22 22:27:06.061 I/sysui_multi_action( 1811): [757,126,758,1,759,126,927,0,928,0,1593,0]
09-22 22:27:06.061 I/sysui_multi_action( 1811): [757,113,758,1,759,113,927,1,928,1,1593,0]
09-22 22:27:06.061 I/sysui_multi_action( 1811): [757,0,758,1,759,0,927,2,928,0,1593,0]
09-22 22:27:06.061 I/sysui_multi_action( 1811): [757,0,758,1,759,0,927,3,928,0,1593,0]
09-22 22:27:06.061 I/sysui_multi_action( 1811): [757,1706,758,1,759,1706,927,4,928,0,1593,0]
09-22 22:27:06.062 I/sysui_multi_action( 1811): [757,491,758,1,759,491,927,5,928,0,1311,-1,1593,0]
09-22 22:27:06.062 I/sysui_multi_action( 1811): [757,0,758,1,759,0,927,6,928,0,1593,0]
09-22 22:27:06.062 I/sysui_multi_action( 1811): [757,111,758,1]
09-22 22:27:06.062 I/sysui_multi_action( 1811): [757,126,758,1,759,126,927,0,928,0,1593,0]
09-22 22:27:06.062 I/sysui_multi_action( 1811): [757,113,758,1,759,113,927,1,928,1,1593,0]
09-22 22:27:06.062 I/sysui_multi_action( 1811): [757,0,758,1,759,0,927,2,928,0,1593,0]
09-22 22:27:06.062 I/sysui_multi_action( 1811): [757,0,758,1,759,0,927,3,928,0,1593,0]
09-22 22:27:06.065 I/sysui_multi_action( 1496): [757,1501,758,1,793,13140,794,0,795,206,796,2048,806,com.android.systemui,857,updateNotification,858,3,947,0,1500,0,1688,1]
09-22 22:27:06.065 I/sysui_multi_action( 1496): [757,804,799,note_interruptive,801,0,802,1]
09-22 22:27:06.065 I/sysui_multi_action( 1496): [757,199,758,1,759,2,793,13140,794,0,795,206,796,2048,806,com.android.systemui,857,updateNotification,858,3,947,0,1500,0,1688,1]
09-22 22:27:06.066 I/notification_alert( 1496): [0|com.android.systemui|2048|null|10081,0,1,0]
09-22 22:27:06.079 I/sysui_multi_action( 1811): [757,111,758,2]
09-22 22:27:06.079 I/sysui_multi_action( 1811): [757,111,758,2]
09-22 22:27:06.079 I/notification_enqueue( 1496): [10081,1811,com.android.systemui,2048,NULL,0,Notification(channel=updateNotification shortcut=null contentView=null vibrate=null sound=null defaults=0x0 flags=0x0 color=0x00000000 vis=PRIVATE),1]
09-22 22:27:06.084 I/sysui_multi_action( 1811): [757,111,758,1]
09-22 22:27:06.084 I/sysui_multi_action( 1811): [757,126,758,1,759,126,927,0,928,0,1593,0]
09-22 22:27:06.085 I/sysui_multi_action( 1811): [757,113,758,1,759,113,927,1,928,1,1593,0]
09-22 22:27:06.085 I/sysui_multi_action( 1811): [757,0,758,1,759,0,927,2,928,0,1593,0]
