09-23 01:18:50.682 I/am_wtf ( 1489): [0,1489,system_server,-1,DisplayDeviceConfig,requesting nits when no mapping exists.]
09-23 01:18:50.698 I/am_wtf ( 1489): [0,1489,system_server,-1,DisplayDeviceConfig,requesting nits when no mapping exists.]
09-23 01:18:50.699 I/am_wtf ( 1489): [0,1489,system_server,-1,DisplayDeviceConfig,requesting nits when no mapping exists.]
09-23 01:18:50.715 I/am_wtf ( 1489): [0,1489,system_server,-1,DisplayDeviceConfig,requesting nits when no mapping exists.]
09-23 01:18:50.716 I/am_wtf ( 1489): [0,1489,system_server,-1,DisplayDeviceConfig,requesting nits when no mapping exists.]
09-23 01:18:50.735 I/am_wtf ( 1489): [0,1489,system_server,-1,DisplayDeviceConfig,requesting nits when no mapping exists.]
09-23 01:18:50.736 I/am_wtf ( 1489): [0,1489,system_server,-1,DisplayDeviceConfig,requesting nits when no mapping exists.]
09-23 01:18:50.748 I/am_wtf ( 1489): [0,1489,system_server,-1,DisplayDeviceConfig,requesting nits when no mapping exists.]
09-23 01:18:50.752 I/am_wtf ( 1489): [0,1489,system_server,-1,DisplayDeviceConfig,requesting nits when no mapping exists.]
09-23 01:18:50.765 I/am_wtf ( 1489): [0,1489,system_server,-1,DisplayDeviceConfig,requesting nits when no mapping exists.]
09-23 01:18:50.768 I/am_wtf ( 1489): [0,1489,system_server,-1,DisplayDeviceConfig,requesting nits when no mapping exists.]
09-23 01:18:50.784 I/am_wtf ( 1489): [0,1489,system_server,-1,DisplayDeviceConfig,requesting nits when no mapping exists.]
09-23 01:18:50.785 I/am_wtf ( 1489): [0,1489,system_server,-1,DisplayDeviceConfig,requesting nits when no mapping exists.]
09-23 01:18:50.801 I/am_wtf ( 1489): [0,1489,system_server,-1,DisplayDeviceConfig,requesting nits when no mapping exists.]
09-23 01:18:50.801 I/am_wtf ( 1489): [0,1489,system_server,-1,DisplayDeviceConfig,requesting nits when no mapping exists.]
09-23 01:18:50.819 I/am_wtf ( 1489): [0,1489,system_server,-1,DisplayDeviceConfig,requesting nits when no mapping exists.]
09-23 01:18:50.819 I/am_wtf ( 1489): [0,1489,system_server,-1,DisplayDeviceConfig,requesting nits when no mapping exists.]
09-23 01:18:50.832 I/am_wtf ( 1489): [0,1489,system_server,-1,DisplayDeviceConfig,requesting nits when no mapping exists.]
09-23 01:18:50.836 I/am_wtf ( 1489): [0,1489,system_server,-1,DisplayDeviceConfig,requesting nits when no mapping exists.]
09-23 01:18:50.852 I/am_wtf ( 1489): [0,1489,system_server,-1,DisplayDeviceConfig,requesting nits when no mapping exists.]
09-23 01:18:50.853 I/am_wtf ( 1489): [0,1489,system_server,-1,DisplayDeviceConfig,requesting nits when no mapping exists.]
09-23 01:18:50.866 I/am_wtf ( 1489): [0,1489,system_server,-1,DisplayDeviceConfig,requesting nits when no mapping exists.]
09-23 01:18:50.867 I/am_wtf ( 1489): [0,1489,system_server,-1,DisplayDeviceConfig,requesting nits when no mapping exists.]
09-23 01:18:50.882 I/am_wtf ( 1489): [0,1489,system_server,-1,DisplayDeviceConfig,requesting nits when no mapping exists.]
09-23 01:18:50.883 I/am_wtf ( 1489): [0,1489,system_server,-1,DisplayDeviceConfig,requesting nits when no mapping exists.]
09-23 01:18:50.898 I/am_wtf ( 1489): [0,1489,system_server,-1,DisplayDeviceConfig,requesting nits when no mapping exists.]
09-23 01:18:50.899 I/am_wtf ( 1489): [0,1489,system_server,-1,DisplayDeviceConfig,requesting nits when no mapping exists.]
09-23 01:18:50.915 I/am_wtf ( 1489): [0,1489,system_server,-1,DisplayDeviceConfig,requesting nits when no mapping exists.]
09-23 01:18:50.916 I/service_manager_stats( 1489): [100,65,129089]
09-23 01:18:50.916 I/am_wtf ( 1489): [0,1489,system_server,-1,DisplayDeviceConfig,requesting nits when no mapping exists.]
09-23 01:18:50.931 I/am_wtf ( 1489): [0,1489,system_server,-1,DisplayDeviceConfig,requesting nits when no mapping exists.]
09-23 01:18:50.932 I/am_wtf ( 1489): [0,1489,system_server,-1,DisplayDeviceConfig,requesting nits when no mapping exists.]
09-23 01:18:50.949 I/am_wtf ( 1489): [0,1489,system_server,-1,DisplayDeviceConfig,requesting nits when no mapping exists.]
09-23 01:18:50.954 I/am_wtf ( 1489): [0,1489,system_server,-1,DisplayDeviceConfig,requesting nits when no mapping exists.]
09-23 01:18:50.970 I/am_wtf ( 1489): [0,1489,system_server,-1,DisplayDeviceConfig,requesting nits when no mapping exists.]
09-23 01:18:50.971 I/am_wtf ( 1489): [0,1489,system_server,-1,DisplayDeviceConfig,requesting nits when no mapping exists.]
09-23 01:18:50.981 I/am_wtf ( 1489): [0,1489,system_server,-1,DisplayDeviceConfig,requesting nits when no mapping exists.]
09-23 01:18:50.982 I/am_wtf ( 1489): [0,1489,system_server,-1,DisplayDeviceConfig,requesting nits when no mapping exists.]
09-23 01:18:50.998 I/am_wtf ( 1489): [0,1489,system_server,-1,DisplayDeviceConfig,requesting nits when no mapping exists.]
09-23 01:18:50.999 I/am_wtf ( 1489): [0,1489,system_server,-1,DisplayDeviceConfig,requesting nits when no mapping exists.]
09-23 01:18:51.015 I/am_wtf ( 1489): [0,1489,system_server,-1,DisplayDeviceConfig,requesting nits when no mapping exists.]
09-23 01:18:51.016 I/am_wtf ( 1489): [0,1489,system_server,-1,DisplayDeviceConfig,requesting nits when no mapping exists.]
09-23 01:18:51.032 I/am_wtf ( 1489): [0,1489,system_server,-1,DisplayDeviceConfig,requesting nits when no mapping exists.]
09-23 01:18:51.033 I/am_wtf ( 1489): [0,1489,system_server,-1,DisplayDeviceConfig,requesting nits when no mapping exists.]
09-23 01:18:51.049 I/am_wtf ( 1489): [0,1489,system_server,-1,DisplayDeviceConfig,requesting nits when no mapping exists.]
09-23 01:18:51.050 I/am_wtf ( 1489): [0,1489,system_server,-1,DisplayDeviceConfig,requesting nits when no mapping exists.]
09-23 01:18:51.065 I/am_wtf ( 1489): [0,1489,system_server,-1,DisplayDeviceConfig,requesting nits when no mapping exists.]
09-23 01:18:51.066 I/am_wtf ( 1489): [0,1489,system_server,-1,DisplayDeviceConfig,requesting nits when no mapping exists.]
09-23 01:18:51.085 I/am_wtf ( 1489): [0,1489,system_server,-1,DisplayDeviceConfig,requesting nits when no mapping exists.]
09-23 01:18:51.085 I/am_wtf ( 1489): [0,1489,system_server,-1,DisplayDeviceConfig,requesting nits when no mapping exists.]
09-23 01:18:51.099 I/am_wtf ( 1489): [0,1489,system_server,-1,DisplayDeviceConfig,requesting nits when no mapping exists.]
09-23 01:18:51.100 I/am_wtf ( 1489): [0,1489,system_server,-1,DisplayDeviceConfig,requesting nits when no mapping exists.]
09-23 01:18:51.116 I/am_wtf ( 1489): [0,1489,system_server,-1,DisplayDeviceConfig,requesting nits when no mapping exists.]
09-23 01:18:51.116 I/am_wtf ( 1489): [0,1489,system_server,-1,DisplayDeviceConfig,requesting nits when no mapping exists.]
09-23 01:18:51.134 I/am_wtf ( 1489): [0,1489,system_server,-1,DisplayDeviceConfig,requesting nits when no mapping exists.]
09-23 01:18:51.135 I/am_wtf ( 1489): [0,1489,system_server,-1,DisplayDeviceConfig,requesting nits when no mapping exists.]
09-23 01:18:51.149 I/am_wtf ( 1489): [0,1489,system_server,-1,DisplayDeviceConfig,requesting nits when no mapping exists.]
09-23 01:18:51.149 I/am_wtf ( 1489): [0,1489,system_server,-1,DisplayDeviceConfig,requesting nits when no mapping exists.]
09-23 01:18:51.165 I/am_wtf ( 1489): [0,1489,system_server,-1,DisplayDeviceConfig,requesting nits when no mapping exists.]
09-23 01:18:51.166 I/am_wtf ( 1489): [0,1489,system_server,-1,DisplayDeviceConfig,requesting nits when no mapping exists.]
09-23 01:18:51.182 I/am_wtf ( 1489): [0,1489,system_server,-1,DisplayDeviceConfig,requesting nits when no mapping exists.]
09-23 01:18:51.183 I/am_wtf ( 1489): [0,1489,system_server,-1,DisplayDeviceConfig,requesting nits when no mapping exists.]
09-23 01:18:51.199 I/am_wtf ( 1489): [0,1489,system_server,-1,DisplayDeviceConfig,requesting nits when no mapping exists.]
09-23 01:18:51.200 I/am_wtf ( 1489): [0,1489,system_server,-1,DisplayDeviceConfig,requesting nits when no mapping exists.]
09-23 01:18:51.221 I/am_wtf ( 1489): [0,1489,system_server,-1,DisplayDeviceConfig,requesting nits when no mapping exists.]
09-23 01:18:51.223 I/am_wtf ( 1489): [0,1489,system_server,-1,DisplayDeviceConfig,requesting nits when no mapping exists.]
09-23 01:18:51.238 I/am_wtf ( 1489): [0,1489,system_server,-1,DisplayDeviceConfig,requesting nits when no mapping exists.]
09-23 01:18:51.239 I/am_wtf ( 1489): [0,1489,system_server,-1,DisplayDeviceConfig,requesting nits when no mapping exists.]
09-23 01:18:51.248 I/am_wtf ( 1489): [0,1489,system_server,-1,DisplayDeviceConfig,requesting nits when no mapping exists.]
09-23 01:18:51.252 I/am_wtf ( 1489): [0,1489,system_server,-1,DisplayDeviceConfig,requesting nits when no mapping exists.]
09-23 01:18:51.270 I/am_wtf ( 1489): [0,1489,system_server,-1,DisplayDeviceConfig,requesting nits when no mapping exists.]
09-23 01:18:51.271 I/am_wtf ( 1489): [0,1489,system_server,-1,DisplayDeviceConfig,requesting nits when no mapping exists.]
09-23 01:18:51.282 I/am_wtf ( 1489): [0,1489,system_server,-1,DisplayDeviceConfig,requesting nits when no mapping exists.]
09-23 01:18:51.286 I/am_wtf ( 1489): [0,1489,system_server,-1,DisplayDeviceConfig,requesting nits when no mapping exists.]
09-23 01:18:51.299 I/am_wtf ( 1489): [0,1489,system_server,-1,DisplayDeviceConfig,requesting nits when no mapping exists.]
09-23 01:18:51.300 I/am_wtf ( 1489): [0,1489,system_server,-1,DisplayDeviceConfig,requesting nits when no mapping exists.]
09-23 01:18:51.320 I/am_wtf ( 1489): [0,1489,system_server,-1,DisplayDeviceConfig,requesting nits when no mapping exists.]
09-23 01:18:51.321 I/am_wtf ( 1489): [0,1489,system_server,-1,DisplayDeviceConfig,requesting nits when no mapping exists.]
09-23 01:18:51.333 I/am_wtf ( 1489): [0,1489,system_server,-1,DisplayDeviceConfig,requesting nits when no mapping exists.]
09-23 01:18:51.333 I/am_wtf ( 1489): [0,1489,system_server,-1,DisplayDeviceConfig,requesting nits when no mapping exists.]
09-23 01:18:51.354 I/am_wtf ( 1489): [0,1489,system_server,-1,DisplayDeviceConfig,requesting nits when no mapping exists.]
09-23 01:18:51.357 I/am_wtf ( 1489): [0,1489,system_server,-1,DisplayDeviceConfig,requesting nits when no mapping exists.]
09-23 01:18:51.368 I/am_wtf ( 1489): [0,1489,system_server,-1,DisplayDeviceConfig,requesting nits when no mapping exists.]
09-23 01:18:51.369 I/am_wtf ( 1489): [0,1489,system_server,-1,DisplayDeviceConfig,requesting nits when no mapping exists.]
09-23 01:18:51.386 I/am_wtf ( 1489): [0,1489,system_server,-1,DisplayDeviceConfig,requesting nits when no mapping exists.]
09-23 01:18:51.386 I/am_wtf ( 1489): [0,1489,system_server,-1,DisplayDeviceConfig,requesting nits when no mapping exists.]
09-23 01:18:51.399 I/am_wtf ( 1489): [0,1489,system_server,-1,DisplayDeviceConfig,requesting nits when no mapping exists.]
09-23 01:18:51.400 I/am_wtf ( 1489): [0,1489,system_server,-1,DisplayDeviceConfig,requesting nits when no mapping exists.]
09-23 01:18:51.416 I/am_wtf ( 1489): [0,1489,system_server,-1,DisplayDeviceConfig,requesting nits when no mapping exists.]
09-23 01:18:51.417 I/am_wtf ( 1489): [0,1489,system_server,-1,DisplayDeviceConfig,requesting nits when no mapping exists.]
09-23 01:18:54.803 I/auditd ( 3555): type=1400 audit(0.0:37931): avc: denied { read } for comm="NativeThread" name="unix" dev="proc" ino=4026532289 scontext=u:r:untrusted_app_27:s0:c512,c768 tcontext=u:object_r:proc_net:s0 tclass=file permissive=0 app=com.alibaba.android.rimet
09-23 01:18:55.151 I/auditd ( 3555): type=1400 audit(0.0:37932): avc: denied { read } for comm="NativeThread" name="unix" dev="proc" ino=4026532289 scontext=u:r:untrusted_app_27:s0:c512,c768 tcontext=u:object_r:proc_net:s0 tclass=file permissive=0 app=com.alibaba.android.rimet
09-23 01:18:55.551 I/auditd ( 3555): type=1400 audit(0.0:37933): avc: denied { read } for comm="NativeThread" name="unix" dev="proc" ino=4026532289 scontext=u:r:untrusted_app_27:s0:c512,c768 tcontext=u:object_r:proc_net:s0 tclass=file permissive=0 app=com.alibaba.android.rimet
09-23 01:18:55.555 I/auditd ( 3555): type=1400 audit(0.0:37934): avc: denied { read } for comm="NativeThread" name="version" dev="proc" ino=4026532265 scontext=u:r:untrusted_app_27:s0:c512,c768 tcontext=u:object_r:proc_version:s0 tclass=file permissive=0 app=com.alibaba.android.rimet
09-23 01:18:55.559 I/auditd ( 3555): type=1400 audit(0.0:37935): avc: denied { ioctl } for comm="NativeThread" path="socket:[555879]" dev="sockfs" ino=555879 ioctlcmd=0x8927 scontext=u:r:untrusted_app_27:s0:c512,c768 tcontext=u:r:untrusted_app_27:s0:c512,c768 tclass=udp_socket permissive=0 app=com.alibaba.android.rimet
09-23 01:18:55.899 I/auditd ( 3555): type=1400 audit(0.0:37949): avc: denied { read } for comm="NativeThread" name="unix" dev="proc" ino=4026532289 scontext=u:r:untrusted_app_27:s0:c512,c768 tcontext=u:object_r:proc_net:s0 tclass=file permissive=0 app=com.alibaba.android.rimet
09-23 01:18:56.075 I/auditd ( 3707): type=1400 audit(0.0:37950): avc: denied { read } for comm=5468726561642D32202D2031333733 name="tcp" dev="proc" ino=4026532283 scontext=u:r:untrusted_app_29:s0:c108,c256,c512,c768 tcontext=u:object_r:proc_net_tcp_udp:s0 tclass=file permissive=0 app=com.smile.gifmaker
09-23 01:18:58.099 I/sysui_multi_action( 1489): [757,222,758,1]
09-23 01:18:58.110 I/wm_task_created( 1489): [142,-1]
09-23 01:18:58.114 I/wm_task_moved( 1489): [142,1,7]
09-23 01:18:58.114 I/wm_task_to_front( 1489): [0,142]
09-23 01:18:58.114 I/wm_create_task( 1489): [0,142]
09-23 01:18:58.114 I/wm_create_activity( 1489): [0,58555493,142,com.android.deskclock/android.service.dreams.DreamActivity,NULL,NULL,NULL,276824064]
09-23 01:18:58.114 I/wm_task_moved( 1489): [142,1,7]
09-23 01:18:58.114 I/wm_on_top_resumed_lost_called( 2232): [15010957,com.android.settings.Settings,topStateChangedWhenResumed]
09-23 01:18:58.115 I/wm_pause_activity( 1489): [0,15010957,com.android.settings/.Settings,userLeaving=true,pauseBackTasks]
09-23 01:18:58.125 I/sysui_multi_action( 2232): [757,35,758,2,1089,60573]
09-23 01:18:58.125 I/sysui_multi_action( 2232): [757,1018,758,2,1089,60573]
09-23 01:18:58.126 I/wm_on_paused_called( 2232): [15010957,com.android.settings.Settings,performPause]
09-23 01:18:58.128 I/wm_add_to_stopping( 1489): [0,15010957,com.android.settings/.Settings,makeInvisible]
09-23 01:18:58.129 I/wm_restart_activity( 1489): [0,58555493,142,com.android.deskclock/android.service.dreams.DreamActivity]
09-23 01:18:58.131 I/wm_set_resumed_activity( 1489): [0,com.android.deskclock/android.service.dreams.DreamActivity,minimalResumeActivityLocked]
09-23 01:18:58.136 I/sysui_multi_action( 1489): [757,803,799,window_time_0,802,61]
09-23 01:18:58.144 I/wm_on_create_called( 2535): [58555493,android.service.dreams.DreamActivity,performCreate]
09-23 01:18:58.144 I/wm_on_start_called( 2535): [58555493,android.service.dreams.DreamActivity,handleStartActivity]
09-23 01:18:58.145 I/wm_on_resume_called( 2535): [58555493,android.service.dreams.DreamActivity,RESUME_ACTIVITY]
09-23 01:18:58.148 I/input_focus( 1489): [Focus leaving 456c4b5 com.android.settings/com.android.settings.Settings (server),reason=NO_WINDOW]
09-23 01:18:58.151 I/wm_on_top_resumed_gained_called( 2535): [58555493,android.service.dreams.DreamActivity,topStateChangedWhenResumed]
09-23 01:18:58.165 I/input_focus( 1489): [Focus request 2ce79e1 com.android.deskclock/android.service.dreams.DreamActivity,reason=UpdateInputWindows]
09-23 01:18:58.170 I/sysui_multi_action( 1834): [757,111,758,2]
09-23 01:18:58.170 I/sysui_multi_action( 1834): [757,111,758,2]
09-23 01:18:58.171 I/notification_enqueue( 1489): [10081,1834,com.android.systemui,2048,NULL,0,Notification(channel=updateNotification shortcut=null contentView=null vibrate=null sound=null defaults=0x0 flags=0x0 color=0x00000000 vis=PRIVATE),1]
09-23 01:18:58.188 I/sysui_multi_action( 1834): [757,111,758,1]
09-23 01:18:58.188 I/sysui_multi_action( 1489): [319,73,322,68,325,10345,757,761,758,8,759,2,806,com.android.deskclock,871,android.service.dreams.DreamActivity,904,com.android.deskclock,905,0,1320,4,1321,1]
09-23 01:18:58.188 I/sysui_multi_action( 1834): [757,126,758,1,759,126,927,0,928,1,1593,0]
09-23 01:18:58.188 I/sysui_multi_action( 1834): [757,113,758,1,759,113,927,1,928,1,1593,0]
09-23 01:18:58.188 I/sysui_multi_action( 1834): [757,0,758,1,759,0,927,2,928,0,1593,0]
09-23 01:18:58.189 I/sysui_multi_action( 1834): [757,0,758,1,759,0,927,3,928,0,1593,0]
09-23 01:18:58.189 I/sysui_multi_action( 1834): [757,1706,758,1,759,1706,927,4,928,0,1593,0]
09-23 01:18:58.189 I/sysui_multi_action( 1834): [757,491,758,1,759,491,927,5,928,0,1311,-1,1593,0]
09-23 01:18:58.189 I/sysui_multi_action( 1834): [757,0,758,1,759,0,927,6,928,0,1593,0]
09-23 01:18:58.189 I/sysui_multi_action( 1834): [757,114,758,1,759,114,927,7,928,0,1593,0]
09-23 01:18:58.189 I/sysui_multi_action( 1834): [757,111,758,1]
09-23 01:18:58.189 I/sysui_multi_action( 1834): [757,126,758,1,759,126,927,0,928,1,1593,0]
09-23 01:18:58.189 I/sysui_multi_action( 1834): [757,113,758,1,759,113,927,1,928,1,1593,0]
09-23 01:18:58.189 I/sysui_multi_action( 1834): [757,0,758,1,759,0,927,2,928,0,1593,0]
09-23 01:18:58.189 I/sysui_multi_action( 1834): [757,0,758,1,759,0,927,3,928,0,1593,0]
09-23 01:18:58.190 I/sysui_multi_action( 1489): [757,1696,758,6,759,3]
09-23 01:18:58.193 I/wm_activity_launch_time( 1489): [0,58555493,com.android.deskclock/android.service.dreams.DreamActivity,68]
09-23 01:18:58.199 I/am_wtf ( 1489): [0,1489,system_server,-1,DisplayDeviceConfig,requesting nits when no mapping exists.]
09-23 01:18:58.199 I/am_wtf ( 1489): [0,1489,system_server,-1,DisplayDeviceConfig,requesting nits when no mapping exists.]
09-23 01:18:58.199 I/input_focus( 1489): [Focus entering 2ce79e1 com.android.deskclock/android.service.dreams.DreamActivity (server),reason=Window became focusable. Previous reason: NOT_VISIBLE]
09-23 01:18:58.220 I/am_wtf ( 1489): [0,1489,system_server,-1,DisplayDeviceConfig,requesting nits when no mapping exists.]
09-23 01:18:58.221 I/am_wtf ( 1489): [0,1489,system_server,-1,DisplayDeviceConfig,requesting nits when no mapping exists.]
09-23 01:18:58.232 I/am_wtf ( 1489): [0,1489,system_server,-1,DisplayDeviceConfig,requesting nits when no mapping exists.]
09-23 01:18:58.236 I/am_wtf ( 1489): [0,1489,system_server,-1,DisplayDeviceConfig,requesting nits when no mapping exists.]
09-23 01:18:58.248 I/am_wtf ( 1489): [0,1489,system_server,-1,DisplayDeviceConfig,requesting nits when no mapping exists.]
09-23 01:18:58.249 I/am_wtf ( 1489): [0,1489,system_server,-1,DisplayDeviceConfig,requesting nits when no mapping exists.]
09-23 01:18:58.270 I/am_wtf ( 1489): [0,1489,system_server,-1,DisplayDeviceConfig,requesting nits when no mapping exists.]
09-23 01:18:58.271 I/am_wtf ( 1489): [0,1489,system_server,-1,DisplayDeviceConfig,requesting nits when no mapping exists.]
09-23 01:18:58.282 I/am_wtf ( 1489): [0,1489,system_server,-1,DisplayDeviceConfig,requesting nits when no mapping exists.]
09-23 01:18:58.283 I/am_wtf ( 1489): [0,1489,system_server,-1,DisplayDeviceConfig,requesting nits when no mapping exists.]
09-23 01:18:58.298 I/am_wtf ( 1489): [0,1489,system_server,-1,DisplayDeviceConfig,requesting nits when no mapping exists.]
09-23 01:18:58.299 I/am_wtf ( 1489): [0,1489,system_server,-1,DisplayDeviceConfig,requesting nits when no mapping exists.]
09-23 01:18:58.323 I/am_wtf ( 1489): [0,1489,system_server,-1,DisplayDeviceConfig,requesting nits when no mapping exists.]
09-23 01:18:58.323 I/am_wtf ( 1489): [0,1489,system_server,-1,DisplayDeviceConfig,requesting nits when no mapping exists.]
09-23 01:18:58.335 I/am_wtf ( 1489): [0,1489,system_server,-1,DisplayDeviceConfig,requesting nits when no mapping exists.]
09-23 01:18:58.336 I/am_wtf ( 1489): [0,1489,system_server,-1,DisplayDeviceConfig,requesting nits when no mapping exists.]
09-23 01:18:58.348 I/am_wtf ( 1489): [0,1489,system_server,-1,DisplayDeviceConfig,requesting nits when no mapping exists.]
09-23 01:18:58.350 I/am_wtf ( 1489): [0,1489,system_server,-1,DisplayDeviceConfig,requesting nits when no mapping exists.]
09-23 01:18:58.366 I/am_wtf ( 1489): [0,1489,system_server,-1,DisplayDeviceConfig,requesting nits when no mapping exists.]
09-23 01:18:58.368 I/am_wtf ( 1489): [0,1489,system_server,-1,DisplayDeviceConfig,requesting nits when no mapping exists.]
09-23 01:18:58.373 I/sysui_multi_action( 1489): [757,1501,758,1,793,10325629,794,0,795,205,796,2048,806,com.android.systemui,857,updateNotification,858,3,947,0,1500,0,1688,1]
09-23 01:18:58.373 I/sysui_multi_action( 1489): [757,804,799,note_interruptive,801,0,802,1]
09-23 01:18:58.373 I/sysui_multi_action( 1489): [757,199,758,1,759,2,793,10325629,794,0,795,205,796,2048,806,com.android.systemui,857,updateNotification,858,3,947,0,1500,0,1688,1]
09-23 01:18:58.374 I/notification_alert( 1489): [0|com.android.systemui|2048|null|10081,0,1,0]
09-23 01:18:58.385 I/am_wtf ( 1489): [0,1489,system_server,-1,DisplayDeviceConfig,requesting nits when no mapping exists.]
09-23 01:18:58.387 I/am_wtf ( 1489): [0,1489,system_server,-1,DisplayDeviceConfig,requesting nits when no mapping exists.]
09-23 01:18:58.399 I/am_wtf ( 1489): [0,1489,system_server,-1,DisplayDeviceConfig,requesting nits when no mapping exists.]
09-23 01:18:58.401 I/am_wtf ( 1489): [0,1489,system_server,-1,DisplayDeviceConfig,requesting nits when no mapping exists.]
09-23 01:18:58.417 I/am_wtf ( 1489): [0,1489,system_server,-1,DisplayDeviceConfig,requesting nits when no mapping exists.]
09-23 01:18:58.417 I/am_wtf ( 1489): [0,1489,system_server,-1,DisplayDeviceConfig,requesting nits when no mapping exists.]
09-23 01:18:58.434 I/am_wtf ( 1489): [0,1489,system_server,-1,DisplayDeviceConfig,requesting nits when no mapping exists.]
09-23 01:18:58.435 I/am_wtf ( 1489): [0,1489,system_server,-1,DisplayDeviceConfig,requesting nits when no mapping exists.]
09-23 01:18:58.453 I/am_wtf ( 1489): [0,1489,system_server,-1,DisplayDeviceConfig,requesting nits when no mapping exists.]
09-23 01:18:58.454 I/am_wtf ( 1489): [0,1489,system_server,-1,DisplayDeviceConfig,requesting nits when no mapping exists.]
09-23 01:18:58.467 I/am_wtf ( 1489): [0,1489,system_server,-1,DisplayDeviceConfig,requesting nits when no mapping exists.]
09-23 01:18:58.473 I/am_wtf ( 1489): [0,1489,system_server,-1,DisplayDeviceConfig,requesting nits when no mapping exists.]
09-23 01:18:58.483 I/am_wtf ( 1489): [0,1489,system_server,-1,DisplayDeviceConfig,requesting nits when no mapping exists.]
09-23 01:18:58.489 I/am_wtf ( 1489): [0,1489,system_server,-1,DisplayDeviceConfig,requesting nits when no mapping exists.]
09-23 01:18:58.501 I/am_wtf ( 1489): [0,1489,system_server,-1,DisplayDeviceConfig,requesting nits when no mapping exists.]
09-23 01:18:58.502 I/am_wtf ( 1489): [0,1489,system_server,-1,DisplayDeviceConfig,requesting nits when no mapping exists.]
09-23 01:18:58.517 I/am_wtf ( 1489): [0,1489,system_server,-1,DisplayDeviceConfig,requesting nits when no mapping exists.]
09-23 01:18:58.518 I/service_manager_stats( 1489): [100,79,7603]
09-23 01:18:58.519 I/am_wtf ( 1489): [0,1489,system_server,-1,DisplayDeviceConfig,requesting nits when no mapping exists.]
09-23 01:18:58.534 I/am_wtf ( 1489): [0,1489,system_server,-1,DisplayDeviceConfig,requesting nits when no mapping exists.]
09-23 01:18:58.534 I/am_wtf ( 1489): [0,1489,system_server,-1,DisplayDeviceConfig,requesting nits when no mapping exists.]
09-23 01:18:58.550 I/am_wtf ( 1489): [0,1489,system_server,-1,DisplayDeviceConfig,requesting nits when no mapping exists.]
09-23 01:18:58.551 I/am_wtf ( 1489): [0,1489,system_server,-1,DisplayDeviceConfig,requesting nits when no mapping exists.]
09-23 01:18:58.568 I/am_wtf ( 1489): [0,1489,system_server,-1,DisplayDeviceConfig,requesting nits when no mapping exists.]
09-23 01:18:58.569 I/am_wtf ( 1489): [0,1489,system_server,-1,DisplayDeviceConfig,requesting nits when no mapping exists.]
09-23 01:18:58.585 I/am_wtf ( 1489): [0,1489,system_server,-1,DisplayDeviceConfig,requesting nits when no mapping exists.]
09-23 01:18:58.589 I/am_wtf ( 1489): [0,1489,system_server,-1,DisplayDeviceConfig,requesting nits when no mapping exists.]
09-23 01:18:58.599 I/am_wtf ( 1489): [0,1489,system_server,-1,DisplayDeviceConfig,requesting nits when no mapping exists.]
09-23 01:18:58.604 I/am_wtf ( 1489): [0,1489,system_server,-1,DisplayDeviceConfig,requesting nits when no mapping exists.]
09-23 01:18:58.618 I/am_wtf ( 1489): [0,1489,system_server,-1,DisplayDeviceConfig,requesting nits when no mapping exists.]
09-23 01:18:58.619 I/am_wtf ( 1489): [0,1489,system_server,-1,DisplayDeviceConfig,requesting nits when no mapping exists.]
09-23 01:18:58.637 I/am_wtf ( 1489): [0,1489,system_server,-1,DisplayDeviceConfig,requesting nits when no mapping exists.]
09-23 01:18:58.638 I/am_wtf ( 1489): [0,1489,system_server,-1,DisplayDeviceConfig,requesting nits when no mapping exists.]
09-23 01:18:58.656 I/am_wtf ( 1489): [0,1489,system_server,-1,DisplayDeviceConfig,requesting nits when no mapping exists.]
09-23 01:18:58.657 I/am_wtf ( 1489): [0,1489,system_server,-1,DisplayDeviceConfig,requesting nits when no mapping exists.]
09-23 01:18:58.667 I/am_wtf ( 1489): [0,1489,system_server,-1,DisplayDeviceConfig,requesting nits when no mapping exists.]
09-23 01:18:58.668 I/am_wtf ( 1489): [0,1489,system_server,-1,DisplayDeviceConfig,requesting nits when no mapping exists.]
09-23 01:18:58.685 I/am_wtf ( 1489): [0,1489,system_server,-1,DisplayDeviceConfig,requesting nits when no mapping exists.]
09-23 01:18:58.687 I/am_wtf ( 1489): [0,1489,system_server,-1,DisplayDeviceConfig,requesting nits when no mapping exists.]
09-23 01:18:58.688 I/wm_stop_activity( 1489): [0,15010957,com.android.settings/.Settings]
09-23 01:18:58.702 I/am_wtf ( 1489): [0,1489,system_server,-1,DisplayDeviceConfig,requesting nits when no mapping exists.]
09-23 01:18:58.703 I/am_wtf ( 1489): [0,1489,system_server,-1,DisplayDeviceConfig,requesting nits when no mapping exists.]
09-23 01:18:58.718 I/am_wtf ( 1489): [0,1489,system_server,-1,DisplayDeviceConfig,requesting nits when no mapping exists.]
09-23 01:18:58.719 I/am_wtf ( 1489): [0,1489,system_server,-1,DisplayDeviceConfig,requesting nits when no mapping exists.]
09-23 01:18:58.727 I/wm_on_stop_called( 2232): [15010957,com.android.settings.Settings,STOP_ACTIVITY_ITEM]
09-23 01:18:58.738 I/am_wtf ( 1489): [0,1489,system_server,-1,DisplayDeviceConfig,requesting nits when no mapping exists.]
09-23 01:18:58.738 I/am_wtf ( 1489): [0,1489,system_server,-1,DisplayDeviceConfig,requesting nits when no mapping exists.]
09-23 01:18:58.753 I/am_wtf ( 1489): [0,1489,system_server,-1,DisplayDeviceConfig,requesting nits when no mapping exists.]
09-23 01:18:58.753 I/am_wtf ( 1489): [0,1489,system_server,-1,DisplayDeviceConfig,requesting nits when no mapping exists.]
09-23 01:18:58.768 I/am_wtf ( 1489): [0,1489,system_server,-1,DisplayDeviceConfig,requesting nits when no mapping exists.]
09-23 01:18:58.769 I/am_wtf ( 1489): [0,1489,system_server,-1,DisplayDeviceConfig,requesting nits when no mapping exists.]
09-23 01:18:58.786 I/am_wtf ( 1489): [0,1489,system_server,-1,DisplayDeviceConfig,requesting nits when no mapping exists.]
09-23 01:18:58.787 I/am_wtf ( 1489): [0,1489,system_server,-1,DisplayDeviceConfig,requesting nits when no mapping exists.]
09-23 01:18:58.803 I/am_wtf ( 1489): [0,1489,system_server,-1,DisplayDeviceConfig,requesting nits when no mapping exists.]
09-23 01:18:58.804 I/am_wtf ( 1489): [0,1489,system_server,-1,DisplayDeviceConfig,requesting nits when no mapping exists.]
09-23 01:18:58.822 I/am_wtf ( 1489): [0,1489,system_server,-1,DisplayDeviceConfig,requesting nits when no mapping exists.]
09-23 01:18:58.822 I/am_wtf ( 1489): [0,1489,system_server,-1,DisplayDeviceConfig,requesting nits when no mapping exists.]
09-23 01:18:58.842 I/am_wtf ( 1489): [0,1489,system_server,-1,DisplayDeviceConfig,requesting nits when no mapping exists.]
09-23 01:18:58.843 I/am_wtf ( 1489): [0,1489,system_server,-1,DisplayDeviceConfig,requesting nits when no mapping exists.]
09-23 01:18:58.853 I/am_wtf ( 1489): [0,1489,system_server,-1,DisplayDeviceConfig,requesting nits when no mapping exists.]
09-23 01:18:58.854 I/am_wtf ( 1489): [0,1489,system_server,-1,DisplayDeviceConfig,requesting nits when no mapping exists.]
09-23 01:18:58.875 I/am_wtf ( 1489): [0,1489,system_server,-1,DisplayDeviceConfig,requesting nits when no mapping exists.]
09-23 01:18:58.876 I/am_wtf ( 1489): [0,1489,system_server,-1,DisplayDeviceConfig,requesting nits when no mapping exists.]
09-23 01:18:58.888 I/am_wtf ( 1489): [0,1489,system_server,-1,DisplayDeviceConfig,requesting nits when no mapping exists.]
09-23 01:18:58.888 I/am_wtf ( 1489): [0,1489,system_server,-1,DisplayDeviceConfig,requesting nits when no mapping exists.]
09-23 01:18:58.904 I/am_wtf ( 1489): [0,1489,system_server,-1,DisplayDeviceConfig,requesting nits when no mapping exists.]
09-23 01:18:58.905 I/am_wtf ( 1489): [0,1489,system_server,-1,DisplayDeviceConfig,requesting nits when no mapping exists.]
09-23 01:18:58.922 I/am_wtf ( 1489): [0,1489,system_server,-1,DisplayDeviceConfig,requesting nits when no mapping exists.]
09-23 01:18:58.923 I/am_wtf ( 1489): [0,1489,system_server,-1,DisplayDeviceConfig,requesting nits when no mapping exists.]
09-23 01:18:58.923 I/auditd ( 4190): type=1400 audit(0.0:37951): avc: denied { read } for comm="pool-2-thread-6" name="tcp" dev="proc" ino=4026532283 scontext=u:r:untrusted_app_29:s0:c108,c256,c512,c768 tcontext=u:object_r:proc_net_tcp_udp:s0 tclass=file permissive=0 app=com.smile.gifmaker
09-23 01:18:58.938 I/am_wtf ( 1489): [0,1489,system_server,-1,DisplayDeviceConfig,requesting nits when no mapping exists.]
09-23 01:18:58.939 I/am_wtf ( 1489): [0,1489,system_server,-1,DisplayDeviceConfig,requesting nits when no mapping exists.]
09-23 01:18:58.954 I/am_wtf ( 1489): [0,1489,system_server,-1,DisplayDeviceConfig,requesting nits when no mapping exists.]
09-23 01:18:58.954 I/am_wtf ( 1489): [0,1489,system_server,-1,DisplayDeviceConfig,requesting nits when no mapping exists.]
09-23 01:18:58.970 I/am_wtf ( 1489): [0,1489,system_server,-1,DisplayDeviceConfig,requesting nits when no mapping exists.]
09-23 01:18:58.971 I/am_wtf ( 1489): [0,1489,system_server,-1,DisplayDeviceConfig,requesting nits when no mapping exists.]
09-23 01:18:58.990 I/am_wtf ( 1489): [0,1489,system_server,-1,DisplayDeviceConfig,requesting nits when no mapping exists.]
09-23 01:18:58.991 I/am_wtf ( 1489): [0,1489,system_server,-1,DisplayDeviceConfig,requesting nits when no mapping exists.]
09-23 01:18:59.004 I/am_wtf ( 1489): [0,1489,system_server,-1,DisplayDeviceConfig,requesting nits when no mapping exists.]
09-23 01:18:59.007 I/am_wtf ( 1489): [0,1489,system_server,-1,DisplayDeviceConfig,requesting nits when no mapping exists.]
09-23 01:18:59.021 I/am_wtf ( 1489): [0,1489,system_server,-1,DisplayDeviceConfig,requesting nits when no mapping exists.]
09-23 01:18:59.022 I/am_wtf ( 1489): [0,1489,system_server,-1,DisplayDeviceConfig,requesting nits when no mapping exists.]
09-23 01:18:59.037 I/am_wtf ( 1489): [0,1489,system_server,-1,DisplayDeviceConfig,requesting nits when no mapping exists.]
09-23 01:18:59.039 I/am_wtf ( 1489): [0,1489,system_server,-1,DisplayDeviceConfig,requesting nits when no mapping exists.]
09-23 01:18:59.055 I/am_wtf ( 1489): [0,1489,system_server,-1,DisplayDeviceConfig,requesting nits when no mapping exists.]
09-23 01:18:59.056 I/am_wtf ( 1489): [0,1489,system_server,-1,DisplayDeviceConfig,requesting nits when no mapping exists.]
09-23 01:18:59.072 I/am_wtf ( 1489): [0,1489,system_server,-1,DisplayDeviceConfig,requesting nits when no mapping exists.]
09-23 01:18:59.072 I/am_wtf ( 1489): [0,1489,system_server,-1,DisplayDeviceConfig,requesting nits when no mapping exists.]
09-23 01:18:59.085 I/am_wtf ( 1489): [0,1489,system_server,-1,DisplayDeviceConfig,requesting nits when no mapping exists.]
09-23 01:18:59.086 I/am_wtf ( 1489): [0,1489,system_server,-1,DisplayDeviceConfig,requesting nits when no mapping exists.]
09-23 01:18:59.102 I/am_wtf ( 1489): [0,1489,system_server,-1,DisplayDeviceConfig,requesting nits when no mapping exists.]
09-23 01:18:59.103 I/am_wtf ( 1489): [0,1489,system_server,-1,DisplayDeviceConfig,requesting nits when no mapping exists.]
09-23 01:18:59.118 I/am_wtf ( 1489): [0,1489,system_server,-1,DisplayDeviceConfig,requesting nits when no mapping exists.]
09-23 01:18:59.119 I/am_wtf ( 1489): [0,1489,system_server,-1,DisplayDeviceConfig,requesting nits when no mapping exists.]
09-23 01:18:59.137 I/am_wtf ( 1489): [0,1489,system_server,-1,DisplayDeviceConfig,requesting nits when no mapping exists.]
09-23 01:18:59.139 I/am_wtf ( 1489): [0,1489,system_server,-1,DisplayDeviceConfig,requesting nits when no mapping exists.]
09-23 01:18:59.153 I/am_wtf ( 1489): [0,1489,system_server,-1,DisplayDeviceConfig,requesting nits when no mapping exists.]
09-23 01:18:59.154 I/am_wtf ( 1489): [0,1489,system_server,-1,DisplayDeviceConfig,requesting nits when no mapping exists.]
09-23 01:19:00.575 I/auditd ( 3555): type=1400 audit(0.0:37952): avc: denied { read } for comm="NativeThread" name="unix" dev="proc" ino=4026532289 scontext=u:r:untrusted_app_27:s0:c512,c768 tcontext=u:object_r:proc_net:s0 tclass=file permissive=0 app=com.alibaba.android.rimet
09-23 01:19:01.119 I/auditd ( 3555): type=1400 audit(0.0:37953): avc: denied { read } for comm="NativeThread" name="unix" dev="proc" ino=4026532289 scontext=u:r:untrusted_app_27:s0:c512,c768 tcontext=u:object_r:proc_net:s0 tclass=file permissive=0 app=com.alibaba.android.rimet
09-23 01:19:01.643 I/auditd ( 3555): type=1400 audit(0.0:37954): avc: denied { read } for comm="NativeThread" name="unix" dev="proc" ino=4026532289 scontext=u:r:untrusted_app_27:s0:c512,c768 tcontext=u:object_r:proc_net:s0 tclass=file permissive=0 app=com.alibaba.android.rimet
09-23 01:19:01.655 I/auditd ( 3555): type=1400 audit(0.0:37955): avc: denied { read } for comm="NativeThread" name="version" dev="proc" ino=4026532265 scontext=u:r:untrusted_app_27:s0:c512,c768 tcontext=u:object_r:proc_version:s0 tclass=file permissive=0 app=com.alibaba.android.rimet
09-23 01:19:01.659 I/auditd ( 3555): type=1400 audit(0.0:37956): avc: denied { ioctl } for comm="NativeThread" path="socket:[559536]" dev="sockfs" ino=559536 ioctlcmd=0x8927 scontext=u:r:untrusted_app_27:s0:c512,c768 tcontext=u:r:untrusted_app_27:s0:c512,c768 tclass=udp_socket permissive=0 app=com.alibaba.android.rimet
09-23 01:19:01.659 I/auditd ( 3555): type=1400 audit(0.0:37957): avc: denied { ioctl } for comm="NativeThread" path="socket:[559536]" dev="sockfs" ino=559536 ioctlcmd=0x8927 scontext=u:r:untrusted_app_27:s0:c512,c768 tcontext=u:r:untrusted_app_27:s0:c512,c768 tclass=udp_socket permissive=0 app=com.alibaba.android.rimet
09-23 01:19:01.659 I/auditd ( 3555): type=1400 audit(0.0:37958): avc: denied { ioctl } for comm="NativeThread" path="socket:[559536]" dev="sockfs" ino=559536 ioctlcmd=0x8927 scontext=u:r:untrusted_app_27:s0:c512,c768 tcontext=u:r:untrusted_app_27:s0:c512,c768 tclass=udp_socket permissive=0 app=com.alibaba.android.rimet
09-23 01:19:04.057 I/input_interaction( 1489): Interaction with: 2ce79e1 com.android.deskclock/android.service.dreams.DreamActivity (server), edge-swipe (server), swipe-up (server), PointerEventDispatcher0 (server),
09-23 01:19:04.061 I/wm_finish_activity( 1489): [0,58555493,142,com.android.deskclock/android.service.dreams.DreamActivity,finish-activity]
09-23 01:19:04.061 I/wm_task_moved( 1489): [139,1,6]
09-23 01:19:04.061 I/wm_task_to_front( 1489): [0,139]
09-23 01:19:04.062 I/wm_focused_root_task( 1489): [0,0,139,142,finish-top adjustFocusToNextFocusableTask]
09-23 01:19:04.063 I/wm_pause_activity( 1489): [0,58555493,com.android.deskclock/android.service.dreams.DreamActivity,userLeaving=false,finish]
09-23 01:19:04.070 I/sysui_multi_action( 1489): [757,803,799,window_time_0,802,6]
09-23 01:19:04.070 I/wm_on_top_resumed_lost_called( 2535): [58555493,android.service.dreams.DreamActivity,topStateChangedWhenResumed]
09-23 01:19:04.070 I/wm_on_paused_called( 2535): [58555493,android.service.dreams.DreamActivity,performPause]
09-23 01:19:04.071 I/wm_add_to_stopping( 1489): [0,58555493,com.android.deskclock/android.service.dreams.DreamActivity,completeFinishing]
09-23 01:19:04.074 I/wm_set_resumed_activity( 1489): [0,com.android.settings/.Settings,resumeTopActivityInnerLocked]
09-23 01:19:04.075 I/wm_resume_activity( 1489): [0,15010957,139,com.android.settings/.Settings]
09-23 01:19:04.079 I/input_focus( 1489): [Focus leaving 2ce79e1 com.android.deskclock/android.service.dreams.DreamActivity (server),reason=NO_WINDOW]
09-23 01:19:04.079 I/view_enqueue_input_event( 2535): [Motion - Cancel,com.android.deskclock/android.service.dreams.DreamActivity]
09-23 01:19:04.080 I/input_interaction( 1489): Interaction with: edge-swipe (server), swipe-up (server), PointerEventDispatcher0 (server),
09-23 01:19:04.083 I/sysui_multi_action( 1489): [757,803,799,window_time_0,802,0]
09-23 01:19:04.092 I/wm_on_restart_called( 2232): [15010957,com.android.settings.Settings,performRestartActivity]
09-23 01:19:04.344 I/wm_on_start_called( 2232): [15010957,com.android.settings.Settings,handleStartActivity]
09-23 01:19:04.344 I/snet_event_log( 2232): [120484087,-1,]
09-23 01:19:04.344 I/wm_on_resume_called( 2232): [15010957,com.android.settings.Settings,RESUME_ACTIVITY]
09-23 01:19:04.345 I/sysui_multi_action( 2232): [757,35,758,1,833,0,1089,0]
09-23 01:19:04.345 I/sysui_multi_action( 2232): [757,1018,758,1,833,0,1089,0]
09-23 01:19:04.347 I/wm_on_top_resumed_gained_called( 2232): [15010957,com.android.settings.Settings,topWhenResuming]
09-23 01:19:04.352 I/input_focus( 1489): [Focus request 456c4b5 com.android.settings/com.android.settings.Settings,reason=UpdateInputWindows]
09-23 01:19:04.380 I/input_focus( 1489): [Focus entering 456c4b5 com.android.settings/com.android.settings.Settings (server),reason=setFocusedWindow]
09-23 01:19:04.882 I/wm_destroy_activity( 1489): [0,58555493,142,com.android.deskclock/android.service.dreams.DreamActivity,finish-imm:idle]
09-23 01:19:04.908 I/wm_on_stop_called( 2535): [58555493,android.service.dreams.DreamActivity,LIFECYCLER_STOP_ACTIVITY]
09-23 01:19:04.909 I/wm_on_destroy_called( 2535): [58555493,android.service.dreams.DreamActivity,performDestroy]
09-23 01:19:04.912 I/sysui_multi_action( 1489): [757,222,758,2]
09-23 01:19:04.913 I/sysui_multi_action( 1489): [757,804,799,dreaming_minutes,801,0,802,1]
09-23 01:19:04.927 I/wm_task_removed( 1489): [142,removeChild:removeChild last r=ActivityRecord{37d7c65 u0 com.android.deskclock/android.service.dreams.DreamActivity t-1 f}} in t=Task{94fd9b6 #142 type=dream A=10066:android:com.android.deskclock/dream U=0 visible=false mode=fullscreen translucent=true sz=0}]
09-23 01:19:04.927 I/wm_task_removed( 1489): [142,removeChild]
09-23 01:19:06.198 I/configuration_changed( 1489): 48
09-23 01:19:06.199 I/sysui_multi_action( 1489): [757,128,758,5,759,8,793,641657,794,274245,795,641657,796,19,806,android,857,PHYSICAL_KEYBOARD,858,3,947,0,1500,641453,1688,1]
09-23 01:19:06.199 I/notification_canceled( 1489): [-1|android|19|null|1000,8,641657,641657,274245,-1,-1,NULL]
09-23 01:19:06.217 I/service_manager_slow( 1489): [18,platform_compat]
09-23 01:19:06.731 I/auditd ( 3555): type=1400 audit(0.0:37971): avc: denied { read } for comm="NativeThread" name="unix" dev="proc" ino=4026532289 scontext=u:r:untrusted_app_27:s0:c512,c768 tcontext=u:object_r:proc_net:s0 tclass=file permissive=0 app=com.alibaba.android.rimet
09-23 01:19:07.091 I/auditd ( 3555): type=1400 audit(0.0:37972): avc: denied { read } for comm="NativeThread" name="unix" dev="proc" ino=4026532289 scontext=u:r:untrusted_app_27:s0:c512,c768 tcontext=u:object_r:proc_net:s0 tclass=file permissive=0 app=com.alibaba.android.rimet
09-23 01:19:07.447 I/auditd ( 3555): type=1400 audit(0.0:37973): avc: denied { read } for comm="NativeThread" name="unix" dev="proc" ino=4026532289 scontext=u:r:untrusted_app_27:s0:c512,c768 tcontext=u:object_r:proc_net:s0 tclass=file permissive=0 app=com.alibaba.android.rimet
09-23 01:19:07.455 I/auditd ( 3555): type=1400 audit(0.0:37974): avc: denied { read } for comm="NativeThread" name="version" dev="proc" ino=4026532265 scontext=u:r:untrusted_app_27:s0:c512,c768 tcontext=u:object_r:proc_version:s0 tclass=file permissive=0 app=com.alibaba.android.rimet
09-23 01:19:07.455 I/auditd ( 3555): type=1400 audit(0.0:37975): avc: denied { ioctl } for comm="NativeThread" path="socket:[557764]" dev="sockfs" ino=557764 ioctlcmd=0x8927 scontext=u:r:untrusted_app_27:s0:c512,c768 tcontext=u:r:untrusted_app_27:s0:c512,c768 tclass=udp_socket permissive=0 app=com.alibaba.android.rimet
09-23 01:19:07.871 I/auditd ( 3555): type=1400 audit(0.0:37989): avc: denied { read } for comm="NativeThread" name="unix" dev="proc" ino=4026532289 scontext=u:r:untrusted_app_27:s0:c512,c768 tcontext=u:object_r:proc_net:s0 tclass=file permissive=0 app=com.alibaba.android.rimet
09-23 01:19:12.359 I/auditd ( 3555): type=1400 audit(0.0:37990): avc: denied { read } for comm="NativeThread" name="unix" dev="proc" ino=4026532289 scontext=u:r:untrusted_app_27:s0:c512,c768 tcontext=u:object_r:proc_net:s0 tclass=file permissive=0 app=com.alibaba.android.rimet
09-23 01:19:12.739 I/auditd ( 3555): type=1400 audit(0.0:37991): avc: denied { read } for comm="NativeThread" name="unix" dev="proc" ino=4026532289 scontext=u:r:untrusted_app_27:s0:c512,c768 tcontext=u:object_r:proc_net:s0 tclass=file permissive=0 app=com.alibaba.android.rimet
09-23 01:19:13.095 I/auditd ( 3555): type=1400 audit(0.0:37992): avc: denied { read } for comm="NativeThread" name="unix" dev="proc" ino=4026532289 scontext=u:r:untrusted_app_27:s0:c512,c768 tcontext=u:object_r:proc_net:s0 tclass=file permissive=0 app=com.alibaba.android.rimet
09-23 01:19:13.099 I/auditd ( 3555): type=1400 audit(0.0:37993): avc: denied { read } for comm="NativeThread" name="version" dev="proc" ino=4026532265 scontext=u:r:untrusted_app_27:s0:c512,c768 tcontext=u:object_r:proc_version:s0 tclass=file permissive=0 app=com.alibaba.android.rimet
09-23 01:19:13.103 I/auditd ( 3555): type=1400 audit(0.0:37994): avc: denied { ioctl } for comm="NativeThread" path="socket:[558703]" dev="sockfs" ino=558703 ioctlcmd=0x8927 scontext=u:r:untrusted_app_27:s0:c512,c768 tcontext=u:r:untrusted_app_27:s0:c512,c768 tclass=udp_socket permissive=0 app=com.alibaba.android.rimet
09-23 01:19:13.103 I/auditd ( 3555): type=1400 audit(0.0:37995): avc: denied { ioctl } for comm="NativeThread" path="socket:[558703]" dev="sockfs" ino=558703 ioctlcmd=0x8927 scontext=u:r:untrusted_app_27:s0:c512,c768 tcontext=u:r:untrusted_app_27:s0:c512,c768 tclass=udp_socket permissive=0 app=com.alibaba.android.rimet
09-23 01:19:13.103 I/auditd ( 3555): type=1400 audit(0.0:37996): avc: denied { ioctl } for comm="NativeThread" path="socket:[558703]" dev="sockfs" ino=558703 ioctlcmd=0x8927 scontext=u:r:untrusted_app_27:s0:c512,c768 tcontext=u:r:untrusted_app_27:s0:c512,c768 tclass=udp_socket permissive=0 app=com.alibaba.android.rimet
09-23 01:19:13.103 I/auditd ( 3555): type=1400 audit(0.0:37997): avc: denied { ioctl } for comm="NativeThread" path="socket:[558703]" dev="sockfs" ino=558703 ioctlcmd=0x8927 scontext=u:r:untrusted_app_27:s0:c512,c768 tcontext=u:r:untrusted_app_27:s0:c512,c768 tclass=udp_socket permissive=0 app=com.alibaba.android.rimet
09-23 01:19:13.103 I/auditd ( 3555): type=1400 audit(0.0:37998): avc: denied { ioctl } for comm="NativeThread" path="socket:[558703]" dev="sockfs" ino=558703 ioctlcmd=0x8927 scontext=u:r:untrusted_app_27:s0:c512,c768 tcontext=u:r:untrusted_app_27:s0:c512,c768 tclass=udp_socket permissive=0 app=com.alibaba.android.rimet
09-23 01:19:18.035 I/auditd ( 3555): type=1400 audit(0.0:38009): avc: denied { read } for comm="NativeThread" name="unix" dev="proc" ino=4026532289 scontext=u:r:untrusted_app_27:s0:c512,c768 tcontext=u:object_r:proc_net:s0 tclass=file permissive=0 app=com.alibaba.android.rimet
09-23 01:19:18.419 I/auditd ( 3555): type=1400 audit(0.0:38010): avc: denied { read } for comm="NativeThread" name="unix" dev="proc" ino=4026532289 scontext=u:r:untrusted_app_27:s0:c512,c768 tcontext=u:object_r:proc_net:s0 tclass=file permissive=0 app=com.alibaba.android.rimet
09-23 01:19:18.817 I/notification_enqueue( 1489): [1000,1489,android,19,NULL,-1,Notification(channel=PHYSICAL_KEYBOARD shortcut=null contentView=null vibrate=null sound=null defaults=0x0 flags=0x0 color=0x00000000 vis=PRIVATE),0]
09-23 01:19:18.823 I/configuration_changed( 1489): 48
09-23 01:19:18.835 I/auditd ( 3555): type=1400 audit(0.0:38011): avc: denied { read } for comm="NativeThread" name="unix" dev="proc" ino=4026532289 scontext=u:r:untrusted_app_27:s0:c512,c768 tcontext=u:object_r:proc_net:s0 tclass=file permissive=0 app=com.alibaba.android.rimet
09-23 01:19:18.839 I/auditd ( 3555): type=1400 audit(0.0:38012): avc: denied { read } for comm="NativeThread" name="version" dev="proc" ino=4026532265 scontext=u:r:untrusted_app_27:s0:c512,c768 tcontext=u:object_r:proc_version:s0 tclass=file permissive=0 app=com.alibaba.android.rimet
09-23 01:19:18.839 I/auditd ( 3555): type=1400 audit(0.0:38013): avc: denied { ioctl } for comm="NativeThread" path="socket:[559724]" dev="sockfs" ino=559724 ioctlcmd=0x8927 scontext=u:r:untrusted_app_27:s0:c512,c768 tcontext=u:r:untrusted_app_27:s0:c512,c768 tclass=udp_socket permissive=0 app=com.alibaba.android.rimet
09-23 01:19:19.019 I/sysui_multi_action( 1489): [757,1501,758,1,793,203,794,0,795,203,796,19,806,android,857,PHYSICAL_KEYBOARD,858,3,947,0,1500,0]
09-23 01:19:19.019 I/sysui_multi_action( 1489): [757,804,799,note_interruptive,801,0,802,1]
09-23 01:19:19.020 I/sysui_multi_action( 1489): [757,1501,758,1,793,204,794,0,795,204,796,19,806,android,857,PHYSICAL_KEYBOARD,858,3,947,0,1500,0,1688,1]
09-23 01:19:19.020 I/sysui_multi_action( 1489): [757,804,799,note_interruptive,801,0,802,1]
09-23 01:19:19.020 I/sysui_multi_action( 1489): [757,199,758,1,759,2,793,204,794,0,795,204,796,19,806,android,857,PHYSICAL_KEYBOARD,858,3,947,0,1500,0,1688,1]
09-23 01:19:19.020 I/notification_alert( 1489): [-1|android|19|null|1000,0,1,0]
09-23 01:19:19.203 I/auditd ( 3555): type=1400 audit(0.0:38027): avc: denied { read } for comm="NativeThread" name="unix" dev="proc" ino=4026532289 scontext=u:r:untrusted_app_27:s0:c512,c768 tcontext=u:object_r:proc_net:s0 tclass=file permissive=0 app=com.alibaba.android.rimet
09-23 01:19:23.827 I/auditd ( 3555): type=1400 audit(0.0:38028): avc: denied { read } for comm="NativeThread" name="unix" dev="proc" ino=4026532289 scontext=u:r:untrusted_app_27:s0:c512,c768 tcontext=u:object_r:proc_net:s0 tclass=file permissive=0 app=com.alibaba.android.rimet
09-23 01:19:24.223 I/auditd ( 3555): type=1400 audit(0.0:38029): avc: denied { read } for comm="NativeThread" name="unix" dev="proc" ino=4026532289 scontext=u:r:untrusted_app_27:s0:c512,c768 tcontext=u:object_r:proc_net:s0 tclass=file permissive=0 app=com.alibaba.android.rimet
09-23 01:19:24.551 I/auditd ( 3555): type=1400 audit(0.0:38030): avc: denied { read } for comm="NativeThread" name="unix" dev="proc" ino=4026532289 scontext=u:r:untrusted_app_27:s0:c512,c768 tcontext=u:object_r:proc_net:s0 tclass=file permissive=0 app=com.alibaba.android.rimet
09-23 01:19:24.567 I/auditd ( 3555): type=1400 audit(0.0:38031): avc: denied { read } for comm="NativeThread" name="version" dev="proc" ino=4026532265 scontext=u:r:untrusted_app_27:s0:c512,c768 tcontext=u:object_r:proc_version:s0 tclass=file permissive=0 app=com.alibaba.android.rimet
09-23 01:19:24.571 I/auditd ( 3555): type=1400 audit(0.0:38032): avc: denied { ioctl } for comm="NativeThread" path="socket:[559800]" dev="sockfs" ino=559800 ioctlcmd=0x8927 scontext=u:r:untrusted_app_27:s0:c512,c768 tcontext=u:r:untrusted_app_27:s0:c512,c768 tclass=udp_socket permissive=0 app=com.alibaba.android.rimet
09-23 01:19:24.571 I/auditd ( 3555): type=1400 audit(0.0:38033): avc: denied { ioctl } for comm="NativeThread" path="socket:[559800]" dev="sockfs" ino=559800 ioctlcmd=0x8927 scontext=u:r:untrusted_app_27:s0:c512,c768 tcontext=u:r:untrusted_app_27:s0:c512,c768 tclass=udp_socket permissive=0 app=com.alibaba.android.rimet
09-23 01:19:24.571 I/auditd ( 3555): type=1400 audit(0.0:38034): avc: denied { ioctl } for comm="NativeThread" path="socket:[559800]" dev="sockfs" ino=559800 ioctlcmd=0x8927 scontext=u:r:untrusted_app_27:s0:c512,c768 tcontext=u:r:untrusted_app_27:s0:c512,c768 tclass=udp_socket permissive=0 app=com.alibaba.android.rimet
09-23 01:19:24.571 I/auditd ( 3555): type=1400 audit(0.0:38035): avc: denied { ioctl } for comm="NativeThread" path="socket:[559800]" dev="sockfs" ino=559800 ioctlcmd=0x8927 scontext=u:r:untrusted_app_27:s0:c512,c768 tcontext=u:r:untrusted_app_27:s0:c512,c768 tclass=udp_socket permissive=0 app=com.alibaba.android.rimet
09-23 01:19:24.571 I/auditd ( 3555): type=1400 audit(0.0:38036): avc: denied { ioctl } for comm="NativeThread" path="socket:[559800]" dev="sockfs" ino=559800 ioctlcmd=0x8927 scontext=u:r:untrusted_app_27:s0:c512,c768 tcontext=u:r:untrusted_app_27:s0:c512,c768 tclass=udp_socket permissive=0 app=com.alibaba.android.rimet
09-23 01:19:26.483 I/auditd ( 3755): type=1400 audit(0.0:38047): avc: granted { nlmsg_readpriv } for comm="DaemonThread-6" scontext=u:r:untrusted_app_27:s0:c512,c768 tcontext=u:r:untrusted_app_27:s0:c512,c768 tclass=netlink_route_socket app=com.alibaba.android.rimet
09-23 01:19:27.147 I/auditd ( 3755): type=1400 audit(0.0:38048): avc: granted { nlmsg_readpriv } for comm="DaemonThread-6" scontext=u:r:untrusted_app_27:s0:c512,c768 tcontext=u:r:untrusted_app_27:s0:c512,c768 tclass=netlink_route_socket app=com.alibaba.android.rimet
09-23 01:19:29.487 I/auditd ( 3555): type=1400 audit(0.0:38049): avc: denied { read } for comm="NativeThread" name="unix" dev="proc" ino=4026532289 scontext=u:r:untrusted_app_27:s0:c512,c768 tcontext=u:object_r:proc_net:s0 tclass=file permissive=0 app=com.alibaba.android.rimet
