09-23 00:54:05.182 I/am_proc_start( 1489): [0,31841,10059,com.android.settings.intelligence,pre-top-activity,{com.android.settings.intelligence/com.android.settings.intelligence.search.SearchActivity}]
09-23 00:54:05.193 I/input_focus( 1489): [Focus leaving 5259c61 com.android.settings/com.android.settings.Settings (server),reason=NO_WINDOW]
09-23 00:54:05.206 I/am_proc_bound( 1489): [0,31841,com.android.settings.intelligence]
09-23 00:54:05.212 I/wm_restart_activity( 1489): [0,242500727,126,com.android.settings.intelligence/.search.SearchActivity]
09-23 00:54:05.215 I/wm_set_resumed_activity( 1489): [0,com.android.settings.intelligence/.search.SearchActivity,minimalResumeActivityLocked]
09-23 00:54:05.216 I/am_uid_active( 1489): 10059
09-23 00:54:05.237 I/wm_on_create_called(31841): [242500727,com.android.settings.intelligence.search.SearchActivity,performCreate]
09-23 00:54:05.245 I/am_uid_running( 1489): 10078
09-23 00:54:05.252 I/am_proc_start( 1489): [0,31862,10078,com.android.emergency,content provider,{com.android.emergency/com.android.emergency.EmergencySearchIndexablesProvider}]
09-23 00:54:05.252 I/wm_on_start_called(31841): [242500727,com.android.settings.intelligence.search.SearchActivity,handleStartActivity]
09-23 00:54:05.255 I/wm_on_resume_called(31841): [242500727,com.android.settings.intelligence.search.SearchActivity,RESUME_ACTIVITY]
09-23 00:54:05.260 I/wm_on_top_resumed_gained_called(31841): [242500727,com.android.settings.intelligence.search.SearchActivity,topStateChangedWhenResumed]
09-23 00:54:05.269 I/am_proc_bound( 1489): [0,31862,com.android.emergency]
09-23 00:54:05.270 I/input_focus( 1489): [Focus request f0ae6fe com.android.settings.intelligence/com.android.settings.intelligence.search.SearchActivity,reason=UpdateInputWindows]
09-23 00:54:05.273 I/am_uid_active( 1489): 10078
09-23 00:54:05.277 I/input_focus( 1489): [Focus entering 5259c61 com.android.settings/com.android.settings.Settings (server),reason=Window became focusable. Previous reason: NO_WINDOW]
09-23 00:54:05.294 I/input_focus( 1489): [Focus leaving 5259c61 com.android.settings/com.android.settings.Settings (server),reason=Waiting for window because NOT_VISIBLE]
09-23 00:54:05.300 I/am_uid_running( 1489): 10092
09-23 00:54:05.306 I/am_proc_start( 1489): [0,31882,10092,com.android.permissioncontroller,content provider,{com.android.permissioncontroller/com.android.permissioncontroller.permission.service.PermissionSearchIndexablesProvider}]
09-23 00:54:05.318 I/sysui_multi_action( 1489): [319,164,322,162,325,8852,757,761,758,7,759,2,806,com.android.settings.intelligence,871,com.android.settings.intelligence.search.SearchActivity,904,com.android.settings,905,0,945,63,1320,4,1321,1]
09-23 00:54:05.319 I/wm_activity_launch_time( 1489): [0,242500727,com.android.settings.intelligence/.search.SearchActivity,162]
09-23 00:54:05.327 I/input_focus( 1489): [Focus entering f0ae6fe com.android.settings.intelligence/com.android.settings.intelligence.search.SearchActivity (server),reason=Window became focusable. Previous reason: NOT_VISIBLE]
09-23 00:54:05.339 I/am_proc_bound( 1489): [0,31882,com.android.permissioncontroller]
09-23 00:54:05.345 I/am_uid_active( 1489): 10092
09-23 00:54:05.419 I/service_manager_stats( 2232): [100,58,2912328]
09-23 00:54:05.467 W/CarrierConfigManager( 2232): Error getting config for subId -1 ICarrierConfigLoader is null
09-23 00:54:05.468 W/CarrierConfigManager( 2232): Error getting config for subId -1 ICarrierConfigLoader is null
09-23 00:54:05.469 W/CarrierConfigManager( 2232): Error getting config for subId -1 ICarrierConfigLoader is null
09-23 00:54:05.469 W/CarrierConfigManager( 2232): Error getting config for subId -1 ICarrierConfigLoader is null
09-23 00:54:05.469 W/CarrierConfigManager( 2232): Error getting config for subId -1 ICarrierConfigLoader is null
09-23 00:54:05.470 W/CarrierConfigManager( 2232): Error getting config for subId -1 ICarrierConfigLoader is null
09-23 00:54:05.470 W/CarrierConfigManager( 2232): Error getting config for subId -1 ICarrierConfigLoader is null
09-23 00:54:05.471 W/CarrierConfigManager( 2232): Error getting config for subId -1 ICarrierConfigLoader is null
09-23 00:54:05.471 W/CarrierConfigManager( 2232): Error getting config for subId -1 ICarrierConfigLoader is null
09-23 00:54:05.471 W/CarrierConfigManager( 2232): Error getting config for subId -1 ICarrierConfigLoader is null
09-23 00:54:05.597 I/wm_add_to_stopping( 1489): [0,223095647,com.android.settings/.Settings,makeInvisible]
09-23 00:54:05.600 I/wm_stop_activity( 1489): [0,223095647,com.android.settings/.Settings]
09-23 00:54:05.608 I/wm_on_stop_called( 2232): [223095647,com.android.settings.Settings,STOP_ACTIVITY_ITEM]
09-23 00:54:05.691 I/am_uid_running( 1489): 10031
09-23 00:54:05.701 I/am_proc_start( 1489): [0,31902,10031,com.android.traceur,content provider,{com.android.traceur/com.android.traceur.SearchProvider}]
09-23 00:54:05.728 I/am_proc_bound( 1489): [0,31902,com.android.traceur]
09-23 00:54:05.733 I/am_uid_active( 1489): 10031
09-23 00:54:06.014 I/input_interaction( 1489): Interaction with: f0ae6fe com.android.settings.intelligence/com.android.settings.intelligence.search.SearchActivity (server), PointerEventDispatcher0 (server),
09-23 00:54:06.197 I/service_manager_stats( 1489): [100,51,527261]
09-23 00:54:06.223 I/settings_latency(31841): [1,157]
09-23 00:54:06.368 I/settings_latency(31841): [1,12]
09-23 00:54:06.582 I/settings_latency(31841): [1,11]
09-23 00:54:06.596 I/settings_latency(31841): [1,13]
09-23 00:54:06.599 I/am_uid_idle( 1489): 10088
09-23 00:54:06.715 I/settings_latency(31841): [1,10]
09-23 00:54:06.880 I/settings_latency(31841): [1,12]
09-23 00:54:06.883 I/auditd ( 3555): type=1400 audit(0.0:32720): avc: denied { read } for comm="NativeThread" name="unix" dev="proc" ino=4026532289 scontext=u:r:untrusted_app_27:s0:c512,c768 tcontext=u:object_r:proc_net:s0 tclass=file permissive=0 app=com.alibaba.android.rimet
09-23 00:54:07.002 I/settings_latency(31841): [1,13]
09-23 00:54:07.014 I/settings_latency(31841): [1,11]
09-23 00:54:07.251 I/auditd ( 3555): type=1400 audit(0.0:32721): avc: denied { read } for comm="NativeThread" name="unix" dev="proc" ino=4026532289 scontext=u:r:untrusted_app_27:s0:c512,c768 tcontext=u:object_r:proc_net:s0 tclass=file permissive=0 app=com.alibaba.android.rimet
09-23 00:54:07.357 I/settings_latency(31841): [1,66]
09-23 00:54:07.555 I/settings_latency(31841): [1,14]
09-23 00:54:07.603 I/auditd ( 3555): type=1400 audit(0.0:32722): avc: denied { read } for comm="NativeThread" name="unix" dev="proc" ino=4026532289 scontext=u:r:untrusted_app_27:s0:c512,c768 tcontext=u:object_r:proc_net:s0 tclass=file permissive=0 app=com.alibaba.android.rimet
09-23 00:54:07.607 I/auditd ( 3555): type=1400 audit(0.0:32723): avc: denied { read } for comm="NativeThread" name="version" dev="proc" ino=4026532265 scontext=u:r:untrusted_app_27:s0:c512,c768 tcontext=u:object_r:proc_version:s0 tclass=file permissive=0 app=com.alibaba.android.rimet
09-23 00:54:07.611 I/auditd ( 3555): type=1400 audit(0.0:32724): avc: denied { ioctl } for comm="NativeThread" path="socket:[478830]" dev="sockfs" ino=478830 ioctlcmd=0x8927 scontext=u:r:untrusted_app_27:s0:c512,c768 tcontext=u:r:untrusted_app_27:s0:c512,c768 tclass=udp_socket permissive=0 app=com.alibaba.android.rimet
09-23 00:54:07.911 I/settings_latency(31841): [1,22]
09-23 00:54:07.951 I/auditd ( 3555): type=1400 audit(0.0:32738): avc: denied { read } for comm="NativeThread" name="unix" dev="proc" ino=4026532289 scontext=u:r:untrusted_app_27:s0:c512,c768 tcontext=u:object_r:proc_net:s0 tclass=file permissive=0 app=com.alibaba.android.rimet
09-23 00:54:08.227 I/auditd ( 3555): type=1400 audit(0.0:32739): avc: granted { nlmsg_readpriv } for comm="DaemonThread-6" scontext=u:r:untrusted_app_27:s0:c512,c768 tcontext=u:r:untrusted_app_27:s0:c512,c768 tclass=netlink_route_socket app=com.alibaba.android.rimet
09-23 00:54:09.037 I/settings_latency(31841): [1,17]
09-23 00:54:09.207 I/auditd ( 3555): type=1400 audit(0.0:32740): avc: granted { nlmsg_readpriv } for comm="DaemonThread-6" scontext=u:r:untrusted_app_27:s0:c512,c768 tcontext=u:r:untrusted_app_27:s0:c512,c768 tclass=netlink_route_socket app=com.alibaba.android.rimet
09-23 00:54:09.637 I/settings_latency(31841): [1,25]
09-23 00:54:09.671 I/settings_latency(31841): [1,15]
09-23 00:54:09.687 I/settings_latency(31841): [1,15]
09-23 00:54:10.023 I/settings_latency(31841): [1,16]
09-23 00:54:10.056 I/settings_latency(31841): [1,17]
09-23 00:54:10.406 I/settings_latency(31841): [1,15]
09-23 00:54:10.990 I/settings_latency(31841): [1,11]
09-23 00:54:11.286 I/settings_latency(31841): [1,17]
09-23 00:54:11.359 I/settings_latency(31841): [1,17]
09-23 00:54:11.408 I/settings_latency(31841): [1,17]
09-23 00:54:11.896 I/settings_latency(31841): [1,14]
09-23 00:54:11.909 I/settings_latency(31841): [1,11]
09-23 00:54:11.972 I/settings_latency(31841): [1,21]
09-23 00:54:12.177 I/settings_latency(31841): [1,13]
09-23 00:54:12.435 I/auditd ( 3555): type=1400 audit(0.0:32741): avc: denied { read } for comm="NativeThread" name="unix" dev="proc" ino=4026532289 scontext=u:r:untrusted_app_27:s0:c512,c768 tcontext=u:object_r:proc_net:s0 tclass=file permissive=0 app=com.alibaba.android.rimet
09-23 00:54:12.502 I/settings_latency(31841): [1,157]
09-23 00:54:12.555 I/settings_latency(31841): [1,19]
09-23 00:54:12.677 I/settings_latency(31841): [1,22]
09-23 00:54:12.815 I/auditd ( 3555): type=1400 audit(0.0:32742): avc: denied { read } for comm="NativeThread" name="unix" dev="proc" ino=4026532289 scontext=u:r:untrusted_app_27:s0:c512,c768 tcontext=u:object_r:proc_net:s0 tclass=file permissive=0 app=com.alibaba.android.rimet
09-23 00:54:12.880 I/settings_latency(31841): [1,25]
09-23 00:54:13.029 I/settings_latency(31841): [1,13]
09-23 00:54:13.165 I/settings_latency(31841): [1,17]
09-23 00:54:13.175 I/auditd ( 3555): type=1400 audit(0.0:32743): avc: denied { read } for comm="NativeThread" name="unix" dev="proc" ino=4026532289 scontext=u:r:untrusted_app_27:s0:c512,c768 tcontext=u:object_r:proc_net:s0 tclass=file permissive=0 app=com.alibaba.android.rimet
09-23 00:54:13.183 I/auditd ( 3555): type=1400 audit(0.0:32744): avc: denied { read } for comm="NativeThread" name="version" dev="proc" ino=4026532265 scontext=u:r:untrusted_app_27:s0:c512,c768 tcontext=u:object_r:proc_version:s0 tclass=file permissive=0 app=com.alibaba.android.rimet
09-23 00:54:13.183 I/auditd ( 3555): type=1400 audit(0.0:32745): avc: denied { ioctl } for comm="NativeThread" path="socket:[479913]" dev="sockfs" ino=479913 ioctlcmd=0x8927 scontext=u:r:untrusted_app_27:s0:c512,c768 tcontext=u:r:untrusted_app_27:s0:c512,c768 tclass=udp_socket permissive=0 app=com.alibaba.android.rimet
09-23 00:54:13.183 I/auditd ( 3555): type=1400 audit(0.0:32746): avc: denied { ioctl } for comm="NativeThread" path="socket:[479913]" dev="sockfs" ino=479913 ioctlcmd=0x8927 scontext=u:r:untrusted_app_27:s0:c512,c768 tcontext=u:r:untrusted_app_27:s0:c512,c768 tclass=udp_socket permissive=0 app=com.alibaba.android.rimet
09-23 00:54:13.183 I/auditd ( 3555): type=1400 audit(0.0:32747): avc: denied { ioctl } for comm="NativeThread" path="socket:[479913]" dev="sockfs" ino=479913 ioctlcmd=0x8927 scontext=u:r:untrusted_app_27:s0:c512,c768 tcontext=u:r:untrusted_app_27:s0:c512,c768 tclass=udp_socket permissive=0 app=com.alibaba.android.rimet
09-23 00:54:13.716 I/settings_latency(31841): [1,16]
09-23 00:54:13.731 I/settings_latency(31841): [1,13]
09-23 00:54:13.914 I/settings_latency(31841): [1,17]
09-23 00:54:14.767 I/settings_latency(31841): [1,32]
09-23 00:54:14.902 I/settings_latency(31841): [1,16]
09-23 00:54:14.918 I/settings_latency(31841): [1,16]
09-23 00:54:15.054 I/settings_latency(31841): [1,19]
09-23 00:54:15.454 I/settings_latency(31841): [1,19]
09-23 00:54:15.502 I/settings_latency(31841): [1,16]
09-23 00:54:15.536 I/settings_latency(31841): [1,14]
09-23 00:54:15.552 I/settings_latency(31841): [1,16]
09-23 00:54:15.603 I/settings_latency(31841): [1,16]
09-23 00:54:15.652 I/settings_latency(31841): [1,16]
09-23 00:54:15.686 I/settings_latency(31841): [1,15]
09-23 00:54:15.703 I/settings_latency(31841): [1,17]
09-23 00:54:15.763 I/settings_latency(31841): [1,25]
09-23 00:54:15.788 I/settings_latency(31841): [1,17]
09-23 00:54:15.802 I/settings_latency(31841): [1,14]
09-23 00:54:15.854 I/settings_latency(31841): [1,18]
09-23 00:54:15.903 I/settings_latency(31841): [1,16]
09-23 00:54:15.955 I/settings_latency(31841): [1,17]
09-23 00:54:15.988 I/settings_latency(31841): [1,15]
09-23 00:54:16.003 I/settings_latency(31841): [1,15]
09-23 00:54:16.053 I/settings_latency(31841): [1,15]
09-23 00:54:16.110 I/settings_latency(31841): [1,21]
09-23 00:54:16.418 I/settings_latency(31841): [1,181]
09-23 00:54:16.966 I/input_interaction( 1489): Interaction with: d2446da InputMethod (server), edge-swipe (server), swipe-up (server), PointerEventDispatcher0 (server),
09-23 00:54:18.295 I/auditd ( 3555): type=1400 audit(0.0:32760): avc: denied { read } for comm="NativeThread" name="unix" dev="proc" ino=4026532289 scontext=u:r:untrusted_app_27:s0:c512,c768 tcontext=u:object_r:proc_net:s0 tclass=file permissive=0 app=com.alibaba.android.rimet
09-23 00:54:18.743 I/auditd ( 3555): type=1400 audit(0.0:32761): avc: denied { read } for comm="NativeThread" name="unix" dev="proc" ino=4026532289 scontext=u:r:untrusted_app_27:s0:c512,c768 tcontext=u:object_r:proc_net:s0 tclass=file permissive=0 app=com.alibaba.android.rimet
09-23 00:54:19.231 I/input_interaction( 1489): Interaction with: f0ae6fe com.android.settings.intelligence/com.android.settings.intelligence.search.SearchActivity (server), PointerEventDispatcher0 (server),
09-23 00:54:19.258 I/settings_latency(31841): [1,13]
09-23 00:54:19.255 I/auditd ( 3555): type=1400 audit(0.0:32762): avc: denied { read } for comm="NativeThread" name="unix" dev="proc" ino=4026532289 scontext=u:r:untrusted_app_27:s0:c512,c768 tcontext=u:object_r:proc_net:s0 tclass=file permissive=0 app=com.alibaba.android.rimet
09-23 00:54:19.263 I/auditd ( 3555): type=1400 audit(0.0:32763): avc: denied { read } for comm="NativeThread" name="version" dev="proc" ino=4026532265 scontext=u:r:untrusted_app_27:s0:c512,c768 tcontext=u:object_r:proc_version:s0 tclass=file permissive=0 app=com.alibaba.android.rimet
09-23 00:54:19.263 I/auditd ( 3555): type=1400 audit(0.0:32764): avc: denied { ioctl } for comm="NativeThread" path="socket:[480785]" dev="sockfs" ino=480785 ioctlcmd=0x8927 scontext=u:r:untrusted_app_27:s0:c512,c768 tcontext=u:r:untrusted_app_27:s0:c512,c768 tclass=udp_socket permissive=0 app=com.alibaba.android.rimet
09-23 00:54:19.449 I/settings_latency(31841): [1,22]
09-23 00:54:19.691 I/auditd ( 3555): type=1400 audit(0.0:32778): avc: denied { read } for comm="NativeThread" name="unix" dev="proc" ino=4026532289 scontext=u:r:untrusted_app_27:s0:c512,c768 tcontext=u:object_r:proc_net:s0 tclass=file permissive=0 app=com.alibaba.android.rimet
09-23 00:54:19.871 I/settings_latency(31841): [1,171]
09-23 00:54:19.895 I/settings_latency(31841): [1,18]
09-23 00:54:20.006 I/settings_latency(31841): [1,29]
09-23 00:54:20.694 I/settings_latency(31841): [1,23]
09-23 00:54:20.851 I/settings_latency(31841): [1,30]
09-23 00:54:21.200 I/settings_latency(31841): [1,167]
09-23 00:54:22.310 I/settings_latency(31841): [1,19]
09-23 00:54:22.965 I/settings_latency(31841): [1,62]
09-23 00:54:23.809 I/input_interaction( 1489): Interaction with: f0ae6fe com.android.settings.intelligence/com.android.settings.intelligence.search.SearchActivity (server), edge-swipe (server), swipe-up (server), PointerEventDispatcher0 (server),
09-23 00:54:24.307 I/auditd ( 3555): type=1400 audit(0.0:32779): avc: denied { read } for comm="NativeThread" name="unix" dev="proc" ino=4026532289 scontext=u:r:untrusted_app_27:s0:c512,c768 tcontext=u:object_r:proc_net:s0 tclass=file permissive=0 app=com.alibaba.android.rimet
09-23 00:54:24.569 I/input_interaction( 1489): Interaction with: f0ae6fe com.android.settings.intelligence/com.android.settings.intelligence.search.SearchActivity (server), PointerEventDispatcher0 (server),
09-23 00:54:24.595 I/settings_latency(31841): [1,15]
09-23 00:54:24.687 I/auditd ( 3555): type=1400 audit(0.0:32780): avc: denied { read } for comm="NativeThread" name="unix" dev="proc" ino=4026532289 scontext=u:r:untrusted_app_27:s0:c512,c768 tcontext=u:object_r:proc_net:s0 tclass=file permissive=0 app=com.alibaba.android.rimet
09-23 00:54:25.001 I/settings_latency(31841): [1,24]
09-23 00:54:25.127 I/auditd ( 3555): type=1400 audit(0.0:32781): avc: denied { read } for comm="NativeThread" name="unix" dev="proc" ino=4026532289 scontext=u:r:untrusted_app_27:s0:c512,c768 tcontext=u:object_r:proc_net:s0 tclass=file permissive=0 app=com.alibaba.android.rimet
09-23 00:54:25.131 I/auditd ( 3555): type=1400 audit(0.0:32782): avc: denied { read } for comm="NativeThread" name="version" dev="proc" ino=4026532265 scontext=u:r:untrusted_app_27:s0:c512,c768 tcontext=u:object_r:proc_version:s0 tclass=file permissive=0 app=com.alibaba.android.rimet
09-23 00:54:25.131 I/auditd ( 3555): type=1400 audit(0.0:32783): avc: denied { ioctl } for comm="NativeThread" path="socket:[480866]" dev="sockfs" ino=480866 ioctlcmd=0x8927 scontext=u:r:untrusted_app_27:s0:c512,c768 tcontext=u:r:untrusted_app_27:s0:c512,c768 tclass=udp_socket permissive=0 app=com.alibaba.android.rimet
09-23 00:54:25.131 I/auditd ( 3555): type=1400 audit(0.0:32784): avc: denied { ioctl } for comm="NativeThread" path="socket:[480866]" dev="sockfs" ino=480866 ioctlcmd=0x8927 scontext=u:r:untrusted_app_27:s0:c512,c768 tcontext=u:r:untrusted_app_27:s0:c512,c768 tclass=udp_socket permissive=0 app=com.alibaba.android.rimet
09-23 00:54:25.131 I/auditd ( 3555): type=1400 audit(0.0:32785): avc: denied { ioctl } for comm="NativeThread" path="socket:[480866]" dev="sockfs" ino=480866 ioctlcmd=0x8927 scontext=u:r:untrusted_app_27:s0:c512,c768 tcontext=u:r:untrusted_app_27:s0:c512,c768 tclass=udp_socket permissive=0 app=com.alibaba.android.rimet
09-23 00:54:25.131 I/auditd ( 3555): type=1400 audit(0.0:32786): avc: denied { ioctl } for comm="NativeThread" path="socket:[480866]" dev="sockfs" ino=480866 ioctlcmd=0x8927 scontext=u:r:untrusted_app_27:s0:c512,c768 tcontext=u:r:untrusted_app_27:s0:c512,c768 tclass=udp_socket permissive=0 app=com.alibaba.android.rimet
09-23 00:54:25.131 I/auditd ( 3555): type=1400 audit(0.0:32787): avc: denied { ioctl } for comm="NativeThread" path="socket:[480866]" dev="sockfs" ino=480866 ioctlcmd=0x8927 scontext=u:r:untrusted_app_27:s0:c512,c768 tcontext=u:r:untrusted_app_27:s0:c512,c768 tclass=udp_socket permissive=0 app=com.alibaba.android.rimet
09-23 00:54:28.812 I/settings_latency(31841): [1,15]
09-23 00:54:29.383 I/settings_latency(31841): [1,34]
09-23 00:54:29.695 I/settings_latency(31841): [1,18]
09-23 00:54:29.897 I/settings_latency(31841): [1,22]
09-23 00:54:30.111 I/auditd ( 3555): type=1400 audit(0.0:32798): avc: denied { read } for comm="NativeThread" name="unix" dev="proc" ino=4026532289 scontext=u:r:untrusted_app_27:s0:c512,c768 tcontext=u:object_r:proc_net:s0 tclass=file permissive=0 app=com.alibaba.android.rimet
09-23 00:54:30.548 I/settings_latency(31841): [1,19]
09-23 00:54:30.587 I/auditd ( 3555): type=1400 audit(0.0:32799): avc: denied { read } for comm="NativeThread" name="unix" dev="proc" ino=4026532289 scontext=u:r:untrusted_app_27:s0:c512,c768 tcontext=u:object_r:proc_net:s0 tclass=file permissive=0 app=com.alibaba.android.rimet
09-23 00:54:30.769 I/settings_latency(31841): [1,28]
09-23 00:54:30.979 I/auditd ( 3555): type=1400 audit(0.0:32800): avc: denied { read } for comm="NativeThread" name="unix" dev="proc" ino=4026532289 scontext=u:r:untrusted_app_27:s0:c512,c768 tcontext=u:object_r:proc_net:s0 tclass=file permissive=0 app=com.alibaba.android.rimet
09-23 00:54:30.983 I/auditd ( 3555): type=1400 audit(0.0:32801): avc: denied { read } for comm="NativeThread" name="version" dev="proc" ino=4026532265 scontext=u:r:untrusted_app_27:s0:c512,c768 tcontext=u:object_r:proc_version:s0 tclass=file permissive=0 app=com.alibaba.android.rimet
09-23 00:54:30.983 I/auditd ( 3555): type=1400 audit(0.0:32802): avc: denied { ioctl } for comm="NativeThread" path="socket:[481518]" dev="sockfs" ino=481518 ioctlcmd=0x8927 scontext=u:r:untrusted_app_27:s0:c512,c768 tcontext=u:r:untrusted_app_27:s0:c512,c768 tclass=udp_socket permissive=0 app=com.alibaba.android.rimet
09-23 00:54:31.081 I/settings_latency(31841): [1,181]
09-23 00:54:31.387 I/auditd ( 3555): type=1400 audit(0.0:32816): avc: denied { read } for comm="NativeThread" name="unix" dev="proc" ino=4026532289 scontext=u:r:untrusted_app_27:s0:c512,c768 tcontext=u:object_r:proc_net:s0 tclass=file permissive=0 app=com.alibaba.android.rimet
09-23 00:54:31.504 I/settings_latency(31841): [1,18]
09-23 00:54:32.668 I/settings_latency(31841): [1,28]
09-23 00:54:33.078 I/settings_latency(31841): [1,33]
09-23 00:54:33.110 I/settings_latency(31841): [1,15]
09-23 00:54:33.170 I/settings_latency(31841): [1,26]
09-23 00:54:33.220 I/settings_latency(31841): [1,24]
09-23 00:54:33.341 I/service_manager_stats( 1489): [100,58,27145]
09-23 00:54:35.525 I/settings_latency(31841): [1,20]
09-23 00:54:35.732 I/settings_latency(31841): [1,29]
09-23 00:54:35.947 I/auditd ( 3555): type=1400 audit(0.0:32817): avc: denied { read } for comm="NativeThread" name="unix" dev="proc" ino=4026532289 scontext=u:r:untrusted_app_27:s0:c512,c768 tcontext=u:object_r:proc_net:s0 tclass=file permissive=0 app=com.alibaba.android.rimet
09-23 00:54:36.293 I/settings_latency(31841): [1,29]
09-23 00:54:36.347 I/auditd ( 3555): type=1400 audit(0.0:32818): avc: denied { read } for comm="NativeThread" name="unix" dev="proc" ino=4026532289 scontext=u:r:untrusted_app_27:s0:c512,c768 tcontext=u:object_r:proc_net:s0 tclass=file permissive=0 app=com.alibaba.android.rimet
09-23 00:54:36.631 I/auditd ( 3555): type=1400 audit(0.0:32819): avc: denied { read } for comm="NativeThread" name="unix" dev="proc" ino=4026532289 scontext=u:r:untrusted_app_27:s0:c512,c768 tcontext=u:object_r:proc_net:s0 tclass=file permissive=0 app=com.alibaba.android.rimet
09-23 00:54:36.639 I/auditd ( 3555): type=1400 audit(0.0:32820): avc: denied { read } for comm="NativeThread" name="version" dev="proc" ino=4026532265 scontext=u:r:untrusted_app_27:s0:c512,c768 tcontext=u:object_r:proc_version:s0 tclass=file permissive=0 app=com.alibaba.android.rimet
09-23 00:54:36.643 I/auditd ( 3555): type=1400 audit(0.0:32821): avc: denied { ioctl } for comm="NativeThread" path="socket:[479129]" dev="sockfs" ino=479129 ioctlcmd=0x8927 scontext=u:r:untrusted_app_27:s0:c512,c768 tcontext=u:r:untrusted_app_27:s0:c512,c768 tclass=udp_socket permissive=0 app=com.alibaba.android.rimet
09-23 00:54:36.643 I/auditd ( 3555): type=1400 audit(0.0:32822): avc: denied { ioctl } for comm="NativeThread" path="socket:[479129]" dev="sockfs" ino=479129 ioctlcmd=0x8927 scontext=u:r:untrusted_app_27:s0:c512,c768 tcontext=u:r:untrusted_app_27:s0:c512,c768 tclass=udp_socket permissive=0 app=com.alibaba.android.rimet
09-23 00:54:36.643 I/auditd ( 3555): type=1400 audit(0.0:32823): avc: denied { ioctl } for comm="NativeThread" path="socket:[479129]" dev="sockfs" ino=479129 ioctlcmd=0x8927 scontext=u:r:untrusted_app_27:s0:c512,c768 tcontext=u:r:untrusted_app_27:s0:c512,c768 tclass=udp_socket permissive=0 app=com.alibaba.android.rimet
09-23 00:54:36.643 I/auditd ( 3555): type=1400 audit(0.0:32824): avc: denied { ioctl } for comm="NativeThread" path="socket:[479129]" dev="sockfs" ino=479129 ioctlcmd=0x8927 scontext=u:r:untrusted_app_27:s0:c512,c768 tcontext=u:r:untrusted_app_27:s0:c512,c768 tclass=udp_socket permissive=0 app=com.alibaba.android.rimet
09-23 00:54:36.643 I/auditd ( 3555): type=1400 audit(0.0:32825): avc: denied { ioctl } for comm="NativeThread" path="socket:[479129]" dev="sockfs" ino=479129 ioctlcmd=0x8927 scontext=u:r:untrusted_app_27:s0:c512,c768 tcontext=u:r:untrusted_app_27:s0:c512,c768 tclass=udp_socket permissive=0 app=com.alibaba.android.rimet
09-23 00:54:36.693 I/settings_latency(31841): [1,23]
09-23 00:54:38.034 I/am_freeze( 1489): [29233,com.alibaba.android.rimet:channel]
09-23 00:54:38.035 I/am_kill ( 1489): [0,29233,com.alibaba.android.rimet:channel,945,Unable to freeze binder interface]
09-23 00:54:38.075 I/am_proc_died( 1489): [0,29233,com.alibaba.android.rimet:channel,945,19]
09-23 00:54:38.078 I/am_schedule_service_restart( 1489): [0,com.alibaba.android.rimet/com.alibaba.android.dingtalkbase.bizframework.ipc.DDServiceManageImpl,1000]
09-23 00:54:38.078 I/am_schedule_service_restart( 1489): [0,com.alibaba.android.rimet/com.alibaba.analytics.AnalyticsService,11000]
09-23 00:54:38.090 I/am_pss ( 1489): [31841,10059,com.android.settings.intelligence,75720704,63905792,0,218341376,0,2,10]
09-23 00:54:38.096 I/am_pss ( 1489): [31902,10031,com.android.traceur,10629120,8380416,0,97198080,0,19,5]
09-23 00:54:38.102 I/am_pss ( 1489): [31882,10092,com.android.permissioncontroller,11954176,9707520,0,98742272,0,19,6]
09-23 00:54:38.108 I/am_pss ( 1489): [31862,10078,com.android.emergency,10451968,8265728,0,95825920,0,19,5]
09-23 00:54:38.114 I/am_pss ( 1489): [31640,10088,com.qualcomm.qti.qccauthmgr,6744064,4329472,0,95580160,0,19,5]
09-23 00:54:39.089 I/am_proc_start( 1489): [0,32034,10101,com.alibaba.android.rimet:channel,service,{com.alibaba.android.rimet/com.alibaba.android.dingtalkbase.bizframework.ipc.DDServiceManageImpl}]
09-23 00:54:39.117 I/am_proc_bound( 1489): [0,32034,com.alibaba.android.rimet:channel]
09-23 00:54:41.651 I/auditd ( 3555): type=1400 audit(0.0:32836): avc: denied { read } for comm="NativeThread" name="unix" dev="proc" ino=4026532289 scontext=u:r:untrusted_app_27:s0:c512,c768 tcontext=u:object_r:proc_net:s0 tclass=file permissive=0 app=com.alibaba.android.rimet
09-23 00:54:42.107 I/auditd ( 3555): type=1400 audit(0.0:32837): avc: denied { read } for comm="NativeThread" name="unix" dev="proc" ino=4026532289 scontext=u:r:untrusted_app_27:s0:c512,c768 tcontext=u:object_r:proc_net:s0 tclass=file permissive=0 app=com.alibaba.android.rimet
09-23 00:54:42.631 I/auditd ( 3555): type=1400 audit(0.0:32838): avc: denied { read } for comm="NativeThread" name="unix" dev="proc" ino=4026532289 scontext=u:r:untrusted_app_27:s0:c512,c768 tcontext=u:object_r:proc_net:s0 tclass=file permissive=0 app=com.alibaba.android.rimet
09-23 00:54:42.639 I/auditd ( 3555): type=1400 audit(0.0:32839): avc: denied { read } for comm="NativeThread" name="version" dev="proc" ino=4026532265 scontext=u:r:untrusted_app_27:s0:c512,c768 tcontext=u:object_r:proc_version:s0 tclass=file permissive=0 app=com.alibaba.android.rimet
09-23 00:54:42.643 I/auditd ( 3555): type=1400 audit(0.0:32840): avc: denied { ioctl } for comm="NativeThread" path="socket:[482394]" dev="sockfs" ino=482394 ioctlcmd=0x8927 scontext=u:r:untrusted_app_27:s0:c512,c768 tcontext=u:r:untrusted_app_27:s0:c512,c768 tclass=udp_socket permissive=0 app=com.alibaba.android.rimet
09-23 00:54:43.179 I/auditd ( 3555): type=1400 audit(0.0:32854): avc: denied { read } for comm="NativeThread" name="unix" dev="proc" ino=4026532289 scontext=u:r:untrusted_app_27:s0:c512,c768 tcontext=u:object_r:proc_net:s0 tclass=file permissive=0 app=com.alibaba.android.rimet
09-23 00:54:47.731 I/auditd ( 3555): type=1400 audit(0.0:32855): avc: denied { read } for comm="NativeThread" name="unix" dev="proc" ino=4026532289 scontext=u:r:untrusted_app_27:s0:c512,c768 tcontext=u:object_r:proc_net:s0 tclass=file permissive=0 app=com.alibaba.android.rimet
09-23 00:54:48.163 I/auditd ( 3555): type=1400 audit(0.0:32856): avc: denied { read } for comm="NativeThread" name="unix" dev="proc" ino=4026532289 scontext=u:r:untrusted_app_27:s0:c512,c768 tcontext=u:object_r:proc_net:s0 tclass=file permissive=0 app=com.alibaba.android.rimet
09-23 00:54:48.683 I/auditd ( 3555): type=1400 audit(0.0:32857): avc: denied { read } for comm="NativeThread" name="unix" dev="proc" ino=4026532289 scontext=u:r:untrusted_app_27:s0:c512,c768 tcontext=u:object_r:proc_net:s0 tclass=file permissive=0 app=com.alibaba.android.rimet
09-23 00:54:48.691 I/auditd ( 3555): type=1400 audit(0.0:32858): avc: denied { read } for comm="NativeThread" name="version" dev="proc" ino=4026532265 scontext=u:r:untrusted_app_27:s0:c512,c768 tcontext=u:object_r:proc_version:s0 tclass=file permissive=0 app=com.alibaba.android.rimet
09-23 00:54:48.695 I/auditd ( 3555): type=1400 audit(0.0:32859): avc: denied { ioctl } for comm="NativeThread" path="socket:[481690]" dev="sockfs" ino=481690 ioctlcmd=0x8927 scontext=u:r:untrusted_app_27:s0:c512,c768 tcontext=u:r:untrusted_app_27:s0:c512,c768 tclass=udp_socket permissive=0 app=com.alibaba.android.rimet
09-23 00:54:48.695 I/auditd ( 3555): type=1400 audit(0.0:32860): avc: denied { ioctl } for comm="NativeThread" path="socket:[481690]" dev="sockfs" ino=481690 ioctlcmd=0x8927 scontext=u:r:untrusted_app_27:s0:c512,c768 tcontext=u:r:untrusted_app_27:s0:c512,c768 tclass=udp_socket permissive=0 app=com.alibaba.android.rimet
09-23 00:54:48.695 I/auditd ( 3555): type=1400 audit(0.0:32861): avc: denied { ioctl } for comm="NativeThread" path="socket:[481690]" dev="sockfs" ino=481690 ioctlcmd=0x8927 scontext=u:r:untrusted_app_27:s0:c512,c768 tcontext=u:r:untrusted_app_27:s0:c512,c768 tclass=udp_socket permissive=0 app=com.alibaba.android.rimet
09-23 00:54:48.695 I/auditd ( 3555): type=1400 audit(0.0:32862): avc: denied { ioctl } for comm="NativeThread" path="socket:[481690]" dev="sockfs" ino=481690 ioctlcmd=0x8927 scontext=u:r:untrusted_app_27:s0:c512,c768 tcontext=u:r:untrusted_app_27:s0:c512,c768 tclass=udp_socket permissive=0 app=com.alibaba.android.rimet
09-23 00:54:48.695 I/auditd ( 3555): type=1400 audit(0.0:32863): avc: denied { ioctl } for comm="NativeThread" path="socket:[481690]" dev="sockfs" ino=481690 ioctlcmd=0x8927 scontext=u:r:untrusted_app_27:s0:c512,c768 tcontext=u:r:untrusted_app_27:s0:c512,c768 tclass=udp_socket permissive=0 app=com.alibaba.android.rimet
09-23 00:54:53.739 I/auditd ( 3555): type=1400 audit(0.0:32874): avc: denied { read } for comm="NativeThread" name="unix" dev="proc" ino=4026532289 scontext=u:r:untrusted_app_27:s0:c512,c768 tcontext=u:object_r:proc_net:s0 tclass=file permissive=0 app=com.alibaba.android.rimet
09-23 00:54:54.239 I/auditd ( 3555): type=1400 audit(0.0:32875): avc: denied { read } for comm="NativeThread" name="unix" dev="proc" ino=4026532289 scontext=u:r:untrusted_app_27:s0:c512,c768 tcontext=u:object_r:proc_net:s0 tclass=file permissive=0 app=com.alibaba.android.rimet
09-23 00:54:54.687 I/auditd ( 3555): type=1400 audit(0.0:32876): avc: denied { read } for comm="NativeThread" name="unix" dev="proc" ino=4026532289 scontext=u:r:untrusted_app_27:s0:c512,c768 tcontext=u:object_r:proc_net:s0 tclass=file permissive=0 app=com.alibaba.android.rimet
09-23 00:54:54.695 I/auditd ( 3555): type=1400 audit(0.0:32877): avc: denied { read } for comm="NativeThread" name="version" dev="proc" ino=4026532265 scontext=u:r:untrusted_app_27:s0:c512,c768 tcontext=u:object_r:proc_version:s0 tclass=file permissive=0 app=com.alibaba.android.rimet
09-23 00:54:54.695 I/auditd ( 3555): type=1400 audit(0.0:32878): avc: denied { ioctl } for comm="NativeThread" path="socket:[481228]" dev="sockfs" ino=481228 ioctlcmd=0x8927 scontext=u:r:untrusted_app_27:s0:c512,c768 tcontext=u:r:untrusted_app_27:s0:c512,c768 tclass=udp_socket permissive=0 app=com.alibaba.android.rimet
09-23 00:54:55.087 I/auditd ( 3555): type=1400 audit(0.0:32892): avc: denied { read } for comm="NativeThread" name="unix" dev="proc" ino=4026532289 scontext=u:r:untrusted_app_27:s0:c512,c768 tcontext=u:object_r:proc_net:s0 tclass=file permissive=0 app=com.alibaba.android.rimet
09-23 00:54:55.410 I/settings_latency(31841): [1,36]
09-23 00:54:55.423 I/auditd ( 3707): type=1400 audit(0.0:32893): avc: denied { read } for comm=5468726561642D32202D2031333733 name="tcp" dev="proc" ino=4026532283 scontext=u:r:untrusted_app_29:s0:c108,c256,c512,c768 tcontext=u:object_r:proc_net_tcp_udp:s0 tclass=file permissive=0 app=com.smile.gifmaker
09-23 00:54:57.556 I/input_interaction( 1489): Interaction with: d2446da InputMethod (server), edge-swipe (server), swipe-up (server), PointerEventDispatcher0 (server),
09-23 00:54:57.899 I/settings_latency(31841): [1,183]
09-23 00:54:58.251 I/auditd ( 4190): type=1400 audit(0.0:32894): avc: denied { read } for comm="pool-2-thread-6" name="tcp" dev="proc" ino=4026532283 scontext=u:r:untrusted_app_29:s0:c108,c256,c512,c768 tcontext=u:object_r:proc_net_tcp_udp:s0 tclass=file permissive=0 app=com.smile.gifmaker
09-23 00:54:58.619 I/input_interaction( 1489): Interaction with: f0ae6fe com.android.settings.intelligence/com.android.settings.intelligence.search.SearchActivity (server), PointerEventDispatcher0 (server),
09-23 00:54:58.646 I/settings_latency(31841): [1,22]
09-23 00:54:59.663 I/auditd ( 3555): type=1400 audit(0.0:32895): avc: denied { read } for comm="NativeThread" name="unix" dev="proc" ino=4026532289 scontext=u:r:untrusted_app_27:s0:c512,c768 tcontext=u:object_r:proc_net:s0 tclass=file permissive=0 app=com.alibaba.android.rimet
09-23 00:55:00.175 I/auditd ( 3555): type=1400 audit(0.0:32896): avc: denied { read } for comm="NativeThread" name="unix" dev="proc" ino=4026532289 scontext=u:r:untrusted_app_27:s0:c512,c768 tcontext=u:object_r:proc_net:s0 tclass=file permissive=0 app=com.alibaba.android.rimet
09-23 00:55:00.599 I/auditd ( 3555): type=1400 audit(0.0:32897): avc: denied { read } for comm="NativeThread" name="unix" dev="proc" ino=4026532289 scontext=u:r:untrusted_app_27:s0:c512,c768 tcontext=u:object_r:proc_net:s0 tclass=file permissive=0 app=com.alibaba.android.rimet
09-23 00:55:00.607 I/auditd ( 3555): type=1400 audit(0.0:32898): avc: denied { read } for comm="NativeThread" name="version" dev="proc" ino=4026532265 scontext=u:r:untrusted_app_27:s0:c512,c768 tcontext=u:object_r:proc_version:s0 tclass=file permissive=0 app=com.alibaba.android.rimet
09-23 00:55:00.611 I/auditd ( 3555): type=1400 audit(0.0:32899): avc: denied { ioctl } for comm="NativeThread" path="socket:[482624]" dev="sockfs" ino=482624 ioctlcmd=0x8927 scontext=u:r:untrusted_app_27:s0:c512,c768 tcontext=u:r:untrusted_app_27:s0:c512,c768 tclass=udp_socket permissive=0 app=com.alibaba.android.rimet
09-23 00:55:00.611 I/auditd ( 3555): type=1400 audit(0.0:32900): avc: denied { ioctl } for comm="NativeThread" path="socket:[482624]" dev="sockfs" ino=482624 ioctlcmd=0x8927 scontext=u:r:untrusted_app_27:s0:c512,c768 tcontext=u:r:untrusted_app_27:s0:c512,c768 tclass=udp_socket permissive=0 app=com.alibaba.android.rimet
09-23 00:55:00.611 I/auditd ( 3555): type=1400 audit(0.0:32901): avc: denied { ioctl } for comm="NativeThread" path="socket:[482624]" dev="sockfs" ino=482624 ioctlcmd=0x8927 scontext=u:r:untrusted_app_27:s0:c512,c768 tcontext=u:r:untrusted_app_27:s0:c512,c768 tclass=udp_socket permissive=0 app=com.alibaba.android.rimet
09-23 00:55:03.697 I/input_interaction( 1489): Interaction with: d2446da InputMethod (server), edge-swipe (server), swipe-up (server), PointerEventDispatcher0 (server),
09-23 00:55:04.935 I/input_interaction( 1489): Interaction with: f0ae6fe com.android.settings.intelligence/com.android.settings.intelligence.search.SearchActivity (server), PointerEventDispatcher0 (server),
09-23 00:55:05.324 I/settings_latency(31841): [1,164]
09-23 00:55:05.487 I/auditd ( 3555): type=1400 audit(0.0:32914): avc: denied { read } for comm="NativeThread" name="unix" dev="proc" ino=4026532289 scontext=u:r:untrusted_app_27:s0:c512,c768 tcontext=u:object_r:proc_net:s0 tclass=file permissive=0 app=com.alibaba.android.rimet
09-23 00:55:05.923 I/auditd ( 3555): type=1400 audit(0.0:32915): avc: denied { read } for comm="NativeThread" name="unix" dev="proc" ino=4026532289 scontext=u:r:untrusted_app_27:s0:c512,c768 tcontext=u:object_r:proc_net:s0 tclass=file permissive=0 app=com.alibaba.android.rimet
09-23 00:55:06.267 I/auditd ( 3555): type=1400 audit(0.0:32916): avc: denied { read } for comm="NativeThread" name="unix" dev="proc" ino=4026532289 scontext=u:r:untrusted_app_27:s0:c512,c768 tcontext=u:object_r:proc_net:s0 tclass=file permissive=0 app=com.alibaba.android.rimet
09-23 00:55:06.271 I/auditd ( 3555): type=1400 audit(0.0:32917): avc: denied { read } for comm="NativeThread" name="version" dev="proc" ino=4026532265 scontext=u:r:untrusted_app_27:s0:c512,c768 tcontext=u:object_r:proc_version:s0 tclass=file permissive=0 app=com.alibaba.android.rimet
09-23 00:55:06.271 I/auditd ( 3555): type=1400 audit(0.0:32918): avc: denied { ioctl } for comm="NativeThread" path="socket:[482736]" dev="sockfs" ino=482736 ioctlcmd=0x8927 scontext=u:r:untrusted_app_27:s0:c512,c768 tcontext=u:r:untrusted_app_27:s0:c512,c768 tclass=udp_socket permissive=0 app=com.alibaba.android.rimet
09-23 00:55:06.651 I/auditd ( 3555): type=1400 audit(0.0:32932): avc: denied { read } for comm="NativeThread" name="unix" dev="proc" ino=4026532289 scontext=u:r:untrusted_app_27:s0:c512,c768 tcontext=u:object_r:proc_net:s0 tclass=file permissive=0 app=com.alibaba.android.rimet
09-23 00:55:07.481 I/settings_latency(31841): [1,21]
09-23 00:55:07.719 I/settings_latency(31841): [1,19]
09-23 00:55:07.868 I/settings_latency(31841): [1,16]
09-23 00:55:08.696 I/settings_latency(31841): [1,18]
09-23 00:55:09.098 I/settings_latency(31841): [1,18]
09-23 00:55:09.148 I/settings_latency(31841): [1,16]
09-23 00:55:09.163 I/auditd ( 3555): type=1400 audit(0.0:32933): avc: granted { nlmsg_readpriv } for comm="DaemonThread-6" scontext=u:r:untrusted_app_27:s0:c512,c768 tcontext=u:r:untrusted_app_27:s0:c512,c768 tclass=netlink_route_socket app=com.alibaba.android.rimet
09-23 00:55:09.675 I/input_interaction( 1489): Interaction with: f0ae6fe com.android.settings.intelligence/com.android.settings.intelligence.search.SearchActivity (server), edge-swipe (server), swipe-up (server), PointerEventDispatcher0 (server),
09-23 00:55:10.139 I/auditd ( 3555): type=1400 audit(0.0:32934): avc: granted { nlmsg_readpriv } for comm="DaemonThread-6" scontext=u:r:untrusted_app_27:s0:c512,c768 tcontext=u:r:untrusted_app_27:s0:c512,c768 tclass=netlink_route_socket app=com.alibaba.android.rimet
09-23 00:55:11.054 I/am_pss ( 1489): [3707,10108,com.smile.gifmaker,155987968,94294016,0,305582080,0,8,20]
09-23 00:55:11.066 I/am_pss ( 1489): [4190,10108,com.smile.gifmaker:push_v3,77407232,21430272,0,207650816,0,8,10]
09-23 00:55:11.121 I/input_interaction( 1489): Interaction with: f0ae6fe com.android.settings.intelligence/com.android.settings.intelligence.search.SearchActivity (server), PointerEventDispatcher0 (server),
09-23 00:55:11.195 I/auditd ( 3555): type=1400 audit(0.0:32935): avc: denied { read } for comm="NativeThread" name="unix" dev="proc" ino=4026532289 scontext=u:r:untrusted_app_27:s0:c512,c768 tcontext=u:object_r:proc_net:s0 tclass=file permissive=0 app=com.alibaba.android.rimet
09-23 00:55:11.206 I/settings_latency(31841): [1,20]
09-23 00:55:11.311 I/am_uid_idle( 1489): 10078
09-23 00:55:11.307 I/auditd (14035): type=1400 audit(0.0:32936): avc: denied { read } for comm="mars::32169" name="route" dev="proc" ino=4026532275 scontext=u:r:untrusted_app_29:s0:c105,c256,c512,c768 tcontext=u:object_r:proc_net:s0 tclass=file permissive=0 app=com.tencent.mm
09-23 00:55:11.307 I/auditd (14035): type=1400 audit(0.0:32937): avc: granted { nlmsg_readpriv } for comm="mars::32169" scontext=u:r:untrusted_app_29:s0:c105,c256,c512,c768 tcontext=u:r:untrusted_app_29:s0:c105,c256,c512,c768 tclass=netlink_route_socket app=com.tencent.mm
09-23 00:55:11.307 I/auditd (14035): type=1400 audit(0.0:32938): avc: granted { nlmsg_readpriv } for comm="mars::32169" scontext=u:r:untrusted_app_29:s0:c105,c256,c512,c768 tcontext=u:r:untrusted_app_29:s0:c105,c256,c512,c768 tclass=netlink_route_socket app=com.tencent.mm
09-23 00:55:11.335 I/auditd (32177): type=1400 audit(0.0:32939): avc: granted { bind } for comm="ip" scontext=u:r:untrusted_app_29:s0:c105,c256,c512,c768 tcontext=u:r:untrusted_app_29:s0:c105,c256,c512,c768 tclass=netlink_route_socket app=com.tencent.mm
09-23 00:55:11.384 I/am_uid_idle( 1489): 10092
09-23 00:55:11.510 I/settings_latency(31841): [1,166]
09-23 00:55:11.559 I/auditd ( 3555): type=1400 audit(0.0:32940): avc: denied { read } for comm="NativeThread" name="unix" dev="proc" ino=4026532289 scontext=u:r:untrusted_app_27:s0:c512,c768 tcontext=u:object_r:proc_net:s0 tclass=file permissive=0 app=com.alibaba.android.rimet
09-23 00:55:11.771 I/am_uid_idle( 1489): 10031
09-23 00:55:12.002 I/settings_latency(31841): [1,41]
09-23 00:55:12.011 I/auditd ( 3555): type=1400 audit(0.0:32941): avc: denied { read } for comm="NativeThread" name="unix" dev="proc" ino=4026532289 scontext=u:r:untrusted_app_27:s0:c512,c768 tcontext=u:object_r:proc_net:s0 tclass=file permissive=0 app=com.alibaba.android.rimet
09-23 00:55:12.347 I/auditd ( 3555): type=1400 audit(0.0:32957): avc: denied { read } for comm="NativeThread" name="unix" dev="proc" ino=4026532289 scontext=u:r:untrusted_app_27:s0:c512,c768 tcontext=u:object_r:proc_net:s0 tclass=file permissive=0 app=com.alibaba.android.rimet
09-23 00:55:12.657 I/settings_latency(31841): [1,14]
09-23 00:55:12.809 I/settings_latency(31841): [1,20]
09-23 00:55:13.440 I/settings_latency(31841): [1,21]
09-23 00:55:13.543 I/settings_latency(31841): [1,21]
09-23 00:55:13.557 I/settings_latency(31841): [1,13]
09-23 00:55:15.211 I/settings_latency(31841): [1,20]
09-23 00:55:15.647 I/settings_latency(31841): [1,16]
09-23 00:55:15.851 I/settings_latency(31841): [1,18]
09-23 00:55:15.881 I/settings_latency(31841): [1,16]
09-23 00:55:16.388 I/service_manager_stats( 1489): [100,51,43047]
09-23 00:55:16.983 I/auditd ( 3555): type=1400 audit(0.0:32958): avc: denied { read } for comm="NativeThread" name="unix" dev="proc" ino=4026532289 scontext=u:r:untrusted_app_27:s0:c512,c768 tcontext=u:object_r:proc_net:s0 tclass=file permissive=0 app=com.alibaba.android.rimet
09-23 00:55:17.407 I/auditd ( 3555): type=1400 audit(0.0:32959): avc: denied { read } for comm="NativeThread" name="unix" dev="proc" ino=4026532289 scontext=u:r:untrusted_app_27:s0:c512,c768 tcontext=u:object_r:proc_net:s0 tclass=file permissive=0 app=com.alibaba.android.rimet
09-23 00:55:17.487 I/settings_latency(31841): [1,12]
09-23 00:55:17.759 I/auditd ( 3555): type=1400 audit(0.0:32960): avc: denied { read } for comm="NativeThread" name="unix" dev="proc" ino=4026532289 scontext=u:r:untrusted_app_27:s0:c512,c768 tcontext=u:object_r:proc_net:s0 tclass=file permissive=0 app=com.alibaba.android.rimet
09-23 00:55:17.763 I/auditd ( 3555): type=1400 audit(0.0:32961): avc: denied { read } for comm="NativeThread" name="version" dev="proc" ino=4026532265 scontext=u:r:untrusted_app_27:s0:c512,c768 tcontext=u:object_r:proc_version:s0 tclass=file permissive=0 app=com.alibaba.android.rimet
09-23 00:55:17.767 I/auditd ( 3555): type=1400 audit(0.0:32962): avc: denied { ioctl } for comm="NativeThread" path="socket:[482023]" dev="sockfs" ino=482023 ioctlcmd=0x8927 scontext=u:r:untrusted_app_27:s0:c512,c768 tcontext=u:r:untrusted_app_27:s0:c512,c768 tclass=udp_socket permissive=0 app=com.alibaba.android.rimet
09-23 00:55:17.767 I/auditd ( 3555): type=1400 audit(0.0:32963): avc: denied { ioctl } for comm="NativeThread" path="socket:[482023]" dev="sockfs" ino=482023 ioctlcmd=0x8927 scontext=u:r:untrusted_app_27:s0:c512,c768 tcontext=u:r:untrusted_app_27:s0:c512,c768 tclass=udp_socket permissive=0 app=com.alibaba.android.rimet
09-23 00:55:17.767 I/auditd ( 3555): type=1400 audit(0.0:32964): avc: denied { ioctl } for comm="NativeThread" path="socket:[482023]" dev="sockfs" ino=482023 ioctlcmd=0x8927 scontext=u:r:untrusted_app_27:s0:c512,c768 tcontext=u:r:untrusted_app_27:s0:c512,c768 tclass=udp_socket permissive=0 app=com.alibaba.android.rimet
09-23 00:55:17.767 I/auditd ( 3555): type=1400 audit(0.0:32965): avc: denied { ioctl } for comm="NativeThread" path="socket:[482023]" dev="sockfs" ino=482023 ioctlcmd=0x8927 scontext=u:r:untrusted_app_27:s0:c512,c768 tcontext=u:r:untrusted_app_27:s0:c512,c768 tclass=udp_socket permissive=0 app=com.alibaba.android.rimet
09-23 00:55:17.767 I/auditd ( 3555): type=1400 audit(0.0:32966): avc: denied { ioctl } for comm="NativeThread" path="socket:[482023]" dev="sockfs" ino=482023 ioctlcmd=0x8927 scontext=u:r:untrusted_app_27:s0:c512,c768 tcontext=u:r:untrusted_app_27:s0:c512,c768 tclass=udp_socket permissive=0 app=com.alibaba.android.rimet
09-23 00:55:17.783 I/settings_latency(31841): [1,157]
09-23 00:55:18.634 I/settings_latency(31841): [1,43]
09-23 00:55:20.051 I/auditd (32034): type=1400 audit(0.0:32977): avc: denied { read } for comm="DaemonThread-6" name="cache" dev="dm-5" ino=16 scontext=u:r:untrusted_app_27:s0:c512,c768 tcontext=u:object_r:cache_file:s0 tclass=lnk_file permissive=0 app=com.alibaba.android.rimet
09-23 00:55:20.051 I/auditd (32034): type=1400 audit(0.0:32978): avc: denied { read } for comm="DaemonThread-6" name="cache" dev="dm-5" ino=16 scontext=u:r:untrusted_app_27:s0:c512,c768 tcontext=u:object_r:cache_file:s0 tclass=lnk_file permissive=0 app=com.alibaba.android.rimet
09-23 00:55:20.051 I/auditd (32034): type=1400 audit(0.0:32979): avc: denied { getattr } for comm="DaemonThread-6" path="/proc/kmsg" dev="proc" ino=4026532267 scontext=u:r:untrusted_app_27:s0:c512,c768 tcontext=u:object_r:proc_kmsg:s0 tclass=file permissive=0 app=com.alibaba.android.rimet
09-23 00:55:20.051 I/auditd (32034): type=1400 audit(0.0:32980): avc: denied { getattr } for comm="DaemonThread-6" path="/proc/keys" dev="proc" ino=4026532317 scontext=u:r:untrusted_app_27:s0:c512,c768 tcontext=u:object_r:proc_keys:s0 tclass=file permissive=0 app=com.alibaba.android.rimet
09-23 00:55:20.051 I/auditd (32034): type=1400 audit(0.0:32981): avc: denied { getattr } for comm="DaemonThread-6" path="/proc/swaps" dev="proc" ino=4026532312 scontext=u:r:untrusted_app_27:s0:c512,c768 tcontext=u:object_r:proc_swaps:s0 tclass=file permissive=0 app=com.alibaba.android.rimet
09-23 00:55:21.522 I/settings_latency(31841): [1,32]
09-23 00:55:21.790 I/settings_latency(31841): [1,51]
09-23 00:55:21.945 I/settings_latency(31841): [1,27]
09-23 00:55:22.365 I/settings_latency(31841): [1,136]
09-23 00:55:22.530 I/settings_latency(31841): [1,12]
09-23 00:55:22.636 I/settings_latency(31841): [1,18]
09-23 00:55:22.648 I/settings_latency(31841): [1,10]
09-23 00:55:22.683 I/auditd ( 3555): type=1400 audit(0.0:32986): avc: denied { read } for comm="NativeThread" name="unix" dev="proc" ino=4026532289 scontext=u:r:untrusted_app_27:s0:c512,c768 tcontext=u:object_r:proc_net:s0 tclass=file permissive=0 app=com.alibaba.android.rimet
09-23 00:55:22.784 I/settings_latency(31841): [1,14]
09-23 00:55:23.059 I/auditd ( 3555): type=1400 audit(0.0:32987): avc: denied { read } for comm="NativeThread" name="unix" dev="proc" ino=4026532289 scontext=u:r:untrusted_app_27:s0:c512,c768 tcontext=u:object_r:proc_net:s0 tclass=file permissive=0 app=com.alibaba.android.rimet
09-23 00:55:23.207 I/settings_latency(31841): [1,58]
09-23 00:55:23.435 I/auditd ( 3555): type=1400 audit(0.0:32988): avc: denied { read } for comm="NativeThread" name="unix" dev="proc" ino=4026532289 scontext=u:r:untrusted_app_27:s0:c512,c768 tcontext=u:object_r:proc_net:s0 tclass=file permissive=0 app=com.alibaba.android.rimet
09-23 00:55:23.439 I/auditd ( 3555): type=1400 audit(0.0:32989): avc: denied { read } for comm="NativeThread" name="version" dev="proc" ino=4026532265 scontext=u:r:untrusted_app_27:s0:c512,c768 tcontext=u:object_r:proc_version:s0 tclass=file permissive=0 app=com.alibaba.android.rimet
09-23 00:55:23.439 I/auditd ( 3555): type=1400 audit(0.0:32990): avc: denied { ioctl } for comm="NativeThread" path="socket:[482164]" dev="sockfs" ino=482164 ioctlcmd=0x8927 scontext=u:r:untrusted_app_27:s0:c512,c768 tcontext=u:r:untrusted_app_27:s0:c512,c768 tclass=udp_socket permissive=0 app=com.alibaba.android.rimet
09-23 00:55:23.466 I/settings_latency(31841): [1,16]
09-23 00:55:23.484 I/settings_latency(31841): [1,14]
09-23 00:55:23.605 I/settings_latency(31841): [1,17]
09-23 00:55:23.615 I/settings_latency(31841): [1,9]
09-23 00:55:23.819 I/auditd ( 3555): type=1400 audit(0.0:33004): avc: denied { read } for comm="NativeThread" name="unix" dev="proc" ino=4026532289 scontext=u:r:untrusted_app_27:s0:c512,c768 tcontext=u:object_r:proc_net:s0 tclass=file permissive=0 app=com.alibaba.android.rimet
09-23 00:55:23.849 I/settings_latency(31841): [1,27]
09-23 00:55:24.202 I/settings_latency(31841): [1,60]
09-23 00:55:26.516 I/settings_latency(31841): [1,166]
09-23 00:55:27.465 I/settings_latency(31841): [1,151]
09-23 00:55:27.692 I/settings_latency(31841): [1,16]
09-23 00:55:28.045 I/settings_latency(31841): [1,161]
09-23 00:55:28.163 I/settings_latency(31841): [1,13]
09-23 00:55:28.287 I/auditd ( 3555): type=1400 audit(0.0:33005): avc: denied { read } for comm="NativeThread" name="unix" dev="proc" ino=4026532289 scontext=u:r:untrusted_app_27:s0:c512,c768 tcontext=u:object_r:proc_net:s0 tclass=file permissive=0 app=com.alibaba.android.rimet
09-23 00:55:28.310 I/settings_latency(31841): [1,145]
09-23 00:55:28.403 I/settings_latency(31841): [1,19]
09-23 00:55:28.418 I/settings_latency(31841): [1,14]
09-23 00:55:28.671 I/auditd ( 3555): type=1400 audit(0.0:33006): avc: denied { read } for comm="NativeThread" name="unix" dev="proc" ino=4026532289 scontext=u:r:untrusted_app_27:s0:c512,c768 tcontext=u:object_r:proc_net:s0 tclass=file permissive=0 app=com.alibaba.android.rimet
09-23 00:55:28.726 I/settings_latency(31841): [1,164]
09-23 00:55:29.063 I/auditd ( 3555): type=1400 audit(0.0:33007): avc: denied { read } for comm="NativeThread" name="unix" dev="proc" ino=4026532289 scontext=u:r:untrusted_app_27:s0:c512,c768 tcontext=u:object_r:proc_net:s0 tclass=file permissive=0 app=com.alibaba.android.rimet
