09-23 01:14:29.538 I/input_focus( 1489): [Focus leaving 456c4b5 com.android.settings/com.android.settings.Settings (server),reason=setFocusedWindow]
09-23 01:14:29.538 I/input_focus( 1489): [Focus entering 913cdb2 NotificationShade (server),reason=setFocusedWindow]
09-23 01:14:29.547 I/sysui_multi_action( 1834): [757,111,758,2]
09-23 01:14:29.547 I/notification_enqueue( 1489): [10081,1834,com.android.systemui,2048,NULL,0,Notification(channel=updateNotification shortcut=null contentView=null vibrate=null sound=null defaults=0x0 flags=0x0 color=0x00000000 vis=PRIVATE),1]
09-23 01:14:29.547 I/sysui_multi_action( 1834): [757,111,758,2]
09-23 01:14:29.552 I/sysui_multi_action( 1834): [757,111,758,1]
09-23 01:14:29.552 I/sysui_multi_action( 1834): [757,126,758,1,759,126,927,0,928,1,1593,0]
09-23 01:14:29.552 I/sysui_multi_action( 1834): [757,113,758,1,759,113,927,1,928,1,1593,0]
09-23 01:14:29.552 I/sysui_multi_action( 1834): [757,0,758,1,759,0,927,2,928,0,1593,0]
09-23 01:14:29.552 I/sysui_multi_action( 1834): [757,0,758,1,759,0,927,3,928,0,1593,0]
09-23 01:14:29.552 I/sysui_multi_action( 1834): [757,1706,758,1,759,1706,927,4,928,0,1593,0]
09-23 01:14:29.552 I/sysui_multi_action( 1834): [757,491,758,1,759,491,927,5,928,0,1311,-1,1593,1]
09-23 01:14:29.553 I/sysui_multi_action( 1834): [757,0,758,1,759,0,927,6,928,0,1593,1]
09-23 01:14:29.553 I/sysui_multi_action( 1834): [757,114,758,1,759,114,927,7,928,0,1593,1]
09-23 01:14:29.553 I/sysui_multi_action( 1834): [757,111,758,1]
09-23 01:14:29.553 I/sysui_multi_action( 1834): [757,126,758,1,759,126,927,0,928,1,1593,0]
09-23 01:14:29.553 I/sysui_multi_action( 1834): [757,113,758,1,759,113,927,1,928,1,1593,0]
09-23 01:14:29.553 I/sysui_multi_action( 1834): [757,0,758,1,759,0,927,2,928,0,1593,0]
09-23 01:14:29.553 I/sysui_multi_action( 1834): [757,0,758,1,759,0,927,3,928,0,1593,0]
09-23 01:14:29.561 I/sysui_multi_action( 1834): [757,111,758,2]
09-23 01:14:29.561 I/sysui_multi_action( 1834): [757,111,758,2]
09-23 01:14:29.561 I/notification_enqueue( 1489): [10081,1834,com.android.systemui,2048,NULL,0,Notification(channel=updateNotification shortcut=null contentView=null vibrate=null sound=null defaults=0x0 flags=0x0 color=0x00000000 vis=PRIVATE),1]
09-23 01:14:29.564 I/sysui_multi_action( 1834): [757,111,758,1]
09-23 01:14:29.564 I/sysui_multi_action( 1834): [757,126,758,1,759,126,927,0,928,1,1593,1]
09-23 01:14:29.564 I/sysui_multi_action( 1834): [757,113,758,1,759,113,927,1,928,1,1593,1]
09-23 01:14:29.564 I/sysui_multi_action( 1834): [757,0,758,1,759,0,927,2,928,0,1593,1]
09-23 01:14:29.564 I/sysui_multi_action( 1834): [757,0,758,1,759,0,927,3,928,0,1593,1]
09-23 01:14:29.564 I/sysui_multi_action( 1834): [757,1706,758,1,759,1706,927,4,928,0,1593,1]
09-23 01:14:29.564 I/sysui_multi_action( 1834): [757,491,758,1,759,491,927,5,928,0,1311,-1,1593,1]
09-23 01:14:29.564 I/sysui_multi_action( 1834): [757,0,758,1,759,0,927,6,928,0,1593,1]
09-23 01:14:29.564 I/sysui_multi_action( 1834): [757,114,758,1,759,114,927,7,928,0,1593,1]
09-23 01:14:29.564 I/sysui_multi_action( 1834): [757,111,758,1]
09-23 01:14:29.564 I/sysui_multi_action( 1834): [757,126,758,1,759,126,927,0,928,1,1593,1]
09-23 01:14:29.565 I/sysui_multi_action( 1834): [757,113,758,1,759,113,927,1,928,1,1593,1]
09-23 01:14:29.565 I/sysui_multi_action( 1834): [757,0,758,1,759,0,927,2,928,0,1593,1]
09-23 01:14:29.565 I/sysui_multi_action( 1834): [757,0,758,1,759,0,927,3,928,0,1593,1]
09-23 01:14:29.572 I/sysui_multi_action( 1834): [757,111,758,2]
09-23 01:14:29.572 I/sysui_multi_action( 1834): [757,111,758,2]
09-23 01:14:29.572 I/notification_enqueue( 1489): [10081,1834,com.android.systemui,2048,NULL,0,Notification(channel=updateNotification shortcut=null contentView=null vibrate=null sound=null defaults=0x0 flags=0x0 color=0x00000000 vis=PRIVATE),1]
09-23 01:14:29.574 I/sysui_multi_action( 1834): [757,111,758,1]
09-23 01:14:29.574 I/sysui_multi_action( 1834): [757,126,758,1,759,126,927,0,928,1,1593,1]
09-23 01:14:29.574 I/sysui_multi_action( 1834): [757,113,758,1,759,113,927,1,928,1,1593,1]
09-23 01:14:29.574 I/sysui_multi_action( 1834): [757,0,758,1,759,0,927,2,928,0,1593,1]
09-23 01:14:29.575 I/sysui_multi_action( 1834): [757,0,758,1,759,0,927,3,928,0,1593,1]
09-23 01:14:29.575 I/sysui_multi_action( 1834): [757,1706,758,1,759,1706,927,4,928,0,1593,1]
09-23 01:14:29.575 I/sysui_multi_action( 1834): [757,491,758,1,759,491,927,5,928,0,1311,-1,1593,1]
09-23 01:14:29.575 I/sysui_multi_action( 1834): [757,0,758,1,759,0,927,6,928,0,1593,1]
09-23 01:14:29.575 I/sysui_multi_action( 1834): [757,114,758,1,759,114,927,7,928,0,1593,1]
09-23 01:14:29.575 I/sysui_multi_action( 1834): [757,111,758,1]
09-23 01:14:29.575 I/sysui_multi_action( 1834): [757,126,758,1,759,126,927,0,928,1,1593,1]
09-23 01:14:29.575 I/sysui_multi_action( 1834): [757,113,758,1,759,113,927,1,928,1,1593,1]
09-23 01:14:29.575 I/sysui_multi_action( 1834): [757,0,758,1,759,0,927,2,928,0,1593,1]
09-23 01:14:29.575 I/sysui_multi_action( 1834): [757,0,758,1,759,0,927,3,928,0,1593,1]
09-23 01:14:29.586 I/sysui_multi_action( 1834): [757,111,758,2]
09-23 01:14:29.587 I/sysui_multi_action( 1834): [757,111,758,2]
09-23 01:14:29.587 I/notification_enqueue( 1489): [10081,1834,com.android.systemui,2048,NULL,0,Notification(channel=updateNotification shortcut=null contentView=null vibrate=null sound=null defaults=0x0 flags=0x0 color=0x00000000 vis=PRIVATE),1]
09-23 01:14:29.589 I/sysui_multi_action( 1834): [757,111,758,1]
09-23 01:14:29.589 I/sysui_multi_action( 1834): [757,126,758,1,759,126,927,0,928,1,1593,1]
09-23 01:14:29.590 I/sysui_multi_action( 1834): [757,113,758,1,759,113,927,1,928,1,1593,1]
09-23 01:14:29.590 I/sysui_multi_action( 1834): [757,0,758,1,759,0,927,2,928,0,1593,1]
09-23 01:14:29.590 I/sysui_multi_action( 1834): [757,0,758,1,759,0,927,3,928,0,1593,1]
09-23 01:14:29.590 I/sysui_multi_action( 1834): [757,1706,758,1,759,1706,927,4,928,0,1593,1]
09-23 01:14:29.590 I/sysui_multi_action( 1834): [757,491,758,1,759,491,927,5,928,0,1311,-1,1593,1]
09-23 01:14:29.590 I/sysui_multi_action( 1834): [757,0,758,1,759,0,927,6,928,0,1593,1]
09-23 01:14:29.590 I/sysui_multi_action( 1834): [757,114,758,1,759,114,927,7,928,0,1593,1]
09-23 01:14:29.590 I/sysui_multi_action( 1834): [757,111,758,1]
09-23 01:14:29.590 I/sysui_multi_action( 1834): [757,126,758,1,759,126,927,0,928,1,1593,1]
09-23 01:14:29.590 I/sysui_multi_action( 1834): [757,113,758,1,759,113,927,1,928,1,1593,1]
09-23 01:14:29.590 I/sysui_multi_action( 1834): [757,0,758,1,759,0,927,2,928,0,1593,1]
09-23 01:14:29.590 I/sysui_multi_action( 1834): [757,0,758,1,759,0,927,3,928,0,1593,1]
09-23 01:14:29.603 I/sysui_multi_action( 1834): [757,111,758,2]
09-23 01:14:29.603 I/sysui_multi_action( 1834): [757,111,758,2]
09-23 01:14:29.603 I/notification_enqueue( 1489): [10081,1834,com.android.systemui,2048,NULL,0,Notification(channel=updateNotification shortcut=null contentView=null vibrate=null sound=null defaults=0x0 flags=0x0 color=0x00000000 vis=PRIVATE),1]
09-23 01:14:29.606 I/sysui_multi_action( 1834): [757,111,758,1]
09-23 01:14:29.606 I/sysui_multi_action( 1834): [757,126,758,1,759,126,927,0,928,1,1593,1]
09-23 01:14:29.606 I/sysui_multi_action( 1834): [757,113,758,1,759,113,927,1,928,1,1593,1]
09-23 01:14:29.607 I/sysui_multi_action( 1834): [757,0,758,1,759,0,927,2,928,0,1593,1]
09-23 01:14:29.607 I/sysui_multi_action( 1834): [757,0,758,1,759,0,927,3,928,0,1593,1]
09-23 01:14:29.607 I/sysui_multi_action( 1834): [757,1706,758,1,759,1706,927,4,928,0,1593,1]
09-23 01:14:29.607 I/sysui_multi_action( 1834): [757,491,758,1,759,491,927,5,928,0,1311,-1,1593,1]
09-23 01:14:29.607 I/sysui_multi_action( 1834): [757,0,758,1,759,0,927,6,928,0,1593,1]
09-23 01:14:29.607 I/sysui_multi_action( 1834): [757,114,758,1,759,114,927,7,928,0,1593,1]
09-23 01:14:29.607 I/sysui_multi_action( 1834): [757,111,758,1]
09-23 01:14:29.607 I/sysui_multi_action( 1834): [757,126,758,1,759,126,927,0,928,1,1593,1]
09-23 01:14:29.607 I/sysui_multi_action( 1834): [757,113,758,1,759,113,927,1,928,1,1593,1]
09-23 01:14:29.608 I/sysui_multi_action( 1834): [757,0,758,1,759,0,927,2,928,0,1593,1]
09-23 01:14:29.608 I/sysui_multi_action( 1834): [757,0,758,1,759,0,927,3,928,0,1593,1]
09-23 01:14:29.620 I/sysui_multi_action( 1834): [757,111,758,2]
09-23 01:14:29.620 I/notification_enqueue( 1489): [10081,1834,com.android.systemui,2048,NULL,0,Notification(channel=updateNotification shortcut=null contentView=null vibrate=null sound=null defaults=0x0 flags=0x0 color=0x00000000 vis=PRIVATE),1]
09-23 01:14:29.620 I/sysui_multi_action( 1834): [757,111,758,2]
09-23 01:14:29.623 I/sysui_multi_action( 1834): [757,111,758,1]
09-23 01:14:29.623 I/sysui_multi_action( 1834): [757,126,758,1,759,126,927,0,928,1,1593,1]
09-23 01:14:29.624 I/sysui_multi_action( 1834): [757,113,758,1,759,113,927,1,928,1,1593,1]
09-23 01:14:29.624 I/sysui_multi_action( 1834): [757,0,758,1,759,0,927,2,928,0,1593,1]
09-23 01:14:29.624 I/sysui_multi_action( 1834): [757,0,758,1,759,0,927,3,928,0,1593,1]
09-23 01:14:29.624 I/sysui_multi_action( 1834): [757,1706,758,1,759,1706,927,4,928,0,1593,1]
09-23 01:14:29.624 I/sysui_multi_action( 1834): [757,491,758,1,759,491,927,5,928,0,1311,-1,1593,1]
09-23 01:14:29.624 I/sysui_multi_action( 1834): [757,0,758,1,759,0,927,6,928,0,1593,1]
09-23 01:14:29.624 I/sysui_multi_action( 1834): [757,114,758,1,759,114,927,7,928,0,1593,1]
09-23 01:14:29.624 I/sysui_multi_action( 1834): [757,111,758,1]
09-23 01:14:29.625 I/sysui_multi_action( 1834): [757,126,758,1,759,126,927,0,928,1,1593,1]
09-23 01:14:29.625 I/sysui_multi_action( 1834): [757,113,758,1,759,113,927,1,928,1,1593,1]
09-23 01:14:29.625 I/sysui_multi_action( 1834): [757,0,758,1,759,0,927,2,928,0,1593,1]
09-23 01:14:29.625 I/sysui_multi_action( 1834): [757,0,758,1,759,0,927,3,928,0,1593,1]
09-23 01:14:29.637 I/sysui_multi_action( 1834): [757,111,758,2]
09-23 01:14:29.637 I/sysui_multi_action( 1834): [757,111,758,2]
09-23 01:14:29.637 I/notification_enqueue( 1489): [10081,1834,com.android.systemui,2048,NULL,0,Notification(channel=updateNotification shortcut=null contentView=null vibrate=null sound=null defaults=0x0 flags=0x0 color=0x00000000 vis=PRIVATE),1]
09-23 01:14:29.640 I/sysui_multi_action( 1834): [757,111,758,1]
09-23 01:14:29.640 I/sysui_multi_action( 1834): [757,126,758,1,759,126,927,0,928,1,1593,1]
09-23 01:14:29.640 I/sysui_multi_action( 1834): [757,113,758,1,759,113,927,1,928,1,1593,1]
09-23 01:14:29.641 I/sysui_multi_action( 1834): [757,0,758,1,759,0,927,2,928,0,1593,1]
09-23 01:14:29.641 I/sysui_multi_action( 1834): [757,0,758,1,759,0,927,3,928,0,1593,1]
09-23 01:14:29.641 I/sysui_multi_action( 1834): [757,1706,758,1,759,1706,927,4,928,0,1593,1]
09-23 01:14:29.641 I/sysui_multi_action( 1834): [757,491,758,1,759,491,927,5,928,0,1311,-1,1593,1]
09-23 01:14:29.641 I/sysui_multi_action( 1834): [757,0,758,1,759,0,927,6,928,0,1593,1]
09-23 01:14:29.641 I/sysui_multi_action( 1834): [757,114,758,1,759,114,927,7,928,0,1593,1]
09-23 01:14:29.641 I/sysui_multi_action( 1834): [757,111,758,1]
09-23 01:14:29.641 I/sysui_multi_action( 1834): [757,126,758,1,759,126,927,0,928,1,1593,1]
09-23 01:14:29.641 I/sysui_multi_action( 1834): [757,113,758,1,759,113,927,1,928,1,1593,1]
09-23 01:14:29.641 I/sysui_multi_action( 1834): [757,0,758,1,759,0,927,2,928,0,1593,1]
09-23 01:14:29.641 I/sysui_multi_action( 1834): [757,0,758,1,759,0,927,3,928,0,1593,1]
09-23 01:14:29.654 I/sysui_multi_action( 1834): [757,111,758,2]
09-23 01:14:29.654 I/sysui_multi_action( 1834): [757,111,758,2]
09-23 01:14:29.654 I/notification_enqueue( 1489): [10081,1834,com.android.systemui,2048,NULL,0,Notification(channel=updateNotification shortcut=null contentView=null vibrate=null sound=null defaults=0x0 flags=0x0 color=0x00000000 vis=PRIVATE),1]
09-23 01:14:29.657 I/sysui_multi_action( 1834): [757,111,758,1]
09-23 01:14:29.657 I/sysui_multi_action( 1834): [757,126,758,1,759,126,927,0,928,1,1593,1]
09-23 01:14:29.657 I/sysui_multi_action( 1834): [757,113,758,1,759,113,927,1,928,1,1593,1]
09-23 01:14:29.657 I/sysui_multi_action( 1834): [757,0,758,1,759,0,927,2,928,0,1593,1]
09-23 01:14:29.658 I/sysui_multi_action( 1834): [757,0,758,1,759,0,927,3,928,0,1593,1]
09-23 01:14:29.658 I/sysui_multi_action( 1834): [757,1706,758,1,759,1706,927,4,928,0,1593,1]
09-23 01:14:29.658 I/sysui_multi_action( 1834): [757,491,758,1,759,491,927,5,928,0,1311,-1,1593,1]
09-23 01:14:29.658 I/sysui_multi_action( 1834): [757,0,758,1,759,0,927,6,928,0,1593,1]
09-23 01:14:29.658 I/sysui_multi_action( 1834): [757,114,758,1,759,114,927,7,928,0,1593,1]
09-23 01:14:29.658 I/sysui_multi_action( 1834): [757,111,758,1]
09-23 01:14:29.658 I/sysui_multi_action( 1834): [757,126,758,1,759,126,927,0,928,1,1593,1]
09-23 01:14:29.658 I/sysui_multi_action( 1834): [757,113,758,1,759,113,927,1,928,1,1593,1]
09-23 01:14:29.658 I/sysui_multi_action( 1834): [757,0,758,1,759,0,927,2,928,0,1593,1]
09-23 01:14:29.658 I/sysui_multi_action( 1834): [757,0,758,1,759,0,927,3,928,0,1593,1]
09-23 01:14:29.670 I/sysui_multi_action( 1834): [757,111,758,2]
09-23 01:14:29.670 I/sysui_multi_action( 1834): [757,111,758,2]
09-23 01:14:29.670 I/notification_enqueue( 1489): [10081,1834,com.android.systemui,2048,NULL,0,Notification(channel=updateNotification shortcut=null contentView=null vibrate=null sound=null defaults=0x0 flags=0x0 color=0x00000000 vis=PRIVATE),1]
09-23 01:14:29.673 I/sysui_multi_action( 1834): [757,111,758,1]
09-23 01:14:29.674 I/sysui_multi_action( 1834): [757,126,758,1,759,126,927,0,928,1,1593,1]
09-23 01:14:29.674 I/sysui_multi_action( 1834): [757,113,758,1,759,113,927,1,928,1,1593,1]
09-23 01:14:29.674 I/sysui_multi_action( 1834): [757,0,758,1,759,0,927,2,928,0,1593,1]
09-23 01:14:29.674 I/sysui_multi_action( 1834): [757,0,758,1,759,0,927,3,928,0,1593,1]
09-23 01:14:29.674 I/sysui_multi_action( 1834): [757,1706,758,1,759,1706,927,4,928,0,1593,1]
09-23 01:14:29.674 I/sysui_multi_action( 1834): [757,491,758,1,759,491,927,5,928,0,1311,-1,1593,1]
09-23 01:14:29.674 I/sysui_multi_action( 1834): [757,0,758,1,759,0,927,6,928,0,1593,1]
09-23 01:14:29.674 I/sysui_multi_action( 1834): [757,114,758,1,759,114,927,7,928,0,1593,1]
09-23 01:14:29.675 I/sysui_multi_action( 1834): [757,111,758,1]
09-23 01:14:29.675 I/sysui_multi_action( 1834): [757,126,758,1,759,126,927,0,928,1,1593,1]
09-23 01:14:29.675 I/sysui_multi_action( 1834): [757,113,758,1,759,113,927,1,928,1,1593,1]
09-23 01:14:29.675 I/sysui_multi_action( 1834): [757,0,758,1,759,0,927,2,928,0,1593,1]
09-23 01:14:29.675 I/sysui_multi_action( 1834): [757,0,758,1,759,0,927,3,928,0,1593,1]
09-23 01:14:29.700 I/sysui_multi_action( 1489): [757,1501,758,1,793,10056955,794,0,795,203,796,2048,806,com.android.systemui,857,updateNotification,858,3,947,0,1500,0,1688,1]
09-23 01:14:29.700 I/sysui_multi_action( 1489): [757,804,799,note_interruptive,801,0,802,1]
09-23 01:14:29.700 I/sysui_multi_action( 1489): [757,199,758,1,759,2,793,10056956,794,0,795,204,796,2048,806,com.android.systemui,857,updateNotification,858,3,947,0,1500,1,1688,1]
09-23 01:14:29.700 I/notification_alert( 1489): [0|com.android.systemui|2048|null|10081,0,1,0]
09-23 01:14:30.048 I/sysui_multi_action( 1489): [757,128,758,1,793,10038837,794,0,795,10038837,796,26,798,0,806,android,857,DEVELOPER_IMPORTANT,858,4,947,0,1395,4,1500,10038632,1688,1]
09-23 01:14:30.049 I/sysui_multi_action( 1489): [757,804,799,note_freshness,801,10038837,802,1]
09-23 01:14:30.049 I/notification_visibility( 1489): [-1|android|26|null|1000,1,10038837,10038837,0,0]
09-23 01:14:30.050 I/sysui_multi_action( 1489): [757,128,758,1,793,4047011,794,0,795,441876,796,17303299,797,com.android.wifi,798,2,806,android,857,NETWORK_AVAILABLE,858,2,947,0,1395,4,1500,441674,1688,1]
09-23 01:14:30.050 I/sysui_multi_action( 1489): [757,1501,758,1,793,4047011,794,0,795,441876,796,17303299,797,com.android.wifi,806,android,857,NETWORK_AVAILABLE,858,2,947,0,1500,0,1688,1]
09-23 01:14:30.051 I/sysui_multi_action( 1489): [757,804,799,note_interruptive,801,0,802,1]
09-23 01:14:30.051 I/sysui_multi_action( 1489): [757,804,799,note_freshness,801,441876,802,1]
09-23 01:14:30.051 I/notification_visibility( 1489): [0|android|17303299|com.android.wifi|1000,1,4047011,441876,0,2]
09-23 01:14:30.051 I/sysui_multi_action( 1489): [757,128,758,1,793,10038844,794,0,795,10038844,796,32,798,3,806,android,857,USB,858,1,947,0,1395,4,1500,10038641,1688,1]
09-23 01:14:30.052 I/sysui_multi_action( 1489): [757,804,799,note_freshness,801,10038844,802,1]
09-23 01:14:30.052 I/notification_visibility( 1489): [-1|android|32|null|1000,1,10038844,10038844,0,3]
09-23 01:14:30.053 I/sysui_multi_action( 1489): [757,128,758,1,793,365511,794,0,795,365511,796,19,798,1,806,android,857,PHYSICAL_KEYBOARD,858,3,947,0,1395,4,1500,365307,1688,1]
09-23 01:14:30.053 I/sysui_multi_action( 1489): [757,804,799,note_freshness,801,365511,802,1]
09-23 01:14:30.053 I/notification_visibility( 1489): [-1|android|19|null|1000,1,365511,365511,0,1]
09-23 01:14:30.191 I/sysui_multi_action( 1834): [757,111,758,2]
09-23 01:14:30.191 I/sysui_multi_action( 1834): [757,111,758,2]
09-23 01:14:30.191 I/notification_enqueue( 1489): [10081,1834,com.android.systemui,2048,NULL,0,Notification(channel=updateNotification shortcut=null contentView=null vibrate=null sound=null defaults=0x0 flags=0x0 color=0x00000000 vis=PRIVATE),1]
09-23 01:14:30.194 I/sysui_multi_action( 1834): [757,111,758,1]
09-23 01:14:30.195 I/sysui_multi_action( 1834): [757,126,758,1,759,126,927,0,928,1,1593,0]
09-23 01:14:30.195 I/sysui_multi_action( 1834): [757,113,758,1,759,113,927,1,928,1,1593,0]
09-23 01:14:30.195 I/sysui_multi_action( 1834): [757,0,758,1,759,0,927,2,928,0,1593,0]
09-23 01:14:30.195 I/sysui_multi_action( 1834): [757,0,758,1,759,0,927,3,928,0,1593,0]
09-23 01:14:30.195 I/sysui_multi_action( 1834): [757,1706,758,1,759,1706,927,4,928,0,1593,0]
09-23 01:14:30.197 I/sysui_multi_action( 1834): [757,491,758,1,759,491,927,5,928,0,1311,-1,1593,0]
09-23 01:14:30.197 I/sysui_multi_action( 1834): [757,0,758,1,759,0,927,6,928,0,1593,0]
09-23 01:14:30.197 I/sysui_multi_action( 1834): [757,114,758,1,759,114,927,7,928,0,1593,0]
09-23 01:14:30.197 I/sysui_multi_action( 1834): [757,111,758,1]
09-23 01:14:30.198 I/sysui_multi_action( 1834): [757,126,758,1,759,126,927,0,928,1,1593,1]
09-23 01:14:30.198 I/sysui_multi_action( 1834): [757,113,758,1,759,113,927,1,928,1,1593,1]
09-23 01:14:30.198 I/sysui_multi_action( 1834): [757,0,758,1,759,0,927,2,928,0,1593,1]
09-23 01:14:30.198 I/sysui_multi_action( 1834): [757,0,758,1,759,0,927,3,928,0,1593,1]
09-23 01:14:30.212 I/sysui_multi_action( 1834): [757,111,758,2]
09-23 01:14:30.212 I/sysui_multi_action( 1834): [757,111,758,2]
09-23 01:14:30.212 I/notification_enqueue( 1489): [10081,1834,com.android.systemui,2048,NULL,0,Notification(channel=updateNotification shortcut=null contentView=null vibrate=null sound=null defaults=0x0 flags=0x0 color=0x00000000 vis=PRIVATE),1]
09-23 01:14:30.216 I/sysui_multi_action( 1834): [757,111,758,1]
09-23 01:14:30.216 I/sysui_multi_action( 1834): [757,126,758,1,759,126,927,0,928,1,1593,1]
09-23 01:14:30.216 I/sysui_multi_action( 1834): [757,113,758,1,759,113,927,1,928,1,1593,1]
09-23 01:14:30.216 I/sysui_multi_action( 1834): [757,0,758,1,759,0,927,2,928,0,1593,1]
09-23 01:14:30.216 I/sysui_multi_action( 1834): [757,0,758,1,759,0,927,3,928,0,1593,1]
09-23 01:14:30.216 I/sysui_multi_action( 1834): [757,1706,758,1,759,1706,927,4,928,0,1593,1]
09-23 01:14:30.217 I/sysui_multi_action( 1834): [757,491,758,1,759,491,927,5,928,0,1311,-1,1593,1]
09-23 01:14:30.217 I/sysui_multi_action( 1834): [757,0,758,1,759,0,927,6,928,0,1593,1]
09-23 01:14:30.217 I/sysui_multi_action( 1834): [757,114,758,1,759,114,927,7,928,0,1593,1]
09-23 01:14:30.217 I/sysui_multi_action( 1834): [757,111,758,1]
09-23 01:14:30.217 I/sysui_multi_action( 1834): [757,126,758,1,759,126,927,0,928,1,1593,1]
09-23 01:14:30.217 I/sysui_multi_action( 1834): [757,113,758,1,759,113,927,1,928,1,1593,1]
09-23 01:14:30.217 I/sysui_multi_action( 1834): [757,0,758,1,759,0,927,2,928,0,1593,1]
09-23 01:14:30.217 I/sysui_multi_action( 1834): [757,0,758,1,759,0,927,3,928,0,1593,1]
09-23 01:14:30.229 I/sysui_multi_action( 1834): [757,111,758,2]
09-23 01:14:30.229 I/sysui_multi_action( 1834): [757,111,758,2]
09-23 01:14:30.229 I/notification_enqueue( 1489): [10081,1834,com.android.systemui,2048,NULL,0,Notification(channel=updateNotification shortcut=null contentView=null vibrate=null sound=null defaults=0x0 flags=0x0 color=0x00000000 vis=PRIVATE),1]
09-23 01:14:30.233 I/sysui_multi_action( 1834): [757,111,758,1]
09-23 01:14:30.233 I/sysui_multi_action( 1834): [757,126,758,1,759,126,927,0,928,1,1593,1]
09-23 01:14:30.233 I/sysui_multi_action( 1834): [757,113,758,1,759,113,927,1,928,1,1593,1]
09-23 01:14:30.233 I/sysui_multi_action( 1834): [757,0,758,1,759,0,927,2,928,0,1593,1]
09-23 01:14:30.233 I/sysui_multi_action( 1834): [757,0,758,1,759,0,927,3,928,0,1593,1]
09-23 01:14:30.233 I/sysui_multi_action( 1834): [757,1706,758,1,759,1706,927,4,928,0,1593,1]
09-23 01:14:30.233 I/sysui_multi_action( 1834): [757,491,758,1,759,491,927,5,928,0,1311,-1,1593,1]
09-23 01:14:30.233 I/sysui_multi_action( 1834): [757,0,758,1,759,0,927,6,928,0,1593,1]
09-23 01:14:30.233 I/sysui_multi_action( 1834): [757,114,758,1,759,114,927,7,928,0,1593,1]
09-23 01:14:30.234 I/sysui_multi_action( 1834): [757,111,758,1]
09-23 01:14:30.234 I/sysui_multi_action( 1834): [757,126,758,1,759,126,927,0,928,1,1593,1]
09-23 01:14:30.234 I/sysui_multi_action( 1834): [757,113,758,1,759,113,927,1,928,1,1593,1]
09-23 01:14:30.234 I/sysui_multi_action( 1834): [757,0,758,1,759,0,927,2,928,0,1593,1]
09-23 01:14:30.234 I/sysui_multi_action( 1834): [757,0,758,1,759,0,927,3,928,0,1593,1]
09-23 01:14:30.251 I/sysui_multi_action( 1834): [757,111,758,2]
09-23 01:14:30.251 I/notification_enqueue( 1489): [10081,1834,com.android.systemui,2048,NULL,0,Notification(channel=updateNotification shortcut=null contentView=null vibrate=null sound=null defaults=0x0 flags=0x0 color=0x00000000 vis=PRIVATE),1]
09-23 01:14:30.251 I/sysui_multi_action( 1834): [757,111,758,2]
09-23 01:14:30.255 I/sysui_multi_action( 1834): [757,111,758,1]
09-23 01:14:30.255 I/sysui_multi_action( 1834): [757,126,758,1,759,126,927,0,928,1,1593,0]
09-23 01:14:30.255 I/sysui_multi_action( 1834): [757,113,758,1,759,113,927,1,928,1,1593,0]
09-23 01:14:30.255 I/sysui_multi_action( 1834): [757,0,758,1,759,0,927,2,928,0,1593,0]
09-23 01:14:30.255 I/sysui_multi_action( 1834): [757,0,758,1,759,0,927,3,928,0,1593,0]
09-23 01:14:30.255 I/sysui_multi_action( 1834): [757,1706,758,1,759,1706,927,4,928,0,1593,0]
09-23 01:14:30.255 I/sysui_multi_action( 1834): [757,491,758,1,759,491,927,5,928,0,1311,-1,1593,0]
09-23 01:14:30.256 I/sysui_multi_action( 1834): [757,0,758,1,759,0,927,6,928,0,1593,0]
09-23 01:14:30.256 I/sysui_multi_action( 1834): [757,114,758,1,759,114,927,7,928,0,1593,0]
09-23 01:14:30.256 I/sysui_multi_action( 1834): [757,111,758,1]
09-23 01:14:30.256 I/sysui_multi_action( 1834): [757,126,758,1,759,126,927,0,928,1,1593,1]
09-23 01:14:30.256 I/sysui_multi_action( 1834): [757,113,758,1,759,113,927,1,928,1,1593,1]
09-23 01:14:30.256 I/sysui_multi_action( 1834): [757,0,758,1,759,0,927,2,928,0,1593,1]
09-23 01:14:30.256 I/sysui_multi_action( 1834): [757,0,758,1,759,0,927,3,928,0,1593,1]
09-23 01:14:30.264 I/sysui_multi_action( 1834): [757,111,758,2]
09-23 01:14:30.264 I/notification_enqueue( 1489): [10081,1834,com.android.systemui,2048,NULL,0,Notification(channel=updateNotification shortcut=null contentView=null vibrate=null sound=null defaults=0x0 flags=0x0 color=0x00000000 vis=PRIVATE),1]
09-23 01:14:30.265 I/sysui_multi_action( 1834): [757,111,758,2]
09-23 01:14:30.268 I/sysui_multi_action( 1834): [757,111,758,1]
09-23 01:14:30.268 I/sysui_multi_action( 1834): [757,126,758,1,759,126,927,0,928,1,1593,1]
09-23 01:14:30.268 I/sysui_multi_action( 1834): [757,113,758,1,759,113,927,1,928,1,1593,1]
09-23 01:14:30.268 I/sysui_multi_action( 1834): [757,0,758,1,759,0,927,2,928,0,1593,1]
09-23 01:14:30.268 I/sysui_multi_action( 1834): [757,0,758,1,759,0,927,3,928,0,1593,1]
09-23 01:14:30.268 I/sysui_multi_action( 1834): [757,1706,758,1,759,1706,927,4,928,0,1593,0]
09-23 01:14:30.268 I/sysui_multi_action( 1834): [757,491,758,1,759,491,927,5,928,0,1311,-1,1593,1]
09-23 01:14:30.269 I/sysui_multi_action( 1834): [757,0,758,1,759,0,927,6,928,0,1593,1]
09-23 01:14:30.269 I/sysui_multi_action( 1834): [757,114,758,1,759,114,927,7,928,0,1593,1]
09-23 01:14:30.269 I/sysui_multi_action( 1834): [757,111,758,1]
09-23 01:14:30.269 I/sysui_multi_action( 1834): [757,126,758,1,759,126,927,0,928,1,1593,0]
09-23 01:14:30.269 I/sysui_multi_action( 1834): [757,113,758,1,759,113,927,1,928,1,1593,0]
09-23 01:14:30.269 I/sysui_multi_action( 1834): [757,0,758,1,759,0,927,2,928,0,1593,0]
09-23 01:14:30.269 I/sysui_multi_action( 1834): [757,0,758,1,759,0,927,3,928,0,1593,0]
09-23 01:14:30.276 I/sysui_multi_action( 1834): [757,111,758,2]
09-23 01:14:30.276 I/sysui_multi_action( 1834): [757,111,758,2]
09-23 01:14:30.277 I/notification_enqueue( 1489): [10081,1834,com.android.systemui,2048,NULL,0,Notification(channel=updateNotification shortcut=null contentView=null vibrate=null sound=null defaults=0x0 flags=0x0 color=0x00000000 vis=PRIVATE),1]
09-23 01:14:30.279 I/sysui_multi_action( 1834): [757,111,758,1]
09-23 01:14:30.279 I/sysui_multi_action( 1834): [757,126,758,1,759,126,927,0,928,1,1593,1]
09-23 01:14:30.279 I/sysui_multi_action( 1834): [757,113,758,1,759,113,927,1,928,1,1593,1]
09-23 01:14:30.279 I/sysui_multi_action( 1834): [757,0,758,1,759,0,927,2,928,0,1593,1]
09-23 01:14:30.279 I/sysui_multi_action( 1834): [757,0,758,1,759,0,927,3,928,0,1593,1]
09-23 01:14:30.280 I/sysui_multi_action( 1834): [757,1706,758,1,759,1706,927,4,928,0,1593,1]
09-23 01:14:30.280 I/sysui_multi_action( 1834): [757,491,758,1,759,491,927,5,928,0,1311,-1,1593,1]
09-23 01:14:30.280 I/sysui_multi_action( 1834): [757,0,758,1,759,0,927,6,928,0,1593,1]
09-23 01:14:30.280 I/sysui_multi_action( 1834): [757,114,758,1,759,114,927,7,928,0,1593,1]
09-23 01:14:30.280 I/sysui_multi_action( 1834): [757,111,758,1]
09-23 01:14:30.280 I/sysui_multi_action( 1834): [757,126,758,1,759,126,927,0,928,1,1593,1]
09-23 01:14:30.280 I/sysui_multi_action( 1834): [757,113,758,1,759,113,927,1,928,1,1593,1]
09-23 01:14:30.280 I/sysui_multi_action( 1834): [757,0,758,1,759,0,927,2,928,0,1593,1]
09-23 01:14:30.280 I/sysui_multi_action( 1834): [757,0,758,1,759,0,927,3,928,0,1593,1]
09-23 01:14:30.294 I/sysui_multi_action( 1834): [757,111,758,2]
09-23 01:14:30.294 I/sysui_multi_action( 1834): [757,111,758,2]
09-23 01:14:30.294 I/notification_enqueue( 1489): [10081,1834,com.android.systemui,2048,NULL,0,Notification(channel=updateNotification shortcut=null contentView=null vibrate=null sound=null defaults=0x0 flags=0x0 color=0x00000000 vis=PRIVATE),1]
09-23 01:14:30.297 I/sysui_multi_action( 1834): [757,111,758,1]
09-23 01:14:30.297 I/sysui_multi_action( 1834): [757,126,758,1,759,126,927,0,928,1,1593,1]
09-23 01:14:30.297 I/sysui_multi_action( 1834): [757,113,758,1,759,113,927,1,928,1,1593,1]
09-23 01:14:30.297 I/sysui_multi_action( 1834): [757,0,758,1,759,0,927,2,928,0,1593,1]
09-23 01:14:30.297 I/sysui_multi_action( 1834): [757,0,758,1,759,0,927,3,928,0,1593,1]
09-23 01:14:30.297 I/sysui_multi_action( 1834): [757,1706,758,1,759,1706,927,4,928,0,1593,1]
09-23 01:14:30.297 I/sysui_multi_action( 1834): [757,491,758,1,759,491,927,5,928,0,1311,-1,1593,1]
09-23 01:14:30.297 I/sysui_multi_action( 1834): [757,0,758,1,759,0,927,6,928,0,1593,1]
09-23 01:14:30.297 I/sysui_multi_action( 1834): [757,114,758,1,759,114,927,7,928,0,1593,1]
09-23 01:14:30.297 I/sysui_multi_action( 1834): [757,111,758,1]
09-23 01:14:30.297 I/sysui_multi_action( 1834): [757,126,758,1,759,126,927,0,928,1,1593,1]
09-23 01:14:30.297 I/sysui_multi_action( 1834): [757,113,758,1,759,113,927,1,928,1,1593,1]
09-23 01:14:30.297 I/sysui_multi_action( 1834): [757,0,758,1,759,0,927,2,928,0,1593,1]
09-23 01:14:30.298 I/sysui_multi_action( 1834): [757,0,758,1,759,0,927,3,928,0,1593,1]
09-23 01:14:30.311 I/sysui_multi_action( 1834): [757,111,758,2]
09-23 01:14:30.312 I/sysui_multi_action( 1834): [757,111,758,2]
09-23 01:14:30.312 I/notification_enqueue( 1489): [10081,1834,com.android.systemui,2048,NULL,0,Notification(channel=updateNotification shortcut=null contentView=null vibrate=null sound=null defaults=0x0 flags=0x0 color=0x00000000 vis=PRIVATE),1]
09-23 01:14:30.314 I/sysui_multi_action( 1834): [757,111,758,1]
09-23 01:14:30.314 I/sysui_multi_action( 1834): [757,126,758,1,759,126,927,0,928,1,1593,1]
09-23 01:14:30.314 I/sysui_multi_action( 1834): [757,113,758,1,759,113,927,1,928,1,1593,1]
09-23 01:14:30.314 I/sysui_multi_action( 1834): [757,0,758,1,759,0,927,2,928,0,1593,1]
09-23 01:14:30.314 I/sysui_multi_action( 1834): [757,0,758,1,759,0,927,3,928,0,1593,1]
09-23 01:14:30.314 I/sysui_multi_action( 1834): [757,1706,758,1,759,1706,927,4,928,0,1593,1]
09-23 01:14:30.314 I/sysui_multi_action( 1834): [757,491,758,1,759,491,927,5,928,0,1311,-1,1593,1]
09-23 01:14:30.315 I/sysui_multi_action( 1834): [757,0,758,1,759,0,927,6,928,0,1593,1]
09-23 01:14:30.315 I/sysui_multi_action( 1834): [757,114,758,1,759,114,927,7,928,0,1593,1]
09-23 01:14:30.315 I/sysui_multi_action( 1834): [757,111,758,1]
09-23 01:14:30.315 I/sysui_multi_action( 1834): [757,126,758,1,759,126,927,0,928,1,1593,1]
09-23 01:14:30.315 I/sysui_multi_action( 1834): [757,113,758,1,759,113,927,1,928,1,1593,1]
09-23 01:14:30.315 I/sysui_multi_action( 1834): [757,0,758,1,759,0,927,2,928,0,1593,1]
09-23 01:14:30.315 I/sysui_multi_action( 1834): [757,0,758,1,759,0,927,3,928,0,1593,1]
09-23 01:14:30.322 I/sysui_multi_action( 1834): [757,111,758,2]
09-23 01:14:30.322 I/sysui_multi_action( 1834): [757,111,758,2]
09-23 01:14:30.325 I/sysui_multi_action( 1834): [757,111,758,1]
09-23 01:14:30.325 I/sysui_multi_action( 1834): [757,126,758,1,759,126,927,0,928,1,1593,1]
09-23 01:14:30.325 I/sysui_multi_action( 1834): [757,113,758,1,759,113,927,1,928,1,1593,1]
09-23 01:14:30.325 I/sysui_multi_action( 1834): [757,0,758,1,759,0,927,2,928,0,1593,1]
09-23 01:14:30.325 I/sysui_multi_action( 1834): [757,0,758,1,759,0,927,3,928,0,1593,1]
09-23 01:14:30.325 I/sysui_multi_action( 1834): [757,1706,758,1,759,1706,927,4,928,0,1593,1]
09-23 01:14:30.325 I/sysui_multi_action( 1834): [757,491,758,1,759,491,927,5,928,0,1311,-1,1593,1]
09-23 01:14:30.325 I/sysui_multi_action( 1834): [757,0,758,1,759,0,927,6,928,0,1593,1]
09-23 01:14:30.325 I/sysui_multi_action( 1834): [757,114,758,1,759,114,927,7,928,0,1593,1]
09-23 01:14:30.325 I/sysui_multi_action( 1834): [757,111,758,1]
09-23 01:14:30.326 I/sysui_multi_action( 1834): [757,126,758,1,759,126,927,0,928,1,1593,1]
09-23 01:14:30.326 I/sysui_multi_action( 1834): [757,113,758,1,759,113,927,1,928,1,1593,1]
09-23 01:14:30.326 I/sysui_multi_action( 1834): [757,0,758,1,759,0,927,2,928,0,1593,1]
09-23 01:14:30.326 I/sysui_multi_action( 1834): [757,0,758,1,759,0,927,3,928,0,1593,1]
09-23 01:14:30.327 I/notification_enqueue( 1489): [10081,1834,com.android.systemui,2048,NULL,0,Notification(channel=updateNotification shortcut=null contentView=null vibrate=null sound=null defaults=0x0 flags=0x0 color=0x00000000 vis=PRIVATE),1]
09-23 01:14:30.339 I/sysui_multi_action( 1834): [757,111,758,2]
09-23 01:14:30.340 I/sysui_multi_action( 1834): [757,111,758,2]
09-23 01:14:30.342 I/notification_enqueue( 1489): [10081,1834,com.android.systemui,2048,NULL,0,Notification(channel=updateNotification shortcut=null contentView=null vibrate=null sound=null defaults=0x0 flags=0x0 color=0x00000000 vis=PRIVATE),1]
09-23 01:14:30.343 I/sysui_multi_action( 1834): [757,111,758,1]
09-23 01:14:30.343 I/sysui_multi_action( 1834): [757,126,758,1,759,126,927,0,928,1,1593,1]
09-23 01:14:30.343 I/sysui_multi_action( 1834): [757,113,758,1,759,113,927,1,928,1,1593,1]
09-23 01:14:30.343 I/sysui_multi_action( 1834): [757,0,758,1,759,0,927,2,928,0,1593,1]
09-23 01:14:30.343 I/sysui_multi_action( 1834): [757,0,758,1,759,0,927,3,928,0,1593,1]
09-23 01:14:30.343 I/sysui_multi_action( 1834): [757,1706,758,1,759,1706,927,4,928,0,1593,1]
09-23 01:14:30.343 I/sysui_multi_action( 1834): [757,491,758,1,759,491,927,5,928,0,1311,-1,1593,1]
09-23 01:14:30.343 I/sysui_multi_action( 1834): [757,0,758,1,759,0,927,6,928,0,1593,1]
09-23 01:14:30.344 I/sysui_multi_action( 1834): [757,114,758,1,759,114,927,7,928,0,1593,1]
09-23 01:14:30.344 I/sysui_multi_action( 1834): [757,111,758,1]
09-23 01:14:30.344 I/sysui_multi_action( 1834): [757,126,758,1,759,126,927,0,928,1,1593,1]
09-23 01:14:30.344 I/sysui_multi_action( 1834): [757,113,758,1,759,113,927,1,928,1,1593,1]
09-23 01:14:30.344 I/sysui_multi_action( 1834): [757,0,758,1,759,0,927,2,928,0,1593,1]
09-23 01:14:30.344 I/sysui_multi_action( 1834): [757,0,758,1,759,0,927,3,928,0,1593,1]
09-23 01:14:30.356 I/sysui_multi_action( 1834): [757,111,758,2]
09-23 01:14:30.356 I/sysui_multi_action( 1834): [757,111,758,2]
09-23 01:14:30.356 I/notification_enqueue( 1489): [10081,1834,com.android.systemui,2048,NULL,0,Notification(channel=updateNotification shortcut=null contentView=null vibrate=null sound=null defaults=0x0 flags=0x0 color=0x00000000 vis=PRIVATE),1]
09-23 01:14:30.359 I/sysui_multi_action( 1834): [757,111,758,1]
09-23 01:14:30.360 I/sysui_multi_action( 1834): [757,126,758,1,759,126,927,0,928,1,1593,1]
09-23 01:14:30.360 I/sysui_multi_action( 1834): [757,113,758,1,759,113,927,1,928,1,1593,1]
09-23 01:14:30.360 I/sysui_multi_action( 1834): [757,0,758,1,759,0,927,2,928,0,1593,1]
09-23 01:14:30.360 I/sysui_multi_action( 1834): [757,0,758,1,759,0,927,3,928,0,1593,1]
09-23 01:14:30.360 I/sysui_multi_action( 1834): [757,1706,758,1,759,1706,927,4,928,0,1593,1]
09-23 01:14:30.360 I/sysui_multi_action( 1834): [757,491,758,1,759,491,927,5,928,0,1311,-1,1593,1]
09-23 01:14:30.360 I/sysui_multi_action( 1834): [757,0,758,1,759,0,927,6,928,0,1593,1]
09-23 01:14:30.360 I/sysui_multi_action( 1834): [757,114,758,1,759,114,927,7,928,0,1593,1]
09-23 01:14:30.360 I/sysui_multi_action( 1834): [757,111,758,1]
09-23 01:14:30.360 I/sysui_multi_action( 1834): [757,126,758,1,759,126,927,0,928,1,1593,1]
09-23 01:14:30.361 I/sysui_multi_action( 1834): [757,113,758,1,759,113,927,1,928,1,1593,1]
09-23 01:14:30.361 I/sysui_multi_action( 1834): [757,0,758,1,759,0,927,2,928,0,1593,1]
09-23 01:14:30.361 I/sysui_multi_action( 1834): [757,0,758,1,759,0,927,3,928,0,1593,1]
09-23 01:14:30.372 I/sysui_multi_action( 1834): [757,111,758,2]
09-23 01:14:30.373 I/sysui_multi_action( 1834): [757,111,758,2]
09-23 01:14:30.373 I/notification_enqueue( 1489): [10081,1834,com.android.systemui,2048,NULL,0,Notification(channel=updateNotification shortcut=null contentView=null vibrate=null sound=null defaults=0x0 flags=0x0 color=0x00000000 vis=PRIVATE),1]
09-23 01:14:30.381 I/input_focus( 1489): [Focus request 456c4b5 com.android.settings/com.android.settings.Settings,reason=UpdateInputWindows]
09-23 01:14:30.382 I/sysui_multi_action( 1834): [757,111,758,1]
09-23 01:14:30.382 I/sysui_multi_action( 1834): [757,126,758,1,759,126,927,0,928,1,1593,0]
09-23 01:14:30.382 I/sysui_multi_action( 1834): [757,113,758,1,759,113,927,1,928,1,1593,0]
09-23 01:14:30.382 I/sysui_multi_action( 1834): [757,0,758,1,759,0,927,2,928,0,1593,0]
09-23 01:14:30.383 I/sysui_multi_action( 1834): [757,0,758,1,759,0,927,3,928,0,1593,0]
09-23 01:14:30.383 I/sysui_multi_action( 1834): [757,1706,758,1,759,1706,927,4,928,0,1593,0]
09-23 01:14:30.383 I/sysui_multi_action( 1834): [757,491,758,1,759,491,927,5,928,0,1311,-1,1593,0]
09-23 01:14:30.383 I/sysui_multi_action( 1834): [757,0,758,1,759,0,927,6,928,0,1593,0]
09-23 01:14:30.383 I/sysui_multi_action( 1834): [757,114,758,1,759,114,927,7,928,0,1593,0]
09-23 01:14:30.383 I/sysui_multi_action( 1834): [757,111,758,1]
09-23 01:14:30.383 I/sysui_multi_action( 1834): [757,126,758,1,759,126,927,0,928,1,1593,1]
09-23 01:14:30.383 I/sysui_multi_action( 1834): [757,113,758,1,759,113,927,1,928,1,1593,1]
09-23 01:14:30.383 I/sysui_multi_action( 1834): [757,0,758,1,759,0,927,2,928,0,1593,1]
09-23 01:14:30.384 I/sysui_multi_action( 1834): [757,0,758,1,759,0,927,3,928,0,1593,1]
09-23 01:14:30.391 I/sysui_multi_action( 1834): [757,111,758,2]
09-23 01:14:30.391 I/sysui_multi_action( 1834): [757,111,758,2]
09-23 01:14:30.393 I/sysui_multi_action( 1489): [757,128,758,2,793,10039182,794,345,795,10039182,796,26,798,0,806,android,857,DEVELOPER_IMPORTANT,858,4,947,0,1395,4,1500,10038977,1688,1]
09-23 01:14:30.393 I/notification_visibility( 1489): [-1|android|26|null|1000,0,10039182,10039182,0,0]
09-23 01:14:30.393 I/sysui_multi_action( 1489): [757,128,758,2,793,4047354,794,343,795,442219,796,17303299,797,com.android.wifi,798,2,806,android,857,NETWORK_AVAILABLE,858,2,947,0,1395,4,1500,343,1688,1]
09-23 01:14:30.394 I/notification_visibility( 1489): [0|android|17303299|com.android.wifi|1000,0,4047354,442219,0,2]
09-23 01:14:30.394 I/sysui_multi_action( 1489): [757,128,758,2,793,10039187,794,343,795,10039187,796,32,798,3,806,android,857,USB,858,1,947,0,1395,4,1500,10038984,1688,1]
09-23 01:14:30.394 I/notification_visibility( 1489): [-1|android|32|null|1000,0,10039187,10039187,0,3]
09-23 01:14:30.394 I/sysui_multi_action( 1489): [757,128,758,2,793,365852,794,341,795,365852,796,19,798,1,806,android,857,PHYSICAL_KEYBOARD,858,3,947,0,1395,4,1500,365648,1688,1]
09-23 01:14:30.394 I/notification_visibility( 1489): [-1|android|19|null|1000,0,365852,365852,0,1]
09-23 01:14:30.395 I/notification_enqueue( 1489): [10081,1834,com.android.systemui,2048,NULL,0,Notification(channel=updateNotification shortcut=null contentView=null vibrate=null sound=null defaults=0x0 flags=0x0 color=0x00000000 vis=PRIVATE),1]
09-23 01:14:30.395 I/sysui_multi_action( 1489): [757,127,758,2]
09-23 01:14:30.395 I/notification_panel_hidden( 1489):
09-23 01:14:30.405 I/sysui_multi_action( 1834): [757,111,758,1]
09-23 01:14:30.405 I/sysui_multi_action( 1834): [757,126,758,1,759,126,927,0,928,1,1593,1]
09-23 01:14:30.405 I/sysui_multi_action( 1834): [757,113,758,1,759,113,927,1,928,1,1593,1]
09-23 01:14:30.405 I/sysui_multi_action( 1834): [757,0,758,1,759,0,927,2,928,0,1593,1]
09-23 01:14:30.405 I/sysui_multi_action( 1834): [757,0,758,1,759,0,927,3,928,0,1593,1]
09-23 01:14:30.405 I/sysui_multi_action( 1834): [757,1706,758,1,759,1706,927,4,928,0,1593,1]
09-23 01:14:30.405 I/sysui_multi_action( 1834): [757,491,758,1,759,491,927,5,928,0,1311,-1,1593,0]
09-23 01:14:30.406 I/sysui_multi_action( 1834): [757,0,758,1,759,0,927,6,928,0,1593,0]
09-23 01:14:30.406 I/sysui_multi_action( 1834): [757,114,758,1,759,114,927,7,928,0,1593,0]
09-23 01:14:30.406 I/sysui_multi_action( 1834): [757,111,758,1]
09-23 01:14:30.406 I/sysui_multi_action( 1834): [757,126,758,1,759,126,927,0,928,1,1593,1]
09-23 01:14:30.406 I/input_focus( 1489): [Focus leaving 913cdb2 NotificationShade (server),reason=NO_WINDOW]
09-23 01:14:30.406 I/sysui_multi_action( 1834): [757,113,758,1,759,113,927,1,928,1,1593,1]
09-23 01:14:30.406 I/sysui_multi_action( 1834): [757,0,758,1,759,0,927,2,928,0,1593,1]
09-23 01:14:30.406 I/sysui_multi_action( 1834): [757,0,758,1,759,0,927,3,928,0,1593,1]
09-23 01:14:30.406 I/input_focus( 1489): [Focus entering 456c4b5 com.android.settings/com.android.settings.Settings (server),reason=setFocusedWindow]
09-23 01:14:31.358 I/sysui_multi_action( 1834): [757,803,799,panel_open,802,1]
09-23 01:14:31.360 I/sysui_multi_action( 1834): [757,1328,758,4,1326,40,1327,2,1329,0]
09-23 01:14:31.420 I/notification_enqueue( 1489): [10081,1834,com.android.systemui,2048,NULL,0,Notification(channel=updateNotification shortcut=null contentView=null vibrate=null sound=null defaults=0x0 flags=0x0 color=0x00000000 vis=PRIVATE),1]
09-23 01:14:31.420 I/sysui_multi_action( 1834): [757,111,758,2]
09-23 01:14:31.420 I/sysui_multi_action( 1834): [757,111,758,2]
09-23 01:14:31.427 I/sysui_multi_action( 1489): [757,127,758,1]
09-23 01:14:31.428 I/sysui_multi_action( 1489): [757,804,799,note_load,801,4,802,1]
09-23 01:14:31.428 I/notification_panel_revealed( 1489): 4
09-23 01:14:31.436 I/input_focus( 1489): [Focus request 913cdb2 NotificationShade,reason=UpdateInputWindows]
09-23 01:14:31.442 I/sysui_multi_action( 1834): [757,111,758,1]
09-23 01:14:31.442 I/sysui_multi_action( 1834): [757,126,758,1,759,126,927,0,928,1,1593,0]
09-23 01:14:31.442 I/sysui_multi_action( 1834): [757,113,758,1,759,113,927,1,928,1,1593,0]
09-23 01:14:31.442 I/sysui_multi_action( 1834): [757,0,758,1,759,0,927,2,928,0,1593,0]
09-23 01:14:31.442 I/sysui_multi_action( 1834): [757,0,758,1,759,0,927,3,928,0,1593,0]
09-23 01:14:31.442 I/sysui_multi_action( 1834): [757,1706,758,1,759,1706,927,4,928,0,1593,0]
09-23 01:14:31.443 I/sysui_multi_action( 1834): [757,491,758,1,759,491,927,5,928,0,1311,-1,1593,0]
09-23 01:14:31.443 I/sysui_multi_action( 1834): [757,0,758,1,759,0,927,6,928,0,1593,0]
09-23 01:14:31.443 I/sysui_multi_action( 1834): [757,114,758,1,759,114,927,7,928,0,1593,0]
09-23 01:14:31.443 I/sysui_multi_action( 1834): [757,111,758,1]
09-23 01:14:31.443 I/sysui_multi_action( 1834): [757,126,758,1,759,126,927,0,928,1,1593,0]
09-23 01:14:31.443 I/sysui_multi_action( 1834): [757,113,758,1,759,113,927,1,928,1,1593,0]
09-23 01:14:31.443 I/sysui_multi_action( 1834): [757,0,758,1,759,0,927,2,928,0,1593,0]
09-23 01:14:31.443 I/sysui_multi_action( 1834): [757,0,758,1,759,0,927,3,928,0,1593,0]
09-23 01:14:31.454 I/sysui_multi_action( 1834): [757,111,758,2]
09-23 01:14:31.454 I/sysui_multi_action( 1834): [757,111,758,2]
09-23 01:14:31.454 I/notification_enqueue( 1489): [10081,1834,com.android.systemui,2048,NULL,0,Notification(channel=updateNotification shortcut=null contentView=null vibrate=null sound=null defaults=0x0 flags=0x0 color=0x00000000 vis=PRIVATE),1]
09-23 01:14:31.457 I/sysui_multi_action( 1834): [757,111,758,1]
09-23 01:14:31.457 I/sysui_multi_action( 1834): [757,126,758,1,759,126,927,0,928,1,1593,0]
09-23 01:14:31.457 I/sysui_multi_action( 1834): [757,113,758,1,759,113,927,1,928,1,1593,0]
09-23 01:14:31.457 I/sysui_multi_action( 1834): [757,0,758,1,759,0,927,2,928,0,1593,0]
09-23 01:14:31.457 I/sysui_multi_action( 1834): [757,0,758,1,759,0,927,3,928,0,1593,0]
09-23 01:14:31.457 I/sysui_multi_action( 1834): [757,1706,758,1,759,1706,927,4,928,0,1593,0]
09-23 01:14:31.457 I/sysui_multi_action( 1834): [757,491,758,1,759,491,927,5,928,0,1311,-1,1593,0]
09-23 01:14:31.457 I/sysui_multi_action( 1834): [757,0,758,1,759,0,927,6,928,0,1593,0]
09-23 01:14:31.457 I/sysui_multi_action( 1834): [757,114,758,1,759,114,927,7,928,0,1593,0]
09-23 01:14:31.458 I/sysui_multi_action( 1834): [757,111,758,1]
09-23 01:14:31.458 I/sysui_multi_action( 1834): [757,126,758,1,759,126,927,0,928,1,1593,0]
09-23 01:14:31.458 I/sysui_multi_action( 1834): [757,113,758,1,759,113,927,1,928,1,1593,0]
09-23 01:14:31.458 I/sysui_multi_action( 1834): [757,0,758,1,759,0,927,2,928,0,1593,0]
09-23 01:14:31.458 I/sysui_multi_action( 1834): [757,0,758,1,759,0,927,3,928,0,1593,0]
09-23 01:14:31.459 I/input_focus( 1489): [Focus leaving 456c4b5 com.android.settings/com.android.settings.Settings (server),reason=setFocusedWindow]
09-23 01:14:31.459 I/input_focus( 1489): [Focus entering 913cdb2 NotificationShade (server),reason=setFocusedWindow]
09-23 01:14:31.469 I/sysui_multi_action( 1834): [757,111,758,2]
09-23 01:14:31.469 I/sysui_multi_action( 1834): [757,111,758,2]
09-23 01:14:31.469 I/notification_enqueue( 1489): [10081,1834,com.android.systemui,2048,NULL,0,Notification(channel=updateNotification shortcut=null contentView=null vibrate=null sound=null defaults=0x0 flags=0x0 color=0x00000000 vis=PRIVATE),1]
09-23 01:14:31.475 I/sysui_multi_action( 1834): [757,111,758,1]
09-23 01:14:31.475 I/sysui_multi_action( 1834): [757,126,758,1,759,126,927,0,928,1,1593,0]
09-23 01:14:31.475 I/sysui_multi_action( 1834): [757,113,758,1,759,113,927,1,928,1,1593,0]
09-23 01:14:31.475 I/sysui_multi_action( 1834): [757,0,758,1,759,0,927,2,928,0,1593,0]
09-23 01:14:31.475 I/sysui_multi_action( 1834): [757,0,758,1,759,0,927,3,928,0,1593,0]
09-23 01:14:31.475 I/sysui_multi_action( 1834): [757,1706,758,1,759,1706,927,4,928,0,1593,0]
09-23 01:14:31.476 I/sysui_multi_action( 1834): [757,491,758,1,759,491,927,5,928,0,1311,-1,1593,0]
09-23 01:14:31.476 I/sysui_multi_action( 1834): [757,0,758,1,759,0,927,6,928,0,1593,0]
09-23 01:14:31.476 I/sysui_multi_action( 1834): [757,114,758,1,759,114,927,7,928,0,1593,0]
09-23 01:14:31.476 I/sysui_multi_action( 1834): [757,111,758,1]
09-23 01:14:31.476 I/sysui_multi_action( 1834): [757,126,758,1,759,126,927,0,928,1,1593,0]
09-23 01:14:31.476 I/sysui_multi_action( 1834): [757,113,758,1,759,113,927,1,928,1,1593,0]
09-23 01:14:31.476 I/sysui_multi_action( 1834): [757,0,758,1,759,0,927,2,928,0,1593,0]
09-23 01:14:31.476 I/sysui_multi_action( 1834): [757,0,758,1,759,0,927,3,928,0,1593,0]
09-23 01:14:31.485 I/sysui_multi_action( 1834): [757,111,758,2]
09-23 01:14:31.485 I/sysui_multi_action( 1834): [757,111,758,2]
09-23 01:14:31.485 I/notification_enqueue( 1489): [10081,1834,com.android.systemui,2048,NULL,0,Notification(channel=updateNotification shortcut=null contentView=null vibrate=null sound=null defaults=0x0 flags=0x0 color=0x00000000 vis=PRIVATE),1]
09-23 01:14:31.488 I/sysui_multi_action( 1834): [757,111,758,1]
09-23 01:14:31.488 I/sysui_multi_action( 1834): [757,126,758,1,759,126,927,0,928,1,1593,0]
09-23 01:14:31.488 I/sysui_multi_action( 1834): [757,113,758,1,759,113,927,1,928,1,1593,0]
09-23 01:14:31.488 I/sysui_multi_action( 1834): [757,0,758,1,759,0,927,2,928,0,1593,0]
09-23 01:14:31.488 I/sysui_multi_action( 1834): [757,0,758,1,759,0,927,3,928,0,1593,0]
09-23 01:14:31.488 I/sysui_multi_action( 1834): [757,1706,758,1,759,1706,927,4,928,0,1593,0]
09-23 01:14:31.489 I/sysui_multi_action( 1834): [757,491,758,1,759,491,927,5,928,0,1311,-1,1593,0]
09-23 01:14:31.489 I/sysui_multi_action( 1834): [757,0,758,1,759,0,927,6,928,0,1593,0]
09-23 01:14:31.489 I/sysui_multi_action( 1834): [757,114,758,1,759,114,927,7,928,0,1593,0]
09-23 01:14:31.489 I/sysui_multi_action( 1834): [757,111,758,1]
09-23 01:14:31.489 I/sysui_multi_action( 1834): [757,126,758,1,759,126,927,0,928,1,1593,0]
09-23 01:14:31.489 I/sysui_multi_action( 1834): [757,113,758,1,759,113,927,1,928,1,1593,0]
09-23 01:14:31.489 I/sysui_multi_action( 1834): [757,0,758,1,759,0,927,2,928,0,1593,0]
09-23 01:14:31.489 I/sysui_multi_action( 1834): [757,0,758,1,759,0,927,3,928,0,1593,0]
09-23 01:14:31.495 I/sysui_multi_action( 1834): [757,111,758,2]
09-23 01:14:31.495 I/sysui_multi_action( 1834): [757,111,758,2]
09-23 01:14:31.495 I/notification_enqueue( 1489): [10081,1834,com.android.systemui,2048,NULL,0,Notification(channel=updateNotification shortcut=null contentView=null vibrate=null sound=null defaults=0x0 flags=0x0 color=0x00000000 vis=PRIVATE),1]
09-23 01:14:31.498 I/sysui_multi_action( 1834): [757,111,758,1]
09-23 01:14:31.498 I/sysui_multi_action( 1834): [757,126,758,1,759,126,927,0,928,1,1593,0]
09-23 01:14:31.498 I/sysui_multi_action( 1834): [757,113,758,1,759,113,927,1,928,1,1593,0]
09-23 01:14:31.498 I/sysui_multi_action( 1834): [757,0,758,1,759,0,927,2,928,0,1593,0]
09-23 01:14:31.498 I/sysui_multi_action( 1834): [757,0,758,1,759,0,927,3,928,0,1593,0]
09-23 01:14:31.498 I/sysui_multi_action( 1834): [757,1706,758,1,759,1706,927,4,928,0,1593,0]
09-23 01:14:31.498 I/sysui_multi_action( 1834): [757,491,758,1,759,491,927,5,928,0,1311,-1,1593,0]
09-23 01:14:31.498 I/sysui_multi_action( 1834): [757,0,758,1,759,0,927,6,928,0,1593,0]
09-23 01:14:31.498 I/sysui_multi_action( 1834): [757,114,758,1,759,114,927,7,928,0,1593,0]
09-23 01:14:31.498 I/sysui_multi_action( 1834): [757,111,758,1]
09-23 01:14:31.499 I/sysui_multi_action( 1834): [757,126,758,1,759,126,927,0,928,1,1593,0]
09-23 01:14:31.499 I/sysui_multi_action( 1834): [757,113,758,1,759,113,927,1,928,1,1593,0]
09-23 01:14:31.499 I/sysui_multi_action( 1834): [757,0,758,1,759,0,927,2,928,0,1593,0]
09-23 01:14:31.499 I/sysui_multi_action( 1834): [757,0,758,1,759,0,927,3,928,0,1593,0]
09-23 01:14:31.508 I/sysui_multi_action( 1834): [757,111,758,2]
09-23 01:14:31.508 I/sysui_multi_action( 1834): [757,111,758,2]
09-23 01:14:31.509 I/notification_enqueue( 1489): [10081,1834,com.android.systemui,2048,NULL,0,Notification(channel=updateNotification shortcut=null contentView=null vibrate=null sound=null defaults=0x0 flags=0x0 color=0x00000000 vis=PRIVATE),1]
09-23 01:14:31.511 I/sysui_multi_action( 1834): [757,111,758,1]
09-23 01:14:31.511 I/sysui_multi_action( 1834): [757,126,758,1,759,126,927,0,928,1,1593,0]
09-23 01:14:31.511 I/sysui_multi_action( 1834): [757,113,758,1,759,113,927,1,928,1,1593,0]
09-23 01:14:31.511 I/sysui_multi_action( 1834): [757,0,758,1,759,0,927,2,928,0,1593,0]
09-23 01:14:31.511 I/sysui_multi_action( 1834): [757,0,758,1,759,0,927,3,928,0,1593,0]
09-23 01:14:31.511 I/sysui_multi_action( 1834): [757,1706,758,1,759,1706,927,4,928,0,1593,0]
09-23 01:14:31.511 I/sysui_multi_action( 1834): [757,491,758,1,759,491,927,5,928,0,1311,-1,1593,0]
09-23 01:14:31.511 I/sysui_multi_action( 1834): [757,0,758,1,759,0,927,6,928,0,1593,0]
09-23 01:14:31.511 I/sysui_multi_action( 1834): [757,114,758,1,759,114,927,7,928,0,1593,0]
09-23 01:14:31.511 I/sysui_multi_action( 1834): [757,111,758,1]
09-23 01:14:31.511 I/sysui_multi_action( 1834): [757,126,758,1,759,126,927,0,928,1,1593,0]
09-23 01:14:31.511 I/sysui_multi_action( 1834): [757,113,758,1,759,113,927,1,928,1,1593,0]
09-23 01:14:31.511 I/sysui_multi_action( 1834): [757,0,758,1,759,0,927,2,928,0,1593,0]
09-23 01:14:31.511 I/sysui_multi_action( 1834): [757,0,758,1,759,0,927,3,928,0,1593,0]
09-23 01:14:31.525 I/sysui_multi_action( 1834): [757,111,758,2]
09-23 01:14:31.525 I/sysui_multi_action( 1834): [757,111,758,2]
09-23 01:14:31.525 I/notification_enqueue( 1489): [10081,1834,com.android.systemui,2048,NULL,0,Notification(channel=updateNotification shortcut=null contentView=null vibrate=null sound=null defaults=0x0 flags=0x0 color=0x00000000 vis=PRIVATE),1]
09-23 01:14:31.528 I/sysui_multi_action( 1834): [757,111,758,1]
09-23 01:14:31.529 I/sysui_multi_action( 1834): [757,126,758,1,759,126,927,0,928,1,1593,0]
