09-23 01:25:29.204 D/BluetoothRemoteDevices( 1818): Remote Address is:4C:E5:6C:B5:FA:22
09-23 01:25:29.204 D/BluetoothRemoteDevices( 1818): Property type: 5
09-23 01:25:29.204 D/BluetoothRemoteDevices( 1818): BT_PROPERTY_TYPE_OF_DEVICE 4C:E5:6C:B5:FA:22
09-23 01:25:29.204 D/BluetoothRemoteDevices( 1818): Property type: 11
09-23 01:25:29.204 D/BluetoothRemoteDevices( 1818): deviceFoundCallback: Remote Address is:4C:E5:6C:B5:FA:22
09-23 01:25:29.209 E/BluetoothDatabase( 1818): getCustomMeta: device 4C:E5:6C:B5:FA:22 is not in cache
09-23 01:25:29.211 V/bt_stack( 1818): [VERBOSE1:btm_ble_gap.cc(2726)] btm_ble_process_ext_adv_pkt: bda=ef:7c:04:b8:43:5e
09-23 01:25:29.211 V/bt_stack( 1818): [VERBOSE1:btm_ble_gap.cc(2650)] btm_ble_process_adv_addr: bda=ef:7c:04:b8:43:5e
09-23 01:25:29.211 W/bt_btm_ble( 1818): btm_ble_process_adv_pkt_cont device no longer discoverable, discarding advertising packet
09-23 01:25:29.211 E/BluetoothDatabase( 1818): getCustomMeta: device 4C:E5:6C:B5:FA:22 is not in cache
09-23 01:25:29.212 W/BluetoothDatabase( 1818): Invalid metadata key 17
09-23 01:25:29.212 E/BluetoothDatabase( 1818): getCustomMeta: meta key invalid 17
09-23 01:25:29.212 D/AdaptiveHomepageIcon( 2232): Setting background color -339249
09-23 01:25:29.216 D/BluetoothSap( 2232): getConnectionState(4C:E5:6C:B5:FA:22)
09-23 01:25:29.216 V/SapService( 1818): getConnectionState()
09-23 01:25:29.218 V/bt_stack( 1818): [VERBOSE1:btm_ble_gap.cc(2726)] btm_ble_process_ext_adv_pkt: bda=0d:de:00:3a:05:48
09-23 01:25:29.218 V/bt_stack( 1818): [VERBOSE1:btm_ble_gap.cc(2650)] btm_ble_process_adv_addr: bda=0d:de:00:3a:05:48
09-23 01:25:29.219 V/bt_stack( 1818): [VERBOSE1:btm_ble_gap.cc(2886)] btm_ble_process_adv_pkt_cont skipped BDA 0d:de:00:3a:05:48
09-23 01:25:29.220 E/BluetoothDatabase( 1818): getCustomMeta: device 4C:E5:6C:B5:FA:22 is not in cache
09-23 01:25:29.221 E/BluetoothDatabase( 1818): getCustomMeta: device 4C:E5:6C:B5:FA:22 is not in cache
09-23 01:25:29.222 W/BluetoothDatabase( 1818): Invalid metadata key 17
09-23 01:25:29.222 E/BluetoothDatabase( 1818): getCustomMeta: meta key invalid 17
09-23 01:25:29.222 D/AdaptiveHomepageIcon( 2232): Setting background color -339249
09-23 01:25:29.226 D/BluetoothSap( 2232): getConnectionState(4C:E5:6C:B5:FA:22)
09-23 01:25:29.226 V/SapService( 1818): getConnectionState()
09-23 01:25:29.226 V/bt_stack( 1818): [VERBOSE1:btm_ble_gap.cc(2726)] btm_ble_process_ext_adv_pkt: bda=20:3b:39:15:87:2d
09-23 01:25:29.227 V/bt_stack( 1818): [VERBOSE1:btm_ble_gap.cc(2650)] btm_ble_process_adv_addr: bda=20:3b:39:15:87:2d
09-23 01:25:29.227 W/bt_btm_ble( 1818): btm_ble_process_adv_pkt_cont device no longer discoverable, discarding advertising packet
09-23 01:25:29.229 V/bt_stack( 1818): [VERBOSE1:btm_ble_gap.cc(2726)] btm_ble_process_ext_adv_pkt: bda=3c:5d:79:38:47:b8
09-23 01:25:29.229 V/bt_stack( 1818): [VERBOSE1:btm_ble_gap.cc(2650)] btm_ble_process_adv_addr: bda=3c:5d:79:38:47:b8
09-23 01:25:29.229 V/bt_stack( 1818): [VERBOSE1:btm_ble_gap.cc(2886)] btm_ble_process_adv_pkt_cont skipped BDA 3c:5d:79:38:47:b8
09-23 01:25:29.238 I/mpu_uart( 657): [MSG-P:RECV]:No message received in 1000 ms
09-23 01:25:29.243 V/bt_stack( 1818): [VERBOSE1:btm_ble_gap.cc(2726)] btm_ble_process_ext_adv_pkt: bda=2d:41:c1:8b:97:ee
09-23 01:25:29.243 V/bt_stack( 1818): [VERBOSE1:btm_ble_gap.cc(2650)] btm_ble_process_adv_addr: bda=2d:41:c1:8b:97:ee
09-23 01:25:29.243 V/bt_stack( 1818): [VERBOSE1:btm_ble_gap.cc(2886)] btm_ble_process_adv_pkt_cont skipped BDA 2d:41:c1:8b:97:ee
09-23 01:25:29.247 V/bt_stack( 1818): [VERBOSE1:btm_ble_gap.cc(2726)] btm_ble_process_ext_adv_pkt: bda=01:b0:22:0b:76:e0
09-23 01:25:29.247 V/bt_stack( 1818): [VERBOSE1:btm_ble_gap.cc(2650)] btm_ble_process_adv_addr: bda=01:b0:22:0b:76:e0
09-23 01:25:29.247 W/bt_btm_ble( 1818): btm_ble_process_adv_pkt_cont device no longer discoverable, discarding advertising packet
09-23 01:25:29.258 V/bt_stack( 1818): [VERBOSE1:btm_ble_gap.cc(2726)] btm_ble_process_ext_adv_pkt: bda=09:fa:6a:08:4c:eb
09-23 01:25:29.258 V/bt_stack( 1818): [VERBOSE1:btm_ble_gap.cc(2650)] btm_ble_process_adv_addr: bda=09:fa:6a:08:4c:eb
09-23 01:25:29.258 V/bt_stack( 1818): [VERBOSE1:btm_ble_gap.cc(2886)] btm_ble_process_adv_pkt_cont skipped BDA 09:fa:6a:08:4c:eb
09-23 01:25:29.277 V/bt_stack( 1818): [VERBOSE1:btm_ble_gap.cc(2726)] btm_ble_process_ext_adv_pkt: bda=07:f2:12:2b:e4:3c
09-23 01:25:29.277 V/bt_stack( 1818): [VERBOSE1:btm_ble_gap.cc(2650)] btm_ble_process_adv_addr: bda=07:f2:12:2b:e4:3c
09-23 01:25:29.277 V/bt_stack( 1818): [VERBOSE1:btm_ble_gap.cc(2886)] btm_ble_process_adv_pkt_cont skipped BDA 07:f2:12:2b:e4:3c
09-23 01:25:29.292 V/bt_stack( 1818): [VERBOSE1:btm_ble_gap.cc(2726)] btm_ble_process_ext_adv_pkt: bda=37:bb:83:26:a5:34
09-23 01:25:29.292 V/bt_stack( 1818): [VERBOSE1:btm_ble_gap.cc(2650)] btm_ble_process_adv_addr: bda=37:bb:83:26:a5:34
09-23 01:25:29.292 V/bt_stack( 1818): [VERBOSE1:btm_ble_gap.cc(2886)] btm_ble_process_adv_pkt_cont skipped BDA 37:bb:83:26:a5:34
09-23 01:25:29.300 I/ValarMorghulis( 3555): 0ooo==@@@==1/___/////0
09-23 01:25:29.324 V/bt_stack( 1818): [VERBOSE1:btm_ble_gap.cc(2726)] btm_ble_process_ext_adv_pkt: bda=0d:de:00:3a:05:48
09-23 01:25:29.324 V/bt_stack( 1818): [VERBOSE1:btm_ble_gap.cc(2650)] btm_ble_process_adv_addr: bda=0d:de:00:3a:05:48
09-23 01:25:29.324 V/bt_stack( 1818): [VERBOSE1:btm_ble_gap.cc(2886)] btm_ble_process_adv_pkt_cont skipped BDA 0d:de:00:3a:05:48
09-23 01:25:29.335 V/bt_stack( 1818): [VERBOSE1:btm_ble_gap.cc(2726)] btm_ble_process_ext_adv_pkt: bda=3c:5d:79:38:47:b8
09-23 01:25:29.335 V/bt_stack( 1818): [VERBOSE1:btm_ble_gap.cc(2650)] btm_ble_process_adv_addr: bda=3c:5d:79:38:47:b8
09-23 01:25:29.335 V/bt_stack( 1818): [VERBOSE1:btm_ble_gap.cc(2886)] btm_ble_process_adv_pkt_cont skipped BDA 3c:5d:79:38:47:b8
09-23 01:25:29.337 V/bt_stack( 1818): [VERBOSE1:btm_ble_gap.cc(2726)] btm_ble_process_ext_adv_pkt: bda=52:b2:6d:3e:ae:86
09-23 01:25:29.338 V/bt_stack( 1818): [VERBOSE1:btm_ble_gap.cc(2650)] btm_ble_process_adv_addr: bda=52:b2:6d:3e:ae:86
09-23 01:25:29.338 V/bt_stack( 1818): [VERBOSE1:btm_ble_gap.cc(2855)] Waiting for scan response 52:b2:6d:3e:ae:86
09-23 01:25:29.343 V/bt_stack( 1818): [VERBOSE1:btm_ble_gap.cc(2726)] btm_ble_process_ext_adv_pkt: bda=10:d9:bb:b0:28:f9
09-23 01:25:29.343 V/bt_stack( 1818): [VERBOSE1:btm_ble_gap.cc(2650)] btm_ble_process_adv_addr: bda=10:d9:bb:b0:28:f9
09-23 01:25:29.343 V/bt_stack( 1818): [VERBOSE1:btm_ble_gap.cc(2886)] btm_ble_process_adv_pkt_cont skipped BDA 10:d9:bb:b0:28:f9
09-23 01:25:29.350 V/bt_stack( 1818): [VERBOSE1:btm_ble_gap.cc(2726)] btm_ble_process_ext_adv_pkt: bda=2d:41:c1:8b:97:ee
09-23 01:25:29.350 V/bt_stack( 1818): [VERBOSE1:btm_ble_gap.cc(2650)] btm_ble_process_adv_addr: bda=2d:41:c1:8b:97:ee
09-23 01:25:29.350 I/mpu_uart( 657): [MSG-P:R]:recv sync frame timeout
09-23 01:25:29.350 V/bt_stack( 1818): [VERBOSE1:btm_ble_gap.cc(2886)] btm_ble_process_adv_pkt_cont skipped BDA 2d:41:c1:8b:97:ee
09-23 01:25:29.364 V/bt_stack( 1818): [VERBOSE1:btm_ble_gap.cc(2726)] btm_ble_process_ext_adv_pkt: bda=09:fa:6a:08:4c:eb
09-23 01:25:29.364 V/bt_stack( 1818): [VERBOSE1:btm_ble_gap.cc(2650)] btm_ble_process_adv_addr: bda=09:fa:6a:08:4c:eb
09-23 01:25:29.364 V/bt_stack( 1818): [VERBOSE1:btm_ble_gap.cc(2886)] btm_ble_process_adv_pkt_cont skipped BDA 09:fa:6a:08:4c:eb
09-23 01:25:29.369 V/bt_stack( 1818): [VERBOSE1:btm_ble_gap.cc(2726)] btm_ble_process_ext_adv_pkt: bda=04:7a:0b:18:83:60
09-23 01:25:29.369 V/bt_stack( 1818): [VERBOSE1:btm_ble_gap.cc(2650)] btm_ble_process_adv_addr: bda=04:7a:0b:18:83:60
09-23 01:25:29.369 W/bt_btm_ble( 1818): btm_ble_process_adv_pkt_cont device no longer discoverable, discarding advertising packet
09-23 01:25:29.426 V/bt_stack( 1818): [VERBOSE1:btm_ble_gap.cc(2726)] btm_ble_process_ext_adv_pkt: bda=0d:de:00:3a:05:48
09-23 01:25:29.426 V/bt_stack( 1818): [VERBOSE1:btm_ble_gap.cc(2650)] btm_ble_process_adv_addr: bda=0d:de:00:3a:05:48
09-23 01:25:29.427 V/bt_stack( 1818): [VERBOSE1:btm_ble_gap.cc(2886)] btm_ble_process_adv_pkt_cont skipped BDA 0d:de:00:3a:05:48
09-23 01:25:29.442 V/bt_stack( 1818): [VERBOSE1:btm_ble_gap.cc(2726)] btm_ble_process_ext_adv_pkt: bda=3c:5d:79:38:47:b8
09-23 01:25:29.442 V/bt_stack( 1818): [VERBOSE1:btm_ble_gap.cc(2650)] btm_ble_process_adv_addr: bda=3c:5d:79:38:47:b8
09-23 01:25:29.442 V/bt_stack( 1818): [VERBOSE1:btm_ble_gap.cc(2886)] btm_ble_process_adv_pkt_cont skipped BDA 3c:5d:79:38:47:b8
09-23 01:25:29.444 V/bt_stack( 1818): [VERBOSE1:btm_ble_gap.cc(2726)] btm_ble_process_ext_adv_pkt: bda=10:d9:bb:b0:28:f9
09-23 01:25:29.444 V/bt_stack( 1818): [VERBOSE1:btm_ble_gap.cc(2650)] btm_ble_process_adv_addr: bda=10:d9:bb:b0:28:f9
09-23 01:25:29.444 V/bt_stack( 1818): [VERBOSE1:btm_ble_gap.cc(2886)] btm_ble_process_adv_pkt_cont skipped BDA 10:d9:bb:b0:28:f9
09-23 01:25:29.493 V/bt_stack( 1818): [VERBOSE1:btm_ble_gap.cc(2726)] btm_ble_process_ext_adv_pkt: bda=04:7a:0b:1a:01:08
09-23 01:25:29.493 V/bt_stack( 1818): [VERBOSE1:btm_ble_gap.cc(2650)] btm_ble_process_adv_addr: bda=04:7a:0b:1a:01:08
09-23 01:25:29.493 V/bt_stack( 1818): [VERBOSE1:btm_ble_gap.cc(2886)] btm_ble_process_adv_pkt_cont skipped BDA 04:7a:0b:1a:01:08
09-23 01:25:29.501 V/bt_stack( 1818): [VERBOSE1:btm_ble_gap.cc(2726)] btm_ble_process_ext_adv_pkt: bda=37:bb:83:26:a5:34
09-23 01:25:29.501 V/bt_stack( 1818): [VERBOSE1:btm_ble_gap.cc(2650)] btm_ble_process_adv_addr: bda=37:bb:83:26:a5:34
09-23 01:25:29.501 V/bt_stack( 1818): [VERBOSE1:btm_ble_gap.cc(2886)] btm_ble_process_adv_pkt_cont skipped BDA 37:bb:83:26:a5:34
09-23 01:25:29.525 W/bt_btm ( 1818): btm_process_inq_results: BDA: d6:54:91:be:f4:71
09-23 01:25:29.525 W/bt_btm ( 1818): btm_process_inq_results: Dev class: 00-00-00
09-23 01:25:29.525 V/bt_stack( 1818): [VERBOSE1:btm_inq.cc(1033)] BTM_InqDbRead: bd addr d6:54:91:be:f4:71
09-23 01:25:29.526 V/bt_stack( 1818): [VERBOSE1:btm_inq.cc(1033)] BTM_InqDbRead: bd addr d6:54:91:be:f4:71
09-23 01:25:29.526 D/bt_btif_config( 1818): btif_get_device_type: Device [d6:54:91:be:f4:71] type 1
09-23 01:25:29.527 D/BluetoothRemoteDevices( 1818): Property type: 2
09-23 01:25:29.527 D/BluetoothRemoteDevices( 1818): Remote Address is:D6:54:91:BE:F4:71
09-23 01:25:29.528 D/BluetoothRemoteDevices( 1818): Property type: 1
09-23 01:25:29.528 D/BluetoothRemoteDevices( 1818): Skip name update for D6:54:91:BE:F4:71
09-23 01:25:29.528 D/BluetoothRemoteDevices( 1818): Property type: 5
09-23 01:25:29.528 D/BluetoothRemoteDevices( 1818): BT_PROPERTY_TYPE_OF_DEVICE D6:54:91:BE:F4:71
09-23 01:25:29.528 D/BluetoothRemoteDevices( 1818): Property type: 11
09-23 01:25:29.528 D/BluetoothRemoteDevices( 1818): deviceFoundCallback: Remote Address is:D6:54:91:BE:F4:71
09-23 01:25:29.532 E/BluetoothDatabase( 1818): getCustomMeta: device D6:54:91:BE:F4:71 is not in cache
09-23 01:25:29.534 E/BluetoothDatabase( 1818): getCustomMeta: device D6:54:91:BE:F4:71 is not in cache
09-23 01:25:29.535 W/BluetoothDatabase( 1818): Invalid metadata key 17
09-23 01:25:29.535 E/BluetoothDatabase( 1818): getCustomMeta: meta key invalid 17
09-23 01:25:29.535 D/AdaptiveHomepageIcon( 2232): Setting background color -143384
09-23 01:25:29.540 D/BluetoothSap( 2232): getConnectionState(D6:54:91:BE:F4:71)
09-23 01:25:29.540 V/SapService( 1818): getConnectionState()
09-23 01:25:29.544 E/BluetoothDatabase( 1818): getCustomMeta: device D6:54:91:BE:F4:71 is not in cache
09-23 01:25:29.546 E/BluetoothDatabase( 1818): getCustomMeta: device D6:54:91:BE:F4:71 is not in cache
09-23 01:25:29.547 W/BluetoothDatabase( 1818): Invalid metadata key 17
09-23 01:25:29.547 E/BluetoothDatabase( 1818): getCustomMeta: meta key invalid 17
09-23 01:25:29.547 D/AdaptiveHomepageIcon( 2232): Setting background color -143384
09-23 01:25:29.549 D/BluetoothSap( 2232): getConnectionState(D6:54:91:BE:F4:71)
09-23 01:25:29.549 V/SapService( 1818): getConnectionState()
09-23 01:25:29.605 I/vendor.qti.bluetooth@1.0-ibs_handler( 800): ProcessIbsCmd: Received IBS_SLEEP_IND: 0xFE
09-23 01:25:29.729 I/vendor.qti.bluetooth@1.0-ibs_handler( 800): ProcessIbsCmd: Received IBS_WAKE_IND: 0xFD
09-23 01:25:29.729 I/vendor.qti.bluetooth@1.0-ibs_handler( 800): ProcessIbsCmd: Writing IBS_WAKE_ACK
09-23 01:25:29.731 W/bt_btm ( 1818): btm_process_inq_results: BDA: cc:15:31:d1:6b:35
09-23 01:25:29.731 W/bt_btm ( 1818): btm_process_inq_results: Dev class: 2a-01-0c
09-23 01:25:29.731 V/bt_stack( 1818): [VERBOSE1:btm_inq.cc(1033)] BTM_InqDbRead: bd addr cc:15:31:d1:6b:35
09-23 01:25:29.731 V/bt_stack( 1818): [VERBOSE1:btm_inq.cc(1033)] BTM_InqDbRead: bd addr cc:15:31:d1:6b:35
09-23 01:25:29.731 D/bt_btif_config( 1818): btif_get_device_type: Device [cc:15:31:d1:6b:35] type 1
09-23 01:25:29.732 D/BluetoothRemoteDevices( 1818): Property type: 2
09-23 01:25:29.733 D/BluetoothRemoteDevices( 1818): Remote Address is:CC:15:31:D1:6B:35
09-23 01:25:29.733 D/BluetoothRemoteDevices( 1818): Property type: 1
09-23 01:25:29.733 D/BluetoothRemoteDevices( 1818): Skip name update for CC:15:31:D1:6B:35
09-23 01:25:29.733 D/BluetoothRemoteDevices( 1818): Property type: 4
09-23 01:25:29.733 D/BluetoothRemoteDevices( 1818): Skip class update for CC:15:31:D1:6B:35
09-23 01:25:29.733 D/BluetoothRemoteDevices( 1818): Property type: 5
09-23 01:25:29.733 D/BluetoothRemoteDevices( 1818): BT_PROPERTY_TYPE_OF_DEVICE CC:15:31:D1:6B:35
09-23 01:25:29.733 D/BluetoothRemoteDevices( 1818): Property type: 11
09-23 01:25:29.733 D/BluetoothRemoteDevices( 1818): deviceFoundCallback: Remote Address is:CC:15:31:D1:6B:35
09-23 01:25:29.738 E/BluetoothDatabase( 1818): getCustomMeta: device CC:15:31:D1:6B:35 is not in cache
09-23 01:25:29.739 E/BluetoothDatabase( 1818): getCustomMeta: device CC:15:31:D1:6B:35 is not in cache
09-23 01:25:29.740 W/BluetoothDatabase( 1818): Invalid metadata key 17
09-23 01:25:29.740 E/BluetoothDatabase( 1818): getCustomMeta: meta key invalid 17
09-23 01:25:29.740 D/AdaptiveHomepageIcon( 2232): Setting background color -1453315
09-23 01:25:29.743 D/BluetoothSap( 2232): getConnectionState(CC:15:31:D1:6B:35)
09-23 01:25:29.743 V/SapService( 1818): getConnectionState()
09-23 01:25:29.746 E/BluetoothDatabase( 1818): getCustomMeta: device CC:15:31:D1:6B:35 is not in cache
09-23 01:25:29.747 E/BluetoothDatabase( 1818): getCustomMeta: device CC:15:31:D1:6B:35 is not in cache
09-23 01:25:29.748 W/BluetoothDatabase( 1818): Invalid metadata key 17
09-23 01:25:29.748 E/BluetoothDatabase( 1818): getCustomMeta: meta key invalid 17
09-23 01:25:29.748 D/AdaptiveHomepageIcon( 2232): Setting background color -1453315
09-23 01:25:29.750 D/BluetoothSap( 2232): getConnectionState(CC:15:31:D1:6B:35)
09-23 01:25:29.750 V/SapService( 1818): getConnectionState()
09-23 01:25:29.811 I/vendor.qti.bluetooth@1.0-ibs_handler( 800): ProcessIbsCmd: Received IBS_SLEEP_IND: 0xFE
09-23 01:25:29.840 I/vendor.qti.bluetooth@1.0-ibs_handler( 800): ProcessIbsCmd: Received IBS_WAKE_IND: 0xFD
09-23 01:25:29.840 I/vendor.qti.bluetooth@1.0-ibs_handler( 800): ProcessIbsCmd: Writing IBS_WAKE_ACK
09-23 01:25:29.841 W/bt_btm ( 1818): btm_process_inq_results: BDA: 18:5e:0f:24:6f:07
09-23 01:25:29.841 W/bt_btm ( 1818): btm_process_inq_results: Dev class: 28-01-0c
09-23 01:25:29.842 V/bt_stack( 1818): [VERBOSE1:btm_inq.cc(1033)] BTM_InqDbRead: bd addr 18:5e:0f:24:6f:07
09-23 01:25:29.842 V/bt_stack( 1818): [VERBOSE1:btm_inq.cc(1033)] BTM_InqDbRead: bd addr 18:5e:0f:24:6f:07
09-23 01:25:29.842 D/bt_btif_config( 1818): btif_get_device_type: Device [18:5e:0f:24:6f:07] type 1
09-23 01:25:29.843 D/BluetoothRemoteDevices( 1818): Property type: 2
09-23 01:25:29.843 D/BluetoothRemoteDevices( 1818): Remote Address is:18:5E:0F:24:6F:07
09-23 01:25:29.843 D/BluetoothRemoteDevices( 1818): Property type: 1
09-23 01:25:29.843 D/BluetoothRemoteDevices( 1818): Skip name update for 18:5E:0F:24:6F:07
09-23 01:25:29.843 D/BluetoothRemoteDevices( 1818): Property type: 4
09-23 01:25:29.843 D/BluetoothRemoteDevices( 1818): Skip class update for 18:5E:0F:24:6F:07
09-23 01:25:29.843 D/BluetoothRemoteDevices( 1818): Property type: 5
09-23 01:25:29.843 D/BluetoothRemoteDevices( 1818): BT_PROPERTY_TYPE_OF_DEVICE 18:5E:0F:24:6F:07
09-23 01:25:29.843 D/BluetoothRemoteDevices( 1818): Property type: 11
09-23 01:25:29.843 D/BluetoothRemoteDevices( 1818): deviceFoundCallback: Remote Address is:18:5E:0F:24:6F:07
09-23 01:25:29.848 E/BluetoothDatabase( 1818): getCustomMeta: device 18:5E:0F:24:6F:07 is not in cache
09-23 01:25:29.850 E/BluetoothDatabase( 1818): getCustomMeta: device 18:5E:0F:24:6F:07 is not in cache
09-23 01:25:29.851 W/BluetoothDatabase( 1818): Invalid metadata key 17
09-23 01:25:29.851 E/BluetoothDatabase( 1818): getCustomMeta: meta key invalid 17
09-23 01:25:29.851 D/AdaptiveHomepageIcon( 2232): Setting background color -3411720
09-23 01:25:29.855 D/BluetoothSap( 2232): getConnectionState(18:5E:0F:24:6F:07)
09-23 01:25:29.856 V/SapService( 1818): getConnectionState()
09-23 01:25:29.860 E/BluetoothDatabase( 1818): getCustomMeta: device 18:5E:0F:24:6F:07 is not in cache
09-23 01:25:29.861 E/BluetoothDatabase( 1818): getCustomMeta: device 18:5E:0F:24:6F:07 is not in cache
09-23 01:25:29.862 W/BluetoothDatabase( 1818): Invalid metadata key 17
09-23 01:25:29.862 E/BluetoothDatabase( 1818): getCustomMeta: meta key invalid 17
09-23 01:25:29.862 D/AdaptiveHomepageIcon( 2232): Setting background color -3411720
09-23 01:25:29.867 D/BluetoothSap( 2232): getConnectionState(18:5E:0F:24:6F:07)
09-23 01:25:29.867 V/SapService( 1818): getConnectionState()
09-23 01:25:29.921 I/vendor.qti.bluetooth@1.0-ibs_handler( 800): ProcessIbsCmd: Received IBS_SLEEP_IND: 0xFE
09-23 01:25:29.967 I/vendor.qti.bluetooth@1.0-ibs_handler( 800): DeviceSleep: TX Awake, Sending SLEEP_IND
09-23 01:25:29.967 D/vendor.qti.bluetooth@1.0-ibs_handler( 800): SerialClockVote: vote for UART CLK OFF
09-23 01:25:30.024 I/vendor.qti.bluetooth@1.0-ibs_handler( 800): ProcessIbsCmd: Received IBS_WAKE_IND: 0xFD
09-23 01:25:30.024 D/vendor.qti.bluetooth@1.0-ibs_handler( 800): SerialClockVote: vote for UART CLK ON
09-23 01:25:30.024 I/vendor.qti.bluetooth@1.0-ibs_handler( 800): ProcessIbsCmd: Writing IBS_WAKE_ACK
09-23 01:25:30.026 V/bt_stack( 1818): [VERBOSE1:btm_inq.cc(1033)] BTM_InqDbRead: bd addr d6:54:91:be:f4:71
09-23 01:25:30.026 V/bt_stack( 1818): [VERBOSE1:btm_inq.cc(1033)] BTM_InqDbRead: bd addr d6:54:91:be:f4:71
09-23 01:25:30.027 D/bt_btif_config( 1818): btif_get_device_type: Device [d6:54:91:be:f4:71] type 1
09-23 01:25:30.027 D/BluetoothRemoteDevices( 1818): Property type: 2
09-23 01:25:30.028 D/BluetoothRemoteDevices( 1818): Remote Address is:D6:54:91:BE:F4:71
09-23 01:25:30.028 D/BluetoothRemoteDevices( 1818): Property type: 1
09-23 01:25:30.028 D/BluetoothRemoteDevices( 1818): Skip name update for D6:54:91:BE:F4:71
09-23 01:25:30.028 D/BluetoothRemoteDevices( 1818): Property type: 5
09-23 01:25:30.028 D/BluetoothRemoteDevices( 1818): BT_PROPERTY_TYPE_OF_DEVICE D6:54:91:BE:F4:71
09-23 01:25:30.028 D/BluetoothRemoteDevices( 1818): Property type: 11
09-23 01:25:30.028 D/BluetoothRemoteDevices( 1818): deviceFoundCallback: Remote Address is:D6:54:91:BE:F4:71
09-23 01:25:30.033 E/BluetoothDatabase( 1818): getCustomMeta: device D6:54:91:BE:F4:71 is not in cache
09-23 01:25:30.036 E/BluetoothDatabase( 1818): getCustomMeta: device D6:54:91:BE:F4:71 is not in cache
09-23 01:25:30.036 W/BluetoothDatabase( 1818): Invalid metadata key 17
09-23 01:25:30.036 E/BluetoothDatabase( 1818): getCustomMeta: meta key invalid 17
09-23 01:25:30.037 D/AdaptiveHomepageIcon( 2232): Setting background color -143384
09-23 01:25:30.042 D/BluetoothSap( 2232): getConnectionState(D6:54:91:BE:F4:71)
09-23 01:25:30.042 V/SapService( 1818): getConnectionState()
09-23 01:25:30.087 I/auditd ( 3555): type=1400 audit(0.0:39357): avc: denied { read } for comm="NativeThread" name="unix" dev="proc" ino=4026532289 scontext=u:r:untrusted_app_27:s0:c512,c768 tcontext=u:object_r:proc_net:s0 tclass=file permissive=0 app=com.alibaba.android.rimet
09-23 01:25:30.087 W/NativeThread( 3555): type=1400 audit(0.0:39357): avc: denied { read } for name="unix" dev="proc" ino=4026532289 scontext=u:r:untrusted_app_27:s0:c512,c768 tcontext=u:object_r:proc_net:s0 tclass=file permissive=0 app=com.alibaba.android.rimet
09-23 01:25:30.104 I/ValarMorghulis( 3555): 0ooo==@@@==1/___/////0
09-23 01:25:30.105 I/vendor.qti.bluetooth@1.0-ibs_handler( 800): ProcessIbsCmd: Received IBS_SLEEP_IND: 0xFE
09-23 01:25:30.106 D/vendor.qti.bluetooth@1.0-ibs_handler( 800): SerialClockVote: vote for UART CLK OFF
09-23 01:25:30.239 I/mpu_uart( 657): [MSG-P:RECV]:No message received in 1000 ms
09-23 01:25:30.256 D/vendor.qti.bluetooth@1.0-wake_lock( 800): Release wakelock is released
09-23 01:25:30.269 F/linker ( 7466): CANNOT LINK EXECUTABLE "/vendor/bin/hw/qvrservice": library "vendor.qti.hardware.qxr-V1-ndk_platform.so" not found: needed by /vendor/lib64/libqvrservice.so in namespace (default)
09-23 01:25:30.277 F/linker ( 7467): CANNOT LINK EXECUTABLE "/vendor/bin/hw/sxrservice": library "vendor.qti.hardware.qxr-V1-ndk_platform.so" not found: needed by main executable
09-23 01:25:30.279 I/hwservicemanager( 513): getTransport: Cannot find entry android.hardware.light@2.0::ILight/default in either framework or device VINTF manifest.
09-23 01:25:30.281 E/light ( 7465): light_open lights keyboard failed: -22
09-23 01:25:30.281 E/light ( 7465): Light passthrough failed to load legacy HAL.
09-23 01:25:30.282 E/light ( 7465): light_open lights buttons failed: -22
09-23 01:25:30.282 E/light ( 7465): Light passthrough failed to load legacy HAL.
09-23 01:25:30.283 E/light ( 7465): light_open lights bluetooth failed: -22
09-23 01:25:30.283 E/light ( 7465): Light passthrough failed to load legacy HAL.
09-23 01:25:30.283 E/light ( 7465): light_open lights wifi failed: -22
09-23 01:25:30.283 E/light ( 7465): Light passthrough failed to load legacy HAL.
09-23 01:25:30.284 I/hwservicemanager( 513): getTransport: Cannot find entry android.hardware.light@2.0::ILight/default in either framework or device VINTF manifest.
09-23 01:25:30.284 E/HidlServiceManagement( 7465): Service android.hardware.light@2.0::ILight/default must be in VINTF manifest in order to register/get.
09-23 01:25:30.284 E/LegacySupport( 7465): Could not register service android.hardware.light@2.0::ILight/default (-2147483648).
09-23 01:25:30.463 I/auditd ( 3555): type=1400 audit(0.0:39358): avc: denied { read } for comm="NativeThread" name="unix" dev="proc" ino=4026532289 scontext=u:r:untrusted_app_27:s0:c512,c768 tcontext=u:object_r:proc_net:s0 tclass=file permissive=0 app=com.alibaba.android.rimet
09-23 01:25:30.463 W/NativeThread( 3555): type=1400 audit(0.0:39358): avc: denied { read } for name="unix" dev="proc" ino=4026532289 scontext=u:r:untrusted_app_27:s0:c512,c768 tcontext=u:object_r:proc_net:s0 tclass=file permissive=0 app=com.alibaba.android.rimet
09-23 01:25:30.855 I/auditd ( 3555): type=1400 audit(0.0:39359): avc: denied { read } for comm="NativeThread" name="unix" dev="proc" ino=4026532289 scontext=u:r:untrusted_app_27:s0:c512,c768 tcontext=u:object_r:proc_net:s0 tclass=file permissive=0 app=com.alibaba.android.rimet
09-23 01:25:30.855 W/NativeThread( 3555): type=1400 audit(0.0:39359): avc: denied { read } for name="unix" dev="proc" ino=4026532289 scontext=u:r:untrusted_app_27:s0:c512,c768 tcontext=u:object_r:proc_net:s0 tclass=file permissive=0 app=com.alibaba.android.rimet
09-23 01:25:30.859 I/auditd ( 3555): type=1400 audit(0.0:39360): avc: denied { read } for comm="NativeThread" name="version" dev="proc" ino=4026532265 scontext=u:r:untrusted_app_27:s0:c512,c768 tcontext=u:object_r:proc_version:s0 tclass=file permissive=0 app=com.alibaba.android.rimet
09-23 01:25:30.859 W/NativeThread( 3555): type=1400 audit(0.0:39360): avc: denied { read } for name="version" dev="proc" ino=4026532265 scontext=u:r:untrusted_app_27:s0:c512,c768 tcontext=u:object_r:proc_version:s0 tclass=file permissive=0 app=com.alibaba.android.rimet
09-23 01:25:30.859 I/auditd ( 3555): type=1400 audit(0.0:39361): avc: denied { ioctl } for comm="NativeThread" path="socket:[579410]" dev="sockfs" ino=579410 ioctlcmd=0x8927 scontext=u:r:untrusted_app_27:s0:c512,c768 tcontext=u:r:untrusted_app_27:s0:c512,c768 tclass=udp_socket permissive=0 app=com.alibaba.android.rimet
09-23 01:25:30.859 W/NativeThread( 3555): type=1400 audit(0.0:39361): avc: denied { ioctl } for path="socket:[579410]" dev="sockfs" ino=579410 ioctlcmd=0x8927 scontext=u:r:untrusted_app_27:s0:c512,c768 tcontext=u:r:untrusted_app_27:s0:c512,c768 tclass=udp_socket permissive=0 app=com.alibaba.android.rimet
09-23 01:25:30.870 W/libc ( 3555): Access denied finding property "ro.serialno"
09-23 01:25:30.881 W/ActivityManager( 1489): Unable to start service Intent { act=com.google.android.gms.ads.identifier.service.START pkg=com.google.android.gms } U=0: not found
09-23 01:25:30.882 E/ActivityThread( 3555): Failed to find provider info for com.vivo.vms.IdProvider
09-23 01:25:31.005 I/vendor.qti.bluetooth@1.0-ibs_handler( 800): ProcessIbsCmd: Received IBS_WAKE_IND: 0xFD
09-23 01:25:31.005 D/vendor.qti.bluetooth@1.0-ibs_handler( 800): SerialClockVote: vote for UART CLK ON
09-23 01:25:31.006 D/vendor.qti.bluetooth@1.0-wake_lock( 800): Acquire wakelock is acquired
09-23 01:25:31.006 I/vendor.qti.bluetooth@1.0-ibs_handler( 800): ProcessIbsCmd: Writing IBS_WAKE_ACK
09-23 01:25:31.007 V/bt_stack( 1818): [VERBOSE1:btm_ble_gap.cc(2726)] btm_ble_process_ext_adv_pkt: bda=10:d9:bb:b0:28:f9
09-23 01:25:31.007 V/bt_stack( 1818): [VERBOSE1:btm_ble_gap.cc(2650)] btm_ble_process_adv_addr: bda=10:d9:bb:b0:28:f9
09-23 01:25:31.007 V/bt_stack( 1818): [VERBOSE1:btm_ble_gap.cc(2886)] btm_ble_process_adv_pkt_cont skipped BDA 10:d9:bb:b0:28:f9
09-23 01:25:31.010 V/bt_stack( 1818): [VERBOSE1:btm_ble_gap.cc(2726)] btm_ble_process_ext_adv_pkt: bda=64:02:66:52:0b:7c
09-23 01:25:31.010 V/bt_stack( 1818): [VERBOSE1:btm_ble_gap.cc(2650)] btm_ble_process_adv_addr: bda=64:02:66:52:0b:7c
09-23 01:25:31.010 V/bt_stack( 1818): [VERBOSE1:btm_ble_gap.cc(2855)] Waiting for scan response 64:02:66:52:0b:7c
09-23 01:25:31.010 V/bt_stack( 1818): [VERBOSE1:btm_ble_gap.cc(2726)] btm_ble_process_ext_adv_pkt: bda=64:02:66:52:0b:7c
09-23 01:25:31.010 V/bt_stack( 1818): [VERBOSE1:btm_ble_gap.cc(2650)] btm_ble_process_adv_addr: bda=64:02:66:52:0b:7c
09-23 01:25:31.010 V/bt_stack( 1818): [VERBOSE1:btm_inq.cc(1033)] BTM_InqDbRead: bd addr 64:02:66:52:0b:7c
09-23 01:25:31.010 V/bt_stack( 1818): [VERBOSE1:btm_inq.cc(1033)] BTM_InqDbRead: bd addr 64:02:66:52:0b:7c
09-23 01:25:31.011 V/bt_stack( 1818): [VERBOSE1:btm_inq.cc(1033)] BTM_InqDbRead: bd addr 64:02:66:52:0b:7c
09-23 01:25:31.012 D/BluetoothRemoteDevices( 1818): Added new device property
09-23 01:25:31.013 D/BluetoothRemoteDevices( 1818): Property type: 2
09-23 01:25:31.013 D/BluetoothRemoteDevices( 1818): Remote Address is:64:02:66:52:0B:7C
09-23 01:25:31.013 D/BluetoothRemoteDevices( 1818): Property type: 5
09-23 01:25:31.013 D/BluetoothRemoteDevices( 1818): BT_PROPERTY_TYPE_OF_DEVICE 64:02:66:52:0B:7C
09-23 01:25:31.013 D/BluetoothRemoteDevices( 1818): Property type: 11
09-23 01:25:31.013 D/BluetoothRemoteDevices( 1818): deviceFoundCallback: Remote Address is:64:02:66:52:0B:7C
09-23 01:25:31.014 V/bt_stack( 1818): [VERBOSE1:btm_ble_gap.cc(2726)] btm_ble_process_ext_adv_pkt: bda=3c:5d:79:38:47:b8
09-23 01:25:31.014 V/bt_stack( 1818): [VERBOSE1:btm_ble_gap.cc(2650)] btm_ble_process_adv_addr: bda=3c:5d:79:38:47:b8
09-23 01:25:31.014 V/bt_stack( 1818): [VERBOSE1:btm_ble_gap.cc(2886)] btm_ble_process_adv_pkt_cont skipped BDA 3c:5d:79:38:47:b8
09-23 01:25:31.020 D/HearingAidService( 1818): getActiveDevices
09-23 01:25:31.022 E/BluetoothDatabase( 1818): getCustomMeta: device 64:02:66:52:0B:7C is not in cache
09-23 01:25:31.024 E/BluetoothDatabase( 1818): getCustomMeta: device 64:02:66:52:0B:7C is not in cache
09-23 01:25:31.024 W/BluetoothDatabase( 1818): Invalid metadata key 17
09-23 01:25:31.024 E/BluetoothDatabase( 1818): getCustomMeta: meta key invalid 17
09-23 01:25:31.025 D/AdaptiveHomepageIcon( 2232): Setting background color -69693
09-23 01:25:31.028 D/BluetoothSap( 2232): getConnectionState(64:02:66:52:0B:7C)
09-23 01:25:31.028 V/SapService( 1818): getConnectionState()
09-23 01:25:31.029 V/bt_stack( 1818): [VERBOSE1:btm_ble_gap.cc(2726)] btm_ble_process_ext_adv_pkt: bda=51:39:89:45:9e:12
09-23 01:25:31.029 V/bt_stack( 1818): [VERBOSE1:btm_ble_gap.cc(2650)] btm_ble_process_adv_addr: bda=51:39:89:45:9e:12
09-23 01:25:31.029 V/bt_stack( 1818): [VERBOSE1:btm_ble_gap.cc(2855)] Waiting for scan response 51:39:89:45:9e:12
09-23 01:25:31.029 V/bt_stack( 1818): [VERBOSE1:btm_ble_gap.cc(2726)] btm_ble_process_ext_adv_pkt: bda=23:80:ea:f6:43:b0
09-23 01:25:31.029 V/bt_stack( 1818): [VERBOSE1:btm_ble_gap.cc(2650)] btm_ble_process_adv_addr: bda=23:80:ea:f6:43:b0
09-23 01:25:31.030 V/bt_stack( 1818): [VERBOSE1:btm_ble_gap.cc(2886)] btm_ble_process_adv_pkt_cont skipped BDA 23:80:ea:f6:43:b0
09-23 01:25:31.032 E/BluetoothDatabase( 1818): getCustomMeta: device 64:02:66:52:0B:7C is not in cache
09-23 01:25:31.034 E/BluetoothDatabase( 1818): getCustomMeta: device 64:02:66:52:0B:7C is not in cache
09-23 01:25:31.034 W/BluetoothDatabase( 1818): Invalid metadata key 17
09-23 01:25:31.034 E/BluetoothDatabase( 1818): getCustomMeta: meta key invalid 17
09-23 01:25:31.035 D/AdaptiveHomepageIcon( 2232): Setting background color -69693
09-23 01:25:31.035 V/bt_stack( 1818): [VERBOSE1:btm_ble_gap.cc(2726)] btm_ble_process_ext_adv_pkt: bda=01:b0:22:0b:76:e0
09-23 01:25:31.035 V/bt_stack( 1818): [VERBOSE1:btm_ble_gap.cc(2650)] btm_ble_process_adv_addr: bda=01:b0:22:0b:76:e0
09-23 01:25:31.035 V/bt_stack( 1818): [VERBOSE1:btm_ble_gap.cc(2886)] btm_ble_process_adv_pkt_cont skipped BDA 01:b0:22:0b:76:e0
09-23 01:25:31.038 D/BluetoothSap( 2232): getConnectionState(64:02:66:52:0B:7C)
09-23 01:25:31.038 V/SapService( 1818): getConnectionState()
09-23 01:25:31.040 V/bt_stack( 1818): [VERBOSE1:btm_ble_gap.cc(2726)] btm_ble_process_ext_adv_pkt: bda=49:ba:72:79:e7:af
09-23 01:25:31.040 V/bt_stack( 1818): [VERBOSE1:btm_ble_gap.cc(2650)] btm_ble_process_adv_addr: bda=49:ba:72:79:e7:af
09-23 01:25:31.040 V/bt_stack( 1818): [VERBOSE1:btm_ble_gap.cc(2886)] btm_ble_process_adv_pkt_cont skipped BDA 49:ba:72:79:e7:af
09-23 01:25:31.041 V/bt_stack( 1818): [VERBOSE1:btm_ble_gap.cc(2726)] btm_ble_process_ext_adv_pkt: bda=3c:11:52:27:9a:1b
09-23 01:25:31.041 V/bt_stack( 1818): [VERBOSE1:btm_ble_gap.cc(2650)] btm_ble_process_adv_addr: bda=3c:11:52:27:9a:1b
09-23 01:25:31.041 V/bt_stack( 1818): [VERBOSE1:btm_ble_gap.cc(2886)] btm_ble_process_adv_pkt_cont skipped BDA 3c:11:52:27:9a:1b
09-23 01:25:31.041 D/BluetoothEventManager( 2232): DeviceFoundHandler created new CachedBluetoothDevice
09-23 01:25:31.041 E/BluetoothDatabase( 1818): getCustomMeta: device 64:02:66:52:0B:7C is not in cache
09-23 01:25:31.042 E/BluetoothDatabase( 1818): getCustomMeta: device 64:02:66:52:0B:7C is not in cache
09-23 01:25:31.043 W/BluetoothDatabase( 1818): Invalid metadata key 17
09-23 01:25:31.043 E/BluetoothDatabase( 1818): getCustomMeta: meta key invalid 17
09-23 01:25:31.043 D/AdaptiveHomepageIcon( 2232): Setting background color -69693
09-23 01:25:31.046 D/BluetoothSap( 2232): getConnectionState(64:02:66:52:0B:7C)
09-23 01:25:31.046 V/SapService( 1818): getConnectionState()
09-23 01:25:31.046 V/bt_stack( 1818): [VERBOSE1:btm_ble_gap.cc(2726)] btm_ble_process_ext_adv_pkt: bda=3f:65:da:3d:86:74
09-23 01:25:31.046 V/bt_stack( 1818): [VERBOSE1:btm_ble_gap.cc(2650)] btm_ble_process_adv_addr: bda=3f:65:da:3d:86:74
09-23 01:25:31.046 W/bt_btm_ble( 1818): btm_ble_process_adv_pkt_cont device no longer discoverable, discarding advertising packet
09-23 01:25:31.049 E/BluetoothDatabase( 1818): getCustomMeta: device 64:02:66:52:0B:7C is not in cache
09-23 01:25:31.051 E/BluetoothDatabase( 1818): getCustomMeta: device 64:02:66:52:0B:7C is not in cache
09-23 01:25:31.052 W/BluetoothDatabase( 1818): Invalid metadata key 17
09-23 01:25:31.052 E/BluetoothDatabase( 1818): getCustomMeta: meta key invalid 17
09-23 01:25:31.052 D/AdaptiveHomepageIcon( 2232): Setting background color -69693
09-23 01:25:31.053 D/BluetoothSap( 2232): getConnectionState(64:02:66:52:0B:7C)
09-23 01:25:31.053 V/bt_stack( 1818): [VERBOSE1:btm_ble_gap.cc(2726)] btm_ble_process_ext_adv_pkt: bda=5b:18:c9:bf:d4:65
09-23 01:25:31.053 V/bt_stack( 1818): [VERBOSE1:btm_ble_gap.cc(2650)] btm_ble_process_adv_addr: bda=5b:18:c9:bf:d4:65
09-23 01:25:31.053 V/SapService( 1818): getConnectionState()
09-23 01:25:31.053 W/bt_btm_ble( 1818): btm_ble_process_adv_pkt_cont device no longer discoverable, discarding advertising packet
09-23 01:25:31.055 V/bt_stack( 1818): [VERBOSE1:btm_ble_gap.cc(2726)] btm_ble_process_ext_adv_pkt: bda=04:7a:0b:1a:00:fc
09-23 01:25:31.055 V/bt_stack( 1818): [VERBOSE1:btm_ble_gap.cc(2650)] btm_ble_process_adv_addr: bda=04:7a:0b:1a:00:fc
09-23 01:25:31.055 V/bt_stack( 1818): [VERBOSE1:btm_ble_gap.cc(2855)] Waiting for scan response 04:7a:0b:1a:00:fc
09-23 01:25:31.055 V/bt_stack( 1818): [VERBOSE1:btm_ble_gap.cc(2726)] btm_ble_process_ext_adv_pkt: bda=04:7a:0b:1a:00:fc
09-23 01:25:31.055 V/bt_stack( 1818): [VERBOSE1:btm_ble_gap.cc(2650)] btm_ble_process_adv_addr: bda=04:7a:0b:1a:00:fc
09-23 01:25:31.056 V/bt_stack( 1818): [VERBOSE1:btm_inq.cc(1033)] BTM_InqDbRead: bd addr 04:7a:0b:1a:00:fc
09-23 01:25:31.056 V/bt_stack( 1818): [VERBOSE1:btm_inq.cc(1033)] BTM_InqDbRead: bd addr 04:7a:0b:1a:00:fc
09-23 01:25:31.056 D/bt_btif_config( 1818): btif_get_device_type: Device [04:7a:0b:1a:00:fc] type 3
09-23 01:25:31.056 D/BluetoothRemoteDevices( 1818): Property type: 2
09-23 01:25:31.056 D/BluetoothRemoteDevices( 1818): Remote Address is:04:7A:0B:1A:00:FC
09-23 01:25:31.056 D/BluetoothRemoteDevices( 1818): Property type: 5
09-23 01:25:31.056 D/BluetoothRemoteDevices( 1818): BT_PROPERTY_TYPE_OF_DEVICE 04:7A:0B:1A:00:FC
09-23 01:25:31.056 D/BluetoothRemoteDevices( 1818): Property type: 11
09-23 01:25:31.057 D/BluetoothRemoteDevices( 1818): deviceFoundCallback: Remote Address is:04:7A:0B:1A:00:FC
09-23 01:25:31.057 V/bt_stack( 1818): [VERBOSE1:btm_ble_gap.cc(2726)] btm_ble_process_ext_adv_pkt: bda=2d:fc:24:d7:02:8e
09-23 01:25:31.057 V/bt_stack( 1818): [VERBOSE1:btm_ble_gap.cc(2650)] btm_ble_process_adv_addr: bda=2d:fc:24:d7:02:8e
09-23 01:25:31.057 W/bt_btm_ble( 1818): btm_ble_process_adv_pkt_cont device no longer discoverable, discarding advertising packet
09-23 01:25:31.059 E/BluetoothDatabase( 1818): getCustomMeta: device 04:7A:0B:1A:00:FC is not in cache
09-23 01:25:31.061 E/BluetoothDatabase( 1818): getCustomMeta: device 04:7A:0B:1A:00:FC is not in cache
09-23 01:25:31.061 W/BluetoothDatabase( 1818): Invalid metadata key 17
09-23 01:25:31.061 E/BluetoothDatabase( 1818): getCustomMeta: meta key invalid 17
09-23 01:25:31.061 D/AdaptiveHomepageIcon( 2232): Setting background color -143384
09-23 01:25:31.062 V/bt_stack( 1818): [VERBOSE1:btm_ble_gap.cc(2726)] btm_ble_process_ext_adv_pkt: bda=09:fa:6a:08:4c:eb
09-23 01:25:31.062 V/bt_stack( 1818): [VERBOSE1:btm_ble_gap.cc(2650)] btm_ble_process_adv_addr: bda=09:fa:6a:08:4c:eb
09-23 01:25:31.062 V/bt_stack( 1818): [VERBOSE1:btm_ble_gap.cc(2886)] btm_ble_process_adv_pkt_cont skipped BDA 09:fa:6a:08:4c:eb
09-23 01:25:31.063 D/BluetoothSap( 2232): getConnectionState(04:7A:0B:1A:00:FC)
09-23 01:25:31.063 V/SapService( 1818): getConnectionState()
09-23 01:25:31.064 E/BluetoothDatabase( 1818): getCustomMeta: device 04:7A:0B:1A:00:FC is not in cache
09-23 01:25:31.065 E/BluetoothDatabase( 1818): getCustomMeta: device 04:7A:0B:1A:00:FC is not in cache
09-23 01:25:31.065 W/BluetoothDatabase( 1818): Invalid metadata key 17
09-23 01:25:31.065 E/BluetoothDatabase( 1818): getCustomMeta: meta key invalid 17
09-23 01:25:31.066 D/AdaptiveHomepageIcon( 2232): Setting background color -143384
09-23 01:25:31.067 V/bt_stack( 1818): [VERBOSE1:btm_ble_gap.cc(2726)] btm_ble_process_ext_adv_pkt: bda=37:bb:83:26:a5:34
09-23 01:25:31.067 V/bt_stack( 1818): [VERBOSE1:btm_ble_gap.cc(2650)] btm_ble_process_adv_addr: bda=37:bb:83:26:a5:34
09-23 01:25:31.067 V/bt_stack( 1818): [VERBOSE1:btm_ble_gap.cc(2886)] btm_ble_process_adv_pkt_cont skipped BDA 37:bb:83:26:a5:34
09-23 01:25:31.067 D/BluetoothSap( 2232): getConnectionState(04:7A:0B:1A:00:FC)
09-23 01:25:31.067 V/SapService( 1818): getConnectionState()
09-23 01:25:31.075 V/bt_stack( 1818): [VERBOSE1:btm_ble_gap.cc(2726)] btm_ble_process_ext_adv_pkt: bda=0d:dd:62:ee:8e:ec
09-23 01:25:31.075 V/bt_stack( 1818): [VERBOSE1:btm_ble_gap.cc(2650)] btm_ble_process_adv_addr: bda=0d:dd:62:ee:8e:ec
09-23 01:25:31.075 W/bt_btm_ble( 1818): btm_ble_process_adv_pkt_cont device no longer discoverable, discarding advertising packet
09-23 01:25:31.086 V/bt_stack( 1818): [VERBOSE1:btm_ble_gap.cc(2726)] btm_ble_process_ext_adv_pkt: bda=6a:8e:59:e2:24:5e
09-23 01:25:31.086 V/bt_stack( 1818): [VERBOSE1:btm_ble_gap.cc(2650)] btm_ble_process_adv_addr: bda=6a:8e:59:e2:24:5e
09-23 01:25:31.086 V/bt_stack( 1818): [VERBOSE1:btm_ble_gap.cc(2855)] Waiting for scan response 6a:8e:59:e2:24:5e
09-23 01:25:31.086 V/bt_stack( 1818): [VERBOSE1:btm_ble_gap.cc(2726)] btm_ble_process_ext_adv_pkt: bda=6a:8e:59:e2:24:5e
09-23 01:25:31.087 V/bt_stack( 1818): [VERBOSE1:btm_ble_gap.cc(2650)] btm_ble_process_adv_addr: bda=6a:8e:59:e2:24:5e
09-23 01:25:31.087 V/bt_stack( 1818): [VERBOSE1:btm_inq.cc(1033)] BTM_InqDbRead: bd addr 6a:8e:59:e2:24:5e
09-23 01:25:31.087 V/bt_stack( 1818): [VERBOSE1:btm_inq.cc(1033)] BTM_InqDbRead: bd addr 6a:8e:59:e2:24:5e
09-23 01:25:31.087 V/bt_stack( 1818): [VERBOSE1:btm_ble_gap.cc(2726)] btm_ble_process_ext_adv_pkt: bda=6e:8c:a9:a5:dc:f0
09-23 01:25:31.087 D/bt_btif_config( 1818): btif_get_device_type: Device [6a:8e:59:e2:24:5e] type 2
09-23 01:25:31.087 V/bt_stack( 1818): [VERBOSE1:btm_ble_gap.cc(2650)] btm_ble_process_adv_addr: bda=6e:8c:a9:a5:dc:f0
09-23 01:25:31.087 W/bt_btm_ble( 1818): btm_ble_process_adv_pkt_cont device no longer discoverable, discarding advertising packet
09-23 01:25:31.088 D/BluetoothRemoteDevices( 1818): Property type: 2
09-23 01:25:31.088 D/BluetoothRemoteDevices( 1818): Remote Address is:6A:8E:59:E2:24:5E
09-23 01:25:31.088 D/BluetoothRemoteDevices( 1818): Property type: 5
09-23 01:25:31.088 D/BluetoothRemoteDevices( 1818): BT_PROPERTY_TYPE_OF_DEVICE 6A:8E:59:E2:24:5E
09-23 01:25:31.088 D/BluetoothRemoteDevices( 1818): Property type: 11
09-23 01:25:31.088 D/BluetoothRemoteDevices( 1818): deviceFoundCallback: Remote Address is:6A:8E:59:E2:24:5E
09-23 01:25:31.089 V/bt_stack( 1818): [VERBOSE1:btm_ble_gap.cc(2726)] btm_ble_process_ext_adv_pkt: bda=24:b2:62:15:1d:88
09-23 01:25:31.089 V/bt_stack( 1818): [VERBOSE1:btm_ble_gap.cc(2650)] btm_ble_process_adv_addr: bda=24:b2:62:15:1d:88
09-23 01:25:31.089 W/bt_btm_ble( 1818): btm_ble_process_adv_pkt_cont device no longer discoverable, discarding advertising packet
09-23 01:25:31.091 E/BluetoothDatabase( 1818): getCustomMeta: device 6A:8E:59:E2:24:5E is not in cache
09-23 01:25:31.092 E/BluetoothDatabase( 1818): getCustomMeta: device 6A:8E:59:E2:24:5E is not in cache
09-23 01:25:31.093 W/BluetoothDatabase( 1818): Invalid metadata key 17
09-23 01:25:31.093 E/BluetoothDatabase( 1818): getCustomMeta: meta key invalid 17
09-23 01:25:31.093 D/AdaptiveHomepageIcon( 2232): Setting background color -69693
09-23 01:25:31.096 D/BluetoothSap( 2232): getConnectionState(6A:8E:59:E2:24:5E)
09-23 01:25:31.097 V/SapService( 1818): getConnectionState()
09-23 01:25:31.097 V/bt_stack( 1818): [VERBOSE1:btm_ble_gap.cc(2726)] btm_ble_process_ext_adv_pkt: bda=03:3d:ad:c4:15:f5
09-23 01:25:31.097 V/bt_stack( 1818): [VERBOSE1:btm_ble_gap.cc(2650)] btm_ble_process_adv_addr: bda=03:3d:ad:c4:15:f5
09-23 01:25:31.097 W/bt_btm_ble( 1818): btm_ble_process_adv_pkt_cont device no longer discoverable, discarding advertising packet
09-23 01:25:31.098 V/bt_stack( 1818): [VERBOSE1:btm_ble_gap.cc(2726)] btm_ble_process_ext_adv_pkt: bda=0d:de:00:3a:05:48
09-23 01:25:31.098 V/bt_stack( 1818): [VERBOSE1:btm_ble_gap.cc(2650)] btm_ble_process_adv_addr: bda=0d:de:00:3a:05:48
09-23 01:25:31.098 V/bt_stack( 1818): [VERBOSE1:btm_ble_gap.cc(2886)] btm_ble_process_adv_pkt_cont skipped BDA 0d:de:00:3a:05:48
09-23 01:25:31.099 E/BluetoothDatabase( 1818): getCustomMeta: device 6A:8E:59:E2:24:5E is not in cache
09-23 01:25:31.101 E/BluetoothDatabase( 1818): getCustomMeta: device 6A:8E:59:E2:24:5E is not in cache
09-23 01:25:31.101 W/BluetoothDatabase( 1818): Invalid metadata key 17
09-23 01:25:31.101 E/BluetoothDatabase( 1818): getCustomMeta: meta key invalid 17
09-23 01:25:31.102 D/AdaptiveHomepageIcon( 2232): Setting background color -69693
09-23 01:25:31.105 D/BluetoothSap( 2232): getConnectionState(6A:8E:59:E2:24:5E)
09-23 01:25:31.105 V/SapService( 1818): getConnectionState()
09-23 01:25:31.113 V/bt_stack( 1818): [VERBOSE1:btm_ble_gap.cc(2726)] btm_ble_process_ext_adv_pkt: bda=10:d9:bb:b0:28:f9
09-23 01:25:31.113 V/bt_stack( 1818): [VERBOSE1:btm_ble_gap.cc(2650)] btm_ble_process_adv_addr: bda=10:d9:bb:b0:28:f9
09-23 01:25:31.113 V/bt_stack( 1818): [VERBOSE1:btm_ble_gap.cc(2886)] btm_ble_process_adv_pkt_cont skipped BDA 10:d9:bb:b0:28:f9
09-23 01:25:31.120 V/bt_stack( 1818): [VERBOSE1:btm_ble_gap.cc(2726)] btm_ble_process_ext_adv_pkt: bda=3c:5d:79:38:47:b8
09-23 01:25:31.120 V/bt_stack( 1818): [VERBOSE1:btm_ble_gap.cc(2650)] btm_ble_process_adv_addr: bda=3c:5d:79:38:47:b8
09-23 01:25:31.120 V/bt_stack( 1818): [VERBOSE1:btm_ble_gap.cc(2886)] btm_ble_process_adv_pkt_cont skipped BDA 3c:5d:79:38:47:b8
09-23 01:25:31.144 V/bt_stack( 1818): [VERBOSE1:btm_ble_gap.cc(2726)] btm_ble_process_ext_adv_pkt: bda=49:ba:72:79:e7:af
09-23 01:25:31.145 V/bt_stack( 1818): [VERBOSE1:btm_ble_gap.cc(2650)] btm_ble_process_adv_addr: bda=49:ba:72:79:e7:af
09-23 01:25:31.145 V/bt_stack( 1818): [VERBOSE1:btm_ble_gap.cc(2886)] btm_ble_process_adv_pkt_cont skipped BDA 49:ba:72:79:e7:af
09-23 01:25:31.145 I/ValarMorghulis( 3555): 0ooo==@@@==1/___/////0
09-23 01:25:31.146 V/bt_stack( 1818): [VERBOSE1:btm_ble_gap.cc(2726)] btm_ble_process_ext_adv_pkt: bda=3c:11:52:27:9a:1b
09-23 01:25:31.146 V/bt_stack( 1818): [VERBOSE1:btm_ble_gap.cc(2650)] btm_ble_process_adv_addr: bda=3c:11:52:27:9a:1b
09-23 01:25:31.146 V/bt_stack( 1818): [VERBOSE1:btm_ble_gap.cc(2886)] btm_ble_process_adv_pkt_cont skipped BDA 3c:11:52:27:9a:1b
09-23 01:25:31.168 V/bt_stack( 1818): [VERBOSE1:btm_ble_gap.cc(2726)] btm_ble_process_ext_adv_pkt: bda=06:cd:e5:3d:62:78
09-23 01:25:31.168 V/bt_stack( 1818): [VERBOSE1:btm_ble_gap.cc(2650)] btm_ble_process_adv_addr: bda=06:cd:e5:3d:62:78
09-23 01:25:31.168 W/bt_btm_ble( 1818): btm_ble_process_adv_pkt_cont device no longer discoverable, discarding advertising packet
09-23 01:25:31.169 V/bt_stack( 1818): [VERBOSE1:btm_ble_gap.cc(2726)] btm_ble_process_ext_adv_pkt: bda=04:7a:0b:1a:00:fc
09-23 01:25:31.169 V/bt_stack( 1818): [VERBOSE1:btm_ble_gap.cc(2650)] btm_ble_process_adv_addr: bda=04:7a:0b:1a:00:fc
09-23 01:25:31.169 V/bt_stack( 1818): [VERBOSE1:btm_ble_gap.cc(2886)] btm_ble_process_adv_pkt_cont skipped BDA 04:7a:0b:1a:00:fc
09-23 01:25:31.172 V/bt_stack( 1818): [VERBOSE1:btm_ble_gap.cc(2726)] btm_ble_process_ext_adv_pkt: bda=0d:dd:62:ee:8e:ec
09-23 01:25:31.172 V/bt_stack( 1818): [VERBOSE1:btm_ble_gap.cc(2650)] btm_ble_process_adv_addr: bda=0d:dd:62:ee:8e:ec
09-23 01:25:31.172 V/bt_stack( 1818): [VERBOSE1:btm_ble_gap.cc(2886)] btm_ble_process_adv_pkt_cont skipped BDA 0d:dd:62:ee:8e:ec
09-23 01:25:31.179 I/auditd ( 3555): type=1400 audit(0.0:39375): avc: denied { read } for comm="NativeThread" name="unix" dev="proc" ino=4026532289 scontext=u:r:untrusted_app_27:s0:c512,c768 tcontext=u:object_r:proc_net:s0 tclass=file permissive=0 app=com.alibaba.android.rimet
09-23 01:25:31.179 W/NativeThread( 3555): type=1400 audit(0.0:39375): avc: denied { read } for name="unix" dev="proc" ino=4026532289 scontext=u:r:untrusted_app_27:s0:c512,c768 tcontext=u:object_r:proc_net:s0 tclass=file permissive=0 app=com.alibaba.android.rimet
09-23 01:25:31.191 I/ValarMorghulis( 3555): 0ooo======6483////$$$$$//1750
09-23 01:25:31.199 V/bt_stack( 1818): [VERBOSE1:btm_ble_gap.cc(2726)] btm_ble_process_ext_adv_pkt: bda=24:b2:62:15:1d:88
09-23 01:25:31.199 V/bt_stack( 1818): [VERBOSE1:btm_ble_gap.cc(2650)] btm_ble_process_adv_addr: bda=24:b2:62:15:1d:88
09-23 01:25:31.199 V/bt_stack( 1818): [VERBOSE1:btm_ble_gap.cc(2886)] btm_ble_process_adv_pkt_cont skipped BDA 24:b2:62:15:1d:88
09-23 01:25:31.200 V/bt_stack( 1818): [VERBOSE1:btm_ble_gap.cc(2726)] btm_ble_process_ext_adv_pkt: bda=07:f2:12:2b:e4:3c
09-23 01:25:31.200 V/bt_stack( 1818): [VERBOSE1:btm_ble_gap.cc(2650)] btm_ble_process_adv_addr: bda=07:f2:12:2b:e4:3c
09-23 01:25:31.200 V/bt_stack( 1818): [VERBOSE1:btm_ble_gap.cc(2886)] btm_ble_process_adv_pkt_cont skipped BDA 07:f2:12:2b:e4:3c
09-23 01:25:31.231 V/bt_stack( 1818): [VERBOSE1:btm_ble_gap.cc(2726)] btm_ble_process_ext_adv_pkt: bda=66:0c:3a:ed:08:7a
09-23 01:25:31.231 V/bt_stack( 1818): [VERBOSE1:btm_ble_gap.cc(2650)] btm_ble_process_adv_addr: bda=66:0c:3a:ed:08:7a
09-23 01:25:31.231 W/bt_btm_ble( 1818): btm_ble_process_adv_pkt_cont device no longer discoverable, discarding advertising packet
09-23 01:25:31.236 V/bt_stack( 1818): [VERBOSE1:btm_ble_gap.cc(2726)] btm_ble_process_ext_adv_pkt: bda=15:0e:ae:d4:5a:c8
09-23 01:25:31.236 V/bt_stack( 1818): [VERBOSE1:btm_ble_gap.cc(2650)] btm_ble_process_adv_addr: bda=15:0e:ae:d4:5a:c8
09-23 01:25:31.236 W/bt_btm_ble( 1818): btm_ble_process_adv_pkt_cont device no longer discoverable, discarding advertising packet
09-23 01:25:31.239 I/mpu_uart( 657): [MSG-P:RECV]:No message received in 1000 ms
09-23 01:25:31.243 V/bt_stack( 1818): [VERBOSE1:btm_ble_gap.cc(2726)] btm_ble_process_ext_adv_pkt: bda=23:80:ea:f6:43:b0
09-23 01:25:31.243 V/bt_stack( 1818): [VERBOSE1:btm_ble_gap.cc(2650)] btm_ble_process_adv_addr: bda=23:80:ea:f6:43:b0
09-23 01:25:31.243 V/bt_stack( 1818): [VERBOSE1:btm_ble_gap.cc(2886)] btm_ble_process_adv_pkt_cont skipped BDA 23:80:ea:f6:43:b0
09-23 01:25:31.246 V/bt_stack( 1818): [VERBOSE1:btm_ble_gap.cc(2726)] btm_ble_process_ext_adv_pkt: bda=2d:41:c1:8b:97:ee
09-23 01:25:31.246 V/bt_stack( 1818): [VERBOSE1:btm_ble_gap.cc(2650)] btm_ble_process_adv_addr: bda=2d:41:c1:8b:97:ee
09-23 01:25:31.246 V/bt_stack( 1818): [VERBOSE1:btm_ble_gap.cc(2886)] btm_ble_process_adv_pkt_cont skipped BDA 2d:41:c1:8b:97:ee
09-23 01:25:31.254 V/bt_stack( 1818): [VERBOSE1:btm_ble_gap.cc(2726)] btm_ble_process_ext_adv_pkt: bda=4c:e5:6c:b5:fa:22
09-23 01:25:31.254 V/bt_stack( 1818): [VERBOSE1:btm_ble_gap.cc(2650)] btm_ble_process_adv_addr: bda=4c:e5:6c:b5:fa:22
09-23 01:25:31.254 V/bt_stack( 1818): [VERBOSE1:btm_ble_gap.cc(2855)] Waiting for scan response 4c:e5:6c:b5:fa:22
09-23 01:25:31.254 V/bt_stack( 1818): [VERBOSE1:btm_ble_gap.cc(2726)] btm_ble_process_ext_adv_pkt: bda=4c:e5:6c:b5:fa:22
09-23 01:25:31.254 V/bt_stack( 1818): [VERBOSE1:btm_ble_gap.cc(2650)] btm_ble_process_adv_addr: bda=4c:e5:6c:b5:fa:22
09-23 01:25:31.254 V/bt_stack( 1818): [VERBOSE1:btm_ble_gap.cc(2886)] btm_ble_process_adv_pkt_cont skipped BDA 4c:e5:6c:b5:fa:22
09-23 01:25:31.256 V/bt_stack( 1818): [VERBOSE1:btm_ble_gap.cc(2726)] btm_ble_process_ext_adv_pkt: bda=52:b2:6d:3e:ae:86
09-23 01:25:31.256 V/bt_stack( 1818): [VERBOSE1:btm_ble_gap.cc(2650)] btm_ble_process_adv_addr: bda=52:b2:6d:3e:ae:86
09-23 01:25:31.256 V/bt_stack( 1818): [VERBOSE1:btm_ble_gap.cc(2855)] Waiting for scan response 52:b2:6d:3e:ae:86
09-23 01:25:31.256 V/bt_stack( 1818): [VERBOSE1:btm_ble_gap.cc(2726)] btm_ble_process_ext_adv_pkt: bda=52:b2:6d:3e:ae:86
09-23 01:25:31.256 V/bt_stack( 1818): [VERBOSE1:btm_ble_gap.cc(2650)] btm_ble_process_adv_addr: bda=52:b2:6d:3e:ae:86
09-23 01:25:31.256 V/bt_stack( 1818): [VERBOSE1:btm_ble_gap.cc(2886)] btm_ble_process_adv_pkt_cont skipped BDA 52:b2:6d:3e:ae:86
09-23 01:25:31.265 V/bt_stack( 1818): [VERBOSE1:btm_ble_gap.cc(2726)] btm_ble_process_ext_adv_pkt: bda=09:fa:6a:08:4c:eb
09-23 01:25:31.265 V/bt_stack( 1818): [VERBOSE1:btm_ble_gap.cc(2650)] btm_ble_process_adv_addr: bda=09:fa:6a:08:4c:eb
09-23 01:25:31.265 V/bt_stack( 1818): [VERBOSE1:btm_ble_gap.cc(2886)] btm_ble_process_adv_pkt_cont skipped BDA 09:fa:6a:08:4c:eb
09-23 01:25:31.267 V/bt_stack( 1818): [VERBOSE1:btm_ble_gap.cc(2726)] btm_ble_process_ext_adv_pkt: bda=2d:fc:24:d7:02:8e
09-23 01:25:31.267 V/bt_stack( 1818): [VERBOSE1:btm_ble_gap.cc(2650)] btm_ble_process_adv_addr: bda=2d:fc:24:d7:02:8e
09-23 01:25:31.267 V/bt_stack( 1818): [VERBOSE1:btm_ble_gap.cc(2886)] btm_ble_process_adv_pkt_cont skipped BDA 2d:fc:24:d7:02:8e
09-23 01:25:31.271 V/bt_stack( 1818): [VERBOSE1:btm_ble_gap.cc(2726)] btm_ble_process_ext_adv_pkt: bda=5b:18:c9:bf:d4:65
09-23 01:25:31.271 V/bt_stack( 1818): [VERBOSE1:btm_ble_gap.cc(2650)] btm_ble_process_adv_addr: bda=5b:18:c9:bf:d4:65
09-23 01:25:31.271 V/bt_stack( 1818): [VERBOSE1:btm_ble_gap.cc(2886)] btm_ble_process_adv_pkt_cont skipped BDA 5b:18:c9:bf:d4:65
09-23 01:25:31.279 V/bt_stack( 1818): [VERBOSE1:btm_ble_gap.cc(2726)] btm_ble_process_ext_adv_pkt: bda=0d:dd:62:ee:8e:ec
09-23 01:25:31.279 V/bt_stack( 1818): [VERBOSE1:btm_ble_gap.cc(2650)] btm_ble_process_adv_addr: bda=0d:dd:62:ee:8e:ec
09-23 01:25:31.279 V/bt_stack( 1818): [VERBOSE1:btm_ble_gap.cc(2886)] btm_ble_process_adv_pkt_cont skipped BDA 0d:dd:62:ee:8e:ec
09-23 01:25:31.283 V/bt_stack( 1818): [VERBOSE1:btm_ble_gap.cc(2726)] btm_ble_process_ext_adv_pkt: bda=37:bb:83:26:a5:34
09-23 01:25:31.283 V/bt_stack( 1818): [VERBOSE1:btm_ble_gap.cc(2650)] btm_ble_process_adv_addr: bda=37:bb:83:26:a5:34
09-23 01:25:31.283 V/bt_stack( 1818): [VERBOSE1:btm_ble_gap.cc(2886)] btm_ble_process_adv_pkt_cont skipped BDA 37:bb:83:26:a5:34
09-23 01:25:31.301 V/bt_stack( 1818): [VERBOSE1:btm_ble_gap.cc(2726)] btm_ble_process_ext_adv_pkt: bda=07:f2:12:2b:e4:3c
09-23 01:25:31.301 V/bt_stack( 1818): [VERBOSE1:btm_ble_gap.cc(2650)] btm_ble_process_adv_addr: bda=07:f2:12:2b:e4:3c
09-23 01:25:31.301 V/bt_stack( 1818): [VERBOSE1:btm_ble_gap.cc(2886)] btm_ble_process_adv_pkt_cont skipped BDA 07:f2:12:2b:e4:3c
09-23 01:25:31.304 V/bt_stack( 1818): [VERBOSE1:btm_ble_gap.cc(2726)] btm_ble_process_ext_adv_pkt: bda=24:b2:62:15:1d:88
