09-23 01:02:43.407 I/auditd ( 3555): type=1400 audit(0.0:34493): avc: denied { ioctl } for comm="NativeThread" path="socket:[507030]" dev="sockfs" ino=507030 ioctlcmd=0x8927 scontext=u:r:untrusted_app_27:s0:c512,c768 tcontext=u:r:untrusted_app_27:s0:c512,c768 tclass=udp_socket permissive=0 app=com.alibaba.android.rimet
09-23 01:02:43.407 I/auditd ( 3555): type=1400 audit(0.0:34494): avc: denied { ioctl } for comm="NativeThread" path="socket:[507030]" dev="sockfs" ino=507030 ioctlcmd=0x8927 scontext=u:r:untrusted_app_27:s0:c512,c768 tcontext=u:r:untrusted_app_27:s0:c512,c768 tclass=udp_socket permissive=0 app=com.alibaba.android.rimet
09-23 01:02:48.503 I/auditd ( 3555): type=1400 audit(0.0:34505): avc: denied { read } for comm="NativeThread" name="unix" dev="proc" ino=4026532289 scontext=u:r:untrusted_app_27:s0:c512,c768 tcontext=u:object_r:proc_net:s0 tclass=file permissive=0 app=com.alibaba.android.rimet
09-23 01:02:49.043 I/auditd ( 3555): type=1400 audit(0.0:34506): avc: denied { read } for comm="NativeThread" name="unix" dev="proc" ino=4026532289 scontext=u:r:untrusted_app_27:s0:c512,c768 tcontext=u:object_r:proc_net:s0 tclass=file permissive=0 app=com.alibaba.android.rimet
09-23 01:02:49.511 I/auditd ( 3555): type=1400 audit(0.0:34507): avc: denied { read } for comm="NativeThread" name="unix" dev="proc" ino=4026532289 scontext=u:r:untrusted_app_27:s0:c512,c768 tcontext=u:object_r:proc_net:s0 tclass=file permissive=0 app=com.alibaba.android.rimet
09-23 01:02:49.519 I/auditd ( 3555): type=1400 audit(0.0:34508): avc: denied { read } for comm="NativeThread" name="version" dev="proc" ino=4026532265 scontext=u:r:untrusted_app_27:s0:c512,c768 tcontext=u:object_r:proc_version:s0 tclass=file permissive=0 app=com.alibaba.android.rimet
09-23 01:02:49.519 I/auditd ( 3555): type=1400 audit(0.0:34509): avc: denied { ioctl } for comm="NativeThread" path="socket:[506080]" dev="sockfs" ino=506080 ioctlcmd=0x8927 scontext=u:r:untrusted_app_27:s0:c512,c768 tcontext=u:r:untrusted_app_27:s0:c512,c768 tclass=udp_socket permissive=0 app=com.alibaba.android.rimet
09-23 01:02:49.519 I/auditd ( 3555): type=1400 audit(0.0:34510): avc: denied { ioctl } for comm="NativeThread" path="socket:[506080]" dev="sockfs" ino=506080 ioctlcmd=0x8927 scontext=u:r:untrusted_app_27:s0:c512,c768 tcontext=u:r:untrusted_app_27:s0:c512,c768 tclass=udp_socket permissive=0 app=com.alibaba.android.rimet
09-23 01:02:49.519 I/auditd ( 3555): type=1400 audit(0.0:34511): avc: denied { ioctl } for comm="NativeThread" path="socket:[506080]" dev="sockfs" ino=506080 ioctlcmd=0x8927 scontext=u:r:untrusted_app_27:s0:c512,c768 tcontext=u:r:untrusted_app_27:s0:c512,c768 tclass=udp_socket permissive=0 app=com.alibaba.android.rimet
09-23 01:02:49.519 I/auditd ( 3555): type=1400 audit(0.0:34512): avc: denied { ioctl } for comm="NativeThread" path="socket:[506080]" dev="sockfs" ino=506080 ioctlcmd=0x8927 scontext=u:r:untrusted_app_27:s0:c512,c768 tcontext=u:r:untrusted_app_27:s0:c512,c768 tclass=udp_socket permissive=0 app=com.alibaba.android.rimet
09-23 01:02:49.523 I/auditd ( 3555): type=1400 audit(0.0:34513): avc: denied { ioctl } for comm="NativeThread" path="socket:[506080]" dev="sockfs" ino=506080 ioctlcmd=0x8927 scontext=u:r:untrusted_app_27:s0:c512,c768 tcontext=u:r:untrusted_app_27:s0:c512,c768 tclass=udp_socket permissive=0 app=com.alibaba.android.rimet
09-23 01:02:49.523 I/auditd ( 3555): type=1400 audit(0.0:34514): avc: denied { ioctl } for comm="NativeThread" path="socket:[506080]" dev="sockfs" ino=506080 ioctlcmd=0x8927 scontext=u:r:untrusted_app_27:s0:c512,c768 tcontext=u:r:untrusted_app_27:s0:c512,c768 tclass=udp_socket permissive=0 app=com.alibaba.android.rimet
09-23 01:02:54.639 I/auditd ( 3555): type=1400 audit(0.0:34524): avc: denied { read } for comm="NativeThread" name="unix" dev="proc" ino=4026532289 scontext=u:r:untrusted_app_27:s0:c512,c768 tcontext=u:object_r:proc_net:s0 tclass=file permissive=0 app=com.alibaba.android.rimet
09-23 01:02:55.123 I/auditd ( 3555): type=1400 audit(0.0:34525): avc: denied { read } for comm="NativeThread" name="unix" dev="proc" ino=4026532289 scontext=u:r:untrusted_app_27:s0:c512,c768 tcontext=u:object_r:proc_net:s0 tclass=file permissive=0 app=com.alibaba.android.rimet
09-23 01:02:55.591 I/auditd ( 3555): type=1400 audit(0.0:34526): avc: denied { read } for comm="NativeThread" name="unix" dev="proc" ino=4026532289 scontext=u:r:untrusted_app_27:s0:c512,c768 tcontext=u:object_r:proc_net:s0 tclass=file permissive=0 app=com.alibaba.android.rimet
09-23 01:02:55.599 I/auditd ( 3555): type=1400 audit(0.0:34527): avc: denied { read } for comm="NativeThread" name="version" dev="proc" ino=4026532265 scontext=u:r:untrusted_app_27:s0:c512,c768 tcontext=u:object_r:proc_version:s0 tclass=file permissive=0 app=com.alibaba.android.rimet
09-23 01:02:55.599 I/auditd ( 3555): type=1400 audit(0.0:34528): avc: denied { ioctl } for comm="NativeThread" path="socket:[507158]" dev="sockfs" ino=507158 ioctlcmd=0x8927 scontext=u:r:untrusted_app_27:s0:c512,c768 tcontext=u:r:untrusted_app_27:s0:c512,c768 tclass=udp_socket permissive=0 app=com.alibaba.android.rimet
09-23 01:02:56.087 I/auditd ( 3555): type=1400 audit(0.0:34543): avc: denied { read } for comm="NativeThread" name="unix" dev="proc" ino=4026532289 scontext=u:r:untrusted_app_27:s0:c512,c768 tcontext=u:object_r:proc_net:s0 tclass=file permissive=0 app=com.alibaba.android.rimet
09-23 01:02:58.511 I/auditd ( 4190): type=1400 audit(0.0:34544): avc: denied { read } for comm="pool-2-thread-6" name="tcp" dev="proc" ino=4026532283 scontext=u:r:untrusted_app_29:s0:c108,c256,c512,c768 tcontext=u:object_r:proc_net_tcp_udp:s0 tclass=file permissive=0 app=com.smile.gifmaker
09-23 01:03:00.739 I/auditd ( 3555): type=1400 audit(0.0:34545): avc: denied { read } for comm="NativeThread" name="unix" dev="proc" ino=4026532289 scontext=u:r:untrusted_app_27:s0:c512,c768 tcontext=u:object_r:proc_net:s0 tclass=file permissive=0 app=com.alibaba.android.rimet
09-23 01:03:01.231 I/auditd ( 3555): type=1400 audit(0.0:34546): avc: denied { read } for comm="NativeThread" name="unix" dev="proc" ino=4026532289 scontext=u:r:untrusted_app_27:s0:c512,c768 tcontext=u:object_r:proc_net:s0 tclass=file permissive=0 app=com.alibaba.android.rimet
09-23 01:03:01.691 I/auditd ( 3555): type=1400 audit(0.0:34547): avc: denied { read } for comm="NativeThread" name="unix" dev="proc" ino=4026532289 scontext=u:r:untrusted_app_27:s0:c512,c768 tcontext=u:object_r:proc_net:s0 tclass=file permissive=0 app=com.alibaba.android.rimet
09-23 01:03:01.703 I/auditd ( 3555): type=1400 audit(0.0:34548): avc: denied { read } for comm="NativeThread" name="version" dev="proc" ino=4026532265 scontext=u:r:untrusted_app_27:s0:c512,c768 tcontext=u:object_r:proc_version:s0 tclass=file permissive=0 app=com.alibaba.android.rimet
09-23 01:03:01.703 I/auditd ( 3555): type=1400 audit(0.0:34549): avc: denied { ioctl } for comm="NativeThread" path="socket:[506191]" dev="sockfs" ino=506191 ioctlcmd=0x8927 scontext=u:r:untrusted_app_27:s0:c512,c768 tcontext=u:r:untrusted_app_27:s0:c512,c768 tclass=udp_socket permissive=0 app=com.alibaba.android.rimet
09-23 01:03:01.703 I/auditd ( 3555): type=1400 audit(0.0:34550): avc: denied { ioctl } for comm="NativeThread" path="socket:[506191]" dev="sockfs" ino=506191 ioctlcmd=0x8927 scontext=u:r:untrusted_app_27:s0:c512,c768 tcontext=u:r:untrusted_app_27:s0:c512,c768 tclass=udp_socket permissive=0 app=com.alibaba.android.rimet
09-23 01:03:01.703 I/auditd ( 3555): type=1400 audit(0.0:34551): avc: denied { ioctl } for comm="NativeThread" path="socket:[506191]" dev="sockfs" ino=506191 ioctlcmd=0x8927 scontext=u:r:untrusted_app_27:s0:c512,c768 tcontext=u:r:untrusted_app_27:s0:c512,c768 tclass=udp_socket permissive=0 app=com.alibaba.android.rimet
09-23 01:03:01.703 I/auditd ( 3555): type=1400 audit(0.0:34552): avc: denied { ioctl } for comm="NativeThread" path="socket:[506191]" dev="sockfs" ino=506191 ioctlcmd=0x8927 scontext=u:r:untrusted_app_27:s0:c512,c768 tcontext=u:r:untrusted_app_27:s0:c512,c768 tclass=udp_socket permissive=0 app=com.alibaba.android.rimet
09-23 01:03:06.871 I/auditd ( 3555): type=1400 audit(0.0:34564): avc: denied { read } for comm="NativeThread" name="unix" dev="proc" ino=4026532289 scontext=u:r:untrusted_app_27:s0:c512,c768 tcontext=u:object_r:proc_net:s0 tclass=file permissive=0 app=com.alibaba.android.rimet
09-23 01:03:07.291 I/auditd ( 3555): type=1400 audit(0.0:34565): avc: denied { read } for comm="NativeThread" name="unix" dev="proc" ino=4026532289 scontext=u:r:untrusted_app_27:s0:c512,c768 tcontext=u:object_r:proc_net:s0 tclass=file permissive=0 app=com.alibaba.android.rimet
09-23 01:03:07.803 I/auditd ( 3555): type=1400 audit(0.0:34566): avc: denied { read } for comm="NativeThread" name="unix" dev="proc" ino=4026532289 scontext=u:r:untrusted_app_27:s0:c512,c768 tcontext=u:object_r:proc_net:s0 tclass=file permissive=0 app=com.alibaba.android.rimet
09-23 01:03:07.807 I/auditd ( 3555): type=1400 audit(0.0:34567): avc: denied { read } for comm="NativeThread" name="version" dev="proc" ino=4026532265 scontext=u:r:untrusted_app_27:s0:c512,c768 tcontext=u:object_r:proc_version:s0 tclass=file permissive=0 app=com.alibaba.android.rimet
09-23 01:03:07.807 I/auditd ( 3555): type=1400 audit(0.0:34568): avc: denied { ioctl } for comm="NativeThread" path="socket:[504197]" dev="sockfs" ino=504197 ioctlcmd=0x8927 scontext=u:r:untrusted_app_27:s0:c512,c768 tcontext=u:r:untrusted_app_27:s0:c512,c768 tclass=udp_socket permissive=0 app=com.alibaba.android.rimet
09-23 01:03:08.295 I/auditd ( 3555): type=1400 audit(0.0:34582): avc: denied { read } for comm="NativeThread" name="unix" dev="proc" ino=4026532289 scontext=u:r:untrusted_app_27:s0:c512,c768 tcontext=u:object_r:proc_net:s0 tclass=file permissive=0 app=com.alibaba.android.rimet
09-23 01:03:12.979 I/auditd ( 3555): type=1400 audit(0.0:34583): avc: denied { read } for comm="NativeThread" name="unix" dev="proc" ino=4026532289 scontext=u:r:untrusted_app_27:s0:c512,c768 tcontext=u:object_r:proc_net:s0 tclass=file permissive=0 app=com.alibaba.android.rimet
09-23 01:03:13.479 I/auditd ( 3555): type=1400 audit(0.0:34584): avc: denied { read } for comm="NativeThread" name="unix" dev="proc" ino=4026532289 scontext=u:r:untrusted_app_27:s0:c512,c768 tcontext=u:object_r:proc_net:s0 tclass=file permissive=0 app=com.alibaba.android.rimet
09-23 01:03:13.935 I/auditd ( 3555): type=1400 audit(0.0:34585): avc: denied { read } for comm="NativeThread" name="unix" dev="proc" ino=4026532289 scontext=u:r:untrusted_app_27:s0:c512,c768 tcontext=u:object_r:proc_net:s0 tclass=file permissive=0 app=com.alibaba.android.rimet
09-23 01:03:13.939 I/auditd ( 3555): type=1400 audit(0.0:34586): avc: denied { read } for comm="NativeThread" name="version" dev="proc" ino=4026532265 scontext=u:r:untrusted_app_27:s0:c512,c768 tcontext=u:object_r:proc_version:s0 tclass=file permissive=0 app=com.alibaba.android.rimet
09-23 01:03:13.939 I/auditd ( 3555): type=1400 audit(0.0:34587): avc: denied { ioctl } for comm="NativeThread" path="socket:[504296]" dev="sockfs" ino=504296 ioctlcmd=0x8927 scontext=u:r:untrusted_app_27:s0:c512,c768 tcontext=u:r:untrusted_app_27:s0:c512,c768 tclass=udp_socket permissive=0 app=com.alibaba.android.rimet
09-23 01:03:13.939 I/auditd ( 3555): type=1400 audit(0.0:34588): avc: denied { ioctl } for comm="NativeThread" path="socket:[504296]" dev="sockfs" ino=504296 ioctlcmd=0x8927 scontext=u:r:untrusted_app_27:s0:c512,c768 tcontext=u:r:untrusted_app_27:s0:c512,c768 tclass=udp_socket permissive=0 app=com.alibaba.android.rimet
09-23 01:03:13.939 I/auditd ( 3555): type=1400 audit(0.0:34589): avc: denied { ioctl } for comm="NativeThread" path="socket:[504296]" dev="sockfs" ino=504296 ioctlcmd=0x8927 scontext=u:r:untrusted_app_27:s0:c512,c768 tcontext=u:r:untrusted_app_27:s0:c512,c768 tclass=udp_socket permissive=0 app=com.alibaba.android.rimet
09-23 01:03:13.939 I/auditd ( 3555): type=1400 audit(0.0:34590): avc: denied { ioctl } for comm="NativeThread" path="socket:[504296]" dev="sockfs" ino=504296 ioctlcmd=0x8927 scontext=u:r:untrusted_app_27:s0:c512,c768 tcontext=u:r:untrusted_app_27:s0:c512,c768 tclass=udp_socket permissive=0 app=com.alibaba.android.rimet
09-23 01:03:13.939 I/auditd ( 3555): type=1400 audit(0.0:34591): avc: denied { ioctl } for comm="NativeThread" path="socket:[504296]" dev="sockfs" ino=504296 ioctlcmd=0x8927 scontext=u:r:untrusted_app_27:s0:c512,c768 tcontext=u:r:untrusted_app_27:s0:c512,c768 tclass=udp_socket permissive=0 app=com.alibaba.android.rimet
09-23 01:03:17.131 I/auditd ( 3555): type=1400 audit(0.0:34602): avc: granted { nlmsg_readpriv } for comm="DaemonThread-6" scontext=u:r:untrusted_app_27:s0:c512,c768 tcontext=u:r:untrusted_app_27:s0:c512,c768 tclass=netlink_route_socket app=com.alibaba.android.rimet
09-23 01:03:18.111 I/auditd ( 3555): type=1400 audit(0.0:34603): avc: granted { nlmsg_readpriv } for comm="DaemonThread-6" scontext=u:r:untrusted_app_27:s0:c512,c768 tcontext=u:r:untrusted_app_27:s0:c512,c768 tclass=netlink_route_socket app=com.alibaba.android.rimet
09-23 01:03:19.119 I/auditd ( 3555): type=1400 audit(0.0:34604): avc: denied { read } for comm="NativeThread" name="unix" dev="proc" ino=4026532289 scontext=u:r:untrusted_app_27:s0:c512,c768 tcontext=u:object_r:proc_net:s0 tclass=file permissive=0 app=com.alibaba.android.rimet
09-23 01:03:19.651 I/auditd ( 3555): type=1400 audit(0.0:34605): avc: denied { read } for comm="NativeThread" name="unix" dev="proc" ino=4026532289 scontext=u:r:untrusted_app_27:s0:c512,c768 tcontext=u:object_r:proc_net:s0 tclass=file permissive=0 app=com.alibaba.android.rimet
09-23 01:03:20.123 I/auditd ( 3555): type=1400 audit(0.0:34606): avc: denied { read } for comm="NativeThread" name="unix" dev="proc" ino=4026532289 scontext=u:r:untrusted_app_27:s0:c512,c768 tcontext=u:object_r:proc_net:s0 tclass=file permissive=0 app=com.alibaba.android.rimet
09-23 01:03:20.127 I/auditd ( 3555): type=1400 audit(0.0:34607): avc: denied { read } for comm="NativeThread" name="version" dev="proc" ino=4026532265 scontext=u:r:untrusted_app_27:s0:c512,c768 tcontext=u:object_r:proc_version:s0 tclass=file permissive=0 app=com.alibaba.android.rimet
09-23 01:03:20.131 I/auditd ( 3555): type=1400 audit(0.0:34608): avc: denied { ioctl } for comm="NativeThread" path="socket:[506373]" dev="sockfs" ino=506373 ioctlcmd=0x8927 scontext=u:r:untrusted_app_27:s0:c512,c768 tcontext=u:r:untrusted_app_27:s0:c512,c768 tclass=udp_socket permissive=0 app=com.alibaba.android.rimet
09-23 01:03:20.131 I/auditd ( 3555): type=1400 audit(0.0:34609): avc: denied { ioctl } for comm="NativeThread" path="socket:[506373]" dev="sockfs" ino=506373 ioctlcmd=0x8927 scontext=u:r:untrusted_app_27:s0:c512,c768 tcontext=u:r:untrusted_app_27:s0:c512,c768 tclass=udp_socket permissive=0 app=com.alibaba.android.rimet
09-23 01:03:20.131 I/auditd ( 3555): type=1400 audit(0.0:34610): avc: denied { ioctl } for comm="NativeThread" path="socket:[506373]" dev="sockfs" ino=506373 ioctlcmd=0x8927 scontext=u:r:untrusted_app_27:s0:c512,c768 tcontext=u:r:untrusted_app_27:s0:c512,c768 tclass=udp_socket permissive=0 app=com.alibaba.android.rimet
09-23 01:03:20.131 I/auditd ( 3555): type=1400 audit(0.0:34611): avc: denied { ioctl } for comm="NativeThread" path="socket:[506373]" dev="sockfs" ino=506373 ioctlcmd=0x8927 scontext=u:r:untrusted_app_27:s0:c512,c768 tcontext=u:r:untrusted_app_27:s0:c512,c768 tclass=udp_socket permissive=0 app=com.alibaba.android.rimet
09-23 01:03:25.263 I/auditd ( 3555): type=1400 audit(0.0:34623): avc: denied { read } for comm="NativeThread" name="unix" dev="proc" ino=4026532289 scontext=u:r:untrusted_app_27:s0:c512,c768 tcontext=u:object_r:proc_net:s0 tclass=file permissive=0 app=com.alibaba.android.rimet
09-23 01:03:25.751 I/auditd ( 3555): type=1400 audit(0.0:34624): avc: denied { read } for comm="NativeThread" name="unix" dev="proc" ino=4026532289 scontext=u:r:untrusted_app_27:s0:c512,c768 tcontext=u:object_r:proc_net:s0 tclass=file permissive=0 app=com.alibaba.android.rimet
09-23 01:03:25.799 I/auditd (32034): type=1400 audit(0.0:34625): avc: granted { nlmsg_readpriv } for comm="DaemonThread-6" scontext=u:r:untrusted_app_27:s0:c512,c768 tcontext=u:r:untrusted_app_27:s0:c512,c768 tclass=netlink_route_socket app=com.alibaba.android.rimet
09-23 01:03:26.019 I/auditd ( 3555): type=1400 audit(0.0:34626): avc: denied { read } for comm="NativeThread" name="unix" dev="proc" ino=4026532289 scontext=u:r:untrusted_app_27:s0:c512,c768 tcontext=u:object_r:proc_net:s0 tclass=file permissive=0 app=com.alibaba.android.rimet
09-23 01:03:26.023 I/auditd ( 3555): type=1400 audit(0.0:34627): avc: denied { read } for comm="NativeThread" name="version" dev="proc" ino=4026532265 scontext=u:r:untrusted_app_27:s0:c512,c768 tcontext=u:object_r:proc_version:s0 tclass=file permissive=0 app=com.alibaba.android.rimet
09-23 01:03:26.283 I/auditd ( 3555): type=1400 audit(0.0:34642): avc: denied { read } for comm="NativeThread" name="unix" dev="proc" ino=4026532289 scontext=u:r:untrusted_app_27:s0:c512,c768 tcontext=u:object_r:proc_net:s0 tclass=file permissive=0 app=com.alibaba.android.rimet
09-23 01:03:26.459 I/auditd (32034): type=1400 audit(0.0:34643): avc: granted { nlmsg_readpriv } for comm="DaemonThread-6" scontext=u:r:untrusted_app_27:s0:c512,c768 tcontext=u:r:untrusted_app_27:s0:c512,c768 tclass=netlink_route_socket app=com.alibaba.android.rimet
09-23 01:03:30.855 I/auditd ( 3555): type=1400 audit(0.0:34644): avc: denied { read } for comm="NativeThread" name="unix" dev="proc" ino=4026532289 scontext=u:r:untrusted_app_27:s0:c512,c768 tcontext=u:object_r:proc_net:s0 tclass=file permissive=0 app=com.alibaba.android.rimet
09-23 01:03:31.367 I/auditd ( 3555): type=1400 audit(0.0:34645): avc: denied { read } for comm="NativeThread" name="unix" dev="proc" ino=4026532289 scontext=u:r:untrusted_app_27:s0:c512,c768 tcontext=u:object_r:proc_net:s0 tclass=file permissive=0 app=com.alibaba.android.rimet
09-23 01:03:31.871 I/auditd ( 3555): type=1400 audit(0.0:34646): avc: denied { read } for comm="NativeThread" name="unix" dev="proc" ino=4026532289 scontext=u:r:untrusted_app_27:s0:c512,c768 tcontext=u:object_r:proc_net:s0 tclass=file permissive=0 app=com.alibaba.android.rimet
09-23 01:03:31.879 I/auditd ( 3555): type=1400 audit(0.0:34647): avc: denied { read } for comm="NativeThread" name="version" dev="proc" ino=4026532265 scontext=u:r:untrusted_app_27:s0:c512,c768 tcontext=u:object_r:proc_version:s0 tclass=file permissive=0 app=com.alibaba.android.rimet
09-23 01:03:31.883 I/auditd ( 3555): type=1400 audit(0.0:34648): avc: denied { ioctl } for comm="NativeThread" path="socket:[507538]" dev="sockfs" ino=507538 ioctlcmd=0x8927 scontext=u:r:untrusted_app_27:s0:c512,c768 tcontext=u:r:untrusted_app_27:s0:c512,c768 tclass=udp_socket permissive=0 app=com.alibaba.android.rimet
09-23 01:03:31.883 I/auditd ( 3555): type=1400 audit(0.0:34649): avc: denied { ioctl } for comm="NativeThread" path="socket:[507538]" dev="sockfs" ino=507538 ioctlcmd=0x8927 scontext=u:r:untrusted_app_27:s0:c512,c768 tcontext=u:r:untrusted_app_27:s0:c512,c768 tclass=udp_socket permissive=0 app=com.alibaba.android.rimet
09-23 01:03:31.883 I/auditd ( 3555): type=1400 audit(0.0:34650): avc: denied { ioctl } for comm="NativeThread" path="socket:[507538]" dev="sockfs" ino=507538 ioctlcmd=0x8927 scontext=u:r:untrusted_app_27:s0:c512,c768 tcontext=u:r:untrusted_app_27:s0:c512,c768 tclass=udp_socket permissive=0 app=com.alibaba.android.rimet
09-23 01:03:31.883 I/auditd ( 3555): type=1400 audit(0.0:34651): avc: denied { ioctl } for comm="NativeThread" path="socket:[507538]" dev="sockfs" ino=507538 ioctlcmd=0x8927 scontext=u:r:untrusted_app_27:s0:c512,c768 tcontext=u:r:untrusted_app_27:s0:c512,c768 tclass=udp_socket permissive=0 app=com.alibaba.android.rimet
09-23 01:03:37.099 I/auditd ( 3555): type=1400 audit(0.0:34663): avc: denied { read } for comm="NativeThread" name="unix" dev="proc" ino=4026532289 scontext=u:r:untrusted_app_27:s0:c512,c768 tcontext=u:object_r:proc_net:s0 tclass=file permissive=0 app=com.alibaba.android.rimet
09-23 01:03:37.535 I/auditd ( 3555): type=1400 audit(0.0:34664): avc: denied { read } for comm="NativeThread" name="unix" dev="proc" ino=4026532289 scontext=u:r:untrusted_app_27:s0:c512,c768 tcontext=u:object_r:proc_net:s0 tclass=file permissive=0 app=com.alibaba.android.rimet
09-23 01:03:38.031 I/auditd ( 3555): type=1400 audit(0.0:34665): avc: denied { read } for comm="NativeThread" name="unix" dev="proc" ino=4026532289 scontext=u:r:untrusted_app_27:s0:c512,c768 tcontext=u:object_r:proc_net:s0 tclass=file permissive=0 app=com.alibaba.android.rimet
09-23 01:03:38.035 I/auditd ( 3555): type=1400 audit(0.0:34666): avc: denied { read } for comm="NativeThread" name="version" dev="proc" ino=4026532265 scontext=u:r:untrusted_app_27:s0:c512,c768 tcontext=u:object_r:proc_version:s0 tclass=file permissive=0 app=com.alibaba.android.rimet
09-23 01:03:38.039 I/auditd ( 3555): type=1400 audit(0.0:34667): avc: denied { ioctl } for comm="NativeThread" path="socket:[504517]" dev="sockfs" ino=504517 ioctlcmd=0x8927 scontext=u:r:untrusted_app_27:s0:c512,c768 tcontext=u:r:untrusted_app_27:s0:c512,c768 tclass=udp_socket permissive=0 app=com.alibaba.android.rimet
09-23 01:03:38.527 I/auditd ( 3555): type=1400 audit(0.0:34681): avc: denied { read } for comm="NativeThread" name="unix" dev="proc" ino=4026532289 scontext=u:r:untrusted_app_27:s0:c512,c768 tcontext=u:object_r:proc_net:s0 tclass=file permissive=0 app=com.alibaba.android.rimet
09-23 01:03:43.175 I/auditd ( 3555): type=1400 audit(0.0:34682): avc: denied { read } for comm="NativeThread" name="unix" dev="proc" ino=4026532289 scontext=u:r:untrusted_app_27:s0:c512,c768 tcontext=u:object_r:proc_net:s0 tclass=file permissive=0 app=com.alibaba.android.rimet
09-23 01:03:43.679 I/auditd ( 3555): type=1400 audit(0.0:34683): avc: denied { read } for comm="NativeThread" name="unix" dev="proc" ino=4026532289 scontext=u:r:untrusted_app_27:s0:c512,c768 tcontext=u:object_r:proc_net:s0 tclass=file permissive=0 app=com.alibaba.android.rimet
09-23 01:03:44.107 I/auditd ( 3555): type=1400 audit(0.0:34684): avc: denied { read } for comm="NativeThread" name="unix" dev="proc" ino=4026532289 scontext=u:r:untrusted_app_27:s0:c512,c768 tcontext=u:object_r:proc_net:s0 tclass=file permissive=0 app=com.alibaba.android.rimet
09-23 01:03:44.115 I/auditd ( 3555): type=1400 audit(0.0:34685): avc: denied { read } for comm="NativeThread" name="version" dev="proc" ino=4026532265 scontext=u:r:untrusted_app_27:s0:c512,c768 tcontext=u:object_r:proc_version:s0 tclass=file permissive=0 app=com.alibaba.android.rimet
09-23 01:03:44.119 I/auditd ( 3555): type=1400 audit(0.0:34686): avc: denied { ioctl } for comm="NativeThread" path="socket:[506666]" dev="sockfs" ino=506666 ioctlcmd=0x8927 scontext=u:r:untrusted_app_27:s0:c512,c768 tcontext=u:r:untrusted_app_27:s0:c512,c768 tclass=udp_socket permissive=0 app=com.alibaba.android.rimet
09-23 01:03:44.119 I/auditd ( 3555): type=1400 audit(0.0:34687): avc: denied { ioctl } for comm="NativeThread" path="socket:[506666]" dev="sockfs" ino=506666 ioctlcmd=0x8927 scontext=u:r:untrusted_app_27:s0:c512,c768 tcontext=u:r:untrusted_app_27:s0:c512,c768 tclass=udp_socket permissive=0 app=com.alibaba.android.rimet
09-23 01:03:44.119 I/auditd ( 3555): type=1400 audit(0.0:34688): avc: denied { ioctl } for comm="NativeThread" path="socket:[506666]" dev="sockfs" ino=506666 ioctlcmd=0x8927 scontext=u:r:untrusted_app_27:s0:c512,c768 tcontext=u:r:untrusted_app_27:s0:c512,c768 tclass=udp_socket permissive=0 app=com.alibaba.android.rimet
09-23 01:03:44.119 I/auditd ( 3555): type=1400 audit(0.0:34689): avc: denied { ioctl } for comm="NativeThread" path="socket:[506666]" dev="sockfs" ino=506666 ioctlcmd=0x8927 scontext=u:r:untrusted_app_27:s0:c512,c768 tcontext=u:r:untrusted_app_27:s0:c512,c768 tclass=udp_socket permissive=0 app=com.alibaba.android.rimet
09-23 01:03:44.119 I/auditd ( 3555): type=1400 audit(0.0:34690): avc: denied { ioctl } for comm="NativeThread" path="socket:[506666]" dev="sockfs" ino=506666 ioctlcmd=0x8927 scontext=u:r:untrusted_app_27:s0:c512,c768 tcontext=u:r:untrusted_app_27:s0:c512,c768 tclass=udp_socket permissive=0 app=com.alibaba.android.rimet
09-23 01:03:49.295 I/auditd ( 3555): type=1400 audit(0.0:34701): avc: denied { read } for comm="NativeThread" name="unix" dev="proc" ino=4026532289 scontext=u:r:untrusted_app_27:s0:c512,c768 tcontext=u:object_r:proc_net:s0 tclass=file permissive=0 app=com.alibaba.android.rimet
09-23 01:03:49.767 I/auditd ( 3555): type=1400 audit(0.0:34702): avc: denied { read } for comm="NativeThread" name="unix" dev="proc" ino=4026532289 scontext=u:r:untrusted_app_27:s0:c512,c768 tcontext=u:object_r:proc_net:s0 tclass=file permissive=0 app=com.alibaba.android.rimet
09-23 01:03:50.295 I/auditd ( 3555): type=1400 audit(0.0:34703): avc: denied { read } for comm="NativeThread" name="unix" dev="proc" ino=4026532289 scontext=u:r:untrusted_app_27:s0:c512,c768 tcontext=u:object_r:proc_net:s0 tclass=file permissive=0 app=com.alibaba.android.rimet
09-23 01:03:50.303 I/auditd ( 3555): type=1400 audit(0.0:34704): avc: denied { read } for comm="NativeThread" name="version" dev="proc" ino=4026532265 scontext=u:r:untrusted_app_27:s0:c512,c768 tcontext=u:object_r:proc_version:s0 tclass=file permissive=0 app=com.alibaba.android.rimet
09-23 01:03:50.307 I/auditd ( 3555): type=1400 audit(0.0:34705): avc: denied { ioctl } for comm="NativeThread" path="socket:[504661]" dev="sockfs" ino=504661 ioctlcmd=0x8927 scontext=u:r:untrusted_app_27:s0:c512,c768 tcontext=u:r:untrusted_app_27:s0:c512,c768 tclass=udp_socket permissive=0 app=com.alibaba.android.rimet
09-23 01:03:50.307 I/auditd ( 3555): type=1400 audit(0.0:34706): avc: denied { ioctl } for comm="NativeThread" path="socket:[504661]" dev="sockfs" ino=504661 ioctlcmd=0x8927 scontext=u:r:untrusted_app_27:s0:c512,c768 tcontext=u:r:untrusted_app_27:s0:c512,c768 tclass=udp_socket permissive=0 app=com.alibaba.android.rimet
09-23 01:03:50.307 I/auditd ( 3555): type=1400 audit(0.0:34707): avc: denied { ioctl } for comm="NativeThread" path="socket:[504661]" dev="sockfs" ino=504661 ioctlcmd=0x8927 scontext=u:r:untrusted_app_27:s0:c512,c768 tcontext=u:r:untrusted_app_27:s0:c512,c768 tclass=udp_socket permissive=0 app=com.alibaba.android.rimet
09-23 01:03:50.307 I/auditd ( 3555): type=1400 audit(0.0:34708): avc: denied { ioctl } for comm="NativeThread" path="socket:[504661]" dev="sockfs" ino=504661 ioctlcmd=0x8927 scontext=u:r:untrusted_app_27:s0:c512,c768 tcontext=u:r:untrusted_app_27:s0:c512,c768 tclass=udp_socket permissive=0 app=com.alibaba.android.rimet
09-23 01:03:50.307 I/auditd ( 3555): type=1400 audit(0.0:34709): avc: denied { ioctl } for comm="NativeThread" path="socket:[504661]" dev="sockfs" ino=504661 ioctlcmd=0x8927 scontext=u:r:untrusted_app_27:s0:c512,c768 tcontext=u:r:untrusted_app_27:s0:c512,c768 tclass=udp_socket permissive=0 app=com.alibaba.android.rimet
09-23 01:03:50.307 I/auditd ( 3555): type=1400 audit(0.0:34710): avc: denied { ioctl } for comm="NativeThread" path="socket:[504661]" dev="sockfs" ino=504661 ioctlcmd=0x8927 scontext=u:r:untrusted_app_27:s0:c512,c768 tcontext=u:r:untrusted_app_27:s0:c512,c768 tclass=udp_socket permissive=0 app=com.alibaba.android.rimet
09-23 01:03:55.323 I/auditd ( 3555): type=1400 audit(0.0:34720): avc: denied { read } for comm="NativeThread" name="unix" dev="proc" ino=4026532289 scontext=u:r:untrusted_app_27:s0:c512,c768 tcontext=u:object_r:proc_net:s0 tclass=file permissive=0 app=com.alibaba.android.rimet
09-23 01:03:55.631 I/auditd ( 3707): type=1400 audit(0.0:34721): avc: denied { read } for comm=5468726561642D32202D2031333733 name="tcp" dev="proc" ino=4026532283 scontext=u:r:untrusted_app_29:s0:c108,c256,c512,c768 tcontext=u:object_r:proc_net_tcp_udp:s0 tclass=file permissive=0 app=com.smile.gifmaker
09-23 01:03:55.863 I/auditd ( 3555): type=1400 audit(0.0:34722): avc: denied { read } for comm="NativeThread" name="unix" dev="proc" ino=4026532289 scontext=u:r:untrusted_app_27:s0:c512,c768 tcontext=u:object_r:proc_net:s0 tclass=file permissive=0 app=com.alibaba.android.rimet
09-23 01:03:56.379 I/auditd ( 3555): type=1400 audit(0.0:34723): avc: denied { read } for comm="NativeThread" name="unix" dev="proc" ino=4026532289 scontext=u:r:untrusted_app_27:s0:c512,c768 tcontext=u:object_r:proc_net:s0 tclass=file permissive=0 app=com.alibaba.android.rimet
09-23 01:03:56.387 I/auditd ( 3555): type=1400 audit(0.0:34724): avc: denied { read } for comm="NativeThread" name="version" dev="proc" ino=4026532265 scontext=u:r:untrusted_app_27:s0:c512,c768 tcontext=u:object_r:proc_version:s0 tclass=file permissive=0 app=com.alibaba.android.rimet
09-23 01:03:56.387 I/auditd ( 3555): type=1400 audit(0.0:34725): avc: denied { ioctl } for comm="NativeThread" path="socket:[506802]" dev="sockfs" ino=506802 ioctlcmd=0x8927 scontext=u:r:untrusted_app_27:s0:c512,c768 tcontext=u:r:untrusted_app_27:s0:c512,c768 tclass=udp_socket permissive=0 app=com.alibaba.android.rimet
09-23 01:03:56.391 I/auditd ( 3555): type=1400 audit(0.0:34726): avc: denied { ioctl } for comm="NativeThread" path="socket:[506802]" dev="sockfs" ino=506802 ioctlcmd=0x8927 scontext=u:r:untrusted_app_27:s0:c512,c768 tcontext=u:r:untrusted_app_27:s0:c512,c768 tclass=udp_socket permissive=0 app=com.alibaba.android.rimet
09-23 01:03:56.391 I/auditd ( 3555): type=1400 audit(0.0:34727): avc: denied { ioctl } for comm="NativeThread" path="socket:[506802]" dev="sockfs" ino=506802 ioctlcmd=0x8927 scontext=u:r:untrusted_app_27:s0:c512,c768 tcontext=u:r:untrusted_app_27:s0:c512,c768 tclass=udp_socket permissive=0 app=com.alibaba.android.rimet
09-23 01:03:56.391 I/auditd ( 3555): type=1400 audit(0.0:34728): avc: denied { ioctl } for comm="NativeThread" path="socket:[506802]" dev="sockfs" ino=506802 ioctlcmd=0x8927 scontext=u:r:untrusted_app_27:s0:c512,c768 tcontext=u:r:untrusted_app_27:s0:c512,c768 tclass=udp_socket permissive=0 app=com.alibaba.android.rimet
09-23 01:03:56.391 I/auditd ( 3555): type=1400 audit(0.0:34729): avc: denied { ioctl } for comm="NativeThread" path="socket:[506802]" dev="sockfs" ino=506802 ioctlcmd=0x8927 scontext=u:r:untrusted_app_27:s0:c512,c768 tcontext=u:r:untrusted_app_27:s0:c512,c768 tclass=udp_socket permissive=0 app=com.alibaba.android.rimet
09-23 01:03:58.551 I/auditd ( 4190): type=1400 audit(0.0:34740): avc: denied { read } for comm="pool-2-thread-6" name="tcp" dev="proc" ino=4026532283 scontext=u:r:untrusted_app_29:s0:c108,c256,c512,c768 tcontext=u:object_r:proc_net_tcp_udp:s0 tclass=file permissive=0 app=com.smile.gifmaker
09-23 01:04:01.515 I/auditd ( 3555): type=1400 audit(0.0:34741): avc: denied { read } for comm="NativeThread" name="unix" dev="proc" ino=4026532289 scontext=u:r:untrusted_app_27:s0:c512,c768 tcontext=u:object_r:proc_net:s0 tclass=file permissive=0 app=com.alibaba.android.rimet
09-23 01:04:02.003 I/auditd ( 3555): type=1400 audit(0.0:34742): avc: denied { read } for comm="NativeThread" name="unix" dev="proc" ino=4026532289 scontext=u:r:untrusted_app_27:s0:c512,c768 tcontext=u:object_r:proc_net:s0 tclass=file permissive=0 app=com.alibaba.android.rimet
09-23 01:04:02.519 I/auditd ( 3555): type=1400 audit(0.0:34743): avc: denied { read } for comm="NativeThread" name="unix" dev="proc" ino=4026532289 scontext=u:r:untrusted_app_27:s0:c512,c768 tcontext=u:object_r:proc_net:s0 tclass=file permissive=0 app=com.alibaba.android.rimet
09-23 01:04:02.527 I/auditd ( 3555): type=1400 audit(0.0:34744): avc: denied { read } for comm="NativeThread" name="version" dev="proc" ino=4026532265 scontext=u:r:untrusted_app_27:s0:c512,c768 tcontext=u:object_r:proc_version:s0 tclass=file permissive=0 app=com.alibaba.android.rimet
09-23 01:04:02.527 I/auditd ( 3555): type=1400 audit(0.0:34745): avc: denied { ioctl } for comm="NativeThread" path="socket:[508006]" dev="sockfs" ino=508006 ioctlcmd=0x8927 scontext=u:r:untrusted_app_27:s0:c512,c768 tcontext=u:r:untrusted_app_27:s0:c512,c768 tclass=udp_socket permissive=0 app=com.alibaba.android.rimet
09-23 01:04:02.527 I/auditd ( 3555): type=1400 audit(0.0:34746): avc: denied { ioctl } for comm="NativeThread" path="socket:[508006]" dev="sockfs" ino=508006 ioctlcmd=0x8927 scontext=u:r:untrusted_app_27:s0:c512,c768 tcontext=u:r:untrusted_app_27:s0:c512,c768 tclass=udp_socket permissive=0 app=com.alibaba.android.rimet
09-23 01:04:02.527 I/auditd ( 3555): type=1400 audit(0.0:34747): avc: denied { ioctl } for comm="NativeThread" path="socket:[508006]" dev="sockfs" ino=508006 ioctlcmd=0x8927 scontext=u:r:untrusted_app_27:s0:c512,c768 tcontext=u:r:untrusted_app_27:s0:c512,c768 tclass=udp_socket permissive=0 app=com.alibaba.android.rimet
09-23 01:04:02.527 I/auditd ( 3555): type=1400 audit(0.0:34748): avc: denied { ioctl } for comm="NativeThread" path="socket:[508006]" dev="sockfs" ino=508006 ioctlcmd=0x8927 scontext=u:r:untrusted_app_27:s0:c512,c768 tcontext=u:r:untrusted_app_27:s0:c512,c768 tclass=udp_socket permissive=0 app=com.alibaba.android.rimet
09-23 01:04:02.527 I/auditd ( 3555): type=1400 audit(0.0:34749): avc: denied { ioctl } for comm="NativeThread" path="socket:[508006]" dev="sockfs" ino=508006 ioctlcmd=0x8927 scontext=u:r:untrusted_app_27:s0:c512,c768 tcontext=u:r:untrusted_app_27:s0:c512,c768 tclass=udp_socket permissive=0 app=com.alibaba.android.rimet
09-23 01:04:07.579 I/auditd ( 3555): type=1400 audit(0.0:34760): avc: denied { read } for comm="NativeThread" name="unix" dev="proc" ino=4026532289 scontext=u:r:untrusted_app_27:s0:c512,c768 tcontext=u:object_r:proc_net:s0 tclass=file permissive=0 app=com.alibaba.android.rimet
09-23 01:04:07.971 I/auditd ( 3555): type=1400 audit(0.0:34761): avc: denied { read } for comm="NativeThread" name="unix" dev="proc" ino=4026532289 scontext=u:r:untrusted_app_27:s0:c512,c768 tcontext=u:object_r:proc_net:s0 tclass=file permissive=0 app=com.alibaba.android.rimet
09-23 01:04:08.487 I/auditd ( 3555): type=1400 audit(0.0:34762): avc: denied { read } for comm="NativeThread" name="unix" dev="proc" ino=4026532289 scontext=u:r:untrusted_app_27:s0:c512,c768 tcontext=u:object_r:proc_net:s0 tclass=file permissive=0 app=com.alibaba.android.rimet
09-23 01:04:08.495 I/auditd ( 3555): type=1400 audit(0.0:34763): avc: denied { read } for comm="NativeThread" name="version" dev="proc" ino=4026532265 scontext=u:r:untrusted_app_27:s0:c512,c768 tcontext=u:object_r:proc_version:s0 tclass=file permissive=0 app=com.alibaba.android.rimet
09-23 01:04:08.495 I/auditd ( 3555): type=1400 audit(0.0:34764): avc: denied { ioctl } for comm="NativeThread" path="socket:[509017]" dev="sockfs" ino=509017 ioctlcmd=0x8927 scontext=u:r:untrusted_app_27:s0:c512,c768 tcontext=u:r:untrusted_app_27:s0:c512,c768 tclass=udp_socket permissive=0 app=com.alibaba.android.rimet
09-23 01:04:09.011 I/auditd ( 3555): type=1400 audit(0.0:34778): avc: denied { read } for comm="NativeThread" name="unix" dev="proc" ino=4026532289 scontext=u:r:untrusted_app_27:s0:c512,c768 tcontext=u:object_r:proc_net:s0 tclass=file permissive=0 app=com.alibaba.android.rimet
09-23 01:04:13.667 I/auditd ( 3555): type=1400 audit(0.0:34779): avc: denied { read } for comm="NativeThread" name="unix" dev="proc" ino=4026532289 scontext=u:r:untrusted_app_27:s0:c512,c768 tcontext=u:object_r:proc_net:s0 tclass=file permissive=0 app=com.alibaba.android.rimet
09-23 01:04:14.147 I/auditd ( 3555): type=1400 audit(0.0:34780): avc: denied { read } for comm="NativeThread" name="unix" dev="proc" ino=4026532289 scontext=u:r:untrusted_app_27:s0:c512,c768 tcontext=u:object_r:proc_net:s0 tclass=file permissive=0 app=com.alibaba.android.rimet
09-23 01:04:14.579 I/auditd ( 3555): type=1400 audit(0.0:34781): avc: denied { read } for comm="NativeThread" name="unix" dev="proc" ino=4026532289 scontext=u:r:untrusted_app_27:s0:c512,c768 tcontext=u:object_r:proc_net:s0 tclass=file permissive=0 app=com.alibaba.android.rimet
09-23 01:04:14.587 I/auditd ( 3555): type=1400 audit(0.0:34782): avc: denied { read } for comm="NativeThread" name="version" dev="proc" ino=4026532265 scontext=u:r:untrusted_app_27:s0:c512,c768 tcontext=u:object_r:proc_version:s0 tclass=file permissive=0 app=com.alibaba.android.rimet
09-23 01:04:14.587 I/auditd ( 3555): type=1400 audit(0.0:34783): avc: denied { ioctl } for comm="NativeThread" path="socket:[509115]" dev="sockfs" ino=509115 ioctlcmd=0x8927 scontext=u:r:untrusted_app_27:s0:c512,c768 tcontext=u:r:untrusted_app_27:s0:c512,c768 tclass=udp_socket permissive=0 app=com.alibaba.android.rimet
09-23 01:04:14.587 I/auditd ( 3555): type=1400 audit(0.0:34784): avc: denied { ioctl } for comm="NativeThread" path="socket:[509115]" dev="sockfs" ino=509115 ioctlcmd=0x8927 scontext=u:r:untrusted_app_27:s0:c512,c768 tcontext=u:r:untrusted_app_27:s0:c512,c768 tclass=udp_socket permissive=0 app=com.alibaba.android.rimet
09-23 01:04:14.587 I/auditd ( 3555): type=1400 audit(0.0:34785): avc: denied { ioctl } for comm="NativeThread" path="socket:[509115]" dev="sockfs" ino=509115 ioctlcmd=0x8927 scontext=u:r:untrusted_app_27:s0:c512,c768 tcontext=u:r:untrusted_app_27:s0:c512,c768 tclass=udp_socket permissive=0 app=com.alibaba.android.rimet
09-23 01:04:14.587 I/auditd ( 3555): type=1400 audit(0.0:34786): avc: denied { ioctl } for comm="NativeThread" path="socket:[509115]" dev="sockfs" ino=509115 ioctlcmd=0x8927 scontext=u:r:untrusted_app_27:s0:c512,c768 tcontext=u:r:untrusted_app_27:s0:c512,c768 tclass=udp_socket permissive=0 app=com.alibaba.android.rimet
09-23 01:04:14.587 I/auditd ( 3555): type=1400 audit(0.0:34787): avc: denied { ioctl } for comm="NativeThread" path="socket:[509115]" dev="sockfs" ino=509115 ioctlcmd=0x8927 scontext=u:r:untrusted_app_27:s0:c512,c768 tcontext=u:r:untrusted_app_27:s0:c512,c768 tclass=udp_socket permissive=0 app=com.alibaba.android.rimet
09-23 01:04:18.119 I/auditd ( 3555): type=1400 audit(0.0:34798): avc: granted { nlmsg_readpriv } for comm="DaemonThread-6" scontext=u:r:untrusted_app_27:s0:c512,c768 tcontext=u:r:untrusted_app_27:s0:c512,c768 tclass=netlink_route_socket app=com.alibaba.android.rimet
09-23 01:04:19.087 I/auditd ( 3555): type=1400 audit(0.0:34799): avc: granted { nlmsg_readpriv } for comm="DaemonThread-6" scontext=u:r:untrusted_app_27:s0:c512,c768 tcontext=u:r:untrusted_app_27:s0:c512,c768 tclass=netlink_route_socket app=com.alibaba.android.rimet
09-23 01:04:19.695 I/auditd ( 3555): type=1400 audit(0.0:34800): avc: denied { read } for comm="NativeThread" name="unix" dev="proc" ino=4026532289 scontext=u:r:untrusted_app_27:s0:c512,c768 tcontext=u:object_r:proc_net:s0 tclass=file permissive=0 app=com.alibaba.android.rimet
09-23 01:04:20.203 I/auditd ( 3555): type=1400 audit(0.0:34801): avc: denied { read } for comm="NativeThread" name="unix" dev="proc" ino=4026532289 scontext=u:r:untrusted_app_27:s0:c512,c768 tcontext=u:object_r:proc_net:s0 tclass=file permissive=0 app=com.alibaba.android.rimet
09-23 01:04:20.691 I/auditd ( 3555): type=1400 audit(0.0:34802): avc: denied { read } for comm="NativeThread" name="unix" dev="proc" ino=4026532289 scontext=u:r:untrusted_app_27:s0:c512,c768 tcontext=u:object_r:proc_net:s0 tclass=file permissive=0 app=com.alibaba.android.rimet
09-23 01:04:20.695 I/auditd ( 3555): type=1400 audit(0.0:34803): avc: denied { read } for comm="NativeThread" name="version" dev="proc" ino=4026532265 scontext=u:r:untrusted_app_27:s0:c512,c768 tcontext=u:object_r:proc_version:s0 tclass=file permissive=0 app=com.alibaba.android.rimet
09-23 01:04:20.699 I/auditd ( 3555): type=1400 audit(0.0:34804): avc: denied { ioctl } for comm="NativeThread" path="socket:[509252]" dev="sockfs" ino=509252 ioctlcmd=0x8927 scontext=u:r:untrusted_app_27:s0:c512,c768 tcontext=u:r:untrusted_app_27:s0:c512,c768 tclass=udp_socket permissive=0 app=com.alibaba.android.rimet
09-23 01:04:20.699 I/auditd ( 3555): type=1400 audit(0.0:34805): avc: denied { ioctl } for comm="NativeThread" path="socket:[509252]" dev="sockfs" ino=509252 ioctlcmd=0x8927 scontext=u:r:untrusted_app_27:s0:c512,c768 tcontext=u:r:untrusted_app_27:s0:c512,c768 tclass=udp_socket permissive=0 app=com.alibaba.android.rimet
09-23 01:04:20.699 I/auditd ( 3555): type=1400 audit(0.0:34806): avc: denied { ioctl } for comm="NativeThread" path="socket:[509252]" dev="sockfs" ino=509252 ioctlcmd=0x8927 scontext=u:r:untrusted_app_27:s0:c512,c768 tcontext=u:r:untrusted_app_27:s0:c512,c768 tclass=udp_socket permissive=0 app=com.alibaba.android.rimet
09-23 01:04:20.699 I/auditd ( 3555): type=1400 audit(0.0:34807): avc: denied { ioctl } for comm="NativeThread" path="socket:[509252]" dev="sockfs" ino=509252 ioctlcmd=0x8927 scontext=u:r:untrusted_app_27:s0:c512,c768 tcontext=u:r:untrusted_app_27:s0:c512,c768 tclass=udp_socket permissive=0 app=com.alibaba.android.rimet
09-23 01:04:25.771 I/auditd ( 3555): type=1400 audit(0.0:34819): avc: denied { read } for comm="NativeThread" name="unix" dev="proc" ino=4026532289 scontext=u:r:untrusted_app_27:s0:c512,c768 tcontext=u:object_r:proc_net:s0 tclass=file permissive=0 app=com.alibaba.android.rimet
09-23 01:04:26.271 I/auditd ( 3555): type=1400 audit(0.0:34820): avc: denied { read } for comm="NativeThread" name="unix" dev="proc" ino=4026532289 scontext=u:r:untrusted_app_27:s0:c512,c768 tcontext=u:object_r:proc_net:s0 tclass=file permissive=0 app=com.alibaba.android.rimet
09-23 01:04:26.515 I/auditd (32034): type=1400 audit(0.0:34821): avc: granted { nlmsg_readpriv } for comm="DaemonThread-6" scontext=u:r:untrusted_app_27:s0:c512,c768 tcontext=u:r:untrusted_app_27:s0:c512,c768 tclass=netlink_route_socket app=com.alibaba.android.rimet
09-23 01:04:26.647 I/auditd ( 3555): type=1400 audit(0.0:34822): avc: denied { read } for comm="NativeThread" name="unix" dev="proc" ino=4026532289 scontext=u:r:untrusted_app_27:s0:c512,c768 tcontext=u:object_r:proc_net:s0 tclass=file permissive=0 app=com.alibaba.android.rimet
09-23 01:04:26.651 I/auditd ( 3555): type=1400 audit(0.0:34823): avc: denied { read } for comm="NativeThread" name="version" dev="proc" ino=4026532265 scontext=u:r:untrusted_app_27:s0:c512,c768 tcontext=u:object_r:proc_version:s0 tclass=file permissive=0 app=com.alibaba.android.rimet
09-23 01:04:26.911 I/auditd ( 3555): type=1400 audit(0.0:34838): avc: denied { read } for comm="NativeThread" name="unix" dev="proc" ino=4026532289 scontext=u:r:untrusted_app_27:s0:c512,c768 tcontext=u:object_r:proc_net:s0 tclass=file permissive=0 app=com.alibaba.android.rimet
09-23 01:04:27.179 I/auditd (32034): type=1400 audit(0.0:34839): avc: granted { nlmsg_readpriv } for comm="DaemonThread-6" scontext=u:r:untrusted_app_27:s0:c512,c768 tcontext=u:r:untrusted_app_27:s0:c512,c768 tclass=netlink_route_socket app=com.alibaba.android.rimet
09-23 01:04:31.523 I/auditd ( 3555): type=1400 audit(0.0:34840): avc: denied { read } for comm="NativeThread" name="unix" dev="proc" ino=4026532289 scontext=u:r:untrusted_app_27:s0:c512,c768 tcontext=u:object_r:proc_net:s0 tclass=file permissive=0 app=com.alibaba.android.rimet
09-23 01:04:32.019 I/auditd ( 3555): type=1400 audit(0.0:34841): avc: denied { read } for comm="NativeThread" name="unix" dev="proc" ino=4026532289 scontext=u:r:untrusted_app_27:s0:c512,c768 tcontext=u:object_r:proc_net:s0 tclass=file permissive=0 app=com.alibaba.android.rimet
09-23 01:04:32.435 I/auditd ( 3555): type=1400 audit(0.0:34842): avc: denied { read } for comm="NativeThread" name="unix" dev="proc" ino=4026532289 scontext=u:r:untrusted_app_27:s0:c512,c768 tcontext=u:object_r:proc_net:s0 tclass=file permissive=0 app=com.alibaba.android.rimet
09-23 01:04:32.443 I/auditd ( 3555): type=1400 audit(0.0:34843): avc: denied { read } for comm="NativeThread" name="version" dev="proc" ino=4026532265 scontext=u:r:untrusted_app_27:s0:c512,c768 tcontext=u:object_r:proc_version:s0 tclass=file permissive=0 app=com.alibaba.android.rimet
09-23 01:04:32.447 I/auditd ( 3555): type=1400 audit(0.0:34844): avc: denied { ioctl } for comm="NativeThread" path="socket:[511211]" dev="sockfs" ino=511211 ioctlcmd=0x8927 scontext=u:r:untrusted_app_27:s0:c512,c768 tcontext=u:r:untrusted_app_27:s0:c512,c768 tclass=udp_socket permissive=0 app=com.alibaba.android.rimet
09-23 01:04:32.447 I/auditd ( 3555): type=1400 audit(0.0:34845): avc: denied { ioctl } for comm="NativeThread" path="socket:[511211]" dev="sockfs" ino=511211 ioctlcmd=0x8927 scontext=u:r:untrusted_app_27:s0:c512,c768 tcontext=u:r:untrusted_app_27:s0:c512,c768 tclass=udp_socket permissive=0 app=com.alibaba.android.rimet
09-23 01:04:32.447 I/auditd ( 3555): type=1400 audit(0.0:34846): avc: denied { ioctl } for comm="NativeThread" path="socket:[511211]" dev="sockfs" ino=511211 ioctlcmd=0x8927 scontext=u:r:untrusted_app_27:s0:c512,c768 tcontext=u:r:untrusted_app_27:s0:c512,c768 tclass=udp_socket permissive=0 app=com.alibaba.android.rimet
09-23 01:04:32.447 I/auditd ( 3555): type=1400 audit(0.0:34847): avc: denied { ioctl } for comm="NativeThread" path="socket:[511211]" dev="sockfs" ino=511211 ioctlcmd=0x8927 scontext=u:r:untrusted_app_27:s0:c512,c768 tcontext=u:r:untrusted_app_27:s0:c512,c768 tclass=udp_socket permissive=0 app=com.alibaba.android.rimet
09-23 01:04:37.595 I/auditd ( 3555): type=1400 audit(0.0:34859): avc: denied { read } for comm="NativeThread" name="unix" dev="proc" ino=4026532289 scontext=u:r:untrusted_app_27:s0:c512,c768 tcontext=u:object_r:proc_net:s0 tclass=file permissive=0 app=com.alibaba.android.rimet
09-23 01:04:38.031 I/auditd ( 3555): type=1400 audit(0.0:34860): avc: denied { read } for comm="NativeThread" name="unix" dev="proc" ino=4026532289 scontext=u:r:untrusted_app_27:s0:c512,c768 tcontext=u:object_r:proc_net:s0 tclass=file permissive=0 app=com.alibaba.android.rimet
09-23 01:04:38.183 I/am_freeze( 1489): [31902,com.android.traceur]
09-23 01:04:38.188 I/am_freeze( 1489): [31882,com.android.permissioncontroller]
09-23 01:04:38.194 I/am_freeze( 1489): [31862,com.android.emergency]
09-23 01:04:38.196 I/am_kill ( 1489): [0,31902,com.android.traceur,935,Unable to freeze binder interface]
09-23 01:04:38.199 I/am_kill ( 1489): [0,31882,com.android.permissioncontroller,945,Unable to freeze binder interface]
09-23 01:04:38.201 I/am_kill ( 1489): [0,31862,com.android.emergency,945,Unable to freeze binder interface]
09-23 01:04:38.225 I/am_proc_died( 1489): [0,31902,com.android.traceur,935,19]
09-23 01:04:38.226 I/am_uid_stopped( 1489): 10031
09-23 01:04:38.231 I/am_proc_died( 1489): [0,31882,com.android.permissioncontroller,945,19]
09-23 01:04:38.231 I/am_uid_stopped( 1489): 10092
09-23 01:04:38.233 I/am_proc_died( 1489): [0,31862,com.android.emergency,945,19]
09-23 01:04:38.233 I/am_uid_stopped( 1489): 10078
09-23 01:04:38.240 I/am_pss ( 1489): [27338,1000,com.qti.diagservices,6583296,3895296,0,94121984,0,10,7]
09-23 01:04:38.491 I/auditd ( 3555): type=1400 audit(0.0:34861): avc: denied { read } for comm="NativeThread" name="unix" dev="proc" ino=4026532289 scontext=u:r:untrusted_app_27:s0:c512,c768 tcontext=u:object_r:proc_net:s0 tclass=file permissive=0 app=com.alibaba.android.rimet
09-23 01:04:38.499 I/auditd ( 3555): type=1400 audit(0.0:34862): avc: denied { read } for comm="NativeThread" name="version" dev="proc" ino=4026532265 scontext=u:r:untrusted_app_27:s0:c512,c768 tcontext=u:object_r:proc_version:s0 tclass=file permissive=0 app=com.alibaba.android.rimet
09-23 01:04:38.499 I/auditd ( 3555): type=1400 audit(0.0:34863): avc: denied { ioctl } for comm="NativeThread" path="socket:[510276]" dev="sockfs" ino=510276 ioctlcmd=0x8927 scontext=u:r:untrusted_app_27:s0:c512,c768 tcontext=u:r:untrusted_app_27:s0:c512,c768 tclass=udp_socket permissive=0 app=com.alibaba.android.rimet
09-23 01:04:38.971 I/auditd ( 3555): type=1400 audit(0.0:34877): avc: denied { read } for comm="NativeThread" name="unix" dev="proc" ino=4026532289 scontext=u:r:untrusted_app_27:s0:c512,c768 tcontext=u:object_r:proc_net:s0 tclass=file permissive=0 app=com.alibaba.android.rimet
09-23 01:04:43.607 I/auditd ( 3555): type=1400 audit(0.0:34878): avc: denied { read } for comm="NativeThread" name="unix" dev="proc" ino=4026532289 scontext=u:r:untrusted_app_27:s0:c512,c768 tcontext=u:object_r:proc_net:s0 tclass=file permissive=0 app=com.alibaba.android.rimet
09-23 01:04:44.027 I/auditd ( 3555): type=1400 audit(0.0:34879): avc: denied { read } for comm="NativeThread" name="unix" dev="proc" ino=4026532289 scontext=u:r:untrusted_app_27:s0:c512,c768 tcontext=u:object_r:proc_net:s0 tclass=file permissive=0 app=com.alibaba.android.rimet
09-23 01:04:44.527 I/auditd ( 3555): type=1400 audit(0.0:34880): avc: denied { read } for comm="NativeThread" name="unix" dev="proc" ino=4026532289 scontext=u:r:untrusted_app_27:s0:c512,c768 tcontext=u:object_r:proc_net:s0 tclass=file permissive=0 app=com.alibaba.android.rimet
09-23 01:04:44.535 I/auditd ( 3555): type=1400 audit(0.0:34881): avc: denied { read } for comm="NativeThread" name="version" dev="proc" ino=4026532265 scontext=u:r:untrusted_app_27:s0:c512,c768 tcontext=u:object_r:proc_version:s0 tclass=file permissive=0 app=com.alibaba.android.rimet
09-23 01:04:44.535 I/auditd ( 3555): type=1400 audit(0.0:34882): avc: denied { ioctl } for comm="NativeThread" path="socket:[509542]" dev="sockfs" ino=509542 ioctlcmd=0x8927 scontext=u:r:untrusted_app_27:s0:c512,c768 tcontext=u:r:untrusted_app_27:s0:c512,c768 tclass=udp_socket permissive=0 app=com.alibaba.android.rimet
09-23 01:04:44.535 I/auditd ( 3555): type=1400 audit(0.0:34883): avc: denied { ioctl } for comm="NativeThread" path="socket:[509542]" dev="sockfs" ino=509542 ioctlcmd=0x8927 scontext=u:r:untrusted_app_27:s0:c512,c768 tcontext=u:r:untrusted_app_27:s0:c512,c768 tclass=udp_socket permissive=0 app=com.alibaba.android.rimet
09-23 01:04:44.535 I/auditd ( 3555): type=1400 audit(0.0:34884): avc: denied { ioctl } for comm="NativeThread" path="socket:[509542]" dev="sockfs" ino=509542 ioctlcmd=0x8927 scontext=u:r:untrusted_app_27:s0:c512,c768 tcontext=u:r:untrusted_app_27:s0:c512,c768 tclass=udp_socket permissive=0 app=com.alibaba.android.rimet
