09-23 00:58:15.816 I/wm_on_resume_called( 2347): [152286629,com.android.launcher3.uioverrides.QuickstepLauncher,LIFECYCLER_RESUME_ACTIVITY]
09-23 00:58:15.817 I/wm_on_top_resumed_gained_called( 2347): [152286629,com.android.launcher3.uioverrides.QuickstepLauncher,topWhenResuming]
09-23 00:58:15.979 I/wm_new_intent( 1489): [0,152286629,93,com.android.launcher3/.uioverrides.QuickstepLauncher,android.intent.action.MAIN,NULL,NULL,268435712]
09-23 00:58:15.979 I/wm_task_moved( 1489): [1,1,6]
09-23 00:58:15.979 I/wm_on_top_resumed_lost_called( 2347): [152286629,com.android.launcher3.uioverrides.QuickstepLauncher,pausing]
09-23 00:58:15.979 I/wm_set_resumed_activity( 1489): [0,com.android.launcher3/.uioverrides.QuickstepLauncher,positionChildAt]
09-23 00:58:15.979 I/wm_on_paused_called( 2347): [152286629,com.android.launcher3.uioverrides.QuickstepLauncher,performPause]
09-23 00:58:15.980 I/wm_on_resume_called( 2347): [152286629,com.android.launcher3.uioverrides.QuickstepLauncher,LIFECYCLER_RESUME_ACTIVITY]
09-23 00:58:15.980 I/wm_on_top_resumed_gained_called( 2347): [152286629,com.android.launcher3.uioverrides.QuickstepLauncher,topWhenResuming]
09-23 00:58:16.158 I/wm_new_intent( 1489): [0,152286629,93,com.android.launcher3/.uioverrides.QuickstepLauncher,android.intent.action.MAIN,NULL,NULL,268435712]
09-23 00:58:16.159 I/wm_task_moved( 1489): [1,1,6]
09-23 00:58:16.159 I/wm_on_top_resumed_lost_called( 2347): [152286629,com.android.launcher3.uioverrides.QuickstepLauncher,pausing]
09-23 00:58:16.159 I/wm_set_resumed_activity( 1489): [0,com.android.launcher3/.uioverrides.QuickstepLauncher,positionChildAt]
09-23 00:58:16.159 I/wm_on_paused_called( 2347): [152286629,com.android.launcher3.uioverrides.QuickstepLauncher,performPause]
09-23 00:58:16.159 I/wm_on_resume_called( 2347): [152286629,com.android.launcher3.uioverrides.QuickstepLauncher,LIFECYCLER_RESUME_ACTIVITY]
09-23 00:58:16.159 I/wm_on_top_resumed_gained_called( 2347): [152286629,com.android.launcher3.uioverrides.QuickstepLauncher,topWhenResuming]
09-23 00:58:16.316 I/wm_new_intent( 1489): [0,152286629,93,com.android.launcher3/.uioverrides.QuickstepLauncher,android.intent.action.MAIN,NULL,NULL,268435712]
09-23 00:58:16.316 I/wm_task_moved( 1489): [1,1,6]
09-23 00:58:16.316 I/wm_set_resumed_activity( 1489): [0,com.android.launcher3/.uioverrides.QuickstepLauncher,positionChildAt]
09-23 00:58:16.316 I/wm_on_top_resumed_lost_called( 2347): [152286629,com.android.launcher3.uioverrides.QuickstepLauncher,pausing]
09-23 00:58:16.316 I/wm_on_paused_called( 2347): [152286629,com.android.launcher3.uioverrides.QuickstepLauncher,performPause]
09-23 00:58:16.317 I/wm_on_resume_called( 2347): [152286629,com.android.launcher3.uioverrides.QuickstepLauncher,LIFECYCLER_RESUME_ACTIVITY]
09-23 00:58:16.317 I/wm_on_top_resumed_gained_called( 2347): [152286629,com.android.launcher3.uioverrides.QuickstepLauncher,topWhenResuming]
09-23 00:58:16.495 I/wm_new_intent( 1489): [0,152286629,93,com.android.launcher3/.uioverrides.QuickstepLauncher,android.intent.action.MAIN,NULL,NULL,268435712]
09-23 00:58:16.495 I/wm_task_moved( 1489): [1,1,6]
09-23 00:58:16.496 I/wm_on_top_resumed_lost_called( 2347): [152286629,com.android.launcher3.uioverrides.QuickstepLauncher,pausing]
09-23 00:58:16.496 I/wm_set_resumed_activity( 1489): [0,com.android.launcher3/.uioverrides.QuickstepLauncher,positionChildAt]
09-23 00:58:16.496 I/wm_on_paused_called( 2347): [152286629,com.android.launcher3.uioverrides.QuickstepLauncher,performPause]
09-23 00:58:16.496 I/wm_on_resume_called( 2347): [152286629,com.android.launcher3.uioverrides.QuickstepLauncher,LIFECYCLER_RESUME_ACTIVITY]
09-23 00:58:16.496 I/wm_on_top_resumed_gained_called( 2347): [152286629,com.android.launcher3.uioverrides.QuickstepLauncher,topWhenResuming]
09-23 00:58:16.686 I/wm_new_intent( 1489): [0,152286629,93,com.android.launcher3/.uioverrides.QuickstepLauncher,android.intent.action.MAIN,NULL,NULL,268435712]
09-23 00:58:16.687 I/wm_task_moved( 1489): [1,1,6]
09-23 00:58:16.687 I/wm_on_top_resumed_lost_called( 2347): [152286629,com.android.launcher3.uioverrides.QuickstepLauncher,pausing]
09-23 00:58:16.687 I/wm_on_paused_called( 2347): [152286629,com.android.launcher3.uioverrides.QuickstepLauncher,performPause]
09-23 00:58:16.687 I/wm_set_resumed_activity( 1489): [0,com.android.launcher3/.uioverrides.QuickstepLauncher,positionChildAt]
09-23 00:58:16.687 I/wm_on_resume_called( 2347): [152286629,com.android.launcher3.uioverrides.QuickstepLauncher,LIFECYCLER_RESUME_ACTIVITY]
09-23 00:58:16.687 I/wm_on_top_resumed_gained_called( 2347): [152286629,com.android.launcher3.uioverrides.QuickstepLauncher,topWhenResuming]
09-23 00:58:16.879 I/wm_new_intent( 1489): [0,152286629,93,com.android.launcher3/.uioverrides.QuickstepLauncher,android.intent.action.MAIN,NULL,NULL,268435712]
09-23 00:58:16.879 I/wm_task_moved( 1489): [1,1,6]
09-23 00:58:16.880 I/wm_on_top_resumed_lost_called( 2347): [152286629,com.android.launcher3.uioverrides.QuickstepLauncher,pausing]
09-23 00:58:16.880 I/wm_on_paused_called( 2347): [152286629,com.android.launcher3.uioverrides.QuickstepLauncher,performPause]
09-23 00:58:16.880 I/wm_set_resumed_activity( 1489): [0,com.android.launcher3/.uioverrides.QuickstepLauncher,positionChildAt]
09-23 00:58:16.880 I/wm_on_resume_called( 2347): [152286629,com.android.launcher3.uioverrides.QuickstepLauncher,LIFECYCLER_RESUME_ACTIVITY]
09-23 00:58:16.880 I/wm_on_top_resumed_gained_called( 2347): [152286629,com.android.launcher3.uioverrides.QuickstepLauncher,topWhenResuming]
09-23 00:58:17.058 I/wm_new_intent( 1489): [0,152286629,93,com.android.launcher3/.uioverrides.QuickstepLauncher,android.intent.action.MAIN,NULL,NULL,268435712]
09-23 00:58:17.058 I/wm_task_moved( 1489): [1,1,6]
09-23 00:58:17.058 I/wm_on_top_resumed_lost_called( 2347): [152286629,com.android.launcher3.uioverrides.QuickstepLauncher,pausing]
09-23 00:58:17.058 I/wm_set_resumed_activity( 1489): [0,com.android.launcher3/.uioverrides.QuickstepLauncher,positionChildAt]
09-23 00:58:17.058 I/wm_on_paused_called( 2347): [152286629,com.android.launcher3.uioverrides.QuickstepLauncher,performPause]
09-23 00:58:17.058 I/wm_on_resume_called( 2347): [152286629,com.android.launcher3.uioverrides.QuickstepLauncher,LIFECYCLER_RESUME_ACTIVITY]
09-23 00:58:17.058 I/wm_on_top_resumed_gained_called( 2347): [152286629,com.android.launcher3.uioverrides.QuickstepLauncher,topWhenResuming]
09-23 00:58:17.335 I/auditd ( 3555): type=1400 audit(0.0:33624): avc: denied { read } for comm="NativeThread" name="unix" dev="proc" ino=4026532289 scontext=u:r:untrusted_app_27:s0:c512,c768 tcontext=u:object_r:proc_net:s0 tclass=file permissive=0 app=com.alibaba.android.rimet
09-23 00:58:17.819 I/auditd ( 3555): type=1400 audit(0.0:33625): avc: denied { read } for comm="NativeThread" name="unix" dev="proc" ino=4026532289 scontext=u:r:untrusted_app_27:s0:c512,c768 tcontext=u:object_r:proc_net:s0 tclass=file permissive=0 app=com.alibaba.android.rimet
09-23 00:58:18.295 I/auditd ( 3555): type=1400 audit(0.0:33626): avc: denied { read } for comm="NativeThread" name="unix" dev="proc" ino=4026532289 scontext=u:r:untrusted_app_27:s0:c512,c768 tcontext=u:object_r:proc_net:s0 tclass=file permissive=0 app=com.alibaba.android.rimet
09-23 00:58:18.303 I/auditd ( 3555): type=1400 audit(0.0:33627): avc: denied { read } for comm="NativeThread" name="version" dev="proc" ino=4026532265 scontext=u:r:untrusted_app_27:s0:c512,c768 tcontext=u:object_r:proc_version:s0 tclass=file permissive=0 app=com.alibaba.android.rimet
09-23 00:58:18.303 I/auditd ( 3555): type=1400 audit(0.0:33628): avc: denied { ioctl } for comm="NativeThread" path="socket:[492515]" dev="sockfs" ino=492515 ioctlcmd=0x8927 scontext=u:r:untrusted_app_27:s0:c512,c768 tcontext=u:r:untrusted_app_27:s0:c512,c768 tclass=udp_socket permissive=0 app=com.alibaba.android.rimet
09-23 00:58:18.759 I/auditd ( 3555): type=1400 audit(0.0:33642): avc: denied { read } for comm="NativeThread" name="unix" dev="proc" ino=4026532289 scontext=u:r:untrusted_app_27:s0:c512,c768 tcontext=u:object_r:proc_net:s0 tclass=file permissive=0 app=com.alibaba.android.rimet
09-23 00:58:22.239 I/auditd (32034): type=1400 audit(0.0:33643): avc: granted { nlmsg_readpriv } for comm="DaemonThread-6" scontext=u:r:untrusted_app_27:s0:c512,c768 tcontext=u:r:untrusted_app_27:s0:c512,c768 tclass=netlink_route_socket app=com.alibaba.android.rimet
09-23 00:58:22.903 I/auditd (32034): type=1400 audit(0.0:33644): avc: granted { nlmsg_readpriv } for comm="DaemonThread-6" scontext=u:r:untrusted_app_27:s0:c512,c768 tcontext=u:r:untrusted_app_27:s0:c512,c768 tclass=netlink_route_socket app=com.alibaba.android.rimet
09-23 00:58:23.355 I/auditd ( 3555): type=1400 audit(0.0:33645): avc: denied { read } for comm="NativeThread" name="unix" dev="proc" ino=4026532289 scontext=u:r:untrusted_app_27:s0:c512,c768 tcontext=u:object_r:proc_net:s0 tclass=file permissive=0 app=com.alibaba.android.rimet
09-23 00:58:23.787 I/auditd ( 3555): type=1400 audit(0.0:33646): avc: denied { read } for comm="NativeThread" name="unix" dev="proc" ino=4026532289 scontext=u:r:untrusted_app_27:s0:c512,c768 tcontext=u:object_r:proc_net:s0 tclass=file permissive=0 app=com.alibaba.android.rimet
09-23 00:58:24.267 I/auditd ( 3555): type=1400 audit(0.0:33647): avc: denied { read } for comm="NativeThread" name="unix" dev="proc" ino=4026532289 scontext=u:r:untrusted_app_27:s0:c512,c768 tcontext=u:object_r:proc_net:s0 tclass=file permissive=0 app=com.alibaba.android.rimet
09-23 00:58:24.271 I/auditd ( 3555): type=1400 audit(0.0:33648): avc: denied { read } for comm="NativeThread" name="version" dev="proc" ino=4026532265 scontext=u:r:untrusted_app_27:s0:c512,c768 tcontext=u:object_r:proc_version:s0 tclass=file permissive=0 app=com.alibaba.android.rimet
09-23 00:58:24.275 I/auditd ( 3555): type=1400 audit(0.0:33649): avc: denied { ioctl } for comm="NativeThread" path="socket:[493797]" dev="sockfs" ino=493797 ioctlcmd=0x8927 scontext=u:r:untrusted_app_27:s0:c512,c768 tcontext=u:r:untrusted_app_27:s0:c512,c768 tclass=udp_socket permissive=0 app=com.alibaba.android.rimet
09-23 00:58:24.275 I/auditd ( 3555): type=1400 audit(0.0:33650): avc: denied { ioctl } for comm="NativeThread" path="socket:[493797]" dev="sockfs" ino=493797 ioctlcmd=0x8927 scontext=u:r:untrusted_app_27:s0:c512,c768 tcontext=u:r:untrusted_app_27:s0:c512,c768 tclass=udp_socket permissive=0 app=com.alibaba.android.rimet
09-23 00:58:24.275 I/auditd ( 3555): type=1400 audit(0.0:33651): avc: denied { ioctl } for comm="NativeThread" path="socket:[493797]" dev="sockfs" ino=493797 ioctlcmd=0x8927 scontext=u:r:untrusted_app_27:s0:c512,c768 tcontext=u:r:untrusted_app_27:s0:c512,c768 tclass=udp_socket permissive=0 app=com.alibaba.android.rimet
09-23 00:58:29.335 I/auditd ( 3555): type=1400 audit(0.0:33664): avc: denied { read } for comm="NativeThread" name="unix" dev="proc" ino=4026532289 scontext=u:r:untrusted_app_27:s0:c512,c768 tcontext=u:object_r:proc_net:s0 tclass=file permissive=0 app=com.alibaba.android.rimet
09-23 00:58:29.867 I/auditd ( 3555): type=1400 audit(0.0:33665): avc: denied { read } for comm="NativeThread" name="unix" dev="proc" ino=4026532289 scontext=u:r:untrusted_app_27:s0:c512,c768 tcontext=u:object_r:proc_net:s0 tclass=file permissive=0 app=com.alibaba.android.rimet
09-23 00:58:30.347 I/auditd ( 3555): type=1400 audit(0.0:33666): avc: denied { read } for comm="NativeThread" name="unix" dev="proc" ino=4026532289 scontext=u:r:untrusted_app_27:s0:c512,c768 tcontext=u:object_r:proc_net:s0 tclass=file permissive=0 app=com.alibaba.android.rimet
09-23 00:58:30.355 I/auditd ( 3555): type=1400 audit(0.0:33667): avc: denied { read } for comm="NativeThread" name="version" dev="proc" ino=4026532265 scontext=u:r:untrusted_app_27:s0:c512,c768 tcontext=u:object_r:proc_version:s0 tclass=file permissive=0 app=com.alibaba.android.rimet
09-23 00:58:30.359 I/auditd ( 3555): type=1400 audit(0.0:33668): avc: denied { ioctl } for comm="NativeThread" path="socket:[493890]" dev="sockfs" ino=493890 ioctlcmd=0x8927 scontext=u:r:untrusted_app_27:s0:c512,c768 tcontext=u:r:untrusted_app_27:s0:c512,c768 tclass=udp_socket permissive=0 app=com.alibaba.android.rimet
09-23 00:58:30.359 I/auditd ( 3555): type=1400 audit(0.0:33669): avc: denied { ioctl } for comm="NativeThread" path="socket:[493890]" dev="sockfs" ino=493890 ioctlcmd=0x8927 scontext=u:r:untrusted_app_27:s0:c512,c768 tcontext=u:r:untrusted_app_27:s0:c512,c768 tclass=udp_socket permissive=0 app=com.alibaba.android.rimet
09-23 00:58:30.359 I/auditd ( 3555): type=1400 audit(0.0:33670): avc: denied { ioctl } for comm="NativeThread" path="socket:[493890]" dev="sockfs" ino=493890 ioctlcmd=0x8927 scontext=u:r:untrusted_app_27:s0:c512,c768 tcontext=u:r:untrusted_app_27:s0:c512,c768 tclass=udp_socket permissive=0 app=com.alibaba.android.rimet
09-23 00:58:30.359 I/auditd ( 3555): type=1400 audit(0.0:33671): avc: denied { ioctl } for comm="NativeThread" path="socket:[493890]" dev="sockfs" ino=493890 ioctlcmd=0x8927 scontext=u:r:untrusted_app_27:s0:c512,c768 tcontext=u:r:untrusted_app_27:s0:c512,c768 tclass=udp_socket permissive=0 app=com.alibaba.android.rimet
09-23 00:58:30.359 I/auditd ( 3555): type=1400 audit(0.0:33672): avc: denied { ioctl } for comm="NativeThread" path="socket:[493890]" dev="sockfs" ino=493890 ioctlcmd=0x8927 scontext=u:r:untrusted_app_27:s0:c512,c768 tcontext=u:r:untrusted_app_27:s0:c512,c768 tclass=udp_socket permissive=0 app=com.alibaba.android.rimet
09-23 00:58:30.359 I/auditd ( 3555): type=1400 audit(0.0:33673): avc: denied { ioctl } for comm="NativeThread" path="socket:[493890]" dev="sockfs" ino=493890 ioctlcmd=0x8927 scontext=u:r:untrusted_app_27:s0:c512,c768 tcontext=u:r:untrusted_app_27:s0:c512,c768 tclass=udp_socket permissive=0 app=com.alibaba.android.rimet
09-23 00:58:35.443 I/auditd ( 3555): type=1400 audit(0.0:33683): avc: denied { read } for comm="NativeThread" name="unix" dev="proc" ino=4026532289 scontext=u:r:untrusted_app_27:s0:c512,c768 tcontext=u:object_r:proc_net:s0 tclass=file permissive=0 app=com.alibaba.android.rimet
09-23 00:58:35.915 I/auditd ( 3555): type=1400 audit(0.0:33684): avc: denied { read } for comm="NativeThread" name="unix" dev="proc" ino=4026532289 scontext=u:r:untrusted_app_27:s0:c512,c768 tcontext=u:object_r:proc_net:s0 tclass=file permissive=0 app=com.alibaba.android.rimet
09-23 00:58:36.403 I/auditd ( 3555): type=1400 audit(0.0:33685): avc: denied { read } for comm="NativeThread" name="unix" dev="proc" ino=4026532289 scontext=u:r:untrusted_app_27:s0:c512,c768 tcontext=u:object_r:proc_net:s0 tclass=file permissive=0 app=com.alibaba.android.rimet
09-23 00:58:36.411 I/auditd ( 3555): type=1400 audit(0.0:33686): avc: denied { read } for comm="NativeThread" name="version" dev="proc" ino=4026532265 scontext=u:r:untrusted_app_27:s0:c512,c768 tcontext=u:object_r:proc_version:s0 tclass=file permissive=0 app=com.alibaba.android.rimet
09-23 00:58:36.411 I/auditd ( 3555): type=1400 audit(0.0:33687): avc: denied { ioctl } for comm="NativeThread" path="socket:[493979]" dev="sockfs" ino=493979 ioctlcmd=0x8927 scontext=u:r:untrusted_app_27:s0:c512,c768 tcontext=u:r:untrusted_app_27:s0:c512,c768 tclass=udp_socket permissive=0 app=com.alibaba.android.rimet
09-23 00:58:36.803 I/auditd ( 3555): type=1400 audit(0.0:33701): avc: denied { read } for comm="NativeThread" name="unix" dev="proc" ino=4026532289 scontext=u:r:untrusted_app_27:s0:c512,c768 tcontext=u:object_r:proc_net:s0 tclass=file permissive=0 app=com.alibaba.android.rimet
09-23 00:58:41.419 I/auditd ( 3555): type=1400 audit(0.0:33702): avc: denied { read } for comm="NativeThread" name="unix" dev="proc" ino=4026532289 scontext=u:r:untrusted_app_27:s0:c512,c768 tcontext=u:object_r:proc_net:s0 tclass=file permissive=0 app=com.alibaba.android.rimet
09-23 00:58:41.935 I/auditd ( 3555): type=1400 audit(0.0:33703): avc: denied { read } for comm="NativeThread" name="unix" dev="proc" ino=4026532289 scontext=u:r:untrusted_app_27:s0:c512,c768 tcontext=u:object_r:proc_net:s0 tclass=file permissive=0 app=com.alibaba.android.rimet
09-23 00:58:42.427 I/auditd ( 3555): type=1400 audit(0.0:33704): avc: denied { read } for comm="NativeThread" name="unix" dev="proc" ino=4026532289 scontext=u:r:untrusted_app_27:s0:c512,c768 tcontext=u:object_r:proc_net:s0 tclass=file permissive=0 app=com.alibaba.android.rimet
09-23 00:58:42.435 I/auditd ( 3555): type=1400 audit(0.0:33705): avc: denied { read } for comm="NativeThread" name="version" dev="proc" ino=4026532265 scontext=u:r:untrusted_app_27:s0:c512,c768 tcontext=u:object_r:proc_version:s0 tclass=file permissive=0 app=com.alibaba.android.rimet
09-23 00:58:42.439 I/auditd ( 3555): type=1400 audit(0.0:33706): avc: denied { ioctl } for comm="NativeThread" path="socket:[493315]" dev="sockfs" ino=493315 ioctlcmd=0x8927 scontext=u:r:untrusted_app_27:s0:c512,c768 tcontext=u:r:untrusted_app_27:s0:c512,c768 tclass=udp_socket permissive=0 app=com.alibaba.android.rimet
09-23 00:58:42.439 I/auditd ( 3555): type=1400 audit(0.0:33707): avc: denied { ioctl } for comm="NativeThread" path="socket:[493315]" dev="sockfs" ino=493315 ioctlcmd=0x8927 scontext=u:r:untrusted_app_27:s0:c512,c768 tcontext=u:r:untrusted_app_27:s0:c512,c768 tclass=udp_socket permissive=0 app=com.alibaba.android.rimet
09-23 00:58:42.439 I/auditd ( 3555): type=1400 audit(0.0:33708): avc: denied { ioctl } for comm="NativeThread" path="socket:[493315]" dev="sockfs" ino=493315 ioctlcmd=0x8927 scontext=u:r:untrusted_app_27:s0:c512,c768 tcontext=u:r:untrusted_app_27:s0:c512,c768 tclass=udp_socket permissive=0 app=com.alibaba.android.rimet
09-23 00:58:42.439 I/auditd ( 3555): type=1400 audit(0.0:33709): avc: denied { ioctl } for comm="NativeThread" path="socket:[493315]" dev="sockfs" ino=493315 ioctlcmd=0x8927 scontext=u:r:untrusted_app_27:s0:c512,c768 tcontext=u:r:untrusted_app_27:s0:c512,c768 tclass=udp_socket permissive=0 app=com.alibaba.android.rimet
09-23 00:58:42.439 I/auditd ( 3555): type=1400 audit(0.0:33710): avc: denied { ioctl } for comm="NativeThread" path="socket:[493315]" dev="sockfs" ino=493315 ioctlcmd=0x8927 scontext=u:r:untrusted_app_27:s0:c512,c768 tcontext=u:r:untrusted_app_27:s0:c512,c768 tclass=udp_socket permissive=0 app=com.alibaba.android.rimet
09-23 00:58:47.503 I/auditd ( 3555): type=1400 audit(0.0:33721): avc: denied { read } for comm="NativeThread" name="unix" dev="proc" ino=4026532289 scontext=u:r:untrusted_app_27:s0:c512,c768 tcontext=u:object_r:proc_net:s0 tclass=file permissive=0 app=com.alibaba.android.rimet
09-23 00:58:47.975 I/auditd ( 3555): type=1400 audit(0.0:33722): avc: denied { read } for comm="NativeThread" name="unix" dev="proc" ino=4026532289 scontext=u:r:untrusted_app_27:s0:c512,c768 tcontext=u:object_r:proc_net:s0 tclass=file permissive=0 app=com.alibaba.android.rimet
09-23 00:58:48.487 I/auditd ( 3555): type=1400 audit(0.0:33723): avc: denied { read } for comm="NativeThread" name="unix" dev="proc" ino=4026532289 scontext=u:r:untrusted_app_27:s0:c512,c768 tcontext=u:object_r:proc_net:s0 tclass=file permissive=0 app=com.alibaba.android.rimet
09-23 00:58:48.495 I/auditd ( 3555): type=1400 audit(0.0:33724): avc: denied { read } for comm="NativeThread" name="version" dev="proc" ino=4026532265 scontext=u:r:untrusted_app_27:s0:c512,c768 tcontext=u:object_r:proc_version:s0 tclass=file permissive=0 app=com.alibaba.android.rimet
09-23 00:58:48.499 I/auditd ( 3555): type=1400 audit(0.0:33725): avc: denied { ioctl } for comm="NativeThread" path="socket:[493396]" dev="sockfs" ino=493396 ioctlcmd=0x8927 scontext=u:r:untrusted_app_27:s0:c512,c768 tcontext=u:r:untrusted_app_27:s0:c512,c768 tclass=udp_socket permissive=0 app=com.alibaba.android.rimet
09-23 00:58:48.935 I/auditd ( 3555): type=1400 audit(0.0:33739): avc: denied { read } for comm="NativeThread" name="unix" dev="proc" ino=4026532289 scontext=u:r:untrusted_app_27:s0:c512,c768 tcontext=u:object_r:proc_net:s0 tclass=file permissive=0 app=com.alibaba.android.rimet
09-23 00:58:53.595 I/auditd ( 3555): type=1400 audit(0.0:33740): avc: denied { read } for comm="NativeThread" name="unix" dev="proc" ino=4026532289 scontext=u:r:untrusted_app_27:s0:c512,c768 tcontext=u:object_r:proc_net:s0 tclass=file permissive=0 app=com.alibaba.android.rimet
09-23 00:58:54.023 I/auditd ( 3555): type=1400 audit(0.0:33741): avc: denied { read } for comm="NativeThread" name="unix" dev="proc" ino=4026532289 scontext=u:r:untrusted_app_27:s0:c512,c768 tcontext=u:object_r:proc_net:s0 tclass=file permissive=0 app=com.alibaba.android.rimet
09-23 00:58:54.535 I/auditd ( 3555): type=1400 audit(0.0:33742): avc: denied { read } for comm="NativeThread" name="unix" dev="proc" ino=4026532289 scontext=u:r:untrusted_app_27:s0:c512,c768 tcontext=u:object_r:proc_net:s0 tclass=file permissive=0 app=com.alibaba.android.rimet
09-23 00:58:54.543 I/auditd ( 3555): type=1400 audit(0.0:33743): avc: denied { read } for comm="NativeThread" name="version" dev="proc" ino=4026532265 scontext=u:r:untrusted_app_27:s0:c512,c768 tcontext=u:object_r:proc_version:s0 tclass=file permissive=0 app=com.alibaba.android.rimet
09-23 00:58:54.543 I/auditd ( 3555): type=1400 audit(0.0:33744): avc: denied { ioctl } for comm="NativeThread" path="socket:[495147]" dev="sockfs" ino=495147 ioctlcmd=0x8927 scontext=u:r:untrusted_app_27:s0:c512,c768 tcontext=u:r:untrusted_app_27:s0:c512,c768 tclass=udp_socket permissive=0 app=com.alibaba.android.rimet
09-23 00:58:54.543 I/auditd ( 3555): type=1400 audit(0.0:33745): avc: denied { ioctl } for comm="NativeThread" path="socket:[495147]" dev="sockfs" ino=495147 ioctlcmd=0x8927 scontext=u:r:untrusted_app_27:s0:c512,c768 tcontext=u:r:untrusted_app_27:s0:c512,c768 tclass=udp_socket permissive=0 app=com.alibaba.android.rimet
09-23 00:58:54.543 I/auditd ( 3555): type=1400 audit(0.0:33746): avc: denied { ioctl } for comm="NativeThread" path="socket:[495147]" dev="sockfs" ino=495147 ioctlcmd=0x8927 scontext=u:r:untrusted_app_27:s0:c512,c768 tcontext=u:r:untrusted_app_27:s0:c512,c768 tclass=udp_socket permissive=0 app=com.alibaba.android.rimet
09-23 00:58:54.543 I/auditd ( 3555): type=1400 audit(0.0:33747): avc: denied { ioctl } for comm="NativeThread" path="socket:[495147]" dev="sockfs" ino=495147 ioctlcmd=0x8927 scontext=u:r:untrusted_app_27:s0:c512,c768 tcontext=u:r:untrusted_app_27:s0:c512,c768 tclass=udp_socket permissive=0 app=com.alibaba.android.rimet
09-23 00:58:54.543 I/auditd ( 3555): type=1400 audit(0.0:33748): avc: denied { ioctl } for comm="NativeThread" path="socket:[495147]" dev="sockfs" ino=495147 ioctlcmd=0x8927 scontext=u:r:untrusted_app_27:s0:c512,c768 tcontext=u:r:untrusted_app_27:s0:c512,c768 tclass=udp_socket permissive=0 app=com.alibaba.android.rimet
09-23 00:58:58.391 I/auditd ( 4190): type=1400 audit(0.0:33760): avc: denied { read } for comm="pool-2-thread-6" name="tcp" dev="proc" ino=4026532283 scontext=u:r:untrusted_app_29:s0:c108,c256,c512,c768 tcontext=u:object_r:proc_net_tcp_udp:s0 tclass=file permissive=0 app=com.smile.gifmaker
09-23 00:58:59.707 I/auditd ( 3555): type=1400 audit(0.0:33761): avc: denied { read } for comm="NativeThread" name="unix" dev="proc" ino=4026532289 scontext=u:r:untrusted_app_27:s0:c512,c768 tcontext=u:object_r:proc_net:s0 tclass=file permissive=0 app=com.alibaba.android.rimet
09-23 00:59:00.239 I/auditd ( 3555): type=1400 audit(0.0:33762): avc: denied { read } for comm="NativeThread" name="unix" dev="proc" ino=4026532289 scontext=u:r:untrusted_app_27:s0:c512,c768 tcontext=u:object_r:proc_net:s0 tclass=file permissive=0 app=com.alibaba.android.rimet
09-23 00:59:00.675 I/auditd ( 3555): type=1400 audit(0.0:33763): avc: denied { read } for comm="NativeThread" name="unix" dev="proc" ino=4026532289 scontext=u:r:untrusted_app_27:s0:c512,c768 tcontext=u:object_r:proc_net:s0 tclass=file permissive=0 app=com.alibaba.android.rimet
09-23 00:59:00.683 I/auditd ( 3555): type=1400 audit(0.0:33764): avc: denied { read } for comm="NativeThread" name="version" dev="proc" ino=4026532265 scontext=u:r:untrusted_app_27:s0:c512,c768 tcontext=u:object_r:proc_version:s0 tclass=file permissive=0 app=com.alibaba.android.rimet
09-23 00:59:00.687 I/auditd ( 3555): type=1400 audit(0.0:33765): avc: denied { ioctl } for comm="NativeThread" path="socket:[495269]" dev="sockfs" ino=495269 ioctlcmd=0x8927 scontext=u:r:untrusted_app_27:s0:c512,c768 tcontext=u:r:untrusted_app_27:s0:c512,c768 tclass=udp_socket permissive=0 app=com.alibaba.android.rimet
09-23 00:59:00.687 I/auditd ( 3555): type=1400 audit(0.0:33766): avc: denied { ioctl } for comm="NativeThread" path="socket:[495269]" dev="sockfs" ino=495269 ioctlcmd=0x8927 scontext=u:r:untrusted_app_27:s0:c512,c768 tcontext=u:r:untrusted_app_27:s0:c512,c768 tclass=udp_socket permissive=0 app=com.alibaba.android.rimet
09-23 00:59:00.687 I/auditd ( 3555): type=1400 audit(0.0:33767): avc: denied { ioctl } for comm="NativeThread" path="socket:[495269]" dev="sockfs" ino=495269 ioctlcmd=0x8927 scontext=u:r:untrusted_app_27:s0:c512,c768 tcontext=u:r:untrusted_app_27:s0:c512,c768 tclass=udp_socket permissive=0 app=com.alibaba.android.rimet
09-23 00:59:00.687 I/auditd ( 3555): type=1400 audit(0.0:33768): avc: denied { ioctl } for comm="NativeThread" path="socket:[495269]" dev="sockfs" ino=495269 ioctlcmd=0x8927 scontext=u:r:untrusted_app_27:s0:c512,c768 tcontext=u:r:untrusted_app_27:s0:c512,c768 tclass=udp_socket permissive=0 app=com.alibaba.android.rimet
09-23 00:59:00.687 I/auditd ( 3555): type=1400 audit(0.0:33769): avc: denied { ioctl } for comm="NativeThread" path="socket:[495269]" dev="sockfs" ino=495269 ioctlcmd=0x8927 scontext=u:r:untrusted_app_27:s0:c512,c768 tcontext=u:r:untrusted_app_27:s0:c512,c768 tclass=udp_socket permissive=0 app=com.alibaba.android.rimet
09-23 00:59:05.743 I/auditd ( 3555): type=1400 audit(0.0:33780): avc: denied { read } for comm="NativeThread" name="unix" dev="proc" ino=4026532289 scontext=u:r:untrusted_app_27:s0:c512,c768 tcontext=u:object_r:proc_net:s0 tclass=file permissive=0 app=com.alibaba.android.rimet
09-23 00:59:06.227 I/auditd ( 3555): type=1400 audit(0.0:33781): avc: denied { read } for comm="NativeThread" name="unix" dev="proc" ino=4026532289 scontext=u:r:untrusted_app_27:s0:c512,c768 tcontext=u:object_r:proc_net:s0 tclass=file permissive=0 app=com.alibaba.android.rimet
09-23 00:59:06.743 I/auditd ( 3555): type=1400 audit(0.0:33782): avc: denied { read } for comm="NativeThread" name="unix" dev="proc" ino=4026532289 scontext=u:r:untrusted_app_27:s0:c512,c768 tcontext=u:object_r:proc_net:s0 tclass=file permissive=0 app=com.alibaba.android.rimet
09-23 00:59:06.751 I/auditd ( 3555): type=1400 audit(0.0:33783): avc: denied { read } for comm="NativeThread" name="version" dev="proc" ino=4026532265 scontext=u:r:untrusted_app_27:s0:c512,c768 tcontext=u:object_r:proc_version:s0 tclass=file permissive=0 app=com.alibaba.android.rimet
09-23 00:59:06.755 I/auditd ( 3555): type=1400 audit(0.0:33784): avc: denied { ioctl } for comm="NativeThread" path="socket:[495402]" dev="sockfs" ino=495402 ioctlcmd=0x8927 scontext=u:r:untrusted_app_27:s0:c512,c768 tcontext=u:r:untrusted_app_27:s0:c512,c768 tclass=udp_socket permissive=0 app=com.alibaba.android.rimet
09-23 00:59:06.755 I/auditd ( 3555): type=1400 audit(0.0:33785): avc: denied { ioctl } for comm="NativeThread" path="socket:[495402]" dev="sockfs" ino=495402 ioctlcmd=0x8927 scontext=u:r:untrusted_app_27:s0:c512,c768 tcontext=u:r:untrusted_app_27:s0:c512,c768 tclass=udp_socket permissive=0 app=com.alibaba.android.rimet
09-23 00:59:06.755 I/auditd ( 3555): type=1400 audit(0.0:33786): avc: denied { ioctl } for comm="NativeThread" path="socket:[495402]" dev="sockfs" ino=495402 ioctlcmd=0x8927 scontext=u:r:untrusted_app_27:s0:c512,c768 tcontext=u:r:untrusted_app_27:s0:c512,c768 tclass=udp_socket permissive=0 app=com.alibaba.android.rimet
09-23 00:59:06.755 I/auditd ( 3555): type=1400 audit(0.0:33787): avc: denied { ioctl } for comm="NativeThread" path="socket:[495402]" dev="sockfs" ino=495402 ioctlcmd=0x8927 scontext=u:r:untrusted_app_27:s0:c512,c768 tcontext=u:r:untrusted_app_27:s0:c512,c768 tclass=udp_socket permissive=0 app=com.alibaba.android.rimet
09-23 00:59:06.755 I/auditd ( 3555): type=1400 audit(0.0:33788): avc: denied { ioctl } for comm="NativeThread" path="socket:[495402]" dev="sockfs" ino=495402 ioctlcmd=0x8927 scontext=u:r:untrusted_app_27:s0:c512,c768 tcontext=u:r:untrusted_app_27:s0:c512,c768 tclass=udp_socket permissive=0 app=com.alibaba.android.rimet
09-23 00:59:06.755 I/auditd ( 3555): type=1400 audit(0.0:33789): avc: denied { ioctl } for comm="NativeThread" path="socket:[495402]" dev="sockfs" ino=495402 ioctlcmd=0x8927 scontext=u:r:untrusted_app_27:s0:c512,c768 tcontext=u:r:untrusted_app_27:s0:c512,c768 tclass=udp_socket permissive=0 app=com.alibaba.android.rimet
09-23 00:59:10.059 I/sysui_multi_action( 1489): [757,1696,758,6,759,2]
09-23 00:59:10.069 I/am_wtf ( 1489): [0,1489,system_server,-1,DisplayDeviceConfig,requesting nits when no mapping exists.]
09-23 00:59:10.073 I/am_wtf ( 1489): [0,1489,system_server,-1,DisplayDeviceConfig,requesting nits when no mapping exists.]
09-23 00:59:10.085 I/am_wtf ( 1489): [0,1489,system_server,-1,DisplayDeviceConfig,requesting nits when no mapping exists.]
09-23 00:59:10.085 I/am_wtf ( 1489): [0,1489,system_server,-1,DisplayDeviceConfig,requesting nits when no mapping exists.]
09-23 00:59:10.101 I/am_wtf ( 1489): [0,1489,system_server,-1,DisplayDeviceConfig,requesting nits when no mapping exists.]
09-23 00:59:10.103 I/am_wtf ( 1489): [0,1489,system_server,-1,DisplayDeviceConfig,requesting nits when no mapping exists.]
09-23 00:59:10.110 I/am_wtf ( 1489): [0,1489,system_server,-1,DisplayDeviceConfig,requesting nits when no mapping exists.]
09-23 00:59:10.112 I/am_wtf ( 1489): [0,1489,system_server,-1,DisplayDeviceConfig,requesting nits when no mapping exists.]
09-23 00:59:10.127 I/am_wtf ( 1489): [0,1489,system_server,-1,DisplayDeviceConfig,requesting nits when no mapping exists.]
09-23 00:59:10.128 I/am_wtf ( 1489): [0,1489,system_server,-1,DisplayDeviceConfig,requesting nits when no mapping exists.]
09-23 00:59:10.143 I/am_wtf ( 1489): [0,1489,system_server,-1,DisplayDeviceConfig,requesting nits when no mapping exists.]
09-23 00:59:10.144 I/am_wtf ( 1489): [0,1489,system_server,-1,DisplayDeviceConfig,requesting nits when no mapping exists.]
09-23 00:59:10.159 I/am_wtf ( 1489): [0,1489,system_server,-1,DisplayDeviceConfig,requesting nits when no mapping exists.]
09-23 00:59:10.161 I/am_wtf ( 1489): [0,1489,system_server,-1,DisplayDeviceConfig,requesting nits when no mapping exists.]
09-23 00:59:10.177 I/am_wtf ( 1489): [0,1489,system_server,-1,DisplayDeviceConfig,requesting nits when no mapping exists.]
09-23 00:59:10.177 I/am_wtf ( 1489): [0,1489,system_server,-1,DisplayDeviceConfig,requesting nits when no mapping exists.]
09-23 00:59:10.193 I/am_wtf ( 1489): [0,1489,system_server,-1,DisplayDeviceConfig,requesting nits when no mapping exists.]
09-23 00:59:10.194 I/am_wtf ( 1489): [0,1489,system_server,-1,DisplayDeviceConfig,requesting nits when no mapping exists.]
09-23 00:59:10.210 I/am_wtf ( 1489): [0,1489,system_server,-1,DisplayDeviceConfig,requesting nits when no mapping exists.]
09-23 00:59:10.211 I/am_wtf ( 1489): [0,1489,system_server,-1,DisplayDeviceConfig,requesting nits when no mapping exists.]
09-23 00:59:10.227 I/am_wtf ( 1489): [0,1489,system_server,-1,DisplayDeviceConfig,requesting nits when no mapping exists.]
09-23 00:59:10.229 I/am_wtf ( 1489): [0,1489,system_server,-1,DisplayDeviceConfig,requesting nits when no mapping exists.]
09-23 00:59:10.244 I/am_wtf ( 1489): [0,1489,system_server,-1,DisplayDeviceConfig,requesting nits when no mapping exists.]
09-23 00:59:10.245 I/am_wtf ( 1489): [0,1489,system_server,-1,DisplayDeviceConfig,requesting nits when no mapping exists.]
09-23 00:59:10.260 I/am_wtf ( 1489): [0,1489,system_server,-1,DisplayDeviceConfig,requesting nits when no mapping exists.]
09-23 00:59:10.261 I/am_wtf ( 1489): [0,1489,system_server,-1,DisplayDeviceConfig,requesting nits when no mapping exists.]
09-23 00:59:10.276 I/am_wtf ( 1489): [0,1489,system_server,-1,DisplayDeviceConfig,requesting nits when no mapping exists.]
09-23 00:59:10.279 I/am_wtf ( 1489): [0,1489,system_server,-1,DisplayDeviceConfig,requesting nits when no mapping exists.]
09-23 00:59:10.293 I/am_wtf ( 1489): [0,1489,system_server,-1,DisplayDeviceConfig,requesting nits when no mapping exists.]
09-23 00:59:10.293 I/am_wtf ( 1489): [0,1489,system_server,-1,DisplayDeviceConfig,requesting nits when no mapping exists.]
09-23 00:59:10.310 I/am_wtf ( 1489): [0,1489,system_server,-1,DisplayDeviceConfig,requesting nits when no mapping exists.]
09-23 00:59:10.312 I/am_wtf ( 1489): [0,1489,system_server,-1,DisplayDeviceConfig,requesting nits when no mapping exists.]
09-23 00:59:10.327 I/am_wtf ( 1489): [0,1489,system_server,-1,DisplayDeviceConfig,requesting nits when no mapping exists.]
09-23 00:59:10.328 I/am_wtf ( 1489): [0,1489,system_server,-1,DisplayDeviceConfig,requesting nits when no mapping exists.]
09-23 00:59:10.343 I/am_wtf ( 1489): [0,1489,system_server,-1,DisplayDeviceConfig,requesting nits when no mapping exists.]
09-23 00:59:10.344 I/am_wtf ( 1489): [0,1489,system_server,-1,DisplayDeviceConfig,requesting nits when no mapping exists.]
09-23 00:59:10.360 I/am_wtf ( 1489): [0,1489,system_server,-1,DisplayDeviceConfig,requesting nits when no mapping exists.]
09-23 00:59:10.361 I/am_wtf ( 1489): [0,1489,system_server,-1,DisplayDeviceConfig,requesting nits when no mapping exists.]
09-23 00:59:10.377 I/am_wtf ( 1489): [0,1489,system_server,-1,DisplayDeviceConfig,requesting nits when no mapping exists.]
09-23 00:59:10.378 I/am_wtf ( 1489): [0,1489,system_server,-1,DisplayDeviceConfig,requesting nits when no mapping exists.]
09-23 00:59:10.393 I/am_wtf ( 1489): [0,1489,system_server,-1,DisplayDeviceConfig,requesting nits when no mapping exists.]
09-23 00:59:10.394 I/am_wtf ( 1489): [0,1489,system_server,-1,DisplayDeviceConfig,requesting nits when no mapping exists.]
09-23 00:59:10.410 I/am_wtf ( 1489): [0,1489,system_server,-1,DisplayDeviceConfig,requesting nits when no mapping exists.]
09-23 00:59:10.411 I/am_wtf ( 1489): [0,1489,system_server,-1,DisplayDeviceConfig,requesting nits when no mapping exists.]
09-23 00:59:10.427 I/am_wtf ( 1489): [0,1489,system_server,-1,DisplayDeviceConfig,requesting nits when no mapping exists.]
09-23 00:59:10.428 I/am_wtf ( 1489): [0,1489,system_server,-1,DisplayDeviceConfig,requesting nits when no mapping exists.]
09-23 00:59:10.444 I/am_wtf ( 1489): [0,1489,system_server,-1,DisplayDeviceConfig,requesting nits when no mapping exists.]
09-23 00:59:10.445 I/am_wtf ( 1489): [0,1489,system_server,-1,DisplayDeviceConfig,requesting nits when no mapping exists.]
09-23 00:59:10.461 I/am_wtf ( 1489): [0,1489,system_server,-1,DisplayDeviceConfig,requesting nits when no mapping exists.]
09-23 00:59:10.462 I/am_wtf ( 1489): [0,1489,system_server,-1,DisplayDeviceConfig,requesting nits when no mapping exists.]
09-23 00:59:10.478 I/am_wtf ( 1489): [0,1489,system_server,-1,DisplayDeviceConfig,requesting nits when no mapping exists.]
09-23 00:59:10.479 I/am_wtf ( 1489): [0,1489,system_server,-1,DisplayDeviceConfig,requesting nits when no mapping exists.]
09-23 00:59:10.494 I/am_wtf ( 1489): [0,1489,system_server,-1,DisplayDeviceConfig,requesting nits when no mapping exists.]
09-23 00:59:10.495 I/am_wtf ( 1489): [0,1489,system_server,-1,DisplayDeviceConfig,requesting nits when no mapping exists.]
09-23 00:59:10.511 I/am_wtf ( 1489): [0,1489,system_server,-1,DisplayDeviceConfig,requesting nits when no mapping exists.]
09-23 00:59:10.511 I/am_wtf ( 1489): [0,1489,system_server,-1,DisplayDeviceConfig,requesting nits when no mapping exists.]
09-23 00:59:10.528 I/am_wtf ( 1489): [0,1489,system_server,-1,DisplayDeviceConfig,requesting nits when no mapping exists.]
09-23 00:59:10.529 I/am_wtf ( 1489): [0,1489,system_server,-1,DisplayDeviceConfig,requesting nits when no mapping exists.]
09-23 00:59:10.530 I/service_manager_stats( 1489): [100,57,61856]
09-23 00:59:10.544 I/am_wtf ( 1489): [0,1489,system_server,-1,DisplayDeviceConfig,requesting nits when no mapping exists.]
09-23 00:59:10.545 I/am_wtf ( 1489): [0,1489,system_server,-1,DisplayDeviceConfig,requesting nits when no mapping exists.]
09-23 00:59:10.561 I/am_wtf ( 1489): [0,1489,system_server,-1,DisplayDeviceConfig,requesting nits when no mapping exists.]
09-23 00:59:10.561 I/am_wtf ( 1489): [0,1489,system_server,-1,DisplayDeviceConfig,requesting nits when no mapping exists.]
09-23 00:59:10.577 I/am_wtf ( 1489): [0,1489,system_server,-1,DisplayDeviceConfig,requesting nits when no mapping exists.]
09-23 00:59:10.579 I/am_wtf ( 1489): [0,1489,system_server,-1,DisplayDeviceConfig,requesting nits when no mapping exists.]
09-23 00:59:10.594 I/am_wtf ( 1489): [0,1489,system_server,-1,DisplayDeviceConfig,requesting nits when no mapping exists.]
09-23 00:59:10.595 I/am_wtf ( 1489): [0,1489,system_server,-1,DisplayDeviceConfig,requesting nits when no mapping exists.]
09-23 00:59:10.611 I/am_wtf ( 1489): [0,1489,system_server,-1,DisplayDeviceConfig,requesting nits when no mapping exists.]
09-23 00:59:10.612 I/am_wtf ( 1489): [0,1489,system_server,-1,DisplayDeviceConfig,requesting nits when no mapping exists.]
09-23 00:59:10.628 I/am_wtf ( 1489): [0,1489,system_server,-1,DisplayDeviceConfig,requesting nits when no mapping exists.]
09-23 00:59:10.629 I/am_wtf ( 1489): [0,1489,system_server,-1,DisplayDeviceConfig,requesting nits when no mapping exists.]
09-23 00:59:10.644 I/am_wtf ( 1489): [0,1489,system_server,-1,DisplayDeviceConfig,requesting nits when no mapping exists.]
09-23 00:59:10.645 I/am_wtf ( 1489): [0,1489,system_server,-1,DisplayDeviceConfig,requesting nits when no mapping exists.]
09-23 00:59:10.661 I/am_wtf ( 1489): [0,1489,system_server,-1,DisplayDeviceConfig,requesting nits when no mapping exists.]
09-23 00:59:10.662 I/am_wtf ( 1489): [0,1489,system_server,-1,DisplayDeviceConfig,requesting nits when no mapping exists.]
09-23 00:59:10.678 I/am_wtf ( 1489): [0,1489,system_server,-1,DisplayDeviceConfig,requesting nits when no mapping exists.]
09-23 00:59:10.679 I/am_wtf ( 1489): [0,1489,system_server,-1,DisplayDeviceConfig,requesting nits when no mapping exists.]
09-23 00:59:10.695 I/am_wtf ( 1489): [0,1489,system_server,-1,DisplayDeviceConfig,requesting nits when no mapping exists.]
09-23 00:59:10.695 I/am_wtf ( 1489): [0,1489,system_server,-1,DisplayDeviceConfig,requesting nits when no mapping exists.]
09-23 00:59:10.711 I/am_wtf ( 1489): [0,1489,system_server,-1,DisplayDeviceConfig,requesting nits when no mapping exists.]
09-23 00:59:10.712 I/am_wtf ( 1489): [0,1489,system_server,-1,DisplayDeviceConfig,requesting nits when no mapping exists.]
09-23 00:59:10.727 I/am_wtf ( 1489): [0,1489,system_server,-1,DisplayDeviceConfig,requesting nits when no mapping exists.]
09-23 00:59:10.729 I/am_wtf ( 1489): [0,1489,system_server,-1,DisplayDeviceConfig,requesting nits when no mapping exists.]
09-23 00:59:10.744 I/am_wtf ( 1489): [0,1489,system_server,-1,DisplayDeviceConfig,requesting nits when no mapping exists.]
09-23 00:59:10.745 I/am_wtf ( 1489): [0,1489,system_server,-1,DisplayDeviceConfig,requesting nits when no mapping exists.]
09-23 00:59:10.761 I/am_wtf ( 1489): [0,1489,system_server,-1,DisplayDeviceConfig,requesting nits when no mapping exists.]
09-23 00:59:10.762 I/am_wtf ( 1489): [0,1489,system_server,-1,DisplayDeviceConfig,requesting nits when no mapping exists.]
09-23 00:59:10.778 I/am_wtf ( 1489): [0,1489,system_server,-1,DisplayDeviceConfig,requesting nits when no mapping exists.]
09-23 00:59:10.779 I/am_wtf ( 1489): [0,1489,system_server,-1,DisplayDeviceConfig,requesting nits when no mapping exists.]
09-23 00:59:10.795 I/am_wtf ( 1489): [0,1489,system_server,-1,DisplayDeviceConfig,requesting nits when no mapping exists.]
09-23 00:59:10.797 I/am_wtf ( 1489): [0,1489,system_server,-1,DisplayDeviceConfig,requesting nits when no mapping exists.]
09-23 00:59:10.811 I/am_wtf ( 1489): [0,1489,system_server,-1,DisplayDeviceConfig,requesting nits when no mapping exists.]
09-23 00:59:10.812 I/am_wtf ( 1489): [0,1489,system_server,-1,DisplayDeviceConfig,requesting nits when no mapping exists.]
09-23 00:59:10.828 I/am_wtf ( 1489): [0,1489,system_server,-1,DisplayDeviceConfig,requesting nits when no mapping exists.]
09-23 00:59:10.829 I/am_wtf ( 1489): [0,1489,system_server,-1,DisplayDeviceConfig,requesting nits when no mapping exists.]
09-23 00:59:10.845 I/am_wtf ( 1489): [0,1489,system_server,-1,DisplayDeviceConfig,requesting nits when no mapping exists.]
09-23 00:59:10.846 I/am_wtf ( 1489): [0,1489,system_server,-1,DisplayDeviceConfig,requesting nits when no mapping exists.]
09-23 00:59:10.861 I/am_wtf ( 1489): [0,1489,system_server,-1,DisplayDeviceConfig,requesting nits when no mapping exists.]
09-23 00:59:10.862 I/am_wtf ( 1489): [0,1489,system_server,-1,DisplayDeviceConfig,requesting nits when no mapping exists.]
09-23 00:59:10.879 I/am_wtf ( 1489): [0,1489,system_server,-1,DisplayDeviceConfig,requesting nits when no mapping exists.]
09-23 00:59:10.881 I/am_wtf ( 1489): [0,1489,system_server,-1,DisplayDeviceConfig,requesting nits when no mapping exists.]
09-23 00:59:10.895 I/am_wtf ( 1489): [0,1489,system_server,-1,DisplayDeviceConfig,requesting nits when no mapping exists.]
09-23 00:59:10.896 I/am_wtf ( 1489): [0,1489,system_server,-1,DisplayDeviceConfig,requesting nits when no mapping exists.]
09-23 00:59:10.911 I/am_wtf ( 1489): [0,1489,system_server,-1,DisplayDeviceConfig,requesting nits when no mapping exists.]
09-23 00:59:10.912 I/am_wtf ( 1489): [0,1489,system_server,-1,DisplayDeviceConfig,requesting nits when no mapping exists.]
09-23 00:59:10.928 I/am_wtf ( 1489): [0,1489,system_server,-1,DisplayDeviceConfig,requesting nits when no mapping exists.]
09-23 00:59:10.929 I/am_wtf ( 1489): [0,1489,system_server,-1,DisplayDeviceConfig,requesting nits when no mapping exists.]
09-23 00:59:10.944 I/am_wtf ( 1489): [0,1489,system_server,-1,DisplayDeviceConfig,requesting nits when no mapping exists.]
09-23 00:59:10.945 I/am_wtf ( 1489): [0,1489,system_server,-1,DisplayDeviceConfig,requesting nits when no mapping exists.]
09-23 00:59:10.961 I/am_wtf ( 1489): [0,1489,system_server,-1,DisplayDeviceConfig,requesting nits when no mapping exists.]
09-23 00:59:10.962 I/am_wtf ( 1489): [0,1489,system_server,-1,DisplayDeviceConfig,requesting nits when no mapping exists.]
09-23 00:59:10.978 I/am_wtf ( 1489): [0,1489,system_server,-1,DisplayDeviceConfig,requesting nits when no mapping exists.]
09-23 00:59:10.979 I/am_wtf ( 1489): [0,1489,system_server,-1,DisplayDeviceConfig,requesting nits when no mapping exists.]
09-23 00:59:10.995 I/am_wtf ( 1489): [0,1489,system_server,-1,DisplayDeviceConfig,requesting nits when no mapping exists.]
09-23 00:59:10.996 I/am_wtf ( 1489): [0,1489,system_server,-1,DisplayDeviceConfig,requesting nits when no mapping exists.]
09-23 00:59:11.011 I/am_wtf ( 1489): [0,1489,system_server,-1,DisplayDeviceConfig,requesting nits when no mapping exists.]
09-23 00:59:11.012 I/am_wtf ( 1489): [0,1489,system_server,-1,DisplayDeviceConfig,requesting nits when no mapping exists.]
09-23 00:59:11.799 I/auditd ( 3555): type=1400 audit(0.0:33799): avc: denied { read } for comm="NativeThread" name="unix" dev="proc" ino=4026532289 scontext=u:r:untrusted_app_27:s0:c512,c768 tcontext=u:object_r:proc_net:s0 tclass=file permissive=0 app=com.alibaba.android.rimet
09-23 00:59:12.299 I/auditd ( 3555): type=1400 audit(0.0:33800): avc: denied { read } for comm="NativeThread" name="unix" dev="proc" ino=4026532289 scontext=u:r:untrusted_app_27:s0:c512,c768 tcontext=u:object_r:proc_net:s0 tclass=file permissive=0 app=com.alibaba.android.rimet
09-23 00:59:12.767 I/auditd ( 3555): type=1400 audit(0.0:33801): avc: denied { read } for comm="NativeThread" name="unix" dev="proc" ino=4026532289 scontext=u:r:untrusted_app_27:s0:c512,c768 tcontext=u:object_r:proc_net:s0 tclass=file permissive=0 app=com.alibaba.android.rimet
09-23 00:59:12.775 I/auditd ( 3555): type=1400 audit(0.0:33802): avc: denied { read } for comm="NativeThread" name="version" dev="proc" ino=4026532265 scontext=u:r:untrusted_app_27:s0:c512,c768 tcontext=u:object_r:proc_version:s0 tclass=file permissive=0 app=com.alibaba.android.rimet
09-23 00:59:12.779 I/auditd ( 3555): type=1400 audit(0.0:33803): avc: denied { ioctl } for comm="NativeThread" path="socket:[494347]" dev="sockfs" ino=494347 ioctlcmd=0x8927 scontext=u:r:untrusted_app_27:s0:c512,c768 tcontext=u:r:untrusted_app_27:s0:c512,c768 tclass=udp_socket permissive=0 app=com.alibaba.android.rimet
09-23 00:59:13.179 I/auditd ( 3555): type=1400 audit(0.0:33817): avc: denied { read } for comm="NativeThread" name="unix" dev="proc" ino=4026532289 scontext=u:r:untrusted_app_27:s0:c512,c768 tcontext=u:object_r:proc_net:s0 tclass=file permissive=0 app=com.alibaba.android.rimet
09-23 00:59:13.215 I/auditd ( 3555): type=1400 audit(0.0:33818): avc: granted { nlmsg_readpriv } for comm="DaemonThread-6" scontext=u:r:untrusted_app_27:s0:c512,c768 tcontext=u:r:untrusted_app_27:s0:c512,c768 tclass=netlink_route_socket app=com.alibaba.android.rimet
09-23 00:59:14.179 I/auditd ( 3555): type=1400 audit(0.0:33819): avc: granted { nlmsg_readpriv } for comm="DaemonThread-6" scontext=u:r:untrusted_app_27:s0:c512,c768 tcontext=u:r:untrusted_app_27:s0:c512,c768 tclass=netlink_route_socket app=com.alibaba.android.rimet
09-23 00:59:17.065 I/sysui_multi_action( 1489): [757,222,758,1]
09-23 00:59:17.067 I/am_uid_active( 1489): 10066
09-23 00:59:17.089 I/wm_task_created( 1489): [134,-1]
09-23 00:59:17.094 I/wm_task_moved( 1489): [134,1,7]
09-23 00:59:17.094 I/wm_task_to_front( 1489): [0,134]
09-23 00:59:17.095 I/wm_create_task( 1489): [0,134]
09-23 00:59:17.095 I/wm_create_activity( 1489): [0,122882168,134,com.android.deskclock/android.service.dreams.DreamActivity,NULL,NULL,NULL,276824064]
09-23 00:59:17.095 I/wm_task_moved( 1489): [134,1,7]
09-23 00:59:17.097 I/wm_pause_activity( 1489): [0,152286629,com.android.launcher3/.uioverrides.QuickstepLauncher,userLeaving=true,pauseBackTasks]
09-23 00:59:17.097 I/am_pss ( 1489): [13805,10105,com.tencent.mm,160433152,88219648,0,346710016,0,19,21]
09-23 00:59:17.099 I/wm_on_top_resumed_lost_called( 2347): [152286629,com.android.launcher3.uioverrides.QuickstepLauncher,topStateChangedWhenResumed]
09-23 00:59:17.101 I/wm_on_paused_called( 2347): [152286629,com.android.launcher3.uioverrides.QuickstepLauncher,performPause]
09-23 00:59:17.106 I/wm_add_to_stopping( 1489): [0,152286629,com.android.launcher3/.uioverrides.QuickstepLauncher,makeInvisible]
09-23 00:59:17.107 I/wm_restart_activity( 1489): [0,122882168,134,com.android.deskclock/android.service.dreams.DreamActivity]
09-23 00:59:17.108 I/wm_set_resumed_activity( 1489): [0,com.android.deskclock/android.service.dreams.DreamActivity,minimalResumeActivityLocked]
09-23 00:59:17.121 I/sysui_multi_action( 1489): [757,803,799,window_time_0,802,63]
09-23 00:59:17.124 I/wm_on_create_called( 2535): [122882168,android.service.dreams.DreamActivity,performCreate]
09-23 00:59:17.125 I/wm_on_start_called( 2535): [122882168,android.service.dreams.DreamActivity,handleStartActivity]
09-23 00:59:17.126 I/wm_on_resume_called( 2535): [122882168,android.service.dreams.DreamActivity,RESUME_ACTIVITY]
09-23 00:59:17.126 I/input_focus( 1489): [Focus leaving bb9afb8 com.android.launcher3/com.android.launcher3.uioverrides.QuickstepLauncher (server),reason=NO_WINDOW]
09-23 00:59:17.131 I/wm_on_top_resumed_gained_called( 2535): [122882168,android.service.dreams.DreamActivity,topStateChangedWhenResumed]
09-23 00:59:17.166 I/input_focus( 1489): [Focus request 6ec3424 com.android.deskclock/android.service.dreams.DreamActivity,reason=UpdateInputWindows]
09-23 00:59:17.169 I/notification_enqueue( 1489): [10081,1834,com.android.systemui,2048,NULL,0,Notification(channel=updateNotification shortcut=null contentView=null vibrate=null sound=null defaults=0x0 flags=0x0 color=0x00000000 vis=PRIVATE),1]
09-23 00:59:17.169 I/sysui_multi_action( 1834): [757,111,758,2]
09-23 00:59:17.170 I/sysui_multi_action( 1834): [757,111,758,2]
09-23 00:59:17.186 I/sysui_multi_action( 1834): [757,111,758,1]
09-23 00:59:17.187 I/sysui_multi_action( 1834): [757,126,758,1,759,126,927,0,928,1,1593,0]
09-23 00:59:17.187 I/sysui_multi_action( 1834): [757,113,758,1,759,113,927,1,928,1,1593,0]
09-23 00:59:17.187 I/sysui_multi_action( 1834): [757,0,758,1,759,0,927,2,928,0,1593,0]
09-23 00:59:17.187 I/sysui_multi_action( 1834): [757,0,758,1,759,0,927,3,928,0,1593,0]
09-23 00:59:17.188 I/sysui_multi_action( 1834): [757,1706,758,1,759,1706,927,4,928,0,1593,0]
09-23 00:59:17.188 I/sysui_multi_action( 1489): [319,105,322,103,325,9164,757,761,758,8,759,2,806,com.android.deskclock,871,android.service.dreams.DreamActivity,904,com.android.deskclock,905,0,1320,4,1321,1]
09-23 00:59:17.188 I/sysui_multi_action( 1834): [757,491,758,1,759,491,927,5,928,0,1311,-1,1593,0]
09-23 00:59:17.188 I/sysui_multi_action( 1834): [757,0,758,1,759,0,927,6,928,0,1593,0]
09-23 00:59:17.189 I/sysui_multi_action( 1834): [757,114,758,1,759,114,927,7,928,0,1593,0]
09-23 00:59:17.189 I/sysui_multi_action( 1834): [757,111,758,1]
09-23 00:59:17.189 I/sysui_multi_action( 1834): [757,126,758,1,759,126,927,0,928,1,1593,0]
09-23 00:59:17.189 I/sysui_multi_action( 1834): [757,113,758,1,759,113,927,1,928,1,1593,0]
09-23 00:59:17.189 I/sysui_multi_action( 1834): [757,0,758,1,759,0,927,2,928,0,1593,0]
09-23 00:59:17.189 I/sysui_multi_action( 1834): [757,0,758,1,759,0,927,3,928,0,1593,0]
09-23 00:59:17.189 I/sysui_multi_action( 1489): [757,1696,758,6,759,3]
09-23 00:59:17.190 I/wm_activity_launch_time( 1489): [0,122882168,com.android.deskclock/android.service.dreams.DreamActivity,103]
09-23 00:59:17.201 I/am_wtf ( 1489): [0,1489,system_server,-1,DisplayDeviceConfig,requesting nits when no mapping exists.]
09-23 00:59:17.202 I/am_wtf ( 1489): [0,1489,system_server,-1,DisplayDeviceConfig,requesting nits when no mapping exists.]
