09-23 01:06:50.899 I/auditd ( 3555): type=1400 audit(0.0:35298): avc: denied { ioctl } for comm="NativeThread" path="socket:[513605]" dev="sockfs" ino=513605 ioctlcmd=0x8927 scontext=u:r:untrusted_app_27:s0:c512,c768 tcontext=u:r:untrusted_app_27:s0:c512,c768 tclass=udp_socket permissive=0 app=com.alibaba.android.rimet
09-23 01:06:50.899 I/auditd ( 3555): type=1400 audit(0.0:35299): avc: denied { ioctl } for comm="NativeThread" path="socket:[513605]" dev="sockfs" ino=513605 ioctlcmd=0x8927 scontext=u:r:untrusted_app_27:s0:c512,c768 tcontext=u:r:untrusted_app_27:s0:c512,c768 tclass=udp_socket permissive=0 app=com.alibaba.android.rimet
09-23 01:06:50.899 I/auditd ( 3555): type=1400 audit(0.0:35300): avc: denied { ioctl } for comm="NativeThread" path="socket:[513605]" dev="sockfs" ino=513605 ioctlcmd=0x8927 scontext=u:r:untrusted_app_27:s0:c512,c768 tcontext=u:r:untrusted_app_27:s0:c512,c768 tclass=udp_socket permissive=0 app=com.alibaba.android.rimet
09-23 01:06:50.899 I/auditd ( 3555): type=1400 audit(0.0:35301): avc: denied { ioctl } for comm="NativeThread" path="socket:[513605]" dev="sockfs" ino=513605 ioctlcmd=0x8927 scontext=u:r:untrusted_app_27:s0:c512,c768 tcontext=u:r:untrusted_app_27:s0:c512,c768 tclass=udp_socket permissive=0 app=com.alibaba.android.rimet
09-23 01:06:50.899 I/auditd ( 3555): type=1400 audit(0.0:35302): avc: denied { ioctl } for comm="NativeThread" path="socket:[513605]" dev="sockfs" ino=513605 ioctlcmd=0x8927 scontext=u:r:untrusted_app_27:s0:c512,c768 tcontext=u:r:untrusted_app_27:s0:c512,c768 tclass=udp_socket permissive=0 app=com.alibaba.android.rimet
09-23 01:06:55.731 I/auditd ( 3707): type=1400 audit(0.0:35312): avc: denied { read } for comm=5468726561642D32202D2031333733 name="tcp" dev="proc" ino=4026532283 scontext=u:r:untrusted_app_29:s0:c108,c256,c512,c768 tcontext=u:object_r:proc_net_tcp_udp:s0 tclass=file permissive=0 app=com.smile.gifmaker
09-23 01:06:56.023 I/auditd ( 3555): type=1400 audit(0.0:35313): avc: denied { read } for comm="NativeThread" name="unix" dev="proc" ino=4026532289 scontext=u:r:untrusted_app_27:s0:c512,c768 tcontext=u:object_r:proc_net:s0 tclass=file permissive=0 app=com.alibaba.android.rimet
09-23 01:06:56.447 I/auditd ( 3555): type=1400 audit(0.0:35314): avc: denied { read } for comm="NativeThread" name="unix" dev="proc" ino=4026532289 scontext=u:r:untrusted_app_27:s0:c512,c768 tcontext=u:object_r:proc_net:s0 tclass=file permissive=0 app=com.alibaba.android.rimet
09-23 01:06:56.967 I/auditd ( 3555): type=1400 audit(0.0:35315): avc: denied { read } for comm="NativeThread" name="unix" dev="proc" ino=4026532289 scontext=u:r:untrusted_app_27:s0:c512,c768 tcontext=u:object_r:proc_net:s0 tclass=file permissive=0 app=com.alibaba.android.rimet
09-23 01:06:56.975 I/auditd ( 3555): type=1400 audit(0.0:35316): avc: denied { read } for comm="NativeThread" name="version" dev="proc" ino=4026532265 scontext=u:r:untrusted_app_27:s0:c512,c768 tcontext=u:object_r:proc_version:s0 tclass=file permissive=0 app=com.alibaba.android.rimet
09-23 01:06:56.979 I/auditd ( 3555): type=1400 audit(0.0:35317): avc: denied { ioctl } for comm="NativeThread" path="socket:[516586]" dev="sockfs" ino=516586 ioctlcmd=0x8927 scontext=u:r:untrusted_app_27:s0:c512,c768 tcontext=u:r:untrusted_app_27:s0:c512,c768 tclass=udp_socket permissive=0 app=com.alibaba.android.rimet
09-23 01:06:56.979 I/auditd ( 3555): type=1400 audit(0.0:35318): avc: denied { ioctl } for comm="NativeThread" path="socket:[516586]" dev="sockfs" ino=516586 ioctlcmd=0x8927 scontext=u:r:untrusted_app_27:s0:c512,c768 tcontext=u:r:untrusted_app_27:s0:c512,c768 tclass=udp_socket permissive=0 app=com.alibaba.android.rimet
09-23 01:06:56.979 I/auditd ( 3555): type=1400 audit(0.0:35319): avc: denied { ioctl } for comm="NativeThread" path="socket:[516586]" dev="sockfs" ino=516586 ioctlcmd=0x8927 scontext=u:r:untrusted_app_27:s0:c512,c768 tcontext=u:r:untrusted_app_27:s0:c512,c768 tclass=udp_socket permissive=0 app=com.alibaba.android.rimet
09-23 01:06:56.979 I/auditd ( 3555): type=1400 audit(0.0:35320): avc: denied { ioctl } for comm="NativeThread" path="socket:[516586]" dev="sockfs" ino=516586 ioctlcmd=0x8927 scontext=u:r:untrusted_app_27:s0:c512,c768 tcontext=u:r:untrusted_app_27:s0:c512,c768 tclass=udp_socket permissive=0 app=com.alibaba.android.rimet
09-23 01:06:56.979 I/auditd ( 3555): type=1400 audit(0.0:35321): avc: denied { ioctl } for comm="NativeThread" path="socket:[516586]" dev="sockfs" ino=516586 ioctlcmd=0x8927 scontext=u:r:untrusted_app_27:s0:c512,c768 tcontext=u:r:untrusted_app_27:s0:c512,c768 tclass=udp_socket permissive=0 app=com.alibaba.android.rimet
09-23 01:06:58.615 I/auditd ( 4190): type=1400 audit(0.0:35332): avc: denied { read } for comm="pool-2-thread-6" name="tcp" dev="proc" ino=4026532283 scontext=u:r:untrusted_app_29:s0:c108,c256,c512,c768 tcontext=u:object_r:proc_net_tcp_udp:s0 tclass=file permissive=0 app=com.smile.gifmaker
09-23 01:07:02.051 I/auditd ( 3555): type=1400 audit(0.0:35333): avc: denied { read } for comm="NativeThread" name="unix" dev="proc" ino=4026532289 scontext=u:r:untrusted_app_27:s0:c512,c768 tcontext=u:object_r:proc_net:s0 tclass=file permissive=0 app=com.alibaba.android.rimet
09-23 01:07:02.495 I/auditd ( 3555): type=1400 audit(0.0:35334): avc: denied { read } for comm="NativeThread" name="unix" dev="proc" ino=4026532289 scontext=u:r:untrusted_app_27:s0:c512,c768 tcontext=u:object_r:proc_net:s0 tclass=file permissive=0 app=com.alibaba.android.rimet
09-23 01:07:03.039 I/auditd ( 3555): type=1400 audit(0.0:35335): avc: denied { read } for comm="NativeThread" name="unix" dev="proc" ino=4026532289 scontext=u:r:untrusted_app_27:s0:c512,c768 tcontext=u:object_r:proc_net:s0 tclass=file permissive=0 app=com.alibaba.android.rimet
09-23 01:07:03.051 I/auditd ( 3555): type=1400 audit(0.0:35336): avc: denied { read } for comm="NativeThread" name="version" dev="proc" ino=4026532265 scontext=u:r:untrusted_app_27:s0:c512,c768 tcontext=u:object_r:proc_version:s0 tclass=file permissive=0 app=com.alibaba.android.rimet
09-23 01:07:03.051 I/auditd ( 3555): type=1400 audit(0.0:35337): avc: denied { ioctl } for comm="NativeThread" path="socket:[513713]" dev="sockfs" ino=513713 ioctlcmd=0x8927 scontext=u:r:untrusted_app_27:s0:c512,c768 tcontext=u:r:untrusted_app_27:s0:c512,c768 tclass=udp_socket permissive=0 app=com.alibaba.android.rimet
09-23 01:07:03.051 I/auditd ( 3555): type=1400 audit(0.0:35338): avc: denied { ioctl } for comm="NativeThread" path="socket:[513713]" dev="sockfs" ino=513713 ioctlcmd=0x8927 scontext=u:r:untrusted_app_27:s0:c512,c768 tcontext=u:r:untrusted_app_27:s0:c512,c768 tclass=udp_socket permissive=0 app=com.alibaba.android.rimet
09-23 01:07:03.051 I/auditd ( 3555): type=1400 audit(0.0:35339): avc: denied { ioctl } for comm="NativeThread" path="socket:[513713]" dev="sockfs" ino=513713 ioctlcmd=0x8927 scontext=u:r:untrusted_app_27:s0:c512,c768 tcontext=u:r:untrusted_app_27:s0:c512,c768 tclass=udp_socket permissive=0 app=com.alibaba.android.rimet
09-23 01:07:03.051 I/auditd ( 3555): type=1400 audit(0.0:35340): avc: denied { ioctl } for comm="NativeThread" path="socket:[513713]" dev="sockfs" ino=513713 ioctlcmd=0x8927 scontext=u:r:untrusted_app_27:s0:c512,c768 tcontext=u:r:untrusted_app_27:s0:c512,c768 tclass=udp_socket permissive=0 app=com.alibaba.android.rimet
09-23 01:07:03.051 I/auditd ( 3555): type=1400 audit(0.0:35341): avc: denied { ioctl } for comm="NativeThread" path="socket:[513713]" dev="sockfs" ino=513713 ioctlcmd=0x8927 scontext=u:r:untrusted_app_27:s0:c512,c768 tcontext=u:r:untrusted_app_27:s0:c512,c768 tclass=udp_socket permissive=0 app=com.alibaba.android.rimet
09-23 01:07:06.840 I/netstats_mobile_sample( 1489): [0,0,0,0,0,0,0,0,0,0,0,0,1663866426840]
09-23 01:07:06.840 I/netstats_wifi_sample( 1489): [0,0,0,0,0,0,0,0,0,0,0,0,1663866426840]
09-23 01:07:08.147 I/auditd ( 3555): type=1400 audit(0.0:35352): avc: denied { read } for comm="NativeThread" name="unix" dev="proc" ino=4026532289 scontext=u:r:untrusted_app_27:s0:c512,c768 tcontext=u:object_r:proc_net:s0 tclass=file permissive=0 app=com.alibaba.android.rimet
09-23 01:07:08.174 I/notification_enqueue( 1489): [1000,1489,android,17303299,com.android.wifi,0,Notification(channel=NETWORK_AVAILABLE shortcut=null contentView=null vibrate=null sound=null tick defaults=0x0 flags=0x100 color=0x00000000 actions=2 vis=PRIVATE),1]
09-23 01:07:08.376 I/sysui_multi_action( 1489): [757,1501,758,1,793,3605337,794,641739,795,202,796,17303299,797,com.android.wifi,806,android,857,NETWORK_AVAILABLE,858,2,947,0,1500,0,1688,1]
09-23 01:07:08.376 I/sysui_multi_action( 1489): [757,804,799,note_interruptive,801,0,802,1]
09-23 01:07:08.579 I/auditd ( 3555): type=1400 audit(0.0:35353): avc: denied { read } for comm="NativeThread" name="unix" dev="proc" ino=4026532289 scontext=u:r:untrusted_app_27:s0:c512,c768 tcontext=u:object_r:proc_net:s0 tclass=file permissive=0 app=com.alibaba.android.rimet
09-23 01:07:09.035 I/auditd ( 3555): type=1400 audit(0.0:35354): avc: denied { read } for comm="NativeThread" name="unix" dev="proc" ino=4026532289 scontext=u:r:untrusted_app_27:s0:c512,c768 tcontext=u:object_r:proc_net:s0 tclass=file permissive=0 app=com.alibaba.android.rimet
09-23 01:07:09.043 I/auditd ( 3555): type=1400 audit(0.0:35355): avc: denied { read } for comm="NativeThread" name="version" dev="proc" ino=4026532265 scontext=u:r:untrusted_app_27:s0:c512,c768 tcontext=u:object_r:proc_version:s0 tclass=file permissive=0 app=com.alibaba.android.rimet
09-23 01:07:09.047 I/auditd ( 3555): type=1400 audit(0.0:35356): avc: denied { ioctl } for comm="NativeThread" path="socket:[513779]" dev="sockfs" ino=513779 ioctlcmd=0x8927 scontext=u:r:untrusted_app_27:s0:c512,c768 tcontext=u:r:untrusted_app_27:s0:c512,c768 tclass=udp_socket permissive=0 app=com.alibaba.android.rimet
09-23 01:07:09.583 I/auditd ( 3555): type=1400 audit(0.0:35370): avc: denied { read } for comm="NativeThread" name="unix" dev="proc" ino=4026532289 scontext=u:r:untrusted_app_27:s0:c512,c768 tcontext=u:object_r:proc_net:s0 tclass=file permissive=0 app=com.alibaba.android.rimet
09-23 01:07:14.183 I/auditd ( 3555): type=1400 audit(0.0:35371): avc: denied { read } for comm="NativeThread" name="unix" dev="proc" ino=4026532289 scontext=u:r:untrusted_app_27:s0:c512,c768 tcontext=u:object_r:proc_net:s0 tclass=file permissive=0 app=com.alibaba.android.rimet
09-23 01:07:14.651 I/auditd ( 3555): type=1400 audit(0.0:35372): avc: denied { read } for comm="NativeThread" name="unix" dev="proc" ino=4026532289 scontext=u:r:untrusted_app_27:s0:c512,c768 tcontext=u:object_r:proc_net:s0 tclass=file permissive=0 app=com.alibaba.android.rimet
09-23 01:07:15.155 I/auditd ( 3555): type=1400 audit(0.0:35373): avc: denied { read } for comm="NativeThread" name="unix" dev="proc" ino=4026532289 scontext=u:r:untrusted_app_27:s0:c512,c768 tcontext=u:object_r:proc_net:s0 tclass=file permissive=0 app=com.alibaba.android.rimet
09-23 01:07:15.159 I/auditd ( 3555): type=1400 audit(0.0:35374): avc: denied { read } for comm="NativeThread" name="version" dev="proc" ino=4026532265 scontext=u:r:untrusted_app_27:s0:c512,c768 tcontext=u:object_r:proc_version:s0 tclass=file permissive=0 app=com.alibaba.android.rimet
09-23 01:07:15.159 I/auditd ( 3555): type=1400 audit(0.0:35375): avc: denied { ioctl } for comm="NativeThread" path="socket:[513863]" dev="sockfs" ino=513863 ioctlcmd=0x8927 scontext=u:r:untrusted_app_27:s0:c512,c768 tcontext=u:r:untrusted_app_27:s0:c512,c768 tclass=udp_socket permissive=0 app=com.alibaba.android.rimet
09-23 01:07:15.159 I/auditd ( 3555): type=1400 audit(0.0:35376): avc: denied { ioctl } for comm="NativeThread" path="socket:[513863]" dev="sockfs" ino=513863 ioctlcmd=0x8927 scontext=u:r:untrusted_app_27:s0:c512,c768 tcontext=u:r:untrusted_app_27:s0:c512,c768 tclass=udp_socket permissive=0 app=com.alibaba.android.rimet
09-23 01:07:15.159 I/auditd ( 3555): type=1400 audit(0.0:35377): avc: denied { ioctl } for comm="NativeThread" path="socket:[513863]" dev="sockfs" ino=513863 ioctlcmd=0x8927 scontext=u:r:untrusted_app_27:s0:c512,c768 tcontext=u:r:untrusted_app_27:s0:c512,c768 tclass=udp_socket permissive=0 app=com.alibaba.android.rimet
09-23 01:07:15.159 I/auditd ( 3555): type=1400 audit(0.0:35378): avc: denied { ioctl } for comm="NativeThread" path="socket:[513863]" dev="sockfs" ino=513863 ioctlcmd=0x8927 scontext=u:r:untrusted_app_27:s0:c512,c768 tcontext=u:r:untrusted_app_27:s0:c512,c768 tclass=udp_socket permissive=0 app=com.alibaba.android.rimet
09-23 01:07:15.159 I/auditd ( 3555): type=1400 audit(0.0:35379): avc: denied { ioctl } for comm="NativeThread" path="socket:[513863]" dev="sockfs" ino=513863 ioctlcmd=0x8927 scontext=u:r:untrusted_app_27:s0:c512,c768 tcontext=u:r:untrusted_app_27:s0:c512,c768 tclass=udp_socket permissive=0 app=com.alibaba.android.rimet
09-23 01:07:20.291 I/auditd ( 3555): type=1400 audit(0.0:35390): avc: denied { read } for comm="NativeThread" name="unix" dev="proc" ino=4026532289 scontext=u:r:untrusted_app_27:s0:c512,c768 tcontext=u:object_r:proc_net:s0 tclass=file permissive=0 app=com.alibaba.android.rimet
09-23 01:07:20.787 I/auditd ( 3555): type=1400 audit(0.0:35391): avc: denied { read } for comm="NativeThread" name="unix" dev="proc" ino=4026532289 scontext=u:r:untrusted_app_27:s0:c512,c768 tcontext=u:object_r:proc_net:s0 tclass=file permissive=0 app=com.alibaba.android.rimet
09-23 01:07:21.131 I/auditd ( 3555): type=1400 audit(0.0:35392): avc: granted { nlmsg_readpriv } for comm="DaemonThread-6" scontext=u:r:untrusted_app_27:s0:c512,c768 tcontext=u:r:untrusted_app_27:s0:c512,c768 tclass=netlink_route_socket app=com.alibaba.android.rimet
09-23 01:07:21.207 I/auditd ( 3555): type=1400 audit(0.0:35393): avc: denied { read } for comm="NativeThread" name="unix" dev="proc" ino=4026532289 scontext=u:r:untrusted_app_27:s0:c512,c768 tcontext=u:object_r:proc_net:s0 tclass=file permissive=0 app=com.alibaba.android.rimet
09-23 01:07:21.211 I/auditd ( 3555): type=1400 audit(0.0:35394): avc: denied { read } for comm="NativeThread" name="version" dev="proc" ino=4026532265 scontext=u:r:untrusted_app_27:s0:c512,c768 tcontext=u:object_r:proc_version:s0 tclass=file permissive=0 app=com.alibaba.android.rimet
09-23 01:07:21.479 I/auditd ( 3555): type=1400 audit(0.0:35409): avc: denied { read } for comm="NativeThread" name="unix" dev="proc" ino=4026532289 scontext=u:r:untrusted_app_27:s0:c512,c768 tcontext=u:object_r:proc_net:s0 tclass=file permissive=0 app=com.alibaba.android.rimet
09-23 01:07:22.095 I/auditd ( 3555): type=1400 audit(0.0:35410): avc: granted { nlmsg_readpriv } for comm="DaemonThread-6" scontext=u:r:untrusted_app_27:s0:c512,c768 tcontext=u:r:untrusted_app_27:s0:c512,c768 tclass=netlink_route_socket app=com.alibaba.android.rimet
09-23 01:07:26.139 I/auditd ( 3555): type=1400 audit(0.0:35411): avc: denied { read } for comm="NativeThread" name="unix" dev="proc" ino=4026532289 scontext=u:r:untrusted_app_27:s0:c512,c768 tcontext=u:object_r:proc_net:s0 tclass=file permissive=0 app=com.alibaba.android.rimet
09-23 01:07:26.587 I/auditd ( 3555): type=1400 audit(0.0:35412): avc: denied { read } for comm="NativeThread" name="unix" dev="proc" ino=4026532289 scontext=u:r:untrusted_app_27:s0:c512,c768 tcontext=u:object_r:proc_net:s0 tclass=file permissive=0 app=com.alibaba.android.rimet
09-23 01:07:27.099 I/auditd ( 3555): type=1400 audit(0.0:35413): avc: denied { read } for comm="NativeThread" name="unix" dev="proc" ino=4026532289 scontext=u:r:untrusted_app_27:s0:c512,c768 tcontext=u:object_r:proc_net:s0 tclass=file permissive=0 app=com.alibaba.android.rimet
09-23 01:07:27.103 I/auditd ( 3555): type=1400 audit(0.0:35414): avc: denied { read } for comm="NativeThread" name="version" dev="proc" ino=4026532265 scontext=u:r:untrusted_app_27:s0:c512,c768 tcontext=u:object_r:proc_version:s0 tclass=file permissive=0 app=com.alibaba.android.rimet
09-23 01:07:27.107 I/auditd ( 3555): type=1400 audit(0.0:35415): avc: denied { ioctl } for comm="NativeThread" path="socket:[515948]" dev="sockfs" ino=515948 ioctlcmd=0x8927 scontext=u:r:untrusted_app_27:s0:c512,c768 tcontext=u:r:untrusted_app_27:s0:c512,c768 tclass=udp_socket permissive=0 app=com.alibaba.android.rimet
09-23 01:07:27.107 I/auditd ( 3555): type=1400 audit(0.0:35416): avc: denied { ioctl } for comm="NativeThread" path="socket:[515948]" dev="sockfs" ino=515948 ioctlcmd=0x8927 scontext=u:r:untrusted_app_27:s0:c512,c768 tcontext=u:r:untrusted_app_27:s0:c512,c768 tclass=udp_socket permissive=0 app=com.alibaba.android.rimet
09-23 01:07:27.107 I/auditd ( 3555): type=1400 audit(0.0:35417): avc: denied { ioctl } for comm="NativeThread" path="socket:[515948]" dev="sockfs" ino=515948 ioctlcmd=0x8927 scontext=u:r:untrusted_app_27:s0:c512,c768 tcontext=u:r:untrusted_app_27:s0:c512,c768 tclass=udp_socket permissive=0 app=com.alibaba.android.rimet
09-23 01:07:27.107 I/auditd ( 3555): type=1400 audit(0.0:35418): avc: denied { ioctl } for comm="NativeThread" path="socket:[515948]" dev="sockfs" ino=515948 ioctlcmd=0x8927 scontext=u:r:untrusted_app_27:s0:c512,c768 tcontext=u:r:untrusted_app_27:s0:c512,c768 tclass=udp_socket permissive=0 app=com.alibaba.android.rimet
09-23 01:07:28.655 I/auditd (32034): type=1400 audit(0.0:35430): avc: granted { nlmsg_readpriv } for comm="DaemonThread-6" scontext=u:r:untrusted_app_27:s0:c512,c768 tcontext=u:r:untrusted_app_27:s0:c512,c768 tclass=netlink_route_socket app=com.alibaba.android.rimet
09-23 01:07:29.331 I/auditd (32034): type=1400 audit(0.0:35431): avc: granted { nlmsg_readpriv } for comm="DaemonThread-6" scontext=u:r:untrusted_app_27:s0:c512,c768 tcontext=u:r:untrusted_app_27:s0:c512,c768 tclass=netlink_route_socket app=com.alibaba.android.rimet
09-23 01:07:32.227 I/auditd ( 3555): type=1400 audit(0.0:35432): avc: denied { read } for comm="NativeThread" name="unix" dev="proc" ino=4026532289 scontext=u:r:untrusted_app_27:s0:c512,c768 tcontext=u:object_r:proc_net:s0 tclass=file permissive=0 app=com.alibaba.android.rimet
09-23 01:07:32.735 I/auditd ( 3555): type=1400 audit(0.0:35433): avc: denied { read } for comm="NativeThread" name="unix" dev="proc" ino=4026532289 scontext=u:r:untrusted_app_27:s0:c512,c768 tcontext=u:object_r:proc_net:s0 tclass=file permissive=0 app=com.alibaba.android.rimet
09-23 01:07:33.263 I/auditd ( 3555): type=1400 audit(0.0:35434): avc: denied { read } for comm="NativeThread" name="unix" dev="proc" ino=4026532289 scontext=u:r:untrusted_app_27:s0:c512,c768 tcontext=u:object_r:proc_net:s0 tclass=file permissive=0 app=com.alibaba.android.rimet
09-23 01:07:33.271 I/auditd ( 3555): type=1400 audit(0.0:35435): avc: denied { read } for comm="NativeThread" name="version" dev="proc" ino=4026532265 scontext=u:r:untrusted_app_27:s0:c512,c768 tcontext=u:object_r:proc_version:s0 tclass=file permissive=0 app=com.alibaba.android.rimet
09-23 01:07:33.275 I/auditd ( 3555): type=1400 audit(0.0:35436): avc: denied { ioctl } for comm="NativeThread" path="socket:[516032]" dev="sockfs" ino=516032 ioctlcmd=0x8927 scontext=u:r:untrusted_app_27:s0:c512,c768 tcontext=u:r:untrusted_app_27:s0:c512,c768 tclass=udp_socket permissive=0 app=com.alibaba.android.rimet
09-23 01:07:33.275 I/auditd ( 3555): type=1400 audit(0.0:35437): avc: denied { ioctl } for comm="NativeThread" path="socket:[516032]" dev="sockfs" ino=516032 ioctlcmd=0x8927 scontext=u:r:untrusted_app_27:s0:c512,c768 tcontext=u:r:untrusted_app_27:s0:c512,c768 tclass=udp_socket permissive=0 app=com.alibaba.android.rimet
09-23 01:07:33.275 I/auditd ( 3555): type=1400 audit(0.0:35438): avc: denied { ioctl } for comm="NativeThread" path="socket:[516032]" dev="sockfs" ino=516032 ioctlcmd=0x8927 scontext=u:r:untrusted_app_27:s0:c512,c768 tcontext=u:r:untrusted_app_27:s0:c512,c768 tclass=udp_socket permissive=0 app=com.alibaba.android.rimet
09-23 01:07:33.275 I/auditd ( 3555): type=1400 audit(0.0:35439): avc: denied { ioctl } for comm="NativeThread" path="socket:[516032]" dev="sockfs" ino=516032 ioctlcmd=0x8927 scontext=u:r:untrusted_app_27:s0:c512,c768 tcontext=u:r:untrusted_app_27:s0:c512,c768 tclass=udp_socket permissive=0 app=com.alibaba.android.rimet
09-23 01:07:37.043 I/am_freeze( 1489): [32523,android.process.acore]
09-23 01:07:37.048 I/am_freeze( 1489): [31640,com.qualcomm.qti.qccauthmgr]
09-23 01:07:37.051 I/am_kill ( 1489): [0,32523,android.process.acore,925,Unable to freeze binder interface]
09-23 01:07:37.054 I/am_kill ( 1489): [0,31640,com.qualcomm.qti.qccauthmgr,935,Unable to freeze binder interface]
09-23 01:07:37.089 I/am_proc_died( 1489): [0,31640,com.qualcomm.qti.qccauthmgr,935,19]
09-23 01:07:37.090 I/am_uid_stopped( 1489): 10088
09-23 01:07:37.093 I/am_proc_died( 1489): [0,32523,android.process.acore,925,19]
09-23 01:07:37.094 I/am_uid_stopped( 1489): 10020
09-23 01:07:38.367 I/auditd ( 3555): type=1400 audit(0.0:35451): avc: denied { read } for comm="NativeThread" name="unix" dev="proc" ino=4026532289 scontext=u:r:untrusted_app_27:s0:c512,c768 tcontext=u:object_r:proc_net:s0 tclass=file permissive=0 app=com.alibaba.android.rimet
09-23 01:07:38.735 I/auditd ( 3555): type=1400 audit(0.0:35452): avc: denied { read } for comm="NativeThread" name="unix" dev="proc" ino=4026532289 scontext=u:r:untrusted_app_27:s0:c512,c768 tcontext=u:object_r:proc_net:s0 tclass=file permissive=0 app=com.alibaba.android.rimet
09-23 01:07:39.235 I/auditd ( 3555): type=1400 audit(0.0:35453): avc: denied { read } for comm="NativeThread" name="unix" dev="proc" ino=4026532289 scontext=u:r:untrusted_app_27:s0:c512,c768 tcontext=u:object_r:proc_net:s0 tclass=file permissive=0 app=com.alibaba.android.rimet
09-23 01:07:39.243 I/auditd ( 3555): type=1400 audit(0.0:35454): avc: denied { read } for comm="NativeThread" name="version" dev="proc" ino=4026532265 scontext=u:r:untrusted_app_27:s0:c512,c768 tcontext=u:object_r:proc_version:s0 tclass=file permissive=0 app=com.alibaba.android.rimet
09-23 01:07:39.247 I/auditd ( 3555): type=1400 audit(0.0:35455): avc: denied { ioctl } for comm="NativeThread" path="socket:[517102]" dev="sockfs" ino=517102 ioctlcmd=0x8927 scontext=u:r:untrusted_app_27:s0:c512,c768 tcontext=u:r:untrusted_app_27:s0:c512,c768 tclass=udp_socket permissive=0 app=com.alibaba.android.rimet
09-23 01:07:39.699 I/auditd ( 3555): type=1400 audit(0.0:35469): avc: denied { read } for comm="NativeThread" name="unix" dev="proc" ino=4026532289 scontext=u:r:untrusted_app_27:s0:c512,c768 tcontext=u:object_r:proc_net:s0 tclass=file permissive=0 app=com.alibaba.android.rimet
09-23 01:07:40.147 I/am_freeze( 1489): [27338,com.qti.diagservices]
09-23 01:07:40.149 I/am_kill ( 1489): [0,27338,com.qti.diagservices,935,Unable to freeze binder interface]
09-23 01:07:40.176 I/am_proc_died( 1489): [0,27338,com.qti.diagservices,935,10]
09-23 01:07:40.177 I/am_schedule_service_restart( 1489): [0,com.qti.diagservices/.QTIDiagServices,1000]
09-23 01:07:41.206 I/am_proc_start( 1489): [0,3297,1000,com.qti.diagservices,service,{com.qti.diagservices/com.qti.diagservices.QTIDiagServices}]
09-23 01:07:41.247 I/am_proc_bound( 1489): [0,3297,com.qti.diagservices]
09-23 01:07:41.283 I/auditd ( 3297): type=1400 audit(0.0:35470): avc: denied { read write } for comm="ti.diagservices" name="diag" dev="tmpfs" ino=14487 scontext=u:r:system_app:s0 tcontext=u:object_r:vendor_diag_device:s0 tclass=chr_file permissive=0
09-23 01:07:44.335 I/auditd ( 3555): type=1400 audit(0.0:35471): avc: denied { read } for comm="NativeThread" name="unix" dev="proc" ino=4026532289 scontext=u:r:untrusted_app_27:s0:c512,c768 tcontext=u:object_r:proc_net:s0 tclass=file permissive=0 app=com.alibaba.android.rimet
09-23 01:07:44.795 I/auditd ( 3555): type=1400 audit(0.0:35472): avc: denied { read } for comm="NativeThread" name="unix" dev="proc" ino=4026532289 scontext=u:r:untrusted_app_27:s0:c512,c768 tcontext=u:object_r:proc_net:s0 tclass=file permissive=0 app=com.alibaba.android.rimet
09-23 01:07:45.239 I/auditd ( 3555): type=1400 audit(0.0:35473): avc: denied { read } for comm="NativeThread" name="unix" dev="proc" ino=4026532289 scontext=u:r:untrusted_app_27:s0:c512,c768 tcontext=u:object_r:proc_net:s0 tclass=file permissive=0 app=com.alibaba.android.rimet
09-23 01:07:45.247 I/auditd ( 3555): type=1400 audit(0.0:35474): avc: denied { read } for comm="NativeThread" name="version" dev="proc" ino=4026532265 scontext=u:r:untrusted_app_27:s0:c512,c768 tcontext=u:object_r:proc_version:s0 tclass=file permissive=0 app=com.alibaba.android.rimet
09-23 01:07:45.247 I/auditd ( 3555): type=1400 audit(0.0:35475): avc: denied { ioctl } for comm="NativeThread" path="socket:[520272]" dev="sockfs" ino=520272 ioctlcmd=0x8927 scontext=u:r:untrusted_app_27:s0:c512,c768 tcontext=u:r:untrusted_app_27:s0:c512,c768 tclass=udp_socket permissive=0 app=com.alibaba.android.rimet
09-23 01:07:45.247 I/auditd ( 3555): type=1400 audit(0.0:35476): avc: denied { ioctl } for comm="NativeThread" path="socket:[520272]" dev="sockfs" ino=520272 ioctlcmd=0x8927 scontext=u:r:untrusted_app_27:s0:c512,c768 tcontext=u:r:untrusted_app_27:s0:c512,c768 tclass=udp_socket permissive=0 app=com.alibaba.android.rimet
09-23 01:07:45.247 I/auditd ( 3555): type=1400 audit(0.0:35477): avc: denied { ioctl } for comm="NativeThread" path="socket:[520272]" dev="sockfs" ino=520272 ioctlcmd=0x8927 scontext=u:r:untrusted_app_27:s0:c512,c768 tcontext=u:r:untrusted_app_27:s0:c512,c768 tclass=udp_socket permissive=0 app=com.alibaba.android.rimet
09-23 01:07:45.247 I/auditd ( 3555): type=1400 audit(0.0:35478): avc: denied { ioctl } for comm="NativeThread" path="socket:[520272]" dev="sockfs" ino=520272 ioctlcmd=0x8927 scontext=u:r:untrusted_app_27:s0:c512,c768 tcontext=u:r:untrusted_app_27:s0:c512,c768 tclass=udp_socket permissive=0 app=com.alibaba.android.rimet
09-23 01:07:50.395 I/auditd ( 3555): type=1400 audit(0.0:35490): avc: denied { read } for comm="NativeThread" name="unix" dev="proc" ino=4026532289 scontext=u:r:untrusted_app_27:s0:c512,c768 tcontext=u:object_r:proc_net:s0 tclass=file permissive=0 app=com.alibaba.android.rimet
09-23 01:07:50.915 I/auditd ( 3555): type=1400 audit(0.0:35491): avc: denied { read } for comm="NativeThread" name="unix" dev="proc" ino=4026532289 scontext=u:r:untrusted_app_27:s0:c512,c768 tcontext=u:object_r:proc_net:s0 tclass=file permissive=0 app=com.alibaba.android.rimet
09-23 01:07:51.383 I/auditd ( 3555): type=1400 audit(0.0:35492): avc: denied { read } for comm="NativeThread" name="unix" dev="proc" ino=4026532289 scontext=u:r:untrusted_app_27:s0:c512,c768 tcontext=u:object_r:proc_net:s0 tclass=file permissive=0 app=com.alibaba.android.rimet
09-23 01:07:51.391 I/auditd ( 3555): type=1400 audit(0.0:35493): avc: denied { read } for comm="NativeThread" name="version" dev="proc" ino=4026532265 scontext=u:r:untrusted_app_27:s0:c512,c768 tcontext=u:object_r:proc_version:s0 tclass=file permissive=0 app=com.alibaba.android.rimet
09-23 01:07:51.395 I/auditd ( 3555): type=1400 audit(0.0:35494): avc: denied { ioctl } for comm="NativeThread" path="socket:[520356]" dev="sockfs" ino=520356 ioctlcmd=0x8927 scontext=u:r:untrusted_app_27:s0:c512,c768 tcontext=u:r:untrusted_app_27:s0:c512,c768 tclass=udp_socket permissive=0 app=com.alibaba.android.rimet
09-23 01:07:51.399 I/auditd ( 3555): type=1400 audit(0.0:35505): avc: denied { getattr } for comm="NativeThread" path="/data/data/com.android.htmlviewer" dev="dm-10" ino=1653 scontext=u:r:untrusted_app_27:s0:c512,c768 tcontext=u:object_r:app_data_file:s0:c47,c256,c512,c768 tclass=dir permissive=0 app=com.alibaba.android.rimet
09-23 01:07:51.403 I/auditd ( 3555): type=1400 audit(0.0:35506): avc: denied { getattr } for comm="NativeThread" path="/data/data/com.android.printspooler" dev="dm-10" ino=1794 scontext=u:r:untrusted_app_27:s0:c512,c768 tcontext=u:object_r:app_data_file:s0:c49,c256,c512,c768 tclass=dir permissive=0 app=com.alibaba.android.rimet
09-23 01:07:51.403 I/auditd ( 3555): type=1400 audit(0.0:35507): avc: denied { read } for comm="NativeThread" name="u:object_r:serialno_prop:s0" dev="tmpfs" ino=1288 scontext=u:r:untrusted_app_27:s0:c512,c768 tcontext=u:object_r:serialno_prop:s0 tclass=file permissive=0 app=com.alibaba.android.rimet
09-23 01:07:51.799 I/auditd ( 3555): type=1400 audit(0.0:35508): avc: denied { read } for comm="NativeThread" name="unix" dev="proc" ino=4026532289 scontext=u:r:untrusted_app_27:s0:c512,c768 tcontext=u:object_r:proc_net:s0 tclass=file permissive=0 app=com.alibaba.android.rimet
09-23 01:07:55.775 I/auditd ( 3707): type=1400 audit(0.0:35509): avc: denied { read } for comm=5468726561642D32202D2031333733 name="tcp" dev="proc" ino=4026532283 scontext=u:r:untrusted_app_29:s0:c108,c256,c512,c768 tcontext=u:object_r:proc_net_tcp_udp:s0 tclass=file permissive=0 app=com.smile.gifmaker
09-23 01:07:56.451 I/auditd ( 3555): type=1400 audit(0.0:35510): avc: denied { read } for comm="NativeThread" name="unix" dev="proc" ino=4026532289 scontext=u:r:untrusted_app_27:s0:c512,c768 tcontext=u:object_r:proc_net:s0 tclass=file permissive=0 app=com.alibaba.android.rimet
09-23 01:07:56.931 I/auditd ( 3555): type=1400 audit(0.0:35511): avc: denied { read } for comm="NativeThread" name="unix" dev="proc" ino=4026532289 scontext=u:r:untrusted_app_27:s0:c512,c768 tcontext=u:object_r:proc_net:s0 tclass=file permissive=0 app=com.alibaba.android.rimet
09-23 01:07:57.459 I/auditd ( 3555): type=1400 audit(0.0:35512): avc: denied { read } for comm="NativeThread" name="unix" dev="proc" ino=4026532289 scontext=u:r:untrusted_app_27:s0:c512,c768 tcontext=u:object_r:proc_net:s0 tclass=file permissive=0 app=com.alibaba.android.rimet
09-23 01:07:57.463 I/auditd ( 3555): type=1400 audit(0.0:35513): avc: denied { read } for comm="NativeThread" name="version" dev="proc" ino=4026532265 scontext=u:r:untrusted_app_27:s0:c512,c768 tcontext=u:object_r:proc_version:s0 tclass=file permissive=0 app=com.alibaba.android.rimet
09-23 01:07:57.467 I/auditd ( 3555): type=1400 audit(0.0:35514): avc: denied { ioctl } for comm="NativeThread" path="socket:[520448]" dev="sockfs" ino=520448 ioctlcmd=0x8927 scontext=u:r:untrusted_app_27:s0:c512,c768 tcontext=u:r:untrusted_app_27:s0:c512,c768 tclass=udp_socket permissive=0 app=com.alibaba.android.rimet
09-23 01:07:57.467 I/auditd ( 3555): type=1400 audit(0.0:35515): avc: denied { ioctl } for comm="NativeThread" path="socket:[520448]" dev="sockfs" ino=520448 ioctlcmd=0x8927 scontext=u:r:untrusted_app_27:s0:c512,c768 tcontext=u:r:untrusted_app_27:s0:c512,c768 tclass=udp_socket permissive=0 app=com.alibaba.android.rimet
09-23 01:07:57.467 I/auditd ( 3555): type=1400 audit(0.0:35516): avc: denied { ioctl } for comm="NativeThread" path="socket:[520448]" dev="sockfs" ino=520448 ioctlcmd=0x8927 scontext=u:r:untrusted_app_27:s0:c512,c768 tcontext=u:r:untrusted_app_27:s0:c512,c768 tclass=udp_socket permissive=0 app=com.alibaba.android.rimet
09-23 01:07:57.467 I/auditd ( 3555): type=1400 audit(0.0:35517): avc: denied { ioctl } for comm="NativeThread" path="socket:[520448]" dev="sockfs" ino=520448 ioctlcmd=0x8927 scontext=u:r:untrusted_app_27:s0:c512,c768 tcontext=u:r:untrusted_app_27:s0:c512,c768 tclass=udp_socket permissive=0 app=com.alibaba.android.rimet
09-23 01:07:57.467 I/auditd ( 3555): type=1400 audit(0.0:35518): avc: denied { ioctl } for comm="NativeThread" path="socket:[520448]" dev="sockfs" ino=520448 ioctlcmd=0x8927 scontext=u:r:untrusted_app_27:s0:c512,c768 tcontext=u:r:untrusted_app_27:s0:c512,c768 tclass=udp_socket permissive=0 app=com.alibaba.android.rimet
09-23 01:07:57.467 I/auditd ( 3555): type=1400 audit(0.0:35519): avc: denied { ioctl } for comm="NativeThread" path="socket:[520448]" dev="sockfs" ino=520448 ioctlcmd=0x8927 scontext=u:r:untrusted_app_27:s0:c512,c768 tcontext=u:r:untrusted_app_27:s0:c512,c768 tclass=udp_socket permissive=0 app=com.alibaba.android.rimet
09-23 01:07:58.631 I/auditd ( 4190): type=1400 audit(0.0:35529): avc: denied { read } for comm="pool-2-thread-6" name="tcp" dev="proc" ino=4026532283 scontext=u:r:untrusted_app_29:s0:c108,c256,c512,c768 tcontext=u:object_r:proc_net_tcp_udp:s0 tclass=file permissive=0 app=com.smile.gifmaker
09-23 01:08:02.631 I/auditd ( 3555): type=1400 audit(0.0:35530): avc: denied { read } for comm="NativeThread" name="unix" dev="proc" ino=4026532289 scontext=u:r:untrusted_app_27:s0:c512,c768 tcontext=u:object_r:proc_net:s0 tclass=file permissive=0 app=com.alibaba.android.rimet
09-23 01:08:03.123 I/auditd ( 3555): type=1400 audit(0.0:35531): avc: denied { read } for comm="NativeThread" name="unix" dev="proc" ino=4026532289 scontext=u:r:untrusted_app_27:s0:c512,c768 tcontext=u:object_r:proc_net:s0 tclass=file permissive=0 app=com.alibaba.android.rimet
09-23 01:08:03.555 I/auditd ( 3555): type=1400 audit(0.0:35532): avc: denied { read } for comm="NativeThread" name="unix" dev="proc" ino=4026532289 scontext=u:r:untrusted_app_27:s0:c512,c768 tcontext=u:object_r:proc_net:s0 tclass=file permissive=0 app=com.alibaba.android.rimet
09-23 01:08:03.559 I/auditd ( 3555): type=1400 audit(0.0:35533): avc: denied { read } for comm="NativeThread" name="version" dev="proc" ino=4026532265 scontext=u:r:untrusted_app_27:s0:c512,c768 tcontext=u:object_r:proc_version:s0 tclass=file permissive=0 app=com.alibaba.android.rimet
09-23 01:08:03.563 I/auditd ( 3555): type=1400 audit(0.0:35534): avc: denied { ioctl } for comm="NativeThread" path="socket:[520580]" dev="sockfs" ino=520580 ioctlcmd=0x8927 scontext=u:r:untrusted_app_27:s0:c512,c768 tcontext=u:r:untrusted_app_27:s0:c512,c768 tclass=udp_socket permissive=0 app=com.alibaba.android.rimet
09-23 01:08:03.563 I/auditd ( 3555): type=1400 audit(0.0:35535): avc: denied { ioctl } for comm="NativeThread" path="socket:[520580]" dev="sockfs" ino=520580 ioctlcmd=0x8927 scontext=u:r:untrusted_app_27:s0:c512,c768 tcontext=u:r:untrusted_app_27:s0:c512,c768 tclass=udp_socket permissive=0 app=com.alibaba.android.rimet
09-23 01:08:03.563 I/auditd ( 3555): type=1400 audit(0.0:35536): avc: denied { ioctl } for comm="NativeThread" path="socket:[520580]" dev="sockfs" ino=520580 ioctlcmd=0x8927 scontext=u:r:untrusted_app_27:s0:c512,c768 tcontext=u:r:untrusted_app_27:s0:c512,c768 tclass=udp_socket permissive=0 app=com.alibaba.android.rimet
09-23 01:08:03.563 I/auditd ( 3555): type=1400 audit(0.0:35537): avc: denied { ioctl } for comm="NativeThread" path="socket:[520580]" dev="sockfs" ino=520580 ioctlcmd=0x8927 scontext=u:r:untrusted_app_27:s0:c512,c768 tcontext=u:r:untrusted_app_27:s0:c512,c768 tclass=udp_socket permissive=0 app=com.alibaba.android.rimet
09-23 01:08:03.563 I/auditd ( 3555): type=1400 audit(0.0:35538): avc: denied { ioctl } for comm="NativeThread" path="socket:[520580]" dev="sockfs" ino=520580 ioctlcmd=0x8927 scontext=u:r:untrusted_app_27:s0:c512,c768 tcontext=u:r:untrusted_app_27:s0:c512,c768 tclass=udp_socket permissive=0 app=com.alibaba.android.rimet
09-23 01:08:08.715 I/auditd ( 3555): type=1400 audit(0.0:35549): avc: denied { read } for comm="NativeThread" name="unix" dev="proc" ino=4026532289 scontext=u:r:untrusted_app_27:s0:c512,c768 tcontext=u:object_r:proc_net:s0 tclass=file permissive=0 app=com.alibaba.android.rimet
09-23 01:08:09.147 I/auditd ( 3555): type=1400 audit(0.0:35550): avc: denied { read } for comm="NativeThread" name="unix" dev="proc" ino=4026532289 scontext=u:r:untrusted_app_27:s0:c512,c768 tcontext=u:object_r:proc_net:s0 tclass=file permissive=0 app=com.alibaba.android.rimet
09-23 01:08:09.639 I/auditd ( 3555): type=1400 audit(0.0:35551): avc: denied { read } for comm="NativeThread" name="unix" dev="proc" ino=4026532289 scontext=u:r:untrusted_app_27:s0:c512,c768 tcontext=u:object_r:proc_net:s0 tclass=file permissive=0 app=com.alibaba.android.rimet
09-23 01:08:09.647 I/auditd ( 3555): type=1400 audit(0.0:35552): avc: denied { read } for comm="NativeThread" name="version" dev="proc" ino=4026532265 scontext=u:r:untrusted_app_27:s0:c512,c768 tcontext=u:object_r:proc_version:s0 tclass=file permissive=0 app=com.alibaba.android.rimet
09-23 01:08:09.651 I/auditd ( 3555): type=1400 audit(0.0:35553): avc: denied { ioctl } for comm="NativeThread" path="socket:[520688]" dev="sockfs" ino=520688 ioctlcmd=0x8927 scontext=u:r:untrusted_app_27:s0:c512,c768 tcontext=u:r:untrusted_app_27:s0:c512,c768 tclass=udp_socket permissive=0 app=com.alibaba.android.rimet
09-23 01:08:10.143 I/auditd ( 3555): type=1400 audit(0.0:35567): avc: denied { read } for comm="NativeThread" name="unix" dev="proc" ino=4026532289 scontext=u:r:untrusted_app_27:s0:c512,c768 tcontext=u:object_r:proc_net:s0 tclass=file permissive=0 app=com.alibaba.android.rimet
09-23 01:08:14.847 I/auditd ( 3555): type=1400 audit(0.0:35568): avc: denied { read } for comm="NativeThread" name="unix" dev="proc" ino=4026532289 scontext=u:r:untrusted_app_27:s0:c512,c768 tcontext=u:object_r:proc_net:s0 tclass=file permissive=0 app=com.alibaba.android.rimet
09-23 01:08:15.335 I/auditd ( 3555): type=1400 audit(0.0:35569): avc: denied { read } for comm="NativeThread" name="unix" dev="proc" ino=4026532289 scontext=u:r:untrusted_app_27:s0:c512,c768 tcontext=u:object_r:proc_net:s0 tclass=file permissive=0 app=com.alibaba.android.rimet
09-23 01:08:15.775 I/auditd ( 3555): type=1400 audit(0.0:35570): avc: denied { read } for comm="NativeThread" name="unix" dev="proc" ino=4026532289 scontext=u:r:untrusted_app_27:s0:c512,c768 tcontext=u:object_r:proc_net:s0 tclass=file permissive=0 app=com.alibaba.android.rimet
09-23 01:08:15.783 I/auditd ( 3555): type=1400 audit(0.0:35571): avc: denied { read } for comm="NativeThread" name="version" dev="proc" ino=4026532265 scontext=u:r:untrusted_app_27:s0:c512,c768 tcontext=u:object_r:proc_version:s0 tclass=file permissive=0 app=com.alibaba.android.rimet
09-23 01:08:15.787 I/auditd ( 3555): type=1400 audit(0.0:35572): avc: denied { ioctl } for comm="NativeThread" path="socket:[519415]" dev="sockfs" ino=519415 ioctlcmd=0x8927 scontext=u:r:untrusted_app_27:s0:c512,c768 tcontext=u:r:untrusted_app_27:s0:c512,c768 tclass=udp_socket permissive=0 app=com.alibaba.android.rimet
09-23 01:08:15.787 I/auditd ( 3555): type=1400 audit(0.0:35573): avc: denied { ioctl } for comm="NativeThread" path="socket:[519415]" dev="sockfs" ino=519415 ioctlcmd=0x8927 scontext=u:r:untrusted_app_27:s0:c512,c768 tcontext=u:r:untrusted_app_27:s0:c512,c768 tclass=udp_socket permissive=0 app=com.alibaba.android.rimet
09-23 01:08:15.787 I/auditd ( 3555): type=1400 audit(0.0:35574): avc: denied { ioctl } for comm="NativeThread" path="socket:[519415]" dev="sockfs" ino=519415 ioctlcmd=0x8927 scontext=u:r:untrusted_app_27:s0:c512,c768 tcontext=u:r:untrusted_app_27:s0:c512,c768 tclass=udp_socket permissive=0 app=com.alibaba.android.rimet
09-23 01:08:15.787 I/auditd ( 3555): type=1400 audit(0.0:35575): avc: denied { ioctl } for comm="NativeThread" path="socket:[519415]" dev="sockfs" ino=519415 ioctlcmd=0x8927 scontext=u:r:untrusted_app_27:s0:c512,c768 tcontext=u:r:untrusted_app_27:s0:c512,c768 tclass=udp_socket permissive=0 app=com.alibaba.android.rimet
09-23 01:08:15.787 I/auditd ( 3555): type=1400 audit(0.0:35576): avc: denied { ioctl } for comm="NativeThread" path="socket:[519415]" dev="sockfs" ino=519415 ioctlcmd=0x8927 scontext=u:r:untrusted_app_27:s0:c512,c768 tcontext=u:r:untrusted_app_27:s0:c512,c768 tclass=udp_socket permissive=0 app=com.alibaba.android.rimet
09-23 01:08:17.301 I/configuration_changed( 1489): 48
09-23 01:08:17.302 I/sysui_multi_action( 1489): [757,128,758,5,759,8,793,1274065,794,710662,795,1274065,796,19,806,android,857,PHYSICAL_KEYBOARD,858,3,947,0,1500,1273856,1688,1]
09-23 01:08:17.302 I/notification_canceled( 1489): [-1|android|19|null|1000,8,1274065,1274065,710662,-1,-1,NULL]
09-23 01:08:17.307 I/service_manager_stats( 1489): [100,51,539826]
09-23 01:08:17.345 I/wm_relaunch_resume_activity( 1489): [0,122882168,134,com.android.deskclock/android.service.dreams.DreamActivity]
09-23 01:08:17.346 I/wm_on_top_resumed_lost_called( 2535): [122882168,android.service.dreams.DreamActivity,pausing]
09-23 01:08:17.346 I/wm_on_paused_called( 2535): [122882168,android.service.dreams.DreamActivity,performPause]
09-23 01:08:17.347 I/wm_on_stop_called( 2535): [122882168,android.service.dreams.DreamActivity,handleRelaunchActivity]
09-23 01:08:17.347 I/wm_on_destroy_called( 2535): [122882168,android.service.dreams.DreamActivity,performDestroy]
09-23 01:08:17.381 I/wm_on_create_called( 2535): [122882168,android.service.dreams.DreamActivity,performCreate]
09-23 01:08:17.382 I/wm_on_start_called( 2535): [122882168,android.service.dreams.DreamActivity,handleStartActivity]
09-23 01:08:17.382 I/wm_on_resume_called( 2535): [122882168,android.service.dreams.DreamActivity,RESUME_ACTIVITY]
09-23 01:08:17.382 I/wm_on_top_resumed_gained_called( 2535): [122882168,android.service.dreams.DreamActivity,topWhenResuming]
09-23 01:08:17.384 I/am_pss ( 1489): [3297,1000,com.qti.diagservices,6859776,3891200,0,94072832,0,10,6]
09-23 01:08:17.403 I/input_focus( 1489): [Focus request d0cb9ea com.android.deskclock/android.service.dreams.DreamActivity,reason=UpdateInputWindows]
09-23 01:08:17.428 I/input_focus( 1489): [Focus entering d0cb9ea com.android.deskclock/android.service.dreams.DreamActivity (server),reason=Window became focusable. Previous reason: NOT_VISIBLE]
09-23 01:08:20.959 I/auditd ( 3555): type=1400 audit(0.0:35587): avc: denied { read } for comm="NativeThread" name="unix" dev="proc" ino=4026532289 scontext=u:r:untrusted_app_27:s0:c512,c768 tcontext=u:object_r:proc_net:s0 tclass=file permissive=0 app=com.alibaba.android.rimet
09-23 01:08:21.455 I/auditd ( 3555): type=1400 audit(0.0:35588): avc: denied { read } for comm="NativeThread" name="unix" dev="proc" ino=4026532289 scontext=u:r:untrusted_app_27:s0:c512,c768 tcontext=u:object_r:proc_net:s0 tclass=file permissive=0 app=com.alibaba.android.rimet
09-23 01:08:21.931 I/auditd ( 3555): type=1400 audit(0.0:35589): avc: denied { read } for comm="NativeThread" name="unix" dev="proc" ino=4026532289 scontext=u:r:untrusted_app_27:s0:c512,c768 tcontext=u:object_r:proc_net:s0 tclass=file permissive=0 app=com.alibaba.android.rimet
09-23 01:08:21.943 I/auditd ( 3555): type=1400 audit(0.0:35590): avc: denied { read } for comm="NativeThread" name="version" dev="proc" ino=4026532265 scontext=u:r:untrusted_app_27:s0:c512,c768 tcontext=u:object_r:proc_version:s0 tclass=file permissive=0 app=com.alibaba.android.rimet
09-23 01:08:21.947 I/auditd ( 3555): type=1400 audit(0.0:35591): avc: denied { ioctl } for comm="NativeThread" path="socket:[520860]" dev="sockfs" ino=520860 ioctlcmd=0x8927 scontext=u:r:untrusted_app_27:s0:c512,c768 tcontext=u:r:untrusted_app_27:s0:c512,c768 tclass=udp_socket permissive=0 app=com.alibaba.android.rimet
09-23 01:08:22.147 I/auditd ( 3555): type=1400 audit(0.0:35605): avc: granted { nlmsg_readpriv } for comm="DaemonThread-6" scontext=u:r:untrusted_app_27:s0:c512,c768 tcontext=u:r:untrusted_app_27:s0:c512,c768 tclass=netlink_route_socket app=com.alibaba.android.rimet
09-23 01:08:22.287 I/auditd ( 3555): type=1400 audit(0.0:35606): avc: denied { read } for comm="NativeThread" name="unix" dev="proc" ino=4026532289 scontext=u:r:untrusted_app_27:s0:c512,c768 tcontext=u:object_r:proc_net:s0 tclass=file permissive=0 app=com.alibaba.android.rimet
09-23 01:08:23.111 I/auditd ( 3555): type=1400 audit(0.0:35607): avc: granted { nlmsg_readpriv } for comm="DaemonThread-6" scontext=u:r:untrusted_app_27:s0:c512,c768 tcontext=u:r:untrusted_app_27:s0:c512,c768 tclass=netlink_route_socket app=com.alibaba.android.rimet
09-23 01:08:24.542 I/notification_enqueue( 1489): [1000,1489,android,19,NULL,-1,Notification(channel=PHYSICAL_KEYBOARD shortcut=null contentView=null vibrate=null sound=null defaults=0x0 flags=0x0 color=0x00000000 vis=PRIVATE),0]
09-23 01:08:24.548 I/configuration_changed( 1489): 48
09-23 01:08:24.575 I/wm_relaunch_resume_activity( 1489): [0,122882168,134,com.android.deskclock/android.service.dreams.DreamActivity]
09-23 01:08:24.576 I/wm_on_top_resumed_lost_called( 2535): [122882168,android.service.dreams.DreamActivity,pausing]
09-23 01:08:24.576 I/wm_on_paused_called( 2535): [122882168,android.service.dreams.DreamActivity,performPause]
09-23 01:08:24.577 I/wm_on_stop_called( 2535): [122882168,android.service.dreams.DreamActivity,handleRelaunchActivity]
09-23 01:08:24.578 I/wm_on_destroy_called( 2535): [122882168,android.service.dreams.DreamActivity,performDestroy]
09-23 01:08:24.592 I/wm_on_create_called( 2535): [122882168,android.service.dreams.DreamActivity,performCreate]
09-23 01:08:24.592 I/wm_on_start_called( 2535): [122882168,android.service.dreams.DreamActivity,handleStartActivity]
09-23 01:08:24.593 I/wm_on_resume_called( 2535): [122882168,android.service.dreams.DreamActivity,RESUME_ACTIVITY]
09-23 01:08:24.593 I/wm_on_top_resumed_gained_called( 2535): [122882168,android.service.dreams.DreamActivity,topWhenResuming]
09-23 01:08:24.616 I/input_focus( 1489): [Focus request 5b73aab com.android.deskclock/android.service.dreams.DreamActivity,reason=UpdateInputWindows]
09-23 01:08:24.638 I/input_focus( 1489): [Focus entering 5b73aab com.android.deskclock/android.service.dreams.DreamActivity (server),reason=setFocusedWindow]
09-23 01:08:24.744 I/sysui_multi_action( 1489): [757,1501,758,1,793,202,794,0,795,202,796,19,806,android,857,PHYSICAL_KEYBOARD,858,3,947,0,1500,0]
09-23 01:08:24.745 I/sysui_multi_action( 1489): [757,804,799,note_interruptive,801,0,802,1]
09-23 01:08:24.746 I/sysui_multi_action( 1489): [757,1501,758,1,793,204,794,0,795,204,796,19,806,android,857,PHYSICAL_KEYBOARD,858,3,947,0,1500,0,1688,1]
09-23 01:08:24.746 I/sysui_multi_action( 1489): [757,804,799,note_interruptive,801,0,802,1]
09-23 01:08:24.746 I/sysui_multi_action( 1489): [757,199,758,1,759,2,793,204,794,0,795,204,796,19,806,android,857,PHYSICAL_KEYBOARD,858,3,947,0,1500,0,1688,1]
09-23 01:08:24.746 I/notification_alert( 1489): [-1|android|19|null|1000,0,1,0]
09-23 01:08:26.895 I/auditd ( 3555): type=1400 audit(0.0:35608): avc: denied { read } for comm="NativeThread" name="unix" dev="proc" ino=4026532289 scontext=u:r:untrusted_app_27:s0:c512,c768 tcontext=u:object_r:proc_net:s0 tclass=file permissive=0 app=com.alibaba.android.rimet
09-23 01:08:27.331 I/auditd ( 3555): type=1400 audit(0.0:35609): avc: denied { read } for comm="NativeThread" name="unix" dev="proc" ino=4026532289 scontext=u:r:untrusted_app_27:s0:c512,c768 tcontext=u:object_r:proc_net:s0 tclass=file permissive=0 app=com.alibaba.android.rimet
09-23 01:08:27.819 I/auditd ( 3555): type=1400 audit(0.0:35610): avc: denied { read } for comm="NativeThread" name="unix" dev="proc" ino=4026532289 scontext=u:r:untrusted_app_27:s0:c512,c768 tcontext=u:object_r:proc_net:s0 tclass=file permissive=0 app=com.alibaba.android.rimet
09-23 01:08:27.827 I/auditd ( 3555): type=1400 audit(0.0:35611): avc: denied { read } for comm="NativeThread" name="version" dev="proc" ino=4026532265 scontext=u:r:untrusted_app_27:s0:c512,c768 tcontext=u:object_r:proc_version:s0 tclass=file permissive=0 app=com.alibaba.android.rimet
09-23 01:08:27.831 I/auditd ( 3555): type=1400 audit(0.0:35612): avc: denied { ioctl } for comm="NativeThread" path="socket:[517829]" dev="sockfs" ino=517829 ioctlcmd=0x8927 scontext=u:r:untrusted_app_27:s0:c512,c768 tcontext=u:r:untrusted_app_27:s0:c512,c768 tclass=udp_socket permissive=0 app=com.alibaba.android.rimet
09-23 01:08:27.831 I/auditd ( 3555): type=1400 audit(0.0:35613): avc: denied { ioctl } for comm="NativeThread" path="socket:[517829]" dev="sockfs" ino=517829 ioctlcmd=0x8927 scontext=u:r:untrusted_app_27:s0:c512,c768 tcontext=u:r:untrusted_app_27:s0:c512,c768 tclass=udp_socket permissive=0 app=com.alibaba.android.rimet
09-23 01:08:27.831 I/auditd ( 3555): type=1400 audit(0.0:35614): avc: denied { ioctl } for comm="NativeThread" path="socket:[517829]" dev="sockfs" ino=517829 ioctlcmd=0x8927 scontext=u:r:untrusted_app_27:s0:c512,c768 tcontext=u:r:untrusted_app_27:s0:c512,c768 tclass=udp_socket permissive=0 app=com.alibaba.android.rimet
09-23 01:08:29.367 I/auditd (32034): type=1400 audit(0.0:35627): avc: granted { nlmsg_readpriv } for comm="DaemonThread-6" scontext=u:r:untrusted_app_27:s0:c512,c768 tcontext=u:r:untrusted_app_27:s0:c512,c768 tclass=netlink_route_socket app=com.alibaba.android.rimet
09-23 01:08:30.023 I/auditd (32034): type=1400 audit(0.0:35628): avc: granted { nlmsg_readpriv } for comm="DaemonThread-6" scontext=u:r:untrusted_app_27:s0:c512,c768 tcontext=u:r:untrusted_app_27:s0:c512,c768 tclass=netlink_route_socket app=com.alibaba.android.rimet
09-23 01:08:32.899 I/auditd ( 3555): type=1400 audit(0.0:35629): avc: denied { read } for comm="NativeThread" name="unix" dev="proc" ino=4026532289 scontext=u:r:untrusted_app_27:s0:c512,c768 tcontext=u:object_r:proc_net:s0 tclass=file permissive=0 app=com.alibaba.android.rimet
09-23 01:08:33.152 I/input_interaction( 1489): Interaction with: 5b73aab com.android.deskclock/android.service.dreams.DreamActivity (server), PointerEventDispatcher0 (server),
09-23 01:08:33.156 I/wm_finish_activity( 1489): [0,122882168,134,com.android.deskclock/android.service.dreams.DreamActivity,finish-activity]
09-23 01:08:33.157 I/wm_task_moved( 1489): [1,1,6]
09-23 01:08:33.158 I/wm_task_moved( 1489): [93,1,2147483647]
09-23 01:08:33.158 I/wm_task_to_front( 1489): [0,93]
09-23 01:08:33.158 I/wm_focused_root_task( 1489): [0,0,1,134,finish-top adjustFocusToNextFocusableTask]
09-23 01:08:33.158 I/wm_set_resumed_activity( 1489): [0,com.android.launcher3/.uioverrides.QuickstepLauncher,finish-top adjustFocusToNextFocusableTask]
09-23 01:08:33.159 I/wm_pause_activity( 1489): [0,122882168,com.android.deskclock/android.service.dreams.DreamActivity,userLeaving=false,finish]
09-23 01:08:33.164 I/wm_on_top_resumed_lost_called( 2535): [122882168,android.service.dreams.DreamActivity,topStateChangedWhenResumed]
09-23 01:08:33.165 I/sysui_multi_action( 1489): [757,803,799,window_time_0,802,556]
09-23 01:08:33.165 I/wm_on_paused_called( 2535): [122882168,android.service.dreams.DreamActivity,performPause]
09-23 01:08:33.166 I/wm_add_to_stopping( 1489): [0,122882168,com.android.deskclock/android.service.dreams.DreamActivity,completeFinishing]
