09-23 01:13:42.522 I/input_interaction( 1489): Interaction with: 6e7af53 com.android.settings/com.android.settings.bluetooth.BluetoothPairingDialog (server), edge-swipe (server), swipe-up (server), PointerEventDispatcher0 (server),
09-23 01:13:42.730 I/wm_finish_activity( 1489): [0,217021048,138,com.android.settings/.bluetooth.BluetoothPairingDialog,app-request]
09-23 01:13:42.730 I/wm_task_moved( 1489): [126,1,7]
09-23 01:13:42.730 I/wm_task_to_front( 1489): [0,126]
09-23 01:13:42.739 I/wm_focused_root_task( 1489): [0,0,126,138,finish-top adjustFocusToNextFocusableTask]
09-23 01:13:42.751 I/wm_pause_activity( 1489): [0,217021048,com.android.settings/.bluetooth.BluetoothPairingDialog,userLeaving=false,finish]
09-23 01:13:42.754 I/input_focus( 1489): [Focus request 5259c61 com.android.settings/com.android.settings.Settings,reason=UpdateInputWindows]
09-23 01:13:42.762 I/wm_on_top_resumed_lost_called( 2232): [217021048,com.android.settings.bluetooth.BluetoothPairingDialog,topStateChangedWhenResumed]
09-23 01:13:42.763 I/sysui_multi_action( 2232): [757,613,758,2,1089,2821]
09-23 01:13:42.763 I/wm_on_paused_called( 2232): [217021048,com.android.settings.bluetooth.BluetoothPairingDialog,performPause]
09-23 01:13:42.765 I/wm_set_resumed_activity( 1489): [0,com.android.settings/.Settings,resumeTopActivityInnerLocked]
09-23 01:13:42.766 I/wm_resume_activity( 1489): [0,223095647,126,com.android.settings/.Settings]
09-23 01:13:42.774 I/input_focus( 1489): [Focus entering 5259c61 com.android.settings/com.android.settings.Settings (server),reason=setFocusedWindow]
09-23 01:13:42.782 I/wm_on_resume_called( 2232): [223095647,com.android.settings.Settings,RESUME_ACTIVITY]
09-23 01:13:42.782 I/sysui_multi_action( 2232): [757,35,758,1,833,0,1089,0]
09-23 01:13:42.784 I/sysui_multi_action( 2232): [757,1018,758,1,833,0,1089,0]
09-23 01:13:42.785 I/sysui_multi_action( 1489): [757,803,799,window_time_0,802,3]
09-23 01:13:42.788 I/wm_on_top_resumed_gained_called( 2232): [223095647,com.android.settings.Settings,topWhenResuming]
09-23 01:13:42.826 I/wm_destroy_activity( 1489): [0,217021048,138,com.android.settings/.bluetooth.BluetoothPairingDialog,finish-idle]
09-23 01:13:42.831 I/wm_on_stop_called( 2232): [217021048,com.android.settings.bluetooth.BluetoothPairingDialog,LIFECYCLER_STOP_ACTIVITY]
09-23 01:13:42.832 I/wm_on_destroy_called( 2232): [217021048,com.android.settings.bluetooth.BluetoothPairingDialog,performDestroy]
09-23 01:13:43.024 I/wm_task_removed( 1489): [138,removeChild:removeChild last r=ActivityRecord{cef7a78 u0 com.android.settings/.bluetooth.BluetoothPairingDialog t-1 f}} in t=Task{7271a8 #138 type=standard A=1000:.bluetooth.BluetoothPairingDialog U=0 visible=false mode=fullscreen translucent=true sz=0}]
09-23 01:13:43.024 I/wm_task_removed( 1489): [138,removeChild]
09-23 01:13:44.330 I/sysui_multi_action( 2232): [757,1018,758,2,1089,1546]
09-23 01:13:44.395 I/netstats_mobile_sample( 1489): [0,0,0,0,0,0,0,0,0,0,0,0,1663866824395]
09-23 01:13:44.395 I/netstats_wifi_sample( 1489): [0,0,0,0,0,0,0,0,0,0,0,0,1663866824395]
09-23 01:13:44.411 I/sysui_multi_action( 2232): [757,747,758,1,833,0,1089,0]
09-23 01:13:44.417 I/netstats_mobile_sample( 1489): [0,0,0,0,0,0,0,0,0,0,0,0,1663866824417]
09-23 01:13:44.417 I/netstats_wifi_sample( 1489): [0,0,0,0,0,0,0,0,0,0,0,0,1663866824417]
09-23 01:13:44.421 I/netstats_mobile_sample( 1489): [0,0,0,0,0,0,0,0,0,0,0,0,1663866824421]
09-23 01:13:44.421 I/netstats_wifi_sample( 1489): [0,0,0,0,0,0,0,0,0,0,0,0,1663866824421]
09-23 01:13:44.427 I/netstats_mobile_sample( 1489): [0,0,0,0,0,0,0,0,0,0,0,0,1663866824427]
09-23 01:13:44.427 I/netstats_wifi_sample( 1489): [0,0,0,0,0,0,0,0,0,0,0,0,1663866824427]
09-23 01:13:46.775 I/auditd ( 3555): type=1400 audit(0.0:36776): avc: denied { read } for comm="NativeThread" name="unix" dev="proc" ino=4026532289 scontext=u:r:untrusted_app_27:s0:c512,c768 tcontext=u:object_r:proc_net:s0 tclass=file permissive=0 app=com.alibaba.android.rimet
09-23 01:13:47.223 I/auditd ( 3555): type=1400 audit(0.0:36777): avc: denied { read } for comm="NativeThread" name="unix" dev="proc" ino=4026532289 scontext=u:r:untrusted_app_27:s0:c512,c768 tcontext=u:object_r:proc_net:s0 tclass=file permissive=0 app=com.alibaba.android.rimet
09-23 01:13:47.727 I/auditd ( 3555): type=1400 audit(0.0:36778): avc: denied { read } for comm="NativeThread" name="unix" dev="proc" ino=4026532289 scontext=u:r:untrusted_app_27:s0:c512,c768 tcontext=u:object_r:proc_net:s0 tclass=file permissive=0 app=com.alibaba.android.rimet
09-23 01:13:47.735 I/auditd ( 3555): type=1400 audit(0.0:36779): avc: denied { read } for comm="NativeThread" name="version" dev="proc" ino=4026532265 scontext=u:r:untrusted_app_27:s0:c512,c768 tcontext=u:object_r:proc_version:s0 tclass=file permissive=0 app=com.alibaba.android.rimet
09-23 01:13:47.735 I/auditd ( 3555): type=1400 audit(0.0:36780): avc: denied { ioctl } for comm="NativeThread" path="socket:[537818]" dev="sockfs" ino=537818 ioctlcmd=0x8927 scontext=u:r:untrusted_app_27:s0:c512,c768 tcontext=u:r:untrusted_app_27:s0:c512,c768 tclass=udp_socket permissive=0 app=com.alibaba.android.rimet
09-23 01:13:48.251 I/auditd ( 3555): type=1400 audit(0.0:36794): avc: denied { read } for comm="NativeThread" name="unix" dev="proc" ino=4026532289 scontext=u:r:untrusted_app_27:s0:c512,c768 tcontext=u:object_r:proc_net:s0 tclass=file permissive=0 app=com.alibaba.android.rimet
09-23 01:13:48.830 I/input_interaction( 1489): Interaction with: 5259c61 com.android.settings/com.android.settings.Settings (server), edge-swipe (server), swipe-up (server), PointerEventDispatcher0 (server),
09-23 01:13:52.923 I/auditd ( 3555): type=1400 audit(0.0:36795): avc: denied { read } for comm="NativeThread" name="unix" dev="proc" ino=4026532289 scontext=u:r:untrusted_app_27:s0:c512,c768 tcontext=u:object_r:proc_net:s0 tclass=file permissive=0 app=com.alibaba.android.rimet
09-23 01:13:53.323 I/auditd ( 3555): type=1400 audit(0.0:36796): avc: denied { read } for comm="NativeThread" name="unix" dev="proc" ino=4026532289 scontext=u:r:untrusted_app_27:s0:c512,c768 tcontext=u:object_r:proc_net:s0 tclass=file permissive=0 app=com.alibaba.android.rimet
09-23 01:13:53.755 I/auditd ( 3555): type=1400 audit(0.0:36797): avc: denied { read } for comm="NativeThread" name="unix" dev="proc" ino=4026532289 scontext=u:r:untrusted_app_27:s0:c512,c768 tcontext=u:object_r:proc_net:s0 tclass=file permissive=0 app=com.alibaba.android.rimet
09-23 01:13:53.759 I/auditd ( 3555): type=1400 audit(0.0:36798): avc: denied { read } for comm="NativeThread" name="version" dev="proc" ino=4026532265 scontext=u:r:untrusted_app_27:s0:c512,c768 tcontext=u:object_r:proc_version:s0 tclass=file permissive=0 app=com.alibaba.android.rimet
09-23 01:13:53.759 I/auditd ( 3555): type=1400 audit(0.0:36799): avc: denied { ioctl } for comm="NativeThread" path="socket:[537941]" dev="sockfs" ino=537941 ioctlcmd=0x8927 scontext=u:r:untrusted_app_27:s0:c512,c768 tcontext=u:r:untrusted_app_27:s0:c512,c768 tclass=udp_socket permissive=0 app=com.alibaba.android.rimet
09-23 01:13:53.759 I/auditd ( 3555): type=1400 audit(0.0:36800): avc: denied { ioctl } for comm="NativeThread" path="socket:[537941]" dev="sockfs" ino=537941 ioctlcmd=0x8927 scontext=u:r:untrusted_app_27:s0:c512,c768 tcontext=u:r:untrusted_app_27:s0:c512,c768 tclass=udp_socket permissive=0 app=com.alibaba.android.rimet
09-23 01:13:53.759 I/auditd ( 3555): type=1400 audit(0.0:36801): avc: denied { ioctl } for comm="NativeThread" path="socket:[537941]" dev="sockfs" ino=537941 ioctlcmd=0x8927 scontext=u:r:untrusted_app_27:s0:c512,c768 tcontext=u:r:untrusted_app_27:s0:c512,c768 tclass=udp_socket permissive=0 app=com.alibaba.android.rimet
09-23 01:13:53.759 I/auditd ( 3555): type=1400 audit(0.0:36802): avc: denied { ioctl } for comm="NativeThread" path="socket:[537941]" dev="sockfs" ino=537941 ioctlcmd=0x8927 scontext=u:r:untrusted_app_27:s0:c512,c768 tcontext=u:r:untrusted_app_27:s0:c512,c768 tclass=udp_socket permissive=0 app=com.alibaba.android.rimet
09-23 01:13:53.759 I/auditd ( 3555): type=1400 audit(0.0:36803): avc: denied { ioctl } for comm="NativeThread" path="socket:[537941]" dev="sockfs" ino=537941 ioctlcmd=0x8927 scontext=u:r:untrusted_app_27:s0:c512,c768 tcontext=u:r:untrusted_app_27:s0:c512,c768 tclass=udp_socket permissive=0 app=com.alibaba.android.rimet
09-23 01:13:53.809 I/sysui_multi_action( 2232): [757,830,758,4,833,0,854,saved_bt,1089,0]
09-23 01:13:55.464 I/netstats_mobile_sample( 1489): [0,0,0,0,0,0,0,0,0,0,0,0,1663866835464]
09-23 01:13:55.464 I/netstats_wifi_sample( 1489): [0,0,0,0,0,0,0,0,0,0,0,0,1663866835464]
09-23 01:13:55.484 I/netstats_mobile_sample( 1489): [0,0,0,0,0,0,0,0,0,0,0,0,1663866835483]
09-23 01:13:55.484 I/netstats_wifi_sample( 1489): [0,0,0,0,0,0,0,0,0,0,0,0,1663866835483]
09-23 01:13:55.495 I/netstats_mobile_sample( 1489): [0,0,0,0,0,0,0,0,0,0,0,0,1663866835495]
09-23 01:13:55.495 I/netstats_wifi_sample( 1489): [0,0,0,0,0,0,0,0,0,0,0,0,1663866835495]
09-23 01:13:55.500 I/netstats_mobile_sample( 1489): [0,0,0,0,0,0,0,0,0,0,0,0,1663866835500]
09-23 01:13:55.500 I/netstats_wifi_sample( 1489): [0,0,0,0,0,0,0,0,0,0,0,0,1663866835500]
09-23 01:13:55.501 I/service_manager_stats( 1489): [100,53,99327]
09-23 01:13:55.911 I/auditd ( 3707): type=1400 audit(0.0:36814): avc: denied { read } for comm=5468726561642D32202D2031333733 name="tcp" dev="proc" ino=4026532283 scontext=u:r:untrusted_app_29:s0:c108,c256,c512,c768 tcontext=u:object_r:proc_net_tcp_udp:s0 tclass=file permissive=0 app=com.smile.gifmaker
09-23 01:13:56.909 I/sysui_multi_action( 2232): [757,830,758,4,833,0,854,connected_bt,1089,0]
09-23 01:13:56.917 I/wm_task_moved( 1489): [126,1,6]
09-23 01:13:56.917 I/wm_set_resumed_activity( 1489): [0,com.android.settings/.Settings,positionChildAt]
09-23 01:13:56.917 I/wm_create_activity( 1489): [0,134418279,126,com.android.settings/.SubSettings,android.intent.action.MAIN,NULL,NULL,0]
09-23 01:13:56.919 I/wm_pause_activity( 1489): [0,223095647,com.android.settings/.Settings,userLeaving=true,resumeTopActivityInnerLocked]
09-23 01:13:56.924 I/wm_on_top_resumed_lost_called( 2232): [223095647,com.android.settings.Settings,topStateChangedWhenResumed]
09-23 01:13:56.926 I/sysui_multi_action( 2232): [757,35,758,2,1089,14144]
09-23 01:13:56.927 I/sysui_multi_action( 2232): [757,747,758,2,1089,12516]
09-23 01:13:56.928 I/wm_on_paused_called( 2232): [223095647,com.android.settings.Settings,performPause]
09-23 01:13:56.929 I/wm_add_to_stopping( 1489): [0,223095647,com.android.settings/.Settings,makeInvisible]
09-23 01:13:56.930 I/wm_restart_activity( 1489): [0,134418279,126,com.android.settings/.SubSettings]
09-23 01:13:56.932 I/wm_set_resumed_activity( 1489): [0,com.android.settings/.SubSettings,minimalResumeActivityLocked]
09-23 01:13:56.934 I/sysui_multi_action( 1489): [757,803,799,window_time_0,802,14]
09-23 01:13:56.951 I/am_uid_running( 1489): 10088
09-23 01:13:56.951 I/am_pss ( 1489): [2347,10076,com.android.launcher3,87762944,76771328,0,223637504,0,5,10]
09-23 01:13:56.960 I/wm_finish_activity( 1489): [0,134418279,126,com.android.settings/.SubSettings,clear-task-stack]
09-23 01:13:56.961 I/input_focus( 1489): [Focus leaving 5259c61 com.android.settings/com.android.settings.Settings (server),reason=NO_WINDOW]
09-23 01:13:56.963 I/am_pss ( 1489): [3297,1000,com.qti.diagservices,6819840,3891200,0,94072832,0,10,5]
09-23 01:13:56.966 I/wm_pause_activity( 1489): [0,134418279,com.android.settings/.SubSettings,userLeaving=false,finish]
09-23 01:13:56.967 I/wm_new_intent( 1489): [0,223095647,126,com.android.settings/.Settings,android.intent.action.MAIN,NULL,NULL,270532608]
09-23 01:13:56.967 I/wm_task_moved( 1489): [126,1,6]
09-23 01:13:56.971 I/wm_on_create_called( 2232): [134418279,com.android.settings.SubSettings,performCreate]
09-23 01:13:56.977 I/am_proc_start( 1489): [0,4885,10088,com.qualcomm.qti.qccauthmgr,content provider,{com.qualcomm.qti.qccauthmgr/com.qualcomm.qti.qccauthmgr.providers.SMQContentProvider}]
09-23 01:13:56.979 I/wm_add_to_stopping( 1489): [0,134418279,com.android.settings/.SubSettings,completeFinishing]
09-23 01:13:56.980 I/wm_set_resumed_activity( 1489): [0,com.android.settings/.Settings,resumeTopActivityInnerLocked]
09-23 01:13:56.981 I/wm_resume_activity( 1489): [0,223095647,126,com.android.settings/.Settings]
09-23 01:13:56.985 I/input_focus( 1489): [Focus request 5259c61 com.android.settings/com.android.settings.Settings,reason=UpdateInputWindows]
09-23 01:13:56.985 I/sysui_multi_action( 1489): [757,803,799,window_time_0,802,0]
09-23 01:13:56.987 I/wm_on_resume_called( 2232): [223095647,com.android.settings.Settings,RESUME_ACTIVITY]
09-23 01:13:56.987 I/sysui_multi_action( 2232): [757,35,758,1,833,0,1089,0]
09-23 01:13:56.988 I/sysui_multi_action( 2232): [757,747,758,1,833,0,1089,0]
09-23 01:13:56.994 I/wm_on_top_resumed_gained_called( 2232): [223095647,com.android.settings.Settings,topWhenResuming]
09-23 01:13:57.011 I/wm_destroy_activity( 1489): [0,134418279,126,com.android.settings/.SubSettings,finish-imm:idle]
09-23 01:13:57.012 I/input_focus( 1489): [Focus entering 5259c61 com.android.settings/com.android.settings.Settings (server),reason=Window became focusable. Previous reason: NO_WINDOW]
09-23 01:13:57.014 I/am_proc_bound( 1489): [0,4885,com.qualcomm.qti.qccauthmgr]
09-23 01:13:57.020 I/am_uid_active( 1489): 10088
09-23 01:13:57.027 I/wm_on_destroy_called( 2232): [134418279,com.android.settings.SubSettings,performDestroy]
09-23 01:13:57.295 I/sysui_multi_action( 2232): [757,747,758,2,1089,308]
09-23 01:13:57.365 I/sysui_multi_action( 2232): [757,1009,758,1,833,0,1089,54]
09-23 01:13:57.366 I/sysui_multi_action( 2232): [757,1729,758,4,854,isParalleledControllers:false,1089,56]
09-23 01:13:58.751 I/auditd ( 3555): type=1400 audit(0.0:36815): avc: denied { read } for comm="NativeThread" name="unix" dev="proc" ino=4026532289 scontext=u:r:untrusted_app_27:s0:c512,c768 tcontext=u:object_r:proc_net:s0 tclass=file permissive=0 app=com.alibaba.android.rimet
09-23 01:13:58.799 I/auditd ( 4190): type=1400 audit(0.0:36816): avc: denied { read } for comm="pool-2-thread-6" name="tcp" dev="proc" ino=4026532283 scontext=u:r:untrusted_app_29:s0:c108,c256,c512,c768 tcontext=u:object_r:proc_net_tcp_udp:s0 tclass=file permissive=0 app=com.smile.gifmaker
09-23 01:13:59.175 I/auditd ( 3555): type=1400 audit(0.0:36817): avc: denied { read } for comm="NativeThread" name="unix" dev="proc" ino=4026532289 scontext=u:r:untrusted_app_27:s0:c512,c768 tcontext=u:object_r:proc_net:s0 tclass=file permissive=0 app=com.alibaba.android.rimet
09-23 01:13:59.651 I/auditd ( 3555): type=1400 audit(0.0:36818): avc: denied { read } for comm="NativeThread" name="unix" dev="proc" ino=4026532289 scontext=u:r:untrusted_app_27:s0:c512,c768 tcontext=u:object_r:proc_net:s0 tclass=file permissive=0 app=com.alibaba.android.rimet
09-23 01:13:59.655 I/auditd ( 3555): type=1400 audit(0.0:36819): avc: denied { read } for comm="NativeThread" name="version" dev="proc" ino=4026532265 scontext=u:r:untrusted_app_27:s0:c512,c768 tcontext=u:object_r:proc_version:s0 tclass=file permissive=0 app=com.alibaba.android.rimet
09-23 01:13:59.655 I/auditd ( 3555): type=1400 audit(0.0:36820): avc: denied { ioctl } for comm="NativeThread" path="socket:[535535]" dev="sockfs" ino=535535 ioctlcmd=0x8927 scontext=u:r:untrusted_app_27:s0:c512,c768 tcontext=u:r:untrusted_app_27:s0:c512,c768 tclass=udp_socket permissive=0 app=com.alibaba.android.rimet
09-23 01:13:59.655 I/auditd ( 3555): type=1400 audit(0.0:36821): avc: denied { ioctl } for comm="NativeThread" path="socket:[535535]" dev="sockfs" ino=535535 ioctlcmd=0x8927 scontext=u:r:untrusted_app_27:s0:c512,c768 tcontext=u:r:untrusted_app_27:s0:c512,c768 tclass=udp_socket permissive=0 app=com.alibaba.android.rimet
09-23 01:13:59.655 I/auditd ( 3555): type=1400 audit(0.0:36822): avc: denied { ioctl } for comm="NativeThread" path="socket:[535535]" dev="sockfs" ino=535535 ioctlcmd=0x8927 scontext=u:r:untrusted_app_27:s0:c512,c768 tcontext=u:r:untrusted_app_27:s0:c512,c768 tclass=udp_socket permissive=0 app=com.alibaba.android.rimet
09-23 01:13:59.655 I/auditd ( 3555): type=1400 audit(0.0:36823): avc: denied { ioctl } for comm="NativeThread" path="socket:[535535]" dev="sockfs" ino=535535 ioctlcmd=0x8927 scontext=u:r:untrusted_app_27:s0:c512,c768 tcontext=u:r:untrusted_app_27:s0:c512,c768 tclass=udp_socket permissive=0 app=com.alibaba.android.rimet
09-23 01:13:59.787 I/wm_task_moved( 1489): [126,0,0]
09-23 01:13:59.791 I/wm_focused_root_task( 1489): [0,0,1,126,moveTaskToBackLocked]
09-23 01:13:59.792 I/wm_add_to_stopping( 1489): [0,223095647,com.android.settings/.Settings,makeInvisible]
09-23 01:13:59.794 I/wm_pause_activity( 1489): [0,223095647,com.android.settings/.Settings,userLeaving=false,pauseBackTasks]
09-23 01:13:59.796 I/wm_set_resumed_activity( 1489): [0,com.android.launcher3/.uioverrides.QuickstepLauncher,resumeTopActivityInnerLocked]
09-23 01:13:59.797 I/wm_resume_activity( 1489): [0,152286629,93,com.android.launcher3/.uioverrides.QuickstepLauncher]
09-23 01:13:59.798 I/wm_on_top_resumed_lost_called( 2232): [223095647,com.android.settings.Settings,topStateChangedWhenResumed]
09-23 01:13:59.803 I/sysui_multi_action( 1489): [757,803,799,window_time_0,802,3]
09-23 01:13:59.803 I/sysui_multi_action( 2232): [757,35,758,2,1089,2816]
09-23 01:13:59.806 I/sysui_multi_action( 2232): [757,1009,758,2,1089,2442]
09-23 01:13:59.807 I/wm_on_paused_called( 2232): [223095647,com.android.settings.Settings,performPause]
09-23 01:13:59.811 I/wm_on_restart_called( 2347): [152286629,com.android.launcher3.uioverrides.QuickstepLauncher,performRestartActivity]
09-23 01:13:59.812 I/wm_on_start_called( 2347): [152286629,com.android.launcher3.uioverrides.QuickstepLauncher,handleStartActivity]
09-23 01:13:59.812 I/wm_on_resume_called( 2347): [152286629,com.android.launcher3.uioverrides.QuickstepLauncher,RESUME_ACTIVITY]
09-23 01:13:59.813 I/wm_on_top_resumed_gained_called( 2347): [152286629,com.android.launcher3.uioverrides.QuickstepLauncher,topStateChangedWhenResumed]
09-23 01:13:59.814 I/input_focus( 1489): [Focus leaving 5259c61 com.android.settings/com.android.settings.Settings (server),reason=NO_WINDOW]
09-23 01:13:59.821 I/input_focus( 1489): [Focus request bb9afb8 com.android.launcher3/com.android.launcher3.uioverrides.QuickstepLauncher,reason=UpdateInputWindows]
09-23 01:13:59.854 I/input_focus( 1489): [Focus entering bb9afb8 com.android.launcher3/com.android.launcher3.uioverrides.QuickstepLauncher (server),reason=setFocusedWindow]
09-23 01:14:00.207 I/wm_stop_activity( 1489): [0,223095647,com.android.settings/.Settings]
09-23 01:14:00.237 I/wm_on_stop_called( 2232): [223095647,com.android.settings.Settings,STOP_ACTIVITY_ITEM]
09-23 01:14:01.317 I/input_interaction( 1489): Interaction with: bb9afb8 com.android.launcher3/com.android.launcher3.uioverrides.QuickstepLauncher (server), 48244fa com.android.systemui.ImageWallpaper (server), edge-swipe (server), swipe-up (server), PointerEventDispatcher0 (server),
09-23 01:14:01.462 I/wm_task_moved( 1489): [126,1,6]
09-23 01:14:01.462 I/wm_task_to_front( 1489): [0,126]
09-23 01:14:01.465 I/wm_focused_root_task( 1489): [0,0,126,1,bringingFoundTaskToFront]
09-23 01:14:01.466 I/wm_set_resumed_activity( 1489): [0,com.android.settings/.Settings,bringingFoundTaskToFront]
09-23 01:14:01.467 I/wm_new_intent( 1489): [0,223095647,126,com.android.settings/.Settings,android.intent.action.MAIN,NULL,NULL,270532608]
09-23 01:14:01.470 I/wm_pause_activity( 1489): [0,152286629,com.android.launcher3/.uioverrides.QuickstepLauncher,userLeaving=true,pauseBackTasks]
09-23 01:14:01.485 I/wm_on_top_resumed_lost_called( 2347): [152286629,com.android.launcher3.uioverrides.QuickstepLauncher,topStateChangedWhenResumed]
09-23 01:14:01.493 I/wm_on_paused_called( 2347): [152286629,com.android.launcher3.uioverrides.QuickstepLauncher,performPause]
09-23 01:14:01.496 I/wm_set_resumed_activity( 1489): [0,com.android.settings/.Settings,resumeTopActivityInnerLocked]
09-23 01:14:01.497 I/wm_add_to_stopping( 1489): [0,152286629,com.android.launcher3/.uioverrides.QuickstepLauncher,makeInvisible]
09-23 01:14:01.498 I/wm_resume_activity( 1489): [0,223095647,126,com.android.settings/.Settings]
09-23 01:14:01.515 I/sysui_multi_action( 1489): [757,803,799,window_time_0,802,2]
09-23 01:14:01.517 I/wm_on_restart_called( 2232): [223095647,com.android.settings.Settings,performRestartActivity]
09-23 01:14:01.519 I/input_focus( 1489): [Focus leaving bb9afb8 com.android.launcher3/com.android.launcher3.uioverrides.QuickstepLauncher (server),reason=NO_WINDOW]
09-23 01:14:01.523 I/wm_on_start_called( 2232): [223095647,com.android.settings.Settings,handleStartActivity]
09-23 01:14:01.523 I/snet_event_log( 2232): [120484087,-1,]
09-23 01:14:01.524 I/wm_on_resume_called( 2232): [223095647,com.android.settings.Settings,RESUME_ACTIVITY]
09-23 01:14:01.525 I/sysui_multi_action( 2232): [757,35,758,1,833,0,1089,0]
09-23 01:14:01.538 I/sysui_multi_action( 2232): [757,1009,758,1,833,0,1089,0]
09-23 01:14:01.540 I/wm_on_top_resumed_gained_called( 2232): [223095647,com.android.settings.Settings,topWhenResuming]
09-23 01:14:01.550 I/input_focus( 1489): [Focus request 5259c61 com.android.settings/com.android.settings.Settings,reason=UpdateInputWindows]
09-23 01:14:01.565 I/sysui_multi_action( 1489): [319,54,321,50,322,100,325,10049,757,761,758,9,759,4,806,com.android.settings,871,com.android.settings.Settings,904,com.android.launcher3,905,0,1320,8,1321,5]
09-23 01:14:01.569 I/input_focus( 1489): [Focus entering 5259c61 com.android.settings/com.android.settings.Settings (server),reason=setFocusedWindow]
09-23 01:14:02.057 I/wm_stop_activity( 1489): [0,152286629,com.android.launcher3/.uioverrides.QuickstepLauncher]
09-23 01:14:02.078 I/wm_on_stop_called( 2347): [152286629,com.android.launcher3.uioverrides.QuickstepLauncher,STOP_ACTIVITY_ITEM]
09-23 01:14:04.059 I/input_interaction( 1489): Interaction with: 5259c61 com.android.settings/com.android.settings.Settings (server), edge-swipe (server), swipe-up (server), PointerEventDispatcher0 (server),
09-23 01:14:04.223 I/sysui_multi_action( 2232): [757,830,758,4,833,0,854,top_level_connected_devices,1089,0]
09-23 01:14:04.226 I/sysui_multi_action( 2232): [757,1009,758,2,1089,2689]
09-23 01:14:04.387 I/sysui_multi_action( 2232): [757,747,758,1,833,0,1089,155]
09-23 01:14:04.388 I/sysui_multi_action( 2232): [757,1729,758,4,854,isParalleledControllers:false,1089,156]
09-23 01:14:04.647 I/auditd ( 3555): type=1400 audit(0.0:36835): avc: denied { read } for comm="NativeThread" name="unix" dev="proc" ino=4026532289 scontext=u:r:untrusted_app_27:s0:c512,c768 tcontext=u:object_r:proc_net:s0 tclass=file permissive=0 app=com.alibaba.android.rimet
09-23 01:14:05.055 I/auditd ( 3555): type=1400 audit(0.0:36836): avc: denied { read } for comm="NativeThread" name="unix" dev="proc" ino=4026532289 scontext=u:r:untrusted_app_27:s0:c512,c768 tcontext=u:object_r:proc_net:s0 tclass=file permissive=0 app=com.alibaba.android.rimet
09-23 01:14:05.579 I/auditd ( 3555): type=1400 audit(0.0:36837): avc: denied { read } for comm="NativeThread" name="unix" dev="proc" ino=4026532289 scontext=u:r:untrusted_app_27:s0:c512,c768 tcontext=u:object_r:proc_net:s0 tclass=file permissive=0 app=com.alibaba.android.rimet
09-23 01:14:05.583 I/auditd ( 3555): type=1400 audit(0.0:36838): avc: denied { read } for comm="NativeThread" name="version" dev="proc" ino=4026532265 scontext=u:r:untrusted_app_27:s0:c512,c768 tcontext=u:object_r:proc_version:s0 tclass=file permissive=0 app=com.alibaba.android.rimet
09-23 01:14:05.587 I/auditd ( 3555): type=1400 audit(0.0:36839): avc: denied { ioctl } for comm="NativeThread" path="socket:[538240]" dev="sockfs" ino=538240 ioctlcmd=0x8927 scontext=u:r:untrusted_app_27:s0:c512,c768 tcontext=u:r:untrusted_app_27:s0:c512,c768 tclass=udp_socket permissive=0 app=com.alibaba.android.rimet
09-23 01:14:05.939 I/auditd ( 3555): type=1400 audit(0.0:36853): avc: denied { read } for comm="NativeThread" name="unix" dev="proc" ino=4026532289 scontext=u:r:untrusted_app_27:s0:c512,c768 tcontext=u:object_r:proc_net:s0 tclass=file permissive=0 app=com.alibaba.android.rimet
09-23 01:14:10.583 I/auditd ( 3555): type=1400 audit(0.0:36854): avc: denied { read } for comm="NativeThread" name="unix" dev="proc" ino=4026532289 scontext=u:r:untrusted_app_27:s0:c512,c768 tcontext=u:object_r:proc_net:s0 tclass=file permissive=0 app=com.alibaba.android.rimet
09-23 01:14:10.839 I/sysui_multi_action( 2232): [757,830,758,4,833,0,854,saved_bt,1089,0]
09-23 01:14:10.855 I/wm_task_moved( 1489): [126,1,6]
09-23 01:14:10.855 I/wm_set_resumed_activity( 1489): [0,com.android.settings/.Settings,positionChildAt]
09-23 01:14:10.855 I/wm_create_activity( 1489): [0,115483934,126,com.android.settings/.SubSettings,android.intent.action.MAIN,NULL,NULL,0]
09-23 01:14:10.858 I/wm_pause_activity( 1489): [0,223095647,com.android.settings/.Settings,userLeaving=true,resumeTopActivityInnerLocked]
09-23 01:14:10.863 I/wm_on_top_resumed_lost_called( 2232): [223095647,com.android.settings.Settings,topStateChangedWhenResumed]
09-23 01:14:10.866 I/sysui_multi_action( 2232): [757,35,758,2,1089,9342]
09-23 01:14:10.867 I/sysui_multi_action( 2232): [757,747,758,2,1089,6479]
09-23 01:14:10.867 I/wm_on_paused_called( 2232): [223095647,com.android.settings.Settings,performPause]
09-23 01:14:10.868 I/wm_add_to_stopping( 1489): [0,223095647,com.android.settings/.Settings,makeInvisible]
09-23 01:14:10.869 I/wm_restart_activity( 1489): [0,115483934,126,com.android.settings/.SubSettings]
09-23 01:14:10.870 I/wm_set_resumed_activity( 1489): [0,com.android.settings/.SubSettings,minimalResumeActivityLocked]
09-23 01:14:10.873 I/sysui_multi_action( 1489): [757,803,799,window_time_0,802,9]
09-23 01:14:10.891 I/input_focus( 1489): [Focus leaving 5259c61 com.android.settings/com.android.settings.Settings (server),reason=NO_WINDOW]
09-23 01:14:10.902 I/wm_finish_activity( 1489): [0,115483934,126,com.android.settings/.SubSettings,clear-task-stack]
09-23 01:14:10.907 I/wm_pause_activity( 1489): [0,115483934,com.android.settings/.SubSettings,userLeaving=false,finish]
09-23 01:14:10.907 I/wm_new_intent( 1489): [0,223095647,126,com.android.settings/.Settings,android.intent.action.MAIN,NULL,NULL,270532608]
09-23 01:14:10.908 I/wm_task_moved( 1489): [126,1,6]
09-23 01:14:10.912 I/wm_on_create_called( 2232): [115483934,com.android.settings.SubSettings,performCreate]
09-23 01:14:10.921 I/wm_add_to_stopping( 1489): [0,115483934,com.android.settings/.SubSettings,completeFinishing]
09-23 01:14:10.923 I/wm_set_resumed_activity( 1489): [0,com.android.settings/.Settings,resumeTopActivityInnerLocked]
09-23 01:14:10.924 I/wm_resume_activity( 1489): [0,223095647,126,com.android.settings/.Settings]
09-23 01:14:10.929 I/input_focus( 1489): [Focus request 5259c61 com.android.settings/com.android.settings.Settings,reason=UpdateInputWindows]
09-23 01:14:10.929 I/sysui_multi_action( 1489): [757,803,799,window_time_0,802,0]
09-23 01:14:10.932 I/wm_on_resume_called( 2232): [223095647,com.android.settings.Settings,RESUME_ACTIVITY]
09-23 01:14:10.932 I/sysui_multi_action( 2232): [757,35,758,1,833,0,1089,0]
09-23 01:14:10.933 I/sysui_multi_action( 2232): [757,747,758,1,833,0,1089,0]
09-23 01:14:10.935 I/wm_on_top_resumed_gained_called( 2232): [223095647,com.android.settings.Settings,topWhenResuming]
09-23 01:14:10.942 I/input_focus( 1489): [Focus entering 5259c61 com.android.settings/com.android.settings.Settings (server),reason=Window became focusable. Previous reason: NO_WINDOW]
09-23 01:14:10.979 I/wm_destroy_activity( 1489): [0,115483934,126,com.android.settings/.SubSettings,finish-imm:idle]
09-23 01:14:10.980 I/wm_on_destroy_called( 2232): [115483934,com.android.settings.SubSettings,performDestroy]
09-23 01:14:10.999 I/auditd ( 3555): type=1400 audit(0.0:36855): avc: denied { read } for comm="NativeThread" name="unix" dev="proc" ino=4026532289 scontext=u:r:untrusted_app_27:s0:c512,c768 tcontext=u:object_r:proc_net:s0 tclass=file permissive=0 app=com.alibaba.android.rimet
09-23 01:14:11.242 I/sysui_multi_action( 2232): [757,747,758,2,1089,309]
09-23 01:14:11.307 I/sysui_multi_action( 2232): [757,1009,758,1,833,0,1089,45]
09-23 01:14:11.308 I/sysui_multi_action( 2232): [757,1729,758,4,854,isParalleledControllers:false,1089,47]
09-23 01:14:11.395 I/auditd ( 3555): type=1400 audit(0.0:36856): avc: denied { read } for comm="NativeThread" name="unix" dev="proc" ino=4026532289 scontext=u:r:untrusted_app_27:s0:c512,c768 tcontext=u:object_r:proc_net:s0 tclass=file permissive=0 app=com.alibaba.android.rimet
09-23 01:14:11.399 I/auditd ( 3555): type=1400 audit(0.0:36857): avc: denied { read } for comm="NativeThread" name="version" dev="proc" ino=4026532265 scontext=u:r:untrusted_app_27:s0:c512,c768 tcontext=u:object_r:proc_version:s0 tclass=file permissive=0 app=com.alibaba.android.rimet
09-23 01:14:11.403 I/auditd ( 3555): type=1400 audit(0.0:36858): avc: denied { ioctl } for comm="NativeThread" path="socket:[538347]" dev="sockfs" ino=538347 ioctlcmd=0x8927 scontext=u:r:untrusted_app_27:s0:c512,c768 tcontext=u:r:untrusted_app_27:s0:c512,c768 tclass=udp_socket permissive=0 app=com.alibaba.android.rimet
09-23 01:14:11.403 I/auditd ( 3555): type=1400 audit(0.0:36859): avc: denied { ioctl } for comm="NativeThread" path="socket:[538347]" dev="sockfs" ino=538347 ioctlcmd=0x8927 scontext=u:r:untrusted_app_27:s0:c512,c768 tcontext=u:r:untrusted_app_27:s0:c512,c768 tclass=udp_socket permissive=0 app=com.alibaba.android.rimet
09-23 01:14:11.403 I/auditd ( 3555): type=1400 audit(0.0:36860): avc: denied { ioctl } for comm="NativeThread" path="socket:[538347]" dev="sockfs" ino=538347 ioctlcmd=0x8927 scontext=u:r:untrusted_app_27:s0:c512,c768 tcontext=u:r:untrusted_app_27:s0:c512,c768 tclass=udp_socket permissive=0 app=com.alibaba.android.rimet
09-23 01:14:11.403 I/auditd ( 3555): type=1400 audit(0.0:36861): avc: denied { ioctl } for comm="NativeThread" path="socket:[538347]" dev="sockfs" ino=538347 ioctlcmd=0x8927 scontext=u:r:untrusted_app_27:s0:c512,c768 tcontext=u:r:untrusted_app_27:s0:c512,c768 tclass=udp_socket permissive=0 app=com.alibaba.android.rimet
09-23 01:14:11.403 I/auditd ( 3555): type=1400 audit(0.0:36862): avc: denied { ioctl } for comm="NativeThread" path="socket:[538347]" dev="sockfs" ino=538347 ioctlcmd=0x8927 scontext=u:r:untrusted_app_27:s0:c512,c768 tcontext=u:r:untrusted_app_27:s0:c512,c768 tclass=udp_socket permissive=0 app=com.alibaba.android.rimet
09-23 01:14:12.558 I/sysui_multi_action( 2232): [757,1031,758,1,833,0,1089,36]
09-23 01:14:12.567 I/input_focus( 1489): [Focus request bff7cda 要与该设备取消配对吗?,reason=UpdateInputWindows]
09-23 01:14:12.580 I/input_focus( 1489): [Focus leaving 5259c61 com.android.settings/com.android.settings.Settings (server),reason=Waiting for window because NOT_VISIBLE]
09-23 01:14:12.596 I/input_focus( 1489): [Focus entering bff7cda 要与该设备取消配对吗? (server),reason=Window became focusable. Previous reason: NOT_VISIBLE]
09-23 01:14:13.941 I/input_interaction( 1489): Interaction with: bff7cda 要与该设备取消配对吗? (server), edge-swipe (server), swipe-up (server), PointerEventDispatcher0 (server),
09-23 01:14:14.095 I/wm_finish_activity( 1489): [0,223095647,126,com.android.settings/.Settings,app-request]
09-23 01:14:14.095 I/wm_task_moved( 1489): [1,1,6]
09-23 01:14:14.096 I/wm_task_moved( 1489): [93,1,2147483647]
09-23 01:14:14.096 I/wm_task_to_front( 1489): [0,93]
09-23 01:14:14.096 I/wm_focused_root_task( 1489): [0,0,1,126,finish-top adjustFocusToNextFocusableTask]
09-23 01:14:14.100 I/wm_set_resumed_activity( 1489): [0,com.android.launcher3/.uioverrides.QuickstepLauncher,finish-top adjustFocusToNextFocusableTask]
09-23 01:14:14.113 I/wm_pause_activity( 1489): [0,223095647,com.android.settings/.Settings,userLeaving=false,finish]
09-23 01:14:14.128 I/wm_on_top_resumed_lost_called( 2232): [223095647,com.android.settings.Settings,topStateChangedWhenResumed]
09-23 01:14:14.129 I/sysui_multi_action( 2232): [757,35,758,2,1089,3197]
09-23 01:14:14.130 I/sysui_multi_action( 2232): [757,1009,758,2,1089,2823]
09-23 01:14:14.130 I/sysui_multi_action( 2232): [757,1031,758,2,1089,1572]
09-23 01:14:14.130 I/wm_on_paused_called( 2232): [223095647,com.android.settings.Settings,performPause]
09-23 01:14:14.132 I/wm_add_to_stopping( 1489): [0,223095647,com.android.settings/.Settings,completeFinishing]
09-23 01:14:14.140 I/wm_set_resumed_activity( 1489): [0,com.android.launcher3/.uioverrides.QuickstepLauncher,resumeTopActivityInnerLocked]
09-23 01:14:14.141 I/wm_resume_activity( 1489): [0,152286629,93,com.android.launcher3/.uioverrides.QuickstepLauncher]
09-23 01:14:14.159 I/wm_on_restart_called( 2347): [152286629,com.android.launcher3.uioverrides.QuickstepLauncher,performRestartActivity]
09-23 01:14:14.159 I/wm_on_start_called( 2347): [152286629,com.android.launcher3.uioverrides.QuickstepLauncher,handleStartActivity]
09-23 01:14:14.160 I/wm_on_resume_called( 2347): [152286629,com.android.launcher3.uioverrides.QuickstepLauncher,RESUME_ACTIVITY]
09-23 01:14:14.160 I/wm_on_top_resumed_gained_called( 2347): [152286629,com.android.launcher3.uioverrides.QuickstepLauncher,topWhenResuming]
09-23 01:14:14.161 I/sysui_multi_action( 1489): [757,803,799,window_time_0,802,3]
09-23 01:14:14.172 I/input_focus( 1489): [Focus request bb9afb8 com.android.launcher3/com.android.launcher3.uioverrides.QuickstepLauncher,reason=UpdateInputWindows]
09-23 01:14:14.201 I/input_focus( 1489): [Focus entering bb9afb8 com.android.launcher3/com.android.launcher3.uioverrides.QuickstepLauncher (server),reason=Window became focusable. Previous reason: NOT_VISIBLE]
09-23 01:14:14.542 I/wm_destroy_activity( 1489): [0,223095647,126,com.android.settings/.Settings,finish-imm:idle]
09-23 01:14:14.565 I/wm_on_stop_called( 2232): [223095647,com.android.settings.Settings,LIFECYCLER_STOP_ACTIVITY]
09-23 01:14:14.571 I/wm_on_destroy_called( 2232): [223095647,com.android.settings.Settings,performDestroy]
09-23 01:14:14.578 I/wm_task_removed( 1489): [126,removeChild:removeChild last r=ActivityRecord{d4c2b5f u0 com.android.settings/.Settings t-1 f}} in t=Task{c2a498 #126 type=standard A=1000:com.android.settings.root U=0 visible=false mode=fullscreen translucent=true sz=0}]
09-23 01:14:14.578 I/wm_task_removed( 1489): [126,removeChild]
09-23 01:14:15.361 I/input_interaction( 1489): Interaction with: bb9afb8 com.android.launcher3/com.android.launcher3.uioverrides.QuickstepLauncher (server), 48244fa com.android.systemui.ImageWallpaper (server), edge-swipe (server), swipe-up (server), PointerEventDispatcher0 (server),
09-23 01:14:15.508 I/wm_task_created( 1489): [139,-1]
09-23 01:14:15.513 I/wm_task_moved( 1489): [139,1,6]
09-23 01:14:15.513 I/wm_task_to_front( 1489): [0,139]
09-23 01:14:15.514 I/wm_create_task( 1489): [0,139]
09-23 01:14:15.514 I/wm_create_activity( 1489): [0,15010957,139,com.android.settings/.Settings,android.intent.action.MAIN,NULL,NULL,270532608]
09-23 01:14:15.514 I/wm_task_moved( 1489): [139,1,6]
09-23 01:14:15.516 I/wm_pause_activity( 1489): [0,152286629,com.android.launcher3/.uioverrides.QuickstepLauncher,userLeaving=true,pauseBackTasks]
09-23 01:14:15.525 I/wm_on_top_resumed_lost_called( 2347): [152286629,com.android.launcher3.uioverrides.QuickstepLauncher,topStateChangedWhenResumed]
09-23 01:14:15.527 I/wm_on_paused_called( 2347): [152286629,com.android.launcher3.uioverrides.QuickstepLauncher,performPause]
09-23 01:14:15.529 I/wm_add_to_stopping( 1489): [0,152286629,com.android.launcher3/.uioverrides.QuickstepLauncher,makeInvisible]
09-23 01:14:15.530 I/wm_restart_activity( 1489): [0,15010957,139,com.android.settings/.Settings]
09-23 01:14:15.531 I/wm_set_resumed_activity( 1489): [0,com.android.settings/.Settings,minimalResumeActivityLocked]
09-23 01:14:15.552 I/input_focus( 1489): [Focus leaving bb9afb8 com.android.launcher3/com.android.launcher3.uioverrides.QuickstepLauncher (server),reason=NO_WINDOW]
09-23 01:14:15.559 I/sysui_multi_action( 1489): [757,803,799,window_time_0,802,2]
09-23 01:14:15.582 I/wm_on_create_called( 2232): [15010957,com.android.settings.Settings,performCreate]
09-23 01:14:15.599 I/wm_on_start_called( 2232): [15010957,com.android.settings.Settings,handleStartActivity]
09-23 01:14:15.599 I/snet_event_log( 2232): [120484087,-1,]
09-23 01:14:15.600 I/wm_on_resume_called( 2232): [15010957,com.android.settings.Settings,RESUME_ACTIVITY]
09-23 01:14:15.600 I/sysui_multi_action( 2232): [757,35,758,1,833,0,1089,16]
09-23 01:14:15.601 I/sysui_multi_action( 2232): [757,1729,758,4,854,isParalleledControllers:false,1089,17]
09-23 01:14:15.604 I/wm_on_top_resumed_gained_called( 2232): [15010957,com.android.settings.Settings,topStateChangedWhenResumed]
09-23 01:14:15.640 I/input_focus( 1489): [Focus request 456c4b5 com.android.settings/com.android.settings.Settings,reason=UpdateInputWindows]
09-23 01:14:15.654 I/sysui_multi_action( 1489): [324,1,757,1090,758,12,806,com.android.settings,871,com.android.settings.Settings,1091,154]
09-23 01:14:15.662 I/sysui_multi_action( 1489): [319,75,321,71,322,154,325,10063,757,761,758,8,759,1,806,com.android.settings,871,com.android.settings.Settings,904,com.android.launcher3,905,0,1320,8,1321,5]
09-23 01:14:15.664 I/wm_activity_launch_time( 1489): [0,15010957,com.android.settings/.Settings,154]
09-23 01:14:15.671 I/input_focus( 1489): [Focus entering 456c4b5 com.android.settings/com.android.settings.Settings (server),reason=setFocusedWindow]
09-23 01:14:15.720 I/sysui_multi_action( 2232): [757,35,758,2,1089,121]
09-23 01:14:15.741 I/sysui_multi_action( 2232): [757,35,758,1,833,0,1089,19]
09-23 01:14:15.743 I/sysui_multi_action( 2232): [757,1729,758,4,854,isParalleledControllers:false,1089,20]
09-23 01:14:16.108 I/wm_stop_activity( 1489): [0,152286629,com.android.launcher3/.uioverrides.QuickstepLauncher]
09-23 01:14:16.133 I/wm_on_stop_called( 2347): [152286629,com.android.launcher3.uioverrides.QuickstepLauncher,STOP_ACTIVITY_ITEM]
09-23 01:14:16.623 I/auditd ( 3555): type=1400 audit(0.0:36873): avc: denied { read } for comm="NativeThread" name="unix" dev="proc" ino=4026532289 scontext=u:r:untrusted_app_27:s0:c512,c768 tcontext=u:object_r:proc_net:s0 tclass=file permissive=0 app=com.alibaba.android.rimet
09-23 01:14:17.107 I/auditd ( 3555): type=1400 audit(0.0:36874): avc: denied { read } for comm="NativeThread" name="unix" dev="proc" ino=4026532289 scontext=u:r:untrusted_app_27:s0:c512,c768 tcontext=u:object_r:proc_net:s0 tclass=file permissive=0 app=com.alibaba.android.rimet
09-23 01:14:17.619 I/auditd ( 3555): type=1400 audit(0.0:36875): avc: denied { read } for comm="NativeThread" name="unix" dev="proc" ino=4026532289 scontext=u:r:untrusted_app_27:s0:c512,c768 tcontext=u:object_r:proc_net:s0 tclass=file permissive=0 app=com.alibaba.android.rimet
09-23 01:14:17.627 I/auditd ( 3555): type=1400 audit(0.0:36876): avc: denied { read } for comm="NativeThread" name="version" dev="proc" ino=4026532265 scontext=u:r:untrusted_app_27:s0:c512,c768 tcontext=u:object_r:proc_version:s0 tclass=file permissive=0 app=com.alibaba.android.rimet
09-23 01:14:17.631 I/auditd ( 3555): type=1400 audit(0.0:36877): avc: denied { ioctl } for comm="NativeThread" path="socket:[539813]" dev="sockfs" ino=539813 ioctlcmd=0x8927 scontext=u:r:untrusted_app_27:s0:c512,c768 tcontext=u:r:untrusted_app_27:s0:c512,c768 tclass=udp_socket permissive=0 app=com.alibaba.android.rimet
09-23 01:14:17.631 I/auditd ( 3555): type=1400 audit(0.0:36878): avc: denied { ioctl } for comm="NativeThread" path="socket:[539813]" dev="sockfs" ino=539813 ioctlcmd=0x8927 scontext=u:r:untrusted_app_27:s0:c512,c768 tcontext=u:r:untrusted_app_27:s0:c512,c768 tclass=udp_socket permissive=0 app=com.alibaba.android.rimet
09-23 01:14:17.631 I/auditd ( 3555): type=1400 audit(0.0:36879): avc: denied { ioctl } for comm="NativeThread" path="socket:[539813]" dev="sockfs" ino=539813 ioctlcmd=0x8927 scontext=u:r:untrusted_app_27:s0:c512,c768 tcontext=u:r:untrusted_app_27:s0:c512,c768 tclass=udp_socket permissive=0 app=com.alibaba.android.rimet
09-23 01:14:17.631 I/auditd ( 3555): type=1400 audit(0.0:36880): avc: denied { ioctl } for comm="NativeThread" path="socket:[539813]" dev="sockfs" ino=539813 ioctlcmd=0x8927 scontext=u:r:untrusted_app_27:s0:c512,c768 tcontext=u:r:untrusted_app_27:s0:c512,c768 tclass=udp_socket permissive=0 app=com.alibaba.android.rimet
09-23 01:14:17.635 I/auditd ( 3555): type=1400 audit(0.0:36881): avc: denied { ioctl } for comm="NativeThread" path="socket:[539813]" dev="sockfs" ino=539813 ioctlcmd=0x8927 scontext=u:r:untrusted_app_27:s0:c512,c768 tcontext=u:r:untrusted_app_27:s0:c512,c768 tclass=udp_socket permissive=0 app=com.alibaba.android.rimet
09-23 01:14:17.635 I/auditd ( 3555): type=1400 audit(0.0:36882): avc: denied { ioctl } for comm="NativeThread" path="socket:[539813]" dev="sockfs" ino=539813 ioctlcmd=0x8927 scontext=u:r:untrusted_app_27:s0:c512,c768 tcontext=u:r:untrusted_app_27:s0:c512,c768 tclass=udp_socket permissive=0 app=com.alibaba.android.rimet
09-23 01:14:17.703 I/input_interaction( 1489): Interaction with: 456c4b5 com.android.settings/com.android.settings.Settings (server), edge-swipe (server), swipe-up (server), PointerEventDispatcher0 (server),
09-23 01:14:17.825 I/sysui_multi_action( 2232): [757,830,758,4,833,0,854,top_level_connected_devices,1089,0]
09-23 01:14:17.968 I/sysui_multi_action( 2232): [757,747,758,1,833,0,1089,139]
09-23 01:14:17.969 I/sysui_multi_action( 2232): [757,1729,758,4,854,isParalleledControllers:false,1089,139]
09-23 01:14:20.156 I/sysui_multi_action( 2232): [757,830,758,4,833,0,854,add_bt_devices,1089,0]
09-23 01:14:20.159 I/sysui_multi_action( 2232): [757,747,758,2,1089,2190]
09-23 01:14:20.192 I/sysui_multi_action( 2232): [757,1018,758,1,833,0,1089,30]
09-23 01:14:20.195 I/sysui_multi_action( 2232): [757,1729,758,4,854,isParalleledControllers:false,1089,33]
09-23 01:14:22.447 I/auditd ( 3555): type=1400 audit(0.0:36892): avc: denied { read } for comm="NativeThread" name="unix" dev="proc" ino=4026532289 scontext=u:r:untrusted_app_27:s0:c512,c768 tcontext=u:object_r:proc_net:s0 tclass=file permissive=0 app=com.alibaba.android.rimet
09-23 01:14:22.795 I/auditd ( 3555): type=1400 audit(0.0:36893): avc: denied { read } for comm="NativeThread" name="unix" dev="proc" ino=4026532289 scontext=u:r:untrusted_app_27:s0:c512,c768 tcontext=u:object_r:proc_net:s0 tclass=file permissive=0 app=com.alibaba.android.rimet
09-23 01:14:22.955 I/auditd ( 3755): type=1400 audit(0.0:36894): avc: granted { nlmsg_readpriv } for comm="DaemonThread-6" scontext=u:r:untrusted_app_27:s0:c512,c768 tcontext=u:r:untrusted_app_27:s0:c512,c768 tclass=netlink_route_socket app=com.alibaba.android.rimet
09-23 01:14:23.099 I/auditd ( 3555): type=1400 audit(0.0:36895): avc: denied { read } for comm="NativeThread" name="unix" dev="proc" ino=4026532289 scontext=u:r:untrusted_app_27:s0:c512,c768 tcontext=u:object_r:proc_net:s0 tclass=file permissive=0 app=com.alibaba.android.rimet
09-23 01:14:23.103 I/auditd ( 3555): type=1400 audit(0.0:36896): avc: denied { read } for comm="NativeThread" name="version" dev="proc" ino=4026532265 scontext=u:r:untrusted_app_27:s0:c512,c768 tcontext=u:object_r:proc_version:s0 tclass=file permissive=0 app=com.alibaba.android.rimet
09-23 01:14:23.615 I/auditd ( 3755): type=1400 audit(0.0:36912): avc: granted { nlmsg_readpriv } for comm="DaemonThread-6" scontext=u:r:untrusted_app_27:s0:c512,c768 tcontext=u:r:untrusted_app_27:s0:c512,c768 tclass=netlink_route_socket app=com.alibaba.android.rimet
09-23 01:14:27.935 I/auditd ( 3555): type=1400 audit(0.0:36913): avc: denied { read } for comm="NativeThread" name="unix" dev="proc" ino=4026532289 scontext=u:r:untrusted_app_27:s0:c512,c768 tcontext=u:object_r:proc_net:s0 tclass=file permissive=0 app=com.alibaba.android.rimet
09-23 01:14:28.211 I/auditd ( 3555): type=1400 audit(0.0:36914): avc: granted { nlmsg_readpriv } for comm="DaemonThread-6" scontext=u:r:untrusted_app_27:s0:c512,c768 tcontext=u:r:untrusted_app_27:s0:c512,c768 tclass=netlink_route_socket app=com.alibaba.android.rimet
09-23 01:14:28.291 I/auditd ( 3555): type=1400 audit(0.0:36915): avc: denied { read } for comm="NativeThread" name="unix" dev="proc" ino=4026532289 scontext=u:r:untrusted_app_27:s0:c512,c768 tcontext=u:object_r:proc_net:s0 tclass=file permissive=0 app=com.alibaba.android.rimet
09-23 01:14:28.575 I/auditd ( 3555): type=1400 audit(0.0:36916): avc: denied { read } for comm="NativeThread" name="unix" dev="proc" ino=4026532289 scontext=u:r:untrusted_app_27:s0:c512,c768 tcontext=u:object_r:proc_net:s0 tclass=file permissive=0 app=com.alibaba.android.rimet
09-23 01:14:28.579 I/auditd ( 3555): type=1400 audit(0.0:36917): avc: denied { read } for comm="NativeThread" name="version" dev="proc" ino=4026532265 scontext=u:r:untrusted_app_27:s0:c512,c768 tcontext=u:object_r:proc_version:s0 tclass=file permissive=0 app=com.alibaba.android.rimet
09-23 01:14:28.579 I/auditd ( 3555): type=1400 audit(0.0:36918): avc: denied { ioctl } for comm="NativeThread" path="socket:[537476]" dev="sockfs" ino=537476 ioctlcmd=0x8927 scontext=u:r:untrusted_app_27:s0:c512,c768 tcontext=u:r:untrusted_app_27:s0:c512,c768 tclass=udp_socket permissive=0 app=com.alibaba.android.rimet
09-23 01:14:28.579 I/auditd ( 3555): type=1400 audit(0.0:36919): avc: denied { ioctl } for comm="NativeThread" path="socket:[537476]" dev="sockfs" ino=537476 ioctlcmd=0x8927 scontext=u:r:untrusted_app_27:s0:c512,c768 tcontext=u:r:untrusted_app_27:s0:c512,c768 tclass=udp_socket permissive=0 app=com.alibaba.android.rimet
09-23 01:14:28.579 I/auditd ( 3555): type=1400 audit(0.0:36920): avc: denied { ioctl } for comm="NativeThread" path="socket:[537476]" dev="sockfs" ino=537476 ioctlcmd=0x8927 scontext=u:r:untrusted_app_27:s0:c512,c768 tcontext=u:r:untrusted_app_27:s0:c512,c768 tclass=udp_socket permissive=0 app=com.alibaba.android.rimet
09-23 01:14:28.579 I/auditd ( 3555): type=1400 audit(0.0:36921): avc: denied { ioctl } for comm="NativeThread" path="socket:[537476]" dev="sockfs" ino=537476 ioctlcmd=0x8927 scontext=u:r:untrusted_app_27:s0:c512,c768 tcontext=u:r:untrusted_app_27:s0:c512,c768 tclass=udp_socket permissive=0 app=com.alibaba.android.rimet
09-23 01:14:29.438 I/input_interaction( 1489): Interaction with: c2eaa5f StatusBar (server), edge-swipe (server), swipe-up (server), PointerEventDispatcher0 (server),
09-23 01:14:29.445 I/sysui_multi_action( 1834): [757,803,799,panel_open,802,1]
09-23 01:14:29.446 I/sysui_multi_action( 1834): [757,1328,758,4,1326,44,1327,2,1329,0]
09-23 01:14:29.493 I/sysui_multi_action( 1489): [757,127,758,1]
09-23 01:14:29.494 I/sysui_multi_action( 1489): [757,804,799,note_load,801,4,802,1]
09-23 01:14:29.495 I/notification_panel_revealed( 1489): 4
09-23 01:14:29.497 I/sysui_multi_action( 1834): [757,111,758,2]
09-23 01:14:29.497 I/notification_enqueue( 1489): [10081,1834,com.android.systemui,2048,NULL,0,Notification(channel=updateNotification shortcut=null contentView=null vibrate=null sound=null defaults=0x0 flags=0x0 color=0x00000000 vis=PRIVATE),1]
09-23 01:14:29.498 I/sysui_multi_action( 1834): [757,111,758,2]
09-23 01:14:29.516 I/input_focus( 1489): [Focus request 913cdb2 NotificationShade,reason=UpdateInputWindows]
09-23 01:14:29.521 I/sysui_multi_action( 1834): [757,111,758,1]
09-23 01:14:29.522 I/sysui_multi_action( 1834): [757,126,758,1,759,126,927,0,928,1,1593,1]
09-23 01:14:29.522 I/sysui_multi_action( 1834): [757,113,758,1,759,113,927,1,928,1,1593,1]
09-23 01:14:29.522 I/sysui_multi_action( 1834): [757,0,758,1,759,0,927,2,928,0,1593,1]
09-23 01:14:29.522 I/sysui_multi_action( 1834): [757,0,758,1,759,0,927,3,928,0,1593,1]
09-23 01:14:29.522 I/sysui_multi_action( 1834): [757,1706,758,1,759,1706,927,4,928,0,1593,1]
09-23 01:14:29.522 I/sysui_multi_action( 1834): [757,491,758,1,759,491,927,5,928,0,1311,-1,1593,0]
09-23 01:14:29.522 I/sysui_multi_action( 1834): [757,0,758,1,759,0,927,6,928,0,1593,0]
09-23 01:14:29.522 I/sysui_multi_action( 1834): [757,114,758,1,759,114,927,7,928,0,1593,0]
09-23 01:14:29.522 I/sysui_multi_action( 1834): [757,111,758,1]
09-23 01:14:29.523 I/sysui_multi_action( 1834): [757,126,758,1,759,126,927,0,928,1,1593,1]
09-23 01:14:29.523 I/sysui_multi_action( 1834): [757,113,758,1,759,113,927,1,928,1,1593,1]
09-23 01:14:29.523 I/sysui_multi_action( 1834): [757,0,758,1,759,0,927,2,928,0,1593,1]
09-23 01:14:29.523 I/sysui_multi_action( 1834): [757,0,758,1,759,0,927,3,928,0,1593,1]
09-23 01:14:29.532 I/sysui_multi_action( 1834): [757,111,758,2]
09-23 01:14:29.533 I/notification_enqueue( 1489): [10081,1834,com.android.systemui,2048,NULL,0,Notification(channel=updateNotification shortcut=null contentView=null vibrate=null sound=null defaults=0x0 flags=0x0 color=0x00000000 vis=PRIVATE),1]
09-23 01:14:29.533 I/sysui_multi_action( 1834): [757,111,758,2]
09-23 01:14:29.536 I/sysui_multi_action( 1834): [757,111,758,1]
09-23 01:14:29.536 I/sysui_multi_action( 1834): [757,126,758,1,759,126,927,0,928,1,1593,1]
09-23 01:14:29.536 I/sysui_multi_action( 1834): [757,113,758,1,759,113,927,1,928,1,1593,1]
09-23 01:14:29.536 I/sysui_multi_action( 1834): [757,0,758,1,759,0,927,2,928,0,1593,1]
09-23 01:14:29.536 I/sysui_multi_action( 1834): [757,0,758,1,759,0,927,3,928,0,1593,1]
09-23 01:14:29.536 I/sysui_multi_action( 1834): [757,1706,758,1,759,1706,927,4,928,0,1593,1]
09-23 01:14:29.536 I/sysui_multi_action( 1834): [757,491,758,1,759,491,927,5,928,0,1311,-1,1593,1]
09-23 01:14:29.536 I/sysui_multi_action( 1834): [757,0,758,1,759,0,927,6,928,0,1593,1]
09-23 01:14:29.536 I/sysui_multi_action( 1834): [757,114,758,1,759,114,927,7,928,0,1593,1]
09-23 01:14:29.536 I/sysui_multi_action( 1834): [757,111,758,1]
09-23 01:14:29.537 I/sysui_multi_action( 1834): [757,126,758,1,759,126,927,0,928,1,1593,0]
09-23 01:14:29.537 I/sysui_multi_action( 1834): [757,113,758,1,759,113,927,1,928,1,1593,0]
09-23 01:14:29.537 I/sysui_multi_action( 1834): [757,0,758,1,759,0,927,2,928,0,1593,0]
09-23 01:14:29.537 I/sysui_multi_action( 1834): [757,0,758,1,759,0,927,3,928,0,1593,0]
