09-23 01:20:34.300 I/sysui_multi_action( 1834): [757,1706,758,1,759,1706,927,4,928,0,1593,1]
09-23 01:20:34.300 I/sysui_multi_action( 1834): [757,491,758,1,759,491,927,5,928,0,1311,-1,1593,0]
09-23 01:20:34.300 I/sysui_multi_action( 1834): [757,0,758,1,759,0,927,6,928,0,1593,0]
09-23 01:20:34.300 I/sysui_multi_action( 1834): [757,114,758,1,759,114,927,7,928,0,1593,0]
09-23 01:20:34.300 I/sysui_multi_action( 1834): [757,111,758,1]
09-23 01:20:34.300 I/sysui_multi_action( 1834): [757,126,758,1,759,126,927,0,928,1,1593,1]
09-23 01:20:34.300 I/sysui_multi_action( 1834): [757,113,758,1,759,113,927,1,928,1,1593,1]
09-23 01:20:34.300 I/sysui_multi_action( 1834): [757,0,758,1,759,0,927,2,928,0,1593,1]
09-23 01:20:34.300 I/sysui_multi_action( 1834): [757,0,758,1,759,0,927,3,928,0,1593,1]
09-23 01:20:34.314 I/sysui_multi_action( 1834): [757,111,758,2]
09-23 01:20:34.314 I/notification_enqueue( 1489): [10081,1834,com.android.systemui,2048,NULL,0,Notification(channel=updateNotification shortcut=null contentView=null vibrate=null sound=null defaults=0x0 flags=0x0 color=0x00000000 vis=PRIVATE),1]
09-23 01:20:34.314 I/sysui_multi_action( 1834): [757,111,758,2]
09-23 01:20:34.322 I/sysui_multi_action( 1834): [757,111,758,1]
09-23 01:20:34.323 I/sysui_multi_action( 1834): [757,126,758,1,759,126,927,0,928,1,1593,1]
09-23 01:20:34.323 I/sysui_multi_action( 1834): [757,113,758,1,759,113,927,1,928,1,1593,1]
09-23 01:20:34.323 I/sysui_multi_action( 1834): [757,0,758,1,759,0,927,2,928,0,1593,1]
09-23 01:20:34.323 I/sysui_multi_action( 1834): [757,0,758,1,759,0,927,3,928,0,1593,1]
09-23 01:20:34.323 I/sysui_multi_action( 1834): [757,1706,758,1,759,1706,927,4,928,0,1593,1]
09-23 01:20:34.323 I/sysui_multi_action( 1834): [757,491,758,1,759,491,927,5,928,0,1311,-1,1593,0]
09-23 01:20:34.323 I/sysui_multi_action( 1834): [757,0,758,1,759,0,927,6,928,0,1593,0]
09-23 01:20:34.323 I/sysui_multi_action( 1834): [757,114,758,1,759,114,927,7,928,0,1593,0]
09-23 01:20:34.323 I/sysui_multi_action( 1834): [757,111,758,1]
09-23 01:20:34.323 I/sysui_multi_action( 1834): [757,126,758,1,759,126,927,0,928,1,1593,1]
09-23 01:20:34.323 I/sysui_multi_action( 1834): [757,113,758,1,759,113,927,1,928,1,1593,1]
09-23 01:20:34.323 I/sysui_multi_action( 1834): [757,0,758,1,759,0,927,2,928,0,1593,1]
09-23 01:20:34.323 I/sysui_multi_action( 1834): [757,0,758,1,759,0,927,3,928,0,1593,1]
09-23 01:20:34.326 I/sysui_multi_action( 1489): [757,128,758,2,793,10403115,794,6067,795,10403115,796,26,798,0,806,android,857,DEVELOPER_IMPORTANT,858,4,947,0,1395,4,1500,10402910,1688,1]
09-23 01:20:34.326 I/notification_visibility( 1489): [-1|android|26|null|1000,0,10403115,10403115,0,0]
09-23 01:20:34.326 I/sysui_multi_action( 1489): [757,128,758,2,793,4411287,794,6066,795,246175,796,17303299,797,com.android.wifi,798,2,806,android,857,NETWORK_AVAILABLE,858,2,947,0,1395,4,1500,6066,1688,1]
09-23 01:20:34.326 I/notification_visibility( 1489): [0|android|17303299|com.android.wifi|1000,0,4411287,246175,0,2]
09-23 01:20:34.326 I/sysui_multi_action( 1489): [757,128,758,2,793,10403119,794,6066,795,10403119,796,32,798,3,806,android,857,USB,858,1,947,0,1395,4,1500,10402916,1688,1]
09-23 01:20:34.326 I/notification_visibility( 1489): [-1|android|32|null|1000,0,10403119,10403119,0,3]
09-23 01:20:34.327 I/sysui_multi_action( 1489): [757,128,758,2,793,75511,794,6066,795,75511,796,19,798,1,806,android,857,PHYSICAL_KEYBOARD,858,3,947,0,1395,4,1500,75307,1688,1]
09-23 01:20:34.327 I/notification_visibility( 1489): [-1|android|19|null|1000,0,75511,75511,0,1]
09-23 01:20:34.327 I/sysui_multi_action( 1834): [757,111,758,2]
09-23 01:20:34.327 I/sysui_multi_action( 1834): [757,111,758,2]
09-23 01:20:34.328 I/sysui_multi_action( 1489): [757,127,758,2]
09-23 01:20:34.328 I/notification_panel_hidden( 1489):
09-23 01:20:34.328 I/notification_enqueue( 1489): [10081,1834,com.android.systemui,2048,NULL,0,Notification(channel=updateNotification shortcut=null contentView=null vibrate=null sound=null defaults=0x0 flags=0x0 color=0x00000000 vis=PRIVATE),1]
09-23 01:20:34.336 I/sysui_multi_action( 1834): [757,111,758,1]
09-23 01:20:34.336 I/sysui_multi_action( 1834): [757,126,758,1,759,126,927,0,928,1,1593,1]
09-23 01:20:34.336 I/sysui_multi_action( 1834): [757,113,758,1,759,113,927,1,928,1,1593,1]
09-23 01:20:34.336 I/sysui_multi_action( 1834): [757,0,758,1,759,0,927,2,928,0,1593,1]
09-23 01:20:34.336 I/sysui_multi_action( 1834): [757,0,758,1,759,0,927,3,928,0,1593,1]
09-23 01:20:34.336 I/sysui_multi_action( 1834): [757,1706,758,1,759,1706,927,4,928,0,1593,1]
09-23 01:20:34.336 I/sysui_multi_action( 1834): [757,491,758,1,759,491,927,5,928,0,1311,-1,1593,0]
09-23 01:20:34.336 I/sysui_multi_action( 1834): [757,0,758,1,759,0,927,6,928,0,1593,0]
09-23 01:20:34.336 I/sysui_multi_action( 1834): [757,114,758,1,759,114,927,7,928,0,1593,0]
09-23 01:20:34.337 I/sysui_multi_action( 1834): [757,111,758,1]
09-23 01:20:34.337 I/sysui_multi_action( 1834): [757,126,758,1,759,126,927,0,928,1,1593,1]
09-23 01:20:34.337 I/sysui_multi_action( 1834): [757,113,758,1,759,113,927,1,928,1,1593,1]
09-23 01:20:34.337 I/sysui_multi_action( 1834): [757,0,758,1,759,0,927,2,928,0,1593,1]
09-23 01:20:34.337 I/sysui_multi_action( 1834): [757,0,758,1,759,0,927,3,928,0,1593,1]
09-23 01:20:34.634 I/sysui_multi_action( 1834): [757,1282,758,4]
09-23 01:20:34.641 I/am_proc_start( 1489): [0,6527,10081,com.android.systemui:screenshot,service,{com.android.systemui/com.android.systemui.screenshot.TakeScreenshotService}]
09-23 01:20:34.671 I/am_proc_bound( 1489): [0,6527,com.android.systemui:screenshot]
09-23 01:20:34.778 I/input_focus( 1489): [Focus request 156a2f1 ScreenshotAnimation,reason=UpdateInputWindows]
09-23 01:20:34.782 I/input_focus( 1489): [Focus leaving 456c4b5 com.android.settings/com.android.settings.Settings (server),reason=Waiting for window because NOT_VISIBLE]
09-23 01:20:34.849 I/input_focus( 1489): [Focus entering 156a2f1 ScreenshotAnimation (server),reason=Window became focusable. Previous reason: NOT_VISIBLE]
09-23 01:20:35.227 I/auditd ( 3555): type=1400 audit(0.0:38284): avc: granted { nlmsg_readpriv } for comm="DaemonThread-6" scontext=u:r:untrusted_app_27:s0:c512,c768 tcontext=u:r:untrusted_app_27:s0:c512,c768 tclass=netlink_route_socket app=com.alibaba.android.rimet
09-23 01:20:37.351 I/auditd ( 3555): type=1400 audit(0.0:38285): avc: denied { read } for comm="NativeThread" name="unix" dev="proc" ino=4026532289 scontext=u:r:untrusted_app_27:s0:c512,c768 tcontext=u:object_r:proc_net:s0 tclass=file permissive=0 app=com.alibaba.android.rimet
09-23 01:20:37.727 I/auditd ( 3555): type=1400 audit(0.0:38286): avc: denied { read } for comm="NativeThread" name="unix" dev="proc" ino=4026532289 scontext=u:r:untrusted_app_27:s0:c512,c768 tcontext=u:object_r:proc_net:s0 tclass=file permissive=0 app=com.alibaba.android.rimet
09-23 01:20:38.099 I/auditd ( 3555): type=1400 audit(0.0:38287): avc: denied { read } for comm="NativeThread" name="unix" dev="proc" ino=4026532289 scontext=u:r:untrusted_app_27:s0:c512,c768 tcontext=u:object_r:proc_net:s0 tclass=file permissive=0 app=com.alibaba.android.rimet
09-23 01:20:38.103 I/auditd ( 3555): type=1400 audit(0.0:38288): avc: denied { read } for comm="NativeThread" name="version" dev="proc" ino=4026532265 scontext=u:r:untrusted_app_27:s0:c512,c768 tcontext=u:object_r:proc_version:s0 tclass=file permissive=0 app=com.alibaba.android.rimet
09-23 01:20:38.107 I/auditd ( 3555): type=1400 audit(0.0:38289): avc: denied { ioctl } for comm="NativeThread" path="socket:[564123]" dev="sockfs" ino=564123 ioctlcmd=0x8927 scontext=u:r:untrusted_app_27:s0:c512,c768 tcontext=u:r:untrusted_app_27:s0:c512,c768 tclass=udp_socket permissive=0 app=com.alibaba.android.rimet
09-23 01:20:38.107 I/auditd ( 3555): type=1400 audit(0.0:38290): avc: denied { ioctl } for comm="NativeThread" path="socket:[564123]" dev="sockfs" ino=564123 ioctlcmd=0x8927 scontext=u:r:untrusted_app_27:s0:c512,c768 tcontext=u:r:untrusted_app_27:s0:c512,c768 tclass=udp_socket permissive=0 app=com.alibaba.android.rimet
09-23 01:20:38.107 I/auditd ( 3555): type=1400 audit(0.0:38291): avc: denied { ioctl } for comm="NativeThread" path="socket:[564123]" dev="sockfs" ino=564123 ioctlcmd=0x8927 scontext=u:r:untrusted_app_27:s0:c512,c768 tcontext=u:r:untrusted_app_27:s0:c512,c768 tclass=udp_socket permissive=0 app=com.alibaba.android.rimet
09-23 01:20:38.107 I/auditd ( 3555): type=1400 audit(0.0:38292): avc: denied { ioctl } for comm="NativeThread" path="socket:[564123]" dev="sockfs" ino=564123 ioctlcmd=0x8927 scontext=u:r:untrusted_app_27:s0:c512,c768 tcontext=u:r:untrusted_app_27:s0:c512,c768 tclass=udp_socket permissive=0 app=com.alibaba.android.rimet
09-23 01:20:41.404 I/input_focus( 1489): [Focus request 456c4b5 com.android.settings/com.android.settings.Settings,reason=UpdateInputWindows]
09-23 01:20:41.414 I/input_focus( 1489): [Focus entering 456c4b5 com.android.settings/com.android.settings.Settings (server),reason=setFocusedWindow]
09-23 01:20:43.051 I/auditd ( 3555): type=1400 audit(0.0:38304): avc: denied { read } for comm="NativeThread" name="unix" dev="proc" ino=4026532289 scontext=u:r:untrusted_app_27:s0:c512,c768 tcontext=u:object_r:proc_net:s0 tclass=file permissive=0 app=com.alibaba.android.rimet
09-23 01:20:43.395 I/auditd ( 3555): type=1400 audit(0.0:38305): avc: denied { read } for comm="NativeThread" name="unix" dev="proc" ino=4026532289 scontext=u:r:untrusted_app_27:s0:c512,c768 tcontext=u:object_r:proc_net:s0 tclass=file permissive=0 app=com.alibaba.android.rimet
09-23 01:20:43.819 I/auditd ( 3555): type=1400 audit(0.0:38306): avc: denied { read } for comm="NativeThread" name="unix" dev="proc" ino=4026532289 scontext=u:r:untrusted_app_27:s0:c512,c768 tcontext=u:object_r:proc_net:s0 tclass=file permissive=0 app=com.alibaba.android.rimet
09-23 01:20:43.823 I/auditd ( 3555): type=1400 audit(0.0:38307): avc: denied { read } for comm="NativeThread" name="version" dev="proc" ino=4026532265 scontext=u:r:untrusted_app_27:s0:c512,c768 tcontext=u:object_r:proc_version:s0 tclass=file permissive=0 app=com.alibaba.android.rimet
09-23 01:20:43.827 I/auditd ( 3555): type=1400 audit(0.0:38308): avc: denied { ioctl } for comm="NativeThread" path="socket:[567315]" dev="sockfs" ino=567315 ioctlcmd=0x8927 scontext=u:r:untrusted_app_27:s0:c512,c768 tcontext=u:r:untrusted_app_27:s0:c512,c768 tclass=udp_socket permissive=0 app=com.alibaba.android.rimet
09-23 01:20:44.191 I/auditd ( 3555): type=1400 audit(0.0:38322): avc: denied { read } for comm="NativeThread" name="unix" dev="proc" ino=4026532289 scontext=u:r:untrusted_app_27:s0:c512,c768 tcontext=u:object_r:proc_net:s0 tclass=file permissive=0 app=com.alibaba.android.rimet
09-23 01:20:48.811 I/auditd ( 3555): type=1400 audit(0.0:38323): avc: denied { read } for comm="NativeThread" name="unix" dev="proc" ino=4026532289 scontext=u:r:untrusted_app_27:s0:c512,c768 tcontext=u:object_r:proc_net:s0 tclass=file permissive=0 app=com.alibaba.android.rimet
09-23 01:20:49.247 I/auditd ( 3555): type=1400 audit(0.0:38324): avc: denied { read } for comm="NativeThread" name="unix" dev="proc" ino=4026532289 scontext=u:r:untrusted_app_27:s0:c512,c768 tcontext=u:object_r:proc_net:s0 tclass=file permissive=0 app=com.alibaba.android.rimet
09-23 01:20:49.595 I/auditd ( 3555): type=1400 audit(0.0:38325): avc: denied { read } for comm="NativeThread" name="unix" dev="proc" ino=4026532289 scontext=u:r:untrusted_app_27:s0:c512,c768 tcontext=u:object_r:proc_net:s0 tclass=file permissive=0 app=com.alibaba.android.rimet
09-23 01:20:49.599 I/auditd ( 3555): type=1400 audit(0.0:38326): avc: denied { read } for comm="NativeThread" name="version" dev="proc" ino=4026532265 scontext=u:r:untrusted_app_27:s0:c512,c768 tcontext=u:object_r:proc_version:s0 tclass=file permissive=0 app=com.alibaba.android.rimet
09-23 01:20:49.603 I/auditd ( 3555): type=1400 audit(0.0:38327): avc: denied { ioctl } for comm="NativeThread" path="socket:[565065]" dev="sockfs" ino=565065 ioctlcmd=0x8927 scontext=u:r:untrusted_app_27:s0:c512,c768 tcontext=u:r:untrusted_app_27:s0:c512,c768 tclass=udp_socket permissive=0 app=com.alibaba.android.rimet
09-23 01:20:49.603 I/auditd ( 3555): type=1400 audit(0.0:38328): avc: denied { ioctl } for comm="NativeThread" path="socket:[565065]" dev="sockfs" ino=565065 ioctlcmd=0x8927 scontext=u:r:untrusted_app_27:s0:c512,c768 tcontext=u:r:untrusted_app_27:s0:c512,c768 tclass=udp_socket permissive=0 app=com.alibaba.android.rimet
09-23 01:20:49.603 I/auditd ( 3555): type=1400 audit(0.0:38329): avc: denied { ioctl } for comm="NativeThread" path="socket:[565065]" dev="sockfs" ino=565065 ioctlcmd=0x8927 scontext=u:r:untrusted_app_27:s0:c512,c768 tcontext=u:r:untrusted_app_27:s0:c512,c768 tclass=udp_socket permissive=0 app=com.alibaba.android.rimet
09-23 01:20:49.603 I/auditd ( 3555): type=1400 audit(0.0:38330): avc: denied { ioctl } for comm="NativeThread" path="socket:[565065]" dev="sockfs" ino=565065 ioctlcmd=0x8927 scontext=u:r:untrusted_app_27:s0:c512,c768 tcontext=u:r:untrusted_app_27:s0:c512,c768 tclass=udp_socket permissive=0 app=com.alibaba.android.rimet
09-23 01:20:49.603 I/auditd ( 3555): type=1400 audit(0.0:38331): avc: denied { ioctl } for comm="NativeThread" path="socket:[565065]" dev="sockfs" ino=565065 ioctlcmd=0x8927 scontext=u:r:untrusted_app_27:s0:c512,c768 tcontext=u:r:untrusted_app_27:s0:c512,c768 tclass=udp_socket permissive=0 app=com.alibaba.android.rimet
09-23 01:20:54.635 I/auditd ( 3555): type=1400 audit(0.0:38342): avc: denied { read } for comm="NativeThread" name="unix" dev="proc" ino=4026532289 scontext=u:r:untrusted_app_27:s0:c512,c768 tcontext=u:object_r:proc_net:s0 tclass=file permissive=0 app=com.alibaba.android.rimet
09-23 01:20:55.011 I/auditd ( 3555): type=1400 audit(0.0:38343): avc: denied { read } for comm="NativeThread" name="unix" dev="proc" ino=4026532289 scontext=u:r:untrusted_app_27:s0:c512,c768 tcontext=u:object_r:proc_net:s0 tclass=file permissive=0 app=com.alibaba.android.rimet
09-23 01:20:55.386 I/am_pss ( 1489): [5075,10110,com.tencent.qqmusicpad,54248448,32563200,0,168316928,0,4,8]
09-23 01:20:55.394 I/am_pss ( 1489): [5160,10110,com.tencent.qqmusicpad:QQPlayerService,33219584,16396288,0,125706240,0,4,7]
09-23 01:20:55.405 I/am_pss ( 1489): [3755,10101,com.alibaba.android.rimet:channel,80123904,35164160,0,201154560,0,19,10]
09-23 01:20:55.407 I/auditd ( 3555): type=1400 audit(0.0:38344): avc: denied { read } for comm="NativeThread" name="unix" dev="proc" ino=4026532289 scontext=u:r:untrusted_app_27:s0:c512,c768 tcontext=u:object_r:proc_net:s0 tclass=file permissive=0 app=com.alibaba.android.rimet
09-23 01:20:55.411 I/auditd ( 3555): type=1400 audit(0.0:38345): avc: denied { read } for comm="NativeThread" name="version" dev="proc" ino=4026532265 scontext=u:r:untrusted_app_27:s0:c512,c768 tcontext=u:object_r:proc_version:s0 tclass=file permissive=0 app=com.alibaba.android.rimet
09-23 01:20:55.411 I/auditd ( 3555): type=1400 audit(0.0:38346): avc: denied { ioctl } for comm="NativeThread" path="socket:[565765]" dev="sockfs" ino=565765 ioctlcmd=0x8927 scontext=u:r:untrusted_app_27:s0:c512,c768 tcontext=u:r:untrusted_app_27:s0:c512,c768 tclass=udp_socket permissive=0 app=com.alibaba.android.rimet
09-23 01:20:55.795 I/auditd ( 3555): type=1400 audit(0.0:38360): avc: denied { read } for comm="NativeThread" name="unix" dev="proc" ino=4026532289 scontext=u:r:untrusted_app_27:s0:c512,c768 tcontext=u:object_r:proc_net:s0 tclass=file permissive=0 app=com.alibaba.android.rimet
09-23 01:20:56.135 I/auditd ( 3707): type=1400 audit(0.0:38361): avc: denied { read } for comm=5468726561642D32202D2031333733 name="tcp" dev="proc" ino=4026532283 scontext=u:r:untrusted_app_29:s0:c108,c256,c512,c768 tcontext=u:object_r:proc_net_tcp_udp:s0 tclass=file permissive=0 app=com.smile.gifmaker
09-23 01:20:58.951 I/auditd ( 4190): type=1400 audit(0.0:38362): avc: denied { read } for comm="pool-2-thread-6" name="tcp" dev="proc" ino=4026532283 scontext=u:r:untrusted_app_29:s0:c108,c256,c512,c768 tcontext=u:object_r:proc_net_tcp_udp:s0 tclass=file permissive=0 app=com.smile.gifmaker
09-23 01:21:00.431 I/auditd ( 3555): type=1400 audit(0.0:38363): avc: denied { read } for comm="NativeThread" name="unix" dev="proc" ino=4026532289 scontext=u:r:untrusted_app_27:s0:c512,c768 tcontext=u:object_r:proc_net:s0 tclass=file permissive=0 app=com.alibaba.android.rimet
09-23 01:21:00.791 I/auditd ( 3555): type=1400 audit(0.0:38364): avc: denied { read } for comm="NativeThread" name="unix" dev="proc" ino=4026532289 scontext=u:r:untrusted_app_27:s0:c512,c768 tcontext=u:object_r:proc_net:s0 tclass=file permissive=0 app=com.alibaba.android.rimet
09-23 01:21:01.159 I/auditd ( 3555): type=1400 audit(0.0:38365): avc: denied { read } for comm="NativeThread" name="unix" dev="proc" ino=4026532289 scontext=u:r:untrusted_app_27:s0:c512,c768 tcontext=u:object_r:proc_net:s0 tclass=file permissive=0 app=com.alibaba.android.rimet
09-23 01:21:01.167 I/auditd ( 3555): type=1400 audit(0.0:38366): avc: denied { read } for comm="NativeThread" name="version" dev="proc" ino=4026532265 scontext=u:r:untrusted_app_27:s0:c512,c768 tcontext=u:object_r:proc_version:s0 tclass=file permissive=0 app=com.alibaba.android.rimet
09-23 01:21:01.167 I/auditd ( 3555): type=1400 audit(0.0:38367): avc: denied { ioctl } for comm="NativeThread" path="socket:[568424]" dev="sockfs" ino=568424 ioctlcmd=0x8927 scontext=u:r:untrusted_app_27:s0:c512,c768 tcontext=u:r:untrusted_app_27:s0:c512,c768 tclass=udp_socket permissive=0 app=com.alibaba.android.rimet
09-23 01:21:01.167 I/auditd ( 3555): type=1400 audit(0.0:38368): avc: denied { ioctl } for comm="NativeThread" path="socket:[568424]" dev="sockfs" ino=568424 ioctlcmd=0x8927 scontext=u:r:untrusted_app_27:s0:c512,c768 tcontext=u:r:untrusted_app_27:s0:c512,c768 tclass=udp_socket permissive=0 app=com.alibaba.android.rimet
09-23 01:21:01.167 I/auditd ( 3555): type=1400 audit(0.0:38369): avc: denied { ioctl } for comm="NativeThread" path="socket:[568424]" dev="sockfs" ino=568424 ioctlcmd=0x8927 scontext=u:r:untrusted_app_27:s0:c512,c768 tcontext=u:r:untrusted_app_27:s0:c512,c768 tclass=udp_socket permissive=0 app=com.alibaba.android.rimet
09-23 01:21:06.075 I/auditd ( 3555): type=1400 audit(0.0:38382): avc: denied { read } for comm="NativeThread" name="unix" dev="proc" ino=4026532289 scontext=u:r:untrusted_app_27:s0:c512,c768 tcontext=u:object_r:proc_net:s0 tclass=file permissive=0 app=com.alibaba.android.rimet
09-23 01:21:06.427 I/auditd ( 3555): type=1400 audit(0.0:38383): avc: denied { read } for comm="NativeThread" name="unix" dev="proc" ino=4026532289 scontext=u:r:untrusted_app_27:s0:c512,c768 tcontext=u:object_r:proc_net:s0 tclass=file permissive=0 app=com.alibaba.android.rimet
09-23 01:21:06.823 I/auditd ( 3555): type=1400 audit(0.0:38384): avc: denied { read } for comm="NativeThread" name="unix" dev="proc" ino=4026532289 scontext=u:r:untrusted_app_27:s0:c512,c768 tcontext=u:object_r:proc_net:s0 tclass=file permissive=0 app=com.alibaba.android.rimet
09-23 01:21:06.827 I/auditd ( 3555): type=1400 audit(0.0:38385): avc: denied { read } for comm="NativeThread" name="version" dev="proc" ino=4026532265 scontext=u:r:untrusted_app_27:s0:c512,c768 tcontext=u:object_r:proc_version:s0 tclass=file permissive=0 app=com.alibaba.android.rimet
09-23 01:21:06.831 I/auditd ( 3555): type=1400 audit(0.0:38386): avc: denied { ioctl } for comm="NativeThread" path="socket:[565902]" dev="sockfs" ino=565902 ioctlcmd=0x8927 scontext=u:r:untrusted_app_27:s0:c512,c768 tcontext=u:r:untrusted_app_27:s0:c512,c768 tclass=udp_socket permissive=0 app=com.alibaba.android.rimet
09-23 01:21:06.861 I/netstats_mobile_sample( 1489): [0,0,0,0,0,0,0,0,0,0,0,0,1663867266860]
09-23 01:21:06.861 I/netstats_wifi_sample( 1489): [0,0,0,0,0,0,0,0,0,0,0,0,1663867266860]
09-23 01:21:07.183 I/auditd ( 3555): type=1400 audit(0.0:38400): avc: denied { read } for comm="NativeThread" name="unix" dev="proc" ino=4026532289 scontext=u:r:untrusted_app_27:s0:c512,c768 tcontext=u:object_r:proc_net:s0 tclass=file permissive=0 app=com.alibaba.android.rimet
09-23 01:21:07.589 I/am_uid_idle( 1489): 10066
09-23 01:21:08.101 I/liblog ( 1335): 89
09-23 01:21:08.101 I/liblog ( 1335): 1
09-23 01:21:08.101 I/liblog ( 1335): 1
09-23 01:21:08.162 I/notification_enqueue( 1489): [1000,1489,android,17303299,com.android.wifi,0,Notification(channel=NETWORK_AVAILABLE shortcut=null contentView=null vibrate=null sound=null tick defaults=0x0 flags=0x100 color=0x00000000 actions=2 vis=PRIVATE),1]
09-23 01:21:08.365 I/sysui_multi_action( 1489): [757,1501,758,1,793,4445326,794,40105,795,204,796,17303299,797,com.android.wifi,806,android,857,NETWORK_AVAILABLE,858,2,947,0,1500,0,1688,1]
09-23 01:21:08.365 I/sysui_multi_action( 1489): [757,804,799,note_interruptive,801,0,802,1]
09-23 01:21:11.739 I/auditd ( 3555): type=1400 audit(0.0:38401): avc: denied { read } for comm="NativeThread" name="unix" dev="proc" ino=4026532289 scontext=u:r:untrusted_app_27:s0:c512,c768 tcontext=u:object_r:proc_net:s0 tclass=file permissive=0 app=com.alibaba.android.rimet
09-23 01:21:12.127 I/auditd ( 3555): type=1400 audit(0.0:38402): avc: denied { read } for comm="NativeThread" name="unix" dev="proc" ino=4026532289 scontext=u:r:untrusted_app_27:s0:c512,c768 tcontext=u:object_r:proc_net:s0 tclass=file permissive=0 app=com.alibaba.android.rimet
09-23 01:21:12.539 I/auditd ( 3555): type=1400 audit(0.0:38403): avc: denied { read } for comm="NativeThread" name="unix" dev="proc" ino=4026532289 scontext=u:r:untrusted_app_27:s0:c512,c768 tcontext=u:object_r:proc_net:s0 tclass=file permissive=0 app=com.alibaba.android.rimet
09-23 01:21:12.543 I/auditd ( 3555): type=1400 audit(0.0:38404): avc: denied { read } for comm="NativeThread" name="version" dev="proc" ino=4026532265 scontext=u:r:untrusted_app_27:s0:c512,c768 tcontext=u:object_r:proc_version:s0 tclass=file permissive=0 app=com.alibaba.android.rimet
09-23 01:21:12.547 I/auditd ( 3555): type=1400 audit(0.0:38405): avc: denied { ioctl } for comm="NativeThread" path="socket:[565236]" dev="sockfs" ino=565236 ioctlcmd=0x8927 scontext=u:r:untrusted_app_27:s0:c512,c768 tcontext=u:r:untrusted_app_27:s0:c512,c768 tclass=udp_socket permissive=0 app=com.alibaba.android.rimet
09-23 01:21:12.547 I/auditd ( 3555): type=1400 audit(0.0:38406): avc: denied { ioctl } for comm="NativeThread" path="socket:[565236]" dev="sockfs" ino=565236 ioctlcmd=0x8927 scontext=u:r:untrusted_app_27:s0:c512,c768 tcontext=u:r:untrusted_app_27:s0:c512,c768 tclass=udp_socket permissive=0 app=com.alibaba.android.rimet
09-23 01:21:12.547 I/auditd ( 3555): type=1400 audit(0.0:38407): avc: denied { ioctl } for comm="NativeThread" path="socket:[565236]" dev="sockfs" ino=565236 ioctlcmd=0x8927 scontext=u:r:untrusted_app_27:s0:c512,c768 tcontext=u:r:untrusted_app_27:s0:c512,c768 tclass=udp_socket permissive=0 app=com.alibaba.android.rimet
09-23 01:21:12.547 I/auditd ( 3555): type=1400 audit(0.0:38408): avc: denied { ioctl } for comm="NativeThread" path="socket:[565236]" dev="sockfs" ino=565236 ioctlcmd=0x8927 scontext=u:r:untrusted_app_27:s0:c512,c768 tcontext=u:r:untrusted_app_27:s0:c512,c768 tclass=udp_socket permissive=0 app=com.alibaba.android.rimet
09-23 01:21:12.547 I/auditd ( 3555): type=1400 audit(0.0:38409): avc: denied { ioctl } for comm="NativeThread" path="socket:[565236]" dev="sockfs" ino=565236 ioctlcmd=0x8927 scontext=u:r:untrusted_app_27:s0:c512,c768 tcontext=u:r:untrusted_app_27:s0:c512,c768 tclass=udp_socket permissive=0 app=com.alibaba.android.rimet
09-23 01:21:17.507 I/auditd ( 3555): type=1400 audit(0.0:38420): avc: denied { read } for comm="NativeThread" name="unix" dev="proc" ino=4026532289 scontext=u:r:untrusted_app_27:s0:c512,c768 tcontext=u:object_r:proc_net:s0 tclass=file permissive=0 app=com.alibaba.android.rimet
09-23 01:21:17.863 I/auditd ( 3555): type=1400 audit(0.0:38421): avc: denied { read } for comm="NativeThread" name="unix" dev="proc" ino=4026532289 scontext=u:r:untrusted_app_27:s0:c512,c768 tcontext=u:object_r:proc_net:s0 tclass=file permissive=0 app=com.alibaba.android.rimet
09-23 01:21:18.235 I/auditd ( 3555): type=1400 audit(0.0:38422): avc: denied { read } for comm="NativeThread" name="unix" dev="proc" ino=4026532289 scontext=u:r:untrusted_app_27:s0:c512,c768 tcontext=u:object_r:proc_net:s0 tclass=file permissive=0 app=com.alibaba.android.rimet
09-23 01:21:18.239 I/auditd ( 3555): type=1400 audit(0.0:38423): avc: denied { read } for comm="NativeThread" name="version" dev="proc" ino=4026532265 scontext=u:r:untrusted_app_27:s0:c512,c768 tcontext=u:object_r:proc_version:s0 tclass=file permissive=0 app=com.alibaba.android.rimet
09-23 01:21:18.243 I/auditd ( 3555): type=1400 audit(0.0:38424): avc: denied { ioctl } for comm="NativeThread" path="socket:[566099]" dev="sockfs" ino=566099 ioctlcmd=0x8927 scontext=u:r:untrusted_app_27:s0:c512,c768 tcontext=u:r:untrusted_app_27:s0:c512,c768 tclass=udp_socket permissive=0 app=com.alibaba.android.rimet
09-23 01:21:18.627 I/auditd ( 3555): type=1400 audit(0.0:38438): avc: denied { read } for comm="NativeThread" name="unix" dev="proc" ino=4026532289 scontext=u:r:untrusted_app_27:s0:c512,c768 tcontext=u:object_r:proc_net:s0 tclass=file permissive=0 app=com.alibaba.android.rimet
09-23 01:21:18.733 I/am_pss ( 1489): [6527,10081,com.android.systemui:screenshot,49247232,32157696,0,190750720,0,19,15]
09-23 01:21:23.167 I/auditd ( 3555): type=1400 audit(0.0:38439): avc: denied { read } for comm="NativeThread" name="unix" dev="proc" ino=4026532289 scontext=u:r:untrusted_app_27:s0:c512,c768 tcontext=u:object_r:proc_net:s0 tclass=file permissive=0 app=com.alibaba.android.rimet
09-23 01:21:23.515 I/auditd ( 3555): type=1400 audit(0.0:38440): avc: denied { read } for comm="NativeThread" name="unix" dev="proc" ino=4026532289 scontext=u:r:untrusted_app_27:s0:c512,c768 tcontext=u:object_r:proc_net:s0 tclass=file permissive=0 app=com.alibaba.android.rimet
09-23 01:21:23.859 I/auditd ( 3555): type=1400 audit(0.0:38441): avc: denied { read } for comm="NativeThread" name="unix" dev="proc" ino=4026532289 scontext=u:r:untrusted_app_27:s0:c512,c768 tcontext=u:object_r:proc_net:s0 tclass=file permissive=0 app=com.alibaba.android.rimet
09-23 01:21:23.863 I/auditd ( 3555): type=1400 audit(0.0:38442): avc: denied { read } for comm="NativeThread" name="version" dev="proc" ino=4026532265 scontext=u:r:untrusted_app_27:s0:c512,c768 tcontext=u:object_r:proc_version:s0 tclass=file permissive=0 app=com.alibaba.android.rimet
09-23 01:21:23.867 I/auditd ( 3555): type=1400 audit(0.0:38443): avc: denied { ioctl } for comm="NativeThread" path="socket:[568650]" dev="sockfs" ino=568650 ioctlcmd=0x8927 scontext=u:r:untrusted_app_27:s0:c512,c768 tcontext=u:r:untrusted_app_27:s0:c512,c768 tclass=udp_socket permissive=0 app=com.alibaba.android.rimet
09-23 01:21:23.867 I/auditd ( 3555): type=1400 audit(0.0:38444): avc: denied { ioctl } for comm="NativeThread" path="socket:[568650]" dev="sockfs" ino=568650 ioctlcmd=0x8927 scontext=u:r:untrusted_app_27:s0:c512,c768 tcontext=u:r:untrusted_app_27:s0:c512,c768 tclass=udp_socket permissive=0 app=com.alibaba.android.rimet
09-23 01:21:23.867 I/auditd ( 3555): type=1400 audit(0.0:38445): avc: denied { ioctl } for comm="NativeThread" path="socket:[568650]" dev="sockfs" ino=568650 ioctlcmd=0x8927 scontext=u:r:untrusted_app_27:s0:c512,c768 tcontext=u:r:untrusted_app_27:s0:c512,c768 tclass=udp_socket permissive=0 app=com.alibaba.android.rimet
09-23 01:21:23.867 I/auditd ( 3555): type=1400 audit(0.0:38446): avc: denied { ioctl } for comm="NativeThread" path="socket:[568650]" dev="sockfs" ino=568650 ioctlcmd=0x8927 scontext=u:r:untrusted_app_27:s0:c512,c768 tcontext=u:r:untrusted_app_27:s0:c512,c768 tclass=udp_socket permissive=0 app=com.alibaba.android.rimet
09-23 01:21:23.867 I/auditd ( 3555): type=1400 audit(0.0:38447): avc: denied { ioctl } for comm="NativeThread" path="socket:[568650]" dev="sockfs" ino=568650 ioctlcmd=0x8927 scontext=u:r:untrusted_app_27:s0:c512,c768 tcontext=u:r:untrusted_app_27:s0:c512,c768 tclass=udp_socket permissive=0 app=com.alibaba.android.rimet
09-23 01:21:26.753 I/sysui_multi_action( 1489): [757,1696,758,6,759,2]
09-23 01:21:26.756 I/am_wtf ( 1489): [0,1489,system_server,-1,DisplayDeviceConfig,requesting nits when no mapping exists.]
09-23 01:21:26.761 I/am_wtf ( 1489): [0,1489,system_server,-1,DisplayDeviceConfig,requesting nits when no mapping exists.]
09-23 01:21:26.773 I/am_wtf ( 1489): [0,1489,system_server,-1,DisplayDeviceConfig,requesting nits when no mapping exists.]
09-23 01:21:26.775 I/am_wtf ( 1489): [0,1489,system_server,-1,DisplayDeviceConfig,requesting nits when no mapping exists.]
09-23 01:21:26.790 I/am_wtf ( 1489): [0,1489,system_server,-1,DisplayDeviceConfig,requesting nits when no mapping exists.]
09-23 01:21:26.791 I/am_wtf ( 1489): [0,1489,system_server,-1,DisplayDeviceConfig,requesting nits when no mapping exists.]
09-23 01:21:26.810 I/am_wtf ( 1489): [0,1489,system_server,-1,DisplayDeviceConfig,requesting nits when no mapping exists.]
09-23 01:21:26.811 I/am_wtf ( 1489): [0,1489,system_server,-1,DisplayDeviceConfig,requesting nits when no mapping exists.]
09-23 01:21:26.823 I/am_wtf ( 1489): [0,1489,system_server,-1,DisplayDeviceConfig,requesting nits when no mapping exists.]
09-23 01:21:26.823 I/am_wtf ( 1489): [0,1489,system_server,-1,DisplayDeviceConfig,requesting nits when no mapping exists.]
09-23 01:21:26.839 I/am_wtf ( 1489): [0,1489,system_server,-1,DisplayDeviceConfig,requesting nits when no mapping exists.]
09-23 01:21:26.840 I/am_wtf ( 1489): [0,1489,system_server,-1,DisplayDeviceConfig,requesting nits when no mapping exists.]
09-23 01:21:26.860 I/am_wtf ( 1489): [0,1489,system_server,-1,DisplayDeviceConfig,requesting nits when no mapping exists.]
09-23 01:21:26.860 I/am_wtf ( 1489): [0,1489,system_server,-1,DisplayDeviceConfig,requesting nits when no mapping exists.]
09-23 01:21:26.873 I/am_wtf ( 1489): [0,1489,system_server,-1,DisplayDeviceConfig,requesting nits when no mapping exists.]
09-23 01:21:26.878 I/am_wtf ( 1489): [0,1489,system_server,-1,DisplayDeviceConfig,requesting nits when no mapping exists.]
09-23 01:21:26.896 I/am_wtf ( 1489): [0,1489,system_server,-1,DisplayDeviceConfig,requesting nits when no mapping exists.]
09-23 01:21:26.897 I/am_wtf ( 1489): [0,1489,system_server,-1,DisplayDeviceConfig,requesting nits when no mapping exists.]
09-23 01:21:26.907 I/am_wtf ( 1489): [0,1489,system_server,-1,DisplayDeviceConfig,requesting nits when no mapping exists.]
09-23 01:21:26.910 I/am_wtf ( 1489): [0,1489,system_server,-1,DisplayDeviceConfig,requesting nits when no mapping exists.]
09-23 01:21:26.923 I/am_wtf ( 1489): [0,1489,system_server,-1,DisplayDeviceConfig,requesting nits when no mapping exists.]
09-23 01:21:26.924 I/am_wtf ( 1489): [0,1489,system_server,-1,DisplayDeviceConfig,requesting nits when no mapping exists.]
09-23 01:21:26.939 I/am_wtf ( 1489): [0,1489,system_server,-1,DisplayDeviceConfig,requesting nits when no mapping exists.]
09-23 01:21:26.940 I/am_wtf ( 1489): [0,1489,system_server,-1,DisplayDeviceConfig,requesting nits when no mapping exists.]
09-23 01:21:26.961 I/am_wtf ( 1489): [0,1489,system_server,-1,DisplayDeviceConfig,requesting nits when no mapping exists.]
09-23 01:21:26.961 I/am_wtf ( 1489): [0,1489,system_server,-1,DisplayDeviceConfig,requesting nits when no mapping exists.]
09-23 01:21:26.973 I/am_wtf ( 1489): [0,1489,system_server,-1,DisplayDeviceConfig,requesting nits when no mapping exists.]
09-23 01:21:26.974 I/am_wtf ( 1489): [0,1489,system_server,-1,DisplayDeviceConfig,requesting nits when no mapping exists.]
09-23 01:21:26.990 I/am_wtf ( 1489): [0,1489,system_server,-1,DisplayDeviceConfig,requesting nits when no mapping exists.]
09-23 01:21:26.991 I/am_wtf ( 1489): [0,1489,system_server,-1,DisplayDeviceConfig,requesting nits when no mapping exists.]
09-23 01:21:27.010 I/am_wtf ( 1489): [0,1489,system_server,-1,DisplayDeviceConfig,requesting nits when no mapping exists.]
09-23 01:21:27.011 I/am_wtf ( 1489): [0,1489,system_server,-1,DisplayDeviceConfig,requesting nits when no mapping exists.]
09-23 01:21:27.027 I/am_wtf ( 1489): [0,1489,system_server,-1,DisplayDeviceConfig,requesting nits when no mapping exists.]
09-23 01:21:27.028 I/am_wtf ( 1489): [0,1489,system_server,-1,DisplayDeviceConfig,requesting nits when no mapping exists.]
09-23 01:21:27.043 I/am_wtf ( 1489): [0,1489,system_server,-1,DisplayDeviceConfig,requesting nits when no mapping exists.]
09-23 01:21:27.043 I/am_wtf ( 1489): [0,1489,system_server,-1,DisplayDeviceConfig,requesting nits when no mapping exists.]
09-23 01:21:27.057 I/am_wtf ( 1489): [0,1489,system_server,-1,DisplayDeviceConfig,requesting nits when no mapping exists.]
09-23 01:21:27.058 I/am_wtf ( 1489): [0,1489,system_server,-1,DisplayDeviceConfig,requesting nits when no mapping exists.]
09-23 01:21:27.076 I/am_wtf ( 1489): [0,1489,system_server,-1,DisplayDeviceConfig,requesting nits when no mapping exists.]
09-23 01:21:27.077 I/am_wtf ( 1489): [0,1489,system_server,-1,DisplayDeviceConfig,requesting nits when no mapping exists.]
09-23 01:21:27.090 I/am_wtf ( 1489): [0,1489,system_server,-1,DisplayDeviceConfig,requesting nits when no mapping exists.]
09-23 01:21:27.090 I/am_wtf ( 1489): [0,1489,system_server,-1,DisplayDeviceConfig,requesting nits when no mapping exists.]
09-23 01:21:27.107 I/am_wtf ( 1489): [0,1489,system_server,-1,DisplayDeviceConfig,requesting nits when no mapping exists.]
09-23 01:21:27.107 I/am_wtf ( 1489): [0,1489,system_server,-1,DisplayDeviceConfig,requesting nits when no mapping exists.]
09-23 01:21:27.123 I/am_wtf ( 1489): [0,1489,system_server,-1,DisplayDeviceConfig,requesting nits when no mapping exists.]
09-23 01:21:27.124 I/am_wtf ( 1489): [0,1489,system_server,-1,DisplayDeviceConfig,requesting nits when no mapping exists.]
09-23 01:21:27.140 I/am_wtf ( 1489): [0,1489,system_server,-1,DisplayDeviceConfig,requesting nits when no mapping exists.]
09-23 01:21:27.141 I/am_wtf ( 1489): [0,1489,system_server,-1,DisplayDeviceConfig,requesting nits when no mapping exists.]
09-23 01:21:27.156 I/am_wtf ( 1489): [0,1489,system_server,-1,DisplayDeviceConfig,requesting nits when no mapping exists.]
09-23 01:21:27.157 I/am_wtf ( 1489): [0,1489,system_server,-1,DisplayDeviceConfig,requesting nits when no mapping exists.]
09-23 01:21:27.174 I/am_wtf ( 1489): [0,1489,system_server,-1,DisplayDeviceConfig,requesting nits when no mapping exists.]
09-23 01:21:27.175 I/am_wtf ( 1489): [0,1489,system_server,-1,DisplayDeviceConfig,requesting nits when no mapping exists.]
09-23 01:21:27.190 I/am_wtf ( 1489): [0,1489,system_server,-1,DisplayDeviceConfig,requesting nits when no mapping exists.]
09-23 01:21:27.191 I/am_wtf ( 1489): [0,1489,system_server,-1,DisplayDeviceConfig,requesting nits when no mapping exists.]
09-23 01:21:27.207 I/am_wtf ( 1489): [0,1489,system_server,-1,DisplayDeviceConfig,requesting nits when no mapping exists.]
09-23 01:21:27.208 I/am_wtf ( 1489): [0,1489,system_server,-1,DisplayDeviceConfig,requesting nits when no mapping exists.]
09-23 01:21:27.224 I/am_wtf ( 1489): [0,1489,system_server,-1,DisplayDeviceConfig,requesting nits when no mapping exists.]
09-23 01:21:27.225 I/am_wtf ( 1489): [0,1489,system_server,-1,DisplayDeviceConfig,requesting nits when no mapping exists.]
09-23 01:21:27.240 I/am_wtf ( 1489): [0,1489,system_server,-1,DisplayDeviceConfig,requesting nits when no mapping exists.]
09-23 01:21:27.241 I/am_wtf ( 1489): [0,1489,system_server,-1,DisplayDeviceConfig,requesting nits when no mapping exists.]
09-23 01:21:27.257 I/am_wtf ( 1489): [0,1489,system_server,-1,DisplayDeviceConfig,requesting nits when no mapping exists.]
09-23 01:21:27.258 I/am_wtf ( 1489): [0,1489,system_server,-1,DisplayDeviceConfig,requesting nits when no mapping exists.]
09-23 01:21:27.274 I/am_wtf ( 1489): [0,1489,system_server,-1,DisplayDeviceConfig,requesting nits when no mapping exists.]
09-23 01:21:27.275 I/am_wtf ( 1489): [0,1489,system_server,-1,DisplayDeviceConfig,requesting nits when no mapping exists.]
09-23 01:21:27.291 I/am_wtf ( 1489): [0,1489,system_server,-1,DisplayDeviceConfig,requesting nits when no mapping exists.]
09-23 01:21:27.292 I/am_wtf ( 1489): [0,1489,system_server,-1,DisplayDeviceConfig,requesting nits when no mapping exists.]
09-23 01:21:27.292 I/service_manager_stats( 1489): [100,54,66365]
09-23 01:21:27.308 I/am_wtf ( 1489): [0,1489,system_server,-1,DisplayDeviceConfig,requesting nits when no mapping exists.]
09-23 01:21:27.309 I/am_wtf ( 1489): [0,1489,system_server,-1,DisplayDeviceConfig,requesting nits when no mapping exists.]
09-23 01:21:27.324 I/am_wtf ( 1489): [0,1489,system_server,-1,DisplayDeviceConfig,requesting nits when no mapping exists.]
09-23 01:21:27.326 I/am_wtf ( 1489): [0,1489,system_server,-1,DisplayDeviceConfig,requesting nits when no mapping exists.]
09-23 01:21:27.344 I/am_wtf ( 1489): [0,1489,system_server,-1,DisplayDeviceConfig,requesting nits when no mapping exists.]
09-23 01:21:27.345 I/am_wtf ( 1489): [0,1489,system_server,-1,DisplayDeviceConfig,requesting nits when no mapping exists.]
09-23 01:21:27.358 I/am_wtf ( 1489): [0,1489,system_server,-1,DisplayDeviceConfig,requesting nits when no mapping exists.]
09-23 01:21:27.361 I/am_wtf ( 1489): [0,1489,system_server,-1,DisplayDeviceConfig,requesting nits when no mapping exists.]
09-23 01:21:27.378 I/am_wtf ( 1489): [0,1489,system_server,-1,DisplayDeviceConfig,requesting nits when no mapping exists.]
09-23 01:21:27.379 I/am_wtf ( 1489): [0,1489,system_server,-1,DisplayDeviceConfig,requesting nits when no mapping exists.]
09-23 01:21:27.392 I/am_wtf ( 1489): [0,1489,system_server,-1,DisplayDeviceConfig,requesting nits when no mapping exists.]
09-23 01:21:27.393 I/am_wtf ( 1489): [0,1489,system_server,-1,DisplayDeviceConfig,requesting nits when no mapping exists.]
09-23 01:21:27.408 I/am_wtf ( 1489): [0,1489,system_server,-1,DisplayDeviceConfig,requesting nits when no mapping exists.]
09-23 01:21:27.408 I/am_wtf ( 1489): [0,1489,system_server,-1,DisplayDeviceConfig,requesting nits when no mapping exists.]
09-23 01:21:27.429 I/am_wtf ( 1489): [0,1489,system_server,-1,DisplayDeviceConfig,requesting nits when no mapping exists.]
09-23 01:21:27.430 I/am_wtf ( 1489): [0,1489,system_server,-1,DisplayDeviceConfig,requesting nits when no mapping exists.]
09-23 01:21:27.444 I/am_wtf ( 1489): [0,1489,system_server,-1,DisplayDeviceConfig,requesting nits when no mapping exists.]
09-23 01:21:27.444 I/am_wtf ( 1489): [0,1489,system_server,-1,DisplayDeviceConfig,requesting nits when no mapping exists.]
09-23 01:21:27.457 I/am_wtf ( 1489): [0,1489,system_server,-1,DisplayDeviceConfig,requesting nits when no mapping exists.]
09-23 01:21:27.458 I/am_wtf ( 1489): [0,1489,system_server,-1,DisplayDeviceConfig,requesting nits when no mapping exists.]
09-23 01:21:27.475 I/am_wtf ( 1489): [0,1489,system_server,-1,DisplayDeviceConfig,requesting nits when no mapping exists.]
09-23 01:21:27.476 I/am_wtf ( 1489): [0,1489,system_server,-1,DisplayDeviceConfig,requesting nits when no mapping exists.]
09-23 01:21:27.496 I/am_wtf ( 1489): [0,1489,system_server,-1,DisplayDeviceConfig,requesting nits when no mapping exists.]
09-23 01:21:27.497 I/am_wtf ( 1489): [0,1489,system_server,-1,DisplayDeviceConfig,requesting nits when no mapping exists.]
09-23 01:21:27.509 I/am_wtf ( 1489): [0,1489,system_server,-1,DisplayDeviceConfig,requesting nits when no mapping exists.]
09-23 01:21:27.509 I/am_wtf ( 1489): [0,1489,system_server,-1,DisplayDeviceConfig,requesting nits when no mapping exists.]
09-23 01:21:27.525 I/am_wtf ( 1489): [0,1489,system_server,-1,DisplayDeviceConfig,requesting nits when no mapping exists.]
09-23 01:21:27.526 I/am_wtf ( 1489): [0,1489,system_server,-1,DisplayDeviceConfig,requesting nits when no mapping exists.]
09-23 01:21:27.541 I/am_wtf ( 1489): [0,1489,system_server,-1,DisplayDeviceConfig,requesting nits when no mapping exists.]
09-23 01:21:27.542 I/am_wtf ( 1489): [0,1489,system_server,-1,DisplayDeviceConfig,requesting nits when no mapping exists.]
09-23 01:21:27.558 I/am_wtf ( 1489): [0,1489,system_server,-1,DisplayDeviceConfig,requesting nits when no mapping exists.]
09-23 01:21:27.559 I/am_wtf ( 1489): [0,1489,system_server,-1,DisplayDeviceConfig,requesting nits when no mapping exists.]
09-23 01:21:27.575 I/am_wtf ( 1489): [0,1489,system_server,-1,DisplayDeviceConfig,requesting nits when no mapping exists.]
09-23 01:21:27.580 I/am_wtf ( 1489): [0,1489,system_server,-1,DisplayDeviceConfig,requesting nits when no mapping exists.]
09-23 01:21:27.596 I/am_wtf ( 1489): [0,1489,system_server,-1,DisplayDeviceConfig,requesting nits when no mapping exists.]
09-23 01:21:27.597 I/am_wtf ( 1489): [0,1489,system_server,-1,DisplayDeviceConfig,requesting nits when no mapping exists.]
09-23 01:21:27.609 I/am_wtf ( 1489): [0,1489,system_server,-1,DisplayDeviceConfig,requesting nits when no mapping exists.]
09-23 01:21:27.610 I/am_wtf ( 1489): [0,1489,system_server,-1,DisplayDeviceConfig,requesting nits when no mapping exists.]
09-23 01:21:27.625 I/am_wtf ( 1489): [0,1489,system_server,-1,DisplayDeviceConfig,requesting nits when no mapping exists.]
09-23 01:21:27.626 I/am_wtf ( 1489): [0,1489,system_server,-1,DisplayDeviceConfig,requesting nits when no mapping exists.]
09-23 01:21:27.641 I/am_wtf ( 1489): [0,1489,system_server,-1,DisplayDeviceConfig,requesting nits when no mapping exists.]
09-23 01:21:27.642 I/am_wtf ( 1489): [0,1489,system_server,-1,DisplayDeviceConfig,requesting nits when no mapping exists.]
09-23 01:21:27.658 I/am_wtf ( 1489): [0,1489,system_server,-1,DisplayDeviceConfig,requesting nits when no mapping exists.]
09-23 01:21:27.658 I/am_wtf ( 1489): [0,1489,system_server,-1,DisplayDeviceConfig,requesting nits when no mapping exists.]
09-23 01:21:27.674 I/am_wtf ( 1489): [0,1489,system_server,-1,DisplayDeviceConfig,requesting nits when no mapping exists.]
09-23 01:21:27.676 I/am_wtf ( 1489): [0,1489,system_server,-1,DisplayDeviceConfig,requesting nits when no mapping exists.]
09-23 01:21:27.692 I/am_wtf ( 1489): [0,1489,system_server,-1,DisplayDeviceConfig,requesting nits when no mapping exists.]
09-23 01:21:27.693 I/am_wtf ( 1489): [0,1489,system_server,-1,DisplayDeviceConfig,requesting nits when no mapping exists.]
09-23 01:21:27.714 I/am_wtf ( 1489): [0,1489,system_server,-1,DisplayDeviceConfig,requesting nits when no mapping exists.]
09-23 01:21:27.715 I/am_wtf ( 1489): [0,1489,system_server,-1,DisplayDeviceConfig,requesting nits when no mapping exists.]
09-23 01:21:27.919 I/auditd ( 3755): type=1400 audit(0.0:38458): avc: granted { nlmsg_readpriv } for comm="DaemonThread-6" scontext=u:r:untrusted_app_27:s0:c512,c768 tcontext=u:r:untrusted_app_27:s0:c512,c768 tclass=netlink_route_socket app=com.alibaba.android.rimet
09-23 01:21:28.587 I/auditd ( 3755): type=1400 audit(0.0:38459): avc: granted { nlmsg_readpriv } for comm="DaemonThread-6" scontext=u:r:untrusted_app_27:s0:c512,c768 tcontext=u:r:untrusted_app_27:s0:c512,c768 tclass=netlink_route_socket app=com.alibaba.android.rimet
09-23 01:21:28.747 I/auditd ( 3555): type=1400 audit(0.0:38460): avc: denied { read } for comm="NativeThread" name="unix" dev="proc" ino=4026532289 scontext=u:r:untrusted_app_27:s0:c512,c768 tcontext=u:object_r:proc_net:s0 tclass=file permissive=0 app=com.alibaba.android.rimet
09-23 01:21:29.139 I/auditd ( 3555): type=1400 audit(0.0:38461): avc: denied { read } for comm="NativeThread" name="unix" dev="proc" ino=4026532289 scontext=u:r:untrusted_app_27:s0:c512,c768 tcontext=u:object_r:proc_net:s0 tclass=file permissive=0 app=com.alibaba.android.rimet
09-23 01:21:29.499 I/auditd ( 3555): type=1400 audit(0.0:38462): avc: denied { read } for comm="NativeThread" name="unix" dev="proc" ino=4026532289 scontext=u:r:untrusted_app_27:s0:c512,c768 tcontext=u:object_r:proc_net:s0 tclass=file permissive=0 app=com.alibaba.android.rimet
09-23 01:21:29.507 I/auditd ( 3555): type=1400 audit(0.0:38463): avc: denied { read } for comm="NativeThread" name="version" dev="proc" ino=4026532265 scontext=u:r:untrusted_app_27:s0:c512,c768 tcontext=u:object_r:proc_version:s0 tclass=file permissive=0 app=com.alibaba.android.rimet
09-23 01:21:29.507 I/auditd ( 3555): type=1400 audit(0.0:38464): avc: denied { ioctl } for comm="NativeThread" path="socket:[567881]" dev="sockfs" ino=567881 ioctlcmd=0x8927 scontext=u:r:untrusted_app_27:s0:c512,c768 tcontext=u:r:untrusted_app_27:s0:c512,c768 tclass=udp_socket permissive=0 app=com.alibaba.android.rimet
09-23 01:21:29.507 I/auditd ( 3555): type=1400 audit(0.0:38465): avc: denied { ioctl } for comm="NativeThread" path="socket:[567881]" dev="sockfs" ino=567881 ioctlcmd=0x8927 scontext=u:r:untrusted_app_27:s0:c512,c768 tcontext=u:r:untrusted_app_27:s0:c512,c768 tclass=udp_socket permissive=0 app=com.alibaba.android.rimet
09-23 01:21:29.507 I/auditd ( 3555): type=1400 audit(0.0:38466): avc: denied { ioctl } for comm="NativeThread" path="socket:[567881]" dev="sockfs" ino=567881 ioctlcmd=0x8927 scontext=u:r:untrusted_app_27:s0:c512,c768 tcontext=u:r:untrusted_app_27:s0:c512,c768 tclass=udp_socket permissive=0 app=com.alibaba.android.rimet
09-23 01:21:29.507 I/auditd ( 3555): type=1400 audit(0.0:38467): avc: denied { ioctl } for comm="NativeThread" path="socket:[567881]" dev="sockfs" ino=567881 ioctlcmd=0x8927 scontext=u:r:untrusted_app_27:s0:c512,c768 tcontext=u:r:untrusted_app_27:s0:c512,c768 tclass=udp_socket permissive=0 app=com.alibaba.android.rimet
09-23 01:21:33.754 I/sysui_multi_action( 1489): [757,222,758,1]
09-23 01:21:33.756 I/am_uid_active( 1489): 10066
09-23 01:21:33.771 I/wm_task_created( 1489): [144,-1]
09-23 01:21:33.774 I/wm_task_moved( 1489): [144,1,7]
09-23 01:21:33.774 I/wm_task_to_front( 1489): [0,144]
09-23 01:21:33.775 I/wm_create_task( 1489): [0,144]
09-23 01:21:33.775 I/wm_create_activity( 1489): [0,35191121,144,com.android.deskclock/android.service.dreams.DreamActivity,NULL,NULL,NULL,276824064]
09-23 01:21:33.775 I/wm_task_moved( 1489): [144,1,7]
09-23 01:21:33.776 I/wm_on_top_resumed_lost_called( 2232): [15010957,com.android.settings.Settings,topStateChangedWhenResumed]
09-23 01:21:33.777 I/wm_pause_activity( 1489): [0,15010957,com.android.settings/.Settings,userLeaving=true,pauseBackTasks]
09-23 01:21:33.782 I/sysui_multi_action( 2232): [757,35,758,2,1089,86774]
09-23 01:21:33.782 I/sysui_multi_action( 2232): [757,1018,758,2,1089,86775]
09-23 01:21:33.782 I/wm_on_paused_called( 2232): [15010957,com.android.settings.Settings,performPause]
09-23 01:21:33.784 I/wm_add_to_stopping( 1489): [0,15010957,com.android.settings/.Settings,makeInvisible]
09-23 01:21:33.785 I/wm_restart_activity( 1489): [0,35191121,144,com.android.deskclock/android.service.dreams.DreamActivity]
09-23 01:21:33.786 I/wm_set_resumed_activity( 1489): [0,com.android.deskclock/android.service.dreams.DreamActivity,minimalResumeActivityLocked]
09-23 01:21:33.786 I/am_pss ( 1489): [3297,1000,com.qti.diagservices,6699008,3899392,0,93995008,0,10,6]
09-23 01:21:33.795 I/sysui_multi_action( 1489): [757,803,799,window_time_0,802,87]
09-23 01:21:33.798 I/wm_on_create_called( 2535): [35191121,android.service.dreams.DreamActivity,performCreate]
09-23 01:21:33.799 I/wm_on_start_called( 2535): [35191121,android.service.dreams.DreamActivity,handleStartActivity]
09-23 01:21:33.800 I/wm_on_resume_called( 2535): [35191121,android.service.dreams.DreamActivity,RESUME_ACTIVITY]
09-23 01:21:33.806 I/wm_on_top_resumed_gained_called( 2535): [35191121,android.service.dreams.DreamActivity,topStateChangedWhenResumed]
09-23 01:21:33.806 I/input_focus( 1489): [Focus leaving 456c4b5 com.android.settings/com.android.settings.Settings (server),reason=NO_WINDOW]
09-23 01:21:33.819 I/input_focus( 1489): [Focus request 3a2d98d com.android.deskclock/android.service.dreams.DreamActivity,reason=UpdateInputWindows]
09-23 01:21:33.820 I/sysui_multi_action( 1834): [757,111,758,2]
09-23 01:21:33.820 I/notification_enqueue( 1489): [10081,1834,com.android.systemui,2048,NULL,0,Notification(channel=updateNotification shortcut=null contentView=null vibrate=null sound=null defaults=0x0 flags=0x0 color=0x00000000 vis=PRIVATE),1]
09-23 01:21:33.821 I/sysui_multi_action( 1834): [757,111,758,2]
09-23 01:21:33.836 I/sysui_multi_action( 1489): [757,1696,758,6,759,3]
09-23 01:21:33.837 I/sysui_multi_action( 1489): [319,64,322,59,325,10501,757,761,758,8,759,2,806,com.android.deskclock,871,android.service.dreams.DreamActivity,904,com.android.deskclock,905,0,1320,4,1321,1]
09-23 01:21:33.840 I/am_wtf ( 1489): [0,1489,system_server,-1,DisplayDeviceConfig,requesting nits when no mapping exists.]
09-23 01:21:33.840 I/am_wtf ( 1489): [0,1489,system_server,-1,DisplayDeviceConfig,requesting nits when no mapping exists.]
09-23 01:21:33.841 I/wm_activity_launch_time( 1489): [0,35191121,com.android.deskclock/android.service.dreams.DreamActivity,59]
09-23 01:21:33.845 I/sysui_multi_action( 1834): [757,111,758,1]
09-23 01:21:33.845 I/sysui_multi_action( 1834): [757,126,758,1,759,126,927,0,928,1,1593,0]
09-23 01:21:33.846 I/sysui_multi_action( 1834): [757,113,758,1,759,113,927,1,928,1,1593,0]
09-23 01:21:33.846 I/sysui_multi_action( 1834): [757,0,758,1,759,0,927,2,928,0,1593,0]
09-23 01:21:33.846 I/sysui_multi_action( 1834): [757,0,758,1,759,0,927,3,928,0,1593,0]
09-23 01:21:33.846 I/sysui_multi_action( 1834): [757,1706,758,1,759,1706,927,4,928,0,1593,0]
09-23 01:21:33.847 I/sysui_multi_action( 1834): [757,491,758,1,759,491,927,5,928,0,1311,-1,1593,0]
09-23 01:21:33.847 I/sysui_multi_action( 1834): [757,0,758,1,759,0,927,6,928,0,1593,0]
09-23 01:21:33.847 I/sysui_multi_action( 1834): [757,114,758,1,759,114,927,7,928,0,1593,0]
09-23 01:21:33.847 I/sysui_multi_action( 1834): [757,111,758,1]
09-23 01:21:33.847 I/sysui_multi_action( 1834): [757,126,758,1,759,126,927,0,928,1,1593,0]
09-23 01:21:33.847 I/sysui_multi_action( 1834): [757,113,758,1,759,113,927,1,928,1,1593,0]
09-23 01:21:33.848 I/sysui_multi_action( 1834): [757,0,758,1,759,0,927,2,928,0,1593,0]
09-23 01:21:33.848 I/sysui_multi_action( 1834): [757,0,758,1,759,0,927,3,928,0,1593,0]
