09-23 01:14:36.061 I/sysui_multi_action( 1489): [757,803,799,window_time_0,802,1]
09-23 01:14:36.110 I/view_enqueue_input_event( 5075): [Motion - Cancel,com.tencent.qqmusicpad/com.tencent.qqmusicpad.activity.AppStarterActivity]
09-23 01:14:36.123 I/input_interaction( 1489): Interaction with: edge-swipe (server), swipe-up (server), PointerEventDispatcher0 (server),
09-23 01:14:36.385 I/sysui_multi_action( 1489): [757,803,799,key_back_press,802,1]
09-23 01:14:36.388 I/input_interaction( 1489): Interaction with: 9a4c1c5 com.tencent.qqmusicpad/com.tencent.qqmusicpad.activity.AppStarterActivity (server), PointerEventDispatcher0 (server),
09-23 01:14:36.398 I/wm_task_moved( 1489): [85,0,0]
09-23 01:14:36.401 I/wm_focused_root_task( 1489): [0,0,139,85,moveTaskToBackLocked]
09-23 01:14:36.401 I/wm_on_top_resumed_lost_called( 5075): [104389896,com.tencent.qqmusicpad.activity.AppStarterActivity,topStateChangedWhenResumed]
09-23 01:14:36.402 I/wm_add_to_stopping( 1489): [0,104389896,com.tencent.qqmusicpad/.activity.AppStarterActivity,makeInvisible]
09-23 01:14:36.404 I/wm_pause_activity( 1489): [0,104389896,com.tencent.qqmusicpad/.activity.AppStarterActivity,userLeaving=false,pauseBackTasks]
09-23 01:14:36.407 I/wm_on_paused_called( 5075): [104389896,com.tencent.qqmusicpad.activity.AppStarterActivity,performPause]
09-23 01:14:36.428 I/wm_set_resumed_activity( 1489): [0,com.android.settings/.Settings,resumeTopActivityInnerLocked]
09-23 01:14:36.429 I/wm_resume_activity( 1489): [0,15010957,139,com.android.settings/.Settings]
09-23 01:14:36.434 I/wm_on_restart_called( 2232): [15010957,com.android.settings.Settings,performRestartActivity]
09-23 01:14:36.435 I/sysui_multi_action( 1489): [757,803,799,window_time_0,802,1]
09-23 01:14:36.437 I/input_focus( 1489): [Focus leaving 9a4c1c5 com.tencent.qqmusicpad/com.tencent.qqmusicpad.activity.AppStarterActivity (server),reason=NO_WINDOW]
09-23 01:14:36.578 I/wm_on_start_called( 2232): [15010957,com.android.settings.Settings,handleStartActivity]
09-23 01:14:36.578 I/snet_event_log( 2232): [120484087,-1,]
09-23 01:14:36.578 I/wm_on_resume_called( 2232): [15010957,com.android.settings.Settings,RESUME_ACTIVITY]
09-23 01:14:36.578 I/sysui_multi_action( 2232): [757,35,758,1,833,0,1089,0]
09-23 01:14:36.579 I/sysui_multi_action( 2232): [757,1018,758,1,833,0,1089,0]
09-23 01:14:36.580 I/wm_on_top_resumed_gained_called( 2232): [15010957,com.android.settings.Settings,topWhenResuming]
09-23 01:14:36.586 I/input_focus( 1489): [Focus request 456c4b5 com.android.settings/com.android.settings.Settings,reason=UpdateInputWindows]
09-23 01:14:36.620 I/input_focus( 1489): [Focus entering 456c4b5 com.android.settings/com.android.settings.Settings (server),reason=Window became focusable. Previous reason: NOT_VISIBLE]
09-23 01:14:37.105 I/wm_stop_activity( 1489): [0,104389896,com.tencent.qqmusicpad/.activity.AppStarterActivity]
09-23 01:14:37.121 I/am_pss ( 1489): [4885,10088,com.qualcomm.qti.qccauthmgr,7046144,4276224,0,95473664,0,19,8]
09-23 01:14:37.133 I/wm_on_stop_called( 5075): [104389896,com.tencent.qqmusicpad.activity.AppStarterActivity,STOP_ACTIVITY_ITEM]
09-23 01:14:37.144 I/wm_task_moved( 1489): [85,1,7]
09-23 01:14:37.144 I/wm_task_to_front( 1489): [0,85]
09-23 01:14:37.144 I/wm_focused_root_task( 1489): [0,0,85,139,bringingFoundTaskToFront]
09-23 01:14:37.144 I/wm_on_top_resumed_lost_called( 2232): [15010957,com.android.settings.Settings,topStateChangedWhenResumed]
09-23 01:14:37.145 I/wm_set_resumed_activity( 1489): [0,com.tencent.qqmusicpad/.activity.AppStarterActivity,bringingFoundTaskToFront]
09-23 01:14:37.147 I/wm_task_moved( 1489): [85,1,7]
09-23 01:14:37.148 I/wm_create_activity( 1489): [0,132636888,85,com.tencent.qqmusicpad/.activity.MainActivity,NULL,NULL,NULL,4194304]
09-23 01:14:37.149 I/wm_pause_activity( 1489): [0,15010957,com.android.settings/.Settings,userLeaving=true,pauseBackTasks]
09-23 01:14:37.154 I/sysui_multi_action( 2232): [757,35,758,2,1089,576]
09-23 01:14:37.154 I/sysui_multi_action( 2232): [757,1018,758,2,1089,575]
09-23 01:14:37.154 I/wm_on_paused_called( 2232): [15010957,com.android.settings.Settings,performPause]
09-23 01:14:37.159 I/wm_add_to_stopping( 1489): [0,15010957,com.android.settings/.Settings,makeInvisible]
09-23 01:14:37.159 I/wm_restart_activity( 1489): [0,132636888,85,com.tencent.qqmusicpad/.activity.MainActivity]
09-23 01:14:37.160 I/wm_set_resumed_activity( 1489): [0,com.tencent.qqmusicpad/.activity.MainActivity,minimalResumeActivityLocked]
09-23 01:14:37.164 I/wm_finish_activity( 1489): [0,104389896,85,com.tencent.qqmusicpad/.activity.AppStarterActivity,app-request]
09-23 01:14:37.165 I/wm_destroy_activity( 1489): [0,104389896,85,com.tencent.qqmusicpad/.activity.AppStarterActivity,finish-imm:finishIfPossible]
09-23 01:14:37.174 I/sysui_multi_action( 1489): [757,803,799,window_time_0,802,0]
09-23 01:14:37.189 I/input_focus( 1489): [Focus leaving 456c4b5 com.android.settings/com.android.settings.Settings (server),reason=NO_WINDOW]
09-23 01:14:37.218 I/wm_on_create_called( 5075): [132636888,com.tencent.qqmusicpad.activity.MainActivity,performCreate]
09-23 01:14:37.229 I/wm_on_start_called( 5075): [132636888,com.tencent.qqmusicpad.activity.MainActivity,handleStartActivity]
09-23 01:14:37.238 I/wm_on_resume_called( 5075): [132636888,com.tencent.qqmusicpad.activity.MainActivity,RESUME_ACTIVITY]
09-23 01:14:37.245 I/wm_on_top_resumed_gained_called( 5075): [132636888,com.tencent.qqmusicpad.activity.MainActivity,topStateChangedWhenResumed]
09-23 01:14:37.248 I/wm_on_destroy_called( 5075): [104389896,com.tencent.qqmusicpad.activity.AppStarterActivity,performDestroy]
09-23 01:14:37.313 I/input_focus( 1489): [Focus request 94d99c6 com.tencent.qqmusicpad/com.tencent.qqmusicpad.activity.MainActivity,reason=UpdateInputWindows]
09-23 01:14:37.380 I/wm_activity_launch_time( 1489): [0,132636888,com.tencent.qqmusicpad/.activity.MainActivity,229]
09-23 01:14:37.389 I/input_focus( 1489): [Focus entering 94d99c6 com.tencent.qqmusicpad/com.tencent.qqmusicpad.activity.MainActivity (server),reason=Window became focusable. Previous reason: NOT_VISIBLE]
09-23 01:14:37.875 I/wm_stop_activity( 1489): [0,15010957,com.android.settings/.Settings]
09-23 01:14:37.914 I/wm_on_stop_called( 2232): [15010957,com.android.settings.Settings,STOP_ACTIVITY_ITEM]
09-23 01:14:38.019 I/am_uid_active( 1489): 10101
09-23 01:14:38.330 I/input_interaction( 1489): Interaction with: 94d99c6 com.tencent.qqmusicpad/com.tencent.qqmusicpad.activity.MainActivity (server), edge-swipe (server), swipe-up (server), PointerEventDispatcher0 (server),
09-23 01:14:38.353 I/view_enqueue_input_event( 5075): [Motion - Cancel,com.tencent.qqmusicpad/com.tencent.qqmusicpad.activity.MainActivity]
09-23 01:14:38.366 I/input_interaction( 1489): Interaction with: edge-swipe (server), swipe-up (server), PointerEventDispatcher0 (server),
09-23 01:14:38.519 I/sysui_multi_action( 1489): [757,803,799,key_back_press,802,1]
09-23 01:14:38.522 I/input_interaction( 1489): Interaction with: 94d99c6 com.tencent.qqmusicpad/com.tencent.qqmusicpad.activity.MainActivity (server), PointerEventDispatcher0 (server),
09-23 01:14:38.527 I/wm_finish_activity( 1489): [0,132636888,85,com.tencent.qqmusicpad/.activity.MainActivity,app-request]
09-23 01:14:38.527 I/wm_task_moved( 1489): [139,1,7]
09-23 01:14:38.528 I/wm_task_to_front( 1489): [0,139]
09-23 01:14:38.528 I/wm_focused_root_task( 1489): [0,0,139,85,finish-top adjustFocusToNextFocusableTask]
09-23 01:14:38.535 I/wm_pause_activity( 1489): [0,132636888,com.tencent.qqmusicpad/.activity.MainActivity,userLeaving=false,finish]
09-23 01:14:38.538 I/wm_on_top_resumed_lost_called( 5075): [132636888,com.tencent.qqmusicpad.activity.MainActivity,topStateChangedWhenResumed]
09-23 01:14:38.544 I/wm_on_paused_called( 5075): [132636888,com.tencent.qqmusicpad.activity.MainActivity,performPause]
09-23 01:14:38.545 I/wm_add_to_stopping( 1489): [0,132636888,com.tencent.qqmusicpad/.activity.MainActivity,completeFinishing]
09-23 01:14:38.548 I/wm_set_resumed_activity( 1489): [0,com.android.settings/.Settings,resumeTopActivityInnerLocked]
09-23 01:14:38.549 I/wm_resume_activity( 1489): [0,15010957,139,com.android.settings/.Settings]
09-23 01:14:38.559 I/sysui_multi_action( 1489): [757,803,799,window_time_0,802,2]
09-23 01:14:38.561 I/input_focus( 1489): [Focus leaving 94d99c6 com.tencent.qqmusicpad/com.tencent.qqmusicpad.activity.MainActivity (server),reason=NO_WINDOW]
09-23 01:14:38.568 I/wm_on_restart_called( 2232): [15010957,com.android.settings.Settings,performRestartActivity]
09-23 01:14:38.715 I/wm_on_start_called( 2232): [15010957,com.android.settings.Settings,handleStartActivity]
09-23 01:14:38.715 I/snet_event_log( 2232): [120484087,-1,]
09-23 01:14:38.715 I/wm_on_resume_called( 2232): [15010957,com.android.settings.Settings,RESUME_ACTIVITY]
09-23 01:14:38.715 I/sysui_multi_action( 2232): [757,35,758,1,833,0,1089,0]
09-23 01:14:38.716 I/sysui_multi_action( 2232): [757,1018,758,1,833,0,1089,0]
09-23 01:14:38.717 I/wm_on_top_resumed_gained_called( 2232): [15010957,com.android.settings.Settings,topWhenResuming]
09-23 01:14:38.722 I/input_focus( 1489): [Focus request 456c4b5 com.android.settings/com.android.settings.Settings,reason=UpdateInputWindows]
09-23 01:14:38.742 I/input_focus( 1489): [Focus entering 456c4b5 com.android.settings/com.android.settings.Settings (server),reason=setFocusedWindow]
09-23 01:14:39.232 I/wm_destroy_activity( 1489): [0,132636888,85,com.tencent.qqmusicpad/.activity.MainActivity,finish-imm:idle]
09-23 01:14:39.231 I/auditd ( 3555): type=1400 audit(0.0:36960): avc: denied { read } for comm="NativeThread" name="unix" dev="proc" ino=4026532289 scontext=u:r:untrusted_app_27:s0:c512,c768 tcontext=u:object_r:proc_net:s0 tclass=file permissive=0 app=com.alibaba.android.rimet
09-23 01:14:39.267 I/wm_on_stop_called( 5075): [132636888,com.tencent.qqmusicpad.activity.MainActivity,LIFECYCLER_STOP_ACTIVITY]
09-23 01:14:39.289 I/wm_on_destroy_called( 5075): [132636888,com.tencent.qqmusicpad.activity.MainActivity,performDestroy]
09-23 01:14:39.299 I/wm_task_removed( 1489): [85,removeChild:removeChild last r=ActivityRecord{7e7e0d8 u0 com.tencent.qqmusicpad/.activity.MainActivity t-1 f}} in t=Task{c98934c #85 type=standard A=10110:com.tencent.qqmusicpad U=0 visible=false mode=fullscreen translucent=true sz=0}]
09-23 01:14:39.299 I/wm_task_removed( 1489): [85,removeChild]
09-23 01:14:39.563 I/auditd ( 3555): type=1400 audit(0.0:36961): avc: denied { read } for comm="NativeThread" name="unix" dev="proc" ino=4026532289 scontext=u:r:untrusted_app_27:s0:c512,c768 tcontext=u:object_r:proc_net:s0 tclass=file permissive=0 app=com.alibaba.android.rimet
09-23 01:14:39.903 I/auditd ( 3555): type=1400 audit(0.0:36962): avc: denied { read } for comm="NativeThread" name="unix" dev="proc" ino=4026532289 scontext=u:r:untrusted_app_27:s0:c512,c768 tcontext=u:object_r:proc_net:s0 tclass=file permissive=0 app=com.alibaba.android.rimet
09-23 01:14:39.911 I/auditd ( 3555): type=1400 audit(0.0:36963): avc: denied { read } for comm="NativeThread" name="version" dev="proc" ino=4026532265 scontext=u:r:untrusted_app_27:s0:c512,c768 tcontext=u:object_r:proc_version:s0 tclass=file permissive=0 app=com.alibaba.android.rimet
09-23 01:14:39.915 I/auditd ( 3555): type=1400 audit(0.0:36964): avc: denied { ioctl } for comm="NativeThread" path="socket:[542879]" dev="sockfs" ino=542879 ioctlcmd=0x8927 scontext=u:r:untrusted_app_27:s0:c512,c768 tcontext=u:r:untrusted_app_27:s0:c512,c768 tclass=udp_socket permissive=0 app=com.alibaba.android.rimet
09-23 01:14:40.263 I/auditd ( 3555): type=1400 audit(0.0:36978): avc: denied { read } for comm="NativeThread" name="unix" dev="proc" ino=4026532289 scontext=u:r:untrusted_app_27:s0:c512,c768 tcontext=u:object_r:proc_net:s0 tclass=file permissive=0 app=com.alibaba.android.rimet
09-23 01:14:44.811 I/auditd ( 3555): type=1400 audit(0.0:36979): avc: denied { read } for comm="NativeThread" name="unix" dev="proc" ino=4026532289 scontext=u:r:untrusted_app_27:s0:c512,c768 tcontext=u:object_r:proc_net:s0 tclass=file permissive=0 app=com.alibaba.android.rimet
09-23 01:14:45.076 I/am_pss ( 1489): [5075,10110,com.tencent.qqmusicpad,54150144,32309248,0,168058880,0,4,11]
09-23 01:14:45.143 I/auditd ( 3555): type=1400 audit(0.0:36980): avc: denied { read } for comm="NativeThread" name="unix" dev="proc" ino=4026532289 scontext=u:r:untrusted_app_27:s0:c512,c768 tcontext=u:object_r:proc_net:s0 tclass=file permissive=0 app=com.alibaba.android.rimet
09-23 01:14:45.329 I/notification_enqueue( 1489): [10110,5160,com.tencent.qqmusicpad,1,NULL,0,Notification(channel=10000 shortcut=null contentView=null vibrate=null sound=null defaults=0x0 flags=0x40 color=0x00000000 vis=PRIVATE),0]
09-23 01:14:45.483 I/auditd ( 3555): type=1400 audit(0.0:36981): avc: denied { read } for comm="NativeThread" name="unix" dev="proc" ino=4026532289 scontext=u:r:untrusted_app_27:s0:c512,c768 tcontext=u:object_r:proc_net:s0 tclass=file permissive=0 app=com.alibaba.android.rimet
09-23 01:14:45.487 I/auditd ( 3555): type=1400 audit(0.0:36982): avc: denied { read } for comm="NativeThread" name="version" dev="proc" ino=4026532265 scontext=u:r:untrusted_app_27:s0:c512,c768 tcontext=u:object_r:proc_version:s0 tclass=file permissive=0 app=com.alibaba.android.rimet
09-23 01:14:45.491 I/auditd ( 3555): type=1400 audit(0.0:36983): avc: denied { ioctl } for comm="NativeThread" path="socket:[541505]" dev="sockfs" ino=541505 ioctlcmd=0x8927 scontext=u:r:untrusted_app_27:s0:c512,c768 tcontext=u:r:untrusted_app_27:s0:c512,c768 tclass=udp_socket permissive=0 app=com.alibaba.android.rimet
09-23 01:14:45.491 I/auditd ( 3555): type=1400 audit(0.0:36984): avc: denied { ioctl } for comm="NativeThread" path="socket:[541505]" dev="sockfs" ino=541505 ioctlcmd=0x8927 scontext=u:r:untrusted_app_27:s0:c512,c768 tcontext=u:r:untrusted_app_27:s0:c512,c768 tclass=udp_socket permissive=0 app=com.alibaba.android.rimet
09-23 01:14:45.491 I/auditd ( 3555): type=1400 audit(0.0:36985): avc: denied { ioctl } for comm="NativeThread" path="socket:[541505]" dev="sockfs" ino=541505 ioctlcmd=0x8927 scontext=u:r:untrusted_app_27:s0:c512,c768 tcontext=u:r:untrusted_app_27:s0:c512,c768 tclass=udp_socket permissive=0 app=com.alibaba.android.rimet
09-23 01:14:45.491 I/auditd ( 3555): type=1400 audit(0.0:36986): avc: denied { ioctl } for comm="NativeThread" path="socket:[541505]" dev="sockfs" ino=541505 ioctlcmd=0x8927 scontext=u:r:untrusted_app_27:s0:c512,c768 tcontext=u:r:untrusted_app_27:s0:c512,c768 tclass=udp_socket permissive=0 app=com.alibaba.android.rimet
09-23 01:14:45.491 I/auditd ( 3555): type=1400 audit(0.0:36987): avc: denied { ioctl } for comm="NativeThread" path="socket:[541505]" dev="sockfs" ino=541505 ioctlcmd=0x8927 scontext=u:r:untrusted_app_27:s0:c512,c768 tcontext=u:r:untrusted_app_27:s0:c512,c768 tclass=udp_socket permissive=0 app=com.alibaba.android.rimet
09-23 01:14:45.532 I/sysui_multi_action( 1489): [757,1501,758,1,793,203,794,0,795,203,796,1,806,com.tencent.qqmusicpad,857,10000,858,2,947,0,1500,0,1688,1]
09-23 01:14:45.532 I/sysui_multi_action( 1489): [757,804,799,note_interruptive,801,0,802,1]
09-23 01:14:50.455 I/auditd ( 3555): type=1400 audit(0.0:36998): avc: denied { read } for comm="NativeThread" name="unix" dev="proc" ino=4026532289 scontext=u:r:untrusted_app_27:s0:c512,c768 tcontext=u:object_r:proc_net:s0 tclass=file permissive=0 app=com.alibaba.android.rimet
09-23 01:14:50.855 I/auditd ( 3555): type=1400 audit(0.0:36999): avc: denied { read } for comm="NativeThread" name="unix" dev="proc" ino=4026532289 scontext=u:r:untrusted_app_27:s0:c512,c768 tcontext=u:object_r:proc_net:s0 tclass=file permissive=0 app=com.alibaba.android.rimet
09-23 01:14:51.015 I/auditd (13805): type=1400 audit(0.0:37000): avc: denied { getattr } for comm="[GT]HotPool#1" path="/sys/kernel/tracing/trace_marker" dev="tracefs" ino=11325 scontext=u:r:untrusted_app_29:s0:c105,c256,c512,c768 tcontext=u:object_r:debugfs_trace_marker:s0 tclass=file permissive=0 app=com.tencent.mm
09-23 01:14:51.199 I/auditd ( 3555): type=1400 audit(0.0:37001): avc: denied { read } for comm="NativeThread" name="unix" dev="proc" ino=4026532289 scontext=u:r:untrusted_app_27:s0:c512,c768 tcontext=u:object_r:proc_net:s0 tclass=file permissive=0 app=com.alibaba.android.rimet
09-23 01:14:51.203 I/auditd ( 3555): type=1400 audit(0.0:37002): avc: denied { read } for comm="NativeThread" name="version" dev="proc" ino=4026532265 scontext=u:r:untrusted_app_27:s0:c512,c768 tcontext=u:object_r:proc_version:s0 tclass=file permissive=0 app=com.alibaba.android.rimet
09-23 01:14:51.587 I/auditd ( 3555): type=1400 audit(0.0:37017): avc: denied { read } for comm="NativeThread" name="unix" dev="proc" ino=4026532289 scontext=u:r:untrusted_app_27:s0:c512,c768 tcontext=u:object_r:proc_net:s0 tclass=file permissive=0 app=com.alibaba.android.rimet
09-23 01:14:55.939 I/auditd ( 3707): type=1400 audit(0.0:37018): avc: denied { read } for comm=5468726561642D32202D2031333733 name="tcp" dev="proc" ino=4026532283 scontext=u:r:untrusted_app_29:s0:c108,c256,c512,c768 tcontext=u:object_r:proc_net_tcp_udp:s0 tclass=file permissive=0 app=com.smile.gifmaker
09-23 01:14:56.179 I/auditd ( 3555): type=1400 audit(0.0:37019): avc: denied { read } for comm="NativeThread" name="unix" dev="proc" ino=4026532289 scontext=u:r:untrusted_app_27:s0:c512,c768 tcontext=u:object_r:proc_net:s0 tclass=file permissive=0 app=com.alibaba.android.rimet
09-23 01:14:56.591 I/auditd ( 3555): type=1400 audit(0.0:37020): avc: denied { read } for comm="NativeThread" name="unix" dev="proc" ino=4026532289 scontext=u:r:untrusted_app_27:s0:c512,c768 tcontext=u:object_r:proc_net:s0 tclass=file permissive=0 app=com.alibaba.android.rimet
09-23 01:14:57.023 I/auditd ( 3555): type=1400 audit(0.0:37021): avc: denied { read } for comm="NativeThread" name="unix" dev="proc" ino=4026532289 scontext=u:r:untrusted_app_27:s0:c512,c768 tcontext=u:object_r:proc_net:s0 tclass=file permissive=0 app=com.alibaba.android.rimet
09-23 01:14:57.027 I/auditd ( 3555): type=1400 audit(0.0:37022): avc: denied { read } for comm="NativeThread" name="version" dev="proc" ino=4026532265 scontext=u:r:untrusted_app_27:s0:c512,c768 tcontext=u:object_r:proc_version:s0 tclass=file permissive=0 app=com.alibaba.android.rimet
09-23 01:14:57.031 I/auditd ( 3555): type=1400 audit(0.0:37023): avc: denied { ioctl } for comm="NativeThread" path="socket:[543056]" dev="sockfs" ino=543056 ioctlcmd=0x8927 scontext=u:r:untrusted_app_27:s0:c512,c768 tcontext=u:r:untrusted_app_27:s0:c512,c768 tclass=udp_socket permissive=0 app=com.alibaba.android.rimet
09-23 01:14:57.031 I/auditd ( 3555): type=1400 audit(0.0:37024): avc: denied { ioctl } for comm="NativeThread" path="socket:[543056]" dev="sockfs" ino=543056 ioctlcmd=0x8927 scontext=u:r:untrusted_app_27:s0:c512,c768 tcontext=u:r:untrusted_app_27:s0:c512,c768 tclass=udp_socket permissive=0 app=com.alibaba.android.rimet
09-23 01:14:57.031 I/auditd ( 3555): type=1400 audit(0.0:37025): avc: denied { ioctl } for comm="NativeThread" path="socket:[543056]" dev="sockfs" ino=543056 ioctlcmd=0x8927 scontext=u:r:untrusted_app_27:s0:c512,c768 tcontext=u:r:untrusted_app_27:s0:c512,c768 tclass=udp_socket permissive=0 app=com.alibaba.android.rimet
09-23 01:14:57.031 I/auditd ( 3555): type=1400 audit(0.0:37026): avc: denied { ioctl } for comm="NativeThread" path="socket:[543056]" dev="sockfs" ino=543056 ioctlcmd=0x8927 scontext=u:r:untrusted_app_27:s0:c512,c768 tcontext=u:r:untrusted_app_27:s0:c512,c768 tclass=udp_socket permissive=0 app=com.alibaba.android.rimet
09-23 01:14:58.795 I/am_pss ( 1489): [5075,10110,com.tencent.qqmusicpad,54235136,32481280,0,168230912,0,4,14]
09-23 01:14:58.808 I/am_pss ( 1489): [5160,10110,com.tencent.qqmusicpad:QQPlayerService,33029120,16187392,0,125374464,0,4,10]
09-23 01:14:58.816 I/am_pss ( 1489): [4885,10088,com.qualcomm.qti.qccauthmgr,7046144,4276224,0,95473664,0,19,7]
09-23 01:14:58.815 I/auditd ( 4190): type=1400 audit(0.0:37038): avc: denied { read } for comm="pool-2-thread-6" name="tcp" dev="proc" ino=4026532283 scontext=u:r:untrusted_app_29:s0:c108,c256,c512,c768 tcontext=u:object_r:proc_net_tcp_udp:s0 tclass=file permissive=0 app=com.smile.gifmaker
09-23 01:15:01.955 I/auditd ( 3555): type=1400 audit(0.0:37039): avc: denied { read } for comm="NativeThread" name="unix" dev="proc" ino=4026532289 scontext=u:r:untrusted_app_27:s0:c512,c768 tcontext=u:object_r:proc_net:s0 tclass=file permissive=0 app=com.alibaba.android.rimet
09-23 01:15:02.355 I/auditd ( 3555): type=1400 audit(0.0:37040): avc: denied { read } for comm="NativeThread" name="unix" dev="proc" ino=4026532289 scontext=u:r:untrusted_app_27:s0:c512,c768 tcontext=u:object_r:proc_net:s0 tclass=file permissive=0 app=com.alibaba.android.rimet
09-23 01:15:02.795 I/auditd ( 3555): type=1400 audit(0.0:37041): avc: denied { read } for comm="NativeThread" name="unix" dev="proc" ino=4026532289 scontext=u:r:untrusted_app_27:s0:c512,c768 tcontext=u:object_r:proc_net:s0 tclass=file permissive=0 app=com.alibaba.android.rimet
09-23 01:15:02.803 I/auditd ( 3555): type=1400 audit(0.0:37042): avc: denied { read } for comm="NativeThread" name="version" dev="proc" ino=4026532265 scontext=u:r:untrusted_app_27:s0:c512,c768 tcontext=u:object_r:proc_version:s0 tclass=file permissive=0 app=com.alibaba.android.rimet
09-23 01:15:02.807 I/auditd ( 3555): type=1400 audit(0.0:37043): avc: denied { ioctl } for comm="NativeThread" path="socket:[542583]" dev="sockfs" ino=542583 ioctlcmd=0x8927 scontext=u:r:untrusted_app_27:s0:c512,c768 tcontext=u:r:untrusted_app_27:s0:c512,c768 tclass=udp_socket permissive=0 app=com.alibaba.android.rimet
09-23 01:15:02.807 I/auditd ( 3555): type=1400 audit(0.0:37044): avc: denied { ioctl } for comm="NativeThread" path="socket:[542583]" dev="sockfs" ino=542583 ioctlcmd=0x8927 scontext=u:r:untrusted_app_27:s0:c512,c768 tcontext=u:r:untrusted_app_27:s0:c512,c768 tclass=udp_socket permissive=0 app=com.alibaba.android.rimet
09-23 01:15:02.807 I/auditd ( 3555): type=1400 audit(0.0:37045): avc: denied { ioctl } for comm="NativeThread" path="socket:[542583]" dev="sockfs" ino=542583 ioctlcmd=0x8927 scontext=u:r:untrusted_app_27:s0:c512,c768 tcontext=u:r:untrusted_app_27:s0:c512,c768 tclass=udp_socket permissive=0 app=com.alibaba.android.rimet
09-23 01:15:02.807 I/auditd ( 3555): type=1400 audit(0.0:37046): avc: denied { ioctl } for comm="NativeThread" path="socket:[542583]" dev="sockfs" ino=542583 ioctlcmd=0x8927 scontext=u:r:untrusted_app_27:s0:c512,c768 tcontext=u:r:untrusted_app_27:s0:c512,c768 tclass=udp_socket permissive=0 app=com.alibaba.android.rimet
09-23 01:15:02.807 I/auditd ( 3555): type=1400 audit(0.0:37047): avc: denied { ioctl } for comm="NativeThread" path="socket:[542583]" dev="sockfs" ino=542583 ioctlcmd=0x8927 scontext=u:r:untrusted_app_27:s0:c512,c768 tcontext=u:r:untrusted_app_27:s0:c512,c768 tclass=udp_socket permissive=0 app=com.alibaba.android.rimet
09-23 01:15:07.799 I/auditd ( 3555): type=1400 audit(0.0:37058): avc: denied { read } for comm="NativeThread" name="unix" dev="proc" ino=4026532289 scontext=u:r:untrusted_app_27:s0:c512,c768 tcontext=u:object_r:proc_net:s0 tclass=file permissive=0 app=com.alibaba.android.rimet
09-23 01:15:08.155 I/auditd ( 3555): type=1400 audit(0.0:37059): avc: denied { read } for comm="NativeThread" name="unix" dev="proc" ino=4026532289 scontext=u:r:untrusted_app_27:s0:c512,c768 tcontext=u:object_r:proc_net:s0 tclass=file permissive=0 app=com.alibaba.android.rimet
09-23 01:15:08.527 I/auditd ( 3555): type=1400 audit(0.0:37060): avc: denied { read } for comm="NativeThread" name="unix" dev="proc" ino=4026532289 scontext=u:r:untrusted_app_27:s0:c512,c768 tcontext=u:object_r:proc_net:s0 tclass=file permissive=0 app=com.alibaba.android.rimet
09-23 01:15:08.531 I/auditd ( 3555): type=1400 audit(0.0:37061): avc: denied { read } for comm="NativeThread" name="version" dev="proc" ino=4026532265 scontext=u:r:untrusted_app_27:s0:c512,c768 tcontext=u:object_r:proc_version:s0 tclass=file permissive=0 app=com.alibaba.android.rimet
09-23 01:15:08.531 I/auditd ( 3555): type=1400 audit(0.0:37062): avc: denied { ioctl } for comm="NativeThread" path="socket:[540433]" dev="sockfs" ino=540433 ioctlcmd=0x8927 scontext=u:r:untrusted_app_27:s0:c512,c768 tcontext=u:r:untrusted_app_27:s0:c512,c768 tclass=udp_socket permissive=0 app=com.alibaba.android.rimet
09-23 01:15:08.951 I/auditd ( 3555): type=1400 audit(0.0:37076): avc: denied { read } for comm="NativeThread" name="unix" dev="proc" ino=4026532289 scontext=u:r:untrusted_app_27:s0:c512,c768 tcontext=u:object_r:proc_net:s0 tclass=file permissive=0 app=com.alibaba.android.rimet
09-23 01:15:11.215 I/auditd (14035): type=1400 audit(0.0:37077): avc: denied { getattr } for comm="[GT]HotPool#6" path="/sys/kernel/tracing/trace_marker" dev="tracefs" ino=11325 scontext=u:r:untrusted_app_29:s0:c105,c256,c512,c768 tcontext=u:object_r:debugfs_trace_marker:s0 tclass=file permissive=0 app=com.tencent.mm
09-23 01:15:11.363 I/auditd (14035): type=1400 audit(0.0:37078): avc: denied { read } for comm="mars::5434" name="route" dev="proc" ino=4026532275 scontext=u:r:untrusted_app_29:s0:c105,c256,c512,c768 tcontext=u:object_r:proc_net:s0 tclass=file permissive=0 app=com.tencent.mm
09-23 01:15:11.363 I/auditd (14035): type=1400 audit(0.0:37079): avc: granted { nlmsg_readpriv } for comm="mars::5434" scontext=u:r:untrusted_app_29:s0:c105,c256,c512,c768 tcontext=u:r:untrusted_app_29:s0:c105,c256,c512,c768 tclass=netlink_route_socket app=com.tencent.mm
09-23 01:15:11.363 I/auditd (14035): type=1400 audit(0.0:37080): avc: granted { nlmsg_readpriv } for comm="mars::5434" scontext=u:r:untrusted_app_29:s0:c105,c256,c512,c768 tcontext=u:r:untrusted_app_29:s0:c105,c256,c512,c768 tclass=netlink_route_socket app=com.tencent.mm
09-23 01:15:11.383 I/auditd ( 5442): type=1400 audit(0.0:37081): avc: granted { bind } for comm="ip" scontext=u:r:untrusted_app_29:s0:c105,c256,c512,c768 tcontext=u:r:untrusted_app_29:s0:c105,c256,c512,c768 tclass=netlink_route_socket app=com.tencent.mm
09-23 01:15:13.583 I/auditd ( 3555): type=1400 audit(0.0:37082): avc: denied { read } for comm="NativeThread" name="unix" dev="proc" ino=4026532289 scontext=u:r:untrusted_app_27:s0:c512,c768 tcontext=u:object_r:proc_net:s0 tclass=file permissive=0 app=com.alibaba.android.rimet
09-23 01:15:13.931 I/auditd ( 3555): type=1400 audit(0.0:37083): avc: denied { read } for comm="NativeThread" name="unix" dev="proc" ino=4026532289 scontext=u:r:untrusted_app_27:s0:c512,c768 tcontext=u:object_r:proc_net:s0 tclass=file permissive=0 app=com.alibaba.android.rimet
09-23 01:15:14.223 I/auditd ( 3555): type=1400 audit(0.0:37084): avc: denied { read } for comm="NativeThread" name="unix" dev="proc" ino=4026532289 scontext=u:r:untrusted_app_27:s0:c512,c768 tcontext=u:object_r:proc_net:s0 tclass=file permissive=0 app=com.alibaba.android.rimet
09-23 01:15:14.227 I/auditd ( 3555): type=1400 audit(0.0:37085): avc: denied { read } for comm="NativeThread" name="version" dev="proc" ino=4026532265 scontext=u:r:untrusted_app_27:s0:c512,c768 tcontext=u:object_r:proc_version:s0 tclass=file permissive=0 app=com.alibaba.android.rimet
09-23 01:15:14.231 I/auditd ( 3555): type=1400 audit(0.0:37086): avc: denied { ioctl } for comm="NativeThread" path="socket:[546870]" dev="sockfs" ino=546870 ioctlcmd=0x8927 scontext=u:r:untrusted_app_27:s0:c512,c768 tcontext=u:r:untrusted_app_27:s0:c512,c768 tclass=udp_socket permissive=0 app=com.alibaba.android.rimet
09-23 01:15:14.231 I/auditd ( 3555): type=1400 audit(0.0:37087): avc: denied { ioctl } for comm="NativeThread" path="socket:[546870]" dev="sockfs" ino=546870 ioctlcmd=0x8927 scontext=u:r:untrusted_app_27:s0:c512,c768 tcontext=u:r:untrusted_app_27:s0:c512,c768 tclass=udp_socket permissive=0 app=com.alibaba.android.rimet
09-23 01:15:14.231 I/auditd ( 3555): type=1400 audit(0.0:37088): avc: denied { ioctl } for comm="NativeThread" path="socket:[546870]" dev="sockfs" ino=546870 ioctlcmd=0x8927 scontext=u:r:untrusted_app_27:s0:c512,c768 tcontext=u:r:untrusted_app_27:s0:c512,c768 tclass=udp_socket permissive=0 app=com.alibaba.android.rimet
09-23 01:15:14.231 I/auditd ( 3555): type=1400 audit(0.0:37089): avc: denied { ioctl } for comm="NativeThread" path="socket:[546870]" dev="sockfs" ino=546870 ioctlcmd=0x8927 scontext=u:r:untrusted_app_27:s0:c512,c768 tcontext=u:r:untrusted_app_27:s0:c512,c768 tclass=udp_socket permissive=0 app=com.alibaba.android.rimet
09-23 01:15:14.231 I/auditd ( 3555): type=1400 audit(0.0:37090): avc: denied { ioctl } for comm="NativeThread" path="socket:[546870]" dev="sockfs" ino=546870 ioctlcmd=0x8927 scontext=u:r:untrusted_app_27:s0:c512,c768 tcontext=u:r:untrusted_app_27:s0:c512,c768 tclass=udp_socket permissive=0 app=com.alibaba.android.rimet
09-23 01:15:16.921 I/am_uid_idle( 1489): 10088
09-23 01:15:19.207 I/auditd ( 3555): type=1400 audit(0.0:37101): avc: denied { read } for comm="NativeThread" name="unix" dev="proc" ino=4026532289 scontext=u:r:untrusted_app_27:s0:c512,c768 tcontext=u:object_r:proc_net:s0 tclass=file permissive=0 app=com.alibaba.android.rimet
09-23 01:15:19.563 I/auditd ( 3555): type=1400 audit(0.0:37102): avc: denied { read } for comm="NativeThread" name="unix" dev="proc" ino=4026532289 scontext=u:r:untrusted_app_27:s0:c512,c768 tcontext=u:object_r:proc_net:s0 tclass=file permissive=0 app=com.alibaba.android.rimet
09-23 01:15:19.951 I/auditd ( 3555): type=1400 audit(0.0:37103): avc: denied { read } for comm="NativeThread" name="unix" dev="proc" ino=4026532289 scontext=u:r:untrusted_app_27:s0:c512,c768 tcontext=u:object_r:proc_net:s0 tclass=file permissive=0 app=com.alibaba.android.rimet
09-23 01:15:19.959 I/auditd ( 3555): type=1400 audit(0.0:37104): avc: denied { read } for comm="NativeThread" name="version" dev="proc" ino=4026532265 scontext=u:r:untrusted_app_27:s0:c512,c768 tcontext=u:object_r:proc_version:s0 tclass=file permissive=0 app=com.alibaba.android.rimet
09-23 01:15:19.963 I/auditd ( 3555): type=1400 audit(0.0:37105): avc: denied { ioctl } for comm="NativeThread" path="socket:[540562]" dev="sockfs" ino=540562 ioctlcmd=0x8927 scontext=u:r:untrusted_app_27:s0:c512,c768 tcontext=u:r:untrusted_app_27:s0:c512,c768 tclass=udp_socket permissive=0 app=com.alibaba.android.rimet
09-23 01:15:20.327 I/auditd ( 3555): type=1400 audit(0.0:37119): avc: denied { read } for comm="NativeThread" name="unix" dev="proc" ino=4026532289 scontext=u:r:untrusted_app_27:s0:c512,c768 tcontext=u:object_r:proc_net:s0 tclass=file permissive=0 app=com.alibaba.android.rimet
09-23 01:15:23.643 I/auditd ( 3755): type=1400 audit(0.0:37120): avc: granted { nlmsg_readpriv } for comm="DaemonThread-6" scontext=u:r:untrusted_app_27:s0:c512,c768 tcontext=u:r:untrusted_app_27:s0:c512,c768 tclass=netlink_route_socket app=com.alibaba.android.rimet
09-23 01:15:24.307 I/auditd ( 3755): type=1400 audit(0.0:37121): avc: granted { nlmsg_readpriv } for comm="DaemonThread-6" scontext=u:r:untrusted_app_27:s0:c512,c768 tcontext=u:r:untrusted_app_27:s0:c512,c768 tclass=netlink_route_socket app=com.alibaba.android.rimet
09-23 01:15:24.947 I/auditd ( 3555): type=1400 audit(0.0:37122): avc: denied { read } for comm="NativeThread" name="unix" dev="proc" ino=4026532289 scontext=u:r:untrusted_app_27:s0:c512,c768 tcontext=u:object_r:proc_net:s0 tclass=file permissive=0 app=com.alibaba.android.rimet
09-23 01:15:25.307 I/auditd ( 3555): type=1400 audit(0.0:37123): avc: denied { read } for comm="NativeThread" name="unix" dev="proc" ino=4026532289 scontext=u:r:untrusted_app_27:s0:c512,c768 tcontext=u:object_r:proc_net:s0 tclass=file permissive=0 app=com.alibaba.android.rimet
09-23 01:15:25.691 I/auditd ( 3555): type=1400 audit(0.0:37124): avc: denied { read } for comm="NativeThread" name="unix" dev="proc" ino=4026532289 scontext=u:r:untrusted_app_27:s0:c512,c768 tcontext=u:object_r:proc_net:s0 tclass=file permissive=0 app=com.alibaba.android.rimet
09-23 01:15:25.695 I/auditd ( 3555): type=1400 audit(0.0:37125): avc: denied { read } for comm="NativeThread" name="version" dev="proc" ino=4026532265 scontext=u:r:untrusted_app_27:s0:c512,c768 tcontext=u:object_r:proc_version:s0 tclass=file permissive=0 app=com.alibaba.android.rimet
09-23 01:15:25.699 I/auditd ( 3555): type=1400 audit(0.0:37126): avc: denied { ioctl } for comm="NativeThread" path="socket:[546232]" dev="sockfs" ino=546232 ioctlcmd=0x8927 scontext=u:r:untrusted_app_27:s0:c512,c768 tcontext=u:r:untrusted_app_27:s0:c512,c768 tclass=udp_socket permissive=0 app=com.alibaba.android.rimet
09-23 01:15:25.699 I/auditd ( 3555): type=1400 audit(0.0:37127): avc: denied { ioctl } for comm="NativeThread" path="socket:[546232]" dev="sockfs" ino=546232 ioctlcmd=0x8927 scontext=u:r:untrusted_app_27:s0:c512,c768 tcontext=u:r:untrusted_app_27:s0:c512,c768 tclass=udp_socket permissive=0 app=com.alibaba.android.rimet
09-23 01:15:25.699 I/auditd ( 3555): type=1400 audit(0.0:37128): avc: denied { ioctl } for comm="NativeThread" path="socket:[546232]" dev="sockfs" ino=546232 ioctlcmd=0x8927 scontext=u:r:untrusted_app_27:s0:c512,c768 tcontext=u:r:untrusted_app_27:s0:c512,c768 tclass=udp_socket permissive=0 app=com.alibaba.android.rimet
09-23 01:15:29.219 I/auditd ( 3555): type=1400 audit(0.0:37141): avc: granted { nlmsg_readpriv } for comm="DaemonThread-6" scontext=u:r:untrusted_app_27:s0:c512,c768 tcontext=u:r:untrusted_app_27:s0:c512,c768 tclass=netlink_route_socket app=com.alibaba.android.rimet
09-23 01:15:30.191 I/auditd ( 3555): type=1400 audit(0.0:37142): avc: granted { nlmsg_readpriv } for comm="DaemonThread-6" scontext=u:r:untrusted_app_27:s0:c512,c768 tcontext=u:r:untrusted_app_27:s0:c512,c768 tclass=netlink_route_socket app=com.alibaba.android.rimet
09-23 01:15:30.639 I/auditd ( 3555): type=1400 audit(0.0:37143): avc: denied { read } for comm="NativeThread" name="unix" dev="proc" ino=4026532289 scontext=u:r:untrusted_app_27:s0:c512,c768 tcontext=u:object_r:proc_net:s0 tclass=file permissive=0 app=com.alibaba.android.rimet
09-23 01:15:31.043 I/auditd ( 3555): type=1400 audit(0.0:37144): avc: denied { read } for comm="NativeThread" name="unix" dev="proc" ino=4026532289 scontext=u:r:untrusted_app_27:s0:c512,c768 tcontext=u:object_r:proc_net:s0 tclass=file permissive=0 app=com.alibaba.android.rimet
09-23 01:15:31.387 I/auditd ( 3555): type=1400 audit(0.0:37145): avc: denied { read } for comm="NativeThread" name="unix" dev="proc" ino=4026532289 scontext=u:r:untrusted_app_27:s0:c512,c768 tcontext=u:object_r:proc_net:s0 tclass=file permissive=0 app=com.alibaba.android.rimet
09-23 01:15:31.391 I/auditd ( 3555): type=1400 audit(0.0:37146): avc: denied { read } for comm="NativeThread" name="version" dev="proc" ino=4026532265 scontext=u:r:untrusted_app_27:s0:c512,c768 tcontext=u:object_r:proc_version:s0 tclass=file permissive=0 app=com.alibaba.android.rimet
09-23 01:15:31.395 I/auditd ( 3555): type=1400 audit(0.0:37147): avc: denied { ioctl } for comm="NativeThread" path="socket:[546361]" dev="sockfs" ino=546361 ioctlcmd=0x8927 scontext=u:r:untrusted_app_27:s0:c512,c768 tcontext=u:r:untrusted_app_27:s0:c512,c768 tclass=udp_socket permissive=0 app=com.alibaba.android.rimet
09-23 01:15:31.395 I/auditd ( 3555): type=1400 audit(0.0:37148): avc: denied { ioctl } for comm="NativeThread" path="socket:[546361]" dev="sockfs" ino=546361 ioctlcmd=0x8927 scontext=u:r:untrusted_app_27:s0:c512,c768 tcontext=u:r:untrusted_app_27:s0:c512,c768 tclass=udp_socket permissive=0 app=com.alibaba.android.rimet
09-23 01:15:31.395 I/auditd ( 3555): type=1400 audit(0.0:37149): avc: denied { ioctl } for comm="NativeThread" path="socket:[546361]" dev="sockfs" ino=546361 ioctlcmd=0x8927 scontext=u:r:untrusted_app_27:s0:c512,c768 tcontext=u:r:untrusted_app_27:s0:c512,c768 tclass=udp_socket permissive=0 app=com.alibaba.android.rimet
09-23 01:15:31.395 I/auditd ( 3555): type=1400 audit(0.0:37150): avc: denied { ioctl } for comm="NativeThread" path="socket:[546361]" dev="sockfs" ino=546361 ioctlcmd=0x8927 scontext=u:r:untrusted_app_27:s0:c512,c768 tcontext=u:r:untrusted_app_27:s0:c512,c768 tclass=udp_socket permissive=0 app=com.alibaba.android.rimet
09-23 01:15:31.523 I/sysui_multi_action( 1489): [757,1696,758,6,759,2]
09-23 01:15:31.537 I/am_wtf ( 1489): [0,1489,system_server,-1,DisplayDeviceConfig,requesting nits when no mapping exists.]
09-23 01:15:31.540 I/am_wtf ( 1489): [0,1489,system_server,-1,DisplayDeviceConfig,requesting nits when no mapping exists.]
09-23 01:15:31.555 I/am_wtf ( 1489): [0,1489,system_server,-1,DisplayDeviceConfig,requesting nits when no mapping exists.]
09-23 01:15:31.557 I/am_wtf ( 1489): [0,1489,system_server,-1,DisplayDeviceConfig,requesting nits when no mapping exists.]
09-23 01:15:31.569 I/am_wtf ( 1489): [0,1489,system_server,-1,DisplayDeviceConfig,requesting nits when no mapping exists.]
09-23 01:15:31.570 I/am_wtf ( 1489): [0,1489,system_server,-1,DisplayDeviceConfig,requesting nits when no mapping exists.]
09-23 01:15:31.586 I/am_wtf ( 1489): [0,1489,system_server,-1,DisplayDeviceConfig,requesting nits when no mapping exists.]
09-23 01:15:31.587 I/am_wtf ( 1489): [0,1489,system_server,-1,DisplayDeviceConfig,requesting nits when no mapping exists.]
09-23 01:15:31.602 I/am_wtf ( 1489): [0,1489,system_server,-1,DisplayDeviceConfig,requesting nits when no mapping exists.]
09-23 01:15:31.602 I/am_wtf ( 1489): [0,1489,system_server,-1,DisplayDeviceConfig,requesting nits when no mapping exists.]
09-23 01:15:31.622 I/am_wtf ( 1489): [0,1489,system_server,-1,DisplayDeviceConfig,requesting nits when no mapping exists.]
09-23 01:15:31.623 I/am_wtf ( 1489): [0,1489,system_server,-1,DisplayDeviceConfig,requesting nits when no mapping exists.]
09-23 01:15:31.635 I/am_wtf ( 1489): [0,1489,system_server,-1,DisplayDeviceConfig,requesting nits when no mapping exists.]
09-23 01:15:31.635 I/am_wtf ( 1489): [0,1489,system_server,-1,DisplayDeviceConfig,requesting nits when no mapping exists.]
09-23 01:15:31.656 I/am_wtf ( 1489): [0,1489,system_server,-1,DisplayDeviceConfig,requesting nits when no mapping exists.]
09-23 01:15:31.657 I/am_wtf ( 1489): [0,1489,system_server,-1,DisplayDeviceConfig,requesting nits when no mapping exists.]
09-23 01:15:31.669 I/am_wtf ( 1489): [0,1489,system_server,-1,DisplayDeviceConfig,requesting nits when no mapping exists.]
09-23 01:15:31.669 I/service_manager_stats( 1489): [100,57,96168]
09-23 01:15:31.669 I/am_wtf ( 1489): [0,1489,system_server,-1,DisplayDeviceConfig,requesting nits when no mapping exists.]
09-23 01:15:31.686 I/am_wtf ( 1489): [0,1489,system_server,-1,DisplayDeviceConfig,requesting nits when no mapping exists.]
09-23 01:15:31.686 I/am_wtf ( 1489): [0,1489,system_server,-1,DisplayDeviceConfig,requesting nits when no mapping exists.]
09-23 01:15:31.705 I/am_wtf ( 1489): [0,1489,system_server,-1,DisplayDeviceConfig,requesting nits when no mapping exists.]
09-23 01:15:31.706 I/am_wtf ( 1489): [0,1489,system_server,-1,DisplayDeviceConfig,requesting nits when no mapping exists.]
09-23 01:15:31.719 I/am_wtf ( 1489): [0,1489,system_server,-1,DisplayDeviceConfig,requesting nits when no mapping exists.]
09-23 01:15:31.719 I/am_wtf ( 1489): [0,1489,system_server,-1,DisplayDeviceConfig,requesting nits when no mapping exists.]
09-23 01:15:31.739 I/am_wtf ( 1489): [0,1489,system_server,-1,DisplayDeviceConfig,requesting nits when no mapping exists.]
09-23 01:15:31.740 I/am_wtf ( 1489): [0,1489,system_server,-1,DisplayDeviceConfig,requesting nits when no mapping exists.]
09-23 01:15:31.756 I/am_wtf ( 1489): [0,1489,system_server,-1,DisplayDeviceConfig,requesting nits when no mapping exists.]
09-23 01:15:31.756 I/am_wtf ( 1489): [0,1489,system_server,-1,DisplayDeviceConfig,requesting nits when no mapping exists.]
09-23 01:15:31.772 I/am_wtf ( 1489): [0,1489,system_server,-1,DisplayDeviceConfig,requesting nits when no mapping exists.]
09-23 01:15:31.772 I/am_wtf ( 1489): [0,1489,system_server,-1,DisplayDeviceConfig,requesting nits when no mapping exists.]
09-23 01:15:31.789 I/am_wtf ( 1489): [0,1489,system_server,-1,DisplayDeviceConfig,requesting nits when no mapping exists.]
09-23 01:15:31.789 I/am_wtf ( 1489): [0,1489,system_server,-1,DisplayDeviceConfig,requesting nits when no mapping exists.]
09-23 01:15:31.805 I/am_wtf ( 1489): [0,1489,system_server,-1,DisplayDeviceConfig,requesting nits when no mapping exists.]
09-23 01:15:31.806 I/am_wtf ( 1489): [0,1489,system_server,-1,DisplayDeviceConfig,requesting nits when no mapping exists.]
09-23 01:15:31.819 I/am_wtf ( 1489): [0,1489,system_server,-1,DisplayDeviceConfig,requesting nits when no mapping exists.]
09-23 01:15:31.820 I/am_wtf ( 1489): [0,1489,system_server,-1,DisplayDeviceConfig,requesting nits when no mapping exists.]
09-23 01:15:31.837 I/am_wtf ( 1489): [0,1489,system_server,-1,DisplayDeviceConfig,requesting nits when no mapping exists.]
09-23 01:15:31.837 I/am_wtf ( 1489): [0,1489,system_server,-1,DisplayDeviceConfig,requesting nits when no mapping exists.]
09-23 01:15:31.853 I/am_wtf ( 1489): [0,1489,system_server,-1,DisplayDeviceConfig,requesting nits when no mapping exists.]
09-23 01:15:31.854 I/am_wtf ( 1489): [0,1489,system_server,-1,DisplayDeviceConfig,requesting nits when no mapping exists.]
09-23 01:15:31.875 I/am_wtf ( 1489): [0,1489,system_server,-1,DisplayDeviceConfig,requesting nits when no mapping exists.]
09-23 01:15:31.875 I/am_wtf ( 1489): [0,1489,system_server,-1,DisplayDeviceConfig,requesting nits when no mapping exists.]
09-23 01:15:31.887 I/am_wtf ( 1489): [0,1489,system_server,-1,DisplayDeviceConfig,requesting nits when no mapping exists.]
09-23 01:15:31.888 I/am_wtf ( 1489): [0,1489,system_server,-1,DisplayDeviceConfig,requesting nits when no mapping exists.]
09-23 01:15:31.904 I/am_wtf ( 1489): [0,1489,system_server,-1,DisplayDeviceConfig,requesting nits when no mapping exists.]
09-23 01:15:31.905 I/am_wtf ( 1489): [0,1489,system_server,-1,DisplayDeviceConfig,requesting nits when no mapping exists.]
09-23 01:15:31.920 I/am_wtf ( 1489): [0,1489,system_server,-1,DisplayDeviceConfig,requesting nits when no mapping exists.]
09-23 01:15:31.921 I/am_wtf ( 1489): [0,1489,system_server,-1,DisplayDeviceConfig,requesting nits when no mapping exists.]
09-23 01:15:31.936 I/am_wtf ( 1489): [0,1489,system_server,-1,DisplayDeviceConfig,requesting nits when no mapping exists.]
09-23 01:15:31.937 I/am_wtf ( 1489): [0,1489,system_server,-1,DisplayDeviceConfig,requesting nits when no mapping exists.]
09-23 01:15:31.953 I/am_wtf ( 1489): [0,1489,system_server,-1,DisplayDeviceConfig,requesting nits when no mapping exists.]
09-23 01:15:31.954 I/am_wtf ( 1489): [0,1489,system_server,-1,DisplayDeviceConfig,requesting nits when no mapping exists.]
09-23 01:15:31.970 I/am_wtf ( 1489): [0,1489,system_server,-1,DisplayDeviceConfig,requesting nits when no mapping exists.]
09-23 01:15:31.971 I/am_wtf ( 1489): [0,1489,system_server,-1,DisplayDeviceConfig,requesting nits when no mapping exists.]
09-23 01:15:31.990 I/am_wtf ( 1489): [0,1489,system_server,-1,DisplayDeviceConfig,requesting nits when no mapping exists.]
09-23 01:15:31.991 I/am_wtf ( 1489): [0,1489,system_server,-1,DisplayDeviceConfig,requesting nits when no mapping exists.]
09-23 01:15:32.006 I/am_wtf ( 1489): [0,1489,system_server,-1,DisplayDeviceConfig,requesting nits when no mapping exists.]
09-23 01:15:32.007 I/am_wtf ( 1489): [0,1489,system_server,-1,DisplayDeviceConfig,requesting nits when no mapping exists.]
09-23 01:15:32.019 I/am_wtf ( 1489): [0,1489,system_server,-1,DisplayDeviceConfig,requesting nits when no mapping exists.]
09-23 01:15:32.023 I/am_wtf ( 1489): [0,1489,system_server,-1,DisplayDeviceConfig,requesting nits when no mapping exists.]
09-23 01:15:32.037 I/am_wtf ( 1489): [0,1489,system_server,-1,DisplayDeviceConfig,requesting nits when no mapping exists.]
09-23 01:15:32.037 I/am_wtf ( 1489): [0,1489,system_server,-1,DisplayDeviceConfig,requesting nits when no mapping exists.]
09-23 01:15:32.053 I/am_wtf ( 1489): [0,1489,system_server,-1,DisplayDeviceConfig,requesting nits when no mapping exists.]
09-23 01:15:32.054 I/am_wtf ( 1489): [0,1489,system_server,-1,DisplayDeviceConfig,requesting nits when no mapping exists.]
09-23 01:15:32.078 I/am_wtf ( 1489): [0,1489,system_server,-1,DisplayDeviceConfig,requesting nits when no mapping exists.]
09-23 01:15:32.080 I/am_wtf ( 1489): [0,1489,system_server,-1,DisplayDeviceConfig,requesting nits when no mapping exists.]
09-23 01:15:32.088 I/am_wtf ( 1489): [0,1489,system_server,-1,DisplayDeviceConfig,requesting nits when no mapping exists.]
09-23 01:15:32.089 I/am_wtf ( 1489): [0,1489,system_server,-1,DisplayDeviceConfig,requesting nits when no mapping exists.]
09-23 01:15:32.107 I/am_wtf ( 1489): [0,1489,system_server,-1,DisplayDeviceConfig,requesting nits when no mapping exists.]
09-23 01:15:32.108 I/am_wtf ( 1489): [0,1489,system_server,-1,DisplayDeviceConfig,requesting nits when no mapping exists.]
09-23 01:15:32.120 I/am_wtf ( 1489): [0,1489,system_server,-1,DisplayDeviceConfig,requesting nits when no mapping exists.]
09-23 01:15:32.121 I/am_wtf ( 1489): [0,1489,system_server,-1,DisplayDeviceConfig,requesting nits when no mapping exists.]
09-23 01:15:32.137 I/am_wtf ( 1489): [0,1489,system_server,-1,DisplayDeviceConfig,requesting nits when no mapping exists.]
09-23 01:15:32.140 I/am_wtf ( 1489): [0,1489,system_server,-1,DisplayDeviceConfig,requesting nits when no mapping exists.]
09-23 01:15:32.154 I/am_wtf ( 1489): [0,1489,system_server,-1,DisplayDeviceConfig,requesting nits when no mapping exists.]
09-23 01:15:32.154 I/am_wtf ( 1489): [0,1489,system_server,-1,DisplayDeviceConfig,requesting nits when no mapping exists.]
09-23 01:15:32.170 I/am_wtf ( 1489): [0,1489,system_server,-1,DisplayDeviceConfig,requesting nits when no mapping exists.]
09-23 01:15:32.171 I/am_wtf ( 1489): [0,1489,system_server,-1,DisplayDeviceConfig,requesting nits when no mapping exists.]
09-23 01:15:32.193 I/am_wtf ( 1489): [0,1489,system_server,-1,DisplayDeviceConfig,requesting nits when no mapping exists.]
09-23 01:15:32.193 I/am_wtf ( 1489): [0,1489,system_server,-1,DisplayDeviceConfig,requesting nits when no mapping exists.]
09-23 01:15:32.208 I/am_wtf ( 1489): [0,1489,system_server,-1,DisplayDeviceConfig,requesting nits when no mapping exists.]
09-23 01:15:32.208 I/am_wtf ( 1489): [0,1489,system_server,-1,DisplayDeviceConfig,requesting nits when no mapping exists.]
09-23 01:15:32.220 I/am_wtf ( 1489): [0,1489,system_server,-1,DisplayDeviceConfig,requesting nits when no mapping exists.]
09-23 01:15:32.221 I/am_wtf ( 1489): [0,1489,system_server,-1,DisplayDeviceConfig,requesting nits when no mapping exists.]
09-23 01:15:32.237 I/am_wtf ( 1489): [0,1489,system_server,-1,DisplayDeviceConfig,requesting nits when no mapping exists.]
09-23 01:15:32.237 I/am_wtf ( 1489): [0,1489,system_server,-1,DisplayDeviceConfig,requesting nits when no mapping exists.]
09-23 01:15:32.254 I/am_wtf ( 1489): [0,1489,system_server,-1,DisplayDeviceConfig,requesting nits when no mapping exists.]
09-23 01:15:32.255 I/am_wtf ( 1489): [0,1489,system_server,-1,DisplayDeviceConfig,requesting nits when no mapping exists.]
09-23 01:15:32.276 I/am_wtf ( 1489): [0,1489,system_server,-1,DisplayDeviceConfig,requesting nits when no mapping exists.]
09-23 01:15:32.277 I/am_wtf ( 1489): [0,1489,system_server,-1,DisplayDeviceConfig,requesting nits when no mapping exists.]
09-23 01:15:32.287 I/am_wtf ( 1489): [0,1489,system_server,-1,DisplayDeviceConfig,requesting nits when no mapping exists.]
09-23 01:15:32.288 I/am_wtf ( 1489): [0,1489,system_server,-1,DisplayDeviceConfig,requesting nits when no mapping exists.]
09-23 01:15:32.304 I/am_wtf ( 1489): [0,1489,system_server,-1,DisplayDeviceConfig,requesting nits when no mapping exists.]
09-23 01:15:32.305 I/am_wtf ( 1489): [0,1489,system_server,-1,DisplayDeviceConfig,requesting nits when no mapping exists.]
09-23 01:15:32.321 I/am_wtf ( 1489): [0,1489,system_server,-1,DisplayDeviceConfig,requesting nits when no mapping exists.]
09-23 01:15:32.321 I/am_wtf ( 1489): [0,1489,system_server,-1,DisplayDeviceConfig,requesting nits when no mapping exists.]
09-23 01:15:32.341 I/am_wtf ( 1489): [0,1489,system_server,-1,DisplayDeviceConfig,requesting nits when no mapping exists.]
09-23 01:15:32.342 I/am_wtf ( 1489): [0,1489,system_server,-1,DisplayDeviceConfig,requesting nits when no mapping exists.]
09-23 01:15:32.354 I/am_wtf ( 1489): [0,1489,system_server,-1,DisplayDeviceConfig,requesting nits when no mapping exists.]
09-23 01:15:32.354 I/am_wtf ( 1489): [0,1489,system_server,-1,DisplayDeviceConfig,requesting nits when no mapping exists.]
09-23 01:15:32.371 I/am_wtf ( 1489): [0,1489,system_server,-1,DisplayDeviceConfig,requesting nits when no mapping exists.]
09-23 01:15:32.372 I/am_wtf ( 1489): [0,1489,system_server,-1,DisplayDeviceConfig,requesting nits when no mapping exists.]
09-23 01:15:32.392 I/am_wtf ( 1489): [0,1489,system_server,-1,DisplayDeviceConfig,requesting nits when no mapping exists.]
09-23 01:15:32.393 I/am_wtf ( 1489): [0,1489,system_server,-1,DisplayDeviceConfig,requesting nits when no mapping exists.]
09-23 01:15:32.405 I/am_wtf ( 1489): [0,1489,system_server,-1,DisplayDeviceConfig,requesting nits when no mapping exists.]
09-23 01:15:32.406 I/am_wtf ( 1489): [0,1489,system_server,-1,DisplayDeviceConfig,requesting nits when no mapping exists.]
09-23 01:15:32.420 I/am_wtf ( 1489): [0,1489,system_server,-1,DisplayDeviceConfig,requesting nits when no mapping exists.]
09-23 01:15:32.421 I/am_wtf ( 1489): [0,1489,system_server,-1,DisplayDeviceConfig,requesting nits when no mapping exists.]
09-23 01:15:32.442 I/am_wtf ( 1489): [0,1489,system_server,-1,DisplayDeviceConfig,requesting nits when no mapping exists.]
09-23 01:15:32.442 I/am_wtf ( 1489): [0,1489,system_server,-1,DisplayDeviceConfig,requesting nits when no mapping exists.]
09-23 01:15:32.454 I/am_wtf ( 1489): [0,1489,system_server,-1,DisplayDeviceConfig,requesting nits when no mapping exists.]
09-23 01:15:32.455 I/am_wtf ( 1489): [0,1489,system_server,-1,DisplayDeviceConfig,requesting nits when no mapping exists.]
