09-23 01:11:21.891 I/auditd ( 3555): type=1400 audit(0.0:36188): avc: denied { read } for comm="NativeThread" name="version" dev="proc" ino=4026532265 scontext=u:r:untrusted_app_27:s0:c512,c768 tcontext=u:object_r:proc_version:s0 tclass=file permissive=0 app=com.alibaba.android.rimet
09-23 01:11:21.895 I/auditd ( 3555): type=1400 audit(0.0:36189): avc: denied { ioctl } for comm="NativeThread" path="socket:[530491]" dev="sockfs" ino=530491 ioctlcmd=0x8927 scontext=u:r:untrusted_app_27:s0:c512,c768 tcontext=u:r:untrusted_app_27:s0:c512,c768 tclass=udp_socket permissive=0 app=com.alibaba.android.rimet
09-23 01:11:21.895 I/auditd ( 3555): type=1400 audit(0.0:36190): avc: denied { ioctl } for comm="NativeThread" path="socket:[530491]" dev="sockfs" ino=530491 ioctlcmd=0x8927 scontext=u:r:untrusted_app_27:s0:c512,c768 tcontext=u:r:untrusted_app_27:s0:c512,c768 tclass=udp_socket permissive=0 app=com.alibaba.android.rimet
09-23 01:11:21.895 I/auditd ( 3555): type=1400 audit(0.0:36191): avc: denied { ioctl } for comm="NativeThread" path="socket:[530491]" dev="sockfs" ino=530491 ioctlcmd=0x8927 scontext=u:r:untrusted_app_27:s0:c512,c768 tcontext=u:r:untrusted_app_27:s0:c512,c768 tclass=udp_socket permissive=0 app=com.alibaba.android.rimet
09-23 01:11:25.139 I/auditd ( 3555): type=1400 audit(0.0:36204): avc: granted { nlmsg_readpriv } for comm="DaemonThread-6" scontext=u:r:untrusted_app_27:s0:c512,c768 tcontext=u:r:untrusted_app_27:s0:c512,c768 tclass=netlink_route_socket app=com.alibaba.android.rimet
09-23 01:11:26.115 I/auditd ( 3555): type=1400 audit(0.0:36205): avc: granted { nlmsg_readpriv } for comm="DaemonThread-6" scontext=u:r:untrusted_app_27:s0:c512,c768 tcontext=u:r:untrusted_app_27:s0:c512,c768 tclass=netlink_route_socket app=com.alibaba.android.rimet
09-23 01:11:26.991 I/auditd ( 3555): type=1400 audit(0.0:36206): avc: denied { read } for comm="NativeThread" name="unix" dev="proc" ino=4026532289 scontext=u:r:untrusted_app_27:s0:c512,c768 tcontext=u:object_r:proc_net:s0 tclass=file permissive=0 app=com.alibaba.android.rimet
09-23 01:11:27.459 I/auditd ( 3555): type=1400 audit(0.0:36207): avc: denied { read } for comm="NativeThread" name="unix" dev="proc" ino=4026532289 scontext=u:r:untrusted_app_27:s0:c512,c768 tcontext=u:object_r:proc_net:s0 tclass=file permissive=0 app=com.alibaba.android.rimet
09-23 01:11:27.971 I/auditd ( 3555): type=1400 audit(0.0:36208): avc: denied { read } for comm="NativeThread" name="unix" dev="proc" ino=4026532289 scontext=u:r:untrusted_app_27:s0:c512,c768 tcontext=u:object_r:proc_net:s0 tclass=file permissive=0 app=com.alibaba.android.rimet
09-23 01:11:27.975 I/auditd ( 3555): type=1400 audit(0.0:36209): avc: denied { read } for comm="NativeThread" name="version" dev="proc" ino=4026532265 scontext=u:r:untrusted_app_27:s0:c512,c768 tcontext=u:object_r:proc_version:s0 tclass=file permissive=0 app=com.alibaba.android.rimet
09-23 01:11:27.975 I/auditd ( 3555): type=1400 audit(0.0:36210): avc: denied { ioctl } for comm="NativeThread" path="socket:[529803]" dev="sockfs" ino=529803 ioctlcmd=0x8927 scontext=u:r:untrusted_app_27:s0:c512,c768 tcontext=u:r:untrusted_app_27:s0:c512,c768 tclass=udp_socket permissive=0 app=com.alibaba.android.rimet
09-23 01:11:27.975 I/auditd ( 3555): type=1400 audit(0.0:36211): avc: denied { ioctl } for comm="NativeThread" path="socket:[529803]" dev="sockfs" ino=529803 ioctlcmd=0x8927 scontext=u:r:untrusted_app_27:s0:c512,c768 tcontext=u:r:untrusted_app_27:s0:c512,c768 tclass=udp_socket permissive=0 app=com.alibaba.android.rimet
09-23 01:11:27.975 I/auditd ( 3555): type=1400 audit(0.0:36212): avc: denied { ioctl } for comm="NativeThread" path="socket:[529803]" dev="sockfs" ino=529803 ioctlcmd=0x8927 scontext=u:r:untrusted_app_27:s0:c512,c768 tcontext=u:r:untrusted_app_27:s0:c512,c768 tclass=udp_socket permissive=0 app=com.alibaba.android.rimet
09-23 01:11:27.975 I/auditd ( 3555): type=1400 audit(0.0:36213): avc: denied { ioctl } for comm="NativeThread" path="socket:[529803]" dev="sockfs" ino=529803 ioctlcmd=0x8927 scontext=u:r:untrusted_app_27:s0:c512,c768 tcontext=u:r:untrusted_app_27:s0:c512,c768 tclass=udp_socket permissive=0 app=com.alibaba.android.rimet
09-23 01:11:33.051 I/auditd ( 3555): type=1400 audit(0.0:36225): avc: denied { read } for comm="NativeThread" name="unix" dev="proc" ino=4026532289 scontext=u:r:untrusted_app_27:s0:c512,c768 tcontext=u:object_r:proc_net:s0 tclass=file permissive=0 app=com.alibaba.android.rimet
09-23 01:11:33.535 I/auditd ( 3555): type=1400 audit(0.0:36226): avc: denied { read } for comm="NativeThread" name="unix" dev="proc" ino=4026532289 scontext=u:r:untrusted_app_27:s0:c512,c768 tcontext=u:object_r:proc_net:s0 tclass=file permissive=0 app=com.alibaba.android.rimet
09-23 01:11:34.007 I/auditd ( 3555): type=1400 audit(0.0:36227): avc: denied { read } for comm="NativeThread" name="unix" dev="proc" ino=4026532289 scontext=u:r:untrusted_app_27:s0:c512,c768 tcontext=u:object_r:proc_net:s0 tclass=file permissive=0 app=com.alibaba.android.rimet
09-23 01:11:34.015 I/auditd ( 3555): type=1400 audit(0.0:36228): avc: denied { read } for comm="NativeThread" name="version" dev="proc" ino=4026532265 scontext=u:r:untrusted_app_27:s0:c512,c768 tcontext=u:object_r:proc_version:s0 tclass=file permissive=0 app=com.alibaba.android.rimet
09-23 01:11:34.019 I/auditd ( 3555): type=1400 audit(0.0:36229): avc: denied { ioctl } for comm="NativeThread" path="socket:[530701]" dev="sockfs" ino=530701 ioctlcmd=0x8927 scontext=u:r:untrusted_app_27:s0:c512,c768 tcontext=u:r:untrusted_app_27:s0:c512,c768 tclass=udp_socket permissive=0 app=com.alibaba.android.rimet
09-23 01:11:34.519 I/auditd ( 3555): type=1400 audit(0.0:36243): avc: denied { read } for comm="NativeThread" name="unix" dev="proc" ino=4026532289 scontext=u:r:untrusted_app_27:s0:c512,c768 tcontext=u:object_r:proc_net:s0 tclass=file permissive=0 app=com.alibaba.android.rimet
09-23 01:11:39.091 I/auditd ( 3555): type=1400 audit(0.0:36244): avc: denied { read } for comm="NativeThread" name="unix" dev="proc" ino=4026532289 scontext=u:r:untrusted_app_27:s0:c512,c768 tcontext=u:object_r:proc_net:s0 tclass=file permissive=0 app=com.alibaba.android.rimet
09-23 01:11:39.563 I/auditd ( 3555): type=1400 audit(0.0:36245): avc: denied { read } for comm="NativeThread" name="unix" dev="proc" ino=4026532289 scontext=u:r:untrusted_app_27:s0:c512,c768 tcontext=u:object_r:proc_net:s0 tclass=file permissive=0 app=com.alibaba.android.rimet
09-23 01:11:39.879 I/auditd ( 3555): type=1400 audit(0.0:36246): avc: denied { read } for comm="NativeThread" name="unix" dev="proc" ino=4026532289 scontext=u:r:untrusted_app_27:s0:c512,c768 tcontext=u:object_r:proc_net:s0 tclass=file permissive=0 app=com.alibaba.android.rimet
09-23 01:11:39.883 I/auditd ( 3555): type=1400 audit(0.0:36247): avc: denied { read } for comm="NativeThread" name="version" dev="proc" ino=4026532265 scontext=u:r:untrusted_app_27:s0:c512,c768 tcontext=u:object_r:proc_version:s0 tclass=file permissive=0 app=com.alibaba.android.rimet
09-23 01:11:39.887 I/auditd ( 3555): type=1400 audit(0.0:36248): avc: denied { ioctl } for comm="NativeThread" path="socket:[529259]" dev="sockfs" ino=529259 ioctlcmd=0x8927 scontext=u:r:untrusted_app_27:s0:c512,c768 tcontext=u:r:untrusted_app_27:s0:c512,c768 tclass=udp_socket permissive=0 app=com.alibaba.android.rimet
09-23 01:11:39.887 I/auditd ( 3555): type=1400 audit(0.0:36249): avc: denied { ioctl } for comm="NativeThread" path="socket:[529259]" dev="sockfs" ino=529259 ioctlcmd=0x8927 scontext=u:r:untrusted_app_27:s0:c512,c768 tcontext=u:r:untrusted_app_27:s0:c512,c768 tclass=udp_socket permissive=0 app=com.alibaba.android.rimet
09-23 01:11:39.887 I/auditd ( 3555): type=1400 audit(0.0:36250): avc: denied { ioctl } for comm="NativeThread" path="socket:[529259]" dev="sockfs" ino=529259 ioctlcmd=0x8927 scontext=u:r:untrusted_app_27:s0:c512,c768 tcontext=u:r:untrusted_app_27:s0:c512,c768 tclass=udp_socket permissive=0 app=com.alibaba.android.rimet
09-23 01:11:39.887 I/auditd ( 3555): type=1400 audit(0.0:36251): avc: denied { ioctl } for comm="NativeThread" path="socket:[529259]" dev="sockfs" ino=529259 ioctlcmd=0x8927 scontext=u:r:untrusted_app_27:s0:c512,c768 tcontext=u:r:untrusted_app_27:s0:c512,c768 tclass=udp_socket permissive=0 app=com.alibaba.android.rimet
09-23 01:11:39.887 I/auditd ( 3555): type=1400 audit(0.0:36252): avc: denied { ioctl } for comm="NativeThread" path="socket:[529259]" dev="sockfs" ino=529259 ioctlcmd=0x8927 scontext=u:r:untrusted_app_27:s0:c512,c768 tcontext=u:r:untrusted_app_27:s0:c512,c768 tclass=udp_socket permissive=0 app=com.alibaba.android.rimet
09-23 01:11:45.003 I/auditd ( 3555): type=1400 audit(0.0:36263): avc: denied { read } for comm="NativeThread" name="unix" dev="proc" ino=4026532289 scontext=u:r:untrusted_app_27:s0:c512,c768 tcontext=u:object_r:proc_net:s0 tclass=file permissive=0 app=com.alibaba.android.rimet
09-23 01:11:45.435 I/auditd ( 3555): type=1400 audit(0.0:36264): avc: denied { read } for comm="NativeThread" name="unix" dev="proc" ino=4026532289 scontext=u:r:untrusted_app_27:s0:c512,c768 tcontext=u:object_r:proc_net:s0 tclass=file permissive=0 app=com.alibaba.android.rimet
09-23 01:11:45.963 I/auditd ( 3555): type=1400 audit(0.0:36265): avc: denied { read } for comm="NativeThread" name="unix" dev="proc" ino=4026532289 scontext=u:r:untrusted_app_27:s0:c512,c768 tcontext=u:object_r:proc_net:s0 tclass=file permissive=0 app=com.alibaba.android.rimet
09-23 01:11:45.971 I/auditd ( 3555): type=1400 audit(0.0:36266): avc: denied { read } for comm="NativeThread" name="version" dev="proc" ino=4026532265 scontext=u:r:untrusted_app_27:s0:c512,c768 tcontext=u:object_r:proc_version:s0 tclass=file permissive=0 app=com.alibaba.android.rimet
09-23 01:11:45.975 I/auditd ( 3555): type=1400 audit(0.0:36267): avc: denied { ioctl } for comm="NativeThread" path="socket:[530878]" dev="sockfs" ino=530878 ioctlcmd=0x8927 scontext=u:r:untrusted_app_27:s0:c512,c768 tcontext=u:r:untrusted_app_27:s0:c512,c768 tclass=udp_socket permissive=0 app=com.alibaba.android.rimet
09-23 01:11:46.451 I/auditd ( 3555): type=1400 audit(0.0:36281): avc: denied { read } for comm="NativeThread" name="unix" dev="proc" ino=4026532289 scontext=u:r:untrusted_app_27:s0:c512,c768 tcontext=u:object_r:proc_net:s0 tclass=file permissive=0 app=com.alibaba.android.rimet
09-23 01:11:46.845 I/netstats_mobile_sample( 1489): [0,0,0,0,0,0,0,0,0,0,0,0,1663866706845]
09-23 01:11:46.846 I/netstats_wifi_sample( 1489): [0,0,0,0,0,0,0,0,0,0,0,0,1663866706845]
09-23 01:11:48.106 I/liblog ( 1335): 16
09-23 01:11:51.135 I/auditd ( 3555): type=1400 audit(0.0:36282): avc: denied { read } for comm="NativeThread" name="unix" dev="proc" ino=4026532289 scontext=u:r:untrusted_app_27:s0:c512,c768 tcontext=u:object_r:proc_net:s0 tclass=file permissive=0 app=com.alibaba.android.rimet
09-23 01:11:51.627 I/auditd ( 3555): type=1400 audit(0.0:36283): avc: denied { read } for comm="NativeThread" name="unix" dev="proc" ino=4026532289 scontext=u:r:untrusted_app_27:s0:c512,c768 tcontext=u:object_r:proc_net:s0 tclass=file permissive=0 app=com.alibaba.android.rimet
09-23 01:11:52.051 I/auditd ( 3555): type=1400 audit(0.0:36284): avc: denied { read } for comm="NativeThread" name="unix" dev="proc" ino=4026532289 scontext=u:r:untrusted_app_27:s0:c512,c768 tcontext=u:object_r:proc_net:s0 tclass=file permissive=0 app=com.alibaba.android.rimet
09-23 01:11:52.063 I/auditd ( 3555): type=1400 audit(0.0:36285): avc: denied { read } for comm="NativeThread" name="version" dev="proc" ino=4026532265 scontext=u:r:untrusted_app_27:s0:c512,c768 tcontext=u:object_r:proc_version:s0 tclass=file permissive=0 app=com.alibaba.android.rimet
09-23 01:11:52.063 I/auditd ( 3555): type=1400 audit(0.0:36286): avc: denied { ioctl } for comm="NativeThread" path="socket:[531737]" dev="sockfs" ino=531737 ioctlcmd=0x8927 scontext=u:r:untrusted_app_27:s0:c512,c768 tcontext=u:r:untrusted_app_27:s0:c512,c768 tclass=udp_socket permissive=0 app=com.alibaba.android.rimet
09-23 01:11:52.063 I/auditd ( 3555): type=1400 audit(0.0:36287): avc: denied { ioctl } for comm="NativeThread" path="socket:[531737]" dev="sockfs" ino=531737 ioctlcmd=0x8927 scontext=u:r:untrusted_app_27:s0:c512,c768 tcontext=u:r:untrusted_app_27:s0:c512,c768 tclass=udp_socket permissive=0 app=com.alibaba.android.rimet
09-23 01:11:52.063 I/auditd ( 3555): type=1400 audit(0.0:36288): avc: denied { ioctl } for comm="NativeThread" path="socket:[531737]" dev="sockfs" ino=531737 ioctlcmd=0x8927 scontext=u:r:untrusted_app_27:s0:c512,c768 tcontext=u:r:untrusted_app_27:s0:c512,c768 tclass=udp_socket permissive=0 app=com.alibaba.android.rimet
09-23 01:11:52.063 I/auditd ( 3555): type=1400 audit(0.0:36289): avc: denied { ioctl } for comm="NativeThread" path="socket:[531737]" dev="sockfs" ino=531737 ioctlcmd=0x8927 scontext=u:r:untrusted_app_27:s0:c512,c768 tcontext=u:r:untrusted_app_27:s0:c512,c768 tclass=udp_socket permissive=0 app=com.alibaba.android.rimet
09-23 01:11:52.063 I/auditd ( 3555): type=1400 audit(0.0:36290): avc: denied { ioctl } for comm="NativeThread" path="socket:[531737]" dev="sockfs" ino=531737 ioctlcmd=0x8927 scontext=u:r:untrusted_app_27:s0:c512,c768 tcontext=u:r:untrusted_app_27:s0:c512,c768 tclass=udp_socket permissive=0 app=com.alibaba.android.rimet
09-23 01:11:55.851 I/auditd ( 3707): type=1400 audit(0.0:36301): avc: denied { read } for comm=5468726561642D32202D2031333733 name="tcp" dev="proc" ino=4026532283 scontext=u:r:untrusted_app_29:s0:c108,c256,c512,c768 tcontext=u:object_r:proc_net_tcp_udp:s0 tclass=file permissive=0 app=com.smile.gifmaker
09-23 01:11:57.239 I/auditd ( 3555): type=1400 audit(0.0:36302): avc: denied { read } for comm="NativeThread" name="unix" dev="proc" ino=4026532289 scontext=u:r:untrusted_app_27:s0:c512,c768 tcontext=u:object_r:proc_net:s0 tclass=file permissive=0 app=com.alibaba.android.rimet
09-23 01:11:57.759 I/auditd ( 3555): type=1400 audit(0.0:36303): avc: denied { read } for comm="NativeThread" name="unix" dev="proc" ino=4026532289 scontext=u:r:untrusted_app_27:s0:c512,c768 tcontext=u:object_r:proc_net:s0 tclass=file permissive=0 app=com.alibaba.android.rimet
09-23 01:11:58.207 I/auditd ( 3555): type=1400 audit(0.0:36304): avc: denied { read } for comm="NativeThread" name="unix" dev="proc" ino=4026532289 scontext=u:r:untrusted_app_27:s0:c512,c768 tcontext=u:object_r:proc_net:s0 tclass=file permissive=0 app=com.alibaba.android.rimet
09-23 01:11:58.215 I/auditd ( 3555): type=1400 audit(0.0:36305): avc: denied { read } for comm="NativeThread" name="version" dev="proc" ino=4026532265 scontext=u:r:untrusted_app_27:s0:c512,c768 tcontext=u:object_r:proc_version:s0 tclass=file permissive=0 app=com.alibaba.android.rimet
09-23 01:11:58.219 I/auditd ( 3555): type=1400 audit(0.0:36306): avc: denied { ioctl } for comm="NativeThread" path="socket:[532506]" dev="sockfs" ino=532506 ioctlcmd=0x8927 scontext=u:r:untrusted_app_27:s0:c512,c768 tcontext=u:r:untrusted_app_27:s0:c512,c768 tclass=udp_socket permissive=0 app=com.alibaba.android.rimet
09-23 01:11:58.219 I/auditd ( 3555): type=1400 audit(0.0:36307): avc: denied { ioctl } for comm="NativeThread" path="socket:[532506]" dev="sockfs" ino=532506 ioctlcmd=0x8927 scontext=u:r:untrusted_app_27:s0:c512,c768 tcontext=u:r:untrusted_app_27:s0:c512,c768 tclass=udp_socket permissive=0 app=com.alibaba.android.rimet
09-23 01:11:58.219 I/auditd ( 3555): type=1400 audit(0.0:36308): avc: denied { ioctl } for comm="NativeThread" path="socket:[532506]" dev="sockfs" ino=532506 ioctlcmd=0x8927 scontext=u:r:untrusted_app_27:s0:c512,c768 tcontext=u:r:untrusted_app_27:s0:c512,c768 tclass=udp_socket permissive=0 app=com.alibaba.android.rimet
09-23 01:11:58.219 I/auditd ( 3555): type=1400 audit(0.0:36309): avc: denied { ioctl } for comm="NativeThread" path="socket:[532506]" dev="sockfs" ino=532506 ioctlcmd=0x8927 scontext=u:r:untrusted_app_27:s0:c512,c768 tcontext=u:r:untrusted_app_27:s0:c512,c768 tclass=udp_socket permissive=0 app=com.alibaba.android.rimet
09-23 01:11:58.219 I/auditd ( 3555): type=1400 audit(0.0:36310): avc: denied { ioctl } for comm="NativeThread" path="socket:[532506]" dev="sockfs" ino=532506 ioctlcmd=0x8927 scontext=u:r:untrusted_app_27:s0:c512,c768 tcontext=u:r:untrusted_app_27:s0:c512,c768 tclass=udp_socket permissive=0 app=com.alibaba.android.rimet
09-23 01:12:03.029 I/sysui_multi_action( 1489): [757,1696,758,6,759,2]
09-23 01:12:03.032 I/am_wtf ( 1489): [0,1489,system_server,-1,DisplayDeviceConfig,requesting nits when no mapping exists.]
09-23 01:12:03.036 I/am_wtf ( 1489): [0,1489,system_server,-1,DisplayDeviceConfig,requesting nits when no mapping exists.]
09-23 01:12:03.050 I/am_wtf ( 1489): [0,1489,system_server,-1,DisplayDeviceConfig,requesting nits when no mapping exists.]
09-23 01:12:03.051 I/service_manager_stats( 1489): [100,60,55131]
09-23 01:12:03.052 I/am_wtf ( 1489): [0,1489,system_server,-1,DisplayDeviceConfig,requesting nits when no mapping exists.]
09-23 01:12:03.066 I/am_wtf ( 1489): [0,1489,system_server,-1,DisplayDeviceConfig,requesting nits when no mapping exists.]
09-23 01:12:03.068 I/am_wtf ( 1489): [0,1489,system_server,-1,DisplayDeviceConfig,requesting nits when no mapping exists.]
09-23 01:12:03.083 I/am_wtf ( 1489): [0,1489,system_server,-1,DisplayDeviceConfig,requesting nits when no mapping exists.]
09-23 01:12:03.084 I/am_wtf ( 1489): [0,1489,system_server,-1,DisplayDeviceConfig,requesting nits when no mapping exists.]
09-23 01:12:03.100 I/am_wtf ( 1489): [0,1489,system_server,-1,DisplayDeviceConfig,requesting nits when no mapping exists.]
09-23 01:12:03.101 I/am_wtf ( 1489): [0,1489,system_server,-1,DisplayDeviceConfig,requesting nits when no mapping exists.]
09-23 01:12:03.117 I/am_wtf ( 1489): [0,1489,system_server,-1,DisplayDeviceConfig,requesting nits when no mapping exists.]
09-23 01:12:03.118 I/am_wtf ( 1489): [0,1489,system_server,-1,DisplayDeviceConfig,requesting nits when no mapping exists.]
09-23 01:12:03.133 I/am_wtf ( 1489): [0,1489,system_server,-1,DisplayDeviceConfig,requesting nits when no mapping exists.]
09-23 01:12:03.135 I/am_wtf ( 1489): [0,1489,system_server,-1,DisplayDeviceConfig,requesting nits when no mapping exists.]
09-23 01:12:03.151 I/am_wtf ( 1489): [0,1489,system_server,-1,DisplayDeviceConfig,requesting nits when no mapping exists.]
09-23 01:12:03.152 I/am_wtf ( 1489): [0,1489,system_server,-1,DisplayDeviceConfig,requesting nits when no mapping exists.]
09-23 01:12:03.167 I/am_wtf ( 1489): [0,1489,system_server,-1,DisplayDeviceConfig,requesting nits when no mapping exists.]
09-23 01:12:03.169 I/am_wtf ( 1489): [0,1489,system_server,-1,DisplayDeviceConfig,requesting nits when no mapping exists.]
09-23 01:12:03.183 I/am_wtf ( 1489): [0,1489,system_server,-1,DisplayDeviceConfig,requesting nits when no mapping exists.]
09-23 01:12:03.184 I/am_wtf ( 1489): [0,1489,system_server,-1,DisplayDeviceConfig,requesting nits when no mapping exists.]
09-23 01:12:03.200 I/am_wtf ( 1489): [0,1489,system_server,-1,DisplayDeviceConfig,requesting nits when no mapping exists.]
09-23 01:12:03.202 I/am_wtf ( 1489): [0,1489,system_server,-1,DisplayDeviceConfig,requesting nits when no mapping exists.]
09-23 01:12:03.217 I/am_wtf ( 1489): [0,1489,system_server,-1,DisplayDeviceConfig,requesting nits when no mapping exists.]
09-23 01:12:03.218 I/am_wtf ( 1489): [0,1489,system_server,-1,DisplayDeviceConfig,requesting nits when no mapping exists.]
09-23 01:12:03.234 I/am_wtf ( 1489): [0,1489,system_server,-1,DisplayDeviceConfig,requesting nits when no mapping exists.]
09-23 01:12:03.234 I/am_wtf ( 1489): [0,1489,system_server,-1,DisplayDeviceConfig,requesting nits when no mapping exists.]
09-23 01:12:03.251 I/am_wtf ( 1489): [0,1489,system_server,-1,DisplayDeviceConfig,requesting nits when no mapping exists.]
09-23 01:12:03.252 I/am_wtf ( 1489): [0,1489,system_server,-1,DisplayDeviceConfig,requesting nits when no mapping exists.]
09-23 01:12:03.267 I/am_wtf ( 1489): [0,1489,system_server,-1,DisplayDeviceConfig,requesting nits when no mapping exists.]
09-23 01:12:03.268 I/am_wtf ( 1489): [0,1489,system_server,-1,DisplayDeviceConfig,requesting nits when no mapping exists.]
09-23 01:12:03.283 I/am_wtf ( 1489): [0,1489,system_server,-1,DisplayDeviceConfig,requesting nits when no mapping exists.]
09-23 01:12:03.284 I/am_wtf ( 1489): [0,1489,system_server,-1,DisplayDeviceConfig,requesting nits when no mapping exists.]
09-23 01:12:03.301 I/am_wtf ( 1489): [0,1489,system_server,-1,DisplayDeviceConfig,requesting nits when no mapping exists.]
09-23 01:12:03.302 I/am_wtf ( 1489): [0,1489,system_server,-1,DisplayDeviceConfig,requesting nits when no mapping exists.]
09-23 01:12:03.317 I/am_wtf ( 1489): [0,1489,system_server,-1,DisplayDeviceConfig,requesting nits when no mapping exists.]
09-23 01:12:03.318 I/am_wtf ( 1489): [0,1489,system_server,-1,DisplayDeviceConfig,requesting nits when no mapping exists.]
09-23 01:12:03.334 I/am_wtf ( 1489): [0,1489,system_server,-1,DisplayDeviceConfig,requesting nits when no mapping exists.]
09-23 01:12:03.335 I/am_wtf ( 1489): [0,1489,system_server,-1,DisplayDeviceConfig,requesting nits when no mapping exists.]
09-23 01:12:03.339 I/auditd ( 3555): type=1400 audit(0.0:36322): avc: denied { read } for comm="NativeThread" name="unix" dev="proc" ino=4026532289 scontext=u:r:untrusted_app_27:s0:c512,c768 tcontext=u:object_r:proc_net:s0 tclass=file permissive=0 app=com.alibaba.android.rimet
09-23 01:12:03.351 I/am_wtf ( 1489): [0,1489,system_server,-1,DisplayDeviceConfig,requesting nits when no mapping exists.]
09-23 01:12:03.352 I/am_wtf ( 1489): [0,1489,system_server,-1,DisplayDeviceConfig,requesting nits when no mapping exists.]
09-23 01:12:03.367 I/am_wtf ( 1489): [0,1489,system_server,-1,DisplayDeviceConfig,requesting nits when no mapping exists.]
09-23 01:12:03.368 I/am_wtf ( 1489): [0,1489,system_server,-1,DisplayDeviceConfig,requesting nits when no mapping exists.]
09-23 01:12:03.383 I/am_wtf ( 1489): [0,1489,system_server,-1,DisplayDeviceConfig,requesting nits when no mapping exists.]
09-23 01:12:03.384 I/am_wtf ( 1489): [0,1489,system_server,-1,DisplayDeviceConfig,requesting nits when no mapping exists.]
09-23 01:12:03.400 I/am_wtf ( 1489): [0,1489,system_server,-1,DisplayDeviceConfig,requesting nits when no mapping exists.]
09-23 01:12:03.400 I/am_wtf ( 1489): [0,1489,system_server,-1,DisplayDeviceConfig,requesting nits when no mapping exists.]
09-23 01:12:03.417 I/am_wtf ( 1489): [0,1489,system_server,-1,DisplayDeviceConfig,requesting nits when no mapping exists.]
09-23 01:12:03.417 I/am_wtf ( 1489): [0,1489,system_server,-1,DisplayDeviceConfig,requesting nits when no mapping exists.]
09-23 01:12:03.433 I/am_wtf ( 1489): [0,1489,system_server,-1,DisplayDeviceConfig,requesting nits when no mapping exists.]
09-23 01:12:03.433 I/am_wtf ( 1489): [0,1489,system_server,-1,DisplayDeviceConfig,requesting nits when no mapping exists.]
09-23 01:12:03.451 I/am_wtf ( 1489): [0,1489,system_server,-1,DisplayDeviceConfig,requesting nits when no mapping exists.]
09-23 01:12:03.452 I/am_wtf ( 1489): [0,1489,system_server,-1,DisplayDeviceConfig,requesting nits when no mapping exists.]
09-23 01:12:03.468 I/am_wtf ( 1489): [0,1489,system_server,-1,DisplayDeviceConfig,requesting nits when no mapping exists.]
09-23 01:12:03.469 I/am_wtf ( 1489): [0,1489,system_server,-1,DisplayDeviceConfig,requesting nits when no mapping exists.]
09-23 01:12:03.484 I/am_wtf ( 1489): [0,1489,system_server,-1,DisplayDeviceConfig,requesting nits when no mapping exists.]
09-23 01:12:03.485 I/am_wtf ( 1489): [0,1489,system_server,-1,DisplayDeviceConfig,requesting nits when no mapping exists.]
09-23 01:12:03.501 I/am_wtf ( 1489): [0,1489,system_server,-1,DisplayDeviceConfig,requesting nits when no mapping exists.]
09-23 01:12:03.503 I/am_wtf ( 1489): [0,1489,system_server,-1,DisplayDeviceConfig,requesting nits when no mapping exists.]
09-23 01:12:03.518 I/am_wtf ( 1489): [0,1489,system_server,-1,DisplayDeviceConfig,requesting nits when no mapping exists.]
09-23 01:12:03.519 I/am_wtf ( 1489): [0,1489,system_server,-1,DisplayDeviceConfig,requesting nits when no mapping exists.]
09-23 01:12:03.534 I/am_wtf ( 1489): [0,1489,system_server,-1,DisplayDeviceConfig,requesting nits when no mapping exists.]
09-23 01:12:03.535 I/am_wtf ( 1489): [0,1489,system_server,-1,DisplayDeviceConfig,requesting nits when no mapping exists.]
09-23 01:12:03.551 I/am_wtf ( 1489): [0,1489,system_server,-1,DisplayDeviceConfig,requesting nits when no mapping exists.]
09-23 01:12:03.552 I/am_wtf ( 1489): [0,1489,system_server,-1,DisplayDeviceConfig,requesting nits when no mapping exists.]
09-23 01:12:03.568 I/am_wtf ( 1489): [0,1489,system_server,-1,DisplayDeviceConfig,requesting nits when no mapping exists.]
09-23 01:12:03.569 I/am_wtf ( 1489): [0,1489,system_server,-1,DisplayDeviceConfig,requesting nits when no mapping exists.]
09-23 01:12:03.584 I/am_wtf ( 1489): [0,1489,system_server,-1,DisplayDeviceConfig,requesting nits when no mapping exists.]
09-23 01:12:03.585 I/am_wtf ( 1489): [0,1489,system_server,-1,DisplayDeviceConfig,requesting nits when no mapping exists.]
09-23 01:12:03.601 I/am_wtf ( 1489): [0,1489,system_server,-1,DisplayDeviceConfig,requesting nits when no mapping exists.]
09-23 01:12:03.602 I/am_wtf ( 1489): [0,1489,system_server,-1,DisplayDeviceConfig,requesting nits when no mapping exists.]
09-23 01:12:03.619 I/am_wtf ( 1489): [0,1489,system_server,-1,DisplayDeviceConfig,requesting nits when no mapping exists.]
09-23 01:12:03.619 I/am_wtf ( 1489): [0,1489,system_server,-1,DisplayDeviceConfig,requesting nits when no mapping exists.]
09-23 01:12:03.635 I/am_wtf ( 1489): [0,1489,system_server,-1,DisplayDeviceConfig,requesting nits when no mapping exists.]
09-23 01:12:03.636 I/am_wtf ( 1489): [0,1489,system_server,-1,DisplayDeviceConfig,requesting nits when no mapping exists.]
09-23 01:12:03.652 I/am_wtf ( 1489): [0,1489,system_server,-1,DisplayDeviceConfig,requesting nits when no mapping exists.]
09-23 01:12:03.653 I/am_wtf ( 1489): [0,1489,system_server,-1,DisplayDeviceConfig,requesting nits when no mapping exists.]
09-23 01:12:03.668 I/am_wtf ( 1489): [0,1489,system_server,-1,DisplayDeviceConfig,requesting nits when no mapping exists.]
09-23 01:12:03.669 I/am_wtf ( 1489): [0,1489,system_server,-1,DisplayDeviceConfig,requesting nits when no mapping exists.]
09-23 01:12:03.685 I/am_wtf ( 1489): [0,1489,system_server,-1,DisplayDeviceConfig,requesting nits when no mapping exists.]
09-23 01:12:03.685 I/am_wtf ( 1489): [0,1489,system_server,-1,DisplayDeviceConfig,requesting nits when no mapping exists.]
09-23 01:12:03.702 I/am_wtf ( 1489): [0,1489,system_server,-1,DisplayDeviceConfig,requesting nits when no mapping exists.]
09-23 01:12:03.703 I/am_wtf ( 1489): [0,1489,system_server,-1,DisplayDeviceConfig,requesting nits when no mapping exists.]
09-23 01:12:03.718 I/am_wtf ( 1489): [0,1489,system_server,-1,DisplayDeviceConfig,requesting nits when no mapping exists.]
09-23 01:12:03.720 I/am_wtf ( 1489): [0,1489,system_server,-1,DisplayDeviceConfig,requesting nits when no mapping exists.]
09-23 01:12:03.735 I/am_wtf ( 1489): [0,1489,system_server,-1,DisplayDeviceConfig,requesting nits when no mapping exists.]
09-23 01:12:03.736 I/am_wtf ( 1489): [0,1489,system_server,-1,DisplayDeviceConfig,requesting nits when no mapping exists.]
09-23 01:12:03.751 I/am_wtf ( 1489): [0,1489,system_server,-1,DisplayDeviceConfig,requesting nits when no mapping exists.]
09-23 01:12:03.752 I/am_wtf ( 1489): [0,1489,system_server,-1,DisplayDeviceConfig,requesting nits when no mapping exists.]
09-23 01:12:03.769 I/am_wtf ( 1489): [0,1489,system_server,-1,DisplayDeviceConfig,requesting nits when no mapping exists.]
09-23 01:12:03.770 I/am_wtf ( 1489): [0,1489,system_server,-1,DisplayDeviceConfig,requesting nits when no mapping exists.]
09-23 01:12:03.784 I/am_wtf ( 1489): [0,1489,system_server,-1,DisplayDeviceConfig,requesting nits when no mapping exists.]
09-23 01:12:03.786 I/am_wtf ( 1489): [0,1489,system_server,-1,DisplayDeviceConfig,requesting nits when no mapping exists.]
09-23 01:12:03.801 I/am_wtf ( 1489): [0,1489,system_server,-1,DisplayDeviceConfig,requesting nits when no mapping exists.]
09-23 01:12:03.802 I/am_wtf ( 1489): [0,1489,system_server,-1,DisplayDeviceConfig,requesting nits when no mapping exists.]
09-23 01:12:03.818 I/am_wtf ( 1489): [0,1489,system_server,-1,DisplayDeviceConfig,requesting nits when no mapping exists.]
09-23 01:12:03.819 I/am_wtf ( 1489): [0,1489,system_server,-1,DisplayDeviceConfig,requesting nits when no mapping exists.]
09-23 01:12:03.823 I/auditd ( 3555): type=1400 audit(0.0:36323): avc: denied { read } for comm="NativeThread" name="unix" dev="proc" ino=4026532289 scontext=u:r:untrusted_app_27:s0:c512,c768 tcontext=u:object_r:proc_net:s0 tclass=file permissive=0 app=com.alibaba.android.rimet
09-23 01:12:03.835 I/am_wtf ( 1489): [0,1489,system_server,-1,DisplayDeviceConfig,requesting nits when no mapping exists.]
09-23 01:12:03.836 I/am_wtf ( 1489): [0,1489,system_server,-1,DisplayDeviceConfig,requesting nits when no mapping exists.]
09-23 01:12:03.852 I/am_wtf ( 1489): [0,1489,system_server,-1,DisplayDeviceConfig,requesting nits when no mapping exists.]
09-23 01:12:03.852 I/am_wtf ( 1489): [0,1489,system_server,-1,DisplayDeviceConfig,requesting nits when no mapping exists.]
09-23 01:12:03.868 I/am_wtf ( 1489): [0,1489,system_server,-1,DisplayDeviceConfig,requesting nits when no mapping exists.]
09-23 01:12:03.869 I/am_wtf ( 1489): [0,1489,system_server,-1,DisplayDeviceConfig,requesting nits when no mapping exists.]
09-23 01:12:03.885 I/am_wtf ( 1489): [0,1489,system_server,-1,DisplayDeviceConfig,requesting nits when no mapping exists.]
09-23 01:12:03.886 I/am_wtf ( 1489): [0,1489,system_server,-1,DisplayDeviceConfig,requesting nits when no mapping exists.]
09-23 01:12:03.901 I/am_wtf ( 1489): [0,1489,system_server,-1,DisplayDeviceConfig,requesting nits when no mapping exists.]
09-23 01:12:03.902 I/am_wtf ( 1489): [0,1489,system_server,-1,DisplayDeviceConfig,requesting nits when no mapping exists.]
09-23 01:12:03.918 I/am_wtf ( 1489): [0,1489,system_server,-1,DisplayDeviceConfig,requesting nits when no mapping exists.]
09-23 01:12:03.919 I/am_wtf ( 1489): [0,1489,system_server,-1,DisplayDeviceConfig,requesting nits when no mapping exists.]
09-23 01:12:03.935 I/am_wtf ( 1489): [0,1489,system_server,-1,DisplayDeviceConfig,requesting nits when no mapping exists.]
09-23 01:12:03.935 I/am_wtf ( 1489): [0,1489,system_server,-1,DisplayDeviceConfig,requesting nits when no mapping exists.]
09-23 01:12:03.952 I/am_wtf ( 1489): [0,1489,system_server,-1,DisplayDeviceConfig,requesting nits when no mapping exists.]
09-23 01:12:03.953 I/am_wtf ( 1489): [0,1489,system_server,-1,DisplayDeviceConfig,requesting nits when no mapping exists.]
09-23 01:12:03.969 I/am_wtf ( 1489): [0,1489,system_server,-1,DisplayDeviceConfig,requesting nits when no mapping exists.]
09-23 01:12:03.971 I/am_wtf ( 1489): [0,1489,system_server,-1,DisplayDeviceConfig,requesting nits when no mapping exists.]
09-23 01:12:03.985 I/am_wtf ( 1489): [0,1489,system_server,-1,DisplayDeviceConfig,requesting nits when no mapping exists.]
09-23 01:12:03.987 I/am_wtf ( 1489): [0,1489,system_server,-1,DisplayDeviceConfig,requesting nits when no mapping exists.]
09-23 01:12:04.002 I/am_wtf ( 1489): [0,1489,system_server,-1,DisplayDeviceConfig,requesting nits when no mapping exists.]
09-23 01:12:04.003 I/am_wtf ( 1489): [0,1489,system_server,-1,DisplayDeviceConfig,requesting nits when no mapping exists.]
09-23 01:12:04.291 I/auditd ( 3555): type=1400 audit(0.0:36324): avc: denied { read } for comm="NativeThread" name="unix" dev="proc" ino=4026532289 scontext=u:r:untrusted_app_27:s0:c512,c768 tcontext=u:object_r:proc_net:s0 tclass=file permissive=0 app=com.alibaba.android.rimet
09-23 01:12:04.299 I/auditd ( 3555): type=1400 audit(0.0:36325): avc: denied { read } for comm="NativeThread" name="version" dev="proc" ino=4026532265 scontext=u:r:untrusted_app_27:s0:c512,c768 tcontext=u:object_r:proc_version:s0 tclass=file permissive=0 app=com.alibaba.android.rimet
09-23 01:12:04.299 I/auditd ( 3555): type=1400 audit(0.0:36326): avc: denied { ioctl } for comm="NativeThread" path="socket:[532634]" dev="sockfs" ino=532634 ioctlcmd=0x8927 scontext=u:r:untrusted_app_27:s0:c512,c768 tcontext=u:r:untrusted_app_27:s0:c512,c768 tclass=udp_socket permissive=0 app=com.alibaba.android.rimet
09-23 01:12:04.743 I/auditd ( 3555): type=1400 audit(0.0:36340): avc: denied { read } for comm="NativeThread" name="unix" dev="proc" ino=4026532289 scontext=u:r:untrusted_app_27:s0:c512,c768 tcontext=u:object_r:proc_net:s0 tclass=file permissive=0 app=com.alibaba.android.rimet
09-23 01:12:09.419 I/auditd ( 3555): type=1400 audit(0.0:36341): avc: denied { read } for comm="NativeThread" name="unix" dev="proc" ino=4026532289 scontext=u:r:untrusted_app_27:s0:c512,c768 tcontext=u:object_r:proc_net:s0 tclass=file permissive=0 app=com.alibaba.android.rimet
09-23 01:12:09.887 I/auditd ( 3555): type=1400 audit(0.0:36342): avc: denied { read } for comm="NativeThread" name="unix" dev="proc" ino=4026532289 scontext=u:r:untrusted_app_27:s0:c512,c768 tcontext=u:object_r:proc_net:s0 tclass=file permissive=0 app=com.alibaba.android.rimet
09-23 01:12:10.141 I/input_interaction( 1489): Interaction with: bb9afb8 com.android.launcher3/com.android.launcher3.uioverrides.QuickstepLauncher (server), 48244fa com.android.systemui.ImageWallpaper (server), edge-swipe (server), swipe-up (server), PointerEventDispatcher0 (server),
09-23 01:12:10.145 I/sysui_multi_action( 1489): [757,1696,758,6,759,3]
09-23 01:12:10.149 I/service_manager_stats( 1489): [116,60,7098]
09-23 01:12:10.154 I/am_wtf ( 1489): [0,1489,system_server,-1,DisplayDeviceConfig,requesting nits when no mapping exists.]
09-23 01:12:10.155 I/am_wtf ( 1489): [0,1489,system_server,-1,DisplayDeviceConfig,requesting nits when no mapping exists.]
09-23 01:12:10.173 I/am_wtf ( 1489): [0,1489,system_server,-1,DisplayDeviceConfig,requesting nits when no mapping exists.]
09-23 01:12:10.174 I/am_wtf ( 1489): [0,1489,system_server,-1,DisplayDeviceConfig,requesting nits when no mapping exists.]
09-23 01:12:10.185 I/am_wtf ( 1489): [0,1489,system_server,-1,DisplayDeviceConfig,requesting nits when no mapping exists.]
09-23 01:12:10.186 I/am_wtf ( 1489): [0,1489,system_server,-1,DisplayDeviceConfig,requesting nits when no mapping exists.]
09-23 01:12:10.201 I/am_wtf ( 1489): [0,1489,system_server,-1,DisplayDeviceConfig,requesting nits when no mapping exists.]
09-23 01:12:10.202 I/am_wtf ( 1489): [0,1489,system_server,-1,DisplayDeviceConfig,requesting nits when no mapping exists.]
09-23 01:12:10.221 I/am_wtf ( 1489): [0,1489,system_server,-1,DisplayDeviceConfig,requesting nits when no mapping exists.]
09-23 01:12:10.221 I/am_wtf ( 1489): [0,1489,system_server,-1,DisplayDeviceConfig,requesting nits when no mapping exists.]
09-23 01:12:10.235 I/am_wtf ( 1489): [0,1489,system_server,-1,DisplayDeviceConfig,requesting nits when no mapping exists.]
09-23 01:12:10.236 I/am_wtf ( 1489): [0,1489,system_server,-1,DisplayDeviceConfig,requesting nits when no mapping exists.]
09-23 01:12:10.255 I/am_wtf ( 1489): [0,1489,system_server,-1,DisplayDeviceConfig,requesting nits when no mapping exists.]
09-23 01:12:10.255 I/am_wtf ( 1489): [0,1489,system_server,-1,DisplayDeviceConfig,requesting nits when no mapping exists.]
09-23 01:12:10.266 I/am_uid_idle( 1489): 10066
09-23 01:12:10.274 I/am_wtf ( 1489): [0,1489,system_server,-1,DisplayDeviceConfig,requesting nits when no mapping exists.]
09-23 01:12:10.274 I/am_wtf ( 1489): [0,1489,system_server,-1,DisplayDeviceConfig,requesting nits when no mapping exists.]
09-23 01:12:10.275 I/wm_task_moved( 1489): [126,1,6]
09-23 01:12:10.275 I/wm_task_to_front( 1489): [0,126]
09-23 01:12:10.276 I/wm_focused_root_task( 1489): [0,0,126,1,bringingFoundTaskToFront]
09-23 01:12:10.277 I/wm_set_resumed_activity( 1489): [0,com.android.settings/.Settings,bringingFoundTaskToFront]
09-23 01:12:10.278 I/wm_new_intent( 1489): [0,223095647,126,com.android.settings/.Settings,android.intent.action.MAIN,NULL,NULL,270532608]
09-23 01:12:10.281 I/wm_pause_activity( 1489): [0,152286629,com.android.launcher3/.uioverrides.QuickstepLauncher,userLeaving=true,pauseBackTasks]
09-23 01:12:10.285 I/am_wtf ( 1489): [0,1489,system_server,-1,DisplayDeviceConfig,requesting nits when no mapping exists.]
09-23 01:12:10.286 I/am_wtf ( 1489): [0,1489,system_server,-1,DisplayDeviceConfig,requesting nits when no mapping exists.]
09-23 01:12:10.289 I/wm_on_top_resumed_lost_called( 2347): [152286629,com.android.launcher3.uioverrides.QuickstepLauncher,topStateChangedWhenResumed]
09-23 01:12:10.290 I/wm_on_paused_called( 2347): [152286629,com.android.launcher3.uioverrides.QuickstepLauncher,performPause]
09-23 01:12:10.292 I/wm_set_resumed_activity( 1489): [0,com.android.settings/.Settings,resumeTopActivityInnerLocked]
09-23 01:12:10.292 I/wm_add_to_stopping( 1489): [0,152286629,com.android.launcher3/.uioverrides.QuickstepLauncher,makeInvisible]
09-23 01:12:10.294 I/wm_resume_activity( 1489): [0,223095647,126,com.android.settings/.Settings]
09-23 01:12:10.299 I/sysui_multi_action( 1489): [757,803,799,window_time_0,802,60]
09-23 01:12:10.302 I/am_wtf ( 1489): [0,1489,system_server,-1,DisplayDeviceConfig,requesting nits when no mapping exists.]
09-23 01:12:10.305 I/wm_on_restart_called( 2232): [223095647,com.android.settings.Settings,performRestartActivity]
09-23 01:12:10.307 I/wm_on_start_called( 2232): [223095647,com.android.settings.Settings,handleStartActivity]
09-23 01:12:10.308 I/snet_event_log( 2232): [120484087,-1,]
09-23 01:12:10.308 I/am_wtf ( 1489): [0,1489,system_server,-1,DisplayDeviceConfig,requesting nits when no mapping exists.]
09-23 01:12:10.308 I/wm_on_resume_called( 2232): [223095647,com.android.settings.Settings,RESUME_ACTIVITY]
09-23 01:12:10.309 I/sysui_multi_action( 2232): [757,35,758,1,833,0,1089,0]
09-23 01:12:10.310 I/sysui_multi_action( 2232): [757,346,758,1,833,0,1089,0]
09-23 01:12:10.311 I/wm_on_top_resumed_gained_called( 2232): [223095647,com.android.settings.Settings,topWhenResuming]
09-23 01:12:10.320 I/am_wtf ( 1489): [0,1489,system_server,-1,DisplayDeviceConfig,requesting nits when no mapping exists.]
09-23 01:12:10.320 I/input_focus( 1489): [Focus leaving bb9afb8 com.android.launcher3/com.android.launcher3.uioverrides.QuickstepLauncher (server),reason=NO_WINDOW]
09-23 01:12:10.325 I/input_focus( 1489): [Focus request 5259c61 com.android.settings/com.android.settings.Settings,reason=UpdateInputWindows]
09-23 01:12:10.326 I/am_wtf ( 1489): [0,1489,system_server,-1,DisplayDeviceConfig,requesting nits when no mapping exists.]
09-23 01:12:10.336 I/input_focus( 1489): [Focus entering 5259c61 com.android.settings/com.android.settings.Settings (server),reason=setFocusedWindow]
09-23 01:12:10.339 I/am_wtf ( 1489): [0,1489,system_server,-1,DisplayDeviceConfig,requesting nits when no mapping exists.]
09-23 01:12:10.340 I/am_wtf ( 1489): [0,1489,system_server,-1,DisplayDeviceConfig,requesting nits when no mapping exists.]
09-23 01:12:10.341 I/sysui_multi_action( 1489): [319,44,321,41,322,67,325,9937,757,761,758,9,759,4,806,com.android.settings,871,com.android.settings.Settings,904,com.android.launcher3,905,0,1320,8,1321,5]
09-23 01:12:10.352 I/am_wtf ( 1489): [0,1489,system_server,-1,DisplayDeviceConfig,requesting nits when no mapping exists.]
09-23 01:12:10.352 I/am_wtf ( 1489): [0,1489,system_server,-1,DisplayDeviceConfig,requesting nits when no mapping exists.]
09-23 01:12:10.355 I/auditd ( 577): type=1400 audit(0.0:36343): avc: denied { read } for comm="Binder:577_2" name="wakeup58" dev="sysfs" ino=83493 scontext=u:r:system_suspend:s0 tcontext=u:object_r:sysfs:s0 tclass=dir permissive=0
09-23 01:12:10.355 I/auditd ( 577): type=1400 audit(0.0:36344): avc: denied { read } for comm="Binder:577_2" name="wakeup4" dev="sysfs" ino=52895 scontext=u:r:system_suspend:s0 tcontext=u:object_r:sysfs:s0 tclass=dir permissive=0
09-23 01:12:10.355 I/auditd ( 577): type=1400 audit(0.0:36345): avc: denied { read } for comm="Binder:577_2" name="wakeup38" dev="sysfs" ino=68553 scontext=u:r:system_suspend:s0 tcontext=u:object_r:sysfs:s0 tclass=dir permissive=0
09-23 01:12:10.355 I/auditd ( 3555): type=1400 audit(0.0:36346): avc: denied { read } for comm="NativeThread" name="unix" dev="proc" ino=4026532289 scontext=u:r:untrusted_app_27:s0:c512,c768 tcontext=u:object_r:proc_net:s0 tclass=file permissive=0 app=com.alibaba.android.rimet
09-23 01:12:10.355 I/auditd ( 577): type=1400 audit(0.0:36347): avc: denied { read } for comm="Binder:577_2" name="wakeup28" dev="sysfs" ino=59251 scontext=u:r:system_suspend:s0 tcontext=u:object_r:sysfs:s0 tclass=dir permissive=0
09-23 01:12:10.359 I/auditd ( 577): type=1400 audit(0.0:36348): avc: denied { read } for comm="Binder:577_2" name="wakeup56" dev="sysfs" ino=83421 scontext=u:r:system_suspend:s0 tcontext=u:object_r:sysfs:s0 tclass=dir permissive=0
09-23 01:12:10.359 I/auditd ( 577): type=1400 audit(0.0:36349): avc: denied { read } for comm="Binder:577_2" name="wakeup18" dev="sysfs" ino=58638 scontext=u:r:system_suspend:s0 tcontext=u:object_r:sysfs:s0 tclass=dir permissive=0
09-23 01:12:10.368 I/am_wtf ( 1489): [0,1489,system_server,-1,DisplayDeviceConfig,requesting nits when no mapping exists.]
09-23 01:12:10.370 I/am_wtf ( 1489): [0,1489,system_server,-1,DisplayDeviceConfig,requesting nits when no mapping exists.]
09-23 01:12:10.390 I/am_wtf ( 1489): [0,1489,system_server,-1,DisplayDeviceConfig,requesting nits when no mapping exists.]
09-23 01:12:10.393 I/am_wtf ( 1489): [0,1489,system_server,-1,DisplayDeviceConfig,requesting nits when no mapping exists.]
09-23 01:12:10.402 I/am_wtf ( 1489): [0,1489,system_server,-1,DisplayDeviceConfig,requesting nits when no mapping exists.]
09-23 01:12:10.404 I/am_wtf ( 1489): [0,1489,system_server,-1,DisplayDeviceConfig,requesting nits when no mapping exists.]
09-23 01:12:10.421 I/am_wtf ( 1489): [0,1489,system_server,-1,DisplayDeviceConfig,requesting nits when no mapping exists.]
09-23 01:12:10.423 I/am_wtf ( 1489): [0,1489,system_server,-1,DisplayDeviceConfig,requesting nits when no mapping exists.]
09-23 01:12:10.436 I/am_wtf ( 1489): [0,1489,system_server,-1,DisplayDeviceConfig,requesting nits when no mapping exists.]
09-23 01:12:10.437 I/am_wtf ( 1489): [0,1489,system_server,-1,DisplayDeviceConfig,requesting nits when no mapping exists.]
09-23 01:12:10.459 I/am_wtf ( 1489): [0,1489,system_server,-1,DisplayDeviceConfig,requesting nits when no mapping exists.]
09-23 01:12:10.460 I/am_wtf ( 1489): [0,1489,system_server,-1,DisplayDeviceConfig,requesting nits when no mapping exists.]
09-23 01:12:10.470 I/am_wtf ( 1489): [0,1489,system_server,-1,DisplayDeviceConfig,requesting nits when no mapping exists.]
09-23 01:12:10.472 I/am_wtf ( 1489): [0,1489,system_server,-1,DisplayDeviceConfig,requesting nits when no mapping exists.]
09-23 01:12:10.484 I/am_wtf ( 1489): [0,1489,system_server,-1,DisplayDeviceConfig,requesting nits when no mapping exists.]
09-23 01:12:10.485 I/am_wtf ( 1489): [0,1489,system_server,-1,DisplayDeviceConfig,requesting nits when no mapping exists.]
09-23 01:12:10.504 I/am_wtf ( 1489): [0,1489,system_server,-1,DisplayDeviceConfig,requesting nits when no mapping exists.]
09-23 01:12:10.505 I/am_wtf ( 1489): [0,1489,system_server,-1,DisplayDeviceConfig,requesting nits when no mapping exists.]
09-23 01:12:10.521 I/am_wtf ( 1489): [0,1489,system_server,-1,DisplayDeviceConfig,requesting nits when no mapping exists.]
09-23 01:12:10.522 I/am_wtf ( 1489): [0,1489,system_server,-1,DisplayDeviceConfig,requesting nits when no mapping exists.]
09-23 01:12:10.537 I/am_wtf ( 1489): [0,1489,system_server,-1,DisplayDeviceConfig,requesting nits when no mapping exists.]
09-23 01:12:10.540 I/am_wtf ( 1489): [0,1489,system_server,-1,DisplayDeviceConfig,requesting nits when no mapping exists.]
09-23 01:12:10.555 I/am_wtf ( 1489): [0,1489,system_server,-1,DisplayDeviceConfig,requesting nits when no mapping exists.]
09-23 01:12:10.555 I/am_wtf ( 1489): [0,1489,system_server,-1,DisplayDeviceConfig,requesting nits when no mapping exists.]
09-23 01:12:10.572 I/am_wtf ( 1489): [0,1489,system_server,-1,DisplayDeviceConfig,requesting nits when no mapping exists.]
09-23 01:12:10.574 I/am_wtf ( 1489): [0,1489,system_server,-1,DisplayDeviceConfig,requesting nits when no mapping exists.]
09-23 01:12:10.588 I/am_wtf ( 1489): [0,1489,system_server,-1,DisplayDeviceConfig,requesting nits when no mapping exists.]
09-23 01:12:10.589 I/am_wtf ( 1489): [0,1489,system_server,-1,DisplayDeviceConfig,requesting nits when no mapping exists.]
09-23 01:12:10.603 I/am_wtf ( 1489): [0,1489,system_server,-1,DisplayDeviceConfig,requesting nits when no mapping exists.]
09-23 01:12:10.604 I/am_wtf ( 1489): [0,1489,system_server,-1,DisplayDeviceConfig,requesting nits when no mapping exists.]
09-23 01:12:10.622 I/am_wtf ( 1489): [0,1489,system_server,-1,DisplayDeviceConfig,requesting nits when no mapping exists.]
09-23 01:12:10.623 I/am_wtf ( 1489): [0,1489,system_server,-1,DisplayDeviceConfig,requesting nits when no mapping exists.]
09-23 01:12:10.637 I/am_wtf ( 1489): [0,1489,system_server,-1,DisplayDeviceConfig,requesting nits when no mapping exists.]
09-23 01:12:10.639 I/am_wtf ( 1489): [0,1489,system_server,-1,DisplayDeviceConfig,requesting nits when no mapping exists.]
09-23 01:12:10.653 I/am_wtf ( 1489): [0,1489,system_server,-1,DisplayDeviceConfig,requesting nits when no mapping exists.]
09-23 01:12:10.655 I/am_wtf ( 1489): [0,1489,system_server,-1,DisplayDeviceConfig,requesting nits when no mapping exists.]
09-23 01:12:10.670 I/am_wtf ( 1489): [0,1489,system_server,-1,DisplayDeviceConfig,requesting nits when no mapping exists.]
09-23 01:12:10.671 I/am_wtf ( 1489): [0,1489,system_server,-1,DisplayDeviceConfig,requesting nits when no mapping exists.]
09-23 01:12:10.688 I/am_wtf ( 1489): [0,1489,system_server,-1,DisplayDeviceConfig,requesting nits when no mapping exists.]
09-23 01:12:10.689 I/am_wtf ( 1489): [0,1489,system_server,-1,DisplayDeviceConfig,requesting nits when no mapping exists.]
09-23 01:12:10.705 I/am_wtf ( 1489): [0,1489,system_server,-1,DisplayDeviceConfig,requesting nits when no mapping exists.]
09-23 01:12:10.705 I/am_wtf ( 1489): [0,1489,system_server,-1,DisplayDeviceConfig,requesting nits when no mapping exists.]
09-23 01:12:10.718 I/am_wtf ( 1489): [0,1489,system_server,-1,DisplayDeviceConfig,requesting nits when no mapping exists.]
09-23 01:12:10.719 I/am_wtf ( 1489): [0,1489,system_server,-1,DisplayDeviceConfig,requesting nits when no mapping exists.]
09-23 01:12:10.735 I/am_wtf ( 1489): [0,1489,system_server,-1,DisplayDeviceConfig,requesting nits when no mapping exists.]
09-23 01:12:10.746 I/am_wtf ( 1489): [0,1489,system_server,-1,DisplayDeviceConfig,requesting nits when no mapping exists.]
09-23 01:12:10.753 I/am_wtf ( 1489): [0,1489,system_server,-1,DisplayDeviceConfig,requesting nits when no mapping exists.]
09-23 01:12:10.754 I/am_wtf ( 1489): [0,1489,system_server,-1,DisplayDeviceConfig,requesting nits when no mapping exists.]
09-23 01:12:10.769 I/am_wtf ( 1489): [0,1489,system_server,-1,DisplayDeviceConfig,requesting nits when no mapping exists.]
09-23 01:12:10.770 I/am_wtf ( 1489): [0,1489,system_server,-1,DisplayDeviceConfig,requesting nits when no mapping exists.]
09-23 01:12:10.786 I/am_wtf ( 1489): [0,1489,system_server,-1,DisplayDeviceConfig,requesting nits when no mapping exists.]
09-23 01:12:10.787 I/am_wtf ( 1489): [0,1489,system_server,-1,DisplayDeviceConfig,requesting nits when no mapping exists.]
09-23 01:12:10.802 I/am_wtf ( 1489): [0,1489,system_server,-1,DisplayDeviceConfig,requesting nits when no mapping exists.]
09-23 01:12:10.804 I/am_wtf ( 1489): [0,1489,system_server,-1,DisplayDeviceConfig,requesting nits when no mapping exists.]
09-23 01:12:10.820 I/am_wtf ( 1489): [0,1489,system_server,-1,DisplayDeviceConfig,requesting nits when no mapping exists.]
09-23 01:12:10.822 I/am_wtf ( 1489): [0,1489,system_server,-1,DisplayDeviceConfig,requesting nits when no mapping exists.]
09-23 01:12:10.837 I/am_wtf ( 1489): [0,1489,system_server,-1,DisplayDeviceConfig,requesting nits when no mapping exists.]
09-23 01:12:10.839 I/wm_stop_activity( 1489): [0,152286629,com.android.launcher3/.uioverrides.QuickstepLauncher]
09-23 01:12:10.840 I/am_wtf ( 1489): [0,1489,system_server,-1,DisplayDeviceConfig,requesting nits when no mapping exists.]
09-23 01:12:10.844 I/wm_on_stop_called( 2347): [152286629,com.android.launcher3.uioverrides.QuickstepLauncher,STOP_ACTIVITY_ITEM]
09-23 01:12:10.854 I/am_wtf ( 1489): [0,1489,system_server,-1,DisplayDeviceConfig,requesting nits when no mapping exists.]
09-23 01:12:10.855 I/am_wtf ( 1489): [0,1489,system_server,-1,DisplayDeviceConfig,requesting nits when no mapping exists.]
09-23 01:12:10.870 I/am_wtf ( 1489): [0,1489,system_server,-1,DisplayDeviceConfig,requesting nits when no mapping exists.]
09-23 01:12:10.873 I/am_wtf ( 1489): [0,1489,system_server,-1,DisplayDeviceConfig,requesting nits when no mapping exists.]
09-23 01:12:10.887 I/am_wtf ( 1489): [0,1489,system_server,-1,DisplayDeviceConfig,requesting nits when no mapping exists.]
09-23 01:12:10.888 I/am_wtf ( 1489): [0,1489,system_server,-1,DisplayDeviceConfig,requesting nits when no mapping exists.]
09-23 01:12:10.902 I/am_wtf ( 1489): [0,1489,system_server,-1,DisplayDeviceConfig,requesting nits when no mapping exists.]
09-23 01:12:10.903 I/am_wtf ( 1489): [0,1489,system_server,-1,DisplayDeviceConfig,requesting nits when no mapping exists.]
09-23 01:12:10.920 I/am_wtf ( 1489): [0,1489,system_server,-1,DisplayDeviceConfig,requesting nits when no mapping exists.]
09-23 01:12:10.921 I/am_wtf ( 1489): [0,1489,system_server,-1,DisplayDeviceConfig,requesting nits when no mapping exists.]
09-23 01:12:10.937 I/am_wtf ( 1489): [0,1489,system_server,-1,DisplayDeviceConfig,requesting nits when no mapping exists.]
