09-23 01:04:44.535 I/auditd ( 3555): type=1400 audit(0.0:34885): avc: denied { ioctl } for comm="NativeThread" path="socket:[509542]" dev="sockfs" ino=509542 ioctlcmd=0x8927 scontext=u:r:untrusted_app_27:s0:c512,c768 tcontext=u:r:untrusted_app_27:s0:c512,c768 tclass=udp_socket permissive=0 app=com.alibaba.android.rimet
09-23 01:04:44.535 I/auditd ( 3555): type=1400 audit(0.0:34886): avc: denied { ioctl } for comm="NativeThread" path="socket:[509542]" dev="sockfs" ino=509542 ioctlcmd=0x8927 scontext=u:r:untrusted_app_27:s0:c512,c768 tcontext=u:r:untrusted_app_27:s0:c512,c768 tclass=udp_socket permissive=0 app=com.alibaba.android.rimet
09-23 01:04:49.723 I/auditd ( 3555): type=1400 audit(0.0:34897): avc: denied { read } for comm="NativeThread" name="unix" dev="proc" ino=4026532289 scontext=u:r:untrusted_app_27:s0:c512,c768 tcontext=u:object_r:proc_net:s0 tclass=file permissive=0 app=com.alibaba.android.rimet
09-23 01:04:50.187 I/auditd ( 3555): type=1400 audit(0.0:34898): avc: denied { read } for comm="NativeThread" name="unix" dev="proc" ino=4026532289 scontext=u:r:untrusted_app_27:s0:c512,c768 tcontext=u:object_r:proc_net:s0 tclass=file permissive=0 app=com.alibaba.android.rimet
09-23 01:04:50.635 I/auditd ( 3555): type=1400 audit(0.0:34899): avc: denied { read } for comm="NativeThread" name="unix" dev="proc" ino=4026532289 scontext=u:r:untrusted_app_27:s0:c512,c768 tcontext=u:object_r:proc_net:s0 tclass=file permissive=0 app=com.alibaba.android.rimet
09-23 01:04:50.639 I/auditd ( 3555): type=1400 audit(0.0:34900): avc: denied { read } for comm="NativeThread" name="version" dev="proc" ino=4026532265 scontext=u:r:untrusted_app_27:s0:c512,c768 tcontext=u:object_r:proc_version:s0 tclass=file permissive=0 app=com.alibaba.android.rimet
09-23 01:04:50.643 I/auditd ( 3555): type=1400 audit(0.0:34901): avc: denied { ioctl } for comm="NativeThread" path="socket:[509684]" dev="sockfs" ino=509684 ioctlcmd=0x8927 scontext=u:r:untrusted_app_27:s0:c512,c768 tcontext=u:r:untrusted_app_27:s0:c512,c768 tclass=udp_socket permissive=0 app=com.alibaba.android.rimet
09-23 01:04:51.115 I/auditd ( 3555): type=1400 audit(0.0:34915): avc: denied { read } for comm="NativeThread" name="unix" dev="proc" ino=4026532289 scontext=u:r:untrusted_app_27:s0:c512,c768 tcontext=u:object_r:proc_net:s0 tclass=file permissive=0 app=com.alibaba.android.rimet
09-23 01:04:55.651 I/auditd ( 3707): type=1400 audit(0.0:34916): avc: denied { read } for comm=5468726561642D32202D2031333733 name="tcp" dev="proc" ino=4026532283 scontext=u:r:untrusted_app_29:s0:c108,c256,c512,c768 tcontext=u:object_r:proc_net_tcp_udp:s0 tclass=file permissive=0 app=com.smile.gifmaker
09-23 01:04:55.739 I/auditd ( 3555): type=1400 audit(0.0:34917): avc: denied { read } for comm="NativeThread" name="unix" dev="proc" ino=4026532289 scontext=u:r:untrusted_app_27:s0:c512,c768 tcontext=u:object_r:proc_net:s0 tclass=file permissive=0 app=com.alibaba.android.rimet
09-23 01:04:56.235 I/auditd ( 3555): type=1400 audit(0.0:34918): avc: denied { read } for comm="NativeThread" name="unix" dev="proc" ino=4026532289 scontext=u:r:untrusted_app_27:s0:c512,c768 tcontext=u:object_r:proc_net:s0 tclass=file permissive=0 app=com.alibaba.android.rimet
09-23 01:04:56.723 I/auditd ( 3555): type=1400 audit(0.0:34919): avc: denied { read } for comm="NativeThread" name="unix" dev="proc" ino=4026532289 scontext=u:r:untrusted_app_27:s0:c512,c768 tcontext=u:object_r:proc_net:s0 tclass=file permissive=0 app=com.alibaba.android.rimet
09-23 01:04:56.727 I/auditd ( 3555): type=1400 audit(0.0:34920): avc: denied { read } for comm="NativeThread" name="version" dev="proc" ino=4026532265 scontext=u:r:untrusted_app_27:s0:c512,c768 tcontext=u:object_r:proc_version:s0 tclass=file permissive=0 app=com.alibaba.android.rimet
09-23 01:04:56.731 I/auditd ( 3555): type=1400 audit(0.0:34921): avc: denied { ioctl } for comm="NativeThread" path="socket:[511423]" dev="sockfs" ino=511423 ioctlcmd=0x8927 scontext=u:r:untrusted_app_27:s0:c512,c768 tcontext=u:r:untrusted_app_27:s0:c512,c768 tclass=udp_socket permissive=0 app=com.alibaba.android.rimet
09-23 01:04:56.731 I/auditd ( 3555): type=1400 audit(0.0:34922): avc: denied { ioctl } for comm="NativeThread" path="socket:[511423]" dev="sockfs" ino=511423 ioctlcmd=0x8927 scontext=u:r:untrusted_app_27:s0:c512,c768 tcontext=u:r:untrusted_app_27:s0:c512,c768 tclass=udp_socket permissive=0 app=com.alibaba.android.rimet
09-23 01:04:56.731 I/auditd ( 3555): type=1400 audit(0.0:34923): avc: denied { ioctl } for comm="NativeThread" path="socket:[511423]" dev="sockfs" ino=511423 ioctlcmd=0x8927 scontext=u:r:untrusted_app_27:s0:c512,c768 tcontext=u:r:untrusted_app_27:s0:c512,c768 tclass=udp_socket permissive=0 app=com.alibaba.android.rimet
09-23 01:04:56.731 I/auditd ( 3555): type=1400 audit(0.0:34924): avc: denied { ioctl } for comm="NativeThread" path="socket:[511423]" dev="sockfs" ino=511423 ioctlcmd=0x8927 scontext=u:r:untrusted_app_27:s0:c512,c768 tcontext=u:r:untrusted_app_27:s0:c512,c768 tclass=udp_socket permissive=0 app=com.alibaba.android.rimet
09-23 01:04:58.587 I/auditd ( 4190): type=1400 audit(0.0:34936): avc: denied { read } for comm="pool-2-thread-6" name="tcp" dev="proc" ino=4026532283 scontext=u:r:untrusted_app_29:s0:c108,c256,c512,c768 tcontext=u:object_r:proc_net_tcp_udp:s0 tclass=file permissive=0 app=com.smile.gifmaker
09-23 01:05:01.847 I/auditd ( 3555): type=1400 audit(0.0:34937): avc: denied { read } for comm="NativeThread" name="unix" dev="proc" ino=4026532289 scontext=u:r:untrusted_app_27:s0:c512,c768 tcontext=u:object_r:proc_net:s0 tclass=file permissive=0 app=com.alibaba.android.rimet
09-23 01:05:02.323 I/auditd ( 3555): type=1400 audit(0.0:34938): avc: denied { read } for comm="NativeThread" name="unix" dev="proc" ino=4026532289 scontext=u:r:untrusted_app_27:s0:c512,c768 tcontext=u:object_r:proc_net:s0 tclass=file permissive=0 app=com.alibaba.android.rimet
09-23 01:05:02.867 I/auditd ( 3555): type=1400 audit(0.0:34939): avc: denied { read } for comm="NativeThread" name="unix" dev="proc" ino=4026532289 scontext=u:r:untrusted_app_27:s0:c512,c768 tcontext=u:object_r:proc_net:s0 tclass=file permissive=0 app=com.alibaba.android.rimet
09-23 01:05:02.875 I/auditd ( 3555): type=1400 audit(0.0:34940): avc: denied { read } for comm="NativeThread" name="version" dev="proc" ino=4026532265 scontext=u:r:untrusted_app_27:s0:c512,c768 tcontext=u:object_r:proc_version:s0 tclass=file permissive=0 app=com.alibaba.android.rimet
09-23 01:05:02.879 I/auditd ( 3555): type=1400 audit(0.0:34941): avc: denied { ioctl } for comm="NativeThread" path="socket:[510441]" dev="sockfs" ino=510441 ioctlcmd=0x8927 scontext=u:r:untrusted_app_27:s0:c512,c768 tcontext=u:r:untrusted_app_27:s0:c512,c768 tclass=udp_socket permissive=0 app=com.alibaba.android.rimet
09-23 01:05:02.879 I/auditd ( 3555): type=1400 audit(0.0:34942): avc: denied { ioctl } for comm="NativeThread" path="socket:[510441]" dev="sockfs" ino=510441 ioctlcmd=0x8927 scontext=u:r:untrusted_app_27:s0:c512,c768 tcontext=u:r:untrusted_app_27:s0:c512,c768 tclass=udp_socket permissive=0 app=com.alibaba.android.rimet
09-23 01:05:02.879 I/auditd ( 3555): type=1400 audit(0.0:34943): avc: denied { ioctl } for comm="NativeThread" path="socket:[510441]" dev="sockfs" ino=510441 ioctlcmd=0x8927 scontext=u:r:untrusted_app_27:s0:c512,c768 tcontext=u:r:untrusted_app_27:s0:c512,c768 tclass=udp_socket permissive=0 app=com.alibaba.android.rimet
09-23 01:05:02.879 I/auditd ( 3555): type=1400 audit(0.0:34944): avc: denied { ioctl } for comm="NativeThread" path="socket:[510441]" dev="sockfs" ino=510441 ioctlcmd=0x8927 scontext=u:r:untrusted_app_27:s0:c512,c768 tcontext=u:r:untrusted_app_27:s0:c512,c768 tclass=udp_socket permissive=0 app=com.alibaba.android.rimet
09-23 01:05:02.879 I/auditd ( 3555): type=1400 audit(0.0:34945): avc: denied { ioctl } for comm="NativeThread" path="socket:[510441]" dev="sockfs" ino=510441 ioctlcmd=0x8927 scontext=u:r:untrusted_app_27:s0:c512,c768 tcontext=u:r:untrusted_app_27:s0:c512,c768 tclass=udp_socket permissive=0 app=com.alibaba.android.rimet
09-23 01:05:07.947 I/auditd ( 3555): type=1400 audit(0.0:34956): avc: denied { read } for comm="NativeThread" name="unix" dev="proc" ino=4026532289 scontext=u:r:untrusted_app_27:s0:c512,c768 tcontext=u:object_r:proc_net:s0 tclass=file permissive=0 app=com.alibaba.android.rimet
09-23 01:05:08.383 I/auditd ( 3555): type=1400 audit(0.0:34957): avc: denied { read } for comm="NativeThread" name="unix" dev="proc" ino=4026532289 scontext=u:r:untrusted_app_27:s0:c512,c768 tcontext=u:object_r:proc_net:s0 tclass=file permissive=0 app=com.alibaba.android.rimet
09-23 01:05:08.879 I/auditd ( 3555): type=1400 audit(0.0:34958): avc: denied { read } for comm="NativeThread" name="unix" dev="proc" ino=4026532289 scontext=u:r:untrusted_app_27:s0:c512,c768 tcontext=u:object_r:proc_net:s0 tclass=file permissive=0 app=com.alibaba.android.rimet
09-23 01:05:08.887 I/auditd ( 3555): type=1400 audit(0.0:34959): avc: denied { read } for comm="NativeThread" name="version" dev="proc" ino=4026532265 scontext=u:r:untrusted_app_27:s0:c512,c768 tcontext=u:object_r:proc_version:s0 tclass=file permissive=0 app=com.alibaba.android.rimet
09-23 01:05:08.887 I/auditd ( 3555): type=1400 audit(0.0:34960): avc: denied { ioctl } for comm="NativeThread" path="socket:[508588]" dev="sockfs" ino=508588 ioctlcmd=0x8927 scontext=u:r:untrusted_app_27:s0:c512,c768 tcontext=u:r:untrusted_app_27:s0:c512,c768 tclass=udp_socket permissive=0 app=com.alibaba.android.rimet
09-23 01:05:09.391 I/auditd ( 3555): type=1400 audit(0.0:34974): avc: denied { read } for comm="NativeThread" name="unix" dev="proc" ino=4026532289 scontext=u:r:untrusted_app_27:s0:c512,c768 tcontext=u:object_r:proc_net:s0 tclass=file permissive=0 app=com.alibaba.android.rimet
09-23 01:05:11.335 I/auditd (14035): type=1400 audit(0.0:34975): avc: denied { read } for comm="mars::2587" name="route" dev="proc" ino=4026532275 scontext=u:r:untrusted_app_29:s0:c105,c256,c512,c768 tcontext=u:object_r:proc_net:s0 tclass=file permissive=0 app=com.tencent.mm
09-23 01:05:11.335 I/auditd (14035): type=1400 audit(0.0:34976): avc: granted { nlmsg_readpriv } for comm="mars::2587" scontext=u:r:untrusted_app_29:s0:c105,c256,c512,c768 tcontext=u:r:untrusted_app_29:s0:c105,c256,c512,c768 tclass=netlink_route_socket app=com.tencent.mm
09-23 01:05:11.335 I/auditd (14035): type=1400 audit(0.0:34977): avc: granted { nlmsg_readpriv } for comm="mars::2587" scontext=u:r:untrusted_app_29:s0:c105,c256,c512,c768 tcontext=u:r:untrusted_app_29:s0:c105,c256,c512,c768 tclass=netlink_route_socket app=com.tencent.mm
09-23 01:05:11.367 I/auditd ( 2596): type=1400 audit(0.0:34978): avc: granted { bind } for comm="ip" scontext=u:r:untrusted_app_29:s0:c105,c256,c512,c768 tcontext=u:r:untrusted_app_29:s0:c105,c256,c512,c768 tclass=netlink_route_socket
09-23 01:05:14.011 I/auditd ( 3555): type=1400 audit(0.0:34979): avc: denied { read } for comm="NativeThread" name="unix" dev="proc" ino=4026532289 scontext=u:r:untrusted_app_27:s0:c512,c768 tcontext=u:object_r:proc_net:s0 tclass=file permissive=0 app=com.alibaba.android.rimet
09-23 01:05:14.539 I/auditd ( 3555): type=1400 audit(0.0:34980): avc: denied { read } for comm="NativeThread" name="unix" dev="proc" ino=4026532289 scontext=u:r:untrusted_app_27:s0:c512,c768 tcontext=u:object_r:proc_net:s0 tclass=file permissive=0 app=com.alibaba.android.rimet
09-23 01:05:14.987 I/auditd ( 3555): type=1400 audit(0.0:34981): avc: denied { read } for comm="NativeThread" name="unix" dev="proc" ino=4026532289 scontext=u:r:untrusted_app_27:s0:c512,c768 tcontext=u:object_r:proc_net:s0 tclass=file permissive=0 app=com.alibaba.android.rimet
09-23 01:05:14.991 I/auditd ( 3555): type=1400 audit(0.0:34982): avc: denied { read } for comm="NativeThread" name="version" dev="proc" ino=4026532265 scontext=u:r:untrusted_app_27:s0:c512,c768 tcontext=u:object_r:proc_version:s0 tclass=file permissive=0 app=com.alibaba.android.rimet
09-23 01:05:14.991 I/auditd ( 3555): type=1400 audit(0.0:34983): avc: denied { ioctl } for comm="NativeThread" path="socket:[512103]" dev="sockfs" ino=512103 ioctlcmd=0x8927 scontext=u:r:untrusted_app_27:s0:c512,c768 tcontext=u:r:untrusted_app_27:s0:c512,c768 tclass=udp_socket permissive=0 app=com.alibaba.android.rimet
09-23 01:05:15.415 I/auditd ( 3555): type=1400 audit(0.0:34997): avc: denied { read } for comm="NativeThread" name="unix" dev="proc" ino=4026532289 scontext=u:r:untrusted_app_27:s0:c512,c768 tcontext=u:object_r:proc_net:s0 tclass=file permissive=0 app=com.alibaba.android.rimet
09-23 01:05:19.131 I/auditd ( 3555): type=1400 audit(0.0:34998): avc: granted { nlmsg_readpriv } for comm="DaemonThread-6" scontext=u:r:untrusted_app_27:s0:c512,c768 tcontext=u:r:untrusted_app_27:s0:c512,c768 tclass=netlink_route_socket app=com.alibaba.android.rimet
09-23 01:05:19.867 I/auditd ( 3555): type=1400 audit(0.0:34999): avc: denied { read } for comm="NativeThread" name="unix" dev="proc" ino=4026532289 scontext=u:r:untrusted_app_27:s0:c512,c768 tcontext=u:object_r:proc_net:s0 tclass=file permissive=0 app=com.alibaba.android.rimet
09-23 01:05:20.107 I/auditd ( 3555): type=1400 audit(0.0:35000): avc: granted { nlmsg_readpriv } for comm="DaemonThread-6" scontext=u:r:untrusted_app_27:s0:c512,c768 tcontext=u:r:untrusted_app_27:s0:c512,c768 tclass=netlink_route_socket app=com.alibaba.android.rimet
09-23 01:05:20.127 I/auditd ( 3555): type=1400 audit(0.0:35001): avc: denied { read } for comm="NativeThread" name="unix" dev="proc" ino=4026532289 scontext=u:r:untrusted_app_27:s0:c512,c768 tcontext=u:object_r:proc_net:s0 tclass=file permissive=0 app=com.alibaba.android.rimet
09-23 01:05:20.603 I/auditd ( 3555): type=1400 audit(0.0:35002): avc: denied { read } for comm="NativeThread" name="unix" dev="proc" ino=4026532289 scontext=u:r:untrusted_app_27:s0:c512,c768 tcontext=u:object_r:proc_net:s0 tclass=file permissive=0 app=com.alibaba.android.rimet
09-23 01:05:20.611 I/auditd ( 3555): type=1400 audit(0.0:35003): avc: denied { read } for comm="NativeThread" name="version" dev="proc" ino=4026532265 scontext=u:r:untrusted_app_27:s0:c512,c768 tcontext=u:object_r:proc_version:s0 tclass=file permissive=0 app=com.alibaba.android.rimet
09-23 01:05:20.615 I/auditd ( 3555): type=1400 audit(0.0:35004): avc: denied { ioctl } for comm="NativeThread" path="socket:[512255]" dev="sockfs" ino=512255 ioctlcmd=0x8927 scontext=u:r:untrusted_app_27:s0:c512,c768 tcontext=u:r:untrusted_app_27:s0:c512,c768 tclass=udp_socket permissive=0 app=com.alibaba.android.rimet
09-23 01:05:20.615 I/auditd ( 3555): type=1400 audit(0.0:35005): avc: denied { ioctl } for comm="NativeThread" path="socket:[512255]" dev="sockfs" ino=512255 ioctlcmd=0x8927 scontext=u:r:untrusted_app_27:s0:c512,c768 tcontext=u:r:untrusted_app_27:s0:c512,c768 tclass=udp_socket permissive=0 app=com.alibaba.android.rimet
09-23 01:05:20.615 I/auditd ( 3555): type=1400 audit(0.0:35006): avc: denied { ioctl } for comm="NativeThread" path="socket:[512255]" dev="sockfs" ino=512255 ioctlcmd=0x8927 scontext=u:r:untrusted_app_27:s0:c512,c768 tcontext=u:r:untrusted_app_27:s0:c512,c768 tclass=udp_socket permissive=0 app=com.alibaba.android.rimet
09-23 01:05:25.775 I/auditd ( 3555): type=1400 audit(0.0:35019): avc: denied { read } for comm="NativeThread" name="unix" dev="proc" ino=4026532289 scontext=u:r:untrusted_app_27:s0:c512,c768 tcontext=u:object_r:proc_net:s0 tclass=file permissive=0 app=com.alibaba.android.rimet
09-23 01:05:26.271 I/auditd ( 3555): type=1400 audit(0.0:35020): avc: denied { read } for comm="NativeThread" name="unix" dev="proc" ino=4026532289 scontext=u:r:untrusted_app_27:s0:c512,c768 tcontext=u:object_r:proc_net:s0 tclass=file permissive=0 app=com.alibaba.android.rimet
09-23 01:05:26.699 I/auditd ( 3555): type=1400 audit(0.0:35021): avc: denied { read } for comm="NativeThread" name="unix" dev="proc" ino=4026532289 scontext=u:r:untrusted_app_27:s0:c512,c768 tcontext=u:object_r:proc_net:s0 tclass=file permissive=0 app=com.alibaba.android.rimet
09-23 01:05:26.703 I/auditd ( 3555): type=1400 audit(0.0:35022): avc: denied { read } for comm="NativeThread" name="version" dev="proc" ino=4026532265 scontext=u:r:untrusted_app_27:s0:c512,c768 tcontext=u:object_r:proc_version:s0 tclass=file permissive=0 app=com.alibaba.android.rimet
09-23 01:05:26.707 I/auditd ( 3555): type=1400 audit(0.0:35023): avc: denied { ioctl } for comm="NativeThread" path="socket:[508795]" dev="sockfs" ino=508795 ioctlcmd=0x8927 scontext=u:r:untrusted_app_27:s0:c512,c768 tcontext=u:r:untrusted_app_27:s0:c512,c768 tclass=udp_socket permissive=0 app=com.alibaba.android.rimet
09-23 01:05:27.203 I/auditd ( 3555): type=1400 audit(0.0:35037): avc: denied { read } for comm="NativeThread" name="unix" dev="proc" ino=4026532289 scontext=u:r:untrusted_app_27:s0:c512,c768 tcontext=u:object_r:proc_net:s0 tclass=file permissive=0 app=com.alibaba.android.rimet
09-23 01:05:27.227 I/auditd (32034): type=1400 audit(0.0:35038): avc: granted { nlmsg_readpriv } for comm="DaemonThread-6" scontext=u:r:untrusted_app_27:s0:c512,c768 tcontext=u:r:untrusted_app_27:s0:c512,c768 tclass=netlink_route_socket app=com.alibaba.android.rimet
09-23 01:05:27.883 I/auditd (32034): type=1400 audit(0.0:35039): avc: granted { nlmsg_readpriv } for comm="DaemonThread-6" scontext=u:r:untrusted_app_27:s0:c512,c768 tcontext=u:r:untrusted_app_27:s0:c512,c768 tclass=netlink_route_socket app=com.alibaba.android.rimet
09-23 01:05:31.831 I/auditd ( 3555): type=1400 audit(0.0:35040): avc: denied { read } for comm="NativeThread" name="unix" dev="proc" ino=4026532289 scontext=u:r:untrusted_app_27:s0:c512,c768 tcontext=u:object_r:proc_net:s0 tclass=file permissive=0 app=com.alibaba.android.rimet
09-23 01:05:32.339 I/auditd ( 3555): type=1400 audit(0.0:35041): avc: denied { read } for comm="NativeThread" name="unix" dev="proc" ino=4026532289 scontext=u:r:untrusted_app_27:s0:c512,c768 tcontext=u:object_r:proc_net:s0 tclass=file permissive=0 app=com.alibaba.android.rimet
09-23 01:05:32.747 I/auditd ( 3555): type=1400 audit(0.0:35042): avc: denied { read } for comm="NativeThread" name="unix" dev="proc" ino=4026532289 scontext=u:r:untrusted_app_27:s0:c512,c768 tcontext=u:object_r:proc_net:s0 tclass=file permissive=0 app=com.alibaba.android.rimet
09-23 01:05:32.755 I/auditd ( 3555): type=1400 audit(0.0:35043): avc: denied { read } for comm="NativeThread" name="version" dev="proc" ino=4026532265 scontext=u:r:untrusted_app_27:s0:c512,c768 tcontext=u:object_r:proc_version:s0 tclass=file permissive=0 app=com.alibaba.android.rimet
09-23 01:05:32.759 I/auditd ( 3555): type=1400 audit(0.0:35044): avc: denied { ioctl } for comm="NativeThread" path="socket:[512469]" dev="sockfs" ino=512469 ioctlcmd=0x8927 scontext=u:r:untrusted_app_27:s0:c512,c768 tcontext=u:r:untrusted_app_27:s0:c512,c768 tclass=udp_socket permissive=0 app=com.alibaba.android.rimet
09-23 01:05:32.759 I/auditd ( 3555): type=1400 audit(0.0:35045): avc: denied { ioctl } for comm="NativeThread" path="socket:[512469]" dev="sockfs" ino=512469 ioctlcmd=0x8927 scontext=u:r:untrusted_app_27:s0:c512,c768 tcontext=u:r:untrusted_app_27:s0:c512,c768 tclass=udp_socket permissive=0 app=com.alibaba.android.rimet
09-23 01:05:32.759 I/auditd ( 3555): type=1400 audit(0.0:35046): avc: denied { ioctl } for comm="NativeThread" path="socket:[512469]" dev="sockfs" ino=512469 ioctlcmd=0x8927 scontext=u:r:untrusted_app_27:s0:c512,c768 tcontext=u:r:untrusted_app_27:s0:c512,c768 tclass=udp_socket permissive=0 app=com.alibaba.android.rimet
09-23 01:05:37.931 I/auditd ( 3555): type=1400 audit(0.0:35059): avc: denied { read } for comm="NativeThread" name="unix" dev="proc" ino=4026532289 scontext=u:r:untrusted_app_27:s0:c512,c768 tcontext=u:object_r:proc_net:s0 tclass=file permissive=0 app=com.alibaba.android.rimet
09-23 01:05:38.407 I/auditd ( 3555): type=1400 audit(0.0:35060): avc: denied { read } for comm="NativeThread" name="unix" dev="proc" ino=4026532289 scontext=u:r:untrusted_app_27:s0:c512,c768 tcontext=u:object_r:proc_net:s0 tclass=file permissive=0 app=com.alibaba.android.rimet
09-23 01:05:38.931 I/auditd ( 3555): type=1400 audit(0.0:35061): avc: denied { read } for comm="NativeThread" name="unix" dev="proc" ino=4026532289 scontext=u:r:untrusted_app_27:s0:c512,c768 tcontext=u:object_r:proc_net:s0 tclass=file permissive=0 app=com.alibaba.android.rimet
09-23 01:05:38.939 I/auditd ( 3555): type=1400 audit(0.0:35062): avc: denied { read } for comm="NativeThread" name="version" dev="proc" ino=4026532265 scontext=u:r:untrusted_app_27:s0:c512,c768 tcontext=u:object_r:proc_version:s0 tclass=file permissive=0 app=com.alibaba.android.rimet
09-23 01:05:38.943 I/auditd ( 3555): type=1400 audit(0.0:35063): avc: denied { ioctl } for comm="NativeThread" path="socket:[513030]" dev="sockfs" ino=513030 ioctlcmd=0x8927 scontext=u:r:untrusted_app_27:s0:c512,c768 tcontext=u:r:untrusted_app_27:s0:c512,c768 tclass=udp_socket permissive=0 app=com.alibaba.android.rimet
09-23 01:05:38.943 I/auditd ( 3555): type=1400 audit(0.0:35064): avc: denied { ioctl } for comm="NativeThread" path="socket:[513030]" dev="sockfs" ino=513030 ioctlcmd=0x8927 scontext=u:r:untrusted_app_27:s0:c512,c768 tcontext=u:r:untrusted_app_27:s0:c512,c768 tclass=udp_socket permissive=0 app=com.alibaba.android.rimet
09-23 01:05:38.943 I/auditd ( 3555): type=1400 audit(0.0:35065): avc: denied { ioctl } for comm="NativeThread" path="socket:[513030]" dev="sockfs" ino=513030 ioctlcmd=0x8927 scontext=u:r:untrusted_app_27:s0:c512,c768 tcontext=u:r:untrusted_app_27:s0:c512,c768 tclass=udp_socket permissive=0 app=com.alibaba.android.rimet
09-23 01:05:38.943 I/auditd ( 3555): type=1400 audit(0.0:35066): avc: denied { ioctl } for comm="NativeThread" path="socket:[513030]" dev="sockfs" ino=513030 ioctlcmd=0x8927 scontext=u:r:untrusted_app_27:s0:c512,c768 tcontext=u:r:untrusted_app_27:s0:c512,c768 tclass=udp_socket permissive=0 app=com.alibaba.android.rimet
09-23 01:05:38.943 I/auditd ( 3555): type=1400 audit(0.0:35067): avc: denied { ioctl } for comm="NativeThread" path="socket:[513030]" dev="sockfs" ino=513030 ioctlcmd=0x8927 scontext=u:r:untrusted_app_27:s0:c512,c768 tcontext=u:r:untrusted_app_27:s0:c512,c768 tclass=udp_socket permissive=0 app=com.alibaba.android.rimet
09-23 01:05:38.943 I/auditd ( 3555): type=1400 audit(0.0:35068): avc: denied { ioctl } for comm="NativeThread" path="socket:[513030]" dev="sockfs" ino=513030 ioctlcmd=0x8927 scontext=u:r:untrusted_app_27:s0:c512,c768 tcontext=u:r:untrusted_app_27:s0:c512,c768 tclass=udp_socket permissive=0 app=com.alibaba.android.rimet
09-23 01:05:44.031 I/auditd ( 3555): type=1400 audit(0.0:35078): avc: denied { read } for comm="NativeThread" name="unix" dev="proc" ino=4026532289 scontext=u:r:untrusted_app_27:s0:c512,c768 tcontext=u:object_r:proc_net:s0 tclass=file permissive=0 app=com.alibaba.android.rimet
09-23 01:05:44.479 I/auditd ( 3555): type=1400 audit(0.0:35079): avc: denied { read } for comm="NativeThread" name="unix" dev="proc" ino=4026532289 scontext=u:r:untrusted_app_27:s0:c512,c768 tcontext=u:object_r:proc_net:s0 tclass=file permissive=0 app=com.alibaba.android.rimet
09-23 01:05:44.951 I/auditd ( 3555): type=1400 audit(0.0:35080): avc: denied { read } for comm="NativeThread" name="unix" dev="proc" ino=4026532289 scontext=u:r:untrusted_app_27:s0:c512,c768 tcontext=u:object_r:proc_net:s0 tclass=file permissive=0 app=com.alibaba.android.rimet
09-23 01:05:44.959 I/auditd ( 3555): type=1400 audit(0.0:35081): avc: denied { read } for comm="NativeThread" name="version" dev="proc" ino=4026532265 scontext=u:r:untrusted_app_27:s0:c512,c768 tcontext=u:object_r:proc_version:s0 tclass=file permissive=0 app=com.alibaba.android.rimet
09-23 01:05:44.963 I/auditd ( 3555): type=1400 audit(0.0:35082): avc: denied { ioctl } for comm="NativeThread" path="socket:[513095]" dev="sockfs" ino=513095 ioctlcmd=0x8927 scontext=u:r:untrusted_app_27:s0:c512,c768 tcontext=u:r:untrusted_app_27:s0:c512,c768 tclass=udp_socket permissive=0 app=com.alibaba.android.rimet
09-23 01:05:45.491 I/auditd ( 3555): type=1400 audit(0.0:35096): avc: denied { read } for comm="NativeThread" name="unix" dev="proc" ino=4026532289 scontext=u:r:untrusted_app_27:s0:c512,c768 tcontext=u:object_r:proc_net:s0 tclass=file permissive=0 app=com.alibaba.android.rimet
09-23 01:05:50.087 I/auditd ( 3555): type=1400 audit(0.0:35097): avc: denied { read } for comm="NativeThread" name="unix" dev="proc" ino=4026532289 scontext=u:r:untrusted_app_27:s0:c512,c768 tcontext=u:object_r:proc_net:s0 tclass=file permissive=0 app=com.alibaba.android.rimet
09-23 01:05:50.615 I/auditd ( 3555): type=1400 audit(0.0:35098): avc: denied { read } for comm="NativeThread" name="unix" dev="proc" ino=4026532289 scontext=u:r:untrusted_app_27:s0:c512,c768 tcontext=u:object_r:proc_net:s0 tclass=file permissive=0 app=com.alibaba.android.rimet
09-23 01:05:51.119 I/auditd ( 3555): type=1400 audit(0.0:35099): avc: denied { read } for comm="NativeThread" name="unix" dev="proc" ino=4026532289 scontext=u:r:untrusted_app_27:s0:c512,c768 tcontext=u:object_r:proc_net:s0 tclass=file permissive=0 app=com.alibaba.android.rimet
09-23 01:05:51.127 I/auditd ( 3555): type=1400 audit(0.0:35100): avc: denied { read } for comm="NativeThread" name="version" dev="proc" ino=4026532265 scontext=u:r:untrusted_app_27:s0:c512,c768 tcontext=u:object_r:proc_version:s0 tclass=file permissive=0 app=com.alibaba.android.rimet
09-23 01:05:51.131 I/auditd ( 3555): type=1400 audit(0.0:35101): avc: denied { ioctl } for comm="NativeThread" path="socket:[512775]" dev="sockfs" ino=512775 ioctlcmd=0x8927 scontext=u:r:untrusted_app_27:s0:c512,c768 tcontext=u:r:untrusted_app_27:s0:c512,c768 tclass=udp_socket permissive=0 app=com.alibaba.android.rimet
09-23 01:05:51.131 I/auditd ( 3555): type=1400 audit(0.0:35102): avc: denied { ioctl } for comm="NativeThread" path="socket:[512775]" dev="sockfs" ino=512775 ioctlcmd=0x8927 scontext=u:r:untrusted_app_27:s0:c512,c768 tcontext=u:r:untrusted_app_27:s0:c512,c768 tclass=udp_socket permissive=0 app=com.alibaba.android.rimet
09-23 01:05:51.131 I/auditd ( 3555): type=1400 audit(0.0:35103): avc: denied { ioctl } for comm="NativeThread" path="socket:[512775]" dev="sockfs" ino=512775 ioctlcmd=0x8927 scontext=u:r:untrusted_app_27:s0:c512,c768 tcontext=u:r:untrusted_app_27:s0:c512,c768 tclass=udp_socket permissive=0 app=com.alibaba.android.rimet
09-23 01:05:51.131 I/auditd ( 3555): type=1400 audit(0.0:35104): avc: denied { ioctl } for comm="NativeThread" path="socket:[512775]" dev="sockfs" ino=512775 ioctlcmd=0x8927 scontext=u:r:untrusted_app_27:s0:c512,c768 tcontext=u:r:untrusted_app_27:s0:c512,c768 tclass=udp_socket permissive=0 app=com.alibaba.android.rimet
09-23 01:05:51.131 I/auditd ( 3555): type=1400 audit(0.0:35105): avc: denied { ioctl } for comm="NativeThread" path="socket:[512775]" dev="sockfs" ino=512775 ioctlcmd=0x8927 scontext=u:r:untrusted_app_27:s0:c512,c768 tcontext=u:r:untrusted_app_27:s0:c512,c768 tclass=udp_socket permissive=0 app=com.alibaba.android.rimet
09-23 01:05:55.691 I/auditd ( 3707): type=1400 audit(0.0:35116): avc: denied { read } for comm=5468726561642D32202D2031333733 name="tcp" dev="proc" ino=4026532283 scontext=u:r:untrusted_app_29:s0:c108,c256,c512,c768 tcontext=u:object_r:proc_net_tcp_udp:s0 tclass=file permissive=0 app=com.smile.gifmaker
09-23 01:05:56.163 I/auditd ( 3555): type=1400 audit(0.0:35117): avc: denied { read } for comm="NativeThread" name="unix" dev="proc" ino=4026532289 scontext=u:r:untrusted_app_27:s0:c512,c768 tcontext=u:object_r:proc_net:s0 tclass=file permissive=0 app=com.alibaba.android.rimet
09-23 01:05:56.635 I/auditd ( 3555): type=1400 audit(0.0:35118): avc: denied { read } for comm="NativeThread" name="unix" dev="proc" ino=4026532289 scontext=u:r:untrusted_app_27:s0:c512,c768 tcontext=u:object_r:proc_net:s0 tclass=file permissive=0 app=com.alibaba.android.rimet
09-23 01:05:57.075 I/auditd ( 3555): type=1400 audit(0.0:35119): avc: denied { read } for comm="NativeThread" name="unix" dev="proc" ino=4026532289 scontext=u:r:untrusted_app_27:s0:c512,c768 tcontext=u:object_r:proc_net:s0 tclass=file permissive=0 app=com.alibaba.android.rimet
09-23 01:05:57.083 I/auditd ( 3555): type=1400 audit(0.0:35120): avc: denied { read } for comm="NativeThread" name="version" dev="proc" ino=4026532265 scontext=u:r:untrusted_app_27:s0:c512,c768 tcontext=u:object_r:proc_version:s0 tclass=file permissive=0 app=com.alibaba.android.rimet
09-23 01:05:57.087 I/auditd ( 3555): type=1400 audit(0.0:35121): avc: denied { ioctl } for comm="NativeThread" path="socket:[510858]" dev="sockfs" ino=510858 ioctlcmd=0x8927 scontext=u:r:untrusted_app_27:s0:c512,c768 tcontext=u:r:untrusted_app_27:s0:c512,c768 tclass=udp_socket permissive=0 app=com.alibaba.android.rimet
09-23 01:05:57.087 I/auditd ( 3555): type=1400 audit(0.0:35122): avc: denied { ioctl } for comm="NativeThread" path="socket:[510858]" dev="sockfs" ino=510858 ioctlcmd=0x8927 scontext=u:r:untrusted_app_27:s0:c512,c768 tcontext=u:r:untrusted_app_27:s0:c512,c768 tclass=udp_socket permissive=0 app=com.alibaba.android.rimet
09-23 01:05:57.087 I/auditd ( 3555): type=1400 audit(0.0:35123): avc: denied { ioctl } for comm="NativeThread" path="socket:[510858]" dev="sockfs" ino=510858 ioctlcmd=0x8927 scontext=u:r:untrusted_app_27:s0:c512,c768 tcontext=u:r:untrusted_app_27:s0:c512,c768 tclass=udp_socket permissive=0 app=com.alibaba.android.rimet
09-23 01:05:57.087 I/auditd ( 3555): type=1400 audit(0.0:35124): avc: denied { ioctl } for comm="NativeThread" path="socket:[510858]" dev="sockfs" ino=510858 ioctlcmd=0x8927 scontext=u:r:untrusted_app_27:s0:c512,c768 tcontext=u:r:untrusted_app_27:s0:c512,c768 tclass=udp_socket permissive=0 app=com.alibaba.android.rimet
09-23 01:05:57.087 I/auditd ( 3555): type=1400 audit(0.0:35125): avc: denied { ioctl } for comm="NativeThread" path="socket:[510858]" dev="sockfs" ino=510858 ioctlcmd=0x8927 scontext=u:r:untrusted_app_27:s0:c512,c768 tcontext=u:r:untrusted_app_27:s0:c512,c768 tclass=udp_socket permissive=0 app=com.alibaba.android.rimet
09-23 01:05:58.603 I/auditd ( 4190): type=1400 audit(0.0:35136): avc: denied { read } for comm="pool-2-thread-6" name="tcp" dev="proc" ino=4026532283 scontext=u:r:untrusted_app_29:s0:c108,c256,c512,c768 tcontext=u:object_r:proc_net_tcp_udp:s0 tclass=file permissive=0 app=com.smile.gifmaker
09-23 01:06:02.275 I/auditd ( 3555): type=1400 audit(0.0:35137): avc: denied { read } for comm="NativeThread" name="unix" dev="proc" ino=4026532289 scontext=u:r:untrusted_app_27:s0:c512,c768 tcontext=u:object_r:proc_net:s0 tclass=file permissive=0 app=com.alibaba.android.rimet
09-23 01:06:02.775 I/auditd ( 3555): type=1400 audit(0.0:35138): avc: denied { read } for comm="NativeThread" name="unix" dev="proc" ino=4026532289 scontext=u:r:untrusted_app_27:s0:c512,c768 tcontext=u:object_r:proc_net:s0 tclass=file permissive=0 app=com.alibaba.android.rimet
09-23 01:06:03.187 I/auditd ( 3555): type=1400 audit(0.0:35139): avc: denied { read } for comm="NativeThread" name="unix" dev="proc" ino=4026532289 scontext=u:r:untrusted_app_27:s0:c512,c768 tcontext=u:object_r:proc_net:s0 tclass=file permissive=0 app=com.alibaba.android.rimet
09-23 01:06:03.191 I/auditd ( 3555): type=1400 audit(0.0:35140): avc: denied { read } for comm="NativeThread" name="version" dev="proc" ino=4026532265 scontext=u:r:untrusted_app_27:s0:c512,c768 tcontext=u:object_r:proc_version:s0 tclass=file permissive=0 app=com.alibaba.android.rimet
09-23 01:06:03.195 I/auditd ( 3555): type=1400 audit(0.0:35141): avc: denied { ioctl } for comm="NativeThread" path="socket:[514114]" dev="sockfs" ino=514114 ioctlcmd=0x8927 scontext=u:r:untrusted_app_27:s0:c512,c768 tcontext=u:r:untrusted_app_27:s0:c512,c768 tclass=udp_socket permissive=0 app=com.alibaba.android.rimet
09-23 01:06:03.195 I/auditd ( 3555): type=1400 audit(0.0:35142): avc: denied { ioctl } for comm="NativeThread" path="socket:[514114]" dev="sockfs" ino=514114 ioctlcmd=0x8927 scontext=u:r:untrusted_app_27:s0:c512,c768 tcontext=u:r:untrusted_app_27:s0:c512,c768 tclass=udp_socket permissive=0 app=com.alibaba.android.rimet
09-23 01:06:03.195 I/auditd ( 3555): type=1400 audit(0.0:35143): avc: denied { ioctl } for comm="NativeThread" path="socket:[514114]" dev="sockfs" ino=514114 ioctlcmd=0x8927 scontext=u:r:untrusted_app_27:s0:c512,c768 tcontext=u:r:untrusted_app_27:s0:c512,c768 tclass=udp_socket permissive=0 app=com.alibaba.android.rimet
09-23 01:06:03.195 I/auditd ( 3555): type=1400 audit(0.0:35144): avc: denied { ioctl } for comm="NativeThread" path="socket:[514114]" dev="sockfs" ino=514114 ioctlcmd=0x8927 scontext=u:r:untrusted_app_27:s0:c512,c768 tcontext=u:r:untrusted_app_27:s0:c512,c768 tclass=udp_socket permissive=0 app=com.alibaba.android.rimet
09-23 01:06:03.195 I/auditd ( 3555): type=1400 audit(0.0:35145): avc: denied { ioctl } for comm="NativeThread" path="socket:[514114]" dev="sockfs" ino=514114 ioctlcmd=0x8927 scontext=u:r:untrusted_app_27:s0:c512,c768 tcontext=u:r:untrusted_app_27:s0:c512,c768 tclass=udp_socket permissive=0 app=com.alibaba.android.rimet
09-23 01:06:08.307 I/auditd ( 3555): type=1400 audit(0.0:35156): avc: denied { read } for comm="NativeThread" name="unix" dev="proc" ino=4026532289 scontext=u:r:untrusted_app_27:s0:c512,c768 tcontext=u:object_r:proc_net:s0 tclass=file permissive=0 app=com.alibaba.android.rimet
09-23 01:06:08.827 I/auditd ( 3555): type=1400 audit(0.0:35157): avc: denied { read } for comm="NativeThread" name="unix" dev="proc" ino=4026532289 scontext=u:r:untrusted_app_27:s0:c512,c768 tcontext=u:object_r:proc_net:s0 tclass=file permissive=0 app=com.alibaba.android.rimet
09-23 01:06:09.275 I/auditd ( 3555): type=1400 audit(0.0:35158): avc: denied { read } for comm="NativeThread" name="unix" dev="proc" ino=4026532289 scontext=u:r:untrusted_app_27:s0:c512,c768 tcontext=u:object_r:proc_net:s0 tclass=file permissive=0 app=com.alibaba.android.rimet
09-23 01:06:09.283 I/auditd ( 3555): type=1400 audit(0.0:35159): avc: denied { read } for comm="NativeThread" name="version" dev="proc" ino=4026532265 scontext=u:r:untrusted_app_27:s0:c512,c768 tcontext=u:object_r:proc_version:s0 tclass=file permissive=0 app=com.alibaba.android.rimet
09-23 01:06:09.287 I/auditd ( 3555): type=1400 audit(0.0:35160): avc: denied { ioctl } for comm="NativeThread" path="socket:[513236]" dev="sockfs" ino=513236 ioctlcmd=0x8927 scontext=u:r:untrusted_app_27:s0:c512,c768 tcontext=u:r:untrusted_app_27:s0:c512,c768 tclass=udp_socket permissive=0 app=com.alibaba.android.rimet
09-23 01:06:09.683 I/auditd ( 3555): type=1400 audit(0.0:35174): avc: denied { read } for comm="NativeThread" name="unix" dev="proc" ino=4026532289 scontext=u:r:untrusted_app_27:s0:c512,c768 tcontext=u:object_r:proc_net:s0 tclass=file permissive=0 app=com.alibaba.android.rimet
09-23 01:06:14.319 I/auditd ( 3555): type=1400 audit(0.0:35175): avc: denied { read } for comm="NativeThread" name="unix" dev="proc" ino=4026532289 scontext=u:r:untrusted_app_27:s0:c512,c768 tcontext=u:object_r:proc_net:s0 tclass=file permissive=0 app=com.alibaba.android.rimet
09-23 01:06:14.807 I/auditd ( 3555): type=1400 audit(0.0:35176): avc: denied { read } for comm="NativeThread" name="unix" dev="proc" ino=4026532289 scontext=u:r:untrusted_app_27:s0:c512,c768 tcontext=u:object_r:proc_net:s0 tclass=file permissive=0 app=com.alibaba.android.rimet
09-23 01:06:15.327 I/auditd ( 3555): type=1400 audit(0.0:35177): avc: denied { read } for comm="NativeThread" name="unix" dev="proc" ino=4026532289 scontext=u:r:untrusted_app_27:s0:c512,c768 tcontext=u:object_r:proc_net:s0 tclass=file permissive=0 app=com.alibaba.android.rimet
09-23 01:06:15.335 I/auditd ( 3555): type=1400 audit(0.0:35178): avc: denied { read } for comm="NativeThread" name="version" dev="proc" ino=4026532265 scontext=u:r:untrusted_app_27:s0:c512,c768 tcontext=u:object_r:proc_version:s0 tclass=file permissive=0 app=com.alibaba.android.rimet
09-23 01:06:15.339 I/auditd ( 3555): type=1400 audit(0.0:35179): avc: denied { ioctl } for comm="NativeThread" path="socket:[513308]" dev="sockfs" ino=513308 ioctlcmd=0x8927 scontext=u:r:untrusted_app_27:s0:c512,c768 tcontext=u:r:untrusted_app_27:s0:c512,c768 tclass=udp_socket permissive=0 app=com.alibaba.android.rimet
09-23 01:06:15.339 I/auditd ( 3555): type=1400 audit(0.0:35180): avc: denied { ioctl } for comm="NativeThread" path="socket:[513308]" dev="sockfs" ino=513308 ioctlcmd=0x8927 scontext=u:r:untrusted_app_27:s0:c512,c768 tcontext=u:r:untrusted_app_27:s0:c512,c768 tclass=udp_socket permissive=0 app=com.alibaba.android.rimet
09-23 01:06:15.339 I/auditd ( 3555): type=1400 audit(0.0:35181): avc: denied { ioctl } for comm="NativeThread" path="socket:[513308]" dev="sockfs" ino=513308 ioctlcmd=0x8927 scontext=u:r:untrusted_app_27:s0:c512,c768 tcontext=u:r:untrusted_app_27:s0:c512,c768 tclass=udp_socket permissive=0 app=com.alibaba.android.rimet
09-23 01:06:15.339 I/auditd ( 3555): type=1400 audit(0.0:35182): avc: denied { ioctl } for comm="NativeThread" path="socket:[513308]" dev="sockfs" ino=513308 ioctlcmd=0x8927 scontext=u:r:untrusted_app_27:s0:c512,c768 tcontext=u:r:untrusted_app_27:s0:c512,c768 tclass=udp_socket permissive=0 app=com.alibaba.android.rimet
09-23 01:06:15.339 I/auditd ( 3555): type=1400 audit(0.0:35183): avc: denied { ioctl } for comm="NativeThread" path="socket:[513308]" dev="sockfs" ino=513308 ioctlcmd=0x8927 scontext=u:r:untrusted_app_27:s0:c512,c768 tcontext=u:r:untrusted_app_27:s0:c512,c768 tclass=udp_socket permissive=0 app=com.alibaba.android.rimet
09-23 01:06:20.099 I/auditd ( 3555): type=1400 audit(0.0:35194): avc: granted { nlmsg_readpriv } for comm="DaemonThread-6" scontext=u:r:untrusted_app_27:s0:c512,c768 tcontext=u:r:untrusted_app_27:s0:c512,c768 tclass=netlink_route_socket app=com.alibaba.android.rimet
09-23 01:06:20.287 I/auditd ( 3555): type=1400 audit(0.0:35195): avc: denied { read } for comm="NativeThread" name="unix" dev="proc" ino=4026532289 scontext=u:r:untrusted_app_27:s0:c512,c768 tcontext=u:object_r:proc_net:s0 tclass=file permissive=0 app=com.alibaba.android.rimet
09-23 01:06:20.539 I/auditd ( 3555): type=1400 audit(0.0:35196): avc: denied { read } for comm="NativeThread" name="unix" dev="proc" ino=4026532289 scontext=u:r:untrusted_app_27:s0:c512,c768 tcontext=u:object_r:proc_net:s0 tclass=file permissive=0 app=com.alibaba.android.rimet
09-23 01:06:20.787 I/auditd ( 3555): type=1400 audit(0.0:35197): avc: denied { read } for comm="NativeThread" name="unix" dev="proc" ino=4026532289 scontext=u:r:untrusted_app_27:s0:c512,c768 tcontext=u:object_r:proc_net:s0 tclass=file permissive=0 app=com.alibaba.android.rimet
09-23 01:06:20.791 I/auditd ( 3555): type=1400 audit(0.0:35198): avc: denied { read } for comm="NativeThread" name="version" dev="proc" ino=4026532265 scontext=u:r:untrusted_app_27:s0:c512,c768 tcontext=u:object_r:proc_version:s0 tclass=file permissive=0 app=com.alibaba.android.rimet
09-23 01:06:25.719 I/auditd ( 3555): type=1400 audit(0.0:35215): avc: denied { read } for comm="NativeThread" name="unix" dev="proc" ino=4026532289 scontext=u:r:untrusted_app_27:s0:c512,c768 tcontext=u:object_r:proc_net:s0 tclass=file permissive=0 app=com.alibaba.android.rimet
09-23 01:06:26.171 I/auditd ( 3555): type=1400 audit(0.0:35216): avc: denied { read } for comm="NativeThread" name="unix" dev="proc" ino=4026532289 scontext=u:r:untrusted_app_27:s0:c512,c768 tcontext=u:object_r:proc_net:s0 tclass=file permissive=0 app=com.alibaba.android.rimet
09-23 01:06:26.607 I/auditd ( 3555): type=1400 audit(0.0:35217): avc: denied { read } for comm="NativeThread" name="unix" dev="proc" ino=4026532289 scontext=u:r:untrusted_app_27:s0:c512,c768 tcontext=u:object_r:proc_net:s0 tclass=file permissive=0 app=com.alibaba.android.rimet
09-23 01:06:26.615 I/auditd ( 3555): type=1400 audit(0.0:35218): avc: denied { read } for comm="NativeThread" name="version" dev="proc" ino=4026532265 scontext=u:r:untrusted_app_27:s0:c512,c768 tcontext=u:object_r:proc_version:s0 tclass=file permissive=0 app=com.alibaba.android.rimet
09-23 01:06:26.619 I/auditd ( 3555): type=1400 audit(0.0:35219): avc: denied { ioctl } for comm="NativeThread" path="socket:[515229]" dev="sockfs" ino=515229 ioctlcmd=0x8927 scontext=u:r:untrusted_app_27:s0:c512,c768 tcontext=u:r:untrusted_app_27:s0:c512,c768 tclass=udp_socket permissive=0 app=com.alibaba.android.rimet
09-23 01:06:27.103 I/auditd ( 3555): type=1400 audit(0.0:35233): avc: denied { read } for comm="NativeThread" name="unix" dev="proc" ino=4026532289 scontext=u:r:untrusted_app_27:s0:c512,c768 tcontext=u:object_r:proc_net:s0 tclass=file permissive=0 app=com.alibaba.android.rimet
09-23 01:06:27.931 I/auditd (32034): type=1400 audit(0.0:35234): avc: granted { nlmsg_readpriv } for comm="DaemonThread-6" scontext=u:r:untrusted_app_27:s0:c512,c768 tcontext=u:r:untrusted_app_27:s0:c512,c768 tclass=netlink_route_socket app=com.alibaba.android.rimet
09-23 01:06:28.611 I/auditd (32034): type=1400 audit(0.0:35235): avc: granted { nlmsg_readpriv } for comm="DaemonThread-6" scontext=u:r:untrusted_app_27:s0:c512,c768 tcontext=u:r:untrusted_app_27:s0:c512,c768 tclass=netlink_route_socket app=com.alibaba.android.rimet
09-23 01:06:29.020 I/am_freeze( 1489): [31841,com.android.settings.intelligence]
09-23 01:06:29.022 I/am_kill ( 1489): [0,31841,com.android.settings.intelligence,945,Unable to freeze binder interface]
09-23 01:06:29.070 I/am_proc_died( 1489): [0,31841,com.android.settings.intelligence,945,19]
09-23 01:06:29.071 I/am_uid_stopped( 1489): 10059
09-23 01:06:29.083 I/am_pss ( 1489): [32034,10101,com.alibaba.android.rimet:channel,80386048,34082816,0,199491584,0,19,9]
09-23 01:06:31.727 I/auditd ( 3555): type=1400 audit(0.0:35236): avc: denied { read } for comm="NativeThread" name="unix" dev="proc" ino=4026532289 scontext=u:r:untrusted_app_27:s0:c512,c768 tcontext=u:object_r:proc_net:s0 tclass=file permissive=0 app=com.alibaba.android.rimet
09-23 01:06:32.239 I/auditd ( 3555): type=1400 audit(0.0:35237): avc: denied { read } for comm="NativeThread" name="unix" dev="proc" ino=4026532289 scontext=u:r:untrusted_app_27:s0:c512,c768 tcontext=u:object_r:proc_net:s0 tclass=file permissive=0 app=com.alibaba.android.rimet
09-23 01:06:32.687 I/auditd ( 3555): type=1400 audit(0.0:35238): avc: denied { read } for comm="NativeThread" name="unix" dev="proc" ino=4026532289 scontext=u:r:untrusted_app_27:s0:c512,c768 tcontext=u:object_r:proc_net:s0 tclass=file permissive=0 app=com.alibaba.android.rimet
09-23 01:06:32.695 I/auditd ( 3555): type=1400 audit(0.0:35239): avc: denied { read } for comm="NativeThread" name="version" dev="proc" ino=4026532265 scontext=u:r:untrusted_app_27:s0:c512,c768 tcontext=u:object_r:proc_version:s0 tclass=file permissive=0 app=com.alibaba.android.rimet
09-23 01:06:32.699 I/auditd ( 3555): type=1400 audit(0.0:35240): avc: denied { ioctl } for comm="NativeThread" path="socket:[515333]" dev="sockfs" ino=515333 ioctlcmd=0x8927 scontext=u:r:untrusted_app_27:s0:c512,c768 tcontext=u:r:untrusted_app_27:s0:c512,c768 tclass=udp_socket permissive=0 app=com.alibaba.android.rimet
09-23 01:06:32.699 I/auditd ( 3555): type=1400 audit(0.0:35241): avc: denied { ioctl } for comm="NativeThread" path="socket:[515333]" dev="sockfs" ino=515333 ioctlcmd=0x8927 scontext=u:r:untrusted_app_27:s0:c512,c768 tcontext=u:r:untrusted_app_27:s0:c512,c768 tclass=udp_socket permissive=0 app=com.alibaba.android.rimet
09-23 01:06:32.699 I/auditd ( 3555): type=1400 audit(0.0:35242): avc: denied { ioctl } for comm="NativeThread" path="socket:[515333]" dev="sockfs" ino=515333 ioctlcmd=0x8927 scontext=u:r:untrusted_app_27:s0:c512,c768 tcontext=u:r:untrusted_app_27:s0:c512,c768 tclass=udp_socket permissive=0 app=com.alibaba.android.rimet
09-23 01:06:37.727 I/auditd ( 3555): type=1400 audit(0.0:35255): avc: denied { read } for comm="NativeThread" name="unix" dev="proc" ino=4026532289 scontext=u:r:untrusted_app_27:s0:c512,c768 tcontext=u:object_r:proc_net:s0 tclass=file permissive=0 app=com.alibaba.android.rimet
09-23 01:06:38.235 I/auditd ( 3555): type=1400 audit(0.0:35256): avc: denied { read } for comm="NativeThread" name="unix" dev="proc" ino=4026532289 scontext=u:r:untrusted_app_27:s0:c512,c768 tcontext=u:object_r:proc_net:s0 tclass=file permissive=0 app=com.alibaba.android.rimet
09-23 01:06:38.715 I/auditd ( 3555): type=1400 audit(0.0:35257): avc: denied { read } for comm="NativeThread" name="unix" dev="proc" ino=4026532289 scontext=u:r:untrusted_app_27:s0:c512,c768 tcontext=u:object_r:proc_net:s0 tclass=file permissive=0 app=com.alibaba.android.rimet
09-23 01:06:38.723 I/auditd ( 3555): type=1400 audit(0.0:35258): avc: denied { read } for comm="NativeThread" name="version" dev="proc" ino=4026532265 scontext=u:r:untrusted_app_27:s0:c512,c768 tcontext=u:object_r:proc_version:s0 tclass=file permissive=0 app=com.alibaba.android.rimet
09-23 01:06:38.723 I/auditd ( 3555): type=1400 audit(0.0:35259): avc: denied { ioctl } for comm="NativeThread" path="socket:[515431]" dev="sockfs" ino=515431 ioctlcmd=0x8927 scontext=u:r:untrusted_app_27:s0:c512,c768 tcontext=u:r:untrusted_app_27:s0:c512,c768 tclass=udp_socket permissive=0 app=com.alibaba.android.rimet
09-23 01:06:38.731 I/auditd ( 3555): type=1400 audit(0.0:35270): avc: denied { getattr } for comm="NativeThread" path="/data/data/com.android.htmlviewer" dev="dm-10" ino=1653 scontext=u:r:untrusted_app_27:s0:c512,c768 tcontext=u:object_r:app_data_file:s0:c47,c256,c512,c768 tclass=dir permissive=0 app=com.alibaba.android.rimet
09-23 01:06:38.731 I/auditd ( 3555): type=1400 audit(0.0:35271): avc: denied { getattr } for comm="NativeThread" path="/data/data/com.android.printspooler" dev="dm-10" ino=1794 scontext=u:r:untrusted_app_27:s0:c512,c768 tcontext=u:object_r:app_data_file:s0:c49,c256,c512,c768 tclass=dir permissive=0 app=com.alibaba.android.rimet
09-23 01:06:38.731 I/auditd ( 3555): type=1400 audit(0.0:35272): avc: denied { read } for comm="NativeThread" name="u:object_r:serialno_prop:s0" dev="tmpfs" ino=1288 scontext=u:r:untrusted_app_27:s0:c512,c768 tcontext=u:object_r:serialno_prop:s0 tclass=file permissive=0 app=com.alibaba.android.rimet
09-23 01:06:39.119 I/auditd ( 3555): type=1400 audit(0.0:35273): avc: denied { read } for comm="NativeThread" name="unix" dev="proc" ino=4026532289 scontext=u:r:untrusted_app_27:s0:c512,c768 tcontext=u:object_r:proc_net:s0 tclass=file permissive=0 app=com.alibaba.android.rimet
09-23 01:06:43.827 I/auditd ( 3555): type=1400 audit(0.0:35274): avc: denied { read } for comm="NativeThread" name="unix" dev="proc" ino=4026532289 scontext=u:r:untrusted_app_27:s0:c512,c768 tcontext=u:object_r:proc_net:s0 tclass=file permissive=0 app=com.alibaba.android.rimet
09-23 01:06:44.279 I/auditd ( 3555): type=1400 audit(0.0:35275): avc: denied { read } for comm="NativeThread" name="unix" dev="proc" ino=4026532289 scontext=u:r:untrusted_app_27:s0:c512,c768 tcontext=u:object_r:proc_net:s0 tclass=file permissive=0 app=com.alibaba.android.rimet
09-23 01:06:44.759 I/auditd ( 3555): type=1400 audit(0.0:35276): avc: denied { read } for comm="NativeThread" name="unix" dev="proc" ino=4026532289 scontext=u:r:untrusted_app_27:s0:c512,c768 tcontext=u:object_r:proc_net:s0 tclass=file permissive=0 app=com.alibaba.android.rimet
09-23 01:06:44.763 I/auditd ( 3555): type=1400 audit(0.0:35277): avc: denied { read } for comm="NativeThread" name="version" dev="proc" ino=4026532265 scontext=u:r:untrusted_app_27:s0:c512,c768 tcontext=u:object_r:proc_version:s0 tclass=file permissive=0 app=com.alibaba.android.rimet
09-23 01:06:44.767 I/auditd ( 3555): type=1400 audit(0.0:35278): avc: denied { ioctl } for comm="NativeThread" path="socket:[516467]" dev="sockfs" ino=516467 ioctlcmd=0x8927 scontext=u:r:untrusted_app_27:s0:c512,c768 tcontext=u:r:untrusted_app_27:s0:c512,c768 tclass=udp_socket permissive=0 app=com.alibaba.android.rimet
09-23 01:06:44.767 I/auditd ( 3555): type=1400 audit(0.0:35279): avc: denied { ioctl } for comm="NativeThread" path="socket:[516467]" dev="sockfs" ino=516467 ioctlcmd=0x8927 scontext=u:r:untrusted_app_27:s0:c512,c768 tcontext=u:r:untrusted_app_27:s0:c512,c768 tclass=udp_socket permissive=0 app=com.alibaba.android.rimet
09-23 01:06:48.749 I/am_freeze( 1489): [32559,com.android.inputmethod.latin]
09-23 01:06:48.752 I/am_kill ( 1489): [0,32559,com.android.inputmethod.latin,935,Unable to freeze binder interface]
09-23 01:06:48.805 I/am_proc_died( 1489): [0,32559,com.android.inputmethod.latin,935,19]
09-23 01:06:48.806 I/am_uid_stopped( 1489): 10069
09-23 01:06:49.871 I/auditd ( 3555): type=1400 audit(0.0:35293): avc: denied { read } for comm="NativeThread" name="unix" dev="proc" ino=4026532289 scontext=u:r:untrusted_app_27:s0:c512,c768 tcontext=u:object_r:proc_net:s0 tclass=file permissive=0 app=com.alibaba.android.rimet
09-23 01:06:50.371 I/auditd ( 3555): type=1400 audit(0.0:35294): avc: denied { read } for comm="NativeThread" name="unix" dev="proc" ino=4026532289 scontext=u:r:untrusted_app_27:s0:c512,c768 tcontext=u:object_r:proc_net:s0 tclass=file permissive=0 app=com.alibaba.android.rimet
09-23 01:06:50.891 I/auditd ( 3555): type=1400 audit(0.0:35295): avc: denied { read } for comm="NativeThread" name="unix" dev="proc" ino=4026532289 scontext=u:r:untrusted_app_27:s0:c512,c768 tcontext=u:object_r:proc_net:s0 tclass=file permissive=0 app=com.alibaba.android.rimet
09-23 01:06:50.899 I/auditd ( 3555): type=1400 audit(0.0:35296): avc: denied { read } for comm="NativeThread" name="version" dev="proc" ino=4026532265 scontext=u:r:untrusted_app_27:s0:c512,c768 tcontext=u:object_r:proc_version:s0 tclass=file permissive=0 app=com.alibaba.android.rimet
09-23 01:06:50.899 I/auditd ( 3555): type=1400 audit(0.0:35297): avc: denied { ioctl } for comm="NativeThread" path="socket:[513605]" dev="sockfs" ino=513605 ioctlcmd=0x8927 scontext=u:r:untrusted_app_27:s0:c512,c768 tcontext=u:r:untrusted_app_27:s0:c512,c768 tclass=udp_socket permissive=0 app=com.alibaba.android.rimet
