09-23 01:10:51.987 I/auditd ( 3555): type=1400 audit(0.0:36089): avc: denied { read } for comm="NativeThread" name="version" dev="proc" ino=4026532265 scontext=u:r:untrusted_app_27:s0:c512,c768 tcontext=u:object_r:proc_version:s0 tclass=file permissive=0 app=com.alibaba.android.rimet
09-23 01:10:51.991 I/auditd ( 3555): type=1400 audit(0.0:36090): avc: denied { ioctl } for comm="NativeThread" path="socket:[527059]" dev="sockfs" ino=527059 ioctlcmd=0x8927 scontext=u:r:untrusted_app_27:s0:c512,c768 tcontext=u:r:untrusted_app_27:s0:c512,c768 tclass=udp_socket permissive=0 app=com.alibaba.android.rimet
09-23 01:10:51.991 I/auditd ( 3555): type=1400 audit(0.0:36091): avc: denied { ioctl } for comm="NativeThread" path="socket:[527059]" dev="sockfs" ino=527059 ioctlcmd=0x8927 scontext=u:r:untrusted_app_27:s0:c512,c768 tcontext=u:r:untrusted_app_27:s0:c512,c768 tclass=udp_socket permissive=0 app=com.alibaba.android.rimet
09-23 01:10:51.991 I/auditd ( 3555): type=1400 audit(0.0:36092): avc: denied { ioctl } for comm="NativeThread" path="socket:[527059]" dev="sockfs" ino=527059 ioctlcmd=0x8927 scontext=u:r:untrusted_app_27:s0:c512,c768 tcontext=u:r:untrusted_app_27:s0:c512,c768 tclass=udp_socket permissive=0 app=com.alibaba.android.rimet
09-23 01:10:51.991 I/auditd ( 3555): type=1400 audit(0.0:36093): avc: denied { ioctl } for comm="NativeThread" path="socket:[527059]" dev="sockfs" ino=527059 ioctlcmd=0x8927 scontext=u:r:untrusted_app_27:s0:c512,c768 tcontext=u:r:untrusted_app_27:s0:c512,c768 tclass=udp_socket permissive=0 app=com.alibaba.android.rimet
09-23 01:10:55.831 I/auditd ( 3707): type=1400 audit(0.0:36105): avc: denied { read } for comm=5468726561642D32202D2031333733 name="tcp" dev="proc" ino=4026532283 scontext=u:r:untrusted_app_29:s0:c108,c256,c512,c768 tcontext=u:object_r:proc_net_tcp_udp:s0 tclass=file permissive=0 app=com.smile.gifmaker
09-23 01:10:57.159 I/auditd ( 3555): type=1400 audit(0.0:36106): avc: denied { read } for comm="NativeThread" name="unix" dev="proc" ino=4026532289 scontext=u:r:untrusted_app_27:s0:c512,c768 tcontext=u:object_r:proc_net:s0 tclass=file permissive=0 app=com.alibaba.android.rimet
09-23 01:10:57.655 I/auditd ( 3555): type=1400 audit(0.0:36107): avc: denied { read } for comm="NativeThread" name="unix" dev="proc" ino=4026532289 scontext=u:r:untrusted_app_27:s0:c512,c768 tcontext=u:object_r:proc_net:s0 tclass=file permissive=0 app=com.alibaba.android.rimet
09-23 01:10:58.151 I/auditd ( 3555): type=1400 audit(0.0:36108): avc: denied { read } for comm="NativeThread" name="unix" dev="proc" ino=4026532289 scontext=u:r:untrusted_app_27:s0:c512,c768 tcontext=u:object_r:proc_net:s0 tclass=file permissive=0 app=com.alibaba.android.rimet
09-23 01:10:58.159 I/auditd ( 3555): type=1400 audit(0.0:36109): avc: denied { read } for comm="NativeThread" name="version" dev="proc" ino=4026532265 scontext=u:r:untrusted_app_27:s0:c512,c768 tcontext=u:object_r:proc_version:s0 tclass=file permissive=0 app=com.alibaba.android.rimet
09-23 01:10:58.163 I/auditd ( 3555): type=1400 audit(0.0:36110): avc: denied { ioctl } for comm="NativeThread" path="socket:[528698]" dev="sockfs" ino=528698 ioctlcmd=0x8927 scontext=u:r:untrusted_app_27:s0:c512,c768 tcontext=u:r:untrusted_app_27:s0:c512,c768 tclass=udp_socket permissive=0 app=com.alibaba.android.rimet
09-23 01:10:58.163 I/auditd ( 3555): type=1400 audit(0.0:36111): avc: denied { ioctl } for comm="NativeThread" path="socket:[528698]" dev="sockfs" ino=528698 ioctlcmd=0x8927 scontext=u:r:untrusted_app_27:s0:c512,c768 tcontext=u:r:untrusted_app_27:s0:c512,c768 tclass=udp_socket permissive=0 app=com.alibaba.android.rimet
09-23 01:10:58.163 I/auditd ( 3555): type=1400 audit(0.0:36112): avc: denied { ioctl } for comm="NativeThread" path="socket:[528698]" dev="sockfs" ino=528698 ioctlcmd=0x8927 scontext=u:r:untrusted_app_27:s0:c512,c768 tcontext=u:r:untrusted_app_27:s0:c512,c768 tclass=udp_socket permissive=0 app=com.alibaba.android.rimet
09-23 01:10:58.163 I/auditd ( 3555): type=1400 audit(0.0:36113): avc: denied { ioctl } for comm="NativeThread" path="socket:[528698]" dev="sockfs" ino=528698 ioctlcmd=0x8927 scontext=u:r:untrusted_app_27:s0:c512,c768 tcontext=u:r:untrusted_app_27:s0:c512,c768 tclass=udp_socket permissive=0 app=com.alibaba.android.rimet
09-23 01:10:58.163 I/auditd ( 3555): type=1400 audit(0.0:36114): avc: denied { ioctl } for comm="NativeThread" path="socket:[528698]" dev="sockfs" ino=528698 ioctlcmd=0x8927 scontext=u:r:untrusted_app_27:s0:c512,c768 tcontext=u:r:untrusted_app_27:s0:c512,c768 tclass=udp_socket permissive=0 app=com.alibaba.android.rimet
09-23 01:11:00.362 I/sysui_multi_action( 1489): [757,1696,758,6,759,2]
09-23 01:11:00.368 I/am_wtf ( 1489): [0,1489,system_server,-1,DisplayDeviceConfig,requesting nits when no mapping exists.]
09-23 01:11:00.373 I/am_wtf ( 1489): [0,1489,system_server,-1,DisplayDeviceConfig,requesting nits when no mapping exists.]
09-23 01:11:00.384 I/am_wtf ( 1489): [0,1489,system_server,-1,DisplayDeviceConfig,requesting nits when no mapping exists.]
09-23 01:11:00.387 I/am_wtf ( 1489): [0,1489,system_server,-1,DisplayDeviceConfig,requesting nits when no mapping exists.]
09-23 01:11:00.401 I/am_wtf ( 1489): [0,1489,system_server,-1,DisplayDeviceConfig,requesting nits when no mapping exists.]
09-23 01:11:00.403 I/am_wtf ( 1489): [0,1489,system_server,-1,DisplayDeviceConfig,requesting nits when no mapping exists.]
09-23 01:11:00.417 I/am_wtf ( 1489): [0,1489,system_server,-1,DisplayDeviceConfig,requesting nits when no mapping exists.]
09-23 01:11:00.418 I/am_wtf ( 1489): [0,1489,system_server,-1,DisplayDeviceConfig,requesting nits when no mapping exists.]
09-23 01:11:00.434 I/am_wtf ( 1489): [0,1489,system_server,-1,DisplayDeviceConfig,requesting nits when no mapping exists.]
09-23 01:11:00.435 I/am_wtf ( 1489): [0,1489,system_server,-1,DisplayDeviceConfig,requesting nits when no mapping exists.]
09-23 01:11:00.450 I/am_wtf ( 1489): [0,1489,system_server,-1,DisplayDeviceConfig,requesting nits when no mapping exists.]
09-23 01:11:00.451 I/am_wtf ( 1489): [0,1489,system_server,-1,DisplayDeviceConfig,requesting nits when no mapping exists.]
09-23 01:11:00.468 I/am_wtf ( 1489): [0,1489,system_server,-1,DisplayDeviceConfig,requesting nits when no mapping exists.]
09-23 01:11:00.469 I/am_wtf ( 1489): [0,1489,system_server,-1,DisplayDeviceConfig,requesting nits when no mapping exists.]
09-23 01:11:00.483 I/am_wtf ( 1489): [0,1489,system_server,-1,DisplayDeviceConfig,requesting nits when no mapping exists.]
09-23 01:11:00.484 I/am_wtf ( 1489): [0,1489,system_server,-1,DisplayDeviceConfig,requesting nits when no mapping exists.]
09-23 01:11:00.500 I/am_wtf ( 1489): [0,1489,system_server,-1,DisplayDeviceConfig,requesting nits when no mapping exists.]
09-23 01:11:00.501 I/am_wtf ( 1489): [0,1489,system_server,-1,DisplayDeviceConfig,requesting nits when no mapping exists.]
09-23 01:11:00.517 I/am_wtf ( 1489): [0,1489,system_server,-1,DisplayDeviceConfig,requesting nits when no mapping exists.]
09-23 01:11:00.518 I/am_wtf ( 1489): [0,1489,system_server,-1,DisplayDeviceConfig,requesting nits when no mapping exists.]
09-23 01:11:00.534 I/am_wtf ( 1489): [0,1489,system_server,-1,DisplayDeviceConfig,requesting nits when no mapping exists.]
09-23 01:11:00.535 I/am_wtf ( 1489): [0,1489,system_server,-1,DisplayDeviceConfig,requesting nits when no mapping exists.]
09-23 01:11:00.551 I/am_wtf ( 1489): [0,1489,system_server,-1,DisplayDeviceConfig,requesting nits when no mapping exists.]
09-23 01:11:00.552 I/am_wtf ( 1489): [0,1489,system_server,-1,DisplayDeviceConfig,requesting nits when no mapping exists.]
09-23 01:11:00.567 I/am_wtf ( 1489): [0,1489,system_server,-1,DisplayDeviceConfig,requesting nits when no mapping exists.]
09-23 01:11:00.568 I/am_wtf ( 1489): [0,1489,system_server,-1,DisplayDeviceConfig,requesting nits when no mapping exists.]
09-23 01:11:00.584 I/am_wtf ( 1489): [0,1489,system_server,-1,DisplayDeviceConfig,requesting nits when no mapping exists.]
09-23 01:11:00.585 I/am_wtf ( 1489): [0,1489,system_server,-1,DisplayDeviceConfig,requesting nits when no mapping exists.]
09-23 01:11:00.601 I/am_wtf ( 1489): [0,1489,system_server,-1,DisplayDeviceConfig,requesting nits when no mapping exists.]
09-23 01:11:00.602 I/am_wtf ( 1489): [0,1489,system_server,-1,DisplayDeviceConfig,requesting nits when no mapping exists.]
09-23 01:11:00.617 I/am_wtf ( 1489): [0,1489,system_server,-1,DisplayDeviceConfig,requesting nits when no mapping exists.]
09-23 01:11:00.618 I/am_wtf ( 1489): [0,1489,system_server,-1,DisplayDeviceConfig,requesting nits when no mapping exists.]
09-23 01:11:00.634 I/am_wtf ( 1489): [0,1489,system_server,-1,DisplayDeviceConfig,requesting nits when no mapping exists.]
09-23 01:11:00.635 I/am_wtf ( 1489): [0,1489,system_server,-1,DisplayDeviceConfig,requesting nits when no mapping exists.]
09-23 01:11:00.651 I/am_wtf ( 1489): [0,1489,system_server,-1,DisplayDeviceConfig,requesting nits when no mapping exists.]
09-23 01:11:00.652 I/am_wtf ( 1489): [0,1489,system_server,-1,DisplayDeviceConfig,requesting nits when no mapping exists.]
09-23 01:11:00.668 I/am_wtf ( 1489): [0,1489,system_server,-1,DisplayDeviceConfig,requesting nits when no mapping exists.]
09-23 01:11:00.669 I/am_wtf ( 1489): [0,1489,system_server,-1,DisplayDeviceConfig,requesting nits when no mapping exists.]
09-23 01:11:00.684 I/am_wtf ( 1489): [0,1489,system_server,-1,DisplayDeviceConfig,requesting nits when no mapping exists.]
09-23 01:11:00.684 I/am_wtf ( 1489): [0,1489,system_server,-1,DisplayDeviceConfig,requesting nits when no mapping exists.]
09-23 01:11:00.701 I/am_wtf ( 1489): [0,1489,system_server,-1,DisplayDeviceConfig,requesting nits when no mapping exists.]
09-23 01:11:00.702 I/am_wtf ( 1489): [0,1489,system_server,-1,DisplayDeviceConfig,requesting nits when no mapping exists.]
09-23 01:11:00.717 I/am_wtf ( 1489): [0,1489,system_server,-1,DisplayDeviceConfig,requesting nits when no mapping exists.]
09-23 01:11:00.718 I/am_wtf ( 1489): [0,1489,system_server,-1,DisplayDeviceConfig,requesting nits when no mapping exists.]
09-23 01:11:00.733 I/am_wtf ( 1489): [0,1489,system_server,-1,DisplayDeviceConfig,requesting nits when no mapping exists.]
09-23 01:11:00.734 I/service_manager_stats( 1489): [100,67,54159]
09-23 01:11:00.734 I/am_wtf ( 1489): [0,1489,system_server,-1,DisplayDeviceConfig,requesting nits when no mapping exists.]
09-23 01:11:00.750 I/am_wtf ( 1489): [0,1489,system_server,-1,DisplayDeviceConfig,requesting nits when no mapping exists.]
09-23 01:11:00.751 I/am_wtf ( 1489): [0,1489,system_server,-1,DisplayDeviceConfig,requesting nits when no mapping exists.]
09-23 01:11:00.768 I/am_wtf ( 1489): [0,1489,system_server,-1,DisplayDeviceConfig,requesting nits when no mapping exists.]
09-23 01:11:00.769 I/am_wtf ( 1489): [0,1489,system_server,-1,DisplayDeviceConfig,requesting nits when no mapping exists.]
09-23 01:11:00.784 I/am_wtf ( 1489): [0,1489,system_server,-1,DisplayDeviceConfig,requesting nits when no mapping exists.]
09-23 01:11:00.785 I/am_wtf ( 1489): [0,1489,system_server,-1,DisplayDeviceConfig,requesting nits when no mapping exists.]
09-23 01:11:00.802 I/am_wtf ( 1489): [0,1489,system_server,-1,DisplayDeviceConfig,requesting nits when no mapping exists.]
09-23 01:11:00.803 I/am_wtf ( 1489): [0,1489,system_server,-1,DisplayDeviceConfig,requesting nits when no mapping exists.]
09-23 01:11:00.818 I/am_wtf ( 1489): [0,1489,system_server,-1,DisplayDeviceConfig,requesting nits when no mapping exists.]
09-23 01:11:00.819 I/am_wtf ( 1489): [0,1489,system_server,-1,DisplayDeviceConfig,requesting nits when no mapping exists.]
09-23 01:11:00.835 I/am_wtf ( 1489): [0,1489,system_server,-1,DisplayDeviceConfig,requesting nits when no mapping exists.]
09-23 01:11:00.836 I/am_wtf ( 1489): [0,1489,system_server,-1,DisplayDeviceConfig,requesting nits when no mapping exists.]
09-23 01:11:00.851 I/am_wtf ( 1489): [0,1489,system_server,-1,DisplayDeviceConfig,requesting nits when no mapping exists.]
09-23 01:11:00.853 I/am_wtf ( 1489): [0,1489,system_server,-1,DisplayDeviceConfig,requesting nits when no mapping exists.]
09-23 01:11:00.868 I/am_wtf ( 1489): [0,1489,system_server,-1,DisplayDeviceConfig,requesting nits when no mapping exists.]
09-23 01:11:00.869 I/am_wtf ( 1489): [0,1489,system_server,-1,DisplayDeviceConfig,requesting nits when no mapping exists.]
09-23 01:11:00.884 I/am_wtf ( 1489): [0,1489,system_server,-1,DisplayDeviceConfig,requesting nits when no mapping exists.]
09-23 01:11:00.885 I/am_wtf ( 1489): [0,1489,system_server,-1,DisplayDeviceConfig,requesting nits when no mapping exists.]
09-23 01:11:00.901 I/am_wtf ( 1489): [0,1489,system_server,-1,DisplayDeviceConfig,requesting nits when no mapping exists.]
09-23 01:11:00.903 I/am_wtf ( 1489): [0,1489,system_server,-1,DisplayDeviceConfig,requesting nits when no mapping exists.]
09-23 01:11:00.918 I/am_wtf ( 1489): [0,1489,system_server,-1,DisplayDeviceConfig,requesting nits when no mapping exists.]
09-23 01:11:00.919 I/am_wtf ( 1489): [0,1489,system_server,-1,DisplayDeviceConfig,requesting nits when no mapping exists.]
09-23 01:11:00.935 I/am_wtf ( 1489): [0,1489,system_server,-1,DisplayDeviceConfig,requesting nits when no mapping exists.]
09-23 01:11:00.936 I/am_wtf ( 1489): [0,1489,system_server,-1,DisplayDeviceConfig,requesting nits when no mapping exists.]
09-23 01:11:00.951 I/am_wtf ( 1489): [0,1489,system_server,-1,DisplayDeviceConfig,requesting nits when no mapping exists.]
09-23 01:11:00.952 I/am_wtf ( 1489): [0,1489,system_server,-1,DisplayDeviceConfig,requesting nits when no mapping exists.]
09-23 01:11:00.968 I/am_wtf ( 1489): [0,1489,system_server,-1,DisplayDeviceConfig,requesting nits when no mapping exists.]
09-23 01:11:00.969 I/am_wtf ( 1489): [0,1489,system_server,-1,DisplayDeviceConfig,requesting nits when no mapping exists.]
09-23 01:11:00.984 I/am_wtf ( 1489): [0,1489,system_server,-1,DisplayDeviceConfig,requesting nits when no mapping exists.]
09-23 01:11:00.985 I/am_wtf ( 1489): [0,1489,system_server,-1,DisplayDeviceConfig,requesting nits when no mapping exists.]
09-23 01:11:01.001 I/am_wtf ( 1489): [0,1489,system_server,-1,DisplayDeviceConfig,requesting nits when no mapping exists.]
09-23 01:11:01.002 I/am_wtf ( 1489): [0,1489,system_server,-1,DisplayDeviceConfig,requesting nits when no mapping exists.]
09-23 01:11:01.018 I/am_wtf ( 1489): [0,1489,system_server,-1,DisplayDeviceConfig,requesting nits when no mapping exists.]
09-23 01:11:01.019 I/am_wtf ( 1489): [0,1489,system_server,-1,DisplayDeviceConfig,requesting nits when no mapping exists.]
09-23 01:11:01.036 I/am_wtf ( 1489): [0,1489,system_server,-1,DisplayDeviceConfig,requesting nits when no mapping exists.]
09-23 01:11:01.038 I/am_wtf ( 1489): [0,1489,system_server,-1,DisplayDeviceConfig,requesting nits when no mapping exists.]
09-23 01:11:01.052 I/am_wtf ( 1489): [0,1489,system_server,-1,DisplayDeviceConfig,requesting nits when no mapping exists.]
09-23 01:11:01.053 I/am_wtf ( 1489): [0,1489,system_server,-1,DisplayDeviceConfig,requesting nits when no mapping exists.]
09-23 01:11:01.069 I/am_wtf ( 1489): [0,1489,system_server,-1,DisplayDeviceConfig,requesting nits when no mapping exists.]
09-23 01:11:01.070 I/am_wtf ( 1489): [0,1489,system_server,-1,DisplayDeviceConfig,requesting nits when no mapping exists.]
09-23 01:11:01.085 I/am_wtf ( 1489): [0,1489,system_server,-1,DisplayDeviceConfig,requesting nits when no mapping exists.]
09-23 01:11:01.087 I/am_wtf ( 1489): [0,1489,system_server,-1,DisplayDeviceConfig,requesting nits when no mapping exists.]
09-23 01:11:01.101 I/am_wtf ( 1489): [0,1489,system_server,-1,DisplayDeviceConfig,requesting nits when no mapping exists.]
09-23 01:11:01.103 I/am_wtf ( 1489): [0,1489,system_server,-1,DisplayDeviceConfig,requesting nits when no mapping exists.]
09-23 01:11:01.118 I/am_wtf ( 1489): [0,1489,system_server,-1,DisplayDeviceConfig,requesting nits when no mapping exists.]
09-23 01:11:01.119 I/am_wtf ( 1489): [0,1489,system_server,-1,DisplayDeviceConfig,requesting nits when no mapping exists.]
09-23 01:11:01.136 I/am_wtf ( 1489): [0,1489,system_server,-1,DisplayDeviceConfig,requesting nits when no mapping exists.]
09-23 01:11:01.138 I/am_wtf ( 1489): [0,1489,system_server,-1,DisplayDeviceConfig,requesting nits when no mapping exists.]
09-23 01:11:01.152 I/am_wtf ( 1489): [0,1489,system_server,-1,DisplayDeviceConfig,requesting nits when no mapping exists.]
09-23 01:11:01.152 I/am_wtf ( 1489): [0,1489,system_server,-1,DisplayDeviceConfig,requesting nits when no mapping exists.]
09-23 01:11:01.168 I/am_wtf ( 1489): [0,1489,system_server,-1,DisplayDeviceConfig,requesting nits when no mapping exists.]
09-23 01:11:01.169 I/am_wtf ( 1489): [0,1489,system_server,-1,DisplayDeviceConfig,requesting nits when no mapping exists.]
09-23 01:11:01.185 I/am_wtf ( 1489): [0,1489,system_server,-1,DisplayDeviceConfig,requesting nits when no mapping exists.]
09-23 01:11:01.186 I/am_wtf ( 1489): [0,1489,system_server,-1,DisplayDeviceConfig,requesting nits when no mapping exists.]
09-23 01:11:01.202 I/am_wtf ( 1489): [0,1489,system_server,-1,DisplayDeviceConfig,requesting nits when no mapping exists.]
09-23 01:11:01.202 I/am_wtf ( 1489): [0,1489,system_server,-1,DisplayDeviceConfig,requesting nits when no mapping exists.]
09-23 01:11:01.218 I/am_wtf ( 1489): [0,1489,system_server,-1,DisplayDeviceConfig,requesting nits when no mapping exists.]
09-23 01:11:01.220 I/am_wtf ( 1489): [0,1489,system_server,-1,DisplayDeviceConfig,requesting nits when no mapping exists.]
09-23 01:11:01.235 I/am_wtf ( 1489): [0,1489,system_server,-1,DisplayDeviceConfig,requesting nits when no mapping exists.]
09-23 01:11:01.236 I/am_wtf ( 1489): [0,1489,system_server,-1,DisplayDeviceConfig,requesting nits when no mapping exists.]
09-23 01:11:01.252 I/am_wtf ( 1489): [0,1489,system_server,-1,DisplayDeviceConfig,requesting nits when no mapping exists.]
09-23 01:11:01.253 I/am_wtf ( 1489): [0,1489,system_server,-1,DisplayDeviceConfig,requesting nits when no mapping exists.]
09-23 01:11:01.268 I/am_wtf ( 1489): [0,1489,system_server,-1,DisplayDeviceConfig,requesting nits when no mapping exists.]
09-23 01:11:01.269 I/am_wtf ( 1489): [0,1489,system_server,-1,DisplayDeviceConfig,requesting nits when no mapping exists.]
09-23 01:11:01.285 I/am_wtf ( 1489): [0,1489,system_server,-1,DisplayDeviceConfig,requesting nits when no mapping exists.]
09-23 01:11:01.287 I/am_wtf ( 1489): [0,1489,system_server,-1,DisplayDeviceConfig,requesting nits when no mapping exists.]
09-23 01:11:01.302 I/am_wtf ( 1489): [0,1489,system_server,-1,DisplayDeviceConfig,requesting nits when no mapping exists.]
09-23 01:11:01.303 I/am_wtf ( 1489): [0,1489,system_server,-1,DisplayDeviceConfig,requesting nits when no mapping exists.]
09-23 01:11:01.319 I/am_wtf ( 1489): [0,1489,system_server,-1,DisplayDeviceConfig,requesting nits when no mapping exists.]
09-23 01:11:01.320 I/am_wtf ( 1489): [0,1489,system_server,-1,DisplayDeviceConfig,requesting nits when no mapping exists.]
09-23 01:11:03.175 I/auditd ( 3555): type=1400 audit(0.0:36126): avc: denied { read } for comm="NativeThread" name="unix" dev="proc" ino=4026532289 scontext=u:r:untrusted_app_27:s0:c512,c768 tcontext=u:object_r:proc_net:s0 tclass=file permissive=0 app=com.alibaba.android.rimet
09-23 01:11:03.687 I/auditd ( 3555): type=1400 audit(0.0:36127): avc: denied { read } for comm="NativeThread" name="unix" dev="proc" ino=4026532289 scontext=u:r:untrusted_app_27:s0:c512,c768 tcontext=u:object_r:proc_net:s0 tclass=file permissive=0 app=com.alibaba.android.rimet
09-23 01:11:04.151 I/auditd ( 3555): type=1400 audit(0.0:36128): avc: denied { read } for comm="NativeThread" name="unix" dev="proc" ino=4026532289 scontext=u:r:untrusted_app_27:s0:c512,c768 tcontext=u:object_r:proc_net:s0 tclass=file permissive=0 app=com.alibaba.android.rimet
09-23 01:11:04.159 I/auditd ( 3555): type=1400 audit(0.0:36129): avc: denied { read } for comm="NativeThread" name="version" dev="proc" ino=4026532265 scontext=u:r:untrusted_app_27:s0:c512,c768 tcontext=u:object_r:proc_version:s0 tclass=file permissive=0 app=com.alibaba.android.rimet
09-23 01:11:04.159 I/auditd ( 3555): type=1400 audit(0.0:36130): avc: denied { ioctl } for comm="NativeThread" path="socket:[528834]" dev="sockfs" ino=528834 ioctlcmd=0x8927 scontext=u:r:untrusted_app_27:s0:c512,c768 tcontext=u:r:untrusted_app_27:s0:c512,c768 tclass=udp_socket permissive=0 app=com.alibaba.android.rimet
09-23 01:11:04.651 I/auditd ( 3555): type=1400 audit(0.0:36144): avc: denied { read } for comm="NativeThread" name="unix" dev="proc" ino=4026532289 scontext=u:r:untrusted_app_27:s0:c512,c768 tcontext=u:object_r:proc_net:s0 tclass=file permissive=0 app=com.alibaba.android.rimet
09-23 01:11:07.568 I/sysui_multi_action( 1489): [757,222,758,1]
09-23 01:11:07.583 I/wm_task_created( 1489): [136,-1]
09-23 01:11:07.587 I/wm_task_moved( 1489): [136,1,7]
09-23 01:11:07.587 I/wm_task_to_front( 1489): [0,136]
09-23 01:11:07.588 I/wm_create_task( 1489): [0,136]
09-23 01:11:07.588 I/wm_create_activity( 1489): [0,257792483,136,com.android.deskclock/android.service.dreams.DreamActivity,NULL,NULL,NULL,276824064]
09-23 01:11:07.588 I/wm_task_moved( 1489): [136,1,7]
09-23 01:11:07.588 I/wm_on_top_resumed_lost_called( 2347): [152286629,com.android.launcher3.uioverrides.QuickstepLauncher,topStateChangedWhenResumed]
09-23 01:11:07.590 I/wm_pause_activity( 1489): [0,152286629,com.android.launcher3/.uioverrides.QuickstepLauncher,userLeaving=true,pauseBackTasks]
09-23 01:11:07.594 I/wm_on_paused_called( 2347): [152286629,com.android.launcher3.uioverrides.QuickstepLauncher,performPause]
09-23 01:11:07.597 I/wm_add_to_stopping( 1489): [0,152286629,com.android.launcher3/.uioverrides.QuickstepLauncher,makeInvisible]
09-23 01:11:07.598 I/wm_restart_activity( 1489): [0,257792483,136,com.android.deskclock/android.service.dreams.DreamActivity]
09-23 01:11:07.599 I/wm_set_resumed_activity( 1489): [0,com.android.deskclock/android.service.dreams.DreamActivity,minimalResumeActivityLocked]
09-23 01:11:07.608 I/sysui_multi_action( 1489): [757,803,799,window_time_0,802,61]
09-23 01:11:07.613 I/wm_on_create_called( 2535): [257792483,android.service.dreams.DreamActivity,performCreate]
09-23 01:11:07.615 I/wm_on_start_called( 2535): [257792483,android.service.dreams.DreamActivity,handleStartActivity]
09-23 01:11:07.615 I/wm_on_resume_called( 2535): [257792483,android.service.dreams.DreamActivity,RESUME_ACTIVITY]
09-23 01:11:07.621 I/wm_on_top_resumed_gained_called( 2535): [257792483,android.service.dreams.DreamActivity,topStateChangedWhenResumed]
09-23 01:11:07.634 I/input_focus( 1489): [Focus leaving bb9afb8 com.android.launcher3/com.android.launcher3.uioverrides.QuickstepLauncher (server),reason=NO_WINDOW]
09-23 01:11:07.657 I/input_focus( 1489): [Focus request 45f13f com.android.deskclock/android.service.dreams.DreamActivity,reason=UpdateInputWindows]
09-23 01:11:07.660 I/notification_enqueue( 1489): [10081,1834,com.android.systemui,2048,NULL,0,Notification(channel=updateNotification shortcut=null contentView=null vibrate=null sound=null defaults=0x0 flags=0x0 color=0x00000000 vis=PRIVATE),1]
09-23 01:11:07.661 I/sysui_multi_action( 1834): [757,111,758,2]
09-23 01:11:07.662 I/sysui_multi_action( 1834): [757,111,758,2]
09-23 01:11:07.678 I/sysui_multi_action( 1489): [757,1696,758,6,759,3]
09-23 01:11:07.680 I/sysui_multi_action( 1489): [319,91,322,89,325,9875,757,761,758,8,759,2,806,com.android.deskclock,871,android.service.dreams.DreamActivity,904,com.android.deskclock,905,0,1320,4,1321,1]
09-23 01:11:07.680 I/sysui_multi_action( 1834): [757,111,758,1]
09-23 01:11:07.681 I/sysui_multi_action( 1834): [757,126,758,1,759,126,927,0,928,1,1593,1]
09-23 01:11:07.681 I/sysui_multi_action( 1834): [757,113,758,1,759,113,927,1,928,1,1593,1]
09-23 01:11:07.681 I/sysui_multi_action( 1834): [757,0,758,1,759,0,927,2,928,0,1593,1]
09-23 01:11:07.681 I/sysui_multi_action( 1834): [757,0,758,1,759,0,927,3,928,0,1593,1]
09-23 01:11:07.681 I/wm_activity_launch_time( 1489): [0,257792483,com.android.deskclock/android.service.dreams.DreamActivity,89]
09-23 01:11:07.681 I/sysui_multi_action( 1834): [757,1706,758,1,759,1706,927,4,928,0,1593,1]
09-23 01:11:07.682 I/sysui_multi_action( 1834): [757,491,758,1,759,491,927,5,928,0,1311,-1,1593,0]
09-23 01:11:07.682 I/sysui_multi_action( 1834): [757,0,758,1,759,0,927,6,928,0,1593,0]
09-23 01:11:07.682 I/sysui_multi_action( 1834): [757,114,758,1,759,114,927,7,928,0,1593,0]
09-23 01:11:07.683 I/sysui_multi_action( 1834): [757,111,758,1]
09-23 01:11:07.683 I/sysui_multi_action( 1834): [757,126,758,1,759,126,927,0,928,1,1593,1]
09-23 01:11:07.683 I/sysui_multi_action( 1834): [757,113,758,1,759,113,927,1,928,1,1593,1]
09-23 01:11:07.683 I/sysui_multi_action( 1834): [757,0,758,1,759,0,927,2,928,0,1593,1]
09-23 01:11:07.684 I/sysui_multi_action( 1834): [757,0,758,1,759,0,927,3,928,0,1593,1]
09-23 01:11:07.689 I/am_wtf ( 1489): [0,1489,system_server,-1,DisplayDeviceConfig,requesting nits when no mapping exists.]
09-23 01:11:07.690 I/am_wtf ( 1489): [0,1489,system_server,-1,DisplayDeviceConfig,requesting nits when no mapping exists.]
09-23 01:11:07.704 I/am_wtf ( 1489): [0,1489,system_server,-1,DisplayDeviceConfig,requesting nits when no mapping exists.]
09-23 01:11:07.705 I/am_wtf ( 1489): [0,1489,system_server,-1,DisplayDeviceConfig,requesting nits when no mapping exists.]
09-23 01:11:07.706 I/input_focus( 1489): [Focus entering 45f13f com.android.deskclock/android.service.dreams.DreamActivity (server),reason=Window became focusable. Previous reason: NOT_VISIBLE]
09-23 01:11:07.718 I/am_wtf ( 1489): [0,1489,system_server,-1,DisplayDeviceConfig,requesting nits when no mapping exists.]
09-23 01:11:07.719 I/am_wtf ( 1489): [0,1489,system_server,-1,DisplayDeviceConfig,requesting nits when no mapping exists.]
09-23 01:11:07.734 I/am_wtf ( 1489): [0,1489,system_server,-1,DisplayDeviceConfig,requesting nits when no mapping exists.]
09-23 01:11:07.735 I/am_wtf ( 1489): [0,1489,system_server,-1,DisplayDeviceConfig,requesting nits when no mapping exists.]
09-23 01:11:07.758 I/am_wtf ( 1489): [0,1489,system_server,-1,DisplayDeviceConfig,requesting nits when no mapping exists.]
09-23 01:11:07.759 I/am_wtf ( 1489): [0,1489,system_server,-1,DisplayDeviceConfig,requesting nits when no mapping exists.]
09-23 01:11:07.770 I/am_wtf ( 1489): [0,1489,system_server,-1,DisplayDeviceConfig,requesting nits when no mapping exists.]
09-23 01:11:07.770 I/am_wtf ( 1489): [0,1489,system_server,-1,DisplayDeviceConfig,requesting nits when no mapping exists.]
09-23 01:11:07.787 I/am_wtf ( 1489): [0,1489,system_server,-1,DisplayDeviceConfig,requesting nits when no mapping exists.]
09-23 01:11:07.788 I/am_wtf ( 1489): [0,1489,system_server,-1,DisplayDeviceConfig,requesting nits when no mapping exists.]
09-23 01:11:07.803 I/am_wtf ( 1489): [0,1489,system_server,-1,DisplayDeviceConfig,requesting nits when no mapping exists.]
09-23 01:11:07.804 I/am_wtf ( 1489): [0,1489,system_server,-1,DisplayDeviceConfig,requesting nits when no mapping exists.]
09-23 01:11:07.821 I/am_wtf ( 1489): [0,1489,system_server,-1,DisplayDeviceConfig,requesting nits when no mapping exists.]
09-23 01:11:07.821 I/am_wtf ( 1489): [0,1489,system_server,-1,DisplayDeviceConfig,requesting nits when no mapping exists.]
09-23 01:11:07.835 I/am_wtf ( 1489): [0,1489,system_server,-1,DisplayDeviceConfig,requesting nits when no mapping exists.]
09-23 01:11:07.836 I/am_wtf ( 1489): [0,1489,system_server,-1,DisplayDeviceConfig,requesting nits when no mapping exists.]
09-23 01:11:07.851 I/am_wtf ( 1489): [0,1489,system_server,-1,DisplayDeviceConfig,requesting nits when no mapping exists.]
09-23 01:11:07.852 I/am_wtf ( 1489): [0,1489,system_server,-1,DisplayDeviceConfig,requesting nits when no mapping exists.]
09-23 01:11:07.862 I/sysui_multi_action( 1489): [757,1501,758,1,793,9855118,794,0,795,204,796,2048,806,com.android.systemui,857,updateNotification,858,3,947,0,1500,0,1688,1]
09-23 01:11:07.862 I/sysui_multi_action( 1489): [757,804,799,note_interruptive,801,0,802,1]
09-23 01:11:07.862 I/sysui_multi_action( 1489): [757,199,758,1,759,2,793,9855118,794,0,795,204,796,2048,806,com.android.systemui,857,updateNotification,858,3,947,0,1500,0,1688,1]
09-23 01:11:07.862 I/notification_alert( 1489): [0|com.android.systemui|2048|null|10081,0,1,0]
09-23 01:11:07.870 I/am_wtf ( 1489): [0,1489,system_server,-1,DisplayDeviceConfig,requesting nits when no mapping exists.]
09-23 01:11:07.871 I/am_wtf ( 1489): [0,1489,system_server,-1,DisplayDeviceConfig,requesting nits when no mapping exists.]
09-23 01:11:07.890 I/am_wtf ( 1489): [0,1489,system_server,-1,DisplayDeviceConfig,requesting nits when no mapping exists.]
09-23 01:11:07.891 I/am_wtf ( 1489): [0,1489,system_server,-1,DisplayDeviceConfig,requesting nits when no mapping exists.]
09-23 01:11:07.906 I/am_wtf ( 1489): [0,1489,system_server,-1,DisplayDeviceConfig,requesting nits when no mapping exists.]
09-23 01:11:07.907 I/am_wtf ( 1489): [0,1489,system_server,-1,DisplayDeviceConfig,requesting nits when no mapping exists.]
09-23 01:11:07.920 I/am_wtf ( 1489): [0,1489,system_server,-1,DisplayDeviceConfig,requesting nits when no mapping exists.]
09-23 01:11:07.920 I/service_manager_stats( 1489): [100,52,7187]
09-23 01:11:07.920 I/am_wtf ( 1489): [0,1489,system_server,-1,DisplayDeviceConfig,requesting nits when no mapping exists.]
09-23 01:11:07.936 I/am_wtf ( 1489): [0,1489,system_server,-1,DisplayDeviceConfig,requesting nits when no mapping exists.]
09-23 01:11:07.937 I/am_wtf ( 1489): [0,1489,system_server,-1,DisplayDeviceConfig,requesting nits when no mapping exists.]
09-23 01:11:07.952 I/am_wtf ( 1489): [0,1489,system_server,-1,DisplayDeviceConfig,requesting nits when no mapping exists.]
09-23 01:11:07.953 I/am_wtf ( 1489): [0,1489,system_server,-1,DisplayDeviceConfig,requesting nits when no mapping exists.]
09-23 01:11:07.970 I/am_wtf ( 1489): [0,1489,system_server,-1,DisplayDeviceConfig,requesting nits when no mapping exists.]
09-23 01:11:07.971 I/am_wtf ( 1489): [0,1489,system_server,-1,DisplayDeviceConfig,requesting nits when no mapping exists.]
09-23 01:11:07.973 I/wm_stop_activity( 1489): [0,152286629,com.android.launcher3/.uioverrides.QuickstepLauncher]
09-23 01:11:07.986 I/am_wtf ( 1489): [0,1489,system_server,-1,DisplayDeviceConfig,requesting nits when no mapping exists.]
09-23 01:11:07.988 I/am_wtf ( 1489): [0,1489,system_server,-1,DisplayDeviceConfig,requesting nits when no mapping exists.]
09-23 01:11:07.997 I/wm_on_stop_called( 2347): [152286629,com.android.launcher3.uioverrides.QuickstepLauncher,STOP_ACTIVITY_ITEM]
09-23 01:11:08.007 I/am_wtf ( 1489): [0,1489,system_server,-1,DisplayDeviceConfig,requesting nits when no mapping exists.]
09-23 01:11:08.008 I/am_wtf ( 1489): [0,1489,system_server,-1,DisplayDeviceConfig,requesting nits when no mapping exists.]
09-23 01:11:08.018 I/am_wtf ( 1489): [0,1489,system_server,-1,DisplayDeviceConfig,requesting nits when no mapping exists.]
09-23 01:11:08.019 I/am_wtf ( 1489): [0,1489,system_server,-1,DisplayDeviceConfig,requesting nits when no mapping exists.]
09-23 01:11:08.035 I/am_wtf ( 1489): [0,1489,system_server,-1,DisplayDeviceConfig,requesting nits when no mapping exists.]
09-23 01:11:08.035 I/am_wtf ( 1489): [0,1489,system_server,-1,DisplayDeviceConfig,requesting nits when no mapping exists.]
09-23 01:11:08.052 I/am_wtf ( 1489): [0,1489,system_server,-1,DisplayDeviceConfig,requesting nits when no mapping exists.]
09-23 01:11:08.058 I/am_wtf ( 1489): [0,1489,system_server,-1,DisplayDeviceConfig,requesting nits when no mapping exists.]
09-23 01:11:08.069 I/am_wtf ( 1489): [0,1489,system_server,-1,DisplayDeviceConfig,requesting nits when no mapping exists.]
09-23 01:11:08.070 I/am_wtf ( 1489): [0,1489,system_server,-1,DisplayDeviceConfig,requesting nits when no mapping exists.]
09-23 01:11:08.085 I/am_wtf ( 1489): [0,1489,system_server,-1,DisplayDeviceConfig,requesting nits when no mapping exists.]
09-23 01:11:08.088 I/am_wtf ( 1489): [0,1489,system_server,-1,DisplayDeviceConfig,requesting nits when no mapping exists.]
09-23 01:11:08.102 I/am_wtf ( 1489): [0,1489,system_server,-1,DisplayDeviceConfig,requesting nits when no mapping exists.]
09-23 01:11:08.103 I/am_wtf ( 1489): [0,1489,system_server,-1,DisplayDeviceConfig,requesting nits when no mapping exists.]
09-23 01:11:08.123 I/am_wtf ( 1489): [0,1489,system_server,-1,DisplayDeviceConfig,requesting nits when no mapping exists.]
09-23 01:11:08.124 I/am_wtf ( 1489): [0,1489,system_server,-1,DisplayDeviceConfig,requesting nits when no mapping exists.]
09-23 01:11:08.135 I/am_wtf ( 1489): [0,1489,system_server,-1,DisplayDeviceConfig,requesting nits when no mapping exists.]
09-23 01:11:08.140 I/am_wtf ( 1489): [0,1489,system_server,-1,DisplayDeviceConfig,requesting nits when no mapping exists.]
09-23 01:11:08.156 I/am_wtf ( 1489): [0,1489,system_server,-1,DisplayDeviceConfig,requesting nits when no mapping exists.]
09-23 01:11:08.157 I/am_wtf ( 1489): [0,1489,system_server,-1,DisplayDeviceConfig,requesting nits when no mapping exists.]
09-23 01:11:08.169 I/am_wtf ( 1489): [0,1489,system_server,-1,DisplayDeviceConfig,requesting nits when no mapping exists.]
09-23 01:11:08.170 I/am_wtf ( 1489): [0,1489,system_server,-1,DisplayDeviceConfig,requesting nits when no mapping exists.]
09-23 01:11:08.186 I/am_wtf ( 1489): [0,1489,system_server,-1,DisplayDeviceConfig,requesting nits when no mapping exists.]
09-23 01:11:08.187 I/am_wtf ( 1489): [0,1489,system_server,-1,DisplayDeviceConfig,requesting nits when no mapping exists.]
09-23 01:11:08.206 I/am_wtf ( 1489): [0,1489,system_server,-1,DisplayDeviceConfig,requesting nits when no mapping exists.]
09-23 01:11:08.207 I/am_wtf ( 1489): [0,1489,system_server,-1,DisplayDeviceConfig,requesting nits when no mapping exists.]
09-23 01:11:08.220 I/am_wtf ( 1489): [0,1489,system_server,-1,DisplayDeviceConfig,requesting nits when no mapping exists.]
09-23 01:11:08.221 I/am_wtf ( 1489): [0,1489,system_server,-1,DisplayDeviceConfig,requesting nits when no mapping exists.]
09-23 01:11:08.236 I/am_wtf ( 1489): [0,1489,system_server,-1,DisplayDeviceConfig,requesting nits when no mapping exists.]
09-23 01:11:08.237 I/am_wtf ( 1489): [0,1489,system_server,-1,DisplayDeviceConfig,requesting nits when no mapping exists.]
09-23 01:11:08.261 I/am_wtf ( 1489): [0,1489,system_server,-1,DisplayDeviceConfig,requesting nits when no mapping exists.]
09-23 01:11:08.262 I/am_wtf ( 1489): [0,1489,system_server,-1,DisplayDeviceConfig,requesting nits when no mapping exists.]
09-23 01:11:08.272 I/am_wtf ( 1489): [0,1489,system_server,-1,DisplayDeviceConfig,requesting nits when no mapping exists.]
09-23 01:11:08.274 I/am_wtf ( 1489): [0,1489,system_server,-1,DisplayDeviceConfig,requesting nits when no mapping exists.]
09-23 01:11:08.289 I/am_wtf ( 1489): [0,1489,system_server,-1,DisplayDeviceConfig,requesting nits when no mapping exists.]
09-23 01:11:08.290 I/am_wtf ( 1489): [0,1489,system_server,-1,DisplayDeviceConfig,requesting nits when no mapping exists.]
09-23 01:11:08.309 I/am_wtf ( 1489): [0,1489,system_server,-1,DisplayDeviceConfig,requesting nits when no mapping exists.]
09-23 01:11:08.310 I/am_wtf ( 1489): [0,1489,system_server,-1,DisplayDeviceConfig,requesting nits when no mapping exists.]
09-23 01:11:08.325 I/am_wtf ( 1489): [0,1489,system_server,-1,DisplayDeviceConfig,requesting nits when no mapping exists.]
09-23 01:11:08.326 I/am_wtf ( 1489): [0,1489,system_server,-1,DisplayDeviceConfig,requesting nits when no mapping exists.]
09-23 01:11:08.338 I/am_wtf ( 1489): [0,1489,system_server,-1,DisplayDeviceConfig,requesting nits when no mapping exists.]
09-23 01:11:08.339 I/am_wtf ( 1489): [0,1489,system_server,-1,DisplayDeviceConfig,requesting nits when no mapping exists.]
09-23 01:11:08.356 I/am_wtf ( 1489): [0,1489,system_server,-1,DisplayDeviceConfig,requesting nits when no mapping exists.]
09-23 01:11:08.357 I/am_wtf ( 1489): [0,1489,system_server,-1,DisplayDeviceConfig,requesting nits when no mapping exists.]
09-23 01:11:08.376 I/am_wtf ( 1489): [0,1489,system_server,-1,DisplayDeviceConfig,requesting nits when no mapping exists.]
09-23 01:11:08.377 I/am_wtf ( 1489): [0,1489,system_server,-1,DisplayDeviceConfig,requesting nits when no mapping exists.]
09-23 01:11:08.392 I/am_wtf ( 1489): [0,1489,system_server,-1,DisplayDeviceConfig,requesting nits when no mapping exists.]
09-23 01:11:08.393 I/am_wtf ( 1489): [0,1489,system_server,-1,DisplayDeviceConfig,requesting nits when no mapping exists.]
09-23 01:11:08.410 I/am_wtf ( 1489): [0,1489,system_server,-1,DisplayDeviceConfig,requesting nits when no mapping exists.]
09-23 01:11:08.411 I/am_wtf ( 1489): [0,1489,system_server,-1,DisplayDeviceConfig,requesting nits when no mapping exists.]
09-23 01:11:08.420 I/am_wtf ( 1489): [0,1489,system_server,-1,DisplayDeviceConfig,requesting nits when no mapping exists.]
09-23 01:11:08.421 I/am_wtf ( 1489): [0,1489,system_server,-1,DisplayDeviceConfig,requesting nits when no mapping exists.]
09-23 01:11:08.437 I/am_wtf ( 1489): [0,1489,system_server,-1,DisplayDeviceConfig,requesting nits when no mapping exists.]
09-23 01:11:08.438 I/am_wtf ( 1489): [0,1489,system_server,-1,DisplayDeviceConfig,requesting nits when no mapping exists.]
09-23 01:11:08.457 I/am_wtf ( 1489): [0,1489,system_server,-1,DisplayDeviceConfig,requesting nits when no mapping exists.]
09-23 01:11:08.458 I/am_wtf ( 1489): [0,1489,system_server,-1,DisplayDeviceConfig,requesting nits when no mapping exists.]
09-23 01:11:08.470 I/am_wtf ( 1489): [0,1489,system_server,-1,DisplayDeviceConfig,requesting nits when no mapping exists.]
09-23 01:11:08.470 I/am_wtf ( 1489): [0,1489,system_server,-1,DisplayDeviceConfig,requesting nits when no mapping exists.]
09-23 01:11:08.487 I/am_wtf ( 1489): [0,1489,system_server,-1,DisplayDeviceConfig,requesting nits when no mapping exists.]
09-23 01:11:08.488 I/am_wtf ( 1489): [0,1489,system_server,-1,DisplayDeviceConfig,requesting nits when no mapping exists.]
09-23 01:11:08.503 I/am_wtf ( 1489): [0,1489,system_server,-1,DisplayDeviceConfig,requesting nits when no mapping exists.]
09-23 01:11:08.504 I/am_wtf ( 1489): [0,1489,system_server,-1,DisplayDeviceConfig,requesting nits when no mapping exists.]
09-23 01:11:08.524 I/am_wtf ( 1489): [0,1489,system_server,-1,DisplayDeviceConfig,requesting nits when no mapping exists.]
09-23 01:11:08.524 I/am_wtf ( 1489): [0,1489,system_server,-1,DisplayDeviceConfig,requesting nits when no mapping exists.]
09-23 01:11:08.539 I/am_wtf ( 1489): [0,1489,system_server,-1,DisplayDeviceConfig,requesting nits when no mapping exists.]
09-23 01:11:08.539 I/am_wtf ( 1489): [0,1489,system_server,-1,DisplayDeviceConfig,requesting nits when no mapping exists.]
09-23 01:11:08.556 I/am_wtf ( 1489): [0,1489,system_server,-1,DisplayDeviceConfig,requesting nits when no mapping exists.]
09-23 01:11:08.558 I/am_wtf ( 1489): [0,1489,system_server,-1,DisplayDeviceConfig,requesting nits when no mapping exists.]
09-23 01:11:08.572 I/am_wtf ( 1489): [0,1489,system_server,-1,DisplayDeviceConfig,requesting nits when no mapping exists.]
09-23 01:11:08.573 I/am_wtf ( 1489): [0,1489,system_server,-1,DisplayDeviceConfig,requesting nits when no mapping exists.]
09-23 01:11:08.589 I/am_wtf ( 1489): [0,1489,system_server,-1,DisplayDeviceConfig,requesting nits when no mapping exists.]
09-23 01:11:08.590 I/am_wtf ( 1489): [0,1489,system_server,-1,DisplayDeviceConfig,requesting nits when no mapping exists.]
09-23 01:11:08.608 I/am_wtf ( 1489): [0,1489,system_server,-1,DisplayDeviceConfig,requesting nits when no mapping exists.]
09-23 01:11:08.610 I/am_wtf ( 1489): [0,1489,system_server,-1,DisplayDeviceConfig,requesting nits when no mapping exists.]
09-23 01:11:08.622 I/am_wtf ( 1489): [0,1489,system_server,-1,DisplayDeviceConfig,requesting nits when no mapping exists.]
09-23 01:11:08.622 I/am_wtf ( 1489): [0,1489,system_server,-1,DisplayDeviceConfig,requesting nits when no mapping exists.]
09-23 01:11:08.637 I/am_wtf ( 1489): [0,1489,system_server,-1,DisplayDeviceConfig,requesting nits when no mapping exists.]
09-23 01:11:08.640 I/am_wtf ( 1489): [0,1489,system_server,-1,DisplayDeviceConfig,requesting nits when no mapping exists.]
09-23 01:11:09.231 I/auditd ( 3555): type=1400 audit(0.0:36145): avc: denied { read } for comm="NativeThread" name="unix" dev="proc" ino=4026532289 scontext=u:r:untrusted_app_27:s0:c512,c768 tcontext=u:object_r:proc_net:s0 tclass=file permissive=0 app=com.alibaba.android.rimet
09-23 01:11:09.771 I/auditd ( 3555): type=1400 audit(0.0:36146): avc: denied { read } for comm="NativeThread" name="unix" dev="proc" ino=4026532289 scontext=u:r:untrusted_app_27:s0:c512,c768 tcontext=u:object_r:proc_net:s0 tclass=file permissive=0 app=com.alibaba.android.rimet
09-23 01:11:09.918 I/input_interaction( 1489): Interaction with: 45f13f com.android.deskclock/android.service.dreams.DreamActivity (server), edge-swipe (server), swipe-up (server), PointerEventDispatcher0 (server),
09-23 01:11:09.921 I/wm_finish_activity( 1489): [0,257792483,136,com.android.deskclock/android.service.dreams.DreamActivity,finish-activity]
09-23 01:11:09.921 I/wm_task_moved( 1489): [1,1,6]
09-23 01:11:09.922 I/wm_task_moved( 1489): [93,1,2147483647]
09-23 01:11:09.923 I/wm_task_to_front( 1489): [0,93]
09-23 01:11:09.923 I/wm_focused_root_task( 1489): [0,0,1,136,finish-top adjustFocusToNextFocusableTask]
09-23 01:11:09.923 I/wm_set_resumed_activity( 1489): [0,com.android.launcher3/.uioverrides.QuickstepLauncher,finish-top adjustFocusToNextFocusableTask]
09-23 01:11:09.925 I/wm_pause_activity( 1489): [0,257792483,com.android.deskclock/android.service.dreams.DreamActivity,userLeaving=false,finish]
09-23 01:11:09.931 I/wm_on_top_resumed_lost_called( 2535): [257792483,android.service.dreams.DreamActivity,topStateChangedWhenResumed]
09-23 01:11:09.932 I/sysui_multi_action( 1489): [757,803,799,window_time_0,802,2]
09-23 01:11:09.933 I/wm_on_paused_called( 2535): [257792483,android.service.dreams.DreamActivity,performPause]
09-23 01:11:09.934 I/wm_add_to_stopping( 1489): [0,257792483,com.android.deskclock/android.service.dreams.DreamActivity,completeFinishing]
09-23 01:11:09.936 I/wm_set_resumed_activity( 1489): [0,com.android.launcher3/.uioverrides.QuickstepLauncher,resumeTopActivityInnerLocked]
09-23 01:11:09.937 I/wm_resume_activity( 1489): [0,152286629,93,com.android.launcher3/.uioverrides.QuickstepLauncher]
09-23 01:11:09.943 I/sysui_multi_action( 1489): [757,803,799,window_time_0,802,0]
09-23 01:11:09.951 I/wm_on_restart_called( 2347): [152286629,com.android.launcher3.uioverrides.QuickstepLauncher,performRestartActivity]
09-23 01:11:09.951 I/wm_on_start_called( 2347): [152286629,com.android.launcher3.uioverrides.QuickstepLauncher,handleStartActivity]
09-23 01:11:09.951 I/wm_on_resume_called( 2347): [152286629,com.android.launcher3.uioverrides.QuickstepLauncher,RESUME_ACTIVITY]
09-23 01:11:09.951 I/wm_on_top_resumed_gained_called( 2347): [152286629,com.android.launcher3.uioverrides.QuickstepLauncher,topWhenResuming]
09-23 01:11:09.957 I/input_focus( 1489): [Focus leaving 45f13f com.android.deskclock/android.service.dreams.DreamActivity (server),reason=NO_WINDOW]
09-23 01:11:09.958 I/view_enqueue_input_event( 2535): [Motion - Cancel,com.android.deskclock/android.service.dreams.DreamActivity]
09-23 01:11:09.963 I/input_focus( 1489): [Focus request bb9afb8 com.android.launcher3/com.android.launcher3.uioverrides.QuickstepLauncher,reason=UpdateInputWindows]
09-23 01:11:09.969 I/input_interaction( 1489): Interaction with: edge-swipe (server), swipe-up (server), PointerEventDispatcher0 (server),
09-23 01:11:09.991 I/input_focus( 1489): [Focus entering bb9afb8 com.android.launcher3/com.android.launcher3.uioverrides.QuickstepLauncher (server),reason=setFocusedWindow]
09-23 01:11:10.229 I/wm_destroy_activity( 1489): [0,257792483,136,com.android.deskclock/android.service.dreams.DreamActivity,finish-imm:idle]
09-23 01:11:10.254 I/wm_on_stop_called( 2535): [257792483,android.service.dreams.DreamActivity,LIFECYCLER_STOP_ACTIVITY]
09-23 01:11:10.255 I/wm_on_destroy_called( 2535): [257792483,android.service.dreams.DreamActivity,performDestroy]
09-23 01:11:10.251 I/auditd ( 3555): type=1400 audit(0.0:36147): avc: denied { read } for comm="NativeThread" name="unix" dev="proc" ino=4026532289 scontext=u:r:untrusted_app_27:s0:c512,c768 tcontext=u:object_r:proc_net:s0 tclass=file permissive=0 app=com.alibaba.android.rimet
09-23 01:11:10.259 I/auditd ( 3555): type=1400 audit(0.0:36148): avc: denied { read } for comm="NativeThread" name="version" dev="proc" ino=4026532265 scontext=u:r:untrusted_app_27:s0:c512,c768 tcontext=u:object_r:proc_version:s0 tclass=file permissive=0 app=com.alibaba.android.rimet
09-23 01:11:10.259 I/auditd ( 3555): type=1400 audit(0.0:36149): avc: denied { ioctl } for comm="NativeThread" path="socket:[528105]" dev="sockfs" ino=528105 ioctlcmd=0x8927 scontext=u:r:untrusted_app_27:s0:c512,c768 tcontext=u:r:untrusted_app_27:s0:c512,c768 tclass=udp_socket permissive=0 app=com.alibaba.android.rimet
09-23 01:11:10.259 I/auditd ( 3555): type=1400 audit(0.0:36150): avc: denied { ioctl } for comm="NativeThread" path="socket:[528105]" dev="sockfs" ino=528105 ioctlcmd=0x8927 scontext=u:r:untrusted_app_27:s0:c512,c768 tcontext=u:r:untrusted_app_27:s0:c512,c768 tclass=udp_socket permissive=0 app=com.alibaba.android.rimet
09-23 01:11:10.259 I/auditd ( 3555): type=1400 audit(0.0:36151): avc: denied { ioctl } for comm="NativeThread" path="socket:[528105]" dev="sockfs" ino=528105 ioctlcmd=0x8927 scontext=u:r:untrusted_app_27:s0:c512,c768 tcontext=u:r:untrusted_app_27:s0:c512,c768 tclass=udp_socket permissive=0 app=com.alibaba.android.rimet
09-23 01:11:10.259 I/auditd ( 3555): type=1400 audit(0.0:36152): avc: denied { ioctl } for comm="NativeThread" path="socket:[528105]" dev="sockfs" ino=528105 ioctlcmd=0x8927 scontext=u:r:untrusted_app_27:s0:c512,c768 tcontext=u:r:untrusted_app_27:s0:c512,c768 tclass=udp_socket permissive=0 app=com.alibaba.android.rimet
09-23 01:11:10.259 I/auditd ( 3555): type=1400 audit(0.0:36153): avc: denied { ioctl } for comm="NativeThread" path="socket:[528105]" dev="sockfs" ino=528105 ioctlcmd=0x8927 scontext=u:r:untrusted_app_27:s0:c512,c768 tcontext=u:r:untrusted_app_27:s0:c512,c768 tclass=udp_socket permissive=0 app=com.alibaba.android.rimet
09-23 01:11:10.259 I/sysui_multi_action( 1489): [757,222,758,2]
09-23 01:11:10.259 I/sysui_multi_action( 1489): [757,804,799,dreaming_minutes,801,0,802,1]
09-23 01:11:10.273 I/wm_task_removed( 1489): [136,removeChild:removeChild last r=ActivityRecord{f5d99e3 u0 com.android.deskclock/android.service.dreams.DreamActivity t-1 f}} in t=Task{d871e3c #136 type=dream A=10066:android:com.android.deskclock/dream U=0 visible=false mode=fullscreen translucent=true sz=0}]
09-23 01:11:10.273 I/wm_task_removed( 1489): [136,removeChild]
09-23 01:11:15.323 I/auditd ( 3555): type=1400 audit(0.0:36164): avc: denied { read } for comm="NativeThread" name="unix" dev="proc" ino=4026532289 scontext=u:r:untrusted_app_27:s0:c512,c768 tcontext=u:object_r:proc_net:s0 tclass=file permissive=0 app=com.alibaba.android.rimet
09-23 01:11:15.763 I/auditd ( 3555): type=1400 audit(0.0:36165): avc: denied { read } for comm="NativeThread" name="unix" dev="proc" ino=4026532289 scontext=u:r:untrusted_app_27:s0:c512,c768 tcontext=u:object_r:proc_net:s0 tclass=file permissive=0 app=com.alibaba.android.rimet
09-23 01:11:16.295 I/auditd ( 3555): type=1400 audit(0.0:36166): avc: denied { read } for comm="NativeThread" name="unix" dev="proc" ino=4026532289 scontext=u:r:untrusted_app_27:s0:c512,c768 tcontext=u:object_r:proc_net:s0 tclass=file permissive=0 app=com.alibaba.android.rimet
09-23 01:11:16.303 I/auditd ( 3555): type=1400 audit(0.0:36167): avc: denied { read } for comm="NativeThread" name="version" dev="proc" ino=4026532265 scontext=u:r:untrusted_app_27:s0:c512,c768 tcontext=u:object_r:proc_version:s0 tclass=file permissive=0 app=com.alibaba.android.rimet
09-23 01:11:16.307 I/auditd ( 3555): type=1400 audit(0.0:36168): avc: denied { ioctl } for comm="NativeThread" path="socket:[527257]" dev="sockfs" ino=527257 ioctlcmd=0x8927 scontext=u:r:untrusted_app_27:s0:c512,c768 tcontext=u:r:untrusted_app_27:s0:c512,c768 tclass=udp_socket permissive=0 app=com.alibaba.android.rimet
09-23 01:11:16.807 I/auditd ( 3555): type=1400 audit(0.0:36182): avc: denied { read } for comm="NativeThread" name="unix" dev="proc" ino=4026532289 scontext=u:r:untrusted_app_27:s0:c512,c768 tcontext=u:object_r:proc_net:s0 tclass=file permissive=0 app=com.alibaba.android.rimet
09-23 01:11:20.855 I/auditd ( 3755): type=1400 audit(0.0:36183): avc: granted { nlmsg_readpriv } for comm="DaemonThread-6" scontext=u:r:untrusted_app_27:s0:c512,c768 tcontext=u:r:untrusted_app_27:s0:c512,c768 tclass=netlink_route_socket app=com.alibaba.android.rimet
09-23 01:11:21.239 I/auditd ( 3555): type=1400 audit(0.0:36184): avc: denied { read } for comm="NativeThread" name="unix" dev="proc" ino=4026532289 scontext=u:r:untrusted_app_27:s0:c512,c768 tcontext=u:object_r:proc_net:s0 tclass=file permissive=0 app=com.alibaba.android.rimet
09-23 01:11:21.487 I/auditd ( 3555): type=1400 audit(0.0:36185): avc: denied { read } for comm="NativeThread" name="unix" dev="proc" ino=4026532289 scontext=u:r:untrusted_app_27:s0:c512,c768 tcontext=u:object_r:proc_net:s0 tclass=file permissive=0 app=com.alibaba.android.rimet
09-23 01:11:21.511 I/auditd ( 3755): type=1400 audit(0.0:36186): avc: granted { nlmsg_readpriv } for comm="DaemonThread-6" scontext=u:r:untrusted_app_27:s0:c512,c768 tcontext=u:r:untrusted_app_27:s0:c512,c768 tclass=netlink_route_socket app=com.alibaba.android.rimet
09-23 01:11:21.883 I/auditd ( 3555): type=1400 audit(0.0:36187): avc: denied { read } for comm="NativeThread" name="unix" dev="proc" ino=4026532289 scontext=u:r:untrusted_app_27:s0:c512,c768 tcontext=u:object_r:proc_net:s0 tclass=file permissive=0 app=com.alibaba.android.rimet
