09-23 00:52:09.159 I/auditd ( 3555): type=1400 audit(0.0:32231): avc: denied { read } for comm="NativeThread" name="version" dev="proc" ino=4026532265 scontext=u:r:untrusted_app_27:s0:c512,c768 tcontext=u:object_r:proc_version:s0 tclass=file permissive=0 app=com.alibaba.android.rimet
09-23 00:52:09.159 I/auditd ( 3555): type=1400 audit(0.0:32232): avc: denied { ioctl } for comm="NativeThread" path="socket:[474278]" dev="sockfs" ino=474278 ioctlcmd=0x8927 scontext=u:r:untrusted_app_27:s0:c512,c768 tcontext=u:r:untrusted_app_27:s0:c512,c768 tclass=udp_socket permissive=0 app=com.alibaba.android.rimet
09-23 00:52:09.159 I/auditd ( 3555): type=1400 audit(0.0:32233): avc: denied { ioctl } for comm="NativeThread" path="socket:[474278]" dev="sockfs" ino=474278 ioctlcmd=0x8927 scontext=u:r:untrusted_app_27:s0:c512,c768 tcontext=u:r:untrusted_app_27:s0:c512,c768 tclass=udp_socket permissive=0 app=com.alibaba.android.rimet
09-23 00:52:09.159 I/auditd ( 3555): type=1400 audit(0.0:32234): avc: denied { ioctl } for comm="NativeThread" path="socket:[474278]" dev="sockfs" ino=474278 ioctlcmd=0x8927 scontext=u:r:untrusted_app_27:s0:c512,c768 tcontext=u:r:untrusted_app_27:s0:c512,c768 tclass=udp_socket permissive=0 app=com.alibaba.android.rimet
09-23 00:52:09.159 I/auditd ( 3555): type=1400 audit(0.0:32235): avc: denied { ioctl } for comm="NativeThread" path="socket:[474278]" dev="sockfs" ino=474278 ioctlcmd=0x8927 scontext=u:r:untrusted_app_27:s0:c512,c768 tcontext=u:r:untrusted_app_27:s0:c512,c768 tclass=udp_socket permissive=0 app=com.alibaba.android.rimet
09-23 00:52:14.195 I/auditd ( 3555): type=1400 audit(0.0:32247): avc: denied { read } for comm="NativeThread" name="unix" dev="proc" ino=4026532289 scontext=u:r:untrusted_app_27:s0:c512,c768 tcontext=u:object_r:proc_net:s0 tclass=file permissive=0 app=com.alibaba.android.rimet
09-23 00:52:14.615 I/auditd ( 3555): type=1400 audit(0.0:32248): avc: denied { read } for comm="NativeThread" name="unix" dev="proc" ino=4026532289 scontext=u:r:untrusted_app_27:s0:c512,c768 tcontext=u:object_r:proc_net:s0 tclass=file permissive=0 app=com.alibaba.android.rimet
09-23 00:52:15.147 I/auditd ( 3555): type=1400 audit(0.0:32249): avc: denied { read } for comm="NativeThread" name="unix" dev="proc" ino=4026532289 scontext=u:r:untrusted_app_27:s0:c512,c768 tcontext=u:object_r:proc_net:s0 tclass=file permissive=0 app=com.alibaba.android.rimet
09-23 00:52:15.155 I/auditd ( 3555): type=1400 audit(0.0:32250): avc: denied { read } for comm="NativeThread" name="version" dev="proc" ino=4026532265 scontext=u:r:untrusted_app_27:s0:c512,c768 tcontext=u:object_r:proc_version:s0 tclass=file permissive=0 app=com.alibaba.android.rimet
09-23 00:52:15.155 I/auditd ( 3555): type=1400 audit(0.0:32251): avc: denied { ioctl } for comm="NativeThread" path="socket:[472042]" dev="sockfs" ino=472042 ioctlcmd=0x8927 scontext=u:r:untrusted_app_27:s0:c512,c768 tcontext=u:r:untrusted_app_27:s0:c512,c768 tclass=udp_socket permissive=0 app=com.alibaba.android.rimet
09-23 00:52:15.667 I/auditd ( 3555): type=1400 audit(0.0:32265): avc: denied { read } for comm="NativeThread" name="unix" dev="proc" ino=4026532289 scontext=u:r:untrusted_app_27:s0:c512,c768 tcontext=u:object_r:proc_net:s0 tclass=file permissive=0 app=com.alibaba.android.rimet
09-23 00:52:20.363 I/auditd ( 3555): type=1400 audit(0.0:32266): avc: denied { read } for comm="NativeThread" name="unix" dev="proc" ino=4026532289 scontext=u:r:untrusted_app_27:s0:c512,c768 tcontext=u:object_r:proc_net:s0 tclass=file permissive=0 app=com.alibaba.android.rimet
09-23 00:52:20.863 I/auditd ( 3555): type=1400 audit(0.0:32267): avc: denied { read } for comm="NativeThread" name="unix" dev="proc" ino=4026532289 scontext=u:r:untrusted_app_27:s0:c512,c768 tcontext=u:object_r:proc_net:s0 tclass=file permissive=0 app=com.alibaba.android.rimet
09-23 00:52:21.287 I/auditd ( 3555): type=1400 audit(0.0:32268): avc: denied { read } for comm="NativeThread" name="unix" dev="proc" ino=4026532289 scontext=u:r:untrusted_app_27:s0:c512,c768 tcontext=u:object_r:proc_net:s0 tclass=file permissive=0 app=com.alibaba.android.rimet
09-23 00:52:21.295 I/auditd ( 3555): type=1400 audit(0.0:32269): avc: denied { read } for comm="NativeThread" name="version" dev="proc" ino=4026532265 scontext=u:r:untrusted_app_27:s0:c512,c768 tcontext=u:object_r:proc_version:s0 tclass=file permissive=0 app=com.alibaba.android.rimet
09-23 00:52:21.299 I/auditd ( 3555): type=1400 audit(0.0:32270): avc: denied { ioctl } for comm="NativeThread" path="socket:[473916]" dev="sockfs" ino=473916 ioctlcmd=0x8927 scontext=u:r:untrusted_app_27:s0:c512,c768 tcontext=u:r:untrusted_app_27:s0:c512,c768 tclass=udp_socket permissive=0 app=com.alibaba.android.rimet
09-23 00:52:21.299 I/auditd ( 3555): type=1400 audit(0.0:32271): avc: denied { ioctl } for comm="NativeThread" path="socket:[473916]" dev="sockfs" ino=473916 ioctlcmd=0x8927 scontext=u:r:untrusted_app_27:s0:c512,c768 tcontext=u:r:untrusted_app_27:s0:c512,c768 tclass=udp_socket permissive=0 app=com.alibaba.android.rimet
09-23 00:52:21.299 I/auditd ( 3555): type=1400 audit(0.0:32272): avc: denied { ioctl } for comm="NativeThread" path="socket:[473916]" dev="sockfs" ino=473916 ioctlcmd=0x8927 scontext=u:r:untrusted_app_27:s0:c512,c768 tcontext=u:r:untrusted_app_27:s0:c512,c768 tclass=udp_socket permissive=0 app=com.alibaba.android.rimet
09-23 00:52:21.299 I/auditd ( 3555): type=1400 audit(0.0:32273): avc: denied { ioctl } for comm="NativeThread" path="socket:[473916]" dev="sockfs" ino=473916 ioctlcmd=0x8927 scontext=u:r:untrusted_app_27:s0:c512,c768 tcontext=u:r:untrusted_app_27:s0:c512,c768 tclass=udp_socket permissive=0 app=com.alibaba.android.rimet
09-23 00:52:21.299 I/auditd ( 3555): type=1400 audit(0.0:32274): avc: denied { ioctl } for comm="NativeThread" path="socket:[473916]" dev="sockfs" ino=473916 ioctlcmd=0x8927 scontext=u:r:untrusted_app_27:s0:c512,c768 tcontext=u:r:untrusted_app_27:s0:c512,c768 tclass=udp_socket permissive=0 app=com.alibaba.android.rimet
09-23 00:52:25.254 I/input_interaction( 1489): Interaction with: b1c06e com.android.deskclock/android.service.dreams.DreamActivity (server), edge-swipe (server), swipe-up (server), PointerEventDispatcher0 (server),
09-23 00:52:25.258 I/wm_finish_activity( 1489): [0,145644409,131,com.android.deskclock/android.service.dreams.DreamActivity,finish-activity]
09-23 00:52:25.259 I/wm_task_moved( 1489): [1,1,6]
09-23 00:52:25.259 I/wm_task_moved( 1489): [93,1,2147483647]
09-23 00:52:25.259 I/wm_task_to_front( 1489): [0,93]
09-23 00:52:25.259 I/wm_focused_root_task( 1489): [0,0,1,131,finish-top adjustFocusToNextFocusableTask]
09-23 00:52:25.260 I/wm_set_resumed_activity( 1489): [0,com.android.launcher3/.uioverrides.QuickstepLauncher,finish-top adjustFocusToNextFocusableTask]
09-23 00:52:25.261 I/wm_pause_activity( 1489): [0,145644409,com.android.deskclock/android.service.dreams.DreamActivity,userLeaving=false,finish]
09-23 00:52:25.266 I/wm_on_top_resumed_lost_called( 2535): [145644409,android.service.dreams.DreamActivity,topStateChangedWhenResumed]
09-23 00:52:25.269 I/sysui_multi_action( 1489): [757,803,799,window_time_0,802,691]
09-23 00:52:25.271 I/wm_on_paused_called( 2535): [145644409,android.service.dreams.DreamActivity,performPause]
09-23 00:52:25.272 I/wm_add_to_stopping( 1489): [0,145644409,com.android.deskclock/android.service.dreams.DreamActivity,completeFinishing]
09-23 00:52:25.273 I/wm_set_resumed_activity( 1489): [0,com.android.launcher3/.uioverrides.QuickstepLauncher,resumeTopActivityInnerLocked]
09-23 00:52:25.275 I/wm_resume_activity( 1489): [0,152286629,93,com.android.launcher3/.uioverrides.QuickstepLauncher]
09-23 00:52:25.284 I/sysui_multi_action( 1489): [757,803,799,window_time_0,802,0]
09-23 00:52:25.286 I/wm_on_restart_called( 2347): [152286629,com.android.launcher3.uioverrides.QuickstepLauncher,performRestartActivity]
09-23 00:52:25.287 I/wm_on_start_called( 2347): [152286629,com.android.launcher3.uioverrides.QuickstepLauncher,handleStartActivity]
09-23 00:52:25.287 I/wm_on_resume_called( 2347): [152286629,com.android.launcher3.uioverrides.QuickstepLauncher,RESUME_ACTIVITY]
09-23 00:52:25.287 I/wm_on_top_resumed_gained_called( 2347): [152286629,com.android.launcher3.uioverrides.QuickstepLauncher,topWhenResuming]
09-23 00:52:25.297 I/am_pss ( 1489): [27338,1000,com.qti.diagservices,6725632,3895296,0,94121984,0,10,8]
09-23 00:52:25.300 I/view_enqueue_input_event( 2535): [Motion - Cancel,com.android.deskclock/android.service.dreams.DreamActivity]
09-23 00:52:25.300 I/input_focus( 1489): [Focus leaving b1c06e com.android.deskclock/android.service.dreams.DreamActivity (server),reason=NO_WINDOW]
09-23 00:52:25.305 I/input_interaction( 1489): Interaction with: edge-swipe (server), swipe-up (server), PointerEventDispatcher0 (server),
09-23 00:52:25.307 I/input_focus( 1489): [Focus request bb9afb8 com.android.launcher3/com.android.launcher3.uioverrides.QuickstepLauncher,reason=UpdateInputWindows]
09-23 00:52:25.316 I/am_pss ( 1489): [4541,10097,com.hunantv.imgo.activity,175805440,169504768,0,285319168,0,19,11]
09-23 00:52:25.323 I/am_pss ( 1489): [2732,10082,com.qualcomm.qti.workloadclassifier,9947136,7204864,0,98451456,0,0,5]
09-23 00:52:25.330 I/am_pss ( 1489): [2712,10086,com.qualcomm.qti.qccnetstat,6978560,4435968,0,92704768,0,0,6]
09-23 00:52:25.336 I/am_pss ( 1489): [2692,10072,com.qualcomm.qti.services.systemhelper:systemhelper_service,7219200,4595712,0,94867456,0,0,6]
09-23 00:52:25.340 I/input_focus( 1489): [Focus entering bb9afb8 com.android.launcher3/com.android.launcher3.uioverrides.QuickstepLauncher (server),reason=Window became focusable. Previous reason: NOT_VISIBLE]
09-23 00:52:25.343 I/am_pss ( 1489): [2657,10053,.pasr,6196224,3760128,0,90284032,0,0,5]
09-23 00:52:25.349 I/am_pss ( 1489): [2651,10056,ts.car.uart,7067648,4628480,0,91566080,0,0,5]
09-23 00:52:25.356 I/am_pss ( 1489): [3227,10061,com.qualcomm.qti.devicestatisticsservice,6190080,3743744,0,90152960,0,0,5]
09-23 00:52:25.572 I/wm_destroy_activity( 1489): [0,145644409,131,com.android.deskclock/android.service.dreams.DreamActivity,finish-imm:idle]
09-23 00:52:25.596 I/wm_on_stop_called( 2535): [145644409,android.service.dreams.DreamActivity,LIFECYCLER_STOP_ACTIVITY]
09-23 00:52:25.596 I/wm_on_destroy_called( 2535): [145644409,android.service.dreams.DreamActivity,performDestroy]
09-23 00:52:25.599 I/sysui_multi_action( 1489): [757,222,758,2]
09-23 00:52:25.600 I/sysui_multi_action( 1489): [757,804,799,dreaming_minutes,801,11,802,1]
09-23 00:52:25.612 I/wm_task_removed( 1489): [131,removeChild:removeChild last r=ActivityRecord{8ae5b79 u0 com.android.deskclock/android.service.dreams.DreamActivity t-1 f}} in t=Task{c3a1a7a #131 type=dream A=10066:android:com.android.deskclock/dream U=0 visible=false mode=fullscreen translucent=true sz=0}]
09-23 00:52:25.612 I/wm_task_removed( 1489): [131,removeChild]
09-23 00:52:26.363 I/auditd ( 3555): type=1400 audit(0.0:32285): avc: denied { read } for comm="NativeThread" name="unix" dev="proc" ino=4026532289 scontext=u:r:untrusted_app_27:s0:c512,c768 tcontext=u:object_r:proc_net:s0 tclass=file permissive=0 app=com.alibaba.android.rimet
09-23 00:52:26.847 I/auditd ( 3555): type=1400 audit(0.0:32286): avc: denied { read } for comm="NativeThread" name="unix" dev="proc" ino=4026532289 scontext=u:r:untrusted_app_27:s0:c512,c768 tcontext=u:object_r:proc_net:s0 tclass=file permissive=0 app=com.alibaba.android.rimet
09-23 00:52:27.355 I/auditd ( 3555): type=1400 audit(0.0:32287): avc: denied { read } for comm="NativeThread" name="unix" dev="proc" ino=4026532289 scontext=u:r:untrusted_app_27:s0:c512,c768 tcontext=u:object_r:proc_net:s0 tclass=file permissive=0 app=com.alibaba.android.rimet
09-23 00:52:27.363 I/auditd ( 3555): type=1400 audit(0.0:32288): avc: denied { read } for comm="NativeThread" name="version" dev="proc" ino=4026532265 scontext=u:r:untrusted_app_27:s0:c512,c768 tcontext=u:object_r:proc_version:s0 tclass=file permissive=0 app=com.alibaba.android.rimet
09-23 00:52:27.363 I/auditd ( 3555): type=1400 audit(0.0:32289): avc: denied { ioctl } for comm="NativeThread" path="socket:[474436]" dev="sockfs" ino=474436 ioctlcmd=0x8927 scontext=u:r:untrusted_app_27:s0:c512,c768 tcontext=u:r:untrusted_app_27:s0:c512,c768 tclass=udp_socket permissive=0 app=com.alibaba.android.rimet
09-23 00:52:27.367 I/auditd ( 3555): type=1400 audit(0.0:32298): avc: granted { bind } for comm="NativeThread" scontext=u:r:untrusted_app_27:s0:c512,c768 tcontext=u:r:untrusted_app_27:s0:c512,c768 tclass=netlink_route_socket app=com.alibaba.android.rimet
09-23 00:52:27.367 I/auditd ( 3555): type=1400 audit(0.0:32299): avc: granted { nlmsg_readpriv } for comm="NativeThread" scontext=u:r:untrusted_app_27:s0:c512,c768 tcontext=u:r:untrusted_app_27:s0:c512,c768 tclass=netlink_route_socket app=com.alibaba.android.rimet
09-23 00:52:27.371 I/auditd ( 3555): type=1400 audit(0.0:32300): avc: denied { getattr } for comm="NativeThread" path="/data/data/com.android.htmlviewer" dev="dm-10" ino=1653 scontext=u:r:untrusted_app_27:s0:c512,c768 tcontext=u:object_r:app_data_file:s0:c47,c256,c512,c768 tclass=dir permissive=0 app=com.alibaba.android.rimet
09-23 00:52:27.371 I/auditd ( 3555): type=1400 audit(0.0:32301): avc: denied { getattr } for comm="NativeThread" path="/data/data/com.android.printspooler" dev="dm-10" ino=1794 scontext=u:r:untrusted_app_27:s0:c512,c768 tcontext=u:object_r:app_data_file:s0:c49,c256,c512,c768 tclass=dir permissive=0 app=com.alibaba.android.rimet
09-23 00:52:27.371 I/auditd ( 3555): type=1400 audit(0.0:32302): avc: denied { read } for comm="NativeThread" name="u:object_r:serialno_prop:s0" dev="tmpfs" ino=1288 scontext=u:r:untrusted_app_27:s0:c512,c768 tcontext=u:object_r:serialno_prop:s0 tclass=file permissive=0 app=com.alibaba.android.rimet
09-23 00:52:32.443 I/auditd ( 3555): type=1400 audit(0.0:32304): avc: denied { read } for comm="NativeThread" name="unix" dev="proc" ino=4026532289 scontext=u:r:untrusted_app_27:s0:c512,c768 tcontext=u:object_r:proc_net:s0 tclass=file permissive=0 app=com.alibaba.android.rimet
09-23 00:52:32.963 I/auditd ( 3555): type=1400 audit(0.0:32305): avc: denied { read } for comm="NativeThread" name="unix" dev="proc" ino=4026532289 scontext=u:r:untrusted_app_27:s0:c512,c768 tcontext=u:object_r:proc_net:s0 tclass=file permissive=0 app=com.alibaba.android.rimet
09-23 00:52:33.499 I/auditd ( 3555): type=1400 audit(0.0:32306): avc: denied { read } for comm="NativeThread" name="unix" dev="proc" ino=4026532289 scontext=u:r:untrusted_app_27:s0:c512,c768 tcontext=u:object_r:proc_net:s0 tclass=file permissive=0 app=com.alibaba.android.rimet
09-23 00:52:33.507 I/auditd ( 3555): type=1400 audit(0.0:32307): avc: denied { read } for comm="NativeThread" name="version" dev="proc" ino=4026532265 scontext=u:r:untrusted_app_27:s0:c512,c768 tcontext=u:object_r:proc_version:s0 tclass=file permissive=0 app=com.alibaba.android.rimet
09-23 00:52:33.507 I/auditd ( 3555): type=1400 audit(0.0:32308): avc: denied { ioctl } for comm="NativeThread" path="socket:[475279]" dev="sockfs" ino=475279 ioctlcmd=0x8927 scontext=u:r:untrusted_app_27:s0:c512,c768 tcontext=u:r:untrusted_app_27:s0:c512,c768 tclass=udp_socket permissive=0 app=com.alibaba.android.rimet
09-23 00:52:33.507 I/auditd ( 3555): type=1400 audit(0.0:32309): avc: denied { ioctl } for comm="NativeThread" path="socket:[475279]" dev="sockfs" ino=475279 ioctlcmd=0x8927 scontext=u:r:untrusted_app_27:s0:c512,c768 tcontext=u:r:untrusted_app_27:s0:c512,c768 tclass=udp_socket permissive=0 app=com.alibaba.android.rimet
09-23 00:52:33.507 I/auditd ( 3555): type=1400 audit(0.0:32310): avc: denied { ioctl } for comm="NativeThread" path="socket:[475279]" dev="sockfs" ino=475279 ioctlcmd=0x8927 scontext=u:r:untrusted_app_27:s0:c512,c768 tcontext=u:r:untrusted_app_27:s0:c512,c768 tclass=udp_socket permissive=0 app=com.alibaba.android.rimet
09-23 00:52:33.507 I/auditd ( 3555): type=1400 audit(0.0:32311): avc: denied { ioctl } for comm="NativeThread" path="socket:[475279]" dev="sockfs" ino=475279 ioctlcmd=0x8927 scontext=u:r:untrusted_app_27:s0:c512,c768 tcontext=u:r:untrusted_app_27:s0:c512,c768 tclass=udp_socket permissive=0 app=com.alibaba.android.rimet
09-23 00:52:33.507 I/auditd ( 3555): type=1400 audit(0.0:32312): avc: denied { ioctl } for comm="NativeThread" path="socket:[475279]" dev="sockfs" ino=475279 ioctlcmd=0x8927 scontext=u:r:untrusted_app_27:s0:c512,c768 tcontext=u:r:untrusted_app_27:s0:c512,c768 tclass=udp_socket permissive=0 app=com.alibaba.android.rimet
09-23 00:52:33.507 I/auditd ( 3555): type=1400 audit(0.0:32313): avc: denied { ioctl } for comm="NativeThread" path="socket:[475279]" dev="sockfs" ino=475279 ioctlcmd=0x8927 scontext=u:r:untrusted_app_27:s0:c512,c768 tcontext=u:r:untrusted_app_27:s0:c512,c768 tclass=udp_socket permissive=0 app=com.alibaba.android.rimet
09-23 00:52:38.511 I/auditd ( 3555): type=1400 audit(0.0:32323): avc: denied { read } for comm="NativeThread" name="unix" dev="proc" ino=4026532289 scontext=u:r:untrusted_app_27:s0:c512,c768 tcontext=u:object_r:proc_net:s0 tclass=file permissive=0 app=com.alibaba.android.rimet
09-23 00:52:38.991 I/auditd ( 3555): type=1400 audit(0.0:32324): avc: denied { read } for comm="NativeThread" name="unix" dev="proc" ino=4026532289 scontext=u:r:untrusted_app_27:s0:c512,c768 tcontext=u:object_r:proc_net:s0 tclass=file permissive=0 app=com.alibaba.android.rimet
09-23 00:52:39.519 I/auditd ( 3555): type=1400 audit(0.0:32325): avc: denied { read } for comm="NativeThread" name="unix" dev="proc" ino=4026532289 scontext=u:r:untrusted_app_27:s0:c512,c768 tcontext=u:object_r:proc_net:s0 tclass=file permissive=0 app=com.alibaba.android.rimet
09-23 00:52:39.527 I/auditd ( 3555): type=1400 audit(0.0:32326): avc: denied { read } for comm="NativeThread" name="version" dev="proc" ino=4026532265 scontext=u:r:untrusted_app_27:s0:c512,c768 tcontext=u:object_r:proc_version:s0 tclass=file permissive=0 app=com.alibaba.android.rimet
09-23 00:52:39.531 I/auditd ( 3555): type=1400 audit(0.0:32327): avc: denied { ioctl } for comm="NativeThread" path="socket:[477207]" dev="sockfs" ino=477207 ioctlcmd=0x8927 scontext=u:r:untrusted_app_27:s0:c512,c768 tcontext=u:r:untrusted_app_27:s0:c512,c768 tclass=udp_socket permissive=0 app=com.alibaba.android.rimet
09-23 00:52:39.531 I/auditd ( 3555): type=1400 audit(0.0:32328): avc: denied { ioctl } for comm="NativeThread" path="socket:[477207]" dev="sockfs" ino=477207 ioctlcmd=0x8927 scontext=u:r:untrusted_app_27:s0:c512,c768 tcontext=u:r:untrusted_app_27:s0:c512,c768 tclass=udp_socket permissive=0 app=com.alibaba.android.rimet
09-23 00:52:39.531 I/auditd ( 3555): type=1400 audit(0.0:32329): avc: denied { ioctl } for comm="NativeThread" path="socket:[477207]" dev="sockfs" ino=477207 ioctlcmd=0x8927 scontext=u:r:untrusted_app_27:s0:c512,c768 tcontext=u:r:untrusted_app_27:s0:c512,c768 tclass=udp_socket permissive=0 app=com.alibaba.android.rimet
09-23 00:52:39.531 I/auditd ( 3555): type=1400 audit(0.0:32330): avc: denied { ioctl } for comm="NativeThread" path="socket:[477207]" dev="sockfs" ino=477207 ioctlcmd=0x8927 scontext=u:r:untrusted_app_27:s0:c512,c768 tcontext=u:r:untrusted_app_27:s0:c512,c768 tclass=udp_socket permissive=0 app=com.alibaba.android.rimet
09-23 00:52:39.531 I/auditd ( 3555): type=1400 audit(0.0:32331): avc: denied { ioctl } for comm="NativeThread" path="socket:[477207]" dev="sockfs" ino=477207 ioctlcmd=0x8927 scontext=u:r:untrusted_app_27:s0:c512,c768 tcontext=u:r:untrusted_app_27:s0:c512,c768 tclass=udp_socket permissive=0 app=com.alibaba.android.rimet
09-23 00:52:39.531 I/auditd ( 3555): type=1400 audit(0.0:32332): avc: denied { ioctl } for comm="NativeThread" path="socket:[477207]" dev="sockfs" ino=477207 ioctlcmd=0x8927 scontext=u:r:untrusted_app_27:s0:c512,c768 tcontext=u:r:untrusted_app_27:s0:c512,c768 tclass=udp_socket permissive=0 app=com.alibaba.android.rimet
09-23 00:52:39.553 I/service_manager_stats( 3555): [200,75,529349]
09-23 00:52:40.755 I/auditd (29233): type=1400 audit(0.0:32342): avc: granted { nlmsg_readpriv } for comm="DaemonThread-6" scontext=u:r:untrusted_app_27:s0:c512,c768 tcontext=u:r:untrusted_app_27:s0:c512,c768 tclass=netlink_route_socket app=com.alibaba.android.rimet
09-23 00:52:41.427 I/auditd (29233): type=1400 audit(0.0:32343): avc: granted { nlmsg_readpriv } for comm="DaemonThread-6" scontext=u:r:untrusted_app_27:s0:c512,c768 tcontext=u:r:untrusted_app_27:s0:c512,c768 tclass=netlink_route_socket app=com.alibaba.android.rimet
09-23 00:52:44.643 I/auditd ( 3555): type=1400 audit(0.0:32344): avc: denied { read } for comm="NativeThread" name="unix" dev="proc" ino=4026532289 scontext=u:r:untrusted_app_27:s0:c512,c768 tcontext=u:object_r:proc_net:s0 tclass=file permissive=0 app=com.alibaba.android.rimet
09-23 00:52:45.087 I/auditd ( 3555): type=1400 audit(0.0:32345): avc: denied { read } for comm="NativeThread" name="unix" dev="proc" ino=4026532289 scontext=u:r:untrusted_app_27:s0:c512,c768 tcontext=u:object_r:proc_net:s0 tclass=file permissive=0 app=com.alibaba.android.rimet
09-23 00:52:45.587 I/auditd ( 3555): type=1400 audit(0.0:32346): avc: denied { read } for comm="NativeThread" name="unix" dev="proc" ino=4026532289 scontext=u:r:untrusted_app_27:s0:c512,c768 tcontext=u:object_r:proc_net:s0 tclass=file permissive=0 app=com.alibaba.android.rimet
09-23 00:52:45.595 I/auditd ( 3555): type=1400 audit(0.0:32347): avc: denied { read } for comm="NativeThread" name="version" dev="proc" ino=4026532265 scontext=u:r:untrusted_app_27:s0:c512,c768 tcontext=u:object_r:proc_version:s0 tclass=file permissive=0 app=com.alibaba.android.rimet
09-23 00:52:45.595 I/auditd ( 3555): type=1400 audit(0.0:32348): avc: denied { ioctl } for comm="NativeThread" path="socket:[475404]" dev="sockfs" ino=475404 ioctlcmd=0x8927 scontext=u:r:untrusted_app_27:s0:c512,c768 tcontext=u:r:untrusted_app_27:s0:c512,c768 tclass=udp_socket permissive=0 app=com.alibaba.android.rimet
09-23 00:52:45.595 I/auditd ( 3555): type=1400 audit(0.0:32349): avc: denied { ioctl } for comm="NativeThread" path="socket:[475404]" dev="sockfs" ino=475404 ioctlcmd=0x8927 scontext=u:r:untrusted_app_27:s0:c512,c768 tcontext=u:r:untrusted_app_27:s0:c512,c768 tclass=udp_socket permissive=0 app=com.alibaba.android.rimet
09-23 00:52:45.595 I/auditd ( 3555): type=1400 audit(0.0:32350): avc: denied { ioctl } for comm="NativeThread" path="socket:[475404]" dev="sockfs" ino=475404 ioctlcmd=0x8927 scontext=u:r:untrusted_app_27:s0:c512,c768 tcontext=u:r:untrusted_app_27:s0:c512,c768 tclass=udp_socket permissive=0 app=com.alibaba.android.rimet
09-23 00:52:45.595 I/auditd ( 3555): type=1400 audit(0.0:32351): avc: denied { ioctl } for comm="NativeThread" path="socket:[475404]" dev="sockfs" ino=475404 ioctlcmd=0x8927 scontext=u:r:untrusted_app_27:s0:c512,c768 tcontext=u:r:untrusted_app_27:s0:c512,c768 tclass=udp_socket permissive=0 app=com.alibaba.android.rimet
09-23 00:52:50.687 I/auditd ( 3555): type=1400 audit(0.0:32363): avc: denied { read } for comm="NativeThread" name="unix" dev="proc" ino=4026532289 scontext=u:r:untrusted_app_27:s0:c512,c768 tcontext=u:object_r:proc_net:s0 tclass=file permissive=0 app=com.alibaba.android.rimet
09-23 00:52:51.191 I/auditd ( 3555): type=1400 audit(0.0:32364): avc: denied { read } for comm="NativeThread" name="unix" dev="proc" ino=4026532289 scontext=u:r:untrusted_app_27:s0:c512,c768 tcontext=u:object_r:proc_net:s0 tclass=file permissive=0 app=com.alibaba.android.rimet
09-23 00:52:51.627 I/auditd ( 3555): type=1400 audit(0.0:32365): avc: denied { read } for comm="NativeThread" name="unix" dev="proc" ino=4026532289 scontext=u:r:untrusted_app_27:s0:c512,c768 tcontext=u:object_r:proc_net:s0 tclass=file permissive=0 app=com.alibaba.android.rimet
09-23 00:52:51.635 I/auditd ( 3555): type=1400 audit(0.0:32366): avc: denied { read } for comm="NativeThread" name="version" dev="proc" ino=4026532265 scontext=u:r:untrusted_app_27:s0:c512,c768 tcontext=u:object_r:proc_version:s0 tclass=file permissive=0 app=com.alibaba.android.rimet
09-23 00:52:51.635 I/auditd ( 3555): type=1400 audit(0.0:32367): avc: denied { ioctl } for comm="NativeThread" path="socket:[476463]" dev="sockfs" ino=476463 ioctlcmd=0x8927 scontext=u:r:untrusted_app_27:s0:c512,c768 tcontext=u:r:untrusted_app_27:s0:c512,c768 tclass=udp_socket permissive=0 app=com.alibaba.android.rimet
09-23 00:52:52.127 I/auditd ( 3555): type=1400 audit(0.0:32381): avc: denied { read } for comm="NativeThread" name="unix" dev="proc" ino=4026532289 scontext=u:r:untrusted_app_27:s0:c512,c768 tcontext=u:object_r:proc_net:s0 tclass=file permissive=0 app=com.alibaba.android.rimet
09-23 00:52:54.332 I/input_interaction( 1489): Interaction with: bb9afb8 com.android.launcher3/com.android.launcher3.uioverrides.QuickstepLauncher (server), 48244fa com.android.systemui.ImageWallpaper (server), edge-swipe (server), swipe-up (server), PointerEventDispatcher0 (server),
09-23 00:52:55.339 I/auditd ( 3707): type=1400 audit(0.0:32382): avc: denied { read } for comm=5468726561642D32202D2031333733 name="tcp" dev="proc" ino=4026532283 scontext=u:r:untrusted_app_29:s0:c108,c256,c512,c768 tcontext=u:object_r:proc_net_tcp_udp:s0 tclass=file permissive=0 app=com.smile.gifmaker
09-23 00:52:56.799 I/input_interaction( 1489): Interaction with: c2eaa5f StatusBar (server), edge-swipe (server), swipe-up (server), PointerEventDispatcher0 (server),
09-23 00:52:56.801 I/sysui_multi_action( 1834): [757,803,799,panel_open,802,1]
09-23 00:52:56.802 I/sysui_multi_action( 1834): [757,1328,758,4,1326,43,1327,2,1329,0]
09-23 00:52:56.839 I/auditd ( 3555): type=1400 audit(0.0:32383): avc: denied { read } for comm="NativeThread" name="unix" dev="proc" ino=4026532289 scontext=u:r:untrusted_app_27:s0:c512,c768 tcontext=u:object_r:proc_net:s0 tclass=file permissive=0 app=com.alibaba.android.rimet
09-23 00:52:56.853 I/sysui_multi_action( 1834): [757,111,758,2]
09-23 00:52:56.853 I/notification_enqueue( 1489): [10081,1834,com.android.systemui,2048,NULL,0,Notification(channel=updateNotification shortcut=null contentView=null vibrate=null sound=null defaults=0x0 flags=0x0 color=0x00000000 vis=PRIVATE),1]
09-23 00:52:56.853 I/sysui_multi_action( 1834): [757,111,758,2]
09-23 00:52:56.859 I/sysui_multi_action( 1489): [757,127,758,1]
09-23 00:52:56.859 I/sysui_multi_action( 1489): [757,804,799,note_load,801,4,802,1]
09-23 00:52:56.859 I/notification_panel_revealed( 1489): 4
09-23 00:52:56.870 I/input_focus( 1489): [Focus request 913cdb2 NotificationShade,reason=UpdateInputWindows]
09-23 00:52:56.874 I/sysui_multi_action( 1834): [757,111,758,1]
09-23 00:52:56.874 I/sysui_multi_action( 1834): [757,126,758,1,759,126,927,0,928,1,1593,0]
09-23 00:52:56.874 I/sysui_multi_action( 1834): [757,113,758,1,759,113,927,1,928,1,1593,0]
09-23 00:52:56.874 I/sysui_multi_action( 1834): [757,0,758,1,759,0,927,2,928,0,1593,0]
09-23 00:52:56.874 I/sysui_multi_action( 1834): [757,0,758,1,759,0,927,3,928,0,1593,0]
09-23 00:52:56.874 I/sysui_multi_action( 1834): [757,1706,758,1,759,1706,927,4,928,0,1593,0]
09-23 00:52:56.874 I/sysui_multi_action( 1834): [757,491,758,1,759,491,927,5,928,0,1311,-1,1593,0]
09-23 00:52:56.874 I/sysui_multi_action( 1834): [757,0,758,1,759,0,927,6,928,0,1593,0]
09-23 00:52:56.874 I/sysui_multi_action( 1834): [757,114,758,1,759,114,927,7,928,0,1593,0]
09-23 00:52:56.874 I/sysui_multi_action( 1834): [757,111,758,1]
09-23 00:52:56.875 I/sysui_multi_action( 1834): [757,126,758,1,759,126,927,0,928,1,1593,0]
09-23 00:52:56.875 I/sysui_multi_action( 1834): [757,113,758,1,759,113,927,1,928,1,1593,0]
09-23 00:52:56.875 I/sysui_multi_action( 1834): [757,0,758,1,759,0,927,2,928,0,1593,0]
09-23 00:52:56.875 I/sysui_multi_action( 1834): [757,0,758,1,759,0,927,3,928,0,1593,0]
09-23 00:52:56.884 I/sysui_multi_action( 1834): [757,111,758,2]
09-23 00:52:56.884 I/notification_enqueue( 1489): [10081,1834,com.android.systemui,2048,NULL,0,Notification(channel=updateNotification shortcut=null contentView=null vibrate=null sound=null defaults=0x0 flags=0x0 color=0x00000000 vis=PRIVATE),1]
09-23 00:52:56.884 I/sysui_multi_action( 1834): [757,111,758,2]
09-23 00:52:56.887 I/sysui_multi_action( 1834): [757,111,758,1]
09-23 00:52:56.887 I/sysui_multi_action( 1834): [757,126,758,1,759,126,927,0,928,1,1593,0]
09-23 00:52:56.887 I/sysui_multi_action( 1834): [757,113,758,1,759,113,927,1,928,1,1593,0]
09-23 00:52:56.887 I/sysui_multi_action( 1834): [757,0,758,1,759,0,927,2,928,0,1593,0]
09-23 00:52:56.887 I/sysui_multi_action( 1834): [757,0,758,1,759,0,927,3,928,0,1593,0]
09-23 00:52:56.887 I/sysui_multi_action( 1834): [757,1706,758,1,759,1706,927,4,928,0,1593,0]
09-23 00:52:56.887 I/sysui_multi_action( 1834): [757,491,758,1,759,491,927,5,928,0,1311,-1,1593,0]
09-23 00:52:56.887 I/sysui_multi_action( 1834): [757,0,758,1,759,0,927,6,928,0,1593,0]
09-23 00:52:56.888 I/sysui_multi_action( 1834): [757,114,758,1,759,114,927,7,928,0,1593,0]
09-23 00:52:56.888 I/sysui_multi_action( 1834): [757,111,758,1]
09-23 00:52:56.888 I/sysui_multi_action( 1834): [757,126,758,1,759,126,927,0,928,1,1593,0]
09-23 00:52:56.888 I/sysui_multi_action( 1834): [757,113,758,1,759,113,927,1,928,1,1593,0]
09-23 00:52:56.888 I/sysui_multi_action( 1834): [757,0,758,1,759,0,927,2,928,0,1593,0]
09-23 00:52:56.888 I/sysui_multi_action( 1834): [757,0,758,1,759,0,927,3,928,0,1593,0]
09-23 00:52:56.895 I/sysui_multi_action( 1834): [757,111,758,2]
09-23 00:52:56.896 I/sysui_multi_action( 1834): [757,111,758,2]
09-23 00:52:56.896 I/notification_enqueue( 1489): [10081,1834,com.android.systemui,2048,NULL,0,Notification(channel=updateNotification shortcut=null contentView=null vibrate=null sound=null defaults=0x0 flags=0x0 color=0x00000000 vis=PRIVATE),1]
09-23 00:52:56.896 I/input_focus( 1489): [Focus leaving bb9afb8 com.android.launcher3/com.android.launcher3.uioverrides.QuickstepLauncher (server),reason=setFocusedWindow]
09-23 00:52:56.896 I/input_focus( 1489): [Focus entering 913cdb2 NotificationShade (server),reason=setFocusedWindow]
09-23 00:52:56.904 I/sysui_multi_action( 1834): [757,111,758,1]
09-23 00:52:56.904 I/sysui_multi_action( 1834): [757,126,758,1,759,126,927,0,928,1,1593,0]
09-23 00:52:56.904 I/sysui_multi_action( 1834): [757,113,758,1,759,113,927,1,928,1,1593,0]
09-23 00:52:56.904 I/sysui_multi_action( 1834): [757,0,758,1,759,0,927,2,928,0,1593,0]
09-23 00:52:56.904 I/sysui_multi_action( 1834): [757,0,758,1,759,0,927,3,928,0,1593,0]
09-23 00:52:56.904 I/sysui_multi_action( 1834): [757,1706,758,1,759,1706,927,4,928,0,1593,0]
09-23 00:52:56.905 I/sysui_multi_action( 1834): [757,491,758,1,759,491,927,5,928,0,1311,-1,1593,0]
09-23 00:52:56.905 I/sysui_multi_action( 1834): [757,0,758,1,759,0,927,6,928,0,1593,0]
09-23 00:52:56.905 I/sysui_multi_action( 1834): [757,114,758,1,759,114,927,7,928,0,1593,0]
09-23 00:52:56.905 I/sysui_multi_action( 1834): [757,111,758,1]
09-23 00:52:56.905 I/sysui_multi_action( 1834): [757,126,758,1,759,126,927,0,928,1,1593,0]
09-23 00:52:56.905 I/sysui_multi_action( 1834): [757,113,758,1,759,113,927,1,928,1,1593,0]
09-23 00:52:56.905 I/sysui_multi_action( 1834): [757,0,758,1,759,0,927,2,928,0,1593,0]
09-23 00:52:56.905 I/sysui_multi_action( 1834): [757,0,758,1,759,0,927,3,928,0,1593,0]
09-23 00:52:56.913 I/sysui_multi_action( 1834): [757,111,758,2]
09-23 00:52:56.913 I/sysui_multi_action( 1834): [757,111,758,2]
09-23 00:52:56.913 I/notification_enqueue( 1489): [10081,1834,com.android.systemui,2048,NULL,0,Notification(channel=updateNotification shortcut=null contentView=null vibrate=null sound=null defaults=0x0 flags=0x0 color=0x00000000 vis=PRIVATE),1]
09-23 00:52:56.915 I/sysui_multi_action( 1834): [757,111,758,1]
09-23 00:52:56.915 I/sysui_multi_action( 1834): [757,126,758,1,759,126,927,0,928,1,1593,0]
09-23 00:52:56.915 I/sysui_multi_action( 1834): [757,113,758,1,759,113,927,1,928,1,1593,0]
09-23 00:52:56.915 I/sysui_multi_action( 1834): [757,0,758,1,759,0,927,2,928,0,1593,0]
09-23 00:52:56.915 I/sysui_multi_action( 1834): [757,0,758,1,759,0,927,3,928,0,1593,0]
09-23 00:52:56.916 I/sysui_multi_action( 1834): [757,1706,758,1,759,1706,927,4,928,0,1593,0]
09-23 00:52:56.916 I/sysui_multi_action( 1834): [757,491,758,1,759,491,927,5,928,0,1311,-1,1593,0]
09-23 00:52:56.916 I/sysui_multi_action( 1834): [757,0,758,1,759,0,927,6,928,0,1593,0]
09-23 00:52:56.916 I/sysui_multi_action( 1834): [757,114,758,1,759,114,927,7,928,0,1593,0]
09-23 00:52:56.916 I/sysui_multi_action( 1834): [757,111,758,1]
09-23 00:52:56.916 I/sysui_multi_action( 1834): [757,126,758,1,759,126,927,0,928,1,1593,0]
09-23 00:52:56.916 I/sysui_multi_action( 1834): [757,113,758,1,759,113,927,1,928,1,1593,0]
09-23 00:52:56.916 I/sysui_multi_action( 1834): [757,0,758,1,759,0,927,2,928,0,1593,0]
09-23 00:52:56.916 I/sysui_multi_action( 1834): [757,0,758,1,759,0,927,3,928,0,1593,0]
09-23 00:52:56.929 I/sysui_multi_action( 1834): [757,111,758,2]
09-23 00:52:56.929 I/sysui_multi_action( 1834): [757,111,758,2]
09-23 00:52:56.929 I/notification_enqueue( 1489): [10081,1834,com.android.systemui,2048,NULL,0,Notification(channel=updateNotification shortcut=null contentView=null vibrate=null sound=null defaults=0x0 flags=0x0 color=0x00000000 vis=PRIVATE),1]
09-23 00:52:56.932 I/sysui_multi_action( 1834): [757,111,758,1]
09-23 00:52:56.932 I/sysui_multi_action( 1834): [757,126,758,1,759,126,927,0,928,1,1593,0]
09-23 00:52:56.932 I/sysui_multi_action( 1834): [757,113,758,1,759,113,927,1,928,1,1593,0]
09-23 00:52:56.932 I/sysui_multi_action( 1834): [757,0,758,1,759,0,927,2,928,0,1593,0]
09-23 00:52:56.932 I/sysui_multi_action( 1834): [757,0,758,1,759,0,927,3,928,0,1593,0]
09-23 00:52:56.932 I/sysui_multi_action( 1834): [757,1706,758,1,759,1706,927,4,928,0,1593,0]
09-23 00:52:56.933 I/sysui_multi_action( 1834): [757,491,758,1,759,491,927,5,928,0,1311,-1,1593,0]
09-23 00:52:56.933 I/sysui_multi_action( 1834): [757,0,758,1,759,0,927,6,928,0,1593,0]
09-23 00:52:56.933 I/sysui_multi_action( 1834): [757,114,758,1,759,114,927,7,928,0,1593,0]
09-23 00:52:56.933 I/sysui_multi_action( 1834): [757,111,758,1]
09-23 00:52:56.933 I/sysui_multi_action( 1834): [757,126,758,1,759,126,927,0,928,1,1593,0]
09-23 00:52:56.933 I/sysui_multi_action( 1834): [757,113,758,1,759,113,927,1,928,1,1593,0]
09-23 00:52:56.933 I/sysui_multi_action( 1834): [757,0,758,1,759,0,927,2,928,0,1593,0]
09-23 00:52:56.933 I/sysui_multi_action( 1834): [757,0,758,1,759,0,927,3,928,0,1593,0]
09-23 00:52:56.947 I/sysui_multi_action( 1834): [757,111,758,2]
09-23 00:52:56.947 I/sysui_multi_action( 1834): [757,111,758,2]
09-23 00:52:56.947 I/notification_enqueue( 1489): [10081,1834,com.android.systemui,2048,NULL,0,Notification(channel=updateNotification shortcut=null contentView=null vibrate=null sound=null defaults=0x0 flags=0x0 color=0x00000000 vis=PRIVATE),1]
09-23 00:52:56.951 I/sysui_multi_action( 1834): [757,111,758,1]
09-23 00:52:56.951 I/sysui_multi_action( 1834): [757,126,758,1,759,126,927,0,928,1,1593,0]
09-23 00:52:56.951 I/sysui_multi_action( 1834): [757,113,758,1,759,113,927,1,928,1,1593,0]
09-23 00:52:56.951 I/sysui_multi_action( 1834): [757,0,758,1,759,0,927,2,928,0,1593,0]
09-23 00:52:56.951 I/sysui_multi_action( 1834): [757,0,758,1,759,0,927,3,928,0,1593,0]
09-23 00:52:56.951 I/sysui_multi_action( 1834): [757,1706,758,1,759,1706,927,4,928,0,1593,0]
09-23 00:52:56.951 I/sysui_multi_action( 1834): [757,491,758,1,759,491,927,5,928,0,1311,-1,1593,0]
09-23 00:52:56.951 I/sysui_multi_action( 1834): [757,0,758,1,759,0,927,6,928,0,1593,0]
09-23 00:52:56.951 I/sysui_multi_action( 1834): [757,114,758,1,759,114,927,7,928,0,1593,0]
09-23 00:52:56.952 I/sysui_multi_action( 1834): [757,111,758,1]
09-23 00:52:56.952 I/sysui_multi_action( 1834): [757,126,758,1,759,126,927,0,928,1,1593,0]
09-23 00:52:56.952 I/sysui_multi_action( 1834): [757,113,758,1,759,113,927,1,928,1,1593,0]
09-23 00:52:56.952 I/sysui_multi_action( 1834): [757,0,758,1,759,0,927,2,928,0,1593,0]
09-23 00:52:56.952 I/sysui_multi_action( 1834): [757,0,758,1,759,0,927,3,928,0,1593,0]
09-23 00:52:56.964 I/sysui_multi_action( 1834): [757,111,758,2]
09-23 00:52:56.964 I/sysui_multi_action( 1834): [757,111,758,2]
09-23 00:52:56.964 I/notification_enqueue( 1489): [10081,1834,com.android.systemui,2048,NULL,0,Notification(channel=updateNotification shortcut=null contentView=null vibrate=null sound=null defaults=0x0 flags=0x0 color=0x00000000 vis=PRIVATE),1]
09-23 00:52:56.967 I/sysui_multi_action( 1834): [757,111,758,1]
09-23 00:52:56.967 I/sysui_multi_action( 1834): [757,126,758,1,759,126,927,0,928,1,1593,0]
09-23 00:52:56.967 I/sysui_multi_action( 1834): [757,113,758,1,759,113,927,1,928,1,1593,0]
09-23 00:52:56.967 I/sysui_multi_action( 1834): [757,0,758,1,759,0,927,2,928,0,1593,0]
09-23 00:52:56.967 I/sysui_multi_action( 1834): [757,0,758,1,759,0,927,3,928,0,1593,0]
09-23 00:52:56.967 I/sysui_multi_action( 1834): [757,1706,758,1,759,1706,927,4,928,0,1593,0]
09-23 00:52:56.968 I/sysui_multi_action( 1834): [757,491,758,1,759,491,927,5,928,0,1311,-1,1593,0]
09-23 00:52:56.968 I/sysui_multi_action( 1834): [757,0,758,1,759,0,927,6,928,0,1593,0]
09-23 00:52:56.968 I/sysui_multi_action( 1834): [757,114,758,1,759,114,927,7,928,0,1593,0]
09-23 00:52:56.968 I/sysui_multi_action( 1834): [757,111,758,1]
09-23 00:52:56.968 I/sysui_multi_action( 1834): [757,126,758,1,759,126,927,0,928,1,1593,0]
09-23 00:52:56.968 I/sysui_multi_action( 1834): [757,113,758,1,759,113,927,1,928,1,1593,0]
09-23 00:52:56.968 I/sysui_multi_action( 1834): [757,0,758,1,759,0,927,2,928,0,1593,0]
09-23 00:52:56.968 I/sysui_multi_action( 1834): [757,0,758,1,759,0,927,3,928,0,1593,0]
09-23 00:52:56.979 I/sysui_multi_action( 1834): [757,111,758,2]
09-23 00:52:56.980 I/sysui_multi_action( 1834): [757,111,758,2]
09-23 00:52:56.980 I/notification_enqueue( 1489): [10081,1834,com.android.systemui,2048,NULL,0,Notification(channel=updateNotification shortcut=null contentView=null vibrate=null sound=null defaults=0x0 flags=0x0 color=0x00000000 vis=PRIVATE),1]
09-23 00:52:56.983 I/sysui_multi_action( 1834): [757,111,758,1]
09-23 00:52:56.983 I/sysui_multi_action( 1834): [757,126,758,1,759,126,927,0,928,1,1593,0]
09-23 00:52:56.983 I/sysui_multi_action( 1834): [757,113,758,1,759,113,927,1,928,1,1593,0]
09-23 00:52:56.983 I/sysui_multi_action( 1834): [757,0,758,1,759,0,927,2,928,0,1593,0]
09-23 00:52:56.983 I/sysui_multi_action( 1834): [757,0,758,1,759,0,927,3,928,0,1593,0]
09-23 00:52:56.983 I/sysui_multi_action( 1834): [757,1706,758,1,759,1706,927,4,928,0,1593,0]
09-23 00:52:56.983 I/sysui_multi_action( 1834): [757,491,758,1,759,491,927,5,928,0,1311,-1,1593,0]
09-23 00:52:56.983 I/sysui_multi_action( 1834): [757,0,758,1,759,0,927,6,928,0,1593,0]
09-23 00:52:56.983 I/sysui_multi_action( 1834): [757,114,758,1,759,114,927,7,928,0,1593,0]
09-23 00:52:56.983 I/sysui_multi_action( 1834): [757,111,758,1]
09-23 00:52:56.984 I/sysui_multi_action( 1834): [757,126,758,1,759,126,927,0,928,1,1593,0]
09-23 00:52:56.984 I/sysui_multi_action( 1834): [757,113,758,1,759,113,927,1,928,1,1593,0]
09-23 00:52:56.984 I/sysui_multi_action( 1834): [757,0,758,1,759,0,927,2,928,0,1593,0]
09-23 00:52:56.984 I/sysui_multi_action( 1834): [757,0,758,1,759,0,927,3,928,0,1593,0]
09-23 00:52:56.996 I/sysui_multi_action( 1834): [757,111,758,2]
09-23 00:52:56.997 I/sysui_multi_action( 1834): [757,111,758,2]
09-23 00:52:56.997 I/notification_enqueue( 1489): [10081,1834,com.android.systemui,2048,NULL,0,Notification(channel=updateNotification shortcut=null contentView=null vibrate=null sound=null defaults=0x0 flags=0x0 color=0x00000000 vis=PRIVATE),1]
09-23 00:52:57.000 I/sysui_multi_action( 1834): [757,111,758,1]
09-23 00:52:57.000 I/sysui_multi_action( 1834): [757,126,758,1,759,126,927,0,928,1,1593,0]
09-23 00:52:57.000 I/sysui_multi_action( 1834): [757,113,758,1,759,113,927,1,928,1,1593,0]
09-23 00:52:57.000 I/sysui_multi_action( 1834): [757,0,758,1,759,0,927,2,928,0,1593,0]
09-23 00:52:57.000 I/sysui_multi_action( 1834): [757,0,758,1,759,0,927,3,928,0,1593,0]
09-23 00:52:57.000 I/sysui_multi_action( 1834): [757,1706,758,1,759,1706,927,4,928,0,1593,0]
09-23 00:52:57.000 I/sysui_multi_action( 1834): [757,491,758,1,759,491,927,5,928,0,1311,-1,1593,0]
09-23 00:52:57.000 I/sysui_multi_action( 1834): [757,0,758,1,759,0,927,6,928,0,1593,0]
09-23 00:52:57.001 I/sysui_multi_action( 1834): [757,114,758,1,759,114,927,7,928,0,1593,0]
09-23 00:52:57.001 I/sysui_multi_action( 1834): [757,111,758,1]
09-23 00:52:57.001 I/sysui_multi_action( 1834): [757,126,758,1,759,126,927,0,928,1,1593,0]
09-23 00:52:57.001 I/sysui_multi_action( 1834): [757,113,758,1,759,113,927,1,928,1,1593,0]
09-23 00:52:57.001 I/sysui_multi_action( 1834): [757,0,758,1,759,0,927,2,928,0,1593,0]
09-23 00:52:57.001 I/sysui_multi_action( 1834): [757,0,758,1,759,0,927,3,928,0,1593,0]
09-23 00:52:57.013 I/sysui_multi_action( 1834): [757,111,758,2]
09-23 00:52:57.014 I/sysui_multi_action( 1834): [757,111,758,2]
09-23 00:52:57.018 I/sysui_multi_action( 1834): [757,111,758,1]
09-23 00:52:57.018 I/sysui_multi_action( 1834): [757,126,758,1,759,126,927,0,928,1,1593,0]
09-23 00:52:57.018 I/sysui_multi_action( 1834): [757,113,758,1,759,113,927,1,928,1,1593,0]
09-23 00:52:57.018 I/sysui_multi_action( 1834): [757,0,758,1,759,0,927,2,928,0,1593,0]
09-23 00:52:57.018 I/sysui_multi_action( 1834): [757,0,758,1,759,0,927,3,928,0,1593,0]
09-23 00:52:57.018 I/sysui_multi_action( 1834): [757,1706,758,1,759,1706,927,4,928,0,1593,0]
09-23 00:52:57.019 I/sysui_multi_action( 1834): [757,491,758,1,759,491,927,5,928,0,1311,-1,1593,0]
09-23 00:52:57.019 I/sysui_multi_action( 1834): [757,0,758,1,759,0,927,6,928,0,1593,0]
09-23 00:52:57.019 I/sysui_multi_action( 1834): [757,114,758,1,759,114,927,7,928,0,1593,0]
09-23 00:52:57.019 I/sysui_multi_action( 1834): [757,111,758,1]
09-23 00:52:57.019 I/sysui_multi_action( 1834): [757,126,758,1,759,126,927,0,928,1,1593,0]
09-23 00:52:57.019 I/sysui_multi_action( 1834): [757,113,758,1,759,113,927,1,928,1,1593,0]
09-23 00:52:57.019 I/sysui_multi_action( 1834): [757,0,758,1,759,0,927,2,928,0,1593,0]
09-23 00:52:57.019 I/sysui_multi_action( 1834): [757,0,758,1,759,0,927,3,928,0,1593,0]
09-23 00:52:57.020 I/notification_enqueue( 1489): [10081,1834,com.android.systemui,2048,NULL,0,Notification(channel=updateNotification shortcut=null contentView=null vibrate=null sound=null defaults=0x0 flags=0x0 color=0x00000000 vis=PRIVATE),1]
09-23 00:52:57.036 I/sysui_multi_action( 1834): [757,111,758,2]
09-23 00:52:57.036 I/sysui_multi_action( 1834): [757,111,758,2]
09-23 00:52:57.036 I/notification_enqueue( 1489): [10081,1834,com.android.systemui,2048,NULL,0,Notification(channel=updateNotification shortcut=null contentView=null vibrate=null sound=null defaults=0x0 flags=0x0 color=0x00000000 vis=PRIVATE),1]
09-23 00:52:57.040 I/sysui_multi_action( 1834): [757,111,758,1]
09-23 00:52:57.040 I/sysui_multi_action( 1834): [757,126,758,1,759,126,927,0,928,1,1593,0]
09-23 00:52:57.040 I/sysui_multi_action( 1834): [757,113,758,1,759,113,927,1,928,1,1593,0]
09-23 00:52:57.040 I/sysui_multi_action( 1834): [757,0,758,1,759,0,927,2,928,0,1593,0]
09-23 00:52:57.040 I/sysui_multi_action( 1834): [757,0,758,1,759,0,927,3,928,0,1593,0]
09-23 00:52:57.040 I/sysui_multi_action( 1834): [757,1706,758,1,759,1706,927,4,928,0,1593,0]
09-23 00:52:57.041 I/sysui_multi_action( 1834): [757,491,758,1,759,491,927,5,928,0,1311,-1,1593,0]
09-23 00:52:57.041 I/sysui_multi_action( 1834): [757,0,758,1,759,0,927,6,928,0,1593,0]
09-23 00:52:57.041 I/sysui_multi_action( 1834): [757,114,758,1,759,114,927,7,928,0,1593,0]
09-23 00:52:57.041 I/sysui_multi_action( 1834): [757,111,758,1]
09-23 00:52:57.041 I/sysui_multi_action( 1834): [757,126,758,1,759,126,927,0,928,1,1593,0]
09-23 00:52:57.041 I/sysui_multi_action( 1834): [757,113,758,1,759,113,927,1,928,1,1593,0]
09-23 00:52:57.041 I/sysui_multi_action( 1834): [757,0,758,1,759,0,927,2,928,0,1593,0]
09-23 00:52:57.041 I/sysui_multi_action( 1834): [757,0,758,1,759,0,927,3,928,0,1593,0]
09-23 00:52:57.053 I/notification_enqueue( 1489): [10081,1834,com.android.systemui,2048,NULL,0,Notification(channel=updateNotification shortcut=null contentView=null vibrate=null sound=null defaults=0x0 flags=0x0 color=0x00000000 vis=PRIVATE),1]
09-23 00:52:57.055 I/sysui_multi_action( 1489): [757,1501,758,1,793,8764311,794,0,795,203,796,2048,806,com.android.systemui,857,updateNotification,858,3,947,0,1500,0,1688,1]
09-23 00:52:57.056 I/sysui_multi_action( 1489): [757,804,799,note_interruptive,801,0,802,1]
09-23 00:52:57.056 I/sysui_multi_action( 1489): [757,199,758,1,759,2,793,8764312,794,0,795,204,796,2048,806,com.android.systemui,857,updateNotification,858,3,947,0,1500,1,1688,1]
09-23 00:52:57.056 I/notification_alert( 1489): [0|com.android.systemui|2048|null|10081,0,1,0]
09-23 00:52:57.059 I/sysui_multi_action( 1834): [757,111,758,2]
09-23 00:52:57.059 I/sysui_multi_action( 1834): [757,111,758,2]
09-23 00:52:57.062 I/sysui_multi_action( 1834): [757,111,758,1]
09-23 00:52:57.062 I/sysui_multi_action( 1834): [757,126,758,1,759,126,927,0,928,1,1593,0]
09-23 00:52:57.062 I/sysui_multi_action( 1834): [757,113,758,1,759,113,927,1,928,1,1593,0]
09-23 00:52:57.063 I/sysui_multi_action( 1834): [757,0,758,1,759,0,927,2,928,0,1593,0]
09-23 00:52:57.063 I/sysui_multi_action( 1834): [757,0,758,1,759,0,927,3,928,0,1593,0]
09-23 00:52:57.063 I/sysui_multi_action( 1834): [757,1706,758,1,759,1706,927,4,928,0,1593,0]
09-23 00:52:57.063 I/sysui_multi_action( 1834): [757,491,758,1,759,491,927,5,928,0,1311,-1,1593,0]
09-23 00:52:57.063 I/sysui_multi_action( 1834): [757,0,758,1,759,0,927,6,928,0,1593,0]
09-23 00:52:57.063 I/sysui_multi_action( 1834): [757,114,758,1,759,114,927,7,928,0,1593,0]
09-23 00:52:57.063 I/sysui_multi_action( 1834): [757,111,758,1]
09-23 00:52:57.063 I/sysui_multi_action( 1834): [757,126,758,1,759,126,927,0,928,1,1593,0]
09-23 00:52:57.063 I/sysui_multi_action( 1834): [757,113,758,1,759,113,927,1,928,1,1593,0]
09-23 00:52:57.063 I/sysui_multi_action( 1834): [757,0,758,1,759,0,927,2,928,0,1593,0]
09-23 00:52:57.064 I/sysui_multi_action( 1834): [757,0,758,1,759,0,927,3,928,0,1593,0]
09-23 00:52:57.073 I/sysui_multi_action( 1834): [757,111,758,2]
09-23 00:52:57.073 I/notification_enqueue( 1489): [10081,1834,com.android.systemui,2048,NULL,0,Notification(channel=updateNotification shortcut=null contentView=null vibrate=null sound=null defaults=0x0 flags=0x0 color=0x00000000 vis=PRIVATE),1]
09-23 00:52:57.073 I/sysui_multi_action( 1834): [757,111,758,2]
09-23 00:52:57.077 I/sysui_multi_action( 1834): [757,111,758,1]
09-23 00:52:57.077 I/sysui_multi_action( 1834): [757,126,758,1,759,126,927,0,928,1,1593,0]
09-23 00:52:57.078 I/sysui_multi_action( 1834): [757,113,758,1,759,113,927,1,928,1,1593,0]
09-23 00:52:57.078 I/sysui_multi_action( 1834): [757,0,758,1,759,0,927,2,928,0,1593,0]
09-23 00:52:57.078 I/sysui_multi_action( 1834): [757,0,758,1,759,0,927,3,928,0,1593,0]
09-23 00:52:57.078 I/sysui_multi_action( 1834): [757,1706,758,1,759,1706,927,4,928,0,1593,0]
09-23 00:52:57.078 I/sysui_multi_action( 1834): [757,491,758,1,759,491,927,5,928,0,1311,-1,1593,0]
09-23 00:52:57.078 I/sysui_multi_action( 1834): [757,0,758,1,759,0,927,6,928,0,1593,0]
09-23 00:52:57.078 I/sysui_multi_action( 1834): [757,114,758,1,759,114,927,7,928,0,1593,0]
09-23 00:52:57.078 I/sysui_multi_action( 1834): [757,111,758,1]
09-23 00:52:57.078 I/sysui_multi_action( 1834): [757,126,758,1,759,126,927,0,928,1,1593,0]
09-23 00:52:57.078 I/sysui_multi_action( 1834): [757,113,758,1,759,113,927,1,928,1,1593,0]
09-23 00:52:57.079 I/sysui_multi_action( 1834): [757,0,758,1,759,0,927,2,928,0,1593,0]
09-23 00:52:57.079 I/sysui_multi_action( 1834): [757,0,758,1,759,0,927,3,928,0,1593,0]
09-23 00:52:57.195 I/auditd ( 3555): type=1400 audit(0.0:32384): avc: denied { read } for comm="NativeThread" name="unix" dev="proc" ino=4026532289 scontext=u:r:untrusted_app_27:s0:c512,c768 tcontext=u:object_r:proc_net:s0 tclass=file permissive=0 app=com.alibaba.android.rimet
09-23 00:52:57.406 I/sysui_multi_action( 1489): [757,128,758,1,793,8746195,794,0,795,8746195,796,26,798,0,806,android,857,DEVELOPER_IMPORTANT,858,4,947,0,1395,4,1500,8745990,1688,1]
09-23 00:52:57.406 I/sysui_multi_action( 1489): [757,804,799,note_freshness,801,8746195,802,1]
09-23 00:52:57.406 I/notification_visibility( 1489): [-1|android|26|null|1000,1,8746195,8746195,0,0]
09-23 00:52:57.407 I/sysui_multi_action( 1489): [757,128,758,1,793,2754368,794,0,795,269254,796,17303299,797,com.android.wifi,798,2,806,android,857,NETWORK_AVAILABLE,858,2,947,0,1395,4,1500,269051,1688,1]
09-23 00:52:57.407 I/sysui_multi_action( 1489): [757,1501,758,1,793,2754368,794,0,795,269254,796,17303299,797,com.android.wifi,806,android,857,NETWORK_AVAILABLE,858,2,947,0,1500,0,1688,1]
09-23 00:52:57.407 I/sysui_multi_action( 1489): [757,804,799,note_interruptive,801,0,802,1]
09-23 00:52:57.407 I/sysui_multi_action( 1489): [757,804,799,note_freshness,801,269254,802,1]
09-23 00:52:57.407 I/notification_visibility( 1489): [0|android|17303299|com.android.wifi|1000,1,2754368,269254,0,2]
09-23 00:52:57.408 I/sysui_multi_action( 1489): [757,128,758,1,793,8746200,794,0,795,8746200,796,32,798,3,806,android,857,USB,858,1,947,0,1395,4,1500,8745997,1688,1]
09-23 00:52:57.408 I/sysui_multi_action( 1489): [757,804,799,note_freshness,801,8746200,802,1]
09-23 00:52:57.408 I/notification_visibility( 1489): [-1|android|32|null|1000,1,8746200,8746200,0,3]
09-23 00:52:57.408 I/sysui_multi_action( 1489): [757,128,758,1,793,354171,794,0,795,354171,796,19,798,1,806,android,857,PHYSICAL_KEYBOARD,858,3,947,0,1395,4,1500,353962,1688,1]
09-23 00:52:57.408 I/sysui_multi_action( 1489): [757,804,799,note_freshness,801,354171,802,1]
09-23 00:52:57.408 I/notification_visibility( 1489): [-1|android|19|null|1000,1,354171,354171,0,1]
09-23 00:52:57.551 I/auditd ( 3555): type=1400 audit(0.0:32385): avc: denied { read } for comm="NativeThread" name="unix" dev="proc" ino=4026532289 scontext=u:r:untrusted_app_27:s0:c512,c768 tcontext=u:object_r:proc_net:s0 tclass=file permissive=0 app=com.alibaba.android.rimet
