09-23 01:20:27.711 I/notification_enqueue( 1489): [10081,1834,com.android.systemui,2048,NULL,0,Notification(channel=updateNotification shortcut=null contentView=null vibrate=null sound=null defaults=0x0 flags=0x0 color=0x00000000 vis=PRIVATE),1]
09-23 01:20:27.722 I/input_focus( 1489): [Focus request 913cdb2 NotificationShade,reason=UpdateInputWindows]
09-23 01:20:27.727 I/sysui_multi_action( 1834): [757,111,758,1]
09-23 01:20:27.728 I/sysui_multi_action( 1834): [757,126,758,1,759,126,927,0,928,1,1593,0]
09-23 01:20:27.728 I/sysui_multi_action( 1834): [757,113,758,1,759,113,927,1,928,1,1593,0]
09-23 01:20:27.728 I/sysui_multi_action( 1834): [757,0,758,1,759,0,927,2,928,0,1593,0]
09-23 01:20:27.728 I/sysui_multi_action( 1834): [757,0,758,1,759,0,927,3,928,0,1593,0]
09-23 01:20:27.728 I/sysui_multi_action( 1834): [757,1706,758,1,759,1706,927,4,928,0,1593,0]
09-23 01:20:27.728 I/sysui_multi_action( 1834): [757,491,758,1,759,491,927,5,928,0,1311,-1,1593,0]
09-23 01:20:27.728 I/sysui_multi_action( 1834): [757,0,758,1,759,0,927,6,928,0,1593,0]
09-23 01:20:27.728 I/sysui_multi_action( 1834): [757,114,758,1,759,114,927,7,928,0,1593,0]
09-23 01:20:27.729 I/sysui_multi_action( 1834): [757,111,758,1]
09-23 01:20:27.729 I/sysui_multi_action( 1834): [757,126,758,1,759,126,927,0,928,1,1593,0]
09-23 01:20:27.729 I/sysui_multi_action( 1834): [757,113,758,1,759,113,927,1,928,1,1593,0]
09-23 01:20:27.729 I/sysui_multi_action( 1834): [757,0,758,1,759,0,927,2,928,0,1593,0]
09-23 01:20:27.729 I/sysui_multi_action( 1834): [757,0,758,1,759,0,927,3,928,0,1593,0]
09-23 01:20:27.741 I/sysui_multi_action( 1834): [757,111,758,2]
09-23 01:20:27.741 I/sysui_multi_action( 1834): [757,111,758,2]
09-23 01:20:27.741 I/notification_enqueue( 1489): [10081,1834,com.android.systemui,2048,NULL,0,Notification(channel=updateNotification shortcut=null contentView=null vibrate=null sound=null defaults=0x0 flags=0x0 color=0x00000000 vis=PRIVATE),1]
09-23 01:20:27.744 I/sysui_multi_action( 1834): [757,111,758,1]
09-23 01:20:27.744 I/sysui_multi_action( 1834): [757,126,758,1,759,126,927,0,928,1,1593,0]
09-23 01:20:27.744 I/sysui_multi_action( 1834): [757,113,758,1,759,113,927,1,928,1,1593,0]
09-23 01:20:27.744 I/sysui_multi_action( 1834): [757,0,758,1,759,0,927,2,928,0,1593,0]
09-23 01:20:27.745 I/sysui_multi_action( 1834): [757,0,758,1,759,0,927,3,928,0,1593,0]
09-23 01:20:27.745 I/sysui_multi_action( 1834): [757,1706,758,1,759,1706,927,4,928,0,1593,0]
09-23 01:20:27.745 I/sysui_multi_action( 1834): [757,491,758,1,759,491,927,5,928,0,1311,-1,1593,0]
09-23 01:20:27.745 I/sysui_multi_action( 1834): [757,0,758,1,759,0,927,6,928,0,1593,0]
09-23 01:20:27.745 I/sysui_multi_action( 1834): [757,114,758,1,759,114,927,7,928,0,1593,0]
09-23 01:20:27.745 I/sysui_multi_action( 1834): [757,111,758,1]
09-23 01:20:27.745 I/sysui_multi_action( 1834): [757,126,758,1,759,126,927,0,928,1,1593,0]
09-23 01:20:27.745 I/sysui_multi_action( 1834): [757,113,758,1,759,113,927,1,928,1,1593,0]
09-23 01:20:27.745 I/sysui_multi_action( 1834): [757,0,758,1,759,0,927,2,928,0,1593,0]
09-23 01:20:27.745 I/sysui_multi_action( 1834): [757,0,758,1,759,0,927,3,928,0,1593,0]
09-23 01:20:27.749 I/input_focus( 1489): [Focus leaving 456c4b5 com.android.settings/com.android.settings.Settings (server),reason=setFocusedWindow]
09-23 01:20:27.749 I/input_focus( 1489): [Focus entering 913cdb2 NotificationShade (server),reason=setFocusedWindow]
09-23 01:20:27.756 I/sysui_multi_action( 1834): [757,111,758,2]
09-23 01:20:27.756 I/notification_enqueue( 1489): [10081,1834,com.android.systemui,2048,NULL,0,Notification(channel=updateNotification shortcut=null contentView=null vibrate=null sound=null defaults=0x0 flags=0x0 color=0x00000000 vis=PRIVATE),1]
09-23 01:20:27.756 I/sysui_multi_action( 1834): [757,111,758,2]
09-23 01:20:27.761 I/sysui_multi_action( 1834): [757,111,758,1]
09-23 01:20:27.761 I/sysui_multi_action( 1834): [757,126,758,1,759,126,927,0,928,1,1593,0]
09-23 01:20:27.761 I/sysui_multi_action( 1834): [757,113,758,1,759,113,927,1,928,1,1593,0]
09-23 01:20:27.761 I/sysui_multi_action( 1834): [757,0,758,1,759,0,927,2,928,0,1593,0]
09-23 01:20:27.761 I/sysui_multi_action( 1834): [757,0,758,1,759,0,927,3,928,0,1593,0]
09-23 01:20:27.761 I/sysui_multi_action( 1834): [757,1706,758,1,759,1706,927,4,928,0,1593,0]
09-23 01:20:27.761 I/sysui_multi_action( 1834): [757,491,758,1,759,491,927,5,928,0,1311,-1,1593,0]
09-23 01:20:27.761 I/sysui_multi_action( 1834): [757,0,758,1,759,0,927,6,928,0,1593,0]
09-23 01:20:27.761 I/sysui_multi_action( 1834): [757,114,758,1,759,114,927,7,928,0,1593,0]
09-23 01:20:27.761 I/sysui_multi_action( 1834): [757,111,758,1]
09-23 01:20:27.762 I/sysui_multi_action( 1834): [757,126,758,1,759,126,927,0,928,1,1593,0]
09-23 01:20:27.762 I/sysui_multi_action( 1834): [757,113,758,1,759,113,927,1,928,1,1593,0]
09-23 01:20:27.762 I/sysui_multi_action( 1834): [757,0,758,1,759,0,927,2,928,0,1593,0]
09-23 01:20:27.762 I/sysui_multi_action( 1834): [757,0,758,1,759,0,927,3,928,0,1593,0]
09-23 01:20:27.769 I/notification_enqueue( 1489): [10081,1834,com.android.systemui,2048,NULL,0,Notification(channel=updateNotification shortcut=null contentView=null vibrate=null sound=null defaults=0x0 flags=0x0 color=0x00000000 vis=PRIVATE),1]
09-23 01:20:27.770 I/sysui_multi_action( 1834): [757,111,758,2]
09-23 01:20:27.770 I/sysui_multi_action( 1834): [757,111,758,2]
09-23 01:20:27.773 I/sysui_multi_action( 1834): [757,111,758,1]
09-23 01:20:27.773 I/sysui_multi_action( 1834): [757,126,758,1,759,126,927,0,928,1,1593,0]
09-23 01:20:27.773 I/sysui_multi_action( 1834): [757,113,758,1,759,113,927,1,928,1,1593,0]
09-23 01:20:27.773 I/sysui_multi_action( 1834): [757,0,758,1,759,0,927,2,928,0,1593,0]
09-23 01:20:27.773 I/sysui_multi_action( 1834): [757,0,758,1,759,0,927,3,928,0,1593,0]
09-23 01:20:27.773 I/sysui_multi_action( 1834): [757,1706,758,1,759,1706,927,4,928,0,1593,0]
09-23 01:20:27.773 I/sysui_multi_action( 1834): [757,491,758,1,759,491,927,5,928,0,1311,-1,1593,0]
09-23 01:20:27.774 I/sysui_multi_action( 1834): [757,0,758,1,759,0,927,6,928,0,1593,0]
09-23 01:20:27.774 I/sysui_multi_action( 1834): [757,114,758,1,759,114,927,7,928,0,1593,0]
09-23 01:20:27.774 I/sysui_multi_action( 1834): [757,111,758,1]
09-23 01:20:27.774 I/sysui_multi_action( 1834): [757,126,758,1,759,126,927,0,928,1,1593,0]
09-23 01:20:27.774 I/sysui_multi_action( 1834): [757,113,758,1,759,113,927,1,928,1,1593,0]
09-23 01:20:27.774 I/sysui_multi_action( 1834): [757,0,758,1,759,0,927,2,928,0,1593,0]
09-23 01:20:27.774 I/sysui_multi_action( 1834): [757,0,758,1,759,0,927,3,928,0,1593,0]
09-23 01:20:27.781 I/sysui_multi_action( 1834): [757,111,758,2]
09-23 01:20:27.781 I/sysui_multi_action( 1834): [757,111,758,2]
09-23 01:20:27.781 I/notification_enqueue( 1489): [10081,1834,com.android.systemui,2048,NULL,0,Notification(channel=updateNotification shortcut=null contentView=null vibrate=null sound=null defaults=0x0 flags=0x0 color=0x00000000 vis=PRIVATE),1]
09-23 01:20:27.784 I/sysui_multi_action( 1834): [757,111,758,1]
09-23 01:20:27.784 I/sysui_multi_action( 1834): [757,126,758,1,759,126,927,0,928,1,1593,0]
09-23 01:20:27.784 I/sysui_multi_action( 1834): [757,113,758,1,759,113,927,1,928,1,1593,0]
09-23 01:20:27.784 I/sysui_multi_action( 1834): [757,0,758,1,759,0,927,2,928,0,1593,0]
09-23 01:20:27.784 I/sysui_multi_action( 1834): [757,0,758,1,759,0,927,3,928,0,1593,0]
09-23 01:20:27.784 I/sysui_multi_action( 1834): [757,1706,758,1,759,1706,927,4,928,0,1593,0]
09-23 01:20:27.785 I/sysui_multi_action( 1834): [757,491,758,1,759,491,927,5,928,0,1311,-1,1593,0]
09-23 01:20:27.785 I/sysui_multi_action( 1834): [757,0,758,1,759,0,927,6,928,0,1593,0]
09-23 01:20:27.785 I/sysui_multi_action( 1834): [757,114,758,1,759,114,927,7,928,0,1593,0]
09-23 01:20:27.785 I/sysui_multi_action( 1834): [757,111,758,1]
09-23 01:20:27.785 I/sysui_multi_action( 1834): [757,126,758,1,759,126,927,0,928,1,1593,0]
09-23 01:20:27.785 I/sysui_multi_action( 1834): [757,113,758,1,759,113,927,1,928,1,1593,0]
09-23 01:20:27.785 I/sysui_multi_action( 1834): [757,0,758,1,759,0,927,2,928,0,1593,0]
09-23 01:20:27.785 I/sysui_multi_action( 1834): [757,0,758,1,759,0,927,3,928,0,1593,0]
09-23 01:20:27.797 I/sysui_multi_action( 1834): [757,111,758,2]
09-23 01:20:27.798 I/sysui_multi_action( 1834): [757,111,758,2]
09-23 01:20:27.801 I/sysui_multi_action( 1834): [757,111,758,1]
09-23 01:20:27.801 I/sysui_multi_action( 1834): [757,126,758,1,759,126,927,0,928,1,1593,0]
09-23 01:20:27.801 I/sysui_multi_action( 1834): [757,113,758,1,759,113,927,1,928,1,1593,0]
09-23 01:20:27.801 I/sysui_multi_action( 1834): [757,0,758,1,759,0,927,2,928,0,1593,0]
09-23 01:20:27.801 I/sysui_multi_action( 1834): [757,0,758,1,759,0,927,3,928,0,1593,0]
09-23 01:20:27.801 I/sysui_multi_action( 1834): [757,1706,758,1,759,1706,927,4,928,0,1593,0]
09-23 01:20:27.801 I/sysui_multi_action( 1834): [757,491,758,1,759,491,927,5,928,0,1311,-1,1593,0]
09-23 01:20:27.801 I/notification_enqueue( 1489): [10081,1834,com.android.systemui,2048,NULL,0,Notification(channel=updateNotification shortcut=null contentView=null vibrate=null sound=null defaults=0x0 flags=0x0 color=0x00000000 vis=PRIVATE),1]
09-23 01:20:27.801 I/sysui_multi_action( 1834): [757,0,758,1,759,0,927,6,928,0,1593,0]
09-23 01:20:27.801 I/sysui_multi_action( 1834): [757,114,758,1,759,114,927,7,928,0,1593,0]
09-23 01:20:27.801 I/sysui_multi_action( 1834): [757,111,758,1]
09-23 01:20:27.801 I/sysui_multi_action( 1834): [757,126,758,1,759,126,927,0,928,1,1593,0]
09-23 01:20:27.802 I/sysui_multi_action( 1834): [757,113,758,1,759,113,927,1,928,1,1593,0]
09-23 01:20:27.802 I/sysui_multi_action( 1834): [757,0,758,1,759,0,927,2,928,0,1593,0]
09-23 01:20:27.802 I/sysui_multi_action( 1834): [757,0,758,1,759,0,927,3,928,0,1593,0]
09-23 01:20:27.816 I/sysui_multi_action( 1834): [757,111,758,2]
09-23 01:20:27.816 I/sysui_multi_action( 1834): [757,111,758,2]
09-23 01:20:27.817 I/notification_enqueue( 1489): [10081,1834,com.android.systemui,2048,NULL,0,Notification(channel=updateNotification shortcut=null contentView=null vibrate=null sound=null defaults=0x0 flags=0x0 color=0x00000000 vis=PRIVATE),1]
09-23 01:20:27.820 I/sysui_multi_action( 1834): [757,111,758,1]
09-23 01:20:27.820 I/sysui_multi_action( 1834): [757,126,758,1,759,126,927,0,928,1,1593,0]
09-23 01:20:27.820 I/sysui_multi_action( 1834): [757,113,758,1,759,113,927,1,928,1,1593,0]
09-23 01:20:27.820 I/sysui_multi_action( 1834): [757,0,758,1,759,0,927,2,928,0,1593,0]
09-23 01:20:27.820 I/sysui_multi_action( 1834): [757,0,758,1,759,0,927,3,928,0,1593,0]
09-23 01:20:27.820 I/sysui_multi_action( 1834): [757,1706,758,1,759,1706,927,4,928,0,1593,0]
09-23 01:20:27.820 I/sysui_multi_action( 1834): [757,491,758,1,759,491,927,5,928,0,1311,-1,1593,0]
09-23 01:20:27.820 I/sysui_multi_action( 1834): [757,0,758,1,759,0,927,6,928,0,1593,0]
09-23 01:20:27.821 I/sysui_multi_action( 1834): [757,114,758,1,759,114,927,7,928,0,1593,0]
09-23 01:20:27.821 I/sysui_multi_action( 1834): [757,111,758,1]
09-23 01:20:27.821 I/sysui_multi_action( 1834): [757,126,758,1,759,126,927,0,928,1,1593,0]
09-23 01:20:27.821 I/sysui_multi_action( 1834): [757,113,758,1,759,113,927,1,928,1,1593,0]
09-23 01:20:27.821 I/sysui_multi_action( 1834): [757,0,758,1,759,0,927,2,928,0,1593,0]
09-23 01:20:27.821 I/sysui_multi_action( 1834): [757,0,758,1,759,0,927,3,928,0,1593,0]
09-23 01:20:27.831 I/sysui_multi_action( 1834): [757,111,758,2]
09-23 01:20:27.832 I/sysui_multi_action( 1834): [757,111,758,2]
09-23 01:20:27.833 I/notification_enqueue( 1489): [10081,1834,com.android.systemui,2048,NULL,0,Notification(channel=updateNotification shortcut=null contentView=null vibrate=null sound=null defaults=0x0 flags=0x0 color=0x00000000 vis=PRIVATE),1]
09-23 01:20:27.836 I/sysui_multi_action( 1834): [757,111,758,1]
09-23 01:20:27.836 I/sysui_multi_action( 1834): [757,126,758,1,759,126,927,0,928,1,1593,0]
09-23 01:20:27.836 I/sysui_multi_action( 1834): [757,113,758,1,759,113,927,1,928,1,1593,0]
09-23 01:20:27.836 I/sysui_multi_action( 1834): [757,0,758,1,759,0,927,2,928,0,1593,0]
09-23 01:20:27.836 I/sysui_multi_action( 1834): [757,0,758,1,759,0,927,3,928,0,1593,0]
09-23 01:20:27.836 I/sysui_multi_action( 1834): [757,1706,758,1,759,1706,927,4,928,0,1593,0]
09-23 01:20:27.837 I/sysui_multi_action( 1834): [757,491,758,1,759,491,927,5,928,0,1311,-1,1593,0]
09-23 01:20:27.837 I/sysui_multi_action( 1834): [757,0,758,1,759,0,927,6,928,0,1593,0]
09-23 01:20:27.837 I/sysui_multi_action( 1834): [757,114,758,1,759,114,927,7,928,0,1593,0]
09-23 01:20:27.837 I/sysui_multi_action( 1834): [757,111,758,1]
09-23 01:20:27.837 I/sysui_multi_action( 1834): [757,126,758,1,759,126,927,0,928,1,1593,0]
09-23 01:20:27.837 I/sysui_multi_action( 1834): [757,113,758,1,759,113,927,1,928,1,1593,0]
09-23 01:20:27.837 I/sysui_multi_action( 1834): [757,0,758,1,759,0,927,2,928,0,1593,0]
09-23 01:20:27.837 I/sysui_multi_action( 1834): [757,0,758,1,759,0,927,3,928,0,1593,0]
09-23 01:20:27.848 I/sysui_multi_action( 1834): [757,111,758,2]
09-23 01:20:27.849 I/sysui_multi_action( 1834): [757,111,758,2]
09-23 01:20:27.850 I/notification_enqueue( 1489): [10081,1834,com.android.systemui,2048,NULL,0,Notification(channel=updateNotification shortcut=null contentView=null vibrate=null sound=null defaults=0x0 flags=0x0 color=0x00000000 vis=PRIVATE),1]
09-23 01:20:27.853 I/sysui_multi_action( 1834): [757,111,758,1]
09-23 01:20:27.854 I/sysui_multi_action( 1834): [757,126,758,1,759,126,927,0,928,1,1593,0]
09-23 01:20:27.854 I/sysui_multi_action( 1834): [757,113,758,1,759,113,927,1,928,1,1593,0]
09-23 01:20:27.854 I/sysui_multi_action( 1834): [757,0,758,1,759,0,927,2,928,0,1593,0]
09-23 01:20:27.854 I/sysui_multi_action( 1834): [757,0,758,1,759,0,927,3,928,0,1593,0]
09-23 01:20:27.854 I/sysui_multi_action( 1834): [757,1706,758,1,759,1706,927,4,928,0,1593,0]
09-23 01:20:27.854 I/sysui_multi_action( 1834): [757,491,758,1,759,491,927,5,928,0,1311,-1,1593,0]
09-23 01:20:27.854 I/sysui_multi_action( 1834): [757,0,758,1,759,0,927,6,928,0,1593,0]
09-23 01:20:27.855 I/sysui_multi_action( 1834): [757,114,758,1,759,114,927,7,928,0,1593,0]
09-23 01:20:27.855 I/sysui_multi_action( 1834): [757,111,758,1]
09-23 01:20:27.855 I/sysui_multi_action( 1834): [757,126,758,1,759,126,927,0,928,1,1593,0]
09-23 01:20:27.855 I/sysui_multi_action( 1834): [757,113,758,1,759,113,927,1,928,1,1593,0]
09-23 01:20:27.855 I/sysui_multi_action( 1834): [757,0,758,1,759,0,927,2,928,0,1593,0]
09-23 01:20:27.855 I/sysui_multi_action( 1834): [757,0,758,1,759,0,927,3,928,0,1593,0]
09-23 01:20:27.865 I/sysui_multi_action( 1834): [757,111,758,2]
09-23 01:20:27.865 I/sysui_multi_action( 1834): [757,111,758,2]
09-23 01:20:27.865 I/notification_enqueue( 1489): [10081,1834,com.android.systemui,2048,NULL,0,Notification(channel=updateNotification shortcut=null contentView=null vibrate=null sound=null defaults=0x0 flags=0x0 color=0x00000000 vis=PRIVATE),1]
09-23 01:20:27.863 I/auditd ( 3755): type=1400 audit(0.0:38263): avc: granted { nlmsg_readpriv } for comm="DaemonThread-6" scontext=u:r:untrusted_app_27:s0:c512,c768 tcontext=u:r:untrusted_app_27:s0:c512,c768 tclass=netlink_route_socket app=com.alibaba.android.rimet
09-23 01:20:27.869 I/sysui_multi_action( 1834): [757,111,758,1]
09-23 01:20:27.870 I/sysui_multi_action( 1834): [757,126,758,1,759,126,927,0,928,1,1593,0]
09-23 01:20:27.870 I/sysui_multi_action( 1834): [757,113,758,1,759,113,927,1,928,1,1593,0]
09-23 01:20:27.870 I/sysui_multi_action( 1834): [757,0,758,1,759,0,927,2,928,0,1593,0]
09-23 01:20:27.870 I/sysui_multi_action( 1834): [757,0,758,1,759,0,927,3,928,0,1593,0]
09-23 01:20:27.870 I/sysui_multi_action( 1834): [757,1706,758,1,759,1706,927,4,928,0,1593,0]
09-23 01:20:27.870 I/sysui_multi_action( 1834): [757,491,758,1,759,491,927,5,928,0,1311,-1,1593,0]
09-23 01:20:27.870 I/sysui_multi_action( 1834): [757,0,758,1,759,0,927,6,928,0,1593,0]
09-23 01:20:27.871 I/sysui_multi_action( 1834): [757,114,758,1,759,114,927,7,928,0,1593,0]
09-23 01:20:27.871 I/sysui_multi_action( 1834): [757,111,758,1]
09-23 01:20:27.871 I/sysui_multi_action( 1834): [757,126,758,1,759,126,927,0,928,1,1593,0]
09-23 01:20:27.871 I/sysui_multi_action( 1834): [757,113,758,1,759,113,927,1,928,1,1593,0]
09-23 01:20:27.871 I/sysui_multi_action( 1834): [757,0,758,1,759,0,927,2,928,0,1593,0]
09-23 01:20:27.871 I/sysui_multi_action( 1834): [757,0,758,1,759,0,927,3,928,0,1593,0]
09-23 01:20:27.882 I/sysui_multi_action( 1834): [757,111,758,2]
09-23 01:20:27.882 I/notification_enqueue( 1489): [10081,1834,com.android.systemui,2048,NULL,0,Notification(channel=updateNotification shortcut=null contentView=null vibrate=null sound=null defaults=0x0 flags=0x0 color=0x00000000 vis=PRIVATE),1]
09-23 01:20:27.882 I/sysui_multi_action( 1834): [757,111,758,2]
09-23 01:20:27.886 I/sysui_multi_action( 1834): [757,111,758,1]
09-23 01:20:27.886 I/sysui_multi_action( 1834): [757,126,758,1,759,126,927,0,928,1,1593,0]
09-23 01:20:27.886 I/sysui_multi_action( 1834): [757,113,758,1,759,113,927,1,928,1,1593,0]
09-23 01:20:27.886 I/sysui_multi_action( 1834): [757,0,758,1,759,0,927,2,928,0,1593,0]
09-23 01:20:27.886 I/sysui_multi_action( 1834): [757,0,758,1,759,0,927,3,928,0,1593,0]
09-23 01:20:27.886 I/sysui_multi_action( 1834): [757,1706,758,1,759,1706,927,4,928,0,1593,0]
09-23 01:20:27.887 I/sysui_multi_action( 1834): [757,491,758,1,759,491,927,5,928,0,1311,-1,1593,0]
09-23 01:20:27.887 I/sysui_multi_action( 1834): [757,0,758,1,759,0,927,6,928,0,1593,0]
09-23 01:20:27.887 I/sysui_multi_action( 1834): [757,114,758,1,759,114,927,7,928,0,1593,0]
09-23 01:20:27.887 I/sysui_multi_action( 1834): [757,111,758,1]
09-23 01:20:27.887 I/sysui_multi_action( 1834): [757,126,758,1,759,126,927,0,928,1,1593,0]
09-23 01:20:27.887 I/sysui_multi_action( 1834): [757,113,758,1,759,113,927,1,928,1,1593,0]
09-23 01:20:27.887 I/sysui_multi_action( 1834): [757,0,758,1,759,0,927,2,928,0,1593,0]
09-23 01:20:27.887 I/sysui_multi_action( 1834): [757,0,758,1,759,0,927,3,928,0,1593,0]
09-23 01:20:27.899 I/sysui_multi_action( 1834): [757,111,758,2]
09-23 01:20:27.899 I/sysui_multi_action( 1834): [757,111,758,2]
09-23 01:20:27.899 I/notification_enqueue( 1489): [10081,1834,com.android.systemui,2048,NULL,0,Notification(channel=updateNotification shortcut=null contentView=null vibrate=null sound=null defaults=0x0 flags=0x0 color=0x00000000 vis=PRIVATE),1]
09-23 01:20:27.903 I/sysui_multi_action( 1834): [757,111,758,1]
09-23 01:20:27.903 I/sysui_multi_action( 1834): [757,126,758,1,759,126,927,0,928,1,1593,0]
09-23 01:20:27.903 I/sysui_multi_action( 1834): [757,113,758,1,759,113,927,1,928,1,1593,0]
09-23 01:20:27.903 I/sysui_multi_action( 1834): [757,0,758,1,759,0,927,2,928,0,1593,0]
09-23 01:20:27.903 I/sysui_multi_action( 1834): [757,0,758,1,759,0,927,3,928,0,1593,0]
09-23 01:20:27.903 I/sysui_multi_action( 1834): [757,1706,758,1,759,1706,927,4,928,0,1593,0]
09-23 01:20:27.904 I/sysui_multi_action( 1834): [757,491,758,1,759,491,927,5,928,0,1311,-1,1593,0]
09-23 01:20:27.904 I/sysui_multi_action( 1834): [757,0,758,1,759,0,927,6,928,0,1593,0]
09-23 01:20:27.904 I/sysui_multi_action( 1834): [757,114,758,1,759,114,927,7,928,0,1593,0]
09-23 01:20:27.904 I/sysui_multi_action( 1834): [757,111,758,1]
09-23 01:20:27.904 I/sysui_multi_action( 1834): [757,126,758,1,759,126,927,0,928,1,1593,0]
09-23 01:20:27.904 I/sysui_multi_action( 1834): [757,113,758,1,759,113,927,1,928,1,1593,0]
09-23 01:20:27.904 I/sysui_multi_action( 1834): [757,0,758,1,759,0,927,2,928,0,1593,0]
09-23 01:20:27.904 I/sysui_multi_action( 1834): [757,0,758,1,759,0,927,3,928,0,1593,0]
09-23 01:20:27.913 I/sysui_multi_action( 1489): [757,1501,758,1,793,10415169,794,0,795,206,796,2048,806,com.android.systemui,857,updateNotification,858,3,947,0,1500,0,1688,1]
09-23 01:20:27.913 I/sysui_multi_action( 1489): [757,804,799,note_interruptive,801,0,802,1]
09-23 01:20:27.913 I/sysui_multi_action( 1489): [757,199,758,1,759,2,793,10415169,794,0,795,206,796,2048,806,com.android.systemui,857,updateNotification,858,3,947,0,1500,0,1688,1]
09-23 01:20:27.913 I/notification_alert( 1489): [0|com.android.systemui|2048|null|10081,0,1,0]
09-23 01:20:28.259 I/sysui_multi_action( 1489): [757,128,758,1,793,10397048,794,0,795,10397048,796,26,798,0,806,android,857,DEVELOPER_IMPORTANT,858,4,947,0,1395,4,1500,10396843,1688,1]
09-23 01:20:28.259 I/sysui_multi_action( 1489): [757,804,799,note_freshness,801,10397048,802,1]
09-23 01:20:28.259 I/notification_visibility( 1489): [-1|android|26|null|1000,1,10397048,10397048,0,0]
09-23 01:20:28.260 I/sysui_multi_action( 1489): [757,128,758,1,793,4405221,794,0,795,240109,796,17303299,797,com.android.wifi,798,2,806,android,857,NETWORK_AVAILABLE,858,2,947,0,1395,4,1500,6736,1688,1]
09-23 01:20:28.260 I/sysui_multi_action( 1489): [757,1501,758,1,793,4405221,794,0,795,240109,796,17303299,797,com.android.wifi,806,android,857,NETWORK_AVAILABLE,858,2,947,0,1500,0,1688,1]
09-23 01:20:28.260 I/sysui_multi_action( 1489): [757,804,799,note_interruptive,801,0,802,1]
09-23 01:20:28.260 I/sysui_multi_action( 1489): [757,804,799,note_freshness,801,240109,802,1]
09-23 01:20:28.260 I/notification_visibility( 1489): [0|android|17303299|com.android.wifi|1000,1,4405221,240109,0,2]
09-23 01:20:28.260 I/sysui_multi_action( 1489): [757,128,758,1,793,10397053,794,0,795,10397053,796,32,798,3,806,android,857,USB,858,1,947,0,1395,4,1500,10396850,1688,1]
09-23 01:20:28.260 I/sysui_multi_action( 1489): [757,804,799,note_freshness,801,10397053,802,1]
09-23 01:20:28.261 I/notification_visibility( 1489): [-1|android|32|null|1000,1,10397053,10397053,0,3]
09-23 01:20:28.261 I/sysui_multi_action( 1489): [757,128,758,1,793,69445,794,0,795,69445,796,19,798,1,806,android,857,PHYSICAL_KEYBOARD,858,3,947,0,1395,4,1500,69241,1688,1]
09-23 01:20:28.261 I/sysui_multi_action( 1489): [757,804,799,note_freshness,801,69445,802,1]
09-23 01:20:28.261 I/notification_visibility( 1489): [-1|android|19|null|1000,1,69445,69445,0,1]
09-23 01:20:31.627 I/auditd ( 3555): type=1400 audit(0.0:38264): avc: denied { read } for comm="NativeThread" name="unix" dev="proc" ino=4026532289 scontext=u:r:untrusted_app_27:s0:c512,c768 tcontext=u:object_r:proc_net:s0 tclass=file permissive=0 app=com.alibaba.android.rimet
09-23 01:20:32.019 I/auditd ( 3555): type=1400 audit(0.0:38265): avc: denied { read } for comm="NativeThread" name="unix" dev="proc" ino=4026532289 scontext=u:r:untrusted_app_27:s0:c512,c768 tcontext=u:object_r:proc_net:s0 tclass=file permissive=0 app=com.alibaba.android.rimet
09-23 01:20:32.355 I/auditd ( 3555): type=1400 audit(0.0:38266): avc: denied { read } for comm="NativeThread" name="unix" dev="proc" ino=4026532289 scontext=u:r:untrusted_app_27:s0:c512,c768 tcontext=u:object_r:proc_net:s0 tclass=file permissive=0 app=com.alibaba.android.rimet
09-23 01:20:32.363 I/auditd ( 3555): type=1400 audit(0.0:38267): avc: denied { read } for comm="NativeThread" name="version" dev="proc" ino=4026532265 scontext=u:r:untrusted_app_27:s0:c512,c768 tcontext=u:object_r:proc_version:s0 tclass=file permissive=0 app=com.alibaba.android.rimet
09-23 01:20:32.363 I/auditd ( 3555): type=1400 audit(0.0:38268): avc: denied { ioctl } for comm="NativeThread" path="socket:[562994]" dev="sockfs" ino=562994 ioctlcmd=0x8927 scontext=u:r:untrusted_app_27:s0:c512,c768 tcontext=u:r:untrusted_app_27:s0:c512,c768 tclass=udp_socket permissive=0 app=com.alibaba.android.rimet
09-23 01:20:32.363 I/auditd ( 3555): type=1400 audit(0.0:38269): avc: denied { ioctl } for comm="NativeThread" path="socket:[562994]" dev="sockfs" ino=562994 ioctlcmd=0x8927 scontext=u:r:untrusted_app_27:s0:c512,c768 tcontext=u:r:untrusted_app_27:s0:c512,c768 tclass=udp_socket permissive=0 app=com.alibaba.android.rimet
09-23 01:20:32.363 I/auditd ( 3555): type=1400 audit(0.0:38270): avc: denied { ioctl } for comm="NativeThread" path="socket:[562994]" dev="sockfs" ino=562994 ioctlcmd=0x8927 scontext=u:r:untrusted_app_27:s0:c512,c768 tcontext=u:r:untrusted_app_27:s0:c512,c768 tclass=udp_socket permissive=0 app=com.alibaba.android.rimet
09-23 01:20:33.639 I/input_interaction( 1489): Interaction with: 913cdb2 NotificationShade (server), edge-swipe (server), swipe-up (server), PointerEventDispatcher0 (server),
09-23 01:20:33.775 I/sysui_multi_action( 1834): [757,925,758,4,759,0,927,2,928,0,1592,0,1593,1]
09-23 01:20:33.799 I/input_focus( 1489): [Focus request 456c4b5 com.android.settings/com.android.settings.Settings,reason=UpdateInputWindows]
09-23 01:20:33.830 I/input_focus( 1489): [Focus leaving 913cdb2 NotificationShade (server),reason=NOT_FOCUSABLE]
09-23 01:20:33.830 I/input_focus( 1489): [Focus entering 456c4b5 com.android.settings/com.android.settings.Settings (server),reason=setFocusedWindow]
09-23 01:20:34.048 I/sysui_multi_action( 1834): [757,111,758,2]
09-23 01:20:34.049 I/sysui_multi_action( 1834): [757,111,758,2]
09-23 01:20:34.049 I/notification_enqueue( 1489): [10081,1834,com.android.systemui,2048,NULL,0,Notification(channel=updateNotification shortcut=null contentView=null vibrate=null sound=null defaults=0x0 flags=0x0 color=0x00000000 vis=PRIVATE),1]
09-23 01:20:34.053 I/sysui_multi_action( 1834): [757,111,758,1]
09-23 01:20:34.053 I/sysui_multi_action( 1834): [757,126,758,1,759,126,927,0,928,1,1593,0]
09-23 01:20:34.053 I/sysui_multi_action( 1834): [757,113,758,1,759,113,927,1,928,1,1593,0]
09-23 01:20:34.053 I/sysui_multi_action( 1834): [757,0,758,1,759,0,927,2,928,0,1593,0]
09-23 01:20:34.054 I/sysui_multi_action( 1834): [757,0,758,1,759,0,927,3,928,0,1593,0]
09-23 01:20:34.054 I/sysui_multi_action( 1834): [757,1706,758,1,759,1706,927,4,928,0,1593,1]
09-23 01:20:34.054 I/sysui_multi_action( 1834): [757,491,758,1,759,491,927,5,928,0,1311,-1,1593,0]
09-23 01:20:34.054 I/sysui_multi_action( 1834): [757,0,758,1,759,0,927,6,928,0,1593,0]
09-23 01:20:34.055 I/sysui_multi_action( 1834): [757,114,758,1,759,114,927,7,928,0,1593,0]
09-23 01:20:34.055 I/sysui_multi_action( 1834): [757,111,758,1]
09-23 01:20:34.055 I/sysui_multi_action( 1834): [757,126,758,1,759,126,927,0,928,1,1593,1]
09-23 01:20:34.055 I/sysui_multi_action( 1834): [757,113,758,1,759,113,927,1,928,1,1593,1]
09-23 01:20:34.055 I/sysui_multi_action( 1834): [757,0,758,1,759,0,927,2,928,0,1593,1]
09-23 01:20:34.055 I/sysui_multi_action( 1834): [757,0,758,1,759,0,927,3,928,0,1593,1]
09-23 01:20:34.067 I/sysui_multi_action( 1834): [757,111,758,2]
09-23 01:20:34.067 I/notification_enqueue( 1489): [10081,1834,com.android.systemui,2048,NULL,0,Notification(channel=updateNotification shortcut=null contentView=null vibrate=null sound=null defaults=0x0 flags=0x0 color=0x00000000 vis=PRIVATE),1]
09-23 01:20:34.067 I/sysui_multi_action( 1834): [757,111,758,2]
09-23 01:20:34.072 I/sysui_multi_action( 1834): [757,111,758,1]
09-23 01:20:34.072 I/sysui_multi_action( 1834): [757,126,758,1,759,126,927,0,928,1,1593,1]
09-23 01:20:34.072 I/sysui_multi_action( 1834): [757,113,758,1,759,113,927,1,928,1,1593,1]
09-23 01:20:34.072 I/sysui_multi_action( 1834): [757,0,758,1,759,0,927,2,928,0,1593,1]
09-23 01:20:34.072 I/sysui_multi_action( 1834): [757,0,758,1,759,0,927,3,928,0,1593,0]
09-23 01:20:34.072 I/sysui_multi_action( 1834): [757,1706,758,1,759,1706,927,4,928,0,1593,0]
09-23 01:20:34.073 I/sysui_multi_action( 1834): [757,491,758,1,759,491,927,5,928,0,1311,-1,1593,1]
09-23 01:20:34.073 I/sysui_multi_action( 1834): [757,0,758,1,759,0,927,6,928,0,1593,1]
09-23 01:20:34.073 I/sysui_multi_action( 1834): [757,114,758,1,759,114,927,7,928,0,1593,0]
09-23 01:20:34.073 I/sysui_multi_action( 1834): [757,111,758,1]
09-23 01:20:34.073 I/sysui_multi_action( 1834): [757,126,758,1,759,126,927,0,928,1,1593,0]
09-23 01:20:34.073 I/sysui_multi_action( 1834): [757,113,758,1,759,113,927,1,928,1,1593,0]
09-23 01:20:34.073 I/sysui_multi_action( 1834): [757,0,758,1,759,0,927,2,928,0,1593,0]
09-23 01:20:34.073 I/sysui_multi_action( 1834): [757,0,758,1,759,0,927,3,928,0,1593,0]
09-23 01:20:34.080 I/sysui_multi_action( 1834): [757,111,758,2]
09-23 01:20:34.080 I/notification_enqueue( 1489): [10081,1834,com.android.systemui,2048,NULL,0,Notification(channel=updateNotification shortcut=null contentView=null vibrate=null sound=null defaults=0x0 flags=0x0 color=0x00000000 vis=PRIVATE),1]
09-23 01:20:34.081 I/sysui_multi_action( 1834): [757,111,758,2]
09-23 01:20:34.084 I/sysui_multi_action( 1834): [757,111,758,1]
09-23 01:20:34.084 I/sysui_multi_action( 1834): [757,126,758,1,759,126,927,0,928,1,1593,1]
09-23 01:20:34.084 I/sysui_multi_action( 1834): [757,113,758,1,759,113,927,1,928,1,1593,1]
09-23 01:20:34.084 I/sysui_multi_action( 1834): [757,0,758,1,759,0,927,2,928,0,1593,1]
09-23 01:20:34.084 I/sysui_multi_action( 1834): [757,0,758,1,759,0,927,3,928,0,1593,1]
09-23 01:20:34.084 I/sysui_multi_action( 1834): [757,1706,758,1,759,1706,927,4,928,0,1593,1]
09-23 01:20:34.085 I/sysui_multi_action( 1834): [757,491,758,1,759,491,927,5,928,0,1311,-1,1593,1]
09-23 01:20:34.085 I/sysui_multi_action( 1834): [757,0,758,1,759,0,927,6,928,0,1593,1]
09-23 01:20:34.085 I/sysui_multi_action( 1834): [757,114,758,1,759,114,927,7,928,0,1593,1]
09-23 01:20:34.085 I/sysui_multi_action( 1834): [757,111,758,1]
09-23 01:20:34.085 I/sysui_multi_action( 1834): [757,126,758,1,759,126,927,0,928,1,1593,1]
09-23 01:20:34.085 I/sysui_multi_action( 1834): [757,113,758,1,759,113,927,1,928,1,1593,1]
09-23 01:20:34.085 I/sysui_multi_action( 1834): [757,0,758,1,759,0,927,2,928,0,1593,1]
09-23 01:20:34.085 I/sysui_multi_action( 1834): [757,0,758,1,759,0,927,3,928,0,1593,1]
09-23 01:20:34.097 I/sysui_multi_action( 1834): [757,111,758,2]
09-23 01:20:34.097 I/sysui_multi_action( 1834): [757,111,758,2]
09-23 01:20:34.097 I/notification_enqueue( 1489): [10081,1834,com.android.systemui,2048,NULL,0,Notification(channel=updateNotification shortcut=null contentView=null vibrate=null sound=null defaults=0x0 flags=0x0 color=0x00000000 vis=PRIVATE),1]
09-23 01:20:34.100 I/sysui_multi_action( 1834): [757,111,758,1]
09-23 01:20:34.100 I/sysui_multi_action( 1834): [757,126,758,1,759,126,927,0,928,1,1593,1]
09-23 01:20:34.100 I/sysui_multi_action( 1834): [757,113,758,1,759,113,927,1,928,1,1593,1]
09-23 01:20:34.100 I/sysui_multi_action( 1834): [757,0,758,1,759,0,927,2,928,0,1593,1]
09-23 01:20:34.100 I/sysui_multi_action( 1834): [757,0,758,1,759,0,927,3,928,0,1593,1]
09-23 01:20:34.100 I/sysui_multi_action( 1834): [757,1706,758,1,759,1706,927,4,928,0,1593,1]
09-23 01:20:34.101 I/sysui_multi_action( 1834): [757,491,758,1,759,491,927,5,928,0,1311,-1,1593,1]
09-23 01:20:34.101 I/sysui_multi_action( 1834): [757,0,758,1,759,0,927,6,928,0,1593,1]
09-23 01:20:34.101 I/sysui_multi_action( 1834): [757,114,758,1,759,114,927,7,928,0,1593,1]
09-23 01:20:34.101 I/sysui_multi_action( 1834): [757,111,758,1]
09-23 01:20:34.101 I/sysui_multi_action( 1834): [757,126,758,1,759,126,927,0,928,1,1593,1]
09-23 01:20:34.101 I/sysui_multi_action( 1834): [757,113,758,1,759,113,927,1,928,1,1593,1]
09-23 01:20:34.101 I/sysui_multi_action( 1834): [757,0,758,1,759,0,927,2,928,0,1593,1]
09-23 01:20:34.101 I/sysui_multi_action( 1834): [757,0,758,1,759,0,927,3,928,0,1593,1]
09-23 01:20:34.113 I/sysui_multi_action( 1834): [757,111,758,2]
09-23 01:20:34.113 I/notification_enqueue( 1489): [10081,1834,com.android.systemui,2048,NULL,0,Notification(channel=updateNotification shortcut=null contentView=null vibrate=null sound=null defaults=0x0 flags=0x0 color=0x00000000 vis=PRIVATE),1]
09-23 01:20:34.113 I/sysui_multi_action( 1834): [757,111,758,2]
09-23 01:20:34.117 I/sysui_multi_action( 1834): [757,111,758,1]
09-23 01:20:34.117 I/sysui_multi_action( 1834): [757,126,758,1,759,126,927,0,928,1,1593,1]
09-23 01:20:34.117 I/sysui_multi_action( 1834): [757,113,758,1,759,113,927,1,928,1,1593,1]
09-23 01:20:34.117 I/sysui_multi_action( 1834): [757,0,758,1,759,0,927,2,928,0,1593,1]
09-23 01:20:34.117 I/sysui_multi_action( 1834): [757,0,758,1,759,0,927,3,928,0,1593,1]
09-23 01:20:34.117 I/sysui_multi_action( 1834): [757,1706,758,1,759,1706,927,4,928,0,1593,1]
09-23 01:20:34.117 I/sysui_multi_action( 1834): [757,491,758,1,759,491,927,5,928,0,1311,-1,1593,1]
09-23 01:20:34.117 I/sysui_multi_action( 1834): [757,0,758,1,759,0,927,6,928,0,1593,1]
09-23 01:20:34.117 I/sysui_multi_action( 1834): [757,114,758,1,759,114,927,7,928,0,1593,1]
09-23 01:20:34.117 I/sysui_multi_action( 1834): [757,111,758,1]
09-23 01:20:34.118 I/sysui_multi_action( 1834): [757,126,758,1,759,126,927,0,928,1,1593,0]
09-23 01:20:34.118 I/sysui_multi_action( 1834): [757,113,758,1,759,113,927,1,928,1,1593,0]
09-23 01:20:34.118 I/sysui_multi_action( 1834): [757,0,758,1,759,0,927,2,928,0,1593,0]
09-23 01:20:34.118 I/sysui_multi_action( 1834): [757,0,758,1,759,0,927,3,928,0,1593,0]
09-23 01:20:34.130 I/sysui_multi_action( 1834): [757,111,758,2]
09-23 01:20:34.130 I/notification_enqueue( 1489): [10081,1834,com.android.systemui,2048,NULL,0,Notification(channel=updateNotification shortcut=null contentView=null vibrate=null sound=null defaults=0x0 flags=0x0 color=0x00000000 vis=PRIVATE),1]
09-23 01:20:34.130 I/sysui_multi_action( 1834): [757,111,758,2]
09-23 01:20:34.134 I/sysui_multi_action( 1834): [757,111,758,1]
09-23 01:20:34.134 I/sysui_multi_action( 1834): [757,126,758,1,759,126,927,0,928,1,1593,0]
09-23 01:20:34.134 I/sysui_multi_action( 1834): [757,113,758,1,759,113,927,1,928,1,1593,0]
09-23 01:20:34.134 I/sysui_multi_action( 1834): [757,0,758,1,759,0,927,2,928,0,1593,0]
09-23 01:20:34.135 I/sysui_multi_action( 1834): [757,0,758,1,759,0,927,3,928,0,1593,0]
09-23 01:20:34.135 I/sysui_multi_action( 1834): [757,1706,758,1,759,1706,927,4,928,0,1593,0]
09-23 01:20:34.135 I/sysui_multi_action( 1834): [757,491,758,1,759,491,927,5,928,0,1311,-1,1593,0]
09-23 01:20:34.135 I/sysui_multi_action( 1834): [757,0,758,1,759,0,927,6,928,0,1593,0]
09-23 01:20:34.135 I/sysui_multi_action( 1834): [757,114,758,1,759,114,927,7,928,0,1593,0]
09-23 01:20:34.135 I/sysui_multi_action( 1834): [757,111,758,1]
09-23 01:20:34.135 I/sysui_multi_action( 1834): [757,126,758,1,759,126,927,0,928,1,1593,1]
09-23 01:20:34.135 I/sysui_multi_action( 1834): [757,113,758,1,759,113,927,1,928,1,1593,1]
09-23 01:20:34.135 I/sysui_multi_action( 1834): [757,0,758,1,759,0,927,2,928,0,1593,1]
09-23 01:20:34.136 I/sysui_multi_action( 1834): [757,0,758,1,759,0,927,3,928,0,1593,1]
09-23 01:20:34.147 I/sysui_multi_action( 1834): [757,111,758,2]
09-23 01:20:34.147 I/notification_enqueue( 1489): [10081,1834,com.android.systemui,2048,NULL,0,Notification(channel=updateNotification shortcut=null contentView=null vibrate=null sound=null defaults=0x0 flags=0x0 color=0x00000000 vis=PRIVATE),1]
09-23 01:20:34.147 I/sysui_multi_action( 1834): [757,111,758,2]
09-23 01:20:34.151 I/sysui_multi_action( 1834): [757,111,758,1]
09-23 01:20:34.151 I/sysui_multi_action( 1834): [757,126,758,1,759,126,927,0,928,1,1593,0]
09-23 01:20:34.151 I/sysui_multi_action( 1834): [757,113,758,1,759,113,927,1,928,1,1593,0]
09-23 01:20:34.151 I/sysui_multi_action( 1834): [757,0,758,1,759,0,927,2,928,0,1593,0]
09-23 01:20:34.151 I/sysui_multi_action( 1834): [757,0,758,1,759,0,927,3,928,0,1593,0]
09-23 01:20:34.151 I/sysui_multi_action( 1834): [757,1706,758,1,759,1706,927,4,928,0,1593,0]
09-23 01:20:34.152 I/sysui_multi_action( 1834): [757,491,758,1,759,491,927,5,928,0,1311,-1,1593,0]
09-23 01:20:34.152 I/sysui_multi_action( 1834): [757,0,758,1,759,0,927,6,928,0,1593,0]
09-23 01:20:34.152 I/sysui_multi_action( 1834): [757,114,758,1,759,114,927,7,928,0,1593,0]
09-23 01:20:34.152 I/sysui_multi_action( 1834): [757,111,758,1]
09-23 01:20:34.152 I/sysui_multi_action( 1834): [757,126,758,1,759,126,927,0,928,1,1593,1]
09-23 01:20:34.152 I/sysui_multi_action( 1834): [757,113,758,1,759,113,927,1,928,1,1593,1]
09-23 01:20:34.152 I/sysui_multi_action( 1834): [757,0,758,1,759,0,927,2,928,0,1593,1]
09-23 01:20:34.152 I/sysui_multi_action( 1834): [757,0,758,1,759,0,927,3,928,0,1593,1]
09-23 01:20:34.163 I/sysui_multi_action( 1834): [757,111,758,2]
09-23 01:20:34.164 I/notification_enqueue( 1489): [10081,1834,com.android.systemui,2048,NULL,0,Notification(channel=updateNotification shortcut=null contentView=null vibrate=null sound=null defaults=0x0 flags=0x0 color=0x00000000 vis=PRIVATE),1]
09-23 01:20:34.164 I/sysui_multi_action( 1834): [757,111,758,2]
09-23 01:20:34.167 I/sysui_multi_action( 1834): [757,111,758,1]
09-23 01:20:34.167 I/sysui_multi_action( 1834): [757,126,758,1,759,126,927,0,928,1,1593,1]
09-23 01:20:34.167 I/sysui_multi_action( 1834): [757,113,758,1,759,113,927,1,928,1,1593,1]
09-23 01:20:34.167 I/sysui_multi_action( 1834): [757,0,758,1,759,0,927,2,928,0,1593,1]
09-23 01:20:34.167 I/sysui_multi_action( 1834): [757,0,758,1,759,0,927,3,928,0,1593,1]
09-23 01:20:34.167 I/sysui_multi_action( 1834): [757,1706,758,1,759,1706,927,4,928,0,1593,1]
09-23 01:20:34.168 I/sysui_multi_action( 1834): [757,491,758,1,759,491,927,5,928,0,1311,-1,1593,0]
09-23 01:20:34.168 I/sysui_multi_action( 1834): [757,0,758,1,759,0,927,6,928,0,1593,0]
09-23 01:20:34.168 I/sysui_multi_action( 1834): [757,114,758,1,759,114,927,7,928,0,1593,0]
09-23 01:20:34.168 I/sysui_multi_action( 1834): [757,111,758,1]
09-23 01:20:34.168 I/sysui_multi_action( 1834): [757,126,758,1,759,126,927,0,928,1,1593,1]
09-23 01:20:34.168 I/sysui_multi_action( 1834): [757,113,758,1,759,113,927,1,928,1,1593,1]
09-23 01:20:34.168 I/sysui_multi_action( 1834): [757,0,758,1,759,0,927,2,928,0,1593,1]
09-23 01:20:34.168 I/sysui_multi_action( 1834): [757,0,758,1,759,0,927,3,928,0,1593,1]
09-23 01:20:34.180 I/sysui_multi_action( 1834): [757,111,758,2]
09-23 01:20:34.180 I/notification_enqueue( 1489): [10081,1834,com.android.systemui,2048,NULL,0,Notification(channel=updateNotification shortcut=null contentView=null vibrate=null sound=null defaults=0x0 flags=0x0 color=0x00000000 vis=PRIVATE),1]
09-23 01:20:34.180 I/sysui_multi_action( 1834): [757,111,758,2]
09-23 01:20:34.184 I/sysui_multi_action( 1834): [757,111,758,1]
09-23 01:20:34.184 I/sysui_multi_action( 1834): [757,126,758,1,759,126,927,0,928,1,1593,1]
09-23 01:20:34.184 I/sysui_multi_action( 1834): [757,113,758,1,759,113,927,1,928,1,1593,1]
09-23 01:20:34.184 I/sysui_multi_action( 1834): [757,0,758,1,759,0,927,2,928,0,1593,1]
09-23 01:20:34.184 I/sysui_multi_action( 1834): [757,0,758,1,759,0,927,3,928,0,1593,1]
09-23 01:20:34.184 I/sysui_multi_action( 1834): [757,1706,758,1,759,1706,927,4,928,0,1593,1]
09-23 01:20:34.184 I/sysui_multi_action( 1834): [757,491,758,1,759,491,927,5,928,0,1311,-1,1593,0]
09-23 01:20:34.184 I/sysui_multi_action( 1834): [757,0,758,1,759,0,927,6,928,0,1593,0]
09-23 01:20:34.185 I/sysui_multi_action( 1834): [757,114,758,1,759,114,927,7,928,0,1593,0]
09-23 01:20:34.185 I/sysui_multi_action( 1834): [757,111,758,1]
09-23 01:20:34.185 I/sysui_multi_action( 1834): [757,126,758,1,759,126,927,0,928,1,1593,1]
09-23 01:20:34.185 I/sysui_multi_action( 1834): [757,113,758,1,759,113,927,1,928,1,1593,1]
09-23 01:20:34.185 I/sysui_multi_action( 1834): [757,0,758,1,759,0,927,2,928,0,1593,1]
09-23 01:20:34.185 I/sysui_multi_action( 1834): [757,0,758,1,759,0,927,3,928,0,1593,1]
09-23 01:20:34.197 I/sysui_multi_action( 1834): [757,111,758,2]
09-23 01:20:34.197 I/notification_enqueue( 1489): [10081,1834,com.android.systemui,2048,NULL,0,Notification(channel=updateNotification shortcut=null contentView=null vibrate=null sound=null defaults=0x0 flags=0x0 color=0x00000000 vis=PRIVATE),1]
09-23 01:20:34.197 I/sysui_multi_action( 1834): [757,111,758,2]
09-23 01:20:34.200 I/sysui_multi_action( 1834): [757,111,758,1]
09-23 01:20:34.200 I/sysui_multi_action( 1834): [757,126,758,1,759,126,927,0,928,1,1593,0]
09-23 01:20:34.200 I/sysui_multi_action( 1834): [757,113,758,1,759,113,927,1,928,1,1593,1]
09-23 01:20:34.200 I/sysui_multi_action( 1834): [757,0,758,1,759,0,927,2,928,0,1593,1]
09-23 01:20:34.201 I/sysui_multi_action( 1834): [757,0,758,1,759,0,927,3,928,0,1593,1]
09-23 01:20:34.201 I/sysui_multi_action( 1834): [757,1706,758,1,759,1706,927,4,928,0,1593,1]
09-23 01:20:34.201 I/sysui_multi_action( 1834): [757,491,758,1,759,491,927,5,928,0,1311,-1,1593,0]
09-23 01:20:34.201 I/sysui_multi_action( 1834): [757,0,758,1,759,0,927,6,928,0,1593,0]
09-23 01:20:34.201 I/sysui_multi_action( 1834): [757,114,758,1,759,114,927,7,928,0,1593,0]
09-23 01:20:34.201 I/sysui_multi_action( 1834): [757,111,758,1]
09-23 01:20:34.201 I/sysui_multi_action( 1834): [757,126,758,1,759,126,927,0,928,1,1593,1]
09-23 01:20:34.201 I/sysui_multi_action( 1834): [757,113,758,1,759,113,927,1,928,1,1593,1]
09-23 01:20:34.201 I/sysui_multi_action( 1834): [757,0,758,1,759,0,927,2,928,0,1593,1]
09-23 01:20:34.201 I/sysui_multi_action( 1834): [757,0,758,1,759,0,927,3,928,0,1593,1]
09-23 01:20:34.213 I/sysui_multi_action( 1834): [757,111,758,2]
09-23 01:20:34.213 I/notification_enqueue( 1489): [10081,1834,com.android.systemui,2048,NULL,0,Notification(channel=updateNotification shortcut=null contentView=null vibrate=null sound=null defaults=0x0 flags=0x0 color=0x00000000 vis=PRIVATE),1]
09-23 01:20:34.213 I/sysui_multi_action( 1834): [757,111,758,2]
09-23 01:20:34.217 I/sysui_multi_action( 1834): [757,111,758,1]
09-23 01:20:34.217 I/sysui_multi_action( 1834): [757,126,758,1,759,126,927,0,928,1,1593,1]
09-23 01:20:34.217 I/sysui_multi_action( 1834): [757,113,758,1,759,113,927,1,928,1,1593,1]
09-23 01:20:34.217 I/sysui_multi_action( 1834): [757,0,758,1,759,0,927,2,928,0,1593,1]
09-23 01:20:34.217 I/sysui_multi_action( 1834): [757,0,758,1,759,0,927,3,928,0,1593,1]
09-23 01:20:34.217 I/sysui_multi_action( 1834): [757,1706,758,1,759,1706,927,4,928,0,1593,1]
09-23 01:20:34.217 I/sysui_multi_action( 1834): [757,491,758,1,759,491,927,5,928,0,1311,-1,1593,0]
09-23 01:20:34.217 I/sysui_multi_action( 1834): [757,0,758,1,759,0,927,6,928,0,1593,0]
09-23 01:20:34.217 I/sysui_multi_action( 1834): [757,114,758,1,759,114,927,7,928,0,1593,0]
09-23 01:20:34.217 I/sysui_multi_action( 1834): [757,111,758,1]
09-23 01:20:34.217 I/sysui_multi_action( 1834): [757,126,758,1,759,126,927,0,928,1,1593,1]
09-23 01:20:34.217 I/sysui_multi_action( 1834): [757,113,758,1,759,113,927,1,928,1,1593,1]
09-23 01:20:34.217 I/sysui_multi_action( 1834): [757,0,758,1,759,0,927,2,928,0,1593,1]
09-23 01:20:34.217 I/sysui_multi_action( 1834): [757,0,758,1,759,0,927,3,928,0,1593,1]
09-23 01:20:34.230 I/sysui_multi_action( 1834): [757,111,758,2]
09-23 01:20:34.230 I/sysui_multi_action( 1834): [757,111,758,2]
09-23 01:20:34.234 I/sysui_multi_action( 1834): [757,111,758,1]
09-23 01:20:34.234 I/sysui_multi_action( 1834): [757,126,758,1,759,126,927,0,928,1,1593,1]
09-23 01:20:34.234 I/sysui_multi_action( 1834): [757,113,758,1,759,113,927,1,928,1,1593,1]
09-23 01:20:34.234 I/sysui_multi_action( 1834): [757,0,758,1,759,0,927,2,928,0,1593,1]
09-23 01:20:34.234 I/sysui_multi_action( 1834): [757,0,758,1,759,0,927,3,928,0,1593,1]
09-23 01:20:34.234 I/sysui_multi_action( 1834): [757,1706,758,1,759,1706,927,4,928,0,1593,1]
09-23 01:20:34.234 I/sysui_multi_action( 1834): [757,491,758,1,759,491,927,5,928,0,1311,-1,1593,0]
09-23 01:20:34.234 I/sysui_multi_action( 1834): [757,0,758,1,759,0,927,6,928,0,1593,0]
09-23 01:20:34.234 I/sysui_multi_action( 1834): [757,114,758,1,759,114,927,7,928,0,1593,0]
09-23 01:20:34.235 I/sysui_multi_action( 1834): [757,111,758,1]
09-23 01:20:34.235 I/sysui_multi_action( 1834): [757,126,758,1,759,126,927,0,928,1,1593,1]
09-23 01:20:34.235 I/sysui_multi_action( 1834): [757,113,758,1,759,113,927,1,928,1,1593,1]
09-23 01:20:34.235 I/sysui_multi_action( 1834): [757,0,758,1,759,0,927,2,928,0,1593,1]
09-23 01:20:34.235 I/sysui_multi_action( 1834): [757,0,758,1,759,0,927,3,928,0,1593,1]
09-23 01:20:34.235 I/notification_enqueue( 1489): [10081,1834,com.android.systemui,2048,NULL,0,Notification(channel=updateNotification shortcut=null contentView=null vibrate=null sound=null defaults=0x0 flags=0x0 color=0x00000000 vis=PRIVATE),1]
09-23 01:20:34.243 I/auditd ( 3555): type=1400 audit(0.0:38283): avc: granted { nlmsg_readpriv } for comm="DaemonThread-6" scontext=u:r:untrusted_app_27:s0:c512,c768 tcontext=u:r:untrusted_app_27:s0:c512,c768 tclass=netlink_route_socket app=com.alibaba.android.rimet
09-23 01:20:34.247 I/sysui_multi_action( 1834): [757,111,758,2]
09-23 01:20:34.247 I/sysui_multi_action( 1834): [757,111,758,2]
09-23 01:20:34.250 I/notification_enqueue( 1489): [10081,1834,com.android.systemui,2048,NULL,0,Notification(channel=updateNotification shortcut=null contentView=null vibrate=null sound=null defaults=0x0 flags=0x0 color=0x00000000 vis=PRIVATE),1]
09-23 01:20:34.251 I/sysui_multi_action( 1834): [757,111,758,1]
09-23 01:20:34.251 I/sysui_multi_action( 1834): [757,126,758,1,759,126,927,0,928,1,1593,1]
09-23 01:20:34.251 I/sysui_multi_action( 1834): [757,113,758,1,759,113,927,1,928,1,1593,1]
09-23 01:20:34.251 I/sysui_multi_action( 1834): [757,0,758,1,759,0,927,2,928,0,1593,1]
09-23 01:20:34.251 I/sysui_multi_action( 1834): [757,0,758,1,759,0,927,3,928,0,1593,1]
09-23 01:20:34.251 I/sysui_multi_action( 1834): [757,1706,758,1,759,1706,927,4,928,0,1593,1]
09-23 01:20:34.252 I/sysui_multi_action( 1834): [757,491,758,1,759,491,927,5,928,0,1311,-1,1593,0]
09-23 01:20:34.252 I/sysui_multi_action( 1834): [757,0,758,1,759,0,927,6,928,0,1593,0]
09-23 01:20:34.252 I/sysui_multi_action( 1834): [757,114,758,1,759,114,927,7,928,0,1593,0]
09-23 01:20:34.252 I/sysui_multi_action( 1834): [757,111,758,1]
09-23 01:20:34.252 I/sysui_multi_action( 1834): [757,126,758,1,759,126,927,0,928,1,1593,1]
09-23 01:20:34.252 I/sysui_multi_action( 1834): [757,113,758,1,759,113,927,1,928,1,1593,1]
09-23 01:20:34.252 I/sysui_multi_action( 1834): [757,0,758,1,759,0,927,2,928,0,1593,1]
09-23 01:20:34.252 I/sysui_multi_action( 1834): [757,0,758,1,759,0,927,3,928,0,1593,1]
09-23 01:20:34.252 I/sysui_multi_action( 1489): [757,1501,758,1,793,10421508,794,0,795,205,796,2048,806,com.android.systemui,857,updateNotification,858,3,947,0,1500,0,1688,1]
09-23 01:20:34.252 I/sysui_multi_action( 1489): [757,804,799,note_interruptive,801,0,802,1]
09-23 01:20:34.253 I/sysui_multi_action( 1489): [757,199,758,1,759,2,793,10421508,794,0,795,205,796,2048,806,com.android.systemui,857,updateNotification,858,3,947,0,1500,0,1688,1]
09-23 01:20:34.253 I/notification_alert( 1489): [0|com.android.systemui|2048|null|10081,0,1,0]
09-23 01:20:34.268 I/sysui_multi_action( 1834): [757,111,758,2]
09-23 01:20:34.268 I/notification_enqueue( 1489): [10081,1834,com.android.systemui,2048,NULL,0,Notification(channel=updateNotification shortcut=null contentView=null vibrate=null sound=null defaults=0x0 flags=0x0 color=0x00000000 vis=PRIVATE),1]
09-23 01:20:34.268 I/sysui_multi_action( 1834): [757,111,758,2]
09-23 01:20:34.271 I/sysui_multi_action( 1834): [757,111,758,1]
09-23 01:20:34.271 I/sysui_multi_action( 1834): [757,126,758,1,759,126,927,0,928,1,1593,1]
09-23 01:20:34.271 I/sysui_multi_action( 1834): [757,113,758,1,759,113,927,1,928,1,1593,1]
09-23 01:20:34.271 I/sysui_multi_action( 1834): [757,0,758,1,759,0,927,2,928,0,1593,1]
09-23 01:20:34.271 I/sysui_multi_action( 1834): [757,0,758,1,759,0,927,3,928,0,1593,1]
09-23 01:20:34.271 I/sysui_multi_action( 1834): [757,1706,758,1,759,1706,927,4,928,0,1593,1]
09-23 01:20:34.272 I/sysui_multi_action( 1834): [757,491,758,1,759,491,927,5,928,0,1311,-1,1593,0]
09-23 01:20:34.272 I/sysui_multi_action( 1834): [757,0,758,1,759,0,927,6,928,0,1593,0]
09-23 01:20:34.272 I/sysui_multi_action( 1834): [757,114,758,1,759,114,927,7,928,0,1593,0]
09-23 01:20:34.272 I/sysui_multi_action( 1834): [757,111,758,1]
09-23 01:20:34.272 I/sysui_multi_action( 1834): [757,126,758,1,759,126,927,0,928,1,1593,1]
09-23 01:20:34.272 I/sysui_multi_action( 1834): [757,113,758,1,759,113,927,1,928,1,1593,1]
09-23 01:20:34.272 I/sysui_multi_action( 1834): [757,0,758,1,759,0,927,2,928,0,1593,1]
09-23 01:20:34.272 I/sysui_multi_action( 1834): [757,0,758,1,759,0,927,3,928,0,1593,1]
09-23 01:20:34.281 I/sysui_multi_action( 1834): [757,111,758,2]
09-23 01:20:34.281 I/notification_enqueue( 1489): [10081,1834,com.android.systemui,2048,NULL,0,Notification(channel=updateNotification shortcut=null contentView=null vibrate=null sound=null defaults=0x0 flags=0x0 color=0x00000000 vis=PRIVATE),1]
09-23 01:20:34.281 I/sysui_multi_action( 1834): [757,111,758,2]
09-23 01:20:34.287 I/sysui_multi_action( 1834): [757,111,758,1]
09-23 01:20:34.287 I/sysui_multi_action( 1834): [757,126,758,1,759,126,927,0,928,1,1593,1]
09-23 01:20:34.287 I/sysui_multi_action( 1834): [757,113,758,1,759,113,927,1,928,1,1593,1]
09-23 01:20:34.287 I/sysui_multi_action( 1834): [757,0,758,1,759,0,927,2,928,0,1593,1]
09-23 01:20:34.287 I/sysui_multi_action( 1834): [757,0,758,1,759,0,927,3,928,0,1593,1]
09-23 01:20:34.287 I/sysui_multi_action( 1834): [757,1706,758,1,759,1706,927,4,928,0,1593,1]
09-23 01:20:34.287 I/sysui_multi_action( 1834): [757,491,758,1,759,491,927,5,928,0,1311,-1,1593,0]
09-23 01:20:34.287 I/sysui_multi_action( 1834): [757,0,758,1,759,0,927,6,928,0,1593,0]
09-23 01:20:34.287 I/sysui_multi_action( 1834): [757,114,758,1,759,114,927,7,928,0,1593,0]
09-23 01:20:34.287 I/sysui_multi_action( 1834): [757,111,758,1]
09-23 01:20:34.287 I/sysui_multi_action( 1834): [757,126,758,1,759,126,927,0,928,1,1593,1]
09-23 01:20:34.287 I/sysui_multi_action( 1834): [757,113,758,1,759,113,927,1,928,1,1593,1]
09-23 01:20:34.287 I/sysui_multi_action( 1834): [757,0,758,1,759,0,927,2,928,0,1593,1]
09-23 01:20:34.287 I/sysui_multi_action( 1834): [757,0,758,1,759,0,927,3,928,0,1593,1]
09-23 01:20:34.297 I/sysui_multi_action( 1834): [757,111,758,2]
09-23 01:20:34.297 I/sysui_multi_action( 1834): [757,111,758,2]
09-23 01:20:34.299 I/notification_enqueue( 1489): [10081,1834,com.android.systemui,2048,NULL,0,Notification(channel=updateNotification shortcut=null contentView=null vibrate=null sound=null defaults=0x0 flags=0x0 color=0x00000000 vis=PRIVATE),1]
09-23 01:20:34.300 I/sysui_multi_action( 1834): [757,111,758,1]
09-23 01:20:34.300 I/sysui_multi_action( 1834): [757,126,758,1,759,126,927,0,928,1,1593,1]
09-23 01:20:34.300 I/sysui_multi_action( 1834): [757,113,758,1,759,113,927,1,928,1,1593,1]
09-23 01:20:34.300 I/sysui_multi_action( 1834): [757,0,758,1,759,0,927,2,928,0,1593,1]
09-23 01:20:34.300 I/sysui_multi_action( 1834): [757,0,758,1,759,0,927,3,928,0,1593,1]
