09-23 01:20:21.939 I/sysui_multi_action( 1834): [757,114,758,1,759,114,927,7,928,0,1593,0]
09-23 01:20:21.939 I/sysui_multi_action( 1834): [757,111,758,1]
09-23 01:20:21.940 I/sysui_multi_action( 1834): [757,126,758,1,759,126,927,0,928,1,1593,0]
09-23 01:20:21.940 I/sysui_multi_action( 1834): [757,113,758,1,759,113,927,1,928,1,1593,0]
09-23 01:20:21.940 I/sysui_multi_action( 1834): [757,0,758,1,759,0,927,2,928,0,1593,0]
09-23 01:20:21.940 I/sysui_multi_action( 1834): [757,0,758,1,759,0,927,3,928,0,1593,0]
09-23 01:20:21.952 I/sysui_multi_action( 1834): [757,111,758,2]
09-23 01:20:21.952 I/sysui_multi_action( 1834): [757,111,758,2]
09-23 01:20:21.952 I/notification_enqueue( 1489): [10081,1834,com.android.systemui,2048,NULL,0,Notification(channel=updateNotification shortcut=null contentView=null vibrate=null sound=null defaults=0x0 flags=0x0 color=0x00000000 vis=PRIVATE),1]
09-23 01:20:21.956 I/sysui_multi_action( 1834): [757,111,758,1]
09-23 01:20:21.956 I/sysui_multi_action( 1834): [757,126,758,1,759,126,927,0,928,1,1593,0]
09-23 01:20:21.956 I/sysui_multi_action( 1834): [757,113,758,1,759,113,927,1,928,1,1593,0]
09-23 01:20:21.956 I/sysui_multi_action( 1834): [757,0,758,1,759,0,927,2,928,0,1593,0]
09-23 01:20:21.956 I/sysui_multi_action( 1834): [757,0,758,1,759,0,927,3,928,0,1593,0]
09-23 01:20:21.956 I/sysui_multi_action( 1834): [757,1706,758,1,759,1706,927,4,928,0,1593,0]
09-23 01:20:21.957 I/sysui_multi_action( 1834): [757,491,758,1,759,491,927,5,928,0,1311,-1,1593,0]
09-23 01:20:21.957 I/sysui_multi_action( 1834): [757,0,758,1,759,0,927,6,928,0,1593,0]
09-23 01:20:21.957 I/sysui_multi_action( 1834): [757,114,758,1,759,114,927,7,928,0,1593,0]
09-23 01:20:21.957 I/sysui_multi_action( 1834): [757,111,758,1]
09-23 01:20:21.957 I/sysui_multi_action( 1834): [757,126,758,1,759,126,927,0,928,1,1593,0]
09-23 01:20:21.957 I/sysui_multi_action( 1834): [757,113,758,1,759,113,927,1,928,1,1593,0]
09-23 01:20:21.957 I/sysui_multi_action( 1834): [757,0,758,1,759,0,927,2,928,0,1593,0]
09-23 01:20:21.957 I/sysui_multi_action( 1834): [757,0,758,1,759,0,927,3,928,0,1593,0]
09-23 01:20:21.969 I/sysui_multi_action( 1834): [757,111,758,2]
09-23 01:20:21.969 I/notification_enqueue( 1489): [10081,1834,com.android.systemui,2048,NULL,0,Notification(channel=updateNotification shortcut=null contentView=null vibrate=null sound=null defaults=0x0 flags=0x0 color=0x00000000 vis=PRIVATE),1]
09-23 01:20:21.969 I/sysui_multi_action( 1834): [757,111,758,2]
09-23 01:20:21.981 I/input_focus( 1489): [Focus request 456c4b5 com.android.settings/com.android.settings.Settings,reason=UpdateInputWindows]
09-23 01:20:21.983 I/sysui_multi_action( 1834): [757,111,758,1]
09-23 01:20:21.983 I/sysui_multi_action( 1834): [757,126,758,1,759,126,927,0,928,1,1593,0]
09-23 01:20:21.983 I/sysui_multi_action( 1834): [757,113,758,1,759,113,927,1,928,1,1593,0]
09-23 01:20:21.983 I/sysui_multi_action( 1834): [757,0,758,1,759,0,927,2,928,0,1593,0]
09-23 01:20:21.983 I/sysui_multi_action( 1834): [757,0,758,1,759,0,927,3,928,0,1593,0]
09-23 01:20:21.983 I/sysui_multi_action( 1834): [757,1706,758,1,759,1706,927,4,928,0,1593,0]
09-23 01:20:21.984 I/sysui_multi_action( 1834): [757,491,758,1,759,491,927,5,928,0,1311,-1,1593,0]
09-23 01:20:21.984 I/sysui_multi_action( 1834): [757,0,758,1,759,0,927,6,928,0,1593,0]
09-23 01:20:21.984 I/sysui_multi_action( 1834): [757,114,758,1,759,114,927,7,928,0,1593,0]
09-23 01:20:21.984 I/sysui_multi_action( 1834): [757,111,758,1]
09-23 01:20:21.984 I/sysui_multi_action( 1834): [757,126,758,1,759,126,927,0,928,1,1593,0]
09-23 01:20:21.985 I/sysui_multi_action( 1834): [757,113,758,1,759,113,927,1,928,1,1593,0]
09-23 01:20:21.985 I/sysui_multi_action( 1834): [757,0,758,1,759,0,927,2,928,0,1593,0]
09-23 01:20:21.985 I/sysui_multi_action( 1834): [757,0,758,1,759,0,927,3,928,0,1593,0]
09-23 01:20:21.993 I/sysui_multi_action( 1834): [757,111,758,2]
09-23 01:20:21.993 I/sysui_multi_action( 1834): [757,111,758,2]
09-23 01:20:21.993 I/notification_enqueue( 1489): [10081,1834,com.android.systemui,2048,NULL,0,Notification(channel=updateNotification shortcut=null contentView=null vibrate=null sound=null defaults=0x0 flags=0x0 color=0x00000000 vis=PRIVATE),1]
09-23 01:20:21.994 I/sysui_multi_action( 1489): [757,128,758,2,793,10390783,794,471,795,10390783,796,26,798,0,806,android,857,DEVELOPER_IMPORTANT,858,4,947,0,1395,4,1500,10390578,1688,1]
09-23 01:20:21.995 I/notification_visibility( 1489): [-1|android|26|null|1000,0,10390783,10390783,0,0]
09-23 01:20:21.995 I/sysui_multi_action( 1489): [757,128,758,2,793,4398956,794,471,795,233844,796,17303299,797,com.android.wifi,798,2,806,android,857,NETWORK_AVAILABLE,858,2,947,0,1395,4,1500,471,1688,1]
09-23 01:20:21.995 I/notification_visibility( 1489): [0|android|17303299|com.android.wifi|1000,0,4398956,233844,0,2]
09-23 01:20:21.996 I/sysui_multi_action( 1489): [757,128,758,2,793,10390788,794,470,795,10390788,796,32,798,3,806,android,857,USB,858,1,947,0,1395,4,1500,10390585,1688,1]
09-23 01:20:21.996 I/notification_visibility( 1489): [-1|android|32|null|1000,0,10390788,10390788,0,3]
09-23 01:20:21.996 I/sysui_multi_action( 1489): [757,128,758,2,793,63180,794,470,795,63180,796,19,798,1,806,android,857,PHYSICAL_KEYBOARD,858,3,947,0,1395,4,1500,62976,1688,1]
09-23 01:20:21.996 I/notification_visibility( 1489): [-1|android|19|null|1000,0,63180,63180,0,1]
09-23 01:20:21.997 I/sysui_multi_action( 1489): [757,127,758,2]
09-23 01:20:21.997 I/notification_panel_hidden( 1489):
09-23 01:20:22.001 I/input_focus( 1489): [Focus leaving 913cdb2 NotificationShade (server),reason=NOT_FOCUSABLE]
09-23 01:20:22.005 I/input_focus( 1489): [Focus entering 456c4b5 com.android.settings/com.android.settings.Settings (server),reason=setFocusedWindow]
09-23 01:20:22.016 I/sysui_multi_action( 1834): [757,111,758,1]
09-23 01:20:22.016 I/sysui_multi_action( 1834): [757,126,758,1,759,126,927,0,928,1,1593,0]
09-23 01:20:22.017 I/sysui_multi_action( 1834): [757,113,758,1,759,113,927,1,928,1,1593,0]
09-23 01:20:22.017 I/sysui_multi_action( 1834): [757,0,758,1,759,0,927,2,928,0,1593,0]
09-23 01:20:22.017 I/sysui_multi_action( 1834): [757,0,758,1,759,0,927,3,928,0,1593,0]
09-23 01:20:22.017 I/sysui_multi_action( 1834): [757,1706,758,1,759,1706,927,4,928,0,1593,0]
09-23 01:20:22.017 I/sysui_multi_action( 1834): [757,491,758,1,759,491,927,5,928,0,1311,-1,1593,0]
09-23 01:20:22.017 I/sysui_multi_action( 1834): [757,0,758,1,759,0,927,6,928,0,1593,0]
09-23 01:20:22.018 I/sysui_multi_action( 1834): [757,114,758,1,759,114,927,7,928,0,1593,0]
09-23 01:20:22.018 I/sysui_multi_action( 1834): [757,111,758,1]
09-23 01:20:22.018 I/sysui_multi_action( 1834): [757,126,758,1,759,126,927,0,928,1,1593,0]
09-23 01:20:22.018 I/sysui_multi_action( 1834): [757,113,758,1,759,113,927,1,928,1,1593,0]
09-23 01:20:22.018 I/sysui_multi_action( 1834): [757,0,758,1,759,0,927,2,928,0,1593,0]
09-23 01:20:22.018 I/sysui_multi_action( 1834): [757,0,758,1,759,0,927,3,928,0,1593,0]
09-23 01:20:22.197 I/sysui_multi_action( 1489): [757,1501,758,1,793,10409453,794,0,795,206,796,2048,806,com.android.systemui,857,updateNotification,858,3,947,0,1500,0,1688,1]
09-23 01:20:22.197 I/sysui_multi_action( 1489): [757,804,799,note_interruptive,801,0,802,1]
09-23 01:20:22.198 I/sysui_multi_action( 1489): [757,199,758,1,759,2,793,10409453,794,0,795,206,796,2048,806,com.android.systemui,857,updateNotification,858,3,947,0,1500,0,1688,1]
09-23 01:20:22.198 I/notification_alert( 1489): [0|com.android.systemui|2048|null|10081,0,1,0]
09-23 01:20:22.597 I/sysui_multi_action( 1834): [757,803,799,panel_open,802,1]
09-23 01:20:22.598 I/sysui_multi_action( 1834): [757,1328,758,4,1326,50,1327,1,1329,0]
09-23 01:20:22.676 I/sysui_multi_action( 1489): [757,127,758,1]
09-23 01:20:22.676 I/sysui_multi_action( 1489): [757,804,799,note_load,801,4,802,1]
09-23 01:20:22.676 I/notification_panel_revealed( 1489): 4
09-23 01:20:22.680 I/sysui_multi_action( 1834): [757,111,758,2]
09-23 01:20:22.680 I/sysui_multi_action( 1834): [757,111,758,2]
09-23 01:20:22.685 I/notification_enqueue( 1489): [10081,1834,com.android.systemui,2048,NULL,0,Notification(channel=updateNotification shortcut=null contentView=null vibrate=null sound=null defaults=0x0 flags=0x0 color=0x00000000 vis=PRIVATE),1]
09-23 01:20:22.693 I/input_focus( 1489): [Focus request 913cdb2 NotificationShade,reason=UpdateInputWindows]
09-23 01:20:22.699 I/sysui_multi_action( 1834): [757,111,758,1]
09-23 01:20:22.699 I/sysui_multi_action( 1834): [757,126,758,1,759,126,927,0,928,1,1593,0]
09-23 01:20:22.699 I/sysui_multi_action( 1834): [757,113,758,1,759,113,927,1,928,1,1593,0]
09-23 01:20:22.699 I/sysui_multi_action( 1834): [757,0,758,1,759,0,927,2,928,0,1593,0]
09-23 01:20:22.699 I/sysui_multi_action( 1834): [757,0,758,1,759,0,927,3,928,0,1593,0]
09-23 01:20:22.699 I/sysui_multi_action( 1834): [757,1706,758,1,759,1706,927,4,928,0,1593,0]
09-23 01:20:22.700 I/sysui_multi_action( 1834): [757,491,758,1,759,491,927,5,928,0,1311,-1,1593,0]
09-23 01:20:22.700 I/sysui_multi_action( 1834): [757,0,758,1,759,0,927,6,928,0,1593,0]
09-23 01:20:22.700 I/sysui_multi_action( 1834): [757,114,758,1,759,114,927,7,928,0,1593,0]
09-23 01:20:22.700 I/sysui_multi_action( 1834): [757,111,758,1]
09-23 01:20:22.700 I/sysui_multi_action( 1834): [757,126,758,1,759,126,927,0,928,1,1593,0]
09-23 01:20:22.700 I/sysui_multi_action( 1834): [757,113,758,1,759,113,927,1,928,1,1593,0]
09-23 01:20:22.700 I/sysui_multi_action( 1834): [757,0,758,1,759,0,927,2,928,0,1593,0]
09-23 01:20:22.701 I/sysui_multi_action( 1834): [757,0,758,1,759,0,927,3,928,0,1593,0]
09-23 01:20:22.715 I/sysui_multi_action( 1834): [757,111,758,2]
09-23 01:20:22.715 I/notification_enqueue( 1489): [10081,1834,com.android.systemui,2048,NULL,0,Notification(channel=updateNotification shortcut=null contentView=null vibrate=null sound=null defaults=0x0 flags=0x0 color=0x00000000 vis=PRIVATE),1]
09-23 01:20:22.715 I/sysui_multi_action( 1834): [757,111,758,2]
09-23 01:20:22.719 I/sysui_multi_action( 1834): [757,111,758,1]
09-23 01:20:22.719 I/sysui_multi_action( 1834): [757,126,758,1,759,126,927,0,928,1,1593,0]
09-23 01:20:22.719 I/input_focus( 1489): [Focus leaving 456c4b5 com.android.settings/com.android.settings.Settings (server),reason=setFocusedWindow]
09-23 01:20:22.719 I/sysui_multi_action( 1834): [757,113,758,1,759,113,927,1,928,1,1593,0]
09-23 01:20:22.719 I/input_focus( 1489): [Focus entering 913cdb2 NotificationShade (server),reason=setFocusedWindow]
09-23 01:20:22.719 I/sysui_multi_action( 1834): [757,0,758,1,759,0,927,2,928,0,1593,0]
09-23 01:20:22.720 I/sysui_multi_action( 1834): [757,0,758,1,759,0,927,3,928,0,1593,0]
09-23 01:20:22.720 I/sysui_multi_action( 1834): [757,1706,758,1,759,1706,927,4,928,0,1593,0]
09-23 01:20:22.720 I/sysui_multi_action( 1834): [757,491,758,1,759,491,927,5,928,0,1311,-1,1593,0]
09-23 01:20:22.720 I/sysui_multi_action( 1834): [757,0,758,1,759,0,927,6,928,0,1593,0]
09-23 01:20:22.720 I/sysui_multi_action( 1834): [757,114,758,1,759,114,927,7,928,0,1593,0]
09-23 01:20:22.720 I/sysui_multi_action( 1834): [757,111,758,1]
09-23 01:20:22.720 I/sysui_multi_action( 1834): [757,126,758,1,759,126,927,0,928,1,1593,0]
09-23 01:20:22.720 I/sysui_multi_action( 1834): [757,113,758,1,759,113,927,1,928,1,1593,0]
09-23 01:20:22.720 I/sysui_multi_action( 1834): [757,0,758,1,759,0,927,2,928,0,1593,0]
09-23 01:20:22.720 I/sysui_multi_action( 1834): [757,0,758,1,759,0,927,3,928,0,1593,0]
09-23 01:20:22.743 I/sysui_multi_action( 1834): [757,111,758,2]
09-23 01:20:22.743 I/sysui_multi_action( 1834): [757,111,758,2]
09-23 01:20:22.743 I/notification_enqueue( 1489): [10081,1834,com.android.systemui,2048,NULL,0,Notification(channel=updateNotification shortcut=null contentView=null vibrate=null sound=null defaults=0x0 flags=0x0 color=0x00000000 vis=PRIVATE),1]
09-23 01:20:22.749 I/sysui_multi_action( 1834): [757,111,758,1]
09-23 01:20:22.749 I/sysui_multi_action( 1834): [757,126,758,1,759,126,927,0,928,1,1593,0]
09-23 01:20:22.749 I/sysui_multi_action( 1834): [757,113,758,1,759,113,927,1,928,1,1593,0]
09-23 01:20:22.749 I/sysui_multi_action( 1834): [757,0,758,1,759,0,927,2,928,0,1593,0]
09-23 01:20:22.750 I/sysui_multi_action( 1834): [757,0,758,1,759,0,927,3,928,0,1593,0]
09-23 01:20:22.750 I/sysui_multi_action( 1834): [757,1706,758,1,759,1706,927,4,928,0,1593,0]
09-23 01:20:22.750 I/sysui_multi_action( 1834): [757,491,758,1,759,491,927,5,928,0,1311,-1,1593,0]
09-23 01:20:22.750 I/sysui_multi_action( 1834): [757,0,758,1,759,0,927,6,928,0,1593,0]
09-23 01:20:22.750 I/sysui_multi_action( 1834): [757,114,758,1,759,114,927,7,928,0,1593,0]
09-23 01:20:22.751 I/sysui_multi_action( 1834): [757,111,758,1]
09-23 01:20:22.751 I/sysui_multi_action( 1834): [757,126,758,1,759,126,927,0,928,1,1593,0]
09-23 01:20:22.751 I/sysui_multi_action( 1834): [757,113,758,1,759,113,927,1,928,1,1593,0]
09-23 01:20:22.751 I/sysui_multi_action( 1834): [757,0,758,1,759,0,927,2,928,0,1593,0]
09-23 01:20:22.751 I/sysui_multi_action( 1834): [757,0,758,1,759,0,927,3,928,0,1593,0]
09-23 01:20:22.763 I/sysui_multi_action( 1834): [757,111,758,2]
09-23 01:20:22.763 I/notification_enqueue( 1489): [10081,1834,com.android.systemui,2048,NULL,0,Notification(channel=updateNotification shortcut=null contentView=null vibrate=null sound=null defaults=0x0 flags=0x0 color=0x00000000 vis=PRIVATE),1]
09-23 01:20:22.763 I/sysui_multi_action( 1834): [757,111,758,2]
09-23 01:20:22.767 I/sysui_multi_action( 1834): [757,111,758,1]
09-23 01:20:22.768 I/sysui_multi_action( 1834): [757,126,758,1,759,126,927,0,928,1,1593,0]
09-23 01:20:22.768 I/sysui_multi_action( 1834): [757,113,758,1,759,113,927,1,928,1,1593,0]
09-23 01:20:22.768 I/sysui_multi_action( 1834): [757,0,758,1,759,0,927,2,928,0,1593,0]
09-23 01:20:22.768 I/sysui_multi_action( 1834): [757,0,758,1,759,0,927,3,928,0,1593,0]
09-23 01:20:22.768 I/sysui_multi_action( 1834): [757,1706,758,1,759,1706,927,4,928,0,1593,0]
09-23 01:20:22.768 I/sysui_multi_action( 1834): [757,491,758,1,759,491,927,5,928,0,1311,-1,1593,0]
09-23 01:20:22.768 I/sysui_multi_action( 1834): [757,0,758,1,759,0,927,6,928,0,1593,0]
09-23 01:20:22.768 I/sysui_multi_action( 1834): [757,114,758,1,759,114,927,7,928,0,1593,0]
09-23 01:20:22.769 I/sysui_multi_action( 1834): [757,111,758,1]
09-23 01:20:22.769 I/sysui_multi_action( 1834): [757,126,758,1,759,126,927,0,928,1,1593,0]
09-23 01:20:22.769 I/sysui_multi_action( 1834): [757,113,758,1,759,113,927,1,928,1,1593,0]
09-23 01:20:22.769 I/sysui_multi_action( 1834): [757,0,758,1,759,0,927,2,928,0,1593,0]
09-23 01:20:22.769 I/sysui_multi_action( 1834): [757,0,758,1,759,0,927,3,928,0,1593,0]
09-23 01:20:22.777 I/sysui_multi_action( 1834): [757,111,758,2]
09-23 01:20:22.778 I/sysui_multi_action( 1834): [757,111,758,2]
09-23 01:20:22.778 I/notification_enqueue( 1489): [10081,1834,com.android.systemui,2048,NULL,0,Notification(channel=updateNotification shortcut=null contentView=null vibrate=null sound=null defaults=0x0 flags=0x0 color=0x00000000 vis=PRIVATE),1]
09-23 01:20:22.782 I/sysui_multi_action( 1834): [757,111,758,1]
09-23 01:20:22.782 I/sysui_multi_action( 1834): [757,126,758,1,759,126,927,0,928,1,1593,0]
09-23 01:20:22.782 I/sysui_multi_action( 1834): [757,113,758,1,759,113,927,1,928,1,1593,0]
09-23 01:20:22.782 I/sysui_multi_action( 1834): [757,0,758,1,759,0,927,2,928,0,1593,0]
09-23 01:20:22.782 I/sysui_multi_action( 1834): [757,0,758,1,759,0,927,3,928,0,1593,0]
09-23 01:20:22.782 I/sysui_multi_action( 1834): [757,1706,758,1,759,1706,927,4,928,0,1593,0]
09-23 01:20:22.782 I/sysui_multi_action( 1834): [757,491,758,1,759,491,927,5,928,0,1311,-1,1593,0]
09-23 01:20:22.783 I/sysui_multi_action( 1834): [757,0,758,1,759,0,927,6,928,0,1593,0]
09-23 01:20:22.783 I/sysui_multi_action( 1834): [757,114,758,1,759,114,927,7,928,0,1593,0]
09-23 01:20:22.783 I/sysui_multi_action( 1834): [757,111,758,1]
09-23 01:20:22.783 I/sysui_multi_action( 1834): [757,126,758,1,759,126,927,0,928,1,1593,0]
09-23 01:20:22.783 I/sysui_multi_action( 1834): [757,113,758,1,759,113,927,1,928,1,1593,0]
09-23 01:20:22.783 I/sysui_multi_action( 1834): [757,0,758,1,759,0,927,2,928,0,1593,0]
09-23 01:20:22.783 I/sysui_multi_action( 1834): [757,0,758,1,759,0,927,3,928,0,1593,0]
09-23 01:20:22.791 I/sysui_multi_action( 1834): [757,111,758,2]
09-23 01:20:22.791 I/sysui_multi_action( 1834): [757,111,758,2]
09-23 01:20:22.793 I/notification_enqueue( 1489): [10081,1834,com.android.systemui,2048,NULL,0,Notification(channel=updateNotification shortcut=null contentView=null vibrate=null sound=null defaults=0x0 flags=0x0 color=0x00000000 vis=PRIVATE),1]
09-23 01:20:22.794 I/sysui_multi_action( 1834): [757,111,758,1]
09-23 01:20:22.795 I/sysui_multi_action( 1834): [757,126,758,1,759,126,927,0,928,1,1593,0]
09-23 01:20:22.795 I/sysui_multi_action( 1834): [757,113,758,1,759,113,927,1,928,1,1593,0]
09-23 01:20:22.795 I/sysui_multi_action( 1834): [757,0,758,1,759,0,927,2,928,0,1593,0]
09-23 01:20:22.795 I/sysui_multi_action( 1834): [757,0,758,1,759,0,927,3,928,0,1593,0]
09-23 01:20:22.795 I/sysui_multi_action( 1834): [757,1706,758,1,759,1706,927,4,928,0,1593,0]
09-23 01:20:22.795 I/sysui_multi_action( 1834): [757,491,758,1,759,491,927,5,928,0,1311,-1,1593,0]
09-23 01:20:22.796 I/sysui_multi_action( 1834): [757,0,758,1,759,0,927,6,928,0,1593,0]
09-23 01:20:22.796 I/sysui_multi_action( 1834): [757,114,758,1,759,114,927,7,928,0,1593,0]
09-23 01:20:22.796 I/sysui_multi_action( 1834): [757,111,758,1]
09-23 01:20:22.796 I/sysui_multi_action( 1834): [757,126,758,1,759,126,927,0,928,1,1593,0]
09-23 01:20:22.796 I/sysui_multi_action( 1834): [757,113,758,1,759,113,927,1,928,1,1593,0]
09-23 01:20:22.796 I/sysui_multi_action( 1834): [757,0,758,1,759,0,927,2,928,0,1593,0]
09-23 01:20:22.796 I/sysui_multi_action( 1834): [757,0,758,1,759,0,927,3,928,0,1593,0]
09-23 01:20:22.807 I/sysui_multi_action( 1834): [757,111,758,2]
09-23 01:20:22.807 I/sysui_multi_action( 1834): [757,111,758,2]
09-23 01:20:22.807 I/notification_enqueue( 1489): [10081,1834,com.android.systemui,2048,NULL,0,Notification(channel=updateNotification shortcut=null contentView=null vibrate=null sound=null defaults=0x0 flags=0x0 color=0x00000000 vis=PRIVATE),1]
09-23 01:20:22.811 I/sysui_multi_action( 1834): [757,111,758,1]
09-23 01:20:22.811 I/sysui_multi_action( 1834): [757,126,758,1,759,126,927,0,928,1,1593,0]
09-23 01:20:22.811 I/sysui_multi_action( 1834): [757,113,758,1,759,113,927,1,928,1,1593,0]
09-23 01:20:22.811 I/sysui_multi_action( 1834): [757,0,758,1,759,0,927,2,928,0,1593,0]
09-23 01:20:22.811 I/sysui_multi_action( 1834): [757,0,758,1,759,0,927,3,928,0,1593,0]
09-23 01:20:22.811 I/sysui_multi_action( 1834): [757,1706,758,1,759,1706,927,4,928,0,1593,0]
09-23 01:20:22.811 I/sysui_multi_action( 1834): [757,491,758,1,759,491,927,5,928,0,1311,-1,1593,0]
09-23 01:20:22.812 I/sysui_multi_action( 1834): [757,0,758,1,759,0,927,6,928,0,1593,0]
09-23 01:20:22.812 I/sysui_multi_action( 1834): [757,114,758,1,759,114,927,7,928,0,1593,0]
09-23 01:20:22.812 I/sysui_multi_action( 1834): [757,111,758,1]
09-23 01:20:22.812 I/sysui_multi_action( 1834): [757,126,758,1,759,126,927,0,928,1,1593,0]
09-23 01:20:22.812 I/sysui_multi_action( 1834): [757,113,758,1,759,113,927,1,928,1,1593,0]
09-23 01:20:22.812 I/sysui_multi_action( 1834): [757,0,758,1,759,0,927,2,928,0,1593,0]
09-23 01:20:22.812 I/sysui_multi_action( 1834): [757,0,758,1,759,0,927,3,928,0,1593,0]
09-23 01:20:22.821 I/sysui_multi_action( 1834): [757,111,758,2]
09-23 01:20:22.821 I/notification_enqueue( 1489): [10081,1834,com.android.systemui,2048,NULL,0,Notification(channel=updateNotification shortcut=null contentView=null vibrate=null sound=null defaults=0x0 flags=0x0 color=0x00000000 vis=PRIVATE),1]
09-23 01:20:22.821 I/sysui_multi_action( 1834): [757,111,758,2]
09-23 01:20:22.825 I/sysui_multi_action( 1834): [757,111,758,1]
09-23 01:20:22.825 I/sysui_multi_action( 1834): [757,126,758,1,759,126,927,0,928,1,1593,0]
09-23 01:20:22.825 I/sysui_multi_action( 1834): [757,113,758,1,759,113,927,1,928,1,1593,0]
09-23 01:20:22.825 I/sysui_multi_action( 1834): [757,0,758,1,759,0,927,2,928,0,1593,0]
09-23 01:20:22.825 I/sysui_multi_action( 1834): [757,0,758,1,759,0,927,3,928,0,1593,0]
09-23 01:20:22.825 I/sysui_multi_action( 1834): [757,1706,758,1,759,1706,927,4,928,0,1593,0]
09-23 01:20:22.825 I/sysui_multi_action( 1834): [757,491,758,1,759,491,927,5,928,0,1311,-1,1593,0]
09-23 01:20:22.825 I/sysui_multi_action( 1834): [757,0,758,1,759,0,927,6,928,0,1593,0]
09-23 01:20:22.825 I/sysui_multi_action( 1834): [757,114,758,1,759,114,927,7,928,0,1593,0]
09-23 01:20:22.825 I/sysui_multi_action( 1834): [757,111,758,1]
09-23 01:20:22.825 I/sysui_multi_action( 1834): [757,126,758,1,759,126,927,0,928,1,1593,0]
09-23 01:20:22.825 I/sysui_multi_action( 1834): [757,113,758,1,759,113,927,1,928,1,1593,0]
09-23 01:20:22.825 I/sysui_multi_action( 1834): [757,0,758,1,759,0,927,2,928,0,1593,0]
09-23 01:20:22.826 I/sysui_multi_action( 1834): [757,0,758,1,759,0,927,3,928,0,1593,0]
09-23 01:20:22.835 I/sysui_multi_action( 1834): [757,111,758,2]
09-23 01:20:22.835 I/sysui_multi_action( 1834): [757,111,758,2]
09-23 01:20:22.835 I/notification_enqueue( 1489): [10081,1834,com.android.systemui,2048,NULL,0,Notification(channel=updateNotification shortcut=null contentView=null vibrate=null sound=null defaults=0x0 flags=0x0 color=0x00000000 vis=PRIVATE),1]
09-23 01:20:22.837 I/sysui_multi_action( 1834): [757,111,758,1]
09-23 01:20:22.838 I/sysui_multi_action( 1834): [757,126,758,1,759,126,927,0,928,1,1593,0]
09-23 01:20:22.838 I/sysui_multi_action( 1834): [757,113,758,1,759,113,927,1,928,1,1593,0]
09-23 01:20:22.838 I/sysui_multi_action( 1834): [757,0,758,1,759,0,927,2,928,0,1593,0]
09-23 01:20:22.838 I/sysui_multi_action( 1834): [757,0,758,1,759,0,927,3,928,0,1593,0]
09-23 01:20:22.838 I/sysui_multi_action( 1834): [757,1706,758,1,759,1706,927,4,928,0,1593,0]
09-23 01:20:22.838 I/sysui_multi_action( 1834): [757,491,758,1,759,491,927,5,928,0,1311,-1,1593,0]
09-23 01:20:22.838 I/sysui_multi_action( 1834): [757,0,758,1,759,0,927,6,928,0,1593,0]
09-23 01:20:22.838 I/sysui_multi_action( 1834): [757,114,758,1,759,114,927,7,928,0,1593,0]
09-23 01:20:22.838 I/sysui_multi_action( 1834): [757,111,758,1]
09-23 01:20:22.838 I/sysui_multi_action( 1834): [757,126,758,1,759,126,927,0,928,1,1593,0]
09-23 01:20:22.838 I/sysui_multi_action( 1834): [757,113,758,1,759,113,927,1,928,1,1593,0]
09-23 01:20:22.838 I/sysui_multi_action( 1834): [757,0,758,1,759,0,927,2,928,0,1593,0]
09-23 01:20:22.838 I/sysui_multi_action( 1834): [757,0,758,1,759,0,927,3,928,0,1593,0]
09-23 01:20:22.852 I/sysui_multi_action( 1834): [757,111,758,2]
09-23 01:20:22.852 I/sysui_multi_action( 1834): [757,111,758,2]
09-23 01:20:22.852 I/notification_enqueue( 1489): [10081,1834,com.android.systemui,2048,NULL,0,Notification(channel=updateNotification shortcut=null contentView=null vibrate=null sound=null defaults=0x0 flags=0x0 color=0x00000000 vis=PRIVATE),1]
09-23 01:20:22.855 I/sysui_multi_action( 1834): [757,111,758,1]
09-23 01:20:22.855 I/sysui_multi_action( 1834): [757,126,758,1,759,126,927,0,928,1,1593,0]
09-23 01:20:22.855 I/sysui_multi_action( 1834): [757,113,758,1,759,113,927,1,928,1,1593,0]
09-23 01:20:22.855 I/sysui_multi_action( 1834): [757,0,758,1,759,0,927,2,928,0,1593,0]
09-23 01:20:22.855 I/sysui_multi_action( 1834): [757,0,758,1,759,0,927,3,928,0,1593,0]
09-23 01:20:22.855 I/sysui_multi_action( 1834): [757,1706,758,1,759,1706,927,4,928,0,1593,0]
09-23 01:20:22.855 I/sysui_multi_action( 1834): [757,491,758,1,759,491,927,5,928,0,1311,-1,1593,0]
09-23 01:20:22.855 I/sysui_multi_action( 1834): [757,0,758,1,759,0,927,6,928,0,1593,0]
09-23 01:20:22.856 I/sysui_multi_action( 1834): [757,114,758,1,759,114,927,7,928,0,1593,0]
09-23 01:20:22.856 I/sysui_multi_action( 1834): [757,111,758,1]
09-23 01:20:22.856 I/sysui_multi_action( 1834): [757,126,758,1,759,126,927,0,928,1,1593,0]
09-23 01:20:22.856 I/sysui_multi_action( 1834): [757,113,758,1,759,113,927,1,928,1,1593,0]
09-23 01:20:22.856 I/sysui_multi_action( 1834): [757,0,758,1,759,0,927,2,928,0,1593,0]
09-23 01:20:22.856 I/sysui_multi_action( 1834): [757,0,758,1,759,0,927,3,928,0,1593,0]
09-23 01:20:23.071 I/sysui_multi_action( 1834): [757,111,758,2]
09-23 01:20:23.071 I/sysui_multi_action( 1834): [757,111,758,2]
09-23 01:20:23.071 I/notification_enqueue( 1489): [10081,1834,com.android.systemui,2048,NULL,0,Notification(channel=updateNotification shortcut=null contentView=null vibrate=null sound=null defaults=0x0 flags=0x0 color=0x00000000 vis=PRIVATE),1]
09-23 01:20:23.081 I/sysui_multi_action( 1834): [757,111,758,1]
09-23 01:20:23.081 I/sysui_multi_action( 1834): [757,126,758,1,759,126,927,0,928,1,1593,0]
09-23 01:20:23.081 I/sysui_multi_action( 1834): [757,113,758,1,759,113,927,1,928,1,1593,0]
09-23 01:20:23.081 I/sysui_multi_action( 1834): [757,0,758,1,759,0,927,2,928,0,1593,0]
09-23 01:20:23.081 I/sysui_multi_action( 1834): [757,0,758,1,759,0,927,3,928,0,1593,0]
09-23 01:20:23.082 I/sysui_multi_action( 1834): [757,1706,758,1,759,1706,927,4,928,0,1593,0]
09-23 01:20:23.082 I/sysui_multi_action( 1834): [757,491,758,1,759,491,927,5,928,0,1311,-1,1593,0]
09-23 01:20:23.082 I/sysui_multi_action( 1834): [757,0,758,1,759,0,927,6,928,0,1593,0]
09-23 01:20:23.082 I/sysui_multi_action( 1834): [757,114,758,1,759,114,927,7,928,0,1593,0]
09-23 01:20:23.082 I/sysui_multi_action( 1834): [757,111,758,1]
09-23 01:20:23.082 I/sysui_multi_action( 1834): [757,126,758,1,759,126,927,0,928,1,1593,0]
09-23 01:20:23.083 I/sysui_multi_action( 1834): [757,113,758,1,759,113,927,1,928,1,1593,0]
09-23 01:20:23.083 I/sysui_multi_action( 1834): [757,0,758,1,759,0,927,2,928,0,1593,0]
09-23 01:20:23.083 I/sysui_multi_action( 1834): [757,0,758,1,759,0,927,3,928,0,1593,0]
09-23 01:20:23.099 I/sysui_multi_action( 1834): [757,111,758,2]
09-23 01:20:23.099 I/sysui_multi_action( 1834): [757,111,758,2]
09-23 01:20:23.099 I/notification_enqueue( 1489): [10081,1834,com.android.systemui,2048,NULL,0,Notification(channel=updateNotification shortcut=null contentView=null vibrate=null sound=null defaults=0x0 flags=0x0 color=0x00000000 vis=PRIVATE),1]
09-23 01:20:23.103 I/sysui_multi_action( 1834): [757,111,758,1]
09-23 01:20:23.104 I/sysui_multi_action( 1834): [757,126,758,1,759,126,927,0,928,1,1593,0]
09-23 01:20:23.104 I/sysui_multi_action( 1834): [757,113,758,1,759,113,927,1,928,1,1593,0]
09-23 01:20:23.104 I/sysui_multi_action( 1834): [757,0,758,1,759,0,927,2,928,0,1593,0]
09-23 01:20:23.104 I/sysui_multi_action( 1834): [757,0,758,1,759,0,927,3,928,0,1593,0]
09-23 01:20:23.104 I/sysui_multi_action( 1834): [757,1706,758,1,759,1706,927,4,928,0,1593,0]
09-23 01:20:23.104 I/sysui_multi_action( 1834): [757,491,758,1,759,491,927,5,928,0,1311,-1,1593,0]
09-23 01:20:23.105 I/sysui_multi_action( 1834): [757,0,758,1,759,0,927,6,928,0,1593,0]
09-23 01:20:23.105 I/sysui_multi_action( 1834): [757,114,758,1,759,114,927,7,928,0,1593,0]
09-23 01:20:23.105 I/sysui_multi_action( 1834): [757,111,758,1]
09-23 01:20:23.105 I/sysui_multi_action( 1834): [757,126,758,1,759,126,927,0,928,1,1593,0]
09-23 01:20:23.105 I/sysui_multi_action( 1834): [757,113,758,1,759,113,927,1,928,1,1593,0]
09-23 01:20:23.105 I/sysui_multi_action( 1834): [757,0,758,1,759,0,927,2,928,0,1593,0]
09-23 01:20:23.105 I/sysui_multi_action( 1834): [757,0,758,1,759,0,927,3,928,0,1593,0]
09-23 01:20:23.121 I/sysui_multi_action( 1834): [757,111,758,2]
09-23 01:20:23.122 I/sysui_multi_action( 1834): [757,111,758,2]
09-23 01:20:23.123 I/notification_enqueue( 1489): [10081,1834,com.android.systemui,2048,NULL,0,Notification(channel=updateNotification shortcut=null contentView=null vibrate=null sound=null defaults=0x0 flags=0x0 color=0x00000000 vis=PRIVATE),1]
09-23 01:20:23.126 I/sysui_multi_action( 1834): [757,111,758,1]
09-23 01:20:23.126 I/sysui_multi_action( 1834): [757,126,758,1,759,126,927,0,928,1,1593,0]
09-23 01:20:23.126 I/sysui_multi_action( 1834): [757,113,758,1,759,113,927,1,928,1,1593,0]
09-23 01:20:23.126 I/sysui_multi_action( 1834): [757,0,758,1,759,0,927,2,928,0,1593,0]
09-23 01:20:23.127 I/sysui_multi_action( 1834): [757,0,758,1,759,0,927,3,928,0,1593,0]
09-23 01:20:23.127 I/sysui_multi_action( 1834): [757,1706,758,1,759,1706,927,4,928,0,1593,0]
09-23 01:20:23.127 I/sysui_multi_action( 1834): [757,491,758,1,759,491,927,5,928,0,1311,-1,1593,0]
09-23 01:20:23.127 I/sysui_multi_action( 1834): [757,0,758,1,759,0,927,6,928,0,1593,0]
09-23 01:20:23.127 I/sysui_multi_action( 1834): [757,114,758,1,759,114,927,7,928,0,1593,0]
09-23 01:20:23.127 I/sysui_multi_action( 1834): [757,111,758,1]
09-23 01:20:23.128 I/sysui_multi_action( 1834): [757,126,758,1,759,126,927,0,928,1,1593,0]
09-23 01:20:23.128 I/sysui_multi_action( 1834): [757,113,758,1,759,113,927,1,928,1,1593,0]
09-23 01:20:23.128 I/sysui_multi_action( 1834): [757,0,758,1,759,0,927,2,928,0,1593,0]
09-23 01:20:23.128 I/sysui_multi_action( 1834): [757,0,758,1,759,0,927,3,928,0,1593,0]
09-23 01:20:23.138 I/notification_enqueue( 1489): [10081,1834,com.android.systemui,2048,NULL,0,Notification(channel=updateNotification shortcut=null contentView=null vibrate=null sound=null defaults=0x0 flags=0x0 color=0x00000000 vis=PRIVATE),1]
09-23 01:20:23.139 I/sysui_multi_action( 1834): [757,111,758,2]
09-23 01:20:23.139 I/sysui_multi_action( 1834): [757,111,758,2]
09-23 01:20:23.143 I/sysui_multi_action( 1834): [757,111,758,1]
09-23 01:20:23.144 I/sysui_multi_action( 1834): [757,126,758,1,759,126,927,0,928,1,1593,0]
09-23 01:20:23.144 I/sysui_multi_action( 1834): [757,113,758,1,759,113,927,1,928,1,1593,0]
09-23 01:20:23.144 I/sysui_multi_action( 1834): [757,0,758,1,759,0,927,2,928,0,1593,0]
09-23 01:20:23.144 I/sysui_multi_action( 1834): [757,0,758,1,759,0,927,3,928,0,1593,0]
09-23 01:20:23.144 I/sysui_multi_action( 1834): [757,1706,758,1,759,1706,927,4,928,0,1593,0]
09-23 01:20:23.144 I/sysui_multi_action( 1834): [757,491,758,1,759,491,927,5,928,0,1311,-1,1593,0]
09-23 01:20:23.145 I/sysui_multi_action( 1834): [757,0,758,1,759,0,927,6,928,0,1593,0]
09-23 01:20:23.145 I/sysui_multi_action( 1834): [757,114,758,1,759,114,927,7,928,0,1593,0]
09-23 01:20:23.145 I/sysui_multi_action( 1834): [757,111,758,1]
09-23 01:20:23.145 I/sysui_multi_action( 1834): [757,126,758,1,759,126,927,0,928,1,1593,0]
09-23 01:20:23.145 I/sysui_multi_action( 1834): [757,113,758,1,759,113,927,1,928,1,1593,0]
09-23 01:20:23.145 I/sysui_multi_action( 1834): [757,0,758,1,759,0,927,2,928,0,1593,0]
09-23 01:20:23.145 I/sysui_multi_action( 1834): [757,0,758,1,759,0,927,3,928,0,1593,0]
09-23 01:20:23.164 I/sysui_multi_action( 1834): [757,111,758,2]
09-23 01:20:23.164 I/sysui_multi_action( 1834): [757,111,758,2]
09-23 01:20:23.164 I/notification_enqueue( 1489): [10081,1834,com.android.systemui,2048,NULL,0,Notification(channel=updateNotification shortcut=null contentView=null vibrate=null sound=null defaults=0x0 flags=0x0 color=0x00000000 vis=PRIVATE),1]
09-23 01:20:23.167 I/sysui_multi_action( 1834): [757,111,758,1]
09-23 01:20:23.167 I/sysui_multi_action( 1834): [757,126,758,1,759,126,927,0,928,1,1593,0]
09-23 01:20:23.167 I/sysui_multi_action( 1834): [757,113,758,1,759,113,927,1,928,1,1593,0]
09-23 01:20:23.168 I/sysui_multi_action( 1834): [757,0,758,1,759,0,927,2,928,0,1593,0]
09-23 01:20:23.168 I/sysui_multi_action( 1834): [757,0,758,1,759,0,927,3,928,0,1593,0]
09-23 01:20:23.168 I/sysui_multi_action( 1834): [757,1706,758,1,759,1706,927,4,928,0,1593,0]
09-23 01:20:23.168 I/sysui_multi_action( 1834): [757,491,758,1,759,491,927,5,928,0,1311,-1,1593,0]
09-23 01:20:23.168 I/sysui_multi_action( 1834): [757,0,758,1,759,0,927,6,928,0,1593,0]
09-23 01:20:23.168 I/sysui_multi_action( 1834): [757,114,758,1,759,114,927,7,928,0,1593,0]
09-23 01:20:23.168 I/sysui_multi_action( 1834): [757,111,758,1]
09-23 01:20:23.168 I/sysui_multi_action( 1834): [757,126,758,1,759,126,927,0,928,1,1593,0]
09-23 01:20:23.168 I/sysui_multi_action( 1834): [757,113,758,1,759,113,927,1,928,1,1593,0]
09-23 01:20:23.168 I/sysui_multi_action( 1834): [757,0,758,1,759,0,927,2,928,0,1593,0]
09-23 01:20:23.169 I/sysui_multi_action( 1834): [757,0,758,1,759,0,927,3,928,0,1593,0]
09-23 01:20:23.176 I/sysui_multi_action( 1834): [757,111,758,2]
09-23 01:20:23.176 I/sysui_multi_action( 1834): [757,111,758,2]
09-23 01:20:23.176 I/notification_enqueue( 1489): [10081,1834,com.android.systemui,2048,NULL,0,Notification(channel=updateNotification shortcut=null contentView=null vibrate=null sound=null defaults=0x0 flags=0x0 color=0x00000000 vis=PRIVATE),1]
09-23 01:20:23.179 I/sysui_multi_action( 1834): [757,111,758,1]
09-23 01:20:23.179 I/sysui_multi_action( 1834): [757,126,758,1,759,126,927,0,928,1,1593,0]
09-23 01:20:23.180 I/sysui_multi_action( 1834): [757,113,758,1,759,113,927,1,928,1,1593,0]
09-23 01:20:23.180 I/sysui_multi_action( 1834): [757,0,758,1,759,0,927,2,928,0,1593,0]
09-23 01:20:23.180 I/sysui_multi_action( 1834): [757,0,758,1,759,0,927,3,928,0,1593,0]
09-23 01:20:23.180 I/sysui_multi_action( 1834): [757,1706,758,1,759,1706,927,4,928,0,1593,0]
09-23 01:20:23.180 I/sysui_multi_action( 1834): [757,491,758,1,759,491,927,5,928,0,1311,-1,1593,0]
09-23 01:20:23.180 I/sysui_multi_action( 1834): [757,0,758,1,759,0,927,6,928,0,1593,0]
09-23 01:20:23.180 I/sysui_multi_action( 1834): [757,114,758,1,759,114,927,7,928,0,1593,0]
09-23 01:20:23.180 I/sysui_multi_action( 1834): [757,111,758,1]
09-23 01:20:23.180 I/sysui_multi_action( 1834): [757,126,758,1,759,126,927,0,928,1,1593,0]
09-23 01:20:23.180 I/sysui_multi_action( 1834): [757,113,758,1,759,113,927,1,928,1,1593,0]
09-23 01:20:23.180 I/sysui_multi_action( 1834): [757,0,758,1,759,0,927,2,928,0,1593,0]
09-23 01:20:23.180 I/sysui_multi_action( 1834): [757,0,758,1,759,0,927,3,928,0,1593,0]
09-23 01:20:23.187 I/sysui_multi_action( 1834): [757,111,758,2]
09-23 01:20:23.187 I/sysui_multi_action( 1834): [757,111,758,2]
09-23 01:20:23.187 I/notification_enqueue( 1489): [10081,1834,com.android.systemui,2048,NULL,0,Notification(channel=updateNotification shortcut=null contentView=null vibrate=null sound=null defaults=0x0 flags=0x0 color=0x00000000 vis=PRIVATE),1]
09-23 01:20:23.190 I/sysui_multi_action( 1834): [757,111,758,1]
09-23 01:20:23.190 I/sysui_multi_action( 1834): [757,126,758,1,759,126,927,0,928,1,1593,0]
09-23 01:20:23.190 I/sysui_multi_action( 1834): [757,113,758,1,759,113,927,1,928,1,1593,0]
09-23 01:20:23.190 I/sysui_multi_action( 1834): [757,0,758,1,759,0,927,2,928,0,1593,0]
09-23 01:20:23.190 I/sysui_multi_action( 1834): [757,0,758,1,759,0,927,3,928,0,1593,0]
09-23 01:20:23.190 I/sysui_multi_action( 1834): [757,1706,758,1,759,1706,927,4,928,0,1593,0]
09-23 01:20:23.190 I/sysui_multi_action( 1834): [757,491,758,1,759,491,927,5,928,0,1311,-1,1593,0]
09-23 01:20:23.190 I/sysui_multi_action( 1834): [757,0,758,1,759,0,927,6,928,0,1593,0]
09-23 01:20:23.190 I/sysui_multi_action( 1834): [757,114,758,1,759,114,927,7,928,0,1593,0]
09-23 01:20:23.191 I/sysui_multi_action( 1834): [757,111,758,1]
09-23 01:20:23.191 I/sysui_multi_action( 1834): [757,126,758,1,759,126,927,0,928,1,1593,0]
09-23 01:20:23.191 I/sysui_multi_action( 1834): [757,113,758,1,759,113,927,1,928,1,1593,0]
09-23 01:20:23.191 I/sysui_multi_action( 1834): [757,0,758,1,759,0,927,2,928,0,1593,0]
09-23 01:20:23.191 I/sysui_multi_action( 1834): [757,0,758,1,759,0,927,3,928,0,1593,0]
09-23 01:20:23.204 I/sysui_multi_action( 1834): [757,111,758,2]
09-23 01:20:23.204 I/sysui_multi_action( 1834): [757,111,758,2]
09-23 01:20:23.204 I/notification_enqueue( 1489): [10081,1834,com.android.systemui,2048,NULL,0,Notification(channel=updateNotification shortcut=null contentView=null vibrate=null sound=null defaults=0x0 flags=0x0 color=0x00000000 vis=PRIVATE),1]
09-23 01:20:23.207 I/sysui_multi_action( 1834): [757,111,758,1]
09-23 01:20:23.207 I/sysui_multi_action( 1834): [757,126,758,1,759,126,927,0,928,1,1593,0]
09-23 01:20:23.207 I/sysui_multi_action( 1834): [757,113,758,1,759,113,927,1,928,1,1593,0]
09-23 01:20:23.207 I/sysui_multi_action( 1834): [757,0,758,1,759,0,927,2,928,0,1593,0]
09-23 01:20:23.208 I/sysui_multi_action( 1834): [757,0,758,1,759,0,927,3,928,0,1593,0]
09-23 01:20:23.208 I/sysui_multi_action( 1834): [757,1706,758,1,759,1706,927,4,928,0,1593,0]
09-23 01:20:23.208 I/sysui_multi_action( 1834): [757,491,758,1,759,491,927,5,928,0,1311,-1,1593,0]
09-23 01:20:23.208 I/sysui_multi_action( 1834): [757,0,758,1,759,0,927,6,928,0,1593,0]
09-23 01:20:23.208 I/sysui_multi_action( 1834): [757,114,758,1,759,114,927,7,928,0,1593,0]
09-23 01:20:23.208 I/sysui_multi_action( 1834): [757,111,758,1]
09-23 01:20:23.208 I/sysui_multi_action( 1834): [757,126,758,1,759,126,927,0,928,1,1593,0]
09-23 01:20:23.208 I/sysui_multi_action( 1834): [757,113,758,1,759,113,927,1,928,1,1593,0]
09-23 01:20:23.208 I/sysui_multi_action( 1834): [757,0,758,1,759,0,927,2,928,0,1593,0]
09-23 01:20:23.208 I/sysui_multi_action( 1834): [757,0,758,1,759,0,927,3,928,0,1593,0]
09-23 01:20:23.221 I/sysui_multi_action( 1834): [757,111,758,2]
09-23 01:20:23.221 I/sysui_multi_action( 1834): [757,111,758,2]
09-23 01:20:23.221 I/notification_enqueue( 1489): [10081,1834,com.android.systemui,2048,NULL,0,Notification(channel=updateNotification shortcut=null contentView=null vibrate=null sound=null defaults=0x0 flags=0x0 color=0x00000000 vis=PRIVATE),1]
09-23 01:20:23.225 I/sysui_multi_action( 1834): [757,111,758,1]
09-23 01:20:23.225 I/sysui_multi_action( 1834): [757,126,758,1,759,126,927,0,928,1,1593,0]
09-23 01:20:23.225 I/sysui_multi_action( 1834): [757,113,758,1,759,113,927,1,928,1,1593,0]
09-23 01:20:23.225 I/sysui_multi_action( 1834): [757,0,758,1,759,0,927,2,928,0,1593,0]
09-23 01:20:23.225 I/sysui_multi_action( 1834): [757,0,758,1,759,0,927,3,928,0,1593,0]
09-23 01:20:23.225 I/sysui_multi_action( 1834): [757,1706,758,1,759,1706,927,4,928,0,1593,0]
09-23 01:20:23.225 I/sysui_multi_action( 1834): [757,491,758,1,759,491,927,5,928,0,1311,-1,1593,0]
09-23 01:20:23.226 I/sysui_multi_action( 1834): [757,0,758,1,759,0,927,6,928,0,1593,0]
09-23 01:20:23.226 I/sysui_multi_action( 1834): [757,114,758,1,759,114,927,7,928,0,1593,0]
09-23 01:20:23.226 I/sysui_multi_action( 1834): [757,111,758,1]
09-23 01:20:23.226 I/sysui_multi_action( 1834): [757,126,758,1,759,126,927,0,928,1,1593,0]
09-23 01:20:23.226 I/sysui_multi_action( 1834): [757,113,758,1,759,113,927,1,928,1,1593,0]
09-23 01:20:23.226 I/sysui_multi_action( 1834): [757,0,758,1,759,0,927,2,928,0,1593,0]
09-23 01:20:23.226 I/sysui_multi_action( 1834): [757,0,758,1,759,0,927,3,928,0,1593,0]
09-23 01:20:23.238 I/notification_enqueue( 1489): [10081,1834,com.android.systemui,2048,NULL,0,Notification(channel=updateNotification shortcut=null contentView=null vibrate=null sound=null defaults=0x0 flags=0x0 color=0x00000000 vis=PRIVATE),1]
09-23 01:20:23.240 I/sysui_multi_action( 1834): [757,111,758,2]
09-23 01:20:23.240 I/sysui_multi_action( 1834): [757,111,758,2]
09-23 01:20:23.244 I/sysui_multi_action( 1834): [757,111,758,1]
09-23 01:20:23.245 I/sysui_multi_action( 1834): [757,126,758,1,759,126,927,0,928,1,1593,0]
09-23 01:20:23.245 I/sysui_multi_action( 1834): [757,113,758,1,759,113,927,1,928,1,1593,0]
09-23 01:20:23.245 I/sysui_multi_action( 1834): [757,0,758,1,759,0,927,2,928,0,1593,0]
09-23 01:20:23.245 I/sysui_multi_action( 1834): [757,0,758,1,759,0,927,3,928,0,1593,0]
09-23 01:20:23.245 I/sysui_multi_action( 1834): [757,1706,758,1,759,1706,927,4,928,0,1593,0]
09-23 01:20:23.245 I/sysui_multi_action( 1834): [757,491,758,1,759,491,927,5,928,0,1311,-1,1593,0]
09-23 01:20:23.245 I/sysui_multi_action( 1834): [757,0,758,1,759,0,927,6,928,0,1593,0]
09-23 01:20:23.246 I/sysui_multi_action( 1834): [757,114,758,1,759,114,927,7,928,0,1593,0]
09-23 01:20:23.246 I/sysui_multi_action( 1834): [757,111,758,1]
09-23 01:20:23.246 I/sysui_multi_action( 1834): [757,126,758,1,759,126,927,0,928,1,1593,0]
09-23 01:20:23.246 I/sysui_multi_action( 1834): [757,113,758,1,759,113,927,1,928,1,1593,0]
09-23 01:20:23.246 I/sysui_multi_action( 1834): [757,0,758,1,759,0,927,2,928,0,1593,0]
09-23 01:20:23.246 I/sysui_multi_action( 1834): [757,0,758,1,759,0,927,3,928,0,1593,0]
09-23 01:20:23.254 I/sysui_multi_action( 1834): [757,111,758,2]
09-23 01:20:23.255 I/sysui_multi_action( 1834): [757,111,758,2]
09-23 01:20:23.255 I/notification_enqueue( 1489): [10081,1834,com.android.systemui,2048,NULL,0,Notification(channel=updateNotification shortcut=null contentView=null vibrate=null sound=null defaults=0x0 flags=0x0 color=0x00000000 vis=PRIVATE),1]
09-23 01:20:23.259 I/sysui_multi_action( 1834): [757,111,758,1]
09-23 01:20:23.259 I/sysui_multi_action( 1834): [757,126,758,1,759,126,927,0,928,1,1593,0]
09-23 01:20:23.259 I/sysui_multi_action( 1834): [757,113,758,1,759,113,927,1,928,1,1593,0]
09-23 01:20:23.259 I/sysui_multi_action( 1834): [757,0,758,1,759,0,927,2,928,0,1593,0]
09-23 01:20:23.260 I/sysui_multi_action( 1834): [757,0,758,1,759,0,927,3,928,0,1593,0]
09-23 01:20:23.260 I/sysui_multi_action( 1834): [757,1706,758,1,759,1706,927,4,928,0,1593,0]
09-23 01:20:23.260 I/sysui_multi_action( 1834): [757,491,758,1,759,491,927,5,928,0,1311,-1,1593,0]
09-23 01:20:23.260 I/sysui_multi_action( 1834): [757,0,758,1,759,0,927,6,928,0,1593,0]
09-23 01:20:23.260 I/sysui_multi_action( 1834): [757,114,758,1,759,114,927,7,928,0,1593,0]
09-23 01:20:23.260 I/sysui_multi_action( 1834): [757,111,758,1]
09-23 01:20:23.261 I/sysui_multi_action( 1834): [757,126,758,1,759,126,927,0,928,1,1593,0]
09-23 01:20:23.261 I/sysui_multi_action( 1834): [757,113,758,1,759,113,927,1,928,1,1593,0]
09-23 01:20:23.261 I/sysui_multi_action( 1834): [757,0,758,1,759,0,927,2,928,0,1593,0]
09-23 01:20:23.261 I/sysui_multi_action( 1834): [757,0,758,1,759,0,927,3,928,0,1593,0]
09-23 01:20:23.272 I/sysui_multi_action( 1834): [757,111,758,2]
09-23 01:20:23.272 I/sysui_multi_action( 1834): [757,111,758,2]
09-23 01:20:23.272 I/notification_enqueue( 1489): [10081,1834,com.android.systemui,2048,NULL,0,Notification(channel=updateNotification shortcut=null contentView=null vibrate=null sound=null defaults=0x0 flags=0x0 color=0x00000000 vis=PRIVATE),1]
09-23 01:20:23.275 I/sysui_multi_action( 1489): [757,1501,758,1,793,10410531,794,0,795,205,796,2048,806,com.android.systemui,857,updateNotification,858,3,947,0,1500,0,1688,1]
09-23 01:20:23.275 I/sysui_multi_action( 1489): [757,804,799,note_interruptive,801,0,802,1]
09-23 01:20:23.275 I/sysui_multi_action( 1489): [757,199,758,1,759,2,793,10410531,794,0,795,205,796,2048,806,com.android.systemui,857,updateNotification,858,3,947,0,1500,0,1688,1]
09-23 01:20:23.276 I/notification_alert( 1489): [0|com.android.systemui|2048|null|10081,0,1,0]
09-23 01:20:23.290 I/sysui_multi_action( 1834): [757,111,758,1]
09-23 01:20:23.291 I/sysui_multi_action( 1834): [757,126,758,1,759,126,927,0,928,1,1593,0]
09-23 01:20:23.291 I/sysui_multi_action( 1834): [757,113,758,1,759,113,927,1,928,1,1593,0]
09-23 01:20:23.291 I/sysui_multi_action( 1834): [757,0,758,1,759,0,927,2,928,0,1593,0]
09-23 01:20:23.291 I/sysui_multi_action( 1834): [757,0,758,1,759,0,927,3,928,0,1593,0]
09-23 01:20:23.291 I/sysui_multi_action( 1834): [757,1706,758,1,759,1706,927,4,928,0,1593,0]
09-23 01:20:23.291 I/sysui_multi_action( 1834): [757,491,758,1,759,491,927,5,928,0,1311,-1,1593,0]
09-23 01:20:23.291 I/sysui_multi_action( 1834): [757,0,758,1,759,0,927,6,928,0,1593,0]
09-23 01:20:23.291 I/sysui_multi_action( 1834): [757,114,758,1,759,114,927,7,928,0,1593,0]
09-23 01:20:23.291 I/sysui_multi_action( 1834): [757,111,758,1]
09-23 01:20:23.292 I/sysui_multi_action( 1834): [757,126,758,1,759,126,927,0,928,1,1593,0]
09-23 01:20:23.292 I/sysui_multi_action( 1834): [757,113,758,1,759,113,927,1,928,1,1593,0]
09-23 01:20:23.292 I/sysui_multi_action( 1834): [757,0,758,1,759,0,927,2,928,0,1593,0]
09-23 01:20:23.292 I/sysui_multi_action( 1834): [757,0,758,1,759,0,927,3,928,0,1593,0]
09-23 01:20:23.292 I/input_focus( 1489): [Focus request 456c4b5 com.android.settings/com.android.settings.Settings,reason=UpdateInputWindows]
09-23 01:20:23.298 I/sysui_multi_action( 1834): [757,111,758,2]
09-23 01:20:23.299 I/sysui_multi_action( 1834): [757,111,758,2]
09-23 01:20:23.299 I/notification_enqueue( 1489): [10081,1834,com.android.systemui,2048,NULL,0,Notification(channel=updateNotification shortcut=null contentView=null vibrate=null sound=null defaults=0x0 flags=0x0 color=0x00000000 vis=PRIVATE),1]
09-23 01:20:23.300 I/sysui_multi_action( 1489): [757,127,758,2]
09-23 01:20:23.300 I/notification_panel_hidden( 1489):
09-23 01:20:23.321 I/sysui_multi_action( 1834): [757,111,758,1]
09-23 01:20:23.321 I/input_focus( 1489): [Focus leaving 913cdb2 NotificationShade (server),reason=NO_WINDOW]
09-23 01:20:23.321 I/input_focus( 1489): [Focus entering 456c4b5 com.android.settings/com.android.settings.Settings (server),reason=setFocusedWindow]
09-23 01:20:23.321 I/sysui_multi_action( 1834): [757,126,758,1,759,126,927,0,928,1,1593,0]
09-23 01:20:23.321 I/sysui_multi_action( 1834): [757,113,758,1,759,113,927,1,928,1,1593,0]
09-23 01:20:23.322 I/sysui_multi_action( 1834): [757,0,758,1,759,0,927,2,928,0,1593,0]
09-23 01:20:23.322 I/sysui_multi_action( 1834): [757,0,758,1,759,0,927,3,928,0,1593,0]
09-23 01:20:23.322 I/sysui_multi_action( 1834): [757,1706,758,1,759,1706,927,4,928,0,1593,0]
09-23 01:20:23.322 I/sysui_multi_action( 1834): [757,491,758,1,759,491,927,5,928,0,1311,-1,1593,0]
09-23 01:20:23.323 I/sysui_multi_action( 1834): [757,0,758,1,759,0,927,6,928,0,1593,0]
09-23 01:20:23.323 I/sysui_multi_action( 1834): [757,114,758,1,759,114,927,7,928,0,1593,0]
09-23 01:20:23.323 I/sysui_multi_action( 1834): [757,111,758,1]
09-23 01:20:23.323 I/sysui_multi_action( 1834): [757,126,758,1,759,126,927,0,928,1,1593,0]
09-23 01:20:23.323 I/sysui_multi_action( 1834): [757,113,758,1,759,113,927,1,928,1,1593,0]
09-23 01:20:23.323 I/sysui_multi_action( 1834): [757,0,758,1,759,0,927,2,928,0,1593,0]
09-23 01:20:23.324 I/sysui_multi_action( 1834): [757,0,758,1,759,0,927,3,928,0,1593,0]
09-23 01:20:24.011 I/sysui_multi_action( 1834): [757,803,799,panel_open,802,1]
09-23 01:20:24.012 I/sysui_multi_action( 1834): [757,1328,758,4,1326,52,1327,2,1329,0]
09-23 01:20:24.078 I/sysui_multi_action( 1489): [757,127,758,1]
09-23 01:20:24.078 I/sysui_multi_action( 1489): [757,804,799,note_load,801,4,802,1]
09-23 01:20:24.078 I/notification_panel_revealed( 1489): 4
09-23 01:20:24.082 I/sysui_multi_action( 1834): [757,111,758,2]
09-23 01:20:24.082 I/notification_enqueue( 1489): [10081,1834,com.android.systemui,2048,NULL,0,Notification(channel=updateNotification shortcut=null contentView=null vibrate=null sound=null defaults=0x0 flags=0x0 color=0x00000000 vis=PRIVATE),1]
09-23 01:20:24.082 I/sysui_multi_action( 1834): [757,111,758,2]
09-23 01:20:24.100 I/input_focus( 1489): [Focus request 913cdb2 NotificationShade,reason=UpdateInputWindows]
09-23 01:20:24.106 I/sysui_multi_action( 1834): [757,111,758,1]
09-23 01:20:24.106 I/sysui_multi_action( 1834): [757,126,758,1,759,126,927,0,928,1,1593,0]
09-23 01:20:24.106 I/sysui_multi_action( 1834): [757,113,758,1,759,113,927,1,928,1,1593,0]
09-23 01:20:24.106 I/sysui_multi_action( 1834): [757,0,758,1,759,0,927,2,928,0,1593,0]
09-23 01:20:24.107 I/sysui_multi_action( 1834): [757,0,758,1,759,0,927,3,928,0,1593,0]
09-23 01:20:24.107 I/sysui_multi_action( 1834): [757,1706,758,1,759,1706,927,4,928,0,1593,0]
09-23 01:20:24.107 I/sysui_multi_action( 1834): [757,491,758,1,759,491,927,5,928,0,1311,-1,1593,0]
09-23 01:20:24.107 I/sysui_multi_action( 1834): [757,0,758,1,759,0,927,6,928,0,1593,0]
09-23 01:20:24.107 I/sysui_multi_action( 1834): [757,114,758,1,759,114,927,7,928,0,1593,0]
09-23 01:20:24.107 I/sysui_multi_action( 1834): [757,111,758,1]
09-23 01:20:24.108 I/sysui_multi_action( 1834): [757,126,758,1,759,126,927,0,928,1,1593,0]
09-23 01:20:24.108 I/sysui_multi_action( 1834): [757,113,758,1,759,113,927,1,928,1,1593,0]
09-23 01:20:24.108 I/sysui_multi_action( 1834): [757,0,758,1,759,0,927,2,928,0,1593,0]
09-23 01:20:24.108 I/sysui_multi_action( 1834): [757,0,758,1,759,0,927,3,928,0,1593,0]
09-23 01:20:24.124 I/input_focus( 1489): [Focus leaving 456c4b5 com.android.settings/com.android.settings.Settings (server),reason=setFocusedWindow]
09-23 01:20:24.124 I/input_focus( 1489): [Focus entering 913cdb2 NotificationShade (server),reason=setFocusedWindow]
09-23 01:20:24.125 I/sysui_multi_action( 1834): [757,111,758,2]
09-23 01:20:24.125 I/sysui_multi_action( 1834): [757,111,758,2]
09-23 01:20:24.126 I/notification_enqueue( 1489): [10081,1834,com.android.systemui,2048,NULL,0,Notification(channel=updateNotification shortcut=null contentView=null vibrate=null sound=null defaults=0x0 flags=0x0 color=0x00000000 vis=PRIVATE),1]
09-23 01:20:24.129 I/sysui_multi_action( 1834): [757,111,758,1]
09-23 01:20:24.129 I/sysui_multi_action( 1834): [757,126,758,1,759,126,927,0,928,1,1593,0]
09-23 01:20:24.129 I/sysui_multi_action( 1834): [757,113,758,1,759,113,927,1,928,1,1593,0]
09-23 01:20:24.129 I/sysui_multi_action( 1834): [757,0,758,1,759,0,927,2,928,0,1593,0]
09-23 01:20:24.129 I/sysui_multi_action( 1834): [757,0,758,1,759,0,927,3,928,0,1593,0]
09-23 01:20:24.129 I/sysui_multi_action( 1834): [757,1706,758,1,759,1706,927,4,928,0,1593,0]
09-23 01:20:24.130 I/sysui_multi_action( 1834): [757,491,758,1,759,491,927,5,928,0,1311,-1,1593,0]
09-23 01:20:24.130 I/sysui_multi_action( 1834): [757,0,758,1,759,0,927,6,928,0,1593,0]
09-23 01:20:24.130 I/sysui_multi_action( 1834): [757,114,758,1,759,114,927,7,928,0,1593,0]
09-23 01:20:24.130 I/sysui_multi_action( 1834): [757,111,758,1]
09-23 01:20:24.130 I/sysui_multi_action( 1834): [757,126,758,1,759,126,927,0,928,1,1593,0]
09-23 01:20:24.130 I/sysui_multi_action( 1834): [757,113,758,1,759,113,927,1,928,1,1593,0]
09-23 01:20:24.130 I/sysui_multi_action( 1834): [757,0,758,1,759,0,927,2,928,0,1593,0]
09-23 01:20:24.130 I/sysui_multi_action( 1834): [757,0,758,1,759,0,927,3,928,0,1593,0]
09-23 01:20:24.140 I/sysui_multi_action( 1834): [757,111,758,2]
09-23 01:20:24.140 I/sysui_multi_action( 1834): [757,111,758,2]
