09-23 01:14:31.529 I/sysui_multi_action( 1834): [757,113,758,1,759,113,927,1,928,1,1593,0]
09-23 01:14:31.529 I/sysui_multi_action( 1834): [757,0,758,1,759,0,927,2,928,0,1593,0]
09-23 01:14:31.529 I/sysui_multi_action( 1834): [757,0,758,1,759,0,927,3,928,0,1593,0]
09-23 01:14:31.529 I/sysui_multi_action( 1834): [757,1706,758,1,759,1706,927,4,928,0,1593,0]
09-23 01:14:31.529 I/sysui_multi_action( 1834): [757,491,758,1,759,491,927,5,928,0,1311,-1,1593,0]
09-23 01:14:31.529 I/sysui_multi_action( 1834): [757,0,758,1,759,0,927,6,928,0,1593,0]
09-23 01:14:31.529 I/sysui_multi_action( 1834): [757,114,758,1,759,114,927,7,928,0,1593,0]
09-23 01:14:31.529 I/sysui_multi_action( 1834): [757,111,758,1]
09-23 01:14:31.529 I/sysui_multi_action( 1834): [757,126,758,1,759,126,927,0,928,1,1593,0]
09-23 01:14:31.529 I/sysui_multi_action( 1834): [757,113,758,1,759,113,927,1,928,1,1593,0]
09-23 01:14:31.530 I/sysui_multi_action( 1834): [757,0,758,1,759,0,927,2,928,0,1593,0]
09-23 01:14:31.530 I/sysui_multi_action( 1834): [757,0,758,1,759,0,927,3,928,0,1593,0]
09-23 01:14:31.542 I/sysui_multi_action( 1834): [757,111,758,2]
09-23 01:14:31.542 I/sysui_multi_action( 1834): [757,111,758,2]
09-23 01:14:31.545 I/notification_enqueue( 1489): [10081,1834,com.android.systemui,2048,NULL,0,Notification(channel=updateNotification shortcut=null contentView=null vibrate=null sound=null defaults=0x0 flags=0x0 color=0x00000000 vis=PRIVATE),1]
09-23 01:14:31.545 I/sysui_multi_action( 1834): [757,111,758,1]
09-23 01:14:31.545 I/sysui_multi_action( 1834): [757,126,758,1,759,126,927,0,928,1,1593,0]
09-23 01:14:31.545 I/sysui_multi_action( 1834): [757,113,758,1,759,113,927,1,928,1,1593,0]
09-23 01:14:31.545 I/sysui_multi_action( 1834): [757,0,758,1,759,0,927,2,928,0,1593,0]
09-23 01:14:31.545 I/sysui_multi_action( 1834): [757,0,758,1,759,0,927,3,928,0,1593,0]
09-23 01:14:31.545 I/sysui_multi_action( 1834): [757,1706,758,1,759,1706,927,4,928,0,1593,0]
09-23 01:14:31.546 I/sysui_multi_action( 1834): [757,491,758,1,759,491,927,5,928,0,1311,-1,1593,0]
09-23 01:14:31.546 I/sysui_multi_action( 1834): [757,0,758,1,759,0,927,6,928,0,1593,0]
09-23 01:14:31.546 I/sysui_multi_action( 1834): [757,114,758,1,759,114,927,7,928,0,1593,0]
09-23 01:14:31.546 I/sysui_multi_action( 1834): [757,111,758,1]
09-23 01:14:31.546 I/sysui_multi_action( 1834): [757,126,758,1,759,126,927,0,928,1,1593,0]
09-23 01:14:31.546 I/sysui_multi_action( 1834): [757,113,758,1,759,113,927,1,928,1,1593,0]
09-23 01:14:31.546 I/sysui_multi_action( 1834): [757,0,758,1,759,0,927,2,928,0,1593,0]
09-23 01:14:31.546 I/sysui_multi_action( 1834): [757,0,758,1,759,0,927,3,928,0,1593,0]
09-23 01:14:31.558 I/sysui_multi_action( 1834): [757,111,758,2]
09-23 01:14:31.558 I/sysui_multi_action( 1834): [757,111,758,2]
09-23 01:14:31.559 I/notification_enqueue( 1489): [10081,1834,com.android.systemui,2048,NULL,0,Notification(channel=updateNotification shortcut=null contentView=null vibrate=null sound=null defaults=0x0 flags=0x0 color=0x00000000 vis=PRIVATE),1]
09-23 01:14:31.562 I/sysui_multi_action( 1834): [757,111,758,1]
09-23 01:14:31.562 I/sysui_multi_action( 1834): [757,126,758,1,759,126,927,0,928,1,1593,0]
09-23 01:14:31.562 I/sysui_multi_action( 1834): [757,113,758,1,759,113,927,1,928,1,1593,0]
09-23 01:14:31.562 I/sysui_multi_action( 1834): [757,0,758,1,759,0,927,2,928,0,1593,0]
09-23 01:14:31.562 I/sysui_multi_action( 1834): [757,0,758,1,759,0,927,3,928,0,1593,0]
09-23 01:14:31.563 I/sysui_multi_action( 1834): [757,1706,758,1,759,1706,927,4,928,0,1593,0]
09-23 01:14:31.563 I/sysui_multi_action( 1834): [757,491,758,1,759,491,927,5,928,0,1311,-1,1593,0]
09-23 01:14:31.563 I/sysui_multi_action( 1834): [757,0,758,1,759,0,927,6,928,0,1593,0]
09-23 01:14:31.563 I/sysui_multi_action( 1834): [757,114,758,1,759,114,927,7,928,0,1593,0]
09-23 01:14:31.563 I/sysui_multi_action( 1834): [757,111,758,1]
09-23 01:14:31.563 I/sysui_multi_action( 1834): [757,126,758,1,759,126,927,0,928,1,1593,0]
09-23 01:14:31.563 I/sysui_multi_action( 1834): [757,113,758,1,759,113,927,1,928,1,1593,0]
09-23 01:14:31.563 I/sysui_multi_action( 1834): [757,0,758,1,759,0,927,2,928,0,1593,0]
09-23 01:14:31.563 I/sysui_multi_action( 1834): [757,0,758,1,759,0,927,3,928,0,1593,0]
09-23 01:14:31.575 I/sysui_multi_action( 1834): [757,111,758,2]
09-23 01:14:31.575 I/sysui_multi_action( 1834): [757,111,758,2]
09-23 01:14:31.576 I/notification_enqueue( 1489): [10081,1834,com.android.systemui,2048,NULL,0,Notification(channel=updateNotification shortcut=null contentView=null vibrate=null sound=null defaults=0x0 flags=0x0 color=0x00000000 vis=PRIVATE),1]
09-23 01:14:31.579 I/sysui_multi_action( 1834): [757,111,758,1]
09-23 01:14:31.579 I/sysui_multi_action( 1834): [757,126,758,1,759,126,927,0,928,1,1593,0]
09-23 01:14:31.579 I/sysui_multi_action( 1834): [757,113,758,1,759,113,927,1,928,1,1593,0]
09-23 01:14:31.579 I/sysui_multi_action( 1834): [757,0,758,1,759,0,927,2,928,0,1593,0]
09-23 01:14:31.579 I/sysui_multi_action( 1834): [757,0,758,1,759,0,927,3,928,0,1593,0]
09-23 01:14:31.579 I/sysui_multi_action( 1834): [757,1706,758,1,759,1706,927,4,928,0,1593,0]
09-23 01:14:31.579 I/sysui_multi_action( 1834): [757,491,758,1,759,491,927,5,928,0,1311,-1,1593,0]
09-23 01:14:31.579 I/sysui_multi_action( 1834): [757,0,758,1,759,0,927,6,928,0,1593,0]
09-23 01:14:31.580 I/sysui_multi_action( 1834): [757,114,758,1,759,114,927,7,928,0,1593,0]
09-23 01:14:31.580 I/sysui_multi_action( 1834): [757,111,758,1]
09-23 01:14:31.580 I/sysui_multi_action( 1834): [757,126,758,1,759,126,927,0,928,1,1593,0]
09-23 01:14:31.580 I/sysui_multi_action( 1834): [757,113,758,1,759,113,927,1,928,1,1593,0]
09-23 01:14:31.580 I/sysui_multi_action( 1834): [757,0,758,1,759,0,927,2,928,0,1593,0]
09-23 01:14:31.580 I/sysui_multi_action( 1834): [757,0,758,1,759,0,927,3,928,0,1593,0]
09-23 01:14:31.592 I/notification_enqueue( 1489): [10081,1834,com.android.systemui,2048,NULL,0,Notification(channel=updateNotification shortcut=null contentView=null vibrate=null sound=null defaults=0x0 flags=0x0 color=0x00000000 vis=PRIVATE),1]
09-23 01:14:31.593 I/sysui_multi_action( 1834): [757,111,758,2]
09-23 01:14:31.593 I/sysui_multi_action( 1834): [757,111,758,2]
09-23 01:14:31.598 I/sysui_multi_action( 1834): [757,111,758,1]
09-23 01:14:31.598 I/sysui_multi_action( 1834): [757,126,758,1,759,126,927,0,928,1,1593,0]
09-23 01:14:31.598 I/sysui_multi_action( 1834): [757,113,758,1,759,113,927,1,928,1,1593,0]
09-23 01:14:31.598 I/sysui_multi_action( 1834): [757,0,758,1,759,0,927,2,928,0,1593,0]
09-23 01:14:31.598 I/sysui_multi_action( 1834): [757,0,758,1,759,0,927,3,928,0,1593,0]
09-23 01:14:31.598 I/sysui_multi_action( 1834): [757,1706,758,1,759,1706,927,4,928,0,1593,0]
09-23 01:14:31.599 I/sysui_multi_action( 1834): [757,491,758,1,759,491,927,5,928,0,1311,-1,1593,0]
09-23 01:14:31.599 I/sysui_multi_action( 1834): [757,0,758,1,759,0,927,6,928,0,1593,0]
09-23 01:14:31.599 I/sysui_multi_action( 1834): [757,114,758,1,759,114,927,7,928,0,1593,0]
09-23 01:14:31.599 I/sysui_multi_action( 1834): [757,111,758,1]
09-23 01:14:31.599 I/sysui_multi_action( 1834): [757,126,758,1,759,126,927,0,928,1,1593,0]
09-23 01:14:31.599 I/sysui_multi_action( 1834): [757,113,758,1,759,113,927,1,928,1,1593,0]
09-23 01:14:31.599 I/sysui_multi_action( 1834): [757,0,758,1,759,0,927,2,928,0,1593,0]
09-23 01:14:31.599 I/sysui_multi_action( 1834): [757,0,758,1,759,0,927,3,928,0,1593,0]
09-23 01:14:31.622 I/sysui_multi_action( 1489): [757,1501,758,1,793,10058878,794,0,795,203,796,2048,806,com.android.systemui,857,updateNotification,858,3,947,0,1500,0,1688,1]
09-23 01:14:31.622 I/sysui_multi_action( 1489): [757,804,799,note_interruptive,801,0,802,1]
09-23 01:14:31.622 I/sysui_multi_action( 1489): [757,199,758,1,759,2,793,10058878,794,0,795,203,796,2048,806,com.android.systemui,857,updateNotification,858,3,947,0,1500,0,1688,1]
09-23 01:14:31.622 I/notification_alert( 1489): [0|com.android.systemui|2048|null|10081,0,1,0]
09-23 01:14:31.952 I/sysui_multi_action( 1489): [757,128,758,1,793,10040741,794,0,795,10040741,796,26,798,0,806,android,857,DEVELOPER_IMPORTANT,858,4,947,0,1395,4,1500,10040536,1688,1]
09-23 01:14:31.952 I/sysui_multi_action( 1489): [757,804,799,note_freshness,801,10040741,802,1]
09-23 01:14:31.952 I/notification_visibility( 1489): [-1|android|26|null|1000,1,10040741,10040741,0,0]
09-23 01:14:31.953 I/sysui_multi_action( 1489): [757,128,758,1,793,4048914,794,0,795,443779,796,17303299,797,com.android.wifi,798,2,806,android,857,NETWORK_AVAILABLE,858,2,947,0,1395,4,1500,1903,1688,1]
09-23 01:14:31.953 I/sysui_multi_action( 1489): [757,1501,758,1,793,4048914,794,0,795,443779,796,17303299,797,com.android.wifi,806,android,857,NETWORK_AVAILABLE,858,2,947,0,1500,0,1688,1]
09-23 01:14:31.953 I/sysui_multi_action( 1489): [757,804,799,note_interruptive,801,0,802,1]
09-23 01:14:31.953 I/sysui_multi_action( 1489): [757,804,799,note_freshness,801,443779,802,1]
09-23 01:14:31.953 I/notification_visibility( 1489): [0|android|17303299|com.android.wifi|1000,1,4048914,443779,0,2]
09-23 01:14:31.954 I/sysui_multi_action( 1489): [757,128,758,1,793,10040746,794,0,795,10040746,796,32,798,3,806,android,857,USB,858,1,947,0,1395,4,1500,10040543,1688,1]
09-23 01:14:31.954 I/sysui_multi_action( 1489): [757,804,799,note_freshness,801,10040746,802,1]
09-23 01:14:31.954 I/notification_visibility( 1489): [-1|android|32|null|1000,1,10040746,10040746,0,3]
09-23 01:14:31.954 I/sysui_multi_action( 1489): [757,128,758,1,793,367412,794,0,795,367412,796,19,798,1,806,android,857,PHYSICAL_KEYBOARD,858,3,947,0,1395,4,1500,367208,1688,1]
09-23 01:14:31.954 I/sysui_multi_action( 1489): [757,804,799,note_freshness,801,367412,802,1]
09-23 01:14:31.954 I/notification_visibility( 1489): [-1|android|19|null|1000,1,367412,367412,0,1]
09-23 01:14:33.367 I/auditd ( 3555): type=1400 audit(0.0:36934): avc: denied { read } for comm="NativeThread" name="unix" dev="proc" ino=4026532289 scontext=u:r:untrusted_app_27:s0:c512,c768 tcontext=u:object_r:proc_net:s0 tclass=file permissive=0 app=com.alibaba.android.rimet
09-23 01:14:33.601 I/input_interaction( 1489): Interaction with: 913cdb2 NotificationShade (server), edge-swipe (server), swipe-up (server), PointerEventDispatcher0 (server),
09-23 01:14:33.623 I/wm_task_moved( 1489): [1,0,0]
09-23 01:14:33.623 I/wm_task_moved( 1489): [1,0,5]
09-23 01:14:33.639 I/wm_on_restart_called( 2347): [152286629,com.android.launcher3.uioverrides.QuickstepLauncher,performRestartActivity]
09-23 01:14:33.657 I/wm_on_start_called( 2347): [152286629,com.android.launcher3.uioverrides.QuickstepLauncher,handleStartActivity]
09-23 01:14:33.670 I/view_enqueue_input_event( 1834): [Motion - Cancel,NotificationShade]
09-23 01:14:33.671 I/sysui_latency( 2347): [1,65]
09-23 01:14:33.676 I/sysui_multi_action( 1489): [319,10,322,47,325,10081,757,761,758,9,759,5,806,com.android.launcher3,871,com.android.launcher3.uioverrides.QuickstepLauncher,905,0,1320,8,1321,5]
09-23 01:14:33.685 I/input_interaction( 1489): Interaction with: edge-swipe (server), swipe-up (server), PointerEventDispatcher0 (server),
09-23 01:14:33.713 I/input_focus( 1489): [Focus leaving 913cdb2 NotificationShade (server),reason=NOT_FOCUSABLE]
09-23 01:14:33.743 I/auditd ( 3555): type=1400 audit(0.0:36935): avc: denied { read } for comm="NativeThread" name="unix" dev="proc" ino=4026532289 scontext=u:r:untrusted_app_27:s0:c512,c768 tcontext=u:object_r:proc_net:s0 tclass=file permissive=0 app=com.alibaba.android.rimet
09-23 01:14:33.947 I/notification_enqueue( 1489): [10081,1834,com.android.systemui,2048,NULL,0,Notification(channel=updateNotification shortcut=null contentView=null vibrate=null sound=null defaults=0x0 flags=0x0 color=0x00000000 vis=PRIVATE),1]
09-23 01:14:33.948 I/sysui_multi_action( 1834): [757,111,758,2]
09-23 01:14:33.948 I/sysui_multi_action( 1834): [757,111,758,2]
09-23 01:14:33.955 I/sysui_multi_action( 1834): [757,111,758,1]
09-23 01:14:33.956 I/sysui_multi_action( 1834): [757,126,758,1,759,126,927,0,928,1,1593,1]
09-23 01:14:33.956 I/sysui_multi_action( 1834): [757,113,758,1,759,113,927,1,928,1,1593,1]
09-23 01:14:33.956 I/sysui_multi_action( 1834): [757,0,758,1,759,0,927,2,928,0,1593,1]
09-23 01:14:33.956 I/sysui_multi_action( 1834): [757,0,758,1,759,0,927,3,928,0,1593,1]
09-23 01:14:33.956 I/sysui_multi_action( 1834): [757,1706,758,1,759,1706,927,4,928,0,1593,1]
09-23 01:14:33.956 I/sysui_multi_action( 1834): [757,491,758,1,759,491,927,5,928,0,1311,-1,1593,0]
09-23 01:14:33.956 I/sysui_multi_action( 1834): [757,0,758,1,759,0,927,6,928,0,1593,0]
09-23 01:14:33.956 I/sysui_multi_action( 1834): [757,114,758,1,759,114,927,7,928,0,1593,0]
09-23 01:14:33.956 I/sysui_multi_action( 1834): [757,111,758,1]
09-23 01:14:33.956 I/sysui_multi_action( 1834): [757,126,758,1,759,126,927,0,928,1,1593,1]
09-23 01:14:33.956 I/sysui_multi_action( 1834): [757,113,758,1,759,113,927,1,928,1,1593,1]
09-23 01:14:33.956 I/sysui_multi_action( 1834): [757,0,758,1,759,0,927,2,928,0,1593,1]
09-23 01:14:33.956 I/sysui_multi_action( 1834): [757,0,758,1,759,0,927,3,928,0,1593,1]
09-23 01:14:33.971 I/sysui_multi_action( 1834): [757,111,758,2]
09-23 01:14:33.971 I/notification_enqueue( 1489): [10081,1834,com.android.systemui,2048,NULL,0,Notification(channel=updateNotification shortcut=null contentView=null vibrate=null sound=null defaults=0x0 flags=0x0 color=0x00000000 vis=PRIVATE),1]
09-23 01:14:33.971 I/sysui_multi_action( 1834): [757,111,758,2]
09-23 01:14:33.972 I/sysui_latency( 1489): [8,64]
09-23 01:14:33.973 I/sysui_multi_action( 1834): [757,111,758,1]
09-23 01:14:33.973 I/sysui_multi_action( 1834): [757,126,758,1,759,126,927,0,928,1,1593,1]
09-23 01:14:33.973 I/sysui_multi_action( 1834): [757,113,758,1,759,113,927,1,928,1,1593,1]
09-23 01:14:33.973 I/sysui_multi_action( 1834): [757,0,758,1,759,0,927,2,928,0,1593,1]
09-23 01:14:33.973 I/sysui_multi_action( 1834): [757,0,758,1,759,0,927,3,928,0,1593,1]
09-23 01:14:33.973 I/sysui_multi_action( 1834): [757,1706,758,1,759,1706,927,4,928,0,1593,1]
09-23 01:14:33.973 I/sysui_multi_action( 1834): [757,491,758,1,759,491,927,5,928,0,1311,-1,1593,1]
09-23 01:14:33.973 I/sysui_multi_action( 1834): [757,0,758,1,759,0,927,6,928,0,1593,1]
09-23 01:14:33.973 I/sysui_multi_action( 1834): [757,114,758,1,759,114,927,7,928,0,1593,1]
09-23 01:14:33.973 I/sysui_multi_action( 1834): [757,111,758,1]
09-23 01:14:33.974 I/sysui_multi_action( 1834): [757,126,758,1,759,126,927,0,928,1,1593,1]
09-23 01:14:33.974 I/sysui_multi_action( 1834): [757,113,758,1,759,113,927,1,928,1,1593,1]
09-23 01:14:33.974 I/sysui_multi_action( 1834): [757,0,758,1,759,0,927,2,928,0,1593,1]
09-23 01:14:33.974 I/sysui_multi_action( 1834): [757,0,758,1,759,0,927,3,928,0,1593,1]
09-23 01:14:33.981 I/notification_enqueue( 1489): [10081,1834,com.android.systemui,2048,NULL,0,Notification(channel=updateNotification shortcut=null contentView=null vibrate=null sound=null defaults=0x0 flags=0x0 color=0x00000000 vis=PRIVATE),1]
09-23 01:14:33.981 I/sysui_multi_action( 1834): [757,111,758,2]
09-23 01:14:33.981 I/sysui_multi_action( 1834): [757,111,758,2]
09-23 01:14:33.984 I/sysui_multi_action( 1834): [757,111,758,1]
09-23 01:14:33.984 I/sysui_multi_action( 1834): [757,126,758,1,759,126,927,0,928,1,1593,1]
09-23 01:14:33.984 I/sysui_multi_action( 1834): [757,113,758,1,759,113,927,1,928,1,1593,1]
09-23 01:14:33.984 I/sysui_multi_action( 1834): [757,0,758,1,759,0,927,2,928,0,1593,1]
09-23 01:14:33.984 I/sysui_multi_action( 1834): [757,0,758,1,759,0,927,3,928,0,1593,1]
09-23 01:14:33.984 I/sysui_multi_action( 1834): [757,1706,758,1,759,1706,927,4,928,0,1593,1]
09-23 01:14:33.984 I/sysui_multi_action( 1834): [757,491,758,1,759,491,927,5,928,0,1311,-1,1593,1]
09-23 01:14:33.984 I/sysui_multi_action( 1834): [757,0,758,1,759,0,927,6,928,0,1593,1]
09-23 01:14:33.984 I/sysui_multi_action( 1834): [757,114,758,1,759,114,927,7,928,0,1593,1]
09-23 01:14:33.984 I/sysui_multi_action( 1834): [757,111,758,1]
09-23 01:14:33.984 I/sysui_multi_action( 1834): [757,126,758,1,759,126,927,0,928,1,1593,1]
09-23 01:14:33.984 I/sysui_multi_action( 1834): [757,113,758,1,759,113,927,1,928,1,1593,1]
09-23 01:14:33.984 I/sysui_multi_action( 1834): [757,0,758,1,759,0,927,2,928,0,1593,1]
09-23 01:14:33.984 I/sysui_multi_action( 1834): [757,0,758,1,759,0,927,3,928,0,1593,1]
09-23 01:14:33.997 I/notification_enqueue( 1489): [10081,1834,com.android.systemui,2048,NULL,0,Notification(channel=updateNotification shortcut=null contentView=null vibrate=null sound=null defaults=0x0 flags=0x0 color=0x00000000 vis=PRIVATE),1]
09-23 01:14:33.997 I/sysui_multi_action( 1834): [757,111,758,2]
09-23 01:14:33.998 I/sysui_multi_action( 1834): [757,111,758,2]
09-23 01:14:34.000 I/sysui_multi_action( 1834): [757,111,758,1]
09-23 01:14:34.000 I/sysui_multi_action( 1834): [757,126,758,1,759,126,927,0,928,1,1593,1]
09-23 01:14:34.000 I/sysui_multi_action( 1834): [757,113,758,1,759,113,927,1,928,1,1593,1]
09-23 01:14:34.000 I/sysui_multi_action( 1834): [757,0,758,1,759,0,927,2,928,0,1593,1]
09-23 01:14:34.000 I/sysui_multi_action( 1834): [757,0,758,1,759,0,927,3,928,0,1593,1]
09-23 01:14:34.000 I/sysui_multi_action( 1834): [757,1706,758,1,759,1706,927,4,928,0,1593,1]
09-23 01:14:34.000 I/sysui_multi_action( 1834): [757,491,758,1,759,491,927,5,928,0,1311,-1,1593,1]
09-23 01:14:34.000 I/sysui_multi_action( 1834): [757,0,758,1,759,0,927,6,928,0,1593,1]
09-23 01:14:34.000 I/sysui_multi_action( 1834): [757,114,758,1,759,114,927,7,928,0,1593,1]
09-23 01:14:34.000 I/sysui_multi_action( 1834): [757,111,758,1]
09-23 01:14:34.000 I/sysui_multi_action( 1834): [757,126,758,1,759,126,927,0,928,1,1593,1]
09-23 01:14:34.000 I/sysui_multi_action( 1834): [757,113,758,1,759,113,927,1,928,1,1593,1]
09-23 01:14:34.001 I/sysui_multi_action( 1834): [757,0,758,1,759,0,927,2,928,0,1593,1]
09-23 01:14:34.001 I/sysui_multi_action( 1834): [757,0,758,1,759,0,927,3,928,0,1593,1]
09-23 01:14:34.014 I/notification_enqueue( 1489): [10081,1834,com.android.systemui,2048,NULL,0,Notification(channel=updateNotification shortcut=null contentView=null vibrate=null sound=null defaults=0x0 flags=0x0 color=0x00000000 vis=PRIVATE),1]
09-23 01:14:34.014 I/sysui_multi_action( 1834): [757,111,758,2]
09-23 01:14:34.014 I/sysui_multi_action( 1834): [757,111,758,2]
09-23 01:14:34.018 I/sysui_multi_action( 1834): [757,111,758,1]
09-23 01:14:34.018 I/sysui_multi_action( 1834): [757,126,758,1,759,126,927,0,928,1,1593,1]
09-23 01:14:34.018 I/sysui_multi_action( 1834): [757,113,758,1,759,113,927,1,928,1,1593,1]
09-23 01:14:34.018 I/sysui_multi_action( 1834): [757,0,758,1,759,0,927,2,928,0,1593,1]
09-23 01:14:34.018 I/sysui_multi_action( 1834): [757,0,758,1,759,0,927,3,928,0,1593,1]
09-23 01:14:34.018 I/sysui_multi_action( 1834): [757,1706,758,1,759,1706,927,4,928,0,1593,1]
09-23 01:14:34.018 I/sysui_multi_action( 1834): [757,491,758,1,759,491,927,5,928,0,1311,-1,1593,0]
09-23 01:14:34.018 I/sysui_multi_action( 1834): [757,0,758,1,759,0,927,6,928,0,1593,0]
09-23 01:14:34.018 I/sysui_multi_action( 1834): [757,114,758,1,759,114,927,7,928,0,1593,0]
09-23 01:14:34.018 I/sysui_multi_action( 1834): [757,111,758,1]
09-23 01:14:34.018 I/sysui_multi_action( 1834): [757,126,758,1,759,126,927,0,928,1,1593,1]
09-23 01:14:34.018 I/sysui_multi_action( 1834): [757,113,758,1,759,113,927,1,928,1,1593,1]
09-23 01:14:34.018 I/sysui_multi_action( 1834): [757,0,758,1,759,0,927,2,928,0,1593,1]
09-23 01:14:34.018 I/sysui_multi_action( 1834): [757,0,758,1,759,0,927,3,928,0,1593,1]
09-23 01:14:34.030 I/sysui_multi_action( 1834): [757,111,758,2]
09-23 01:14:34.030 I/sysui_multi_action( 1834): [757,111,758,2]
09-23 01:14:34.031 I/notification_enqueue( 1489): [10081,1834,com.android.systemui,2048,NULL,0,Notification(channel=updateNotification shortcut=null contentView=null vibrate=null sound=null defaults=0x0 flags=0x0 color=0x00000000 vis=PRIVATE),1]
09-23 01:14:34.033 I/sysui_multi_action( 1834): [757,111,758,1]
09-23 01:14:34.033 I/sysui_multi_action( 1834): [757,126,758,1,759,126,927,0,928,1,1593,1]
09-23 01:14:34.033 I/sysui_multi_action( 1834): [757,113,758,1,759,113,927,1,928,1,1593,1]
09-23 01:14:34.033 I/sysui_multi_action( 1834): [757,0,758,1,759,0,927,2,928,0,1593,1]
09-23 01:14:34.033 I/sysui_multi_action( 1834): [757,0,758,1,759,0,927,3,928,0,1593,1]
09-23 01:14:34.033 I/sysui_multi_action( 1834): [757,1706,758,1,759,1706,927,4,928,0,1593,1]
09-23 01:14:34.033 I/sysui_multi_action( 1834): [757,491,758,1,759,491,927,5,928,0,1311,-1,1593,0]
09-23 01:14:34.033 I/sysui_multi_action( 1834): [757,0,758,1,759,0,927,6,928,0,1593,0]
09-23 01:14:34.033 I/sysui_multi_action( 1834): [757,114,758,1,759,114,927,7,928,0,1593,0]
09-23 01:14:34.033 I/sysui_multi_action( 1834): [757,111,758,1]
09-23 01:14:34.033 I/sysui_multi_action( 1834): [757,126,758,1,759,126,927,0,928,1,1593,1]
09-23 01:14:34.033 I/sysui_multi_action( 1834): [757,113,758,1,759,113,927,1,928,1,1593,1]
09-23 01:14:34.033 I/sysui_multi_action( 1834): [757,0,758,1,759,0,927,2,928,0,1593,1]
09-23 01:14:34.033 I/sysui_multi_action( 1834): [757,0,758,1,759,0,927,3,928,0,1593,1]
09-23 01:14:34.048 I/sysui_multi_action( 1834): [757,111,758,2]
09-23 01:14:34.048 I/sysui_multi_action( 1834): [757,111,758,2]
09-23 01:14:34.048 I/notification_enqueue( 1489): [10081,1834,com.android.systemui,2048,NULL,0,Notification(channel=updateNotification shortcut=null contentView=null vibrate=null sound=null defaults=0x0 flags=0x0 color=0x00000000 vis=PRIVATE),1]
09-23 01:14:34.052 I/sysui_multi_action( 1834): [757,111,758,1]
09-23 01:14:34.052 I/sysui_multi_action( 1834): [757,126,758,1,759,126,927,0,928,1,1593,1]
09-23 01:14:34.052 I/sysui_multi_action( 1834): [757,113,758,1,759,113,927,1,928,1,1593,1]
09-23 01:14:34.052 I/sysui_multi_action( 1834): [757,0,758,1,759,0,927,2,928,0,1593,1]
09-23 01:14:34.052 I/sysui_multi_action( 1834): [757,0,758,1,759,0,927,3,928,0,1593,1]
09-23 01:14:34.052 I/sysui_multi_action( 1834): [757,1706,758,1,759,1706,927,4,928,0,1593,1]
09-23 01:14:34.052 I/sysui_multi_action( 1834): [757,491,758,1,759,491,927,5,928,0,1311,-1,1593,0]
09-23 01:14:34.052 I/sysui_multi_action( 1834): [757,0,758,1,759,0,927,6,928,0,1593,0]
09-23 01:14:34.052 I/sysui_multi_action( 1834): [757,114,758,1,759,114,927,7,928,0,1593,0]
09-23 01:14:34.052 I/sysui_multi_action( 1834): [757,111,758,1]
09-23 01:14:34.052 I/sysui_multi_action( 1834): [757,126,758,1,759,126,927,0,928,1,1593,1]
09-23 01:14:34.053 I/sysui_multi_action( 1834): [757,113,758,1,759,113,927,1,928,1,1593,1]
09-23 01:14:34.053 I/sysui_multi_action( 1834): [757,0,758,1,759,0,927,2,928,0,1593,1]
09-23 01:14:34.053 I/sysui_multi_action( 1834): [757,0,758,1,759,0,927,3,928,0,1593,1]
09-23 01:14:34.067 I/sysui_multi_action( 1834): [757,111,758,2]
09-23 01:14:34.067 I/sysui_multi_action( 1834): [757,111,758,2]
09-23 01:14:34.068 I/notification_enqueue( 1489): [10081,1834,com.android.systemui,2048,NULL,0,Notification(channel=updateNotification shortcut=null contentView=null vibrate=null sound=null defaults=0x0 flags=0x0 color=0x00000000 vis=PRIVATE),1]
09-23 01:14:34.069 I/sysui_multi_action( 1834): [757,111,758,1]
09-23 01:14:34.069 I/sysui_multi_action( 1834): [757,126,758,1,759,126,927,0,928,1,1593,1]
09-23 01:14:34.069 I/sysui_multi_action( 1834): [757,113,758,1,759,113,927,1,928,1,1593,1]
09-23 01:14:34.069 I/sysui_multi_action( 1834): [757,0,758,1,759,0,927,2,928,0,1593,1]
09-23 01:14:34.070 I/sysui_multi_action( 1834): [757,0,758,1,759,0,927,3,928,0,1593,1]
09-23 01:14:34.070 I/sysui_multi_action( 1834): [757,1706,758,1,759,1706,927,4,928,0,1593,1]
09-23 01:14:34.070 I/sysui_multi_action( 1834): [757,491,758,1,759,491,927,5,928,0,1311,-1,1593,1]
09-23 01:14:34.070 I/sysui_multi_action( 1834): [757,0,758,1,759,0,927,6,928,0,1593,1]
09-23 01:14:34.070 I/sysui_multi_action( 1834): [757,114,758,1,759,114,927,7,928,0,1593,1]
09-23 01:14:34.070 I/sysui_multi_action( 1834): [757,111,758,1]
09-23 01:14:34.070 I/sysui_multi_action( 1834): [757,126,758,1,759,126,927,0,928,1,1593,0]
09-23 01:14:34.070 I/sysui_multi_action( 1834): [757,113,758,1,759,113,927,1,928,1,1593,0]
09-23 01:14:34.070 I/sysui_multi_action( 1834): [757,0,758,1,759,0,927,2,928,0,1593,0]
09-23 01:14:34.070 I/sysui_multi_action( 1834): [757,0,758,1,759,0,927,3,928,0,1593,0]
09-23 01:14:34.081 I/sysui_multi_action( 1834): [757,111,758,2]
09-23 01:14:34.081 I/notification_enqueue( 1489): [10081,1834,com.android.systemui,2048,NULL,0,Notification(channel=updateNotification shortcut=null contentView=null vibrate=null sound=null defaults=0x0 flags=0x0 color=0x00000000 vis=PRIVATE),1]
09-23 01:14:34.081 I/sysui_multi_action( 1834): [757,111,758,2]
09-23 01:14:34.084 I/sysui_multi_action( 1834): [757,111,758,1]
09-23 01:14:34.084 I/sysui_multi_action( 1834): [757,126,758,1,759,126,927,0,928,1,1593,0]
09-23 01:14:34.084 I/sysui_multi_action( 1834): [757,113,758,1,759,113,927,1,928,1,1593,0]
09-23 01:14:34.084 I/sysui_multi_action( 1834): [757,0,758,1,759,0,927,2,928,0,1593,0]
09-23 01:14:34.084 I/sysui_multi_action( 1834): [757,0,758,1,759,0,927,3,928,0,1593,0]
09-23 01:14:34.085 I/sysui_multi_action( 1834): [757,1706,758,1,759,1706,927,4,928,0,1593,0]
09-23 01:14:34.085 I/sysui_multi_action( 1834): [757,491,758,1,759,491,927,5,928,0,1311,-1,1593,0]
09-23 01:14:34.085 I/sysui_multi_action( 1834): [757,0,758,1,759,0,927,6,928,0,1593,0]
09-23 01:14:34.085 I/sysui_multi_action( 1834): [757,114,758,1,759,114,927,7,928,0,1593,0]
09-23 01:14:34.085 I/sysui_multi_action( 1834): [757,111,758,1]
09-23 01:14:34.085 I/sysui_multi_action( 1834): [757,126,758,1,759,126,927,0,928,1,1593,1]
09-23 01:14:34.085 I/sysui_multi_action( 1834): [757,113,758,1,759,113,927,1,928,1,1593,1]
09-23 01:14:34.085 I/sysui_multi_action( 1834): [757,0,758,1,759,0,927,2,928,0,1593,1]
09-23 01:14:34.085 I/sysui_multi_action( 1834): [757,0,758,1,759,0,927,3,928,0,1593,1]
09-23 01:14:34.097 I/sysui_multi_action( 1834): [757,111,758,2]
09-23 01:14:34.097 I/sysui_multi_action( 1834): [757,111,758,2]
09-23 01:14:34.100 I/notification_enqueue( 1489): [10081,1834,com.android.systemui,2048,NULL,0,Notification(channel=updateNotification shortcut=null contentView=null vibrate=null sound=null defaults=0x0 flags=0x0 color=0x00000000 vis=PRIVATE),1]
09-23 01:14:34.100 I/sysui_multi_action( 1834): [757,111,758,1]
09-23 01:14:34.100 I/sysui_multi_action( 1834): [757,126,758,1,759,126,927,0,928,1,1593,1]
09-23 01:14:34.100 I/sysui_multi_action( 1834): [757,113,758,1,759,113,927,1,928,1,1593,1]
09-23 01:14:34.100 I/sysui_multi_action( 1834): [757,0,758,1,759,0,927,2,928,0,1593,1]
09-23 01:14:34.100 I/sysui_multi_action( 1834): [757,0,758,1,759,0,927,3,928,0,1593,1]
09-23 01:14:34.100 I/sysui_multi_action( 1834): [757,1706,758,1,759,1706,927,4,928,0,1593,1]
09-23 01:14:34.101 I/sysui_multi_action( 1834): [757,491,758,1,759,491,927,5,928,0,1311,-1,1593,0]
09-23 01:14:34.101 I/sysui_multi_action( 1834): [757,0,758,1,759,0,927,6,928,0,1593,0]
09-23 01:14:34.101 I/sysui_multi_action( 1834): [757,114,758,1,759,114,927,7,928,0,1593,0]
09-23 01:14:34.101 I/sysui_multi_action( 1834): [757,111,758,1]
09-23 01:14:34.101 I/sysui_multi_action( 1834): [757,126,758,1,759,126,927,0,928,1,1593,1]
09-23 01:14:34.101 I/sysui_multi_action( 1834): [757,113,758,1,759,113,927,1,928,1,1593,1]
09-23 01:14:34.101 I/sysui_multi_action( 1834): [757,0,758,1,759,0,927,2,928,0,1593,1]
09-23 01:14:34.101 I/sysui_multi_action( 1834): [757,0,758,1,759,0,927,3,928,0,1593,1]
09-23 01:14:34.118 I/sysui_multi_action( 1834): [757,111,758,2]
09-23 01:14:34.118 I/sysui_multi_action( 1834): [757,111,758,2]
09-23 01:14:34.118 I/notification_enqueue( 1489): [10081,1834,com.android.systemui,2048,NULL,0,Notification(channel=updateNotification shortcut=null contentView=null vibrate=null sound=null defaults=0x0 flags=0x0 color=0x00000000 vis=PRIVATE),1]
09-23 01:14:34.121 I/sysui_multi_action( 1834): [757,111,758,1]
09-23 01:14:34.121 I/sysui_multi_action( 1834): [757,126,758,1,759,126,927,0,928,1,1593,1]
09-23 01:14:34.121 I/sysui_multi_action( 1834): [757,113,758,1,759,113,927,1,928,1,1593,1]
09-23 01:14:34.121 I/sysui_multi_action( 1834): [757,0,758,1,759,0,927,2,928,0,1593,1]
09-23 01:14:34.121 I/sysui_multi_action( 1834): [757,0,758,1,759,0,927,3,928,0,1593,1]
09-23 01:14:34.121 I/sysui_multi_action( 1834): [757,1706,758,1,759,1706,927,4,928,0,1593,1]
09-23 01:14:34.122 I/sysui_multi_action( 1834): [757,491,758,1,759,491,927,5,928,0,1311,-1,1593,0]
09-23 01:14:34.122 I/sysui_multi_action( 1834): [757,0,758,1,759,0,927,6,928,0,1593,0]
09-23 01:14:34.122 I/sysui_multi_action( 1834): [757,114,758,1,759,114,927,7,928,0,1593,0]
09-23 01:14:34.122 I/sysui_multi_action( 1834): [757,111,758,1]
09-23 01:14:34.122 I/sysui_multi_action( 1834): [757,126,758,1,759,126,927,0,928,1,1593,1]
09-23 01:14:34.122 I/sysui_multi_action( 1834): [757,113,758,1,759,113,927,1,928,1,1593,1]
09-23 01:14:34.122 I/sysui_multi_action( 1834): [757,0,758,1,759,0,927,2,928,0,1593,1]
09-23 01:14:34.122 I/sysui_multi_action( 1834): [757,0,758,1,759,0,927,3,928,0,1593,1]
09-23 01:14:34.130 I/sysui_multi_action( 1834): [757,111,758,2]
09-23 01:14:34.130 I/sysui_multi_action( 1834): [757,111,758,2]
09-23 01:14:34.130 I/notification_enqueue( 1489): [10081,1834,com.android.systemui,2048,NULL,0,Notification(channel=updateNotification shortcut=null contentView=null vibrate=null sound=null defaults=0x0 flags=0x0 color=0x00000000 vis=PRIVATE),1]
09-23 01:14:34.133 I/sysui_multi_action( 1834): [757,111,758,1]
09-23 01:14:34.134 I/sysui_multi_action( 1834): [757,126,758,1,759,126,927,0,928,1,1593,1]
09-23 01:14:34.134 I/sysui_multi_action( 1834): [757,113,758,1,759,113,927,1,928,1,1593,1]
09-23 01:14:34.134 I/sysui_multi_action( 1834): [757,0,758,1,759,0,927,2,928,0,1593,1]
09-23 01:14:34.134 I/sysui_multi_action( 1834): [757,0,758,1,759,0,927,3,928,0,1593,1]
09-23 01:14:34.134 I/sysui_multi_action( 1834): [757,1706,758,1,759,1706,927,4,928,0,1593,1]
09-23 01:14:34.134 I/sysui_multi_action( 1834): [757,491,758,1,759,491,927,5,928,0,1311,-1,1593,1]
09-23 01:14:34.134 I/sysui_multi_action( 1834): [757,0,758,1,759,0,927,6,928,0,1593,1]
09-23 01:14:34.134 I/sysui_multi_action( 1834): [757,114,758,1,759,114,927,7,928,0,1593,1]
09-23 01:14:34.134 I/sysui_multi_action( 1834): [757,111,758,1]
09-23 01:14:34.134 I/sysui_multi_action( 1834): [757,126,758,1,759,126,927,0,928,1,1593,1]
09-23 01:14:34.134 I/sysui_multi_action( 1834): [757,113,758,1,759,113,927,1,928,1,1593,1]
09-23 01:14:34.134 I/sysui_multi_action( 1834): [757,0,758,1,759,0,927,2,928,0,1593,1]
09-23 01:14:34.134 I/sysui_multi_action( 1834): [757,0,758,1,759,0,927,3,928,0,1593,1]
09-23 01:14:34.147 I/sysui_multi_action( 1834): [757,111,758,2]
09-23 01:14:34.147 I/sysui_multi_action( 1834): [757,111,758,2]
09-23 01:14:34.147 I/notification_enqueue( 1489): [10081,1834,com.android.systemui,2048,NULL,0,Notification(channel=updateNotification shortcut=null contentView=null vibrate=null sound=null defaults=0x0 flags=0x0 color=0x00000000 vis=PRIVATE),1]
09-23 01:14:34.149 I/sysui_multi_action( 1834): [757,111,758,1]
09-23 01:14:34.150 I/sysui_multi_action( 1834): [757,126,758,1,759,126,927,0,928,1,1593,0]
09-23 01:14:34.150 I/sysui_multi_action( 1834): [757,113,758,1,759,113,927,1,928,1,1593,0]
09-23 01:14:34.150 I/sysui_multi_action( 1834): [757,0,758,1,759,0,927,2,928,0,1593,0]
09-23 01:14:34.150 I/sysui_multi_action( 1834): [757,0,758,1,759,0,927,3,928,0,1593,0]
09-23 01:14:34.150 I/sysui_multi_action( 1834): [757,1706,758,1,759,1706,927,4,928,0,1593,0]
09-23 01:14:34.150 I/sysui_multi_action( 1834): [757,491,758,1,759,491,927,5,928,0,1311,-1,1593,0]
09-23 01:14:34.150 I/sysui_multi_action( 1834): [757,0,758,1,759,0,927,6,928,0,1593,0]
09-23 01:14:34.150 I/sysui_multi_action( 1834): [757,114,758,1,759,114,927,7,928,0,1593,0]
09-23 01:14:34.150 I/sysui_multi_action( 1834): [757,111,758,1]
09-23 01:14:34.150 I/sysui_multi_action( 1834): [757,126,758,1,759,126,927,0,928,1,1593,0]
09-23 01:14:34.150 I/sysui_multi_action( 1834): [757,113,758,1,759,113,927,1,928,1,1593,0]
09-23 01:14:34.150 I/sysui_multi_action( 1834): [757,0,758,1,759,0,927,2,928,0,1593,1]
09-23 01:14:34.150 I/sysui_multi_action( 1834): [757,0,758,1,759,0,927,3,928,0,1593,1]
09-23 01:14:34.155 I/sysui_multi_action( 1489): [757,1501,758,1,793,10061411,794,0,795,208,796,2048,806,com.android.systemui,857,updateNotification,858,3,947,0,1500,0,1688,1]
09-23 01:14:34.155 I/sysui_multi_action( 1489): [757,804,799,note_interruptive,801,0,802,1]
09-23 01:14:34.155 I/sysui_multi_action( 1489): [757,199,758,1,759,2,793,10061411,794,0,795,208,796,2048,806,com.android.systemui,857,updateNotification,858,3,947,0,1500,0,1688,1]
09-23 01:14:34.155 I/notification_alert( 1489): [0|com.android.systemui|2048|null|10081,0,1,0]
09-23 01:14:34.158 I/sysui_multi_action( 1489): [757,128,758,2,793,10042947,794,2206,795,10042947,796,26,798,0,806,android,857,DEVELOPER_IMPORTANT,858,4,947,0,1395,4,1500,10042742,1688,1]
09-23 01:14:34.158 I/notification_visibility( 1489): [-1|android|26|null|1000,0,10042947,10042947,0,0]
09-23 01:14:34.158 I/sysui_multi_action( 1489): [757,128,758,2,793,4051119,794,2205,795,445984,796,17303299,797,com.android.wifi,798,2,806,android,857,NETWORK_AVAILABLE,858,2,947,0,1395,4,1500,2205,1688,1]
09-23 01:14:34.158 I/notification_visibility( 1489): [0|android|17303299|com.android.wifi|1000,0,4051119,445984,0,2]
09-23 01:14:34.158 I/sysui_multi_action( 1489): [757,128,758,2,793,10042951,794,2205,795,10042951,796,32,798,3,806,android,857,USB,858,1,947,0,1395,4,1500,10042748,1688,1]
09-23 01:14:34.158 I/notification_visibility( 1489): [-1|android|32|null|1000,0,10042951,10042951,0,3]
09-23 01:14:34.158 I/sysui_multi_action( 1489): [757,128,758,2,793,369616,794,2204,795,369616,796,19,798,1,806,android,857,PHYSICAL_KEYBOARD,858,3,947,0,1395,4,1500,369412,1688,1]
09-23 01:14:34.158 I/notification_visibility( 1489): [-1|android|19|null|1000,0,369616,369616,0,1]
09-23 01:14:34.164 I/sysui_multi_action( 1834): [757,111,758,2]
09-23 01:14:34.164 I/sysui_multi_action( 1834): [757,111,758,2]
09-23 01:14:34.164 I/notification_enqueue( 1489): [10081,1834,com.android.systemui,2048,NULL,0,Notification(channel=updateNotification shortcut=null contentView=null vibrate=null sound=null defaults=0x0 flags=0x0 color=0x00000000 vis=PRIVATE),1]
09-23 01:14:34.167 I/sysui_multi_action( 1834): [757,111,758,1]
09-23 01:14:34.167 I/sysui_multi_action( 1834): [757,126,758,1,759,126,927,0,928,1,1593,1]
09-23 01:14:34.167 I/sysui_multi_action( 1834): [757,113,758,1,759,113,927,1,928,1,1593,1]
09-23 01:14:34.167 I/sysui_multi_action( 1834): [757,0,758,1,759,0,927,2,928,0,1593,1]
09-23 01:14:34.167 I/sysui_multi_action( 1834): [757,0,758,1,759,0,927,3,928,0,1593,1]
09-23 01:14:34.167 I/sysui_multi_action( 1834): [757,1706,758,1,759,1706,927,4,928,0,1593,1]
09-23 01:14:34.167 I/sysui_multi_action( 1834): [757,491,758,1,759,491,927,5,928,0,1311,-1,1593,0]
09-23 01:14:34.167 I/sysui_multi_action( 1834): [757,0,758,1,759,0,927,6,928,0,1593,0]
09-23 01:14:34.167 I/sysui_multi_action( 1834): [757,114,758,1,759,114,927,7,928,0,1593,0]
09-23 01:14:34.167 I/sysui_multi_action( 1834): [757,111,758,1]
09-23 01:14:34.167 I/sysui_multi_action( 1834): [757,126,758,1,759,126,927,0,928,1,1593,1]
09-23 01:14:34.167 I/sysui_multi_action( 1834): [757,113,758,1,759,113,927,1,928,1,1593,1]
09-23 01:14:34.167 I/sysui_multi_action( 1834): [757,0,758,1,759,0,927,2,928,0,1593,1]
09-23 01:14:34.167 I/sysui_multi_action( 1834): [757,0,758,1,759,0,927,3,928,0,1593,1]
09-23 01:14:34.181 I/sysui_multi_action( 1834): [757,111,758,2]
09-23 01:14:34.181 I/sysui_multi_action( 1834): [757,111,758,2]
09-23 01:14:34.184 I/sysui_multi_action( 1834): [757,111,758,1]
09-23 01:14:34.184 I/sysui_multi_action( 1834): [757,126,758,1,759,126,927,0,928,1,1593,1]
09-23 01:14:34.184 I/sysui_multi_action( 1834): [757,113,758,1,759,113,927,1,928,1,1593,1]
09-23 01:14:34.184 I/sysui_multi_action( 1834): [757,0,758,1,759,0,927,2,928,0,1593,1]
09-23 01:14:34.184 I/sysui_multi_action( 1834): [757,0,758,1,759,0,927,3,928,0,1593,1]
09-23 01:14:34.184 I/sysui_multi_action( 1834): [757,1706,758,1,759,1706,927,4,928,0,1593,1]
09-23 01:14:34.185 I/sysui_multi_action( 1834): [757,491,758,1,759,491,927,5,928,0,1311,-1,1593,0]
09-23 01:14:34.185 I/sysui_multi_action( 1834): [757,0,758,1,759,0,927,6,928,0,1593,0]
09-23 01:14:34.185 I/sysui_multi_action( 1834): [757,114,758,1,759,114,927,7,928,0,1593,0]
09-23 01:14:34.185 I/sysui_multi_action( 1834): [757,111,758,1]
09-23 01:14:34.185 I/sysui_multi_action( 1834): [757,126,758,1,759,126,927,0,928,1,1593,1]
09-23 01:14:34.185 I/sysui_multi_action( 1834): [757,113,758,1,759,113,927,1,928,1,1593,1]
09-23 01:14:34.185 I/sysui_multi_action( 1834): [757,0,758,1,759,0,927,2,928,0,1593,1]
09-23 01:14:34.185 I/notification_enqueue( 1489): [10081,1834,com.android.systemui,2048,NULL,0,Notification(channel=updateNotification shortcut=null contentView=null vibrate=null sound=null defaults=0x0 flags=0x0 color=0x00000000 vis=PRIVATE),1]
09-23 01:14:34.185 I/sysui_multi_action( 1834): [757,0,758,1,759,0,927,3,928,0,1593,1]
09-23 01:14:34.198 I/sysui_multi_action( 1834): [757,111,758,2]
09-23 01:14:34.199 I/sysui_multi_action( 1834): [757,111,758,2]
09-23 01:14:34.200 I/notification_enqueue( 1489): [10081,1834,com.android.systemui,2048,NULL,0,Notification(channel=updateNotification shortcut=null contentView=null vibrate=null sound=null defaults=0x0 flags=0x0 color=0x00000000 vis=PRIVATE),1]
09-23 01:14:34.202 I/sysui_multi_action( 1834): [757,111,758,1]
09-23 01:14:34.202 I/sysui_multi_action( 1834): [757,126,758,1,759,126,927,0,928,1,1593,1]
09-23 01:14:34.202 I/sysui_multi_action( 1834): [757,113,758,1,759,113,927,1,928,1,1593,1]
09-23 01:14:34.202 I/sysui_multi_action( 1834): [757,0,758,1,759,0,927,2,928,0,1593,1]
09-23 01:14:34.202 I/sysui_multi_action( 1834): [757,0,758,1,759,0,927,3,928,0,1593,1]
09-23 01:14:34.202 I/sysui_multi_action( 1834): [757,1706,758,1,759,1706,927,4,928,0,1593,1]
09-23 01:14:34.202 I/sysui_multi_action( 1834): [757,491,758,1,759,491,927,5,928,0,1311,-1,1593,0]
09-23 01:14:34.202 I/sysui_multi_action( 1834): [757,0,758,1,759,0,927,6,928,0,1593,0]
09-23 01:14:34.202 I/sysui_multi_action( 1834): [757,114,758,1,759,114,927,7,928,0,1593,0]
09-23 01:14:34.202 I/sysui_multi_action( 1834): [757,111,758,1]
09-23 01:14:34.202 I/sysui_multi_action( 1834): [757,126,758,1,759,126,927,0,928,1,1593,1]
09-23 01:14:34.202 I/sysui_multi_action( 1834): [757,113,758,1,759,113,927,1,928,1,1593,1]
09-23 01:14:34.202 I/sysui_multi_action( 1834): [757,0,758,1,759,0,927,2,928,0,1593,1]
09-23 01:14:34.202 I/sysui_multi_action( 1834): [757,0,758,1,759,0,927,3,928,0,1593,1]
09-23 01:14:34.214 I/sysui_multi_action( 1834): [757,111,758,2]
09-23 01:14:34.214 I/sysui_multi_action( 1834): [757,111,758,2]
09-23 01:14:34.214 I/notification_enqueue( 1489): [10081,1834,com.android.systemui,2048,NULL,0,Notification(channel=updateNotification shortcut=null contentView=null vibrate=null sound=null defaults=0x0 flags=0x0 color=0x00000000 vis=PRIVATE),1]
09-23 01:14:34.222 I/sysui_multi_action( 1834): [757,111,758,1]
09-23 01:14:34.222 I/sysui_multi_action( 1834): [757,126,758,1,759,126,927,0,928,1,1593,1]
09-23 01:14:34.222 I/sysui_multi_action( 1834): [757,113,758,1,759,113,927,1,928,1,1593,1]
09-23 01:14:34.222 I/sysui_multi_action( 1834): [757,0,758,1,759,0,927,2,928,0,1593,1]
09-23 01:14:34.222 I/sysui_multi_action( 1834): [757,0,758,1,759,0,927,3,928,0,1593,1]
09-23 01:14:34.222 I/sysui_multi_action( 1834): [757,1706,758,1,759,1706,927,4,928,0,1593,1]
09-23 01:14:34.222 I/sysui_multi_action( 1834): [757,491,758,1,759,491,927,5,928,0,1311,-1,1593,0]
09-23 01:14:34.222 I/sysui_multi_action( 1834): [757,0,758,1,759,0,927,6,928,0,1593,0]
09-23 01:14:34.222 I/sysui_multi_action( 1834): [757,114,758,1,759,114,927,7,928,0,1593,0]
09-23 01:14:34.222 I/sysui_multi_action( 1834): [757,111,758,1]
09-23 01:14:34.222 I/sysui_multi_action( 1834): [757,126,758,1,759,126,927,0,928,1,1593,1]
09-23 01:14:34.222 I/sysui_multi_action( 1834): [757,113,758,1,759,113,927,1,928,1,1593,1]
09-23 01:14:34.222 I/sysui_multi_action( 1834): [757,0,758,1,759,0,927,2,928,0,1593,1]
09-23 01:14:34.223 I/sysui_multi_action( 1834): [757,0,758,1,759,0,927,3,928,0,1593,1]
09-23 01:14:34.223 I/auditd ( 3555): type=1400 audit(0.0:36936): avc: denied { read } for comm="NativeThread" name="unix" dev="proc" ino=4026532289 scontext=u:r:untrusted_app_27:s0:c512,c768 tcontext=u:object_r:proc_net:s0 tclass=file permissive=0 app=com.alibaba.android.rimet
09-23 01:14:34.230 I/sysui_multi_action( 1834): [757,111,758,2]
09-23 01:14:34.230 I/sysui_multi_action( 1834): [757,111,758,2]
09-23 01:14:34.230 I/notification_enqueue( 1489): [10081,1834,com.android.systemui,2048,NULL,0,Notification(channel=updateNotification shortcut=null contentView=null vibrate=null sound=null defaults=0x0 flags=0x0 color=0x00000000 vis=PRIVATE),1]
09-23 01:14:34.235 I/sysui_multi_action( 1489): [757,127,758,2]
09-23 01:14:34.235 I/notification_panel_hidden( 1489):
09-23 01:14:34.235 I/auditd ( 3555): type=1400 audit(0.0:36937): avc: denied { read } for comm="NativeThread" name="version" dev="proc" ino=4026532265 scontext=u:r:untrusted_app_27:s0:c512,c768 tcontext=u:object_r:proc_version:s0 tclass=file permissive=0 app=com.alibaba.android.rimet
09-23 01:14:34.235 I/auditd ( 3555): type=1400 audit(0.0:36938): avc: denied { ioctl } for comm="NativeThread" path="socket:[541885]" dev="sockfs" ino=541885 ioctlcmd=0x8927 scontext=u:r:untrusted_app_27:s0:c512,c768 tcontext=u:r:untrusted_app_27:s0:c512,c768 tclass=udp_socket permissive=0 app=com.alibaba.android.rimet
09-23 01:14:34.241 I/sysui_multi_action( 1834): [757,111,758,1]
09-23 01:14:34.241 I/sysui_multi_action( 1834): [757,126,758,1,759,126,927,0,928,1,1593,1]
09-23 01:14:34.241 I/sysui_multi_action( 1834): [757,113,758,1,759,113,927,1,928,1,1593,1]
09-23 01:14:34.241 I/sysui_multi_action( 1834): [757,0,758,1,759,0,927,2,928,0,1593,1]
09-23 01:14:34.241 I/sysui_multi_action( 1834): [757,0,758,1,759,0,927,3,928,0,1593,1]
09-23 01:14:34.241 I/sysui_multi_action( 1834): [757,1706,758,1,759,1706,927,4,928,0,1593,1]
09-23 01:14:34.241 I/sysui_multi_action( 1834): [757,491,758,1,759,491,927,5,928,0,1311,-1,1593,0]
09-23 01:14:34.241 I/sysui_multi_action( 1834): [757,0,758,1,759,0,927,6,928,0,1593,0]
09-23 01:14:34.241 I/sysui_multi_action( 1834): [757,114,758,1,759,114,927,7,928,0,1593,0]
09-23 01:14:34.242 I/sysui_multi_action( 1834): [757,111,758,1]
09-23 01:14:34.242 I/sysui_multi_action( 1834): [757,126,758,1,759,126,927,0,928,1,1593,1]
09-23 01:14:34.242 I/sysui_multi_action( 1834): [757,113,758,1,759,113,927,1,928,1,1593,1]
09-23 01:14:34.242 I/sysui_multi_action( 1834): [757,0,758,1,759,0,927,2,928,0,1593,1]
09-23 01:14:34.242 I/sysui_multi_action( 1834): [757,0,758,1,759,0,927,3,928,0,1593,1]
09-23 01:14:34.520 I/wm_task_moved( 1489): [1,1,7]
09-23 01:14:34.521 I/wm_focused_root_task( 1489): [0,0,1,139,startActivityFromRecents]
09-23 01:14:34.522 I/wm_on_top_resumed_lost_called( 2232): [15010957,com.android.settings.Settings,topStateChangedWhenResumed]
09-23 01:14:34.531 I/wm_task_moved( 1489): [85,1,7]
09-23 01:14:34.531 I/wm_task_to_front( 1489): [0,85]
09-23 01:14:34.532 I/wm_focused_root_task( 1489): [0,0,85,1,reuseOrNewTask]
09-23 01:14:34.532 I/wm_create_activity( 1489): [0,104389896,85,com.tencent.qqmusicpad/.activity.AppStarterActivity,android.intent.action.MAIN,NULL,NULL,271581184]
09-23 01:14:34.538 I/wm_pause_activity( 1489): [0,15010957,com.android.settings/.Settings,userLeaving=true,pauseBackTasks]
09-23 01:14:34.542 I/input_focus( 1489): [Focus request bb9afb8 com.android.launcher3/com.android.launcher3.uioverrides.QuickstepLauncher,reason=UpdateInputWindows]
09-23 01:14:34.544 I/sysui_multi_action( 2232): [757,35,758,2,1089,18802]
09-23 01:14:34.544 I/sysui_multi_action( 2232): [757,1018,758,2,1089,14352]
09-23 01:14:34.544 I/wm_on_paused_called( 2232): [15010957,com.android.settings.Settings,performPause]
09-23 01:14:34.547 I/wm_add_to_stopping( 1489): [0,15010957,com.android.settings/.Settings,makeInvisible]
09-23 01:14:34.549 I/input_focus( 1489): [Focus entering bb9afb8 com.android.launcher3/com.android.launcher3.uioverrides.QuickstepLauncher (server),reason=setFocusedWindow]
09-23 01:14:34.553 I/am_uid_running( 1489): 10110
09-23 01:14:34.555 I/sysui_multi_action( 1489): [757,803,799,window_time_0,802,19]
09-23 01:14:34.563 I/am_proc_start( 1489): [0,5075,10110,com.tencent.qqmusicpad,pre-top-activity,{com.tencent.qqmusicpad/com.tencent.qqmusicpad.activity.AppStarterActivity}]
09-23 01:14:34.584 I/am_proc_bound( 1489): [0,5075,com.tencent.qqmusicpad]
09-23 01:14:34.588 I/wm_task_moved( 1489): [1,0,5]
09-23 01:14:34.589 I/wm_add_to_stopping( 1489): [0,152286629,com.android.launcher3/.uioverrides.QuickstepLauncher,makeInvisible]
09-23 01:14:34.598 I/wm_restart_activity( 1489): [0,104389896,85,com.tencent.qqmusicpad/.activity.AppStarterActivity]
09-23 01:14:34.599 I/wm_set_resumed_activity( 1489): [0,com.tencent.qqmusicpad/.activity.AppStarterActivity,minimalResumeActivityLocked]
09-23 01:14:34.600 I/input_focus( 1489): [Focus leaving bb9afb8 com.android.launcher3/com.android.launcher3.uioverrides.QuickstepLauncher (server),reason=NOT_VISIBLE]
09-23 01:14:34.601 I/am_uid_active( 1489): 10110
09-23 01:14:34.603 I/wm_stop_activity( 1489): [0,152286629,com.android.launcher3/.uioverrides.QuickstepLauncher]
09-23 01:14:34.603 I/wm_stop_activity( 1489): [0,15010957,com.android.settings/.Settings]
09-23 01:14:34.618 I/wm_on_stop_called( 2232): [15010957,com.android.settings.Settings,STOP_ACTIVITY_ITEM]
09-23 01:14:34.628 I/wm_on_stop_called( 2347): [152286629,com.android.launcher3.uioverrides.QuickstepLauncher,STOP_ACTIVITY_ITEM]
09-23 01:14:34.655 I/auditd ( 3555): type=1400 audit(0.0:36952): avc: denied { read } for comm="NativeThread" name="unix" dev="proc" ino=4026532289 scontext=u:r:untrusted_app_27:s0:c512,c768 tcontext=u:object_r:proc_net:s0 tclass=file permissive=0 app=com.alibaba.android.rimet
09-23 01:14:34.871 I/auditd ( 5075): type=1400 audit(0.0:36953): avc: granted { nlmsg_readpriv } for comm="cent.qqmusicpad" scontext=u:r:untrusted_app_27:s0:c110,c256,c512,c768 tcontext=u:r:untrusted_app_27:s0:c110,c256,c512,c768 tclass=netlink_route_socket app=com.tencent.qqmusicpad
09-23 01:14:34.875 I/auditd ( 5075): type=1400 audit(0.0:36954): avc: granted { nlmsg_readpriv } for comm="cent.qqmusicpad" scontext=u:r:untrusted_app_27:s0:c110,c256,c512,c768 tcontext=u:r:untrusted_app_27:s0:c110,c256,c512,c768 tclass=netlink_route_socket app=com.tencent.qqmusicpad
09-23 01:14:34.895 I/auditd ( 5075): type=1400 audit(0.0:36955): avc: denied { search } for comm="cent.qqmusicpad" name="net" dev="sysfs" ino=52769 scontext=u:r:untrusted_app_27:s0:c110,c256,c512,c768 tcontext=u:object_r:sysfs_net:s0 tclass=dir permissive=0 app=com.tencent.qqmusicpad
09-23 01:14:34.895 I/auditd ( 5075): type=1400 audit(0.0:36956): avc: denied { search } for comm="cent.qqmusicpad" name="net" dev="sysfs" ino=52770 scontext=u:r:untrusted_app_27:s0:c110,c256,c512,c768 tcontext=u:object_r:sysfs_net:s0 tclass=dir permissive=0 app=com.tencent.qqmusicpad
09-23 01:14:35.062 I/am_proc_start( 1489): [0,5160,10110,com.tencent.qqmusicpad:QQPlayerService,service,{com.tencent.qqmusicpad/com.tencent.qqmusicplayerprocess.service.QQPlayerServiceNew}]
09-23 01:14:35.080 I/am_proc_bound( 1489): [0,5160,com.tencent.qqmusicpad:QQPlayerService]
09-23 01:14:35.094 I/wm_on_create_called( 5075): [104389896,com.tencent.qqmusicpad.activity.AppStarterActivity,performCreate]
09-23 01:14:35.096 I/wm_on_start_called( 5075): [104389896,com.tencent.qqmusicpad.activity.AppStarterActivity,handleStartActivity]
09-23 01:14:35.097 I/wm_on_resume_called( 5075): [104389896,com.tencent.qqmusicpad.activity.AppStarterActivity,RESUME_ACTIVITY]
09-23 01:14:35.107 I/wm_on_top_resumed_gained_called( 5075): [104389896,com.tencent.qqmusicpad.activity.AppStarterActivity,topStateChangedWhenResumed]
09-23 01:14:35.121 I/notification_enqueue( 1489): [10110,5075,com.tencent.qqmusicpad,1,NULL,0,Notification(channel=NetworkService_1 shortcut=null contentView=null vibrate=null sound=null defaults=0x0 flags=0x40 color=0x00000000 vis=PRIVATE),0]
09-23 01:14:35.122 I/sysui_multi_action( 1489): [757,128,758,5,759,8,793,2,794,0,795,2,796,1,806,com.tencent.qqmusicpad,857,NetworkService_1,858,2,947,0,1500,2]
09-23 01:14:35.122 I/notification_canceled( 1489): [0|com.tencent.qqmusicpad|1|null|10110,8,2,2,0,-1,-1,NULL]
09-23 01:14:35.172 I/input_focus( 1489): [Focus request 9a4c1c5 com.tencent.qqmusicpad/com.tencent.qqmusicpad.activity.AppStarterActivity,reason=UpdateInputWindows]
09-23 01:14:35.217 I/sysui_multi_action( 1489): [319,57,321,54,322,683,325,10082,757,761,758,7,759,1,806,com.tencent.qqmusicpad,871,com.tencent.qqmusicpad.activity.AppStarterActivity,904,com.android.launcher3,905,0,945,73,1320,4,1321,4]
09-23 01:14:35.218 I/input_focus( 1489): [Focus entering 9a4c1c5 com.tencent.qqmusicpad/com.tencent.qqmusicpad.activity.AppStarterActivity (server),reason=Window became focusable. Previous reason: NOT_VISIBLE]
09-23 01:14:35.223 I/wm_activity_launch_time( 1489): [0,104389896,com.tencent.qqmusicpad/.activity.AppStarterActivity,683]
09-23 01:14:35.313 I/notification_enqueue( 1489): [10110,5075,com.tencent.qqmusicpad,1,NULL,0,Notification(channel=NetworkService_1 shortcut=null contentView=null vibrate=null sound=null defaults=0x0 flags=0x40 color=0x00000000 vis=PRIVATE),0]
09-23 01:14:35.314 I/sysui_multi_action( 1489): [757,128,758,5,759,8,793,1,794,0,795,1,796,1,806,com.tencent.qqmusicpad,857,NetworkService_1,858,2,947,0,1500,1]
09-23 01:14:35.314 I/notification_canceled( 1489): [0|com.tencent.qqmusicpad|1|null|10110,8,1,1,0,-1,-1,NULL]
09-23 01:14:35.475 I/notification_cancel_all( 1489): [10110,5075,com.tencent.qqmusicpad,0,0,64,9,NULL]
09-23 01:14:36.058 I/input_interaction( 1489): Interaction with: 9a4c1c5 com.tencent.qqmusicpad/com.tencent.qqmusicpad.activity.AppStarterActivity (server), edge-swipe (server), swipe-up (server), PointerEventDispatcher0 (server),
