09-23 00:52:57.559 I/auditd ( 3555): type=1400 audit(0.0:32386): avc: denied { read } for comm="NativeThread" name="version" dev="proc" ino=4026532265 scontext=u:r:untrusted_app_27:s0:c512,c768 tcontext=u:object_r:proc_version:s0 tclass=file permissive=0 app=com.alibaba.android.rimet
09-23 00:52:57.559 I/auditd ( 3555): type=1400 audit(0.0:32387): avc: denied { ioctl } for comm="NativeThread" path="socket:[476585]" dev="sockfs" ino=476585 ioctlcmd=0x8927 scontext=u:r:untrusted_app_27:s0:c512,c768 tcontext=u:r:untrusted_app_27:s0:c512,c768 tclass=udp_socket permissive=0 app=com.alibaba.android.rimet
09-23 00:52:57.559 I/auditd ( 3555): type=1400 audit(0.0:32388): avc: denied { ioctl } for comm="NativeThread" path="socket:[476585]" dev="sockfs" ino=476585 ioctlcmd=0x8927 scontext=u:r:untrusted_app_27:s0:c512,c768 tcontext=u:r:untrusted_app_27:s0:c512,c768 tclass=udp_socket permissive=0 app=com.alibaba.android.rimet
09-23 00:52:57.559 I/auditd ( 3555): type=1400 audit(0.0:32389): avc: denied { ioctl } for comm="NativeThread" path="socket:[476585]" dev="sockfs" ino=476585 ioctlcmd=0x8927 scontext=u:r:untrusted_app_27:s0:c512,c768 tcontext=u:r:untrusted_app_27:s0:c512,c768 tclass=udp_socket permissive=0 app=com.alibaba.android.rimet
09-23 00:52:57.559 I/auditd ( 3555): type=1400 audit(0.0:32390): avc: denied { ioctl } for comm="NativeThread" path="socket:[476585]" dev="sockfs" ino=476585 ioctlcmd=0x8927 scontext=u:r:untrusted_app_27:s0:c512,c768 tcontext=u:r:untrusted_app_27:s0:c512,c768 tclass=udp_socket permissive=0 app=com.alibaba.android.rimet
09-23 00:53:00.058 I/input_interaction( 1489): Interaction with: 913cdb2 NotificationShade (server), edge-swipe (server), swipe-up (server), PointerEventDispatcher0 (server),
09-23 00:53:00.459 I/sysui_multi_action( 1834): [757,366,758,4,759,126,927,0,928,1,1592,0,1593,1]
09-23 00:53:00.479 I/wm_task_created( 1489): [132,-1]
09-23 00:53:00.482 I/wm_task_moved( 1489): [132,1,7]
09-23 00:53:00.482 I/wm_task_to_front( 1489): [0,132]
09-23 00:53:00.482 I/wm_create_task( 1489): [0,132]
09-23 00:53:00.482 I/wm_create_activity( 1489): [0,85744857,132,com.android.settings/.Settings$WifiSettingsActivity,android.settings.WIFI_SETTINGS,NULL,NULL,335544320]
09-23 00:53:00.482 I/wm_task_moved( 1489): [132,1,7]
09-23 00:53:00.483 I/wm_on_top_resumed_lost_called( 2347): [152286629,com.android.launcher3.uioverrides.QuickstepLauncher,topStateChangedWhenResumed]
09-23 00:53:00.485 I/wm_pause_activity( 1489): [0,152286629,com.android.launcher3/.uioverrides.QuickstepLauncher,userLeaving=true,pauseBackTasks]
09-23 00:53:00.489 I/wm_on_paused_called( 2347): [152286629,com.android.launcher3.uioverrides.QuickstepLauncher,performPause]
09-23 00:53:00.491 I/wm_add_to_stopping( 1489): [0,152286629,com.android.launcher3/.uioverrides.QuickstepLauncher,makeInvisible]
09-23 00:53:00.492 I/wm_restart_activity( 1489): [0,85744857,132,com.android.settings/.Settings$WifiSettingsActivity]
09-23 00:53:00.493 I/wm_set_resumed_activity( 1489): [0,com.android.settings/.Settings$WifiSettingsActivity,minimalResumeActivityLocked]
09-23 00:53:00.524 I/wm_task_moved( 1489): [126,1,7]
09-23 00:53:00.524 I/wm_task_to_front( 1489): [0,126]
09-23 00:53:00.524 I/wm_focused_root_task( 1489): [0,0,126,132,bringingFoundTaskToFront]
09-23 00:53:00.525 I/wm_set_resumed_activity( 1489): [0,com.android.settings/.Settings,bringingFoundTaskToFront]
09-23 00:53:00.525 I/wm_new_intent( 1489): [0,223095647,126,com.android.settings/.Settings,android.intent.action.MAIN,NULL,NULL,270532608]
09-23 00:53:00.526 I/wm_pause_activity( 1489): [0,85744857,com.android.settings/.Settings$WifiSettingsActivity,userLeaving=true,pauseBackTasks]
09-23 00:53:00.528 I/wm_finish_activity( 1489): [0,85744857,132,com.android.settings/.Settings$WifiSettingsActivity,app-request]
09-23 00:53:00.528 I/am_uid_running( 1489): 10088
09-23 00:53:00.528 I/wm_on_create_called( 2232): [85744857,com.android.settings.Settings$WifiSettingsActivity,performCreate]
09-23 00:53:00.529 I/wm_add_to_stopping( 1489): [0,85744857,com.android.settings/.Settings$WifiSettingsActivity,completeFinishing]
09-23 00:53:00.531 I/wm_set_resumed_activity( 1489): [0,com.android.settings/.Settings,resumeTopActivityInnerLocked]
09-23 00:53:00.532 I/wm_resume_activity( 1489): [0,223095647,126,com.android.settings/.Settings]
09-23 00:53:00.535 I/sysui_multi_action( 1489): [757,803,799,window_time_0,802,36]
09-23 00:53:00.535 I/wm_on_restart_called( 2232): [223095647,com.android.settings.Settings,performRestartActivity]
09-23 00:53:00.535 I/am_proc_start( 1489): [0,31640,10088,com.qualcomm.qti.qccauthmgr,content provider,{com.qualcomm.qti.qccauthmgr/com.qualcomm.qti.qccauthmgr.providers.SMQContentProvider}]
09-23 00:53:00.540 I/sysui_multi_action( 1489): [757,803,799,window_time_0,802,0]
09-23 00:53:00.553 I/am_proc_bound( 1489): [0,31640,com.qualcomm.qti.qccauthmgr]
09-23 00:53:00.556 I/am_uid_active( 1489): 10088
09-23 00:53:00.571 I/am_pss ( 1489): [14035,10105,com.tencent.mm:push,124367872,51585024,0,308998144,0,19,14]
09-23 00:53:00.577 I/wm_on_start_called( 2232): [223095647,com.android.settings.Settings,handleStartActivity]
09-23 00:53:00.577 I/snet_event_log( 2232): [120484087,-1,]
09-23 00:53:00.577 I/wm_on_resume_called( 2232): [223095647,com.android.settings.Settings,RESUME_ACTIVITY]
09-23 00:53:00.577 I/sysui_multi_action( 2232): [757,35,758,1,833,0,1089,0]
09-23 00:53:00.578 I/sysui_multi_action( 2232): [757,747,758,1,833,0,1089,0]
09-23 00:53:00.579 I/wm_on_top_resumed_gained_called( 2232): [223095647,com.android.settings.Settings,topWhenResuming]
09-23 00:53:00.575 I/auditd ( 577): type=1400 audit(0.0:32403): avc: denied { read } for comm="Binder:577_2" name="wakeup58" dev="sysfs" ino=83493 scontext=u:r:system_suspend:s0 tcontext=u:object_r:sysfs:s0 tclass=dir permissive=0
09-23 00:53:00.579 I/auditd ( 577): type=1400 audit(0.0:32404): avc: denied { read } for comm="Binder:577_2" name="wakeup4" dev="sysfs" ino=52895 scontext=u:r:system_suspend:s0 tcontext=u:object_r:sysfs:s0 tclass=dir permissive=0
09-23 00:53:00.579 I/auditd ( 577): type=1400 audit(0.0:32405): avc: denied { read } for comm="Binder:577_2" name="wakeup38" dev="sysfs" ino=68553 scontext=u:r:system_suspend:s0 tcontext=u:object_r:sysfs:s0 tclass=dir permissive=0
09-23 00:53:00.579 I/auditd ( 577): type=1400 audit(0.0:32406): avc: denied { read } for comm="Binder:577_2" name="wakeup28" dev="sysfs" ino=59251 scontext=u:r:system_suspend:s0 tcontext=u:object_r:sysfs:s0 tclass=dir permissive=0
09-23 00:53:00.579 I/auditd ( 577): type=1400 audit(0.0:32407): avc: denied { read } for comm="Binder:577_2" name="wakeup56" dev="sysfs" ino=83421 scontext=u:r:system_suspend:s0 tcontext=u:object_r:sysfs:s0 tclass=dir permissive=0
09-23 00:53:00.606 I/sysui_multi_action( 1489): [319,50,321,45,322,130,325,8788,757,761,758,8,759,1,806,com.android.settings,871,com.android.settings.Settings,904,com.android.launcher3,905,0,1320,8,1321,5]
09-23 00:53:00.608 I/wm_activity_launch_time( 1489): [0,223095647,com.android.settings/.Settings,130]
09-23 00:53:00.878 I/sysui_multi_action( 2232): [757,747,758,2,1089,300]
09-23 00:53:00.908 I/netstats_mobile_sample( 1489): [0,0,0,0,0,0,0,0,0,0,0,0,1663865580908]
09-23 00:53:00.908 I/netstats_wifi_sample( 1489): [0,0,0,0,0,0,0,0,0,0,0,0,1663865580908]
09-23 00:53:00.918 I/netstats_mobile_sample( 1489): [0,0,0,0,0,0,0,0,0,0,0,0,1663865580918]
09-23 00:53:00.918 I/netstats_wifi_sample( 1489): [0,0,0,0,0,0,0,0,0,0,0,0,1663865580918]
09-23 00:53:00.946 I/sysui_multi_action( 2232): [757,103,758,1,833,0,1089,54]
09-23 00:53:01.040 I/wm_stop_activity( 1489): [0,152286629,com.android.launcher3/.uioverrides.QuickstepLauncher]
09-23 00:53:01.043 I/sysui_multi_action( 1834): [757,111,758,2]
09-23 00:53:01.043 I/sysui_multi_action( 1834): [757,111,758,2]
09-23 00:53:01.047 I/notification_enqueue( 1489): [10081,1834,com.android.systemui,2048,NULL,0,Notification(channel=updateNotification shortcut=null contentView=null vibrate=null sound=null defaults=0x0 flags=0x0 color=0x00000000 vis=PRIVATE),1]
09-23 00:53:01.054 I/input_focus( 1489): [Focus request 5259c61 com.android.settings/com.android.settings.Settings,reason=UpdateInputWindows]
09-23 00:53:01.055 I/sysui_multi_action( 1834): [757,111,758,1]
09-23 00:53:01.056 I/sysui_multi_action( 1834): [757,126,758,1,759,126,927,0,928,1,1593,0]
09-23 00:53:01.056 I/sysui_multi_action( 1834): [757,113,758,1,759,113,927,1,928,1,1593,0]
09-23 00:53:01.056 I/sysui_multi_action( 1834): [757,0,758,1,759,0,927,2,928,0,1593,0]
09-23 00:53:01.056 I/sysui_multi_action( 1834): [757,0,758,1,759,0,927,3,928,0,1593,0]
09-23 00:53:01.056 I/sysui_multi_action( 1834): [757,1706,758,1,759,1706,927,4,928,0,1593,0]
09-23 00:53:01.056 I/sysui_multi_action( 1834): [757,491,758,1,759,491,927,5,928,0,1311,-1,1593,0]
09-23 00:53:01.056 I/sysui_multi_action( 1834): [757,0,758,1,759,0,927,6,928,0,1593,0]
09-23 00:53:01.056 I/sysui_multi_action( 1834): [757,114,758,1,759,114,927,7,928,0,1593,0]
09-23 00:53:01.056 I/sysui_multi_action( 1834): [757,111,758,1]
09-23 00:53:01.056 I/sysui_multi_action( 1834): [757,126,758,1,759,126,927,0,928,1,1593,1]
09-23 00:53:01.056 I/sysui_multi_action( 1834): [757,113,758,1,759,113,927,1,928,1,1593,1]
09-23 00:53:01.056 I/sysui_multi_action( 1834): [757,0,758,1,759,0,927,2,928,0,1593,1]
09-23 00:53:01.056 I/sysui_multi_action( 1834): [757,0,758,1,759,0,927,3,928,0,1593,1]
09-23 00:53:01.067 I/sysui_multi_action( 1489): [757,128,758,2,793,8749856,794,3661,795,8749856,796,26,798,0,806,android,857,DEVELOPER_IMPORTANT,858,4,947,0,1395,4,1500,8749651,1688,1]
09-23 00:53:01.067 I/notification_visibility( 1489): [-1|android|26|null|1000,0,8749856,8749856,0,0]
09-23 00:53:01.067 I/sysui_multi_action( 1489): [757,128,758,2,793,2758028,794,3660,795,272914,796,17303299,797,com.android.wifi,798,2,806,android,857,NETWORK_AVAILABLE,858,2,947,0,1395,4,1500,3660,1688,1]
09-23 00:53:01.068 I/notification_visibility( 1489): [0|android|17303299|com.android.wifi|1000,0,2758028,272914,0,2]
09-23 00:53:01.068 I/sysui_multi_action( 1489): [757,128,758,2,793,8749861,794,3661,795,8749861,796,32,798,3,806,android,857,USB,858,1,947,0,1395,4,1500,8749658,1688,1]
09-23 00:53:01.068 I/notification_visibility( 1489): [-1|android|32|null|1000,0,8749861,8749861,0,3]
09-23 00:53:01.068 I/sysui_multi_action( 1489): [757,128,758,2,793,357831,794,3660,795,357831,796,19,798,1,806,android,857,PHYSICAL_KEYBOARD,858,3,947,0,1395,4,1500,357622,1688,1]
09-23 00:53:01.068 I/notification_visibility( 1489): [-1|android|19|null|1000,0,357831,357831,0,1]
09-23 00:53:01.069 I/sysui_multi_action( 1834): [757,111,758,2]
09-23 00:53:01.069 I/sysui_multi_action( 1834): [757,111,758,2]
09-23 00:53:01.069 I/notification_enqueue( 1489): [10081,1834,com.android.systemui,2048,NULL,0,Notification(channel=updateNotification shortcut=null contentView=null vibrate=null sound=null defaults=0x0 flags=0x0 color=0x00000000 vis=PRIVATE),1]
09-23 00:53:01.071 I/sysui_multi_action( 1489): [757,127,758,2]
09-23 00:53:01.071 I/notification_panel_hidden( 1489):
09-23 00:53:01.073 I/input_focus( 1489): [Focus leaving 913cdb2 NotificationShade (server),reason=NOT_FOCUSABLE]
09-23 00:53:01.073 I/input_focus( 1489): [Focus entering 5259c61 com.android.settings/com.android.settings.Settings (server),reason=setFocusedWindow]
09-23 00:53:01.080 I/wm_on_stop_called( 2347): [152286629,com.android.launcher3.uioverrides.QuickstepLauncher,STOP_ACTIVITY_ITEM]
09-23 00:53:01.089 I/sysui_multi_action( 1834): [757,111,758,1]
09-23 00:53:01.090 I/sysui_multi_action( 1834): [757,126,758,1,759,126,927,0,928,1,1593,0]
09-23 00:53:01.090 I/sysui_multi_action( 1834): [757,113,758,1,759,113,927,1,928,1,1593,0]
09-23 00:53:01.090 I/sysui_multi_action( 1834): [757,0,758,1,759,0,927,2,928,0,1593,0]
09-23 00:53:01.090 I/sysui_multi_action( 1834): [757,0,758,1,759,0,927,3,928,0,1593,0]
09-23 00:53:01.090 I/sysui_multi_action( 1834): [757,1706,758,1,759,1706,927,4,928,0,1593,0]
09-23 00:53:01.090 I/sysui_multi_action( 1834): [757,491,758,1,759,491,927,5,928,0,1311,-1,1593,0]
09-23 00:53:01.090 I/sysui_multi_action( 1834): [757,0,758,1,759,0,927,6,928,0,1593,0]
09-23 00:53:01.090 I/sysui_multi_action( 1834): [757,114,758,1,759,114,927,7,928,0,1593,0]
09-23 00:53:01.090 I/sysui_multi_action( 1834): [757,111,758,1]
09-23 00:53:01.090 I/sysui_multi_action( 1834): [757,126,758,1,759,126,927,0,928,1,1593,0]
09-23 00:53:01.090 I/sysui_multi_action( 1834): [757,113,758,1,759,113,927,1,928,1,1593,0]
09-23 00:53:01.090 I/sysui_multi_action( 1834): [757,0,758,1,759,0,927,2,928,0,1593,0]
09-23 00:53:01.090 I/sysui_multi_action( 1834): [757,0,758,1,759,0,927,3,928,0,1593,0]
09-23 00:53:01.092 I/wm_destroy_activity( 1489): [0,85744857,132,com.android.settings/.Settings$WifiSettingsActivity,finish-imm:idle]
09-23 00:53:01.105 I/wm_on_destroy_called( 2232): [85744857,com.android.settings.Settings$WifiSettingsActivity,performDestroy]
09-23 00:53:01.107 I/wm_task_removed( 1489): [132,removeChild:removeChild last r=ActivityRecord{51c5cd9 u0 com.android.settings/.Settings$WifiSettingsActivity t-1 f}} in t=Task{a6ced95 #132 type=standard A=1000:com.android.settings U=0 visible=false mode=fullscreen translucent=true sz=0}]
09-23 00:53:01.107 I/wm_task_removed( 1489): [132,removeChild]
09-23 00:53:01.250 I/sysui_multi_action( 1489): [757,1501,758,1,793,8768506,794,0,795,208,796,2048,806,com.android.systemui,857,updateNotification,858,3,947,0,1500,0,1688,1]
09-23 00:53:01.250 I/sysui_multi_action( 1489): [757,804,799,note_interruptive,801,0,802,1]
09-23 00:53:01.250 I/sysui_multi_action( 1489): [757,199,758,1,759,2,793,8768506,794,0,795,208,796,2048,806,com.android.systemui,857,updateNotification,858,3,947,0,1500,0,1688,1]
09-23 00:53:01.251 I/notification_alert( 1489): [0|com.android.systemui|2048|null|10081,0,1,0]
09-23 00:53:02.326 I/notification_enqueue( 1489): [1000,1489,android,17303299,com.android.wifi,0,Notification(channel=NETWORK_AVAILABLE shortcut=null contentView=null vibrate=null sound=null tick defaults=0x0 flags=0x100 color=0x00000000 actions=2 vis=PRIVATE),1]
09-23 00:53:02.459 I/auditd ( 3555): type=1400 audit(0.0:32505): avc: denied { read } for comm="NativeThread" name="unix" dev="proc" ino=4026532289 scontext=u:r:untrusted_app_27:s0:c512,c768 tcontext=u:object_r:proc_net:s0 tclass=file permissive=0 app=com.alibaba.android.rimet
09-23 00:53:02.528 I/sysui_multi_action( 1489): [757,1501,758,1,793,2759489,794,5121,795,202,796,17303299,797,com.android.wifi,806,android,857,NETWORK_AVAILABLE,858,2,947,0,1500,0,1688,1]
09-23 00:53:02.528 I/sysui_multi_action( 1489): [757,804,799,note_interruptive,801,0,802,1]
09-23 00:53:02.807 I/auditd ( 3555): type=1400 audit(0.0:32506): avc: denied { read } for comm="NativeThread" name="unix" dev="proc" ino=4026532289 scontext=u:r:untrusted_app_27:s0:c512,c768 tcontext=u:object_r:proc_net:s0 tclass=file permissive=0 app=com.alibaba.android.rimet
09-23 00:53:03.227 I/auditd ( 3555): type=1400 audit(0.0:32507): avc: denied { read } for comm="NativeThread" name="unix" dev="proc" ino=4026532289 scontext=u:r:untrusted_app_27:s0:c512,c768 tcontext=u:object_r:proc_net:s0 tclass=file permissive=0 app=com.alibaba.android.rimet
09-23 00:53:03.235 I/auditd ( 3555): type=1400 audit(0.0:32508): avc: denied { read } for comm="NativeThread" name="version" dev="proc" ino=4026532265 scontext=u:r:untrusted_app_27:s0:c512,c768 tcontext=u:object_r:proc_version:s0 tclass=file permissive=0 app=com.alibaba.android.rimet
09-23 00:53:03.239 I/auditd ( 3555): type=1400 audit(0.0:32509): avc: denied { ioctl } for comm="NativeThread" path="socket:[475614]" dev="sockfs" ino=475614 ioctlcmd=0x8927 scontext=u:r:untrusted_app_27:s0:c512,c768 tcontext=u:r:untrusted_app_27:s0:c512,c768 tclass=udp_socket permissive=0 app=com.alibaba.android.rimet
09-23 00:53:03.603 I/auditd ( 3555): type=1400 audit(0.0:32523): avc: denied { read } for comm="NativeThread" name="unix" dev="proc" ino=4026532289 scontext=u:r:untrusted_app_27:s0:c512,c768 tcontext=u:object_r:proc_net:s0 tclass=file permissive=0 app=com.alibaba.android.rimet
09-23 00:53:06.823 I/netstats_mobile_sample( 1489): [0,0,0,0,0,0,0,0,0,0,0,0,1663865586823]
09-23 00:53:06.823 I/netstats_wifi_sample( 1489): [0,0,0,0,0,0,0,0,0,0,0,0,1663865586823]
09-23 00:53:07.195 I/auditd ( 3555): type=1400 audit(0.0:32524): avc: granted { nlmsg_readpriv } for comm="DaemonThread-6" scontext=u:r:untrusted_app_27:s0:c512,c768 tcontext=u:r:untrusted_app_27:s0:c512,c768 tclass=netlink_route_socket app=com.alibaba.android.rimet
09-23 00:53:08.055 I/auditd ( 3555): type=1400 audit(0.0:32525): avc: denied { read } for comm="NativeThread" name="unix" dev="proc" ino=4026532289 scontext=u:r:untrusted_app_27:s0:c512,c768 tcontext=u:object_r:proc_net:s0 tclass=file permissive=0 app=com.alibaba.android.rimet
09-23 00:53:08.058 I/liblog ( 1335): 244
09-23 00:53:08.171 I/auditd ( 3555): type=1400 audit(0.0:32526): avc: granted { nlmsg_readpriv } for comm="DaemonThread-6" scontext=u:r:untrusted_app_27:s0:c512,c768 tcontext=u:r:untrusted_app_27:s0:c512,c768 tclass=netlink_route_socket app=com.alibaba.android.rimet
09-23 00:53:08.387 I/auditd ( 3555): type=1400 audit(0.0:32527): avc: denied { read } for comm="NativeThread" name="unix" dev="proc" ino=4026532289 scontext=u:r:untrusted_app_27:s0:c512,c768 tcontext=u:object_r:proc_net:s0 tclass=file permissive=0 app=com.alibaba.android.rimet
09-23 00:53:08.791 I/auditd ( 3555): type=1400 audit(0.0:32528): avc: denied { read } for comm="NativeThread" name="unix" dev="proc" ino=4026532289 scontext=u:r:untrusted_app_27:s0:c512,c768 tcontext=u:object_r:proc_net:s0 tclass=file permissive=0 app=com.alibaba.android.rimet
09-23 00:53:08.799 I/auditd ( 3555): type=1400 audit(0.0:32529): avc: denied { read } for comm="NativeThread" name="version" dev="proc" ino=4026532265 scontext=u:r:untrusted_app_27:s0:c512,c768 tcontext=u:object_r:proc_version:s0 tclass=file permissive=0 app=com.alibaba.android.rimet
09-23 00:53:08.799 I/auditd ( 3555): type=1400 audit(0.0:32530): avc: denied { ioctl } for comm="NativeThread" path="socket:[477713]" dev="sockfs" ino=477713 ioctlcmd=0x8927 scontext=u:r:untrusted_app_27:s0:c512,c768 tcontext=u:r:untrusted_app_27:s0:c512,c768 tclass=udp_socket permissive=0 app=com.alibaba.android.rimet
09-23 00:53:08.799 I/auditd ( 3555): type=1400 audit(0.0:32531): avc: denied { ioctl } for comm="NativeThread" path="socket:[477713]" dev="sockfs" ino=477713 ioctlcmd=0x8927 scontext=u:r:untrusted_app_27:s0:c512,c768 tcontext=u:r:untrusted_app_27:s0:c512,c768 tclass=udp_socket permissive=0 app=com.alibaba.android.rimet
09-23 00:53:08.799 I/auditd ( 3555): type=1400 audit(0.0:32532): avc: denied { ioctl } for comm="NativeThread" path="socket:[477713]" dev="sockfs" ino=477713 ioctlcmd=0x8927 scontext=u:r:untrusted_app_27:s0:c512,c768 tcontext=u:r:untrusted_app_27:s0:c512,c768 tclass=udp_socket permissive=0 app=com.alibaba.android.rimet
09-23 00:53:13.683 I/auditd ( 3555): type=1400 audit(0.0:32545): avc: denied { read } for comm="NativeThread" name="unix" dev="proc" ino=4026532289 scontext=u:r:untrusted_app_27:s0:c512,c768 tcontext=u:object_r:proc_net:s0 tclass=file permissive=0 app=com.alibaba.android.rimet
09-23 00:53:14.015 I/auditd ( 3555): type=1400 audit(0.0:32546): avc: denied { read } for comm="NativeThread" name="unix" dev="proc" ino=4026532289 scontext=u:r:untrusted_app_27:s0:c512,c768 tcontext=u:object_r:proc_net:s0 tclass=file permissive=0 app=com.alibaba.android.rimet
09-23 00:53:14.383 I/auditd ( 3555): type=1400 audit(0.0:32547): avc: denied { read } for comm="NativeThread" name="unix" dev="proc" ino=4026532289 scontext=u:r:untrusted_app_27:s0:c512,c768 tcontext=u:object_r:proc_net:s0 tclass=file permissive=0 app=com.alibaba.android.rimet
09-23 00:53:14.391 I/auditd ( 3555): type=1400 audit(0.0:32548): avc: denied { read } for comm="NativeThread" name="version" dev="proc" ino=4026532265 scontext=u:r:untrusted_app_27:s0:c512,c768 tcontext=u:object_r:proc_version:s0 tclass=file permissive=0 app=com.alibaba.android.rimet
09-23 00:53:14.391 I/auditd ( 3555): type=1400 audit(0.0:32549): avc: denied { ioctl } for comm="NativeThread" path="socket:[475007]" dev="sockfs" ino=475007 ioctlcmd=0x8927 scontext=u:r:untrusted_app_27:s0:c512,c768 tcontext=u:r:untrusted_app_27:s0:c512,c768 tclass=udp_socket permissive=0 app=com.alibaba.android.rimet
09-23 00:53:14.695 I/auditd ( 3555): type=1400 audit(0.0:32563): avc: denied { read } for comm="NativeThread" name="unix" dev="proc" ino=4026532289 scontext=u:r:untrusted_app_27:s0:c512,c768 tcontext=u:object_r:proc_net:s0 tclass=file permissive=0 app=com.alibaba.android.rimet
09-23 00:53:19.315 I/auditd ( 3555): type=1400 audit(0.0:32564): avc: denied { read } for comm="NativeThread" name="unix" dev="proc" ino=4026532289 scontext=u:r:untrusted_app_27:s0:c512,c768 tcontext=u:object_r:proc_net:s0 tclass=file permissive=0 app=com.alibaba.android.rimet
09-23 00:53:19.727 I/auditd ( 3555): type=1400 audit(0.0:32565): avc: denied { read } for comm="NativeThread" name="unix" dev="proc" ino=4026532289 scontext=u:r:untrusted_app_27:s0:c512,c768 tcontext=u:object_r:proc_net:s0 tclass=file permissive=0 app=com.alibaba.android.rimet
09-23 00:53:20.195 I/auditd ( 3555): type=1400 audit(0.0:32566): avc: denied { read } for comm="NativeThread" name="unix" dev="proc" ino=4026532289 scontext=u:r:untrusted_app_27:s0:c512,c768 tcontext=u:object_r:proc_net:s0 tclass=file permissive=0 app=com.alibaba.android.rimet
09-23 00:53:20.199 I/auditd ( 3555): type=1400 audit(0.0:32567): avc: denied { read } for comm="NativeThread" name="version" dev="proc" ino=4026532265 scontext=u:r:untrusted_app_27:s0:c512,c768 tcontext=u:object_r:proc_version:s0 tclass=file permissive=0 app=com.alibaba.android.rimet
09-23 00:53:20.203 I/auditd ( 3555): type=1400 audit(0.0:32568): avc: denied { ioctl } for comm="NativeThread" path="socket:[477989]" dev="sockfs" ino=477989 ioctlcmd=0x8927 scontext=u:r:untrusted_app_27:s0:c512,c768 tcontext=u:r:untrusted_app_27:s0:c512,c768 tclass=udp_socket permissive=0 app=com.alibaba.android.rimet
09-23 00:53:20.203 I/auditd ( 3555): type=1400 audit(0.0:32569): avc: denied { ioctl } for comm="NativeThread" path="socket:[477989]" dev="sockfs" ino=477989 ioctlcmd=0x8927 scontext=u:r:untrusted_app_27:s0:c512,c768 tcontext=u:r:untrusted_app_27:s0:c512,c768 tclass=udp_socket permissive=0 app=com.alibaba.android.rimet
09-23 00:53:20.203 I/auditd ( 3555): type=1400 audit(0.0:32570): avc: denied { ioctl } for comm="NativeThread" path="socket:[477989]" dev="sockfs" ino=477989 ioctlcmd=0x8927 scontext=u:r:untrusted_app_27:s0:c512,c768 tcontext=u:r:untrusted_app_27:s0:c512,c768 tclass=udp_socket permissive=0 app=com.alibaba.android.rimet
09-23 00:53:20.203 I/auditd ( 3555): type=1400 audit(0.0:32571): avc: denied { ioctl } for comm="NativeThread" path="socket:[477989]" dev="sockfs" ino=477989 ioctlcmd=0x8927 scontext=u:r:untrusted_app_27:s0:c512,c768 tcontext=u:r:untrusted_app_27:s0:c512,c768 tclass=udp_socket permissive=0 app=com.alibaba.android.rimet
09-23 00:53:20.203 I/auditd ( 3555): type=1400 audit(0.0:32572): avc: denied { ioctl } for comm="NativeThread" path="socket:[477989]" dev="sockfs" ino=477989 ioctlcmd=0x8927 scontext=u:r:untrusted_app_27:s0:c512,c768 tcontext=u:r:untrusted_app_27:s0:c512,c768 tclass=udp_socket permissive=0 app=com.alibaba.android.rimet
09-23 00:53:25.331 I/auditd ( 3555): type=1400 audit(0.0:32583): avc: denied { read } for comm="NativeThread" name="unix" dev="proc" ino=4026532289 scontext=u:r:untrusted_app_27:s0:c512,c768 tcontext=u:object_r:proc_net:s0 tclass=file permissive=0 app=com.alibaba.android.rimet
09-23 00:53:25.605 I/am_uid_idle( 1489): 10066
09-23 00:53:25.843 I/auditd ( 3555): type=1400 audit(0.0:32584): avc: denied { read } for comm="NativeThread" name="unix" dev="proc" ino=4026532289 scontext=u:r:untrusted_app_27:s0:c512,c768 tcontext=u:object_r:proc_net:s0 tclass=file permissive=0 app=com.alibaba.android.rimet
09-23 00:53:26.311 I/auditd ( 3555): type=1400 audit(0.0:32585): avc: denied { read } for comm="NativeThread" name="unix" dev="proc" ino=4026532289 scontext=u:r:untrusted_app_27:s0:c512,c768 tcontext=u:object_r:proc_net:s0 tclass=file permissive=0 app=com.alibaba.android.rimet
09-23 00:53:26.315 I/auditd ( 3555): type=1400 audit(0.0:32586): avc: denied { read } for comm="NativeThread" name="version" dev="proc" ino=4026532265 scontext=u:r:untrusted_app_27:s0:c512,c768 tcontext=u:object_r:proc_version:s0 tclass=file permissive=0 app=com.alibaba.android.rimet
09-23 00:53:26.315 I/auditd ( 3555): type=1400 audit(0.0:32587): avc: denied { ioctl } for comm="NativeThread" path="socket:[478287]" dev="sockfs" ino=478287 ioctlcmd=0x8927 scontext=u:r:untrusted_app_27:s0:c512,c768 tcontext=u:r:untrusted_app_27:s0:c512,c768 tclass=udp_socket permissive=0 app=com.alibaba.android.rimet
09-23 00:53:26.799 I/auditd ( 3555): type=1400 audit(0.0:32601): avc: denied { read } for comm="NativeThread" name="unix" dev="proc" ino=4026532289 scontext=u:r:untrusted_app_27:s0:c512,c768 tcontext=u:object_r:proc_net:s0 tclass=file permissive=0 app=com.alibaba.android.rimet
09-23 00:53:31.423 I/auditd ( 3555): type=1400 audit(0.0:32602): avc: denied { read } for comm="NativeThread" name="unix" dev="proc" ino=4026532289 scontext=u:r:untrusted_app_27:s0:c512,c768 tcontext=u:object_r:proc_net:s0 tclass=file permissive=0 app=com.alibaba.android.rimet
09-23 00:53:31.915 I/auditd ( 3555): type=1400 audit(0.0:32603): avc: denied { read } for comm="NativeThread" name="unix" dev="proc" ino=4026532289 scontext=u:r:untrusted_app_27:s0:c512,c768 tcontext=u:object_r:proc_net:s0 tclass=file permissive=0 app=com.alibaba.android.rimet
09-23 00:53:32.346 I/liblog ( 1335): 202
09-23 00:53:32.367 I/auditd ( 3555): type=1400 audit(0.0:32604): avc: denied { read } for comm="NativeThread" name="unix" dev="proc" ino=4026532289 scontext=u:r:untrusted_app_27:s0:c512,c768 tcontext=u:object_r:proc_net:s0 tclass=file permissive=0 app=com.alibaba.android.rimet
09-23 00:53:32.371 I/auditd ( 3555): type=1400 audit(0.0:32605): avc: denied { read } for comm="NativeThread" name="version" dev="proc" ino=4026532265 scontext=u:r:untrusted_app_27:s0:c512,c768 tcontext=u:object_r:proc_version:s0 tclass=file permissive=0 app=com.alibaba.android.rimet
09-23 00:53:32.375 I/auditd ( 3555): type=1400 audit(0.0:32606): avc: denied { ioctl } for comm="NativeThread" path="socket:[477086]" dev="sockfs" ino=477086 ioctlcmd=0x8927 scontext=u:r:untrusted_app_27:s0:c512,c768 tcontext=u:r:untrusted_app_27:s0:c512,c768 tclass=udp_socket permissive=0 app=com.alibaba.android.rimet
09-23 00:53:32.375 I/auditd ( 3555): type=1400 audit(0.0:32607): avc: denied { ioctl } for comm="NativeThread" path="socket:[477086]" dev="sockfs" ino=477086 ioctlcmd=0x8927 scontext=u:r:untrusted_app_27:s0:c512,c768 tcontext=u:r:untrusted_app_27:s0:c512,c768 tclass=udp_socket permissive=0 app=com.alibaba.android.rimet
09-23 00:53:32.375 I/auditd ( 3555): type=1400 audit(0.0:32608): avc: denied { ioctl } for comm="NativeThread" path="socket:[477086]" dev="sockfs" ino=477086 ioctlcmd=0x8927 scontext=u:r:untrusted_app_27:s0:c512,c768 tcontext=u:r:untrusted_app_27:s0:c512,c768 tclass=udp_socket permissive=0 app=com.alibaba.android.rimet
09-23 00:53:32.375 I/auditd ( 3555): type=1400 audit(0.0:32609): avc: denied { ioctl } for comm="NativeThread" path="socket:[477086]" dev="sockfs" ino=477086 ioctlcmd=0x8927 scontext=u:r:untrusted_app_27:s0:c512,c768 tcontext=u:r:untrusted_app_27:s0:c512,c768 tclass=udp_socket permissive=0 app=com.alibaba.android.rimet
09-23 00:53:32.375 I/auditd ( 3555): type=1400 audit(0.0:32610): avc: denied { ioctl } for comm="NativeThread" path="socket:[477086]" dev="sockfs" ino=477086 ioctlcmd=0x8927 scontext=u:r:untrusted_app_27:s0:c512,c768 tcontext=u:r:untrusted_app_27:s0:c512,c768 tclass=udp_socket permissive=0 app=com.alibaba.android.rimet
09-23 00:53:37.359 I/auditd ( 3555): type=1400 audit(0.0:32621): avc: denied { read } for comm="NativeThread" name="unix" dev="proc" ino=4026532289 scontext=u:r:untrusted_app_27:s0:c512,c768 tcontext=u:object_r:proc_net:s0 tclass=file permissive=0 app=com.alibaba.android.rimet
09-23 00:53:37.863 I/auditd ( 3555): type=1400 audit(0.0:32622): avc: denied { read } for comm="NativeThread" name="unix" dev="proc" ino=4026532289 scontext=u:r:untrusted_app_27:s0:c512,c768 tcontext=u:object_r:proc_net:s0 tclass=file permissive=0 app=com.alibaba.android.rimet
09-23 00:53:38.395 I/auditd ( 3555): type=1400 audit(0.0:32623): avc: denied { read } for comm="NativeThread" name="unix" dev="proc" ino=4026532289 scontext=u:r:untrusted_app_27:s0:c512,c768 tcontext=u:object_r:proc_net:s0 tclass=file permissive=0 app=com.alibaba.android.rimet
09-23 00:53:38.399 I/auditd ( 3555): type=1400 audit(0.0:32624): avc: denied { read } for comm="NativeThread" name="version" dev="proc" ino=4026532265 scontext=u:r:untrusted_app_27:s0:c512,c768 tcontext=u:object_r:proc_version:s0 tclass=file permissive=0 app=com.alibaba.android.rimet
09-23 00:53:38.399 I/auditd ( 3555): type=1400 audit(0.0:32625): avc: denied { ioctl } for comm="NativeThread" path="socket:[478565]" dev="sockfs" ino=478565 ioctlcmd=0x8927 scontext=u:r:untrusted_app_27:s0:c512,c768 tcontext=u:r:untrusted_app_27:s0:c512,c768 tclass=udp_socket permissive=0 app=com.alibaba.android.rimet
09-23 00:53:38.399 I/auditd ( 3555): type=1400 audit(0.0:32626): avc: denied { ioctl } for comm="NativeThread" path="socket:[478565]" dev="sockfs" ino=478565 ioctlcmd=0x8927 scontext=u:r:untrusted_app_27:s0:c512,c768 tcontext=u:r:untrusted_app_27:s0:c512,c768 tclass=udp_socket permissive=0 app=com.alibaba.android.rimet
09-23 00:53:38.399 I/auditd ( 3555): type=1400 audit(0.0:32627): avc: denied { ioctl } for comm="NativeThread" path="socket:[478565]" dev="sockfs" ino=478565 ioctlcmd=0x8927 scontext=u:r:untrusted_app_27:s0:c512,c768 tcontext=u:r:untrusted_app_27:s0:c512,c768 tclass=udp_socket permissive=0 app=com.alibaba.android.rimet
09-23 00:53:38.399 I/auditd ( 3555): type=1400 audit(0.0:32628): avc: denied { ioctl } for comm="NativeThread" path="socket:[478565]" dev="sockfs" ino=478565 ioctlcmd=0x8927 scontext=u:r:untrusted_app_27:s0:c512,c768 tcontext=u:r:untrusted_app_27:s0:c512,c768 tclass=udp_socket permissive=0 app=com.alibaba.android.rimet
09-23 00:53:38.403 I/auditd ( 3555): type=1400 audit(0.0:32629): avc: denied { ioctl } for comm="NativeThread" path="socket:[478565]" dev="sockfs" ino=478565 ioctlcmd=0x8927 scontext=u:r:untrusted_app_27:s0:c512,c768 tcontext=u:r:untrusted_app_27:s0:c512,c768 tclass=udp_socket permissive=0 app=com.alibaba.android.rimet
09-23 00:53:38.403 I/auditd ( 3555): type=1400 audit(0.0:32630): avc: denied { ioctl } for comm="NativeThread" path="socket:[478565]" dev="sockfs" ino=478565 ioctlcmd=0x8927 scontext=u:r:untrusted_app_27:s0:c512,c768 tcontext=u:r:untrusted_app_27:s0:c512,c768 tclass=udp_socket permissive=0 app=com.alibaba.android.rimet
09-23 00:53:41.459 I/auditd (29233): type=1400 audit(0.0:32640): avc: granted { nlmsg_readpriv } for comm="DaemonThread-6" scontext=u:r:untrusted_app_27:s0:c512,c768 tcontext=u:r:untrusted_app_27:s0:c512,c768 tclass=netlink_route_socket app=com.alibaba.android.rimet
09-23 00:53:42.139 I/auditd (29233): type=1400 audit(0.0:32641): avc: granted { nlmsg_readpriv } for comm="DaemonThread-6" scontext=u:r:untrusted_app_27:s0:c512,c768 tcontext=u:r:untrusted_app_27:s0:c512,c768 tclass=netlink_route_socket app=com.alibaba.android.rimet
09-23 00:53:43.463 I/auditd ( 3555): type=1400 audit(0.0:32642): avc: denied { read } for comm="NativeThread" name="unix" dev="proc" ino=4026532289 scontext=u:r:untrusted_app_27:s0:c512,c768 tcontext=u:object_r:proc_net:s0 tclass=file permissive=0 app=com.alibaba.android.rimet
09-23 00:53:43.775 I/auditd ( 3555): type=1400 audit(0.0:32643): avc: denied { read } for comm="NativeThread" name="unix" dev="proc" ino=4026532289 scontext=u:r:untrusted_app_27:s0:c512,c768 tcontext=u:object_r:proc_net:s0 tclass=file permissive=0 app=com.alibaba.android.rimet
09-23 00:53:44.139 I/auditd ( 3555): type=1400 audit(0.0:32644): avc: denied { read } for comm="NativeThread" name="unix" dev="proc" ino=4026532289 scontext=u:r:untrusted_app_27:s0:c512,c768 tcontext=u:object_r:proc_net:s0 tclass=file permissive=0 app=com.alibaba.android.rimet
09-23 00:53:44.143 I/auditd ( 3555): type=1400 audit(0.0:32645): avc: denied { read } for comm="NativeThread" name="version" dev="proc" ino=4026532265 scontext=u:r:untrusted_app_27:s0:c512,c768 tcontext=u:object_r:proc_version:s0 tclass=file permissive=0 app=com.alibaba.android.rimet
09-23 00:53:44.143 I/auditd ( 3555): type=1400 audit(0.0:32646): avc: denied { ioctl } for comm="NativeThread" path="socket:[479294]" dev="sockfs" ino=479294 ioctlcmd=0x8927 scontext=u:r:untrusted_app_27:s0:c512,c768 tcontext=u:r:untrusted_app_27:s0:c512,c768 tclass=udp_socket permissive=0 app=com.alibaba.android.rimet
09-23 00:53:44.143 I/auditd ( 3555): type=1400 audit(0.0:32647): avc: denied { ioctl } for comm="NativeThread" path="socket:[479294]" dev="sockfs" ino=479294 ioctlcmd=0x8927 scontext=u:r:untrusted_app_27:s0:c512,c768 tcontext=u:r:untrusted_app_27:s0:c512,c768 tclass=udp_socket permissive=0 app=com.alibaba.android.rimet
09-23 00:53:44.143 I/auditd ( 3555): type=1400 audit(0.0:32648): avc: denied { ioctl } for comm="NativeThread" path="socket:[479294]" dev="sockfs" ino=479294 ioctlcmd=0x8927 scontext=u:r:untrusted_app_27:s0:c512,c768 tcontext=u:r:untrusted_app_27:s0:c512,c768 tclass=udp_socket permissive=0 app=com.alibaba.android.rimet
09-23 00:53:44.143 I/auditd ( 3555): type=1400 audit(0.0:32649): avc: denied { ioctl } for comm="NativeThread" path="socket:[479294]" dev="sockfs" ino=479294 ioctlcmd=0x8927 scontext=u:r:untrusted_app_27:s0:c512,c768 tcontext=u:r:untrusted_app_27:s0:c512,c768 tclass=udp_socket permissive=0 app=com.alibaba.android.rimet
09-23 00:53:46.209 I/input_interaction( 1489): Interaction with: 5259c61 com.android.settings/com.android.settings.Settings (server), edge-swipe (server), swipe-up (server), PointerEventDispatcher0 (server),
09-23 00:53:46.275 I/view_enqueue_input_event( 2232): [Motion - Cancel,com.android.settings/com.android.settings.Settings]
09-23 00:53:46.288 I/input_interaction( 1489): Interaction with: edge-swipe (server), swipe-up (server), PointerEventDispatcher0 (server),
09-23 00:53:46.413 I/sysui_multi_action( 1489): [757,803,799,key_back_press,802,1]
09-23 00:53:46.416 I/input_interaction( 1489): Interaction with: 5259c61 com.android.settings/com.android.settings.Settings (server), PointerEventDispatcher0 (server),
09-23 00:53:46.419 I/wm_task_moved( 1489): [126,0,0]
09-23 00:53:46.422 I/wm_focused_root_task( 1489): [0,0,1,126,moveTaskToBackLocked]
09-23 00:53:46.423 I/wm_add_to_stopping( 1489): [0,223095647,com.android.settings/.Settings,makeInvisible]
09-23 00:53:46.425 I/wm_pause_activity( 1489): [0,223095647,com.android.settings/.Settings,userLeaving=false,pauseBackTasks]
09-23 00:53:46.427 I/wm_set_resumed_activity( 1489): [0,com.android.launcher3/.uioverrides.QuickstepLauncher,resumeTopActivityInnerLocked]
09-23 00:53:46.428 I/wm_resume_activity( 1489): [0,152286629,93,com.android.launcher3/.uioverrides.QuickstepLauncher]
09-23 00:53:46.429 I/wm_on_top_resumed_lost_called( 2232): [223095647,com.android.settings.Settings,topStateChangedWhenResumed]
09-23 00:53:46.435 I/sysui_multi_action( 1489): [757,803,799,window_time_0,802,46]
09-23 00:53:46.439 I/sysui_multi_action( 2232): [757,35,758,2,1089,45861]
09-23 00:53:46.440 I/sysui_multi_action( 2232): [757,103,758,2,1089,45494]
09-23 00:53:46.441 I/wm_on_paused_called( 2232): [223095647,com.android.settings.Settings,performPause]
09-23 00:53:46.447 I/wm_on_restart_called( 2347): [152286629,com.android.launcher3.uioverrides.QuickstepLauncher,performRestartActivity]
09-23 00:53:46.447 I/wm_on_start_called( 2347): [152286629,com.android.launcher3.uioverrides.QuickstepLauncher,handleStartActivity]
09-23 00:53:46.448 I/wm_on_resume_called( 2347): [152286629,com.android.launcher3.uioverrides.QuickstepLauncher,RESUME_ACTIVITY]
09-23 00:53:46.449 I/input_focus( 1489): [Focus leaving 5259c61 com.android.settings/com.android.settings.Settings (server),reason=NO_WINDOW]
09-23 00:53:46.450 I/wm_on_top_resumed_gained_called( 2347): [152286629,com.android.launcher3.uioverrides.QuickstepLauncher,topStateChangedWhenResumed]
09-23 00:53:46.455 I/am_pss ( 1489): [31640,10088,com.qualcomm.qti.qccauthmgr,6986752,4329472,0,95580160,0,19,5]
09-23 00:53:46.455 I/input_focus( 1489): [Focus request bb9afb8 com.android.launcher3/com.android.launcher3.uioverrides.QuickstepLauncher,reason=UpdateInputWindows]
09-23 00:53:46.498 I/input_focus( 1489): [Focus entering bb9afb8 com.android.launcher3/com.android.launcher3.uioverrides.QuickstepLauncher (server),reason=Window became focusable. Previous reason: NOT_VISIBLE]
09-23 00:53:46.837 I/wm_stop_activity( 1489): [0,223095647,com.android.settings/.Settings]
09-23 00:53:46.875 I/wm_on_stop_called( 2232): [223095647,com.android.settings.Settings,STOP_ACTIVITY_ITEM]
09-23 00:53:49.119 I/auditd ( 3555): type=1400 audit(0.0:32661): avc: denied { read } for comm="NativeThread" name="unix" dev="proc" ino=4026532289 scontext=u:r:untrusted_app_27:s0:c512,c768 tcontext=u:object_r:proc_net:s0 tclass=file permissive=0 app=com.alibaba.android.rimet
09-23 00:53:49.571 I/auditd ( 3555): type=1400 audit(0.0:32662): avc: denied { read } for comm="NativeThread" name="unix" dev="proc" ino=4026532289 scontext=u:r:untrusted_app_27:s0:c512,c768 tcontext=u:object_r:proc_net:s0 tclass=file permissive=0 app=com.alibaba.android.rimet
09-23 00:53:50.095 I/auditd ( 3555): type=1400 audit(0.0:32663): avc: denied { read } for comm="NativeThread" name="unix" dev="proc" ino=4026532289 scontext=u:r:untrusted_app_27:s0:c512,c768 tcontext=u:object_r:proc_net:s0 tclass=file permissive=0 app=com.alibaba.android.rimet
09-23 00:53:50.103 I/auditd ( 3555): type=1400 audit(0.0:32664): avc: denied { read } for comm="NativeThread" name="version" dev="proc" ino=4026532265 scontext=u:r:untrusted_app_27:s0:c512,c768 tcontext=u:object_r:proc_version:s0 tclass=file permissive=0 app=com.alibaba.android.rimet
09-23 00:53:50.103 I/auditd ( 3555): type=1400 audit(0.0:32665): avc: denied { ioctl } for comm="NativeThread" path="socket:[480442]" dev="sockfs" ino=480442 ioctlcmd=0x8927 scontext=u:r:untrusted_app_27:s0:c512,c768 tcontext=u:r:untrusted_app_27:s0:c512,c768 tclass=udp_socket permissive=0 app=com.alibaba.android.rimet
09-23 00:53:50.551 I/auditd ( 3555): type=1400 audit(0.0:32679): avc: denied { read } for comm="NativeThread" name="unix" dev="proc" ino=4026532289 scontext=u:r:untrusted_app_27:s0:c512,c768 tcontext=u:object_r:proc_net:s0 tclass=file permissive=0 app=com.alibaba.android.rimet
09-23 00:53:55.187 I/auditd ( 3555): type=1400 audit(0.0:32680): avc: denied { read } for comm="NativeThread" name="unix" dev="proc" ino=4026532289 scontext=u:r:untrusted_app_27:s0:c512,c768 tcontext=u:object_r:proc_net:s0 tclass=file permissive=0 app=com.alibaba.android.rimet
09-23 00:53:55.383 I/auditd ( 3707): type=1400 audit(0.0:32681): avc: denied { read } for comm=5468726561642D32202D2031333733 name="tcp" dev="proc" ino=4026532283 scontext=u:r:untrusted_app_29:s0:c108,c256,c512,c768 tcontext=u:object_r:proc_net_tcp_udp:s0 tclass=file permissive=0 app=com.smile.gifmaker
09-23 00:53:55.683 I/auditd ( 3555): type=1400 audit(0.0:32682): avc: denied { read } for comm="NativeThread" name="unix" dev="proc" ino=4026532289 scontext=u:r:untrusted_app_27:s0:c512,c768 tcontext=u:object_r:proc_net:s0 tclass=file permissive=0 app=com.alibaba.android.rimet
09-23 00:53:56.131 I/auditd ( 3555): type=1400 audit(0.0:32683): avc: denied { read } for comm="NativeThread" name="unix" dev="proc" ino=4026532289 scontext=u:r:untrusted_app_27:s0:c512,c768 tcontext=u:object_r:proc_net:s0 tclass=file permissive=0 app=com.alibaba.android.rimet
09-23 00:53:56.135 I/auditd ( 3555): type=1400 audit(0.0:32684): avc: denied { read } for comm="NativeThread" name="version" dev="proc" ino=4026532265 scontext=u:r:untrusted_app_27:s0:c512,c768 tcontext=u:object_r:proc_version:s0 tclass=file permissive=0 app=com.alibaba.android.rimet
09-23 00:53:56.135 I/auditd ( 3555): type=1400 audit(0.0:32685): avc: denied { ioctl } for comm="NativeThread" path="socket:[480534]" dev="sockfs" ino=480534 ioctlcmd=0x8927 scontext=u:r:untrusted_app_27:s0:c512,c768 tcontext=u:r:untrusted_app_27:s0:c512,c768 tclass=udp_socket permissive=0 app=com.alibaba.android.rimet
09-23 00:53:56.135 I/auditd ( 3555): type=1400 audit(0.0:32686): avc: denied { ioctl } for comm="NativeThread" path="socket:[480534]" dev="sockfs" ino=480534 ioctlcmd=0x8927 scontext=u:r:untrusted_app_27:s0:c512,c768 tcontext=u:r:untrusted_app_27:s0:c512,c768 tclass=udp_socket permissive=0 app=com.alibaba.android.rimet
09-23 00:53:56.135 I/auditd ( 3555): type=1400 audit(0.0:32687): avc: denied { ioctl } for comm="NativeThread" path="socket:[480534]" dev="sockfs" ino=480534 ioctlcmd=0x8927 scontext=u:r:untrusted_app_27:s0:c512,c768 tcontext=u:r:untrusted_app_27:s0:c512,c768 tclass=udp_socket permissive=0 app=com.alibaba.android.rimet
09-23 00:53:56.135 I/auditd ( 3555): type=1400 audit(0.0:32688): avc: denied { ioctl } for comm="NativeThread" path="socket:[480534]" dev="sockfs" ino=480534 ioctlcmd=0x8927 scontext=u:r:untrusted_app_27:s0:c512,c768 tcontext=u:r:untrusted_app_27:s0:c512,c768 tclass=udp_socket permissive=0 app=com.alibaba.android.rimet
09-23 00:53:58.227 I/auditd ( 4190): type=1400 audit(0.0:32700): avc: denied { read } for comm="pool-2-thread-6" name="tcp" dev="proc" ino=4026532283 scontext=u:r:untrusted_app_29:s0:c108,c256,c512,c768 tcontext=u:object_r:proc_net_tcp_udp:s0 tclass=file permissive=0 app=com.smile.gifmaker
09-23 00:54:00.709 I/input_interaction( 1489): Interaction with: bb9afb8 com.android.launcher3/com.android.launcher3.uioverrides.QuickstepLauncher (server), 48244fa com.android.systemui.ImageWallpaper (server), edge-swipe (server), swipe-up (server), PointerEventDispatcher0 (server),
09-23 00:54:00.826 I/wm_task_moved( 1489): [126,1,6]
09-23 00:54:00.827 I/wm_task_to_front( 1489): [0,126]
09-23 00:54:00.828 I/wm_focused_root_task( 1489): [0,0,126,1,bringingFoundTaskToFront]
09-23 00:54:00.829 I/wm_set_resumed_activity( 1489): [0,com.android.settings/.Settings,bringingFoundTaskToFront]
09-23 00:54:00.829 I/wm_new_intent( 1489): [0,223095647,126,com.android.settings/.Settings,android.intent.action.MAIN,NULL,NULL,270532608]
09-23 00:54:00.832 I/wm_pause_activity( 1489): [0,152286629,com.android.launcher3/.uioverrides.QuickstepLauncher,userLeaving=true,pauseBackTasks]
09-23 00:54:00.844 I/wm_on_top_resumed_lost_called( 2347): [152286629,com.android.launcher3.uioverrides.QuickstepLauncher,topStateChangedWhenResumed]
09-23 00:54:00.848 I/wm_on_paused_called( 2347): [152286629,com.android.launcher3.uioverrides.QuickstepLauncher,performPause]
09-23 00:54:00.854 I/wm_set_resumed_activity( 1489): [0,com.android.settings/.Settings,resumeTopActivityInnerLocked]
09-23 00:54:00.855 I/wm_add_to_stopping( 1489): [0,152286629,com.android.launcher3/.uioverrides.QuickstepLauncher,makeInvisible]
09-23 00:54:00.855 I/wm_resume_activity( 1489): [0,223095647,126,com.android.settings/.Settings]
09-23 00:54:00.870 I/sysui_multi_action( 1489): [757,803,799,window_time_0,802,14]
09-23 00:54:00.870 I/wm_on_restart_called( 2232): [223095647,com.android.settings.Settings,performRestartActivity]
09-23 00:54:00.883 I/input_focus( 1489): [Focus leaving bb9afb8 com.android.launcher3/com.android.launcher3.uioverrides.QuickstepLauncher (server),reason=NO_WINDOW]
09-23 00:54:00.889 I/wm_on_start_called( 2232): [223095647,com.android.settings.Settings,handleStartActivity]
09-23 00:54:00.890 I/snet_event_log( 2232): [120484087,-1,]
09-23 00:54:00.890 I/wm_on_resume_called( 2232): [223095647,com.android.settings.Settings,RESUME_ACTIVITY]
09-23 00:54:00.890 I/sysui_multi_action( 2232): [757,35,758,1,833,0,1089,0]
09-23 00:54:00.892 I/sysui_multi_action( 2232): [757,103,758,1,833,0,1089,0]
09-23 00:54:00.903 I/wm_on_top_resumed_gained_called( 2232): [223095647,com.android.settings.Settings,topWhenResuming]
09-23 00:54:00.912 I/input_focus( 1489): [Focus request 5259c61 com.android.settings/com.android.settings.Settings,reason=UpdateInputWindows]
09-23 00:54:00.925 I/sysui_multi_action( 1489): [319,37,321,34,322,98,325,8848,757,761,758,9,759,4,806,com.android.settings,871,com.android.settings.Settings,904,com.android.launcher3,905,0,1320,8,1321,5]
09-23 00:54:00.934 I/input_focus( 1489): [Focus entering 5259c61 com.android.settings/com.android.settings.Settings (server),reason=setFocusedWindow]
09-23 00:54:01.235 I/auditd ( 3555): type=1400 audit(0.0:32701): avc: denied { read } for comm="NativeThread" name="unix" dev="proc" ino=4026532289 scontext=u:r:untrusted_app_27:s0:c512,c768 tcontext=u:object_r:proc_net:s0 tclass=file permissive=0 app=com.alibaba.android.rimet
09-23 00:54:01.407 I/wm_stop_activity( 1489): [0,152286629,com.android.launcher3/.uioverrides.QuickstepLauncher]
09-23 00:54:01.425 I/wm_on_stop_called( 2347): [152286629,com.android.launcher3.uioverrides.QuickstepLauncher,STOP_ACTIVITY_ITEM]
09-23 00:54:01.603 I/auditd ( 3555): type=1400 audit(0.0:32702): avc: denied { read } for comm="NativeThread" name="unix" dev="proc" ino=4026532289 scontext=u:r:untrusted_app_27:s0:c512,c768 tcontext=u:object_r:proc_net:s0 tclass=file permissive=0 app=com.alibaba.android.rimet
09-23 00:54:01.991 I/auditd ( 3555): type=1400 audit(0.0:32703): avc: denied { read } for comm="NativeThread" name="unix" dev="proc" ino=4026532289 scontext=u:r:untrusted_app_27:s0:c512,c768 tcontext=u:object_r:proc_net:s0 tclass=file permissive=0 app=com.alibaba.android.rimet
09-23 00:54:01.995 I/auditd ( 3555): type=1400 audit(0.0:32704): avc: denied { read } for comm="NativeThread" name="version" dev="proc" ino=4026532265 scontext=u:r:untrusted_app_27:s0:c512,c768 tcontext=u:object_r:proc_version:s0 tclass=file permissive=0 app=com.alibaba.android.rimet
09-23 00:54:01.995 I/auditd ( 3555): type=1400 audit(0.0:32705): avc: denied { ioctl } for comm="NativeThread" path="socket:[479638]" dev="sockfs" ino=479638 ioctlcmd=0x8927 scontext=u:r:untrusted_app_27:s0:c512,c768 tcontext=u:r:untrusted_app_27:s0:c512,c768 tclass=udp_socket permissive=0 app=com.alibaba.android.rimet
09-23 00:54:01.995 I/auditd ( 3555): type=1400 audit(0.0:32706): avc: denied { ioctl } for comm="NativeThread" path="socket:[479638]" dev="sockfs" ino=479638 ioctlcmd=0x8927 scontext=u:r:untrusted_app_27:s0:c512,c768 tcontext=u:r:untrusted_app_27:s0:c512,c768 tclass=udp_socket permissive=0 app=com.alibaba.android.rimet
09-23 00:54:01.995 I/auditd ( 3555): type=1400 audit(0.0:32707): avc: denied { ioctl } for comm="NativeThread" path="socket:[479638]" dev="sockfs" ino=479638 ioctlcmd=0x8927 scontext=u:r:untrusted_app_27:s0:c512,c768 tcontext=u:r:untrusted_app_27:s0:c512,c768 tclass=udp_socket permissive=0 app=com.alibaba.android.rimet
09-23 00:54:01.995 I/auditd ( 3555): type=1400 audit(0.0:32708): avc: denied { ioctl } for comm="NativeThread" path="socket:[479638]" dev="sockfs" ino=479638 ioctlcmd=0x8927 scontext=u:r:untrusted_app_27:s0:c512,c768 tcontext=u:r:untrusted_app_27:s0:c512,c768 tclass=udp_socket permissive=0 app=com.alibaba.android.rimet
09-23 00:54:01.995 I/auditd ( 3555): type=1400 audit(0.0:32709): avc: denied { ioctl } for comm="NativeThread" path="socket:[479638]" dev="sockfs" ino=479638 ioctlcmd=0x8927 scontext=u:r:untrusted_app_27:s0:c512,c768 tcontext=u:r:untrusted_app_27:s0:c512,c768 tclass=udp_socket permissive=0 app=com.alibaba.android.rimet
09-23 00:54:02.207 I/liblog ( 1335): 162
09-23 00:54:02.255 I/notification_enqueue( 1489): [1000,1489,android,17303299,com.android.wifi,0,Notification(channel=NETWORK_AVAILABLE shortcut=null contentView=null vibrate=null sound=null tick defaults=0x0 flags=0x100 color=0x00000000 actions=2 vis=PRIVATE),1]
09-23 00:54:02.459 I/sysui_multi_action( 1489): [757,1501,758,1,793,2819419,794,65051,795,203,796,17303299,797,com.android.wifi,806,android,857,NETWORK_AVAILABLE,858,2,947,0,1500,0,1688,1]
09-23 00:54:02.459 I/sysui_multi_action( 1489): [757,804,799,note_interruptive,801,0,802,1]
09-23 00:54:02.907 I/input_interaction( 1489): Interaction with: 5259c61 com.android.settings/com.android.settings.Settings (server), edge-swipe (server), swipe-up (server), PointerEventDispatcher0 (server),
09-23 00:54:03.041 I/sysui_multi_action( 2232): [757,830,758,4,833,0,854,top_level_connected_devices,1089,0]
09-23 00:54:03.043 I/sysui_multi_action( 2232): [757,103,758,2,1089,2152]
09-23 00:54:03.153 I/sysui_multi_action( 2232): [757,747,758,1,833,0,1089,99]
09-23 00:54:03.154 I/sysui_multi_action( 2232): [757,1729,758,4,854,isParalleledControllers:false,1089,100]
09-23 00:54:05.144 I/sysui_multi_action( 2232): [757,830,758,4,833,0,854,homepage_search_bar,1089,0]
09-23 00:54:05.156 I/wm_task_moved( 1489): [126,1,6]
09-23 00:54:05.156 I/wm_set_resumed_activity( 1489): [0,com.android.settings/.Settings,positionChildAt]
09-23 00:54:05.157 I/wm_create_activity( 1489): [0,242500727,126,com.android.settings.intelligence/.search.SearchActivity,android.settings.APP_SEARCH_SETTINGS,NULL,NULL,0]
09-23 00:54:05.158 I/wm_pause_activity( 1489): [0,223095647,com.android.settings/.Settings,userLeaving=true,resumeTopActivityInnerLocked]
09-23 00:54:05.163 I/am_uid_running( 1489): 10059
09-23 00:54:05.164 I/wm_on_top_resumed_lost_called( 2232): [223095647,com.android.settings.Settings,topStateChangedWhenResumed]
09-23 00:54:05.167 I/sysui_multi_action( 2232): [757,35,758,2,1089,4277]
09-23 00:54:05.168 I/sysui_multi_action( 2232): [757,747,758,2,1089,2016]
09-23 00:54:05.168 I/wm_on_paused_called( 2232): [223095647,com.android.settings.Settings,performPause]
09-23 00:54:05.169 I/wm_add_to_stopping( 1489): [0,223095647,com.android.settings/.Settings,makeInvisible]
09-23 00:54:05.172 I/sysui_multi_action( 1489): [757,803,799,window_time_0,802,4]
