09-23 01:20:06.682 I/wm_focused_root_task( 1489): [0,0,139,143,finish-top adjustFocusToNextFocusableTask]
09-23 01:20:06.683 I/wm_pause_activity( 1489): [0,30340618,com.android.deskclock/android.service.dreams.DreamActivity,userLeaving=false,finish]
09-23 01:20:06.690 I/sysui_multi_action( 1489): [757,803,799,window_time_0,802,2]
09-23 01:20:06.691 I/wm_on_top_resumed_lost_called( 2535): [30340618,android.service.dreams.DreamActivity,topStateChangedWhenResumed]
09-23 01:20:06.692 I/wm_on_paused_called( 2535): [30340618,android.service.dreams.DreamActivity,performPause]
09-23 01:20:06.692 I/wm_add_to_stopping( 1489): [0,30340618,com.android.deskclock/android.service.dreams.DreamActivity,completeFinishing]
09-23 01:20:06.695 I/wm_set_resumed_activity( 1489): [0,com.android.settings/.Settings,resumeTopActivityInnerLocked]
09-23 01:20:06.696 I/wm_resume_activity( 1489): [0,15010957,139,com.android.settings/.Settings]
09-23 01:20:06.705 I/wm_on_restart_called( 2232): [15010957,com.android.settings.Settings,performRestartActivity]
09-23 01:20:06.706 I/sysui_multi_action( 1489): [757,803,799,window_time_0,802,0]
09-23 01:20:06.714 I/view_enqueue_input_event( 2535): [Motion - Cancel,com.android.deskclock/android.service.dreams.DreamActivity]
09-23 01:20:06.715 I/input_focus( 1489): [Focus leaving 16e68d6 com.android.deskclock/android.service.dreams.DreamActivity (server),reason=NO_WINDOW]
09-23 01:20:06.718 I/input_interaction( 1489): Interaction with: edge-swipe (server), swipe-up (server), PointerEventDispatcher0 (server),
09-23 01:20:07.006 I/wm_on_start_called( 2232): [15010957,com.android.settings.Settings,handleStartActivity]
09-23 01:20:07.007 I/snet_event_log( 2232): [120484087,-1,]
09-23 01:20:07.007 I/wm_on_resume_called( 2232): [15010957,com.android.settings.Settings,RESUME_ACTIVITY]
09-23 01:20:07.007 I/sysui_multi_action( 2232): [757,35,758,1,833,0,1089,0]
09-23 01:20:07.007 I/sysui_multi_action( 2232): [757,1018,758,1,833,0,1089,0]
09-23 01:20:07.009 I/wm_on_top_resumed_gained_called( 2232): [15010957,com.android.settings.Settings,topWhenResuming]
09-23 01:20:07.019 I/input_focus( 1489): [Focus request 456c4b5 com.android.settings/com.android.settings.Settings,reason=UpdateInputWindows]
09-23 01:20:07.048 I/input_focus( 1489): [Focus entering 456c4b5 com.android.settings/com.android.settings.Settings (server),reason=Window became focusable. Previous reason: NOT_VISIBLE]
09-23 01:20:07.554 I/wm_destroy_activity( 1489): [0,30340618,143,com.android.deskclock/android.service.dreams.DreamActivity,finish-imm:idle]
09-23 01:20:07.581 I/wm_on_stop_called( 2535): [30340618,android.service.dreams.DreamActivity,LIFECYCLER_STOP_ACTIVITY]
09-23 01:20:07.582 I/wm_on_destroy_called( 2535): [30340618,android.service.dreams.DreamActivity,performDestroy]
09-23 01:20:07.585 I/sysui_multi_action( 1489): [757,222,758,2]
09-23 01:20:07.585 I/sysui_multi_action( 1489): [757,804,799,dreaming_minutes,801,0,802,1]
09-23 01:20:07.599 I/wm_task_removed( 1489): [143,removeChild:removeChild last r=ActivityRecord{1cef60a u0 com.android.deskclock/android.service.dreams.DreamActivity t-1 f}} in t=Task{eb37447 #143 type=dream A=10066:android:com.android.deskclock/dream U=0 visible=false mode=fullscreen translucent=true sz=0}]
09-23 01:20:07.599 I/wm_task_removed( 1489): [143,removeChild]
09-23 01:20:08.312 I/input_interaction( 1489): Interaction with: 456c4b5 com.android.settings/com.android.settings.Settings (server), edge-swipe (server), swipe-up (server), PointerEventDispatcher0 (server),
09-23 01:20:08.999 I/auditd ( 3555): type=1400 audit(0.0:38186): avc: denied { read } for comm="NativeThread" name="unix" dev="proc" ino=4026532289 scontext=u:r:untrusted_app_27:s0:c512,c768 tcontext=u:object_r:proc_net:s0 tclass=file permissive=0 app=com.alibaba.android.rimet
09-23 01:20:09.387 I/auditd ( 3555): type=1400 audit(0.0:38187): avc: denied { read } for comm="NativeThread" name="unix" dev="proc" ino=4026532289 scontext=u:r:untrusted_app_27:s0:c512,c768 tcontext=u:object_r:proc_net:s0 tclass=file permissive=0 app=com.alibaba.android.rimet
09-23 01:20:09.723 I/auditd ( 3555): type=1400 audit(0.0:38188): avc: denied { read } for comm="NativeThread" name="unix" dev="proc" ino=4026532289 scontext=u:r:untrusted_app_27:s0:c512,c768 tcontext=u:object_r:proc_net:s0 tclass=file permissive=0 app=com.alibaba.android.rimet
09-23 01:20:09.727 I/auditd ( 3555): type=1400 audit(0.0:38189): avc: denied { read } for comm="NativeThread" name="version" dev="proc" ino=4026532265 scontext=u:r:untrusted_app_27:s0:c512,c768 tcontext=u:object_r:proc_version:s0 tclass=file permissive=0 app=com.alibaba.android.rimet
09-23 01:20:09.727 I/auditd ( 3555): type=1400 audit(0.0:38190): avc: denied { ioctl } for comm="NativeThread" path="socket:[561977]" dev="sockfs" ino=561977 ioctlcmd=0x8927 scontext=u:r:untrusted_app_27:s0:c512,c768 tcontext=u:r:untrusted_app_27:s0:c512,c768 tclass=udp_socket permissive=0 app=com.alibaba.android.rimet
09-23 01:20:09.727 I/auditd ( 3555): type=1400 audit(0.0:38191): avc: denied { ioctl } for comm="NativeThread" path="socket:[561977]" dev="sockfs" ino=561977 ioctlcmd=0x8927 scontext=u:r:untrusted_app_27:s0:c512,c768 tcontext=u:r:untrusted_app_27:s0:c512,c768 tclass=udp_socket permissive=0 app=com.alibaba.android.rimet
09-23 01:20:09.727 I/auditd ( 3555): type=1400 audit(0.0:38192): avc: denied { ioctl } for comm="NativeThread" path="socket:[561977]" dev="sockfs" ino=561977 ioctlcmd=0x8927 scontext=u:r:untrusted_app_27:s0:c512,c768 tcontext=u:r:untrusted_app_27:s0:c512,c768 tclass=udp_socket permissive=0 app=com.alibaba.android.rimet
09-23 01:20:09.727 I/auditd ( 3555): type=1400 audit(0.0:38193): avc: denied { ioctl } for comm="NativeThread" path="socket:[561977]" dev="sockfs" ino=561977 ioctlcmd=0x8927 scontext=u:r:untrusted_app_27:s0:c512,c768 tcontext=u:r:untrusted_app_27:s0:c512,c768 tclass=udp_socket permissive=0 app=com.alibaba.android.rimet
09-23 01:20:09.727 I/auditd ( 3555): type=1400 audit(0.0:38194): avc: denied { ioctl } for comm="NativeThread" path="socket:[561977]" dev="sockfs" ino=561977 ioctlcmd=0x8927 scontext=u:r:untrusted_app_27:s0:c512,c768 tcontext=u:r:untrusted_app_27:s0:c512,c768 tclass=udp_socket permissive=0 app=com.alibaba.android.rimet
09-23 01:20:14.671 I/auditd ( 3555): type=1400 audit(0.0:38205): avc: denied { read } for comm="NativeThread" name="unix" dev="proc" ino=4026532289 scontext=u:r:untrusted_app_27:s0:c512,c768 tcontext=u:object_r:proc_net:s0 tclass=file permissive=0 app=com.alibaba.android.rimet
09-23 01:20:15.031 I/auditd ( 3555): type=1400 audit(0.0:38206): avc: denied { read } for comm="NativeThread" name="unix" dev="proc" ino=4026532289 scontext=u:r:untrusted_app_27:s0:c512,c768 tcontext=u:object_r:proc_net:s0 tclass=file permissive=0 app=com.alibaba.android.rimet
09-23 01:20:15.387 I/auditd ( 3555): type=1400 audit(0.0:38207): avc: denied { read } for comm="NativeThread" name="unix" dev="proc" ino=4026532289 scontext=u:r:untrusted_app_27:s0:c512,c768 tcontext=u:object_r:proc_net:s0 tclass=file permissive=0 app=com.alibaba.android.rimet
09-23 01:20:15.391 I/auditd ( 3555): type=1400 audit(0.0:38208): avc: denied { read } for comm="NativeThread" name="version" dev="proc" ino=4026532265 scontext=u:r:untrusted_app_27:s0:c512,c768 tcontext=u:object_r:proc_version:s0 tclass=file permissive=0 app=com.alibaba.android.rimet
09-23 01:20:15.395 I/auditd ( 3555): type=1400 audit(0.0:38209): avc: denied { ioctl } for comm="NativeThread" path="socket:[563461]" dev="sockfs" ino=563461 ioctlcmd=0x8927 scontext=u:r:untrusted_app_27:s0:c512,c768 tcontext=u:r:untrusted_app_27:s0:c512,c768 tclass=udp_socket permissive=0 app=com.alibaba.android.rimet
09-23 01:20:15.691 I/auditd ( 3555): type=1400 audit(0.0:38223): avc: denied { read } for comm="NativeThread" name="unix" dev="proc" ino=4026532289 scontext=u:r:untrusted_app_27:s0:c512,c768 tcontext=u:object_r:proc_net:s0 tclass=file permissive=0 app=com.alibaba.android.rimet
09-23 01:20:20.283 I/auditd ( 3555): type=1400 audit(0.0:38224): avc: denied { read } for comm="NativeThread" name="unix" dev="proc" ino=4026532289 scontext=u:r:untrusted_app_27:s0:c512,c768 tcontext=u:object_r:proc_net:s0 tclass=file permissive=0 app=com.alibaba.android.rimet
09-23 01:20:20.703 I/auditd ( 3555): type=1400 audit(0.0:38225): avc: denied { read } for comm="NativeThread" name="unix" dev="proc" ino=4026532289 scontext=u:r:untrusted_app_27:s0:c512,c768 tcontext=u:object_r:proc_net:s0 tclass=file permissive=0 app=com.alibaba.android.rimet
09-23 01:20:20.923 I/input_interaction( 1489): Interaction with: c2eaa5f StatusBar (server), edge-swipe (server), swipe-up (server), PointerEventDispatcher0 (server),
09-23 01:20:20.926 I/sysui_multi_action( 1834): [757,803,799,panel_open,802,1]
09-23 01:20:20.927 I/service_manager_stats( 1489): [127,96,15915]
09-23 01:20:20.928 I/sysui_multi_action( 1834): [757,1328,758,4,1326,45,1327,2,1329,0]
09-23 01:20:20.982 I/sysui_multi_action( 1489): [757,127,758,1]
09-23 01:20:20.982 I/sysui_multi_action( 1489): [757,804,799,note_load,801,4,802,1]
09-23 01:20:20.982 I/notification_panel_revealed( 1489): 4
09-23 01:20:20.985 I/notification_enqueue( 1489): [10081,1834,com.android.systemui,2048,NULL,0,Notification(channel=updateNotification shortcut=null contentView=null vibrate=null sound=null defaults=0x0 flags=0x0 color=0x00000000 vis=PRIVATE),1]
09-23 01:20:20.985 I/sysui_multi_action( 1834): [757,111,758,2]
09-23 01:20:20.985 I/sysui_multi_action( 1834): [757,111,758,2]
09-23 01:20:20.996 I/input_focus( 1489): [Focus request 913cdb2 NotificationShade,reason=UpdateInputWindows]
09-23 01:20:20.999 I/sysui_multi_action( 1834): [757,111,758,1]
09-23 01:20:20.999 I/sysui_multi_action( 1834): [757,126,758,1,759,126,927,0,928,1,1593,0]
09-23 01:20:21.000 I/sysui_multi_action( 1834): [757,113,758,1,759,113,927,1,928,1,1593,0]
09-23 01:20:21.000 I/sysui_multi_action( 1834): [757,0,758,1,759,0,927,2,928,0,1593,0]
09-23 01:20:21.000 I/sysui_multi_action( 1834): [757,0,758,1,759,0,927,3,928,0,1593,0]
09-23 01:20:21.000 I/sysui_multi_action( 1834): [757,1706,758,1,759,1706,927,4,928,0,1593,0]
09-23 01:20:21.000 I/sysui_multi_action( 1834): [757,491,758,1,759,491,927,5,928,0,1311,-1,1593,0]
09-23 01:20:21.000 I/sysui_multi_action( 1834): [757,0,758,1,759,0,927,6,928,0,1593,0]
09-23 01:20:21.000 I/sysui_multi_action( 1834): [757,114,758,1,759,114,927,7,928,0,1593,0]
09-23 01:20:21.000 I/sysui_multi_action( 1834): [757,111,758,1]
09-23 01:20:21.000 I/sysui_multi_action( 1834): [757,126,758,1,759,126,927,0,928,1,1593,0]
09-23 01:20:21.000 I/sysui_multi_action( 1834): [757,113,758,1,759,113,927,1,928,1,1593,0]
09-23 01:20:21.000 I/sysui_multi_action( 1834): [757,0,758,1,759,0,927,2,928,0,1593,0]
09-23 01:20:21.001 I/sysui_multi_action( 1834): [757,0,758,1,759,0,927,3,928,0,1593,0]
09-23 01:20:21.009 I/sysui_multi_action( 1834): [757,111,758,2]
09-23 01:20:21.009 I/sysui_multi_action( 1834): [757,111,758,2]
09-23 01:20:21.010 I/notification_enqueue( 1489): [10081,1834,com.android.systemui,2048,NULL,0,Notification(channel=updateNotification shortcut=null contentView=null vibrate=null sound=null defaults=0x0 flags=0x0 color=0x00000000 vis=PRIVATE),1]
09-23 01:20:21.013 I/sysui_multi_action( 1834): [757,111,758,1]
09-23 01:20:21.013 I/sysui_multi_action( 1834): [757,126,758,1,759,126,927,0,928,1,1593,0]
09-23 01:20:21.013 I/sysui_multi_action( 1834): [757,113,758,1,759,113,927,1,928,1,1593,0]
09-23 01:20:21.013 I/sysui_multi_action( 1834): [757,0,758,1,759,0,927,2,928,0,1593,0]
09-23 01:20:21.013 I/sysui_multi_action( 1834): [757,0,758,1,759,0,927,3,928,0,1593,0]
09-23 01:20:21.013 I/sysui_multi_action( 1834): [757,1706,758,1,759,1706,927,4,928,0,1593,0]
09-23 01:20:21.014 I/sysui_multi_action( 1834): [757,491,758,1,759,491,927,5,928,0,1311,-1,1593,0]
09-23 01:20:21.014 I/sysui_multi_action( 1834): [757,0,758,1,759,0,927,6,928,0,1593,0]
09-23 01:20:21.014 I/sysui_multi_action( 1834): [757,114,758,1,759,114,927,7,928,0,1593,0]
09-23 01:20:21.014 I/sysui_multi_action( 1834): [757,111,758,1]
09-23 01:20:21.014 I/sysui_multi_action( 1834): [757,126,758,1,759,126,927,0,928,1,1593,0]
09-23 01:20:21.014 I/sysui_multi_action( 1834): [757,113,758,1,759,113,927,1,928,1,1593,0]
09-23 01:20:21.014 I/sysui_multi_action( 1834): [757,0,758,1,759,0,927,2,928,0,1593,0]
09-23 01:20:21.014 I/sysui_multi_action( 1834): [757,0,758,1,759,0,927,3,928,0,1593,0]
09-23 01:20:21.016 I/input_focus( 1489): [Focus leaving 456c4b5 com.android.settings/com.android.settings.Settings (server),reason=setFocusedWindow]
09-23 01:20:21.016 I/input_focus( 1489): [Focus entering 913cdb2 NotificationShade (server),reason=setFocusedWindow]
09-23 01:20:21.024 I/sysui_multi_action( 1834): [757,111,758,2]
09-23 01:20:21.024 I/sysui_multi_action( 1834): [757,111,758,2]
09-23 01:20:21.025 I/notification_enqueue( 1489): [10081,1834,com.android.systemui,2048,NULL,0,Notification(channel=updateNotification shortcut=null contentView=null vibrate=null sound=null defaults=0x0 flags=0x0 color=0x00000000 vis=PRIVATE),1]
09-23 01:20:21.029 I/sysui_multi_action( 1834): [757,111,758,1]
09-23 01:20:21.029 I/sysui_multi_action( 1834): [757,126,758,1,759,126,927,0,928,1,1593,0]
09-23 01:20:21.029 I/sysui_multi_action( 1834): [757,113,758,1,759,113,927,1,928,1,1593,0]
09-23 01:20:21.029 I/sysui_multi_action( 1834): [757,0,758,1,759,0,927,2,928,0,1593,0]
09-23 01:20:21.029 I/sysui_multi_action( 1834): [757,0,758,1,759,0,927,3,928,0,1593,0]
09-23 01:20:21.029 I/sysui_multi_action( 1834): [757,1706,758,1,759,1706,927,4,928,0,1593,0]
09-23 01:20:21.029 I/sysui_multi_action( 1834): [757,491,758,1,759,491,927,5,928,0,1311,-1,1593,0]
09-23 01:20:21.029 I/sysui_multi_action( 1834): [757,0,758,1,759,0,927,6,928,0,1593,0]
09-23 01:20:21.029 I/sysui_multi_action( 1834): [757,114,758,1,759,114,927,7,928,0,1593,0]
09-23 01:20:21.029 I/sysui_multi_action( 1834): [757,111,758,1]
09-23 01:20:21.029 I/sysui_multi_action( 1834): [757,126,758,1,759,126,927,0,928,1,1593,0]
09-23 01:20:21.029 I/sysui_multi_action( 1834): [757,113,758,1,759,113,927,1,928,1,1593,0]
09-23 01:20:21.029 I/sysui_multi_action( 1834): [757,0,758,1,759,0,927,2,928,0,1593,0]
09-23 01:20:21.029 I/sysui_multi_action( 1834): [757,0,758,1,759,0,927,3,928,0,1593,0]
09-23 01:20:21.038 I/sysui_multi_action( 1834): [757,111,758,2]
09-23 01:20:21.038 I/sysui_multi_action( 1834): [757,111,758,2]
09-23 01:20:21.038 I/notification_enqueue( 1489): [10081,1834,com.android.systemui,2048,NULL,0,Notification(channel=updateNotification shortcut=null contentView=null vibrate=null sound=null defaults=0x0 flags=0x0 color=0x00000000 vis=PRIVATE),1]
09-23 01:20:21.040 I/sysui_multi_action( 1834): [757,111,758,1]
09-23 01:20:21.040 I/sysui_multi_action( 1834): [757,126,758,1,759,126,927,0,928,1,1593,0]
09-23 01:20:21.041 I/sysui_multi_action( 1834): [757,113,758,1,759,113,927,1,928,1,1593,0]
09-23 01:20:21.041 I/sysui_multi_action( 1834): [757,0,758,1,759,0,927,2,928,0,1593,0]
09-23 01:20:21.041 I/sysui_multi_action( 1834): [757,0,758,1,759,0,927,3,928,0,1593,0]
09-23 01:20:21.041 I/sysui_multi_action( 1834): [757,1706,758,1,759,1706,927,4,928,0,1593,0]
09-23 01:20:21.043 I/sysui_multi_action( 1834): [757,491,758,1,759,491,927,5,928,0,1311,-1,1593,0]
09-23 01:20:21.043 I/sysui_multi_action( 1834): [757,0,758,1,759,0,927,6,928,0,1593,0]
09-23 01:20:21.043 I/sysui_multi_action( 1834): [757,114,758,1,759,114,927,7,928,0,1593,0]
09-23 01:20:21.043 I/sysui_multi_action( 1834): [757,111,758,1]
09-23 01:20:21.043 I/sysui_multi_action( 1834): [757,126,758,1,759,126,927,0,928,1,1593,0]
09-23 01:20:21.043 I/sysui_multi_action( 1834): [757,113,758,1,759,113,927,1,928,1,1593,0]
09-23 01:20:21.043 I/sysui_multi_action( 1834): [757,0,758,1,759,0,927,2,928,0,1593,0]
09-23 01:20:21.043 I/sysui_multi_action( 1834): [757,0,758,1,759,0,927,3,928,0,1593,0]
09-23 01:20:21.049 I/sysui_multi_action( 1834): [757,111,758,2]
09-23 01:20:21.049 I/sysui_multi_action( 1834): [757,111,758,2]
09-23 01:20:21.049 I/notification_enqueue( 1489): [10081,1834,com.android.systemui,2048,NULL,0,Notification(channel=updateNotification shortcut=null contentView=null vibrate=null sound=null defaults=0x0 flags=0x0 color=0x00000000 vis=PRIVATE),1]
09-23 01:20:21.051 I/sysui_multi_action( 1834): [757,111,758,1]
09-23 01:20:21.051 I/sysui_multi_action( 1834): [757,126,758,1,759,126,927,0,928,1,1593,0]
09-23 01:20:21.051 I/sysui_multi_action( 1834): [757,113,758,1,759,113,927,1,928,1,1593,0]
09-23 01:20:21.051 I/sysui_multi_action( 1834): [757,0,758,1,759,0,927,2,928,0,1593,0]
09-23 01:20:21.051 I/sysui_multi_action( 1834): [757,0,758,1,759,0,927,3,928,0,1593,0]
09-23 01:20:21.051 I/sysui_multi_action( 1834): [757,1706,758,1,759,1706,927,4,928,0,1593,0]
09-23 01:20:21.051 I/sysui_multi_action( 1834): [757,491,758,1,759,491,927,5,928,0,1311,-1,1593,0]
09-23 01:20:21.052 I/sysui_multi_action( 1834): [757,0,758,1,759,0,927,6,928,0,1593,0]
09-23 01:20:21.052 I/sysui_multi_action( 1834): [757,114,758,1,759,114,927,7,928,0,1593,0]
09-23 01:20:21.052 I/sysui_multi_action( 1834): [757,111,758,1]
09-23 01:20:21.052 I/sysui_multi_action( 1834): [757,126,758,1,759,126,927,0,928,1,1593,0]
09-23 01:20:21.052 I/sysui_multi_action( 1834): [757,113,758,1,759,113,927,1,928,1,1593,0]
09-23 01:20:21.052 I/sysui_multi_action( 1834): [757,0,758,1,759,0,927,2,928,0,1593,0]
09-23 01:20:21.052 I/sysui_multi_action( 1834): [757,0,758,1,759,0,927,3,928,0,1593,0]
09-23 01:20:21.065 I/sysui_multi_action( 1834): [757,111,758,2]
09-23 01:20:21.065 I/sysui_multi_action( 1834): [757,111,758,2]
09-23 01:20:21.068 I/sysui_multi_action( 1834): [757,111,758,1]
09-23 01:20:21.068 I/notification_enqueue( 1489): [10081,1834,com.android.systemui,2048,NULL,0,Notification(channel=updateNotification shortcut=null contentView=null vibrate=null sound=null defaults=0x0 flags=0x0 color=0x00000000 vis=PRIVATE),1]
09-23 01:20:21.068 I/sysui_multi_action( 1834): [757,126,758,1,759,126,927,0,928,1,1593,0]
09-23 01:20:21.068 I/sysui_multi_action( 1834): [757,113,758,1,759,113,927,1,928,1,1593,0]
09-23 01:20:21.068 I/sysui_multi_action( 1834): [757,0,758,1,759,0,927,2,928,0,1593,0]
09-23 01:20:21.068 I/sysui_multi_action( 1834): [757,0,758,1,759,0,927,3,928,0,1593,0]
09-23 01:20:21.068 I/sysui_multi_action( 1834): [757,1706,758,1,759,1706,927,4,928,0,1593,0]
09-23 01:20:21.069 I/sysui_multi_action( 1834): [757,491,758,1,759,491,927,5,928,0,1311,-1,1593,0]
09-23 01:20:21.069 I/sysui_multi_action( 1834): [757,0,758,1,759,0,927,6,928,0,1593,0]
09-23 01:20:21.069 I/sysui_multi_action( 1834): [757,114,758,1,759,114,927,7,928,0,1593,0]
09-23 01:20:21.069 I/sysui_multi_action( 1834): [757,111,758,1]
09-23 01:20:21.069 I/sysui_multi_action( 1834): [757,126,758,1,759,126,927,0,928,1,1593,0]
09-23 01:20:21.069 I/sysui_multi_action( 1834): [757,113,758,1,759,113,927,1,928,1,1593,0]
09-23 01:20:21.069 I/sysui_multi_action( 1834): [757,0,758,1,759,0,927,2,928,0,1593,0]
09-23 01:20:21.069 I/sysui_multi_action( 1834): [757,0,758,1,759,0,927,3,928,0,1593,0]
09-23 01:20:21.075 I/auditd ( 3555): type=1400 audit(0.0:38226): avc: denied { read } for comm="NativeThread" name="unix" dev="proc" ino=4026532289 scontext=u:r:untrusted_app_27:s0:c512,c768 tcontext=u:object_r:proc_net:s0 tclass=file permissive=0 app=com.alibaba.android.rimet
09-23 01:20:21.079 I/auditd ( 3555): type=1400 audit(0.0:38227): avc: denied { read } for comm="NativeThread" name="version" dev="proc" ino=4026532265 scontext=u:r:untrusted_app_27:s0:c512,c768 tcontext=u:object_r:proc_version:s0 tclass=file permissive=0 app=com.alibaba.android.rimet
09-23 01:20:21.079 I/auditd ( 3555): type=1400 audit(0.0:38228): avc: denied { ioctl } for comm="NativeThread" path="socket:[562120]" dev="sockfs" ino=562120 ioctlcmd=0x8927 scontext=u:r:untrusted_app_27:s0:c512,c768 tcontext=u:r:untrusted_app_27:s0:c512,c768 tclass=udp_socket permissive=0 app=com.alibaba.android.rimet
09-23 01:20:21.082 I/sysui_multi_action( 1834): [757,111,758,2]
09-23 01:20:21.082 I/sysui_multi_action( 1834): [757,111,758,2]
09-23 01:20:21.082 I/notification_enqueue( 1489): [10081,1834,com.android.systemui,2048,NULL,0,Notification(channel=updateNotification shortcut=null contentView=null vibrate=null sound=null defaults=0x0 flags=0x0 color=0x00000000 vis=PRIVATE),1]
09-23 01:20:21.079 I/auditd ( 3555): type=1400 audit(0.0:38229): avc: denied { ioctl } for comm="NativeThread" path="socket:[562120]" dev="sockfs" ino=562120 ioctlcmd=0x8927 scontext=u:r:untrusted_app_27:s0:c512,c768 tcontext=u:r:untrusted_app_27:s0:c512,c768 tclass=udp_socket permissive=0 app=com.alibaba.android.rimet
09-23 01:20:21.085 I/sysui_multi_action( 1834): [757,111,758,1]
09-23 01:20:21.079 I/auditd ( 3555): type=1400 audit(0.0:38230): avc: denied { ioctl } for comm="NativeThread" path="socket:[562120]" dev="sockfs" ino=562120 ioctlcmd=0x8927 scontext=u:r:untrusted_app_27:s0:c512,c768 tcontext=u:r:untrusted_app_27:s0:c512,c768 tclass=udp_socket permissive=0 app=com.alibaba.android.rimet
09-23 01:20:21.079 I/auditd ( 3555): type=1400 audit(0.0:38231): avc: denied { ioctl } for comm="NativeThread" path="socket:[562120]" dev="sockfs" ino=562120 ioctlcmd=0x8927 scontext=u:r:untrusted_app_27:s0:c512,c768 tcontext=u:r:untrusted_app_27:s0:c512,c768 tclass=udp_socket permissive=0 app=com.alibaba.android.rimet
09-23 01:20:21.086 I/sysui_multi_action( 1834): [757,126,758,1,759,126,927,0,928,1,1593,0]
09-23 01:20:21.086 I/sysui_multi_action( 1834): [757,113,758,1,759,113,927,1,928,1,1593,0]
09-23 01:20:21.086 I/sysui_multi_action( 1834): [757,0,758,1,759,0,927,2,928,0,1593,0]
09-23 01:20:21.086 I/sysui_multi_action( 1834): [757,0,758,1,759,0,927,3,928,0,1593,0]
09-23 01:20:21.086 I/sysui_multi_action( 1834): [757,1706,758,1,759,1706,927,4,928,0,1593,0]
09-23 01:20:21.086 I/sysui_multi_action( 1834): [757,491,758,1,759,491,927,5,928,0,1311,-1,1593,0]
09-23 01:20:21.079 I/auditd ( 3555): type=1400 audit(0.0:38232): avc: denied { ioctl } for comm="NativeThread" path="socket:[562120]" dev="sockfs" ino=562120 ioctlcmd=0x8927 scontext=u:r:untrusted_app_27:s0:c512,c768 tcontext=u:r:untrusted_app_27:s0:c512,c768 tclass=udp_socket permissive=0 app=com.alibaba.android.rimet
09-23 01:20:21.086 I/sysui_multi_action( 1834): [757,0,758,1,759,0,927,6,928,0,1593,0]
09-23 01:20:21.086 I/sysui_multi_action( 1834): [757,114,758,1,759,114,927,7,928,0,1593,0]
09-23 01:20:21.086 I/sysui_multi_action( 1834): [757,111,758,1]
09-23 01:20:21.086 I/sysui_multi_action( 1834): [757,126,758,1,759,126,927,0,928,1,1593,0]
09-23 01:20:21.086 I/sysui_multi_action( 1834): [757,113,758,1,759,113,927,1,928,1,1593,0]
09-23 01:20:21.087 I/sysui_multi_action( 1834): [757,0,758,1,759,0,927,2,928,0,1593,0]
09-23 01:20:21.087 I/sysui_multi_action( 1834): [757,0,758,1,759,0,927,3,928,0,1593,0]
09-23 01:20:21.103 I/sysui_multi_action( 1834): [757,111,758,2]
09-23 01:20:21.104 I/sysui_multi_action( 1834): [757,111,758,2]
09-23 01:20:21.104 I/notification_enqueue( 1489): [10081,1834,com.android.systemui,2048,NULL,0,Notification(channel=updateNotification shortcut=null contentView=null vibrate=null sound=null defaults=0x0 flags=0x0 color=0x00000000 vis=PRIVATE),1]
09-23 01:20:21.108 I/sysui_multi_action( 1834): [757,111,758,1]
09-23 01:20:21.108 I/sysui_multi_action( 1834): [757,126,758,1,759,126,927,0,928,1,1593,0]
09-23 01:20:21.108 I/sysui_multi_action( 1834): [757,113,758,1,759,113,927,1,928,1,1593,0]
09-23 01:20:21.108 I/sysui_multi_action( 1834): [757,0,758,1,759,0,927,2,928,0,1593,0]
09-23 01:20:21.109 I/sysui_multi_action( 1834): [757,0,758,1,759,0,927,3,928,0,1593,0]
09-23 01:20:21.109 I/sysui_multi_action( 1834): [757,1706,758,1,759,1706,927,4,928,0,1593,0]
09-23 01:20:21.109 I/sysui_multi_action( 1834): [757,491,758,1,759,491,927,5,928,0,1311,-1,1593,0]
09-23 01:20:21.109 I/sysui_multi_action( 1834): [757,0,758,1,759,0,927,6,928,0,1593,0]
09-23 01:20:21.109 I/sysui_multi_action( 1834): [757,114,758,1,759,114,927,7,928,0,1593,0]
09-23 01:20:21.109 I/sysui_multi_action( 1834): [757,111,758,1]
09-23 01:20:21.110 I/sysui_multi_action( 1834): [757,126,758,1,759,126,927,0,928,1,1593,0]
09-23 01:20:21.110 I/sysui_multi_action( 1834): [757,113,758,1,759,113,927,1,928,1,1593,0]
09-23 01:20:21.110 I/sysui_multi_action( 1834): [757,0,758,1,759,0,927,2,928,0,1593,0]
09-23 01:20:21.110 I/sysui_multi_action( 1834): [757,0,758,1,759,0,927,3,928,0,1593,0]
09-23 01:20:21.119 I/sysui_multi_action( 1834): [757,111,758,2]
09-23 01:20:21.120 I/sysui_multi_action( 1834): [757,111,758,2]
09-23 01:20:21.120 I/notification_enqueue( 1489): [10081,1834,com.android.systemui,2048,NULL,0,Notification(channel=updateNotification shortcut=null contentView=null vibrate=null sound=null defaults=0x0 flags=0x0 color=0x00000000 vis=PRIVATE),1]
09-23 01:20:21.124 I/sysui_multi_action( 1834): [757,111,758,1]
09-23 01:20:21.124 I/sysui_multi_action( 1834): [757,126,758,1,759,126,927,0,928,1,1593,0]
09-23 01:20:21.124 I/sysui_multi_action( 1834): [757,113,758,1,759,113,927,1,928,1,1593,0]
09-23 01:20:21.124 I/sysui_multi_action( 1834): [757,0,758,1,759,0,927,2,928,0,1593,0]
09-23 01:20:21.125 I/sysui_multi_action( 1834): [757,0,758,1,759,0,927,3,928,0,1593,0]
09-23 01:20:21.125 I/sysui_multi_action( 1834): [757,1706,758,1,759,1706,927,4,928,0,1593,0]
09-23 01:20:21.125 I/sysui_multi_action( 1834): [757,491,758,1,759,491,927,5,928,0,1311,-1,1593,0]
09-23 01:20:21.125 I/sysui_multi_action( 1834): [757,0,758,1,759,0,927,6,928,0,1593,0]
09-23 01:20:21.125 I/sysui_multi_action( 1834): [757,114,758,1,759,114,927,7,928,0,1593,0]
09-23 01:20:21.125 I/sysui_multi_action( 1834): [757,111,758,1]
09-23 01:20:21.125 I/sysui_multi_action( 1834): [757,126,758,1,759,126,927,0,928,1,1593,0]
09-23 01:20:21.125 I/sysui_multi_action( 1834): [757,113,758,1,759,113,927,1,928,1,1593,0]
09-23 01:20:21.125 I/sysui_multi_action( 1834): [757,0,758,1,759,0,927,2,928,0,1593,0]
09-23 01:20:21.125 I/sysui_multi_action( 1834): [757,0,758,1,759,0,927,3,928,0,1593,0]
09-23 01:20:21.132 I/sysui_multi_action( 1834): [757,111,758,2]
09-23 01:20:21.132 I/sysui_multi_action( 1834): [757,111,758,2]
09-23 01:20:21.132 I/notification_enqueue( 1489): [10081,1834,com.android.systemui,2048,NULL,0,Notification(channel=updateNotification shortcut=null contentView=null vibrate=null sound=null defaults=0x0 flags=0x0 color=0x00000000 vis=PRIVATE),1]
09-23 01:20:21.136 I/sysui_multi_action( 1834): [757,111,758,1]
09-23 01:20:21.136 I/sysui_multi_action( 1834): [757,126,758,1,759,126,927,0,928,1,1593,0]
09-23 01:20:21.136 I/sysui_multi_action( 1834): [757,113,758,1,759,113,927,1,928,1,1593,0]
09-23 01:20:21.136 I/sysui_multi_action( 1834): [757,0,758,1,759,0,927,2,928,0,1593,0]
09-23 01:20:21.136 I/sysui_multi_action( 1834): [757,0,758,1,759,0,927,3,928,0,1593,0]
09-23 01:20:21.136 I/sysui_multi_action( 1834): [757,1706,758,1,759,1706,927,4,928,0,1593,0]
09-23 01:20:21.136 I/sysui_multi_action( 1834): [757,491,758,1,759,491,927,5,928,0,1311,-1,1593,0]
09-23 01:20:21.136 I/sysui_multi_action( 1834): [757,0,758,1,759,0,927,6,928,0,1593,0]
09-23 01:20:21.136 I/sysui_multi_action( 1834): [757,114,758,1,759,114,927,7,928,0,1593,0]
09-23 01:20:21.136 I/sysui_multi_action( 1834): [757,111,758,1]
09-23 01:20:21.137 I/sysui_multi_action( 1834): [757,126,758,1,759,126,927,0,928,1,1593,0]
09-23 01:20:21.137 I/sysui_multi_action( 1834): [757,113,758,1,759,113,927,1,928,1,1593,0]
09-23 01:20:21.137 I/sysui_multi_action( 1834): [757,0,758,1,759,0,927,2,928,0,1593,0]
09-23 01:20:21.137 I/sysui_multi_action( 1834): [757,0,758,1,759,0,927,3,928,0,1593,0]
09-23 01:20:21.149 I/sysui_multi_action( 1834): [757,111,758,2]
09-23 01:20:21.149 I/sysui_multi_action( 1834): [757,111,758,2]
09-23 01:20:21.151 I/sysui_multi_action( 1834): [757,111,758,1]
09-23 01:20:21.151 I/notification_enqueue( 1489): [10081,1834,com.android.systemui,2048,NULL,0,Notification(channel=updateNotification shortcut=null contentView=null vibrate=null sound=null defaults=0x0 flags=0x0 color=0x00000000 vis=PRIVATE),1]
09-23 01:20:21.151 I/sysui_multi_action( 1834): [757,126,758,1,759,126,927,0,928,1,1593,0]
09-23 01:20:21.152 I/sysui_multi_action( 1834): [757,113,758,1,759,113,927,1,928,1,1593,0]
09-23 01:20:21.152 I/sysui_multi_action( 1834): [757,0,758,1,759,0,927,2,928,0,1593,0]
09-23 01:20:21.152 I/sysui_multi_action( 1834): [757,0,758,1,759,0,927,3,928,0,1593,0]
09-23 01:20:21.152 I/sysui_multi_action( 1834): [757,1706,758,1,759,1706,927,4,928,0,1593,0]
09-23 01:20:21.152 I/sysui_multi_action( 1834): [757,491,758,1,759,491,927,5,928,0,1311,-1,1593,0]
09-23 01:20:21.152 I/sysui_multi_action( 1834): [757,0,758,1,759,0,927,6,928,0,1593,0]
09-23 01:20:21.152 I/sysui_multi_action( 1834): [757,114,758,1,759,114,927,7,928,0,1593,0]
09-23 01:20:21.152 I/sysui_multi_action( 1834): [757,111,758,1]
09-23 01:20:21.152 I/sysui_multi_action( 1834): [757,126,758,1,759,126,927,0,928,1,1593,0]
09-23 01:20:21.152 I/sysui_multi_action( 1834): [757,113,758,1,759,113,927,1,928,1,1593,0]
09-23 01:20:21.153 I/sysui_multi_action( 1834): [757,0,758,1,759,0,927,2,928,0,1593,0]
09-23 01:20:21.153 I/sysui_multi_action( 1834): [757,0,758,1,759,0,927,3,928,0,1593,0]
09-23 01:20:21.165 I/sysui_multi_action( 1834): [757,111,758,2]
09-23 01:20:21.166 I/sysui_multi_action( 1834): [757,111,758,2]
09-23 01:20:21.169 I/notification_enqueue( 1489): [10081,1834,com.android.systemui,2048,NULL,0,Notification(channel=updateNotification shortcut=null contentView=null vibrate=null sound=null defaults=0x0 flags=0x0 color=0x00000000 vis=PRIVATE),1]
09-23 01:20:21.170 I/sysui_multi_action( 1834): [757,111,758,1]
09-23 01:20:21.170 I/sysui_multi_action( 1834): [757,126,758,1,759,126,927,0,928,1,1593,0]
09-23 01:20:21.170 I/sysui_multi_action( 1834): [757,113,758,1,759,113,927,1,928,1,1593,0]
09-23 01:20:21.170 I/sysui_multi_action( 1834): [757,0,758,1,759,0,927,2,928,0,1593,0]
09-23 01:20:21.170 I/sysui_multi_action( 1834): [757,0,758,1,759,0,927,3,928,0,1593,0]
09-23 01:20:21.170 I/sysui_multi_action( 1834): [757,1706,758,1,759,1706,927,4,928,0,1593,0]
09-23 01:20:21.170 I/sysui_multi_action( 1834): [757,491,758,1,759,491,927,5,928,0,1311,-1,1593,0]
09-23 01:20:21.170 I/sysui_multi_action( 1834): [757,0,758,1,759,0,927,6,928,0,1593,0]
09-23 01:20:21.171 I/sysui_multi_action( 1834): [757,114,758,1,759,114,927,7,928,0,1593,0]
09-23 01:20:21.171 I/sysui_multi_action( 1834): [757,111,758,1]
09-23 01:20:21.171 I/sysui_multi_action( 1834): [757,126,758,1,759,126,927,0,928,1,1593,0]
09-23 01:20:21.171 I/sysui_multi_action( 1834): [757,113,758,1,759,113,927,1,928,1,1593,0]
09-23 01:20:21.171 I/sysui_multi_action( 1834): [757,0,758,1,759,0,927,2,928,0,1593,0]
09-23 01:20:21.171 I/sysui_multi_action( 1834): [757,0,758,1,759,0,927,3,928,0,1593,0]
09-23 01:20:21.183 I/sysui_multi_action( 1834): [757,111,758,2]
09-23 01:20:21.183 I/notification_enqueue( 1489): [10081,1834,com.android.systemui,2048,NULL,0,Notification(channel=updateNotification shortcut=null contentView=null vibrate=null sound=null defaults=0x0 flags=0x0 color=0x00000000 vis=PRIVATE),1]
09-23 01:20:21.183 I/sysui_multi_action( 1834): [757,111,758,2]
09-23 01:20:21.187 I/sysui_multi_action( 1834): [757,111,758,1]
09-23 01:20:21.187 I/sysui_multi_action( 1834): [757,126,758,1,759,126,927,0,928,1,1593,0]
09-23 01:20:21.187 I/sysui_multi_action( 1834): [757,113,758,1,759,113,927,1,928,1,1593,0]
09-23 01:20:21.187 I/sysui_multi_action( 1834): [757,0,758,1,759,0,927,2,928,0,1593,0]
09-23 01:20:21.187 I/sysui_multi_action( 1489): [757,1501,758,1,793,10408443,794,0,795,204,796,2048,806,com.android.systemui,857,updateNotification,858,3,947,0,1500,0,1688,1]
09-23 01:20:21.187 I/sysui_multi_action( 1834): [757,0,758,1,759,0,927,3,928,0,1593,0]
09-23 01:20:21.187 I/sysui_multi_action( 1489): [757,804,799,note_interruptive,801,0,802,1]
09-23 01:20:21.187 I/sysui_multi_action( 1834): [757,1706,758,1,759,1706,927,4,928,0,1593,0]
09-23 01:20:21.187 I/sysui_multi_action( 1489): [757,199,758,1,759,2,793,10408443,794,0,795,204,796,2048,806,com.android.systemui,857,updateNotification,858,3,947,0,1500,0,1688,1]
09-23 01:20:21.187 I/notification_alert( 1489): [0|com.android.systemui|2048|null|10081,0,1,0]
09-23 01:20:21.188 I/sysui_multi_action( 1834): [757,491,758,1,759,491,927,5,928,0,1311,-1,1593,0]
09-23 01:20:21.188 I/sysui_multi_action( 1834): [757,0,758,1,759,0,927,6,928,0,1593,0]
09-23 01:20:21.188 I/sysui_multi_action( 1834): [757,114,758,1,759,114,927,7,928,0,1593,0]
09-23 01:20:21.188 I/sysui_multi_action( 1834): [757,111,758,1]
09-23 01:20:21.188 I/sysui_multi_action( 1834): [757,126,758,1,759,126,927,0,928,1,1593,0]
09-23 01:20:21.188 I/sysui_multi_action( 1834): [757,113,758,1,759,113,927,1,928,1,1593,0]
09-23 01:20:21.188 I/sysui_multi_action( 1834): [757,0,758,1,759,0,927,2,928,0,1593,0]
09-23 01:20:21.188 I/sysui_multi_action( 1834): [757,0,758,1,759,0,927,3,928,0,1593,0]
09-23 01:20:21.523 I/sysui_multi_action( 1489): [757,128,758,1,793,10390312,794,0,795,10390312,796,26,798,0,806,android,857,DEVELOPER_IMPORTANT,858,4,947,0,1395,4,1500,10390107,1688,1]
09-23 01:20:21.523 I/sysui_multi_action( 1489): [757,804,799,note_freshness,801,10390312,802,1]
09-23 01:20:21.524 I/notification_visibility( 1489): [-1|android|26|null|1000,1,10390312,10390312,0,0]
09-23 01:20:21.524 I/sysui_multi_action( 1489): [757,128,758,1,793,4398485,794,0,795,233373,796,17303299,797,com.android.wifi,798,2,806,android,857,NETWORK_AVAILABLE,858,2,947,0,1395,4,1500,233171,1688,1]
09-23 01:20:21.524 I/sysui_multi_action( 1489): [757,1501,758,1,793,4398485,794,0,795,233373,796,17303299,797,com.android.wifi,806,android,857,NETWORK_AVAILABLE,858,2,947,0,1500,0,1688,1]
09-23 01:20:21.524 I/sysui_multi_action( 1489): [757,804,799,note_interruptive,801,0,802,1]
09-23 01:20:21.525 I/sysui_multi_action( 1489): [757,804,799,note_freshness,801,233373,802,1]
09-23 01:20:21.525 I/notification_visibility( 1489): [0|android|17303299|com.android.wifi|1000,1,4398485,233373,0,2]
09-23 01:20:21.525 I/sysui_multi_action( 1489): [757,128,758,1,793,10390318,794,0,795,10390318,796,32,798,3,806,android,857,USB,858,1,947,0,1395,4,1500,10390115,1688,1]
09-23 01:20:21.525 I/sysui_multi_action( 1489): [757,804,799,note_freshness,801,10390318,802,1]
09-23 01:20:21.525 I/notification_visibility( 1489): [-1|android|32|null|1000,1,10390318,10390318,0,3]
09-23 01:20:21.526 I/sysui_multi_action( 1489): [757,128,758,1,793,62710,794,0,795,62710,796,19,798,1,806,android,857,PHYSICAL_KEYBOARD,858,3,947,0,1395,4,1500,62506,1688,1]
09-23 01:20:21.526 I/sysui_multi_action( 1489): [757,804,799,note_freshness,801,62710,802,1]
09-23 01:20:21.526 I/notification_visibility( 1489): [-1|android|19|null|1000,1,62710,62710,0,1]
09-23 01:20:21.785 I/sysui_multi_action( 1834): [757,111,758,2]
09-23 01:20:21.785 I/notification_enqueue( 1489): [10081,1834,com.android.systemui,2048,NULL,0,Notification(channel=updateNotification shortcut=null contentView=null vibrate=null sound=null defaults=0x0 flags=0x0 color=0x00000000 vis=PRIVATE),1]
09-23 01:20:21.785 I/sysui_multi_action( 1834): [757,111,758,2]
09-23 01:20:21.788 I/sysui_multi_action( 1834): [757,111,758,1]
09-23 01:20:21.788 I/sysui_multi_action( 1834): [757,126,758,1,759,126,927,0,928,1,1593,0]
09-23 01:20:21.788 I/sysui_multi_action( 1834): [757,113,758,1,759,113,927,1,928,1,1593,0]
09-23 01:20:21.788 I/sysui_multi_action( 1834): [757,0,758,1,759,0,927,2,928,0,1593,0]
09-23 01:20:21.788 I/sysui_multi_action( 1834): [757,0,758,1,759,0,927,3,928,0,1593,0]
09-23 01:20:21.789 I/sysui_multi_action( 1834): [757,1706,758,1,759,1706,927,4,928,0,1593,0]
09-23 01:20:21.789 I/sysui_multi_action( 1834): [757,491,758,1,759,491,927,5,928,0,1311,-1,1593,0]
09-23 01:20:21.789 I/sysui_multi_action( 1834): [757,0,758,1,759,0,927,6,928,0,1593,0]
09-23 01:20:21.789 I/sysui_multi_action( 1834): [757,114,758,1,759,114,927,7,928,0,1593,0]
09-23 01:20:21.789 I/sysui_multi_action( 1834): [757,111,758,1]
09-23 01:20:21.790 I/sysui_multi_action( 1834): [757,126,758,1,759,126,927,0,928,1,1593,0]
09-23 01:20:21.790 I/sysui_multi_action( 1834): [757,113,758,1,759,113,927,1,928,1,1593,0]
09-23 01:20:21.790 I/sysui_multi_action( 1834): [757,0,758,1,759,0,927,2,928,0,1593,0]
09-23 01:20:21.790 I/sysui_multi_action( 1834): [757,0,758,1,759,0,927,3,928,0,1593,0]
09-23 01:20:21.804 I/sysui_multi_action( 1834): [757,111,758,2]
09-23 01:20:21.804 I/notification_enqueue( 1489): [10081,1834,com.android.systemui,2048,NULL,0,Notification(channel=updateNotification shortcut=null contentView=null vibrate=null sound=null defaults=0x0 flags=0x0 color=0x00000000 vis=PRIVATE),1]
09-23 01:20:21.804 I/sysui_multi_action( 1834): [757,111,758,2]
09-23 01:20:21.809 I/sysui_multi_action( 1834): [757,111,758,1]
09-23 01:20:21.809 I/sysui_multi_action( 1834): [757,126,758,1,759,126,927,0,928,1,1593,0]
09-23 01:20:21.809 I/sysui_multi_action( 1834): [757,113,758,1,759,113,927,1,928,1,1593,0]
09-23 01:20:21.810 I/sysui_multi_action( 1834): [757,0,758,1,759,0,927,2,928,0,1593,0]
09-23 01:20:21.810 I/sysui_multi_action( 1834): [757,0,758,1,759,0,927,3,928,0,1593,0]
09-23 01:20:21.810 I/sysui_multi_action( 1834): [757,1706,758,1,759,1706,927,4,928,0,1593,0]
09-23 01:20:21.810 I/sysui_multi_action( 1834): [757,491,758,1,759,491,927,5,928,0,1311,-1,1593,0]
09-23 01:20:21.810 I/sysui_multi_action( 1834): [757,0,758,1,759,0,927,6,928,0,1593,0]
09-23 01:20:21.810 I/sysui_multi_action( 1834): [757,114,758,1,759,114,927,7,928,0,1593,0]
09-23 01:20:21.811 I/sysui_multi_action( 1834): [757,111,758,1]
09-23 01:20:21.811 I/sysui_multi_action( 1834): [757,126,758,1,759,126,927,0,928,1,1593,0]
09-23 01:20:21.811 I/sysui_multi_action( 1834): [757,113,758,1,759,113,927,1,928,1,1593,0]
09-23 01:20:21.811 I/sysui_multi_action( 1834): [757,0,758,1,759,0,927,2,928,0,1593,0]
09-23 01:20:21.811 I/sysui_multi_action( 1834): [757,0,758,1,759,0,927,3,928,0,1593,0]
09-23 01:20:21.821 I/sysui_multi_action( 1834): [757,111,758,2]
09-23 01:20:21.821 I/sysui_multi_action( 1834): [757,111,758,2]
09-23 01:20:21.821 I/notification_enqueue( 1489): [10081,1834,com.android.systemui,2048,NULL,0,Notification(channel=updateNotification shortcut=null contentView=null vibrate=null sound=null defaults=0x0 flags=0x0 color=0x00000000 vis=PRIVATE),1]
09-23 01:20:21.825 I/sysui_multi_action( 1834): [757,111,758,1]
09-23 01:20:21.825 I/sysui_multi_action( 1834): [757,126,758,1,759,126,927,0,928,1,1593,0]
09-23 01:20:21.826 I/sysui_multi_action( 1834): [757,113,758,1,759,113,927,1,928,1,1593,0]
09-23 01:20:21.826 I/sysui_multi_action( 1834): [757,0,758,1,759,0,927,2,928,0,1593,0]
09-23 01:20:21.826 I/sysui_multi_action( 1834): [757,0,758,1,759,0,927,3,928,0,1593,0]
09-23 01:20:21.826 I/sysui_multi_action( 1834): [757,1706,758,1,759,1706,927,4,928,0,1593,0]
09-23 01:20:21.826 I/sysui_multi_action( 1834): [757,491,758,1,759,491,927,5,928,0,1311,-1,1593,0]
09-23 01:20:21.826 I/sysui_multi_action( 1834): [757,0,758,1,759,0,927,6,928,0,1593,0]
09-23 01:20:21.826 I/sysui_multi_action( 1834): [757,114,758,1,759,114,927,7,928,0,1593,0]
09-23 01:20:21.826 I/sysui_multi_action( 1834): [757,111,758,1]
09-23 01:20:21.827 I/sysui_multi_action( 1834): [757,126,758,1,759,126,927,0,928,1,1593,0]
09-23 01:20:21.827 I/sysui_multi_action( 1834): [757,113,758,1,759,113,927,1,928,1,1593,0]
09-23 01:20:21.827 I/sysui_multi_action( 1834): [757,0,758,1,759,0,927,2,928,0,1593,0]
09-23 01:20:21.827 I/sysui_multi_action( 1834): [757,0,758,1,759,0,927,3,928,0,1593,0]
09-23 01:20:21.835 I/sysui_multi_action( 1834): [757,111,758,2]
09-23 01:20:21.835 I/sysui_multi_action( 1834): [757,111,758,2]
09-23 01:20:21.835 I/notification_enqueue( 1489): [10081,1834,com.android.systemui,2048,NULL,0,Notification(channel=updateNotification shortcut=null contentView=null vibrate=null sound=null defaults=0x0 flags=0x0 color=0x00000000 vis=PRIVATE),1]
09-23 01:20:21.838 I/sysui_multi_action( 1834): [757,111,758,1]
09-23 01:20:21.838 I/sysui_multi_action( 1834): [757,126,758,1,759,126,927,0,928,1,1593,0]
09-23 01:20:21.838 I/sysui_multi_action( 1834): [757,113,758,1,759,113,927,1,928,1,1593,0]
09-23 01:20:21.838 I/sysui_multi_action( 1834): [757,0,758,1,759,0,927,2,928,0,1593,0]
09-23 01:20:21.838 I/sysui_multi_action( 1834): [757,0,758,1,759,0,927,3,928,0,1593,0]
09-23 01:20:21.838 I/sysui_multi_action( 1834): [757,1706,758,1,759,1706,927,4,928,0,1593,0]
09-23 01:20:21.839 I/sysui_multi_action( 1834): [757,491,758,1,759,491,927,5,928,0,1311,-1,1593,0]
09-23 01:20:21.839 I/sysui_multi_action( 1834): [757,0,758,1,759,0,927,6,928,0,1593,0]
09-23 01:20:21.839 I/sysui_multi_action( 1834): [757,114,758,1,759,114,927,7,928,0,1593,0]
09-23 01:20:21.839 I/sysui_multi_action( 1834): [757,111,758,1]
09-23 01:20:21.839 I/sysui_multi_action( 1834): [757,126,758,1,759,126,927,0,928,1,1593,0]
09-23 01:20:21.839 I/sysui_multi_action( 1834): [757,113,758,1,759,113,927,1,928,1,1593,0]
09-23 01:20:21.839 I/sysui_multi_action( 1834): [757,0,758,1,759,0,927,2,928,0,1593,0]
09-23 01:20:21.839 I/sysui_multi_action( 1834): [757,0,758,1,759,0,927,3,928,0,1593,0]
09-23 01:20:21.851 I/sysui_multi_action( 1834): [757,111,758,2]
09-23 01:20:21.851 I/sysui_multi_action( 1834): [757,111,758,2]
09-23 01:20:21.851 I/notification_enqueue( 1489): [10081,1834,com.android.systemui,2048,NULL,0,Notification(channel=updateNotification shortcut=null contentView=null vibrate=null sound=null defaults=0x0 flags=0x0 color=0x00000000 vis=PRIVATE),1]
09-23 01:20:21.854 I/sysui_multi_action( 1834): [757,111,758,1]
09-23 01:20:21.854 I/sysui_multi_action( 1834): [757,126,758,1,759,126,927,0,928,1,1593,0]
09-23 01:20:21.854 I/sysui_multi_action( 1834): [757,113,758,1,759,113,927,1,928,1,1593,0]
09-23 01:20:21.854 I/sysui_multi_action( 1834): [757,0,758,1,759,0,927,2,928,0,1593,0]
09-23 01:20:21.854 I/sysui_multi_action( 1834): [757,0,758,1,759,0,927,3,928,0,1593,0]
09-23 01:20:21.854 I/sysui_multi_action( 1834): [757,1706,758,1,759,1706,927,4,928,0,1593,0]
09-23 01:20:21.855 I/sysui_multi_action( 1834): [757,491,758,1,759,491,927,5,928,0,1311,-1,1593,0]
09-23 01:20:21.855 I/sysui_multi_action( 1834): [757,0,758,1,759,0,927,6,928,0,1593,0]
09-23 01:20:21.855 I/sysui_multi_action( 1834): [757,114,758,1,759,114,927,7,928,0,1593,0]
09-23 01:20:21.855 I/sysui_multi_action( 1834): [757,111,758,1]
09-23 01:20:21.855 I/sysui_multi_action( 1834): [757,126,758,1,759,126,927,0,928,1,1593,0]
09-23 01:20:21.855 I/sysui_multi_action( 1834): [757,113,758,1,759,113,927,1,928,1,1593,0]
09-23 01:20:21.855 I/sysui_multi_action( 1834): [757,0,758,1,759,0,927,2,928,0,1593,0]
09-23 01:20:21.855 I/sysui_multi_action( 1834): [757,0,758,1,759,0,927,3,928,0,1593,0]
09-23 01:20:21.868 I/sysui_multi_action( 1834): [757,111,758,2]
09-23 01:20:21.868 I/sysui_multi_action( 1834): [757,111,758,2]
09-23 01:20:21.869 I/notification_enqueue( 1489): [10081,1834,com.android.systemui,2048,NULL,0,Notification(channel=updateNotification shortcut=null contentView=null vibrate=null sound=null defaults=0x0 flags=0x0 color=0x00000000 vis=PRIVATE),1]
09-23 01:20:21.872 I/sysui_multi_action( 1834): [757,111,758,1]
09-23 01:20:21.872 I/sysui_multi_action( 1834): [757,126,758,1,759,126,927,0,928,1,1593,0]
09-23 01:20:21.872 I/sysui_multi_action( 1834): [757,113,758,1,759,113,927,1,928,1,1593,0]
09-23 01:20:21.873 I/sysui_multi_action( 1834): [757,0,758,1,759,0,927,2,928,0,1593,0]
09-23 01:20:21.873 I/sysui_multi_action( 1834): [757,0,758,1,759,0,927,3,928,0,1593,0]
09-23 01:20:21.873 I/sysui_multi_action( 1834): [757,1706,758,1,759,1706,927,4,928,0,1593,0]
09-23 01:20:21.873 I/sysui_multi_action( 1834): [757,491,758,1,759,491,927,5,928,0,1311,-1,1593,0]
09-23 01:20:21.873 I/sysui_multi_action( 1834): [757,0,758,1,759,0,927,6,928,0,1593,0]
09-23 01:20:21.873 I/sysui_multi_action( 1834): [757,114,758,1,759,114,927,7,928,0,1593,0]
09-23 01:20:21.873 I/sysui_multi_action( 1834): [757,111,758,1]
09-23 01:20:21.874 I/sysui_multi_action( 1834): [757,126,758,1,759,126,927,0,928,1,1593,0]
09-23 01:20:21.874 I/sysui_multi_action( 1834): [757,113,758,1,759,113,927,1,928,1,1593,0]
09-23 01:20:21.874 I/sysui_multi_action( 1834): [757,0,758,1,759,0,927,2,928,0,1593,0]
09-23 01:20:21.874 I/sysui_multi_action( 1834): [757,0,758,1,759,0,927,3,928,0,1593,0]
09-23 01:20:21.885 I/sysui_multi_action( 1834): [757,111,758,2]
09-23 01:20:21.885 I/sysui_multi_action( 1834): [757,111,758,2]
09-23 01:20:21.885 I/notification_enqueue( 1489): [10081,1834,com.android.systemui,2048,NULL,0,Notification(channel=updateNotification shortcut=null contentView=null vibrate=null sound=null defaults=0x0 flags=0x0 color=0x00000000 vis=PRIVATE),1]
09-23 01:20:21.889 I/sysui_multi_action( 1834): [757,111,758,1]
09-23 01:20:21.889 I/sysui_multi_action( 1834): [757,126,758,1,759,126,927,0,928,1,1593,0]
09-23 01:20:21.889 I/sysui_multi_action( 1834): [757,113,758,1,759,113,927,1,928,1,1593,0]
09-23 01:20:21.889 I/sysui_multi_action( 1834): [757,0,758,1,759,0,927,2,928,0,1593,0]
09-23 01:20:21.889 I/sysui_multi_action( 1834): [757,0,758,1,759,0,927,3,928,0,1593,0]
09-23 01:20:21.889 I/sysui_multi_action( 1834): [757,1706,758,1,759,1706,927,4,928,0,1593,0]
09-23 01:20:21.890 I/sysui_multi_action( 1834): [757,491,758,1,759,491,927,5,928,0,1311,-1,1593,0]
09-23 01:20:21.890 I/sysui_multi_action( 1834): [757,0,758,1,759,0,927,6,928,0,1593,0]
09-23 01:20:21.890 I/sysui_multi_action( 1834): [757,114,758,1,759,114,927,7,928,0,1593,0]
09-23 01:20:21.890 I/sysui_multi_action( 1834): [757,111,758,1]
09-23 01:20:21.890 I/sysui_multi_action( 1834): [757,126,758,1,759,126,927,0,928,1,1593,0]
09-23 01:20:21.890 I/sysui_multi_action( 1834): [757,113,758,1,759,113,927,1,928,1,1593,0]
09-23 01:20:21.890 I/sysui_multi_action( 1834): [757,0,758,1,759,0,927,2,928,0,1593,0]
09-23 01:20:21.890 I/sysui_multi_action( 1834): [757,0,758,1,759,0,927,3,928,0,1593,0]
09-23 01:20:21.902 I/sysui_multi_action( 1834): [757,111,758,2]
09-23 01:20:21.902 I/sysui_multi_action( 1834): [757,111,758,2]
09-23 01:20:21.902 I/notification_enqueue( 1489): [10081,1834,com.android.systemui,2048,NULL,0,Notification(channel=updateNotification shortcut=null contentView=null vibrate=null sound=null defaults=0x0 flags=0x0 color=0x00000000 vis=PRIVATE),1]
09-23 01:20:21.906 I/sysui_multi_action( 1834): [757,111,758,1]
09-23 01:20:21.906 I/sysui_multi_action( 1834): [757,126,758,1,759,126,927,0,928,1,1593,0]
09-23 01:20:21.906 I/sysui_multi_action( 1834): [757,113,758,1,759,113,927,1,928,1,1593,0]
09-23 01:20:21.906 I/sysui_multi_action( 1834): [757,0,758,1,759,0,927,2,928,0,1593,0]
09-23 01:20:21.906 I/sysui_multi_action( 1834): [757,0,758,1,759,0,927,3,928,0,1593,0]
09-23 01:20:21.906 I/sysui_multi_action( 1834): [757,1706,758,1,759,1706,927,4,928,0,1593,0]
09-23 01:20:21.907 I/sysui_multi_action( 1834): [757,491,758,1,759,491,927,5,928,0,1311,-1,1593,0]
09-23 01:20:21.907 I/sysui_multi_action( 1834): [757,0,758,1,759,0,927,6,928,0,1593,0]
09-23 01:20:21.907 I/sysui_multi_action( 1834): [757,114,758,1,759,114,927,7,928,0,1593,0]
09-23 01:20:21.907 I/sysui_multi_action( 1834): [757,111,758,1]
09-23 01:20:21.907 I/sysui_multi_action( 1834): [757,126,758,1,759,126,927,0,928,1,1593,0]
09-23 01:20:21.907 I/sysui_multi_action( 1834): [757,113,758,1,759,113,927,1,928,1,1593,0]
09-23 01:20:21.907 I/sysui_multi_action( 1834): [757,0,758,1,759,0,927,2,928,0,1593,0]
09-23 01:20:21.907 I/sysui_multi_action( 1834): [757,0,758,1,759,0,927,3,928,0,1593,0]
09-23 01:20:21.919 I/sysui_multi_action( 1834): [757,111,758,2]
09-23 01:20:21.919 I/sysui_multi_action( 1834): [757,111,758,2]
09-23 01:20:21.919 I/notification_enqueue( 1489): [10081,1834,com.android.systemui,2048,NULL,0,Notification(channel=updateNotification shortcut=null contentView=null vibrate=null sound=null defaults=0x0 flags=0x0 color=0x00000000 vis=PRIVATE),1]
09-23 01:20:21.923 I/sysui_multi_action( 1834): [757,111,758,1]
09-23 01:20:21.923 I/sysui_multi_action( 1834): [757,126,758,1,759,126,927,0,928,1,1593,0]
09-23 01:20:21.923 I/sysui_multi_action( 1834): [757,113,758,1,759,113,927,1,928,1,1593,0]
09-23 01:20:21.923 I/sysui_multi_action( 1834): [757,0,758,1,759,0,927,2,928,0,1593,0]
09-23 01:20:21.923 I/sysui_multi_action( 1834): [757,0,758,1,759,0,927,3,928,0,1593,0]
09-23 01:20:21.923 I/sysui_multi_action( 1834): [757,1706,758,1,759,1706,927,4,928,0,1593,0]
09-23 01:20:21.924 I/sysui_multi_action( 1834): [757,491,758,1,759,491,927,5,928,0,1311,-1,1593,0]
09-23 01:20:21.924 I/sysui_multi_action( 1834): [757,0,758,1,759,0,927,6,928,0,1593,0]
09-23 01:20:21.924 I/sysui_multi_action( 1834): [757,114,758,1,759,114,927,7,928,0,1593,0]
09-23 01:20:21.924 I/sysui_multi_action( 1834): [757,111,758,1]
09-23 01:20:21.924 I/sysui_multi_action( 1834): [757,126,758,1,759,126,927,0,928,1,1593,0]
09-23 01:20:21.924 I/sysui_multi_action( 1834): [757,113,758,1,759,113,927,1,928,1,1593,0]
09-23 01:20:21.924 I/sysui_multi_action( 1834): [757,0,758,1,759,0,927,2,928,0,1593,0]
09-23 01:20:21.924 I/sysui_multi_action( 1834): [757,0,758,1,759,0,927,3,928,0,1593,0]
09-23 01:20:21.935 I/sysui_multi_action( 1834): [757,111,758,2]
09-23 01:20:21.935 I/sysui_multi_action( 1834): [757,111,758,2]
09-23 01:20:21.935 I/notification_enqueue( 1489): [10081,1834,com.android.systemui,2048,NULL,0,Notification(channel=updateNotification shortcut=null contentView=null vibrate=null sound=null defaults=0x0 flags=0x0 color=0x00000000 vis=PRIVATE),1]
09-23 01:20:21.939 I/sysui_multi_action( 1834): [757,111,758,1]
09-23 01:20:21.939 I/sysui_multi_action( 1834): [757,126,758,1,759,126,927,0,928,1,1593,0]
09-23 01:20:21.939 I/sysui_multi_action( 1834): [757,113,758,1,759,113,927,1,928,1,1593,0]
09-23 01:20:21.939 I/sysui_multi_action( 1834): [757,0,758,1,759,0,927,2,928,0,1593,0]
09-23 01:20:21.939 I/sysui_multi_action( 1834): [757,0,758,1,759,0,927,3,928,0,1593,0]
09-23 01:20:21.939 I/sysui_multi_action( 1834): [757,1706,758,1,759,1706,927,4,928,0,1593,0]
09-23 01:20:21.939 I/sysui_multi_action( 1834): [757,491,758,1,759,491,927,5,928,0,1311,-1,1593,0]
09-23 01:20:21.939 I/sysui_multi_action( 1834): [757,0,758,1,759,0,927,6,928,0,1593,0]
