09-30 04:43:20.795 I/wm_on_start_called( 2464): [176028021,com.android.launcher3.uioverrides.QuickstepLauncher,handleStartActivity]
09-30 04:43:20.831 I/view_enqueue_input_event(26391): [Motion - Cancel,com.android.documentsui/com.android.documentsui.files.FilesActivity]
09-30 04:43:20.831 I/input_interaction( 1131): Interaction with: edge-swipe (server), swipe-up (server), PointerEventDispatcher0 (server),
09-30 04:43:20.832 I/sysui_latency( 2464): [1,87]
09-30 04:43:20.838 I/input_focus( 1131): [Focus request recents_animation_input_consumer,reason=UpdateInputWindows]
09-30 04:43:20.844 I/sysui_multi_action( 1131): [319,13,322,70,325,8104,757,761,758,9,759,5,806,com.android.launcher3,871,com.android.launcher3.uioverrides.QuickstepLauncher,905,0,1320,8,1321,5]
09-30 04:43:20.846 I/input_focus( 1131): [Focus leaving 3f5fc94 com.android.documentsui/com.android.documentsui.files.FilesActivity (server),reason=NOT_FOCUSABLE]
09-30 04:43:20.846 I/input_focus( 1131): [Focus entering recents_animation_input_consumer (server),reason=setFocusedWindow]
09-30 04:43:20.988 I/commit_sys_config_file( 1131): [settings-1-0,8]
09-30 04:43:21.123 I/sysui_latency( 1131): [8,93]
09-30 04:43:21.178 I/liblog (26691): 123
09-30 04:43:21.180 I/liblog (26691): 143
09-30 04:43:21.513 I/dropbox_file_copy( 1131): [/data/tombstones/tombstone_02,98304,SYSTEM_TOMBSTONE]
09-30 04:43:21.516 I/commit_sys_config_file( 1131): [log-files,8056936]
09-30 04:43:21.525 I/commit_sys_config_file( 1131): [log-files,8056945]
09-30 04:43:23.797 I/input_interaction( 1131): Interaction with: 96face7 com.android.launcher3/com.android.launcher3.uioverrides.QuickstepLauncher (server), edge-swipe (server), swipe-up (server), PointerEventDispatcher0 (server),
09-30 04:43:23.846 I/wm_task_moved( 1131): [1,1,9]
09-30 04:43:23.855 I/wm_focused_root_task( 1131): [0,0,1,85,startActivityFromRecents]
09-30 04:43:23.856 I/wm_on_top_resumed_lost_called(26391): [110908407,com.android.documentsui.files.FilesActivity,topStateChangedWhenResumed]
09-30 04:43:23.864 I/wm_task_moved( 1131): [83,1,9]
09-30 04:43:23.865 I/wm_task_to_front( 1131): [0,83]
09-30 04:43:23.865 I/wm_focused_root_task( 1131): [0,0,83,1,reuseOrNewTask]
09-30 04:43:23.865 I/wm_create_activity( 1131): [0,138820254,83,com.android.music/.MusicBrowserActivity,android.intent.action.MAIN,NULL,NULL,271581184]
09-30 04:43:23.870 I/wm_pause_activity( 1131): [0,110908407,com.android.documentsui/.files.FilesActivity,userLeaving=true,pauseBackTasks]
09-30 04:43:23.880 I/input_focus( 1131): [Focus request 96face7 com.android.launcher3/com.android.launcher3.uioverrides.QuickstepLauncher,reason=UpdateInputWindows]
09-30 04:43:23.884 I/wm_on_paused_called(26391): [110908407,com.android.documentsui.files.FilesActivity,performPause]
09-30 04:43:23.893 I/wm_add_to_stopping( 1131): [0,110908407,com.android.documentsui/.files.FilesActivity,makeInvisible]
09-30 04:43:23.894 I/wm_restart_activity( 1131): [0,138820254,83,com.android.music/.MusicBrowserActivity]
09-30 04:43:23.897 I/input_focus( 1131): [Focus leaving recents_animation_input_consumer (server),reason=setFocusedWindow]
09-30 04:43:23.897 I/input_focus( 1131): [Focus entering 96face7 com.android.launcher3/com.android.launcher3.uioverrides.QuickstepLauncher (server),reason=setFocusedWindow]
09-30 04:43:23.898 I/wm_set_resumed_activity( 1131): [0,com.android.music/.MusicBrowserActivity,minimalResumeActivityLocked]
09-30 04:43:23.938 I/sysui_multi_action( 1131): [757,803,799,window_time_0,802,4]
09-30 04:43:23.991 I/wm_on_create_called(22426): [138820254,com.android.music.MusicBrowserActivity,performCreate]
09-30 04:43:24.021 I/wm_on_start_called(22426): [138820254,com.android.music.MusicBrowserActivity,handleStartActivity]
09-30 04:43:24.022 I/wm_on_resume_called(22426): [138820254,com.android.music.MusicBrowserActivity,RESUME_ACTIVITY]
09-30 04:43:24.035 I/wm_on_top_resumed_gained_called(22426): [138820254,com.android.music.MusicBrowserActivity,topStateChangedWhenResumed]
09-30 04:43:24.097 I/sysui_multi_action( 1131): [757,856,758,1,806,com.android.music,857,Channel-music,858,2]
09-30 04:43:24.124 I/notification_enqueue( 1131): [10093,22426,com.android.music,1,NULL,0,Notification(channel=Channel-music shortcut=null contentView=null vibrate=null sound=null defaults=0x0 flags=0x0 color=0x00000000 category=transport actions=3 vis=PRIVATE),0]
09-30 04:43:24.128 I/notification_enqueue( 1131): [10093,22426,com.android.music,1,NULL,0,Notification(channel=Channel-music shortcut=null contentView=null vibrate=null sound=null defaults=0x0 flags=0x40 color=0x00000000 category=transport actions=3 vis=PRIVATE),0]
09-30 04:43:24.144 I/notification_enqueue( 1131): [10093,22426,com.android.music,1,NULL,0,Notification(channel=Channel-music shortcut=null contentView=null vibrate=null sound=null defaults=0x0 flags=0x40 color=0x00000000 category=transport actions=3 vis=PRIVATE),0]
09-30 04:43:24.150 I/notification_enqueue( 1131): [10093,22426,com.android.music,1,NULL,0,Notification(channel=Channel-music shortcut=null contentView=null vibrate=null sound=null defaults=0x0 flags=0x40 color=0x00000000 category=transport actions=3 vis=PRIVATE),0]
09-30 04:43:24.195 I/sysui_multi_action( 1131): [319,103,321,97,322,324,325,8107,757,761,758,8,759,1,806,com.android.music,871,com.android.music.MusicBrowserActivity,904,com.android.launcher3,905,0,1320,8,1321,5]
09-30 04:43:24.200 I/wm_activity_launch_time( 1131): [0,138820254,com.android.music/.MusicBrowserActivity,324]
09-30 04:43:24.200 I/notification_enqueue( 1131): [10093,22426,com.android.music,1,NULL,0,Notification(channel=Channel-music shortcut=null contentView=null vibrate=null sound=null defaults=0x0 flags=0x40 color=0x00000000 category=transport actions=3 vis=PRIVATE),0]
09-30 04:43:24.208 I/notification_enqueue( 1131): [10093,22426,com.android.music,1,NULL,0,Notification(channel=Channel-music shortcut=null contentView=null vibrate=null sound=null defaults=0x0 flags=0x40 color=0x00000000 category=transport actions=3 vis=PRIVATE),0]
09-30 04:43:24.212 I/sysui_multi_action( 1131): [757,128,758,5,759,8,793,89,794,0,795,89,796,1,806,com.android.music,857,Channel-music,858,2,947,0,1500,89,1641,transport,1688,1,1745,1043716538]
09-30 04:43:24.212 I/notification_canceled( 1131): [0|com.android.music|1|null|10093,8,89,89,0,-1,-1,NULL]
09-30 04:43:24.352 I/wm_task_moved( 1131): [1,0,7]
09-30 04:43:24.356 I/commit_sys_config_file( 1131): [notification-policy,8061021]
09-30 04:43:24.357 I/wm_add_to_stopping( 1131): [0,176028021,com.android.launcher3/.uioverrides.QuickstepLauncher,makeInvisible]
09-30 04:43:24.371 I/input_focus( 1131): [Focus request ef8a9f3 com.android.music/com.android.music.MusicBrowserActivity,reason=UpdateInputWindows]
09-30 04:43:24.375 I/wm_stop_activity( 1131): [0,176028021,com.android.launcher3/.uioverrides.QuickstepLauncher]
09-30 04:43:24.376 I/wm_stop_activity( 1131): [0,110908407,com.android.documentsui/.files.FilesActivity]
09-30 04:43:24.390 I/wm_on_stop_called(26391): [110908407,com.android.documentsui.files.FilesActivity,STOP_ACTIVITY_ITEM]
09-30 04:43:24.409 I/input_focus( 1131): [Focus leaving 96face7 com.android.launcher3/com.android.launcher3.uioverrides.QuickstepLauncher (server),reason=NO_WINDOW]
09-30 04:43:24.410 I/input_focus( 1131): [Focus entering ef8a9f3 com.android.music/com.android.music.MusicBrowserActivity (server),reason=setFocusedWindow]
09-30 04:43:24.455 I/wm_on_stop_called( 2464): [176028021,com.android.launcher3.uioverrides.QuickstepLauncher,STOP_ACTIVITY_ITEM]
09-30 04:43:24.659 I/commit_sys_config_file( 1131): [settings-1-0,15]
09-30 04:43:25.704 I/input_interaction( 1131): Interaction with: ef8a9f3 com.android.music/com.android.music.MusicBrowserActivity (server), edge-swipe (server), swipe-up (server), PointerEventDispatcher0 (server),
09-30 04:43:26.893 I/dropbox_file_copy( 1131): [/data/tombstones/tombstone_03,98304,SYSTEM_TOMBSTONE]
09-30 04:43:26.899 I/commit_sys_config_file( 1131): [log-files,8062319]
09-30 04:43:26.918 I/commit_sys_config_file( 1131): [log-files,8062337]
09-30 04:43:27.592 I/notification_enqueue( 1131): [10093,22426,com.android.music,1,NULL,0,Notification(channel=Channel-music shortcut=null contentView=null vibrate=null sound=null defaults=0x0 flags=0x40 color=0x00000000 category=transport actions=3 vis=PRIVATE),0]
09-30 04:43:27.594 I/notification_enqueue( 1131): [10093,22426,com.android.music,1,NULL,0,Notification(channel=Channel-music shortcut=null contentView=null vibrate=null sound=null defaults=0x0 flags=0x40 color=0x00000000 category=transport actions=3 vis=PRIVATE),0]
09-30 04:43:27.793 I/sysui_multi_action( 1131): [757,1501,758,1,793,202,794,0,795,202,796,1,806,com.android.music,857,Channel-music,858,2,947,0,1500,0,1641,transport,1688,1,1745,1043716538]
09-30 04:43:27.794 I/sysui_multi_action( 1131): [757,804,799,note_interruptive,801,0,802,1]
09-30 04:43:27.846 I/sysui_multi_action( 1131): [757,128,758,5,759,8,793,77971,794,0,795,76986,796,1,797,empty_media,806,com.android.systemui,857,empty_media_style_id,858,4,947,0,1500,76986,1641,transport,1688,1,1745,1043716538]
09-30 04:43:27.846 I/notification_canceled( 1131): [0|com.android.systemui|1|empty_media|10086,8,77971,76986,0,-1,-1,NULL]
09-30 04:43:27.962 I/am_crash( 1131): [26134,0,com.android.systemui,818462221,java.util.ConcurrentModificationException,NULL,ArrayList.java,860]
09-30 04:43:27.966 I/sysui_multi_action( 1131): [757,316,758,4,759,-1]
09-30 04:43:28.118 I/am_proc_died( 1131): [0,26134,com.android.systemui,-800,0]
09-30 04:43:28.127 I/wm_task_removed( 1131): [78,setTaskOrganizer]
09-30 04:43:28.127 I/wm_task_removed( 1131): [79,setTaskOrganizer]
09-30 04:43:28.127 I/wm_task_removed( 1131): [80,setTaskOrganizer]
09-30 04:43:28.128 I/wm_task_removed( 1131): [81,setTaskOrganizer]
09-30 04:43:28.128 I/wm_task_removed( 1131): [82,setTaskOrganizer]
09-30 04:43:28.130 I/dvm_lock_sample( 1131): [system_server,0,Binder:1131_4,24,WindowState.java,3056,void com.android.server.wm.WindowState$DeathRecipient.binderDied(),,0,null,4]
09-30 04:43:28.142 I/input_focus( 1131): [Focus leaving ef8a9f3 com.android.music/com.android.music.MusicBrowserActivity (server),reason=NOT_VISIBLE]
09-30 04:43:28.181 I/wm_set_keyguard_shown( 1131): [1,0,0,setKeyguardShown]
09-30 04:43:28.201 I/wm_pause_activity( 1131): [0,138820254,com.android.music/.MusicBrowserActivity,userLeaving=false,sleep]
09-30 04:43:28.201 I/wm_on_top_resumed_lost_called(22426): [138820254,com.android.music.MusicBrowserActivity,topStateChangedWhenResumed]
09-30 04:43:28.203 I/wm_add_to_stopping( 1131): [0,138820254,com.android.music/.MusicBrowserActivity,makeInvisible]
09-30 04:43:28.207 I/am_schedule_service_restart( 1131): [0,com.android.systemui/.keyguard.KeyguardService,0]
09-30 04:43:28.207 I/am_schedule_service_restart( 1131): [0,com.android.systemui/.SystemUIService,0]
09-30 04:43:28.207 I/dvm_lock_sample( 1131): [system_server,1,android.display,79,RootWindowContainer.java,3809,void com.android.server.wm.RootWindowContainer$RankTaskLayersRunnable.run(),,0,null,15]
09-30 04:43:28.208 I/dvm_lock_sample( 1131): [system_server,1,android.anim,81,WindowSurfacePlacer.java,56,void com.android.server.wm.WindowSurfacePlacer$Traverser.run(),,0,null,16]
09-30 04:43:28.209 I/am_schedule_service_restart( 1131): [0,com.android.systemui/.ImageWallpaper,0]
09-30 04:43:28.211 I/am_schedule_service_restart( 1131): [0,com.android.systemui/.dump.SystemUIAuxiliaryDumpService,0]
09-30 04:43:28.212 I/am_uid_stopped( 1131): 10086
09-30 04:43:28.213 I/am_uid_running( 1131): 10086
09-30 04:43:28.219 I/wm_on_paused_called(22426): [138820254,com.android.music.MusicBrowserActivity,performPause]
09-30 04:43:28.222 I/wm_stop_activity( 1131): [0,138820254,com.android.music/.MusicBrowserActivity]
09-30 04:43:28.232 I/wm_on_stop_called(22426): [138820254,com.android.music.MusicBrowserActivity,STOP_ACTIVITY_ITEM]
09-30 04:43:28.232 I/sysui_multi_action( 1131): [757,803,799,window_time_0,802,4]
09-30 04:43:28.254 I/am_proc_start( 1131): [0,26738,10086,com.android.systemui,restart,com.android.systemui]
09-30 04:43:28.262 I/sf_frame_dur( 1052): [com.android.music/com.android.music.MusicBrowserActivity#0,4,0,0,0,0,0,0]
09-30 04:43:28.305 I/am_proc_bound( 1131): [0,26738,com.android.systemui]
09-30 04:43:28.316 I/am_uid_active( 1131): 10086
09-30 04:43:28.392 I/wm_task_created( 1131): [86,-1]
09-30 04:43:28.395 I/wm_task_created( 1131): [87,-1]
09-30 04:43:28.420 I/wm_task_created( 1131): [88,-1]
09-30 04:43:28.422 I/wm_task_created( 1131): [89,-1]
09-30 04:43:28.425 I/wm_task_created( 1131): [90,-1]
09-30 04:43:28.478 D/TelephonyRegistry( 1131): listen oscl: mHasNotifySubscriptionInfoChangedOccurred==false no callback
09-30 04:43:28.535 I/notification_enqueue( 1131): [10086,26738,com.android.systemui,1,empty_media,0,Notification(channel=empty_media_style_id shortcut=null contentView=null vibrate=null sound=null defaults=0x0 flags=0x20 color=0x00000000 category=transport actions=3 vis=PRIVATE),0]
09-30 04:43:28.572 I/notification_cancel_all( 1131): [1000,1131,com.android.systemui,0,0,0,20,NULL]
09-30 04:43:28.591 I/wm_set_keyguard_shown( 1131): [0,0,0,setKeyguardShown]
09-30 04:43:28.594 I/wm_set_resumed_activity( 1131): [0,com.android.music/.MusicBrowserActivity,resumeTopActivityInnerLocked]
09-30 04:43:28.596 I/wm_resume_activity( 1131): [0,138820254,83,com.android.music/.MusicBrowserActivity]
09-30 04:43:28.611 I/wm_on_restart_called(22426): [138820254,com.android.music.MusicBrowserActivity,performRestartActivity]
09-30 04:43:28.615 I/wm_on_start_called(22426): [138820254,com.android.music.MusicBrowserActivity,handleStartActivity]
09-30 04:43:28.616 I/wm_on_resume_called(22426): [138820254,com.android.music.MusicBrowserActivity,RESUME_ACTIVITY]
09-30 04:43:28.624 I/wm_on_top_resumed_gained_called(22426): [138820254,com.android.music.MusicBrowserActivity,topWhenResuming]
09-30 04:43:28.629 I/input_focus( 1131): [Focus request ef8a9f3 com.android.music/com.android.music.MusicBrowserActivity,reason=UpdateInputWindows]
09-30 04:43:28.644 I/input_focus( 1131): [Focus entering ef8a9f3 com.android.music/com.android.music.MusicBrowserActivity (server),reason=Window became focusable. Previous reason: NO_WINDOW]
09-30 04:43:28.666 I/notification_enqueue( 1131): [10093,22426,com.android.music,1,NULL,0,Notification(channel=Channel-music shortcut=null contentView=null vibrate=null sound=null defaults=0x0 flags=0x40 color=0x00000000 category=transport actions=3 vis=PRIVATE),1]
09-30 04:43:28.668 I/notification_enqueue( 1131): [10093,22426,com.android.music,1,NULL,0,Notification(channel=Channel-music shortcut=null contentView=null vibrate=null sound=null defaults=0x0 flags=0x40 color=0x00000000 category=transport actions=3 vis=PRIVATE),1]
09-30 04:43:28.682 I/sysui_multi_action(26738): [757,213,758,4,759,-1]
09-30 04:43:28.698 I/commit_sys_config_file( 1131): [settings-0-0,25]
09-30 04:43:28.729 W/CarrierConfigManager(26738): Error getting config for subId -1 ICarrierConfigLoader is null
09-30 04:43:28.736 I/sysui_multi_action( 1131): [757,1501,758,1,793,202,794,0,795,202,796,1,797,empty_media,806,com.android.systemui,857,empty_media_style_id,858,4,947,0,1500,0,1641,transport,1688,1,1745,1043716538]
09-30 04:43:28.737 I/sysui_multi_action( 1131): [757,804,799,note_interruptive,801,0,802,1]
09-30 04:43:28.750 D/TelephonyRegistry( 1131): listen oscl: mHasNotifySubscriptionInfoChangedOccurred==false no callback
09-30 04:43:28.811 I/am_wtf ( 1131): [0,1131,system_server,-1,Binder,Outgoing transactions from this process must be FLAG_ONEWAY]
09-30 04:43:28.833 I/input_interaction( 1131): Interaction with: ef8a9f3 com.android.music/com.android.music.MusicBrowserActivity (server), swipe-up (server), PointerEventDispatcher0 (server),
09-30 04:43:29.018 I/am_uid_active( 1131): 10019
09-30 04:43:29.030 I/notification_enqueue( 1131): [10093,22426,com.android.music,1,NULL,0,Notification(channel=Channel-music shortcut=null contentView=null vibrate=null sound=null defaults=0x0 flags=0x62 color=0x00000000 category=transport actions=3 vis=PRIVATE),1]
09-30 04:43:29.278 I/notification_enqueue( 1131): [10093,22426,com.android.music,1,NULL,0,Notification(channel=Channel-music shortcut=null contentView=null vibrate=null sound=null defaults=0x0 flags=0x2 color=0x00000000 category=transport actions=3 vis=PRIVATE),1]
09-30 04:43:29.479 I/sysui_multi_action( 1131): [757,1501,758,1,793,1886,794,0,795,206,796,1,806,com.android.music,857,Channel-music,858,2,947,0,1500,0,1641,transport,1688,1,1745,1043716538]
09-30 04:43:29.479 I/sysui_multi_action( 1131): [757,804,799,note_interruptive,801,0,802,1]
09-30 04:43:29.861 I/sysui_multi_action(26738): [757,111,758,1]
09-30 04:43:29.861 I/sysui_multi_action(26738): [757,126,758,1,759,126,927,0,928,0,1593,0]
09-30 04:43:29.862 I/sysui_multi_action(26738): [757,113,758,1,759,113,927,1,928,0,1593,0]
09-30 04:43:29.862 I/sysui_multi_action(26738): [757,0,758,1,759,0,927,2,928,0,1593,0]
09-30 04:43:29.862 I/sysui_multi_action(26738): [757,0,758,1,759,0,927,3,928,0,1593,0]
09-30 04:43:29.862 I/sysui_multi_action(26738): [757,1706,758,1,759,1706,927,4,928,0,1593,0]
09-30 04:43:29.862 I/sysui_multi_action(26738): [757,491,758,1,759,491,927,5,928,0,1311,-1,1593,0]
09-30 04:43:29.863 I/sysui_multi_action(26738): [757,0,758,1,759,0,927,6,928,0,1593,0]
09-30 04:43:29.863 I/sysui_multi_action(26738): [757,0,758,1,759,0,927,7,1593,0]
09-30 04:43:29.864 I/sysui_multi_action(26738): [757,114,758,1,759,114,927,8,928,0,1593,0]
09-30 04:43:29.864 I/sysui_multi_action(26738): [757,111,758,1]
09-30 04:43:29.864 I/sysui_multi_action(26738): [757,126,758,1,759,126,927,0,928,0,1593,0]
09-30 04:43:29.864 I/sysui_multi_action(26738): [757,113,758,1,759,113,927,1,928,0,1593,0]
09-30 04:43:29.865 I/sysui_multi_action(26738): [757,0,758,1,759,0,927,2,928,0,1593,0]
09-30 04:43:29.865 I/sysui_multi_action(26738): [757,0,758,1,759,0,927,3,928,0,1593,0]
09-30 04:43:30.223 I/sysui_multi_action( 1131): [757,128,758,5,759,8,793,1689,794,0,795,1689,796,1,797,empty_media,806,com.android.systemui,857,empty_media_style_id,858,4,947,0,1500,1487,1641,transport,1688,1,1745,1043716538]
09-30 04:43:30.223 I/notification_canceled( 1131): [0|com.android.systemui|1|empty_media|10086,8,1689,1689,0,-1,-1,NULL]
09-30 04:43:30.302 I/sysui_multi_action(26738): [757,803,799,note_peek,802,1]
09-30 04:43:30.306 I/sysui_multi_action( 1131): [757,127,758,1]
09-30 04:43:30.306 I/sysui_multi_action( 1131): [757,804,799,note_load,801,1,802,1]
09-30 04:43:30.306 I/notification_panel_revealed( 1131): 1
09-30 04:43:30.309 I/sysui_heads_up_status(26738): [-1|android|26|null|1000,1]
09-30 04:43:30.411 I/am_crash( 1131): [26738,0,com.android.systemui,818462221,java.util.ConcurrentModificationException,NULL,ArrayList.java,860]
09-30 04:43:30.415 I/sysui_multi_action( 1131): [757,316,758,4,759,-1]
09-30 04:43:30.546 I/am_proc_died( 1131): [0,26738,com.android.systemui,-800,0]
09-30 04:43:30.559 I/wm_task_removed( 1131): [86,setTaskOrganizer]
09-30 04:43:30.560 I/wm_task_removed( 1131): [87,setTaskOrganizer]
09-30 04:43:30.560 I/wm_task_removed( 1131): [88,setTaskOrganizer]
09-30 04:43:30.560 I/wm_task_removed( 1131): [89,setTaskOrganizer]
09-30 04:43:30.560 I/wm_task_removed( 1131): [90,setTaskOrganizer]
09-30 04:43:30.569 I/input_focus( 1131): [Focus leaving ef8a9f3 com.android.music/com.android.music.MusicBrowserActivity (server),reason=NOT_VISIBLE]
09-30 04:43:30.595 I/dvm_lock_sample( 1131): [system_server,0,Binder:1131_14,51,WindowManagerService.java,4230,void com.android.server.wm.WindowManagerService$10.binderDied(),,0,null,10]
09-30 04:43:30.605 I/wm_set_keyguard_shown( 1131): [1,0,0,setKeyguardShown]
09-30 04:43:30.619 I/wm_pause_activity( 1131): [0,138820254,com.android.music/.MusicBrowserActivity,userLeaving=false,sleep]
09-30 04:43:30.622 I/wm_add_to_stopping( 1131): [0,138820254,com.android.music/.MusicBrowserActivity,makeInvisible]
09-30 04:43:30.623 I/dvm_lock_sample( 1131): [system_server,0,Binder:1131_F,77,WindowContextListenerController.java,310,void com.android.server.wm.WindowContextListenerController$WindowContextListenerImpl$DeathRecipient.binderDied(),,0,null,15]
09-30 04:43:30.627 I/dvm_lock_sample( 1131): [system_server,0,Binder:1131_3,87,DisplayAreaOrganizerController.java,67,void com.android.server.wm.DisplayAreaOrganizerController$DeathRecipient.binderDied(),,0,null,17]
09-30 04:43:30.629 I/dvm_lock_sample( 1131): [system_server,1,android.display,69,RootWindowContainer.java,3809,void com.android.server.wm.RootWindowContainer$RankTaskLayersRunnable.run(),,0,null,13]
09-30 04:43:30.629 I/wm_on_top_resumed_lost_called(22426): [138820254,com.android.music.MusicBrowserActivity,topStateChangedWhenResumed]
09-30 04:43:30.638 I/am_schedule_service_restart( 1131): [0,com.android.systemui/.keyguard.KeyguardService,0]
09-30 04:43:30.638 I/am_schedule_service_restart( 1131): [0,com.android.systemui/.SystemUIService,0]
09-30 04:43:30.638 I/am_schedule_service_restart( 1131): [0,com.android.systemui/.ImageWallpaper,0]
09-30 04:43:30.638 I/am_schedule_service_restart( 1131): [0,com.android.systemui/.dump.SystemUIAuxiliaryDumpService,0]
09-30 04:43:30.641 I/am_uid_stopped( 1131): 10086
09-30 04:43:30.641 I/am_uid_running( 1131): 10086
09-30 04:43:30.646 I/wm_on_paused_called(22426): [138820254,com.android.music.MusicBrowserActivity,performPause]
09-30 04:43:30.649 I/wm_stop_activity( 1131): [0,138820254,com.android.music/.MusicBrowserActivity]
09-30 04:43:30.649 I/sysui_multi_action( 1131): [757,803,799,window_time_0,802,2]
09-30 04:43:30.669 I/wm_on_stop_called(22426): [138820254,com.android.music.MusicBrowserActivity,STOP_ACTIVITY_ITEM]
09-30 04:43:30.700 I/sf_frame_dur( 1052): [com.android.music/com.android.music.MusicBrowserActivity#0,6,0,0,0,0,0,0]
09-30 04:43:30.703 I/am_proc_start( 1131): [0,26853,10086,com.android.systemui,restart,com.android.systemui]
09-30 04:43:30.766 I/am_proc_bound( 1131): [0,26853,com.android.systemui]
09-30 04:43:30.768 I/am_uid_active( 1131): 10086
09-30 04:43:30.847 I/wm_task_created( 1131): [91,-1]
09-30 04:43:30.849 I/wm_task_created( 1131): [92,-1]
09-30 04:43:30.874 I/wm_task_created( 1131): [93,-1]
09-30 04:43:30.876 I/wm_task_created( 1131): [94,-1]
09-30 04:43:30.879 I/wm_task_created( 1131): [95,-1]
09-30 04:43:30.943 D/TelephonyRegistry( 1131): listen oscl: mHasNotifySubscriptionInfoChangedOccurred==false no callback
09-30 04:43:31.046 I/notification_enqueue( 1131): [10086,26853,com.android.systemui,1,empty_media,0,Notification(channel=empty_media_style_id shortcut=null contentView=null vibrate=null sound=null defaults=0x0 flags=0x20 color=0x00000000 category=transport actions=3 vis=PRIVATE),0]
09-30 04:43:31.078 I/notification_cancel_all( 1131): [1000,1131,com.android.systemui,0,0,0,20,NULL]
09-30 04:43:31.100 I/wm_set_keyguard_shown( 1131): [0,0,0,setKeyguardShown]
09-30 04:43:31.104 I/wm_set_resumed_activity( 1131): [0,com.android.music/.MusicBrowserActivity,resumeTopActivityInnerLocked]
09-30 04:43:31.106 I/wm_resume_activity( 1131): [0,138820254,83,com.android.music/.MusicBrowserActivity]
09-30 04:43:31.132 I/wm_on_restart_called(22426): [138820254,com.android.music.MusicBrowserActivity,performRestartActivity]
09-30 04:43:31.136 I/wm_on_start_called(22426): [138820254,com.android.music.MusicBrowserActivity,handleStartActivity]
09-30 04:43:31.136 I/wm_on_resume_called(22426): [138820254,com.android.music.MusicBrowserActivity,RESUME_ACTIVITY]
09-30 04:43:31.149 I/wm_on_top_resumed_gained_called(22426): [138820254,com.android.music.MusicBrowserActivity,topWhenResuming]
09-30 04:43:31.154 I/input_focus( 1131): [Focus request ef8a9f3 com.android.music/com.android.music.MusicBrowserActivity,reason=UpdateInputWindows]
09-30 04:43:31.183 I/input_focus( 1131): [Focus entering ef8a9f3 com.android.music/com.android.music.MusicBrowserActivity (server),reason=Window became focusable. Previous reason: NO_WINDOW]
09-30 04:43:31.247 I/sysui_multi_action( 1131): [757,1501,758,1,793,202,794,0,795,202,796,1,797,empty_media,806,com.android.systemui,857,empty_media_style_id,858,4,947,0,1500,0,1641,transport,1688,1,1745,1043716538]
09-30 04:43:31.247 I/sysui_multi_action( 1131): [757,804,799,note_interruptive,801,0,802,1]
09-30 04:43:31.261 I/sysui_multi_action(26853): [757,213,758,4,759,-1]
09-30 04:43:31.270 I/notification_enqueue( 1131): [10093,22426,com.android.music,1,NULL,0,Notification(channel=Channel-music shortcut=null contentView=null vibrate=null sound=null defaults=0x0 flags=0x2 color=0x00000000 category=transport actions=3 vis=PRIVATE),1]
09-30 04:43:31.273 I/notification_enqueue( 1131): [10093,22426,com.android.music,1,NULL,0,Notification(channel=Channel-music shortcut=null contentView=null vibrate=null sound=null defaults=0x0 flags=0x42 color=0x00000000 category=transport actions=3 vis=PRIVATE),1]
09-30 04:43:31.288 W/CarrierConfigManager(26853): Error getting config for subId -1 ICarrierConfigLoader is null
09-30 04:43:31.315 D/TelephonyRegistry( 1131): listen oscl: mHasNotifySubscriptionInfoChangedOccurred==false no callback
09-30 04:43:31.415 I/am_wtf ( 1131): [0,1131,system_server,-1,Binder,Outgoing transactions from this process must be FLAG_ONEWAY]
09-30 04:43:31.785 I/dropbox_file_copy( 1131): [/data/tombstones/tombstone_04,98304,SYSTEM_TOMBSTONE]
09-30 04:43:31.787 I/notification_enqueue( 1131): [10105,23156,com.tencent.qqmusicpad,1,NULL,0,Notification(channel=channel_notification_player shortcut=null contentView=com.tencent.qqmusicpad/0x7f0c020d vibrate=null sound=null tick defaults=0x0 flags=0x62 color=0x00000000 vis=SECRET),1]
09-30 04:43:31.789 I/commit_sys_config_file( 1131): [log-files,8067209]
09-30 04:43:31.810 I/commit_sys_config_file( 1131): [log-files,8067229]
09-30 04:43:32.376 I/sysui_multi_action(26853): [757,111,758,1]
09-30 04:43:32.376 I/sysui_multi_action(26853): [757,126,758,1,759,126,927,0,928,0,1593,0]
09-30 04:43:32.377 I/sysui_multi_action(26853): [757,113,758,1,759,113,927,1,928,0,1593,0]
09-30 04:43:32.377 I/sysui_multi_action(26853): [757,0,758,1,759,0,927,2,928,0,1593,0]
09-30 04:43:32.377 I/sysui_multi_action(26853): [757,0,758,1,759,0,927,3,928,0,1593,0]
09-30 04:43:32.377 I/sysui_multi_action(26853): [757,1706,758,1,759,1706,927,4,928,0,1593,0]
09-30 04:43:32.378 I/sysui_multi_action(26853): [757,491,758,1,759,491,927,5,928,0,1311,-1,1593,0]
09-30 04:43:32.378 I/sysui_multi_action(26853): [757,0,758,1,759,0,927,6,928,0,1593,0]
09-30 04:43:32.378 I/sysui_multi_action(26853): [757,0,758,1,759,0,927,7,1593,0]
09-30 04:43:32.378 I/sysui_multi_action(26853): [757,114,758,1,759,114,927,8,928,0,1593,0]
09-30 04:43:32.378 I/sysui_multi_action(26853): [757,111,758,1]
09-30 04:43:32.378 I/sysui_multi_action(26853): [757,126,758,1,759,126,927,0,928,0,1593,0]
09-30 04:43:32.378 I/sysui_multi_action(26853): [757,113,758,1,759,113,927,1,928,0,1593,0]
09-30 04:43:32.379 I/sysui_multi_action(26853): [757,0,758,1,759,0,927,2,928,0,1593,0]
09-30 04:43:32.379 I/sysui_multi_action(26853): [757,0,758,1,759,0,927,3,928,0,1593,0]
09-30 04:43:32.448 I/input_interaction( 1131): Interaction with: ef8a9f3 com.android.music/com.android.music.MusicBrowserActivity (server), edge-swipe (server), swipe-up (server), PointerEventDispatcher0 (server),
09-30 04:43:32.470 I/wm_task_moved( 1131): [1,0,0]
09-30 04:43:32.470 I/wm_task_moved( 1131): [1,0,8]
09-30 04:43:32.509 I/wm_on_restart_called( 2464): [176028021,com.android.launcher3.uioverrides.QuickstepLauncher,performRestartActivity]
09-30 04:43:32.528 I/wm_on_start_called( 2464): [176028021,com.android.launcher3.uioverrides.QuickstepLauncher,handleStartActivity]
09-30 04:43:32.550 I/sysui_latency( 2464): [1,95]
09-30 04:43:32.557 I/view_enqueue_input_event(22426): [Motion - Cancel,com.android.music/com.android.music.MusicBrowserActivity]
09-30 04:43:32.560 I/input_interaction( 1131): Interaction with: edge-swipe (server), swipe-up (server), PointerEventDispatcher0 (server),
09-30 04:43:32.564 I/input_focus( 1131): [Focus request recents_animation_input_consumer,reason=UpdateInputWindows]
09-30 04:43:32.576 I/input_focus( 1131): [Focus leaving ef8a9f3 com.android.music/com.android.music.MusicBrowserActivity (server),reason=NOT_FOCUSABLE]
09-30 04:43:32.576 I/input_focus( 1131): [Focus entering recents_animation_input_consumer (server),reason=setFocusedWindow]
09-30 04:43:32.582 I/sysui_multi_action( 1131): [319,31,322,87,325,8115,757,761,758,9,759,5,806,com.android.launcher3,871,com.android.launcher3.uioverrides.QuickstepLauncher,905,0,1320,8,1321,5]
09-30 04:43:32.742 I/sysui_multi_action( 1131): [757,128,758,5,759,8,793,1697,794,0,795,1697,796,1,797,empty_media,806,com.android.systemui,857,empty_media_style_id,858,4,947,0,1500,1495,1641,transport,1688,1,1745,1043716538]
09-30 04:43:32.743 I/notification_canceled( 1131): [0|com.android.systemui|1|empty_media|10086,8,1697,1697,0,-1,-1,NULL]
09-30 04:43:32.753 I/commit_sys_config_file( 1131): [settings-1-0,27]
09-30 04:43:32.857 I/sysui_latency( 1131): [8,106]
09-30 04:43:32.882 I/sysui_multi_action(26853): [757,803,799,note_peek,802,1]
09-30 04:43:32.887 I/sysui_multi_action( 1131): [757,127,758,1]
09-30 04:43:32.887 I/sysui_multi_action( 1131): [757,804,799,note_load,801,1,802,1]
09-30 04:43:32.888 I/notification_panel_revealed( 1131): 1
09-30 04:43:32.889 I/sysui_heads_up_status(26853): [-1|android|26|null|1000,1]
09-30 04:43:33.429 I/sysui_multi_action( 1131): [757,128,758,1,793,120308,794,0,795,120308,796,26,798,0,806,android,857,DEVELOPER_IMPORTANT,858,4,947,0,1395,4,1500,120096,1688,1]
09-30 04:43:33.429 I/sysui_multi_action( 1131): [757,804,799,note_freshness,801,120308,802,1]
09-30 04:43:33.429 I/notification_visibility( 1131): [-1|android|26|null|1000,1,120308,120308,0,0]
09-30 04:43:36.247 I/liblog (26961): 303
09-30 04:43:36.247 I/liblog (26961): 6
09-30 04:43:36.247 I/liblog (26961): 8
09-30 04:43:36.247 I/liblog (26961): 6
09-30 04:43:36.247 I/liblog (26961): 12
09-30 04:43:36.247 I/liblog (26961): 6
09-30 04:43:36.247 I/liblog (26961): 5
09-30 04:43:36.247 I/liblog (26961): 6
09-30 04:43:36.247 I/liblog (26961): 6
09-30 04:43:36.247 I/liblog (26961): 7
09-30 04:43:36.247 I/liblog (26961): 6
09-30 04:43:36.247 I/liblog (26961): 6
09-30 04:43:36.248 I/liblog (26961): 22
09-30 04:43:36.248 I/liblog (26961): 6
09-30 04:43:36.248 I/liblog (26961): 6
09-30 04:43:36.248 I/liblog (26961): 17
09-30 04:43:36.248 I/liblog (26961): 7
09-30 04:43:36.248 I/liblog (26961): 41
09-30 04:43:36.248 I/liblog (26961): 12
09-30 04:43:36.248 I/liblog (26961): 7
09-30 04:43:36.248 I/liblog (26961): 6
09-30 04:43:36.248 I/liblog (26961): 10
09-30 04:43:36.248 I/liblog (26961): 7
09-30 04:43:36.248 I/liblog (26961): 12
09-30 04:43:36.249 I/liblog (26961): 12
09-30 04:43:36.249 I/liblog (26961): 7
09-30 04:43:36.249 I/liblog (26961): 10
09-30 04:43:36.249 I/liblog (26961): 5
09-30 04:43:36.249 I/liblog (26961): 10
09-30 04:43:36.601 I/dropbox_file_copy( 1131): [/data/tombstones/tombstone_05,98304,SYSTEM_TOMBSTONE]
09-30 04:43:36.607 I/commit_sys_config_file( 1131): [log-files,8072026]
09-30 04:43:36.614 I/commit_sys_config_file( 1131): [log-files,8072034]
09-30 04:43:38.587 I/sysui_heads_up_status(26853): [-1|android|26|null|1000,0]
09-30 04:43:39.074 I/sysui_multi_action( 1131): [757,128,758,2,793,125953,794,5645,795,125953,796,26,798,0,806,android,857,DEVELOPER_IMPORTANT,858,4,947,0,1395,4,1500,125741,1688,1]
09-30 04:43:39.074 I/notification_visibility( 1131): [-1|android|26|null|1000,0,125953,125953,0,0]
09-30 04:43:39.076 I/notification_enqueue( 1131): [10086,26853,com.android.systemui,2048,NULL,0,Notification(channel=updateNotification shortcut=null contentView=null vibrate=null sound=null defaults=0x0 flags=0x0 color=0x00000000 vis=PRIVATE),1]
09-30 04:43:39.077 I/sysui_multi_action(26853): [757,111,758,2]
09-30 04:43:39.077 I/sysui_multi_action(26853): [757,111,758,2]
09-30 04:43:39.086 I/sysui_multi_action( 1131): [757,127,758,2]
09-30 04:43:39.086 I/notification_panel_hidden( 1131):
09-30 04:43:39.114 I/sysui_multi_action(26853): [757,111,758,1]
09-30 04:43:39.115 I/sysui_multi_action(26853): [757,126,758,1,759,126,927,0,928,1,1593,0]
09-30 04:43:39.115 I/sysui_multi_action(26853): [757,113,758,1,759,113,927,1,928,0,1593,0]
09-30 04:43:39.116 I/sysui_multi_action(26853): [757,0,758,1,759,0,927,2,928,0,1593,0]
09-30 04:43:39.116 I/sysui_multi_action(26853): [757,0,758,1,759,0,927,3,928,0,1593,0]
09-30 04:43:39.117 I/sysui_multi_action(26853): [757,1706,758,1,759,1706,927,4,928,0,1593,0]
09-30 04:43:39.118 I/sysui_multi_action(26853): [757,491,758,1,759,491,927,5,928,0,1311,-1,1593,0]
09-30 04:43:39.118 I/sysui_multi_action(26853): [757,0,758,1,759,0,927,6,928,0,1593,0]
09-30 04:43:39.118 I/sysui_multi_action(26853): [757,0,758,1,759,0,927,7,1593,0]
09-30 04:43:39.119 I/sysui_multi_action(26853): [757,114,758,1,759,114,927,8,928,0,1593,0]
09-30 04:43:39.119 I/sysui_multi_action(26853): [757,111,758,1]
09-30 04:43:39.120 I/sysui_multi_action(26853): [757,126,758,1,759,126,927,0,928,1,1593,0]
09-30 04:43:39.120 I/sysui_multi_action(26853): [757,113,758,1,759,113,927,1,928,0,1593,0]
09-30 04:43:39.120 I/sysui_multi_action(26853): [757,0,758,1,759,0,927,2,928,0,1593,0]
09-30 04:43:39.121 I/sysui_multi_action(26853): [757,0,758,1,759,0,927,3,928,0,1593,0]
09-30 04:43:39.280 I/sysui_multi_action( 1131): [757,1501,758,1,793,8070082,794,0,795,205,796,2048,806,com.android.systemui,857,updateNotification,858,3,947,0,1500,0,1688,1]
09-30 04:43:39.281 I/sysui_multi_action( 1131): [757,804,799,note_interruptive,801,0,802,1]
09-30 04:43:39.281 I/sysui_multi_action( 1131): [757,199,758,1,759,2,793,8070083,794,0,795,206,796,2048,806,com.android.systemui,857,updateNotification,858,3,947,0,1500,1,1688,1]
09-30 04:43:39.281 I/notification_alert( 1131): [0|com.android.systemui|2048|null|10086,0,1,0]
09-30 04:43:41.139 I/am_pss ( 1131): [22426,10093,com.android.music,73389056,64782336,0,204283904,0,2,15]
09-30 04:43:41.322 I/liblog (26983): 285
09-30 04:43:41.322 I/liblog (26983): 6
09-30 04:43:41.322 I/liblog (26983): 3
09-30 04:43:41.322 I/liblog (26983): 8
09-30 04:43:41.322 I/liblog (26983): 3
09-30 04:43:41.322 I/liblog (26983): 3
09-30 04:43:41.322 I/liblog (26983): 4
09-30 04:43:41.322 I/liblog (26983): 3
09-30 04:43:41.322 I/liblog (26983): 6
09-30 04:43:41.322 I/liblog (26983): 7
09-30 04:43:41.322 I/liblog (26983): 3
09-30 04:43:41.322 I/liblog (26983): 3
09-30 04:43:41.322 I/liblog (26983): 3
09-30 04:43:41.322 I/liblog (26983): 6
09-30 04:43:41.322 I/liblog (26983): 10
09-30 04:43:41.323 I/liblog (26983): 43
09-30 04:43:41.323 I/liblog (26983): 4
09-30 04:43:41.323 I/liblog (26983): 3
09-30 04:43:41.323 I/liblog (26983): 6
09-30 04:43:41.323 I/liblog (26983): 6
09-30 04:43:41.323 I/liblog (26983): 3
09-30 04:43:41.323 I/liblog (26983): 3
09-30 04:43:41.323 I/liblog (26983): 5
09-30 04:43:41.323 I/liblog (26983): 3
09-30 04:43:41.323 I/liblog (26983): 3
09-30 04:43:41.323 I/liblog (26983): 4
09-30 04:43:41.323 I/liblog (26983): 3
09-30 04:43:41.323 I/liblog (26983): 6
09-30 04:43:41.323 I/liblog (26983): 6
09-30 04:43:41.323 I/liblog (26983): 3
09-30 04:43:41.323 I/liblog (26983): 3
09-30 04:43:41.323 I/liblog (26983): 6
09-30 04:43:41.323 I/liblog (26983): 3
09-30 04:43:41.323 I/liblog (26983): 3
09-30 04:43:41.324 I/liblog (26983): 4
09-30 04:43:41.324 I/liblog (26983): 3
09-30 04:43:41.324 I/liblog (26983): 3
09-30 04:43:41.324 I/liblog (26983): 6
09-30 04:43:41.324 I/liblog (26983): 3
09-30 04:43:41.324 I/liblog (26983): 3
09-30 04:43:41.324 I/liblog (26983): 3
09-30 04:43:41.324 I/liblog (26983): 6
09-30 04:43:41.324 I/liblog (26983): 6
09-30 04:43:41.324 I/liblog (26983): 5
09-30 04:43:41.324 I/liblog (26983): 4
09-30 04:43:41.324 I/liblog (26983): 7
09-30 04:43:41.324 I/liblog (26983): 3
09-30 04:43:41.324 I/liblog (26983): 3
09-30 04:43:41.324 I/liblog (26983): 1
09-30 04:43:41.860 I/dropbox_file_copy( 1131): [/data/tombstones/tombstone_06,98304,SYSTEM_TOMBSTONE]
09-30 04:43:41.874 I/commit_sys_config_file( 1131): [log-files,8077293]
09-30 04:43:41.903 I/commit_sys_config_file( 1131): [log-files,8077323]
09-30 04:43:42.837 I/input_interaction( 1131): Interaction with: 96face7 com.android.launcher3/com.android.launcher3.uioverrides.QuickstepLauncher (server), edge-swipe (server), swipe-up (server), PointerEventDispatcher0 (server),
09-30 04:43:43.163 I/commit_sys_config_file( 1131): [settings-1-0,29]
09-30 04:43:43.360 I/wm_task_moved( 1131): [1,1,9]
09-30 04:43:43.360 I/wm_task_moved( 1131): [26,1,2147483647]
09-30 04:43:43.360 I/wm_task_to_front( 1131): [0,26]
09-30 04:43:43.361 I/wm_focused_root_task( 1131): [0,0,1,83,RecentsAnimation.onAnimationFinished()]
09-30 04:43:43.361 I/wm_set_resumed_activity( 1131): [0,com.android.launcher3/.uioverrides.QuickstepLauncher,RecentsAnimation.onAnimationFinished()]
09-30 04:43:43.363 I/wm_pause_activity( 1131): [0,138820254,com.android.music/.MusicBrowserActivity,userLeaving=true,pauseBackTasks]
09-30 04:43:43.365 I/wm_add_to_stopping( 1131): [0,138820254,com.android.music/.MusicBrowserActivity,makeInvisible]
09-30 04:43:43.366 I/wm_set_resumed_activity( 1131): [0,com.android.launcher3/.uioverrides.QuickstepLauncher,resumeTopActivityInnerLocked]
09-30 04:43:43.375 I/wm_resume_activity( 1131): [0,176028021,26,com.android.launcher3/.uioverrides.QuickstepLauncher]
09-30 04:43:43.389 I/wm_on_top_resumed_lost_called(22426): [138820254,com.android.music.MusicBrowserActivity,topStateChangedWhenResumed]
09-30 04:43:43.392 I/wm_on_paused_called(22426): [138820254,com.android.music.MusicBrowserActivity,performPause]
09-30 04:43:43.393 I/wm_on_resume_called( 2464): [176028021,com.android.launcher3.uioverrides.QuickstepLauncher,RESUME_ACTIVITY]
09-30 04:43:43.393 I/wm_on_top_resumed_gained_called( 2464): [176028021,com.android.launcher3.uioverrides.QuickstepLauncher,topStateChangedWhenResumed]
09-30 04:43:43.403 I/input_focus( 1131): [Focus leaving recents_animation_input_consumer (server),reason=NOT_VISIBLE]
09-30 04:43:43.404 I/input_focus( 1131): [Focus request 96face7 com.android.launcher3/com.android.launcher3.uioverrides.QuickstepLauncher,reason=UpdateInputWindows]
09-30 04:43:43.416 I/wm_stop_activity( 1131): [0,138820254,com.android.music/.MusicBrowserActivity]
09-30 04:43:43.422 I/sysui_multi_action( 1131): [757,803,799,window_time_0,802,13]
09-30 04:43:43.424 I/sysui_multi_action( 1131): [757,803,799,window_time_0,802,0]
09-30 04:43:43.430 I/input_focus( 1131): [Focus entering 96face7 com.android.launcher3/com.android.launcher3.uioverrides.QuickstepLauncher (server),reason=setFocusedWindow]
09-30 04:43:43.447 I/wm_on_stop_called(22426): [138820254,com.android.music.MusicBrowserActivity,STOP_ACTIVITY_ITEM]
09-30 04:43:44.018 I/input_interaction( 1131): Interaction with: df369a8 StatusBar (server), edge-swipe (server), swipe-up (server), PointerEventDispatcher0 (server),
09-30 04:43:44.034 I/sysui_multi_action(26853): [757,803,799,panel_open,802,1]
09-30 04:43:44.037 I/sysui_multi_action(26853): [757,1328,758,4,1326,44,1327,2,1329,0]
09-30 04:43:44.143 I/sysui_multi_action( 1131): [757,127,758,1]
09-30 04:43:44.143 I/sysui_multi_action( 1131): [757,804,799,note_load,801,4,802,1]
09-30 04:43:44.144 I/notification_panel_revealed( 1131): 4
09-30 04:43:44.150 I/notification_enqueue( 1131): [10086,26853,com.android.systemui,2048,NULL,0,Notification(channel=updateNotification shortcut=null contentView=null vibrate=null sound=null defaults=0x0 flags=0x0 color=0x00000000 vis=PRIVATE),1]
09-30 04:43:44.150 I/sysui_multi_action(26853): [757,111,758,2]
09-30 04:43:44.151 I/sysui_multi_action(26853): [757,111,758,2]
09-30 04:43:44.182 I/input_focus( 1131): [Focus request 47d1890 NotificationShade,reason=UpdateInputWindows]
09-30 04:43:44.189 I/sysui_multi_action(26853): [757,111,758,1]
09-30 04:43:44.190 I/sysui_multi_action(26853): [757,126,758,1,759,126,927,0,928,1,1593,0]
09-30 04:43:44.190 I/sysui_multi_action(26853): [757,113,758,1,759,113,927,1,928,0,1593,0]
09-30 04:43:44.190 I/sysui_multi_action(26853): [757,0,758,1,759,0,927,2,928,0,1593,0]
09-30 04:43:44.191 I/sysui_multi_action(26853): [757,0,758,1,759,0,927,3,928,0,1593,0]
09-30 04:43:44.191 I/sysui_multi_action(26853): [757,1706,758,1,759,1706,927,4,928,0,1593,0]
09-30 04:43:44.192 I/sysui_multi_action(26853): [757,491,758,1,759,491,927,5,928,0,1311,-1,1593,0]
09-30 04:43:44.192 I/sysui_multi_action(26853): [757,0,758,1,759,0,927,6,928,0,1593,0]
09-30 04:43:44.193 I/sysui_multi_action(26853): [757,0,758,1,759,0,927,7,1593,0]
09-30 04:43:44.193 I/sysui_multi_action(26853): [757,114,758,1,759,114,927,8,928,0,1593,0]
09-30 04:43:44.194 I/sysui_multi_action(26853): [757,111,758,1]
09-30 04:43:44.194 I/sysui_multi_action(26853): [757,126,758,1,759,126,927,0,928,1,1593,0]
09-30 04:43:44.195 I/sysui_multi_action(26853): [757,113,758,1,759,113,927,1,928,0,1593,0]
09-30 04:43:44.195 I/sysui_multi_action(26853): [757,0,758,1,759,0,927,2,928,0,1593,0]
09-30 04:43:44.195 I/sysui_multi_action(26853): [757,0,758,1,759,0,927,3,928,0,1593,0]
09-30 04:43:44.204 I/input_focus( 1131): [Focus leaving 96face7 com.android.launcher3/com.android.launcher3.uioverrides.QuickstepLauncher (server),reason=Waiting for window because NOT_VISIBLE]
09-30 04:43:44.241 I/notification_enqueue( 1131): [10086,26853,com.android.systemui,2048,NULL,0,Notification(channel=updateNotification shortcut=null contentView=null vibrate=null sound=null defaults=0x0 flags=0x0 color=0x00000000 vis=PRIVATE),1]
09-30 04:43:44.241 I/sysui_multi_action(26853): [757,111,758,2]
09-30 04:43:44.242 I/sysui_multi_action(26853): [757,111,758,2]
09-30 04:43:44.253 I/input_focus( 1131): [Focus entering 47d1890 NotificationShade (server),reason=Window became focusable. Previous reason: NOT_VISIBLE]
09-30 04:43:44.255 I/sysui_multi_action(26853): [757,111,758,1]
09-30 04:43:44.256 I/sysui_multi_action(26853): [757,126,758,1,759,126,927,0,928,1,1593,0]
09-30 04:43:44.256 I/sysui_multi_action(26853): [757,113,758,1,759,113,927,1,928,0,1593,0]
09-30 04:43:44.256 I/sysui_multi_action(26853): [757,0,758,1,759,0,927,2,928,0,1593,0]
09-30 04:43:44.257 I/sysui_multi_action(26853): [757,0,758,1,759,0,927,3,928,0,1593,0]
09-30 04:43:44.257 I/sysui_multi_action(26853): [757,1706,758,1,759,1706,927,4,928,0,1593,0]
09-30 04:43:44.258 I/sysui_multi_action(26853): [757,491,758,1,759,491,927,5,928,0,1311,-1,1593,0]
09-30 04:43:44.259 I/sysui_multi_action(26853): [757,0,758,1,759,0,927,6,928,0,1593,0]
09-30 04:43:44.259 I/sysui_multi_action(26853): [757,0,758,1,759,0,927,7,1593,0]
09-30 04:43:44.259 I/sysui_multi_action(26853): [757,114,758,1,759,114,927,8,928,0,1593,0]
09-30 04:43:44.260 I/sysui_multi_action(26853): [757,111,758,1]
09-30 04:43:44.260 I/sysui_multi_action(26853): [757,126,758,1,759,126,927,0,928,1,1593,0]
09-30 04:43:44.260 I/sysui_multi_action(26853): [757,113,758,1,759,113,927,1,928,0,1593,0]
09-30 04:43:44.261 I/sysui_multi_action(26853): [757,0,758,1,759,0,927,2,928,0,1593,0]
09-30 04:43:44.261 I/sysui_multi_action(26853): [757,0,758,1,759,0,927,3,928,0,1593,0]
09-30 04:43:44.356 I/sysui_multi_action( 1131): [757,1501,758,1,793,8075158,794,0,795,208,796,2048,806,com.android.systemui,857,updateNotification,858,3,947,0,1500,0,1688,1]
09-30 04:43:44.357 I/sysui_multi_action( 1131): [757,804,799,note_interruptive,801,0,802,1]
09-30 04:43:44.357 I/sysui_multi_action( 1131): [757,199,758,1,759,2,793,8075159,794,0,795,209,796,2048,806,com.android.systemui,857,updateNotification,858,3,947,0,1500,1,1688,1]
09-30 04:43:44.357 I/notification_alert( 1131): [0|com.android.systemui|2048|null|10086,0,1,0]
09-30 04:43:44.758 I/sysui_multi_action( 1131): [757,128,758,1,793,131636,794,0,795,131636,796,26,798,0,806,android,857,DEVELOPER_IMPORTANT,858,4,947,0,1395,4,1500,131424,1688,1]
09-30 04:43:44.758 I/sysui_multi_action( 1131): [757,804,799,note_freshness,801,131636,802,1]
09-30 04:43:44.758 I/notification_visibility( 1131): [-1|android|26|null|1000,1,131636,131636,0,0]
09-30 04:43:44.759 I/sysui_multi_action( 1131): [757,128,758,1,793,1994705,794,0,795,1994705,796,4273,798,1,806,com.android.systemui,857,screen_record,858,3,947,0,1395,4,1500,1994498,1688,1,1745,680407814]
09-30 04:43:44.759 I/sysui_multi_action( 1131): [757,804,799,note_freshness,801,1994705,802,1]
09-30 04:43:44.759 I/notification_visibility( 1131): [0|com.android.systemui|4273|null|10086,1,1994705,1994705,0,1]
09-30 04:43:44.760 I/sysui_multi_action( 1131): [757,128,758,1,793,8074980,794,0,795,8074980,796,55,798,2,806,android,857,DEVELOPER,858,2,947,0,1395,4,1500,8074771,1688,1]
09-30 04:43:44.760 I/sysui_multi_action( 1131): [757,804,799,note_freshness,801,8074980,802,1]
09-30 04:43:44.760 I/notification_visibility( 1131): [-1|android|55|null|1000,1,8074980,8074980,0,2]
09-30 04:43:44.760 I/sysui_multi_action( 1131): [757,128,758,1,793,131641,794,0,795,131641,796,32,798,3,806,android,857,USB,858,1,947,0,1395,4,1500,131437,1688,1]
09-30 04:43:44.760 I/sysui_multi_action( 1131): [757,804,799,note_freshness,801,131641,802,1]
09-30 04:43:44.760 I/notification_visibility( 1131): [-1|android|32|null|1000,1,131641,131641,0,3]
09-30 04:43:46.280 I/input_interaction( 1131): Interaction with: 47d1890 NotificationShade (server), edge-swipe (server), swipe-up (server), PointerEventDispatcher0 (server),
09-30 04:43:46.441 I/am_pss ( 1131): [26391,10035,com.android.documentsui,58487808,49766400,0,190042112,0,16,17]
09-30 04:43:46.455 I/am_pss ( 1131): [26437,10033,com.android.externalstorage,7051264,4378624,0,99983360,0,19,10]
09-30 04:43:46.558 I/dvm_lock_sample( 1131): [system_server,1,ActivityManager,6,ActiveServices.java,1463,void com.android.server.am.ActiveServices.updateForegroundApps(com.android.server.am.ActiveServices$ServiceMap),ActivityManagerService.java,12017,void com.android.server.am.ActivityManagerService.setServiceForeground(android.content.ComponentName, android.os.IBinder, int, android.app.Notification, int, int),1]
09-30 04:43:46.560 I/notification_enqueue( 1131): [10093,22426,com.android.music,1,NULL,0,Notification(channel=Channel-music shortcut=null contentView=null vibrate=null sound=null defaults=0x0 flags=0x62 color=0x00000000 category=transport actions=3 vis=PRIVATE),1]
09-30 04:43:46.686 I/dropbox_file_copy( 1131): [/data/tombstones/tombstone_07,98304,SYSTEM_TOMBSTONE]
09-30 04:43:46.692 I/commit_sys_config_file( 1131): [log-files,8082111]
09-30 04:43:46.700 I/commit_sys_config_file( 1131): [log-files,8082119]
09-30 04:43:46.822 I/notification_enqueue( 1131): [10093,22426,com.android.music,1,NULL,0,Notification(channel=Channel-music shortcut=null contentView=null vibrate=null sound=null defaults=0x0 flags=0x2 color=0x00000000 category=transport actions=3 vis=PRIVATE),1]
09-30 04:43:47.024 I/sysui_multi_action( 1131): [757,1501,758,1,793,19431,794,0,795,204,796,1,806,com.android.music,857,Channel-music,858,2,947,0,1500,0,1641,transport,1688,1,1745,1043716538]
09-30 04:43:47.025 I/sysui_multi_action( 1131): [757,804,799,note_interruptive,801,0,802,1]
09-30 04:43:48.933 I/notification_enqueue( 1131): [10093,22426,com.android.music,1,NULL,0,Notification(channel=Channel-music shortcut=null contentView=null vibrate=null sound=null defaults=0x0 flags=0x2 color=0x00000000 category=transport actions=3 vis=PRIVATE),1]
09-30 04:43:49.134 I/sysui_multi_action( 1131): [757,1501,758,1,793,21541,794,0,795,203,796,1,806,com.android.music,857,Channel-music,858,2,947,0,1500,0,1641,transport,1688,1,1745,1043716538]
09-30 04:43:49.135 I/sysui_multi_action( 1131): [757,804,799,note_interruptive,801,0,802,1]
09-30 04:43:50.616 I/notification_enqueue( 1131): [10093,22426,com.android.music,1,NULL,0,Notification(channel=Channel-music shortcut=null contentView=null vibrate=null sound=null defaults=0x0 flags=0x2 color=0x00000000 category=transport actions=3 vis=PRIVATE),1]
09-30 04:43:50.817 I/sysui_multi_action( 1131): [757,1501,758,1,793,23224,794,0,795,203,796,1,806,com.android.music,857,Channel-music,858,2,947,0,1500,0,1641,transport,1688,1,1745,1043716538]
09-30 04:43:50.818 I/sysui_multi_action( 1131): [757,804,799,note_interruptive,801,0,802,1]
09-30 04:43:51.515 I/liblog (27056): 7
09-30 04:43:51.515 I/liblog (27056): 3
09-30 04:43:51.515 I/liblog (27056): 2
09-30 04:43:51.515 I/liblog (27056): 3
09-30 04:43:51.515 I/liblog (27056): 2
09-30 04:43:51.515 I/liblog (27056): 2
09-30 04:43:51.515 I/liblog (27056): 2
09-30 04:43:51.515 I/liblog (27056): 2
09-30 04:43:51.515 I/liblog (27056): 4
09-30 04:43:51.515 I/liblog (27056): 3
09-30 04:43:51.515 I/liblog (27056): 4
09-30 04:43:51.516 I/liblog (27056): 6
09-30 04:43:51.516 I/liblog (27056): 2
09-30 04:43:51.516 I/liblog (27056): 2
09-30 04:43:51.516 I/liblog (27056): 4
09-30 04:43:51.516 I/liblog (27056): 4
09-30 04:43:51.516 I/liblog (27056): 4
09-30 04:43:51.516 I/liblog (27056): 6
09-30 04:43:51.516 I/liblog (27056): 3
09-30 04:43:51.516 I/liblog (27056): 2
09-30 04:43:51.516 I/liblog (27056): 3
09-30 04:43:51.516 I/liblog (27056): 2
09-30 04:43:51.516 I/liblog (27056): 4
09-30 04:43:51.516 I/liblog (27056): 3
09-30 04:43:51.517 I/liblog (27056): 2
09-30 04:43:51.517 I/liblog (27056): 5
09-30 04:43:51.517 I/liblog (27056): 2
09-30 04:43:51.517 I/liblog (27056): 3
09-30 04:43:51.517 I/liblog (27056): 2
09-30 04:43:51.517 I/liblog (27056): 1
09-30 04:43:51.517 I/liblog (27056): 4
09-30 04:43:51.518 I/liblog (27056): 66
09-30 04:43:51.518 I/liblog (27056): 4
09-30 04:43:51.518 I/liblog (27056): 3
09-30 04:43:51.518 I/liblog (27056): 4
09-30 04:43:51.518 I/liblog (27056): 4
09-30 04:43:51.519 I/liblog (27056): 5
09-30 04:43:51.519 I/liblog (27056): 2
09-30 04:43:51.519 I/liblog (27056): 3
09-30 04:43:51.519 I/liblog (27056): 6
09-30 04:43:51.519 I/liblog (27056): 2
09-30 04:43:51.519 I/liblog (27056): 3
09-30 04:43:51.519 I/liblog (27056): 2
09-30 04:43:51.519 I/liblog (27056): 4
09-30 04:43:51.519 I/liblog (27056): 2
09-30 04:43:51.519 I/liblog (27056): 4
09-30 04:43:51.519 I/liblog (27056): 3
09-30 04:43:51.519 I/liblog (27056): 3
09-30 04:43:51.519 I/liblog (27056): 3
09-30 04:43:51.520 I/liblog (27056): 7
09-30 04:43:51.520 I/liblog (27056): 2
09-30 04:43:51.520 I/liblog (27056): 4
