09-30 05:12:35.666 D/LOWI-9.0.0.87.a( 1452): [LOWI-Scan] BSS 18:6f:2d:81:1f:d5 LOWI_PHY_MODE_11AC_VHT20(8), Beacon Interval: 100, LOWI_ENCRYPTION_TYPE_WPA_PSK 11mcRanging: No, ANQP: No, LCI: No, Civic: No, capability(0x0111): ESS Privacy SpectrumMgmt
09-30 05:12:35.666 D/LOWI-9.0.0.87.a( 1452): [LOWI-Scan] BSS 18:6f:2d:81:1f:d5 FREQ: 5240, cFreq1[40:80:160] = [5240:0:0] cFreq2 = 0 Country Code = CN
09-30 05:12:35.666 D/LOWI-9.0.0.87.a( 1452): [LOWI-Scan] BSS 18:6f:2d:81:1f:d5 (wlan0) ASSO: NO AddInfo: 0x0, TSF 0, 02:44:17.670, RSSI: -184, CPL: 127, AGE: 1276, SSID GM, TSFDelta: 0xa6f9fd1, TXRate: 0
09-30 05:12:35.666 D/LOWI-9.0.0.87.a( 1452): [LOWI-Scan]
09-30 05:12:35.666 D/LOWI-9.0.0.87.a( 1452): [LOWI-Scan] print_bss_handler: Report Probe TSF 9857671299 as it greater than Beacon TSF 9857669331
09-30 05:12:35.666 D/LOWI-9.0.0.87.a( 1452): [LOWI-Scan] is_qcom_ie, bss_age: 0
09-30 05:12:35.666 D/LOWI-9.0.0.87.a( 1452): [LOWI-Scan] BSS 18:6f:2d:81:1f:d6 LOWI_PHY_MODE_11AC_VHT20(8), Beacon Interval: 100, LOWI_ENCRYPTION_TYPE_OPEN 11mcRanging: No, ANQP: No, LCI: No, Civic: No, capability(0x0101): ESS SpectrumMgmt
09-30 05:12:35.666 D/LOWI-9.0.0.87.a( 1452): [LOWI-Scan] BSS 18:6f:2d:81:1f:d6 FREQ: 5240, cFreq1[40:80:160] = [5240:0:0] cFreq2 = 0 Country Code = CN
09-30 05:12:35.667 D/LOWI-9.0.0.87.a( 1452): [LOWI-Scan] BSS 18:6f:2d:81:1f:d6 (wlan0) ASSO: NO AddInfo: 0x0, TSF 0, 02:44:17.671, RSSI: -184, CPL: 127, AGE: 1276, SSID IT, TSFDelta: 0xa7227cf, TXRate: 0
09-30 05:12:35.667 D/LOWI-9.0.0.87.a( 1452): [LOWI-Scan]
09-30 05:12:35.667 D/LOWI-9.0.0.87.a( 1452): [LOWI-Scan] print_bss_handler: Report beacon TSF 9857735700 as it greater than probe TSF 9857735700
09-30 05:12:35.667 D/LOWI-9.0.0.87.a( 1452): [LOWI-Scan] decode_rsn_wpa_ie: LOWI_ENCRYPTION_TYPE_WPA_PSK
09-30 05:12:35.667 D/LOWI-9.0.0.87.a( 1452): [LOWI-Scan] is_qcom_ie, bss_age: 0
09-30 05:12:35.667 D/LOWI-9.0.0.87.a( 1452): [LOWI-Scan] BSS 2c:4d:54:b8:af:f4 LOWI_PHY_MODE_11AC_VHT80(10), Beacon Interval: 100, LOWI_ENCRYPTION_TYPE_WPA_PSK 11mcRanging: No, ANQP: No, LCI: No, Civic: No, capability(0x0831): ESS Privacy ShortPreamble APSD
09-30 05:12:35.667 D/LOWI-9.0.0.87.a( 1452): [LOWI-Scan] BSS 2c:4d:54:b8:af:f4 FREQ: 5745, cFreq1[40:80:160] = [5755:5775:0] cFreq2 = 0 Country Code = CN
09-30 05:12:35.667 D/LOWI-9.0.0.87.a( 1452): [LOWI-Scan] BSS 2c:4d:54:b8:af:f4 (wlan0) ASSO: NO AddInfo: 0x1, TSF 0, 02:44:17.735, RSSI: -184, CPL: 127, AGE: 1212, SSID CTS_5G, TSFDelta: 0xf9058627, TXRate: 0
09-30 05:12:35.668 D/LOWI-9.0.0.87.a( 1452): [LOWI-Scan]
09-30 05:12:35.668 D/LOWI-9.0.0.87.a( 1452): [LOWI-Scan] print_bss_handler: Report beacon TSF 9857736311 as it greater than probe TSF 9857736311
09-30 05:12:35.668 D/LOWI-9.0.0.87.a( 1452): [LOWI-Scan] decode_rsn_wpa_ie: LOWI_ENCRYPTION_TYPE_WPA_PSK
09-30 05:12:35.668 D/LOWI-9.0.0.87.a( 1452): [LOWI-Scan] is_qcom_ie, bss_age: 0
09-30 05:12:35.668 D/LOWI-9.0.0.87.a( 1452): [LOWI-Scan] BSS 7c:d9:5c:9d:f7:dc LOWI_PHY_MODE_11AC_VHT80(10), Beacon Interval: 100, LOWI_ENCRYPTION_TYPE_WPA_PSK 11mcRanging: Yes, ANQP: No, LCI: No, Civic: No, capability(0x1031): ESS Privacy ShortPreamble
09-30 05:12:35.668 D/LOWI-9.0.0.87.a( 1452): [LOWI-Scan] BSS 7c:d9:5c:9d:f7:dc FREQ: 5745, cFreq1[40:80:160] = [5755:5775:0] cFreq2 = 0 Country Code = US
09-30 05:12:35.668 D/LOWI-9.0.0.87.a( 1452): [LOWI-Scan] BSS 7c:d9:5c:9d:f7:dc (wlan0) ASSO: NO AddInfo: 0x1, TSF 0, 02:44:17.736, RSSI: -180, CPL: 127, AGE: 1208, SSID Google nest wifi, TSFDelta: 0x82fbdca1, TXRate: 0
09-30 05:12:35.668 D/LOWI-9.0.0.87.a( 1452): [LOWI-Scan]
09-30 05:12:35.668 D/LOWI-9.0.0.87.a( 1452): [LOWI-Scan] print_bss_handler: Report beacon TSF 9858247483 as it greater than probe TSF 9858247483
09-30 05:12:35.668 D/LOWI-9.0.0.87.a( 1452): [LOWI-Scan] decode_rsn_wpa_ie: LOWI_ENCRYPTION_TYPE_WPA_PSK
09-30 05:12:35.668 D/LOWI-9.0.0.87.a( 1452): [LOWI-Scan] is_qcom_ie, bss_age: 0
09-30 05:12:35.668 D/LOWI-9.0.0.87.a( 1452): [LOWI-Scan] BSS 18:6f:2d:0a:b8:50 LOWI_PHY_MODE_11AC_VHT20(8), Beacon Interval: 100, LOWI_ENCRYPTION_TYPE_WPA_PSK 11mcRanging: No, ANQP: No, LCI: No, Civic: No, capability(0x0111): ESS Privacy SpectrumMgmt
09-30 05:12:35.668 D/LOWI-9.0.0.87.a( 1452): [LOWI-Scan] BSS 18:6f:2d:0a:b8:50 FREQ: 5260, cFreq1[40:80:160] = [5260:0:0] cFreq2 = 0 Country Code = CN
09-30 05:12:35.668 D/LOWI-9.0.0.87.a( 1452): [LOWI-Scan] BSS 18:6f:2d:0a:b8:50 (wlan0) ASSO: NO AddInfo: 0x1, TSF 0, 02:44:18.247, RSSI: -162, CPL: 127, AGE: 700, SSID Testing , TSFDelta: 0x20fcdc5f, TXRate: 0
09-30 05:12:35.669 D/LOWI-9.0.0.87.a( 1452): [LOWI-Scan]
09-30 05:12:35.669 D/LOWI-9.0.0.87.a( 1452): [LOWI-Scan] print_bss_handler: Report beacon TSF 9858247949 as it greater than probe TSF 9858247949
09-30 05:12:35.669 D/LOWI-9.0.0.87.a( 1452): [LOWI-Scan] is_qcom_ie, bss_age: 0
09-30 05:12:35.669 D/LOWI-9.0.0.87.a( 1452): [LOWI-Scan] BSS 18:6f:2d:0a:b8:51 LOWI_PHY_MODE_11AC_VHT20(8), Beacon Interval: 100, LOWI_ENCRYPTION_TYPE_OPEN 11mcRanging: No, ANQP: No, LCI: No, Civic: No, capability(0x0101): ESS SpectrumMgmt
09-30 05:12:35.669 D/LOWI-9.0.0.87.a( 1452): [LOWI-Scan] BSS 18:6f:2d:0a:b8:51 FREQ: 5260, cFreq1[40:80:160] = [5260:0:0] cFreq2 = 0 Country Code = CN
09-30 05:12:35.669 D/LOWI-9.0.0.87.a( 1452): [LOWI-Scan] BSS 18:6f:2d:0a:b8:51 (wlan0) ASSO: NO AddInfo: 0x1, TSF 0, 02:44:18.247, RSSI: -162, CPL: 127, AGE: 700, SSID Guest, TSFDelta: 0x20ff1072, TXRate: 0
09-30 05:12:35.669 D/LOWI-9.0.0.87.a( 1452): [LOWI-Scan]
09-30 05:12:35.669 D/LOWI-9.0.0.87.a( 1452): [LOWI-Scan] print_bss_handler: Report beacon TSF 9858248571 as it greater than probe TSF 9858248571
09-30 05:12:35.669 D/LOWI-9.0.0.87.a( 1452): [LOWI-Scan] decode_rsn_wpa_ie: LOWI_ENCRYPTION_TYPE_WPA_PSK
09-30 05:12:35.669 D/LOWI-9.0.0.87.a( 1452): [LOWI-Scan] is_qcom_ie, bss_age: 0
09-30 05:12:35.669 D/LOWI-9.0.0.87.a( 1452): [LOWI-Scan] BSS 18:6f:2d:0a:b8:52 LOWI_PHY_MODE_11AC_VHT20(8), Beacon Interval: 100, LOWI_ENCRYPTION_TYPE_WPA_PSK 11mcRanging: No, ANQP: No, LCI: No, Civic: No, capability(0x0111): ESS Privacy SpectrumMgmt
09-30 05:12:35.669 D/LOWI-9.0.0.87.a( 1452): [LOWI-Scan] BSS 18:6f:2d:0a:b8:52 FREQ: 5260, cFreq1[40:80:160] = [5260:0:0] cFreq2 = 0 Country Code = CN
09-30 05:12:35.669 D/LOWI-9.0.0.87.a( 1452): [LOWI-Scan] BSS 18:6f:2d:0a:b8:52 (wlan0) ASSO: NO AddInfo: 0x1, TSF 0, 02:44:18.248, RSSI: -162, CPL: 127, AGE: 696, SSID ZXHY, TSFDelta: 0x2100e6e8, TXRate: 0
09-30 05:12:35.672 D/LOWI-9.0.0.87.a( 1452): [LOWI-Scan]
09-30 05:12:35.672 D/LOWI-9.0.0.87.a( 1452): [LOWI-Scan] print_bss_handler: Report beacon TSF 9858249015 as it greater than probe TSF 9858249015
09-30 05:12:35.672 D/LOWI-9.0.0.87.a( 1452): [LOWI-Scan] decode_rsn_wpa_ie: LOWI_ENCRYPTION_TYPE_WPA_PSK
09-30 05:12:35.672 D/LOWI-9.0.0.87.a( 1452): [LOWI-Scan] is_qcom_ie, bss_age: 0
09-30 05:12:35.672 D/LOWI-9.0.0.87.a( 1452): [LOWI-Scan] BSS 18:6f:2d:0a:b8:53 LOWI_PHY_MODE_11AC_VHT20(8), Beacon Interval: 100, LOWI_ENCRYPTION_TYPE_WPA_PSK 11mcRanging: No, ANQP: No, LCI: No, Civic: No, capability(0x0111): ESS Privacy SpectrumMgmt
09-30 05:12:35.672 D/LOWI-9.0.0.87.a( 1452): [LOWI-Scan] BSS 18:6f:2d:0a:b8:53 FREQ: 5260, cFreq1[40:80:160] = [5260:0:0] cFreq2 = 0 Country Code = CN
09-30 05:12:35.672 D/LOWI-9.0.0.87.a( 1452): [LOWI-Scan] BSS 18:6f:2d:0a:b8:53 (wlan0) ASSO: NO AddInfo: 0x1, TSF 0, 02:44:18.249, RSSI: -162, CPL: 127, AGE: 696, SSID Fanya, TSFDelta: 0x21032be1, TXRate: 0
09-30 05:12:35.673 D/LOWI-9.0.0.87.a( 1452): [LOWI-Scan]
09-30 05:12:35.673 D/LOWI-9.0.0.87.a( 1452): [LOWI-Scan] print_bss_handler: Report beacon TSF 9858310950 as it greater than probe TSF 9858310950
09-30 05:12:35.673 D/LOWI-9.0.0.87.a( 1452): [LOWI-Scan] decode_rsn_wpa_ie: LOWI_ENCRYPTION_TYPE_WPA_PSK
09-30 05:12:35.673 D/LOWI-9.0.0.87.a( 1452): [LOWI-Scan] is_qcom_ie, bss_age: 0
09-30 05:12:35.673 D/LOWI-9.0.0.87.a( 1452): [LOWI-Scan] BSS 44:f9:71:c8:27:97 LOWI_PHY_MODE_11NG_HT20(5), Beacon Interval: 100, LOWI_ENCRYPTION_TYPE_WPA_PSK 11mcRanging: No, ANQP: No, LCI: No, Civic: No, capability(0x0411): ESS Privacy ShortSlotTime
09-30 05:12:35.673 D/LOWI-9.0.0.87.a( 1452): [LOWI-Scan] BSS 44:f9:71:c8:27:97 FREQ: 2462, cFreq1[40:80:160] = [0:0:0] cFreq2 = 0 Country Code = CN
09-30 05:12:35.673 D/LOWI-9.0.0.87.a( 1452): [LOWI-Scan] BSS 44:f9:71:c8:27:97 (wlan0) ASSO: NO AddInfo: 0x1, TSF 0, 02:44:18.310, RSSI: -144, CPL: 127, AGE: 636, SSID zzzzzz, TSFDelta: 0xb7a428b6, TXRate: 0
09-30 05:12:35.674 D/LOWI-9.0.0.87.a( 1452): [LOWI-Scan]
09-30 05:12:35.674 D/LOWI-9.0.0.87.a( 1452): [LOWI-Scan] print_bss_handler: Report beacon TSF 9858315768 as it greater than probe TSF 9858315768
09-30 05:12:35.674 D/LOWI-9.0.0.87.a( 1452): [LOWI-Scan] decode_rsn_wpa_ie: LOWI_ENCRYPTION_TYPE_WPA_PSK
09-30 05:12:35.674 D/LOWI-9.0.0.87.a( 1452): [LOWI-Scan] is_qcom_ie, bss_age: 0
09-30 05:12:35.674 D/LOWI-9.0.0.87.a( 1452): [LOWI-Scan] BSS f8:af:05:82:ca:58 LOWI_PHY_MODE_11AC_VHT40_2G(12), Beacon Interval: 100, LOWI_ENCRYPTION_TYPE_WPA_PSK 11mcRanging: No, ANQP: No, LCI: No, Civic: No, capability(0x1431): ESS Privacy ShortPreamble ShortSlotTime
09-30 05:12:35.674 D/LOWI-9.0.0.87.a( 1452): [LOWI-Scan] BSS f8:af:05:82:ca:58 FREQ: 2462, cFreq1[40:80:160] = [2452:0:0] cFreq2 = 0 Country Code =
09-30 05:12:35.674 D/LOWI-9.0.0.87.a( 1452): [LOWI-Scan] BSS f8:af:05:82:ca:58 (wlan0) ASSO: NO AddInfo: 0x1, TSF 0, 02:44:18.315, RSSI: -156, CPL: 127, AGE: 644, SSID RIO-2.4G-WIFI6, TSFDelta: 0x35710055, TXRate: 0
09-30 05:12:35.674 D/LOWI-9.0.0.87.a( 1452): [LOWI-Scan]
09-30 05:12:35.674 D/LOWI-9.0.0.87.a( 1452): [LOWI-Scan] print_bss_handler: Report beacon TSF 9858322525 as it greater than probe TSF 9858322525
09-30 05:12:35.674 D/LOWI-9.0.0.87.a( 1452): [LOWI-Scan] decode_rsn_wpa_ie: LOWI_ENCRYPTION_TYPE_WPA_PSK
09-30 05:12:35.674 D/LOWI-9.0.0.87.a( 1452): [LOWI-Scan] is_qcom_ie, bss_age: 0
09-30 05:12:35.675 D/LOWI-9.0.0.87.a( 1452): [LOWI-Scan] BSS a4:1a:3a:00:9f:35 LOWI_PHY_MODE_11NG_HT40(7), Beacon Interval: 100, LOWI_ENCRYPTION_TYPE_WPA_PSK 11mcRanging: No, ANQP: No, LCI: No, Civic: No, capability(0x1411): ESS Privacy ShortSlotTime
09-30 05:12:35.675 D/LOWI-9.0.0.87.a( 1452): [LOWI-Scan] BSS a4:1a:3a:00:9f:35 FREQ: 2462, cFreq1[40:80:160] = [2452:0:0] cFreq2 = 0 Country Code = CN
09-30 05:12:35.675 D/LOWI-9.0.0.87.a( 1452): [LOWI-Scan] BSS a4:1a:3a:00:9f:35 (wlan0) ASSO: NO AddInfo: 0x1, TSF 0, 02:44:18.322, RSSI: -144, CPL: 127, AGE: 636, SSID TP-LINK_9F35, TSFDelta: 0x8b11399b, TXRate: 0
09-30 05:12:35.675 D/LOWI-9.0.0.87.a( 1452): [LOWI-Scan]
09-30 05:12:35.675 D/LOWI-9.0.0.87.a( 1452): [LOWI-Scan] print_bss_handler: Report beacon TSF 9858355229 as it greater than probe TSF 9858355229
09-30 05:12:35.675 D/LOWI-9.0.0.87.a( 1452): [LOWI-Scan] decode_rsn_wpa_ie: LOWI_ENCRYPTION_TYPE_WPA_PSK
09-30 05:12:35.675 D/LOWI-9.0.0.87.a( 1452): [LOWI-Scan] is_qcom_ie, bss_age: 0
09-30 05:12:35.675 D/LOWI-9.0.0.87.a( 1452): [LOWI-Scan] BSS b4:cd:27:3f:c9:a3 LOWI_PHY_MODE_11NG_HT20(5), Beacon Interval: 100, LOWI_ENCRYPTION_TYPE_WPA_PSK 11mcRanging: No, ANQP: Yes, LCI: No, Civic: No, capability(0x1631): ESS Privacy ShortPreamble QoS ShortSlotTime
09-30 05:12:35.675 D/LOWI-9.0.0.87.a( 1452): [LOWI-Scan] BSS b4:cd:27:3f:c9:a3 FREQ: 2462, cFreq1[40:80:160] = [0:0:0] cFreq2 = 0 Country Code = CN
09-30 05:12:35.675 D/LOWI-9.0.0.87.a( 1452): [LOWI-Scan] BSS b4:cd:27:3f:c9:a3 (wlan0) ASSO: NO AddInfo: 0x1, TSF 0, 02:44:18.355, RSSI: -152, CPL: 127, AGE: 604, SSID Honor 10, TSFDelta: 0x4476af41, TXRate: 0
09-30 05:12:35.675 D/LOWI-9.0.0.87.a( 1452): [LOWI-Scan]
09-30 05:12:35.675 D/LOWI-9.0.0.87.a( 1452): [LOWI-Scan] print_bss_handler: Report beacon TSF 9858355894 as it greater than probe TSF 9858355894
09-30 05:12:35.675 D/LOWI-9.0.0.87.a( 1452): [LOWI-Scan] decode_rsn_wpa_ie: LOWI_ENCRYPTION_TYPE_WPA_PSK
09-30 05:12:35.676 D/LOWI-9.0.0.87.a( 1452): [LOWI-Scan] is_qcom_ie, bss_age: 0
09-30 05:12:35.676 D/LOWI-9.0.0.87.a( 1452): [LOWI-Scan] BSS d4:5d:64:95:80:70 LOWI_PHY_MODE_11AC_VHT40_2G(12), Beacon Interval: 100, LOWI_ENCRYPTION_TYPE_WPA_PSK 11mcRanging: No, ANQP: Yes, LCI: No, Civic: No, capability(0x1411): ESS Privacy ShortSlotTime
09-30 05:12:35.676 D/LOWI-9.0.0.87.a( 1452): [LOWI-Scan] BSS d4:5d:64:95:80:70 FREQ: 2462, cFreq1[40:80:160] = [2452:0:0] cFreq2 = 0 Country Code = US
09-30 05:12:35.676 D/LOWI-9.0.0.87.a( 1452): [LOWI-Scan] BSS d4:5d:64:95:80:70 (wlan0) ASSO: NO AddInfo: 0x1, TSF 0, 02:44:18.355, RSSI: -144, CPL: 127, AGE: 604, SSID ASUS, TSFDelta: 0x12cd957b, TXRate: 0
09-30 05:12:35.676 D/LOWI-9.0.0.87.a( 1452): [LOWI-Scan]
09-30 05:12:35.676 D/LOWI-9.0.0.87.a( 1452): [LOWI-Scan] print_bss_handler: Report beacon TSF 9858536805 as it greater than probe TSF 9858536805
09-30 05:12:35.676 D/LOWI-9.0.0.87.a( 1452): [LOWI-Scan] decode_rsn_wpa_ie: LOWI_ENCRYPTION_TYPE_WPA_PSK
09-30 05:12:35.676 D/LOWI-9.0.0.87.a( 1452): [LOWI-Scan] is_qcom_ie, bss_age: 0
09-30 05:12:35.676 D/LOWI-9.0.0.87.a( 1452): [LOWI-Scan] BSS 18:6f:2d:80:da:60 LOWI_PHY_MODE_11NG_HT20(5), Beacon Interval: 100, LOWI_ENCRYPTION_TYPE_WPA_PSK 11mcRanging: No, ANQP: No, LCI: No, Civic: No, capability(0x0531): ESS Privacy ShortPreamble SpectrumMgmt ShortSlotTime
09-30 05:12:35.676 D/LOWI-9.0.0.87.a( 1452): [LOWI-Scan] BSS 18:6f:2d:80:da:60 FREQ: 2472, cFreq1[40:80:160] = [2472:0:0] cFreq2 = 0 Country Code = CN
09-30 05:12:35.676 D/LOWI-9.0.0.87.a( 1452): [LOWI-Scan] BSS 18:6f:2d:80:da:60 (wlan0) ASSO: NO AddInfo: 0x1, TSF 0, 02:44:18.536, RSSI: -162, CPL: 127, AGE: 420, SSID Testing , TSFDelta: 0x143bb813, TXRate: 0
09-30 05:12:35.676 D/LOWI-9.0.0.87.a( 1452): [LOWIDiagLog] Log: lowiMeasResult->request: invalid null argument
09-30 05:12:35.676 I/LOWI-9.0.0.87.a( 1452): [LOWI-Scan] lowi_close_record:Scan done in 3865588ms, 75 APs in scan results
09-30 05:12:35.676 D/LOWI-9.0.0.87.a( 1452): [LOWI-Scan] WipsScanUsingNL: passive scan cached 0, took 51617 ms, err 0
09-30 05:12:35.676 D/LOWI-9.0.0.87.a( 1452): [LOWI-Scan] lowi_proc_req_passive_scan_with_live_meas - No WLAN Frames to be parsed
09-30 05:12:35.676 D/LOWI-9.0.0.87.a( 1452): [LOWIScanResultReceiver] Send scan meas to listener
09-30 05:12:35.676 D/LOWI-9.0.0.87.a( 1452): [LOWIScanResultReceiver] Enter passive listening mode
09-30 05:12:35.676 D/LOWI-9.0.0.87.a( 1452): [LOWIWifiDriverInterface] getMeasurements - Passive listening mode
09-30 05:12:35.677 D/LOWI-9.0.0.87.a( 1452): [LOWI-Scan] WipsScanUsingNL:wait -1 sec for netlink message
09-30 05:12:35.677 D/LOWI-9.0.0.87.a( 1452): [LOWIEventReceiver] handleEvent:FROM:NA, TO:NA, REQ:NA, IREQ:NA, REQ_ID:0, RESP:NA, INFO:NA
09-30 05:12:35.677 D/LOWI-9.0.0.87.a( 1452): [LOWIBackgroundScanMgr] isRspForBgScanMgr: evt(LOWI_NO_EVT) - not handled
09-30 05:12:35.677 D/LOWI-9.0.0.87.a( 1452): [LOWIScheduler] manageMsg: NULL results or NULL request in results
09-30 05:12:35.677 D/LOWI-9.0.0.87.a( 1452): [LOWIController] Measurements received
09-30 05:12:35.677 D/LOWI-9.0.0.87.a( 1452): [LOWICacheManager] putInCache:Num of Meas to add: 75
09-30 05:12:35.680 D/LOWI-9.0.0.87.a( 1452): [LOWIController] processMeasurementResults: No current Request. Cache measurements
09-30 05:12:35.680 D/LOWI-9.0.0.87.a( 1452): [LOWIController] sendAsyncScanResponse: Request FreeWifiScanObserver_0 is from a different client.
09-30 05:12:35.680 D/LOWI-9.0.0.87.a( 1452): [LOWIController] generateResponse: Type (ASYNC_DISCOVERY_SCAN_RESULTS) ScanStatus (1) request FreeWifiScanObserver_0
09-30 05:12:35.680 D/LOWI-9.0.0.87.a( 1452): [LOWIEventDispatcher] sendResponse - originator = FreeWifiScanObserver
09-30 05:12:35.680 D/LOWI-9.0.0.87.a( 1452): [LOWIUtils] injectScanMeasurements - num of APs = 75
09-30 05:12:35.681 I/LOWI-9.0.0.87.a( 1452): [LOWIUtils] responseToOutPostcard - TO: FreeWifiScanObserver, FROM: LOWI-SERVER, RESP: LOWI_ASYNC_DISCOVERY_SCAN_RESULTS
09-30 05:12:35.684 D/LOWI-9.0.0.87.a( 1452): [LOWIControllerExtn] sendLOWILpDiscoveryScanResponse: Not a discovery scan response
09-30 05:12:35.828 I/input_interaction( 1131): Interaction with: b38ddc6 com.android.settings/com.android.settings.Settings (server), edge-swipe (server), swipe-up (server), PointerEventDispatcher0 (server),
01-01 15:16:05.889 D/ ( 0): mv2112_read_status
01-01 15:16:05.895 D/mv2112_update_link( 0): 3.0x901(1G): 0x80
01-01 15:16:05.900 D/mv2112_update_link( 0): 3.0x8109(100M): 0x0
01-01 15:16:05.907 D/mv2112_update_link( 0): link 0x0
01-01 15:16:05.912 D/mv2112_read_status( 0): autoneg is disabled
09-30 05:12:35.882 I/mpu_uart( 648): [MSG-P:RECV]:No message received in 1000 ms
09-30 05:12:35.937 E/TaskPersister( 1131): File error accessing recents directory (directory doesn't exist?).
09-30 05:12:36.006 I/OMX-VENC: venc_dev( 1302): stats: avg. fps 41.85, bitrate 714217
09-30 05:12:36.315 D/audio_hw_primary( 804): out_set_parameters: enter: usecase(1: low-latency-playback) kvpairs: suspend_playback=false
09-30 05:12:36.315 D/audio_hw_extn( 804): audio_extn_fm_set_parameters: Enter
09-30 05:12:36.316 D/audio_hw_primary( 804): out_standby: enter: stream (0xf3444330) usecase(1: low-latency-playback)
01-01 15:16:06.381 I/afe_close( 0): port_id = 0x9000
09-30 05:12:36.341 D/audio_hw_primary( 804): disable_audio_route: reset and update mixer path: low-latency-playback
09-30 05:12:36.343 E/soundtrigger( 804): audio_extn_sound_trigger_update_stream_status: invalid input device 0x0, for event 2
09-30 05:12:36.343 D/soundtrigger( 804): audio_extn_sound_trigger_update_stream_status: uc_info->id 1 of type 0 for Event 2, with Raise=0
09-30 05:12:36.343 D/msm8974_platform( 804): platform_split_snd_device: snd_device(2) num devices(0) new_snd_devices(0)
09-30 05:12:36.343 I/msm8974_platform( 804): platform_get_custom_mtmx_params: no matching param with id 0 ip_ch 2 op_ch 2 uc_id 1 snd_dev 2
09-30 05:12:36.343 D/hardware_info( 804): hw_info_append_hw_type : device_name = speaker
09-30 05:12:36.343 D/audio_hw_primary( 804): disable_snd_device: snd_device(2: speaker)
09-30 05:12:36.343 D/msm8974_platform( 804): platform_split_snd_device: snd_device(2) num devices(0) new_snd_devices(0)
09-30 05:12:36.343 I/soundtrigger( 804): audio_extn_sound_trigger_update_device_status: device 0x2 of type 0 for Event 0, with Raise=0
09-30 05:12:36.343 D/audio_hw_primary( 804): out_standby: exit
09-30 05:12:36.883 I/mpu_uart( 648): [MSG-P:RECV]:No message received in 1000 ms
01-01 15:16:06.944 D/ ( 0): mv2112_read_status
01-01 15:16:06.947 D/mv2112_update_link( 0): 3.0x901(1G): 0x80
01-01 15:16:06.953 D/mv2112_update_link( 0): 3.0x8109(100M): 0x0
01-01 15:16:06.959 D/mv2112_update_link( 0): link 0x0
01-01 15:16:06.964 D/mv2112_read_status( 0): autoneg is disabled
09-30 05:12:37.012 I/OMX-VENC: venc_dev( 1302): stats: avg. fps 52.69, bitrate 935408
09-30 05:12:37.175 I/DashboardFragment(31584): onPreferenceTreeClick: onPreferenceTreeClick::com.android.settings.DisplaySettings
09-30 05:12:37.176 I/sysui_multi_action(31584): [757,830,758,4,833,0,854,top_level_display,1089,0]
09-30 05:12:37.177 I/TopLevelSettings(31584): TopLevelSettings: TopLevelSettings::com.android.settings.DisplaySettings
09-30 05:12:37.190 D/audio_hw_primary( 804): start_output_stream: enter: stream(0xf3444330)usecase(1: low-latency-playback) devices(0x2) is_haptic_usecase(0)
09-30 05:12:37.191 E/ANDR-PERF-TARGET( 966): Error: Invalid logical cluster id 0
09-30 05:12:37.191 E/ANDR-PERF-REQUEST( 966): invalid request
09-30 05:12:37.191 E/ANDR-PERF-MPCTL( 966): invalid request, no optimizations performed
09-30 05:12:37.192 E/audio_hw_extn( 804): audio_extn_perf_lock_acquire: Failed to acquire perf lock, err: -1
09-30 05:12:37.192 D/audio_hw_primary( 804): select_devices for use case (low-latency-playback)
09-30 05:12:37.192 I/msm8974_platform( 804): platform_check_and_set_codec_backend_cfg:becf: afe: bitwidth 16, samplerate 48000 channels 2, backend_idx 0 usecase = 1 device (speaker)
09-30 05:12:37.192 D/msm8974_platform( 804): platform_split_snd_device: snd_device(2) num devices(1) new_snd_devices(0)
09-30 05:12:37.192 I/msm8974_platform( 804): platform_check_and_set_codec_backend_cfg: new_snd_devices[0] is 2
09-30 05:12:37.192 I/msm8974_platform( 804): platform_check_codec_backend_cfg:becf: afe: bitwidth 16, samplerate 48000 channels 2, backend_idx 0 usecase = 1 device (speaker)
09-30 05:12:37.194 D/audio_hw_extn( 804): audio_extn_enable_hifi_filter: mixer_value set 0
09-30 05:12:37.194 D/msm8974_platform( 804): platform_check_codec_backend_cfg:becf: updated afe: bitwidth 16, samplerate 48000 channels 2,backend_idx 0 usecase = 1 device (speaker)
09-30 05:12:37.194 D/msm8974_platform( 804): platform_check_codec_backend_cfg:becf: afe: playback on codec device not supporting native playback set default Sample Rate(48k)
09-30 05:12:37.194 I/msm8974_platform( 804): platform_check_codec_backend_cfg:becf: afe: Codec selected backend: 0 updated bit width: 16 and sample rate: 48000
09-30 05:12:37.194 D/audio_hw_primary( 804): check_usecases_codec_backend:becf: force routing 0
09-30 05:12:37.194 E/msm8974_platform( 804): platform_check_backends_match: Invalid snd_device =
09-30 05:12:37.195 D/audio_hw_primary( 804): check_usecases_codec_backend:becf: (78) check_usecases curr device: speaker, usecase device: backends match 0
09-30 05:12:37.195 D/audio_hw_primary( 804): check_usecases_codec_backend:becf: check_usecases num.of Usecases to switch 0
09-30 05:12:37.195 D/hardware_info( 804): hw_info_append_hw_type : device_name = speaker
09-30 05:12:37.195 D/msm8974_platform( 804): platform_split_snd_device: snd_device(2) num devices(0) new_snd_devices(0)
09-30 05:12:37.195 D/audio_hw_primary( 804): enable_snd_device: snd_device(2: speaker)
09-30 05:12:37.195 D/msm8974_platform( 804): platform_get_island_cfg_on_device:island cfg status on snd_device = (speaker 0)
09-30 05:12:37.195 I/soundtrigger( 804): audio_extn_sound_trigger_update_device_status: device 0x2 of type 0 for Event 1, with Raise=0
09-30 05:12:37.195 D/audio_route( 804): Apply path: speaker
09-30 05:12:37.195 I/audio_hw_utils( 804): audio_extn_utils_update_stream_output_app_type_cfg Allowing 24 and above bits playback on speaker ONLY at default sampling rate
09-30 05:12:37.195 E/soundtrigger( 804): audio_extn_sound_trigger_update_stream_status: invalid input device 0x0, for event 3
09-30 05:12:37.195 D/soundtrigger( 804): audio_extn_sound_trigger_update_stream_status: uc_info->id 1 of type 0 for Event 3, with Raise=0
09-30 05:12:37.195 D/audio_hw_utils( 804): audio_extn_utils_send_app_type_cfg: usecase->out_snd_device speaker
09-30 05:12:37.195 D/msm8974_platform( 804): platform_split_snd_device: snd_device(2) num devices(0) new_snd_devices(0)
09-30 05:12:37.196 D/audio_hw_utils( 804): audio_extn_btsco_get_sample_rate:Not a BT SCO device, need not update sampling rate
09-30 05:12:37.196 I/audio_hw_utils( 804): send_app_type_cfg_for_device PLAYBACK app_type 69937, acdb_dev_id 15, sample_rate 48000, snd_device_be_idx 179
09-30 05:12:37.196 D/msm8974_platform( 804): platform_split_snd_device: snd_device(2) num devices(1) new_snd_devices(0)
09-30 05:12:37.196 D/audio_hw_utils( 804): audio_extn_btsco_get_sample_rate:Not a BT SCO device, need not update sampling rate
09-30 05:12:37.196 D/ACDB-LOADER( 804): ACDB -> send_audio_cal, acdb_id = 15, path = 0, app id = 0x11131, sample rate = 48000, afe_sample_rate = 48000
09-30 05:12:37.196 D/ACDB-LOADER( 804): ACDB -> send_asm_topology
09-30 05:12:37.196 D/ACDB-LOADER( 804): ACDB -> ACDB_CMD_GET_AUDPROC_STREAM_TOPOLOGY_ID
09-30 05:12:37.196 D/ACDB-LOADER( 804): ACDB -> send_adm_topology
09-30 05:12:37.196 D/ACDB-LOADER( 804): ACDB -> ACDB_CMD_GET_AUDPROC_COMMON_TOPOLOGY_ID
09-30 05:12:37.197 D/ACDB-LOADER( 804): ACDB -> send_audtable
09-30 05:12:37.197 D/ACDB-LOADER( 804): ACDB -> ACDB_CMD_GET_AUDPROC_INSTANCE_COMMON_TABLE_SIZE
09-30 05:12:37.197 D/ACDB-LOADER( 804): ACDB -> ACDB_CMD_GET_AUDPROC_INSTANCE_COMMON_TABLE
09-30 05:12:37.197 D/ACDB-LOADER( 804): ACDB -> AUDIO_SET_AUDPROC_CAL cal_type[11] acdb_id[15] app_type[69937]
09-30 05:12:37.197 D/ACDB-LOADER( 804): ACDB -> send_audvoltable
09-30 05:12:37.197 D/ACDB-LOADER( 804): ACDB -> ACDB_CMD_GET_AUDPROC_INSTANCE_GAIN_DEP_STEP_TABLE_SIZE
09-30 05:12:37.197 D/ACDB-LOADER( 804): ACDB -> ACDB_CMD_GET_AUDPROC_INSTANCE_GAIN_DEP_STEP_TABLE, vol index 0
09-30 05:12:37.197 D/ACDB-LOADER( 804): ACDB -> AUDIO_SET_VOL_CAL cal type = 12
09-30 05:12:37.197 D/ACDB-LOADER( 804): ACDB -> ACDB_CMD_GET_AUDPROC_INSTANCE_STREAM_TABLE_SIZE
09-30 05:12:37.197 D/ACDB-LOADER( 804): ACDB -> send_audstrmtable
09-30 05:12:37.197 D/ACDB-LOADER( 804): ACDB -> ACDB_CMD_GET_AUDPROC_INSTANCE_STREAM_TABLE
09-30 05:12:37.197 D/ACDB-LOADER( 804): ACDB -> audstrm_cal->cal_type.cal_data.cal_size = 20
09-30 05:12:37.197 D/ACDB-LOADER( 804): ACDB -> send_afe_topology
09-30 05:12:37.197 D/ACDB-LOADER( 804): ACDB -> ACDB_CMD_GET_AFE_TOPOLOGY_ID
09-30 05:12:37.197 D/ACDB-LOADER( 804): ACDB -> GET_AFE_TOPOLOGY_ID for adcd_id 15, Topology Id 112fc
09-30 05:12:37.197 D/ACDB-LOADER( 804): ACDB -> send_afe_cal
09-30 05:12:37.198 D/ACDB-LOADER( 804): ACDB -> ACDB_CMD_GET_AFE_INSTANCE_COMMON_TABLE_SIZE
09-30 05:12:37.198 D/android.hardware.audio.service( 804): Failed to fetch the lookup information of the device 0000000F
09-30 05:12:37.198 D/ACDB-LOADER( 804): Error: ACDB_CMD_GET_AFE_INSTANCE_COMMON_TABLE_SIZE Returned = -19
09-30 05:12:37.198 D/ACDB-LOADER( 804): ACDB -> ACDB_CMD_GET_AFE_INSTANCE_COMMON_TABLE
09-30 05:12:37.198 D/android.hardware.audio.service( 804): Failed to fetch the lookup information of the device 0000000F
09-30 05:12:37.198 D/ACDB-LOADER( 804): Error: ACDB AFE returned = -19
09-30 05:12:37.198 D/ACDB-LOADER( 804): ACDB -> AUDIO_SET_AFE_CAL cal_type[16] acdb_id[15]
09-30 05:12:37.198 D/ACDB-LOADER( 804): ACDB -> send_hw_delay : acdb_id = 15 path = 0
09-30 05:12:37.198 D/ACDB-LOADER( 804): ACDB -> ACDB_AVSYNC_INFO: ACDB_CMD_GET_DEVICE_PROPERTY
09-30 05:12:37.198 D/msm8974_platform( 804): platform_split_snd_device: snd_device(2) num devices(0) new_snd_devices(0)
09-30 05:12:37.198 I/msm8974_platform( 804): platform_get_custom_mtmx_params: no matching param with id 0 ip_ch 2 op_ch 2 uc_id 1 snd_dev 2
09-30 05:12:37.198 D/audio_hw_primary( 804): enable_audio_route: apply mixer and update path: low-latency-playback
09-30 05:12:37.198 D/audio_route( 804): Apply path: low-latency-playback
09-30 05:12:37.200 D/audio_hw_primary( 804): select_devices: done
01-01 15:16:07.255 I/afe_find_cal_topo_id_by_port( 0): port id: 0x9000, dev_acdb_id: 0
01-01 15:16:07.262 I/afe_find_cal_topo_id_by_port( 0): top_id:112fc acdb_id:15 afe_port:0x9000
01-01 15:16:07.270 I/afe_get_cal_topology_id( 0): port_id = 0x9000 acdb_id = 15 topology_id = 0x112fc cal_type_index=8 ret=0
01-01 15:16:07.280 I/afe_send_port_topology_id( 0): AFE set topology id 0x112fc enable for port 0x9000 ret 0
01-01 15:16:07.290 I/send_afe_cal_type( 0): cal_index is 0
01-01 15:16:07.294 I/send_afe_cal_type( 0): dev_acdb_id[55] is 0
01-01 15:16:07.299 I/send_afe_cal_type( 0): Sending cal_index cal 0
01-01 15:16:07.305 E/send_afe_cal_type( 0): No cal sent for cal_index 0, port_id = 0x9000! ret -22
01-01 15:16:07.313 I/afe_send_hw_delay( 0): port_id 0x9000 rate 48000 delay_usec 474 status 0
09-30 05:12:37.292 I/sysui_multi_action(31584): [757,746,758,2,1089,3389]
09-30 05:12:37.297 D/msm8974_platform( 804): platform_set_channel_map mixer_ctl_name:Playback Channel Map9
09-30 05:12:37.298 D/msm8974_platform( 804): platform_set_channel_map: set mapping(1 2 0 0 0 0 0 0) for channel:2
09-30 05:12:37.299 E/audio_hw_extn( 804): audio_extn_perf_lock_release: Perf lock release error
09-30 05:12:37.299 D/audio_hw_primary( 804): start_output_stream: exit
09-30 05:12:37.305 I/TetheringManager(31584): unregisterTetheringEventCallback caller:com.android.settings
09-30 05:12:37.320 D/PrefCtrlListHelper(31584): Could not find Context-only controller for pref: com.android.settings.display.AutoBrightnessPreferenceController
09-30 05:12:37.320 D/PrefCtrlListHelper(31584): Could not find Context-only controller for pref: com.android.settings.security.screenlock.LockScreenPreferenceController
09-30 05:12:37.321 D/PrefCtrlListHelper(31584): Could not find Context-only controller for pref: com.android.settings.display.DarkUIPreferenceController
09-30 05:12:37.328 D/PrefCtrlListHelper(31584): Could not find Context-only controller for pref: com.android.settings.display.FontSizePreferenceController
09-30 05:12:37.328 D/PrefCtrlListHelper(31584): Could not find Context-only controller for pref: com.android.settings.display.NightDisplayPreferenceController
09-30 05:12:37.337 D/PrefCtrlListHelper(31584): Could not find Context-only controller for pref: com.android.settings.display.ColorModePreferenceController
09-30 05:12:37.337 D/PrefCtrlListHelper(31584): Could not find Context-only controller for pref: com.android.settings.display.AutoRotatePreferenceController
09-30 05:12:37.338 D/PrefCtrlListHelper(31584): Could not find Context-only controller for pref: com.android.settings.display.DisplayWhiteBalancePreferenceController
09-30 05:12:37.338 D/PrefCtrlListHelper(31584): Could not find Context-only controller for pref: com.android.settings.display.PeakRefreshRatePreferenceController
09-30 05:12:37.339 D/RefreshRatePrefCtr(31584): DEFAULT_REFRESH_RATE : 60.0 mPeakRefreshRate : 60.0
09-30 05:12:37.343 E/UserRestrictionsUtils( 1131): Unknown restriction queried by uid 1000 (com.thundercomm.mcuupgrade et al): null
09-30 05:12:37.344 E/UserRestrictionsUtils( 1131): Unknown restriction queried by uid 1000 (com.thundercomm.mcuupgrade et al): null
09-30 05:12:37.355 E/UserRestrictionsUtils( 1131): Unknown restriction queried by uid 1000 (com.thundercomm.mcuupgrade et al): null
09-30 05:12:37.371 D/DisplaySettings(31584): NO dashboard tiles for DisplaySettings
09-30 05:12:37.371 D/DisplaySettings(31584): All preferences added, reporting fully drawn
09-30 05:12:37.397 W/ActivityManager( 1131): Receiver with filter android.content.IntentFilter@41a297a already registered for pid 31584, callerPackage is com.android.settings
09-30 05:12:37.418 I/sysui_multi_action(31584): [757,46,758,1,833,0,1089,104]
09-30 05:12:37.444 I/sysui_multi_action(31584): [757,1729,758,4,854,isParalleledControllers:false,1089,130]
09-30 05:12:37.490 D/audio_hw_primary( 804): out_set_parameters: enter: usecase(1: low-latency-playback) kvpairs: suspend_playback=true
09-30 05:12:37.490 D/audio_hw_extn( 804): audio_extn_fm_set_parameters: Enter
09-30 05:12:37.818 I/mpu_uart( 648): [MSG-P:R]:recv sync frame timeout
09-30 05:12:37.883 I/mpu_uart( 648): [MSG-P:RECV]:No message received in 1000 ms
01-01 15:16:07.967 D/ ( 0): mv2112_read_status
01-01 15:16:07.971 D/mv2112_update_link( 0): 3.0x901(1G): 0x80
01-01 15:16:07.976 D/mv2112_update_link( 0): 3.0x8109(100M): 0x0
01-01 15:16:07.982 D/mv2112_update_link( 0): link 0x0
01-01 15:16:07.986 D/mv2112_read_status( 0): autoneg is disabled
09-30 05:12:38.024 I/OMX-VENC: venc_dev( 1302): stats: avg. fps 47.45, bitrate 712962
01-01 15:16:08.166 I/init ( 0): starting service 'qvrd_vndr'...
01-01 15:16:08.178 I/init ( 0): Created socket '/dev/socket/qvrservice_vndr', mode 660, user 1000, group 1000
01-01 15:16:08.191 I/init ( 0): Created socket '/dev/socket/qvrservice_vndr_camera', mode 660, user 1000, group 1000
01-01 15:16:08.237 I/init ( 0): starting service 'sxrd'...
01-01 15:16:08.277 I/init ( 0): starting service 'vendor.camera-provider-2-4'...
09-30 05:12:38.238 F/linker (31774): CANNOT LINK EXECUTABLE "/vendor/bin/hw/qvrservice": library "vendor.qti.hardware.qxr-V1-ndk_platform.so" not found: needed by /vendor/lib64/libqvrservice.so in namespace (default)
09-30 05:12:38.263 F/linker (31775): CANNOT LINK EXECUTABLE "/vendor/bin/hw/sxrservice": library "vendor.qti.hardware.qxr-V1-ndk_platform.so" not found: needed by main executable
01-01 15:16:08.306 I/init ( 0): starting service 'vendor.light-hal-2-0'...
01-01 15:16:08.331 I/init ( 0): Service 'qvrd_vndr' (pid 31774) exited with status 1
01-01 15:16:08.338 I/init ( 0): Sending signal 9 to service 'qvrd_vndr' (pid 31774) process group...
01-01 15:16:08.347 I/libprocessgroup( 0): Successfully killed process cgroup uid 1000 pid 31774 in 0ms
01-01 15:16:08.358 I/init ( 0): Service 'sxrd' (pid 31775) exited with status 1
09-30 05:12:38.331 I/android.hardware.camera.provider@2.4-service(31776): CameraProvider@2.4 legacy service is starting.
09-30 05:12:38.345 I/hwservicemanager( 502): getTransport: Cannot find entry android.hardware.light@2.0::ILight/default in either framework or device VINTF manifest.
09-30 05:12:38.355 E/light (31777): light_open lights keyboard failed: -22
09-30 05:12:38.356 E/light (31777): Light passthrough failed to load legacy HAL.
09-30 05:12:38.359 E/light (31777): light_open lights buttons failed: -22
09-30 05:12:38.359 E/light (31777): Light passthrough failed to load legacy HAL.
09-30 05:12:38.366 E/light (31777): light_open lights bluetooth failed: -22
09-30 05:12:38.366 E/light (31777): Light passthrough failed to load legacy HAL.
09-30 05:12:38.368 E/light (31777): light_open lights wifi failed: -22
09-30 05:12:38.368 E/light (31777): Light passthrough failed to load legacy HAL.
09-30 05:12:38.370 I/hwservicemanager( 502): getTransport: Cannot find entry android.hardware.light@2.0::ILight/default in either framework or device VINTF manifest.
09-30 05:12:38.370 E/HidlServiceManagement(31777): Service android.hardware.light@2.0::ILight/default must be in VINTF manifest in order to register/get.
09-30 05:12:38.370 E/LegacySupport(31777): Could not register service android.hardware.light@2.0::ILight/default (-2147483648).
09-30 05:12:38.433 I/android.hardware.camera.provider@2.4-service_64(31776): vendor/qcom/proprietary/adsprpc/src/rpcmem_android.c:159: rpcmem_init_internal: opened ION device fd 7, configured heap IDs: system (0x2000000), contig (0x400000), secure (0x200), secure flags (0x80080000)
09-30 05:12:38.433 I/android.hardware.camera.provider@2.4-service_64(31776): vendor/qcom/proprietary/adsprpc/src/fastrpc_apps_user.c:3087: fastrpc_apps_user_init done with default domain:3 and &fastrpc_trace:0x740d9d7fa0
09-30 05:12:38.446 I/CamX (31776): [CONFIG][HAL ] camxhal3module.cpp:390 HAL3Module() ***************************************************
09-30 05:12:38.446 I/CamX (31776): [CONFIG][HAL ] camxhal3module.cpp:391 HAL3Module() SHA1: 163bad69f8e118afcbc104e84812da2d6af207e5
09-30 05:12:38.446 I/CamX (31776): [CONFIG][HAL ] camxhal3module.cpp:392 HAL3Module() COMMITID: If4c26b066d3b7b6fb9b42c375f3512c170da45f2
09-30 05:12:38.446 I/CamX (31776): [CONFIG][HAL ] camxhal3module.cpp:393 HAL3Module() BUILD TS: 9/30/2022 3:30:34
09-30 05:12:38.447 I/CamX (31776): [CONFIG][HAL ] camxhal3module.cpp:394 HAL3Module() ***************************************************
09-30 05:12:38.491 D/audio_hw_primary( 804): out_set_parameters: enter: usecase(1: low-latency-playback) kvpairs: suspend_playback=false
09-30 05:12:38.491 V/CamX (31776): [ VERB][CORE ] camxoverridesettingsfile.cpp:385 Initialize() Could not find override settings text file at: /vendor/etc/camera/camxoverridesettings.txt
09-30 05:12:38.491 D/audio_hw_extn( 804): audio_extn_fm_set_parameters: Enter
09-30 05:12:38.491 V/CamX (31776): [ VERB][CORE ] camxoverridesettingsfile.cpp:385 Initialize() Could not find override settings text file at: ./camxoverridesettings.txt
09-30 05:12:38.492 V/CamX (31776): [ VERB][UTILS ] camxhashmap.cpp:210 GetInPlace() Key not found
09-30 05:12:38.492 V/CamX (31776): [ VERB][UTILS ] camxhashmap.cpp:210 GetInPlace() Key not found
09-30 05:12:38.492 V/CamX (31776): [ VERB][UTILS ] camxhashmap.cpp:210 GetInPlace() Key not found
09-30 05:12:38.492 V/CamX (31776): [ VERB][UTILS ] camxhashmap.cpp:210 GetInPlace() Key not found
09-30 05:12:38.492 V/CamX (31776): [ VERB][UTILS ] camxhashmap.cpp:210 GetInPlace() Key not found
09-30 05:12:38.492 V/CamX (31776): [ VERB][UTILS ] camxhashmap.cpp:210 GetInPlace() Key not found
09-30 05:12:38.492 W/audio_hw_primary( 804): out_write: underrun(1267) frames_by_time(48295) > out->last_fifo_frames_remaining(384)
09-30 05:12:38.492 V/CamX (31776): [ VERB][UTILS ] camxhashmap.cpp:210 GetInPlace() Key not found
09-30 05:12:38.494 V/CamX (31776): [ VERB][UTILS ] camxhashmap.cpp:210 GetInPlace() Key not found
09-30 05:12:38.494 V/CamX (31776): [ VERB][UTILS ] camxhashmap.cpp:210 GetInPlace() Key not found
09-30 05:12:38.494 V/CamX (31776): [ VERB][UTILS ] camxhashmap.cpp:210 GetInPlace() Key not found
09-30 05:12:38.494 V/CamX (31776): [ VERB][UTILS ] camxhashmap.cpp:210 GetInPlace() Key not found
09-30 05:12:38.494 V/CamX (31776): [ VERB][UTILS ] camxhashmap.cpp:210 GetInPlace() Key not found
09-30 05:12:38.494 V/CamX (31776): [ VERB][UTILS ] camxhashmap.cpp:210 GetInPlace() Key not found
09-30 05:12:38.494 V/CamX (31776): [ VERB][UTILS ] camxhashmap.cpp:210 GetInPlace() Key not found
09-30 05:12:38.495 V/CamX (31776): [ VERB][UTILS ] camxhashmap.cpp:210 GetInPlace() Key not found
09-30 05:12:38.495 V/CamX (31776): [ VERB][UTILS ] camxhashmap.cpp:210 GetInPlace() Key not found
09-30 05:12:38.495 V/CamX (31776): [ VERB][UTILS ] camxhashmap.cpp:210 GetInPlace() Key not found
09-30 05:12:38.495 V/CamX (31776): [ VERB][UTILS ] camxhashmap.cpp:210 GetInPlace() Key not found
09-30 05:12:38.495 V/CamX (31776): [ VERB][UTILS ] camxhashmap.cpp:210 GetInPlace() Key not found
09-30 05:12:38.495 V/CamX (31776): [ VERB][UTILS ] camxhashmap.cpp:210 GetInPlace() Key not found
09-30 05:12:38.495 V/CamX (31776): [ VERB][UTILS ] camxhashmap.cpp:210 GetInPlace() Key not found
09-30 05:12:38.495 V/CamX (31776): [ VERB][UTILS ] camxhashmap.cpp:210 GetInPlace() Key not found
09-30 05:12:38.495 V/CamX (31776): [ VERB][UTILS ] camxhashmap.cpp:210 GetInPlace() Key not found
09-30 05:12:38.495 V/CamX (31776): [ VERB][UTILS ] camxhashmap.cpp:210 GetInPlace() Key not found
09-30 05:12:38.495 V/CamX (31776): [ VERB][UTILS ] camxhashmap.cpp:210 GetInPlace() Key not found
09-30 05:12:38.495 V/CamX (31776): [ VERB][UTILS ] camxhashmap.cpp:210 GetInPlace() Key not found
09-30 05:12:38.495 V/CamX (31776): [ VERB][UTILS ] camxhashmap.cpp:210 GetInPlace() Key not found
09-30 05:12:38.495 V/CamX (31776): [ VERB][UTILS ] camxhashmap.cpp:210 GetInPlace() Key not found
09-30 05:12:38.495 V/CamX (31776): [ VERB][UTILS ] camxhashmap.cpp:210 GetInPlace() Key not found
09-30 05:12:38.496 V/CamX (31776): [ VERB][UTILS ] camxhashmap.cpp:210 GetInPlace() Key not found
09-30 05:12:38.496 V/CamX (31776): [ VERB][UTILS ] camxhashmap.cpp:210 GetInPlace() Key not found
09-30 05:12:38.496 V/CamX (31776): [ VERB][UTILS ] camxhashmap.cpp:210 GetInPlace() Key not found
09-30 05:12:38.496 V/CamX (31776): [ VERB][UTILS ] camxhashmap.cpp:210 GetInPlace() Key not found
09-30 05:12:38.496 V/CamX (31776): [ VERB][UTILS ] camxhashmap.cpp:210 GetInPlace() Key not found
09-30 05:12:38.496 V/CamX (31776): [ VERB][UTILS ] camxhashmap.cpp:210 GetInPlace() Key not found
09-30 05:12:38.496 V/CamX (31776): [ VERB][UTILS ] camxhashmap.cpp:210 GetInPlace() Key not found
09-30 05:12:38.496 V/CamX (31776): [ VERB][UTILS ] camxhashmap.cpp:210 GetInPlace() Key not found
09-30 05:12:38.496 V/CamX (31776): [ VERB][UTILS ] camxhashmap.cpp:210 GetInPlace() Key not found
09-30 05:12:38.496 V/CamX (31776): [ VERB][UTILS ] camxhashmap.cpp:210 GetInPlace() Key not found
09-30 05:12:38.496 V/CamX (31776): [ VERB][UTILS ] camxhashmap.cpp:210 GetInPlace() Key not found
09-30 05:12:38.496 V/CamX (31776): [ VERB][UTILS ] camxhashmap.cpp:210 GetInPlace() Key not found
09-30 05:12:38.496 V/CamX (31776): [ VERB][UTILS ] camxhashmap.cpp:210 GetInPlace() Key not found
09-30 05:12:38.496 V/CamX (31776): [ VERB][UTILS ] camxhashmap.cpp:210 GetInPlace() Key not found
09-30 05:12:38.496 V/CamX (31776): [ VERB][UTILS ] camxhashmap.cpp:210 GetInPlace() Key not found
09-30 05:12:38.496 V/CamX (31776): [ VERB][UTILS ] camxhashmap.cpp:210 GetInPlace() Key not found
09-30 05:12:38.496 V/CamX (31776): [ VERB][UTILS ] camxhashmap.cpp:210 GetInPlace() Key not found
09-30 05:12:38.496 V/CamX (31776): [ VERB][UTILS ] camxhashmap.cpp:210 GetInPlace() Key not found
09-30 05:12:38.496 V/CamX (31776): [ VERB][UTILS ] camxhashmap.cpp:210 GetInPlace() Key not found
09-30 05:12:38.497 V/CamX (31776): [ VERB][UTILS ] camxhashmap.cpp:210 GetInPlace() Key not found
09-30 05:12:38.497 V/CamX (31776): [ VERB][UTILS ] camxhashmap.cpp:210 GetInPlace() Key not found
09-30 05:12:38.497 V/CamX (31776): [ VERB][UTILS ] camxhashmap.cpp:210 GetInPlace() Key not found
09-30 05:12:38.497 V/CamX (31776): [ VERB][UTILS ] camxhashmap.cpp:210 GetInPlace() Key not found
09-30 05:12:38.497 V/CamX (31776): [ VERB][UTILS ] camxhashmap.cpp:210 GetInPlace() Key not found
09-30 05:12:38.497 V/CamX (31776): [ VERB][UTILS ] camxhashmap.cpp:210 GetInPlace() Key not found
09-30 05:12:38.497 V/CamX (31776): [ VERB][UTILS ] camxhashmap.cpp:210 GetInPlace() Key not found
09-30 05:12:38.497 V/CamX (31776): [ VERB][UTILS ] camxhashmap.cpp:210 GetInPlace() Key not found
09-30 05:12:38.497 V/CamX (31776): [ VERB][UTILS ] camxhashmap.cpp:210 GetInPlace() Key not found
09-30 05:12:38.497 V/CamX (31776): [ VERB][UTILS ] camxhashmap.cpp:210 GetInPlace() Key not found
09-30 05:12:38.497 V/CamX (31776): [ VERB][UTILS ] camxhashmap.cpp:210 GetInPlace() Key not found
09-30 05:12:38.497 V/CamX (31776): [ VERB][UTILS ] camxhashmap.cpp:210 GetInPlace() Key not found
09-30 05:12:38.497 V/CamX (31776): [ VERB][UTILS ] camxhashmap.cpp:210 GetInPlace() Key not found
09-30 05:12:38.497 V/CamX (31776): [ VERB][UTILS ] camxhashmap.cpp:210 GetInPlace() Key not found
09-30 05:12:38.497 V/CamX (31776): [ VERB][UTILS ] camxhashmap.cpp:210 GetInPlace() Key not found
09-30 05:12:38.497 V/CamX (31776): [ VERB][UTILS ] camxhashmap.cpp:210 GetInPlace() Key not found
09-30 05:12:38.497 V/CamX (31776): [ VERB][UTILS ] camxhashmap.cpp:210 GetInPlace() Key not found
09-30 05:12:38.497 V/CamX (31776): [ VERB][UTILS ] camxhashmap.cpp:210 GetInPlace() Key not found
09-30 05:12:38.497 V/CamX (31776): [ VERB][UTILS ] camxhashmap.cpp:210 GetInPlace() Key not found
09-30 05:12:38.497 V/CamX (31776): [ VERB][UTILS ] camxhashmap.cpp:210 GetInPlace() Key not found
09-30 05:12:38.497 V/CamX (31776): [ VERB][UTILS ] camxhashmap.cpp:210 GetInPlace() Key not found
09-30 05:12:38.497 V/CamX (31776): [ VERB][UTILS ] camxhashmap.cpp:210 GetInPlace() Key not found
09-30 05:12:38.497 V/CamX (31776): [ VERB][UTILS ] camxhashmap.cpp:210 GetInPlace() Key not found
09-30 05:12:38.497 V/CamX (31776): [ VERB][UTILS ] camxhashmap.cpp:210 GetInPlace() Key not found
09-30 05:12:38.497 V/CamX (31776): [ VERB][UTILS ] camxhashmap.cpp:210 GetInPlace() Key not found
09-30 05:12:38.497 V/CamX (31776): [ VERB][UTILS ] camxhashmap.cpp:210 GetInPlace() Key not found
09-30 05:12:38.497 V/CamX (31776): [ VERB][UTILS ] camxhashmap.cpp:210 GetInPlace() Key not found
09-30 05:12:38.497 V/CamX (31776): [ VERB][UTILS ] camxhashmap.cpp:210 GetInPlace() Key not found
09-30 05:12:38.497 V/CamX (31776): [ VERB][UTILS ] camxhashmap.cpp:210 GetInPlace() Key not found
09-30 05:12:38.497 V/CamX (31776): [ VERB][UTILS ] camxhashmap.cpp:210 GetInPlace() Key not found
09-30 05:12:38.498 V/CamX (31776): [ VERB][UTILS ] camxhashmap.cpp:210 GetInPlace() Key not found
09-30 05:12:38.498 V/CamX (31776): [ VERB][UTILS ] camxhashmap.cpp:210 GetInPlace() Key not found
09-30 05:12:38.498 V/CamX (31776): [ VERB][UTILS ] camxhashmap.cpp:210 GetInPlace() Key not found
09-30 05:12:38.498 V/CamX (31776): [ VERB][UTILS ] camxhashmap.cpp:210 GetInPlace() Key not found
09-30 05:12:38.498 V/CamX (31776): [ VERB][UTILS ] camxhashmap.cpp:210 GetInPlace() Key not found
09-30 05:12:38.498 V/CamX (31776): [ VERB][UTILS ] camxhashmap.cpp:210 GetInPlace() Key not found
09-30 05:12:38.498 V/CamX (31776): [ VERB][UTILS ] camxhashmap.cpp:210 GetInPlace() Key not found
09-30 05:12:38.498 V/CamX (31776): [ VERB][UTILS ] camxhashmap.cpp:210 GetInPlace() Key not found
09-30 05:12:38.498 V/CamX (31776): [ VERB][UTILS ] camxhashmap.cpp:210 GetInPlace() Key not found
09-30 05:12:38.498 V/CamX (31776): [ VERB][UTILS ] camxhashmap.cpp:210 GetInPlace() Key not found
09-30 05:12:38.498 V/CamX (31776): [ VERB][UTILS ] camxhashmap.cpp:210 GetInPlace() Key not found
09-30 05:12:38.498 V/CamX (31776): [ VERB][UTILS ] camxhashmap.cpp:210 GetInPlace() Key not found
09-30 05:12:38.498 V/CamX (31776): [ VERB][UTILS ] camxhashmap.cpp:210 GetInPlace() Key not found
09-30 05:12:38.498 V/CamX (31776): [ VERB][UTILS ] camxhashmap.cpp:210 GetInPlace() Key not found
09-30 05:12:38.498 V/CamX (31776): [ VERB][UTILS ] camxhashmap.cpp:210 GetInPlace() Key not found
09-30 05:12:38.498 V/CamX (31776): [ VERB][UTILS ] camxhashmap.cpp:210 GetInPlace() Key not found
09-30 05:12:38.498 V/CamX (31776): [ VERB][UTILS ] camxhashmap.cpp:210 GetInPlace() Key not found
09-30 05:12:38.498 V/CamX (31776): [ VERB][UTILS ] camxhashmap.cpp:210 GetInPlace() Key not found
09-30 05:12:38.498 V/CamX (31776): [ VERB][UTILS ] camxhashmap.cpp:210 GetInPlace() Key not found
09-30 05:12:38.498 V/CamX (31776): [ VERB][UTILS ] camxhashmap.cpp:210 GetInPlace() Key not found
09-30 05:12:38.498 V/CamX (31776): [ VERB][UTILS ] camxhashmap.cpp:210 GetInPlace() Key not found
09-30 05:12:38.498 V/CamX (31776): [ VERB][UTILS ] camxhashmap.cpp:210 GetInPlace() Key not found
09-30 05:12:38.498 V/CamX (31776): [ VERB][UTILS ] camxhashmap.cpp:210 GetInPlace() Key not found
09-30 05:12:38.498 V/CamX (31776): [ VERB][UTILS ] camxhashmap.cpp:210 GetInPlace() Key not found
09-30 05:12:38.498 V/CamX (31776): [ VERB][UTILS ] camxhashmap.cpp:210 GetInPlace() Key not found
09-30 05:12:38.498 V/CamX (31776): [ VERB][UTILS ] camxhashmap.cpp:210 GetInPlace() Key not found
09-30 05:12:38.498 V/CamX (31776): [ VERB][UTILS ] camxhashmap.cpp:210 GetInPlace() Key not found
09-30 05:12:38.498 V/CamX (31776): [ VERB][UTILS ] camxhashmap.cpp:210 GetInPlace() Key not found
09-30 05:12:38.498 V/CamX (31776): [ VERB][UTILS ] camxhashmap.cpp:210 GetInPlace() Key not found
09-30 05:12:38.498 V/CamX (31776): [ VERB][UTILS ] camxhashmap.cpp:210 GetInPlace() Key not found
09-30 05:12:38.498 V/CamX (31776): [ VERB][UTILS ] camxhashmap.cpp:210 GetInPlace() Key not found
09-30 05:12:38.499 V/CamX (31776): [ VERB][UTILS ] camxhashmap.cpp:210 GetInPlace() Key not found
09-30 05:12:38.499 V/CamX (31776): [ VERB][UTILS ] camxhashmap.cpp:210 GetInPlace() Key not found
09-30 05:12:38.499 V/CamX (31776): [ VERB][UTILS ] camxhashmap.cpp:210 GetInPlace() Key not found
09-30 05:12:38.499 V/CamX (31776): [ VERB][UTILS ] camxhashmap.cpp:210 GetInPlace() Key not found
09-30 05:12:38.499 V/CamX (31776): [ VERB][UTILS ] camxhashmap.cpp:210 GetInPlace() Key not found
09-30 05:12:38.499 V/CamX (31776): [ VERB][UTILS ] camxhashmap.cpp:210 GetInPlace() Key not found
09-30 05:12:38.499 V/CamX (31776): [ VERB][UTILS ] camxhashmap.cpp:210 GetInPlace() Key not found
09-30 05:12:38.499 V/CamX (31776): [ VERB][UTILS ] camxhashmap.cpp:210 GetInPlace() Key not found
09-30 05:12:38.499 V/CamX (31776): [ VERB][UTILS ] camxhashmap.cpp:210 GetInPlace() Key not found
09-30 05:12:38.499 V/CamX (31776): [ VERB][UTILS ] camxhashmap.cpp:210 GetInPlace() Key not found
09-30 05:12:38.499 V/CamX (31776): [ VERB][UTILS ] camxhashmap.cpp:210 GetInPlace() Key not found
09-30 05:12:38.499 V/CamX (31776): [ VERB][UTILS ] camxhashmap.cpp:210 GetInPlace() Key not found
09-30 05:12:38.499 V/CamX (31776): [ VERB][UTILS ] camxhashmap.cpp:210 GetInPlace() Key not found
09-30 05:12:38.499 V/CamX (31776): [ VERB][UTILS ] camxhashmap.cpp:210 GetInPlace() Key not found
09-30 05:12:38.499 V/CamX (31776): [ VERB][UTILS ] camxhashmap.cpp:210 GetInPlace() Key not found
09-30 05:12:38.499 V/CamX (31776): [ VERB][UTILS ] camxhashmap.cpp:210 GetInPlace() Key not found
09-30 05:12:38.499 V/CamX (31776): [ VERB][UTILS ] camxhashmap.cpp:210 GetInPlace() Key not found
09-30 05:12:38.499 V/CamX (31776): [ VERB][UTILS ] camxhashmap.cpp:210 GetInPlace() Key not found
09-30 05:12:38.499 V/CamX (31776): [ VERB][UTILS ] camxhashmap.cpp:210 GetInPlace() Key not found
09-30 05:12:38.499 V/CamX (31776): [ VERB][UTILS ] camxhashmap.cpp:210 GetInPlace() Key not found
09-30 05:12:38.499 V/CamX (31776): [ VERB][UTILS ] camxhashmap.cpp:210 GetInPlace() Key not found
09-30 05:12:38.499 V/CamX (31776): [ VERB][UTILS ] camxhashmap.cpp:210 GetInPlace() Key not found
09-30 05:12:38.499 V/CamX (31776): [ VERB][UTILS ] camxhashmap.cpp:210 GetInPlace() Key not found
09-30 05:12:38.499 V/CamX (31776): [ VERB][UTILS ] camxhashmap.cpp:210 GetInPlace() Key not found
09-30 05:12:38.499 V/CamX (31776): [ VERB][UTILS ] camxhashmap.cpp:210 GetInPlace() Key not found
09-30 05:12:38.499 V/CamX (31776): [ VERB][UTILS ] camxhashmap.cpp:210 GetInPlace() Key not found
09-30 05:12:38.499 V/CamX (31776): [ VERB][UTILS ] camxhashmap.cpp:210 GetInPlace() Key not found
09-30 05:12:38.499 V/CamX (31776): [ VERB][UTILS ] camxhashmap.cpp:210 GetInPlace() Key not found
09-30 05:12:38.499 V/CamX (31776): [ VERB][UTILS ] camxhashmap.cpp:210 GetInPlace() Key not found
09-30 05:12:38.499 V/CamX (31776): [ VERB][UTILS ] camxhashmap.cpp:210 GetInPlace() Key not found
09-30 05:12:38.500 V/CamX (31776): [ VERB][UTILS ] camxhashmap.cpp:210 GetInPlace() Key not found
09-30 05:12:38.500 V/CamX (31776): [ VERB][UTILS ] camxhashmap.cpp:210 GetInPlace() Key not found
09-30 05:12:38.500 V/CamX (31776): [ VERB][UTILS ] camxhashmap.cpp:210 GetInPlace() Key not found
09-30 05:12:38.500 V/CamX (31776): [ VERB][UTILS ] camxhashmap.cpp:210 GetInPlace() Key not found
09-30 05:12:38.500 V/CamX (31776): [ VERB][UTILS ] camxhashmap.cpp:210 GetInPlace() Key not found
09-30 05:12:38.500 V/CamX (31776): [ VERB][UTILS ] camxhashmap.cpp:210 GetInPlace() Key not found
09-30 05:12:38.500 V/CamX (31776): [ VERB][UTILS ] camxhashmap.cpp:210 GetInPlace() Key not found
09-30 05:12:38.500 V/CamX (31776): [ VERB][UTILS ] camxhashmap.cpp:210 GetInPlace() Key not found
09-30 05:12:38.500 V/CamX (31776): [ VERB][UTILS ] camxhashmap.cpp:210 GetInPlace() Key not found
09-30 05:12:38.500 V/CamX (31776): [ VERB][UTILS ] camxhashmap.cpp:210 GetInPlace() Key not found
09-30 05:12:38.500 V/CamX (31776): [ VERB][UTILS ] camxhashmap.cpp:210 GetInPlace() Key not found
