09-30 04:43:51.520 I/liblog (27056): 2
09-30 04:43:51.520 I/liblog (27056): 3
09-30 04:43:51.520 I/liblog (27056): 3
09-30 04:43:51.520 I/liblog (27056): 4
09-30 04:43:51.520 I/liblog (27056): 6
09-30 04:43:51.520 I/liblog (27056): 3
09-30 04:43:51.520 I/liblog (27056): 4
09-30 04:43:51.520 I/liblog (27056): 3
09-30 04:43:51.521 I/liblog (27056): 16
09-30 04:43:51.521 I/liblog (27056): 3
09-30 04:43:51.521 I/liblog (27056): 3
09-30 04:43:51.521 I/liblog (27056): 3
09-30 04:43:51.521 I/liblog (27056): 6
09-30 04:43:51.521 I/liblog (27056): 9
09-30 04:43:51.521 I/liblog (27056): 3
09-30 04:43:51.521 I/liblog (27056): 3
09-30 04:43:51.522 I/liblog (27056): 4
09-30 04:43:51.522 I/liblog (27056): 4
09-30 04:43:51.522 I/liblog (27056): 16
09-30 04:43:51.522 I/liblog (27056): 3
09-30 04:43:51.522 I/liblog (27056): 2
09-30 04:43:51.522 I/liblog (27056): 2
09-30 04:43:51.522 I/liblog (27056): 2
09-30 04:43:51.522 I/liblog (27056): 2
09-30 04:43:51.522 I/liblog (27056): 2
09-30 04:43:51.522 I/liblog (27056): 2
09-30 04:43:51.522 I/liblog (27056): 3
09-30 04:43:51.522 I/liblog (27056): 2
09-30 04:43:51.522 I/liblog (27056): 3
09-30 04:43:51.522 I/liblog (27056): 2
09-30 04:43:51.523 I/liblog (27056): 7
09-30 04:43:51.523 I/liblog (27056): 3
09-30 04:43:51.523 I/liblog (27056): 2
09-30 04:43:51.523 I/liblog (27056): 2
09-30 04:43:51.523 I/liblog (27056): 2
09-30 04:43:51.523 I/liblog (27056): 2
09-30 04:43:51.523 I/liblog (27056): 2
09-30 04:43:51.523 I/liblog (27056): 4
09-30 04:43:51.523 I/liblog (27056): 4
09-30 04:43:51.523 I/liblog (27056): 3
09-30 04:43:51.523 I/liblog (27056): 2
09-30 04:43:51.523 I/liblog (27056): 4
09-30 04:43:51.523 I/liblog (27056): 2
09-30 04:43:51.523 I/liblog (27056): 4
09-30 04:43:51.523 I/liblog (27056): 2
09-30 04:43:51.523 I/liblog (27056): 2
09-30 04:43:51.524 I/liblog (27056): 3
09-30 04:43:51.524 I/liblog (27056): 2
09-30 04:43:51.524 I/liblog (27056): 2
09-30 04:43:51.524 I/liblog (27056): 3
09-30 04:43:51.524 I/liblog (27056): 4
09-30 04:43:51.524 I/liblog (27056): 1
09-30 04:43:51.524 I/liblog (27056): 2
09-30 04:43:51.524 I/liblog (27056): 9
09-30 04:43:51.524 I/liblog (27056): 2
09-30 04:43:51.524 I/liblog (27056): 1
09-30 04:43:51.525 I/liblog (27056): 2
09-30 04:43:51.525 I/liblog (27056): 2
09-30 04:43:51.525 I/liblog (27056): 2
09-30 04:43:51.525 I/liblog (27056): 2
09-30 04:43:51.525 I/liblog (27056): 1
09-30 04:43:51.525 I/liblog (27056): 2
09-30 04:43:51.525 I/liblog (27056): 2
09-30 04:43:51.525 I/liblog (27056): 2
09-30 04:43:51.912 I/notification_enqueue( 1131): [10093,22426,com.android.music,1,NULL,0,Notification(channel=Channel-music shortcut=null contentView=null vibrate=null sound=null defaults=0x0 flags=0x2 color=0x00000000 category=transport actions=3 vis=PRIVATE),1]
09-30 04:43:52.114 I/sysui_multi_action( 1131): [757,1501,758,1,793,24521,794,0,795,205,796,1,806,com.android.music,857,Channel-music,858,2,947,0,1500,0,1641,transport,1688,1,1745,1043716538]
09-30 04:43:52.115 I/sysui_multi_action( 1131): [757,804,799,note_interruptive,801,0,802,1]
09-30 04:43:52.147 I/dropbox_file_copy( 1131): [/data/tombstones/tombstone_08,98304,SYSTEM_TOMBSTONE]
09-30 04:43:52.251 I/commit_sys_config_file( 1131): [log-files,8087670]
09-30 04:43:52.271 I/commit_sys_config_file( 1131): [log-files,8087690]
09-30 04:43:56.452 I/am_uid_idle( 1131): 10020
09-30 04:43:56.580 I/liblog (27077): 2
09-30 04:43:56.580 I/liblog (27077): 4
09-30 04:43:56.580 I/liblog (27077): 2
09-30 04:43:56.580 I/liblog (27077): 2
09-30 04:43:56.580 I/liblog (27077): 4
09-30 04:43:56.581 I/liblog (27077): 14
09-30 04:43:56.581 I/liblog (27077): 3
09-30 04:43:56.581 I/liblog (27077): 2
09-30 04:43:56.581 I/liblog (27077): 2
09-30 04:43:56.581 I/liblog (27077): 2
09-30 04:43:56.581 I/liblog (27077): 2
09-30 04:43:56.581 I/liblog (27077): 2
09-30 04:43:56.581 I/liblog (27077): 4
09-30 04:43:56.581 I/liblog (27077): 7
09-30 04:43:56.581 I/liblog (27077): 3
09-30 04:43:56.581 I/liblog (27077): 2
09-30 04:43:56.582 I/liblog (27077): 2
09-30 04:43:56.582 I/liblog (27077): 3
09-30 04:43:56.582 I/liblog (27077): 2
09-30 04:43:56.582 I/liblog (27077): 2
09-30 04:43:56.582 I/liblog (27077): 2
09-30 04:43:56.582 I/liblog (27077): 1
09-30 04:43:56.582 I/liblog (27077): 2
09-30 04:43:56.582 I/liblog (27077): 2
09-30 04:43:56.582 I/liblog (27077): 2
09-30 04:43:56.582 I/liblog (27077): 2
09-30 04:43:56.582 I/liblog (27077): 2
09-30 04:43:56.582 I/liblog (27077): 2
09-30 04:43:56.582 I/liblog (27077): 4
09-30 04:43:56.582 I/liblog (27077): 1
09-30 04:43:56.583 I/liblog (27077): 1
09-30 04:43:56.583 I/liblog (27077): 2
09-30 04:43:56.583 I/liblog (27077): 2
09-30 04:43:56.583 I/liblog (27077): 3
09-30 04:43:56.583 I/liblog (27077): 2
09-30 04:43:56.583 I/liblog (27077): 2
09-30 04:43:56.583 I/liblog (27077): 2
09-30 04:43:56.583 I/liblog (27077): 2
09-30 04:43:56.583 I/liblog (27077): 3
09-30 04:43:56.583 I/liblog (27077): 2
09-30 04:43:56.583 I/liblog (27077): 2
09-30 04:43:56.583 I/liblog (27077): 4
09-30 04:43:56.583 I/liblog (27077): 2
09-30 04:43:56.583 I/liblog (27077): 13
09-30 04:43:56.583 I/liblog (27077): 3
09-30 04:43:56.583 I/liblog (27077): 2
09-30 04:43:56.583 I/liblog (27077): 2
09-30 04:43:56.584 I/liblog (27077): 2
09-30 04:43:56.584 I/liblog (27077): 4
09-30 04:43:56.584 I/liblog (27077): 2
09-30 04:43:56.584 I/liblog (27077): 1
09-30 04:43:56.584 I/liblog (27077): 4
09-30 04:43:56.584 I/liblog (27077): 4
09-30 04:43:56.584 I/liblog (27077): 3
09-30 04:43:56.584 I/liblog (27077): 2
09-30 04:43:56.584 I/liblog (27077): 2
09-30 04:43:56.584 I/liblog (27077): 1
09-30 04:43:56.584 I/liblog (27077): 1
09-30 04:43:56.584 I/liblog (27077): 1
09-30 04:43:56.584 I/liblog (27077): 2
09-30 04:43:56.584 I/liblog (27077): 2
09-30 04:43:56.584 I/liblog (27077): 2
09-30 04:43:56.584 I/liblog (27077): 2
09-30 04:43:56.584 I/liblog (27077): 2
09-30 04:43:56.584 I/liblog (27077): 2
09-30 04:43:56.585 I/liblog (27077): 2
09-30 04:43:56.585 I/liblog (27077): 4
09-30 04:43:56.585 I/liblog (27077): 2
09-30 04:43:56.585 I/liblog (27077): 2
09-30 04:43:56.585 I/liblog (27077): 2
09-30 04:43:56.585 I/liblog (27077): 3
09-30 04:43:56.585 I/liblog (27077): 2
09-30 04:43:56.585 I/liblog (27077): 2
09-30 04:43:56.585 I/liblog (27077): 2
09-30 04:43:56.585 I/liblog (27077): 2
09-30 04:43:56.585 I/liblog (27077): 7
09-30 04:43:56.585 I/liblog (27077): 2
09-30 04:43:56.585 I/liblog (27077): 1
09-30 04:43:56.586 I/liblog (27077): 24
09-30 04:43:57.171 I/dropbox_file_copy( 1131): [/data/tombstones/tombstone_09,98304,SYSTEM_TOMBSTONE]
09-30 04:43:57.181 I/commit_sys_config_file( 1131): [log-files,8092601]
09-30 04:43:57.201 I/commit_sys_config_file( 1131): [log-files,8092620]
09-30 04:43:57.298 I/am_freeze( 1131): [18450,com.qti.diagservices]
09-30 04:43:57.307 I/am_kill ( 1131): [0,18450,com.qti.diagservices,965,Unable to freeze binder interface]
09-30 04:43:57.406 I/am_proc_died( 1131): [0,18450,com.qti.diagservices,965,10]
09-30 04:43:57.408 I/am_schedule_service_restart( 1131): [0,com.qti.diagservices/.QTIDiagServices,1000]
09-30 04:43:58.522 I/am_proc_start( 1131): [0,27086,1000,com.qti.diagservices,service,{com.qti.diagservices/com.qti.diagservices.QTIDiagServices}]
09-30 04:43:58.639 I/am_proc_bound( 1131): [0,27086,com.qti.diagservices]
09-30 04:44:01.647 I/liblog (27107): 171
09-30 04:44:01.647 I/liblog (27107): 4
09-30 04:44:01.647 I/liblog (27107): 11
09-30 04:44:01.647 I/liblog (27107): 3
09-30 04:44:01.648 I/liblog (27107): 3
09-30 04:44:01.648 I/liblog (27107): 3
09-30 04:44:01.648 I/liblog (27107): 41
09-30 04:44:01.650 I/liblog (27107): 85
09-30 04:44:01.650 I/liblog (27107): 3
09-30 04:44:01.650 I/liblog (27107): 2
09-30 04:44:01.650 I/liblog (27107): 8
09-30 04:44:01.650 I/liblog (27107): 4
09-30 04:44:01.650 I/liblog (27107): 3
09-30 04:44:01.650 I/liblog (27107): 4
09-30 04:44:01.651 I/liblog (27107): 4
09-30 04:44:01.651 I/liblog (27107): 3
09-30 04:44:01.651 I/liblog (27107): 4
09-30 04:44:01.651 I/liblog (27107): 6
09-30 04:44:01.651 I/liblog (27107): 3
09-30 04:44:01.651 I/liblog (27107): 4
09-30 04:44:01.651 I/liblog (27107): 3
09-30 04:44:01.651 I/liblog (27107): 3
09-30 04:44:01.651 I/liblog (27107): 3
09-30 04:44:01.652 I/liblog (27107): 16
09-30 04:44:01.652 I/liblog (27107): 3
09-30 04:44:01.652 I/liblog (27107): 10
09-30 04:44:01.652 I/liblog (27107): 3
09-30 04:44:01.652 I/liblog (27107): 5
09-30 04:44:01.652 I/liblog (27107): 4
09-30 04:44:01.653 I/liblog (27107): 3
09-30 04:44:01.653 I/liblog (27107): 6
09-30 04:44:01.653 I/liblog (27107): 4
09-30 04:44:01.653 I/liblog (27107): 3
09-30 04:44:01.653 I/liblog (27107): 3
09-30 04:44:01.653 I/liblog (27107): 3
09-30 04:44:01.653 I/liblog (27107): 4
09-30 04:44:01.653 I/liblog (27107): 4
09-30 04:44:01.653 I/liblog (27107): 8
09-30 04:44:01.653 I/liblog (27107): 3
09-30 04:44:01.653 I/liblog (27107): 3
09-30 04:44:01.653 I/liblog (27107): 6
09-30 04:44:01.654 I/liblog (27107): 6
09-30 04:44:01.654 I/liblog (27107): 6
09-30 04:44:01.654 I/liblog (27107): 4
09-30 04:44:01.654 I/liblog (27107): 6
09-30 04:44:01.654 I/liblog (27107): 3
09-30 04:44:01.654 I/liblog (27107): 4
09-30 04:44:01.654 I/liblog (27107): 3
09-30 04:44:01.654 I/liblog (27107): 4
09-30 04:44:01.654 I/liblog (27107): 3
09-30 04:44:01.654 I/liblog (27107): 7
09-30 04:44:01.654 I/liblog (27107): 6
09-30 04:44:01.655 I/liblog (27107): 3
09-30 04:44:02.280 I/dropbox_file_copy( 1131): [/data/tombstones/tombstone_10,98304,SYSTEM_TOMBSTONE]
09-30 04:44:02.286 I/commit_sys_config_file( 1131): [log-files,8097705]
09-30 04:44:02.307 I/commit_sys_config_file( 1131): [log-files,8097726]
09-30 04:44:05.871 I/am_freeze( 1131): [19278,com.qualcomm.qti.qccauthmgr]
09-30 04:44:05.881 I/am_kill ( 1131): [0,19278,com.qualcomm.qti.qccauthmgr,945,Unable to freeze binder interface]
09-30 04:44:06.003 I/am_proc_died( 1131): [0,19278,com.qualcomm.qti.qccauthmgr,945,19]
09-30 04:44:06.005 I/am_uid_stopped( 1131): 10087
09-30 04:44:06.689 I/liblog (27119): 17
09-30 04:44:06.689 I/liblog (27119): 4
09-30 04:44:06.689 I/liblog (27119): 4
09-30 04:44:06.689 I/liblog (27119): 2
09-30 04:44:06.689 I/liblog (27119): 3
09-30 04:44:06.689 I/liblog (27119): 4
09-30 04:44:06.689 I/liblog (27119): 2
09-30 04:44:06.689 I/liblog (27119): 3
09-30 04:44:06.689 I/liblog (27119): 2
09-30 04:44:06.689 I/liblog (27119): 6
09-30 04:44:06.689 I/liblog (27119): 2
09-30 04:44:06.689 I/liblog (27119): 3
09-30 04:44:06.689 I/liblog (27119): 4
09-30 04:44:06.690 I/liblog (27119): 2
09-30 04:44:06.690 I/liblog (27119): 4
09-30 04:44:06.690 I/liblog (27119): 2
09-30 04:44:06.690 I/liblog (27119): 2
09-30 04:44:06.690 I/liblog (27119): 3
09-30 04:44:06.690 I/liblog (27119): 12
09-30 04:44:06.690 I/liblog (27119): 20
09-30 04:44:06.691 I/liblog (27119): 4
09-30 04:44:06.691 I/liblog (27119): 2
09-30 04:44:06.691 I/liblog (27119): 3
09-30 04:44:06.691 I/liblog (27119): 4
09-30 04:44:06.691 I/liblog (27119): 2
09-30 04:44:06.691 I/liblog (27119): 3
09-30 04:44:06.691 I/liblog (27119): 3
09-30 04:44:06.691 I/liblog (27119): 4
09-30 04:44:06.691 I/liblog (27119): 4
09-30 04:44:06.691 I/liblog (27119): 2
09-30 04:44:06.691 I/liblog (27119): 11
09-30 04:44:06.691 I/liblog (27119): 4
09-30 04:44:06.692 I/liblog (27119): 3
09-30 04:44:06.692 I/liblog (27119): 2
09-30 04:44:06.692 I/liblog (27119): 4
09-30 04:44:06.692 I/liblog (27119): 2
09-30 04:44:06.692 I/liblog (27119): 3
09-30 04:44:06.692 I/liblog (27119): 4
09-30 04:44:06.692 I/liblog (27119): 4
09-30 04:44:06.692 I/liblog (27119): 2
09-30 04:44:06.692 I/liblog (27119): 4
09-30 04:44:06.692 I/liblog (27119): 8
09-30 04:44:06.692 I/liblog (27119): 3
09-30 04:44:06.692 I/liblog (27119): 3
09-30 04:44:06.693 I/liblog (27119): 4
09-30 04:44:06.693 I/liblog (27119): 6
09-30 04:44:06.693 I/liblog (27119): 2
09-30 04:44:06.693 I/liblog (27119): 2
09-30 04:44:06.693 I/liblog (27119): 4
09-30 04:44:06.693 I/liblog (27119): 3
09-30 04:44:06.694 I/liblog (27119): 42
09-30 04:44:06.694 I/liblog (27119): 8
09-30 04:44:06.694 I/liblog (27119): 3
09-30 04:44:06.694 I/liblog (27119): 3
09-30 04:44:06.694 I/liblog (27119): 7
09-30 04:44:06.694 I/liblog (27119): 3
09-30 04:44:06.695 I/liblog (27119): 2
09-30 04:44:06.695 I/liblog (27119): 12
09-30 04:44:06.695 I/liblog (27119): 4
09-30 04:44:06.695 I/liblog (27119): 2
09-30 04:44:06.695 I/liblog (27119): 4
09-30 04:44:06.695 I/liblog (27119): 11
09-30 04:44:06.695 I/liblog (27119): 4
09-30 04:44:06.695 I/liblog (27119): 2
09-30 04:44:06.696 I/liblog (27119): 27
09-30 04:44:06.696 I/liblog (27119): 3
09-30 04:44:06.696 I/liblog (27119): 3
09-30 04:44:06.696 I/liblog (27119): 3
09-30 04:44:06.696 I/liblog (27119): 3
09-30 04:44:06.696 I/liblog (27119): 8
09-30 04:44:06.697 I/liblog (27119): 15
09-30 04:44:06.697 I/liblog (27119): 3
09-30 04:44:06.697 I/liblog (27119): 3
09-30 04:44:06.697 I/liblog (27119): 6
09-30 04:44:06.697 I/liblog (27119): 3
09-30 04:44:06.697 I/liblog (27119): 6
09-30 04:44:06.697 I/liblog (27119): 3
09-30 04:44:06.697 I/liblog (27119): 7
09-30 04:44:06.698 I/liblog (27119): 18
09-30 04:44:06.698 I/liblog (27119): 3
09-30 04:44:06.698 I/liblog (27119): 4
09-30 04:44:06.698 I/liblog (27119): 3
09-30 04:44:06.698 I/liblog (27119): 3
09-30 04:44:06.698 I/liblog (27119): 3
09-30 04:44:06.698 I/liblog (27119): 3
09-30 04:44:06.698 I/liblog (27119): 3
09-30 04:44:06.698 I/liblog (27119): 6
09-30 04:44:06.698 I/liblog (27119): 4
09-30 04:44:07.270 I/dropbox_file_copy( 1131): [/data/tombstones/tombstone_11,98304,SYSTEM_TOMBSTONE]
09-30 04:44:07.279 I/commit_sys_config_file( 1131): [log-files,8102698]
09-30 04:44:07.298 I/commit_sys_config_file( 1131): [log-files,8102717]
09-30 04:44:11.802 I/liblog (27130): 2
09-30 04:44:11.802 I/liblog (27130): 4
09-30 04:44:11.802 I/liblog (27130): 11
09-30 04:44:11.802 I/liblog (27130): 3
09-30 04:44:11.803 I/liblog (27130): 4
09-30 04:44:11.803 I/liblog (27130): 3
09-30 04:44:11.803 I/liblog (27130): 3
09-30 04:44:11.803 I/liblog (27130): 1
09-30 04:44:11.803 I/liblog (27130): 3
09-30 04:44:11.804 I/liblog (27130): 92
09-30 04:44:11.804 I/liblog (27130): 4
09-30 04:44:11.805 I/liblog (27130): 6
09-30 04:44:11.805 I/liblog (27130): 3
09-30 04:44:11.805 I/liblog (27130): 4
09-30 04:44:11.805 I/liblog (27130): 6
09-30 04:44:11.805 I/liblog (27130): 3
09-30 04:44:11.805 I/liblog (27130): 4
09-30 04:44:11.805 I/liblog (27130): 8
09-30 04:44:11.805 I/liblog (27130): 6
09-30 04:44:11.806 I/liblog (27130): 4
09-30 04:44:11.806 I/liblog (27130): 4
09-30 04:44:11.806 I/liblog (27130): 5
09-30 04:44:11.806 I/liblog (27130): 5
09-30 04:44:11.806 I/liblog (27130): 5
09-30 04:44:11.806 I/liblog (27130): 5
09-30 04:44:11.806 I/liblog (27130): 4
09-30 04:44:11.806 I/liblog (27130): 4
09-30 04:44:11.806 I/liblog (27130): 3
09-30 04:44:11.806 I/liblog (27130): 3
09-30 04:44:11.806 I/liblog (27130): 3
09-30 04:44:11.806 I/liblog (27130): 8
09-30 04:44:11.806 I/liblog (27130): 5
09-30 04:44:11.807 I/liblog (27130): 9
09-30 04:44:11.807 I/liblog (27130): 3
09-30 04:44:11.807 I/liblog (27130): 11
09-30 04:44:11.807 I/liblog (27130): 4
09-30 04:44:11.807 I/liblog (27130): 4
09-30 04:44:11.807 I/liblog (27130): 4
09-30 04:44:11.807 I/liblog (27130): 4
09-30 04:44:11.807 I/liblog (27130): 4
09-30 04:44:11.808 I/liblog (27130): 4
09-30 04:44:11.808 I/liblog (27130): 4
09-30 04:44:11.808 I/liblog (27130): 14
09-30 04:44:11.808 I/liblog (27130): 3
09-30 04:44:11.808 I/liblog (27130): 8
09-30 04:44:11.808 I/liblog (27130): 4
09-30 04:44:11.808 I/liblog (27130): 4
09-30 04:44:11.808 I/liblog (27130): 4
09-30 04:44:11.809 I/liblog (27130): 7
09-30 04:44:11.809 I/liblog (27130): 4
09-30 04:44:11.809 I/liblog (27130): 9
09-30 04:44:11.809 I/liblog (27130): 9
09-30 04:44:11.809 I/liblog (27130): 5
09-30 04:44:11.809 I/liblog (27130): 4
09-30 04:44:11.809 I/liblog (27130): 7
09-30 04:44:11.809 I/liblog (27130): 4
09-30 04:44:11.809 I/liblog (27130): 5
09-30 04:44:11.810 I/liblog (27130): 5
09-30 04:44:11.810 I/liblog (27130): 4
09-30 04:44:11.810 I/liblog (27130): 7
09-30 04:44:11.810 I/liblog (27130): 10
09-30 04:44:11.810 I/liblog (27130): 5
09-30 04:44:11.810 I/liblog (27130): 8
09-30 04:44:11.810 I/liblog (27130): 10
09-30 04:44:11.811 I/liblog (27130): 15
09-30 04:44:11.811 I/liblog (27130): 5
09-30 04:44:11.811 I/liblog (27130): 6
09-30 04:44:11.811 I/liblog (27130): 4
09-30 04:44:11.811 I/liblog (27130): 2
09-30 04:44:12.404 I/dropbox_file_copy( 1131): [/data/tombstones/tombstone_12,98304,SYSTEM_TOMBSTONE]
09-30 04:44:12.414 I/commit_sys_config_file( 1131): [log-files,8107833]
09-30 04:44:12.432 I/commit_sys_config_file( 1131): [log-files,8107851]
09-30 04:44:16.820 I/liblog (27141): 1
09-30 04:44:16.820 I/liblog (27141): 4
09-30 04:44:16.820 I/liblog (27141): 3
09-30 04:44:16.820 I/liblog (27141): 3
09-30 04:44:16.821 I/liblog (27141): 4
09-30 04:44:16.821 I/liblog (27141): 4
09-30 04:44:16.821 I/liblog (27141): 6
09-30 04:44:16.821 I/liblog (27141): 4
09-30 04:44:16.821 I/liblog (27141): 4
09-30 04:44:16.821 I/liblog (27141): 4
09-30 04:44:16.821 I/liblog (27141): 4
09-30 04:44:16.823 I/liblog (27141): 117
09-30 04:44:16.823 I/liblog (27141): 4
09-30 04:44:16.823 I/liblog (27141): 4
09-30 04:44:16.823 I/liblog (27141): 3
09-30 04:44:16.823 I/liblog (27141): 13
09-30 04:44:16.823 I/liblog (27141): 4
09-30 04:44:16.824 I/liblog (27141): 4
09-30 04:44:16.824 I/liblog (27141): 4
09-30 04:44:16.824 I/liblog (27141): 8
09-30 04:44:16.824 I/liblog (27141): 4
09-30 04:44:16.824 I/liblog (27141): 4
09-30 04:44:16.824 I/liblog (27141): 3
09-30 04:44:16.824 I/liblog (27141): 3
09-30 04:44:16.824 I/liblog (27141): 3
09-30 04:44:16.824 I/liblog (27141): 10
09-30 04:44:16.824 I/liblog (27141): 4
09-30 04:44:16.825 I/liblog (27141): 9
09-30 04:44:16.825 I/liblog (27141): 3
09-30 04:44:16.825 I/liblog (27141): 4
09-30 04:44:16.825 I/liblog (27141): 4
09-30 04:44:16.827 I/liblog (27141): 123
09-30 04:44:16.827 I/liblog (27141): 5
09-30 04:44:16.827 I/liblog (27141): 4
09-30 04:44:16.827 I/liblog (27141): 4
09-30 04:44:16.827 I/liblog (27141): 7
09-30 04:44:16.827 I/liblog (27141): 4
09-30 04:44:16.827 I/liblog (27141): 3
09-30 04:44:16.827 I/liblog (27141): 4
09-30 04:44:16.827 I/liblog (27141): 5
09-30 04:44:16.827 I/liblog (27141): 4
09-30 04:44:16.828 I/liblog (27141): 3
09-30 04:44:16.828 I/liblog (27141): 20
09-30 04:44:16.828 I/liblog (27141): 4
09-30 04:44:16.828 I/liblog (27141): 7
09-30 04:44:16.828 I/liblog (27141): 6
09-30 04:44:16.828 I/liblog (27141): 4
09-30 04:44:16.828 I/liblog (27141): 4
09-30 04:44:16.829 I/liblog (27141): 31
09-30 04:44:16.829 I/liblog (27141): 20
09-30 04:44:16.830 I/liblog (27141): 18
09-30 04:44:17.392 I/dropbox_file_copy( 1131): [/data/tombstones/tombstone_13,98304,SYSTEM_TOMBSTONE]
09-30 04:44:17.401 I/commit_sys_config_file( 1131): [log-files,8112820]
09-30 04:44:17.420 I/commit_sys_config_file( 1131): [log-files,8112839]
09-30 04:44:21.600 I/am_pss ( 1131): [22426,10093,com.android.music,37814272,29360128,0,168861696,0,10,14]
09-30 04:44:21.619 I/am_pss ( 1131): [26391,10035,com.android.documentsui,56936448,48349184,0,188624896,0,16,15]
09-30 04:44:21.632 I/am_pss ( 1131): [27086,1000,com.qti.diagservices,6726656,4018176,0,95682560,0,10,10]
09-30 04:44:21.643 I/am_pss ( 1131): [26437,10033,com.android.externalstorage,7105536,4378624,0,99983360,0,19,10]
09-30 04:44:21.922 I/liblog (27152): 20
09-30 04:44:21.922 I/liblog (27152): 3
09-30 04:44:21.922 I/liblog (27152): 3
09-30 04:44:21.922 I/liblog (27152): 6
09-30 04:44:21.923 I/liblog (27152): 6
09-30 04:44:21.923 I/liblog (27152): 3
09-30 04:44:21.923 I/liblog (27152): 3
09-30 04:44:21.923 I/liblog (27152): 8
09-30 04:44:21.923 I/liblog (27152): 7
09-30 04:44:21.923 I/liblog (27152): 3
09-30 04:44:21.923 I/liblog (27152): 7
09-30 04:44:21.923 I/liblog (27152): 4
09-30 04:44:21.923 I/liblog (27152): 4
09-30 04:44:21.924 I/liblog (27152): 28
09-30 04:44:21.924 I/liblog (27152): 3
09-30 04:44:21.924 I/liblog (27152): 5
09-30 04:44:21.924 I/liblog (27152): 3
09-30 04:44:21.924 I/liblog (27152): 3
09-30 04:44:21.924 I/liblog (27152): 3
09-30 04:44:21.924 I/liblog (27152): 1
09-30 04:44:21.925 I/liblog (27152): 2
09-30 04:44:21.925 I/liblog (27152): 1
09-30 04:44:21.925 I/liblog (27152): 1
09-30 04:44:21.925 I/liblog (27152): 1
09-30 04:44:21.925 I/liblog (27152): 5
09-30 04:44:21.925 I/liblog (27152): 2
09-30 04:44:21.925 I/liblog (27152): 9
09-30 04:44:21.926 I/liblog (27152): 2
09-30 04:44:21.926 I/liblog (27152): 12
09-30 04:44:21.926 I/liblog (27152): 2
09-30 04:44:21.926 I/liblog (27152): 2
09-30 04:44:21.926 I/liblog (27152): 1
09-30 04:44:21.926 I/liblog (27152): 2
09-30 04:44:21.926 I/liblog (27152): 1
09-30 04:44:21.927 I/liblog (27152): 2
09-30 04:44:21.927 I/liblog (27152): 2
09-30 04:44:21.927 I/liblog (27152): 1
09-30 04:44:21.927 I/liblog (27152): 1
09-30 04:44:21.927 I/liblog (27152): 1
09-30 04:44:21.927 I/liblog (27152): 1
09-30 04:44:21.927 I/liblog (27152): 1
09-30 04:44:21.927 I/liblog (27152): 1
09-30 04:44:21.927 I/liblog (27152): 2
09-30 04:44:21.928 I/liblog (27152): 1
09-30 04:44:21.928 I/liblog (27152): 2
09-30 04:44:21.928 I/liblog (27152): 3
09-30 04:44:21.928 I/liblog (27152): 6
09-30 04:44:21.928 I/liblog (27152): 4
09-30 04:44:21.928 I/liblog (27152): 8
09-30 04:44:21.928 I/liblog (27152): 4
09-30 04:44:21.928 I/liblog (27152): 3
09-30 04:44:21.928 I/liblog (27152): 3
09-30 04:44:21.928 I/liblog (27152): 4
09-30 04:44:21.929 I/liblog (27152): 9
09-30 04:44:21.929 I/liblog (27152): 23
09-30 04:44:21.929 I/liblog (27152): 4
09-30 04:44:21.929 I/liblog (27152): 5
09-30 04:44:21.929 I/liblog (27152): 5
09-30 04:44:21.930 I/liblog (27152): 5
09-30 04:44:21.930 I/liblog (27152): 5
09-30 04:44:21.930 I/liblog (27152): 4
09-30 04:44:21.930 I/liblog (27152): 8
09-30 04:44:21.930 I/liblog (27152): 5
09-30 04:44:21.930 I/liblog (27152): 4
09-30 04:44:21.930 I/liblog (27152): 5
09-30 04:44:21.930 I/liblog (27152): 4
09-30 04:44:21.930 I/liblog (27152): 4
09-30 04:44:21.930 I/liblog (27152): 4
09-30 04:44:21.931 I/liblog (27152): 32
09-30 04:44:21.931 I/liblog (27152): 4
09-30 04:44:21.931 I/liblog (27152): 7
09-30 04:44:21.931 I/liblog (27152): 4
09-30 04:44:21.931 I/liblog (27152): 4
09-30 04:44:21.932 I/liblog (27152): 3
09-30 04:44:21.932 I/liblog (27152): 8
09-30 04:44:21.932 I/liblog (27152): 4
09-30 04:44:21.932 I/liblog (27152): 6
09-30 04:44:21.932 I/liblog (27152): 6
09-30 04:44:21.932 I/liblog (27152): 3
09-30 04:44:21.932 I/liblog (27152): 3
09-30 04:44:21.932 I/liblog (27152): 7
09-30 04:44:21.933 I/liblog (27152): 4
09-30 04:44:21.933 I/liblog (27152): 3
09-30 04:44:21.933 I/liblog (27152): 3
09-30 04:44:21.933 I/liblog (27152): 6
09-30 04:44:21.933 I/liblog (27152): 3
09-30 04:44:21.933 I/liblog (27152): 6
09-30 04:44:21.933 I/liblog (27152): 3
09-30 04:44:21.933 I/liblog (27152): 4
09-30 04:44:21.934 I/liblog (27152): 3
09-30 04:44:22.511 I/dropbox_file_copy( 1131): [/data/tombstones/tombstone_14,98304,SYSTEM_TOMBSTONE]
09-30 04:44:22.515 I/commit_sys_config_file( 1131): [log-files,8117935]
09-30 04:44:22.534 I/commit_sys_config_file( 1131): [log-files,8117954]
09-30 04:44:23.578 I/sysui_multi_action( 1131): [757,222,758,1]
09-30 04:44:23.581 I/am_uid_running( 1131): 10070
09-30 04:44:23.606 I/input_focus( 1131): [Focus request 96face7 com.android.launcher3/com.android.launcher3.uioverrides.QuickstepLauncher,reason=UpdateInputWindows]
09-30 04:44:23.630 I/input_focus( 1131): [Focus leaving 47d1890 NotificationShade (server),reason=NOT_FOCUSABLE]
09-30 04:44:23.630 I/input_focus( 1131): [Focus entering 96face7 com.android.launcher3/com.android.launcher3.uioverrides.QuickstepLauncher (server),reason=setFocusedWindow]
09-30 04:44:23.675 I/am_proc_start( 1131): [0,27161,10070,com.android.deskclock,service,{com.android.deskclock/com.android.deskclock.Screensaver}]
09-30 04:44:23.818 I/notification_enqueue( 1131): [10086,26853,com.android.systemui,2048,NULL,0,Notification(channel=updateNotification shortcut=null contentView=null vibrate=null sound=null defaults=0x0 flags=0x0 color=0x00000000 vis=PRIVATE),1]
09-30 04:44:23.818 I/sysui_multi_action(26853): [757,111,758,2]
09-30 04:44:23.819 I/sysui_multi_action(26853): [757,111,758,2]
09-30 04:44:23.826 I/sysui_multi_action(26853): [757,111,758,1]
09-30 04:44:23.826 I/sysui_multi_action(26853): [757,126,758,1,759,126,927,0,928,1,1593,0]
09-30 04:44:23.827 I/sysui_multi_action(26853): [757,113,758,1,759,113,927,1,928,0,1593,0]
09-30 04:44:23.827 I/sysui_multi_action(26853): [757,0,758,1,759,0,927,2,928,0,1593,0]
09-30 04:44:23.827 I/sysui_multi_action(26853): [757,0,758,1,759,0,927,3,928,0,1593,0]
09-30 04:44:23.827 I/sysui_multi_action(26853): [757,1706,758,1,759,1706,927,4,928,0,1593,0]
09-30 04:44:23.830 I/sysui_multi_action(26853): [757,491,758,1,759,491,927,5,928,0,1311,-1,1593,0]
09-30 04:44:23.830 I/sysui_multi_action(26853): [757,0,758,1,759,0,927,6,928,0,1593,0]
09-30 04:44:23.830 I/sysui_multi_action(26853): [757,0,758,1,759,0,927,7,1593,0]
09-30 04:44:23.831 I/sysui_multi_action(26853): [757,114,758,1,759,114,927,8,928,0,1593,0]
09-30 04:44:23.831 I/sysui_multi_action(26853): [757,111,758,1]
09-30 04:44:23.831 I/sysui_multi_action(26853): [757,126,758,1,759,126,927,0,928,1,1593,0]
09-30 04:44:23.832 I/sysui_multi_action(26853): [757,113,758,1,759,113,927,1,928,0,1593,0]
09-30 04:44:23.832 I/sysui_multi_action(26853): [757,0,758,1,759,0,927,2,928,0,1593,0]
09-30 04:44:23.832 I/sysui_multi_action(26853): [757,0,758,1,759,0,927,3,928,0,1593,0]
09-30 04:44:23.836 I/am_proc_bound( 1131): [0,27161,com.android.deskclock]
09-30 04:44:23.841 I/am_uid_active( 1131): 10070
09-30 04:44:23.956 I/wm_task_created( 1131): [96,-1]
09-30 04:44:23.963 I/wm_task_moved( 1131): [96,1,10]
09-30 04:44:23.963 I/wm_task_to_front( 1131): [0,96]
09-30 04:44:23.963 I/notification_enqueue( 1131): [10086,26853,com.android.systemui,2048,NULL,0,Notification(channel=updateNotification shortcut=null contentView=null vibrate=null sound=null defaults=0x0 flags=0x0 color=0x00000000 vis=PRIVATE),1]
09-30 04:44:23.964 I/sysui_multi_action(26853): [757,111,758,2]
09-30 04:44:23.964 I/wm_create_task( 1131): [0,96]
09-30 04:44:23.964 I/wm_create_activity( 1131): [0,182245060,96,com.android.deskclock/android.service.dreams.DreamActivity,NULL,NULL,NULL,276824064]
09-30 04:44:23.964 I/wm_task_moved( 1131): [96,1,10]
09-30 04:44:23.964 I/sysui_multi_action(26853): [757,111,758,2]
09-30 04:44:23.965 I/wm_on_top_resumed_lost_called( 2464): [176028021,com.android.launcher3.uioverrides.QuickstepLauncher,topStateChangedWhenResumed]
09-30 04:44:23.967 I/wm_pause_activity( 1131): [0,176028021,com.android.launcher3/.uioverrides.QuickstepLauncher,userLeaving=true,pauseBackTasks]
09-30 04:44:23.976 I/sysui_multi_action(26853): [757,111,758,1]
09-30 04:44:23.977 I/sysui_multi_action(26853): [757,126,758,1,759,126,927,0,928,1,1593,1]
09-30 04:44:23.977 I/wm_on_paused_called( 2464): [176028021,com.android.launcher3.uioverrides.QuickstepLauncher,performPause]
09-30 04:44:23.977 I/sysui_multi_action(26853): [757,113,758,1,759,113,927,1,928,0,1593,1]
09-30 04:44:23.978 I/sysui_multi_action(26853): [757,0,758,1,759,0,927,2,928,0,1593,1]
09-30 04:44:23.978 I/sysui_multi_action(26853): [757,0,758,1,759,0,927,3,928,0,1593,1]
09-30 04:44:23.978 I/sysui_multi_action(26853): [757,1706,758,1,759,1706,927,4,928,0,1593,1]
09-30 04:44:23.980 I/sysui_multi_action(26853): [757,491,758,1,759,491,927,5,928,0,1311,-1,1593,0]
09-30 04:44:23.980 I/sysui_multi_action(26853): [757,0,758,1,759,0,927,6,928,0,1593,0]
09-30 04:44:23.980 I/sysui_multi_action(26853): [757,0,758,1,759,0,927,7,1593,0]
09-30 04:44:23.981 I/sysui_multi_action(26853): [757,114,758,1,759,114,927,8,928,0,1593,0]
09-30 04:44:23.981 I/sysui_multi_action(26853): [757,111,758,1]
09-30 04:44:23.982 I/sysui_multi_action(26853): [757,126,758,1,759,126,927,0,928,1,1593,1]
09-30 04:44:23.982 I/sysui_multi_action(26853): [757,113,758,1,759,113,927,1,928,0,1593,1]
09-30 04:44:23.982 I/sysui_multi_action(26853): [757,0,758,1,759,0,927,2,928,0,1593,1]
09-30 04:44:23.983 I/sysui_multi_action(26853): [757,0,758,1,759,0,927,3,928,0,1593,1]
09-30 04:44:23.994 I/wm_add_to_stopping( 1131): [0,176028021,com.android.launcher3/.uioverrides.QuickstepLauncher,makeInvisible]
09-30 04:44:23.995 I/wm_restart_activity( 1131): [0,182245060,96,com.android.deskclock/android.service.dreams.DreamActivity]
09-30 04:44:23.997 I/wm_set_resumed_activity( 1131): [0,com.android.deskclock/android.service.dreams.DreamActivity,minimalResumeActivityLocked]
09-30 04:44:24.010 I/sysui_multi_action( 1131): [757,803,799,window_time_0,802,41]
09-30 04:44:24.018 I/input_focus( 1131): [Focus leaving 96face7 com.android.launcher3/com.android.launcher3.uioverrides.QuickstepLauncher (server),reason=NO_WINDOW]
09-30 04:44:24.020 I/sysui_multi_action( 1131): [757,1501,758,1,793,8114822,794,0,795,203,796,2048,806,com.android.systemui,857,updateNotification,858,3,947,0,1500,0,1688,1]
09-30 04:44:24.021 I/sysui_multi_action( 1131): [757,804,799,note_interruptive,801,0,802,1]
09-30 04:44:24.021 I/sysui_multi_action( 1131): [757,199,758,1,759,2,793,8114823,794,0,795,204,796,2048,806,com.android.systemui,857,updateNotification,858,3,947,0,1500,1,1688,1]
09-30 04:44:24.021 I/notification_alert( 1131): [0|com.android.systemui|2048|null|10086,0,1,0]
09-30 04:44:24.031 I/sysui_multi_action(26853): [757,111,758,2]
09-30 04:44:24.031 I/notification_enqueue( 1131): [10086,26853,com.android.systemui,2048,NULL,0,Notification(channel=updateNotification shortcut=null contentView=null vibrate=null sound=null defaults=0x0 flags=0x0 color=0x00000000 vis=PRIVATE),1]
09-30 04:44:24.031 I/sysui_multi_action(26853): [757,111,758,2]
09-30 04:44:24.043 I/sysui_multi_action(26853): [757,111,758,1]
09-30 04:44:24.043 I/sysui_multi_action(26853): [757,126,758,1,759,126,927,0,928,1,1593,0]
09-30 04:44:24.043 I/sysui_multi_action(26853): [757,113,758,1,759,113,927,1,928,0,1593,0]
09-30 04:44:24.044 I/sysui_multi_action(26853): [757,0,758,1,759,0,927,2,928,0,1593,0]
09-30 04:44:24.044 I/sysui_multi_action(26853): [757,0,758,1,759,0,927,3,928,0,1593,0]
09-30 04:44:24.044 I/sysui_multi_action(26853): [757,1706,758,1,759,1706,927,4,928,0,1593,0]
09-30 04:44:24.046 I/sysui_multi_action(26853): [757,491,758,1,759,491,927,5,928,0,1311,-1,1593,0]
09-30 04:44:24.046 I/sysui_multi_action(26853): [757,0,758,1,759,0,927,6,928,0,1593,0]
09-30 04:44:24.046 I/sysui_multi_action(26853): [757,0,758,1,759,0,927,7,1593,0]
09-30 04:44:24.046 I/sysui_multi_action(26853): [757,114,758,1,759,114,927,8,928,0,1593,0]
09-30 04:44:24.047 I/sysui_multi_action(26853): [757,111,758,1]
09-30 04:44:24.047 I/sysui_multi_action(26853): [757,126,758,1,759,126,927,0,928,1,1593,0]
09-30 04:44:24.047 I/sysui_multi_action(26853): [757,113,758,1,759,113,927,1,928,0,1593,0]
09-30 04:44:24.048 I/sysui_multi_action(26853): [757,0,758,1,759,0,927,2,928,0,1593,0]
09-30 04:44:24.048 I/sysui_multi_action(26853): [757,0,758,1,759,0,927,3,928,0,1593,0]
09-30 04:44:24.056 I/wm_on_create_called(27161): [182245060,android.service.dreams.DreamActivity,performCreate]
09-30 04:44:24.058 I/wm_on_start_called(27161): [182245060,android.service.dreams.DreamActivity,handleStartActivity]
09-30 04:44:24.060 I/wm_on_resume_called(27161): [182245060,android.service.dreams.DreamActivity,RESUME_ACTIVITY]
09-30 04:44:24.085 I/notification_enqueue( 1131): [10086,26853,com.android.systemui,2048,NULL,0,Notification(channel=updateNotification shortcut=null contentView=null vibrate=null sound=null defaults=0x0 flags=0x0 color=0x00000000 vis=PRIVATE),1]
09-30 04:44:24.085 I/sysui_multi_action(26853): [757,111,758,2]
09-30 04:44:24.086 I/sysui_multi_action(26853): [757,111,758,2]
09-30 04:44:24.090 I/wm_on_top_resumed_gained_called(27161): [182245060,android.service.dreams.DreamActivity,topStateChangedWhenResumed]
09-30 04:44:24.095 I/sysui_multi_action(26853): [757,111,758,1]
09-30 04:44:24.096 I/sysui_multi_action(26853): [757,126,758,1,759,126,927,0,928,1,1593,0]
09-30 04:44:24.096 I/sysui_multi_action(26853): [757,113,758,1,759,113,927,1,928,0,1593,0]
09-30 04:44:24.096 I/sysui_multi_action(26853): [757,0,758,1,759,0,927,2,928,0,1593,0]
09-30 04:44:24.097 I/sysui_multi_action(26853): [757,0,758,1,759,0,927,3,928,0,1593,0]
09-30 04:44:24.097 I/sysui_multi_action(26853): [757,1706,758,1,759,1706,927,4,928,0,1593,0]
09-30 04:44:24.101 I/sysui_multi_action(26853): [757,491,758,1,759,491,927,5,928,0,1311,-1,1593,0]
09-30 04:44:24.101 I/sysui_multi_action(26853): [757,0,758,1,759,0,927,6,928,0,1593,0]
09-30 04:44:24.101 I/sysui_multi_action(26853): [757,0,758,1,759,0,927,7,1593,0]
09-30 04:44:24.102 I/sysui_multi_action(26853): [757,114,758,1,759,114,927,8,928,0,1593,0]
09-30 04:44:24.102 I/sysui_multi_action(26853): [757,111,758,1]
09-30 04:44:24.102 I/sysui_multi_action(26853): [757,126,758,1,759,126,927,0,928,1,1593,0]
09-30 04:44:24.102 I/sysui_multi_action(26853): [757,113,758,1,759,113,927,1,928,0,1593,0]
09-30 04:44:24.103 I/sysui_multi_action(26853): [757,0,758,1,759,0,927,2,928,0,1593,0]
09-30 04:44:24.105 I/sysui_multi_action(26853): [757,0,758,1,759,0,927,3,928,0,1593,0]
09-30 04:44:24.146 I/input_focus( 1131): [Focus request 1001dd5 com.android.deskclock/android.service.dreams.DreamActivity,reason=UpdateInputWindows]
09-30 04:44:24.156 I/notification_enqueue( 1131): [10086,26853,com.android.systemui,2048,NULL,0,Notification(channel=updateNotification shortcut=null contentView=null vibrate=null sound=null defaults=0x0 flags=0x0 color=0x00000000 vis=PRIVATE),1]
09-30 04:44:24.156 I/sysui_multi_action(26853): [757,111,758,2]
09-30 04:44:24.157 I/sysui_multi_action(26853): [757,111,758,2]
09-30 04:44:24.171 I/sysui_multi_action(26853): [757,196,758,2,759,0]
09-30 04:44:24.171 I/sysui_status_bar_state(26853): [0,0,1,0,0,1]
09-30 04:44:24.278 I/sysui_multi_action(26853): [757,111,758,1]
09-30 04:44:24.279 I/sysui_multi_action(26853): [757,126,758,1,759,126,927,0,928,1,1593,1]
09-30 04:44:24.279 I/sysui_multi_action(26853): [757,113,758,1,759,113,927,1,928,0,1593,1]
09-30 04:44:24.279 I/sysui_multi_action(26853): [757,0,758,1,759,0,927,2,928,0,1593,1]
09-30 04:44:24.279 I/sysui_multi_action(26853): [757,0,758,1,759,0,927,3,928,0,1593,1]
09-30 04:44:24.280 I/sysui_multi_action(26853): [757,1706,758,1,759,1706,927,4,928,0,1593,1]
09-30 04:44:24.280 I/sysui_multi_action(26853): [757,491,758,1,759,491,927,5,928,0,1311,-1,1593,0]
09-30 04:44:24.281 I/sysui_multi_action(26853): [757,0,758,1,759,0,927,6,928,0,1593,0]
09-30 04:44:24.281 I/sysui_multi_action(26853): [757,0,758,1,759,0,927,7,1593,0]
09-30 04:44:24.281 I/sysui_multi_action(26853): [757,114,758,1,759,114,927,8,928,0,1593,0]
09-30 04:44:24.281 I/sysui_multi_action(26853): [757,111,758,1]
09-30 04:44:24.281 I/sysui_multi_action(26853): [757,126,758,1,759,126,927,0,928,1,1593,1]
09-30 04:44:24.282 I/sysui_multi_action(26853): [757,113,758,1,759,113,927,1,928,0,1593,1]
09-30 04:44:24.282 I/sysui_multi_action(26853): [757,0,758,1,759,0,927,2,928,0,1593,1]
09-30 04:44:24.282 I/sysui_multi_action(26853): [757,0,758,1,759,0,927,3,928,0,1593,1]
09-30 04:44:24.305 I/sysui_multi_action( 1131): [319,332,322,329,325,8167,757,761,758,8,759,2,806,com.android.deskclock,871,android.service.dreams.DreamActivity,904,com.android.deskclock,905,0,1320,4,1321,1]
09-30 04:44:24.307 I/wm_activity_launch_time( 1131): [0,182245060,com.android.deskclock/android.service.dreams.DreamActivity,329]
09-30 04:44:24.313 I/sysui_multi_action( 1131): [757,128,758,2,793,171192,794,39556,795,171192,796,26,798,0,806,android,857,DEVELOPER_IMPORTANT,858,4,947,0,1395,4,1500,170980,1688,1]
09-30 04:44:24.314 I/notification_visibility( 1131): [-1|android|26|null|1000,0,171192,171192,0,0]
09-30 04:44:24.314 I/sysui_multi_action( 1131): [757,128,758,2,793,2034260,794,39555,795,2034260,796,4273,798,1,806,com.android.systemui,857,screen_record,858,3,947,0,1395,4,1500,2034053,1688,1,1745,680407814]
09-30 04:44:24.314 I/notification_visibility( 1131): [0|com.android.systemui|4273|null|10086,0,2034260,2034260,0,1]
09-30 04:44:24.314 I/sysui_multi_action( 1131): [757,128,758,2,793,8114535,794,39555,795,8114535,796,55,798,2,806,android,857,DEVELOPER,858,2,947,0,1395,4,1500,8114326,1688,1]
09-30 04:44:24.315 I/notification_visibility( 1131): [-1|android|55|null|1000,0,8114535,8114535,0,2]
09-30 04:44:24.315 I/sysui_multi_action( 1131): [757,128,758,2,793,171196,794,39555,795,171196,796,32,798,3,806,android,857,USB,858,1,947,0,1395,4,1500,170992,1688,1]
09-30 04:44:24.315 I/notification_visibility( 1131): [-1|android|32|null|1000,0,171196,171196,0,3]
09-30 04:44:24.318 I/notification_enqueue( 1131): [10086,26853,com.android.systemui,2048,NULL,0,Notification(channel=updateNotification shortcut=null contentView=null vibrate=null sound=null defaults=0x0 flags=0x0 color=0x00000000 vis=PRIVATE),1]
09-30 04:44:24.318 I/sysui_multi_action(26853): [757,111,758,2]
09-30 04:44:24.319 I/sysui_multi_action(26853): [757,111,758,2]
09-30 04:44:24.353 I/sysui_multi_action(26853): [757,111,758,1]
09-30 04:44:24.354 I/sysui_multi_action(26853): [757,126,758,1,759,126,927,0,928,1,1593,1]
09-30 04:44:24.354 I/sysui_multi_action(26853): [757,113,758,1,759,113,927,1,928,0,1593,1]
09-30 04:44:24.354 I/sysui_multi_action(26853): [757,0,758,1,759,0,927,2,928,0,1593,1]
09-30 04:44:24.355 I/sysui_multi_action(26853): [757,0,758,1,759,0,927,3,928,0,1593,1]
09-30 04:44:24.355 I/sysui_multi_action(26853): [757,1706,758,1,759,1706,927,4,928,0,1593,1]
09-30 04:44:24.356 I/sysui_multi_action(26853): [757,491,758,1,759,491,927,5,928,0,1311,-1,1593,0]
09-30 04:44:24.356 I/sysui_multi_action(26853): [757,0,758,1,759,0,927,6,928,0,1593,0]
09-30 04:44:24.357 I/sysui_multi_action(26853): [757,0,758,1,759,0,927,7,1593,0]
09-30 04:44:24.357 I/sysui_multi_action(26853): [757,114,758,1,759,114,927,8,928,0,1593,0]
09-30 04:44:24.357 I/sysui_multi_action(26853): [757,111,758,1]
09-30 04:44:24.358 I/sysui_multi_action(26853): [757,126,758,1,759,126,927,0,928,1,1593,1]
09-30 04:44:24.358 I/sysui_multi_action(26853): [757,113,758,1,759,113,927,1,928,0,1593,1]
09-30 04:44:24.358 I/sysui_multi_action(26853): [757,0,758,1,759,0,927,2,928,0,1593,1]
09-30 04:44:24.358 I/sysui_multi_action(26853): [757,0,758,1,759,0,927,3,928,0,1593,1]
09-30 04:44:24.377 I/am_uid_idle( 1131): 10035
09-30 04:44:24.406 I/sysui_multi_action(26853): [757,111,758,2]
09-30 04:44:24.406 I/notification_enqueue( 1131): [10086,26853,com.android.systemui,2048,NULL,0,Notification(channel=updateNotification shortcut=null contentView=null vibrate=null sound=null defaults=0x0 flags=0x0 color=0x00000000 vis=PRIVATE),1]
09-30 04:44:24.407 I/sysui_multi_action(26853): [757,111,758,2]
09-30 04:44:24.414 I/sysui_multi_action( 1131): [757,127,758,2]
09-30 04:44:24.415 I/notification_panel_hidden( 1131):
09-30 04:44:24.428 I/input_focus( 1131): [Focus entering 1001dd5 com.android.deskclock/android.service.dreams.DreamActivity (server),reason=Window became focusable. Previous reason: NOT_VISIBLE]
09-30 04:44:24.542 I/sysui_multi_action(26853): [757,111,758,1]
09-30 04:44:24.542 I/sysui_multi_action(26853): [757,126,758,1,759,126,927,0,928,1,1593,0]
09-30 04:44:24.542 I/sysui_multi_action(26853): [757,113,758,1,759,113,927,1,928,0,1593,0]
09-30 04:44:24.543 I/sysui_multi_action(26853): [757,0,758,1,759,0,927,2,928,0,1593,0]
09-30 04:44:24.543 I/sysui_multi_action(26853): [757,0,758,1,759,0,927,3,928,0,1593,0]
09-30 04:44:24.543 I/sysui_multi_action(26853): [757,1706,758,1,759,1706,927,4,928,0,1593,0]
09-30 04:44:24.544 I/sysui_multi_action(26853): [757,491,758,1,759,491,927,5,928,0,1311,-1,1593,0]
09-30 04:44:24.545 I/sysui_multi_action(26853): [757,0,758,1,759,0,927,6,928,0,1593,0]
09-30 04:44:24.545 I/sysui_multi_action(26853): [757,0,758,1,759,0,927,7,1593,0]
09-30 04:44:24.545 I/sysui_multi_action(26853): [757,114,758,1,759,114,927,8,928,0,1593,0]
09-30 04:44:24.545 I/sysui_multi_action(26853): [757,111,758,1]
09-30 04:44:24.546 I/sysui_multi_action(26853): [757,126,758,1,759,126,927,0,928,1,1593,0]
09-30 04:44:24.546 I/sysui_multi_action(26853): [757,113,758,1,759,113,927,1,928,0,1593,0]
09-30 04:44:24.546 I/sysui_multi_action(26853): [757,0,758,1,759,0,927,2,928,0,1593,0]
09-30 04:44:24.546 I/sysui_multi_action(26853): [757,0,758,1,759,0,927,3,928,0,1593,0]
09-30 04:44:24.584 I/wm_stop_activity( 1131): [0,176028021,com.android.launcher3/.uioverrides.QuickstepLauncher]
09-30 04:44:24.619 I/wm_on_stop_called( 2464): [176028021,com.android.launcher3.uioverrides.QuickstepLauncher,STOP_ACTIVITY_ITEM]
09-30 04:44:24.839 I/am_uid_idle( 1131): 10033
09-30 04:44:25.971 I/input_interaction( 1131): Interaction with: 1001dd5 com.android.deskclock/android.service.dreams.DreamActivity (server), edge-swipe (server), swipe-up (server), PointerEventDispatcher0 (server),
09-30 04:44:25.988 I/wm_finish_activity( 1131): [0,182245060,96,com.android.deskclock/android.service.dreams.DreamActivity,finish-activity]
09-30 04:44:25.989 I/wm_task_moved( 1131): [1,1,9]
09-30 04:44:25.991 I/wm_task_moved( 1131): [26,1,2147483647]
09-30 04:44:25.991 I/wm_task_to_front( 1131): [0,26]
09-30 04:44:25.991 I/wm_focused_root_task( 1131): [0,0,1,96,finish-top adjustFocusToNextFocusableTask]
09-30 04:44:25.992 I/wm_set_resumed_activity( 1131): [0,com.android.launcher3/.uioverrides.QuickstepLauncher,finish-top adjustFocusToNextFocusableTask]
09-30 04:44:25.994 I/wm_pause_activity( 1131): [0,182245060,com.android.deskclock/android.service.dreams.DreamActivity,userLeaving=false,finish]
09-30 04:44:26.007 I/wm_on_top_resumed_lost_called(27161): [182245060,android.service.dreams.DreamActivity,topStateChangedWhenResumed]
09-30 04:44:26.008 I/sysui_multi_action( 1131): [757,803,799,window_time_0,802,2]
09-30 04:44:26.008 I/wm_on_paused_called(27161): [182245060,android.service.dreams.DreamActivity,performPause]
09-30 04:44:26.009 I/wm_add_to_stopping( 1131): [0,182245060,com.android.deskclock/android.service.dreams.DreamActivity,completeFinishing]
09-30 04:44:26.013 I/wm_set_resumed_activity( 1131): [0,com.android.launcher3/.uioverrides.QuickstepLauncher,resumeTopActivityInnerLocked]
09-30 04:44:26.015 I/wm_resume_activity( 1131): [0,176028021,26,com.android.launcher3/.uioverrides.QuickstepLauncher]
09-30 04:44:26.040 I/sysui_multi_action( 1131): [757,803,799,window_time_0,802,0]
09-30 04:44:26.043 I/wm_on_restart_called( 2464): [176028021,com.android.launcher3.uioverrides.QuickstepLauncher,performRestartActivity]
09-30 04:44:26.043 I/view_enqueue_input_event(27161): [Motion - Cancel,com.android.deskclock/android.service.dreams.DreamActivity]
09-30 04:44:26.043 I/wm_on_start_called( 2464): [176028021,com.android.launcher3.uioverrides.QuickstepLauncher,handleStartActivity]
09-30 04:44:26.043 I/input_focus( 1131): [Focus leaving 1001dd5 com.android.deskclock/android.service.dreams.DreamActivity (server),reason=NO_WINDOW]
09-30 04:44:26.044 I/wm_on_resume_called( 2464): [176028021,com.android.launcher3.uioverrides.QuickstepLauncher,RESUME_ACTIVITY]
09-30 04:44:26.044 I/wm_on_top_resumed_gained_called( 2464): [176028021,com.android.launcher3.uioverrides.QuickstepLauncher,topWhenResuming]
09-30 04:44:26.064 I/input_focus( 1131): [Focus request 96face7 com.android.launcher3/com.android.launcher3.uioverrides.QuickstepLauncher,reason=UpdateInputWindows]
09-30 04:44:26.135 I/input_focus( 1131): [Focus entering 96face7 com.android.launcher3/com.android.launcher3.uioverrides.QuickstepLauncher (server),reason=Window became focusable. Previous reason: NOT_VISIBLE]
09-30 04:44:26.368 I/wm_destroy_activity( 1131): [0,182245060,96,com.android.deskclock/android.service.dreams.DreamActivity,finish-imm:idle]
09-30 04:44:26.438 I/wm_on_stop_called(27161): [182245060,android.service.dreams.DreamActivity,LIFECYCLER_STOP_ACTIVITY]
09-30 04:44:26.440 I/wm_on_destroy_called(27161): [182245060,android.service.dreams.DreamActivity,performDestroy]
09-30 04:44:26.449 I/sysui_multi_action( 1131): [757,222,758,2]
09-30 04:44:26.450 I/sysui_multi_action( 1131): [757,804,799,dreaming_minutes,801,0,802,1]
09-30 04:44:26.475 I/wm_task_removed( 1131): [96,removeChild:removeChild last r=ActivityRecord{adcd6c4 u0 com.android.deskclock/android.service.dreams.DreamActivity t-1 f}} in t=Task{b6ed8fd #96 type=dream A=10070:android:com.android.deskclock/dream U=0 visible=false mode=fullscreen translucent=true sz=0}]
09-30 04:44:26.476 I/wm_task_removed( 1131): [96,removeChild]
09-30 04:44:27.442 I/input_interaction( 1131): Interaction with: df369a8 StatusBar (server), edge-swipe (server), swipe-up (server), PointerEventDispatcher0 (server),
09-30 04:44:27.456 I/sysui_multi_action(26853): [757,803,799,panel_open,802,1]
09-30 04:44:27.458 I/sysui_multi_action(26853): [757,1328,758,4,1326,53,1327,1,1329,0]
09-30 04:44:27.502 I/dropbox_file_copy( 1131): [/data/tombstones/tombstone_15,98304,SYSTEM_TOMBSTONE]
09-30 04:44:27.508 I/commit_sys_config_file( 1131): [log-files,8122927]
09-30 04:44:27.530 I/commit_sys_config_file( 1131): [log-files,8122949]
09-30 04:44:27.596 I/sysui_multi_action( 1131): [757,127,758,1]
09-30 04:44:27.596 I/sysui_multi_action( 1131): [757,804,799,note_load,801,4,802,1]
09-30 04:44:27.596 I/notification_panel_revealed( 1131): 4
09-30 04:44:27.600 I/notification_enqueue( 1131): [10086,26853,com.android.systemui,2048,NULL,0,Notification(channel=updateNotification shortcut=null contentView=null vibrate=null sound=null defaults=0x0 flags=0x0 color=0x00000000 vis=PRIVATE),1]
09-30 04:44:27.600 I/sysui_multi_action(26853): [757,111,758,2]
09-30 04:44:27.601 I/sysui_multi_action(26853): [757,111,758,2]
09-30 04:44:27.629 I/input_focus( 1131): [Focus request 47d1890 NotificationShade,reason=UpdateInputWindows]
09-30 04:44:27.642 I/sysui_multi_action(26853): [757,111,758,1]
09-30 04:44:27.643 I/sysui_multi_action(26853): [757,126,758,1,759,126,927,0,928,1,1593,0]
09-30 04:44:27.643 I/sysui_multi_action(26853): [757,113,758,1,759,113,927,1,928,0,1593,0]
09-30 04:44:27.643 I/sysui_multi_action(26853): [757,0,758,1,759,0,927,2,928,0,1593,0]
09-30 04:44:27.644 I/sysui_multi_action(26853): [757,0,758,1,759,0,927,3,928,0,1593,0]
09-30 04:44:27.644 I/sysui_multi_action(26853): [757,1706,758,1,759,1706,927,4,928,0,1593,0]
09-30 04:44:27.645 I/sysui_multi_action(26853): [757,491,758,1,759,491,927,5,928,0,1311,-1,1593,0]
09-30 04:44:27.645 I/sysui_multi_action(26853): [757,0,758,1,759,0,927,6,928,0,1593,0]
09-30 04:44:27.646 I/sysui_multi_action(26853): [757,0,758,1,759,0,927,7,1593,0]
09-30 04:44:27.646 I/sysui_multi_action(26853): [757,114,758,1,759,114,927,8,928,0,1593,0]
09-30 04:44:27.646 I/sysui_multi_action(26853): [757,111,758,1]
09-30 04:44:27.647 I/sysui_multi_action(26853): [757,126,758,1,759,126,927,0,928,1,1593,0]
09-30 04:44:27.647 I/sysui_multi_action(26853): [757,113,758,1,759,113,927,1,928,0,1593,0]
09-30 04:44:27.647 I/sysui_multi_action(26853): [757,0,758,1,759,0,927,2,928,0,1593,0]
09-30 04:44:27.647 I/sysui_multi_action(26853): [757,0,758,1,759,0,927,3,928,0,1593,0]
09-30 04:44:27.657 I/input_focus( 1131): [Focus leaving 96face7 com.android.launcher3/com.android.launcher3.uioverrides.QuickstepLauncher (server),reason=Waiting for window because NOT_VISIBLE]
09-30 04:44:27.692 I/notification_enqueue( 1131): [10086,26853,com.android.systemui,2048,NULL,0,Notification(channel=updateNotification shortcut=null contentView=null vibrate=null sound=null defaults=0x0 flags=0x0 color=0x00000000 vis=PRIVATE),1]
09-30 04:44:27.693 I/sysui_multi_action(26853): [757,111,758,2]
09-30 04:44:27.693 I/sysui_multi_action(26853): [757,111,758,2]
09-30 04:44:27.710 I/input_focus( 1131): [Focus entering 47d1890 NotificationShade (server),reason=Window became focusable. Previous reason: NOT_VISIBLE]
09-30 04:44:27.711 I/sysui_multi_action(26853): [757,111,758,1]
09-30 04:44:27.712 I/sysui_multi_action(26853): [757,126,758,1,759,126,927,0,928,1,1593,0]
09-30 04:44:27.712 I/sysui_multi_action(26853): [757,113,758,1,759,113,927,1,928,0,1593,0]
09-30 04:44:27.712 I/sysui_multi_action(26853): [757,0,758,1,759,0,927,2,928,0,1593,0]
09-30 04:44:27.712 I/sysui_multi_action(26853): [757,0,758,1,759,0,927,3,928,0,1593,0]
09-30 04:44:27.712 I/sysui_multi_action(26853): [757,1706,758,1,759,1706,927,4,928,0,1593,0]
09-30 04:44:27.713 I/sysui_multi_action(26853): [757,491,758,1,759,491,927,5,928,0,1311,-1,1593,0]
09-30 04:44:27.714 I/sysui_multi_action(26853): [757,0,758,1,759,0,927,6,928,0,1593,0]
09-30 04:44:27.714 I/sysui_multi_action(26853): [757,0,758,1,759,0,927,7,1593,0]
09-30 04:44:27.714 I/sysui_multi_action(26853): [757,114,758,1,759,114,927,8,928,0,1593,0]
09-30 04:44:27.715 I/sysui_multi_action(26853): [757,111,758,1]
09-30 04:44:27.716 I/sysui_multi_action(26853): [757,126,758,1,759,126,927,0,928,1,1593,0]
09-30 04:44:27.716 I/sysui_multi_action(26853): [757,113,758,1,759,113,927,1,928,0,1593,0]
09-30 04:44:27.717 I/sysui_multi_action(26853): [757,0,758,1,759,0,927,2,928,0,1593,0]
09-30 04:44:27.717 I/sysui_multi_action(26853): [757,0,758,1,759,0,927,3,928,0,1593,0]
09-30 04:44:27.806 I/sysui_multi_action( 1131): [757,1501,758,1,793,8118608,794,0,795,207,796,2048,806,com.android.systemui,857,updateNotification,858,3,947,0,1500,0,1688,1]
09-30 04:44:27.807 I/sysui_multi_action( 1131): [757,804,799,note_interruptive,801,0,802,1]
09-30 04:44:27.807 I/sysui_multi_action( 1131): [757,199,758,1,759,2,793,8118609,794,0,795,208,796,2048,806,com.android.systemui,857,updateNotification,858,3,947,0,1500,1,1688,1]
09-30 04:44:27.808 I/notification_alert( 1131): [0|com.android.systemui|2048|null|10086,0,1,0]
09-30 04:44:28.083 I/service_manager_stats( 1131): [100,177,81207]
09-30 04:44:28.230 I/sysui_multi_action( 1131): [757,128,758,1,793,175109,794,0,795,175109,796,26,798,0,806,android,857,DEVELOPER_IMPORTANT,858,4,947,0,1395,4,1500,174897,1688,1]
09-30 04:44:28.231 I/sysui_multi_action( 1131): [757,804,799,note_freshness,801,175109,802,1]
09-30 04:44:28.231 I/notification_visibility( 1131): [-1|android|26|null|1000,1,175109,175109,0,0]
09-30 04:44:28.232 I/sysui_multi_action( 1131): [757,128,758,1,793,2038178,794,0,795,2038178,796,4273,798,1,806,com.android.systemui,857,screen_record,858,3,947,0,1395,4,1500,2037971,1688,1,1745,680407814]
