09-30 04:42:20.241 I/sysui_multi_action(26134): [757,0,758,1,759,0,927,3,928,0,1593,1]
09-30 04:42:20.261 I/notification_enqueue( 1131): [10086,26134,com.android.systemui,2048,NULL,0,Notification(channel=updateNotification shortcut=null contentView=null vibrate=null sound=null defaults=0x0 flags=0x0 color=0x00000000 vis=PRIVATE),1]
09-30 04:42:20.261 I/sysui_multi_action(26134): [757,111,758,2]
09-30 04:42:20.261 I/sysui_multi_action(26134): [757,111,758,2]
09-30 04:42:20.266 I/sysui_multi_action(26134): [757,111,758,1]
09-30 04:42:20.266 I/sysui_multi_action(26134): [757,126,758,1,759,126,927,0,928,1,1593,1]
09-30 04:42:20.266 I/sysui_multi_action(26134): [757,113,758,1,759,113,927,1,928,0,1593,1]
09-30 04:42:20.266 I/sysui_multi_action(26134): [757,0,758,1,759,0,927,2,928,0,1593,1]
09-30 04:42:20.266 I/sysui_multi_action(26134): [757,0,758,1,759,0,927,3,928,0,1593,1]
09-30 04:42:20.266 I/sysui_multi_action(26134): [757,1706,758,1,759,1706,927,4,928,0,1593,1]
09-30 04:42:20.267 I/sysui_multi_action(26134): [757,491,758,1,759,491,927,5,928,0,1311,-1,1593,1]
09-30 04:42:20.267 I/sysui_multi_action(26134): [757,0,758,1,759,0,927,6,928,0,1593,1]
09-30 04:42:20.267 I/sysui_multi_action(26134): [757,0,758,1,759,0,927,7,1593,1]
09-30 04:42:20.267 I/sysui_multi_action(26134): [757,114,758,1,759,114,927,8,928,0,1593,1]
09-30 04:42:20.267 I/sysui_multi_action(26134): [757,111,758,1]
09-30 04:42:20.267 I/sysui_multi_action(26134): [757,126,758,1,759,126,927,0,928,1,1593,1]
09-30 04:42:20.267 I/sysui_multi_action(26134): [757,113,758,1,759,113,927,1,928,0,1593,1]
09-30 04:42:20.267 I/sysui_multi_action(26134): [757,0,758,1,759,0,927,2,928,0,1593,1]
09-30 04:42:20.268 I/sysui_multi_action(26134): [757,0,758,1,759,0,927,3,928,0,1593,1]
09-30 04:42:20.282 I/sysui_multi_action(26134): [757,111,758,2]
09-30 04:42:20.283 I/notification_enqueue( 1131): [10086,26134,com.android.systemui,2048,NULL,0,Notification(channel=updateNotification shortcut=null contentView=null vibrate=null sound=null defaults=0x0 flags=0x0 color=0x00000000 vis=PRIVATE),1]
09-30 04:42:20.283 I/sysui_multi_action(26134): [757,111,758,2]
09-30 04:42:20.287 I/sysui_multi_action(26134): [757,111,758,1]
09-30 04:42:20.287 I/sysui_multi_action(26134): [757,126,758,1,759,126,927,0,928,1,1593,1]
09-30 04:42:20.287 I/sysui_multi_action(26134): [757,113,758,1,759,113,927,1,928,0,1593,1]
09-30 04:42:20.287 I/sysui_multi_action(26134): [757,0,758,1,759,0,927,2,928,0,1593,1]
09-30 04:42:20.288 I/sysui_multi_action(26134): [757,0,758,1,759,0,927,3,928,0,1593,1]
09-30 04:42:20.288 I/sysui_multi_action(26134): [757,1706,758,1,759,1706,927,4,928,0,1593,1]
09-30 04:42:20.288 I/sysui_multi_action(26134): [757,491,758,1,759,491,927,5,928,0,1311,-1,1593,1]
09-30 04:42:20.288 I/sysui_multi_action(26134): [757,0,758,1,759,0,927,6,928,0,1593,1]
09-30 04:42:20.288 I/sysui_multi_action(26134): [757,0,758,1,759,0,927,7,1593,1]
09-30 04:42:20.288 I/sysui_multi_action(26134): [757,114,758,1,759,114,927,8,928,0,1593,1]
09-30 04:42:20.288 I/sysui_multi_action(26134): [757,111,758,1]
09-30 04:42:20.289 I/sysui_multi_action(26134): [757,126,758,1,759,126,927,0,928,1,1593,1]
09-30 04:42:20.289 I/sysui_multi_action(26134): [757,113,758,1,759,113,927,1,928,0,1593,1]
09-30 04:42:20.289 I/sysui_multi_action(26134): [757,0,758,1,759,0,927,2,928,0,1593,1]
09-30 04:42:20.289 I/sysui_multi_action(26134): [757,0,758,1,759,0,927,3,928,0,1593,1]
09-30 04:42:20.303 I/sysui_multi_action(26134): [757,111,758,2]
09-30 04:42:20.303 I/notification_enqueue( 1131): [10086,26134,com.android.systemui,2048,NULL,0,Notification(channel=updateNotification shortcut=null contentView=null vibrate=null sound=null defaults=0x0 flags=0x0 color=0x00000000 vis=PRIVATE),1]
09-30 04:42:20.303 I/sysui_multi_action(26134): [757,111,758,2]
09-30 04:42:20.307 I/sysui_multi_action(26134): [757,111,758,1]
09-30 04:42:20.307 I/sysui_multi_action(26134): [757,126,758,1,759,126,927,0,928,1,1593,1]
09-30 04:42:20.307 I/sysui_multi_action(26134): [757,113,758,1,759,113,927,1,928,0,1593,1]
09-30 04:42:20.307 I/sysui_multi_action(26134): [757,0,758,1,759,0,927,2,928,0,1593,1]
09-30 04:42:20.308 I/sysui_multi_action(26134): [757,0,758,1,759,0,927,3,928,0,1593,1]
09-30 04:42:20.308 I/sysui_multi_action(26134): [757,1706,758,1,759,1706,927,4,928,0,1593,1]
09-30 04:42:20.308 I/sysui_multi_action(26134): [757,491,758,1,759,491,927,5,928,0,1311,-1,1593,1]
09-30 04:42:20.308 I/sysui_multi_action(26134): [757,0,758,1,759,0,927,6,928,0,1593,1]
09-30 04:42:20.308 I/sysui_multi_action(26134): [757,0,758,1,759,0,927,7,1593,1]
09-30 04:42:20.309 I/sysui_multi_action(26134): [757,114,758,1,759,114,927,8,928,0,1593,1]
09-30 04:42:20.309 I/sysui_multi_action(26134): [757,111,758,1]
09-30 04:42:20.309 I/sysui_multi_action(26134): [757,126,758,1,759,126,927,0,928,1,1593,1]
09-30 04:42:20.309 I/sysui_multi_action(26134): [757,113,758,1,759,113,927,1,928,0,1593,1]
09-30 04:42:20.309 I/sysui_multi_action(26134): [757,0,758,1,759,0,927,2,928,0,1593,1]
09-30 04:42:20.309 I/sysui_multi_action(26134): [757,0,758,1,759,0,927,3,928,0,1593,1]
09-30 04:42:20.324 I/sysui_multi_action(26134): [757,111,758,2]
09-30 04:42:20.324 I/sysui_multi_action(26134): [757,111,758,2]
09-30 04:42:20.324 I/notification_enqueue( 1131): [10086,26134,com.android.systemui,2048,NULL,0,Notification(channel=updateNotification shortcut=null contentView=null vibrate=null sound=null defaults=0x0 flags=0x0 color=0x00000000 vis=PRIVATE),1]
09-30 04:42:20.329 I/sysui_multi_action(26134): [757,111,758,1]
09-30 04:42:20.329 I/sysui_multi_action(26134): [757,126,758,1,759,126,927,0,928,1,1593,1]
09-30 04:42:20.330 I/sysui_multi_action(26134): [757,113,758,1,759,113,927,1,928,0,1593,1]
09-30 04:42:20.330 I/sysui_multi_action(26134): [757,0,758,1,759,0,927,2,928,0,1593,1]
09-30 04:42:20.330 I/sysui_multi_action(26134): [757,0,758,1,759,0,927,3,928,0,1593,1]
09-30 04:42:20.330 I/sysui_multi_action(26134): [757,1706,758,1,759,1706,927,4,928,0,1593,1]
09-30 04:42:20.330 I/sysui_multi_action(26134): [757,491,758,1,759,491,927,5,928,0,1311,-1,1593,1]
09-30 04:42:20.330 I/sysui_multi_action(26134): [757,0,758,1,759,0,927,6,928,0,1593,1]
09-30 04:42:20.331 I/sysui_multi_action(26134): [757,0,758,1,759,0,927,7,1593,1]
09-30 04:42:20.331 I/sysui_multi_action(26134): [757,114,758,1,759,114,927,8,928,0,1593,1]
09-30 04:42:20.331 I/sysui_multi_action(26134): [757,111,758,1]
09-30 04:42:20.331 I/sysui_multi_action(26134): [757,126,758,1,759,126,927,0,928,1,1593,1]
09-30 04:42:20.331 I/sysui_multi_action(26134): [757,113,758,1,759,113,927,1,928,0,1593,1]
09-30 04:42:20.331 I/sysui_multi_action(26134): [757,0,758,1,759,0,927,2,928,0,1593,1]
09-30 04:42:20.331 I/sysui_multi_action(26134): [757,0,758,1,759,0,927,3,928,0,1593,1]
09-30 04:42:20.333 I/sysui_multi_action( 1131): [757,1501,758,1,793,7991135,794,0,795,206,796,2048,806,com.android.systemui,857,updateNotification,858,3,947,0,1500,0,1688,1]
09-30 04:42:20.333 I/sysui_multi_action( 1131): [757,804,799,note_interruptive,801,0,802,1]
09-30 04:42:20.333 I/sysui_multi_action( 1131): [757,199,758,1,759,2,793,7991135,794,0,795,206,796,2048,806,com.android.systemui,857,updateNotification,858,3,947,0,1500,0,1688,1]
09-30 04:42:20.334 I/notification_alert( 1131): [0|com.android.systemui|2048|null|10086,0,1,0]
09-30 04:42:20.353 I/notification_enqueue( 1131): [10086,26134,com.android.systemui,2048,NULL,0,Notification(channel=updateNotification shortcut=null contentView=null vibrate=null sound=null defaults=0x0 flags=0x0 color=0x00000000 vis=PRIVATE),1]
09-30 04:42:20.354 I/sysui_multi_action(26134): [757,111,758,2]
09-30 04:42:20.354 I/sysui_multi_action(26134): [757,111,758,2]
09-30 04:42:20.359 I/sysui_multi_action(26134): [757,111,758,1]
09-30 04:42:20.360 I/sysui_multi_action(26134): [757,126,758,1,759,126,927,0,928,1,1593,1]
09-30 04:42:20.360 I/sysui_multi_action(26134): [757,113,758,1,759,113,927,1,928,0,1593,1]
09-30 04:42:20.360 I/sysui_multi_action(26134): [757,0,758,1,759,0,927,2,928,0,1593,1]
09-30 04:42:20.360 I/sysui_multi_action(26134): [757,0,758,1,759,0,927,3,928,0,1593,1]
09-30 04:42:20.360 I/sysui_multi_action(26134): [757,1706,758,1,759,1706,927,4,928,0,1593,1]
09-30 04:42:20.360 I/sysui_multi_action(26134): [757,491,758,1,759,491,927,5,928,0,1311,-1,1593,1]
09-30 04:42:20.360 I/sysui_multi_action(26134): [757,0,758,1,759,0,927,6,928,0,1593,1]
09-30 04:42:20.361 I/sysui_multi_action(26134): [757,0,758,1,759,0,927,7,1593,1]
09-30 04:42:20.361 I/sysui_multi_action(26134): [757,114,758,1,759,114,927,8,928,0,1593,1]
09-30 04:42:20.361 I/sysui_multi_action(26134): [757,111,758,1]
09-30 04:42:20.361 I/sysui_multi_action(26134): [757,126,758,1,759,126,927,0,928,1,1593,1]
09-30 04:42:20.361 I/sysui_multi_action(26134): [757,113,758,1,759,113,927,1,928,0,1593,1]
09-30 04:42:20.361 I/sysui_multi_action(26134): [757,0,758,1,759,0,927,2,928,0,1593,1]
09-30 04:42:20.361 I/sysui_multi_action(26134): [757,0,758,1,759,0,927,3,928,0,1593,1]
09-30 04:42:20.377 I/sysui_multi_action(26134): [757,111,758,2]
09-30 04:42:20.377 I/sysui_multi_action(26134): [757,111,758,2]
09-30 04:42:20.377 I/notification_enqueue( 1131): [10086,26134,com.android.systemui,2048,NULL,0,Notification(channel=updateNotification shortcut=null contentView=null vibrate=null sound=null defaults=0x0 flags=0x0 color=0x00000000 vis=PRIVATE),1]
09-30 04:42:20.382 I/sysui_multi_action(26134): [757,111,758,1]
09-30 04:42:20.382 I/sysui_multi_action(26134): [757,126,758,1,759,126,927,0,928,1,1593,0]
09-30 04:42:20.383 I/sysui_multi_action(26134): [757,113,758,1,759,113,927,1,928,0,1593,0]
09-30 04:42:20.383 I/sysui_multi_action(26134): [757,0,758,1,759,0,927,2,928,0,1593,0]
09-30 04:42:20.383 I/sysui_multi_action(26134): [757,0,758,1,759,0,927,3,928,0,1593,0]
09-30 04:42:20.383 I/sysui_multi_action(26134): [757,1706,758,1,759,1706,927,4,928,0,1593,0]
09-30 04:42:20.383 I/sysui_multi_action(26134): [757,491,758,1,759,491,927,5,928,0,1311,-1,1593,1]
09-30 04:42:20.383 I/sysui_multi_action(26134): [757,0,758,1,759,0,927,6,928,0,1593,1]
09-30 04:42:20.385 I/sysui_multi_action(26134): [757,0,758,1,759,0,927,7,1593,1]
09-30 04:42:20.385 I/sysui_multi_action(26134): [757,114,758,1,759,114,927,8,928,0,1593,1]
09-30 04:42:20.385 I/sysui_multi_action(26134): [757,111,758,1]
09-30 04:42:20.385 I/sysui_multi_action(26134): [757,126,758,1,759,126,927,0,928,1,1593,0]
09-30 04:42:20.386 I/sysui_multi_action(26134): [757,113,758,1,759,113,927,1,928,0,1593,0]
09-30 04:42:20.386 I/sysui_multi_action(26134): [757,0,758,1,759,0,927,2,928,0,1593,0]
09-30 04:42:20.386 I/sysui_multi_action(26134): [757,0,758,1,759,0,927,3,928,0,1593,0]
09-30 04:42:20.407 I/sysui_multi_action(26134): [757,111,758,2]
09-30 04:42:20.407 I/sysui_multi_action(26134): [757,111,758,2]
09-30 04:42:20.408 I/notification_enqueue( 1131): [10086,26134,com.android.systemui,2048,NULL,0,Notification(channel=updateNotification shortcut=null contentView=null vibrate=null sound=null defaults=0x0 flags=0x0 color=0x00000000 vis=PRIVATE),1]
09-30 04:42:20.412 I/liblog (26251): 285
09-30 04:42:20.412 I/liblog (26251): 10
09-30 04:42:20.412 I/liblog (26251): 4
09-30 04:42:20.412 I/sysui_multi_action(26134): [757,111,758,1]
09-30 04:42:20.412 I/liblog (26251): 16
09-30 04:42:20.412 I/liblog (26251): 4
09-30 04:42:20.412 I/liblog (26251): 4
09-30 04:42:20.412 I/liblog (26251): 6
09-30 04:42:20.412 I/sysui_multi_action(26134): [757,126,758,1,759,126,927,0,928,1,1593,1]
09-30 04:42:20.412 I/liblog (26251): 18
09-30 04:42:20.412 I/sysui_multi_action(26134): [757,113,758,1,759,113,927,1,928,0,1593,1]
09-30 04:42:20.412 I/liblog (26251): 4
09-30 04:42:20.412 I/liblog (26251): 4
09-30 04:42:20.412 I/liblog (26251): 4
09-30 04:42:20.412 I/sysui_multi_action(26134): [757,0,758,1,759,0,927,2,928,0,1593,1]
09-30 04:42:20.412 I/liblog (26251): 4
09-30 04:42:20.413 I/liblog (26251): 6
09-30 04:42:20.413 I/sysui_multi_action(26134): [757,0,758,1,759,0,927,3,928,0,1593,1]
09-30 04:42:20.413 I/liblog (26251): 4
09-30 04:42:20.413 I/liblog (26251): 4
09-30 04:42:20.413 I/liblog (26251): 4
09-30 04:42:20.413 I/sysui_multi_action(26134): [757,1706,758,1,759,1706,927,4,928,0,1593,1]
09-30 04:42:20.413 I/liblog (26251): 4
09-30 04:42:20.413 I/liblog (26251): 4
09-30 04:42:20.413 I/liblog (26251): 4
09-30 04:42:20.413 I/liblog (26251): 4
09-30 04:42:20.413 I/liblog (26251): 4
09-30 04:42:20.413 I/liblog (26251): 10
09-30 04:42:20.413 I/liblog (26251): 4
09-30 04:42:20.413 I/liblog (26251): 4
09-30 04:42:20.413 I/liblog (26251): 4
09-30 04:42:20.413 I/liblog (26251): 4
09-30 04:42:20.413 I/liblog (26251): 13
09-30 04:42:20.413 I/sysui_multi_action(26134): [757,491,758,1,759,491,927,5,928,0,1311,-1,1593,1]
09-30 04:42:20.413 I/sysui_multi_action(26134): [757,0,758,1,759,0,927,6,928,0,1593,1]
09-30 04:42:20.413 I/sysui_multi_action(26134): [757,0,758,1,759,0,927,7,1593,1]
09-30 04:42:20.413 I/sysui_multi_action(26134): [757,114,758,1,759,114,927,8,928,0,1593,1]
09-30 04:42:20.414 I/sysui_multi_action(26134): [757,111,758,1]
09-30 04:42:20.414 I/sysui_multi_action(26134): [757,126,758,1,759,126,927,0,928,1,1593,1]
09-30 04:42:20.413 I/liblog (26251): 24
09-30 04:42:20.414 I/sysui_multi_action(26134): [757,113,758,1,759,113,927,1,928,0,1593,1]
09-30 04:42:20.414 I/sysui_multi_action(26134): [757,0,758,1,759,0,927,2,928,0,1593,1]
09-30 04:42:20.414 I/sysui_multi_action(26134): [757,0,758,1,759,0,927,3,928,0,1593,1]
09-30 04:42:20.431 I/sysui_multi_action( 1131): [757,128,758,2,793,47310,794,7852,795,47310,796,26,798,0,806,android,857,DEVELOPER_IMPORTANT,858,4,947,0,1395,4,1500,47098,1688,1]
09-30 04:42:20.431 I/notification_visibility( 1131): [-1|android|26|null|1000,0,47310,47310,0,0]
09-30 04:42:20.431 I/sysui_multi_action( 1131): [757,128,758,2,793,1910377,794,4954,795,1910377,796,4273,798,1,806,com.android.systemui,857,screen_record,858,3,947,0,1395,4,1500,1910170,1688,1,1745,680407814]
09-30 04:42:20.431 I/notification_visibility( 1131): [0|com.android.systemui|4273|null|10086,0,1910377,1910377,0,1]
09-30 04:42:20.431 I/sysui_multi_action( 1131): [757,128,758,2,793,7990652,794,4952,795,7990652,796,55,798,2,806,android,857,DEVELOPER,858,2,947,0,1395,4,1500,7990443,1688,1]
09-30 04:42:20.431 I/notification_visibility( 1131): [-1|android|55|null|1000,0,7990652,7990652,0,2]
09-30 04:42:20.432 I/sysui_multi_action( 1131): [757,128,758,2,793,47313,794,4952,795,47313,796,32,798,3,806,android,857,USB,858,1,947,0,1395,4,1500,47109,1688,1]
09-30 04:42:20.432 I/notification_visibility( 1131): [-1|android|32|null|1000,0,47313,47313,0,3]
09-30 04:42:20.432 I/sysui_multi_action(26134): [757,111,758,2]
09-30 04:42:20.432 I/sysui_multi_action(26134): [757,111,758,2]
09-30 04:42:20.434 I/notification_enqueue( 1131): [10086,26134,com.android.systemui,2048,NULL,0,Notification(channel=updateNotification shortcut=null contentView=null vibrate=null sound=null defaults=0x0 flags=0x0 color=0x00000000 vis=PRIVATE),1]
09-30 04:42:20.437 I/sysui_heads_up_status(26134): [-1|android|26|null|1000,0]
09-30 04:42:20.453 I/input_focus( 1131): [Focus request 96face7 com.android.launcher3/com.android.launcher3.uioverrides.QuickstepLauncher,reason=UpdateInputWindows]
09-30 04:42:20.455 I/sysui_multi_action(26134): [757,111,758,1]
09-30 04:42:20.455 I/sysui_multi_action(26134): [757,126,758,1,759,126,927,0,928,1,1593,1]
09-30 04:42:20.455 I/sysui_multi_action(26134): [757,113,758,1,759,113,927,1,928,0,1593,1]
09-30 04:42:20.455 I/sysui_multi_action(26134): [757,0,758,1,759,0,927,2,928,0,1593,1]
09-30 04:42:20.455 I/sysui_multi_action(26134): [757,0,758,1,759,0,927,3,928,0,1593,1]
09-30 04:42:20.455 I/sysui_multi_action(26134): [757,1706,758,1,759,1706,927,4,928,0,1593,1]
09-30 04:42:20.456 I/sysui_multi_action(26134): [757,491,758,1,759,491,927,5,928,0,1311,-1,1593,1]
09-30 04:42:20.456 I/sysui_multi_action(26134): [757,0,758,1,759,0,927,6,928,0,1593,1]
09-30 04:42:20.456 I/sysui_multi_action(26134): [757,0,758,1,759,0,927,7,1593,1]
09-30 04:42:20.456 I/sysui_multi_action(26134): [757,114,758,1,759,114,927,8,928,0,1593,1]
09-30 04:42:20.456 I/sysui_multi_action(26134): [757,111,758,1]
09-30 04:42:20.456 I/sysui_multi_action(26134): [757,126,758,1,759,126,927,0,928,1,1593,1]
09-30 04:42:20.457 I/sysui_multi_action(26134): [757,113,758,1,759,113,927,1,928,0,1593,1]
09-30 04:42:20.457 I/sysui_multi_action(26134): [757,0,758,1,759,0,927,2,928,0,1593,1]
09-30 04:42:20.457 I/sysui_multi_action(26134): [757,0,758,1,759,0,927,3,928,0,1593,1]
09-30 04:42:20.469 I/input_focus( 1131): [Focus leaving 91ad19a NotificationShade (server),reason=NOT_FOCUSABLE]
09-30 04:42:20.470 I/input_focus( 1131): [Focus entering 96face7 com.android.launcher3/com.android.launcher3.uioverrides.QuickstepLauncher (server),reason=setFocusedWindow]
09-30 04:42:20.479 I/sysui_multi_action(26134): [757,111,758,2]
09-30 04:42:20.479 I/notification_enqueue( 1131): [10086,26134,com.android.systemui,2048,NULL,0,Notification(channel=updateNotification shortcut=null contentView=null vibrate=null sound=null defaults=0x0 flags=0x0 color=0x00000000 vis=PRIVATE),1]
09-30 04:42:20.479 I/sysui_multi_action(26134): [757,111,758,2]
09-30 04:42:20.482 I/sysui_multi_action( 1131): [757,127,758,2]
09-30 04:42:20.482 I/notification_panel_hidden( 1131):
09-30 04:42:20.505 I/sysui_multi_action(26134): [757,111,758,1]
09-30 04:42:20.506 I/sysui_multi_action(26134): [757,126,758,1,759,126,927,0,928,1,1593,0]
09-30 04:42:20.506 I/sysui_multi_action(26134): [757,113,758,1,759,113,927,1,928,0,1593,0]
09-30 04:42:20.506 I/sysui_multi_action(26134): [757,0,758,1,759,0,927,2,928,0,1593,0]
09-30 04:42:20.506 I/sysui_multi_action(26134): [757,0,758,1,759,0,927,3,928,0,1593,0]
09-30 04:42:20.506 I/sysui_multi_action(26134): [757,1706,758,1,759,1706,927,4,928,0,1593,0]
09-30 04:42:20.506 I/sysui_multi_action(26134): [757,491,758,1,759,491,927,5,928,0,1311,-1,1593,0]
09-30 04:42:20.506 I/sysui_multi_action(26134): [757,0,758,1,759,0,927,6,928,0,1593,0]
09-30 04:42:20.507 I/sysui_multi_action(26134): [757,0,758,1,759,0,927,7,1593,0]
09-30 04:42:20.507 I/sysui_multi_action(26134): [757,114,758,1,759,114,927,8,928,0,1593,0]
09-30 04:42:20.507 I/sysui_multi_action(26134): [757,111,758,1]
09-30 04:42:20.507 I/sysui_multi_action(26134): [757,126,758,1,759,126,927,0,928,1,1593,0]
09-30 04:42:20.507 I/sysui_multi_action(26134): [757,113,758,1,759,113,927,1,928,0,1593,0]
09-30 04:42:20.507 I/sysui_multi_action(26134): [757,0,758,1,759,0,927,2,928,0,1593,0]
09-30 04:42:20.507 I/sysui_multi_action(26134): [757,0,758,1,759,0,927,3,928,0,1593,0]
09-30 04:42:20.769 I/dropbox_file_copy( 1131): [/data/tombstones/tombstone_22,98304,SYSTEM_TOMBSTONE]
09-30 04:42:20.775 I/commit_sys_config_file( 1131): [log-files,7996194]
09-30 04:42:20.800 I/commit_sys_config_file( 1131): [log-files,7996220]
09-30 04:42:21.078 I/input_interaction( 1131): Interaction with: 96face7 com.android.launcher3/com.android.launcher3.uioverrides.QuickstepLauncher (server), 6cf07a7 com.android.systemui.ImageWallpaper (server), edge-swipe (server), swipe-up (server), PointerEventDispatcher0 (server),
09-30 04:42:21.675 I/wm_task_moved( 1131): [70,1,7]
09-30 04:42:21.675 I/wm_task_to_front( 1131): [0,70]
09-30 04:42:21.676 I/wm_focused_root_task( 1131): [0,0,70,1,bringingFoundTaskToFront]
09-30 04:42:21.676 I/wm_set_resumed_activity( 1131): [0,com.tencent.qqmusicpad/.activity.newplayeractivity.ui.PlayerActivityNew,bringingFoundTaskToFront]
09-30 04:42:21.687 I/wm_pause_activity( 1131): [0,176028021,com.android.launcher3/.uioverrides.QuickstepLauncher,userLeaving=true,pauseBackTasks]
09-30 04:42:21.693 I/wm_on_top_resumed_lost_called( 2464): [176028021,com.android.launcher3.uioverrides.QuickstepLauncher,topStateChangedWhenResumed]
09-30 04:42:21.710 I/wm_on_paused_called( 2464): [176028021,com.android.launcher3.uioverrides.QuickstepLauncher,performPause]
09-30 04:42:21.723 I/wm_set_resumed_activity( 1131): [0,com.tencent.qqmusicpad/.activity.newplayeractivity.ui.PlayerActivityNew,resumeTopActivityInnerLocked]
09-30 04:42:21.723 I/wm_add_to_stopping( 1131): [0,176028021,com.android.launcher3/.uioverrides.QuickstepLauncher,makeInvisible]
09-30 04:42:21.727 I/service_manager_stats( 1131): [100,160,438658]
09-30 04:42:21.729 I/wm_resume_activity( 1131): [0,252477879,70,com.tencent.qqmusicpad/.activity.newplayeractivity.ui.PlayerActivityNew]
09-30 04:42:21.756 I/wm_on_restart_called(23156): [252477879,com.tencent.qqmusicpad.activity.newplayeractivity.ui.PlayerActivityNew,performRestartActivity]
09-30 04:42:21.778 I/input_focus( 1131): [Focus leaving 96face7 com.android.launcher3/com.android.launcher3.uioverrides.QuickstepLauncher (server),reason=NO_WINDOW]
09-30 04:42:21.788 I/wm_on_start_called(23156): [252477879,com.tencent.qqmusicpad.activity.newplayeractivity.ui.PlayerActivityNew,handleStartActivity]
09-30 04:42:21.790 I/sysui_multi_action( 1131): [757,803,799,window_time_0,802,12]
09-30 04:42:21.808 I/wm_on_resume_called(23156): [252477879,com.tencent.qqmusicpad.activity.newplayeractivity.ui.PlayerActivityNew,RESUME_ACTIVITY]
09-30 04:42:21.808 I/wm_on_top_resumed_gained_called(23156): [252477879,com.tencent.qqmusicpad.activity.newplayeractivity.ui.PlayerActivityNew,topWhenResuming]
09-30 04:42:21.848 I/input_focus( 1131): [Focus request 960e93e com.tencent.qqmusicpad/com.tencent.qqmusicpad.activity.newplayeractivity.ui.PlayerActivityNew,reason=UpdateInputWindows]
09-30 04:42:21.892 I/input_focus( 1131): [Focus entering 960e93e com.tencent.qqmusicpad/com.tencent.qqmusicpad.activity.newplayeractivity.ui.PlayerActivityNew (server),reason=Window became focusable. Previous reason: NOT_VISIBLE]
09-30 04:42:21.906 I/sysui_multi_action( 1131): [319,106,321,88,322,205,325,8044,757,761,758,9,759,4,806,com.tencent.qqmusicpad,871,com.tencent.qqmusicpad.activity.newplayeractivity.ui.PlayerActivityNew,904,com.tencent.qqmusicpad,905,0,1320,4,1321,4]
09-30 04:42:22.384 I/wm_stop_activity( 1131): [0,176028021,com.android.launcher3/.uioverrides.QuickstepLauncher]
09-30 04:42:22.433 I/wm_on_stop_called( 2464): [176028021,com.android.launcher3.uioverrides.QuickstepLauncher,STOP_ACTIVITY_ITEM]
09-30 04:42:25.570 I/liblog (26292): 2
09-30 04:42:25.570 I/liblog (26292): 3
09-30 04:42:25.571 I/liblog (26292): 3
09-30 04:42:25.571 I/liblog (26292): 3
09-30 04:42:25.571 I/liblog (26292): 3
09-30 04:42:25.571 I/liblog (26292): 6
09-30 04:42:25.571 I/liblog (26292): 3
09-30 04:42:25.571 I/liblog (26292): 15
09-30 04:42:25.572 I/liblog (26292): 2
09-30 04:42:25.572 I/liblog (26292): 4
09-30 04:42:25.572 I/liblog (26292): 4
09-30 04:42:25.572 I/liblog (26292): 3
09-30 04:42:25.572 I/liblog (26292): 3
09-30 04:42:25.572 I/liblog (26292): 3
09-30 04:42:25.572 I/liblog (26292): 3
09-30 04:42:25.572 I/liblog (26292): 3
09-30 04:42:25.572 I/liblog (26292): 3
09-30 04:42:25.572 I/liblog (26292): 3
09-30 04:42:25.572 I/liblog (26292): 3
09-30 04:42:25.573 I/liblog (26292): 4
09-30 04:42:25.573 I/liblog (26292): 3
09-30 04:42:25.573 I/liblog (26292): 2
09-30 04:42:25.573 I/liblog (26292): 2
09-30 04:42:25.573 I/liblog (26292): 2
09-30 04:42:25.573 I/liblog (26292): 4
09-30 04:42:25.573 I/liblog (26292): 2
09-30 04:42:25.573 I/liblog (26292): 14
09-30 04:42:25.573 I/liblog (26292): 3
09-30 04:42:25.574 I/liblog (26292): 5
09-30 04:42:25.574 I/liblog (26292): 2
09-30 04:42:25.574 I/liblog (26292): 2
09-30 04:42:25.574 I/liblog (26292): 2
09-30 04:42:25.574 I/liblog (26292): 2
09-30 04:42:25.574 I/liblog (26292): 4
09-30 04:42:25.574 I/liblog (26292): 2
09-30 04:42:25.574 I/liblog (26292): 2
09-30 04:42:25.574 I/liblog (26292): 2
09-30 04:42:25.574 I/liblog (26292): 2
09-30 04:42:25.575 I/liblog (26292): 6
09-30 04:42:25.575 I/liblog (26292): 3
09-30 04:42:25.575 I/liblog (26292): 3
09-30 04:42:25.575 I/liblog (26292): 4
09-30 04:42:25.575 I/liblog (26292): 3
09-30 04:42:25.575 I/liblog (26292): 3
09-30 04:42:25.575 I/liblog (26292): 3
09-30 04:42:25.575 I/liblog (26292): 3
09-30 04:42:25.575 I/liblog (26292): 3
09-30 04:42:25.575 I/liblog (26292): 3
09-30 04:42:25.575 I/liblog (26292): 3
09-30 04:42:25.576 I/liblog (26292): 4
09-30 04:42:25.576 I/liblog (26292): 3
09-30 04:42:25.576 I/liblog (26292): 3
09-30 04:42:25.576 I/liblog (26292): 3
09-30 04:42:25.576 I/liblog (26292): 3
09-30 04:42:25.576 I/liblog (26292): 3
09-30 04:42:25.576 I/liblog (26292): 3
09-30 04:42:25.576 I/liblog (26292): 3
09-30 04:42:25.576 I/liblog (26292): 6
09-30 04:42:25.576 I/liblog (26292): 3
09-30 04:42:25.576 I/liblog (26292): 3
09-30 04:42:25.576 I/liblog (26292): 3
09-30 04:42:25.577 I/liblog (26292): 3
09-30 04:42:25.577 I/liblog (26292): 3
09-30 04:42:25.577 I/liblog (26292): 3
09-30 04:42:25.577 I/liblog (26292): 3
09-30 04:42:25.577 I/liblog (26292): 4
09-30 04:42:25.577 I/liblog (26292): 3
09-30 04:42:25.577 I/liblog (26292): 4
09-30 04:42:25.577 I/liblog (26292): 3
09-30 04:42:25.578 I/liblog (26292): 28
09-30 04:42:25.578 I/liblog (26292): 13
09-30 04:42:25.578 I/liblog (26292): 4
09-30 04:42:25.578 I/liblog (26292): 5
09-30 04:42:25.578 I/liblog (26292): 7
09-30 04:42:25.578 I/liblog (26292): 4
09-30 04:42:25.578 I/liblog (26292): 6
09-30 04:42:25.578 I/liblog (26292): 3
09-30 04:42:25.579 I/liblog (26292): 6
09-30 04:42:25.579 I/liblog (26292): 3
09-30 04:42:25.579 I/liblog (26292): 6
09-30 04:42:26.144 I/dropbox_file_copy( 1131): [/data/tombstones/tombstone_23,98304,SYSTEM_TOMBSTONE]
09-30 04:42:26.149 I/commit_sys_config_file( 1131): [log-files,8001569]
09-30 04:42:26.168 I/commit_sys_config_file( 1131): [log-files,8001587]
09-30 04:42:27.234 I/input_interaction( 1131): Interaction with: 960e93e com.tencent.qqmusicpad/com.tencent.qqmusicpad.activity.newplayeractivity.ui.PlayerActivityNew (server), edge-swipe (server), swipe-up (server), PointerEventDispatcher0 (server),
09-30 04:42:27.261 I/wm_task_moved( 1131): [1,0,0]
09-30 04:42:27.262 I/wm_task_moved( 1131): [1,0,6]
09-30 04:42:27.276 I/wm_on_restart_called( 2464): [176028021,com.android.launcher3.uioverrides.QuickstepLauncher,performRestartActivity]
09-30 04:42:27.323 I/wm_on_start_called( 2464): [176028021,com.android.launcher3.uioverrides.QuickstepLauncher,handleStartActivity]
09-30 04:42:27.358 I/view_enqueue_input_event(23156): [Motion - Cancel,com.tencent.qqmusicpad/com.tencent.qqmusicpad.activity.newplayeractivity.ui.PlayerActivityNew]
09-30 04:42:27.361 I/sysui_latency( 2464): [1,109]
09-30 04:42:27.372 I/sysui_multi_action( 1131): [319,14,322,98,325,8050,757,761,758,9,759,5,806,com.android.launcher3,871,com.android.launcher3.uioverrides.QuickstepLauncher,905,0,1320,8,1321,5]
09-30 04:42:27.382 I/input_interaction( 1131): Interaction with: edge-swipe (server), swipe-up (server), PointerEventDispatcher0 (server),
09-30 04:42:27.392 I/input_focus( 1131): [Focus request recents_animation_input_consumer,reason=UpdateInputWindows]
09-30 04:42:27.413 I/input_focus( 1131): [Focus leaving 960e93e com.tencent.qqmusicpad/com.tencent.qqmusicpad.activity.newplayeractivity.ui.PlayerActivityNew (server),reason=NOT_FOCUSABLE]
09-30 04:42:27.416 I/input_focus( 1131): [Focus entering recents_animation_input_consumer (server),reason=setFocusedWindow]
09-30 04:42:27.531 I/commit_sys_config_file( 1131): [settings-1-0,14]
09-30 04:42:27.661 I/sysui_latency( 1131): [8,118]
09-30 04:42:28.985 I/input_interaction( 1131): Interaction with: 96face7 com.android.launcher3/com.android.launcher3.uioverrides.QuickstepLauncher (server), edge-swipe (server), swipe-up (server), PointerEventDispatcher0 (server),
09-30 04:42:29.308 I/commit_sys_config_file( 1131): [settings-1-0,14]
09-30 04:42:29.541 I/wm_task_moved( 1131): [1,1,7]
09-30 04:42:29.544 I/wm_task_moved( 1131): [26,1,2147483647]
09-30 04:42:29.544 I/wm_task_to_front( 1131): [0,26]
09-30 04:42:29.545 I/wm_focused_root_task( 1131): [0,0,1,70,RecentsAnimation.onAnimationFinished()]
09-30 04:42:29.545 I/wm_on_top_resumed_lost_called(23156): [252477879,com.tencent.qqmusicpad.activity.newplayeractivity.ui.PlayerActivityNew,topStateChangedWhenResumed]
09-30 04:42:29.545 I/wm_set_resumed_activity( 1131): [0,com.android.launcher3/.uioverrides.QuickstepLauncher,RecentsAnimation.onAnimationFinished()]
09-30 04:42:29.547 I/wm_pause_activity( 1131): [0,252477879,com.tencent.qqmusicpad/.activity.newplayeractivity.ui.PlayerActivityNew,userLeaving=true,pauseBackTasks]
09-30 04:42:29.549 I/wm_add_to_stopping( 1131): [0,252477879,com.tencent.qqmusicpad/.activity.newplayeractivity.ui.PlayerActivityNew,makeInvisible]
09-30 04:42:29.550 I/wm_set_resumed_activity( 1131): [0,com.android.launcher3/.uioverrides.QuickstepLauncher,resumeTopActivityInnerLocked]
09-30 04:42:29.552 I/wm_resume_activity( 1131): [0,176028021,26,com.android.launcher3/.uioverrides.QuickstepLauncher]
09-30 04:42:29.564 I/dvm_lock_sample( 1131): [system_server,1,android.anim,25,InputMonitor.java,144,void com.android.server.wm.InputMonitor$UpdateInputWindows.run(),TaskSnapshotCache.java,66,android.window.TaskSnapshot com.android.server.wm.TaskSnapshotCache.getSnapshot(int, int, boolean, boolean),5]
09-30 04:42:29.564 I/input_focus( 1131): [Focus request 96face7 com.android.launcher3/com.android.launcher3.uioverrides.QuickstepLauncher,reason=UpdateInputWindows]
09-30 04:42:29.568 I/wm_on_paused_called(23156): [252477879,com.tencent.qqmusicpad.activity.newplayeractivity.ui.PlayerActivityNew,performPause]
09-30 04:42:29.571 I/input_focus( 1131): [Focus leaving recents_animation_input_consumer (server),reason=NOT_VISIBLE]
09-30 04:42:29.579 I/dvm_lock_sample( 1131): [system_server,1,android.display,14,TaskChangeNotificationController.java,320,void com.android.server.wm.TaskChangeNotificationController.forAllRemoteListeners(com.android.server.wm.TaskChangeNotificationController$TaskStackConsumer, android.os.Message),,0,null,2]
09-30 04:42:29.584 I/wm_stop_activity( 1131): [0,252477879,com.tencent.qqmusicpad/.activity.newplayeractivity.ui.PlayerActivityNew]
09-30 04:42:29.586 I/sysui_multi_action( 1131): [757,803,799,window_time_0,802,7]
09-30 04:42:29.589 I/sysui_multi_action( 1131): [757,803,799,window_time_0,802,0]
09-30 04:42:29.591 I/input_focus( 1131): [Focus entering 96face7 com.android.launcher3/com.android.launcher3.uioverrides.QuickstepLauncher (server),reason=setFocusedWindow]
09-30 04:42:29.601 I/dvm_lock_sample( 1131): [system_server,1,android.display,8,WindowManagerService.java,4734,void com.android.server.wm.WindowManagerService.notifyFocusChanged(),TaskSnapshotCache.java,66,android.window.TaskSnapshot com.android.server.wm.TaskSnapshotCache.getSnapshot(int, int, boolean, boolean),1]
09-30 04:42:29.603 I/wm_on_resume_called( 2464): [176028021,com.android.launcher3.uioverrides.QuickstepLauncher,RESUME_ACTIVITY]
09-30 04:42:29.607 I/wm_on_top_resumed_gained_called( 2464): [176028021,com.android.launcher3.uioverrides.QuickstepLauncher,topStateChangedWhenResumed]
09-30 04:42:29.644 I/wm_on_stop_called(23156): [252477879,com.tencent.qqmusicpad.activity.newplayeractivity.ui.PlayerActivityNew,STOP_ACTIVITY_ITEM]
09-30 04:42:30.449 I/input_interaction( 1131): Interaction with: 96face7 com.android.launcher3/com.android.launcher3.uioverrides.QuickstepLauncher (server), 6cf07a7 com.android.systemui.ImageWallpaper (server), edge-swipe (server), swipe-up (server), PointerEventDispatcher0 (server),
09-30 04:42:30.573 I/wm_task_created( 1131): [83,-1]
09-30 04:42:30.586 I/wm_task_moved( 1131): [83,1,8]
09-30 04:42:30.586 I/wm_task_to_front( 1131): [0,83]
09-30 04:42:30.587 I/wm_create_task( 1131): [0,83]
09-30 04:42:30.587 I/wm_create_activity( 1131): [0,125067919,83,com.android.music/.MusicBrowserActivity,android.intent.action.MAIN,NULL,NULL,270532608]
09-30 04:42:30.587 I/wm_task_moved( 1131): [83,1,8]
09-30 04:42:30.592 I/wm_pause_activity( 1131): [0,176028021,com.android.launcher3/.uioverrides.QuickstepLauncher,userLeaving=true,pauseBackTasks]
09-30 04:42:30.605 I/wm_on_top_resumed_lost_called( 2464): [176028021,com.android.launcher3.uioverrides.QuickstepLauncher,topStateChangedWhenResumed]
09-30 04:42:30.609 I/wm_on_paused_called( 2464): [176028021,com.android.launcher3.uioverrides.QuickstepLauncher,performPause]
09-30 04:42:30.614 I/wm_add_to_stopping( 1131): [0,176028021,com.android.launcher3/.uioverrides.QuickstepLauncher,makeInvisible]
09-30 04:42:30.615 I/wm_restart_activity( 1131): [0,125067919,83,com.android.music/.MusicBrowserActivity]
09-30 04:42:30.618 I/wm_set_resumed_activity( 1131): [0,com.android.music/.MusicBrowserActivity,minimalResumeActivityLocked]
09-30 04:42:30.645 I/input_focus( 1131): [Focus leaving 96face7 com.android.launcher3/com.android.launcher3.uioverrides.QuickstepLauncher (server),reason=NO_WINDOW]
09-30 04:42:30.650 I/sysui_multi_action( 1131): [757,803,799,window_time_0,802,1]
09-30 04:42:30.712 I/wm_on_create_called(22426): [125067919,com.android.music.MusicBrowserActivity,performCreate]
09-30 04:42:30.739 I/wm_on_start_called(22426): [125067919,com.android.music.MusicBrowserActivity,handleStartActivity]
09-30 04:42:30.740 I/wm_on_resume_called(22426): [125067919,com.android.music.MusicBrowserActivity,RESUME_ACTIVITY]
09-30 04:42:30.759 I/wm_on_top_resumed_gained_called(22426): [125067919,com.android.music.MusicBrowserActivity,topStateChangedWhenResumed]
09-30 04:42:30.766 I/liblog (26315): 11
09-30 04:42:30.766 I/liblog (26315): 2
09-30 04:42:30.766 I/liblog (26315): 2
09-30 04:42:30.766 I/liblog (26315): 2
09-30 04:42:30.766 I/liblog (26315): 3
09-30 04:42:30.766 I/liblog (26315): 2
09-30 04:42:30.766 I/liblog (26315): 2
09-30 04:42:30.766 I/liblog (26315): 2
09-30 04:42:30.766 I/liblog (26315): 2
09-30 04:42:30.766 I/liblog (26315): 2
09-30 04:42:30.766 I/liblog (26315): 2
09-30 04:42:30.766 I/liblog (26315): 2
09-30 04:42:30.766 I/liblog (26315): 2
09-30 04:42:30.766 I/liblog (26315): 2
09-30 04:42:30.766 I/liblog (26315): 2
09-30 04:42:30.766 I/liblog (26315): 13
09-30 04:42:30.815 I/sysui_multi_action( 1131): [757,856,758,1,806,com.android.music,857,Channel-music,858,2]
09-30 04:42:30.851 I/notification_enqueue( 1131): [10093,22426,com.android.music,1,NULL,0,Notification(channel=Channel-music shortcut=null contentView=null vibrate=null sound=null defaults=0x0 flags=0x0 color=0x00000000 category=transport actions=3 vis=PRIVATE),0]
09-30 04:42:30.859 I/notification_enqueue( 1131): [10093,22426,com.android.music,1,NULL,0,Notification(channel=Channel-music shortcut=null contentView=null vibrate=null sound=null defaults=0x0 flags=0x40 color=0x00000000 category=transport actions=3 vis=PRIVATE),0]
09-30 04:42:30.879 I/notification_enqueue( 1131): [10093,22426,com.android.music,1,NULL,0,Notification(channel=Channel-music shortcut=null contentView=null vibrate=null sound=null defaults=0x0 flags=0x40 color=0x00000000 category=transport actions=3 vis=PRIVATE),0]
09-30 04:42:30.880 I/notification_enqueue( 1131): [10093,22426,com.android.music,1,NULL,0,Notification(channel=Channel-music shortcut=null contentView=null vibrate=null sound=null defaults=0x0 flags=0x40 color=0x00000000 category=transport actions=3 vis=PRIVATE),0]
09-30 04:42:30.904 I/notification_enqueue( 1131): [10093,22426,com.android.music,1,NULL,0,Notification(channel=Channel-music shortcut=null contentView=null vibrate=null sound=null defaults=0x0 flags=0x40 color=0x00000000 category=transport actions=3 vis=PRIVATE),0]
09-30 04:42:30.906 I/notification_enqueue( 1131): [10093,22426,com.android.music,1,NULL,0,Notification(channel=Channel-music shortcut=null contentView=null vibrate=null sound=null defaults=0x0 flags=0x40 color=0x00000000 category=transport actions=3 vis=PRIVATE),0]
09-30 04:42:30.919 I/input_focus( 1131): [Focus request 5180626 com.android.music/com.android.music.MusicBrowserActivity,reason=UpdateInputWindows]
09-30 04:42:30.958 I/sysui_multi_action( 1131): [757,128,758,5,759,8,793,108,794,0,795,108,796,1,806,com.android.music,857,Channel-music,858,2,947,0,1500,108,1641,transport,1688,1,1745,1043716538]
09-30 04:42:30.958 I/notification_canceled( 1131): [0|com.android.music|1|null|10093,8,108,108,0,-1,-1,NULL]
09-30 04:42:30.962 I/sysui_multi_action( 1131): [319,120,321,112,322,388,325,8053,757,761,758,8,759,1,806,com.android.music,871,com.android.music.MusicBrowserActivity,904,com.android.launcher3,905,0,1320,8,1321,5]
09-30 04:42:30.963 I/wm_activity_launch_time( 1131): [0,125067919,com.android.music/.MusicBrowserActivity,388]
09-30 04:42:30.978 I/input_focus( 1131): [Focus entering 5180626 com.android.music/com.android.music.MusicBrowserActivity (server),reason=Window became focusable. Previous reason: NOT_VISIBLE]
09-30 04:42:31.075 I/commit_sys_config_file( 1131): [notification-policy,8007741]
09-30 04:42:31.264 I/wm_stop_activity( 1131): [0,176028021,com.android.launcher3/.uioverrides.QuickstepLauncher]
09-30 04:42:31.289 I/dropbox_file_copy( 1131): [/data/tombstones/tombstone_24,98304,SYSTEM_TOMBSTONE]
09-30 04:42:31.293 I/commit_sys_config_file( 1131): [log-files,8006712]
09-30 04:42:31.301 I/wm_on_stop_called( 2464): [176028021,com.android.launcher3.uioverrides.QuickstepLauncher,STOP_ACTIVITY_ITEM]
09-30 04:42:31.305 I/commit_sys_config_file( 1131): [log-files,8006724]
09-30 04:42:32.415 I/input_interaction( 1131): Interaction with: 5180626 com.android.music/com.android.music.MusicBrowserActivity (server), edge-swipe (server), swipe-up (server), PointerEventDispatcher0 (server),
09-30 04:42:32.543 I/view_enqueue_input_event(22426): [Motion - Cancel,com.android.music/com.android.music.MusicBrowserActivity]
09-30 04:42:32.558 I/input_interaction( 1131): Interaction with: edge-swipe (server), swipe-up (server), PointerEventDispatcher0 (server),
09-30 04:42:32.750 I/sysui_multi_action( 1131): [757,803,799,key_back_press,802,1]
09-30 04:42:32.754 I/input_interaction( 1131): Interaction with: 5180626 com.android.music/com.android.music.MusicBrowserActivity (server), PointerEventDispatcher0 (server),
09-30 04:42:32.758 I/wm_finish_activity( 1131): [0,125067919,83,com.android.music/.MusicBrowserActivity,app-request]
09-30 04:42:32.758 I/wm_task_moved( 1131): [1,1,8]
09-30 04:42:32.759 I/wm_task_moved( 1131): [26,1,2147483647]
09-30 04:42:32.759 I/wm_task_to_front( 1131): [0,26]
09-30 04:42:32.759 I/wm_focused_root_task( 1131): [0,0,1,83,finish-top adjustFocusToNextFocusableTask]
09-30 04:42:32.760 I/wm_set_resumed_activity( 1131): [0,com.android.launcher3/.uioverrides.QuickstepLauncher,finish-top adjustFocusToNextFocusableTask]
09-30 04:42:32.780 I/wm_pause_activity( 1131): [0,125067919,com.android.music/.MusicBrowserActivity,userLeaving=false,finish]
09-30 04:42:32.784 I/wm_on_top_resumed_lost_called(22426): [125067919,com.android.music.MusicBrowserActivity,topStateChangedWhenResumed]
09-30 04:42:32.791 I/wm_on_paused_called(22426): [125067919,com.android.music.MusicBrowserActivity,performPause]
09-30 04:42:32.794 I/wm_add_to_stopping( 1131): [0,125067919,com.android.music/.MusicBrowserActivity,completeFinishing]
09-30 04:42:32.801 I/wm_set_resumed_activity( 1131): [0,com.android.launcher3/.uioverrides.QuickstepLauncher,resumeTopActivityInnerLocked]
09-30 04:42:32.803 I/wm_resume_activity( 1131): [0,176028021,26,com.android.launcher3/.uioverrides.QuickstepLauncher]
09-30 04:42:32.811 I/dvm_lock_sample( 1131): [system_server,1,android.display,16,ActivityTaskSupervisor.java,2557,void com.android.server.wm.ActivityTaskSupervisor$ActivityTaskSupervisorHandler.handleMessage(android.os.Message),ActivityClientController.java,203,void com.android.server.wm.ActivityClientController.activityPaused(android.os.IBinder),3]
09-30 04:42:32.815 I/sysui_multi_action( 1131): [757,803,799,window_time_0,802,3]
09-30 04:42:32.822 I/wm_on_restart_called( 2464): [176028021,com.android.launcher3.uioverrides.QuickstepLauncher,performRestartActivity]
09-30 04:42:32.822 I/wm_on_start_called( 2464): [176028021,com.android.launcher3.uioverrides.QuickstepLauncher,handleStartActivity]
09-30 04:42:32.822 I/input_focus( 1131): [Focus leaving 5180626 com.android.music/com.android.music.MusicBrowserActivity (server),reason=NO_WINDOW]
09-30 04:42:32.823 I/wm_on_resume_called( 2464): [176028021,com.android.launcher3.uioverrides.QuickstepLauncher,RESUME_ACTIVITY]
09-30 04:42:32.823 I/wm_on_top_resumed_gained_called( 2464): [176028021,com.android.launcher3.uioverrides.QuickstepLauncher,topWhenResuming]
09-30 04:42:32.840 I/input_focus( 1131): [Focus request 96face7 com.android.launcher3/com.android.launcher3.uioverrides.QuickstepLauncher,reason=UpdateInputWindows]
09-30 04:42:32.882 I/input_focus( 1131): [Focus entering 96face7 com.android.launcher3/com.android.launcher3.uioverrides.QuickstepLauncher (server),reason=Window became focusable. Previous reason: NOT_VISIBLE]
09-30 04:42:33.232 I/wm_destroy_activity( 1131): [0,125067919,83,com.android.music/.MusicBrowserActivity,finish-imm:idle]
09-30 04:42:33.247 I/wm_on_stop_called(22426): [125067919,com.android.music.MusicBrowserActivity,LIFECYCLER_STOP_ACTIVITY]
09-30 04:42:33.256 I/wm_on_destroy_called(22426): [125067919,com.android.music.MusicBrowserActivity,performDestroy]
09-30 04:42:33.271 I/wm_task_removed( 1131): [83,removeChild:removeChild last r=ActivityRecord{774628f u0 com.android.music/.MusicBrowserActivity t-1 f}} in t=Task{3eb7223 #83 type=standard A=10093:android.task.music U=0 visible=false mode=fullscreen translucent=true sz=0}]
09-30 04:42:33.271 I/wm_task_removed( 1131): [83,removeChild]
09-30 04:42:33.305 I/sysui_multi_action( 1131): [757,856,758,2,806,com.android.music,857,Channel-music,858,2]
09-30 04:42:33.306 I/notification_cancel_all( 1131): [1000,1131,com.android.music,0,0,0,20,NULL]
09-30 04:42:33.565 I/commit_sys_config_file( 1131): [notification-policy,8010230]
09-30 04:42:33.574 I/input_interaction( 1131): Interaction with: 96face7 com.android.launcher3/com.android.launcher3.uioverrides.QuickstepLauncher (server), 6cf07a7 com.android.systemui.ImageWallpaper (server), edge-swipe (server), swipe-up (server), PointerEventDispatcher0 (server),
09-30 04:42:34.465 I/wm_task_moved( 1131): [64,1,7]
09-30 04:42:34.465 I/wm_task_to_front( 1131): [0,64]
09-30 04:42:34.466 I/wm_focused_root_task( 1131): [0,0,64,1,bringingFoundTaskToFront]
09-30 04:42:34.466 I/wm_set_resumed_activity( 1131): [0,com.android.settings/.homepage.SettingsHomepageActivity,bringingFoundTaskToFront]
09-30 04:42:34.467 I/wm_new_intent( 1131): [0,9338120,64,com.android.settings/.homepage.SettingsHomepageActivity,android.settings.NIGHT_DISPLAY_SETTINGS,NULL,NULL,335544320]
09-30 04:42:34.470 I/wm_pause_activity( 1131): [0,176028021,com.android.launcher3/.uioverrides.QuickstepLauncher,userLeaving=true,pauseBackTasks]
09-30 04:42:34.485 I/wm_on_top_resumed_lost_called( 2464): [176028021,com.android.launcher3.uioverrides.QuickstepLauncher,topStateChangedWhenResumed]
09-30 04:42:34.489 I/wm_on_paused_called( 2464): [176028021,com.android.launcher3.uioverrides.QuickstepLauncher,performPause]
09-30 04:42:34.498 I/wm_set_resumed_activity( 1131): [0,com.android.settings/.homepage.SettingsHomepageActivity,resumeTopActivityInnerLocked]
09-30 04:42:34.499 I/wm_add_to_stopping( 1131): [0,176028021,com.android.launcher3/.uioverrides.QuickstepLauncher,makeInvisible]
09-30 04:42:34.505 I/wm_resume_activity( 1131): [0,9338120,64,com.android.settings/.homepage.SettingsHomepageActivity]
09-30 04:42:34.524 I/sysui_multi_action( 1131): [757,803,799,window_time_0,802,1]
09-30 04:42:34.525 I/wm_on_restart_called(19976): [9338120,com.android.settings.homepage.SettingsHomepageActivity,performRestartActivity]
09-30 04:42:34.535 I/input_focus( 1131): [Focus leaving 96face7 com.android.launcher3/com.android.launcher3.uioverrides.QuickstepLauncher (server),reason=NO_WINDOW]
09-30 04:42:34.538 I/wm_on_start_called(19976): [9338120,com.android.settings.homepage.SettingsHomepageActivity,handleStartActivity]
09-30 04:42:34.542 I/snet_event_log(19976): [120484087,-1,]
09-30 04:42:34.544 I/wm_on_resume_called(19976): [9338120,com.android.settings.homepage.SettingsHomepageActivity,RESUME_ACTIVITY]
09-30 04:42:34.545 I/sysui_multi_action(19976): [757,35,758,1,833,0,1089,0]
09-30 04:42:34.549 I/sysui_multi_action(19976): [757,488,758,1,833,0,1089,0]
09-30 04:42:34.562 I/wm_on_top_resumed_gained_called(19976): [9338120,com.android.settings.homepage.SettingsHomepageActivity,topWhenResuming]
09-30 04:42:34.593 I/input_focus( 1131): [Focus request a98c05a com.android.settings/com.android.settings.homepage.SettingsHomepageActivity,reason=UpdateInputWindows]
09-30 04:42:34.636 I/input_focus( 1131): [Focus entering a98c05a com.android.settings/com.android.settings.homepage.SettingsHomepageActivity (server),reason=Window became focusable. Previous reason: NOT_VISIBLE]
09-30 04:42:34.639 I/dvm_lock_sample( 1131): [system_server,0,Binder:1131_8,8,Session.java,511,void com.android.server.wm.Session.setWallpaperZoomOut(android.os.IBinder, float),,0,null,1]
09-30 04:42:34.646 I/sysui_multi_action( 1131): [319,78,321,66,322,162,325,8057,757,761,758,9,759,4,806,com.android.settings,871,com.android.settings.homepage.SettingsHomepageActivity,904,com.android.settings,905,0,1320,8,1321,5]
09-30 04:42:34.631 I/auditd ( 572): type=1400 audit(0.0:1130): avc: denied { read } for comm="Binder:572_2" name="wakeup58" dev="sysfs" ino=77169 scontext=u:r:system_suspend:s0 tcontext=u:object_r:sysfs:s0 tclass=dir permissive=0
09-30 04:42:34.635 I/auditd ( 572): type=1400 audit(0.0:1131): avc: denied { read } for comm="Binder:572_2" name="wakeup48" dev="sysfs" ino=72638 scontext=u:r:system_suspend:s0 tcontext=u:object_r:sysfs:s0 tclass=dir permissive=0
09-30 04:42:34.635 I/auditd ( 572): type=1400 audit(0.0:1132): avc: denied { read } for comm="Binder:572_2" name="wakeup4" dev="sysfs" ino=47030 scontext=u:r:system_suspend:s0 tcontext=u:object_r:sysfs:s0 tclass=dir permissive=0
09-30 04:42:34.643 I/auditd ( 572): type=1400 audit(0.0:1133): avc: denied { read } for comm="Binder:572_2" name="wakeup28" dev="sysfs" ino=56470 scontext=u:r:system_suspend:s0 tcontext=u:object_r:sysfs:s0 tclass=dir permissive=0
09-30 04:42:34.643 I/auditd ( 572): type=1400 audit(0.0:1134): avc: denied { read } for comm="Binder:572_2" name="wakeup56" dev="sysfs" ino=77097 scontext=u:r:system_suspend:s0 tcontext=u:object_r:sysfs:s0 tclass=dir permissive=0
09-30 04:42:35.103 I/wm_stop_activity( 1131): [0,176028021,com.android.launcher3/.uioverrides.QuickstepLauncher]
09-30 04:42:35.166 I/wm_on_stop_called( 2464): [176028021,com.android.launcher3.uioverrides.QuickstepLauncher,STOP_ACTIVITY_ITEM]
09-30 04:42:35.527 I/liblog (26344): 9
09-30 04:42:35.527 I/liblog (26344): 12
09-30 04:42:35.527 I/liblog (26344): 12
09-30 04:42:35.527 I/liblog (26344): 12
09-30 04:42:35.528 I/liblog (26344): 19
09-30 04:42:35.528 I/liblog (26344): 22
09-30 04:42:35.528 I/liblog (26344): 20
09-30 04:42:35.528 I/liblog (26344): 12
09-30 04:42:35.528 I/liblog (26344): 11
09-30 04:42:35.528 I/liblog (26344): 12
09-30 04:42:35.528 I/liblog (26344): 12
09-30 04:42:35.528 I/liblog (26344): 12
09-30 04:42:35.528 I/liblog (26344): 12
09-30 04:42:35.528 I/liblog (26344): 11
09-30 04:42:35.529 I/liblog (26344): 43
09-30 04:42:35.529 I/liblog (26344): 12
09-30 04:42:35.529 I/liblog (26344): 12
09-30 04:42:35.529 I/liblog (26344): 12
09-30 04:42:35.529 I/liblog (26344): 11
09-30 04:42:35.529 I/liblog (26344): 12
09-30 04:42:35.529 I/liblog (26344): 10
09-30 04:42:35.529 I/liblog (26344): 70
09-30 04:42:35.530 I/liblog (26344): 25
09-30 04:42:35.530 I/liblog (26344): 10
09-30 04:42:35.530 I/liblog (26344): 13
09-30 04:42:35.530 I/liblog (26344): 12
09-30 04:42:35.530 I/liblog (26344): 100
09-30 04:42:35.530 I/liblog (26344): 13
09-30 04:42:35.530 I/liblog (26344): 12
09-30 04:42:35.531 I/liblog (26344): 11
09-30 04:42:35.928 I/input_interaction( 1131): Interaction with: a98c05a com.android.settings/com.android.settings.homepage.SettingsHomepageActivity (server), edge-swipe (server), swipe-up (server), PointerEventDispatcher0 (server),
09-30 04:42:35.951 I/dropbox_file_copy( 1131): [/data/tombstones/tombstone_25,98304,SYSTEM_TOMBSTONE]
09-30 04:42:35.959 I/commit_sys_config_file( 1131): [log-files,8011378]
09-30 04:42:35.983 I/commit_sys_config_file( 1131): [log-files,8011403]
09-30 04:42:39.282 I/wm_task_moved( 1131): [1,0,0]
09-30 04:42:39.284 I/wm_task_moved( 1131): [1,0,6]
09-30 04:42:39.323 I/dvm_lock_sample( 1131): [system_server,1,android.anim,14,InputMonitor.java,144,void com.android.server.wm.InputMonitor$UpdateInputWindows.run(),WindowManagerService.java,2538,int com.android.server.wm.WindowManagerService.relayoutWindow(com.android.server.wm.Session, android.view.IWindow, android.view.WindowManager$LayoutParams, int, int, int, int, long, android.window.ClientWindowFrames, android.util.MergedConfiguration, android.view.SurfaceControl, android.view.InsetsState, android.view.InsetsSourceControl[], android.graphics.Point),2]
09-30 04:42:39.325 I/wm_on_restart_called( 2464): [176028021,com.android.launcher3.uioverrides.QuickstepLauncher,performRestartActivity]
09-30 04:42:39.363 I/wm_on_start_called( 2464): [176028021,com.android.launcher3.uioverrides.QuickstepLauncher,handleStartActivity]
09-30 04:42:39.365 I/view_enqueue_input_event(19976): [Motion - Cancel,com.android.settings/com.android.settings.homepage.SettingsHomepageActivity]
09-30 04:42:39.376 I/input_interaction( 1131): Interaction with: edge-swipe (server), swipe-up (server), PointerEventDispatcher0 (server),
09-30 04:42:39.388 I/sysui_latency( 2464): [1,130]
09-30 04:42:39.414 I/input_focus( 1131): [Focus request recents_animation_input_consumer,reason=UpdateInputWindows]
09-30 04:42:39.426 I/sysui_multi_action( 1131): [319,19,322,120,325,8062,757,761,758,9,759,5,806,com.android.launcher3,871,com.android.launcher3.uioverrides.QuickstepLauncher,905,0,1320,8,1321,5]
09-30 04:42:39.430 I/input_focus( 1131): [Focus leaving a98c05a com.android.settings/com.android.settings.homepage.SettingsHomepageActivity (server),reason=NOT_FOCUSABLE]
09-30 04:42:39.430 I/input_focus( 1131): [Focus entering recents_animation_input_consumer (server),reason=setFocusedWindow]
09-30 04:42:39.572 I/commit_sys_config_file( 1131): [settings-1-0,9]
09-30 04:42:39.706 I/sysui_latency( 1131): [8,139]
