09-30 04:42:40.871 I/input_interaction( 1131): Interaction with: 96face7 com.android.launcher3/com.android.launcher3.uioverrides.QuickstepLauncher (server), edge-swipe (server), swipe-up (server), PointerEventDispatcher0 (server),
09-30 04:42:41.207 I/commit_sys_config_file( 1131): [settings-1-0,14]
09-30 04:42:41.314 I/dropbox_file_copy( 1131): [/data/tombstones/tombstone_26,98304,SYSTEM_TOMBSTONE]
09-30 04:42:41.334 I/commit_sys_config_file( 1131): [log-files,8016754]
09-30 04:42:41.362 I/commit_sys_config_file( 1131): [log-files,8016782]
09-30 04:42:41.438 I/wm_task_moved( 1131): [1,1,7]
09-30 04:42:41.442 I/wm_task_moved( 1131): [26,1,2147483647]
09-30 04:42:41.442 I/wm_task_to_front( 1131): [0,26]
09-30 04:42:41.442 I/wm_on_top_resumed_lost_called(19976): [9338120,com.android.settings.homepage.SettingsHomepageActivity,topStateChangedWhenResumed]
09-30 04:42:41.442 I/wm_focused_root_task( 1131): [0,0,1,64,RecentsAnimation.onAnimationFinished()]
09-30 04:42:41.443 I/wm_set_resumed_activity( 1131): [0,com.android.launcher3/.uioverrides.QuickstepLauncher,RecentsAnimation.onAnimationFinished()]
09-30 04:42:41.446 I/wm_pause_activity( 1131): [0,9338120,com.android.settings/.homepage.SettingsHomepageActivity,userLeaving=true,pauseBackTasks]
09-30 04:42:41.448 I/wm_add_to_stopping( 1131): [0,9338120,com.android.settings/.homepage.SettingsHomepageActivity,makeInvisible]
09-30 04:42:41.449 I/wm_set_resumed_activity( 1131): [0,com.android.launcher3/.uioverrides.QuickstepLauncher,resumeTopActivityInnerLocked]
09-30 04:42:41.450 I/wm_resume_activity( 1131): [0,176028021,26,com.android.launcher3/.uioverrides.QuickstepLauncher]
09-30 04:42:41.465 I/input_focus( 1131): [Focus request 96face7 com.android.launcher3/com.android.launcher3.uioverrides.QuickstepLauncher,reason=UpdateInputWindows]
09-30 04:42:41.468 I/sysui_multi_action(19976): [757,35,758,2,1089,6923]
09-30 04:42:41.469 I/sysui_multi_action(19976): [757,488,758,2,1089,6920]
09-30 04:42:41.469 I/wm_on_paused_called(19976): [9338120,com.android.settings.homepage.SettingsHomepageActivity,performPause]
09-30 04:42:41.479 I/dvm_lock_sample( 1131): [system_server,1,android.display,5,TaskChangeNotificationController.java,320,void com.android.server.wm.TaskChangeNotificationController.forAllRemoteListeners(com.android.server.wm.TaskChangeNotificationController$TaskStackConsumer, android.os.Message),WindowSurfacePlacer.java,58,void com.android.server.wm.WindowSurfacePlacer$Traverser.run(),1]
09-30 04:42:41.481 I/input_focus( 1131): [Focus leaving recents_animation_input_consumer (server),reason=NOT_VISIBLE]
09-30 04:42:41.482 I/wm_stop_activity( 1131): [0,9338120,com.android.settings/.homepage.SettingsHomepageActivity]
09-30 04:42:41.483 I/sysui_multi_action( 1131): [757,803,799,window_time_0,802,7]
09-30 04:42:41.485 I/sysui_multi_action( 1131): [757,803,799,window_time_0,802,0]
09-30 04:42:41.492 I/input_focus( 1131): [Focus entering 96face7 com.android.launcher3/com.android.launcher3.uioverrides.QuickstepLauncher (server),reason=setFocusedWindow]
09-30 04:42:41.493 I/wm_on_resume_called( 2464): [176028021,com.android.launcher3.uioverrides.QuickstepLauncher,RESUME_ACTIVITY]
09-30 04:42:41.500 I/wm_on_top_resumed_gained_called( 2464): [176028021,com.android.launcher3.uioverrides.QuickstepLauncher,topStateChangedWhenResumed]
09-30 04:42:41.506 I/am_pss ( 1131): [26063,10019,android.process.acore,13624320,9445376,0,117964800,0,19,11]
09-30 04:42:41.525 I/wm_on_stop_called(19976): [9338120,com.android.settings.homepage.SettingsHomepageActivity,STOP_ACTIVITY_ITEM]
09-30 04:42:41.841 I/input_interaction( 1131): Interaction with: 96face7 com.android.launcher3/com.android.launcher3.uioverrides.QuickstepLauncher (server), 6cf07a7 com.android.systemui.ImageWallpaper (server), edge-swipe (server), swipe-up (server), PointerEventDispatcher0 (server),
09-30 04:42:45.780 I/liblog (26376): 202
09-30 04:42:45.780 I/liblog (26376): 2
09-30 04:42:45.780 I/liblog (26376): 2
09-30 04:42:45.780 I/liblog (26376): 1
09-30 04:42:45.780 I/liblog (26376): 1
09-30 04:42:45.781 I/liblog (26376): 2
09-30 04:42:45.781 I/liblog (26376): 1
09-30 04:42:45.781 I/liblog (26376): 1
09-30 04:42:45.781 I/liblog (26376): 1
09-30 04:42:45.781 I/liblog (26376): 1
09-30 04:42:45.781 I/liblog (26376): 1
09-30 04:42:45.781 I/liblog (26376): 2
09-30 04:42:45.781 I/liblog (26376): 2
09-30 04:42:45.781 I/liblog (26376): 1
09-30 04:42:45.781 I/liblog (26376): 3
09-30 04:42:45.781 I/liblog (26376): 1
09-30 04:42:45.781 I/liblog (26376): 2
09-30 04:42:45.781 I/liblog (26376): 1
09-30 04:42:45.781 I/liblog (26376): 2
09-30 04:42:45.781 I/liblog (26376): 2
09-30 04:42:45.781 I/liblog (26376): 2
09-30 04:42:45.782 I/liblog (26376): 2
09-30 04:42:45.782 I/liblog (26376): 1
09-30 04:42:45.782 I/liblog (26376): 2
09-30 04:42:45.782 I/liblog (26376): 1
09-30 04:42:45.782 I/liblog (26376): 1
09-30 04:42:45.782 I/liblog (26376): 2
09-30 04:42:45.782 I/liblog (26376): 2
09-30 04:42:45.782 I/liblog (26376): 1
09-30 04:42:45.782 I/liblog (26376): 1
09-30 04:42:45.782 I/liblog (26376): 1
09-30 04:42:45.782 I/liblog (26376): 1
09-30 04:42:45.782 I/liblog (26376): 2
09-30 04:42:45.782 I/liblog (26376): 1
09-30 04:42:45.782 I/liblog (26376): 1
09-30 04:42:45.782 I/liblog (26376): 1
09-30 04:42:45.782 I/liblog (26376): 2
09-30 04:42:45.783 I/liblog (26376): 2
09-30 04:42:45.783 I/liblog (26376): 1
09-30 04:42:45.783 I/liblog (26376): 1
09-30 04:42:45.783 I/liblog (26376): 1
09-30 04:42:45.783 I/liblog (26376): 1
09-30 04:42:45.783 I/liblog (26376): 1
09-30 04:42:45.783 I/liblog (26376): 1
09-30 04:42:45.783 I/liblog (26376): 1
09-30 04:42:45.783 I/liblog (26376): 2
09-30 04:42:45.783 I/liblog (26376): 2
09-30 04:42:46.339 I/dropbox_file_copy( 1131): [/data/tombstones/tombstone_27,98304,SYSTEM_TOMBSTONE]
09-30 04:42:46.353 I/commit_sys_config_file( 1131): [log-files,8021772]
09-30 04:42:46.372 I/commit_sys_config_file( 1131): [log-files,8021792]
09-30 04:42:48.354 I/commit_sys_config_file( 1131): [settings-1-0,7]
09-30 04:42:49.262 I/wm_task_created( 1131): [84,-1]
09-30 04:42:49.280 I/wm_task_moved( 1131): [84,1,8]
09-30 04:42:49.280 I/wm_task_to_front( 1131): [0,84]
09-30 04:42:49.281 I/wm_create_task( 1131): [0,84]
09-30 04:42:49.281 I/wm_create_activity( 1131): [0,151863716,84,com.android.documentsui/.LauncherActivity,android.intent.action.MAIN,NULL,NULL,270532608]
09-30 04:42:49.281 I/wm_task_moved( 1131): [84,1,8]
09-30 04:42:49.284 I/wm_pause_activity( 1131): [0,176028021,com.android.launcher3/.uioverrides.QuickstepLauncher,userLeaving=true,pauseBackTasks]
09-30 04:42:49.293 I/wm_on_top_resumed_lost_called( 2464): [176028021,com.android.launcher3.uioverrides.QuickstepLauncher,topStateChangedWhenResumed]
09-30 04:42:49.296 I/am_uid_running( 1131): 10035
09-30 04:42:49.297 I/wm_on_paused_called( 2464): [176028021,com.android.launcher3.uioverrides.QuickstepLauncher,performPause]
09-30 04:42:49.309 I/sysui_multi_action( 1131): [757,803,799,window_time_0,802,8]
09-30 04:42:49.392 I/am_proc_start( 1131): [0,26391,10035,com.android.documentsui,pre-top-activity,{com.android.documentsui/com.android.documentsui.LauncherActivity}]
09-30 04:42:49.508 I/am_proc_bound( 1131): [0,26391,com.android.documentsui]
09-30 04:42:49.517 I/wm_restart_activity( 1131): [0,151863716,84,com.android.documentsui/.LauncherActivity]
09-30 04:42:49.519 I/wm_set_resumed_activity( 1131): [0,com.android.documentsui/.LauncherActivity,minimalResumeActivityLocked]
09-30 04:42:49.521 I/am_uid_active( 1131): 10035
09-30 04:42:49.655 I/wm_task_created( 1131): [85,-1]
09-30 04:42:49.660 I/wm_task_moved( 1131): [85,1,9]
09-30 04:42:49.660 I/wm_task_to_front( 1131): [0,85]
09-30 04:42:49.660 I/wm_create_task( 1131): [0,85]
09-30 04:42:49.660 I/wm_create_activity( 1131): [0,110908407,85,com.android.documentsui/.files.FilesActivity,NULL,NULL,//com.android.documentsui.launchControl,271056896]
09-30 04:42:49.660 I/wm_task_moved( 1131): [85,1,9]
09-30 04:42:49.663 I/wm_pause_activity( 1131): [0,151863716,com.android.documentsui/.LauncherActivity,userLeaving=true,pauseBackTasks]
09-30 04:42:49.668 I/wm_finish_activity( 1131): [0,151863716,84,com.android.documentsui/.LauncherActivity,app-request]
09-30 04:42:49.669 I/wm_on_create_called(26391): [151863716,com.android.documentsui.LauncherActivity,performCreate]
09-30 04:42:49.679 I/wm_add_to_stopping( 1131): [0,151863716,com.android.documentsui/.LauncherActivity,completeFinishing]
09-30 04:42:49.683 I/wm_add_to_stopping( 1131): [0,176028021,com.android.launcher3/.uioverrides.QuickstepLauncher,makeInvisible]
09-30 04:42:49.684 I/wm_restart_activity( 1131): [0,110908407,85,com.android.documentsui/.files.FilesActivity]
09-30 04:42:49.686 I/wm_set_resumed_activity( 1131): [0,com.android.documentsui/.files.FilesActivity,minimalResumeActivityLocked]
09-30 04:42:49.694 I/wm_destroy_activity( 1131): [0,151863716,84,com.android.documentsui/.LauncherActivity,finish-imm:idle]
09-30 04:42:49.712 I/sysui_multi_action( 1131): [757,803,799,window_time_0,802,1]
09-30 04:42:49.717 I/input_focus( 1131): [Focus leaving 96face7 com.android.launcher3/com.android.launcher3.uioverrides.QuickstepLauncher (server),reason=NO_WINDOW]
09-30 04:42:49.875 I/wm_on_create_called(26391): [110908407,com.android.documentsui.files.FilesActivity,performCreate]
09-30 04:42:49.886 I/wm_on_start_called(26391): [110908407,com.android.documentsui.files.FilesActivity,handleStartActivity]
09-30 04:42:49.889 I/wm_on_resume_called(26391): [110908407,com.android.documentsui.files.FilesActivity,RESUME_ACTIVITY]
09-30 04:42:49.901 I/am_uid_running( 1131): 10033
09-30 04:42:49.916 I/wm_on_top_resumed_gained_called(26391): [110908407,com.android.documentsui.files.FilesActivity,topStateChangedWhenResumed]
09-30 04:42:49.918 I/wm_on_destroy_called(26391): [151863716,com.android.documentsui.LauncherActivity,performDestroy]
09-30 04:42:49.919 I/wm_task_removed( 1131): [84,removeChild:removeChild last r=ActivityRecord{90d41a4 u0 com.android.documentsui/.LauncherActivity t-1 f}} in t=Task{a2f3264 #84 type=standard A=10035:com.android.documentsui U=0 visible=false mode=fullscreen translucent=true sz=0}]
09-30 04:42:49.919 I/wm_task_removed( 1131): [84,removeChild]
09-30 04:42:49.924 I/am_uid_active( 1131): 10020
09-30 04:42:49.959 I/input_focus( 1131): [Focus request 3f5fc94 com.android.documentsui/com.android.documentsui.files.FilesActivity,reason=UpdateInputWindows]
09-30 04:42:49.998 I/am_proc_start( 1131): [0,26437,10033,com.android.externalstorage,content provider,{com.android.externalstorage/com.android.externalstorage.ExternalStorageProvider}]
09-30 04:42:50.105 I/am_proc_bound( 1131): [0,26437,com.android.externalstorage]
09-30 04:42:50.110 I/am_uid_active( 1131): 10033
09-30 04:42:50.196 I/sysui_multi_action( 1131): [319,504,321,496,322,943,325,8072,757,761,758,7,759,1,806,com.android.documentsui,871,com.android.documentsui.files.FilesActivity,904,com.android.documentsui,905,0,945,272,1320,4,1321,1]
09-30 04:42:50.201 I/input_focus( 1131): [Focus entering 3f5fc94 com.android.documentsui/com.android.documentsui.files.FilesActivity (server),reason=Window became focusable. Previous reason: NOT_VISIBLE]
09-30 04:42:50.204 I/wm_activity_launch_time( 1131): [0,110908407,com.android.documentsui/.files.FilesActivity,943]
09-30 04:42:50.207 I/dvm_lock_sample(26391): [com.android.documentsui,0,pool-4-thread-5,308,ProvidersCache.java,643,void com.android.documentsui.roots.ProvidersCache$MultiProviderUpdateTask.handleDocumentsProvider(android.content.pm.ProviderInfo, com.android.documentsui.base.UserId),-,646,void com.android.documentsui.roots.ProvidersCache$MultiProviderUpdateTask.handleDocumentsProvider(android.content.pm.ProviderInfo, com.android.documentsui.base.UserId),61]
09-30 04:42:50.264 I/dvm_lock_sample(26391): [com.android.documentsui,0,pool-6-thread-5,17,ProvidersCache.java,643,void com.android.documentsui.roots.ProvidersCache$MultiProviderUpdateTask.handleDocumentsProvider(android.content.pm.ProviderInfo, com.android.documentsui.base.UserId),-,646,void com.android.documentsui.roots.ProvidersCache$MultiProviderUpdateTask.handleDocumentsProvider(android.content.pm.ProviderInfo, com.android.documentsui.base.UserId),3]
09-30 04:42:50.598 I/wm_stop_activity( 1131): [0,176028021,com.android.launcher3/.uioverrides.QuickstepLauncher]
09-30 04:42:50.608 I/wm_on_stop_called( 2464): [176028021,com.android.launcher3.uioverrides.QuickstepLauncher,STOP_ACTIVITY_ITEM]
09-30 04:42:50.776 I/liblog (26470): 308
09-30 04:42:50.776 I/liblog (26470): 3
09-30 04:42:50.776 I/liblog (26470): 2
09-30 04:42:50.776 I/liblog (26470): 1
09-30 04:42:50.776 I/liblog (26470): 1
09-30 04:42:50.776 I/liblog (26470): 2
09-30 04:42:50.776 I/liblog (26470): 2
09-30 04:42:50.776 I/liblog (26470): 1
09-30 04:42:50.776 I/liblog (26470): 1
09-30 04:42:50.777 I/liblog (26470): 1
09-30 04:42:50.777 I/liblog (26470): 2
09-30 04:42:50.777 I/liblog (26470): 1
09-30 04:42:50.777 I/liblog (26470): 2
09-30 04:42:50.777 I/liblog (26470): 2
09-30 04:42:50.777 I/liblog (26470): 2
09-30 04:42:50.777 I/liblog (26470): 2
09-30 04:42:50.777 I/liblog (26470): 2
09-30 04:42:50.777 I/liblog (26470): 1
09-30 04:42:50.777 I/liblog (26470): 2
09-30 04:42:50.777 I/liblog (26470): 2
09-30 04:42:50.777 I/liblog (26470): 2
09-30 04:42:50.777 I/liblog (26470): 2
09-30 04:42:50.777 I/liblog (26470): 2
09-30 04:42:50.777 I/liblog (26470): 1
09-30 04:42:50.777 I/liblog (26470): 3
09-30 04:42:50.777 I/liblog (26470): 4
09-30 04:42:50.777 I/liblog (26470): 2
09-30 04:42:50.777 I/liblog (26470): 3
09-30 04:42:50.778 I/liblog (26470): 2
09-30 04:42:50.778 I/liblog (26470): 2
09-30 04:42:50.778 I/liblog (26470): 2
09-30 04:42:50.778 I/liblog (26470): 1
09-30 04:42:50.778 I/liblog (26470): 1
09-30 04:42:50.778 I/liblog (26470): 1
09-30 04:42:50.778 I/liblog (26470): 1
09-30 04:42:50.778 I/liblog (26470): 1
09-30 04:42:50.778 I/liblog (26470): 2
09-30 04:42:50.778 I/liblog (26470): 2
09-30 04:42:50.778 I/liblog (26470): 2
09-30 04:42:50.778 I/liblog (26470): 2
09-30 04:42:50.778 I/liblog (26470): 2
09-30 04:42:50.778 I/liblog (26470): 1
09-30 04:42:50.778 I/liblog (26470): 1
09-30 04:42:50.778 I/liblog (26470): 2
09-30 04:42:50.778 I/liblog (26470): 1
09-30 04:42:50.778 I/liblog (26470): 1
09-30 04:42:50.778 I/liblog (26470): 1
09-30 04:42:50.778 I/liblog (26470): 1
09-30 04:42:50.778 I/liblog (26470): 2
09-30 04:42:50.778 I/liblog (26470): 1
09-30 04:42:50.778 I/liblog (26470): 1
09-30 04:42:50.778 I/liblog (26470): 2
09-30 04:42:50.778 I/liblog (26470): 2
09-30 04:42:50.778 I/liblog (26470): 2
09-30 04:42:50.779 I/liblog (26470): 2
09-30 04:42:51.357 I/dropbox_file_copy( 1131): [/data/tombstones/tombstone_28,98304,SYSTEM_TOMBSTONE]
09-30 04:42:51.363 I/commit_sys_config_file( 1131): [log-files,8026782]
09-30 04:42:51.382 I/commit_sys_config_file( 1131): [log-files,8026801]
09-30 04:42:52.411 I/input_interaction( 1131): Interaction with: 3f5fc94 com.android.documentsui/com.android.documentsui.files.FilesActivity (server), edge-swipe (server), swipe-up (server), PointerEventDispatcher0 (server),
09-30 04:42:55.892 I/liblog (26487): 1
09-30 04:42:55.892 I/liblog (26487): 8
09-30 04:42:55.892 I/liblog (26487): 1
09-30 04:42:55.892 I/liblog (26487): 1
09-30 04:42:55.892 I/liblog (26487): 1
09-30 04:42:55.892 I/liblog (26487): 1
09-30 04:42:55.892 I/liblog (26487): 9
09-30 04:42:55.892 I/liblog (26487): 1
09-30 04:42:55.893 I/liblog (26487): 1
09-30 04:42:55.893 I/liblog (26487): 1
09-30 04:42:55.895 I/liblog (26487): 167
09-30 04:42:55.895 I/liblog (26487): 1
09-30 04:42:55.895 I/liblog (26487): 1
09-30 04:42:55.896 I/liblog (26487): 1
09-30 04:42:55.896 I/liblog (26487): 1
09-30 04:42:55.896 I/liblog (26487): 1
09-30 04:42:55.897 I/liblog (26487): 4
09-30 04:42:55.898 I/liblog (26487): 25
09-30 04:42:56.431 I/dropbox_file_copy( 1131): [/data/tombstones/tombstone_29,98304,SYSTEM_TOMBSTONE]
09-30 04:42:56.436 I/commit_sys_config_file( 1131): [log-files,8031855]
09-30 04:42:56.457 I/commit_sys_config_file( 1131): [log-files,8031876]
09-30 04:43:01.603 I/dropbox_file_copy( 1131): [/data/tombstones/tombstone_30,98304,SYSTEM_TOMBSTONE]
09-30 04:43:01.614 I/commit_sys_config_file( 1131): [log-files,8037033]
09-30 04:43:01.634 I/commit_sys_config_file( 1131): [log-files,8037053]
09-30 04:43:06.478 I/dropbox_file_copy( 1131): [/data/tombstones/tombstone_31,98304,SYSTEM_TOMBSTONE]
09-30 04:43:06.489 I/commit_sys_config_file( 1131): [log-files,8041908]
09-30 04:43:06.515 I/commit_sys_config_file( 1131): [log-files,8041934]
09-30 04:43:06.877 I/service_manager_stats( 1131): [100,141,45150]
09-30 04:43:06.881 I/wm_task_moved( 1131): [85,1,8]
09-30 04:43:06.881 I/wm_set_resumed_activity( 1131): [0,com.android.documentsui/.files.FilesActivity,positionChildAt]
09-30 04:43:06.884 I/wm_create_activity( 1131): [0,5591561,85,com.android.music/.AudioPreview,android.intent.action.VIEW,audio/mpeg,content://com.android.externalstorage.documents/document/primary:Music/lesson25.mp3,545259523]
09-30 04:43:06.891 I/wm_pause_activity( 1131): [0,110908407,com.android.documentsui/.files.FilesActivity,userLeaving=true,resumeTopActivityInnerLocked]
09-30 04:43:06.896 I/wm_on_top_resumed_lost_called(26391): [110908407,com.android.documentsui.files.FilesActivity,topStateChangedWhenResumed]
09-30 04:43:06.901 I/wm_on_paused_called(26391): [110908407,com.android.documentsui.files.FilesActivity,performPause]
09-30 04:43:06.905 I/wm_restart_activity( 1131): [0,5591561,85,com.android.music/.AudioPreview]
09-30 04:43:06.908 I/wm_set_resumed_activity( 1131): [0,com.android.music/.AudioPreview,minimalResumeActivityLocked]
09-30 04:43:06.919 I/sysui_multi_action( 1131): [757,803,799,window_time_0,802,17]
09-30 04:43:07.113 I/wm_on_create_called(22426): [5591561,com.android.music.AudioPreview,performCreate]
09-30 04:43:07.117 I/wm_on_start_called(22426): [5591561,com.android.music.AudioPreview,handleStartActivity]
09-30 04:43:07.118 I/wm_on_resume_called(22426): [5591561,com.android.music.AudioPreview,RESUME_ACTIVITY]
09-30 04:43:07.131 I/wm_on_top_resumed_gained_called(22426): [5591561,com.android.music.AudioPreview,topStateChangedWhenResumed]
09-30 04:43:07.155 I/input_focus( 1131): [Focus request 6ab8372 com.android.music/com.android.music.AudioPreview,reason=UpdateInputWindows]
09-30 04:43:07.177 I/input_focus( 1131): [Focus leaving 3f5fc94 com.android.documentsui/com.android.documentsui.files.FilesActivity (server),reason=Waiting for window because NOT_VISIBLE]
09-30 04:43:07.205 I/sysui_multi_action( 1131): [319,326,322,323,325,8090,757,761,758,8,759,2,806,com.android.music,871,com.android.music.AudioPreview,904,com.android.documentsui,905,0,1320,8,1321,5]
09-30 04:43:07.214 I/input_focus( 1131): [Focus entering 6ab8372 com.android.music/com.android.music.AudioPreview (server),reason=Window became focusable. Previous reason: NOT_VISIBLE]
09-30 04:43:07.214 I/wm_activity_launch_time( 1131): [0,5591561,com.android.music/.AudioPreview,323]
09-30 04:43:07.359 I/am_pss ( 1131): [26391,10035,com.android.documentsui,98490368,90148864,0,230526976,0,2,15]
09-30 04:43:07.373 I/am_pss ( 1131): [26063,10019,android.process.acore,13081600,9097216,0,117616640,0,19,11]
09-30 04:43:07.755 I/notification_enqueue( 1131): [10105,23156,com.tencent.qqmusicpad,1,NULL,0,Notification(channel=channel_notification_player shortcut=null contentView=com.tencent.qqmusicpad/0x7f0c020d vibrate=null sound=null tick defaults=0x0 flags=0x62 color=0x00000000 vis=SECRET),1]
09-30 04:43:09.637 I/input_interaction( 1131): Interaction with: 6ab8372 com.android.music/com.android.music.AudioPreview (server), edge-swipe (server), swipe-up (server), PointerEventDispatcher0 (server),
09-30 04:43:09.714 I/wm_finish_activity( 1131): [0,5591561,85,com.android.music/.AudioPreview,app-request]
09-30 04:43:09.733 I/wm_pause_activity( 1131): [0,5591561,com.android.music/.AudioPreview,userLeaving=false,finish]
09-30 04:43:09.739 I/wm_on_top_resumed_lost_called(22426): [5591561,com.android.music.AudioPreview,topStateChangedWhenResumed]
09-30 04:43:09.740 I/wm_on_paused_called(22426): [5591561,com.android.music.AudioPreview,performPause]
09-30 04:43:09.747 I/wm_set_resumed_activity( 1131): [0,com.android.documentsui/.files.FilesActivity,resumeTopActivityInnerLocked]
09-30 04:43:09.750 I/wm_resume_activity( 1131): [0,110908407,85,com.android.documentsui/.files.FilesActivity]
09-30 04:43:09.756 I/wm_on_resume_called(26391): [110908407,com.android.documentsui.files.FilesActivity,RESUME_ACTIVITY]
09-30 04:43:09.760 I/wm_on_top_resumed_gained_called(26391): [110908407,com.android.documentsui.files.FilesActivity,topWhenResuming]
09-30 04:43:09.771 I/input_focus( 1131): [Focus request 3f5fc94 com.android.documentsui/com.android.documentsui.files.FilesActivity,reason=UpdateInputWindows]
09-30 04:43:09.772 I/sysui_multi_action( 1131): [757,803,799,window_time_0,802,3]
09-30 04:43:09.788 I/input_focus( 1131): [Focus leaving 6ab8372 com.android.music/com.android.music.AudioPreview (server),reason=NO_WINDOW]
09-30 04:43:09.790 I/input_focus( 1131): [Focus entering 3f5fc94 com.android.documentsui/com.android.documentsui.files.FilesActivity (server),reason=setFocusedWindow]
09-30 04:43:09.905 I/wm_destroy_activity( 1131): [0,5591561,85,com.android.music/.AudioPreview,finish-idle]
09-30 04:43:09.922 I/wm_on_stop_called(22426): [5591561,com.android.music.AudioPreview,LIFECYCLER_STOP_ACTIVITY]
09-30 04:43:10.023 I/wm_on_destroy_called(22426): [5591561,com.android.music.AudioPreview,performDestroy]
09-30 04:43:10.594 I/notification_enqueue( 1131): [10105,23156,com.tencent.qqmusicpad,1,NULL,0,Notification(channel=channel_notification_player shortcut=null contentView=com.tencent.qqmusicpad/0x7f0c020d vibrate=null sound=null tick defaults=0x0 flags=0x62 color=0x00000000 vis=SECRET),1]
09-30 04:43:10.659 I/input_interaction( 1131): Interaction with: 3f5fc94 com.android.documentsui/com.android.documentsui.files.FilesActivity (server), edge-swipe (server), swipe-up (server), PointerEventDispatcher0 (server),
09-30 04:43:10.782 I/wm_task_moved( 1131): [85,1,8]
09-30 04:43:10.782 I/wm_set_resumed_activity( 1131): [0,com.android.documentsui/.files.FilesActivity,positionChildAt]
09-30 04:43:10.782 I/wm_create_activity( 1131): [0,104594664,85,com.android.music/.AudioPreview,android.intent.action.VIEW,audio/mpeg,content://com.android.externalstorage.documents/document/primary:Music/lesson26.mp3,545259523]
09-30 04:43:10.787 I/wm_pause_activity( 1131): [0,110908407,com.android.documentsui/.files.FilesActivity,userLeaving=true,resumeTopActivityInnerLocked]
09-30 04:43:10.792 I/wm_on_top_resumed_lost_called(26391): [110908407,com.android.documentsui.files.FilesActivity,topStateChangedWhenResumed]
09-30 04:43:10.802 I/wm_on_paused_called(26391): [110908407,com.android.documentsui.files.FilesActivity,performPause]
09-30 04:43:10.814 I/wm_restart_activity( 1131): [0,104594664,85,com.android.music/.AudioPreview]
09-30 04:43:10.819 I/wm_set_resumed_activity( 1131): [0,com.android.music/.AudioPreview,minimalResumeActivityLocked]
09-30 04:43:10.828 I/sysui_multi_action( 1131): [757,803,799,window_time_0,802,1]
09-30 04:43:10.855 I/am_pss ( 1131): [26437,10033,com.android.externalstorage,7495680,4792320,0,100462592,0,3,10]
09-30 04:43:11.007 I/wm_on_create_called(22426): [104594664,com.android.music.AudioPreview,performCreate]
09-30 04:43:11.010 I/wm_on_start_called(22426): [104594664,com.android.music.AudioPreview,handleStartActivity]
09-30 04:43:11.011 I/wm_on_resume_called(22426): [104594664,com.android.music.AudioPreview,RESUME_ACTIVITY]
09-30 04:43:11.022 I/wm_on_top_resumed_gained_called(22426): [104594664,com.android.music.AudioPreview,topStateChangedWhenResumed]
09-30 04:43:11.041 I/input_focus( 1131): [Focus request ccbad2c com.android.music/com.android.music.AudioPreview,reason=UpdateInputWindows]
09-30 04:43:11.069 I/input_focus( 1131): [Focus leaving 3f5fc94 com.android.documentsui/com.android.documentsui.files.FilesActivity (server),reason=Waiting for window because NOT_VISIBLE]
09-30 04:43:11.075 I/sysui_multi_action( 1131): [319,283,322,281,325,8094,757,761,758,8,759,2,806,com.android.music,871,com.android.music.AudioPreview,904,com.android.documentsui,905,0,1320,8,1321,5]
09-30 04:43:11.079 I/wm_activity_launch_time( 1131): [0,104594664,com.android.music/.AudioPreview,281]
09-30 04:43:11.090 I/input_focus( 1131): [Focus entering ccbad2c com.android.music/com.android.music.AudioPreview (server),reason=Window became focusable. Previous reason: NOT_VISIBLE]
09-30 04:43:11.620 I/notification_enqueue( 1131): [10105,23156,com.tencent.qqmusicpad,1,NULL,0,Notification(channel=channel_notification_player shortcut=null contentView=com.tencent.qqmusicpad/0x7f0c020d vibrate=null sound=null tick defaults=0x0 flags=0x62 color=0x00000000 vis=SECRET),1]
09-30 04:43:11.638 I/dropbox_file_copy( 1131): [/data/tombstones/tombstone_00,98304,SYSTEM_TOMBSTONE]
09-30 04:43:11.645 I/commit_sys_config_file( 1131): [log-files,8047064]
09-30 04:43:11.667 I/commit_sys_config_file( 1131): [log-files,8047086]
09-30 04:43:12.200 I/input_interaction( 1131): Interaction with: ccbad2c com.android.music/com.android.music.AudioPreview (server), edge-swipe (server), swipe-up (server), PointerEventDispatcher0 (server),
09-30 04:43:12.292 I/wm_finish_activity( 1131): [0,104594664,85,com.android.music/.AudioPreview,app-request]
09-30 04:43:12.315 I/wm_pause_activity( 1131): [0,104594664,com.android.music/.AudioPreview,userLeaving=false,finish]
09-30 04:43:12.322 I/wm_on_top_resumed_lost_called(22426): [104594664,com.android.music.AudioPreview,topStateChangedWhenResumed]
09-30 04:43:12.323 I/wm_on_paused_called(22426): [104594664,com.android.music.AudioPreview,performPause]
09-30 04:43:12.331 I/wm_set_resumed_activity( 1131): [0,com.android.documentsui/.files.FilesActivity,resumeTopActivityInnerLocked]
09-30 04:43:12.335 I/wm_resume_activity( 1131): [0,110908407,85,com.android.documentsui/.files.FilesActivity]
09-30 04:43:12.350 I/wm_on_resume_called(26391): [110908407,com.android.documentsui.files.FilesActivity,RESUME_ACTIVITY]
09-30 04:43:12.354 I/input_focus( 1131): [Focus request 3f5fc94 com.android.documentsui/com.android.documentsui.files.FilesActivity,reason=UpdateInputWindows]
09-30 04:43:12.357 I/wm_on_top_resumed_gained_called(26391): [110908407,com.android.documentsui.files.FilesActivity,topWhenResuming]
09-30 04:43:12.361 I/input_focus( 1131): [Focus leaving ccbad2c com.android.music/com.android.music.AudioPreview (server),reason=NO_WINDOW]
09-30 04:43:12.362 I/input_focus( 1131): [Focus entering 3f5fc94 com.android.documentsui/com.android.documentsui.files.FilesActivity (server),reason=setFocusedWindow]
09-30 04:43:12.377 I/sysui_multi_action( 1131): [757,803,799,window_time_0,802,1]
09-30 04:43:12.605 I/wm_destroy_activity( 1131): [0,104594664,85,com.android.music/.AudioPreview,finish-transit]
09-30 04:43:12.614 I/wm_on_stop_called(22426): [104594664,com.android.music.AudioPreview,LIFECYCLER_STOP_ACTIVITY]
09-30 04:43:12.717 I/wm_on_destroy_called(22426): [104594664,com.android.music.AudioPreview,performDestroy]
09-30 04:43:12.846 I/input_interaction( 1131): Interaction with: 3f5fc94 com.android.documentsui/com.android.documentsui.files.FilesActivity (server), edge-swipe (server), swipe-up (server), PointerEventDispatcher0 (server),
09-30 04:43:12.946 I/wm_task_moved( 1131): [85,1,8]
09-30 04:43:12.946 I/wm_set_resumed_activity( 1131): [0,com.android.documentsui/.files.FilesActivity,positionChildAt]
09-30 04:43:12.946 I/wm_create_activity( 1131): [0,67733435,85,com.android.music/.AudioPreview,android.intent.action.VIEW,audio/mpeg,content://com.android.externalstorage.documents/document/primary:Music/lesson27.mp3,545259523]
09-30 04:43:12.947 I/wm_pause_activity( 1131): [0,110908407,com.android.documentsui/.files.FilesActivity,userLeaving=true,resumeTopActivityInnerLocked]
09-30 04:43:12.953 I/wm_on_top_resumed_lost_called(26391): [110908407,com.android.documentsui.files.FilesActivity,topStateChangedWhenResumed]
09-30 04:43:12.954 I/wm_on_paused_called(26391): [110908407,com.android.documentsui.files.FilesActivity,performPause]
09-30 04:43:12.958 I/wm_restart_activity( 1131): [0,67733435,85,com.android.music/.AudioPreview]
09-30 04:43:12.961 I/wm_set_resumed_activity( 1131): [0,com.android.music/.AudioPreview,minimalResumeActivityLocked]
09-30 04:43:12.974 I/sysui_multi_action( 1131): [757,803,799,window_time_0,802,1]
09-30 04:43:13.121 I/wm_on_create_called(22426): [67733435,com.android.music.AudioPreview,performCreate]
09-30 04:43:13.125 I/wm_on_start_called(22426): [67733435,com.android.music.AudioPreview,handleStartActivity]
09-30 04:43:13.125 I/wm_on_resume_called(22426): [67733435,com.android.music.AudioPreview,RESUME_ACTIVITY]
09-30 04:43:13.133 I/wm_on_top_resumed_gained_called(22426): [67733435,com.android.music.AudioPreview,topStateChangedWhenResumed]
09-30 04:43:13.148 I/input_focus( 1131): [Focus request b33cf8f com.android.music/com.android.music.AudioPreview,reason=UpdateInputWindows]
09-30 04:43:13.181 I/input_focus( 1131): [Focus leaving 3f5fc94 com.android.documentsui/com.android.documentsui.files.FilesActivity (server),reason=Waiting for window because NOT_VISIBLE]
09-30 04:43:13.181 I/sysui_multi_action( 1131): [319,225,322,221,325,8096,757,761,758,8,759,2,806,com.android.music,871,com.android.music.AudioPreview,904,com.android.documentsui,905,0,1320,8,1321,5]
09-30 04:43:13.188 I/wm_activity_launch_time( 1131): [0,67733435,com.android.music/.AudioPreview,221]
09-30 04:43:13.193 I/input_focus( 1131): [Focus entering b33cf8f com.android.music/com.android.music.AudioPreview (server),reason=Window became focusable. Previous reason: NOT_VISIBLE]
09-30 04:43:13.746 I/notification_enqueue( 1131): [10105,23156,com.tencent.qqmusicpad,1,NULL,0,Notification(channel=channel_notification_player shortcut=null contentView=com.tencent.qqmusicpad/0x7f0c020d vibrate=null sound=null tick defaults=0x0 flags=0x62 color=0x00000000 vis=SECRET),1]
09-30 04:43:14.057 I/input_interaction( 1131): Interaction with: b33cf8f com.android.music/com.android.music.AudioPreview (server), edge-swipe (server), swipe-up (server), PointerEventDispatcher0 (server),
09-30 04:43:14.187 I/wm_finish_activity( 1131): [0,67733435,85,com.android.music/.AudioPreview,app-request]
09-30 04:43:14.205 I/wm_pause_activity( 1131): [0,67733435,com.android.music/.AudioPreview,userLeaving=false,finish]
09-30 04:43:14.210 I/wm_on_top_resumed_lost_called(22426): [67733435,com.android.music.AudioPreview,topStateChangedWhenResumed]
09-30 04:43:14.212 I/wm_on_paused_called(22426): [67733435,com.android.music.AudioPreview,performPause]
09-30 04:43:14.218 I/wm_set_resumed_activity( 1131): [0,com.android.documentsui/.files.FilesActivity,resumeTopActivityInnerLocked]
09-30 04:43:14.223 I/wm_resume_activity( 1131): [0,110908407,85,com.android.documentsui/.files.FilesActivity]
09-30 04:43:14.224 I/wm_on_resume_called(26391): [110908407,com.android.documentsui.files.FilesActivity,RESUME_ACTIVITY]
09-30 04:43:14.228 I/wm_on_top_resumed_gained_called(26391): [110908407,com.android.documentsui.files.FilesActivity,topWhenResuming]
09-30 04:43:14.244 I/dvm_lock_sample( 1131): [system_server,1,android.anim,30,InputMonitor.java,144,void com.android.server.wm.InputMonitor$UpdateInputWindows.run(),ActivityTaskManagerService.java,1071,android.content.res.Configuration com.android.server.wm.ActivityTaskManagerService.getGlobalConfigurationForPid(int),6]
09-30 04:43:14.245 I/input_focus( 1131): [Focus request 3f5fc94 com.android.documentsui/com.android.documentsui.files.FilesActivity,reason=UpdateInputWindows]
09-30 04:43:14.245 I/sysui_multi_action( 1131): [757,803,799,window_time_0,802,1]
09-30 04:43:14.261 I/input_focus( 1131): [Focus leaving b33cf8f com.android.music/com.android.music.AudioPreview (server),reason=NO_WINDOW]
09-30 04:43:14.261 I/input_focus( 1131): [Focus entering 3f5fc94 com.android.documentsui/com.android.documentsui.files.FilesActivity (server),reason=setFocusedWindow]
09-30 04:43:14.492 I/wm_destroy_activity( 1131): [0,67733435,85,com.android.music/.AudioPreview,finish-transit]
09-30 04:43:14.527 I/wm_on_stop_called(22426): [67733435,com.android.music.AudioPreview,LIFECYCLER_STOP_ACTIVITY]
09-30 04:43:14.641 I/wm_on_destroy_called(22426): [67733435,com.android.music.AudioPreview,performDestroy]
09-30 04:43:14.771 I/input_interaction( 1131): Interaction with: 3f5fc94 com.android.documentsui/com.android.documentsui.files.FilesActivity (server), edge-swipe (server), swipe-up (server), PointerEventDispatcher0 (server),
09-30 04:43:14.900 I/wm_task_moved( 1131): [85,1,8]
09-30 04:43:14.900 I/wm_set_resumed_activity( 1131): [0,com.android.documentsui/.files.FilesActivity,positionChildAt]
09-30 04:43:14.901 I/wm_create_activity( 1131): [0,105585411,85,com.android.music/.AudioPreview,android.intent.action.VIEW,audio/mpeg,content://com.android.externalstorage.documents/document/primary:Music/lesson28.mp3,545259523]
09-30 04:43:14.904 I/wm_pause_activity( 1131): [0,110908407,com.android.documentsui/.files.FilesActivity,userLeaving=true,resumeTopActivityInnerLocked]
09-30 04:43:14.909 I/wm_on_top_resumed_lost_called(26391): [110908407,com.android.documentsui.files.FilesActivity,topStateChangedWhenResumed]
09-30 04:43:14.912 I/wm_on_paused_called(26391): [110908407,com.android.documentsui.files.FilesActivity,performPause]
09-30 04:43:14.918 I/wm_restart_activity( 1131): [0,105585411,85,com.android.music/.AudioPreview]
09-30 04:43:14.920 I/wm_set_resumed_activity( 1131): [0,com.android.music/.AudioPreview,minimalResumeActivityLocked]
09-30 04:43:14.925 I/sysui_multi_action( 1131): [757,803,799,window_time_0,802,1]
09-30 04:43:15.034 I/wm_on_create_called(22426): [105585411,com.android.music.AudioPreview,performCreate]
09-30 04:43:15.035 I/wm_on_start_called(22426): [105585411,com.android.music.AudioPreview,handleStartActivity]
09-30 04:43:15.035 I/wm_on_resume_called(22426): [105585411,com.android.music.AudioPreview,RESUME_ACTIVITY]
09-30 04:43:15.038 I/wm_on_top_resumed_gained_called(22426): [105585411,com.android.music.AudioPreview,topStateChangedWhenResumed]
09-30 04:43:15.049 I/input_focus( 1131): [Focus request cb68057 com.android.music/com.android.music.AudioPreview,reason=UpdateInputWindows]
09-30 04:43:15.065 I/input_focus( 1131): [Focus leaving 3f5fc94 com.android.documentsui/com.android.documentsui.files.FilesActivity (server),reason=Waiting for window because NOT_VISIBLE]
09-30 04:43:15.079 I/sysui_multi_action( 1131): [319,164,322,163,325,8098,757,761,758,8,759,2,806,com.android.music,871,com.android.music.AudioPreview,904,com.android.documentsui,905,0,1320,8,1321,5]
09-30 04:43:15.087 I/wm_activity_launch_time( 1131): [0,105585411,com.android.music/.AudioPreview,163]
09-30 04:43:15.090 I/input_focus( 1131): [Focus entering cb68057 com.android.music/com.android.music.AudioPreview (server),reason=Window became focusable. Previous reason: NOT_VISIBLE]
09-30 04:43:15.626 I/notification_enqueue( 1131): [10105,23156,com.tencent.qqmusicpad,1,NULL,0,Notification(channel=channel_notification_player shortcut=null contentView=com.tencent.qqmusicpad/0x7f0c020d vibrate=null sound=null tick defaults=0x0 flags=0x62 color=0x00000000 vis=SECRET),1]
09-30 04:43:15.892 I/input_interaction( 1131): Interaction with: cb68057 com.android.music/com.android.music.AudioPreview (server), edge-swipe (server), swipe-up (server), PointerEventDispatcher0 (server),
09-30 04:43:15.993 I/wm_finish_activity( 1131): [0,105585411,85,com.android.music/.AudioPreview,app-request]
09-30 04:43:16.004 I/wm_pause_activity( 1131): [0,105585411,com.android.music/.AudioPreview,userLeaving=false,finish]
09-30 04:43:16.010 I/wm_on_top_resumed_lost_called(22426): [105585411,com.android.music.AudioPreview,topStateChangedWhenResumed]
09-30 04:43:16.012 I/wm_on_paused_called(22426): [105585411,com.android.music.AudioPreview,performPause]
09-30 04:43:16.023 I/wm_set_resumed_activity( 1131): [0,com.android.documentsui/.files.FilesActivity,resumeTopActivityInnerLocked]
09-30 04:43:16.025 I/wm_resume_activity( 1131): [0,110908407,85,com.android.documentsui/.files.FilesActivity]
09-30 04:43:16.027 I/wm_on_resume_called(26391): [110908407,com.android.documentsui.files.FilesActivity,RESUME_ACTIVITY]
09-30 04:43:16.041 I/wm_on_top_resumed_gained_called(26391): [110908407,com.android.documentsui.files.FilesActivity,topWhenResuming]
09-30 04:43:16.045 I/dvm_lock_sample( 1131): [system_server,1,android.anim,30,WindowAnimator.java,103,void com.android.server.wm.WindowAnimator.lambda$new$1$WindowAnimator(long),ActivityClientController.java,203,void com.android.server.wm.ActivityClientController.activityPaused(android.os.IBinder),6]
09-30 04:43:16.045 I/sysui_multi_action( 1131): [757,803,799,window_time_0,802,1]
09-30 04:43:16.050 I/input_focus( 1131): [Focus leaving cb68057 com.android.music/com.android.music.AudioPreview (server),reason=NO_WINDOW]
09-30 04:43:16.051 I/input_focus( 1131): [Focus request 3f5fc94 com.android.documentsui/com.android.documentsui.files.FilesActivity,reason=UpdateInputWindows]
09-30 04:43:16.072 I/input_focus( 1131): [Focus entering 3f5fc94 com.android.documentsui/com.android.documentsui.files.FilesActivity (server),reason=setFocusedWindow]
09-30 04:43:16.158 I/wm_destroy_activity( 1131): [0,105585411,85,com.android.music/.AudioPreview,finish-idle]
09-30 04:43:16.180 I/wm_on_stop_called(22426): [105585411,com.android.music.AudioPreview,LIFECYCLER_STOP_ACTIVITY]
09-30 04:43:16.292 I/wm_on_destroy_called(22426): [105585411,com.android.music.AudioPreview,performDestroy]
09-30 04:43:16.485 I/dropbox_file_copy( 1131): [/data/tombstones/tombstone_01,98304,SYSTEM_TOMBSTONE]
09-30 04:43:16.489 I/commit_sys_config_file( 1131): [log-files,8051908]
09-30 04:43:16.496 I/commit_sys_config_file( 1131): [log-files,8051916]
09-30 04:43:16.604 I/input_interaction( 1131): Interaction with: 3f5fc94 com.android.documentsui/com.android.documentsui.files.FilesActivity (server), edge-swipe (server), swipe-up (server), PointerEventDispatcher0 (server),
09-30 04:43:16.692 I/wm_task_moved( 1131): [85,1,8]
09-30 04:43:16.692 I/wm_set_resumed_activity( 1131): [0,com.android.documentsui/.files.FilesActivity,positionChildAt]
09-30 04:43:16.692 I/wm_create_activity( 1131): [0,81893526,85,com.android.music/.AudioPreview,android.intent.action.VIEW,audio/mpeg,content://com.android.externalstorage.documents/document/primary:Music/lesson29.mp3,545259523]
09-30 04:43:16.693 I/wm_pause_activity( 1131): [0,110908407,com.android.documentsui/.files.FilesActivity,userLeaving=true,resumeTopActivityInnerLocked]
09-30 04:43:16.697 I/wm_on_top_resumed_lost_called(26391): [110908407,com.android.documentsui.files.FilesActivity,topStateChangedWhenResumed]
09-30 04:43:16.698 I/wm_on_paused_called(26391): [110908407,com.android.documentsui.files.FilesActivity,performPause]
09-30 04:43:16.701 I/wm_restart_activity( 1131): [0,81893526,85,com.android.music/.AudioPreview]
09-30 04:43:16.702 I/wm_set_resumed_activity( 1131): [0,com.android.music/.AudioPreview,minimalResumeActivityLocked]
09-30 04:43:16.718 I/sysui_multi_action( 1131): [757,803,799,window_time_0,802,1]
09-30 04:43:16.804 I/wm_on_create_called(22426): [81893526,com.android.music.AudioPreview,performCreate]
09-30 04:43:16.805 I/wm_on_start_called(22426): [81893526,com.android.music.AudioPreview,handleStartActivity]
09-30 04:43:16.805 I/wm_on_resume_called(22426): [81893526,com.android.music.AudioPreview,RESUME_ACTIVITY]
09-30 04:43:16.814 I/wm_on_top_resumed_gained_called(22426): [81893526,com.android.music.AudioPreview,topStateChangedWhenResumed]
09-30 04:43:16.819 I/input_focus( 1131): [Focus request b59197a com.android.music/com.android.music.AudioPreview,reason=UpdateInputWindows]
09-30 04:43:16.834 I/input_focus( 1131): [Focus leaving 3f5fc94 com.android.documentsui/com.android.documentsui.files.FilesActivity (server),reason=Waiting for window because NOT_VISIBLE]
09-30 04:43:16.846 I/sysui_multi_action( 1131): [319,143,322,140,325,8099,757,761,758,8,759,2,806,com.android.music,871,com.android.music.AudioPreview,904,com.android.documentsui,905,0,1320,8,1321,5]
09-30 04:43:16.851 I/input_focus( 1131): [Focus entering b59197a com.android.music/com.android.music.AudioPreview (server),reason=Window became focusable. Previous reason: NOT_VISIBLE]
09-30 04:43:16.856 I/wm_activity_launch_time( 1131): [0,81893526,com.android.music/.AudioPreview,140]
09-30 04:43:16.873 I/service_manager_slow( 1131): [18,phone]
09-30 04:43:16.874 I/notification_enqueue( 1131): [10105,23156,com.tencent.qqmusicpad,1,NULL,0,Notification(channel=channel_notification_player shortcut=null contentView=com.tencent.qqmusicpad/0x7f0c020d vibrate=null sound=null tick defaults=0x0 flags=0x62 color=0x00000000 vis=SECRET),1]
09-30 04:43:17.404 I/notification_enqueue( 1131): [10105,23156,com.tencent.qqmusicpad,1,NULL,0,Notification(channel=channel_notification_player shortcut=null contentView=com.tencent.qqmusicpad/0x7f0c020d vibrate=null sound=null tick defaults=0x0 flags=0x62 color=0x00000000 vis=SECRET),1]
09-30 04:43:17.619 I/am_uid_idle( 1131): 10019
09-30 04:43:17.786 I/input_interaction( 1131): Interaction with: b59197a com.android.music/com.android.music.AudioPreview (server), edge-swipe (server), swipe-up (server), PointerEventDispatcher0 (server),
09-30 04:43:17.886 I/wm_finish_activity( 1131): [0,81893526,85,com.android.music/.AudioPreview,app-request]
09-30 04:43:17.906 I/wm_pause_activity( 1131): [0,81893526,com.android.music/.AudioPreview,userLeaving=false,finish]
09-30 04:43:17.910 I/wm_on_top_resumed_lost_called(22426): [81893526,com.android.music.AudioPreview,topStateChangedWhenResumed]
09-30 04:43:17.912 I/wm_on_paused_called(22426): [81893526,com.android.music.AudioPreview,performPause]
09-30 04:43:17.923 I/wm_set_resumed_activity( 1131): [0,com.android.documentsui/.files.FilesActivity,resumeTopActivityInnerLocked]
09-30 04:43:17.924 I/wm_resume_activity( 1131): [0,110908407,85,com.android.documentsui/.files.FilesActivity]
09-30 04:43:17.927 I/wm_on_resume_called(26391): [110908407,com.android.documentsui.files.FilesActivity,RESUME_ACTIVITY]
09-30 04:43:17.931 I/wm_on_top_resumed_gained_called(26391): [110908407,com.android.documentsui.files.FilesActivity,topWhenResuming]
09-30 04:43:17.942 I/input_focus( 1131): [Focus request 3f5fc94 com.android.documentsui/com.android.documentsui.files.FilesActivity,reason=UpdateInputWindows]
09-30 04:43:17.942 I/input_focus( 1131): [Focus leaving b59197a com.android.music/com.android.music.AudioPreview (server),reason=NO_WINDOW]
09-30 04:43:17.944 I/sysui_multi_action( 1131): [757,803,799,window_time_0,802,1]
09-30 04:43:17.948 I/dvm_lock_sample(26391): [com.android.documentsui,0,pool-18-thread-4,8,ProvidersCache.java,643,void com.android.documentsui.roots.ProvidersCache$MultiProviderUpdateTask.handleDocumentsProvider(android.content.pm.ProviderInfo, com.android.documentsui.base.UserId),-,646,void com.android.documentsui.roots.ProvidersCache$MultiProviderUpdateTask.handleDocumentsProvider(android.content.pm.ProviderInfo, com.android.documentsui.base.UserId),1]
09-30 04:43:17.959 I/input_focus( 1131): [Focus entering 3f5fc94 com.android.documentsui/com.android.documentsui.files.FilesActivity (server),reason=setFocusedWindow]
09-30 04:43:17.960 I/am_pss ( 1131): [26391,10035,com.android.documentsui,109803520,101236736,0,241512448,0,2,16]
09-30 04:43:18.184 I/wm_destroy_activity( 1131): [0,81893526,85,com.android.music/.AudioPreview,finish-transit]
09-30 04:43:18.186 I/wm_on_stop_called(22426): [81893526,com.android.music.AudioPreview,LIFECYCLER_STOP_ACTIVITY]
09-30 04:43:18.280 I/wm_on_destroy_called(22426): [81893526,com.android.music.AudioPreview,performDestroy]
09-30 04:43:18.527 I/input_interaction( 1131): Interaction with: 3f5fc94 com.android.documentsui/com.android.documentsui.files.FilesActivity (server), edge-swipe (server), swipe-up (server), PointerEventDispatcher0 (server),
09-30 04:43:18.642 I/wm_task_moved( 1131): [85,1,8]
09-30 04:43:18.642 I/wm_set_resumed_activity( 1131): [0,com.android.documentsui/.files.FilesActivity,positionChildAt]
09-30 04:43:18.642 I/wm_create_activity( 1131): [0,92793470,85,com.android.music/.AudioPreview,android.intent.action.VIEW,audio/mpeg,content://com.android.externalstorage.documents/document/primary:Music/lesson30.mp3,545259523]
09-30 04:43:18.643 I/wm_pause_activity( 1131): [0,110908407,com.android.documentsui/.files.FilesActivity,userLeaving=true,resumeTopActivityInnerLocked]
09-30 04:43:18.653 I/wm_on_top_resumed_lost_called(26391): [110908407,com.android.documentsui.files.FilesActivity,topStateChangedWhenResumed]
09-30 04:43:18.654 I/wm_on_paused_called(26391): [110908407,com.android.documentsui.files.FilesActivity,performPause]
09-30 04:43:18.665 I/wm_restart_activity( 1131): [0,92793470,85,com.android.music/.AudioPreview]
09-30 04:43:18.667 I/wm_set_resumed_activity( 1131): [0,com.android.music/.AudioPreview,minimalResumeActivityLocked]
09-30 04:43:18.676 I/sysui_multi_action( 1131): [757,803,799,window_time_0,802,0]
09-30 04:43:18.807 I/wm_on_create_called(22426): [92793470,com.android.music.AudioPreview,performCreate]
09-30 04:43:18.808 I/wm_on_start_called(22426): [92793470,com.android.music.AudioPreview,handleStartActivity]
09-30 04:43:18.809 I/wm_on_resume_called(22426): [92793470,com.android.music.AudioPreview,RESUME_ACTIVITY]
09-30 04:43:18.812 I/wm_on_top_resumed_gained_called(22426): [92793470,com.android.music.AudioPreview,topStateChangedWhenResumed]
09-30 04:43:18.824 I/input_focus( 1131): [Focus request bc246e2 com.android.music/com.android.music.AudioPreview,reason=UpdateInputWindows]
09-30 04:43:18.838 I/input_focus( 1131): [Focus leaving 3f5fc94 com.android.documentsui/com.android.documentsui.files.FilesActivity (server),reason=Waiting for window because NOT_VISIBLE]
09-30 04:43:18.845 I/sysui_multi_action( 1131): [319,198,322,195,325,8101,757,761,758,8,759,2,806,com.android.music,871,com.android.music.AudioPreview,904,com.android.documentsui,905,0,1320,8,1321,5]
09-30 04:43:18.850 I/wm_activity_launch_time( 1131): [0,92793470,com.android.music/.AudioPreview,195]
09-30 04:43:18.861 I/input_focus( 1131): [Focus entering bc246e2 com.android.music/com.android.music.AudioPreview (server),reason=Window became focusable. Previous reason: NOT_VISIBLE]
09-30 04:43:18.873 I/notification_enqueue( 1131): [10105,23156,com.tencent.qqmusicpad,1,NULL,0,Notification(channel=channel_notification_player shortcut=null contentView=com.tencent.qqmusicpad/0x7f0c020d vibrate=null sound=null tick defaults=0x0 flags=0x62 color=0x00000000 vis=SECRET),1]
09-30 04:43:19.380 I/notification_enqueue( 1131): [10105,23156,com.tencent.qqmusicpad,1,NULL,0,Notification(channel=channel_notification_player shortcut=null contentView=com.tencent.qqmusicpad/0x7f0c020d vibrate=null sound=null tick defaults=0x0 flags=0x62 color=0x00000000 vis=SECRET),1]
09-30 04:43:19.625 I/input_interaction( 1131): Interaction with: bc246e2 com.android.music/com.android.music.AudioPreview (server), edge-swipe (server), swipe-up (server), PointerEventDispatcher0 (server),
09-30 04:43:19.719 I/wm_finish_activity( 1131): [0,92793470,85,com.android.music/.AudioPreview,app-request]
09-30 04:43:19.743 I/wm_pause_activity( 1131): [0,92793470,com.android.music/.AudioPreview,userLeaving=false,finish]
09-30 04:43:19.747 I/wm_on_top_resumed_lost_called(22426): [92793470,com.android.music.AudioPreview,topStateChangedWhenResumed]
09-30 04:43:19.748 I/wm_on_paused_called(22426): [92793470,com.android.music.AudioPreview,performPause]
09-30 04:43:19.759 I/wm_set_resumed_activity( 1131): [0,com.android.documentsui/.files.FilesActivity,resumeTopActivityInnerLocked]
09-30 04:43:19.761 I/wm_resume_activity( 1131): [0,110908407,85,com.android.documentsui/.files.FilesActivity]
09-30 04:43:19.763 I/wm_on_resume_called(26391): [110908407,com.android.documentsui.files.FilesActivity,RESUME_ACTIVITY]
09-30 04:43:19.767 I/wm_on_top_resumed_gained_called(26391): [110908407,com.android.documentsui.files.FilesActivity,topWhenResuming]
09-30 04:43:19.777 I/input_focus( 1131): [Focus leaving bc246e2 com.android.music/com.android.music.AudioPreview (server),reason=NO_WINDOW]
09-30 04:43:19.780 I/input_focus( 1131): [Focus request 3f5fc94 com.android.documentsui/com.android.documentsui.files.FilesActivity,reason=UpdateInputWindows]
09-30 04:43:19.785 I/sysui_multi_action( 1131): [757,803,799,window_time_0,802,2]
09-30 04:43:19.795 I/input_focus( 1131): [Focus entering 3f5fc94 com.android.documentsui/com.android.documentsui.files.FilesActivity (server),reason=setFocusedWindow]
09-30 04:43:19.886 I/wm_destroy_activity( 1131): [0,92793470,85,com.android.music/.AudioPreview,finish-idle]
09-30 04:43:19.931 I/wm_on_stop_called(22426): [92793470,com.android.music.AudioPreview,LIFECYCLER_STOP_ACTIVITY]
09-30 04:43:20.042 I/wm_on_destroy_called(22426): [92793470,com.android.music.AudioPreview,performDestroy]
09-30 04:43:20.071 I/dvm_lock_sample( 1131): [system_server,1,android.display,12,ProcessRecord.java,1269,void com.android.server.am.ProcessRecord.updateProcessInfo(boolean, boolean, boolean),BroadcastQueue.java,988,void com.android.server.am.BroadcastQueue.processNextBroadcast(boolean),2]
09-30 04:43:20.596 I/notification_enqueue( 1131): [10105,23156,com.tencent.qqmusicpad,1,NULL,0,Notification(channel=channel_notification_player shortcut=null contentView=com.tencent.qqmusicpad/0x7f0c020d vibrate=null sound=null tick defaults=0x0 flags=0x62 color=0x00000000 vis=SECRET),1]
09-30 04:43:20.724 I/input_interaction( 1131): Interaction with: 3f5fc94 com.android.documentsui/com.android.documentsui.files.FilesActivity (server), edge-swipe (server), swipe-up (server), PointerEventDispatcher0 (server),
09-30 04:43:20.752 I/wm_task_moved( 1131): [1,0,0]
09-30 04:43:20.753 I/wm_task_moved( 1131): [1,0,7]
09-30 04:43:20.777 I/wm_on_restart_called( 2464): [176028021,com.android.launcher3.uioverrides.QuickstepLauncher,performRestartActivity]
