09-30 04:42:05.337 I/liblog (25976): 1
09-30 04:42:05.337 I/liblog (25976): 1
09-30 04:42:05.337 I/liblog (25976): 1
09-30 04:42:05.337 I/liblog (25976): 1
09-30 04:42:05.337 I/liblog (25976): 1
09-30 04:42:05.337 I/liblog (25976): 1
09-30 04:42:05.337 I/liblog (25976): 1
09-30 04:42:05.337 I/liblog (25976): 1
09-30 04:42:05.337 I/liblog (25976): 1
09-30 04:42:05.337 I/liblog (25976): 1
09-30 04:42:05.337 I/liblog (25976): 1
09-30 04:42:05.337 I/liblog (25976): 8
09-30 04:42:05.338 I/liblog (25976): 1
09-30 04:42:05.338 I/liblog (25976): 2
09-30 04:42:05.338 I/liblog (25976): 1
09-30 04:42:05.338 I/liblog (25976): 1
09-30 04:42:05.338 I/liblog (25976): 1
09-30 04:42:05.338 I/liblog (25976): 1
09-30 04:42:05.338 I/liblog (25976): 1
09-30 04:42:05.338 I/liblog (25976): 1
09-30 04:42:05.338 I/liblog (25976): 2
09-30 04:42:05.338 I/liblog (25976): 1
09-30 04:42:05.338 I/liblog (25976): 2
09-30 04:42:05.338 I/liblog (25976): 1
09-30 04:42:05.338 I/liblog (25976): 1
09-30 04:42:05.338 I/liblog (25976): 1
09-30 04:42:05.338 I/liblog (25976): 1
09-30 04:42:05.338 I/liblog (25976): 1
09-30 04:42:05.338 I/liblog (25976): 1
09-30 04:42:05.338 I/liblog (25976): 2
09-30 04:42:05.338 I/liblog (25976): 1
09-30 04:42:05.338 I/liblog (25976): 1
09-30 04:42:05.339 I/liblog (25976): 1
09-30 04:42:05.339 I/liblog (25976): 1
09-30 04:42:05.339 I/liblog (25976): 1
09-30 04:42:05.339 I/liblog (25976): 1
09-30 04:42:05.339 I/liblog (25976): 1
09-30 04:42:05.339 I/liblog (25976): 1
09-30 04:42:05.339 I/liblog (25976): 1
09-30 04:42:05.339 I/liblog (25976): 2
09-30 04:42:05.339 I/liblog (25976): 2
09-30 04:42:05.339 I/liblog (25976): 18
09-30 04:42:05.339 I/liblog (25976): 1
09-30 04:42:05.339 I/liblog (25976): 1
09-30 04:42:05.339 I/liblog (25976): 1
09-30 04:42:05.339 I/liblog (25976): 1
09-30 04:42:05.339 I/liblog (25976): 1
09-30 04:42:05.340 I/liblog (25976): 1
09-30 04:42:05.340 I/liblog (25976): 1
09-30 04:42:05.340 I/liblog (25976): 1
09-30 04:42:05.340 I/liblog (25976): 1
09-30 04:42:05.340 I/liblog (25976): 1
09-30 04:42:05.340 I/liblog (25976): 9
09-30 04:42:05.340 I/liblog (25976): 1
09-30 04:42:05.340 I/liblog (25976): 1
09-30 04:42:05.340 I/liblog (25976): 2
09-30 04:42:05.340 I/liblog (25976): 1
09-30 04:42:05.340 I/liblog (25976): 1
09-30 04:42:05.340 I/liblog (25976): 1
09-30 04:42:05.340 I/liblog (25976): 1
09-30 04:42:05.341 I/liblog (25976): 1
09-30 04:42:05.341 I/liblog (25976): 1
09-30 04:42:05.341 I/liblog (25976): 1
09-30 04:42:05.341 I/liblog (25976): 1
09-30 04:42:05.341 I/liblog (25976): 1
09-30 04:42:05.341 I/liblog (25976): 1
09-30 04:42:05.341 I/liblog (25976): 1
09-30 04:42:05.341 I/liblog (25976): 1
09-30 04:42:05.341 I/liblog (25976): 1
09-30 04:42:05.341 I/liblog (25976): 1
09-30 04:42:05.341 I/liblog (25976): 1
09-30 04:42:05.341 I/liblog (25976): 2
09-30 04:42:05.341 I/liblog (25976): 1
09-30 04:42:05.341 I/liblog (25976): 1
09-30 04:42:05.341 I/liblog (25976): 1
09-30 04:42:05.341 I/liblog (25976): 2
09-30 04:42:05.341 I/liblog (25976): 3
09-30 04:42:05.341 I/liblog (25976): 1
09-30 04:42:05.341 I/liblog (25976): 1
09-30 04:42:05.341 I/liblog (25976): 1
09-30 04:42:05.341 I/liblog (25976): 1
09-30 04:42:05.341 I/liblog (25976): 1
09-30 04:42:05.341 I/liblog (25976): 1
09-30 04:42:05.342 I/liblog (25976): 1
09-30 04:42:05.342 I/liblog (25976): 1
09-30 04:42:05.342 I/liblog (25976): 1
09-30 04:42:05.342 I/liblog (25976): 1
09-30 04:42:05.342 I/liblog (25976): 1
09-30 04:42:05.342 I/liblog (25976): 1
09-30 04:42:05.342 I/liblog (25976): 1
09-30 04:42:05.342 I/liblog (25976): 1
09-30 04:42:05.342 I/liblog (25976): 1
09-30 04:42:05.342 I/liblog (25976): 1
09-30 04:42:05.343 I/liblog (25976): 1
09-30 04:42:05.343 I/liblog (25976): 1
09-30 04:42:05.343 I/liblog (25976): 1
09-30 04:42:05.343 I/liblog (25976): 1
09-30 04:42:05.343 I/liblog (25976): 1
09-30 04:42:05.343 I/liblog (25976): 1
09-30 04:42:05.343 I/liblog (25976): 1
09-30 04:42:05.343 I/liblog (25976): 2
09-30 04:42:05.343 I/liblog (25976): 3
09-30 04:42:05.343 I/liblog (25976): 2
09-30 04:42:05.343 I/liblog (25976): 1
09-30 04:42:05.343 I/liblog (25976): 1
09-30 04:42:05.343 I/liblog (25976): 2
09-30 04:42:05.343 I/liblog (25976): 1
09-30 04:42:05.343 I/liblog (25976): 1
09-30 04:42:05.343 I/liblog (25976): 1
09-30 04:42:05.343 I/liblog (25976): 1
09-30 04:42:05.344 I/liblog (25976): 2
09-30 04:42:05.344 I/liblog (25976): 1
09-30 04:42:05.344 I/liblog (25976): 1
09-30 04:42:05.344 I/liblog (25976): 1
09-30 04:42:05.344 I/liblog (25976): 1
09-30 04:42:05.344 I/liblog (25976): 1
09-30 04:42:05.344 I/liblog (25976): 1
09-30 04:42:05.344 I/liblog (25976): 1
09-30 04:42:05.344 I/liblog (25976): 1
09-30 04:42:05.344 I/liblog (25976): 1
09-30 04:42:05.344 I/liblog (25976): 1
09-30 04:42:05.344 I/liblog (25976): 1
09-30 04:42:05.344 I/liblog (25976): 1
09-30 04:42:05.344 I/liblog (25976): 1
09-30 04:42:05.344 I/liblog (25976): 1
09-30 04:42:05.344 I/liblog (25976): 2
09-30 04:42:05.344 I/liblog (25976): 1
09-30 04:42:05.344 I/liblog (25976): 1
09-30 04:42:05.344 I/liblog (25976): 1
09-30 04:42:05.344 I/liblog (25976): 1
09-30 04:42:05.344 I/liblog (25976): 1
09-30 04:42:05.344 I/liblog (25976): 1
09-30 04:42:05.344 I/liblog (25976): 1
09-30 04:42:05.344 I/liblog (25976): 1
09-30 04:42:05.345 I/liblog (25976): 2
09-30 04:42:05.501 I/notification_enqueue( 1131): [10093,22426,com.android.music,1,NULL,0,Notification(channel=Channel-music shortcut=null contentView=null vibrate=null sound=null defaults=0x0 flags=0x40 color=0x00000000 category=transport actions=3 vis=PRIVATE),0]
09-30 04:42:05.502 I/notification_enqueue( 1131): [10093,22426,com.android.music,1,NULL,0,Notification(channel=Channel-music shortcut=null contentView=null vibrate=null sound=null defaults=0x0 flags=0x40 color=0x00000000 category=transport actions=3 vis=PRIVATE),0]
09-30 04:42:05.703 I/sysui_multi_action( 1131): [757,1501,758,1,793,203,794,0,795,203,796,1,806,com.android.music,857,Channel-music,858,2,947,0,1500,0,1641,transport,1688,1,1745,1043716538]
09-30 04:42:05.703 I/sysui_multi_action( 1131): [757,804,799,note_interruptive,801,0,802,1]
09-30 04:42:05.778 I/sysui_multi_action( 1131): [757,128,758,5,759,8,793,2504797,794,0,795,2504797,796,1,797,empty_media,806,com.android.systemui,857,empty_media_style_id,858,4,947,0,1500,2504592,1641,transport,1688,1,1745,1043716538]
09-30 04:42:05.778 I/notification_canceled( 1131): [0|com.android.systemui|1|empty_media|10086,8,2504797,2504797,0,-1,-1,NULL]
09-30 04:42:05.871 I/dropbox_file_copy( 1131): [/data/tombstones/tombstone_19,98304,SYSTEM_TOMBSTONE]
09-30 04:42:05.878 I/commit_sys_config_file( 1131): [log-files,7981297]
09-30 04:42:05.900 I/commit_sys_config_file( 1131): [log-files,7981319]
09-30 04:42:06.236 I/am_crash( 1131): [1919,0,com.android.systemui,818462221,java.util.ConcurrentModificationException,NULL,ArrayList.java,860]
09-30 04:42:06.244 I/sysui_multi_action( 1131): [757,316,758,4,759,-1]
09-30 04:42:06.545 I/am_proc_died( 1131): [0,1919,com.android.systemui,-800,0]
09-30 04:42:06.588 I/wm_set_keyguard_shown( 1131): [1,0,0,setKeyguardShown]
09-30 04:42:06.604 I/wm_pause_activity( 1131): [0,116801364,com.android.music/.MusicBrowserActivity,userLeaving=false,sleep]
09-30 04:42:06.609 I/wm_add_to_stopping( 1131): [0,116801364,com.android.music/.MusicBrowserActivity,makeInvisible]
09-30 04:42:06.609 I/wm_on_top_resumed_lost_called(22426): [116801364,com.android.music.MusicBrowserActivity,topStateChangedWhenResumed]
09-30 04:42:06.612 I/wm_task_removed( 1131): [3,setTaskOrganizer]
09-30 04:42:06.612 I/wm_task_removed( 1131): [4,setTaskOrganizer]
09-30 04:42:06.612 I/wm_task_removed( 1131): [5,setTaskOrganizer]
09-30 04:42:06.613 I/wm_task_removed( 1131): [6,setTaskOrganizer]
09-30 04:42:06.613 I/wm_task_removed( 1131): [7,setTaskOrganizer]
09-30 04:42:06.617 I/input_focus( 1131): [Focus leaving 7e1369e com.android.music/com.android.music.MusicBrowserActivity (server),reason=NOT_VISIBLE]
09-30 04:42:06.629 I/dvm_lock_sample( 1131): [system_server,0,Binder:1131_15,77,WindowState.java,3056,void com.android.server.wm.WindowState$DeathRecipient.binderDied(),,0,null,15]
09-30 04:42:06.637 I/dvm_lock_sample( 1131): [system_server,1,android.anim,82,InputMonitor.java,144,void com.android.server.wm.InputMonitor$UpdateInputWindows.run(),,0,null,16]
09-30 04:42:06.643 I/dvm_lock_sample( 1131): [system_server,0,Binder:1131_C,85,WindowState.java,3056,void com.android.server.wm.WindowState$DeathRecipient.binderDied(),,0,null,17]
09-30 04:42:06.647 I/dvm_lock_sample( 1131): [system_server,0,Binder:1131_1,102,Session.java,181,void com.android.server.wm.Session.binderDied(),,0,null,20]
09-30 04:42:06.648 I/dvm_lock_sample( 1131): [system_server,0,Binder:1131_14,103,WindowContextListenerController.java,310,void com.android.server.wm.WindowContextListenerController$WindowContextListenerImpl$DeathRecipient.binderDied(),,0,null,20]
09-30 04:42:06.649 I/am_schedule_service_restart( 1131): [0,com.android.systemui/.keyguard.KeyguardService,0]
09-30 04:42:06.651 I/am_schedule_service_restart( 1131): [0,com.android.systemui/.SystemUIService,0]
09-30 04:42:06.651 I/am_schedule_service_restart( 1131): [0,com.android.systemui/.ImageWallpaper,0]
09-30 04:42:06.652 I/am_schedule_service_restart( 1131): [0,com.android.systemui/.dump.SystemUIAuxiliaryDumpService,0]
09-30 04:42:06.652 I/wm_on_paused_called(22426): [116801364,com.android.music.MusicBrowserActivity,performPause]
09-30 04:42:06.657 I/am_uid_stopped( 1131): 10086
09-30 04:42:06.662 I/am_uid_running( 1131): 10086
09-30 04:42:06.677 I/wm_stop_activity( 1131): [0,116801364,com.android.music/.MusicBrowserActivity]
09-30 04:42:06.698 I/sysui_multi_action( 1131): [757,803,799,window_time_0,802,4]
09-30 04:42:06.701 I/wm_on_stop_called(22426): [116801364,com.android.music.MusicBrowserActivity,STOP_ACTIVITY_ITEM]
09-30 04:42:06.727 I/am_proc_start( 1131): [0,25992,10086,com.android.systemui,restart,com.android.systemui]
09-30 04:42:06.731 I/sf_frame_dur( 1052): [com.android.music/com.android.music.MusicBrowserActivity#0,0,1,0,0,0,0,0]
09-30 04:42:06.827 I/am_proc_bound( 1131): [0,25992,com.android.systemui]
09-30 04:42:06.834 I/am_uid_active( 1131): 10086
09-30 04:42:06.982 I/wm_task_created( 1131): [73,-1]
09-30 04:42:06.986 I/wm_task_created( 1131): [74,-1]
09-30 04:42:07.030 I/wm_task_created( 1131): [75,-1]
09-30 04:42:07.035 I/wm_task_created( 1131): [76,-1]
09-30 04:42:07.041 I/wm_task_created( 1131): [77,-1]
09-30 04:42:07.152 D/TelephonyRegistry( 1131): listen oscl: mHasNotifySubscriptionInfoChangedOccurred==false no callback
09-30 04:42:07.278 I/notification_enqueue( 1131): [10086,25992,com.android.systemui,1,empty_media,0,Notification(channel=empty_media_style_id shortcut=null contentView=null vibrate=null sound=null defaults=0x0 flags=0x20 color=0x00000000 category=transport actions=3 vis=PRIVATE),0]
09-30 04:42:07.342 I/notification_cancel_all( 1131): [1000,1131,com.android.systemui,0,0,0,20,NULL]
09-30 04:42:07.350 I/commit_sys_config_file( 1131): [settings-0-0,16]
09-30 04:42:07.356 I/wm_set_keyguard_shown( 1131): [0,0,0,setKeyguardShown]
09-30 04:42:07.361 I/wm_set_resumed_activity( 1131): [0,com.android.music/.MusicBrowserActivity,resumeTopActivityInnerLocked]
09-30 04:42:07.363 I/wm_resume_activity( 1131): [0,116801364,72,com.android.music/.MusicBrowserActivity]
09-30 04:42:07.386 I/wm_on_restart_called(22426): [116801364,com.android.music.MusicBrowserActivity,performRestartActivity]
09-30 04:42:07.388 I/dvm_lock_sample( 1131): [system_server,1,ActivityManager,16,ActiveServices.java,1463,void com.android.server.am.ActiveServices.updateForegroundApps(com.android.server.am.ActiveServices$ServiceMap),,0,null,3]
09-30 04:42:07.394 I/wm_on_start_called(22426): [116801364,com.android.music.MusicBrowserActivity,handleStartActivity]
09-30 04:42:07.396 I/wm_on_resume_called(22426): [116801364,com.android.music.MusicBrowserActivity,RESUME_ACTIVITY]
09-30 04:42:07.406 I/wm_on_top_resumed_gained_called(22426): [116801364,com.android.music.MusicBrowserActivity,topWhenResuming]
09-30 04:42:07.414 I/input_focus( 1131): [Focus request 7e1369e com.android.music/com.android.music.MusicBrowserActivity,reason=UpdateInputWindows]
09-30 04:42:07.448 I/input_focus( 1131): [Focus entering 7e1369e com.android.music/com.android.music.MusicBrowserActivity (server),reason=Window became focusable. Previous reason: NOT_VISIBLE]
09-30 04:42:07.454 I/notification_enqueue( 1131): [10093,22426,com.android.music,1,NULL,0,Notification(channel=Channel-music shortcut=null contentView=null vibrate=null sound=null defaults=0x0 flags=0x40 color=0x00000000 category=transport actions=3 vis=PRIVATE),1]
09-30 04:42:07.455 I/notification_enqueue( 1131): [10093,22426,com.android.music,1,NULL,0,Notification(channel=Channel-music shortcut=null contentView=null vibrate=null sound=null defaults=0x0 flags=0x40 color=0x00000000 category=transport actions=3 vis=PRIVATE),1]
09-30 04:42:07.477 I/am_meminfo( 1131): [1914892288,2656931840,12288,911048704,754018304]
09-30 04:42:07.480 I/sysui_multi_action( 1131): [757,1501,758,1,793,203,794,0,795,203,796,1,797,empty_media,806,com.android.systemui,857,empty_media_style_id,858,4,947,0,1500,0,1641,transport,1688,1,1745,1043716538]
09-30 04:42:07.481 I/sysui_multi_action( 1131): [757,804,799,note_interruptive,801,0,802,1]
09-30 04:42:07.488 I/sysui_multi_action(25992): [757,213,758,4,759,-1]
09-30 04:42:07.493 I/am_pss ( 1131): [2836,10023,com.sohu.inputmethod.sogou.car,58518528,34652160,0,155295744,1,7,12]
09-30 04:42:07.508 I/am_pss ( 1131): [3051,10099,com.android.providers.media.module,29005824,24768512,0,133136384,1,0,12]
09-30 04:42:07.516 W/CarrierConfigManager(25992): Error getting config for subId -1 ICarrierConfigLoader is null
09-30 04:42:07.526 I/am_pss ( 1131): [3656,10022,com.android.packageinstaller,7941120,5586944,0,93450240,1,19,10]
09-30 04:42:07.534 D/TelephonyRegistry( 1131): listen oscl: mHasNotifySubscriptionInfoChangedOccurred==false no callback
09-30 04:42:07.538 I/am_pss ( 1131): [18450,1000,com.qti.diagservices,6883328,4079616,0,95969280,1,10,10]
09-30 04:42:07.554 I/am_pss ( 1131): [2421,10100,android.ext.services,48932864,35041280,0,175403008,1,5,12]
09-30 04:42:07.566 I/am_pss ( 1131): [3217,10079,com.qualcomm.location.XT,7217152,4689920,0,95698944,1,6,10]
09-30 04:42:07.577 I/am_pss ( 1131): [3715,2000,com.android.shell,6558720,4198400,0,91967488,1,19,9]
09-30 04:42:07.589 I/am_pss ( 1131): [3594,10029,com.android.managedprovisioning,9594880,7188480,0,95879168,1,19,9]
09-30 04:42:07.589 I/am_wtf ( 1131): [0,1131,system_server,-1,Binder,Outgoing transactions from this process must be FLAG_ONEWAY]
09-30 04:42:07.603 I/am_pss ( 1131): [3015,10080,com.qualcomm.location,11561984,8036352,0,107450368,1,0,10]
09-30 04:42:07.616 I/am_pss ( 1131): [2976,10090,com.qualcomm.qti.workloadclassifier,17853440,14475264,0,112099328,1,0,10]
09-30 04:42:07.627 I/am_pss ( 1131): [2945,10089,com.qualcomm.qti.qccnetstat,6790144,4345856,0,93429760,1,0,10]
09-30 04:42:07.640 I/am_pss ( 1131): [2927,10084,com.qualcomm.qti.services.systemhelper:systemhelper_service,7161856,4612096,0,95948800,1,0,10]
09-30 04:42:07.652 I/am_pss ( 1131): [2920,10052,.pasr,6049792,3665920,0,91418624,1,0,9]
09-30 04:42:07.665 I/am_pss ( 1131): [2894,10059,ts.car.uart,6925312,4538368,0,92778496,1,0,9]
09-30 04:42:07.678 I/am_pss ( 1131): [2381,1000,com.qualcomm.qti.qdma,18358272,13516800,0,123047936,1,0,11]
09-30 04:42:07.690 I/am_pss ( 1131): [3463,10068,com.qualcomm.qti.devicestatisticsservice,6019072,3645440,0,91107328,1,0,10]
09-30 04:42:07.703 I/am_pss ( 1131): [2338,1000,com.thundercomm.tcservice,8184832,5681152,0,96174080,1,0,10]
09-30 04:42:07.716 I/am_pss ( 1131): [2306,1000,com.thundercomm.remotecontrolservice,26295296,23207936,0,119336960,1,0,11]
09-30 04:42:07.728 I/am_pss ( 1131): [2278,1068,com.android.se,6786048,4218880,0,95674368,1,0,10]
09-30 04:42:07.741 I/am_pss ( 1131): [2241,10091,com.qti.qualcomm.mstatssystemservice,6158336,3780608,0,91787264,1,0,10]
09-30 04:42:07.751 I/am_uid_running( 1131): 10019
09-30 04:42:07.753 I/am_pss ( 1131): [2236,1000,vendor.qti.qesdk.sysservice,6263808,3805184,0,93429760,1,0,10]
09-30 04:42:07.764 I/am_pss ( 1131): [2182,10053,.qtidataservices,6607872,4186112,0,93405184,1,0,9]
09-30 04:42:07.776 I/am_pss ( 1131): [2158,1001,.dataservices,9434112,6914048,0,97619968,1,0,9]
09-30 04:42:07.789 I/am_pss ( 1131): [2092,1000,com.thundercomm.microsettings,38669312,34877440,0,133369856,1,0,10]
09-30 04:42:07.791 I/am_proc_start( 1131): [0,26063,10019,android.process.acore,content provider,{com.android.providers.contacts/com.android.providers.contacts.ContactsProvider2}]
09-30 04:42:07.803 I/am_pss ( 1131): [2063,1000,com.thundercomm.microservice,25834496,23408640,0,113557504,1,0,11]
09-30 04:42:07.816 I/am_pss ( 1131): [2009,1073,com.android.networkstack.process,22230016,18644992,0,120406016,1,0,11]
09-30 04:42:07.848 I/am_proc_bound( 1131): [0,26063,android.process.acore]
09-30 04:42:07.849 I/am_pss ( 1131): [1131,1000,system,241848320,144322560,0,575500288,1,0,30]
09-30 04:42:07.856 I/am_uid_active( 1131): 10019
09-30 04:42:08.660 I/sysui_multi_action(25992): [757,111,758,1]
09-30 04:42:08.661 I/sysui_multi_action(25992): [757,126,758,1,759,126,927,0,928,0,1593,0]
09-30 04:42:08.661 I/sysui_multi_action(25992): [757,113,758,1,759,113,927,1,928,0,1593,0]
09-30 04:42:08.662 I/sysui_multi_action(25992): [757,0,758,1,759,0,927,2,928,0,1593,0]
09-30 04:42:08.662 I/sysui_multi_action(25992): [757,0,758,1,759,0,927,3,928,0,1593,0]
09-30 04:42:08.662 I/sysui_multi_action(25992): [757,1706,758,1,759,1706,927,4,928,0,1593,0]
09-30 04:42:08.663 I/sysui_multi_action(25992): [757,491,758,1,759,491,927,5,928,0,1311,-1,1593,0]
09-30 04:42:08.664 I/sysui_multi_action(25992): [757,0,758,1,759,0,927,6,928,0,1593,0]
09-30 04:42:08.664 I/sysui_multi_action(25992): [757,0,758,1,759,0,927,7,1593,0]
09-30 04:42:08.665 I/sysui_multi_action(25992): [757,114,758,1,759,114,927,8,928,0,1593,0]
09-30 04:42:08.665 I/sysui_multi_action(25992): [757,111,758,1]
09-30 04:42:08.665 I/sysui_multi_action(25992): [757,126,758,1,759,126,927,0,928,0,1593,0]
09-30 04:42:08.666 I/sysui_multi_action(25992): [757,113,758,1,759,113,927,1,928,0,1593,0]
09-30 04:42:08.666 I/sysui_multi_action(25992): [757,0,758,1,759,0,927,2,928,0,1593,0]
09-30 04:42:08.666 I/sysui_multi_action(25992): [757,0,758,1,759,0,927,3,928,0,1593,0]
09-30 04:42:08.811 I/input_interaction( 1131): Interaction with: 7e1369e com.android.music/com.android.music.MusicBrowserActivity (server), edge-swipe (server), swipe-up (server), PointerEventDispatcher0 (server),
09-30 04:42:08.949 I/view_enqueue_input_event(22426): [Motion - Cancel,com.android.music/com.android.music.MusicBrowserActivity]
09-30 04:42:08.955 I/input_interaction( 1131): Interaction with: edge-swipe (server), swipe-up (server), PointerEventDispatcher0 (server),
09-30 04:42:09.203 I/sysui_multi_action( 1131): [757,128,758,5,759,8,793,1926,794,0,795,1926,796,1,797,empty_media,806,com.android.systemui,857,empty_media_style_id,858,4,947,0,1500,1723,1641,transport,1688,1,1745,1043716538]
09-30 04:42:09.204 I/notification_canceled( 1131): [0|com.android.systemui|1|empty_media|10086,8,1926,1926,0,-1,-1,NULL]
09-30 04:42:09.258 I/sysui_multi_action( 1131): [757,803,799,key_back_press,802,1]
09-30 04:42:09.261 I/input_interaction( 1131): Interaction with: 7e1369e com.android.music/com.android.music.MusicBrowserActivity (server), PointerEventDispatcher0 (server),
09-30 04:42:09.264 I/wm_finish_activity( 1131): [0,116801364,72,com.android.music/.MusicBrowserActivity,app-request]
09-30 04:42:09.264 I/wm_task_moved( 1131): [1,1,8]
09-30 04:42:09.265 I/wm_task_moved( 1131): [26,1,2147483647]
09-30 04:42:09.265 I/wm_task_to_front( 1131): [0,26]
09-30 04:42:09.265 I/wm_focused_root_task( 1131): [0,0,1,72,finish-top adjustFocusToNextFocusableTask]
09-30 04:42:09.266 I/wm_set_resumed_activity( 1131): [0,com.android.launcher3/.uioverrides.QuickstepLauncher,finish-top adjustFocusToNextFocusableTask]
09-30 04:42:09.275 I/wm_pause_activity( 1131): [0,116801364,com.android.music/.MusicBrowserActivity,userLeaving=false,finish]
09-30 04:42:09.282 I/wm_on_top_resumed_lost_called(22426): [116801364,com.android.music.MusicBrowserActivity,topStateChangedWhenResumed]
09-30 04:42:09.285 I/wm_on_paused_called(22426): [116801364,com.android.music.MusicBrowserActivity,performPause]
09-30 04:42:09.286 I/wm_add_to_stopping( 1131): [0,116801364,com.android.music/.MusicBrowserActivity,completeFinishing]
09-30 04:42:09.290 I/wm_set_resumed_activity( 1131): [0,com.android.launcher3/.uioverrides.QuickstepLauncher,resumeTopActivityInnerLocked]
09-30 04:42:09.297 I/wm_resume_activity( 1131): [0,176028021,26,com.android.launcher3/.uioverrides.QuickstepLauncher]
09-30 04:42:09.307 I/sysui_multi_action( 1131): [757,803,799,window_time_0,802,3]
09-30 04:42:09.316 I/input_focus( 1131): [Focus leaving 7e1369e com.android.music/com.android.music.MusicBrowserActivity (server),reason=NO_WINDOW]
09-30 04:42:09.326 I/wm_on_restart_called( 2464): [176028021,com.android.launcher3.uioverrides.QuickstepLauncher,performRestartActivity]
09-30 04:42:09.326 I/wm_on_start_called( 2464): [176028021,com.android.launcher3.uioverrides.QuickstepLauncher,handleStartActivity]
09-30 04:42:09.328 I/wm_on_resume_called( 2464): [176028021,com.android.launcher3.uioverrides.QuickstepLauncher,RESUME_ACTIVITY]
09-30 04:42:09.328 I/wm_on_top_resumed_gained_called( 2464): [176028021,com.android.launcher3.uioverrides.QuickstepLauncher,topWhenResuming]
09-30 04:42:09.354 I/input_focus( 1131): [Focus request 96face7 com.android.launcher3/com.android.launcher3.uioverrides.QuickstepLauncher,reason=UpdateInputWindows]
09-30 04:42:09.370 I/sysui_multi_action(25992): [757,803,799,note_peek,802,1]
09-30 04:42:09.374 I/sysui_multi_action( 1131): [757,127,758,1]
09-30 04:42:09.374 I/sysui_multi_action( 1131): [757,804,799,note_load,801,1,802,1]
09-30 04:42:09.374 I/notification_panel_revealed( 1131): 1
09-30 04:42:09.392 I/sysui_heads_up_status(25992): [-1|android|26|null|1000,1]
09-30 04:42:09.393 I/input_focus( 1131): [Focus entering 96face7 com.android.launcher3/com.android.launcher3.uioverrides.QuickstepLauncher (server),reason=Window became focusable. Previous reason: NOT_VISIBLE]
09-30 04:42:09.773 I/wm_destroy_activity( 1131): [0,116801364,72,com.android.music/.MusicBrowserActivity,finish-imm:idle]
09-30 04:42:09.782 I/wm_on_stop_called(22426): [116801364,com.android.music.MusicBrowserActivity,LIFECYCLER_STOP_ACTIVITY]
09-30 04:42:09.791 I/wm_on_destroy_called(22426): [116801364,com.android.music.MusicBrowserActivity,performDestroy]
09-30 04:42:09.801 I/wm_task_removed( 1131): [72,removeChild:removeChild last r=ActivityRecord{6f63f54 u0 com.android.music/.MusicBrowserActivity t-1 f}} in t=Task{cd93a16 #72 type=standard A=10093:android.task.music U=0 visible=false mode=fullscreen translucent=true sz=0}]
09-30 04:42:09.801 I/wm_task_removed( 1131): [72,removeChild]
09-30 04:42:09.803 I/sysui_multi_action( 1131): [757,128,758,5,759,8,793,4301,794,0,795,2348,796,1,806,com.android.music,857,Channel-music,858,2,947,0,1500,2348,1641,transport,1688,1,1745,1043716538]
09-30 04:42:09.803 I/notification_canceled( 1131): [0|com.android.music|1|null|10093,8,4301,2348,0,-1,-1,NULL]
09-30 04:42:09.843 I/sysui_multi_action( 1131): [757,856,758,2,806,com.android.music,857,Channel-music,858,2]
09-30 04:42:09.843 I/notification_cancel_all( 1131): [1000,1131,com.android.music,0,0,0,20,NULL]
09-30 04:42:09.875 I/notification_enqueue( 1131): [10086,25992,com.android.systemui,1,empty_media,0,Notification(channel=empty_media_style_id shortcut=null contentView=null vibrate=null sound=null defaults=0x0 flags=0x20 color=0x00000000 category=transport actions=3 vis=PRIVATE),0]
09-30 04:42:09.907 I/sysui_multi_action( 1131): [757,128,758,1,793,36786,794,0,795,36786,796,26,798,0,806,android,857,DEVELOPER_IMPORTANT,858,4,947,0,1395,4,1500,36574,1688,1]
09-30 04:42:09.907 I/sysui_multi_action( 1131): [757,804,799,note_freshness,801,36786,802,1]
09-30 04:42:09.907 I/notification_visibility( 1131): [-1|android|26|null|1000,1,36786,36786,0,0]
09-30 04:42:10.078 I/sysui_multi_action( 1131): [757,1501,758,1,793,203,794,0,795,203,796,1,797,empty_media,806,com.android.systemui,857,empty_media_style_id,858,4,947,0,1500,0,1641,transport,1688,1,1745,1043716538]
09-30 04:42:10.078 I/sysui_multi_action( 1131): [757,804,799,note_interruptive,801,0,802,1]
09-30 04:42:10.079 I/sysui_multi_action( 1131): [757,1501,758,1,793,204,794,0,795,204,796,1,797,empty_media,806,com.android.systemui,857,empty_media_style_id,858,4,947,0,1500,0,1641,transport,1688,1,1745,1043716538]
09-30 04:42:10.079 I/sysui_multi_action( 1131): [757,804,799,note_interruptive,801,0,802,1]
09-30 04:42:10.080 I/sysui_multi_action( 1131): [757,199,758,1,759,2,793,205,794,0,795,205,796,1,797,empty_media,806,com.android.systemui,857,empty_media_style_id,858,4,947,0,1500,1,1641,transport,1688,1,1745,1043716538]
09-30 04:42:10.080 I/notification_alert( 1131): [0|com.android.systemui|1|empty_media|10086,0,1,0]
09-30 04:42:10.104 I/commit_sys_config_file( 1131): [notification-policy,7986770]
09-30 04:42:10.156 I/am_crash( 1131): [25992,0,com.android.systemui,818462221,java.util.ConcurrentModificationException,NULL,ArrayList.java,860]
09-30 04:42:10.160 I/sysui_multi_action( 1131): [757,316,758,4,759,-1]
09-30 04:42:10.223 I/liblog (26120): 3
09-30 04:42:10.223 I/liblog (26120): 6
09-30 04:42:10.223 I/liblog (26120): 4
09-30 04:42:10.223 I/liblog (26120): 3
09-30 04:42:10.223 I/liblog (26120): 4
09-30 04:42:10.223 I/liblog (26120): 4
09-30 04:42:10.223 I/liblog (26120): 5
09-30 04:42:10.223 I/liblog (26120): 14
09-30 04:42:10.223 I/liblog (26120): 4
09-30 04:42:10.223 I/liblog (26120): 4
09-30 04:42:10.223 I/liblog (26120): 3
09-30 04:42:10.223 I/liblog (26120): 15
09-30 04:42:10.223 I/liblog (26120): 4
09-30 04:42:10.223 I/liblog (26120): 11
09-30 04:42:10.223 I/liblog (26120): 4
09-30 04:42:10.223 I/liblog (26120): 10
09-30 04:42:10.224 I/liblog (26120): 4
09-30 04:42:10.224 I/liblog (26120): 7
09-30 04:42:10.224 I/liblog (26120): 10
09-30 04:42:10.224 I/liblog (26120): 10
09-30 04:42:10.224 I/liblog (26120): 3
09-30 04:42:10.224 I/liblog (26120): 4
09-30 04:42:10.224 I/liblog (26120): 5
09-30 04:42:10.224 I/liblog (26120): 9
09-30 04:42:10.224 I/liblog (26120): 4
09-30 04:42:10.224 I/liblog (26120): 4
09-30 04:42:10.224 I/liblog (26120): 3
09-30 04:42:10.224 I/liblog (26120): 4
09-30 04:42:10.224 I/liblog (26120): 4
09-30 04:42:10.224 I/liblog (26120): 4
09-30 04:42:10.224 I/liblog (26120): 4
09-30 04:42:10.224 I/liblog (26120): 4
09-30 04:42:10.224 I/liblog (26120): 4
09-30 04:42:10.224 I/liblog (26120): 4
09-30 04:42:10.224 I/liblog (26120): 4
09-30 04:42:10.224 I/liblog (26120): 8
09-30 04:42:10.224 I/liblog (26120): 8
09-30 04:42:10.224 I/liblog (26120): 4
09-30 04:42:10.224 I/liblog (26120): 5
09-30 04:42:10.224 I/liblog (26120): 4
09-30 04:42:10.225 I/liblog (26120): 16
09-30 04:42:10.225 I/liblog (26120): 3
09-30 04:42:10.225 I/liblog (26120): 4
09-30 04:42:10.225 I/liblog (26120): 4
09-30 04:42:10.225 I/liblog (26120): 13
09-30 04:42:10.225 I/liblog (26120): 7
09-30 04:42:10.225 I/liblog (26120): 4
09-30 04:42:10.225 I/liblog (26120): 8
09-30 04:42:10.225 I/liblog (26120): 4
09-30 04:42:10.225 I/liblog (26120): 5
09-30 04:42:10.225 I/liblog (26120): 4
09-30 04:42:10.225 I/liblog (26120): 31
09-30 04:42:10.225 I/liblog (26120): 4
09-30 04:42:10.225 I/liblog (26120): 8
09-30 04:42:10.225 I/liblog (26120): 6
09-30 04:42:10.226 I/liblog (26120): 8
09-30 04:42:10.226 I/liblog (26120): 76
09-30 04:42:10.226 I/liblog (26120): 13
09-30 04:42:10.226 I/liblog (26120): 4
09-30 04:42:10.226 I/liblog (26120): 4
09-30 04:42:10.226 I/liblog (26120): 4
09-30 04:42:10.226 I/liblog (26120): 9
09-30 04:42:10.226 I/liblog (26120): 13
09-30 04:42:10.227 I/liblog (26120): 13
09-30 04:42:10.227 I/liblog (26120): 4
09-30 04:42:10.227 I/liblog (26120): 4
09-30 04:42:10.227 I/liblog (26120): 4
09-30 04:42:10.227 I/liblog (26120): 4
09-30 04:42:10.227 I/liblog (26120): 4
09-30 04:42:10.227 I/liblog (26120): 4
09-30 04:42:10.227 I/liblog (26120): 12
09-30 04:42:10.227 I/liblog (26120): 7
09-30 04:42:10.227 I/liblog (26120): 9
09-30 04:42:10.227 I/liblog (26120): 4
09-30 04:42:10.227 I/liblog (26120): 4
09-30 04:42:10.227 I/liblog (26120): 3
09-30 04:42:10.307 I/input_interaction( 1131): Interaction with: 96face7 com.android.launcher3/com.android.launcher3.uioverrides.QuickstepLauncher (server), 6c137e8 com.android.systemui.ImageWallpaper (server), edge-swipe (server), swipe-up (server), PointerEventDispatcher0 (server),
09-30 04:42:10.389 I/am_proc_died( 1131): [0,25992,com.android.systemui,-800,1]
09-30 04:42:10.401 I/wm_task_removed( 1131): [73,setTaskOrganizer]
09-30 04:42:10.401 I/wm_task_removed( 1131): [74,setTaskOrganizer]
09-30 04:42:10.401 I/wm_task_removed( 1131): [75,setTaskOrganizer]
09-30 04:42:10.401 I/wm_task_removed( 1131): [76,setTaskOrganizer]
09-30 04:42:10.401 I/wm_task_removed( 1131): [77,setTaskOrganizer]
09-30 04:42:10.442 I/dvm_lock_sample( 1131): [system_server,1,android.display,40,RootWindowContainer.java,3809,void com.android.server.wm.RootWindowContainer$RankTaskLayersRunnable.run(),,0,null,8]
09-30 04:42:10.442 I/input_focus( 1131): [Focus leaving 96face7 com.android.launcher3/com.android.launcher3.uioverrides.QuickstepLauncher (server),reason=NOT_VISIBLE]
09-30 04:42:10.443 I/am_schedule_service_restart( 1131): [0,com.android.systemui/.keyguard.KeyguardService,0]
09-30 04:42:10.482 I/wm_set_keyguard_shown( 1131): [1,0,0,setKeyguardShown]
09-30 04:42:10.509 I/wm_pause_activity( 1131): [0,176028021,com.android.launcher3/.uioverrides.QuickstepLauncher,userLeaving=false,sleep]
09-30 04:42:10.511 I/wm_add_to_stopping( 1131): [0,176028021,com.android.launcher3/.uioverrides.QuickstepLauncher,makeInvisible]
09-30 04:42:10.518 I/am_schedule_service_restart( 1131): [0,com.android.systemui/.SystemUIService,0]
09-30 04:42:10.519 I/am_schedule_service_restart( 1131): [0,com.android.systemui/.ImageWallpaper,0]
09-30 04:42:10.519 I/am_schedule_service_restart( 1131): [0,com.android.systemui/.dump.SystemUIAuxiliaryDumpService,0]
09-30 04:42:10.528 I/am_uid_stopped( 1131): 10086
09-30 04:42:10.528 I/am_uid_running( 1131): 10086
09-30 04:42:10.531 I/dvm_lock_sample( 1131): [system_server,1,Binder:1131_1B,84,ActivityManagerService.java,12649,void com.android.server.am.ActivityManagerService.unregisterReceiver(android.content.IIntentReceiver),-,1460,void com.android.server.am.ActivityManagerService$AppDeathRecipient.binderDied(),16]
09-30 04:42:10.543 I/wm_on_top_resumed_lost_called( 2464): [176028021,com.android.launcher3.uioverrides.QuickstepLauncher,topStateChangedWhenResumed]
09-30 04:42:10.544 I/wm_on_paused_called( 2464): [176028021,com.android.launcher3.uioverrides.QuickstepLauncher,performPause]
09-30 04:42:10.547 I/wm_stop_activity( 1131): [0,176028021,com.android.launcher3/.uioverrides.QuickstepLauncher]
09-30 04:42:10.547 I/sysui_multi_action( 1131): [757,803,799,window_time_0,802,1]
09-30 04:42:10.586 I/wm_on_stop_called( 2464): [176028021,com.android.launcher3.uioverrides.QuickstepLauncher,STOP_ACTIVITY_ITEM]
09-30 04:42:10.598 I/am_proc_start( 1131): [0,26134,10086,com.android.systemui,restart,com.android.systemui]
09-30 04:42:10.613 I/dropbox_file_copy( 1131): [/data/tombstones/tombstone_20,98304,SYSTEM_TOMBSTONE]
09-30 04:42:10.619 I/commit_sys_config_file( 1131): [log-files,7986038]
09-30 04:42:10.644 I/commit_sys_config_file( 1131): [log-files,7986063]
09-30 04:42:10.649 I/am_proc_bound( 1131): [0,26134,com.android.systemui]
09-30 04:42:10.650 I/am_uid_active( 1131): 10086
09-30 04:42:10.690 I/sf_frame_dur( 1052): [com.android.launcher3/com.android.launcher3.uioverrides.QuickstepLauncher#0,1,1,0,0,0,0,0]
09-30 04:42:10.720 I/wm_task_created( 1131): [78,-1]
09-30 04:42:10.723 I/wm_task_created( 1131): [79,-1]
09-30 04:42:10.751 I/wm_task_created( 1131): [80,-1]
09-30 04:42:10.753 I/wm_task_created( 1131): [81,-1]
09-30 04:42:10.756 I/wm_task_created( 1131): [82,-1]
09-30 04:42:10.805 D/TelephonyRegistry( 1131): listen oscl: mHasNotifySubscriptionInfoChangedOccurred==false no callback
09-30 04:42:10.861 I/notification_enqueue( 1131): [10086,26134,com.android.systemui,1,empty_media,0,Notification(channel=empty_media_style_id shortcut=null contentView=null vibrate=null sound=null defaults=0x0 flags=0x20 color=0x00000000 category=transport actions=3 vis=PRIVATE),1]
09-30 04:42:10.890 I/notification_cancel_all( 1131): [1000,1131,com.android.systemui,0,0,0,20,NULL]
09-30 04:42:10.895 I/wm_set_keyguard_shown( 1131): [0,0,0,setKeyguardShown]
09-30 04:42:10.896 I/wm_set_resumed_activity( 1131): [0,com.android.launcher3/.uioverrides.QuickstepLauncher,resumeTopActivityInnerLocked]
09-30 04:42:10.897 I/wm_resume_activity( 1131): [0,176028021,26,com.android.launcher3/.uioverrides.QuickstepLauncher]
09-30 04:42:10.910 I/wm_on_restart_called( 2464): [176028021,com.android.launcher3.uioverrides.QuickstepLauncher,performRestartActivity]
09-30 04:42:10.911 I/wm_on_start_called( 2464): [176028021,com.android.launcher3.uioverrides.QuickstepLauncher,handleStartActivity]
09-30 04:42:10.911 I/wm_on_resume_called( 2464): [176028021,com.android.launcher3.uioverrides.QuickstepLauncher,RESUME_ACTIVITY]
09-30 04:42:10.911 I/wm_on_top_resumed_gained_called( 2464): [176028021,com.android.launcher3.uioverrides.QuickstepLauncher,topWhenResuming]
09-30 04:42:10.940 I/input_focus( 1131): [Focus request 96face7 com.android.launcher3/com.android.launcher3.uioverrides.QuickstepLauncher,reason=UpdateInputWindows]
09-30 04:42:10.990 I/input_focus( 1131): [Focus entering 96face7 com.android.launcher3/com.android.launcher3.uioverrides.QuickstepLauncher (server),reason=Window became focusable. Previous reason: NOT_VISIBLE]
09-30 04:42:11.000 I/sysui_multi_action(26134): [757,213,758,4,759,-1]
09-30 04:42:11.018 W/CarrierConfigManager(26134): Error getting config for subId -1 ICarrierConfigLoader is null
09-30 04:42:11.031 D/TelephonyRegistry( 1131): listen oscl: mHasNotifySubscriptionInfoChangedOccurred==false no callback
09-30 04:42:11.068 I/am_wtf ( 1131): [0,1131,system_server,-1,Binder,Outgoing transactions from this process must be FLAG_ONEWAY]
09-30 04:42:11.786 I/sysui_multi_action(26134): [757,111,758,1]
09-30 04:42:11.787 I/sysui_multi_action(26134): [757,126,758,1,759,126,927,0,928,0,1593,0]
09-30 04:42:11.787 I/sysui_multi_action(26134): [757,113,758,1,759,113,927,1,928,0,1593,0]
09-30 04:42:11.787 I/sysui_multi_action(26134): [757,0,758,1,759,0,927,2,928,0,1593,0]
09-30 04:42:11.787 I/sysui_multi_action(26134): [757,0,758,1,759,0,927,3,928,0,1593,0]
09-30 04:42:11.787 I/sysui_multi_action(26134): [757,1706,758,1,759,1706,927,4,928,0,1593,0]
09-30 04:42:11.788 I/sysui_multi_action(26134): [757,491,758,1,759,491,927,5,928,0,1311,-1,1593,0]
09-30 04:42:11.788 I/sysui_multi_action(26134): [757,0,758,1,759,0,927,6,928,0,1593,0]
09-30 04:42:11.788 I/sysui_multi_action(26134): [757,0,758,1,759,0,927,7,1593,0]
09-30 04:42:11.788 I/sysui_multi_action(26134): [757,114,758,1,759,114,927,8,928,0,1593,0]
09-30 04:42:11.788 I/sysui_multi_action(26134): [757,111,758,1]
09-30 04:42:11.789 I/sysui_multi_action(26134): [757,126,758,1,759,126,927,0,928,0,1593,0]
09-30 04:42:11.789 I/sysui_multi_action(26134): [757,113,758,1,759,113,927,1,928,0,1593,0]
09-30 04:42:11.789 I/sysui_multi_action(26134): [757,0,758,1,759,0,927,2,928,0,1593,0]
09-30 04:42:11.789 I/sysui_multi_action(26134): [757,0,758,1,759,0,927,3,928,0,1593,0]
09-30 04:42:11.863 I/input_interaction( 1131): Interaction with: 96face7 com.android.launcher3/com.android.launcher3.uioverrides.QuickstepLauncher (server), 6cf07a7 com.android.systemui.ImageWallpaper (server), edge-swipe (server), swipe-up (server), PointerEventDispatcher0 (server),
09-30 04:42:12.044 I/sysui_multi_action(26134): [757,803,799,note_peek,802,1]
09-30 04:42:12.048 I/sysui_heads_up_status(26134): [-1|android|26|null|1000,1]
09-30 04:42:12.048 I/sysui_multi_action( 1131): [757,127,758,1]
09-30 04:42:12.049 I/sysui_multi_action( 1131): [757,804,799,note_load,801,1,802,1]
09-30 04:42:12.049 I/notification_panel_revealed( 1131): 1
09-30 04:42:12.579 I/sysui_multi_action( 1131): [757,128,758,1,793,39458,794,0,795,39458,796,26,798,0,806,android,857,DEVELOPER_IMPORTANT,858,4,947,0,1395,4,1500,39246,1688,1]
09-30 04:42:12.579 I/sysui_multi_action( 1131): [757,804,799,note_freshness,801,39458,802,1]
09-30 04:42:12.579 I/notification_visibility( 1131): [-1|android|26|null|1000,1,39458,39458,0,0]
09-30 04:42:14.713 I/input_interaction( 1131): Interaction with: 3dbd8a7 StatusBar (server), edge-swipe (server), swipe-up (server), PointerEventDispatcher0 (server),
09-30 04:42:14.739 I/sysui_multi_action(26134): [757,803,799,panel_open,802,1]
09-30 04:42:14.833 I/notification_enqueue( 1131): [10086,26134,com.android.systemui,2048,NULL,0,Notification(channel=updateNotification shortcut=null contentView=null vibrate=null sound=null defaults=0x0 flags=0x0 color=0x00000000 vis=PRIVATE),1]
09-30 04:42:14.833 I/sysui_multi_action(26134): [757,111,758,2]
09-30 04:42:14.834 I/sysui_multi_action(26134): [757,111,758,2]
09-30 04:42:14.863 I/sysui_multi_action(26134): [757,803,799,panel_open_peek,802,1]
09-30 04:42:14.880 I/input_focus( 1131): [Focus request 91ad19a NotificationShade,reason=UpdateInputWindows]
09-30 04:42:14.883 I/sysui_multi_action(26134): [757,111,758,1]
09-30 04:42:14.883 I/sysui_multi_action(26134): [757,126,758,1,759,126,927,0,928,1,1593,0]
09-30 04:42:14.884 I/sysui_multi_action(26134): [757,113,758,1,759,113,927,1,928,0,1593,0]
09-30 04:42:14.884 I/sysui_multi_action(26134): [757,0,758,1,759,0,927,2,928,0,1593,0]
09-30 04:42:14.884 I/sysui_multi_action(26134): [757,0,758,1,759,0,927,3,928,0,1593,0]
09-30 04:42:14.885 I/sysui_multi_action(26134): [757,1706,758,1,759,1706,927,4,928,0,1593,0]
09-30 04:42:14.886 I/sysui_multi_action(26134): [757,491,758,1,759,491,927,5,928,0,1311,-1,1593,0]
09-30 04:42:14.886 I/sysui_multi_action(26134): [757,0,758,1,759,0,927,6,928,0,1593,0]
09-30 04:42:14.886 I/sysui_multi_action(26134): [757,0,758,1,759,0,927,7,1593,0]
09-30 04:42:14.887 I/sysui_multi_action(26134): [757,114,758,1,759,114,927,8,928,0,1593,0]
09-30 04:42:14.887 I/sysui_multi_action(26134): [757,111,758,1]
09-30 04:42:14.888 I/sysui_multi_action(26134): [757,126,758,1,759,126,927,0,928,1,1593,0]
09-30 04:42:14.888 I/sysui_multi_action(26134): [757,113,758,1,759,113,927,1,928,0,1593,0]
09-30 04:42:14.888 I/sysui_multi_action(26134): [757,0,758,1,759,0,927,2,928,0,1593,0]
09-30 04:42:14.888 I/sysui_multi_action(26134): [757,0,758,1,759,0,927,3,928,0,1593,0]
09-30 04:42:14.915 I/input_focus( 1131): [Focus leaving 96face7 com.android.launcher3/com.android.launcher3.uioverrides.QuickstepLauncher (server),reason=setFocusedWindow]
09-30 04:42:14.916 I/input_focus( 1131): [Focus entering 91ad19a NotificationShade (server),reason=setFocusedWindow]
09-30 04:42:15.038 I/sysui_multi_action( 1131): [757,1501,758,1,793,7985840,794,0,795,206,796,2048,806,com.android.systemui,857,updateNotification,858,3,947,0,1500,0,1688,1]
09-30 04:42:15.039 I/sysui_multi_action( 1131): [757,804,799,note_interruptive,801,0,802,1]
09-30 04:42:15.040 I/sysui_multi_action( 1131): [757,199,758,1,759,2,793,7985841,794,0,795,207,796,2048,806,com.android.systemui,857,updateNotification,858,3,947,0,1500,1,1688,1]
09-30 04:42:15.040 I/notification_alert( 1131): [0|com.android.systemui|2048|null|10086,0,1,0]
09-30 04:42:15.410 I/liblog (26234): 2
09-30 04:42:15.410 I/liblog (26234): 2
09-30 04:42:15.410 I/liblog (26234): 12
09-30 04:42:15.410 I/liblog (26234): 3
09-30 04:42:15.410 I/liblog (26234): 2
09-30 04:42:15.410 I/liblog (26234): 2
09-30 04:42:15.410 I/liblog (26234): 5
09-30 04:42:15.410 I/liblog (26234): 3
09-30 04:42:15.410 I/liblog (26234): 3
09-30 04:42:15.410 I/liblog (26234): 3
09-30 04:42:15.410 I/liblog (26234): 2
09-30 04:42:15.410 I/liblog (26234): 2
09-30 04:42:15.410 I/liblog (26234): 5
09-30 04:42:15.410 I/liblog (26234): 2
09-30 04:42:15.410 I/liblog (26234): 2
09-30 04:42:15.411 I/liblog (26234): 3
09-30 04:42:15.411 I/liblog (26234): 2
09-30 04:42:15.411 I/liblog (26234): 2
09-30 04:42:15.411 I/liblog (26234): 2
09-30 04:42:15.411 I/liblog (26234): 2
09-30 04:42:15.411 I/liblog (26234): 2
09-30 04:42:15.411 I/liblog (26234): 2
09-30 04:42:15.411 I/liblog (26234): 2
09-30 04:42:15.411 I/liblog (26234): 2
09-30 04:42:15.411 I/liblog (26234): 5
09-30 04:42:15.411 I/liblog (26234): 2
09-30 04:42:15.411 I/liblog (26234): 2
09-30 04:42:15.411 I/liblog (26234): 5
09-30 04:42:15.411 I/liblog (26234): 5
09-30 04:42:15.411 I/liblog (26234): 2
09-30 04:42:15.411 I/liblog (26234): 2
09-30 04:42:15.412 I/liblog (26234): 12
09-30 04:42:15.412 I/liblog (26234): 5
09-30 04:42:15.412 I/liblog (26234): 2
09-30 04:42:15.412 I/liblog (26234): 2
09-30 04:42:15.412 I/liblog (26234): 2
09-30 04:42:15.412 I/liblog (26234): 11
09-30 04:42:15.412 I/liblog (26234): 2
09-30 04:42:15.412 I/liblog (26234): 2
09-30 04:42:15.412 I/liblog (26234): 2
09-30 04:42:15.412 I/liblog (26234): 2
09-30 04:42:15.412 I/liblog (26234): 2
09-30 04:42:15.412 I/liblog (26234): 1
09-30 04:42:15.412 I/liblog (26234): 2
09-30 04:42:15.412 I/liblog (26234): 1
09-30 04:42:15.412 I/liblog (26234): 2
09-30 04:42:15.412 I/liblog (26234): 2
09-30 04:42:15.412 I/liblog (26234): 2
09-30 04:42:15.413 I/liblog (26234): 1
09-30 04:42:15.413 I/liblog (26234): 14
09-30 04:42:15.413 I/liblog (26234): 1
09-30 04:42:15.413 I/liblog (26234): 2
09-30 04:42:15.415 I/liblog (26234): 195
09-30 04:42:15.415 I/liblog (26234): 2
09-30 04:42:15.415 I/liblog (26234): 1
09-30 04:42:15.415 I/liblog (26234): 2
09-30 04:42:15.415 I/liblog (26234): 2
09-30 04:42:15.415 I/liblog (26234): 1
09-30 04:42:15.415 I/liblog (26234): 2
09-30 04:42:15.416 I/liblog (26234): 3
09-30 04:42:15.416 I/liblog (26234): 1
09-30 04:42:15.478 I/sysui_multi_action( 1131): [757,128,758,1,793,1905423,794,0,795,1905423,796,4273,798,1,806,com.android.systemui,857,screen_record,858,3,947,0,1395,4,1500,1905216,1688,1,1745,680407814]
09-30 04:42:15.478 I/sysui_multi_action( 1131): [757,804,799,note_freshness,801,1905423,802,1]
09-30 04:42:15.478 I/notification_visibility( 1131): [0|com.android.systemui|4273|null|10086,1,1905423,1905423,0,1]
09-30 04:42:15.479 I/sysui_multi_action( 1131): [757,128,758,1,793,7985700,794,0,795,7985700,796,55,798,2,806,android,857,DEVELOPER,858,2,947,0,1395,4,1500,7985491,1688,1]
09-30 04:42:15.479 I/sysui_multi_action( 1131): [757,804,799,note_freshness,801,7985700,802,1]
09-30 04:42:15.479 I/notification_visibility( 1131): [-1|android|55|null|1000,1,7985700,7985700,0,2]
09-30 04:42:15.480 I/sysui_multi_action( 1131): [757,128,758,1,793,42361,794,0,795,42361,796,32,798,3,806,android,857,USB,858,1,947,0,1395,4,1500,42157,1688,1]
09-30 04:42:15.480 I/sysui_multi_action( 1131): [757,804,799,note_freshness,801,42361,802,1]
09-30 04:42:15.480 I/notification_visibility( 1131): [-1|android|32|null|1000,1,42361,42361,0,3]
09-30 04:42:15.881 I/dropbox_file_copy( 1131): [/data/tombstones/tombstone_21,98304,SYSTEM_TOMBSTONE]
09-30 04:42:15.885 I/commit_sys_config_file( 1131): [log-files,7991304]
09-30 04:42:15.893 I/commit_sys_config_file( 1131): [log-files,7991312]
09-30 04:42:16.870 I/input_interaction( 1131): Interaction with: 91ad19a NotificationShade (server), edge-swipe (server), swipe-up (server), PointerEventDispatcher0 (server),
09-30 04:42:20.128 I/notification_enqueue( 1131): [10086,26134,com.android.systemui,2048,NULL,0,Notification(channel=updateNotification shortcut=null contentView=null vibrate=null sound=null defaults=0x0 flags=0x0 color=0x00000000 vis=PRIVATE),1]
09-30 04:42:20.128 I/sysui_multi_action(26134): [757,111,758,2]
09-30 04:42:20.129 I/sysui_multi_action(26134): [757,111,758,2]
09-30 04:42:20.138 I/sysui_multi_action(26134): [757,111,758,1]
09-30 04:42:20.138 I/sysui_multi_action(26134): [757,126,758,1,759,126,927,0,928,1,1593,0]
09-30 04:42:20.139 I/sysui_multi_action(26134): [757,113,758,1,759,113,927,1,928,0,1593,0]
09-30 04:42:20.139 I/sysui_multi_action(26134): [757,0,758,1,759,0,927,2,928,0,1593,0]
09-30 04:42:20.139 I/sysui_multi_action(26134): [757,0,758,1,759,0,927,3,928,0,1593,0]
09-30 04:42:20.139 I/sysui_multi_action(26134): [757,1706,758,1,759,1706,927,4,928,0,1593,0]
09-30 04:42:20.141 I/sysui_multi_action(26134): [757,491,758,1,759,491,927,5,928,0,1311,-1,1593,0]
09-30 04:42:20.141 I/sysui_multi_action(26134): [757,0,758,1,759,0,927,6,928,0,1593,0]
09-30 04:42:20.141 I/sysui_multi_action(26134): [757,0,758,1,759,0,927,7,1593,0]
09-30 04:42:20.142 I/sysui_multi_action(26134): [757,114,758,1,759,114,927,8,928,0,1593,0]
09-30 04:42:20.142 I/sysui_multi_action(26134): [757,111,758,1]
09-30 04:42:20.142 I/sysui_multi_action(26134): [757,126,758,1,759,126,927,0,928,1,1593,1]
09-30 04:42:20.142 I/sysui_multi_action(26134): [757,113,758,1,759,113,927,1,928,0,1593,1]
09-30 04:42:20.143 I/sysui_multi_action(26134): [757,0,758,1,759,0,927,2,928,0,1593,1]
09-30 04:42:20.143 I/sysui_multi_action(26134): [757,0,758,1,759,0,927,3,928,0,1593,1]
09-30 04:42:20.180 I/notification_enqueue( 1131): [10086,26134,com.android.systemui,2048,NULL,0,Notification(channel=updateNotification shortcut=null contentView=null vibrate=null sound=null defaults=0x0 flags=0x0 color=0x00000000 vis=PRIVATE),1]
09-30 04:42:20.180 I/sysui_multi_action(26134): [757,111,758,2]
09-30 04:42:20.181 I/sysui_multi_action(26134): [757,111,758,2]
09-30 04:42:20.193 I/sysui_multi_action(26134): [757,111,758,1]
09-30 04:42:20.194 I/sysui_multi_action(26134): [757,126,758,1,759,126,927,0,928,1,1593,1]
09-30 04:42:20.194 I/sysui_multi_action(26134): [757,113,758,1,759,113,927,1,928,0,1593,1]
09-30 04:42:20.195 I/sysui_multi_action(26134): [757,0,758,1,759,0,927,2,928,0,1593,1]
09-30 04:42:20.195 I/sysui_multi_action(26134): [757,0,758,1,759,0,927,3,928,0,1593,1]
09-30 04:42:20.195 I/sysui_multi_action(26134): [757,1706,758,1,759,1706,927,4,928,0,1593,1]
09-30 04:42:20.196 I/sysui_multi_action(26134): [757,491,758,1,759,491,927,5,928,0,1311,-1,1593,0]
09-30 04:42:20.196 I/sysui_multi_action(26134): [757,0,758,1,759,0,927,6,928,0,1593,0]
09-30 04:42:20.197 I/sysui_multi_action(26134): [757,0,758,1,759,0,927,7,1593,0]
09-30 04:42:20.197 I/sysui_multi_action(26134): [757,114,758,1,759,114,927,8,928,0,1593,0]
09-30 04:42:20.197 I/sysui_multi_action(26134): [757,111,758,1]
09-30 04:42:20.198 I/sysui_multi_action(26134): [757,126,758,1,759,126,927,0,928,1,1593,1]
09-30 04:42:20.198 I/sysui_multi_action(26134): [757,113,758,1,759,113,927,1,928,0,1593,1]
09-30 04:42:20.199 I/sysui_multi_action(26134): [757,0,758,1,759,0,927,2,928,0,1593,1]
09-30 04:42:20.199 I/sysui_multi_action(26134): [757,0,758,1,759,0,927,3,928,0,1593,1]
09-30 04:42:20.216 I/sysui_multi_action(26134): [757,111,758,2]
09-30 04:42:20.216 I/sysui_multi_action(26134): [757,111,758,2]
09-30 04:42:20.219 I/notification_enqueue( 1131): [10086,26134,com.android.systemui,2048,NULL,0,Notification(channel=updateNotification shortcut=null contentView=null vibrate=null sound=null defaults=0x0 flags=0x0 color=0x00000000 vis=PRIVATE),1]
09-30 04:42:20.220 I/sysui_multi_action(26134): [757,111,758,1]
09-30 04:42:20.220 I/sysui_multi_action(26134): [757,126,758,1,759,126,927,0,928,1,1593,0]
09-30 04:42:20.220 I/sysui_multi_action(26134): [757,113,758,1,759,113,927,1,928,0,1593,0]
09-30 04:42:20.220 I/sysui_multi_action(26134): [757,0,758,1,759,0,927,2,928,0,1593,0]
09-30 04:42:20.220 I/sysui_multi_action(26134): [757,0,758,1,759,0,927,3,928,0,1593,0]
09-30 04:42:20.220 I/sysui_multi_action(26134): [757,1706,758,1,759,1706,927,4,928,0,1593,0]
09-30 04:42:20.221 I/sysui_multi_action(26134): [757,491,758,1,759,491,927,5,928,0,1311,-1,1593,0]
09-30 04:42:20.221 I/sysui_multi_action(26134): [757,0,758,1,759,0,927,6,928,0,1593,0]
09-30 04:42:20.221 I/sysui_multi_action(26134): [757,0,758,1,759,0,927,7,1593,0]
09-30 04:42:20.221 I/sysui_multi_action(26134): [757,114,758,1,759,114,927,8,928,0,1593,0]
09-30 04:42:20.221 I/sysui_multi_action(26134): [757,111,758,1]
09-30 04:42:20.221 I/sysui_multi_action(26134): [757,126,758,1,759,126,927,0,928,1,1593,1]
09-30 04:42:20.221 I/sysui_multi_action(26134): [757,113,758,1,759,113,927,1,928,0,1593,1]
09-30 04:42:20.222 I/sysui_multi_action(26134): [757,0,758,1,759,0,927,2,928,0,1593,1]
09-30 04:42:20.222 I/sysui_multi_action(26134): [757,0,758,1,759,0,927,3,928,0,1593,1]
09-30 04:42:20.235 I/sysui_multi_action(26134): [757,111,758,2]
09-30 04:42:20.236 I/sysui_multi_action(26134): [757,111,758,2]
09-30 04:42:20.236 I/notification_enqueue( 1131): [10086,26134,com.android.systemui,2048,NULL,0,Notification(channel=updateNotification shortcut=null contentView=null vibrate=null sound=null defaults=0x0 flags=0x0 color=0x00000000 vis=PRIVATE),1]
09-30 04:42:20.239 I/sysui_multi_action(26134): [757,111,758,1]
09-30 04:42:20.240 I/sysui_multi_action(26134): [757,126,758,1,759,126,927,0,928,1,1593,1]
09-30 04:42:20.240 I/sysui_multi_action(26134): [757,113,758,1,759,113,927,1,928,0,1593,1]
09-30 04:42:20.240 I/sysui_multi_action(26134): [757,0,758,1,759,0,927,2,928,0,1593,1]
09-30 04:42:20.240 I/sysui_multi_action(26134): [757,0,758,1,759,0,927,3,928,0,1593,1]
09-30 04:42:20.240 I/sysui_multi_action(26134): [757,1706,758,1,759,1706,927,4,928,0,1593,1]
09-30 04:42:20.240 I/sysui_multi_action(26134): [757,491,758,1,759,491,927,5,928,0,1311,-1,1593,1]
09-30 04:42:20.240 I/sysui_multi_action(26134): [757,0,758,1,759,0,927,6,928,0,1593,1]
09-30 04:42:20.240 I/sysui_multi_action(26134): [757,0,758,1,759,0,927,7,1593,1]
09-30 04:42:20.241 I/sysui_multi_action(26134): [757,114,758,1,759,114,927,8,928,0,1593,1]
09-30 04:42:20.241 I/sysui_multi_action(26134): [757,111,758,1]
09-30 04:42:20.241 I/sysui_multi_action(26134): [757,126,758,1,759,126,927,0,928,1,1593,1]
09-30 04:42:20.241 I/sysui_multi_action(26134): [757,113,758,1,759,113,927,1,928,0,1593,1]
09-30 04:42:20.241 I/sysui_multi_action(26134): [757,0,758,1,759,0,927,2,928,0,1593,1]
