09-30 05:04:34.711 I/wm_set_resumed_activity( 1131): [0,com.android.settings/.homepage.SettingsHomepageActivity,bringingFoundTaskToFront]
09-30 05:04:34.712 I/wm_new_intent( 1131): [0,9338120,64,com.android.settings/.homepage.SettingsHomepageActivity,android.settings.NIGHT_DISPLAY_SETTINGS,NULL,NULL,335544320]
09-30 05:04:34.721 I/wm_pause_activity( 1131): [0,176028021,com.android.launcher3/.uioverrides.QuickstepLauncher,userLeaving=true,pauseBackTasks]
09-30 05:04:34.730 I/wm_on_top_resumed_lost_called( 2464): [176028021,com.android.launcher3.uioverrides.QuickstepLauncher,topStateChangedWhenResumed]
09-30 05:04:34.738 I/wm_on_paused_called( 2464): [176028021,com.android.launcher3.uioverrides.QuickstepLauncher,performPause]
09-30 05:04:34.750 I/wm_set_resumed_activity( 1131): [0,com.android.settings/.homepage.SettingsHomepageActivity,resumeTopActivityInnerLocked]
09-30 05:04:34.750 I/wm_add_to_stopping( 1131): [0,176028021,com.android.launcher3/.uioverrides.QuickstepLauncher,makeInvisible]
09-30 05:04:34.755 I/wm_resume_activity( 1131): [0,9338120,64,com.android.settings/.homepage.SettingsHomepageActivity]
09-30 05:04:34.786 I/input_focus( 1131): [Focus leaving 96face7 com.android.launcher3/com.android.launcher3.uioverrides.QuickstepLauncher (server),reason=NO_WINDOW]
09-30 05:04:34.787 I/sysui_multi_action( 1131): [757,803,799,window_time_0,802,568]
09-30 05:04:34.789 I/wm_on_restart_called(19976): [9338120,com.android.settings.homepage.SettingsHomepageActivity,performRestartActivity]
09-30 05:04:34.800 I/am_pss ( 1131): [2464,10085,com.android.launcher3,143756288,125034496,0,289415168,0,2,17]
09-30 05:04:34.810 I/wm_on_start_called(19976): [9338120,com.android.settings.homepage.SettingsHomepageActivity,handleStartActivity]
09-30 05:04:34.812 I/snet_event_log(19976): [120484087,-1,]
09-30 05:04:34.814 I/wm_on_resume_called(19976): [9338120,com.android.settings.homepage.SettingsHomepageActivity,RESUME_ACTIVITY]
09-30 05:04:34.815 I/sysui_multi_action(19976): [757,35,758,1,833,0,1089,0]
09-30 05:04:34.822 I/sysui_multi_action(19976): [757,46,758,1,833,0,1089,0]
09-30 05:04:34.836 I/am_pss ( 1131): [26853,10086,com.android.systemui,100796416,77332480,0,270934016,0,0,18]
09-30 05:04:34.839 I/wm_on_top_resumed_gained_called(19976): [9338120,com.android.settings.homepage.SettingsHomepageActivity,topWhenResuming]
09-30 05:04:34.851 I/am_pss ( 1131): [23292,10105,com.tencent.qqmusicpad:QQPlayerService,51683328,27328512,0,139345920,0,4,13]
09-30 05:04:34.856 I/input_focus( 1131): [Focus request a98c05a com.android.settings/com.android.settings.homepage.SettingsHomepageActivity,reason=UpdateInputWindows]
09-30 05:04:34.868 I/am_pss ( 1131): [28718,10073,com.android.gallery3d,8426496,5160960,0,95227904,0,19,10]
09-30 05:04:34.890 I/am_pss ( 1131): [28717,10035,com.android.documentsui,13308928,9572352,0,110321664,0,19,11]
09-30 05:04:34.871 I/auditd ( 572): type=1400 audit(0.0:1375): avc: denied { read } for comm="Binder:572_2" name="wakeup58" dev="sysfs" ino=77169 scontext=u:r:system_suspend:s0 tcontext=u:object_r:sysfs:s0 tclass=dir permissive=0
09-30 05:04:34.907 I/sysui_multi_action( 1131): [319,69,321,63,322,177,325,9378,757,761,758,9,759,4,806,com.android.settings,871,com.android.settings.homepage.SettingsHomepageActivity,904,com.android.settings,905,0,1320,8,1321,5]
09-30 05:04:34.909 I/input_focus( 1131): [Focus entering a98c05a com.android.settings/com.android.settings.homepage.SettingsHomepageActivity (server),reason=Window became focusable. Previous reason: NOT_VISIBLE]
09-30 05:04:34.915 I/am_pss ( 1131): [27086,1000,com.qti.diagservices,7081984,4018176,0,95682560,0,10,10]
09-30 05:04:34.879 I/auditd ( 572): type=1400 audit(0.0:1376): avc: denied { read } for comm="Binder:572_2" name="wakeup48" dev="sysfs" ino=72638 scontext=u:r:system_suspend:s0 tcontext=u:object_r:sysfs:s0 tclass=dir permissive=0
09-30 05:04:34.934 I/dvm_lock_sample( 1131): [system_server,0,Binder:1131_3,7,Session.java,511,void com.android.server.wm.Session.setWallpaperZoomOut(android.os.IBinder, float),,0,null,1]
09-30 05:04:34.879 I/auditd ( 572): type=1400 audit(0.0:1377): avc: denied { read } for comm="Binder:572_2" name="wakeup4" dev="sysfs" ino=47030 scontext=u:r:system_suspend:s0 tcontext=u:object_r:sysfs:s0 tclass=dir permissive=0
09-30 05:04:34.899 I/auditd ( 572): type=1400 audit(0.0:1378): avc: denied { read } for comm="Binder:572_2" name="wakeup28" dev="sysfs" ino=56470 scontext=u:r:system_suspend:s0 tcontext=u:object_r:sysfs:s0 tclass=dir permissive=0
09-30 05:04:34.907 I/auditd ( 572): type=1400 audit(0.0:1379): avc: denied { read } for comm="Binder:572_2" name="wakeup56" dev="sysfs" ino=77097 scontext=u:r:system_suspend:s0 tcontext=u:object_r:sysfs:s0 tclass=dir permissive=0
09-30 05:04:35.037 I/dvm_lock_sample(26853): [com.android.systemui,1,main,9,MessageQueue.java,337,android.os.Message android.os.MessageQueue.next(),-,600,boolean android.os.MessageQueue.enqueueMessage(android.os.Message, long),1]
09-30 05:04:35.106 I/dvm_lock_sample( 1131): [system_server,0,batterystats-handler,208,BatteryStatsService.java,1051,void com.android.server.am.BatteryStatsService.lambda$noteStopWakelockFromSource$26$BatteryStatsService(android.os.WorkSource, int, java.lang.String, java.lang.String, int, long, long),BatteryExternalStatsWorker.java,696,void com.android.server.am.BatteryExternalStatsWorker.updateExternalStatsLocked(java.lang.String, int, boolean, boolean, int, boolean),41]
09-30 05:04:35.309 I/dvm_lock_sample( 1131): [system_server,0,batterystats-handler,155,BatteryStatsImpl.java,6576,void com.android.internal.os.BatteryStatsImpl.noteBinderCallStats(int, long, java.util.Collection, long, long),BatteryExternalStatsWorker.java,696,void com.android.server.am.BatteryExternalStatsWorker.updateExternalStatsLocked(java.lang.String, int, boolean, boolean, int, boolean),31]
09-30 05:04:35.358 I/wm_stop_activity( 1131): [0,176028021,com.android.launcher3/.uioverrides.QuickstepLauncher]
09-30 05:04:35.405 I/wm_on_stop_called( 2464): [176028021,com.android.launcher3.uioverrides.QuickstepLauncher,STOP_ACTIVITY_ITEM]
09-30 05:04:36.628 I/input_interaction( 1131): Interaction with: a98c05a com.android.settings/com.android.settings.homepage.SettingsHomepageActivity (server), edge-swipe (server), swipe-up (server), PointerEventDispatcher0 (server),
09-30 05:04:36.761 I/view_enqueue_input_event(19976): [Motion - Cancel,com.android.settings/com.android.settings.homepage.SettingsHomepageActivity]
09-30 05:04:36.767 I/input_interaction( 1131): Interaction with: edge-swipe (server), swipe-up (server), PointerEventDispatcher0 (server),
09-30 05:04:37.022 I/sysui_multi_action( 1131): [757,803,799,key_back_press,802,1]
09-30 05:04:37.034 I/input_interaction( 1131): Interaction with: a98c05a com.android.settings/com.android.settings.homepage.SettingsHomepageActivity (server), PointerEventDispatcher0 (server),
09-30 05:04:37.038 I/wm_task_moved( 1131): [64,0,0]
09-30 05:04:37.042 I/wm_focused_root_task( 1131): [0,0,1,64,moveTaskToBackLocked]
09-30 05:04:37.043 I/wm_add_to_stopping( 1131): [0,9338120,com.android.settings/.homepage.SettingsHomepageActivity,makeInvisible]
09-30 05:04:37.045 I/wm_pause_activity( 1131): [0,9338120,com.android.settings/.homepage.SettingsHomepageActivity,userLeaving=false,pauseBackTasks]
09-30 05:04:37.048 I/wm_set_resumed_activity( 1131): [0,com.android.launcher3/.uioverrides.QuickstepLauncher,resumeTopActivityInnerLocked]
09-30 05:04:37.049 I/wm_on_restart_called( 2464): [176028021,com.android.launcher3.uioverrides.QuickstepLauncher,performRestartActivity]
09-30 05:04:37.050 I/wm_on_start_called( 2464): [176028021,com.android.launcher3.uioverrides.QuickstepLauncher,handleStartActivity]
09-30 05:04:37.050 I/wm_resume_activity( 1131): [0,176028021,26,com.android.launcher3/.uioverrides.QuickstepLauncher]
09-30 05:04:37.052 I/wm_on_top_resumed_lost_called(19976): [9338120,com.android.settings.homepage.SettingsHomepageActivity,topStateChangedWhenResumed]
09-30 05:04:37.069 I/sysui_multi_action(19976): [757,35,758,2,1089,2254]
09-30 05:04:37.070 I/sysui_multi_action(19976): [757,46,758,2,1089,2248]
09-30 05:04:37.072 I/wm_on_paused_called(19976): [9338120,com.android.settings.homepage.SettingsHomepageActivity,performPause]
09-30 05:04:37.078 I/input_focus( 1131): [Focus leaving a98c05a com.android.settings/com.android.settings.homepage.SettingsHomepageActivity (server),reason=NO_WINDOW]
09-30 05:04:37.079 I/input_focus( 1131): [Focus request 96face7 com.android.launcher3/com.android.launcher3.uioverrides.QuickstepLauncher,reason=UpdateInputWindows]
09-30 05:04:37.085 I/sysui_multi_action( 1131): [757,803,799,window_time_0,802,2]
09-30 05:04:37.090 I/am_uid_running( 1131): 10093
09-30 05:04:37.106 I/wm_on_resume_called( 2464): [176028021,com.android.launcher3.uioverrides.QuickstepLauncher,RESUME_ACTIVITY]
09-30 05:04:37.108 I/wm_on_top_resumed_gained_called( 2464): [176028021,com.android.launcher3.uioverrides.QuickstepLauncher,topStateChangedWhenResumed]
09-30 05:04:37.157 I/am_proc_start( 1131): [0,30045,10093,com.android.music,NULL,]
09-30 05:04:37.159 I/input_focus( 1131): [Focus entering 96face7 com.android.launcher3/com.android.launcher3.uioverrides.QuickstepLauncher (server),reason=Window became focusable. Previous reason: NOT_VISIBLE]
09-30 05:04:37.210 I/am_proc_bound( 1131): [0,30045,com.android.music]
09-30 05:04:37.233 I/liblog (30042): 1
09-30 05:04:37.233 I/liblog (30042): 6
09-30 05:04:37.233 I/liblog (30042): 16
09-30 05:04:37.233 I/liblog (30042): 3
09-30 05:04:37.233 I/liblog (30042): 4
09-30 05:04:37.233 I/liblog (30042): 19
09-30 05:04:37.233 I/liblog (30042): 4
09-30 05:04:37.233 I/liblog (30042): 4
09-30 05:04:37.233 I/liblog (30042): 5
09-30 05:04:37.233 I/liblog (30042): 5
09-30 05:04:37.233 I/liblog (30042): 4
09-30 05:04:37.233 I/liblog (30042): 10
09-30 05:04:37.233 I/liblog (30042): 4
09-30 05:04:37.233 I/liblog (30042): 25
09-30 05:04:37.233 I/liblog (30042): 4
09-30 05:04:37.234 I/liblog (30042): 6
09-30 05:04:37.234 I/liblog (30042): 2
09-30 05:04:37.234 I/liblog (30042): 3
09-30 05:04:37.234 I/liblog (30042): 4
09-30 05:04:37.234 I/liblog (30042): 7
09-30 05:04:37.234 I/liblog (30042): 4
09-30 05:04:37.234 I/liblog (30042): 4
09-30 05:04:37.234 I/liblog (30042): 16
09-30 05:04:37.234 I/liblog (30042): 7
09-30 05:04:37.234 I/liblog (30042): 3
09-30 05:04:37.234 I/liblog (30042): 7
09-30 05:04:37.234 I/liblog (30042): 11
09-30 05:04:37.234 I/liblog (30042): 5
09-30 05:04:37.234 I/liblog (30042): 11
09-30 05:04:37.234 I/liblog (30042): 5
09-30 05:04:37.234 I/liblog (30042): 4
09-30 05:04:37.234 I/liblog (30042): 4
09-30 05:04:37.234 I/liblog (30042): 4
09-30 05:04:37.234 I/liblog (30042): 6
09-30 05:04:37.234 I/liblog (30042): 4
09-30 05:04:37.234 I/liblog (30042): 3
09-30 05:04:37.234 I/liblog (30042): 7
09-30 05:04:37.235 I/liblog (30042): 7
09-30 05:04:37.235 I/liblog (30042): 4
09-30 05:04:37.235 I/liblog (30042): 4
09-30 05:04:37.235 I/liblog (30042): 4
09-30 05:04:37.235 I/liblog (30042): 8
09-30 05:04:37.235 I/liblog (30042): 3
09-30 05:04:37.235 I/liblog (30042): 5
09-30 05:04:37.235 I/liblog (30042): 4
09-30 05:04:37.235 I/liblog (30042): 7
09-30 05:04:37.235 I/liblog (30042): 4
09-30 05:04:37.235 I/liblog (30042): 6
09-30 05:04:37.235 I/liblog (30042): 4
09-30 05:04:37.235 I/liblog (30042): 9
09-30 05:04:37.235 I/liblog (30042): 13
09-30 05:04:37.235 I/liblog (30042): 4
09-30 05:04:37.235 I/liblog (30042): 3
09-30 05:04:37.235 I/liblog (30042): 9
09-30 05:04:37.235 I/liblog (30042): 11
09-30 05:04:37.236 I/liblog (30042): 9
09-30 05:04:37.236 I/liblog (30042): 6
09-30 05:04:37.236 I/liblog (30042): 3
09-30 05:04:37.236 I/liblog (30042): 3
09-30 05:04:37.236 I/liblog (30042): 18
09-30 05:04:37.236 I/liblog (30042): 4
09-30 05:04:37.236 I/liblog (30042): 7
09-30 05:04:37.236 I/liblog (30042): 4
09-30 05:04:37.236 I/liblog (30042): 6
09-30 05:04:37.236 I/liblog (30042): 6
09-30 05:04:37.529 I/wm_stop_activity( 1131): [0,9338120,com.android.settings/.homepage.SettingsHomepageActivity]
09-30 05:04:37.560 I/dropbox_file_copy( 1131): [/data/tombstones/tombstone_30,98304,SYSTEM_TOMBSTONE]
09-30 05:04:37.564 I/commit_sys_config_file( 1131): [log-files,9332984]
09-30 05:04:37.591 I/commit_sys_config_file( 1131): [log-files,9333010]
09-30 05:04:37.594 I/wm_on_stop_called(19976): [9338120,com.android.settings.homepage.SettingsHomepageActivity,STOP_ACTIVITY_ITEM]
09-30 05:04:38.078 I/input_interaction( 1131): Interaction with: 96face7 com.android.launcher3/com.android.launcher3.uioverrides.QuickstepLauncher (server), c6b8f31 com.android.systemui.ImageWallpaper (server), edge-swipe (server), swipe-up (server), PointerEventDispatcher0 (server),
09-30 05:04:39.052 I/service_manager_stats( 1131): [100,144,6088]
09-30 05:04:39.566 I/wm_task_moved( 1131): [70,1,8]
09-30 05:04:39.566 I/wm_task_to_front( 1131): [0,70]
09-30 05:04:39.567 I/wm_focused_root_task( 1131): [0,0,70,1,bringingFoundTaskToFront]
09-30 05:04:39.567 I/wm_set_resumed_activity( 1131): [0,com.tencent.qqmusicpad/.activity.newplayeractivity.ui.PlayerActivityNew,bringingFoundTaskToFront]
09-30 05:04:39.580 I/wm_pause_activity( 1131): [0,176028021,com.android.launcher3/.uioverrides.QuickstepLauncher,userLeaving=true,pauseBackTasks]
09-30 05:04:39.591 I/dvm_lock_sample( 1131): [system_server,1,android.anim,24,InputMonitor.java,144,void com.android.server.wm.InputMonitor$UpdateInputWindows.run(),,0,null,4]
09-30 05:04:39.596 I/wm_on_top_resumed_lost_called( 2464): [176028021,com.android.launcher3.uioverrides.QuickstepLauncher,topStateChangedWhenResumed]
09-30 05:04:39.616 I/wm_on_paused_called( 2464): [176028021,com.android.launcher3.uioverrides.QuickstepLauncher,performPause]
09-30 05:04:39.624 I/wm_set_resumed_activity( 1131): [0,com.tencent.qqmusicpad/.activity.newplayeractivity.ui.PlayerActivityNew,resumeTopActivityInnerLocked]
09-30 05:04:39.625 I/wm_add_to_stopping( 1131): [0,176028021,com.android.launcher3/.uioverrides.QuickstepLauncher,makeInvisible]
09-30 05:04:39.632 I/wm_resume_activity( 1131): [0,252477879,70,com.tencent.qqmusicpad/.activity.newplayeractivity.ui.PlayerActivityNew]
09-30 05:04:39.660 I/wm_on_restart_called(23156): [252477879,com.tencent.qqmusicpad.activity.newplayeractivity.ui.PlayerActivityNew,performRestartActivity]
09-30 05:04:39.664 I/sysui_multi_action( 1131): [757,803,799,window_time_0,802,2]
09-30 05:04:39.671 I/input_focus( 1131): [Focus leaving 96face7 com.android.launcher3/com.android.launcher3.uioverrides.QuickstepLauncher (server),reason=NO_WINDOW]
09-30 05:04:39.680 I/wm_on_start_called(23156): [252477879,com.tencent.qqmusicpad.activity.newplayeractivity.ui.PlayerActivityNew,handleStartActivity]
09-30 05:04:39.692 I/wm_on_resume_called(23156): [252477879,com.tencent.qqmusicpad.activity.newplayeractivity.ui.PlayerActivityNew,RESUME_ACTIVITY]
09-30 05:04:39.693 I/wm_on_top_resumed_gained_called(23156): [252477879,com.tencent.qqmusicpad.activity.newplayeractivity.ui.PlayerActivityNew,topWhenResuming]
09-30 05:04:39.713 I/input_focus( 1131): [Focus request 960e93e com.tencent.qqmusicpad/com.tencent.qqmusicpad.activity.newplayeractivity.ui.PlayerActivityNew,reason=UpdateInputWindows]
09-30 05:04:39.780 I/input_focus( 1131): [Focus entering 960e93e com.tencent.qqmusicpad/com.tencent.qqmusicpad.activity.newplayeractivity.ui.PlayerActivityNew (server),reason=Window became focusable. Previous reason: NOT_VISIBLE]
09-30 05:04:39.782 I/sysui_multi_action( 1131): [319,92,321,82,322,203,325,9382,757,761,758,9,759,4,806,com.tencent.qqmusicpad,871,com.tencent.qqmusicpad.activity.newplayeractivity.ui.PlayerActivityNew,904,com.tencent.qqmusicpad,905,0,1320,4,1321,4]
09-30 05:04:40.207 I/wm_stop_activity( 1131): [0,176028021,com.android.launcher3/.uioverrides.QuickstepLauncher]
09-30 05:04:40.266 I/wm_on_stop_called( 2464): [176028021,com.android.launcher3.uioverrides.QuickstepLauncher,STOP_ACTIVITY_ITEM]
09-30 05:04:42.254 I/input_interaction( 1131): Interaction with: 960e93e com.tencent.qqmusicpad/com.tencent.qqmusicpad.activity.newplayeractivity.ui.PlayerActivityNew (server), edge-swipe (server), swipe-up (server), PointerEventDispatcher0 (server),
09-30 05:04:42.397 I/liblog (30080): 33
09-30 05:04:42.397 I/liblog (30080): 2
09-30 05:04:42.397 I/liblog (30080): 1
09-30 05:04:42.397 I/liblog (30080): 1
09-30 05:04:42.397 I/liblog (30080): 1
09-30 05:04:42.397 I/liblog (30080): 2
09-30 05:04:42.397 I/liblog (30080): 1
09-30 05:04:42.397 I/liblog (30080): 1
09-30 05:04:42.397 I/liblog (30080): 1
09-30 05:04:42.397 I/liblog (30080): 1
09-30 05:04:42.397 I/liblog (30080): 2
09-30 05:04:42.399 I/liblog (30080): 97
09-30 05:04:42.399 I/liblog (30080): 1
09-30 05:04:42.399 I/liblog (30080): 11
09-30 05:04:42.399 I/liblog (30080): 1
09-30 05:04:42.399 I/liblog (30080): 1
09-30 05:04:42.399 I/liblog (30080): 1
09-30 05:04:42.607 I/commit_sys_config_file( 1131): [settings-2-0,10]
09-30 05:04:42.928 I/notification_enqueue( 1131): [10105,23156,com.tencent.qqmusicpad,1,NULL,0,Notification(channel=channel_notification_player shortcut=null contentView=com.tencent.qqmusicpad/0x7f0c020d vibrate=null sound=null tick defaults=0x0 flags=0x62 color=0x00000000 vis=SECRET),1]
09-30 05:04:43.057 I/dropbox_file_copy( 1131): [/data/tombstones/tombstone_31,98304,SYSTEM_TOMBSTONE]
09-30 05:04:43.067 I/commit_sys_config_file( 1131): [log-files,9338486]
09-30 05:04:43.087 I/commit_sys_config_file( 1131): [log-files,9338506]
09-30 05:04:43.195 I/am_crash( 1131): [26853,0,com.android.systemui,818462221,java.util.ConcurrentModificationException,NULL,ArrayList.java,860]
09-30 05:04:43.204 I/sysui_multi_action( 1131): [757,316,758,4,759,-1]
09-30 05:04:43.339 I/am_proc_died( 1131): [0,26853,com.android.systemui,-800,0]
09-30 05:04:43.350 I/wm_task_removed( 1131): [91,setTaskOrganizer]
09-30 05:04:43.350 I/wm_task_removed( 1131): [92,setTaskOrganizer]
09-30 05:04:43.352 I/wm_task_removed( 1131): [93,setTaskOrganizer]
09-30 05:04:43.352 I/wm_task_removed( 1131): [94,setTaskOrganizer]
09-30 05:04:43.352 I/wm_task_removed( 1131): [95,setTaskOrganizer]
09-30 05:04:43.377 I/input_focus( 1131): [Focus leaving 960e93e com.tencent.qqmusicpad/com.tencent.qqmusicpad.activity.newplayeractivity.ui.PlayerActivityNew (server),reason=NOT_VISIBLE]
09-30 05:04:43.402 I/wm_set_keyguard_shown( 1131): [1,0,0,setKeyguardShown]
09-30 05:04:43.419 I/wm_pause_activity( 1131): [0,252477879,com.tencent.qqmusicpad/.activity.newplayeractivity.ui.PlayerActivityNew,userLeaving=false,sleep]
09-30 05:04:43.423 I/wm_add_to_stopping( 1131): [0,252477879,com.tencent.qqmusicpad/.activity.newplayeractivity.ui.PlayerActivityNew,makeInvisible]
09-30 05:04:43.426 I/dvm_lock_sample( 1131): [system_server,0,Binder:1131_17,73,WindowManagerService.java,4230,void com.android.server.wm.WindowManagerService$10.binderDied(),,0,null,14]
09-30 05:04:43.427 I/dvm_lock_sample( 1131): [system_server,0,Binder:1131_1E,75,WindowState.java,3056,void com.android.server.wm.WindowState$DeathRecipient.binderDied(),,0,null,15]
09-30 05:04:43.436 I/wm_on_top_resumed_lost_called(23156): [252477879,com.tencent.qqmusicpad.activity.newplayeractivity.ui.PlayerActivityNew,topStateChangedWhenResumed]
09-30 05:04:43.437 I/am_schedule_service_restart( 1131): [0,com.android.systemui/.keyguard.KeyguardService,0]
09-30 05:04:43.439 I/am_schedule_service_restart( 1131): [0,com.android.systemui/.SystemUIService,0]
09-30 05:04:43.440 I/am_schedule_service_restart( 1131): [0,com.android.systemui/.ImageWallpaper,0]
09-30 05:04:43.442 I/am_schedule_service_restart( 1131): [0,com.android.systemui/.dump.SystemUIAuxiliaryDumpService,0]
09-30 05:04:43.446 I/am_uid_stopped( 1131): 10086
09-30 05:04:43.446 I/am_uid_running( 1131): 10086
09-30 05:04:43.447 I/wm_on_paused_called(23156): [252477879,com.tencent.qqmusicpad.activity.newplayeractivity.ui.PlayerActivityNew,performPause]
09-30 05:04:43.459 I/wm_stop_activity( 1131): [0,252477879,com.tencent.qqmusicpad/.activity.newplayeractivity.ui.PlayerActivityNew]
09-30 05:04:43.462 I/sysui_multi_action( 1131): [757,803,799,window_time_0,802,4]
09-30 05:04:43.465 I/dvm_lock_sample( 1131): [system_server,0,main,18,ActivityManagerService.java,8669,int com.android.server.am.ActivityManagerService.getMemoryTrimLevel(),-,1460,void com.android.server.am.ActivityManagerService$AppDeathRecipient.binderDied(),3]
09-30 05:04:43.486 I/wm_on_stop_called(23156): [252477879,com.tencent.qqmusicpad.activity.newplayeractivity.ui.PlayerActivityNew,STOP_ACTIVITY_ITEM]
09-30 05:04:43.525 I/am_proc_start( 1131): [0,30097,10086,com.android.systemui,restart,com.android.systemui]
09-30 05:04:43.629 I/am_proc_bound( 1131): [0,30097,com.android.systemui]
09-30 05:04:43.633 I/am_uid_active( 1131): 10086
09-30 05:04:43.787 I/wm_task_created( 1131): [98,-1]
09-30 05:04:43.797 I/wm_task_created( 1131): [99,-1]
09-30 05:04:43.845 I/wm_task_created( 1131): [100,-1]
09-30 05:04:43.849 I/wm_task_created( 1131): [101,-1]
09-30 05:04:43.855 I/wm_task_created( 1131): [102,-1]
09-30 05:04:43.973 D/TelephonyRegistry( 1131): listen oscl: mHasNotifySubscriptionInfoChangedOccurred==false no callback
09-30 05:04:44.113 I/notification_enqueue( 1131): [10086,30097,com.android.systemui,1,empty_media,0,Notification(channel=empty_media_style_id shortcut=null contentView=null vibrate=null sound=null defaults=0x0 flags=0x20 color=0x00000000 category=transport actions=3 vis=PRIVATE),1]
09-30 05:04:44.171 I/commit_sys_config_file( 1131): [settings-0-0,14]
09-30 05:04:44.186 I/notification_cancel_all( 1131): [1000,1131,com.android.systemui,0,0,0,20,NULL]
09-30 05:04:44.197 I/wm_set_keyguard_shown( 1131): [0,0,0,setKeyguardShown]
09-30 05:04:44.199 I/wm_set_resumed_activity( 1131): [0,com.tencent.qqmusicpad/.activity.newplayeractivity.ui.PlayerActivityNew,resumeTopActivityInnerLocked]
09-30 05:04:44.200 I/wm_resume_activity( 1131): [0,252477879,70,com.tencent.qqmusicpad/.activity.newplayeractivity.ui.PlayerActivityNew]
09-30 05:04:44.210 I/wm_on_restart_called(23156): [252477879,com.tencent.qqmusicpad.activity.newplayeractivity.ui.PlayerActivityNew,performRestartActivity]
09-30 05:04:44.228 I/wm_on_start_called(23156): [252477879,com.tencent.qqmusicpad.activity.newplayeractivity.ui.PlayerActivityNew,handleStartActivity]
09-30 05:04:44.233 I/wm_on_resume_called(23156): [252477879,com.tencent.qqmusicpad.activity.newplayeractivity.ui.PlayerActivityNew,RESUME_ACTIVITY]
09-30 05:04:44.233 I/wm_on_top_resumed_gained_called(23156): [252477879,com.tencent.qqmusicpad.activity.newplayeractivity.ui.PlayerActivityNew,topWhenResuming]
09-30 05:04:44.249 I/input_focus( 1131): [Focus request 960e93e com.tencent.qqmusicpad/com.tencent.qqmusicpad.activity.newplayeractivity.ui.PlayerActivityNew,reason=UpdateInputWindows]
09-30 05:04:44.274 I/input_focus( 1131): [Focus entering 960e93e com.tencent.qqmusicpad/com.tencent.qqmusicpad.activity.newplayeractivity.ui.PlayerActivityNew (server),reason=Window became focusable. Previous reason: NOT_VISIBLE]
09-30 05:04:44.297 I/am_meminfo( 1131): [1960546304,2629468160,12288,918601728,770117632]
09-30 05:04:44.318 I/sysui_multi_action(30097): [757,213,758,4,759,-1]
09-30 05:04:44.335 I/am_pss ( 1131): [23156,10105,com.tencent.qqmusicpad,254006272,213377024,0,377724928,1,2,21]
09-30 05:04:44.352 I/am_pss ( 1131): [2836,10023,com.sohu.inputmethod.sogou.car,58701824,34697216,0,155484160,1,7,12]
09-30 05:04:44.366 I/am_pss ( 1131): [3051,10099,com.android.providers.media.module,23721984,18952192,0,130048000,1,0,11]
09-30 05:04:44.366 W/CarrierConfigManager(30097): Error getting config for subId -1 ICarrierConfigLoader is null
09-30 05:04:44.379 I/am_pss ( 1131): [27086,1000,com.qti.diagservices,7006208,4018176,0,95682560,1,10,9]
09-30 05:04:44.382 D/TelephonyRegistry( 1131): listen oscl: mHasNotifySubscriptionInfoChangedOccurred==false no callback
09-30 05:04:44.390 I/am_pss ( 1131): [3656,10022,com.android.packageinstaller,8077312,5586944,0,93450240,1,19,9]
09-30 05:04:44.405 I/am_pss ( 1131): [2421,10100,android.ext.services,31232000,23625728,0,136433664,1,5,11]
09-30 05:04:44.416 I/am_pss ( 1131): [3217,10079,com.qualcomm.location.XT,7354368,4689920,0,95698944,1,6,10]
09-30 05:04:44.428 I/am_pss ( 1131): [3715,2000,com.android.shell,6692864,4198400,0,91967488,1,19,10]
09-30 05:04:44.434 I/am_wtf ( 1131): [0,1131,system_server,-1,Binder,Outgoing transactions from this process must be FLAG_ONEWAY]
09-30 05:04:44.440 I/am_pss ( 1131): [3594,10029,com.android.managedprovisioning,9729024,7188480,0,95879168,1,19,9]
09-30 05:04:44.453 I/am_pss ( 1131): [3015,10080,com.qualcomm.location,11719680,8065024,0,107479040,1,0,9]
09-30 05:04:44.465 I/am_pss ( 1131): [2976,10090,com.qualcomm.qti.workloadclassifier,18003968,14495744,0,112119808,1,0,10]
09-30 05:04:44.477 I/am_pss ( 1131): [2945,10089,com.qualcomm.qti.qccnetstat,6946816,4345856,0,93429760,1,0,9]
09-30 05:04:44.489 I/am_pss ( 1131): [2927,10084,com.qualcomm.qti.services.systemhelper:systemhelper_service,7307264,4616192,0,95952896,1,0,9]
09-30 05:04:44.500 I/am_pss ( 1131): [2920,10052,.pasr,6182912,3665920,0,91418624,1,0,9]
09-30 05:04:44.512 I/am_pss ( 1131): [2894,10059,ts.car.uart,7060480,4538368,0,92778496,1,0,9]
09-30 05:04:44.525 I/am_pss ( 1131): [2381,1000,com.qualcomm.qti.qdma,18551808,13516800,0,123047936,1,0,10]
09-30 05:04:44.537 I/am_pss ( 1131): [3463,10068,com.qualcomm.qti.devicestatisticsservice,6152192,3645440,0,91107328,1,0,9]
09-30 05:04:44.549 I/am_pss ( 1131): [2338,1000,com.thundercomm.tcservice,8325120,5681152,0,96174080,1,0,9]
09-30 05:04:44.562 I/am_pss ( 1131): [2306,1000,com.thundercomm.remotecontrolservice,26441728,23207936,0,119336960,1,0,10]
09-30 05:04:44.573 I/am_pss ( 1131): [2278,1068,com.android.se,6927360,4218880,0,95674368,1,0,9]
09-30 05:04:44.579 I/am_uid_running( 1131): 10019
09-30 05:04:44.585 I/am_pss ( 1131): [2241,10091,com.qti.qualcomm.mstatssystemservice,6292480,3780608,0,91787264,1,0,9]
09-30 05:04:44.597 I/am_pss ( 1131): [2236,1000,vendor.qti.qesdk.sysservice,6371328,3805184,0,93429760,1,0,9]
09-30 05:04:44.608 I/am_pss ( 1131): [2182,10053,.qtidataservices,6700032,4186112,0,93405184,1,0,9]
09-30 05:04:44.612 I/am_proc_start( 1131): [0,30165,10019,android.process.acore,content provider,{com.android.providers.contacts/com.android.providers.contacts.ContactsProvider2}]
09-30 05:04:44.621 I/am_pss ( 1131): [2158,1001,.dataservices,9587712,6938624,0,97644544,1,0,11]
09-30 05:04:44.635 I/am_pss ( 1131): [2092,1000,com.thundercomm.microsettings,38821888,34881536,0,133373952,1,0,10]
09-30 05:04:44.647 I/am_pss ( 1131): [2063,1000,com.thundercomm.microservice,25970688,23408640,0,113557504,1,0,9]
09-30 05:04:44.664 I/am_pss ( 1131): [2009,1073,com.android.networkstack.process,24929280,21180416,0,123019264,1,0,12]
09-30 05:04:44.696 I/am_pss ( 1131): [1131,1000,system,254664704,152842240,0,584757248,1,0,28]
09-30 05:04:44.700 I/am_proc_bound( 1131): [0,30165,android.process.acore]
09-30 05:04:44.709 I/am_uid_active( 1131): 10019
09-30 05:04:45.208 I/sysui_multi_action(30097): [757,111,758,1]
09-30 05:04:45.208 I/sysui_multi_action(30097): [757,126,758,1,759,126,927,0,928,0,1593,0]
09-30 05:04:45.208 I/sysui_multi_action(30097): [757,113,758,1,759,113,927,1,928,0,1593,0]
09-30 05:04:45.208 I/sysui_multi_action(30097): [757,0,758,1,759,0,927,2,928,0,1593,0]
09-30 05:04:45.208 I/sysui_multi_action(30097): [757,0,758,1,759,0,927,3,928,0,1593,0]
09-30 05:04:45.209 I/sysui_multi_action(30097): [757,1706,758,1,759,1706,927,4,928,0,1593,0]
09-30 05:04:45.209 I/sysui_multi_action(30097): [757,491,758,1,759,491,927,5,928,0,1311,-1,1593,0]
09-30 05:04:45.209 I/sysui_multi_action(30097): [757,0,758,1,759,0,927,6,928,0,1593,0]
09-30 05:04:45.209 I/sysui_multi_action(30097): [757,0,758,1,759,0,927,7,1593,0]
09-30 05:04:45.209 I/sysui_multi_action(30097): [757,114,758,1,759,114,927,8,928,0,1593,0]
09-30 05:04:45.209 I/sysui_multi_action(30097): [757,111,758,1]
09-30 05:04:45.210 I/sysui_multi_action(30097): [757,126,758,1,759,126,927,0,928,0,1593,0]
09-30 05:04:45.210 I/sysui_multi_action(30097): [757,113,758,1,759,113,927,1,928,0,1593,0]
09-30 05:04:45.210 I/sysui_multi_action(30097): [757,0,758,1,759,0,927,2,928,0,1593,0]
09-30 05:04:45.210 I/sysui_multi_action(30097): [757,0,758,1,759,0,927,3,928,0,1593,0]
09-30 05:04:45.481 I/sysui_multi_action(30097): [757,803,799,note_peek,802,1]
09-30 05:04:45.485 I/sysui_multi_action( 1131): [757,127,758,1]
09-30 05:04:45.485 I/sysui_multi_action( 1131): [757,804,799,note_load,801,1,802,1]
09-30 05:04:45.485 I/notification_panel_revealed( 1131): 1
09-30 05:04:45.485 I/sysui_heads_up_status(30097): [-1|android|26|null|1000,1]
09-30 05:04:45.988 I/sysui_multi_action( 1131): [757,128,758,1,793,1392867,794,0,795,1392867,796,26,798,0,806,android,857,DEVELOPER_IMPORTANT,858,4,947,0,1395,4,1500,1392655,1688,1]
09-30 05:04:45.988 I/sysui_multi_action( 1131): [757,804,799,note_freshness,801,1392867,802,1]
09-30 05:04:45.989 I/notification_visibility( 1131): [-1|android|26|null|1000,1,1392867,1392867,0,0]
09-30 05:04:47.244 I/input_interaction( 1131): Interaction with: 960e93e com.tencent.qqmusicpad/com.tencent.qqmusicpad.activity.newplayeractivity.ui.PlayerActivityNew (server), edge-swipe (server), swipe-up (server), PointerEventDispatcher0 (server),
09-30 05:04:47.479 I/liblog (30214): 92
09-30 05:04:47.479 I/liblog (30214): 2
09-30 05:04:47.479 I/liblog (30214): 2
09-30 05:04:47.479 I/liblog (30214): 2
09-30 05:04:47.480 I/liblog (30214): 24
09-30 05:04:47.480 I/liblog (30214): 1
09-30 05:04:47.480 I/liblog (30214): 1
09-30 05:04:47.480 I/liblog (30214): 1
09-30 05:04:47.480 I/liblog (30214): 1
09-30 05:04:47.480 I/liblog (30214): 2
09-30 05:04:47.480 I/liblog (30214): 1
09-30 05:04:47.480 I/liblog (30214): 2
09-30 05:04:47.480 I/liblog (30214): 1
09-30 05:04:47.624 I/commit_sys_config_file( 1131): [settings-2-0,7]
09-30 05:04:48.029 I/notification_enqueue( 1131): [10105,23156,com.tencent.qqmusicpad,1,NULL,0,Notification(channel=channel_notification_player shortcut=null contentView=com.tencent.qqmusicpad/0x7f0c020d vibrate=null sound=null tick defaults=0x0 flags=0x62 color=0x00000000 vis=SECRET),1]
09-30 05:04:48.043 I/dropbox_file_copy( 1131): [/data/tombstones/tombstone_00,98304,SYSTEM_TOMBSTONE]
09-30 05:04:48.070 I/commit_sys_config_file( 1131): [log-files,9343489]
09-30 05:04:48.093 I/commit_sys_config_file( 1131): [log-files,9343512]
09-30 05:04:48.834 I/notification_enqueue( 1131): [10105,23156,com.tencent.qqmusicpad,1,NULL,0,Notification(channel=channel_notification_player shortcut=null contentView=com.tencent.qqmusicpad/0x7f0c020d vibrate=null sound=null tick defaults=0x0 flags=0x62 color=0x00000000 vis=SECRET),1]
09-30 05:04:49.210 I/dvm_lock_sample(23156): [com.tencent.qqmusicpad,1,main,84,ConnectionHelper.java,92,void com.tencent.qqmusicplayerprocess.conn.d.b(com.tencent.qqmusicplayerprocess.conn.c),-,267,void com.tencent.qqmusicplayerprocess.conn.d.run(),16]
09-30 05:04:50.055 I/netstats_mobile_sample( 1131): [0,0,0,0,0,0,0,0,0,0,0,0,1664485490055]
09-30 05:04:50.055 I/netstats_wifi_sample( 1131): [47053465,34879,878070,12031,47043665,34872,877950,12028,46833492,34628,857453,11849,1664485490055]
09-30 05:04:50.424 I/notification_enqueue( 1131): [10105,23156,com.tencent.qqmusicpad,1,NULL,0,Notification(channel=channel_notification_player shortcut=null contentView=com.tencent.qqmusicpad/0x7f0c020d vibrate=null sound=null tick defaults=0x0 flags=0x62 color=0x00000000 vis=SECRET),1]
09-30 05:04:51.091 I/dvm_lock_sample(23156): [com.tencent.qqmusicpad,0,Thread-214,85,ConnectionHelper.java,92,void com.tencent.qqmusicplayerprocess.conn.d.b(com.tencent.qqmusicplayerprocess.conn.c),-,267,void com.tencent.qqmusicplayerprocess.conn.d.run(),17]
09-30 05:04:51.183 I/sysui_heads_up_status(30097): [-1|android|26|null|1000,0]
09-30 05:04:51.236 I/dvm_lock_sample( 3051): [com.android.providers.media.modu,0,bg,7,SQLiteConnectionPool.java,402,void android.database.sqlite.SQLiteConnectionPool.releaseConnection(android.database.sqlite.SQLiteConnection),-,702,android.database.sqlite.SQLiteConnection android.database.sqlite.SQLiteConnectionPool.waitForConnection(java.lang.String, int, android.os.CancellationSignal),1]
09-30 05:04:51.630 I/sysui_multi_action( 1131): [757,128,758,2,793,1398509,794,5642,795,1398509,796,26,798,0,806,android,857,DEVELOPER_IMPORTANT,858,4,947,0,1395,4,1500,1398297,1688,1]
09-30 05:04:51.630 I/notification_visibility( 1131): [-1|android|26|null|1000,0,1398509,1398509,0,0]
09-30 05:04:51.633 I/notification_enqueue( 1131): [10086,30097,com.android.systemui,2048,NULL,0,Notification(channel=updateNotification shortcut=null contentView=null vibrate=null sound=null defaults=0x0 flags=0x0 color=0x00000000 vis=PRIVATE),1]
09-30 05:04:51.633 I/sysui_multi_action(30097): [757,111,758,2]
09-30 05:04:51.634 I/sysui_multi_action(30097): [757,111,758,2]
09-30 05:04:51.639 I/sysui_multi_action( 1131): [757,127,758,2]
09-30 05:04:51.639 I/notification_panel_hidden( 1131):
09-30 05:04:51.661 I/sysui_multi_action(30097): [757,111,758,1]
09-30 05:04:51.662 I/sysui_multi_action(30097): [757,126,758,1,759,126,927,0,928,1,1593,0]
09-30 05:04:51.662 I/sysui_multi_action(30097): [757,113,758,1,759,113,927,1,928,0,1593,0]
09-30 05:04:51.663 I/sysui_multi_action(30097): [757,0,758,1,759,0,927,2,928,0,1593,0]
09-30 05:04:51.664 I/sysui_multi_action(30097): [757,0,758,1,759,0,927,3,928,0,1593,0]
09-30 05:04:51.664 I/sysui_multi_action(30097): [757,1706,758,1,759,1706,927,4,928,0,1593,0]
09-30 05:04:51.665 I/sysui_multi_action(30097): [757,491,758,1,759,491,927,5,928,0,1311,-1,1593,0]
09-30 05:04:51.666 I/sysui_multi_action(30097): [757,0,758,1,759,0,927,6,928,0,1593,0]
09-30 05:04:51.666 I/sysui_multi_action(30097): [757,0,758,1,759,0,927,7,1593,0]
09-30 05:04:51.666 I/sysui_multi_action(30097): [757,114,758,1,759,114,927,8,928,0,1593,0]
09-30 05:04:51.667 I/sysui_multi_action(30097): [757,111,758,1]
09-30 05:04:51.668 I/sysui_multi_action(30097): [757,126,758,1,759,126,927,0,928,1,1593,0]
09-30 05:04:51.668 I/sysui_multi_action(30097): [757,113,758,1,759,113,927,1,928,0,1593,0]
09-30 05:04:51.668 I/sysui_multi_action(30097): [757,0,758,1,759,0,927,2,928,0,1593,0]
09-30 05:04:51.668 I/sysui_multi_action(30097): [757,0,758,1,759,0,927,3,928,0,1593,0]
09-30 05:04:51.837 I/sysui_multi_action( 1131): [757,1501,758,1,793,9342639,794,0,795,205,796,2048,806,com.android.systemui,857,updateNotification,858,3,947,0,1500,0,1688,1]
09-30 05:04:51.842 I/sysui_multi_action( 1131): [757,804,799,note_interruptive,801,0,802,1]
09-30 05:04:51.843 I/sysui_multi_action( 1131): [757,199,758,1,759,2,793,9342645,794,0,795,211,796,2048,806,com.android.systemui,857,updateNotification,858,3,947,0,1500,6,1688,1]
09-30 05:04:51.843 I/notification_alert( 1131): [0|com.android.systemui|2048|null|10086,0,1,0]
09-30 05:04:52.069 I/notification_enqueue( 1131): [10105,23156,com.tencent.qqmusicpad,1,NULL,0,Notification(channel=channel_notification_player shortcut=null contentView=com.tencent.qqmusicpad/0x7f0c020d vibrate=null sound=null tick defaults=0x0 flags=0x62 color=0x00000000 vis=SECRET),1]
09-30 05:04:52.436 I/liblog (30314): 1
09-30 05:04:52.436 I/liblog (30314): 3
09-30 05:04:52.436 I/liblog (30314): 4
09-30 05:04:52.436 I/liblog (30314): 4
09-30 05:04:52.436 I/liblog (30314): 4
09-30 05:04:52.436 I/liblog (30314): 4
09-30 05:04:52.437 I/liblog (30314): 7
09-30 05:04:52.437 I/liblog (30314): 4
09-30 05:04:52.437 I/liblog (30314): 4
09-30 05:04:52.437 I/liblog (30314): 4
09-30 05:04:52.437 I/liblog (30314): 3
09-30 05:04:52.437 I/liblog (30314): 6
09-30 05:04:52.437 I/liblog (30314): 6
09-30 05:04:52.437 I/liblog (30314): 4
09-30 05:04:52.437 I/liblog (30314): 4
09-30 05:04:52.437 I/liblog (30314): 4
09-30 05:04:52.437 I/liblog (30314): 4
09-30 05:04:52.622 I/netstats_mobile_sample( 1131): [0,0,0,0,0,0,0,0,0,0,0,0,1664485492622]
09-30 05:04:52.623 I/netstats_wifi_sample( 1131): [51818147,38277,928862,13062,51818147,38277,928862,13062,51658302,38068,909085,12901,1664485492622]
09-30 05:04:52.688 I/commit_sys_config_file( 1131): [settings-2-0,23]
09-30 05:04:52.984 I/dropbox_file_copy( 1131): [/data/tombstones/tombstone_01,98304,SYSTEM_TOMBSTONE]
09-30 05:04:52.990 I/commit_sys_config_file( 1131): [log-files,9348409]
09-30 05:04:53.008 I/commit_sys_config_file( 1131): [log-files,9348427]
09-30 05:04:53.619 I/notification_enqueue( 1131): [10105,23156,com.tencent.qqmusicpad,1,NULL,0,Notification(channel=channel_notification_player shortcut=null contentView=com.tencent.qqmusicpad/0x7f0c020d vibrate=null sound=null tick defaults=0x0 flags=0x62 color=0x00000000 vis=SECRET),1]
09-30 05:04:54.264 I/notification_enqueue( 1131): [10105,23156,com.tencent.qqmusicpad,1,NULL,0,Notification(channel=channel_notification_player shortcut=null contentView=com.tencent.qqmusicpad/0x7f0c020d vibrate=null sound=null tick defaults=0x0 flags=0x62 color=0x00000000 vis=SECRET),1]
09-30 05:04:54.544 I/netstats_mobile_sample( 1131): [0,0,0,0,0,0,0,0,0,0,0,0,1664485494544]
09-30 05:04:54.544 I/netstats_wifi_sample( 1131): [55712831,41026,960272,13655,55712831,41026,960272,13655,55552882,40815,940495,13494,1664485494544]
09-30 05:04:56.340 I/notification_enqueue( 1131): [10105,23156,com.tencent.qqmusicpad,1,NULL,0,Notification(channel=channel_notification_player shortcut=null contentView=com.tencent.qqmusicpad/0x7f0c020d vibrate=null sound=null tick defaults=0x0 flags=0x62 color=0x00000000 vis=SECRET),1]
09-30 05:04:56.954 I/dvm_lock_sample(23156): [com.tencent.qqmusicpad,0,Thread-238,64,ConnectionHelper.java,92,void com.tencent.qqmusicplayerprocess.conn.d.b(com.tencent.qqmusicplayerprocess.conn.c),-,267,void com.tencent.qqmusicplayerprocess.conn.d.run(),12]
09-30 05:04:57.332 I/dvm_lock_sample(23156): [com.tencent.qqmusicpad,0,StatIo,11,ConnectionHelper.java,92,void com.tencent.qqmusicplayerprocess.conn.d.b(com.tencent.qqmusicplayerprocess.conn.c),-,267,void com.tencent.qqmusicplayerprocess.conn.d.run(),2]
09-30 05:04:57.407 I/liblog (30394): 68
09-30 05:04:57.407 I/liblog (30394): 2
09-30 05:04:57.407 I/liblog (30394): 2
09-30 05:04:57.407 I/liblog (30394): 2
09-30 05:04:57.407 I/liblog (30394): 2
09-30 05:04:57.407 I/liblog (30394): 4
09-30 05:04:57.407 I/liblog (30394): 3
09-30 05:04:57.408 I/liblog (30394): 51
09-30 05:04:57.408 I/liblog (30394): 1
09-30 05:04:57.408 I/liblog (30394): 2
09-30 05:04:57.408 I/liblog (30394): 2
09-30 05:04:57.408 I/liblog (30394): 4
09-30 05:04:57.408 I/liblog (30394): 1
09-30 05:04:57.408 I/liblog (30394): 2
09-30 05:04:57.408 I/liblog (30394): 2
09-30 05:04:57.408 I/liblog (30394): 1
09-30 05:04:57.408 I/liblog (30394): 2
09-30 05:04:57.408 I/liblog (30394): 1
09-30 05:04:57.408 I/liblog (30394): 1
09-30 05:04:57.408 I/liblog (30394): 1
09-30 05:04:57.409 I/liblog (30394): 23
09-30 05:04:57.409 I/liblog (30394): 1
09-30 05:04:57.409 I/liblog (30394): 1
09-30 05:04:57.409 I/liblog (30394): 1
09-30 05:04:57.409 I/liblog (30394): 7
09-30 05:04:57.409 I/liblog (30394): 2
09-30 05:04:57.409 I/liblog (30394): 11
09-30 05:04:57.410 I/liblog (30394): 13
09-30 05:04:57.410 I/liblog (30394): 1
09-30 05:04:57.410 I/liblog (30394): 1
09-30 05:04:57.410 I/liblog (30394): 2
09-30 05:04:57.410 I/liblog (30394): 5
09-30 05:04:57.410 I/liblog (30394): 1
09-30 05:04:57.410 I/liblog (30394): 1
09-30 05:04:57.410 I/liblog (30394): 2
09-30 05:04:57.410 I/liblog (30394): 8
09-30 05:04:57.410 I/liblog (30394): 2
09-30 05:04:57.410 I/liblog (30394): 3
09-30 05:04:57.410 I/liblog (30394): 1
09-30 05:04:57.411 I/liblog (30394): 5
09-30 05:04:57.411 I/liblog (30394): 1
09-30 05:04:57.411 I/liblog (30394): 6
09-30 05:04:57.411 I/liblog (30394): 2
09-30 05:04:57.411 I/liblog (30394): 1
09-30 05:04:57.411 I/liblog (30394): 1
09-30 05:04:57.411 I/liblog (30394): 7
09-30 05:04:57.411 I/liblog (30394): 1
09-30 05:04:57.411 I/liblog (30394): 1
09-30 05:04:57.411 I/liblog (30394): 1
09-30 05:04:57.411 I/liblog (30394): 13
09-30 05:04:57.412 I/liblog (30394): 2
09-30 05:04:57.412 I/liblog (30394): 8
09-30 05:04:57.412 I/liblog (30394): 2
09-30 05:04:57.412 I/liblog (30394): 4
09-30 05:04:57.412 I/liblog (30394): 2
09-30 05:04:57.412 I/liblog (30394): 6
09-30 05:04:57.412 I/liblog (30394): 7
09-30 05:04:57.412 I/liblog (30394): 2
09-30 05:04:57.412 I/liblog (30394): 3
09-30 05:04:57.412 I/liblog (30394): 1
09-30 05:04:57.413 I/liblog (30394): 1
09-30 05:04:57.413 I/liblog (30394): 2
09-30 05:04:57.413 I/liblog (30394): 1
09-30 05:04:57.413 I/liblog (30394): 1
09-30 05:04:57.413 I/liblog (30394): 1
09-30 05:04:57.413 I/liblog (30394): 4
09-30 05:04:57.413 I/liblog (30394): 2
09-30 05:04:57.413 I/liblog (30394): 1
09-30 05:04:57.413 I/liblog (30394): 26
09-30 05:04:57.413 I/liblog (30394): 2
09-30 05:04:57.414 I/liblog (30394): 2
09-30 05:04:57.414 I/liblog (30394): 2
09-30 05:04:57.414 I/liblog (30394): 2
09-30 05:04:57.416 I/liblog (30394): 133
09-30 05:04:57.773 I/dropbox_file_copy( 1131): [/data/tombstones/tombstone_02,98304,SYSTEM_TOMBSTONE]
09-30 05:04:57.779 I/commit_sys_config_file( 1131): [log-files,9353199]
09-30 05:04:57.789 I/commit_sys_config_file( 1131): [log-files,9353208]
09-30 05:04:57.824 I/netstats_mobile_sample( 1131): [0,0,0,0,0,0,0,0,0,0,0,0,1664485497824]
09-30 05:04:57.824 I/netstats_wifi_sample( 1131): [60586613,44490,1011674,14543,60586613,44490,1011674,14543,60344848,44220,991497,14372,1664485497824]
09-30 05:04:57.896 I/notification_enqueue( 1131): [10105,23156,com.tencent.qqmusicpad,1,NULL,0,Notification(channel=channel_notification_player shortcut=null contentView=com.tencent.qqmusicpad/0x7f0c020d vibrate=null sound=null tick defaults=0x0 flags=0x62 color=0x00000000 vis=SECRET),1]
09-30 05:04:59.295 I/notification_enqueue( 1131): [10105,23156,com.tencent.qqmusicpad,1,NULL,0,Notification(channel=channel_notification_player shortcut=null contentView=com.tencent.qqmusicpad/0x7f0c020d vibrate=null sound=null tick defaults=0x0 flags=0x62 color=0x00000000 vis=SECRET),1]
09-30 05:04:59.988 I/notification_enqueue( 1131): [10105,23156,com.tencent.qqmusicpad,1,NULL,0,Notification(channel=channel_notification_player shortcut=null contentView=com.tencent.qqmusicpad/0x7f0c020d vibrate=null sound=null tick defaults=0x0 flags=0x62 color=0x00000000 vis=SECRET),1]
09-30 05:05:00.224 I/netstats_mobile_sample( 1131): [0,0,0,0,0,0,0,0,0,0,0,0,1664485500224]
09-30 05:05:00.224 I/netstats_wifi_sample( 1131): [64945875,47603,1059427,15522,64945875,47603,1059427,15522,64553262,47228,1039650,15361,1664485500224]
09-30 05:05:00.285 I/am_freeze( 1131): [28717,com.android.documentsui]
09-30 05:05:00.302 I/am_freeze( 1131): [28718,com.android.gallery3d]
09-30 05:05:00.310 I/am_kill ( 1131): [0,28717,com.android.documentsui,925,Unable to freeze binder interface]
09-30 05:05:00.313 I/am_kill ( 1131): [0,28718,com.android.gallery3d,915,Unable to freeze binder interface]
09-30 05:05:00.427 I/am_proc_died( 1131): [0,28718,com.android.gallery3d,915,19]
09-30 05:05:00.428 I/am_uid_stopped( 1131): 10073
09-30 05:05:00.445 I/am_pss ( 1131): [30045,10093,com.android.music,8154112,5607424,0,92606464,0,19,10]
09-30 05:05:00.452 I/am_proc_died( 1131): [0,28717,com.android.documentsui,925,19]
09-30 05:05:00.453 I/am_uid_stopped( 1131): 10035
09-30 05:05:02.644 I/liblog (30451): 1
09-30 05:05:02.644 I/liblog (30451): 4
09-30 05:05:02.644 I/liblog (30451): 10
09-30 05:05:02.644 I/liblog (30451): 3
09-30 05:05:02.644 I/liblog (30451): 4
09-30 05:05:02.644 I/liblog (30451): 3
09-30 05:05:02.644 I/liblog (30451): 4
09-30 05:05:02.644 I/liblog (30451): 4
09-30 05:05:02.645 I/liblog (30451): 4
09-30 05:05:02.645 I/liblog (30451): 4
09-30 05:05:02.645 I/liblog (30451): 4
09-30 05:05:02.645 I/liblog (30451): 4
09-30 05:05:02.645 I/liblog (30451): 3
09-30 05:05:02.645 I/liblog (30451): 4
09-30 05:05:02.645 I/liblog (30451): 4
09-30 05:05:02.645 I/liblog (30451): 4
09-30 05:05:02.645 I/liblog (30451): 4
09-30 05:05:02.645 I/liblog (30451): 4
09-30 05:05:02.645 I/liblog (30451): 9
09-30 05:05:02.646 I/liblog (30451): 32
09-30 05:05:02.646 I/liblog (30451): 10
09-30 05:05:02.646 I/liblog (30451): 4
09-30 05:05:02.646 I/liblog (30451): 3
09-30 05:05:02.646 I/liblog (30451): 2
09-30 05:05:02.646 I/liblog (30451): 3
09-30 05:05:02.646 I/liblog (30451): 6
09-30 05:05:02.646 I/liblog (30451): 6
09-30 05:05:02.646 I/liblog (30451): 3
09-30 05:05:02.647 I/liblog (30451): 6
09-30 05:05:02.647 I/liblog (30451): 6
09-30 05:05:02.647 I/liblog (30451): 6
09-30 05:05:02.647 I/liblog (30451): 2
09-30 05:05:02.647 I/liblog (30451): 9
09-30 05:05:02.647 I/liblog (30451): 3
09-30 05:05:02.647 I/liblog (30451): 4
09-30 05:05:02.647 I/liblog (30451): 2
09-30 05:05:02.647 I/liblog (30451): 3
09-30 05:05:02.648 I/liblog (30451): 4
09-30 05:05:02.648 I/liblog (30451): 3
09-30 05:05:02.648 I/liblog (30451): 3
09-30 05:05:02.648 I/liblog (30451): 3
09-30 05:05:02.648 I/liblog (30451): 9
09-30 05:05:02.648 I/liblog (30451): 4
09-30 05:05:02.648 I/liblog (30451): 4
09-30 05:05:02.648 I/liblog (30451): 3
09-30 05:05:02.648 I/liblog (30451): 2
09-30 05:05:02.648 I/liblog (30451): 8
09-30 05:05:02.649 I/liblog (30451): 3
09-30 05:05:02.649 I/liblog (30451): 8
09-30 05:05:02.649 I/liblog (30451): 3
09-30 05:05:02.649 I/liblog (30451): 3
09-30 05:05:02.649 I/liblog (30451): 3
09-30 05:05:02.649 I/liblog (30451): 3
09-30 05:05:02.649 I/liblog (30451): 3
09-30 05:05:02.649 I/liblog (30451): 5
09-30 05:05:02.649 I/liblog (30451): 3
09-30 05:05:02.650 I/liblog (30451): 16
09-30 05:05:02.650 I/liblog (30451): 3
09-30 05:05:02.650 I/liblog (30451): 3
09-30 05:05:02.650 I/liblog (30451): 3
09-30 05:05:02.650 I/liblog (30451): 3
09-30 05:05:02.650 I/liblog (30451): 3
09-30 05:05:02.650 I/liblog (30451): 12
09-30 05:05:02.650 I/liblog (30451): 3
09-30 05:05:02.650 I/liblog (30451): 3
09-30 05:05:02.650 I/liblog (30451): 4
09-30 05:05:02.650 I/liblog (30451): 3
09-30 05:05:02.650 I/liblog (30451): 3
09-30 05:05:02.651 I/liblog (30451): 3
09-30 05:05:02.651 I/liblog (30451): 4
09-30 05:05:02.651 I/liblog (30451): 26
09-30 05:05:02.651 I/liblog (30451): 3
09-30 05:05:02.651 I/liblog (30451): 3
09-30 05:05:02.651 I/liblog (30451): 3
09-30 05:05:02.651 I/liblog (30451): 12
09-30 05:05:02.651 I/liblog (30451): 3
09-30 05:05:02.652 I/liblog (30451): 4
09-30 05:05:02.652 I/liblog (30451): 6
09-30 05:05:02.652 I/liblog (30451): 3
09-30 05:05:02.652 I/liblog (30451): 6
09-30 05:05:02.652 I/liblog (30451): 6
09-30 05:05:02.652 I/liblog (30451): 3
09-30 05:05:02.653 I/liblog (30451): 52
09-30 05:05:02.653 I/liblog (30451): 9
09-30 05:05:02.653 I/liblog (30451): 4
09-30 05:05:02.654 I/liblog (30451): 11
09-30 05:05:02.654 I/liblog (30451): 8
09-30 05:05:02.654 I/liblog (30451): 5
09-30 05:05:03.261 I/dropbox_file_copy( 1131): [/data/tombstones/tombstone_03,98304,SYSTEM_TOMBSTONE]
09-30 05:05:03.266 I/commit_sys_config_file( 1131): [log-files,9358685]
09-30 05:05:03.287 I/commit_sys_config_file( 1131): [log-files,9358706]
09-30 05:05:05.943 I/notification_enqueue( 1131): [10105,23156,com.tencent.qqmusicpad,1,NULL,0,Notification(channel=channel_notification_player shortcut=null contentView=com.tencent.qqmusicpad/0x7f0c020d vibrate=null sound=null tick defaults=0x0 flags=0x62 color=0x00000000 vis=SECRET),1]
09-30 05:05:06.730 I/notification_enqueue( 1131): [10105,23156,com.tencent.qqmusicpad,1,NULL,0,Notification(channel=channel_notification_player shortcut=null contentView=com.tencent.qqmusicpad/0x7f0c020d vibrate=null sound=null tick defaults=0x0 flags=0x62 color=0x00000000 vis=SECRET),1]
09-30 05:05:07.058 I/netstats_mobile_sample( 1131): [0,0,0,0,0,0,0,0,0,0,0,0,1664485507058]
09-30 05:05:07.058 I/netstats_wifi_sample( 1131): [69440447,50761,1095559,16212,69440447,50761,1095559,16212,69047834,50386,1075782,16051,1664485507058]
09-30 05:05:07.671 I/liblog (30502): 136
09-30 05:05:07.671 I/liblog (30502): 9
09-30 05:05:07.671 I/liblog (30502): 2
09-30 05:05:07.671 I/liblog (30502): 2
09-30 05:05:07.671 I/liblog (30502): 3
09-30 05:05:07.671 I/liblog (30502): 1
09-30 05:05:07.671 I/liblog (30502): 4
09-30 05:05:07.671 I/liblog (30502): 1
09-30 05:05:07.671 I/liblog (30502): 1
09-30 05:05:07.712 I/notification_enqueue( 1131): [10105,23156,com.tencent.qqmusicpad,1,NULL,0,Notification(channel=channel_notification_player shortcut=null contentView=com.tencent.qqmusicpad/0x7f0c020d vibrate=null sound=null tick defaults=0x0 flags=0x62 color=0x00000000 vis=SECRET),1]
09-30 05:05:08.053 I/dropbox_file_copy( 1131): [/data/tombstones/tombstone_04,98304,SYSTEM_TOMBSTONE]
09-30 05:05:08.072 I/commit_sys_config_file( 1131): [log-files,9363491]
09-30 05:05:08.098 I/commit_sys_config_file( 1131): [log-files,9363518]
09-30 05:05:08.164 I/dvm_lock_sample(23156): [com.tencent.qqmusicpad,0,Thread-268,85,ConnectionHelper.java,92,void com.tencent.qqmusicplayerprocess.conn.d.b(com.tencent.qqmusicplayerprocess.conn.c),-,267,void com.tencent.qqmusicplayerprocess.conn.d.run(),17]
09-30 05:05:08.592 I/netstats_mobile_sample( 1131): [0,0,0,0,0,0,0,0,0,0,0,0,1664485508592]
09-30 05:05:08.592 I/netstats_wifi_sample( 1131): [73646723,53719,1128912,16869,73619971,53701,1128872,16868,73221722,53322,1109055,16706,1664485508592]
09-30 05:05:08.907 I/notification_enqueue( 1131): [10105,23156,com.tencent.qqmusicpad,1,NULL,0,Notification(channel=channel_notification_player shortcut=null contentView=com.tencent.qqmusicpad/0x7f0c020d vibrate=null sound=null tick defaults=0x0 flags=0x62 color=0x00000000 vis=SECRET),1]
09-30 05:05:09.646 I/notification_enqueue( 1131): [10105,23156,com.tencent.qqmusicpad,1,NULL,0,Notification(channel=channel_notification_player shortcut=null contentView=com.tencent.qqmusicpad/0x7f0c020d vibrate=null sound=null tick defaults=0x0 flags=0x62 color=0x00000000 vis=SECRET),1]
09-30 05:05:12.779 I/liblog (30560): 2
09-30 05:05:12.780 I/liblog (30560): 8
09-30 05:05:12.780 I/liblog (30560): 5
09-30 05:05:12.780 I/liblog (30560): 5
09-30 05:05:12.780 I/liblog (30560): 5
09-30 05:05:12.780 I/liblog (30560): 3
09-30 05:05:12.780 I/liblog (30560): 6
09-30 05:05:12.780 I/liblog (30560): 3
09-30 05:05:12.780 I/liblog (30560): 8
09-30 05:05:12.780 I/liblog (30560): 3
09-30 05:05:12.780 I/liblog (30560): 5
