09-30 04:54:58.822 I/am_wtf ( 1131): [0,1131,system_server,-1,DisplayDeviceConfig,requesting nits when no mapping exists.]
09-30 04:54:58.834 I/am_wtf ( 1131): [0,1131,system_server,-1,DisplayDeviceConfig,requesting nits when no mapping exists.]
09-30 04:54:58.836 I/am_wtf ( 1131): [0,1131,system_server,-1,DisplayDeviceConfig,requesting nits when no mapping exists.]
09-30 04:54:58.841 I/input_focus( 1131): [Focus request a98c05a com.android.settings/com.android.settings.homepage.SettingsHomepageActivity,reason=UpdateInputWindows]
09-30 04:54:58.845 I/sysui_multi_action(26853): [757,111,758,1]
09-30 04:54:58.846 I/sysui_multi_action(26853): [757,126,758,1,759,126,927,0,928,1,1593,1]
09-30 04:54:58.846 I/sysui_multi_action(26853): [757,113,758,1,759,113,927,1,928,0,1593,1]
09-30 04:54:58.846 I/sysui_multi_action(26853): [757,0,758,1,759,0,927,2,928,0,1593,1]
09-30 04:54:58.847 I/sysui_multi_action(26853): [757,0,758,1,759,0,927,3,928,0,1593,1]
09-30 04:54:58.847 I/sysui_multi_action(26853): [757,1706,758,1,759,1706,927,4,928,0,1593,1]
09-30 04:54:58.848 I/sysui_multi_action(26853): [757,491,758,1,759,491,927,5,928,0,1311,-1,1593,0]
09-30 04:54:58.848 I/sysui_multi_action(26853): [757,0,758,1,759,0,927,6,928,0,1593,0]
09-30 04:54:58.849 I/sysui_multi_action(26853): [757,0,758,1,759,0,927,7,1593,0]
09-30 04:54:58.849 I/sysui_multi_action(26853): [757,114,758,1,759,114,927,8,928,0,1593,0]
09-30 04:54:58.850 I/sysui_multi_action(26853): [757,111,758,1]
09-30 04:54:58.850 I/am_wtf ( 1131): [0,1131,system_server,-1,DisplayDeviceConfig,requesting nits when no mapping exists.]
09-30 04:54:58.850 I/sysui_multi_action(26853): [757,126,758,1,759,126,927,0,928,1,1593,1]
09-30 04:54:58.850 I/sysui_multi_action(26853): [757,113,758,1,759,113,927,1,928,0,1593,1]
09-30 04:54:58.851 I/sysui_multi_action(26853): [757,0,758,1,759,0,927,2,928,0,1593,1]
09-30 04:54:58.851 I/sysui_multi_action(26853): [757,0,758,1,759,0,927,3,928,0,1593,1]
09-30 04:54:58.852 I/am_wtf ( 1131): [0,1131,system_server,-1,DisplayDeviceConfig,requesting nits when no mapping exists.]
09-30 04:54:58.870 I/input_focus( 1131): [Focus leaving 47d1890 NotificationShade (server),reason=NOT_FOCUSABLE]
09-30 04:54:58.870 I/input_focus( 1131): [Focus entering a98c05a com.android.settings/com.android.settings.homepage.SettingsHomepageActivity (server),reason=setFocusedWindow]
09-30 04:54:58.870 I/am_wtf ( 1131): [0,1131,system_server,-1,DisplayDeviceConfig,requesting nits when no mapping exists.]
09-30 04:54:58.877 I/am_wtf ( 1131): [0,1131,system_server,-1,DisplayDeviceConfig,requesting nits when no mapping exists.]
09-30 04:54:58.882 I/sysui_multi_action( 1131): [757,128,758,2,793,805761,794,523692,795,805761,796,26,798,0,806,android,857,DEVELOPER_IMPORTANT,858,4,947,0,1395,4,1500,805549,1688,1]
09-30 04:54:58.883 I/notification_visibility( 1131): [-1|android|26|null|1000,0,805761,805761,0,0]
09-30 04:54:58.883 I/sysui_multi_action( 1131): [757,128,758,2,793,2668829,794,523692,795,2668829,796,4273,798,1,806,com.android.systemui,857,screen_record,858,3,947,0,1395,4,1500,2668622,1688,1,1745,680407814]
09-30 04:54:58.883 I/notification_visibility( 1131): [0|com.android.systemui|4273|null|10086,0,2668829,2668829,0,1]
09-30 04:54:58.884 I/sysui_multi_action( 1131): [757,128,758,2,793,8749104,794,523691,795,8749104,796,55,798,2,806,android,857,DEVELOPER,858,2,947,0,1395,4,1500,8748895,1688,1]
09-30 04:54:58.884 I/notification_visibility( 1131): [-1|android|55|null|1000,0,8749104,8749104,0,2]
09-30 04:54:58.884 I/sysui_multi_action( 1131): [757,128,758,2,793,805765,794,523691,795,805765,796,32,798,3,806,android,857,USB,858,1,947,0,1395,4,1500,805561,1688,1]
09-30 04:54:58.884 I/notification_visibility( 1131): [-1|android|32|null|1000,0,805765,805765,0,3]
09-30 04:54:58.903 I/am_wtf ( 1131): [0,1131,system_server,-1,DisplayDeviceConfig,requesting nits when no mapping exists.]
09-30 04:54:58.912 I/am_wtf ( 1131): [0,1131,system_server,-1,DisplayDeviceConfig,requesting nits when no mapping exists.]
09-30 04:54:58.934 I/am_wtf ( 1131): [0,1131,system_server,-1,DisplayDeviceConfig,requesting nits when no mapping exists.]
09-30 04:54:58.935 I/sysui_multi_action(26853): [757,111,758,2]
09-30 04:54:58.935 I/sysui_multi_action(26853): [757,111,758,2]
09-30 04:54:58.940 I/am_wtf ( 1131): [0,1131,system_server,-1,DisplayDeviceConfig,requesting nits when no mapping exists.]
09-30 04:54:58.942 I/notification_enqueue( 1131): [10086,26853,com.android.systemui,2048,NULL,0,Notification(channel=updateNotification shortcut=null contentView=null vibrate=null sound=null defaults=0x0 flags=0x0 color=0x00000000 vis=PRIVATE),1]
09-30 04:54:58.942 I/sysui_multi_action( 1131): [757,127,758,2]
09-30 04:54:58.942 I/notification_panel_hidden( 1131):
09-30 04:54:58.951 I/am_wtf ( 1131): [0,1131,system_server,-1,DisplayDeviceConfig,requesting nits when no mapping exists.]
09-30 04:54:58.952 I/am_wtf ( 1131): [0,1131,system_server,-1,DisplayDeviceConfig,requesting nits when no mapping exists.]
09-30 04:54:58.967 I/am_wtf ( 1131): [0,1131,system_server,-1,DisplayDeviceConfig,requesting nits when no mapping exists.]
09-30 04:54:58.970 I/am_wtf ( 1131): [0,1131,system_server,-1,DisplayDeviceConfig,requesting nits when no mapping exists.]
09-30 04:54:58.984 I/am_wtf ( 1131): [0,1131,system_server,-1,DisplayDeviceConfig,requesting nits when no mapping exists.]
09-30 04:54:58.988 I/am_wtf ( 1131): [0,1131,system_server,-1,DisplayDeviceConfig,requesting nits when no mapping exists.]
09-30 04:54:59.001 I/am_wtf ( 1131): [0,1131,system_server,-1,DisplayDeviceConfig,requesting nits when no mapping exists.]
09-30 04:54:59.004 I/am_wtf ( 1131): [0,1131,system_server,-1,DisplayDeviceConfig,requesting nits when no mapping exists.]
09-30 04:54:59.015 I/sysui_multi_action(26853): [757,111,758,1]
09-30 04:54:59.016 I/sysui_multi_action(26853): [757,126,758,1,759,126,927,0,928,1,1593,0]
09-30 04:54:59.016 I/sysui_multi_action(26853): [757,113,758,1,759,113,927,1,928,0,1593,0]
09-30 04:54:59.016 I/sysui_multi_action(26853): [757,0,758,1,759,0,927,2,928,0,1593,0]
09-30 04:54:59.017 I/sysui_multi_action(26853): [757,0,758,1,759,0,927,3,928,0,1593,0]
09-30 04:54:59.017 I/sysui_multi_action(26853): [757,1706,758,1,759,1706,927,4,928,0,1593,0]
09-30 04:54:59.017 I/am_wtf ( 1131): [0,1131,system_server,-1,DisplayDeviceConfig,requesting nits when no mapping exists.]
09-30 04:54:59.018 I/sysui_multi_action(26853): [757,491,758,1,759,491,927,5,928,0,1311,-1,1593,0]
09-30 04:54:59.018 I/sysui_multi_action(26853): [757,0,758,1,759,0,927,6,928,0,1593,0]
09-30 04:54:59.018 I/am_wtf ( 1131): [0,1131,system_server,-1,DisplayDeviceConfig,requesting nits when no mapping exists.]
09-30 04:54:59.018 I/sysui_multi_action(26853): [757,0,758,1,759,0,927,7,1593,0]
09-30 04:54:59.019 I/sysui_multi_action(26853): [757,114,758,1,759,114,927,8,928,0,1593,0]
09-30 04:54:59.019 I/sysui_multi_action(26853): [757,111,758,1]
09-30 04:54:59.019 I/sysui_multi_action(26853): [757,126,758,1,759,126,927,0,928,1,1593,0]
09-30 04:54:59.020 I/sysui_multi_action(26853): [757,113,758,1,759,113,927,1,928,0,1593,0]
09-30 04:54:59.020 I/sysui_multi_action(26853): [757,0,758,1,759,0,927,2,928,0,1593,0]
09-30 04:54:59.020 I/sysui_multi_action(26853): [757,0,758,1,759,0,927,3,928,0,1593,0]
09-30 04:54:59.034 I/am_wtf ( 1131): [0,1131,system_server,-1,DisplayDeviceConfig,requesting nits when no mapping exists.]
09-30 04:54:59.035 I/am_wtf ( 1131): [0,1131,system_server,-1,DisplayDeviceConfig,requesting nits when no mapping exists.]
09-30 04:54:59.051 I/am_wtf ( 1131): [0,1131,system_server,-1,DisplayDeviceConfig,requesting nits when no mapping exists.]
09-30 04:54:59.052 I/am_wtf ( 1131): [0,1131,system_server,-1,DisplayDeviceConfig,requesting nits when no mapping exists.]
09-30 04:54:59.055 I/input_interaction( 1131): Interaction with: a98c05a com.android.settings/com.android.settings.homepage.SettingsHomepageActivity (server), PointerEventDispatcher0 (server),
09-30 04:54:59.057 I/sysui_multi_action( 1131): [757,803,799,key_back_press,802,1]
09-30 04:54:59.058 I/sysui_multi_action(19976): [757,47,758,2,1089,550143]
09-30 04:54:59.068 I/am_wtf ( 1131): [0,1131,system_server,-1,DisplayDeviceConfig,requesting nits when no mapping exists.]
09-30 04:54:59.070 I/am_wtf ( 1131): [0,1131,system_server,-1,DisplayDeviceConfig,requesting nits when no mapping exists.]
09-30 04:54:59.084 I/am_wtf ( 1131): [0,1131,system_server,-1,DisplayDeviceConfig,requesting nits when no mapping exists.]
09-30 04:54:59.085 I/sysui_multi_action(19976): [757,46,758,1,833,0,1089,0]
09-30 04:54:59.085 I/am_wtf ( 1131): [0,1131,system_server,-1,DisplayDeviceConfig,requesting nits when no mapping exists.]
09-30 04:54:59.101 I/am_wtf ( 1131): [0,1131,system_server,-1,DisplayDeviceConfig,requesting nits when no mapping exists.]
09-30 04:54:59.102 I/am_wtf ( 1131): [0,1131,system_server,-1,DisplayDeviceConfig,requesting nits when no mapping exists.]
09-30 04:54:59.947 I/sysui_multi_action( 1131): [757,803,799,key_back_press,802,1]
09-30 04:54:59.955 I/wm_task_moved( 1131): [64,0,0]
09-30 04:54:59.961 I/wm_focused_root_task( 1131): [0,0,1,64,moveTaskToBackLocked]
09-30 04:54:59.962 I/wm_add_to_stopping( 1131): [0,9338120,com.android.settings/.homepage.SettingsHomepageActivity,makeInvisible]
09-30 04:54:59.965 I/wm_pause_activity( 1131): [0,9338120,com.android.settings/.homepage.SettingsHomepageActivity,userLeaving=false,pauseBackTasks]
09-30 04:54:59.971 I/wm_set_resumed_activity( 1131): [0,com.android.launcher3/.uioverrides.QuickstepLauncher,resumeTopActivityInnerLocked]
09-30 04:54:59.973 I/wm_resume_activity( 1131): [0,176028021,26,com.android.launcher3/.uioverrides.QuickstepLauncher]
09-30 04:54:59.974 I/wm_on_top_resumed_lost_called(19976): [9338120,com.android.settings.homepage.SettingsHomepageActivity,topStateChangedWhenResumed]
09-30 04:54:59.976 I/dvm_lock_sample( 1131): [system_server,0,android.bg,6,ActivityTaskManagerService.java,1847,android.app.ActivityTaskManager$RootTaskInfo com.android.server.wm.ActivityTaskManagerService.getFocusedRootTaskInfo(),,0,null,1]
09-30 04:54:59.989 I/sysui_multi_action(19976): [757,35,758,2,1089,557159]
09-30 04:54:59.990 I/sysui_multi_action(19976): [757,46,758,2,1089,905]
09-30 04:54:59.993 I/wm_on_paused_called(19976): [9338120,com.android.settings.homepage.SettingsHomepageActivity,performPause]
09-30 04:54:59.994 I/input_focus( 1131): [Focus leaving a98c05a com.android.settings/com.android.settings.homepage.SettingsHomepageActivity (server),reason=NO_WINDOW]
09-30 04:54:59.998 I/wm_on_restart_called( 2464): [176028021,com.android.launcher3.uioverrides.QuickstepLauncher,performRestartActivity]
09-30 04:54:59.999 I/wm_on_start_called( 2464): [176028021,com.android.launcher3.uioverrides.QuickstepLauncher,handleStartActivity]
09-30 04:55:00.000 I/wm_on_resume_called( 2464): [176028021,com.android.launcher3.uioverrides.QuickstepLauncher,RESUME_ACTIVITY]
09-30 04:55:00.001 I/wm_on_top_resumed_gained_called( 2464): [176028021,com.android.launcher3.uioverrides.QuickstepLauncher,topStateChangedWhenResumed]
09-30 04:55:00.008 I/sysui_multi_action( 1131): [757,803,799,window_time_0,802,557]
09-30 04:55:00.028 I/am_uid_running( 1131): 10035
09-30 04:55:00.028 I/input_focus( 1131): [Focus request 96face7 com.android.launcher3/com.android.launcher3.uioverrides.QuickstepLauncher,reason=UpdateInputWindows]
09-30 04:55:00.041 I/am_uid_running( 1131): 10073
09-30 04:55:00.083 I/am_proc_start( 1131): [0,28717,10035,com.android.documentsui,NULL,]
09-30 04:55:00.109 I/input_focus( 1131): [Focus entering 96face7 com.android.launcher3/com.android.launcher3.uioverrides.QuickstepLauncher (server),reason=Window became focusable. Previous reason: NOT_VISIBLE]
09-30 04:55:00.112 I/am_proc_start( 1131): [0,28718,10073,com.android.gallery3d,NULL,]
09-30 04:55:00.169 I/am_proc_bound( 1131): [0,28717,com.android.documentsui]
09-30 04:55:00.182 I/am_proc_bound( 1131): [0,28718,com.android.gallery3d]
09-30 04:55:00.328 I/dvm_lock_sample(28717): [com.android.documentsui,0,pool-2-thread-1,27,ProvidersCache.java,643,void com.android.documentsui.roots.ProvidersCache$MultiProviderUpdateTask.handleDocumentsProvider(android.content.pm.ProviderInfo, com.android.documentsui.base.UserId),-,646,void com.android.documentsui.roots.ProvidersCache$MultiProviderUpdateTask.handleDocumentsProvider(android.content.pm.ProviderInfo, com.android.documentsui.base.UserId),5]
09-30 04:55:00.340 I/dropbox_file_copy( 1131): [/data/tombstones/tombstone_12,98304,SYSTEM_TOMBSTONE]
09-30 04:55:00.347 I/commit_sys_config_file( 1131): [log-files,8755766]
09-30 04:55:00.361 I/commit_sys_config_file( 1131): [log-files,8755780]
09-30 04:55:00.448 I/wm_stop_activity( 1131): [0,9338120,com.android.settings/.homepage.SettingsHomepageActivity]
09-30 04:55:00.492 I/wm_on_stop_called(19976): [9338120,com.android.settings.homepage.SettingsHomepageActivity,STOP_ACTIVITY_ITEM]
09-30 04:55:01.092 I/sysui_multi_action( 1131): [757,803,799,key_back_press,802,1]
09-30 04:55:01.092 I/input_interaction( 1131): Interaction with: 96face7 com.android.launcher3/com.android.launcher3.uioverrides.QuickstepLauncher (server), PointerEventDispatcher0 (server),
09-30 04:55:01.801 I/sysui_multi_action( 1131): [757,803,799,key_back_press,802,1]
09-30 04:55:02.278 I/sysui_multi_action( 1131): [757,803,799,key_back_press,802,1]
09-30 04:55:03.017 I/input_interaction( 1131): Interaction with: 96face7 com.android.launcher3/com.android.launcher3.uioverrides.QuickstepLauncher (server), c6b8f31 com.android.systemui.ImageWallpaper (server), edge-swipe (server), swipe-up (server), PointerEventDispatcher0 (server),
09-30 04:55:03.122 I/wm_task_moved( 1131): [64,1,8]
09-30 04:55:03.122 I/wm_task_to_front( 1131): [0,64]
09-30 04:55:03.123 I/wm_focused_root_task( 1131): [0,0,64,1,bringingFoundTaskToFront]
09-30 04:55:03.124 I/wm_set_resumed_activity( 1131): [0,com.android.settings/.homepage.SettingsHomepageActivity,bringingFoundTaskToFront]
09-30 04:55:03.124 I/wm_new_intent( 1131): [0,9338120,64,com.android.settings/.homepage.SettingsHomepageActivity,android.settings.NIGHT_DISPLAY_SETTINGS,NULL,NULL,335544320]
09-30 04:55:03.133 I/wm_pause_activity( 1131): [0,176028021,com.android.launcher3/.uioverrides.QuickstepLauncher,userLeaving=true,pauseBackTasks]
09-30 04:55:03.140 I/wm_on_top_resumed_lost_called( 2464): [176028021,com.android.launcher3.uioverrides.QuickstepLauncher,topStateChangedWhenResumed]
09-30 04:55:03.146 I/wm_on_paused_called( 2464): [176028021,com.android.launcher3.uioverrides.QuickstepLauncher,performPause]
09-30 04:55:03.158 I/wm_set_resumed_activity( 1131): [0,com.android.settings/.homepage.SettingsHomepageActivity,resumeTopActivityInnerLocked]
09-30 04:55:03.159 I/wm_add_to_stopping( 1131): [0,176028021,com.android.launcher3/.uioverrides.QuickstepLauncher,makeInvisible]
09-30 04:55:03.160 I/wm_resume_activity( 1131): [0,9338120,64,com.android.settings/.homepage.SettingsHomepageActivity]
09-30 04:55:03.183 I/input_focus( 1131): [Focus leaving 96face7 com.android.launcher3/com.android.launcher3.uioverrides.QuickstepLauncher (server),reason=NO_WINDOW]
09-30 04:55:03.206 I/dvm_lock_sample( 1131): [system_server,0,Binder:1131_B,27,WindowManagerService.java,2651,void com.android.server.wm.WindowManagerService.finishDrawingWindow(com.android.server.wm.Session, android.view.IWindow, android.view.SurfaceControl$Transaction),,0,null,5]
09-30 04:55:03.207 I/wm_on_restart_called(19976): [9338120,com.android.settings.homepage.SettingsHomepageActivity,performRestartActivity]
09-30 04:55:03.207 I/sysui_multi_action( 1131): [757,803,799,window_time_0,802,3]
09-30 04:55:03.224 I/wm_on_start_called(19976): [9338120,com.android.settings.homepage.SettingsHomepageActivity,handleStartActivity]
09-30 04:55:03.226 I/snet_event_log(19976): [120484087,-1,]
09-30 04:55:03.228 I/wm_on_resume_called(19976): [9338120,com.android.settings.homepage.SettingsHomepageActivity,RESUME_ACTIVITY]
09-30 04:55:03.228 I/sysui_multi_action(19976): [757,35,758,1,833,0,1089,0]
09-30 04:55:03.234 I/sysui_multi_action(19976): [757,46,758,1,833,0,1089,0]
09-30 04:55:03.247 I/wm_on_top_resumed_gained_called(19976): [9338120,com.android.settings.homepage.SettingsHomepageActivity,topWhenResuming]
09-30 04:55:03.264 I/input_focus( 1131): [Focus request a98c05a com.android.settings/com.android.settings.homepage.SettingsHomepageActivity,reason=UpdateInputWindows]
09-30 04:55:03.315 I/sysui_multi_action( 1131): [319,64,321,58,322,178,325,8806,757,761,758,9,759,4,806,com.android.settings,871,com.android.settings.homepage.SettingsHomepageActivity,904,com.android.settings,905,0,1320,8,1321,5]
09-30 04:55:03.295 I/auditd ( 572): type=1400 audit(0.0:1228): avc: denied { read } for comm="Binder:572_2" name="wakeup58" dev="sysfs" ino=77169 scontext=u:r:system_suspend:s0 tcontext=u:object_r:sysfs:s0 tclass=dir permissive=0
09-30 04:55:03.299 I/auditd ( 572): type=1400 audit(0.0:1229): avc: denied { read } for comm="Binder:572_2" name="wakeup48" dev="sysfs" ino=72638 scontext=u:r:system_suspend:s0 tcontext=u:object_r:sysfs:s0 tclass=dir permissive=0
09-30 04:55:03.351 I/input_focus( 1131): [Focus entering a98c05a com.android.settings/com.android.settings.homepage.SettingsHomepageActivity (server),reason=Window became focusable. Previous reason: NOT_VISIBLE]
09-30 04:55:03.299 I/auditd ( 572): type=1400 audit(0.0:1230): avc: denied { read } for comm="Binder:572_2" name="wakeup4" dev="sysfs" ino=47030 scontext=u:r:system_suspend:s0 tcontext=u:object_r:sysfs:s0 tclass=dir permissive=0
09-30 04:55:03.307 I/auditd ( 572): type=1400 audit(0.0:1231): avc: denied { read } for comm="Binder:572_2" name="wakeup28" dev="sysfs" ino=56470 scontext=u:r:system_suspend:s0 tcontext=u:object_r:sysfs:s0 tclass=dir permissive=0
09-30 04:55:03.311 I/auditd ( 572): type=1400 audit(0.0:1232): avc: denied { read } for comm="Binder:572_2" name="wakeup56" dev="sysfs" ino=77097 scontext=u:r:system_suspend:s0 tcontext=u:object_r:sysfs:s0 tclass=dir permissive=0
09-30 04:55:03.767 I/wm_stop_activity( 1131): [0,176028021,com.android.launcher3/.uioverrides.QuickstepLauncher]
09-30 04:55:03.815 I/wm_on_stop_called( 2464): [176028021,com.android.launcher3.uioverrides.QuickstepLauncher,STOP_ACTIVITY_ITEM]
09-30 04:55:04.215 I/input_interaction( 1131): Interaction with: a98c05a com.android.settings/com.android.settings.homepage.SettingsHomepageActivity (server), PointerEventDispatcher0 (server),
09-30 04:55:04.219 I/sysui_multi_action( 1131): [757,803,799,key_back_press,802,1]
09-30 04:55:04.223 I/wm_task_moved( 1131): [64,0,0]
09-30 04:55:04.231 I/wm_focused_root_task( 1131): [0,0,1,64,moveTaskToBackLocked]
09-30 04:55:04.233 I/wm_add_to_stopping( 1131): [0,9338120,com.android.settings/.homepage.SettingsHomepageActivity,makeInvisible]
09-30 04:55:04.238 I/wm_pause_activity( 1131): [0,9338120,com.android.settings/.homepage.SettingsHomepageActivity,userLeaving=false,pauseBackTasks]
09-30 04:55:04.243 I/wm_set_resumed_activity( 1131): [0,com.android.launcher3/.uioverrides.QuickstepLauncher,resumeTopActivityInnerLocked]
09-30 04:55:04.245 I/wm_resume_activity( 1131): [0,176028021,26,com.android.launcher3/.uioverrides.QuickstepLauncher]
09-30 04:55:04.246 I/wm_on_top_resumed_lost_called(19976): [9338120,com.android.settings.homepage.SettingsHomepageActivity,topStateChangedWhenResumed]
09-30 04:55:04.250 I/sysui_multi_action(19976): [757,35,758,2,1089,1022]
09-30 04:55:04.251 I/sysui_multi_action(19976): [757,46,758,2,1089,1017]
09-30 04:55:04.255 I/wm_on_paused_called(19976): [9338120,com.android.settings.homepage.SettingsHomepageActivity,performPause]
09-30 04:55:04.261 I/sysui_multi_action( 1131): [757,803,799,window_time_0,802,1]
09-30 04:55:04.264 I/input_focus( 1131): [Focus leaving a98c05a com.android.settings/com.android.settings.homepage.SettingsHomepageActivity (server),reason=NO_WINDOW]
09-30 04:55:04.275 I/wm_on_restart_called( 2464): [176028021,com.android.launcher3.uioverrides.QuickstepLauncher,performRestartActivity]
09-30 04:55:04.275 I/wm_on_start_called( 2464): [176028021,com.android.launcher3.uioverrides.QuickstepLauncher,handleStartActivity]
09-30 04:55:04.276 I/wm_on_resume_called( 2464): [176028021,com.android.launcher3.uioverrides.QuickstepLauncher,RESUME_ACTIVITY]
09-30 04:55:04.277 I/wm_on_top_resumed_gained_called( 2464): [176028021,com.android.launcher3.uioverrides.QuickstepLauncher,topStateChangedWhenResumed]
09-30 04:55:04.278 I/dvm_lock_sample( 1131): [system_server,0,android.bg,33,ActivityTaskManagerService.java,1847,android.app.ActivityTaskManager$RootTaskInfo com.android.server.wm.ActivityTaskManagerService.getFocusedRootTaskInfo(),,0,null,6]
09-30 04:55:04.311 I/input_focus( 1131): [Focus request 96face7 com.android.launcher3/com.android.launcher3.uioverrides.QuickstepLauncher,reason=UpdateInputWindows]
09-30 04:55:04.354 I/input_focus( 1131): [Focus entering 96face7 com.android.launcher3/com.android.launcher3.uioverrides.QuickstepLauncher (server),reason=Window became focusable. Previous reason: NOT_VISIBLE]
09-30 04:55:04.713 I/wm_stop_activity( 1131): [0,9338120,com.android.settings/.homepage.SettingsHomepageActivity]
09-30 04:55:04.759 I/wm_on_stop_called(19976): [9338120,com.android.settings.homepage.SettingsHomepageActivity,STOP_ACTIVITY_ITEM]
09-30 04:55:04.971 I/liblog (28770): 155
09-30 04:55:04.971 I/liblog (28770): 9
09-30 04:55:04.971 I/liblog (28770): 4
09-30 04:55:04.972 I/liblog (28770): 3
09-30 04:55:04.972 I/liblog (28770): 11
09-30 04:55:04.972 I/liblog (28770): 4
09-30 04:55:04.972 I/liblog (28770): 4
09-30 04:55:04.972 I/liblog (28770): 4
09-30 04:55:04.972 I/liblog (28770): 4
09-30 04:55:04.972 I/liblog (28770): 20
09-30 04:55:04.972 I/liblog (28770): 4
09-30 04:55:04.973 I/liblog (28770): 4
09-30 04:55:04.973 I/liblog (28770): 4
09-30 04:55:04.973 I/liblog (28770): 4
09-30 04:55:04.973 I/liblog (28770): 4
09-30 04:55:04.973 I/liblog (28770): 4
09-30 04:55:04.973 I/liblog (28770): 14
09-30 04:55:04.973 I/liblog (28770): 9
09-30 04:55:04.973 I/liblog (28770): 3
09-30 04:55:04.973 I/liblog (28770): 3
09-30 04:55:04.973 I/liblog (28770): 3
09-30 04:55:04.974 I/liblog (28770): 4
09-30 04:55:04.974 I/liblog (28770): 4
09-30 04:55:04.974 I/liblog (28770): 4
09-30 04:55:04.974 I/liblog (28770): 4
09-30 04:55:04.974 I/liblog (28770): 4
09-30 04:55:04.974 I/liblog (28770): 4
09-30 04:55:04.974 I/liblog (28770): 4
09-30 04:55:04.974 I/liblog (28770): 4
09-30 04:55:04.974 I/liblog (28770): 4
09-30 04:55:04.974 I/liblog (28770): 4
09-30 04:55:04.974 I/liblog (28770): 8
09-30 04:55:04.975 I/liblog (28770): 4
09-30 04:55:04.975 I/liblog (28770): 4
09-30 04:55:04.975 I/liblog (28770): 4
09-30 04:55:04.975 I/liblog (28770): 11
09-30 04:55:04.975 I/liblog (28770): 4
09-30 04:55:04.975 I/liblog (28770): 4
09-30 04:55:04.975 I/liblog (28770): 4
09-30 04:55:04.975 I/liblog (28770): 4
09-30 04:55:04.975 I/liblog (28770): 4
09-30 04:55:04.975 I/liblog (28770): 4
09-30 04:55:04.975 I/liblog (28770): 3
09-30 04:55:04.976 I/liblog (28770): 5
09-30 04:55:04.976 I/liblog (28770): 4
09-30 04:55:04.976 I/liblog (28770): 4
09-30 04:55:04.976 I/liblog (28770): 7
09-30 04:55:04.976 I/liblog (28770): 4
09-30 04:55:04.976 I/liblog (28770): 9
09-30 04:55:04.976 I/liblog (28770): 3
09-30 04:55:04.976 I/liblog (28770): 3
09-30 04:55:04.977 I/liblog (28770): 9
09-30 04:55:04.977 I/liblog (28770): 6
09-30 04:55:04.977 I/liblog (28770): 3
09-30 04:55:04.977 I/liblog (28770): 6
09-30 04:55:04.977 I/liblog (28770): 11
09-30 04:55:04.977 I/liblog (28770): 7
09-30 04:55:04.978 I/liblog (28770): 4
09-30 04:55:04.978 I/liblog (28770): 3
09-30 04:55:04.978 I/liblog (28770): 3
09-30 04:55:04.978 I/liblog (28770): 6
09-30 04:55:04.978 I/liblog (28770): 3
09-30 04:55:04.978 I/liblog (28770): 4
09-30 04:55:04.978 I/liblog (28770): 6
09-30 04:55:04.978 I/liblog (28770): 3
09-30 04:55:04.978 I/liblog (28770): 6
09-30 04:55:04.978 I/liblog (28770): 3
09-30 04:55:04.979 I/liblog (28770): 3
09-30 04:55:04.979 I/liblog (28770): 6
09-30 04:55:04.979 I/liblog (28770): 6
09-30 04:55:04.979 I/liblog (28770): 3
09-30 04:55:04.979 I/liblog (28770): 3
09-30 04:55:04.979 I/liblog (28770): 2
09-30 04:55:05.006 I/am_freeze( 1131): [27161,com.android.deskclock]
09-30 04:55:05.015 I/am_kill ( 1131): [0,27161,com.android.deskclock,935,Unable to freeze binder interface]
09-30 04:55:05.084 I/input_interaction( 1131): Interaction with: 96face7 com.android.launcher3/com.android.launcher3.uioverrides.QuickstepLauncher (server), PointerEventDispatcher0 (server),
09-30 04:55:05.086 I/sysui_multi_action( 1131): [757,803,799,key_back_press,802,1]
09-30 04:55:05.131 I/am_proc_died( 1131): [0,27161,com.android.deskclock,935,19]
09-30 04:55:05.132 I/am_uid_stopped( 1131): 10070
09-30 04:55:05.555 I/dropbox_file_copy( 1131): [/data/tombstones/tombstone_13,98304,SYSTEM_TOMBSTONE]
09-30 04:55:05.561 I/commit_sys_config_file( 1131): [log-files,8760980]
09-30 04:55:05.581 I/commit_sys_config_file( 1131): [log-files,8761000]
09-30 04:55:05.973 I/input_interaction( 1131): Interaction with: 96face7 com.android.launcher3/com.android.launcher3.uioverrides.QuickstepLauncher (server), c6b8f31 com.android.systemui.ImageWallpaper (server), edge-swipe (server), swipe-up (server), PointerEventDispatcher0 (server),
09-30 04:55:06.102 I/wm_task_moved( 1131): [64,1,8]
09-30 04:55:06.102 I/wm_task_to_front( 1131): [0,64]
09-30 04:55:06.103 I/wm_focused_root_task( 1131): [0,0,64,1,bringingFoundTaskToFront]
09-30 04:55:06.103 I/wm_set_resumed_activity( 1131): [0,com.android.settings/.homepage.SettingsHomepageActivity,bringingFoundTaskToFront]
09-30 04:55:06.104 I/wm_new_intent( 1131): [0,9338120,64,com.android.settings/.homepage.SettingsHomepageActivity,android.settings.NIGHT_DISPLAY_SETTINGS,NULL,NULL,335544320]
09-30 04:55:06.106 I/wm_pause_activity( 1131): [0,176028021,com.android.launcher3/.uioverrides.QuickstepLauncher,userLeaving=true,pauseBackTasks]
09-30 04:55:06.122 I/wm_on_top_resumed_lost_called( 2464): [176028021,com.android.launcher3.uioverrides.QuickstepLauncher,topStateChangedWhenResumed]
09-30 04:55:06.127 I/wm_on_paused_called( 2464): [176028021,com.android.launcher3.uioverrides.QuickstepLauncher,performPause]
09-30 04:55:06.136 I/wm_set_resumed_activity( 1131): [0,com.android.settings/.homepage.SettingsHomepageActivity,resumeTopActivityInnerLocked]
09-30 04:55:06.136 I/wm_add_to_stopping( 1131): [0,176028021,com.android.launcher3/.uioverrides.QuickstepLauncher,makeInvisible]
09-30 04:55:06.138 I/wm_resume_activity( 1131): [0,9338120,64,com.android.settings/.homepage.SettingsHomepageActivity]
09-30 04:55:06.157 I/dvm_lock_sample( 1131): [system_server,1,android.display,36,TaskChangeNotificationController.java,320,void com.android.server.wm.TaskChangeNotificationController.forAllRemoteListeners(com.android.server.wm.TaskChangeNotificationController$TaskStackConsumer, android.os.Message),,0,null,7]
09-30 04:55:06.171 I/wm_on_restart_called(19976): [9338120,com.android.settings.homepage.SettingsHomepageActivity,performRestartActivity]
09-30 04:55:06.176 I/sysui_multi_action( 1131): [757,803,799,window_time_0,802,2]
09-30 04:55:06.184 I/wm_on_start_called(19976): [9338120,com.android.settings.homepage.SettingsHomepageActivity,handleStartActivity]
09-30 04:55:06.186 I/snet_event_log(19976): [120484087,-1,]
09-30 04:55:06.186 I/wm_on_resume_called(19976): [9338120,com.android.settings.homepage.SettingsHomepageActivity,RESUME_ACTIVITY]
09-30 04:55:06.187 I/sysui_multi_action(19976): [757,35,758,1,833,0,1089,0]
09-30 04:55:06.188 I/input_focus( 1131): [Focus leaving 96face7 com.android.launcher3/com.android.launcher3.uioverrides.QuickstepLauncher (server),reason=NO_WINDOW]
09-30 04:55:06.194 I/sysui_multi_action(19976): [757,46,758,1,833,0,1089,0]
09-30 04:55:06.210 I/wm_on_top_resumed_gained_called(19976): [9338120,com.android.settings.homepage.SettingsHomepageActivity,topWhenResuming]
09-30 04:55:06.235 I/input_focus( 1131): [Focus request a98c05a com.android.settings/com.android.settings.homepage.SettingsHomepageActivity,reason=UpdateInputWindows]
09-30 04:55:06.282 I/sysui_multi_action( 1131): [319,48,321,41,322,161,325,8809,757,761,758,9,759,4,806,com.android.settings,871,com.android.settings.homepage.SettingsHomepageActivity,904,com.android.settings,905,0,1320,8,1321,5]
09-30 04:55:06.285 I/input_focus( 1131): [Focus entering a98c05a com.android.settings/com.android.settings.homepage.SettingsHomepageActivity (server),reason=Window became focusable. Previous reason: NOT_VISIBLE]
09-30 04:55:06.694 I/wm_stop_activity( 1131): [0,176028021,com.android.launcher3/.uioverrides.QuickstepLauncher]
09-30 04:55:06.754 I/wm_on_stop_called( 2464): [176028021,com.android.launcher3.uioverrides.QuickstepLauncher,STOP_ACTIVITY_ITEM]
09-30 04:55:07.034 I/sysui_multi_action( 1131): [757,803,799,key_back_press,802,1]
09-30 04:55:07.034 I/input_interaction( 1131): Interaction with: a98c05a com.android.settings/com.android.settings.homepage.SettingsHomepageActivity (server), PointerEventDispatcher0 (server),
09-30 04:55:07.036 I/service_manager_stats( 1131): [100,165,8735]
09-30 04:55:07.041 I/wm_task_moved( 1131): [64,0,0]
09-30 04:55:07.049 I/wm_focused_root_task( 1131): [0,0,1,64,moveTaskToBackLocked]
09-30 04:55:07.051 I/wm_add_to_stopping( 1131): [0,9338120,com.android.settings/.homepage.SettingsHomepageActivity,makeInvisible]
09-30 04:55:07.054 I/wm_pause_activity( 1131): [0,9338120,com.android.settings/.homepage.SettingsHomepageActivity,userLeaving=false,pauseBackTasks]
09-30 04:55:07.062 I/wm_set_resumed_activity( 1131): [0,com.android.launcher3/.uioverrides.QuickstepLauncher,resumeTopActivityInnerLocked]
09-30 04:55:07.063 I/wm_resume_activity( 1131): [0,176028021,26,com.android.launcher3/.uioverrides.QuickstepLauncher]
09-30 04:55:07.065 I/wm_on_top_resumed_lost_called(19976): [9338120,com.android.settings.homepage.SettingsHomepageActivity,topStateChangedWhenResumed]
09-30 04:55:07.068 I/sysui_multi_action(19976): [757,35,758,2,1089,880]
09-30 04:55:07.068 I/wm_on_restart_called( 2464): [176028021,com.android.launcher3.uioverrides.QuickstepLauncher,performRestartActivity]
09-30 04:55:07.068 I/sysui_multi_action(19976): [757,46,758,2,1089,875]
09-30 04:55:07.069 I/wm_on_start_called( 2464): [176028021,com.android.launcher3.uioverrides.QuickstepLauncher,handleStartActivity]
09-30 04:55:07.070 I/wm_on_resume_called( 2464): [176028021,com.android.launcher3.uioverrides.QuickstepLauncher,RESUME_ACTIVITY]
09-30 04:55:07.071 I/wm_on_top_resumed_gained_called( 2464): [176028021,com.android.launcher3.uioverrides.QuickstepLauncher,topStateChangedWhenResumed]
09-30 04:55:07.071 I/wm_on_paused_called(19976): [9338120,com.android.settings.homepage.SettingsHomepageActivity,performPause]
09-30 04:55:07.081 I/sysui_multi_action( 1131): [757,803,799,window_time_0,802,1]
09-30 04:55:07.087 I/input_focus( 1131): [Focus leaving a98c05a com.android.settings/com.android.settings.homepage.SettingsHomepageActivity (server),reason=NO_WINDOW]
09-30 04:55:07.100 I/input_focus( 1131): [Focus request 96face7 com.android.launcher3/com.android.launcher3.uioverrides.QuickstepLauncher,reason=UpdateInputWindows]
09-30 04:55:07.176 I/input_focus( 1131): [Focus entering 96face7 com.android.launcher3/com.android.launcher3.uioverrides.QuickstepLauncher (server),reason=Window became focusable. Previous reason: NOT_VISIBLE]
09-30 04:55:07.535 I/wm_stop_activity( 1131): [0,9338120,com.android.settings/.homepage.SettingsHomepageActivity]
09-30 04:55:07.578 I/wm_on_stop_called(19976): [9338120,com.android.settings.homepage.SettingsHomepageActivity,STOP_ACTIVITY_ITEM]
09-30 04:55:07.877 I/input_interaction( 1131): Interaction with: 96face7 com.android.launcher3/com.android.launcher3.uioverrides.QuickstepLauncher (server), c6b8f31 com.android.systemui.ImageWallpaper (server), edge-swipe (server), swipe-up (server), PointerEventDispatcher0 (server),
09-30 04:55:10.010 I/liblog (28784): 7
09-30 04:55:10.010 I/liblog (28784): 4
09-30 04:55:10.011 I/liblog (28784): 25
09-30 04:55:10.011 I/liblog (28784): 9
09-30 04:55:10.011 I/liblog (28784): 5
09-30 04:55:10.011 I/liblog (28784): 6
09-30 04:55:10.011 I/liblog (28784): 4
09-30 04:55:10.011 I/liblog (28784): 7
09-30 04:55:10.011 I/liblog (28784): 12
09-30 04:55:10.012 I/liblog (28784): 24
09-30 04:55:10.012 I/liblog (28784): 4
09-30 04:55:10.012 I/liblog (28784): 15
09-30 04:55:10.012 I/liblog (28784): 11
09-30 04:55:10.012 I/liblog (28784): 6
09-30 04:55:10.012 I/liblog (28784): 4
09-30 04:55:10.013 I/liblog (28784): 4
09-30 04:55:10.013 I/liblog (28784): 7
09-30 04:55:10.013 I/liblog (28784): 8
09-30 04:55:10.013 I/liblog (28784): 4
09-30 04:55:10.013 I/liblog (28784): 8
09-30 04:55:10.013 I/liblog (28784): 7
09-30 04:55:10.013 I/liblog (28784): 4
09-30 04:55:10.013 I/liblog (28784): 3
09-30 04:55:10.014 I/liblog (28784): 8
09-30 04:55:10.014 I/liblog (28784): 3
09-30 04:55:10.014 I/liblog (28784): 3
09-30 04:55:10.014 I/liblog (28784): 3
09-30 04:55:10.014 I/liblog (28784): 4
09-30 04:55:10.014 I/liblog (28784): 10
09-30 04:55:10.014 I/liblog (28784): 6
09-30 04:55:10.014 I/liblog (28784): 4
09-30 04:55:10.014 I/liblog (28784): 4
09-30 04:55:10.015 I/liblog (28784): 6
09-30 04:55:10.015 I/liblog (28784): 4
09-30 04:55:10.015 I/liblog (28784): 7
09-30 04:55:10.015 I/liblog (28784): 3
09-30 04:55:10.015 I/liblog (28784): 4
09-30 04:55:10.015 I/liblog (28784): 9
09-30 04:55:10.016 I/liblog (28784): 10
09-30 04:55:10.016 I/liblog (28784): 4
09-30 04:55:10.016 I/liblog (28784): 7
09-30 04:55:10.016 I/liblog (28784): 6
09-30 04:55:10.016 I/liblog (28784): 4
09-30 04:55:10.016 I/liblog (28784): 3
09-30 04:55:10.016 I/liblog (28784): 5
09-30 04:55:10.016 I/liblog (28784): 5
09-30 04:55:10.016 I/liblog (28784): 3
09-30 04:55:10.016 I/liblog (28784): 2
09-30 04:55:10.016 I/liblog (28784): 3
09-30 04:55:10.017 I/liblog (28784): 6
09-30 04:55:10.017 I/liblog (28784): 3
09-30 04:55:10.017 I/liblog (28784): 4
09-30 04:55:10.017 I/liblog (28784): 8
09-30 04:55:10.017 I/liblog (28784): 4
09-30 04:55:10.017 I/liblog (28784): 4
09-30 04:55:10.017 I/liblog (28784): 4
09-30 04:55:10.017 I/liblog (28784): 10
09-30 04:55:10.017 I/liblog (28784): 4
09-30 04:55:10.017 I/liblog (28784): 4
09-30 04:55:10.018 I/liblog (28784): 7
09-30 04:55:10.018 I/liblog (28784): 4
09-30 04:55:10.018 I/liblog (28784): 5
09-30 04:55:10.018 I/liblog (28784): 4
09-30 04:55:10.018 I/liblog (28784): 8
09-30 04:55:10.018 I/liblog (28784): 4
09-30 04:55:10.018 I/liblog (28784): 3
09-30 04:55:10.018 I/liblog (28784): 8
09-30 04:55:10.018 I/liblog (28784): 6
09-30 04:55:10.018 I/liblog (28784): 7
09-30 04:55:10.018 I/liblog (28784): 6
09-30 04:55:10.019 I/liblog (28784): 4
09-30 04:55:10.019 I/liblog (28784): 10
09-30 04:55:10.614 I/dropbox_file_copy( 1131): [/data/tombstones/tombstone_14,98304,SYSTEM_TOMBSTONE]
09-30 04:55:10.622 I/commit_sys_config_file( 1131): [log-files,8766041]
09-30 04:55:10.641 I/commit_sys_config_file( 1131): [log-files,8766060]
09-30 04:55:15.118 I/liblog (28795): 54
09-30 04:55:15.780 I/dropbox_file_copy( 1131): [/data/tombstones/tombstone_15,98304,SYSTEM_TOMBSTONE]
09-30 04:55:15.786 I/commit_sys_config_file( 1131): [log-files,8771205]
09-30 04:55:15.806 I/commit_sys_config_file( 1131): [log-files,8771226]
09-30 04:55:16.487 I/input_interaction( 1131): Interaction with: 96face7 com.android.launcher3/com.android.launcher3.uioverrides.QuickstepLauncher (server), PointerEventDispatcher0 (server),
09-30 04:55:16.489 I/sysui_multi_action( 1131): [757,803,799,key_back_press,802,1]
09-30 04:55:17.324 I/input_interaction( 1131): Interaction with: 96face7 com.android.launcher3/com.android.launcher3.uioverrides.QuickstepLauncher (server), c6b8f31 com.android.systemui.ImageWallpaper (server), edge-swipe (server), swipe-up (server), PointerEventDispatcher0 (server),
09-30 04:55:20.095 I/liblog (28806): 1
09-30 04:55:20.095 I/liblog (28806): 1
09-30 04:55:20.095 I/liblog (28806): 2
09-30 04:55:20.095 I/liblog (28806): 3
09-30 04:55:20.095 I/liblog (28806): 2
09-30 04:55:20.095 I/liblog (28806): 3
09-30 04:55:20.095 I/liblog (28806): 2
09-30 04:55:20.096 I/liblog (28806): 2
09-30 04:55:20.096 I/liblog (28806): 2
09-30 04:55:20.096 I/liblog (28806): 2
09-30 04:55:20.096 I/liblog (28806): 2
09-30 04:55:20.096 I/liblog (28806): 2
09-30 04:55:20.096 I/liblog (28806): 4
09-30 04:55:20.096 I/liblog (28806): 2
09-30 04:55:20.096 I/liblog (28806): 2
09-30 04:55:20.096 I/liblog (28806): 2
09-30 04:55:20.096 I/liblog (28806): 2
09-30 04:55:20.096 I/liblog (28806): 11
09-30 04:55:20.096 I/liblog (28806): 1
09-30 04:55:20.096 I/liblog (28806): 2
09-30 04:55:20.096 I/liblog (28806): 1
09-30 04:55:20.096 I/liblog (28806): 2
09-30 04:55:20.096 I/liblog (28806): 2
09-30 04:55:20.097 I/liblog (28806): 2
09-30 04:55:20.097 I/liblog (28806): 2
09-30 04:55:20.097 I/liblog (28806): 2
09-30 04:55:20.097 I/liblog (28806): 6
09-30 04:55:20.097 I/liblog (28806): 1
09-30 04:55:20.097 I/liblog (28806): 1
09-30 04:55:20.097 I/liblog (28806): 1
09-30 04:55:20.097 I/liblog (28806): 2
09-30 04:55:20.097 I/liblog (28806): 1
09-30 04:55:20.097 I/liblog (28806): 14
09-30 04:55:20.097 I/liblog (28806): 2
09-30 04:55:20.098 I/liblog (28806): 5
09-30 04:55:20.098 I/liblog (28806): 2
09-30 04:55:20.098 I/liblog (28806): 2
09-30 04:55:20.098 I/liblog (28806): 2
09-30 04:55:20.098 I/liblog (28806): 2
09-30 04:55:20.098 I/liblog (28806): 2
09-30 04:55:20.098 I/liblog (28806): 2
09-30 04:55:20.098 I/liblog (28806): 3
09-30 04:55:20.098 I/liblog (28806): 2
09-30 04:55:20.098 I/liblog (28806): 2
09-30 04:55:20.098 I/liblog (28806): 2
09-30 04:55:20.098 I/liblog (28806): 2
09-30 04:55:20.098 I/liblog (28806): 2
09-30 04:55:20.098 I/liblog (28806): 2
09-30 04:55:20.098 I/liblog (28806): 2
09-30 04:55:20.098 I/liblog (28806): 2
09-30 04:55:20.098 I/liblog (28806): 1
09-30 04:55:20.099 I/liblog (28806): 5
09-30 04:55:20.099 I/liblog (28806): 2
09-30 04:55:20.099 I/liblog (28806): 2
09-30 04:55:20.099 I/liblog (28806): 4
09-30 04:55:20.099 I/liblog (28806): 4
09-30 04:55:20.099 I/liblog (28806): 2
09-30 04:55:20.099 I/liblog (28806): 2
09-30 04:55:20.099 I/liblog (28806): 2
09-30 04:55:20.099 I/liblog (28806): 2
09-30 04:55:20.099 I/liblog (28806): 3
09-30 04:55:20.099 I/liblog (28806): 2
09-30 04:55:20.099 I/liblog (28806): 2
09-30 04:55:20.099 I/liblog (28806): 2
09-30 04:55:20.099 I/liblog (28806): 1
09-30 04:55:20.100 I/liblog (28806): 4
09-30 04:55:20.100 I/liblog (28806): 2
09-30 04:55:20.100 I/liblog (28806): 5
09-30 04:55:20.100 I/liblog (28806): 2
09-30 04:55:20.100 I/liblog (28806): 3
09-30 04:55:20.100 I/liblog (28806): 2
09-30 04:55:20.100 I/liblog (28806): 4
09-30 04:55:20.100 I/liblog (28806): 2
09-30 04:55:20.100 I/liblog (28806): 6
09-30 04:55:20.100 I/liblog (28806): 2
09-30 04:55:20.100 I/liblog (28806): 2
09-30 04:55:20.100 I/liblog (28806): 2
09-30 04:55:20.100 I/liblog (28806): 3
09-30 04:55:20.101 I/liblog (28806): 12
09-30 04:55:20.101 I/liblog (28806): 6
09-30 04:55:20.101 I/liblog (28806): 1
09-30 04:55:20.101 I/liblog (28806): 2
09-30 04:55:20.101 I/liblog (28806): 2
09-30 04:55:20.101 I/liblog (28806): 4
09-30 04:55:20.101 I/liblog (28806): 1
09-30 04:55:20.837 I/dropbox_file_copy( 1131): [/data/tombstones/tombstone_16,98304,SYSTEM_TOMBSTONE]
09-30 04:55:20.843 I/commit_sys_config_file( 1131): [log-files,8776262]
09-30 04:55:20.861 I/commit_sys_config_file( 1131): [log-files,8776281]
09-30 04:55:21.677 I/am_freeze( 1131): [24790,com.android.musicfx]
09-30 04:55:21.685 I/am_kill ( 1131): [0,24790,com.android.musicfx,925,Unable to freeze binder interface]
09-30 04:55:21.778 I/am_freeze( 1131): [22426,com.android.music]
09-30 04:55:21.787 I/am_kill ( 1131): [0,22426,com.android.music,900,Unable to freeze binder interface]
09-30 04:55:21.801 I/am_proc_died( 1131): [0,24790,com.android.musicfx,925,19]
09-30 04:55:21.802 I/am_uid_stopped( 1131): 10024
09-30 04:55:21.824 I/am_pss ( 1131): [28718,10073,com.android.gallery3d,8390656,5160960,0,95227904,0,19,10]
09-30 04:55:21.837 I/am_pss ( 1131): [28717,10035,com.android.documentsui,13420544,9703424,0,110452736,0,19,11]
09-30 04:55:21.953 I/am_proc_died( 1131): [0,22426,com.android.music,900,18]
09-30 04:55:21.954 I/am_uid_stopped( 1131): 10093
09-30 04:55:22.136 I/sysui_multi_action( 1131): [757,803,799,key_back_press,802,1]
09-30 04:55:22.137 I/input_interaction( 1131): Interaction with: 96face7 com.android.launcher3/com.android.launcher3.uioverrides.QuickstepLauncher (server), PointerEventDispatcher0 (server),
09-30 04:55:22.766 I/input_interaction( 1131): Interaction with: 96face7 com.android.launcher3/com.android.launcher3.uioverrides.QuickstepLauncher (server), c6b8f31 com.android.systemui.ImageWallpaper (server), edge-swipe (server), swipe-up (server), PointerEventDispatcher0 (server),
09-30 04:55:23.145 I/sysui_multi_action( 1131): [757,803,799,key_back_press,802,1]
09-30 04:55:23.145 I/input_interaction( 1131): Interaction with: 96face7 com.android.launcher3/com.android.launcher3.uioverrides.QuickstepLauncher (server), PointerEventDispatcher0 (server),
09-30 04:55:23.594 I/input_interaction( 1131): Interaction with: 96face7 com.android.launcher3/com.android.launcher3.uioverrides.QuickstepLauncher (server), c6b8f31 com.android.systemui.ImageWallpaper (server), edge-swipe (server), swipe-up (server), PointerEventDispatcher0 (server),
09-30 04:55:25.855 I/dropbox_file_copy( 1131): [/data/tombstones/tombstone_17,98304,SYSTEM_TOMBSTONE]
09-30 04:55:25.865 I/commit_sys_config_file( 1131): [log-files,8781284]
09-30 04:55:25.884 I/commit_sys_config_file( 1131): [log-files,8781304]
09-30 04:55:30.193 I/liblog (28830): 1
09-30 04:55:30.193 I/liblog (28830): 1
09-30 04:55:30.193 I/liblog (28830): 2
09-30 04:55:30.193 I/liblog (28830): 1
09-30 04:55:30.193 I/liblog (28830): 1
09-30 04:55:30.193 I/liblog (28830): 1
09-30 04:55:30.194 I/liblog (28830): 100
09-30 04:55:30.195 I/liblog (28830): 2
09-30 04:55:30.195 I/liblog (28830): 2
09-30 04:55:30.195 I/liblog (28830): 1
09-30 04:55:30.195 I/liblog (28830): 1
09-30 04:55:30.195 I/liblog (28830): 1
09-30 04:55:30.195 I/liblog (28830): 1
09-30 04:55:30.195 I/liblog (28830): 1
09-30 04:55:30.195 I/liblog (28830): 2
09-30 04:55:30.195 I/liblog (28830): 1
09-30 04:55:30.195 I/liblog (28830): 1
09-30 04:55:30.195 I/liblog (28830): 1
09-30 04:55:30.195 I/liblog (28830): 2
09-30 04:55:30.197 I/liblog (28830): 98
09-30 04:55:30.197 I/liblog (28830): 3
09-30 04:55:30.197 I/liblog (28830): 1
09-30 04:55:30.197 I/liblog (28830): 1
09-30 04:55:30.197 I/liblog (28830): 2
09-30 04:55:30.197 I/liblog (28830): 2
09-30 04:55:30.197 I/liblog (28830): 2
09-30 04:55:30.197 I/liblog (28830): 2
09-30 04:55:30.197 I/liblog (28830): 2
09-30 04:55:30.197 I/liblog (28830): 2
09-30 04:55:30.197 I/liblog (28830): 1
09-30 04:55:30.197 I/liblog (28830): 2
09-30 04:55:30.197 I/liblog (28830): 2
09-30 04:55:30.197 I/liblog (28830): 1
09-30 04:55:30.197 I/liblog (28830): 7
09-30 04:55:30.197 I/liblog (28830): 1
09-30 04:55:30.197 I/liblog (28830): 1
09-30 04:55:30.197 I/liblog (28830): 2
09-30 04:55:30.197 I/liblog (28830): 1
09-30 04:55:30.198 I/liblog (28830): 2
09-30 04:55:30.198 I/liblog (28830): 2
09-30 04:55:30.198 I/liblog (28830): 1
09-30 04:55:30.198 I/liblog (28830): 2
09-30 04:55:30.198 I/liblog (28830): 2
09-30 04:55:30.198 I/liblog (28830): 1
09-30 04:55:30.198 I/liblog (28830): 2
09-30 04:55:30.198 I/liblog (28830): 1
09-30 04:55:30.198 I/liblog (28830): 1
09-30 04:55:30.198 I/liblog (28830): 1
09-30 04:55:30.198 I/liblog (28830): 2
09-30 04:55:30.198 I/liblog (28830): 1
09-30 04:55:30.198 I/liblog (28830): 1
09-30 04:55:30.198 I/liblog (28830): 2
09-30 04:55:30.198 I/liblog (28830): 1
09-30 04:55:30.198 I/liblog (28830): 2
09-30 04:55:30.198 I/liblog (28830): 2
09-30 04:55:30.198 I/liblog (28830): 2
09-30 04:55:30.198 I/liblog (28830): 1
09-30 04:55:30.199 I/liblog (28830): 2
09-30 04:55:30.199 I/liblog (28830): 2
09-30 04:55:30.199 I/liblog (28830): 2
09-30 04:55:30.199 I/liblog (28830): 1
09-30 04:55:30.199 I/liblog (28830): 2
09-30 04:55:30.199 I/liblog (28830): 2
09-30 04:55:30.199 I/liblog (28830): 2
09-30 04:55:30.199 I/liblog (28830): 1
09-30 04:55:30.199 I/liblog (28830): 2
09-30 04:55:30.199 I/liblog (28830): 1
09-30 04:55:30.199 I/liblog (28830): 24
09-30 04:55:30.199 I/liblog (28830): 1
09-30 04:55:30.199 I/liblog (28830): 1
09-30 04:55:30.199 I/liblog (28830): 1
09-30 04:55:30.200 I/liblog (28830): 1
09-30 04:55:30.200 I/liblog (28830): 1
09-30 04:55:30.200 I/liblog (28830): 1
09-30 04:55:30.200 I/liblog (28830): 1
09-30 04:55:30.200 I/liblog (28830): 1
09-30 04:55:30.200 I/liblog (28830): 2
09-30 04:55:30.200 I/liblog (28830): 2
09-30 04:55:30.200 I/liblog (28830): 1
09-30 04:55:30.200 I/liblog (28830): 1
09-30 04:55:30.200 I/liblog (28830): 1
09-30 04:55:30.200 I/liblog (28830): 1
09-30 04:55:30.200 I/liblog (28830): 1
09-30 04:55:30.200 I/liblog (28830): 1
09-30 04:55:30.200 I/liblog (28830): 2
09-30 04:55:30.200 I/liblog (28830): 1
09-30 04:55:30.200 I/liblog (28830): 2
09-30 04:55:30.200 I/liblog (28830): 1
09-30 04:55:30.200 I/liblog (28830): 1
09-30 04:55:30.201 I/liblog (28830): 17
09-30 04:55:30.201 I/liblog (28830): 1
09-30 04:55:30.201 I/liblog (28830): 1
09-30 04:55:30.201 I/liblog (28830): 1
09-30 04:55:30.201 I/liblog (28830): 2
09-30 04:55:30.201 I/liblog (28830): 1
09-30 04:55:30.779 I/dropbox_file_copy( 1131): [/data/tombstones/tombstone_18,98304,SYSTEM_TOMBSTONE]
09-30 04:55:30.796 I/commit_sys_config_file( 1131): [log-files,8786215]
09-30 04:55:30.820 I/commit_sys_config_file( 1131): [log-files,8786240]
09-30 04:55:36.080 I/dropbox_file_copy( 1131): [/data/tombstones/tombstone_19,98304,SYSTEM_TOMBSTONE]
09-30 04:55:36.091 I/commit_sys_config_file( 1131): [log-files,8791510]
09-30 04:55:36.105 I/commit_sys_config_file( 1131): [log-files,8791524]
09-30 04:55:40.381 I/liblog (28852): 398
09-30 04:55:41.018 I/dropbox_file_copy( 1131): [/data/tombstones/tombstone_20,98304,SYSTEM_TOMBSTONE]
09-30 04:55:41.028 I/commit_sys_config_file( 1131): [log-files,8796447]
09-30 04:55:41.048 I/commit_sys_config_file( 1131): [log-files,8796468]
09-30 04:55:45.416 I/liblog (28863): 1
09-30 04:55:45.416 I/liblog (28863): 2
09-30 04:55:45.416 I/liblog (28863): 1
09-30 04:55:45.416 I/liblog (28863): 1
09-30 04:55:45.416 I/liblog (28863): 2
09-30 04:55:45.416 I/liblog (28863): 1
09-30 04:55:45.416 I/liblog (28863): 2
09-30 04:55:45.416 I/liblog (28863): 3
09-30 04:55:45.416 I/liblog (28863): 2
09-30 04:55:45.416 I/liblog (28863): 2
09-30 04:55:45.416 I/liblog (28863): 2
09-30 04:55:45.417 I/liblog (28863): 2
09-30 04:55:45.417 I/liblog (28863): 4
09-30 04:55:45.417 I/liblog (28863): 2
09-30 04:55:45.417 I/liblog (28863): 3
09-30 04:55:45.417 I/liblog (28863): 2
09-30 04:55:45.417 I/liblog (28863): 3
09-30 04:55:45.417 I/liblog (28863): 6
09-30 04:55:45.417 I/liblog (28863): 1
09-30 04:55:45.417 I/liblog (28863): 1
09-30 04:55:45.417 I/liblog (28863): 3
09-30 04:55:45.418 I/liblog (28863): 3
09-30 04:55:45.418 I/liblog (28863): 3
09-30 04:55:45.418 I/liblog (28863): 3
09-30 04:55:45.418 I/liblog (28863): 2
09-30 04:55:45.418 I/liblog (28863): 2
09-30 04:55:45.418 I/liblog (28863): 2
09-30 04:55:45.418 I/liblog (28863): 8
09-30 04:55:45.418 I/liblog (28863): 3
09-30 04:55:45.418 I/liblog (28863): 5
09-30 04:55:45.418 I/liblog (28863): 3
09-30 04:55:45.418 I/liblog (28863): 3
09-30 04:55:45.420 I/liblog (28863): 102
09-30 04:55:45.420 I/liblog (28863): 4
09-30 04:55:45.420 I/liblog (28863): 6
09-30 04:55:45.420 I/liblog (28863): 6
09-30 04:55:45.420 I/liblog (28863): 6
09-30 04:55:45.421 I/liblog (28863): 4
09-30 04:55:45.421 I/liblog (28863): 4
09-30 04:55:45.421 I/liblog (28863): 4
09-30 04:55:45.421 I/liblog (28863): 2
09-30 04:55:45.421 I/liblog (28863): 3
09-30 04:55:45.421 I/liblog (28863): 2
09-30 04:55:45.421 I/liblog (28863): 3
09-30 04:55:45.421 I/liblog (28863): 3
09-30 04:55:45.421 I/liblog (28863): 5
09-30 04:55:45.421 I/liblog (28863): 1
09-30 04:55:45.421 I/liblog (28863): 2
09-30 04:55:45.421 I/liblog (28863): 6
09-30 04:55:45.422 I/liblog (28863): 2
09-30 04:55:45.422 I/liblog (28863): 1
09-30 04:55:45.422 I/liblog (28863): 1
09-30 04:55:45.422 I/liblog (28863): 2
09-30 04:55:45.422 I/liblog (28863): 1
09-30 04:55:45.422 I/liblog (28863): 2
09-30 04:55:45.422 I/liblog (28863): 1
09-30 04:55:45.422 I/liblog (28863): 2
09-30 04:55:45.422 I/liblog (28863): 13
09-30 04:55:45.422 I/liblog (28863): 1
09-30 04:55:45.422 I/liblog (28863): 1
09-30 04:55:45.422 I/liblog (28863): 2
09-30 04:55:45.422 I/liblog (28863): 2
09-30 04:55:45.422 I/liblog (28863): 2
09-30 04:55:45.423 I/liblog (28863): 2
09-30 04:55:45.423 I/liblog (28863): 2
09-30 04:55:45.423 I/liblog (28863): 2
09-30 04:55:45.423 I/liblog (28863): 2
09-30 04:55:45.423 I/liblog (28863): 2
09-30 04:55:45.423 I/liblog (28863): 2
09-30 04:55:45.423 I/liblog (28863): 5
09-30 04:55:45.423 I/liblog (28863): 2
09-30 04:55:45.423 I/liblog (28863): 2
09-30 04:55:45.423 I/liblog (28863): 1
09-30 04:55:45.423 I/liblog (28863): 2
09-30 04:55:45.423 I/liblog (28863): 1
09-30 04:55:45.423 I/liblog (28863): 2
09-30 04:55:45.423 I/liblog (28863): 1
09-30 04:55:45.423 I/liblog (28863): 2
09-30 04:55:45.424 I/liblog (28863): 2
09-30 04:55:45.424 I/liblog (28863): 2
09-30 04:55:45.424 I/liblog (28863): 2
09-30 04:55:45.424 I/liblog (28863): 2
09-30 04:55:45.424 I/liblog (28863): 2
09-30 04:55:45.424 I/liblog (28863): 1
09-30 04:55:45.424 I/liblog (28863): 2
09-30 04:55:45.424 I/liblog (28863): 2
09-30 04:55:45.424 I/liblog (28863): 1
09-30 04:55:45.424 I/liblog (28863): 1
09-30 04:55:45.424 I/liblog (28863): 2
09-30 04:55:45.424 I/liblog (28863): 1
09-30 04:55:45.424 I/liblog (28863): 1
09-30 04:55:45.424 I/liblog (28863): 1
09-30 04:55:45.424 I/liblog (28863): 1
09-30 04:55:45.424 I/liblog (28863): 1
09-30 04:55:45.424 I/liblog (28863): 1
09-30 04:55:45.424 I/liblog (28863): 1
09-30 04:55:45.425 I/liblog (28863): 2
09-30 04:55:45.425 I/liblog (28863): 2
09-30 04:55:45.425 I/liblog (28863): 1
09-30 04:55:45.425 I/liblog (28863): 1
09-30 04:55:45.425 I/liblog (28863): 2
09-30 04:55:45.425 I/liblog (28863): 1
