09-30 05:12:28.938 F/DEBUG (31703): #10 pc 00000000000502a0 /apex/com.android.vndk.v30/lib64/libhidlbase.so (android::hardware::PassthroughServiceManager::get(android::hardware::hidl_string const&, android::hardware::hidl_string const&)+92) (BuildId: fc3e2389a057aeefafa6557f6d78a06b)
09-30 05:12:28.939 F/DEBUG (31703): #11 pc 000000000004dd8c /apex/com.android.vndk.v30/lib64/libhidlbase.so (android::hardware::details::getRawServiceInternal(std::__1::basic_string, std::__1::allocator > const&, std::__1::basic_string, std::__1::allocator > const&, bool, bool)+1488) (BuildId: fc3e2389a057aeefafa6557f6d78a06b)
09-30 05:12:28.939 F/DEBUG (31703): #12 pc 000000000004b91c /apex/com.android.vndk.v30/lib64/libhidlbase.so (android::hardware::details::registerPassthroughServiceImplementation(std::__1::basic_string, std::__1::allocator > const&, std::__1::basic_string, std::__1::allocator > const&, std::__1::function const&, std::__1::basic_string, std::__1::allocator > const&)>, std::__1::basic_string, std::__1::allocator > const&)+80) (BuildId: fc3e2389a057aeefafa6557f6d78a06b)
09-30 05:12:28.939 F/DEBUG (31703): #13 pc 000000000004bc9c /apex/com.android.vndk.v30/lib64/libhidlbase.so (android::hardware::registerPassthroughServiceImplementation(std::__1::basic_string, std::__1::allocator > const&, std::__1::basic_string, std::__1::allocator > const&, std::__1::basic_string, std::__1::allocator > const&)+56) (BuildId: fc3e2389a057aeefafa6557f6d78a06b)
09-30 05:12:28.939 F/DEBUG (31703): #14 pc 0000000000001130 /vendor/bin/hw/android.hardware.camera.provider@2.4-service_64 (main.cfi+196) (BuildId: a1ba6e409ca848af1f0b7c62860af7da)
09-30 05:12:28.939 F/DEBUG (31703): #15 pc 000000000004a084 /apex/com.android.runtime/lib64/bionic/libc.so (__libc_init+100) (BuildId: 369edc656806aeaf384cbeb8f7a347af)
09-30 05:12:28.995 W/NativeCrashListener( 1131): Couldn't find ProcessRecord for pid 31696
09-30 05:12:28.998 E/tombstoned( 629): Tombstone written to: tombstone_27
09-30 05:12:29.009 I/BootReceiver( 1131): Copying /data/tombstones/tombstone_27 to DropBox (SYSTEM_TOMBSTONE)
09-30 05:12:29.009 I/DropBoxManagerService( 1131): add tag=SYSTEM_TOMBSTONE isTagEnabled=true flags=0x6
09-30 05:12:29.026 I/dropbox_file_copy( 1131): [/data/tombstones/tombstone_27,98304,SYSTEM_TOMBSTONE]
09-30 05:12:29.038 I/commit_sys_config_file( 1131): [log-files,9804457]
09-30 05:12:29.039 E/NativeTombstoneManager( 1131): Tombstone's UID (1047) not an app, ignoring
09-30 05:12:29.040 I/DropBoxManagerService( 1131): add tag=SYSTEM_TOMBSTONE_PROTO isTagEnabled=true flags=0x4
09-30 05:12:29.064 I/commit_sys_config_file( 1131): [log-files,9804483]
09-30 05:12:29.143 I/system_server( 1131): Background young concurrent copying GC freed 66666(3635KB) AllocSpace objects, 96(10MB) LOS objects, 48% free, 13MB/27MB, paused 918us,226us total 137.601ms
01-01 15:15:59.679 D/ ( 0): mv2112_read_status
01-01 15:15:59.683 D/mv2112_update_link( 0): 3.0x901(1G): 0x80
01-01 15:15:59.689 D/mv2112_update_link( 0): 3.0x8109(100M): 0x0
01-01 15:15:59.696 D/mv2112_update_link( 0): link 0x0
01-01 15:15:59.700 D/mv2112_read_status( 0): autoneg is disabled
09-30 05:12:29.875 I/mpu_uart( 648): [MSG-P:RECV]:No message received in 1000 ms
01-01 15:16:00.703 D/ ( 0): mv2112_read_status
01-01 15:16:00.707 D/mv2112_update_link( 0): 3.0x901(1G): 0x80
01-01 15:16:00.713 D/mv2112_update_link( 0): 3.0x8109(100M): 0x0
01-01 15:16:00.719 D/mv2112_update_link( 0): link 0x0
01-01 15:16:00.724 D/mv2112_read_status( 0): autoneg is disabled
09-30 05:12:30.875 I/mpu_uart( 648): [MSG-P:RECV]:No message received in 1000 ms
01-01 15:16:01.727 D/ ( 0): mv2112_read_status
01-01 15:16:01.731 D/mv2112_update_link( 0): 3.0x901(1G): 0x80
01-01 15:16:01.737 D/mv2112_update_link( 0): 3.0x8109(100M): 0x0
01-01 15:16:01.743 D/mv2112_update_link( 0): link 0x0
01-01 15:16:01.747 D/mv2112_read_status( 0): autoneg is disabled
09-30 05:12:31.812 I/mpu_uart( 648): [MSG-P:R]:recv sync frame timeout
09-30 05:12:31.876 I/mpu_uart( 648): [MSG-P:RECV]:No message received in 1000 ms
01-01 15:16:02.751 D/ ( 0): mv2112_read_status
01-01 15:16:02.755 D/mv2112_update_link( 0): 3.0x901(1G): 0x80
01-01 15:16:02.762 D/mv2112_update_link( 0): 3.0x8109(100M): 0x0
01-01 15:16:02.768 D/mv2112_update_link( 0): link 0x0
01-01 15:16:02.772 D/mv2112_read_status( 0): autoneg is disabled
09-30 05:12:32.877 I/mpu_uart( 648): [MSG-P:RECV]:No message received in 1000 ms
09-30 05:12:32.896 I/ActivityTaskManager( 1131): START u0 {act=android.intent.action.MAIN cat=[android.intent.category.LAUNCHER] flg=0x10200000 cmp=com.android.settings/.Settings bnds=[2170,294][2408,540]} from uid 10085
09-30 05:12:32.897 I/EventSequenceValidator( 1131): inc AccIntentStartedEvents to 2
09-30 05:12:32.905 E/ANDR-PERF-JNI( 1131): com_qualcomm_qtiperformance_native_perf_io_prefetch_start
09-30 05:12:32.908 I/OMX-VENC: venc_dev( 1302): stats: avg. fps 0.03, bitrate 636
09-30 05:12:32.911 I/wm_task_created( 1131): [103,-1]
09-30 05:12:32.911 W/ActivityTaskManager( 1131): Can't find TaskDisplayArea to determine support for multi window. Task id=103 attached=false
09-30 05:12:32.917 D/audio_hw_primary( 804): start_output_stream: enter: stream(0xf3444330)usecase(1: low-latency-playback) devices(0x2) is_haptic_usecase(0)
09-30 05:12:32.919 I/wm_task_moved( 1131): [103,1,6]
09-30 05:12:32.919 I/wm_task_to_front( 1131): [0,103]
09-30 05:12:32.920 I/wm_create_task( 1131): [0,103]
09-30 05:12:32.920 I/wm_create_activity( 1131): [0,73533765,103,com.android.settings/.Settings,android.intent.action.MAIN,NULL,NULL,270532608]
09-30 05:12:32.920 I/wm_task_moved( 1131): [103,1,6]
09-30 05:12:32.921 D/CompatibilityInfo( 1131): mCompatibilityFlags - 4
09-30 05:12:32.921 D/CompatibilityInfo( 1131): applicationDensity - 240
09-30 05:12:32.921 D/CompatibilityInfo( 1131): applicationScale - 1.0
09-30 05:12:32.922 E/ANDR-PERF-TARGET( 966): Error: Invalid logical cluster id 0
09-30 05:12:32.922 E/ANDR-PERF-REQUEST( 966): invalid request
09-30 05:12:32.922 E/ANDR-PERF-MPCTL( 966): invalid request, no optimizations performed
09-30 05:12:32.923 D/ActivityTrigger( 1131): ActivityTrigger activityPauseTrigger
09-30 05:12:32.923 E/audio_hw_extn( 804): audio_extn_perf_lock_acquire: Failed to acquire perf lock, err: -1
09-30 05:12:32.923 D/audio_hw_primary( 804): select_devices for use case (low-latency-playback)
09-30 05:12:32.923 I/msm8974_platform( 804): platform_check_and_set_codec_backend_cfg:becf: afe: bitwidth 16, samplerate 48000 channels 2, backend_idx 0 usecase = 1 device (speaker)
09-30 05:12:32.923 D/msm8974_platform( 804): platform_split_snd_device: snd_device(2) num devices(1) new_snd_devices(0)
09-30 05:12:32.923 I/msm8974_platform( 804): platform_check_and_set_codec_backend_cfg: new_snd_devices[0] is 2
09-30 05:12:32.923 I/msm8974_platform( 804): platform_check_codec_backend_cfg:becf: afe: bitwidth 16, samplerate 48000 channels 2, backend_idx 0 usecase = 1 device (speaker)
09-30 05:12:32.923 I/wm_pause_activity( 1131): [0,176028021,com.android.launcher3/.uioverrides.QuickstepLauncher,userLeaving=true,pauseBackTasks]
09-30 05:12:32.924 D/PhoneStartingWindowTypeAlgorithm(30097): preferredStartingWindowType newTask:true taskSwitch:true processRunning:true allowTaskSnapshot:true activityCreated:false useEmptySplashScreen:false legacySplashScreen:false topIsHome:false
09-30 05:12:32.924 D/StartingSurfaceDrawer(30097): addSplashScreen com.android.settings theme=7f13033e task=103 suggestType=1
09-30 05:12:32.925 D/audio_hw_extn( 804): audio_extn_enable_hifi_filter: mixer_value set 0
09-30 05:12:32.925 D/msm8974_platform( 804): platform_check_codec_backend_cfg:becf: updated afe: bitwidth 16, samplerate 48000 channels 2,backend_idx 0 usecase = 1 device (speaker)
09-30 05:12:32.925 D/msm8974_platform( 804): platform_check_codec_backend_cfg:becf: afe: playback on codec device not supporting native playback set default Sample Rate(48k)
09-30 05:12:32.925 I/msm8974_platform( 804): platform_check_codec_backend_cfg:becf: afe: Codec selected backend: 0 updated bit width: 16 and sample rate: 48000
09-30 05:12:32.925 D/audio_hw_primary( 804): check_usecases_codec_backend:becf: force routing 0
09-30 05:12:32.925 E/msm8974_platform( 804): platform_check_backends_match: Invalid snd_device =
09-30 05:12:32.925 D/audio_hw_primary( 804): check_usecases_codec_backend:becf: (78) check_usecases curr device: speaker, usecase device: backends match 0
09-30 05:12:32.925 D/audio_hw_primary( 804): check_usecases_codec_backend:becf: check_usecases num.of Usecases to switch 0
09-30 05:12:32.925 D/hardware_info( 804): hw_info_append_hw_type : device_name = speaker
09-30 05:12:32.925 D/msm8974_platform( 804): platform_split_snd_device: snd_device(2) num devices(0) new_snd_devices(0)
09-30 05:12:32.925 D/audio_hw_primary( 804): enable_snd_device: snd_device(2: speaker)
09-30 05:12:32.925 D/msm8974_platform( 804): platform_get_island_cfg_on_device:island cfg status on snd_device = (speaker 0)
09-30 05:12:32.925 I/soundtrigger( 804): audio_extn_sound_trigger_update_device_status: device 0x2 of type 0 for Event 1, with Raise=0
09-30 05:12:32.925 D/audio_route( 804): Apply path: speaker
09-30 05:12:32.925 I/audio_hw_utils( 804): audio_extn_utils_update_stream_output_app_type_cfg Allowing 24 and above bits playback on speaker ONLY at default sampling rate
09-30 05:12:32.925 E/soundtrigger( 804): audio_extn_sound_trigger_update_stream_status: invalid input device 0x0, for event 3
09-30 05:12:32.926 D/soundtrigger( 804): audio_extn_sound_trigger_update_stream_status: uc_info->id 1 of type 0 for Event 3, with Raise=0
09-30 05:12:32.926 D/audio_hw_utils( 804): audio_extn_utils_send_app_type_cfg: usecase->out_snd_device speaker
09-30 05:12:32.926 D/msm8974_platform( 804): platform_split_snd_device: snd_device(2) num devices(0) new_snd_devices(0)
09-30 05:12:32.926 D/audio_hw_utils( 804): audio_extn_btsco_get_sample_rate:Not a BT SCO device, need not update sampling rate
09-30 05:12:32.926 I/audio_hw_utils( 804): send_app_type_cfg_for_device PLAYBACK app_type 69937, acdb_dev_id 15, sample_rate 48000, snd_device_be_idx 179
09-30 05:12:32.927 D/msm8974_platform( 804): platform_split_snd_device: snd_device(2) num devices(1) new_snd_devices(0)
09-30 05:12:32.927 D/audio_hw_utils( 804): audio_extn_btsco_get_sample_rate:Not a BT SCO device, need not update sampling rate
09-30 05:12:32.927 D/ACDB-LOADER( 804): ACDB -> send_audio_cal, acdb_id = 15, path = 0, app id = 0x11131, sample rate = 48000, afe_sample_rate = 48000
09-30 05:12:32.927 D/ACDB-LOADER( 804): ACDB -> send_asm_topology
09-30 05:12:32.927 D/ACDB-LOADER( 804): ACDB -> ACDB_CMD_GET_AUDPROC_STREAM_TOPOLOGY_ID
09-30 05:12:32.927 D/ACDB-LOADER( 804): ACDB -> send_adm_topology
09-30 05:12:32.927 D/ACDB-LOADER( 804): ACDB -> ACDB_CMD_GET_AUDPROC_COMMON_TOPOLOGY_ID
09-30 05:12:32.927 D/ACDB-LOADER( 804): ACDB -> send_audtable
09-30 05:12:32.927 D/ACDB-LOADER( 804): ACDB -> ACDB_CMD_GET_AUDPROC_INSTANCE_COMMON_TABLE_SIZE
09-30 05:12:32.927 D/ACDB-LOADER( 804): ACDB -> ACDB_CMD_GET_AUDPROC_INSTANCE_COMMON_TABLE
09-30 05:12:32.927 D/ACDB-LOADER( 804): ACDB -> AUDIO_SET_AUDPROC_CAL cal_type[11] acdb_id[15] app_type[69937]
09-30 05:12:32.927 D/ACDB-LOADER( 804): ACDB -> send_audvoltable
09-30 05:12:32.927 D/ACDB-LOADER( 804): ACDB -> ACDB_CMD_GET_AUDPROC_INSTANCE_GAIN_DEP_STEP_TABLE_SIZE
09-30 05:12:32.927 D/ACDB-LOADER( 804): ACDB -> ACDB_CMD_GET_AUDPROC_INSTANCE_GAIN_DEP_STEP_TABLE, vol index 0
09-30 05:12:32.928 D/ACDB-LOADER( 804): ACDB -> AUDIO_SET_VOL_CAL cal type = 12
09-30 05:12:32.928 D/ACDB-LOADER( 804): ACDB -> ACDB_CMD_GET_AUDPROC_INSTANCE_STREAM_TABLE_SIZE
09-30 05:12:32.928 D/ACDB-LOADER( 804): ACDB -> send_audstrmtable
09-30 05:12:32.928 D/ACDB-LOADER( 804): ACDB -> ACDB_CMD_GET_AUDPROC_INSTANCE_STREAM_TABLE
09-30 05:12:32.928 D/ACDB-LOADER( 804): ACDB -> audstrm_cal->cal_type.cal_data.cal_size = 20
09-30 05:12:32.928 D/ACDB-LOADER( 804): ACDB -> send_afe_topology
09-30 05:12:32.928 D/ACDB-LOADER( 804): ACDB -> ACDB_CMD_GET_AFE_TOPOLOGY_ID
09-30 05:12:32.928 D/ACDB-LOADER( 804): ACDB -> GET_AFE_TOPOLOGY_ID for adcd_id 15, Topology Id 112fc
09-30 05:12:32.928 D/ACDB-LOADER( 804): ACDB -> send_afe_cal
09-30 05:12:32.928 D/ACDB-LOADER( 804): ACDB -> ACDB_CMD_GET_AFE_INSTANCE_COMMON_TABLE_SIZE
09-30 05:12:32.928 D/android.hardware.audio.service( 804): Failed to fetch the lookup information of the device 0000000F
09-30 05:12:32.928 D/ACDB-LOADER( 804): Error: ACDB_CMD_GET_AFE_INSTANCE_COMMON_TABLE_SIZE Returned = -19
09-30 05:12:32.928 D/ACDB-LOADER( 804): ACDB -> ACDB_CMD_GET_AFE_INSTANCE_COMMON_TABLE
09-30 05:12:32.928 D/android.hardware.audio.service( 804): Failed to fetch the lookup information of the device 0000000F
09-30 05:12:32.928 D/ACDB-LOADER( 804): Error: ACDB AFE returned = -19
09-30 05:12:32.928 D/ACDB-LOADER( 804): ACDB -> AUDIO_SET_AFE_CAL cal_type[16] acdb_id[15]
09-30 05:12:32.928 D/ACDB-LOADER( 804): ACDB -> send_hw_delay : acdb_id = 15 path = 0
09-30 05:12:32.928 D/ACDB-LOADER( 804): ACDB -> ACDB_AVSYNC_INFO: ACDB_CMD_GET_DEVICE_PROPERTY
09-30 05:12:32.929 D/msm8974_platform( 804): platform_split_snd_device: snd_device(2) num devices(0) new_snd_devices(0)
09-30 05:12:32.929 I/msm8974_platform( 804): platform_get_custom_mtmx_params: no matching param with id 0 ip_ch 2 op_ch 2 uc_id 1 snd_dev 2
09-30 05:12:32.929 D/audio_hw_primary( 804): enable_audio_route: apply mixer and update path: low-latency-playback
09-30 05:12:32.929 D/audio_route( 804): Apply path: low-latency-playback
09-30 05:12:32.930 D/audio_hw_primary( 804): select_devices: done
09-30 05:12:32.934 I/dvm_lock_sample( 1131): [system_server,1,android.display,20,TaskChangeNotificationController.java,320,void com.android.server.wm.TaskChangeNotificationController.forAllRemoteListeners(com.android.server.wm.TaskChangeNotificationController$TaskStackConsumer, android.os.Message),TaskSnapshotCache.java,68,android.window.TaskSnapshot com.android.server.wm.TaskSnapshotCache.getSnapshot(int, int, boolean, boolean),4]
09-30 05:12:32.936 E/ANDR-IOP( 959): io prefetch is disabled
09-30 05:12:32.939 D/StartingSurfaceDrawer(30097): window attributes color: 0 icon null duration 0 brandImage null
09-30 05:12:32.939 I/wm_on_top_resumed_lost_called( 2464): [176028021,com.android.launcher3.uioverrides.QuickstepLauncher,topStateChangedWhenResumed]
09-30 05:12:32.945 I/wm_on_paused_called( 2464): [176028021,com.android.launcher3.uioverrides.QuickstepLauncher,performPause]
09-30 05:12:32.947 I/ActivityTaskManager( 1131): FOREGROUND_APPLICATION_CHANGED to com.android.settings.homepage.SettingsHomepageActivity
01-01 15:16:02.986 I/afe_find_cal_topo_id_by_port( 0): port id: 0x9000, dev_acdb_id: 0
01-01 15:16:02.993 I/afe_find_cal_topo_id_by_port( 0): top_id:112fc acdb_id:15 afe_port:0x9000
01-01 15:16:03.001 I/afe_get_cal_topology_id( 0): port_id = 0x9000 acdb_id = 15 topology_id = 0x112fc cal_type_index=8 ret=0
09-30 05:12:32.957 D/StartingSurfaceDrawer(30097): FgMainColor=fff5f5f5 BgMainColor=ff00668b IsBgComplex=false FromCache=false ThemeColor=fff0f0f3
09-30 05:12:32.957 D/StartingSurfaceDrawer(30097): isRgbSimilarInHsv a: fff0f0f3 b ff00668b contrast ratio: 5.6404657
09-30 05:12:32.958 D/StartingSurfaceDrawer(30097): hsvDiff 44 ah 240.0 bh 195.97124 as 0.012345679 bs 1.0 av 0.9529412 bv 0.54509807 sqH 0.059753086581642245 sqS 0.975461072301087 sqV 0.16633600477712207 root 0.6328639041847389
09-30 05:12:32.958 D/StartingSurfaceDrawer(30097): makeSplashScreenContentView: draw whole icon
09-30 05:12:32.961 D/SplashScreenView(30097): Build android.window.SplashScreenView{abccfe8 V.E...... ......ID 0,0-0,0}
09-30 05:12:32.961 D/SplashScreenView(30097): Icon: view: android.widget.ImageView{f2d6601 V.ED..... ......I. 0,0-0,0 #10204a9 android:id/splashscreen_icon_view} drawable: com.android.wm.shell.startingsurface.SplashscreenIconDrawableFactory$ImmobileIconDrawable@12eeca6 size: 240
09-30 05:12:32.961 D/SplashScreenView(30097): Branding: view: android.view.View{b7986e7 G.ED..... ......I. 0,0-0,0 #10204a8 android:id/splashscreen_branding_view} drawable: null size w: 0 h: 0
09-30 05:12:32.961 D/StartingSurfaceDrawer(30097): fillViewWithIcon surfaceWindowView android.window.SplashScreenView{abccfe8 V.E...... ......ID 0,0-0,0}
09-30 05:12:32.963 I/ActivityTaskManager( 1131): The Process com.android.settings Already Exists in BG. So sending its PID: 31584
09-30 05:12:32.965 I/wm_add_to_stopping( 1131): [0,176028021,com.android.launcher3/.uioverrides.QuickstepLauncher,makeInvisible]
09-30 05:12:32.966 I/wm_restart_activity( 1131): [0,73533765,103,com.android.settings/.Settings]
09-30 05:12:32.966 D/CompatibilityInfo( 1131): mCompatibilityFlags - 4
09-30 05:12:32.966 D/CompatibilityInfo( 1131): applicationDensity - 240
09-30 05:12:32.966 D/CompatibilityInfo( 1131): applicationScale - 1.0
01-01 15:16:03.012 I/afe_send_port_topology_id( 0): AFE set topology id 0x112fc enable for port 0x9000 ret 0
01-01 15:16:03.021 I/send_afe_cal_type( 0): cal_index is 0
09-30 05:12:32.969 I/wm_set_resumed_activity( 1131): [0,com.android.settings/.Settings,minimalResumeActivityLocked]
01-01 15:16:03.026 I/send_afe_cal_type( 0): dev_acdb_id[55] is 0
01-01 15:16:03.031 I/send_afe_cal_type( 0): Sending cal_index cal 0
01-01 15:16:03.036 E/send_afe_cal_type( 0): No cal sent for cal_index 0, port_id = 0x9000! ret -22
09-30 05:12:32.997 I/sysui_multi_action( 1131): [757,803,799,window_time_0,802,47]
01-01 15:16:03.045 I/afe_send_hw_delay( 0): port_id 0x9000 rate 48000 delay_usec 474 status 0
09-30 05:12:33.006 I/input_focus( 1131): [Focus leaving 96face7 com.android.launcher3/com.android.launcher3.uioverrides.QuickstepLauncher (server),reason=NO_WINDOW]
09-30 05:12:33.021 I/am_pss ( 1131): [31562,10073,com.android.gallery3d,8394752,5173248,0,95272960,0,19,12]
09-30 05:12:33.026 D/msm8974_platform( 804): platform_set_channel_map mixer_ctl_name:Playback Channel Map9
09-30 05:12:33.026 D/msm8974_platform( 804): platform_set_channel_map: set mapping(1 2 0 0 0 0 0 0) for channel:2
09-30 05:12:33.027 I/SettingsHomepageActivity(31584): SettingsHomepageActivity: onCreate
09-30 05:12:33.028 E/audio_hw_extn( 804): audio_extn_perf_lock_release: Perf lock release error
09-30 05:12:33.028 D/audio_hw_primary( 804): start_output_stream: exit
09-30 05:12:33.028 D/audio_hw_primary( 804): out_write: retry previous failed cal level set
09-30 05:12:33.028 D/msm8974_platform( 804): platform_split_snd_device: snd_device(2) num devices(1) new_snd_devices(0)
09-30 05:12:33.050 I/OpenGLRenderer(30097): Davey! duration=9223362180609ms; Flags=1, FrameTimelineVsyncId=187570, IntendedVsync=9856243616760, Vsync=9856276950092, InputEventId=0, HandleInputStart=9856281069260, AnimationStart=9856281070978, PerformTraversalsStart=9856281286082, DrawStart=9856317202541, FrameDeadline=9856264950092, FrameInterval=9856281059260, FrameStartTime=16666666, SyncQueued=9856317614520, SyncStart=9856319522280, IssueDrawCommandsStart=9856321666499, SwapBuffers=9856326359468, FrameCompleted=9223372036854775807, DequeueBufferDuration=21614, QueueBufferDuration=2586771, GpuCompleted=9223372036854775807, SwapBuffersCompleted=9856333522437, DisplayPresentTime=0,
01-01 15:16:03.107 I/init ( 0): starting service 'qvrd_vndr'...
09-30 05:12:33.075 E/ThemeUtils(31584): View class androidx.appcompat.widget.AppCompatImageView is an AppCompat widget that can only be used with a Theme.AppCompat theme (or descendant).
09-30 05:12:33.085 W/HWComposer( 1052): Ignoring duplicate VSYNC event from HWC for display 4630946816427681409 (t=9856378889000)
01-01 15:16:03.125 I/init ( 0): Created socket '/dev/socket/qvrservice_vndr', mode 660, user 1000, group 1000
01-01 15:16:03.138 I/init ( 0): Created socket '/dev/socket/qvrservice_vndr_camera', mode 660, user 1000, group 1000
09-30 05:12:33.097 W/HWComposer( 1052): Ignoring duplicate VSYNC event from HWC for display 4630946816427681409 (t=9856395592000)
09-30 05:12:33.098 W/audio_hw_primary( 804): out_get_presentation_position: avail:384 > kernel_buffer_size:384 clamping!
09-30 05:12:33.098 W/audio_hw_primary( 804): out_write: underrun(1263) frames_by_time(53) > out->last_fifo_frames_remaining(0)
09-30 05:12:33.102 W/audio_hw_primary( 804): out_write: underrun(1264) frames_by_time(237) > out->last_fifo_frames_remaining(192)
09-30 05:12:33.114 W/HWComposer( 1052): Ignoring duplicate VSYNC event from HWC for display 4630946816427681409 (t=9856412297000)
09-30 05:12:33.123 D/CompatibilityChangeReporter(31584): Compat change id reported: 171228096; UID 1000; state: ENABLED
01-01 15:16:03.171 I/init ( 0): starting service 'sxrd'...
09-30 05:12:33.131 W/HWComposer( 1052): Ignoring duplicate VSYNC event from HWC for display 4630946816427681409 (t=9856429007000)
09-30 05:12:33.149 W/HWComposer( 1052): Ignoring duplicate VSYNC event from HWC for display 4630946816427681409 (t=9856445775000)
09-30 05:12:33.152 I/am_uid_running( 1131): 10087
09-30 05:12:33.153 D/CompatibilityChangeReporter( 1131): Compat change id reported: 135634846; UID 10087; state: DISABLED
09-30 05:12:33.154 D/CompatibilityChangeReporter( 1131): Compat change id reported: 177438394; UID 10087; state: DISABLED
09-30 05:12:33.154 D/CompatibilityChangeReporter( 1131): Compat change id reported: 135772972; UID 10087; state: DISABLED
09-30 05:12:33.154 D/CompatibilityChangeReporter( 1131): Compat change id reported: 135754954; UID 10087; state: ENABLED
09-30 05:12:33.155 D/CompatibilityChangeReporter( 1131): Compat change id reported: 143937733; UID 10087; state: ENABLED
09-30 05:12:33.163 D/AvatarViewMixin(31584): Feature disabled by config. Skipping
09-30 05:12:33.164 W/HWComposer( 1052): Ignoring duplicate VSYNC event from HWC for display 4630946816427681409 (t=9856462390000)
09-30 05:12:33.174 F/linker (31713): CANNOT LINK EXECUTABLE "/vendor/bin/hw/qvrservice": library "vendor.qti.hardware.qxr-V1-ndk_platform.so" not found: needed by /vendor/lib64/libqvrservice.so in namespace (default)
09-30 05:12:33.181 W/HWComposer( 1052): Ignoring duplicate VSYNC event from HWC for display 4630946816427681409 (t=9856479183000)
09-30 05:12:33.184 I/wm_on_create_called(31584): [73533765,com.android.settings.Settings,performCreate]
09-30 05:12:33.198 W/HWComposer( 1052): Ignoring duplicate VSYNC event from HWC for display 4630946816427681409 (t=9856495832000)
09-30 05:12:33.199 W/HWComposer( 1052): Ignoring duplicate VSYNC event from HWC for display 4630946816427681409 (t=9856495832000)
09-30 05:12:33.202 D/PrefCtrlListHelper(31584): Could not find Context-only controller for pref: com.android.settings.connecteddevice.TopLevelConnectedDevicesPreferenceController
09-30 05:12:33.203 D/PrefCtrlListHelper(31584): Could not find Context-only controller for pref: com.android.settings.fuelgauge.TopLevelBatteryPreferenceController
09-30 05:12:33.204 D/PrefCtrlListHelper(31584): Could not find Context-only controller for pref: com.android.settings.deviceinfo.TopLevelStoragePreferenceController
09-30 05:12:33.205 D/PrefCtrlListHelper(31584): Could not find Context-only controller for pref: com.android.settings.display.TopLevelDisplayPreferenceController
09-30 05:12:33.205 D/PrefCtrlListHelper(31584): Could not find Context-only controller for pref: com.android.settings.display.TopLevelWallpaperPreferenceController
09-30 05:12:33.206 D/PrefCtrlListHelper(31584): Could not find Context-only controller for pref: com.android.settings.accessibility.TopLevelAccessibilityPreferenceController
09-30 05:12:33.207 D/PrefCtrlListHelper(31584): Could not find Context-only controller for pref: com.android.settings.security.TopLevelSecurityEntryPreferenceController
09-30 05:12:33.207 D/PrefCtrlListHelper(31584): Could not find Context-only controller for pref: com.android.settings.location.TopLevelLocationPreferenceController
01-01 15:16:03.255 I/init ( 0): starting service 'vendor.light-hal-2-0'...
09-30 05:12:33.214 W/HWComposer( 1052): Ignoring duplicate VSYNC event from HWC for display 4630946816427681409 (t=9856512596000)
09-30 05:12:33.215 D/PrefCtrlListHelper(31584): Could not find Context-only controller for pref: com.android.settings.accounts.TopLevelAccountEntryPreferenceController
09-30 05:12:33.215 D/PrefCtrlListHelper(31584): Could not find Context-only controller for pref: com.android.settings.deviceinfo.aboutphone.TopLevelAboutDevicePreferenceController
09-30 05:12:33.219 D/PrefCtrlListHelper(31584): Could not find Context-only controller for pref: com.android.settings.support.SupportPreferenceController
09-30 05:12:33.220 D/audio_hw_primary( 804): out_set_parameters: enter: usecase(1: low-latency-playback) kvpairs: suspend_playback=true
09-30 05:12:33.220 D/audio_hw_extn( 804): audio_extn_fm_set_parameters: Enter
09-30 05:12:33.231 W/HWComposer( 1052): Ignoring duplicate VSYNC event from HWC for display 4630946816427681409 (t=9856529247000)
09-30 05:12:33.233 F/linker (31718): CANNOT LINK EXECUTABLE "/vendor/bin/hw/sxrservice": library "vendor.qti.hardware.qxr-V1-ndk_platform.so" not found: needed by main executable
09-30 05:12:33.235 E/UserRestrictionsUtils( 1131): Unknown restriction queried by uid 1000 (com.thundercomm.mcuupgrade et al): null
09-30 05:12:33.236 W/InstrumentedPrefFrag(31584): Screen title missing for fragment com.android.settings.homepage.TopLevelSettings
09-30 05:12:33.239 D/Zygote ( 673): Forked child process 31722
09-30 05:12:33.242 W/ActivityManager( 1131): Slow operation: 90ms so far, now at startProcess: returned from zygote!
09-30 05:12:33.243 W/ActivityManager( 1131): Slow operation: 90ms so far, now at startProcess: done updating battery stats
09-30 05:12:33.243 I/am_proc_start( 1131): [0,31722,10087,com.qualcomm.qti.qccauthmgr,content provider,{com.qualcomm.qti.qccauthmgr/com.qualcomm.qti.qccauthmgr.providers.SMQContentProvider}]
09-30 05:12:33.243 W/ActivityManager( 1131): Slow operation: 90ms so far, now at startProcess: building log message
09-30 05:12:33.243 I/ActivityManager( 1131): Start proc 31722:com.qualcomm.qti.qccauthmgr/u0a87 for content provider {com.qualcomm.qti.qccauthmgr/com.qualcomm.qti.qccauthmgr.providers.SMQContentProvider}
09-30 05:12:33.243 W/ActivityManager( 1131): Slow operation: 90ms so far, now at startProcess: starting to update pids map
09-30 05:12:33.244 W/ActivityManager( 1131): Slow operation: 91ms so far, now at startProcess: done updating pids map
01-01 15:16:03.291 I/init ( 0): Service 'qvrd_vndr' (pid 31713) exited with status 1
01-01 15:16:03.305 I/init ( 0): Sending signal 9 to service 'qvrd_vndr' (pid 31713) process group...
09-30 05:12:33.249 W/HWComposer( 1052): Ignoring duplicate VSYNC event from HWC for display 4630946816427681409 (t=9856546009000)
09-30 05:12:33.259 D/TopLevelSettings(31584): NO dashboard tiles for TopLevelSettings
09-30 05:12:33.259 D/TopLevelSettings(31584): All preferences added, reporting fully drawn
09-30 05:12:33.264 W/HWComposer( 1052): Ignoring duplicate VSYNC event from HWC for display 4630946816427681409 (t=9856562689000)
01-01 15:16:03.318 I/libprocessgroup( 0): Successfully killed process cgroup uid 1000 pid 31713 in 0ms
01-01 15:16:03.330 I/init ( 0): Service 'sxrd' (pid 31718) exited with status 1
09-30 05:12:33.293 I/android.hardware.camera.provider@2.4-service(31719): CameraProvider@2.4 legacy service is starting.
09-30 05:12:33.299 I/hwservicemanager( 502): getTransport: Cannot find entry android.hardware.light@2.0::ILight/default in either framework or device VINTF manifest.
09-30 05:12:33.311 E/light (31721): light_open lights keyboard failed: -22
09-30 05:12:33.311 E/light (31721): Light passthrough failed to load legacy HAL.
09-30 05:12:33.313 E/light (31721): light_open lights buttons failed: -22
09-30 05:12:33.313 E/light (31721): Light passthrough failed to load legacy HAL.
09-30 05:12:33.314 W/BatteryBroadcastRcvr(31584): Problem reading the battery meter.
09-30 05:12:33.319 E/light (31721): light_open lights bluetooth failed: -22
09-30 05:12:33.319 E/light (31721): Light passthrough failed to load legacy HAL.
09-30 05:12:33.321 E/light (31721): light_open lights wifi failed: -22
09-30 05:12:33.321 E/light (31721): Light passthrough failed to load legacy HAL.
09-30 05:12:33.321 I/wm_on_start_called(31584): [73533765,com.android.settings.Settings,handleStartActivity]
09-30 05:12:33.323 I/hwservicemanager( 502): getTransport: Cannot find entry android.hardware.light@2.0::ILight/default in either framework or device VINTF manifest.
09-30 05:12:33.323 E/HidlServiceManagement(31721): Service android.hardware.light@2.0::ILight/default must be in VINTF manifest in order to register/get.
09-30 05:12:33.323 E/LegacySupport(31721): Could not register service android.hardware.light@2.0::ILight/default (-2147483648).
09-30 05:12:33.325 I/snet_event_log(31584): [120484087,-1,]
09-30 05:12:33.326 I/wm_on_resume_called(31584): [73533765,com.android.settings.Settings,RESUME_ACTIVITY]
09-30 05:12:33.328 I/adbd ( 4259): jdwp connection from 31722
09-30 05:12:33.337 I/sysui_multi_action(31584): [757,35,758,1,833,0,1089,138]
09-30 05:12:33.347 W/UnsafeUtil(31584): platform method missing - proto runtime falling back to safer methods: java.lang.NoSuchMethodException: sun.misc.Unsafe.copyMemory [class java.lang.Object, long, class java.lang.Object, long, long]
09-30 05:12:33.349 D/ProcessState(31722): Binder ioctl to enable oneway spam detection failed: Invalid argument
01-01 15:16:03.392 I/binder ( 0): 31722:31722 ioctl 40046210 7fc26217a4 returned -22
09-30 05:12:33.361 W/BatteryExternalStatsWorker( 1131): error reading modem stats:ERROR_PHONE_NOT_AVAILABLE
09-30 05:12:33.365 I/am_proc_bound( 1131): [0,31722,com.qualcomm.qti.qccauthmgr]
09-30 05:12:33.368 D/CompatibilityChangeReporter( 1131): Compat change id reported: 168419799; UID 10087; state: DISABLED
09-30 05:12:33.368 D/CompatibilityInfo( 1131): mCompatibilityFlags - 4
09-30 05:12:33.368 D/CompatibilityInfo( 1131): applicationDensity - 240
09-30 05:12:33.368 D/CompatibilityInfo( 1131): applicationScale - 1.0
09-30 05:12:33.369 I/sysui_multi_action(31584): [757,1729,758,4,854,isParalleledControllers:false,1089,176]
09-30 05:12:33.371 I/am_uid_active( 1131): 10087
09-30 05:12:33.392 D/CompatibilityChangeReporter(31722): Compat change id reported: 171979766; UID 10087; state: ENABLED
09-30 05:12:33.402 I/wm_on_top_resumed_gained_called(31584): [73533765,com.android.settings.Settings,topStateChangedWhenResumed]
09-30 05:12:33.404 W/BatteryBroadcastRcvr(31584): Problem reading the battery meter.
09-30 05:12:33.410 E/KernelCpuSpeedReader( 1131): Failed to read cpu-freq: /sys/devices/system/cpu/cpu4/cpufreq/stats/time_in_state: open failed: ENOENT (No such file or directory)
09-30 05:12:33.411 E/KernelCpuSpeedReader( 1131): Failed to read cpu-freq: /sys/devices/system/cpu/cpu0/cpufreq/stats/time_in_state: open failed: ENOENT (No such file or directory)
09-30 05:12:33.412 I/android.hardware.camera.provider@2.4-service_64(31719): vendor/qcom/proprietary/adsprpc/src/rpcmem_android.c:159: rpcmem_init_internal: opened ION device fd 7, configured heap IDs: system (0x2000000), contig (0x400000), secure (0x200), secure flags (0x80080000)
09-30 05:12:33.412 I/android.hardware.camera.provider@2.4-service_64(31719): vendor/qcom/proprietary/adsprpc/src/fastrpc_apps_user.c:3087: fastrpc_apps_user_init done with default domain:3 and &fastrpc_trace:0x6f2bb08fa0
09-30 05:12:33.417 E/android.system.suspend@1.0-service( 572): Error opening kernel wakelock stats for: wakeup58: Permission denied
09-30 05:12:33.423 E/android.system.suspend@1.0-service( 572): Error opening kernel wakelock stats for: wakeup48: Permission denied
09-30 05:12:33.424 E/android.system.suspend@1.0-service( 572): Error opening kernel wakelock stats for: wakeup4: Permission denied
09-30 05:12:33.427 I/CamX (31719): [CONFIG][HAL ] camxhal3module.cpp:390 HAL3Module() ***************************************************
09-30 05:12:33.427 I/CamX (31719): [CONFIG][HAL ] camxhal3module.cpp:391 HAL3Module() SHA1: 163bad69f8e118afcbc104e84812da2d6af207e5
09-30 05:12:33.427 I/CamX (31719): [CONFIG][HAL ] camxhal3module.cpp:392 HAL3Module() COMMITID: If4c26b066d3b7b6fb9b42c375f3512c170da45f2
09-30 05:12:33.427 I/CamX (31719): [CONFIG][HAL ] camxhal3module.cpp:393 HAL3Module() BUILD TS: 9/30/2022 3:30:34
09-30 05:12:33.427 I/CamX (31719): [CONFIG][HAL ] camxhal3module.cpp:394 HAL3Module() ***************************************************
09-30 05:12:33.437 E/android.system.suspend@1.0-service( 572): Error opening kernel wakelock stats for: wakeup28: Permission denied
09-30 05:12:33.411 I/auditd ( 572): type=1400 audit(0.0:1473): avc: denied { read } for comm="Binder:572_2" name="wakeup58" dev="sysfs" ino=77169 scontext=u:r:system_suspend:s0 tcontext=u:object_r:sysfs:s0 tclass=dir permissive=0
09-30 05:12:33.411 W/Binder:572_2( 572): type=1400 audit(0.0:1473): avc: denied { read } for name="wakeup58" dev="sysfs" ino=77169 scontext=u:r:system_suspend:s0 tcontext=u:object_r:sysfs:s0 tclass=dir permissive=0
01-01 15:16:03.501 W/audit ( 0): audit_lost=1261 audit_rate_limit=5 audit_backlog_limit=64
09-30 05:12:33.419 I/auditd ( 572): type=1400 audit(0.0:1474): avc: denied { read } for comm="Binder:572_2" name="wakeup48" dev="sysfs" ino=72638 scontext=u:r:system_suspend:s0 tcontext=u:object_r:sysfs:s0 tclass=dir permissive=0
09-30 05:12:33.419 W/Binder:572_2( 572): type=1400 audit(0.0:1474): avc: denied { read } for name="wakeup48" dev="sysfs" ino=72638 scontext=u:r:system_suspend:s0 tcontext=u:object_r:sysfs:s0 tclass=dir permissive=0
09-30 05:12:33.450 E/android.system.suspend@1.0-service( 572): Error opening kernel wakelock stats for: wakeup56: Permission denied
09-30 05:12:33.459 V/CamX (31719): [ VERB][CORE ] camxoverridesettingsfile.cpp:385 Initialize() Could not find override settings text file at: /vendor/etc/camera/camxoverridesettings.txt
09-30 05:12:33.459 V/CamX (31719): [ VERB][CORE ] camxoverridesettingsfile.cpp:385 Initialize() Could not find override settings text file at: ./camxoverridesettings.txt
09-30 05:12:33.459 V/CamX (31719): [ VERB][UTILS ] camxhashmap.cpp:210 GetInPlace() Key not found
09-30 05:12:33.459 V/CamX (31719): [ VERB][UTILS ] camxhashmap.cpp:210 GetInPlace() Key not found
09-30 05:12:33.459 V/CamX (31719): [ VERB][UTILS ] camxhashmap.cpp:210 GetInPlace() Key not found
09-30 05:12:33.459 V/CamX (31719): [ VERB][UTILS ] camxhashmap.cpp:210 GetInPlace() Key not found
09-30 05:12:33.459 V/CamX (31719): [ VERB][UTILS ] camxhashmap.cpp:210 GetInPlace() Key not found
09-30 05:12:33.459 V/CamX (31719): [ VERB][UTILS ] camxhashmap.cpp:210 GetInPlace() Key not found
09-30 05:12:33.459 V/CamX (31719): [ VERB][UTILS ] camxhashmap.cpp:210 GetInPlace() Key not found
09-30 05:12:33.459 V/CamX (31719): [ VERB][UTILS ] camxhashmap.cpp:210 GetInPlace() Key not found
09-30 05:12:33.459 V/CamX (31719): [ VERB][UTILS ] camxhashmap.cpp:210 GetInPlace() Key not found
09-30 05:12:33.459 V/CamX (31719): [ VERB][UTILS ] camxhashmap.cpp:210 GetInPlace() Key not found
09-30 05:12:33.460 V/CamX (31719): [ VERB][UTILS ] camxhashmap.cpp:210 GetInPlace() Key not found
09-30 05:12:33.460 V/CamX (31719): [ VERB][UTILS ] camxhashmap.cpp:210 GetInPlace() Key not found
09-30 05:12:33.460 V/CamX (31719): [ VERB][UTILS ] camxhashmap.cpp:210 GetInPlace() Key not found
09-30 05:12:33.460 V/CamX (31719): [ VERB][UTILS ] camxhashmap.cpp:210 GetInPlace() Key not found
09-30 05:12:33.460 V/CamX (31719): [ VERB][UTILS ] camxhashmap.cpp:210 GetInPlace() Key not found
09-30 05:12:33.460 V/CamX (31719): [ VERB][UTILS ] camxhashmap.cpp:210 GetInPlace() Key not found
09-30 05:12:33.460 V/CamX (31719): [ VERB][UTILS ] camxhashmap.cpp:210 GetInPlace() Key not found
09-30 05:12:33.460 V/CamX (31719): [ VERB][UTILS ] camxhashmap.cpp:210 GetInPlace() Key not found
09-30 05:12:33.460 V/CamX (31719): [ VERB][UTILS ] camxhashmap.cpp:210 GetInPlace() Key not found
09-30 05:12:33.460 V/CamX (31719): [ VERB][UTILS ] camxhashmap.cpp:210 GetInPlace() Key not found
09-30 05:12:33.460 V/CamX (31719): [ VERB][UTILS ] camxhashmap.cpp:210 GetInPlace() Key not found
09-30 05:12:33.460 V/CamX (31719): [ VERB][UTILS ] camxhashmap.cpp:210 GetInPlace() Key not found
09-30 05:12:33.460 V/CamX (31719): [ VERB][UTILS ] camxhashmap.cpp:210 GetInPlace() Key not found
09-30 05:12:33.460 V/CamX (31719): [ VERB][UTILS ] camxhashmap.cpp:210 GetInPlace() Key not found
09-30 05:12:33.460 V/CamX (31719): [ VERB][UTILS ] camxhashmap.cpp:210 GetInPlace() Key not found
09-30 05:12:33.460 V/CamX (31719): [ VERB][UTILS ] camxhashmap.cpp:210 GetInPlace() Key not found
09-30 05:12:33.460 V/CamX (31719): [ VERB][UTILS ] camxhashmap.cpp:210 GetInPlace() Key not found
09-30 05:12:33.460 V/CamX (31719): [ VERB][UTILS ] camxhashmap.cpp:210 GetInPlace() Key not found
09-30 05:12:33.460 V/CamX (31719): [ VERB][UTILS ] camxhashmap.cpp:210 GetInPlace() Key not found
09-30 05:12:33.460 V/CamX (31719): [ VERB][UTILS ] camxhashmap.cpp:210 GetInPlace() Key not found
09-30 05:12:33.460 V/CamX (31719): [ VERB][UTILS ] camxhashmap.cpp:210 GetInPlace() Key not found
09-30 05:12:33.460 V/CamX (31719): [ VERB][UTILS ] camxhashmap.cpp:210 GetInPlace() Key not found
09-30 05:12:33.460 V/CamX (31719): [ VERB][UTILS ] camxhashmap.cpp:210 GetInPlace() Key not found
09-30 05:12:33.460 V/CamX (31719): [ VERB][UTILS ] camxhashmap.cpp:210 GetInPlace() Key not found
09-30 05:12:33.460 V/CamX (31719): [ VERB][UTILS ] camxhashmap.cpp:210 GetInPlace() Key not found
09-30 05:12:33.460 V/CamX (31719): [ VERB][UTILS ] camxhashmap.cpp:210 GetInPlace() Key not found
09-30 05:12:33.460 V/CamX (31719): [ VERB][UTILS ] camxhashmap.cpp:210 GetInPlace() Key not found
09-30 05:12:33.460 V/CamX (31719): [ VERB][UTILS ] camxhashmap.cpp:210 GetInPlace() Key not found
09-30 05:12:33.460 V/CamX (31719): [ VERB][UTILS ] camxhashmap.cpp:210 GetInPlace() Key not found
09-30 05:12:33.460 V/CamX (31719): [ VERB][UTILS ] camxhashmap.cpp:210 GetInPlace() Key not found
09-30 05:12:33.460 V/CamX (31719): [ VERB][UTILS ] camxhashmap.cpp:210 GetInPlace() Key not found
09-30 05:12:33.460 V/CamX (31719): [ VERB][UTILS ] camxhashmap.cpp:210 GetInPlace() Key not found
09-30 05:12:33.460 V/CamX (31719): [ VERB][UTILS ] camxhashmap.cpp:210 GetInPlace() Key not found
09-30 05:12:33.460 V/CamX (31719): [ VERB][UTILS ] camxhashmap.cpp:210 GetInPlace() Key not found
09-30 05:12:33.460 V/CamX (31719): [ VERB][UTILS ] camxhashmap.cpp:210 GetInPlace() Key not found
09-30 05:12:33.460 V/CamX (31719): [ VERB][UTILS ] camxhashmap.cpp:210 GetInPlace() Key not found
09-30 05:12:33.460 V/CamX (31719): [ VERB][UTILS ] camxhashmap.cpp:210 GetInPlace() Key not found
09-30 05:12:33.460 V/CamX (31719): [ VERB][UTILS ] camxhashmap.cpp:210 GetInPlace() Key not found
09-30 05:12:33.460 V/CamX (31719): [ VERB][UTILS ] camxhashmap.cpp:210 GetInPlace() Key not found
09-30 05:12:33.460 V/CamX (31719): [ VERB][UTILS ] camxhashmap.cpp:210 GetInPlace() Key not found
09-30 05:12:33.460 V/CamX (31719): [ VERB][UTILS ] camxhashmap.cpp:210 GetInPlace() Key not found
09-30 05:12:33.460 V/CamX (31719): [ VERB][UTILS ] camxhashmap.cpp:210 GetInPlace() Key not found
09-30 05:12:33.460 V/CamX (31719): [ VERB][UTILS ] camxhashmap.cpp:210 GetInPlace() Key not found
09-30 05:12:33.460 V/CamX (31719): [ VERB][UTILS ] camxhashmap.cpp:210 GetInPlace() Key not found
09-30 05:12:33.460 V/CamX (31719): [ VERB][UTILS ] camxhashmap.cpp:210 GetInPlace() Key not found
09-30 05:12:33.460 V/CamX (31719): [ VERB][UTILS ] camxhashmap.cpp:210 GetInPlace() Key not found
09-30 05:12:33.460 V/CamX (31719): [ VERB][UTILS ] camxhashmap.cpp:210 GetInPlace() Key not found
09-30 05:12:33.460 V/CamX (31719): [ VERB][UTILS ] camxhashmap.cpp:210 GetInPlace() Key not found
09-30 05:12:33.460 V/CamX (31719): [ VERB][UTILS ] camxhashmap.cpp:210 GetInPlace() Key not found
09-30 05:12:33.461 V/CamX (31719): [ VERB][UTILS ] camxhashmap.cpp:210 GetInPlace() Key not found
09-30 05:12:33.461 V/CamX (31719): [ VERB][UTILS ] camxhashmap.cpp:210 GetInPlace() Key not found
09-30 05:12:33.461 V/CamX (31719): [ VERB][UTILS ] camxhashmap.cpp:210 GetInPlace() Key not found
09-30 05:12:33.461 V/CamX (31719): [ VERB][UTILS ] camxhashmap.cpp:210 GetInPlace() Key not found
09-30 05:12:33.461 V/CamX (31719): [ VERB][UTILS ] camxhashmap.cpp:210 GetInPlace() Key not found
09-30 05:12:33.461 V/CamX (31719): [ VERB][UTILS ] camxhashmap.cpp:210 GetInPlace() Key not found
09-30 05:12:33.461 V/CamX (31719): [ VERB][UTILS ] camxhashmap.cpp:210 GetInPlace() Key not found
09-30 05:12:33.461 V/CamX (31719): [ VERB][UTILS ] camxhashmap.cpp:210 GetInPlace() Key not found
09-30 05:12:33.461 V/CamX (31719): [ VERB][UTILS ] camxhashmap.cpp:210 GetInPlace() Key not found
09-30 05:12:33.461 V/CamX (31719): [ VERB][UTILS ] camxhashmap.cpp:210 GetInPlace() Key not found
09-30 05:12:33.461 V/CamX (31719): [ VERB][UTILS ] camxhashmap.cpp:210 GetInPlace() Key not found
09-30 05:12:33.461 V/CamX (31719): [ VERB][UTILS ] camxhashmap.cpp:210 GetInPlace() Key not found
09-30 05:12:33.461 V/CamX (31719): [ VERB][UTILS ] camxhashmap.cpp:210 GetInPlace() Key not found
09-30 05:12:33.461 V/CamX (31719): [ VERB][UTILS ] camxhashmap.cpp:210 GetInPlace() Key not found
09-30 05:12:33.461 V/CamX (31719): [ VERB][UTILS ] camxhashmap.cpp:210 GetInPlace() Key not found
09-30 05:12:33.461 V/CamX (31719): [ VERB][UTILS ] camxhashmap.cpp:210 GetInPlace() Key not found
09-30 05:12:33.419 I/auditd ( 572): type=1400 audit(0.0:1475): avc: denied { read } for comm="Binder:572_2" name="wakeup4" dev="sysfs" ino=47030 scontext=u:r:system_suspend:s0 tcontext=u:object_r:sysfs:s0 tclass=dir permissive=0
09-30 05:12:33.419 W/Binder:572_2( 572): type=1400 audit(0.0:1475): avc: denied { read } for name="wakeup4" dev="sysfs" ino=47030 scontext=u:r:system_suspend:s0 tcontext=u:object_r:sysfs:s0 tclass=dir permissive=0
09-30 05:12:33.431 I/auditd ( 572): type=1400 audit(0.0:1476): avc: denied { read } for comm="Binder:572_2" name="wakeup28" dev="sysfs" ino=56470 scontext=u:r:system_suspend:s0 tcontext=u:object_r:sysfs:s0 tclass=dir permissive=0
09-30 05:12:33.431 W/Binder:572_2( 572): type=1400 audit(0.0:1476): avc: denied { read } for name="wakeup28" dev="sysfs" ino=56470 scontext=u:r:system_suspend:s0 tcontext=u:object_r:sysfs:s0 tclass=dir permissive=0
01-01 15:16:03.579 E/audit ( 0): rate limit exceeded
09-30 05:12:33.461 V/CamX (31719): [ VERB][UTILS ] camxhashmap.cpp:210 GetInPlace() Key not found
09-30 05:12:33.461 V/CamX (31719): [ VERB][UTILS ] camxhashmap.cpp:210 GetInPlace() Key not found
09-30 05:12:33.461 V/CamX (31719): [ VERB][UTILS ] camxhashmap.cpp:210 GetInPlace() Key not found
09-30 05:12:33.461 V/CamX (31719): [ VERB][UTILS ] camxhashmap.cpp:210 GetInPlace() Key not found
09-30 05:12:33.461 V/CamX (31719): [ VERB][UTILS ] camxhashmap.cpp:210 GetInPlace() Key not found
09-30 05:12:33.461 V/CamX (31719): [ VERB][UTILS ] camxhashmap.cpp:210 GetInPlace() Key not found
09-30 05:12:33.461 V/CamX (31719): [ VERB][UTILS ] camxhashmap.cpp:210 GetInPlace() Key not found
09-30 05:12:33.461 V/CamX (31719): [ VERB][UTILS ] camxhashmap.cpp:210 GetInPlace() Key not found
09-30 05:12:33.461 V/CamX (31719): [ VERB][UTILS ] camxhashmap.cpp:210 GetInPlace() Key not found
09-30 05:12:33.461 V/CamX (31719): [ VERB][UTILS ] camxhashmap.cpp:210 GetInPlace() Key not found
09-30 05:12:33.461 V/CamX (31719): [ VERB][UTILS ] camxhashmap.cpp:210 GetInPlace() Key not found
09-30 05:12:33.461 V/CamX (31719): [ VERB][UTILS ] camxhashmap.cpp:210 GetInPlace() Key not found
09-30 05:12:33.461 V/CamX (31719): [ VERB][UTILS ] camxhashmap.cpp:210 GetInPlace() Key not found
09-30 05:12:33.461 V/CamX (31719): [ VERB][UTILS ] camxhashmap.cpp:210 GetInPlace() Key not found
09-30 05:12:33.461 V/CamX (31719): [ VERB][UTILS ] camxhashmap.cpp:210 GetInPlace() Key not found
09-30 05:12:33.461 V/CamX (31719): [ VERB][UTILS ] camxhashmap.cpp:210 GetInPlace() Key not found
09-30 05:12:33.461 V/CamX (31719): [ VERB][UTILS ] camxhashmap.cpp:210 GetInPlace() Key not found
09-30 05:12:33.461 V/CamX (31719): [ VERB][UTILS ] camxhashmap.cpp:210 GetInPlace() Key not found
09-30 05:12:33.461 V/CamX (31719): [ VERB][UTILS ] camxhashmap.cpp:210 GetInPlace() Key not found
09-30 05:12:33.461 V/CamX (31719): [ VERB][UTILS ] camxhashmap.cpp:210 GetInPlace() Key not found
09-30 05:12:33.461 V/CamX (31719): [ VERB][UTILS ] camxhashmap.cpp:210 GetInPlace() Key not found
09-30 05:12:33.461 V/CamX (31719): [ VERB][UTILS ] camxhashmap.cpp:210 GetInPlace() Key not found
09-30 05:12:33.461 V/CamX (31719): [ VERB][UTILS ] camxhashmap.cpp:210 GetInPlace() Key not found
09-30 05:12:33.461 V/CamX (31719): [ VERB][UTILS ] camxhashmap.cpp:210 GetInPlace() Key not found
09-30 05:12:33.461 V/CamX (31719): [ VERB][UTILS ] camxhashmap.cpp:210 GetInPlace() Key not found
09-30 05:12:33.461 V/CamX (31719): [ VERB][UTILS ] camxhashmap.cpp:210 GetInPlace() Key not found
09-30 05:12:33.461 V/CamX (31719): [ VERB][UTILS ] camxhashmap.cpp:210 GetInPlace() Key not found
09-30 05:12:33.461 V/CamX (31719): [ VERB][UTILS ] camxhashmap.cpp:210 GetInPlace() Key not found
09-30 05:12:33.461 V/CamX (31719): [ VERB][UTILS ] camxhashmap.cpp:210 GetInPlace() Key not found
09-30 05:12:33.461 V/CamX (31719): [ VERB][UTILS ] camxhashmap.cpp:210 GetInPlace() Key not found
09-30 05:12:33.461 V/CamX (31719): [ VERB][UTILS ] camxhashmap.cpp:210 GetInPlace() Key not found
09-30 05:12:33.462 V/CamX (31719): [ VERB][UTILS ] camxhashmap.cpp:210 GetInPlace() Key not found
09-30 05:12:33.462 V/CamX (31719): [ VERB][UTILS ] camxhashmap.cpp:210 GetInPlace() Key not found
09-30 05:12:33.462 V/CamX (31719): [ VERB][UTILS ] camxhashmap.cpp:210 GetInPlace() Key not found
09-30 05:12:33.462 V/CamX (31719): [ VERB][UTILS ] camxhashmap.cpp:210 GetInPlace() Key not found
09-30 05:12:33.462 V/CamX (31719): [ VERB][UTILS ] camxhashmap.cpp:210 GetInPlace() Key not found
09-30 05:12:33.462 V/CamX (31719): [ VERB][UTILS ] camxhashmap.cpp:210 GetInPlace() Key not found
09-30 05:12:33.462 V/CamX (31719): [ VERB][UTILS ] camxhashmap.cpp:210 GetInPlace() Key not found
09-30 05:12:33.462 V/CamX (31719): [ VERB][UTILS ] camxhashmap.cpp:210 GetInPlace() Key not found
09-30 05:12:33.462 V/CamX (31719): [ VERB][UTILS ] camxhashmap.cpp:210 GetInPlace() Key not found
09-30 05:12:33.462 V/CamX (31719): [ VERB][UTILS ] camxhashmap.cpp:210 GetInPlace() Key not found
09-30 05:12:33.462 V/CamX (31719): [ VERB][UTILS ] camxhashmap.cpp:210 GetInPlace() Key not found
09-30 05:12:33.462 V/CamX (31719): [ VERB][UTILS ] camxhashmap.cpp:210 GetInPlace() Key not found
09-30 05:12:33.462 V/CamX (31719): [ VERB][UTILS ] camxhashmap.cpp:210 GetInPlace() Key not found
09-30 05:12:33.462 V/CamX (31719): [ VERB][UTILS ] camxhashmap.cpp:210 GetInPlace() Key not found
09-30 05:12:33.462 V/CamX (31719): [ VERB][UTILS ] camxhashmap.cpp:210 GetInPlace() Key not found
09-30 05:12:33.462 V/CamX (31719): [ VERB][UTILS ] camxhashmap.cpp:210 GetInPlace() Key not found
09-30 05:12:33.462 V/CamX (31719): [ VERB][UTILS ] camxhashmap.cpp:210 GetInPlace() Key not found
09-30 05:12:33.462 V/CamX (31719): [ VERB][UTILS ] camxhashmap.cpp:210 GetInPlace() Key not found
09-30 05:12:33.462 V/CamX (31719): [ VERB][UTILS ] camxhashmap.cpp:210 GetInPlace() Key not found
09-30 05:12:33.462 V/CamX (31719): [ VERB][UTILS ] camxhashmap.cpp:210 GetInPlace() Key not found
09-30 05:12:33.462 V/CamX (31719): [ VERB][UTILS ] camxhashmap.cpp:210 GetInPlace() Key not found
09-30 05:12:33.462 V/CamX (31719): [ VERB][UTILS ] camxhashmap.cpp:210 GetInPlace() Key not found
09-30 05:12:33.462 V/CamX (31719): [ VERB][UTILS ] camxhashmap.cpp:210 GetInPlace() Key not found
09-30 05:12:33.462 V/CamX (31719): [ VERB][UTILS ] camxhashmap.cpp:210 GetInPlace() Key not found
09-30 05:12:33.462 V/CamX (31719): [ VERB][UTILS ] camxhashmap.cpp:210 GetInPlace() Key not found
09-30 05:12:33.462 V/CamX (31719): [ VERB][UTILS ] camxhashmap.cpp:210 GetInPlace() Key not found
09-30 05:12:33.462 V/CamX (31719): [ VERB][UTILS ] camxhashmap.cpp:210 GetInPlace() Key not found
09-30 05:12:33.462 V/CamX (31719): [ VERB][UTILS ] camxhashmap.cpp:210 GetInPlace() Key not found
09-30 05:12:33.462 V/CamX (31719): [ VERB][UTILS ] camxhashmap.cpp:210 GetInPlace() Key not found
09-30 05:12:33.462 V/CamX (31719): [ VERB][UTILS ] camxhashmap.cpp:210 GetInPlace() Key not found
09-30 05:12:33.462 V/CamX (31719): [ VERB][UTILS ] camxhashmap.cpp:210 GetInPlace() Key not found
09-30 05:12:33.462 V/CamX (31719): [ VERB][UTILS ] camxhashmap.cpp:210 GetInPlace() Key not found
09-30 05:12:33.462 V/CamX (31719): [ VERB][UTILS ] camxhashmap.cpp:210 GetInPlace() Key not found
09-30 05:12:33.462 V/CamX (31719): [ VERB][UTILS ] camxhashmap.cpp:210 GetInPlace() Key not found
09-30 05:12:33.462 V/CamX (31719): [ VERB][UTILS ] camxhashmap.cpp:210 GetInPlace() Key not found
09-30 05:12:33.462 V/CamX (31719): [ VERB][UTILS ] camxhashmap.cpp:210 GetInPlace() Key not found
09-30 05:12:33.462 V/CamX (31719): [ VERB][UTILS ] camxhashmap.cpp:210 GetInPlace() Key not found
09-30 05:12:33.462 V/CamX (31719): [ VERB][UTILS ] camxhashmap.cpp:210 GetInPlace() Key not found
09-30 05:12:33.462 V/CamX (31719): [ VERB][UTILS ] camxhashmap.cpp:210 GetInPlace() Key not found
09-30 05:12:33.463 V/CamX (31719): [ VERB][UTILS ] camxhashmap.cpp:210 GetInPlace() Key not found
09-30 05:12:33.463 V/CamX (31719): [ VERB][UTILS ] camxhashmap.cpp:210 GetInPlace() Key not found
09-30 05:12:33.463 V/CamX (31719): [ VERB][UTILS ] camxhashmap.cpp:210 GetInPlace() Key not found
09-30 05:12:33.463 V/CamX (31719): [ VERB][UTILS ] camxhashmap.cpp:210 GetInPlace() Key not found
09-30 05:12:33.463 V/CamX (31719): [ VERB][UTILS ] camxhashmap.cpp:210 GetInPlace() Key not found
09-30 05:12:33.463 V/CamX (31719): [ VERB][UTILS ] camxhashmap.cpp:210 GetInPlace() Key not found
09-30 05:12:33.463 V/CamX (31719): [ VERB][UTILS ] camxhashmap.cpp:210 GetInPlace() Key not found
09-30 05:12:33.463 V/CamX (31719): [ VERB][UTILS ] camxhashmap.cpp:210 GetInPlace() Key not found
09-30 05:12:33.463 V/CamX (31719): [ VERB][UTILS ] camxhashmap.cpp:210 GetInPlace() Key not found
