09-30 05:12:03.033 V/CamX (31640): [ VERB][UTILS ] camxhashmap.cpp:210 GetInPlace() Key not found
09-30 05:12:03.033 V/CamX (31640): [ VERB][UTILS ] camxhashmap.cpp:210 GetInPlace() Key not found
09-30 05:12:03.033 V/CamX (31640): [ VERB][UTILS ] camxhashmap.cpp:210 GetInPlace() Key not found
09-30 05:12:03.033 V/CamX (31640): [ VERB][UTILS ] camxhashmap.cpp:210 GetInPlace() Key not found
09-30 05:12:03.033 V/CamX (31640): [ VERB][UTILS ] camxhashmap.cpp:210 GetInPlace() Key not found
09-30 05:12:03.033 V/CamX (31640): [ VERB][UTILS ] camxhashmap.cpp:210 GetInPlace() Key not found
09-30 05:12:03.033 V/CamX (31640): [ VERB][UTILS ] camxhashmap.cpp:210 GetInPlace() Key not found
09-30 05:12:03.033 V/CamX (31640): [ VERB][UTILS ] camxhashmap.cpp:210 GetInPlace() Key not found
09-30 05:12:03.033 V/CamX (31640): [ VERB][UTILS ] camxhashmap.cpp:210 GetInPlace() Key not found
09-30 05:12:03.033 V/CamX (31640): [ VERB][UTILS ] camxhashmap.cpp:210 GetInPlace() Key not found
09-30 05:12:03.033 V/CamX (31640): [ VERB][UTILS ] camxhashmap.cpp:210 GetInPlace() Key not found
09-30 05:12:03.033 V/CamX (31640): [ VERB][UTILS ] camxhashmap.cpp:210 GetInPlace() Key not found
09-30 05:12:03.033 V/CamX (31640): [ VERB][UTILS ] camxhashmap.cpp:210 GetInPlace() Key not found
09-30 05:12:03.033 V/CamX (31640): [ VERB][UTILS ] camxhashmap.cpp:210 GetInPlace() Key not found
09-30 05:12:03.033 V/CamX (31640): [ VERB][UTILS ] camxhashmap.cpp:210 GetInPlace() Key not found
09-30 05:12:03.033 V/CamX (31640): [ VERB][UTILS ] camxhashmap.cpp:210 GetInPlace() Key not found
09-30 05:12:03.033 V/CamX (31640): [ VERB][UTILS ] camxhashmap.cpp:210 GetInPlace() Key not found
09-30 05:12:03.033 V/CamX (31640): [ VERB][UTILS ] camxhashmap.cpp:210 GetInPlace() Key not found
09-30 05:12:03.033 V/CamX (31640): [ VERB][UTILS ] camxhashmap.cpp:210 GetInPlace() Key not found
09-30 05:12:03.033 V/CamX (31640): [ VERB][UTILS ] camxhashmap.cpp:210 GetInPlace() Key not found
09-30 05:12:03.033 V/CamX (31640): [ VERB][UTILS ] camxhashmap.cpp:210 GetInPlace() Key not found
09-30 05:12:03.033 V/CamX (31640): [ VERB][UTILS ] camxhashmap.cpp:210 GetInPlace() Key not found
09-30 05:12:03.033 V/CamX (31640): [ VERB][UTILS ] camxhashmap.cpp:210 GetInPlace() Key not found
09-30 05:12:03.033 V/CamX (31640): [ VERB][UTILS ] camxhashmap.cpp:210 GetInPlace() Key not found
09-30 05:12:03.033 V/CamX (31640): [ VERB][UTILS ] camxhashmap.cpp:210 GetInPlace() Key not found
09-30 05:12:03.033 V/CamX (31640): [ VERB][UTILS ] camxhashmap.cpp:210 GetInPlace() Key not found
09-30 05:12:03.033 V/CamX (31640): [ VERB][UTILS ] camxhashmap.cpp:210 GetInPlace() Key not found
09-30 05:12:03.033 V/CamX (31640): [ VERB][UTILS ] camxhashmap.cpp:210 GetInPlace() Key not found
09-30 05:12:03.033 V/CamX (31640): [ VERB][UTILS ] camxhashmap.cpp:210 GetInPlace() Key not found
09-30 05:12:03.033 V/CamX (31640): [ VERB][UTILS ] camxhashmap.cpp:210 GetInPlace() Key not found
09-30 05:12:03.033 V/CamX (31640): [ VERB][UTILS ] camxhashmap.cpp:210 GetInPlace() Key not found
09-30 05:12:03.033 V/CamX (31640): [ VERB][UTILS ] camxhashmap.cpp:210 GetInPlace() Key not found
09-30 05:12:03.033 V/CamX (31640): [ VERB][UTILS ] camxhashmap.cpp:210 GetInPlace() Key not found
09-30 05:12:03.033 V/CamX (31640): [ VERB][UTILS ] camxhashmap.cpp:210 GetInPlace() Key not found
09-30 05:12:03.033 V/CamX (31640): [ VERB][UTILS ] camxhashmap.cpp:210 GetInPlace() Key not found
09-30 05:12:03.033 V/CamX (31640): [ VERB][UTILS ] camxhashmap.cpp:210 GetInPlace() Key not found
09-30 05:12:03.033 V/CamX (31640): [ VERB][UTILS ] camxhashmap.cpp:210 GetInPlace() Key not found
09-30 05:12:03.033 V/CamX (31640): [ VERB][UTILS ] camxhashmap.cpp:210 GetInPlace() Key not found
09-30 05:12:03.033 V/CamX (31640): [ VERB][UTILS ] camxhashmap.cpp:210 GetInPlace() Key not found
09-30 05:12:03.034 V/CamX (31640): [ VERB][UTILS ] camxhashmap.cpp:210 GetInPlace() Key not found
09-30 05:12:03.034 V/CamX (31640): [ VERB][UTILS ] camxhashmap.cpp:210 GetInPlace() Key not found
09-30 05:12:03.034 V/CamX (31640): [ VERB][UTILS ] camxhashmap.cpp:210 GetInPlace() Key not found
09-30 05:12:03.034 V/CamX (31640): [ VERB][UTILS ] camxhashmap.cpp:210 GetInPlace() Key not found
09-30 05:12:03.034 V/CamX (31640): [ VERB][UTILS ] camxhashmap.cpp:210 GetInPlace() Key not found
09-30 05:12:03.034 V/CamX (31640): [ VERB][UTILS ] camxhashmap.cpp:210 GetInPlace() Key not found
09-30 05:12:03.034 V/CamX (31640): [ VERB][UTILS ] camxhashmap.cpp:210 GetInPlace() Key not found
09-30 05:12:03.034 V/CamX (31640): [ VERB][UTILS ] camxhashmap.cpp:210 GetInPlace() Key not found
09-30 05:12:03.034 V/CamX (31640): [ VERB][UTILS ] camxhashmap.cpp:210 GetInPlace() Key not found
09-30 05:12:03.034 V/CamX (31640): [ VERB][UTILS ] camxhashmap.cpp:210 GetInPlace() Key not found
09-30 05:12:03.034 V/CamX (31640): [ VERB][UTILS ] camxhashmap.cpp:210 GetInPlace() Key not found
09-30 05:12:03.034 V/CamX (31640): [ VERB][UTILS ] camxhashmap.cpp:210 GetInPlace() Key not found
09-30 05:12:03.034 V/CamX (31640): [ VERB][UTILS ] camxhashmap.cpp:210 GetInPlace() Key not found
09-30 05:12:03.034 V/CamX (31640): [ VERB][UTILS ] camxhashmap.cpp:210 GetInPlace() Key not found
09-30 05:12:03.034 V/CamX (31640): [ VERB][UTILS ] camxhashmap.cpp:210 GetInPlace() Key not found
09-30 05:12:03.034 V/CamX (31640): [ VERB][UTILS ] camxhashmap.cpp:210 GetInPlace() Key not found
09-30 05:12:03.034 V/CamX (31640): [ VERB][UTILS ] camxhashmap.cpp:210 GetInPlace() Key not found
09-30 05:12:03.034 V/CamX (31640): [ VERB][UTILS ] camxhashmap.cpp:210 GetInPlace() Key not found
09-30 05:12:03.034 V/CamX (31640): [ VERB][UTILS ] camxhashmap.cpp:210 GetInPlace() Key not found
09-30 05:12:03.034 V/CamX (31640): [ VERB][UTILS ] camxhashmap.cpp:210 GetInPlace() Key not found
09-30 05:12:03.034 V/CamX (31640): [ VERB][UTILS ] camxhashmap.cpp:210 GetInPlace() Key not found
09-30 05:12:03.034 V/CamX (31640): [ VERB][UTILS ] camxhashmap.cpp:210 GetInPlace() Key not found
09-30 05:12:03.034 V/CamX (31640): [ VERB][UTILS ] camxhashmap.cpp:210 GetInPlace() Key not found
09-30 05:12:03.034 V/CamX (31640): [ VERB][UTILS ] camxhashmap.cpp:210 GetInPlace() Key not found
09-30 05:12:03.034 V/CamX (31640): [ VERB][UTILS ] camxhashmap.cpp:210 GetInPlace() Key not found
09-30 05:12:03.034 V/CamX (31640): [ VERB][UTILS ] camxhashmap.cpp:210 GetInPlace() Key not found
09-30 05:12:03.034 V/CamX (31640): [ VERB][UTILS ] camxhashmap.cpp:210 GetInPlace() Key not found
09-30 05:12:03.034 V/CamX (31640): [ VERB][UTILS ] camxhashmap.cpp:210 GetInPlace() Key not found
09-30 05:12:03.034 V/CamX (31640): [ VERB][UTILS ] camxhashmap.cpp:210 GetInPlace() Key not found
09-30 05:12:03.034 V/CamX (31640): [ VERB][UTILS ] camxhashmap.cpp:210 GetInPlace() Key not found
09-30 05:12:03.034 V/CamX (31640): [ VERB][UTILS ] camxhashmap.cpp:210 GetInPlace() Key not found
09-30 05:12:03.034 V/CamX (31640): [ VERB][UTILS ] camxhashmap.cpp:210 GetInPlace() Key not found
09-30 05:12:03.034 V/CamX (31640): [ VERB][UTILS ] camxhashmap.cpp:210 GetInPlace() Key not found
09-30 05:12:03.034 V/CamX (31640): [ VERB][UTILS ] camxhashmap.cpp:210 GetInPlace() Key not found
09-30 05:12:03.034 V/CamX (31640): [ VERB][UTILS ] camxhashmap.cpp:210 GetInPlace() Key not found
09-30 05:12:03.034 V/CamX (31640): [ VERB][UTILS ] camxhashmap.cpp:210 GetInPlace() Key not found
09-30 05:12:03.034 V/CamX (31640): [ VERB][UTILS ] camxhashmap.cpp:210 GetInPlace() Key not found
09-30 05:12:03.034 V/CamX (31640): [ VERB][UTILS ] camxhashmap.cpp:210 GetInPlace() Key not found
09-30 05:12:03.035 V/CamX (31640): [ VERB][UTILS ] camxhashmap.cpp:210 GetInPlace() Key not found
09-30 05:12:03.035 V/CamX (31640): [ VERB][UTILS ] camxhashmap.cpp:210 GetInPlace() Key not found
09-30 05:12:03.035 V/CamX (31640): [ VERB][UTILS ] camxhashmap.cpp:210 GetInPlace() Key not found
09-30 05:12:03.035 V/CamX (31640): [ VERB][UTILS ] camxhashmap.cpp:210 GetInPlace() Key not found
09-30 05:12:03.035 V/CamX (31640): [ VERB][UTILS ] camxhashmap.cpp:210 GetInPlace() Key not found
09-30 05:12:03.035 V/CamX (31640): [ VERB][UTILS ] camxhashmap.cpp:210 GetInPlace() Key not found
09-30 05:12:03.035 V/CamX (31640): [ VERB][UTILS ] camxhashmap.cpp:210 GetInPlace() Key not found
09-30 05:12:03.035 V/CamX (31640): [ VERB][UTILS ] camxhashmap.cpp:210 GetInPlace() Key not found
09-30 05:12:03.035 V/CamX (31640): [ VERB][UTILS ] camxhashmap.cpp:210 GetInPlace() Key not found
09-30 05:12:03.035 V/CamX (31640): [ VERB][UTILS ] camxhashmap.cpp:210 GetInPlace() Key not found
09-30 05:12:03.035 V/CamX (31640): [ VERB][UTILS ] camxhashmap.cpp:210 GetInPlace() Key not found
09-30 05:12:03.035 V/CamX (31640): [ VERB][UTILS ] camxhashmap.cpp:210 GetInPlace() Key not found
09-30 05:12:03.035 V/CamX (31640): [ VERB][UTILS ] camxhashmap.cpp:210 GetInPlace() Key not found
09-30 05:12:03.035 V/CamX (31640): [ VERB][UTILS ] camxhashmap.cpp:210 GetInPlace() Key not found
09-30 05:12:03.035 V/CamX (31640): [ VERB][UTILS ] camxhashmap.cpp:210 GetInPlace() Key not found
09-30 05:12:03.035 V/CamX (31640): [ VERB][UTILS ] camxhashmap.cpp:210 GetInPlace() Key not found
09-30 05:12:03.035 V/CamX (31640): [ VERB][UTILS ] camxhashmap.cpp:210 GetInPlace() Key not found
09-30 05:12:03.035 V/CamX (31640): [ VERB][UTILS ] camxhashmap.cpp:210 GetInPlace() Key not found
09-30 05:12:03.035 V/CamX (31640): [ VERB][UTILS ] camxhashmap.cpp:210 GetInPlace() Key not found
09-30 05:12:03.035 V/CamX (31640): [ VERB][UTILS ] camxhashmap.cpp:210 GetInPlace() Key not found
09-30 05:12:03.035 V/CamX (31640): [ VERB][UTILS ] camxhashmap.cpp:210 GetInPlace() Key not found
09-30 05:12:03.035 V/CamX (31640): [ VERB][UTILS ] camxhashmap.cpp:210 GetInPlace() Key not found
09-30 05:12:03.035 V/CamX (31640): [ VERB][UTILS ] camxhashmap.cpp:210 GetInPlace() Key not found
09-30 05:12:03.035 V/CamX (31640): [ VERB][UTILS ] camxhashmap.cpp:210 GetInPlace() Key not found
09-30 05:12:03.035 V/CamX (31640): [ VERB][UTILS ] camxhashmap.cpp:210 GetInPlace() Key not found
09-30 05:12:03.035 V/CamX (31640): [ VERB][UTILS ] camxhashmap.cpp:210 GetInPlace() Key not found
09-30 05:12:03.035 V/CamX (31640): [ VERB][UTILS ] camxhashmap.cpp:210 GetInPlace() Key not found
09-30 05:12:03.035 V/CamX (31640): [ VERB][UTILS ] camxhashmap.cpp:210 GetInPlace() Key not found
09-30 05:12:03.035 V/CamX (31640): [ VERB][UTILS ] camxhashmap.cpp:210 GetInPlace() Key not found
09-30 05:12:03.035 V/CamX (31640): [ VERB][UTILS ] camxhashmap.cpp:210 GetInPlace() Key not found
09-30 05:12:03.035 V/CamX (31640): [ VERB][UTILS ] camxhashmap.cpp:210 GetInPlace() Key not found
09-30 05:12:03.035 V/CamX (31640): [ VERB][UTILS ] camxhashmap.cpp:210 GetInPlace() Key not found
09-30 05:12:03.035 V/CamX (31640): [ VERB][UTILS ] camxhashmap.cpp:210 GetInPlace() Key not found
09-30 05:12:03.035 V/CamX (31640): [ VERB][UTILS ] camxhashmap.cpp:210 GetInPlace() Key not found
09-30 05:12:03.035 V/CamX (31640): [ VERB][UTILS ] camxhashmap.cpp:210 GetInPlace() Key not found
09-30 05:12:03.035 V/CamX (31640): [ VERB][UTILS ] camxhashmap.cpp:210 GetInPlace() Key not found
09-30 05:12:03.035 V/CamX (31640): [ VERB][UTILS ] camxhashmap.cpp:210 GetInPlace() Key not found
09-30 05:12:03.035 V/CamX (31640): [ VERB][UTILS ] camxhashmap.cpp:210 GetInPlace() Key not found
09-30 05:12:03.035 V/CamX (31640): [ VERB][UTILS ] camxhashmap.cpp:210 GetInPlace() Key not found
09-30 05:12:03.035 V/CamX (31640): [ VERB][UTILS ] camxhashmap.cpp:210 GetInPlace() Key not found
09-30 05:12:03.035 V/CamX (31640): [ VERB][UTILS ] camxhashmap.cpp:210 GetInPlace() Key not found
09-30 05:12:03.035 V/CamX (31640): [ VERB][UTILS ] camxhashmap.cpp:210 GetInPlace() Key not found
09-30 05:12:03.036 V/CamX (31640): [ VERB][UTILS ] camxhashmap.cpp:210 GetInPlace() Key not found
09-30 05:12:03.036 V/CamX (31640): [ VERB][UTILS ] camxhashmap.cpp:210 GetInPlace() Key not found
09-30 05:12:03.036 V/CamX (31640): [ VERB][UTILS ] camxhashmap.cpp:210 GetInPlace() Key not found
09-30 05:12:03.036 V/CamX (31640): [ VERB][UTILS ] camxhashmap.cpp:210 GetInPlace() Key not found
09-30 05:12:03.036 V/CamX (31640): [ VERB][UTILS ] camxhashmap.cpp:210 GetInPlace() Key not found
09-30 05:12:03.036 V/CamX (31640): [ VERB][UTILS ] camxhashmap.cpp:210 GetInPlace() Key not found
09-30 05:12:03.036 V/CamX (31640): [ VERB][UTILS ] camxhashmap.cpp:210 GetInPlace() Key not found
09-30 05:12:03.036 V/CamX (31640): [ VERB][UTILS ] camxhashmap.cpp:210 GetInPlace() Key not found
09-30 05:12:03.036 V/CamX (31640): [ VERB][UTILS ] camxhashmap.cpp:210 GetInPlace() Key not found
09-30 05:12:03.036 V/CamX (31640): [ VERB][UTILS ] camxhashmap.cpp:210 GetInPlace() Key not found
09-30 05:12:03.036 V/CamX (31640): [ VERB][UTILS ] camxhashmap.cpp:210 GetInPlace() Key not found
09-30 05:12:03.036 V/CamX (31640): [ VERB][UTILS ] camxhashmap.cpp:210 GetInPlace() Key not found
09-30 05:12:03.036 V/CamX (31640): [ VERB][UTILS ] camxhashmap.cpp:210 GetInPlace() Key not found
09-30 05:12:03.036 V/CamX (31640): [ VERB][UTILS ] camxhashmap.cpp:210 GetInPlace() Key not found
09-30 05:12:03.036 V/CamX (31640): [ VERB][UTILS ] camxhashmap.cpp:210 GetInPlace() Key not found
09-30 05:12:03.036 V/CamX (31640): [ VERB][UTILS ] camxhashmap.cpp:210 GetInPlace() Key not found
09-30 05:12:03.036 V/CamX (31640): [ VERB][UTILS ] camxhashmap.cpp:210 GetInPlace() Key not found
09-30 05:12:03.036 V/CamX (31640): [ VERB][UTILS ] camxhashmap.cpp:210 GetInPlace() Key not found
09-30 05:12:03.036 V/CamX (31640): [ VERB][UTILS ] camxhashmap.cpp:210 GetInPlace() Key not found
09-30 05:12:03.036 V/CamX (31640): [ VERB][UTILS ] camxhashmap.cpp:210 GetInPlace() Key not found
09-30 05:12:03.036 V/CamX (31640): [ VERB][UTILS ] camxhashmap.cpp:210 GetInPlace() Key not found
09-30 05:12:03.036 V/CamX (31640): [ VERB][UTILS ] camxhashmap.cpp:210 GetInPlace() Key not found
09-30 05:12:03.036 V/CamX (31640): [ VERB][UTILS ] camxhashmap.cpp:210 GetInPlace() Key not found
09-30 05:12:03.036 V/CamX (31640): [ VERB][UTILS ] camxhashmap.cpp:210 GetInPlace() Key not found
09-30 05:12:03.036 V/CamX (31640): [ VERB][UTILS ] camxhashmap.cpp:210 GetInPlace() Key not found
09-30 05:12:03.036 V/CamX (31640): [ VERB][UTILS ] camxhashmap.cpp:210 GetInPlace() Key not found
09-30 05:12:03.036 V/CamX (31640): [ VERB][UTILS ] camxhashmap.cpp:210 GetInPlace() Key not found
09-30 05:12:03.036 V/CamX (31640): [ VERB][UTILS ] camxhashmap.cpp:210 GetInPlace() Key not found
09-30 05:12:03.036 V/CamX (31640): [ VERB][UTILS ] camxhashmap.cpp:210 GetInPlace() Key not found
09-30 05:12:03.036 V/CamX (31640): [ VERB][UTILS ] camxhashmap.cpp:210 GetInPlace() Key not found
09-30 05:12:03.036 V/CamX (31640): [ VERB][UTILS ] camxhashmap.cpp:210 GetInPlace() Key not found
09-30 05:12:03.036 V/CamX (31640): [ VERB][UTILS ] camxhashmap.cpp:210 GetInPlace() Key not found
09-30 05:12:03.036 V/CamX (31640): [ VERB][UTILS ] camxhashmap.cpp:210 GetInPlace() Key not found
09-30 05:12:03.036 V/CamX (31640): [ VERB][UTILS ] camxhashmap.cpp:210 GetInPlace() Key not found
09-30 05:12:03.036 V/CamX (31640): [ VERB][UTILS ] camxhashmap.cpp:210 GetInPlace() Key not found
09-30 05:12:03.036 V/CamX (31640): [ VERB][UTILS ] camxhashmap.cpp:210 GetInPlace() Key not found
09-30 05:12:03.036 V/CamX (31640): [ VERB][UTILS ] camxhashmap.cpp:210 GetInPlace() Key not found
09-30 05:12:03.036 V/CamX (31640): [ VERB][UTILS ] camxhashmap.cpp:210 GetInPlace() Key not found
09-30 05:12:03.036 V/CamX (31640): [ VERB][UTILS ] camxhashmap.cpp:210 GetInPlace() Key not found
09-30 05:12:03.036 V/CamX (31640): [ VERB][UTILS ] camxhashmap.cpp:210 GetInPlace() Key not found
09-30 05:12:03.036 V/CamX (31640): [ VERB][UTILS ] camxhashmap.cpp:210 GetInPlace() Key not found
09-30 05:12:03.036 V/CamX (31640): [ VERB][UTILS ] camxhashmap.cpp:210 GetInPlace() Key not found
09-30 05:12:03.037 V/CamX (31640): [ VERB][UTILS ] camxhashmap.cpp:210 GetInPlace() Key not found
09-30 05:12:03.037 V/CamX (31640): [ VERB][UTILS ] camxhashmap.cpp:210 GetInPlace() Key not found
09-30 05:12:03.037 V/CamX (31640): [ VERB][UTILS ] camxhashmap.cpp:210 GetInPlace() Key not found
09-30 05:12:03.037 V/CamX (31640): [ VERB][UTILS ] camxhashmap.cpp:210 GetInPlace() Key not found
09-30 05:12:03.037 V/CamX (31640): [ VERB][UTILS ] camxhashmap.cpp:210 GetInPlace() Key not found
09-30 05:12:03.037 V/CamX (31640): [ VERB][UTILS ] camxhashmap.cpp:210 GetInPlace() Key not found
09-30 05:12:03.037 V/CamX (31640): [ VERB][UTILS ] camxhashmap.cpp:210 GetInPlace() Key not found
09-30 05:12:03.037 V/CamX (31640): [ VERB][UTILS ] camxhashmap.cpp:210 GetInPlace() Key not found
09-30 05:12:03.037 V/CamX (31640): [ VERB][UTILS ] camxhashmap.cpp:210 GetInPlace() Key not found
09-30 05:12:03.037 V/CamX (31640): [ VERB][UTILS ] camxhashmap.cpp:210 GetInPlace() Key not found
09-30 05:12:03.037 V/CamX (31640): [ VERB][UTILS ] camxhashmap.cpp:210 GetInPlace() Key not found
09-30 05:12:03.037 V/CamX (31640): [ VERB][UTILS ] camxhashmap.cpp:210 GetInPlace() Key not found
09-30 05:12:03.037 V/CamX (31640): [ VERB][UTILS ] camxhashmap.cpp:210 GetInPlace() Key not found
09-30 05:12:03.037 V/CamX (31640): [ VERB][UTILS ] camxhashmap.cpp:210 GetInPlace() Key not found
09-30 05:12:03.037 V/CamX (31640): [ VERB][UTILS ] camxhashmap.cpp:210 GetInPlace() Key not found
09-30 05:12:03.037 V/CamX (31640): [ VERB][UTILS ] camxhashmap.cpp:210 GetInPlace() Key not found
09-30 05:12:03.037 V/CamX (31640): [ VERB][UTILS ] camxhashmap.cpp:210 GetInPlace() Key not found
09-30 05:12:03.037 V/CamX (31640): [ VERB][UTILS ] camxhashmap.cpp:210 GetInPlace() Key not found
09-30 05:12:03.037 V/CamX (31640): [ VERB][UTILS ] camxhashmap.cpp:210 GetInPlace() Key not found
09-30 05:12:03.037 V/CamX (31640): [ VERB][UTILS ] camxhashmap.cpp:210 GetInPlace() Key not found
09-30 05:12:03.037 V/CamX (31640): [ VERB][UTILS ] camxhashmap.cpp:210 GetInPlace() Key not found
09-30 05:12:03.037 V/CamX (31640): [ VERB][UTILS ] camxhashmap.cpp:210 GetInPlace() Key not found
09-30 05:12:03.037 V/CamX (31640): [ VERB][UTILS ] camxhashmap.cpp:210 GetInPlace() Key not found
09-30 05:12:03.037 V/CamX (31640): [ VERB][UTILS ] camxhashmap.cpp:210 GetInPlace() Key not found
09-30 05:12:03.037 V/CamX (31640): [ VERB][UTILS ] camxhashmap.cpp:210 GetInPlace() Key not found
09-30 05:12:03.037 V/CamX (31640): [ VERB][UTILS ] camxhashmap.cpp:210 GetInPlace() Key not found
09-30 05:12:03.037 V/CamX (31640): [ VERB][UTILS ] camxhashmap.cpp:210 GetInPlace() Key not found
09-30 05:12:03.037 V/CamX (31640): [ VERB][UTILS ] camxhashmap.cpp:210 GetInPlace() Key not found
09-30 05:12:03.037 V/CamX (31640): [ VERB][UTILS ] camxhashmap.cpp:210 GetInPlace() Key not found
09-30 05:12:03.037 V/CamX (31640): [ VERB][UTILS ] camxhashmap.cpp:210 GetInPlace() Key not found
09-30 05:12:03.037 V/CamX (31640): [ VERB][UTILS ] camxhashmap.cpp:210 GetInPlace() Key not found
09-30 05:12:03.037 V/CamX (31640): [ VERB][UTILS ] camxhashmap.cpp:210 GetInPlace() Key not found
09-30 05:12:03.037 V/CamX (31640): [ VERB][UTILS ] camxhashmap.cpp:210 GetInPlace() Key not found
09-30 05:12:03.037 V/CamX (31640): [ VERB][UTILS ] camxhashmap.cpp:210 GetInPlace() Key not found
09-30 05:12:03.037 V/CamX (31640): [ VERB][UTILS ] camxhashmap.cpp:210 GetInPlace() Key not found
09-30 05:12:03.037 V/CamX (31640): [ VERB][UTILS ] camxhashmap.cpp:210 GetInPlace() Key not found
09-30 05:12:03.037 V/CamX (31640): [ VERB][UTILS ] camxhashmap.cpp:210 GetInPlace() Key not found
09-30 05:12:03.037 V/CamX (31640): [ VERB][UTILS ] camxhashmap.cpp:210 GetInPlace() Key not found
09-30 05:12:03.037 V/CamX (31640): [ VERB][UTILS ] camxhashmap.cpp:210 GetInPlace() Key not found
09-30 05:12:03.037 V/CamX (31640): [ VERB][UTILS ] camxhashmap.cpp:210 GetInPlace() Key not found
09-30 05:12:03.037 V/CamX (31640): [ VERB][UTILS ] camxhashmap.cpp:210 GetInPlace() Key not found
09-30 05:12:03.037 V/CamX (31640): [ VERB][UTILS ] camxhashmap.cpp:210 GetInPlace() Key not found
09-30 05:12:03.038 V/CamX (31640): [ VERB][UTILS ] camxhashmap.cpp:210 GetInPlace() Key not found
09-30 05:12:03.038 V/CamX (31640): [ VERB][UTILS ] camxhashmap.cpp:210 GetInPlace() Key not found
09-30 05:12:03.038 V/CamX (31640): [ VERB][UTILS ] camxhashmap.cpp:210 GetInPlace() Key not found
09-30 05:12:03.038 V/CamX (31640): [ VERB][UTILS ] camxhashmap.cpp:210 GetInPlace() Key not found
09-30 05:12:03.038 V/CamX (31640): [ VERB][UTILS ] camxhashmap.cpp:210 GetInPlace() Key not found
09-30 05:12:03.038 V/CamX (31640): [ VERB][UTILS ] camxhashmap.cpp:210 GetInPlace() Key not found
09-30 05:12:03.038 V/CamX (31640): [ VERB][UTILS ] camxhashmap.cpp:210 GetInPlace() Key not found
09-30 05:12:03.038 V/CamX (31640): [ VERB][UTILS ] camxhashmap.cpp:210 GetInPlace() Key not found
09-30 05:12:03.038 V/CamX (31640): [ VERB][UTILS ] camxhashmap.cpp:210 GetInPlace() Key not found
09-30 05:12:03.038 V/CamX (31640): [ VERB][UTILS ] camxhashmap.cpp:210 GetInPlace() Key not found
09-30 05:12:03.038 V/CamX (31640): [ VERB][UTILS ] camxhashmap.cpp:210 GetInPlace() Key not found
09-30 05:12:03.038 V/CamX (31640): [ VERB][UTILS ] camxhashmap.cpp:210 GetInPlace() Key not found
09-30 05:12:03.038 V/CamX (31640): [ VERB][UTILS ] camxhashmap.cpp:210 GetInPlace() Key not found
09-30 05:12:03.038 V/CamX (31640): [ VERB][UTILS ] camxhashmap.cpp:210 GetInPlace() Key not found
09-30 05:12:03.038 V/CamX (31640): [ VERB][UTILS ] camxhashmap.cpp:210 GetInPlace() Key not found
09-30 05:12:03.038 V/CamX (31640): [ VERB][UTILS ] camxhashmap.cpp:210 GetInPlace() Key not found
09-30 05:12:03.038 V/CamX (31640): [ VERB][UTILS ] camxhashmap.cpp:210 GetInPlace() Key not found
09-30 05:12:03.038 V/CamX (31640): [ VERB][UTILS ] camxhashmap.cpp:210 GetInPlace() Key not found
09-30 05:12:03.038 V/CamX (31640): [ VERB][UTILS ] camxhashmap.cpp:210 GetInPlace() Key not found
09-30 05:12:03.038 I/liblog (31640): 1
09-30 05:12:03.038 V/CamX (31640): [ VERB][UTILS ] camxhashmap.cpp:210 GetInPlace() Key not found
09-30 05:12:03.038 I/liblog (31640): 5
09-30 05:12:03.038 I/liblog (31640): 4
09-30 05:12:03.038 I/liblog (31640): 4
09-30 05:12:03.038 V/CamX (31640): [ VERB][UTILS ] camxhashmap.cpp:210 GetInPlace() Key not found
09-30 05:12:03.038 V/CamX (31640): [ VERB][UTILS ] camxhashmap.cpp:210 GetInPlace() Key not found
09-30 05:12:03.039 V/CamX (31640): [ VERB][UTILS ] camxhashmap.cpp:210 GetInPlace() Key not found
09-30 05:12:03.039 I/liblog (31640): 11
09-30 05:12:03.039 V/CamX (31640): [ VERB][UTILS ] camxhashmap.cpp:210 GetInPlace() Key not found
09-30 05:12:03.039 I/liblog (31640): 6
09-30 05:12:03.039 I/liblog (31640): 4
09-30 05:12:03.039 V/CamX (31640): [ VERB][UTILS ] camxhashmap.cpp:210 GetInPlace() Key not found
09-30 05:12:03.039 I/liblog (31640): 6
09-30 05:12:03.039 I/liblog (31640): 4
09-30 05:12:03.039 I/liblog (31640): 3
09-30 05:12:03.039 I/liblog (31640): 3
09-30 05:12:03.039 I/liblog (31640): 4
09-30 05:12:03.039 V/CamX (31640): [ VERB][UTILS ] camxhashmap.cpp:210 GetInPlace() Key not found
09-30 05:12:03.039 I/liblog (31640): 4
09-30 05:12:03.039 I/liblog (31640): 3
09-30 05:12:03.039 V/CamX (31640): [ VERB][UTILS ] camxhashmap.cpp:210 GetInPlace() Key not found
09-30 05:12:03.040 I/liblog (31640): 6
09-30 05:12:03.040 V/CamX (31640): [ VERB][UTILS ] camxhashmap.cpp:210 GetInPlace() Key not found
09-30 05:12:03.040 I/liblog (31640): 4
09-30 05:12:03.040 I/liblog (31640): 3
09-30 05:12:03.040 I/liblog (31640): 2
09-30 05:12:03.040 I/liblog (31640): 24
09-30 05:12:03.040 V/CamX (31640): [ VERB][UTILS ] camxhashmap.cpp:210 GetInPlace() Key not found
09-30 05:12:03.040 I/liblog (31640): 4
09-30 05:12:03.040 I/liblog (31640): 2
09-30 05:12:03.041 I/liblog (31640): 3
09-30 05:12:03.041 V/CamX (31640): [ VERB][UTILS ] camxhashmap.cpp:210 GetInPlace() Key not found
09-30 05:12:03.041 V/CamX (31640): [ VERB][UTILS ] camxhashmap.cpp:210 GetInPlace() Key not found
09-30 05:12:03.041 I/liblog (31640): 6
09-30 05:12:03.041 V/CamX (31640): [ VERB][UTILS ] camxhashmap.cpp:210 GetInPlace() Key not found
09-30 05:12:03.041 V/CamX (31640): [ VERB][UTILS ] camxhashmap.cpp:210 GetInPlace() Key not found
09-30 05:12:03.041 V/CamX (31640): [ VERB][UTILS ] camxhashmap.cpp:210 GetInPlace() Key not found
09-30 05:12:03.041 I/liblog (31640): 10
09-30 05:12:03.041 I/liblog (31640): 23
09-30 05:12:03.042 V/CamX (31640): [ VERB][UTILS ] camxhashmap.cpp:210 GetInPlace() Key not found
09-30 05:12:03.042 V/CamX (31640): [ VERB][UTILS ] camxhashmap.cpp:210 GetInPlace() Key not found
09-30 05:12:03.042 I/liblog (31640): 11
09-30 05:12:03.042 I/liblog (31640): 4
09-30 05:12:03.042 V/CamX (31640): [ VERB][UTILS ] camxhashmap.cpp:210 GetInPlace() Key not found
09-30 05:12:03.042 I/liblog (31640): 5
09-30 05:12:03.042 V/CamX (31640): [ VERB][UTILS ] camxhashmap.cpp:210 GetInPlace() Key not found
09-30 05:12:03.042 I/liblog (31640): 6
09-30 05:12:03.042 V/CamX (31640): [ VERB][UTILS ] camxhashmap.cpp:210 GetInPlace() Key not found
09-30 05:12:03.042 I/liblog (31640): 6
09-30 05:12:03.042 V/CamX (31640): [ VERB][UTILS ] camxhashmap.cpp:210 GetInPlace() Key not found
09-30 05:12:03.042 V/CamX (31640): [ VERB][UTILS ] camxhashmap.cpp:210 GetInPlace() Key not found
09-30 05:12:03.042 I/liblog (31640): 9
09-30 05:12:03.042 I/liblog (31640): 4
09-30 05:12:03.043 V/CamX (31640): [ VERB][UTILS ] camxhashmap.cpp:210 GetInPlace() Key not found
09-30 05:12:03.043 V/CamX (31640): [ VERB][UTILS ] camxhashmap.cpp:210 GetInPlace() Key not found
09-30 05:12:03.043 I/liblog (31640): 9
09-30 05:12:03.043 I/liblog (31640): 4
09-30 05:12:03.043 I/liblog (31640): 4
09-30 05:12:03.043 I/liblog (31640): 5
09-30 05:12:03.043 I/liblog (31640): 4
09-30 05:12:03.043 I/liblog (31640): 4
09-30 05:12:03.043 I/liblog (31640): 4
09-30 05:12:03.043 I/liblog (31640): 4
09-30 05:12:03.043 V/CamX (31640): [ VERB][UTILS ] camxhashmap.cpp:210 GetInPlace() Key not found
09-30 05:12:03.043 I/liblog (31640): 8
09-30 05:12:03.043 I/liblog (31640): 4
09-30 05:12:03.043 I/liblog (31640): 4
09-30 05:12:03.044 I/liblog (31640): 4
09-30 05:12:03.044 I/liblog (31640): 2
09-30 05:12:03.044 V/CamX (31640): [ VERB][UTILS ] camxhashmap.cpp:210 GetInPlace() Key not found
09-30 05:12:03.044 V/CamX (31640): [ VERB][UTILS ] camxhashmap.cpp:210 GetInPlace() Key not found
09-30 05:12:03.044 I/liblog (31640): 9
09-30 05:12:03.044 I/liblog (31640): 4
09-30 05:12:03.044 I/liblog (31640): 4
09-30 05:12:03.044 I/liblog (31640): 4
09-30 05:12:03.044 V/CamX (31640): [ VERB][UTILS ] camxhashmap.cpp:210 GetInPlace() Key not found
09-30 05:12:03.044 V/CamX (31640): [ VERB][UTILS ] camxhashmap.cpp:210 GetInPlace() Key not found
09-30 05:12:03.044 I/liblog (31640): 8
09-30 05:12:03.044 I/liblog (31640): 4
09-30 05:12:03.044 I/liblog (31640): 4
09-30 05:12:03.044 I/liblog (31640): 4
09-30 05:12:03.044 V/CamX (31640): [ VERB][UTILS ] camxhashmap.cpp:210 GetInPlace() Key not found
09-30 05:12:03.045 I/liblog (31640): 6
09-30 05:12:03.045 I/liblog (31640): 4
09-30 05:12:03.045 I/liblog (31640): 4
09-30 05:12:03.045 V/CamX (31640): [ VERB][UTILS ] camxhashmap.cpp:210 GetInPlace() Key not found
09-30 05:12:03.045 V/CamX (31640): [ VERB][UTILS ] camxhashmap.cpp:210 GetInPlace() Key not found
09-30 05:12:03.045 V/CamX (31640): [ VERB][UTILS ] camxhashmap.cpp:210 GetInPlace() Key not found
09-30 05:12:03.045 V/CamX (31640): [ VERB][UTILS ] camxhashmap.cpp:210 GetInPlace() Key not found
09-30 05:12:03.045 I/liblog (31640): 15
09-30 05:12:03.045 V/CamX (31640): [ VERB][UTILS ] camxhashmap.cpp:210 GetInPlace() Key not found
09-30 05:12:03.045 I/liblog (31640): 25
09-30 05:12:03.046 V/CamX (31640): [ VERB][UTILS ] camxhashmap.cpp:210 GetInPlace() Key not found
09-30 05:12:03.046 V/CamX (31640): [ VERB][UTILS ] camxhashmap.cpp:210 GetInPlace() Key not found
09-30 05:12:03.046 I/liblog (31640): 8
09-30 05:12:03.046 I/liblog (31640): 4
09-30 05:12:03.046 I/liblog (31640): 3
09-30 05:12:03.046 I/liblog (31640): 3
09-30 05:12:03.046 I/liblog (31640): 3
09-30 05:12:03.046 V/CamX (31640): [ VERB][UTILS ] camxhashmap.cpp:210 GetInPlace() Key not found
09-30 05:12:03.046 I/liblog (31640): 6
09-30 05:12:03.046 I/liblog (31640): 4
09-30 05:12:03.046 I/liblog (31640): 4
09-30 05:12:03.046 V/CamX (31640): [ VERB][UTILS ] camxhashmap.cpp:210 GetInPlace() Key not found
09-30 05:12:03.046 I/liblog (31640): 6
09-30 05:12:03.046 I/liblog (31640): 4
09-30 05:12:03.046 I/liblog (31640): 4
09-30 05:12:03.047 I/liblog (31640): 4
09-30 05:12:03.047 I/liblog (31640): 4
09-30 05:12:03.047 I/liblog (31640): 4
09-30 05:12:03.047 V/CamX (31640): [ VERB][UTILS ] camxhashmap.cpp:210 GetInPlace() Key not found
09-30 05:12:03.047 I/liblog (31640): 6
09-30 05:12:03.047 I/liblog (31640): 4
09-30 05:12:03.047 I/liblog (31640): 2
09-30 05:12:03.047 I/liblog (31640): 3
09-30 05:12:03.047 V/CamX (31640): [ VERB][UTILS ] camxhashmap.cpp:210 GetInPlace() Key not found
09-30 05:12:03.047 I/liblog (31640): 4
09-30 05:12:03.047 I/liblog (31640): 3
09-30 05:12:03.047 I/liblog (31640): 3
09-30 05:12:03.047 I/liblog (31640): 3
09-30 05:12:03.047 I/liblog (31640): 2
09-30 05:12:03.048 V/CamX (31640): [ VERB][UTILS ] camxhashmap.cpp:210 GetInPlace() Key not found
09-30 05:12:03.048 I/liblog (31640): 6
09-30 05:12:03.048 I/liblog (31640): 3
09-30 05:12:03.048 I/liblog (31640): 12
09-30 05:12:03.048 E/CamX (31640): [ERROR][CSL ] camxcslhw.cpp:97 CSLInitializeHW() Failed to acquire requestManager invalid
09-30 05:12:03.048 E/CamX (31640): [ERROR][CORE ] camxhwenvironment.cpp:325 Initialize() FATAL ERROR: Raise SigAbort. HwEnvironment initialization failed
09-30 05:12:03.049 F/libc (31640): Fatal signal 6 (SIGABRT), code -6 (SI_TKILL) in tid 31640 (android.hardwar), pid 31640 (android.hardwar)
09-30 05:12:03.219 I/crash_dump64(31644): obtaining output fd from tombstoned, type: kDebuggerdTombstoneProto
09-30 05:12:03.222 I/tombstoned( 629): received crash request for pid 31640
09-30 05:12:03.224 I/crash_dump64(31644): performing dump of process 31640 (target tid = 31640)
09-30 05:12:03.235 E/DEBUG (31644): failed to read /proc/uptime: Permission denied
01-01 15:15:33.578 I/logd ( 0): logdr: UID=1047 GID=1005 PID=31644 n tail=0 logMask=8 pid=31640 start=0ns deadline=0ns
01-01 15:15:33.592 I/logd ( 0): logdr: UID=1047 GID=1005 PID=31644 n tail=0 logMask=1 pid=31640 start=0ns deadline=0ns
09-30 05:12:03.593 F/DEBUG (31644): *** *** *** *** *** *** *** *** *** *** *** *** *** *** *** ***
09-30 05:12:03.594 F/DEBUG (31644): Build fingerprint: 'TC/figure_CN/figure:12/SKQ1.220201.001/1010:userdebug/test-keys'
09-30 05:12:03.594 F/DEBUG (31644): Revision: '0'
09-30 05:12:03.594 F/DEBUG (31644): ABI: 'arm64'
09-30 05:12:03.594 F/DEBUG (31644): Timestamp: 2022-09-30 05:12:03.233111737+0800
09-30 05:12:03.594 F/DEBUG (31644): Process uptime: 0s
09-30 05:12:03.594 F/DEBUG (31644): Cmdline: /vendor/bin/hw/android.hardware.camera.provider@2.4-service_64
09-30 05:12:03.594 F/DEBUG (31644): pid: 31640, tid: 31640, name: android.hardwar >>> /vendor/bin/hw/android.hardware.camera.provider@2.4-service_64 <<<
09-30 05:12:03.594 F/DEBUG (31644): uid: 1047
09-30 05:12:03.594 F/DEBUG (31644): signal 6 (SIGABRT), code -6 (SI_TKILL), fault addr --------
09-30 05:12:03.594 F/DEBUG (31644): x0 0000000000000000 x1 0000000000007b98 x2 0000000000000006 x3 0000000000000000
09-30 05:12:03.594 F/DEBUG (31644): x4 00000000000cd288 x5 00000000000cd288 x6 00000000000cd288 x7 7f7f7f7f7f7f7f7f
09-30 05:12:03.594 F/DEBUG (31644): x8 0000000000000083 x9 d36bf7cf5d865d4f x10 0000007fd20b0828 x11 fffffffffffffffd
09-30 05:12:03.595 F/DEBUG (31644): x12 00000075a49bd000 x13 0000000000000000 x14 0000007fd20b0fb0 x15 0000000034155555
09-30 05:12:03.595 F/DEBUG (31644): x16 00000078c37df5a0 x17 00000078c37bb7c0 x18 00000078c925e000 x19 00000075a309053c
09-30 05:12:03.595 F/DEBUG (31644): x20 b4000075d35ecb20 x21 00000078c868f000 x22 0000007fd20b148c x23 00000075a3807aa0
09-30 05:12:03.595 F/DEBUG (31644): x24 00000075a37a7fc0 x25 00000075a3751db0 x26 0000000000000060 x27 0000000000000000
09-30 05:12:03.595 F/DEBUG (31644): x28 b4000076035e5fe8 x29 0000007fd20dd8d0
09-30 05:12:03.595 F/DEBUG (31644): lr 00000075a36897dc sp 0000007fd20b1420 pc 00000078c37bb7cc pst 0000000000001000
09-30 05:12:03.595 F/DEBUG (31644): backtrace:
09-30 05:12:03.596 F/DEBUG (31644): #00 pc 00000000000a17cc /apex/com.android.runtime/lib64/bionic/libc.so (tgkill+12) (BuildId: 369edc656806aeaf384cbeb8f7a347af)
09-30 05:12:03.596 F/DEBUG (31644): #01 pc 00000000006457d8 /vendor/lib64/hw/camera.qcom.so (CamX::HwEnvironment::GetInstance() (.cfi)+6368) (BuildId: b1384079992d9d7d882d76efbcfea07f)
09-30 05:12:03.596 F/DEBUG (31644): #02 pc 0000000000266a50 /vendor/lib64/hw/camera.qcom.so (CamX::HAL3Module::GetInstance()+664) (BuildId: b1384079992d9d7d882d76efbcfea07f)
09-30 05:12:03.596 F/DEBUG (31644): #03 pc 000000000025a294 /vendor/lib64/hw/camera.qcom.so (CamX::get_number_of_cameras() (.cfi)+84) (BuildId: b1384079992d9d7d882d76efbcfea07f)
09-30 05:12:03.596 F/DEBUG (31644): #04 pc 0000000000034908 /vendor/lib64/android.hardware.camera.provider@2.4-legacy.so (android::hardware::camera::common::V1_0::helper::CameraModule::init()+200) (BuildId: c456d5ffa961e6c6954debfeaac86fd5)
09-30 05:12:03.596 F/DEBUG (31644): #05 pc 0000000000026e48 /vendor/lib64/android.hardware.camera.provider@2.4-legacy.so (android::hardware::camera::provider::V2_4::implementation::LegacyCameraProviderImpl_2_4::initialize()+140) (BuildId: c456d5ffa961e6c6954debfeaac86fd5)
09-30 05:12:03.596 F/DEBUG (31644): #06 pc 0000000000026638 /vendor/lib64/android.hardware.camera.provider@2.4-legacy.so (android::hardware::camera::provider::V2_4::implementation::LegacyCameraProviderImpl_2_4::LegacyCameraProviderImpl_2_4()+160) (BuildId: c456d5ffa961e6c6954debfeaac86fd5)
09-30 05:12:03.596 F/DEBUG (31644): #07 pc 000000000000415c /vendor/lib64/hw/android.hardware.camera.provider@2.4-impl.so (android::hardware::camera::provider::V2_4::implementation::CameraProvider* android::hardware::camera::provider::V2_4::implementation::getProviderImpl() (.cfi)+64) (BuildId: 5e2f33df9f94aadf6b2d7d01985be38c)
09-30 05:12:03.596 F/DEBUG (31644): #08 pc 0000000000051d94 /apex/com.android.vndk.v30/lib64/libhidlbase.so (android::hardware::PassthroughServiceManager::get(android::hardware::hidl_string const&, android::hardware::hidl_string const&)::'lambda'(void*, std::__1::basic_string, std::__1::allocator > const&, std::__1::basic_string, std::__1::allocator > const&)::operator()(void*, std::__1::basic_string, std::__1::allocator > const&, std::__1::basic_string, std::__1::allocator > const&) const+96) (BuildId: fc3e2389a057aeefafa6557f6d78a06b)
09-30 05:12:03.596 F/DEBUG (31644): #09 pc 000000000004cdf0 /apex/com.android.vndk.v30/lib64/libhidlbase.so (android::hardware::PassthroughServiceManager::openLibs(std::__1::basic_string, std::__1::allocator > const&, std::__1::function, std::__1::allocator > const&, std::__1::basic_string, std::__1::allocator > const&)> const&)+944) (BuildId: fc3e2389a057aeefafa6557f6d78a06b)
09-30 05:12:03.596 F/DEBUG (31644): #10 pc 00000000000502a0 /apex/com.android.vndk.v30/lib64/libhidlbase.so (android::hardware::PassthroughServiceManager::get(android::hardware::hidl_string const&, android::hardware::hidl_string const&)+92) (BuildId: fc3e2389a057aeefafa6557f6d78a06b)
09-30 05:12:03.597 F/DEBUG (31644): #11 pc 000000000004dd8c /apex/com.android.vndk.v30/lib64/libhidlbase.so (android::hardware::details::getRawServiceInternal(std::__1::basic_string, std::__1::allocator > const&, std::__1::basic_string, std::__1::allocator > const&, bool, bool)+1488) (BuildId: fc3e2389a057aeefafa6557f6d78a06b)
09-30 05:12:03.597 F/DEBUG (31644): #12 pc 000000000004b91c /apex/com.android.vndk.v30/lib64/libhidlbase.so (android::hardware::details::registerPassthroughServiceImplementation(std::__1::basic_string, std::__1::allocator > const&, std::__1::basic_string, std::__1::allocator > const&, std::__1::function const&, std::__1::basic_string, std::__1::allocator > const&)>, std::__1::basic_string, std::__1::allocator > const&)+80) (BuildId: fc3e2389a057aeefafa6557f6d78a06b)
09-30 05:12:03.597 F/DEBUG (31644): #13 pc 000000000004bc9c /apex/com.android.vndk.v30/lib64/libhidlbase.so (android::hardware::registerPassthroughServiceImplementation(std::__1::basic_string, std::__1::allocator > const&, std::__1::basic_string, std::__1::allocator > const&, std::__1::basic_string, std::__1::allocator > const&)+56) (BuildId: fc3e2389a057aeefafa6557f6d78a06b)
09-30 05:12:03.597 F/DEBUG (31644): #14 pc 0000000000001130 /vendor/bin/hw/android.hardware.camera.provider@2.4-service_64 (main.cfi+196) (BuildId: a1ba6e409ca848af1f0b7c62860af7da)
09-30 05:12:03.597 F/DEBUG (31644): #15 pc 000000000004a084 /apex/com.android.runtime/lib64/bionic/libc.so (__libc_init+100) (BuildId: 369edc656806aeaf384cbeb8f7a347af) --------- beginning of system
09-30 05:12:03.642 W/NativeCrashListener( 1131): Couldn't find ProcessRecord for pid 31640
09-30 05:12:03.644 E/tombstoned( 629): Tombstone written to: tombstone_22
09-30 05:12:03.657 I/BootReceiver( 1131): Copying /data/tombstones/tombstone_22 to DropBox (SYSTEM_TOMBSTONE)
09-30 05:12:03.658 I/DropBoxManagerService( 1131): add tag=SYSTEM_TOMBSTONE isTagEnabled=true flags=0x6
09-30 05:12:03.670 I/dropbox_file_copy( 1131): [/data/tombstones/tombstone_22,98304,SYSTEM_TOMBSTONE]
09-30 05:12:03.679 I/commit_sys_config_file( 1131): [log-files,9779099]
09-30 05:12:03.680 E/NativeTombstoneManager( 1131): Tombstone's UID (1047) not an app, ignoring
09-30 05:12:03.682 I/DropBoxManagerService( 1131): add tag=SYSTEM_TOMBSTONE_PROTO isTagEnabled=true flags=0x4
09-30 05:12:03.699 I/commit_sys_config_file( 1131): [log-files,9779118]
09-30 05:12:03.863 I/mpu_uart( 648): [MSG-P:RECV]:No message received in 1000 ms
01-01 15:15:34.048 D/ ( 0): mv2112_read_status
01-01 15:15:34.051 D/mv2112_update_link( 0): 3.0x901(1G): 0x80
01-01 15:15:34.057 D/mv2112_update_link( 0): 3.0x8109(100M): 0x0
01-01 15:15:34.062 D/mv2112_update_link( 0): link 0x0
01-01 15:15:34.067 D/mv2112_read_status( 0): autoneg is disabled
09-30 05:12:04.786 I/mpu_uart( 648): [MSG-P:R]:recv sync frame timeout
09-30 05:12:04.864 I/mpu_uart( 648): [MSG-P:RECV]:No message received in 1000 ms
01-01 15:15:35.071 D/ ( 0): mv2112_read_status
01-01 15:15:35.075 D/mv2112_update_link( 0): 3.0x901(1G): 0x80
01-01 15:15:35.081 D/mv2112_update_link( 0): 3.0x8109(100M): 0x0
01-01 15:15:35.087 D/mv2112_update_link( 0): link 0x0
01-01 15:15:35.091 D/mv2112_read_status( 0): autoneg is disabled
09-30 05:12:05.865 I/mpu_uart( 648): [MSG-P:RECV]:No message received in 1000 ms
01-01 15:15:36.095 D/ ( 0): mv2112_read_status
01-01 15:15:36.099 D/mv2112_update_link( 0): 3.0x901(1G): 0x80
01-01 15:15:36.105 D/mv2112_update_link( 0): 3.0x8109(100M): 0x0
01-01 15:15:36.111 D/mv2112_update_link( 0): link 0x0
01-01 15:15:36.115 D/mv2112_read_status( 0): autoneg is disabled
09-30 05:12:06.865 I/mpu_uart( 648): [MSG-P:RECV]:No message received in 1000 ms
01-01 15:15:37.119 D/ ( 0): mv2112_read_status
01-01 15:15:37.123 D/mv2112_update_link( 0): 3.0x901(1G): 0x80
01-01 15:15:37.129 D/mv2112_update_link( 0): 3.0x8109(100M): 0x0
01-01 15:15:37.135 D/mv2112_update_link( 0): link 0x0
01-01 15:15:37.139 D/mv2112_read_status( 0): autoneg is disabled
01-01 15:15:37.774 I/init ( 0): starting service 'qvrd_vndr'...
01-01 15:15:37.787 I/init ( 0): Created socket '/dev/socket/qvrservice_vndr', mode 660, user 1000, group 1000
01-01 15:15:37.799 I/init ( 0): Created socket '/dev/socket/qvrservice_vndr_camera', mode 660, user 1000, group 1000
09-30 05:12:07.789 I/mpu_uart( 648): [MSG-P:R]:recv sync frame timeout
01-01 15:15:37.843 I/init ( 0): starting service 'sxrd'...
09-30 05:12:07.828 F/linker (31649): CANNOT LINK EXECUTABLE "/vendor/bin/hw/qvrservice": library "vendor.qti.hardware.qxr-V1-ndk_platform.so" not found: needed by /vendor/lib64/libqvrservice.so in namespace (default)
01-01 15:15:37.874 I/init ( 0): starting service 'vendor.camera-provider-2-4'...
09-30 05:12:07.848 F/linker (31650): CANNOT LINK EXECUTABLE "/vendor/bin/hw/sxrservice": library "vendor.qti.hardware.qxr-V1-ndk_platform.so" not found: needed by main executable
09-30 05:12:07.866 I/mpu_uart( 648): [MSG-P:RECV]:No message received in 1000 ms
01-01 15:15:37.910 I/init ( 0): starting service 'vendor.light-hal-2-0'...
01-01 15:15:37.944 I/init ( 0): Service 'qvrd_vndr' (pid 31649) exited with status 1
01-01 15:15:37.950 I/init ( 0): Sending signal 9 to service 'qvrd_vndr' (pid 31649) process group...
01-01 15:15:37.959 I/libprocessgroup( 0): Successfully killed process cgroup uid 1000 pid 31649 in 0ms
01-01 15:15:37.972 I/init ( 0): Service 'sxrd' (pid 31650) exited with status 1
09-30 05:12:07.932 I/android.hardware.camera.provider@2.4-service(31651): CameraProvider@2.4 legacy service is starting.
09-30 05:12:07.957 I/hwservicemanager( 502): getTransport: Cannot find entry android.hardware.light@2.0::ILight/default in either framework or device VINTF manifest.
09-30 05:12:07.967 E/light (31652): light_open lights keyboard failed: -22
09-30 05:12:07.968 E/light (31652): Light passthrough failed to load legacy HAL.
09-30 05:12:07.970 E/light (31652): light_open lights buttons failed: -22
09-30 05:12:07.970 E/light (31652): Light passthrough failed to load legacy HAL.
09-30 05:12:07.977 E/light (31652): light_open lights bluetooth failed: -22
09-30 05:12:07.977 E/light (31652): Light passthrough failed to load legacy HAL.
09-30 05:12:07.979 E/light (31652): light_open lights wifi failed: -22
09-30 05:12:07.979 E/light (31652): Light passthrough failed to load legacy HAL.
09-30 05:12:07.980 I/hwservicemanager( 502): getTransport: Cannot find entry android.hardware.light@2.0::ILight/default in either framework or device VINTF manifest.
09-30 05:12:07.981 E/HidlServiceManagement(31652): Service android.hardware.light@2.0::ILight/default must be in VINTF manifest in order to register/get.
09-30 05:12:07.981 E/LegacySupport(31652): Could not register service android.hardware.light@2.0::ILight/default (-2147483648).
09-30 05:12:08.020 I/android.hardware.camera.provider@2.4-service_64(31651): vendor/qcom/proprietary/adsprpc/src/rpcmem_android.c:159: rpcmem_init_internal: opened ION device fd 7, configured heap IDs: system (0x2000000), contig (0x400000), secure (0x200), secure flags (0x80080000)
09-30 05:12:08.020 I/android.hardware.camera.provider@2.4-service_64(31651): vendor/qcom/proprietary/adsprpc/src/fastrpc_apps_user.c:3087: fastrpc_apps_user_init done with default domain:3 and &fastrpc_trace:0x785e36efa0
09-30 05:12:08.033 I/CamX (31651): [CONFIG][HAL ] camxhal3module.cpp:390 HAL3Module() ***************************************************
09-30 05:12:08.033 I/CamX (31651): [CONFIG][HAL ] camxhal3module.cpp:391 HAL3Module() SHA1: 163bad69f8e118afcbc104e84812da2d6af207e5
09-30 05:12:08.033 I/CamX (31651): [CONFIG][HAL ] camxhal3module.cpp:392 HAL3Module() COMMITID: If4c26b066d3b7b6fb9b42c375f3512c170da45f2
09-30 05:12:08.033 I/CamX (31651): [CONFIG][HAL ] camxhal3module.cpp:393 HAL3Module() BUILD TS: 9/30/2022 3:30:34
09-30 05:12:08.033 I/CamX (31651): [CONFIG][HAL ] camxhal3module.cpp:394 HAL3Module() ***************************************************
09-30 05:12:08.059 V/CamX (31651): [ VERB][CORE ] camxoverridesettingsfile.cpp:385 Initialize() Could not find override settings text file at: /vendor/etc/camera/camxoverridesettings.txt
09-30 05:12:08.059 V/CamX (31651): [ VERB][CORE ] camxoverridesettingsfile.cpp:385 Initialize() Could not find override settings text file at: ./camxoverridesettings.txt
09-30 05:12:08.059 V/CamX (31651): [ VERB][UTILS ] camxhashmap.cpp:210 GetInPlace() Key not found
09-30 05:12:08.060 V/CamX (31651): [ VERB][UTILS ] camxhashmap.cpp:210 GetInPlace() Key not found
09-30 05:12:08.060 V/CamX (31651): [ VERB][UTILS ] camxhashmap.cpp:210 GetInPlace() Key not found
09-30 05:12:08.060 V/CamX (31651): [ VERB][UTILS ] camxhashmap.cpp:210 GetInPlace() Key not found
09-30 05:12:08.060 V/CamX (31651): [ VERB][UTILS ] camxhashmap.cpp:210 GetInPlace() Key not found
09-30 05:12:08.060 V/CamX (31651): [ VERB][UTILS ] camxhashmap.cpp:210 GetInPlace() Key not found
09-30 05:12:08.060 V/CamX (31651): [ VERB][UTILS ] camxhashmap.cpp:210 GetInPlace() Key not found
09-30 05:12:08.060 V/CamX (31651): [ VERB][UTILS ] camxhashmap.cpp:210 GetInPlace() Key not found
09-30 05:12:08.060 V/CamX (31651): [ VERB][UTILS ] camxhashmap.cpp:210 GetInPlace() Key not found
09-30 05:12:08.060 V/CamX (31651): [ VERB][UTILS ] camxhashmap.cpp:210 GetInPlace() Key not found
09-30 05:12:08.060 V/CamX (31651): [ VERB][UTILS ] camxhashmap.cpp:210 GetInPlace() Key not found
09-30 05:12:08.060 V/CamX (31651): [ VERB][UTILS ] camxhashmap.cpp:210 GetInPlace() Key not found
09-30 05:12:08.060 V/CamX (31651): [ VERB][UTILS ] camxhashmap.cpp:210 GetInPlace() Key not found
09-30 05:12:08.060 V/CamX (31651): [ VERB][UTILS ] camxhashmap.cpp:210 GetInPlace() Key not found
09-30 05:12:08.060 V/CamX (31651): [ VERB][UTILS ] camxhashmap.cpp:210 GetInPlace() Key not found
09-30 05:12:08.060 V/CamX (31651): [ VERB][UTILS ] camxhashmap.cpp:210 GetInPlace() Key not found
09-30 05:12:08.060 V/CamX (31651): [ VERB][UTILS ] camxhashmap.cpp:210 GetInPlace() Key not found
09-30 05:12:08.060 V/CamX (31651): [ VERB][UTILS ] camxhashmap.cpp:210 GetInPlace() Key not found
09-30 05:12:08.060 V/CamX (31651): [ VERB][UTILS ] camxhashmap.cpp:210 GetInPlace() Key not found
09-30 05:12:08.060 V/CamX (31651): [ VERB][UTILS ] camxhashmap.cpp:210 GetInPlace() Key not found
09-30 05:12:08.060 V/CamX (31651): [ VERB][UTILS ] camxhashmap.cpp:210 GetInPlace() Key not found
09-30 05:12:08.060 V/CamX (31651): [ VERB][UTILS ] camxhashmap.cpp:210 GetInPlace() Key not found
09-30 05:12:08.060 V/CamX (31651): [ VERB][UTILS ] camxhashmap.cpp:210 GetInPlace() Key not found
09-30 05:12:08.060 V/CamX (31651): [ VERB][UTILS ] camxhashmap.cpp:210 GetInPlace() Key not found
09-30 05:12:08.060 V/CamX (31651): [ VERB][UTILS ] camxhashmap.cpp:210 GetInPlace() Key not found
09-30 05:12:08.060 V/CamX (31651): [ VERB][UTILS ] camxhashmap.cpp:210 GetInPlace() Key not found
09-30 05:12:08.060 V/CamX (31651): [ VERB][UTILS ] camxhashmap.cpp:210 GetInPlace() Key not found
09-30 05:12:08.060 V/CamX (31651): [ VERB][UTILS ] camxhashmap.cpp:210 GetInPlace() Key not found
09-30 05:12:08.060 V/CamX (31651): [ VERB][UTILS ] camxhashmap.cpp:210 GetInPlace() Key not found
09-30 05:12:08.060 V/CamX (31651): [ VERB][UTILS ] camxhashmap.cpp:210 GetInPlace() Key not found
09-30 05:12:08.060 V/CamX (31651): [ VERB][UTILS ] camxhashmap.cpp:210 GetInPlace() Key not found
09-30 05:12:08.060 V/CamX (31651): [ VERB][UTILS ] camxhashmap.cpp:210 GetInPlace() Key not found
09-30 05:12:08.060 V/CamX (31651): [ VERB][UTILS ] camxhashmap.cpp:210 GetInPlace() Key not found
09-30 05:12:08.060 V/CamX (31651): [ VERB][UTILS ] camxhashmap.cpp:210 GetInPlace() Key not found
09-30 05:12:08.060 V/CamX (31651): [ VERB][UTILS ] camxhashmap.cpp:210 GetInPlace() Key not found
09-30 05:12:08.060 V/CamX (31651): [ VERB][UTILS ] camxhashmap.cpp:210 GetInPlace() Key not found
09-30 05:12:08.060 V/CamX (31651): [ VERB][UTILS ] camxhashmap.cpp:210 GetInPlace() Key not found
09-30 05:12:08.060 V/CamX (31651): [ VERB][UTILS ] camxhashmap.cpp:210 GetInPlace() Key not found
09-30 05:12:08.060 V/CamX (31651): [ VERB][UTILS ] camxhashmap.cpp:210 GetInPlace() Key not found
09-30 05:12:08.060 V/CamX (31651): [ VERB][UTILS ] camxhashmap.cpp:210 GetInPlace() Key not found
09-30 05:12:08.060 V/CamX (31651): [ VERB][UTILS ] camxhashmap.cpp:210 GetInPlace() Key not found
09-30 05:12:08.060 V/CamX (31651): [ VERB][UTILS ] camxhashmap.cpp:210 GetInPlace() Key not found
09-30 05:12:08.060 V/CamX (31651): [ VERB][UTILS ] camxhashmap.cpp:210 GetInPlace() Key not found
09-30 05:12:08.060 V/CamX (31651): [ VERB][UTILS ] camxhashmap.cpp:210 GetInPlace() Key not found
09-30 05:12:08.060 V/CamX (31651): [ VERB][UTILS ] camxhashmap.cpp:210 GetInPlace() Key not found
09-30 05:12:08.061 V/CamX (31651): [ VERB][UTILS ] camxhashmap.cpp:210 GetInPlace() Key not found
09-30 05:12:08.061 V/CamX (31651): [ VERB][UTILS ] camxhashmap.cpp:210 GetInPlace() Key not found
09-30 05:12:08.061 V/CamX (31651): [ VERB][UTILS ] camxhashmap.cpp:210 GetInPlace() Key not found
09-30 05:12:08.061 V/CamX (31651): [ VERB][UTILS ] camxhashmap.cpp:210 GetInPlace() Key not found
09-30 05:12:08.061 V/CamX (31651): [ VERB][UTILS ] camxhashmap.cpp:210 GetInPlace() Key not found
09-30 05:12:08.061 V/CamX (31651): [ VERB][UTILS ] camxhashmap.cpp:210 GetInPlace() Key not found
09-30 05:12:08.061 V/CamX (31651): [ VERB][UTILS ] camxhashmap.cpp:210 GetInPlace() Key not found
09-30 05:12:08.061 V/CamX (31651): [ VERB][UTILS ] camxhashmap.cpp:210 GetInPlace() Key not found
09-30 05:12:08.061 V/CamX (31651): [ VERB][UTILS ] camxhashmap.cpp:210 GetInPlace() Key not found
09-30 05:12:08.061 V/CamX (31651): [ VERB][UTILS ] camxhashmap.cpp:210 GetInPlace() Key not found
09-30 05:12:08.061 V/CamX (31651): [ VERB][UTILS ] camxhashmap.cpp:210 GetInPlace() Key not found
09-30 05:12:08.061 V/CamX (31651): [ VERB][UTILS ] camxhashmap.cpp:210 GetInPlace() Key not found
09-30 05:12:08.061 V/CamX (31651): [ VERB][UTILS ] camxhashmap.cpp:210 GetInPlace() Key not found
09-30 05:12:08.061 V/CamX (31651): [ VERB][UTILS ] camxhashmap.cpp:210 GetInPlace() Key not found
09-30 05:12:08.061 V/CamX (31651): [ VERB][UTILS ] camxhashmap.cpp:210 GetInPlace() Key not found
09-30 05:12:08.061 V/CamX (31651): [ VERB][UTILS ] camxhashmap.cpp:210 GetInPlace() Key not found
09-30 05:12:08.061 V/CamX (31651): [ VERB][UTILS ] camxhashmap.cpp:210 GetInPlace() Key not found
09-30 05:12:08.061 V/CamX (31651): [ VERB][UTILS ] camxhashmap.cpp:210 GetInPlace() Key not found
09-30 05:12:08.061 V/CamX (31651): [ VERB][UTILS ] camxhashmap.cpp:210 GetInPlace() Key not found
09-30 05:12:08.061 V/CamX (31651): [ VERB][UTILS ] camxhashmap.cpp:210 GetInPlace() Key not found
09-30 05:12:08.061 V/CamX (31651): [ VERB][UTILS ] camxhashmap.cpp:210 GetInPlace() Key not found
09-30 05:12:08.061 V/CamX (31651): [ VERB][UTILS ] camxhashmap.cpp:210 GetInPlace() Key not found
