09-30 05:12:33.463 V/CamX (31719): [ VERB][UTILS ] camxhashmap.cpp:210 GetInPlace() Key not found
09-30 05:12:33.463 V/CamX (31719): [ VERB][UTILS ] camxhashmap.cpp:210 GetInPlace() Key not found
09-30 05:12:33.463 V/CamX (31719): [ VERB][UTILS ] camxhashmap.cpp:210 GetInPlace() Key not found
09-30 05:12:33.463 V/CamX (31719): [ VERB][UTILS ] camxhashmap.cpp:210 GetInPlace() Key not found
09-30 05:12:33.463 V/CamX (31719): [ VERB][UTILS ] camxhashmap.cpp:210 GetInPlace() Key not found
09-30 05:12:33.463 V/CamX (31719): [ VERB][UTILS ] camxhashmap.cpp:210 GetInPlace() Key not found
09-30 05:12:33.463 V/CamX (31719): [ VERB][UTILS ] camxhashmap.cpp:210 GetInPlace() Key not found
09-30 05:12:33.463 V/CamX (31719): [ VERB][UTILS ] camxhashmap.cpp:210 GetInPlace() Key not found
09-30 05:12:33.463 V/CamX (31719): [ VERB][UTILS ] camxhashmap.cpp:210 GetInPlace() Key not found
09-30 05:12:33.463 V/CamX (31719): [ VERB][UTILS ] camxhashmap.cpp:210 GetInPlace() Key not found
09-30 05:12:33.463 V/CamX (31719): [ VERB][UTILS ] camxhashmap.cpp:210 GetInPlace() Key not found
09-30 05:12:33.463 V/CamX (31719): [ VERB][UTILS ] camxhashmap.cpp:210 GetInPlace() Key not found
09-30 05:12:33.463 V/CamX (31719): [ VERB][UTILS ] camxhashmap.cpp:210 GetInPlace() Key not found
09-30 05:12:33.463 V/CamX (31719): [ VERB][UTILS ] camxhashmap.cpp:210 GetInPlace() Key not found
09-30 05:12:33.463 V/CamX (31719): [ VERB][UTILS ] camxhashmap.cpp:210 GetInPlace() Key not found
09-30 05:12:33.463 V/CamX (31719): [ VERB][UTILS ] camxhashmap.cpp:210 GetInPlace() Key not found
09-30 05:12:33.463 V/CamX (31719): [ VERB][UTILS ] camxhashmap.cpp:210 GetInPlace() Key not found
09-30 05:12:33.463 V/CamX (31719): [ VERB][UTILS ] camxhashmap.cpp:210 GetInPlace() Key not found
09-30 05:12:33.463 V/CamX (31719): [ VERB][UTILS ] camxhashmap.cpp:210 GetInPlace() Key not found
09-30 05:12:33.463 V/CamX (31719): [ VERB][UTILS ] camxhashmap.cpp:210 GetInPlace() Key not found
09-30 05:12:33.463 V/CamX (31719): [ VERB][UTILS ] camxhashmap.cpp:210 GetInPlace() Key not found
09-30 05:12:33.463 V/CamX (31719): [ VERB][UTILS ] camxhashmap.cpp:210 GetInPlace() Key not found
09-30 05:12:33.463 V/CamX (31719): [ VERB][UTILS ] camxhashmap.cpp:210 GetInPlace() Key not found
09-30 05:12:33.463 V/CamX (31719): [ VERB][UTILS ] camxhashmap.cpp:210 GetInPlace() Key not found
09-30 05:12:33.463 V/CamX (31719): [ VERB][UTILS ] camxhashmap.cpp:210 GetInPlace() Key not found
09-30 05:12:33.463 V/CamX (31719): [ VERB][UTILS ] camxhashmap.cpp:210 GetInPlace() Key not found
09-30 05:12:33.463 V/CamX (31719): [ VERB][UTILS ] camxhashmap.cpp:210 GetInPlace() Key not found
09-30 05:12:33.463 V/CamX (31719): [ VERB][UTILS ] camxhashmap.cpp:210 GetInPlace() Key not found
09-30 05:12:33.463 V/CamX (31719): [ VERB][UTILS ] camxhashmap.cpp:210 GetInPlace() Key not found
09-30 05:12:33.463 V/CamX (31719): [ VERB][UTILS ] camxhashmap.cpp:210 GetInPlace() Key not found
09-30 05:12:33.463 V/CamX (31719): [ VERB][UTILS ] camxhashmap.cpp:210 GetInPlace() Key not found
09-30 05:12:33.463 V/CamX (31719): [ VERB][UTILS ] camxhashmap.cpp:210 GetInPlace() Key not found
09-30 05:12:33.463 V/CamX (31719): [ VERB][UTILS ] camxhashmap.cpp:210 GetInPlace() Key not found
09-30 05:12:33.463 V/CamX (31719): [ VERB][UTILS ] camxhashmap.cpp:210 GetInPlace() Key not found
09-30 05:12:33.463 V/CamX (31719): [ VERB][UTILS ] camxhashmap.cpp:210 GetInPlace() Key not found
09-30 05:12:33.463 V/CamX (31719): [ VERB][UTILS ] camxhashmap.cpp:210 GetInPlace() Key not found
09-30 05:12:33.463 V/CamX (31719): [ VERB][UTILS ] camxhashmap.cpp:210 GetInPlace() Key not found
09-30 05:12:33.463 V/CamX (31719): [ VERB][UTILS ] camxhashmap.cpp:210 GetInPlace() Key not found
09-30 05:12:33.464 V/CamX (31719): [ VERB][UTILS ] camxhashmap.cpp:210 GetInPlace() Key not found
09-30 05:12:33.464 V/CamX (31719): [ VERB][UTILS ] camxhashmap.cpp:210 GetInPlace() Key not found
09-30 05:12:33.464 V/CamX (31719): [ VERB][UTILS ] camxhashmap.cpp:210 GetInPlace() Key not found
09-30 05:12:33.464 V/CamX (31719): [ VERB][UTILS ] camxhashmap.cpp:210 GetInPlace() Key not found
09-30 05:12:33.464 V/CamX (31719): [ VERB][UTILS ] camxhashmap.cpp:210 GetInPlace() Key not found
09-30 05:12:33.464 V/CamX (31719): [ VERB][UTILS ] camxhashmap.cpp:210 GetInPlace() Key not found
09-30 05:12:33.464 V/CamX (31719): [ VERB][UTILS ] camxhashmap.cpp:210 GetInPlace() Key not found
09-30 05:12:33.464 V/CamX (31719): [ VERB][UTILS ] camxhashmap.cpp:210 GetInPlace() Key not found
09-30 05:12:33.464 V/CamX (31719): [ VERB][UTILS ] camxhashmap.cpp:210 GetInPlace() Key not found
09-30 05:12:33.464 V/CamX (31719): [ VERB][UTILS ] camxhashmap.cpp:210 GetInPlace() Key not found
09-30 05:12:33.464 V/CamX (31719): [ VERB][UTILS ] camxhashmap.cpp:210 GetInPlace() Key not found
09-30 05:12:33.464 V/CamX (31719): [ VERB][UTILS ] camxhashmap.cpp:210 GetInPlace() Key not found
09-30 05:12:33.464 V/CamX (31719): [ VERB][UTILS ] camxhashmap.cpp:210 GetInPlace() Key not found
09-30 05:12:33.464 V/CamX (31719): [ VERB][UTILS ] camxhashmap.cpp:210 GetInPlace() Key not found
09-30 05:12:33.464 V/CamX (31719): [ VERB][UTILS ] camxhashmap.cpp:210 GetInPlace() Key not found
09-30 05:12:33.464 V/CamX (31719): [ VERB][UTILS ] camxhashmap.cpp:210 GetInPlace() Key not found
09-30 05:12:33.464 V/CamX (31719): [ VERB][UTILS ] camxhashmap.cpp:210 GetInPlace() Key not found
09-30 05:12:33.464 V/CamX (31719): [ VERB][UTILS ] camxhashmap.cpp:210 GetInPlace() Key not found
09-30 05:12:33.464 V/CamX (31719): [ VERB][UTILS ] camxhashmap.cpp:210 GetInPlace() Key not found
09-30 05:12:33.464 V/CamX (31719): [ VERB][UTILS ] camxhashmap.cpp:210 GetInPlace() Key not found
09-30 05:12:33.464 V/CamX (31719): [ VERB][UTILS ] camxhashmap.cpp:210 GetInPlace() Key not found
09-30 05:12:33.464 V/CamX (31719): [ VERB][UTILS ] camxhashmap.cpp:210 GetInPlace() Key not found
09-30 05:12:33.464 V/CamX (31719): [ VERB][UTILS ] camxhashmap.cpp:210 GetInPlace() Key not found
09-30 05:12:33.464 V/CamX (31719): [ VERB][UTILS ] camxhashmap.cpp:210 GetInPlace() Key not found
09-30 05:12:33.464 V/CamX (31719): [ VERB][UTILS ] camxhashmap.cpp:210 GetInPlace() Key not found
09-30 05:12:33.464 V/CamX (31719): [ VERB][UTILS ] camxhashmap.cpp:210 GetInPlace() Key not found
09-30 05:12:33.464 V/CamX (31719): [ VERB][UTILS ] camxhashmap.cpp:210 GetInPlace() Key not found
09-30 05:12:33.464 V/CamX (31719): [ VERB][UTILS ] camxhashmap.cpp:210 GetInPlace() Key not found
09-30 05:12:33.464 V/CamX (31719): [ VERB][UTILS ] camxhashmap.cpp:210 GetInPlace() Key not found
09-30 05:12:33.464 V/CamX (31719): [ VERB][UTILS ] camxhashmap.cpp:210 GetInPlace() Key not found
09-30 05:12:33.464 V/CamX (31719): [ VERB][UTILS ] camxhashmap.cpp:210 GetInPlace() Key not found
09-30 05:12:33.464 V/CamX (31719): [ VERB][UTILS ] camxhashmap.cpp:210 GetInPlace() Key not found
09-30 05:12:33.464 V/CamX (31719): [ VERB][UTILS ] camxhashmap.cpp:210 GetInPlace() Key not found
09-30 05:12:33.464 V/CamX (31719): [ VERB][UTILS ] camxhashmap.cpp:210 GetInPlace() Key not found
09-30 05:12:33.464 V/CamX (31719): [ VERB][UTILS ] camxhashmap.cpp:210 GetInPlace() Key not found
09-30 05:12:33.464 V/CamX (31719): [ VERB][UTILS ] camxhashmap.cpp:210 GetInPlace() Key not found
09-30 05:12:33.464 V/CamX (31719): [ VERB][UTILS ] camxhashmap.cpp:210 GetInPlace() Key not found
09-30 05:12:33.464 V/CamX (31719): [ VERB][UTILS ] camxhashmap.cpp:210 GetInPlace() Key not found
09-30 05:12:33.464 V/CamX (31719): [ VERB][UTILS ] camxhashmap.cpp:210 GetInPlace() Key not found
09-30 05:12:33.464 V/CamX (31719): [ VERB][UTILS ] camxhashmap.cpp:210 GetInPlace() Key not found
09-30 05:12:33.464 V/CamX (31719): [ VERB][UTILS ] camxhashmap.cpp:210 GetInPlace() Key not found
09-30 05:12:33.464 V/CamX (31719): [ VERB][UTILS ] camxhashmap.cpp:210 GetInPlace() Key not found
09-30 05:12:33.464 V/CamX (31719): [ VERB][UTILS ] camxhashmap.cpp:210 GetInPlace() Key not found
09-30 05:12:33.465 V/CamX (31719): [ VERB][UTILS ] camxhashmap.cpp:210 GetInPlace() Key not found
09-30 05:12:33.465 V/CamX (31719): [ VERB][UTILS ] camxhashmap.cpp:210 GetInPlace() Key not found
09-30 05:12:33.465 V/CamX (31719): [ VERB][UTILS ] camxhashmap.cpp:210 GetInPlace() Key not found
09-30 05:12:33.465 V/CamX (31719): [ VERB][UTILS ] camxhashmap.cpp:210 GetInPlace() Key not found
09-30 05:12:33.465 V/CamX (31719): [ VERB][UTILS ] camxhashmap.cpp:210 GetInPlace() Key not found
09-30 05:12:33.465 V/CamX (31719): [ VERB][UTILS ] camxhashmap.cpp:210 GetInPlace() Key not found
09-30 05:12:33.465 V/CamX (31719): [ VERB][UTILS ] camxhashmap.cpp:210 GetInPlace() Key not found
09-30 05:12:33.465 V/CamX (31719): [ VERB][UTILS ] camxhashmap.cpp:210 GetInPlace() Key not found
09-30 05:12:33.465 V/CamX (31719): [ VERB][UTILS ] camxhashmap.cpp:210 GetInPlace() Key not found
09-30 05:12:33.465 V/CamX (31719): [ VERB][UTILS ] camxhashmap.cpp:210 GetInPlace() Key not found
09-30 05:12:33.465 V/CamX (31719): [ VERB][UTILS ] camxhashmap.cpp:210 GetInPlace() Key not found
09-30 05:12:33.465 V/CamX (31719): [ VERB][UTILS ] camxhashmap.cpp:210 GetInPlace() Key not found
09-30 05:12:33.465 V/CamX (31719): [ VERB][UTILS ] camxhashmap.cpp:210 GetInPlace() Key not found
09-30 05:12:33.465 V/CamX (31719): [ VERB][UTILS ] camxhashmap.cpp:210 GetInPlace() Key not found
09-30 05:12:33.465 V/CamX (31719): [ VERB][UTILS ] camxhashmap.cpp:210 GetInPlace() Key not found
09-30 05:12:33.465 V/CamX (31719): [ VERB][UTILS ] camxhashmap.cpp:210 GetInPlace() Key not found
09-30 05:12:33.465 V/CamX (31719): [ VERB][UTILS ] camxhashmap.cpp:210 GetInPlace() Key not found
09-30 05:12:33.465 V/CamX (31719): [ VERB][UTILS ] camxhashmap.cpp:210 GetInPlace() Key not found
09-30 05:12:33.465 V/CamX (31719): [ VERB][UTILS ] camxhashmap.cpp:210 GetInPlace() Key not found
09-30 05:12:33.465 V/CamX (31719): [ VERB][UTILS ] camxhashmap.cpp:210 GetInPlace() Key not found
09-30 05:12:33.465 V/CamX (31719): [ VERB][UTILS ] camxhashmap.cpp:210 GetInPlace() Key not found
09-30 05:12:33.466 V/CamX (31719): [ VERB][UTILS ] camxhashmap.cpp:210 GetInPlace() Key not found
09-30 05:12:33.466 V/CamX (31719): [ VERB][UTILS ] camxhashmap.cpp:210 GetInPlace() Key not found
09-30 05:12:33.466 V/CamX (31719): [ VERB][UTILS ] camxhashmap.cpp:210 GetInPlace() Key not found
09-30 05:12:33.466 V/CamX (31719): [ VERB][UTILS ] camxhashmap.cpp:210 GetInPlace() Key not found
09-30 05:12:33.466 V/CamX (31719): [ VERB][UTILS ] camxhashmap.cpp:210 GetInPlace() Key not found
09-30 05:12:33.466 V/CamX (31719): [ VERB][UTILS ] camxhashmap.cpp:210 GetInPlace() Key not found
09-30 05:12:33.466 V/CamX (31719): [ VERB][UTILS ] camxhashmap.cpp:210 GetInPlace() Key not found
09-30 05:12:33.466 V/CamX (31719): [ VERB][UTILS ] camxhashmap.cpp:210 GetInPlace() Key not found
09-30 05:12:33.466 V/CamX (31719): [ VERB][UTILS ] camxhashmap.cpp:210 GetInPlace() Key not found
09-30 05:12:33.466 V/CamX (31719): [ VERB][UTILS ] camxhashmap.cpp:210 GetInPlace() Key not found
09-30 05:12:33.466 V/CamX (31719): [ VERB][UTILS ] camxhashmap.cpp:210 GetInPlace() Key not found
09-30 05:12:33.466 V/CamX (31719): [ VERB][UTILS ] camxhashmap.cpp:210 GetInPlace() Key not found
09-30 05:12:33.466 V/CamX (31719): [ VERB][UTILS ] camxhashmap.cpp:210 GetInPlace() Key not found
09-30 05:12:33.466 V/CamX (31719): [ VERB][UTILS ] camxhashmap.cpp:210 GetInPlace() Key not found
09-30 05:12:33.466 V/CamX (31719): [ VERB][UTILS ] camxhashmap.cpp:210 GetInPlace() Key not found
09-30 05:12:33.466 V/CamX (31719): [ VERB][UTILS ] camxhashmap.cpp:210 GetInPlace() Key not found
09-30 05:12:33.466 V/CamX (31719): [ VERB][UTILS ] camxhashmap.cpp:210 GetInPlace() Key not found
09-30 05:12:33.466 V/CamX (31719): [ VERB][UTILS ] camxhashmap.cpp:210 GetInPlace() Key not found
09-30 05:12:33.466 V/CamX (31719): [ VERB][UTILS ] camxhashmap.cpp:210 GetInPlace() Key not found
09-30 05:12:33.466 V/CamX (31719): [ VERB][UTILS ] camxhashmap.cpp:210 GetInPlace() Key not found
09-30 05:12:33.468 I/Perf (31722): Connecting to perf service.
09-30 05:12:33.472 F/libc (31719): Fatal signal 6 (SIGABRT), code -6 (SI_TKILL) in tid 31719 (android.hardwar), pid 31719 (android.hardwar)
09-30 05:12:33.487 V/GraphicsEnvironment(31722): ANGLE Developer option for 'com.qualcomm.qti.qccauthmgr' set to: 'default'
09-30 05:12:33.488 V/GraphicsEnvironment(31722): ANGLE GameManagerService for com.qualcomm.qti.qccauthmgr: false
09-30 05:12:33.490 I/input_focus( 1131): [Focus request b38ddc6 com.android.settings/com.android.settings.Settings,reason=UpdateInputWindows]
09-30 05:12:33.493 D/NetworkSecurityConfig(31722): No Network Security Config specified, using platform default
09-30 05:12:33.494 D/NetworkSecurityConfig(31722): No Network Security Config specified, using platform default
09-30 05:12:33.495 D/qcc:QccAuthApp(31722): load libqccAuthMgr
09-30 05:12:33.496 I/AdrenoGLES-0(31584): QUALCOMM build : 47421dbee6, I139f36ad46
09-30 05:12:33.496 I/AdrenoGLES-0(31584): Build Date : 02/18/22
09-30 05:12:33.496 I/AdrenoGLES-0(31584): OpenGL ES Shader Compiler Version: EV031.32.02.17
09-30 05:12:33.496 I/AdrenoGLES-0(31584): Local Branch :
09-30 05:12:33.496 I/AdrenoGLES-0(31584): Remote Branch :
09-30 05:12:33.496 I/AdrenoGLES-0(31584): Remote Branch :
09-30 05:12:33.496 I/AdrenoGLES-0(31584): Reconstruct Branch :
09-30 05:12:33.447 I/auditd ( 572): type=1400 audit(0.0:1477): avc: denied { read } for comm="Binder:572_2" name="wakeup56" dev="sysfs" ino=77097 scontext=u:r:system_suspend:s0 tcontext=u:object_r:sysfs:s0 tclass=dir permissive=0
09-30 05:12:33.496 I/AdrenoGLES-0(31584): Build Config : S P 10.0.7 AArch64
09-30 05:12:33.496 I/AdrenoGLES-0(31584): Driver Path : /vendor/lib64/egl/libGLESv2_adreno.so
09-30 05:12:33.499 I/hwservicemanager( 502): getTransport: Cannot find entry android.hardware.graphics.mapper@4.0::IMapper/default in either framework or device VINTF manifest.
09-30 05:12:33.505 D/QCCAuthMgr(31722): SMQContentProvider onCreate
09-30 05:12:33.513 I/qcc:QccAuthApp(31722): onCreate()
09-30 05:12:33.513 D/qcc:QccAuthApp(31722): detectUninstallIsv
09-30 05:12:33.515 D/QCCAuthMgr(31722): SMQContentProvider query uri: content://com.qti.smq.Feedback.provider/smq_settings, selection: key=?, uri_matcher: 1
09-30 05:12:33.520 I/AdrenoGLES-0(31584): PFP: 0x016dd093, ME: 0x00000000
09-30 05:12:33.532 D/QCCAuthMgr(31722): SMQContentProvider query tableName: smq_settings
09-30 05:12:33.548 D/UsageGraph(31584): No enabled state changed, skipping updateCategory call
09-30 05:12:33.550 E/android.system.suspend@1.0-service( 572): Error opening kernel wakelock stats for: wakeup84: Permission denied
09-30 05:12:33.552 E/android.system.suspend@1.0-service( 572): Error opening kernel wakelock stats for: wakeup2: Permission denied
09-30 05:12:33.554 E/android.system.suspend@1.0-service( 572): Error opening kernel wakelock stats for: wakeup36: Permission denied
09-30 05:12:33.556 E/android.system.suspend@1.0-service( 572): Error opening kernel wakelock stats for: wakeup54: Permission denied
09-30 05:12:33.558 E/android.system.suspend@1.0-service( 572): Error opening kernel wakelock stats for: wakeup44: Permission denied
09-30 05:12:33.558 E/android.system.suspend@1.0-service( 572): Error opening kernel wakelock stats for: wakeup0: Permission denied
09-30 05:12:33.561 E/android.system.suspend@1.0-service( 572): Error opening kernel wakelock stats for: wakeup62: Permission denied
09-30 05:12:33.563 E/android.system.suspend@1.0-service( 572): Error opening kernel wakelock stats for: wakeup52: Permission denied
09-30 05:12:33.563 E/android.system.suspend@1.0-service( 572): Error opening kernel wakelock stats for: wakeup9: Permission denied
09-30 05:12:33.567 E/android.system.suspend@1.0-service( 572): Error opening kernel wakelock stats for: wakeup32: Permission denied
09-30 05:12:33.568 E/android.system.suspend@1.0-service( 572): Error opening kernel wakelock stats for: wakeup60: Permission denied
09-30 05:12:33.569 E/android.system.suspend@1.0-service( 572): Error opening kernel wakelock stats for: wakeup50: Permission denied
09-30 05:12:33.569 E/android.system.suspend@1.0-service( 572): Error opening kernel wakelock stats for: wakeup7: Permission denied
09-30 05:12:33.571 E/android.system.suspend@1.0-service( 572): Error opening kernel wakelock stats for: wakeup40: Permission denied
09-30 05:12:33.574 E/android.system.suspend@1.0-service( 572): Error opening kernel wakelock stats for: wakeup30: Permission denied
09-30 05:12:33.575 E/android.system.suspend@1.0-service( 572): Error opening kernel wakelock stats for: wakeup59: Permission denied
09-30 05:12:33.575 E/android.system.suspend@1.0-service( 572): Error opening kernel wakelock stats for: wakeup87: Permission denied
09-30 05:12:33.577 E/android.system.suspend@1.0-service( 572): Error opening kernel wakelock stats for: wakeup5: Permission denied
09-30 05:12:33.580 E/android.system.suspend@1.0-service( 572): Error opening kernel wakelock stats for: wakeup39: Permission denied
09-30 05:12:33.447 W/Binder:572_2( 572): type=1400 audit(0.0:1477): avc: denied { read } for name="wakeup56" dev="sysfs" ino=77097 scontext=u:r:system_suspend:s0 tcontext=u:object_r:sysfs:s0 tclass=dir permissive=0
09-30 05:12:33.583 E/android.system.suspend@1.0-service( 572): Error opening kernel wakelock stats for: wakeup29: Permission denied
09-30 05:12:33.584 E/android.system.suspend@1.0-service( 572): Error opening kernel wakelock stats for: wakeup57: Permission denied
09-30 05:12:33.585 E/android.system.suspend@1.0-service( 572): Error opening kernel wakelock stats for: wakeup19: Permission denied
09-30 05:12:33.587 I/crash_dump64(31750): obtaining output fd from tombstoned, type: kDebuggerdTombstoneProto
09-30 05:12:33.587 I/SDM ( 954): HWCDisplay::GetColorModeCount: Supported color mode count = 1
09-30 05:12:33.587 I/SDM ( 954): HWCDisplay::GetColorModes: Color mode = 0 is supported
09-30 05:12:33.588 E/HWComposer( 1052): getSupportedContentTypes: getSupportedContentTypes failed for display 4630946816427681409: Unsupported (8)
09-30 05:12:33.589 E/android.system.suspend@1.0-service( 572): Error opening kernel wakelock stats for: wakeup37: Permission denied
09-30 05:12:33.591 E/android.system.suspend@1.0-service( 572): Error opening kernel wakelock stats for: wakeup27: Permission denied
09-30 05:12:33.592 E/android.system.suspend@1.0-service( 572): Error opening kernel wakelock stats for: wakeup55: Permission denied
09-30 05:12:33.592 E/android.system.suspend@1.0-service( 572): Error opening kernel wakelock stats for: wakeup17: Permission denied
09-30 05:12:33.593 E/android.system.suspend@1.0-service( 572): Error opening kernel wakelock stats for: wakeup1: Permission denied
09-30 05:12:33.593 I/tombstoned( 629): received crash request for pid 31719
09-30 05:12:33.595 I/crash_dump64(31750): performing dump of process 31719 (target tid = 31719)
09-30 05:12:33.595 D/hw-ProcessState(31584): Binder ioctl to enable oneway spam detection failed: Invalid argument
09-30 05:12:33.597 E/android.system.suspend@1.0-service( 572): Error opening kernel wakelock stats for: wakeup63: Permission denied
01-01 15:16:03.639 I/binder ( 0): 31584:31709 ioctl 40046210 6cf3ae11f4 returned -22
09-30 05:12:33.598 E/android.system.suspend@1.0-service( 572): Error opening kernel wakelock stats for: wakeup25: Permission denied
09-30 05:12:33.600 E/android.system.suspend@1.0-service( 572): Error opening kernel wakelock stats for: wakeup53: Permission denied
09-30 05:12:33.601 E/android.system.suspend@1.0-service( 572): Error opening kernel wakelock stats for: wakeup15: Permission denied
09-30 05:12:33.602 E/android.system.suspend@1.0-service( 572): Error opening kernel wakelock stats for: wakeup43: Permission denied
09-30 05:12:33.603 E/android.system.suspend@1.0-service( 572): Error opening kernel wakelock stats for: wakeup33: Permission denied
09-30 05:12:33.604 E/android.system.suspend@1.0-service( 572): Error opening kernel wakelock stats for: wakeup61: Permission denied
09-30 05:12:33.604 E/android.system.suspend@1.0-service( 572): Error opening kernel wakelock stats for: wakeup23: Permission denied
09-30 05:12:33.605 E/android.system.suspend@1.0-service( 572): Error opening kernel wakelock stats for: wakeup51: Permission denied
09-30 05:12:33.606 E/android.system.suspend@1.0-service( 572): Error opening kernel wakelock stats for: wakeup8: Permission denied
09-30 05:12:33.606 E/android.system.suspend@1.0-service( 572): Error opening kernel wakelock stats for: wakeup13: Permission denied
09-30 05:12:33.607 E/android.system.suspend@1.0-service( 572): Error opening kernel wakelock stats for: wakeup41: Permission denied
09-30 05:12:33.608 E/android.system.suspend@1.0-service( 572): Error opening kernel wakelock stats for: wakeup31: Permission denied
09-30 05:12:33.609 E/android.system.suspend@1.0-service( 572): Error opening kernel wakelock stats for: wakeup21: Permission denied
09-30 05:12:33.609 E/android.system.suspend@1.0-service( 572): Error opening kernel wakelock stats for: wakeup6: Permission denied
09-30 05:12:33.609 E/android.system.suspend@1.0-service( 572): Error opening kernel wakelock stats for: wakeup78: Permission denied
09-30 05:12:33.609 E/android.system.suspend@1.0-service( 572): Error opening kernel wakelock stats for: wakeup11: Permission denied
09-30 05:12:33.614 E/DEBUG (31750): failed to read /proc/uptime: Permission denied
09-30 05:12:33.622 I/hwservicemanager( 502): getTransport: Cannot find entry android.hardware.graphics.mapper@4.0::IMapper/default in either framework or device VINTF manifest.
09-30 05:12:33.622 I/Gralloc4(31584): mapper 4.x is not supported
09-30 05:12:33.622 I/netd ( 672): trafficSwapActiveStatsMap() <5.21ms>
09-30 05:12:33.629 I/netd ( 672): tetherGetStats() -> {[]} <2.84ms>
09-30 05:12:33.630 I/hwservicemanager( 502): getTransport: Cannot find entry android.hardware.graphics.allocator@4.0::IAllocator/default in either framework or device VINTF manifest.
09-30 05:12:33.631 W/Gralloc4(31584): allocator 4.x is not supported
09-30 05:12:33.645 D/BatteryTipLoader(31584): BatteryInfoLoader post query: 3ms
09-30 05:12:33.645 D/BatteryInfo(31584): time for getBatteryInfo: 0ms
09-30 05:12:33.645 D/BatteryTipLoader(31584): BatteryInfoLoader.loadInBackground: 3ms
09-30 05:12:33.659 I/sysui_multi_action( 1131): [324,1,757,1090,758,12,806,com.android.settings,871,com.android.settings.Settings,1091,763]
09-30 05:12:33.669 D/StartingSurfaceDrawer(30097): Task start finish, remove starting surface for task 103
09-30 05:12:33.670 V/StartingSurfaceDrawer(30097): Removing splash screen window for task: 103
09-30 05:12:33.670 I/EventSequenceValidator( 1131): dec AccIntentStartedEvents to 1
09-30 05:12:33.671 W/BatteryExternalStatsWorker( 1131): error reading modem stats:ERROR_PHONE_NOT_AVAILABLE
09-30 05:12:33.671 I/TopLevelSettings(31584): TopLevelSettings: TopLevelSettings::com.android.settings.network.NetworkDashboardFragment
09-30 05:12:33.671 E/KernelCpuSpeedReader( 1131): Failed to read cpu-freq: /sys/devices/system/cpu/cpu4/cpufreq/stats/time_in_state: open failed: ENOENT (No such file or directory)
09-30 05:12:33.672 E/KernelCpuSpeedReader( 1131): Failed to read cpu-freq: /sys/devices/system/cpu/cpu0/cpufreq/stats/time_in_state: open failed: ENOENT (No such file or directory)
09-30 05:12:33.674 E/android.system.suspend@1.0-service( 572): Error opening kernel wakelock stats for: wakeup58: Permission denied
09-30 05:12:33.675 I/sysui_multi_action( 1131): [319,152,321,142,322,763,325,9856,757,761,758,8,759,1,806,com.android.settings,871,com.android.settings.Settings,904,com.android.launcher3,905,0,1320,8,1321,5]
09-30 05:12:33.676 E/android.system.suspend@1.0-service( 572): Error opening kernel wakelock stats for: wakeup48: Permission denied
09-30 05:12:33.676 E/android.system.suspend@1.0-service( 572): Error opening kernel wakelock stats for: wakeup4: Permission denied
09-30 05:12:33.679 I/sysui_multi_action(31584): [757,35,758,2,1089,348]
09-30 05:12:33.680 E/android.system.suspend@1.0-service( 572): Error opening kernel wakelock stats for: wakeup28: Permission denied
09-30 05:12:33.682 D/PrefCtrlListHelper(31584): Could not find Context-only controller for pref: com.android.settings.network.TopLevelNetworkEntryPreferenceController
09-30 05:12:33.682 D/PrefCtrlListHelper(31584): Could not find Context-only controller for pref: com.android.settings.connecteddevice.TopLevelConnectedDevicesPreferenceController
09-30 05:12:33.682 D/PrefCtrlListHelper(31584): Could not find Context-only controller for pref: com.android.settings.fuelgauge.TopLevelBatteryPreferenceController
09-30 05:12:33.682 D/PrefCtrlListHelper(31584): Could not find Context-only controller for pref: com.android.settings.deviceinfo.TopLevelStoragePreferenceController
09-30 05:12:33.682 D/PrefCtrlListHelper(31584): Could not find Context-only controller for pref: com.android.settings.display.TopLevelDisplayPreferenceController
09-30 05:12:33.682 D/PrefCtrlListHelper(31584): Could not find Context-only controller for pref: com.android.settings.display.TopLevelWallpaperPreferenceController
09-30 05:12:33.683 D/PrefCtrlListHelper(31584): Could not find Context-only controller for pref: com.android.settings.accessibility.TopLevelAccessibilityPreferenceController
09-30 05:12:33.683 D/PrefCtrlListHelper(31584): Could not find Context-only controller for pref: com.android.settings.security.TopLevelSecurityEntryPreferenceController
09-30 05:12:33.683 D/PrefCtrlListHelper(31584): Could not find Context-only controller for pref: com.android.settings.location.TopLevelLocationPreferenceController
09-30 05:12:33.683 D/PrefCtrlListHelper(31584): Could not find Context-only controller for pref: com.android.settings.accounts.TopLevelAccountEntryPreferenceController
09-30 05:12:33.683 D/PrefCtrlListHelper(31584): Could not find Context-only controller for pref: com.android.settings.deviceinfo.aboutphone.TopLevelAboutDevicePreferenceController
09-30 05:12:33.683 D/PrefCtrlListHelper(31584): Could not find Context-only controller for pref: com.android.settings.support.SupportPreferenceController
09-30 05:12:33.684 E/UserRestrictionsUtils( 1131): Unknown restriction queried by uid 1000 (com.thundercomm.mcuupgrade et al): null
09-30 05:12:33.684 W/InstrumentedPrefFrag(31584): Screen title missing for fragment com.android.settings.homepage.TopLevelSettings
09-30 05:12:33.684 D/TopLevelSettings(31584): NO dashboard tiles for TopLevelSettings
09-30 05:12:33.684 D/TopLevelSettings(31584): All preferences added, reporting fully drawn
09-30 05:12:33.686 I/input_focus( 1131): [Focus entering b38ddc6 com.android.settings/com.android.settings.Settings (server),reason=Window became focusable. Previous reason: NOT_VISIBLE]
09-30 05:12:33.689 I/wm_activity_launch_time( 1131): [0,73533765,com.android.settings/.Settings,763]
09-30 05:12:33.689 E/android.system.suspend@1.0-service( 572): Error opening kernel wakelock stats for: wakeup56: Permission denied
09-30 05:12:33.690 E/android.system.suspend@1.0-service( 572): Error opening kernel wakelock stats for: wakeup84: Permission denied
09-30 05:12:33.691 I/ActivityTaskManager( 1131): Displayed com.android.settings/.Settings: +763ms
09-30 05:12:33.691 E/android.system.suspend@1.0-service( 572): Error opening kernel wakelock stats for: wakeup2: Permission denied
09-30 05:12:33.692 I/ActivityTaskManager( 1131): Fully drawn com.android.settings/.Settings: +763ms
09-30 05:12:33.693 E/android.system.suspend@1.0-service( 572): Error opening kernel wakelock stats for: wakeup36: Permission denied
09-30 05:12:33.697 E/android.system.suspend@1.0-service( 572): Error opening kernel wakelock stats for: wakeup54: Permission denied
09-30 05:12:33.697 W/BatteryBroadcastRcvr(31584): Problem reading the battery meter.
09-30 05:12:33.699 E/android.system.suspend@1.0-service( 572): Error opening kernel wakelock stats for: wakeup44: Permission denied
09-30 05:12:33.699 E/android.system.suspend@1.0-service( 572): Error opening kernel wakelock stats for: wakeup0: Permission denied
09-30 05:12:33.700 I/sysui_multi_action(31584): [757,35,758,1,833,0,1089,19]
09-30 05:12:33.701 I/sysui_multi_action(31584): [757,1729,758,4,854,isParalleledControllers:false,1089,20]
09-30 05:12:33.704 E/android.system.suspend@1.0-service( 572): Error opening kernel wakelock stats for: wakeup62: Permission denied
09-30 05:12:33.707 E/android.system.suspend@1.0-service( 572): Error opening kernel wakelock stats for: wakeup52: Permission denied
09-30 05:12:33.707 E/android.system.suspend@1.0-service( 572): Error opening kernel wakelock stats for: wakeup9: Permission denied
01-01 15:16:03.775 D/ ( 0): mv2112_read_status
01-01 15:16:03.779 D/mv2112_update_link( 0): 3.0x901(1G): 0x80
09-30 05:12:33.739 E/android.system.suspend@1.0-service( 572): Error opening kernel wakelock stats for: wakeup32: Permission denied
09-30 05:12:33.740 E/android.system.suspend@1.0-service( 572): Error opening kernel wakelock stats for: wakeup60: Permission denied
01-01 15:16:03.786 D/mv2112_update_link( 0): 3.0x8109(100M): 0x0
09-30 05:12:33.742 W/FrameTracker( 2464): Missed SF frame:2
01-01 15:16:03.792 D/mv2112_update_link( 0): link 0x0
09-30 05:12:33.743 W/FrameTracker( 2464): Missed App frame:10
09-30 05:12:33.743 W/FrameTracker( 2464): Missed SF frame:10
09-30 05:12:33.743 W/FrameTracker( 2464): Missed SF frame:66
09-30 05:12:33.743 W/FrameTracker( 2464): Missed SF frame:66
09-30 05:12:33.743 W/FrameTracker( 2464): Missed App frame:74
09-30 05:12:33.743 W/FrameTracker( 2464): Missed SF frame:74
09-30 05:12:33.743 W/FrameTracker( 2464): Missed SF frame:66
09-30 05:12:33.743 W/FrameTracker( 2464): Missed SF frame:66
09-30 05:12:33.743 W/FrameTracker( 2464): Missed SF frame:66
09-30 05:12:33.743 W/FrameTracker( 2464): Missed SF frame:66
09-30 05:12:33.743 W/FrameTracker( 2464): Missed SF frame:66
09-30 05:12:33.743 W/FrameTracker( 2464): Missed SF frame:66
09-30 05:12:33.743 W/FrameTracker( 2464): Missed SF frame:66
09-30 05:12:33.743 W/FrameTracker( 2464): Missing HWUI jank callback for vsyncId: 187665
09-30 05:12:33.743 W/FrameTracker( 2464): Missed SF frame:66
09-30 05:12:33.743 W/FrameTracker( 2464): Missing HWUI jank callback for vsyncId: 187668
09-30 05:12:33.743 E/android.system.suspend@1.0-service( 572): Error opening kernel wakelock stats for: wakeup50: Permission denied
09-30 05:12:33.744 E/android.system.suspend@1.0-service( 572): Error opening kernel wakelock stats for: wakeup7: Permission denied
09-30 05:12:33.747 E/android.system.suspend@1.0-service( 572): Error opening kernel wakelock stats for: wakeup40: Permission denied
09-30 05:12:33.749 E/android.system.suspend@1.0-service( 572): Error opening kernel wakelock stats for: wakeup30: Permission denied
09-30 05:12:33.750 E/android.system.suspend@1.0-service( 572): Error opening kernel wakelock stats for: wakeup59: Permission denied
09-30 05:12:33.750 E/android.system.suspend@1.0-service( 572): Error opening kernel wakelock stats for: wakeup87: Permission denied
09-30 05:12:33.754 E/android.system.suspend@1.0-service( 572): Error opening kernel wakelock stats for: wakeup5: Permission denied
09-30 05:12:33.756 V/PerfettoTrigger( 2464): Triggering /system/bin/trigger_perfetto com.android.telemetry.interaction-jank-monitor-8
09-30 05:12:33.756 W/BatteryBroadcastRcvr(31584): Problem reading the battery meter.
09-30 05:12:33.757 E/android.system.suspend@1.0-service( 572): Error opening kernel wakelock stats for: wakeup39: Permission denied
01-01 15:16:03.796 D/mv2112_read_status( 0): autoneg is disabled
09-30 05:12:33.758 E/android.system.suspend@1.0-service( 572): Error opening kernel wakelock stats for: wakeup29: Permission denied
09-30 05:12:33.759 D/Sogou ( 2836): onUnbindInput finish
09-30 05:12:33.760 E/android.system.suspend@1.0-service( 572): Error opening kernel wakelock stats for: wakeup57: Permission denied
09-30 05:12:33.761 E/android.system.suspend@1.0-service( 572): Error opening kernel wakelock stats for: wakeup19: Permission denied
09-30 05:12:33.765 E/android.system.suspend@1.0-service( 572): Error opening kernel wakelock stats for: wakeup37: Permission denied
09-30 05:12:33.766 D/Sogou ( 2836): onFinishInput:
09-30 05:12:33.770 E/android.system.suspend@1.0-service( 572): Error opening kernel wakelock stats for: wakeup27: Permission denied
09-30 05:12:33.771 E/android.system.suspend@1.0-service( 572): Error opening kernel wakelock stats for: wakeup55: Permission denied
09-30 05:12:33.772 E/android.system.suspend@1.0-service( 572): Error opening kernel wakelock stats for: wakeup17: Permission denied
09-30 05:12:33.773 E/android.system.suspend@1.0-service( 572): Error opening kernel wakelock stats for: wakeup1: Permission denied
09-30 05:12:33.775 E/android.system.suspend@1.0-service( 572): Error opening kernel wakelock stats for: wakeup63: Permission denied
09-30 05:12:33.777 E/android.system.suspend@1.0-service( 572): Error opening kernel wakelock stats for: wakeup25: Permission denied
09-30 05:12:33.778 E/android.system.suspend@1.0-service( 572): Error opening kernel wakelock stats for: wakeup53: Permission denied
09-30 05:12:33.779 E/android.system.suspend@1.0-service( 572): Error opening kernel wakelock stats for: wakeup15: Permission denied
09-30 05:12:33.780 E/android.system.suspend@1.0-service( 572): Error opening kernel wakelock stats for: wakeup43: Permission denied
09-30 05:12:33.782 E/android.system.suspend@1.0-service( 572): Error opening kernel wakelock stats for: wakeup33: Permission denied
09-30 05:12:33.783 E/android.system.suspend@1.0-service( 572): Error opening kernel wakelock stats for: wakeup61: Permission denied
09-30 05:12:33.783 E/android.system.suspend@1.0-service( 572): Error opening kernel wakelock stats for: wakeup23: Permission denied
09-30 05:12:33.784 E/android.system.suspend@1.0-service( 572): Error opening kernel wakelock stats for: wakeup51: Permission denied
09-30 05:12:33.784 E/android.system.suspend@1.0-service( 572): Error opening kernel wakelock stats for: wakeup8: Permission denied
09-30 05:12:33.784 E/android.system.suspend@1.0-service( 572): Error opening kernel wakelock stats for: wakeup13: Permission denied
09-30 05:12:33.787 E/android.system.suspend@1.0-service( 572): Error opening kernel wakelock stats for: wakeup41: Permission denied
09-30 05:12:33.789 E/android.system.suspend@1.0-service( 572): Error opening kernel wakelock stats for: wakeup31: Permission denied
09-30 05:12:33.790 E/android.system.suspend@1.0-service( 572): Error opening kernel wakelock stats for: wakeup21: Permission denied
09-30 05:12:33.790 E/android.system.suspend@1.0-service( 572): Error opening kernel wakelock stats for: wakeup6: Permission denied
09-30 05:12:33.790 E/android.system.suspend@1.0-service( 572): Error opening kernel wakelock stats for: wakeup78: Permission denied
09-30 05:12:33.790 E/android.system.suspend@1.0-service( 572): Error opening kernel wakelock stats for: wakeup11: Permission denied
09-30 05:12:33.804 I/netd ( 672): trafficSwapActiveStatsMap() <5.33ms>
09-30 05:12:33.805 I/service_manager_slow(31584): [12,tethering]
09-30 05:12:33.806 I/TetheringManager(31584): registerTetheringEventCallback:com.android.settings
09-30 05:12:33.807 D/PrefCtrlListHelper(31584): Could not find Context-only controller for pref: com.android.settings.network.MultiNetworkHeaderController
09-30 05:12:33.807 D/PrefCtrlListHelper(31584): Could not find Context-only controller for pref: com.android.settings.network.AirplaneModePreferenceController
09-30 05:12:33.807 D/PrefCtrlListHelper(31584): Could not find Context-only controller for pref: com.android.settings.network.AllInOneTetherPreferenceController
09-30 05:12:33.808 D/PrefCtrlListHelper(31584): Could not find Context-only controller for pref: com.android.settings.network.AdaptiveConnectivityPreferenceController
09-30 05:12:33.809 D/BatteryInfo(31584): time for getStats: 0ms
09-30 05:12:33.811 D/BatteryInfo(31584): time for getStats: 0ms
09-30 05:12:33.817 W/CarrierConfigManager(31584): Error getting config for subId -1 ICarrierConfigLoader is null
09-30 05:12:33.817 D/MobilePlanPrefContr(31584): onCreate: mMobilePlanDialogMessage=null
09-30 05:12:33.818 E/UserRestrictionsUtils( 1131): Unknown restriction queried by uid 1000 (com.thundercomm.mcuupgrade et al): null
09-30 05:12:33.820 D/BatteryInfo(31584): time for regular BatteryInfo: 10ms
09-30 05:12:33.820 D/BatteryInfo(31584): time for getBatteryInfo: 0ms
09-30 05:12:33.824 I/netd ( 672): tetherGetStats() -> {[]} <10.32ms>
09-30 05:12:33.825 D/BatteryInfo(31584): time for regular BatteryInfo: 14ms
09-30 05:12:33.826 D/BatteryInfo(31584): time for getBatteryInfo: 1ms
09-30 05:12:33.837 D/BatteryTipLoader(31584): BatteryInfoLoader post query: 0ms
09-30 05:12:33.837 D/BatteryInfo(31584): time for getBatteryInfo: 0ms
09-30 05:12:33.837 D/BatteryTipLoader(31584): BatteryInfoLoader.loadInBackground: 1ms
09-30 05:12:33.838 D/BatteryInfo(31584): time for getStats: 0ms
09-30 05:12:33.842 D/BatteryInfo(31584): time for getStats: 0ms
09-30 05:12:33.843 D/BatteryInfo(31584): time for regular BatteryInfo: 1ms
09-30 05:12:33.844 D/BatteryInfo(31584): time for getBatteryInfo: 1ms
09-30 05:12:33.845 D/BatteryTipLoader(31584): BatteryInfoLoader post query: 2ms
09-30 05:12:33.845 D/BatteryInfo(31584): time for getBatteryInfo: 0ms
09-30 05:12:33.845 D/BatteryTipLoader(31584): BatteryInfoLoader.loadInBackground: 2ms
09-30 05:12:33.847 D/BatteryInfo(31584): time for regular BatteryInfo: 9ms
09-30 05:12:33.847 D/BatteryInfo(31584): time for getBatteryInfo: 0ms
09-30 05:12:33.848 D/NetworkDashboardFrag(31584): NO dashboard tiles for NetworkDashboardFrag
09-30 05:12:33.848 D/NetworkDashboardFrag(31584): All preferences added, reporting fully drawn
09-30 05:12:33.852 D/BatteryTipLoader(31584): BatteryInfoLoader post query: 1ms
09-30 05:12:33.852 D/BatteryInfo(31584): time for getBatteryInfo: 0ms
09-30 05:12:33.852 D/BatteryTipLoader(31584): BatteryInfoLoader.loadInBackground: 1ms
01-01 15:16:03.886 I/logd ( 0): logdr: UID=1047 GID=1005 PID=31750 n tail=0 logMask=8 pid=31719 start=0ns deadline=0ns
01-01 15:16:03.904 I/logd ( 0): logdr: UID=1047 GID=1005 PID=31750 n tail=0 logMask=1 pid=31719 start=0ns deadline=0ns
09-30 05:12:33.866 D/ConnectivityService( 1131): requestNetwork for uid/pid:1000/31584 activeRequest: null callbackRequest: 301 [NetworkRequest [ REQUEST id=302, [ Capabilities: INTERNET&NOT_RESTRICTED&TRUSTED&NOT_VCN_MANAGED Uid: 1000 RequestorUid: 1000 RequestorPkg: com.android.settings] ]] callback flags: 0 priority: 2147483647
09-30 05:12:33.868 D/ConnectivityService( 1131): NetReassign [302 : null → 100]
09-30 05:12:33.870 D/ConnectivityService( 1131): requestNetwork for uid/pid:1000/31584 activeRequest: null callbackRequest: 304 [NetworkRequest [ REQUEST id=305, [ Capabilities: INTERNET&NOT_RESTRICTED&TRUSTED&NOT_VCN_MANAGED Uid: 1000 RequestorUid: 1000 RequestorPkg: com.android.settings] ]] callback flags: 0 priority: 2147483647
09-30 05:12:33.870 D/Ethernet( 1131): got request NetworkRequest [ REQUEST id=302, [ Capabilities: INTERNET&NOT_RESTRICTED&TRUSTED&NOT_VCN_MANAGED Uid: 1000 RequestorUid: 1000 RequestorPkg: com.android.settings] ]
09-30 05:12:33.870 D/EthernetNetworkFactory( 1131): acceptRequest, request: NetworkRequest [ REQUEST id=302, [ Capabilities: INTERNET&NOT_RESTRICTED&TRUSTED&NOT_VCN_MANAGED Uid: 1000 RequestorUid: 1000 RequestorPkg: com.android.settings] ]
09-30 05:12:33.871 D/WifiNetworkFactory( 1131): got request NetworkRequest [ REQUEST id=302, [ Capabilities: INTERNET&NOT_RESTRICTED&TRUSTED&NOT_VCN_MANAGED Uid: 1000 RequestorUid: 1000 RequestorPkg: com.android.settings] ]
09-30 05:12:33.871 I/EthernetNetworkFactory( 1131): networkForRequest, request: NetworkRequest [ REQUEST id=302, [ Capabilities: INTERNET&NOT_RESTRICTED&TRUSTED&NOT_VCN_MANAGED Uid: 1000 RequestorUid: 1000 RequestorPkg: com.android.settings] ], network: null
09-30 05:12:33.871 D/UntrustedWifiNetworkFactory( 1131): got request NetworkRequest [ REQUEST id=302, [ Capabilities: INTERNET&NOT_RESTRICTED&TRUSTED&NOT_VCN_MANAGED Uid: 1000 RequestorUid: 1000 RequestorPkg: com.android.settings] ]
09-30 05:12:33.871 D/OemPaidWifiNetworkFactory( 1131): got request NetworkRequest [ REQUEST id=302, [ Capabilities: INTERNET&NOT_RESTRICTED&TRUSTED&NOT_VCN_MANAGED Uid: 1000 RequestorUid: 1000 RequestorPkg: com.android.settings] ]
09-30 05:12:33.871 D/ConnectivityService( 1131): NetReassign [no changes]
09-30 05:12:33.874 D/ConnectivityService( 1131): NetReassign [305 : null → 100]
09-30 05:12:33.876 D/WifiNetworkFactory( 1131): got request NetworkRequest [ REQUEST id=305, [ Capabilities: INTERNET&NOT_RESTRICTED&TRUSTED&NOT_VCN_MANAGED Uid: 1000 RequestorUid: 1000 RequestorPkg: com.android.settings] ]
09-30 05:12:33.876 D/UntrustedWifiNetworkFactory( 1131): got request NetworkRequest [ REQUEST id=305, [ Capabilities: INTERNET&NOT_RESTRICTED&TRUSTED&NOT_VCN_MANAGED Uid: 1000 RequestorUid: 1000 RequestorPkg: com.android.settings] ]
09-30 05:12:33.876 D/Ethernet( 1131): got request NetworkRequest [ REQUEST id=305, [ Capabilities: INTERNET&NOT_RESTRICTED&TRUSTED&NOT_VCN_MANAGED Uid: 1000 RequestorUid: 1000 RequestorPkg: com.android.settings] ]
09-30 05:12:33.876 D/OemPaidWifiNetworkFactory( 1131): got request NetworkRequest [ REQUEST id=305, [ Capabilities: INTERNET&NOT_RESTRICTED&TRUSTED&NOT_VCN_MANAGED Uid: 1000 RequestorUid: 1000 RequestorPkg: com.android.settings] ]
09-30 05:12:33.876 D/EthernetNetworkFactory( 1131): acceptRequest, request: NetworkRequest [ REQUEST id=305, [ Capabilities: INTERNET&NOT_RESTRICTED&TRUSTED&NOT_VCN_MANAGED Uid: 1000 RequestorUid: 1000 RequestorPkg: com.android.settings] ]
09-30 05:12:33.877 I/EthernetNetworkFactory( 1131): networkForRequest, request: NetworkRequest [ REQUEST id=305, [ Capabilities: INTERNET&NOT_RESTRICTED&TRUSTED&NOT_VCN_MANAGED Uid: 1000 RequestorUid: 1000 RequestorPkg: com.android.settings] ], network: null
09-30 05:12:33.877 I/mpu_uart( 648): [MSG-P:RECV]:No message received in 1000 ms
09-30 05:12:33.877 I/TetheringManager(31584): registerTetheringEventCallback caller:com.android.settings
09-30 05:12:33.890 F/DEBUG (31750): *** *** *** *** *** *** *** *** *** *** *** *** *** *** *** ***
09-30 05:12:33.890 F/DEBUG (31750): Build fingerprint: 'TC/figure_CN/figure:12/SKQ1.220201.001/1010:userdebug/test-keys'
09-30 05:12:33.890 F/DEBUG (31750): Revision: '0'
09-30 05:12:33.890 F/DEBUG (31750): ABI: 'arm64'
09-30 05:12:33.890 F/DEBUG (31750): Timestamp: 2022-09-30 05:12:33.611781934+0800
09-30 05:12:33.890 F/DEBUG (31750): Process uptime: 0s
09-30 05:12:33.890 F/DEBUG (31750): Cmdline: /vendor/bin/hw/android.hardware.camera.provider@2.4-service_64
09-30 05:12:33.890 F/DEBUG (31750): pid: 31719, tid: 31719, name: android.hardwar >>> /vendor/bin/hw/android.hardware.camera.provider@2.4-service_64 <<<
09-30 05:12:33.891 F/DEBUG (31750): uid: 1047
09-30 05:12:33.891 F/DEBUG (31750): signal 6 (SIGABRT), code -6 (SI_TKILL), fault addr --------
09-30 05:12:33.891 F/DEBUG (31750): x0 0000000000000000 x1 0000000000007be7 x2 0000000000000006 x3 8080800000000000
09-30 05:12:33.891 F/DEBUG (31750): x4 00000000000cd288 x5 00000000000cd288 x6 00000000000cd288 x7 7f7f7f7f7f7f7f7f
09-30 05:12:33.891 F/DEBUG (31750): x8 0000000000000083 x9 9d2b45dc34cd4bce x10 0000007ffebb3738 x11 fffffffffffffffd
09-30 05:12:33.891 F/DEBUG (31750): x12 0000006f22ff1000 x13 0000000000000000 x14 0000007ffebb3ec0 x15 ffffffffffffffff
09-30 05:12:33.891 F/DEBUG (31750): x16 000000723cdc15a0 x17 000000723cd9d7c0 x18 0000007241c0a000 x19 0000006f216c453c
09-30 05:12:33.891 F/DEBUG (31750): x20 b400006f4c810fa0 x21 0000007240bef000 x22 0000007ffebb439c x23 0000006f21e3baa0
09-30 05:12:33.891 F/DEBUG (31750): x24 0000006f21ddbfc0 x25 0000006f21d85db0 x26 0000000000000060 x27 0000000000000000
09-30 05:12:33.891 F/DEBUG (31750): x28 b400006f7c8138c8 x29 0000007ffebe07e0
09-30 05:12:33.891 F/DEBUG (31750): lr 0000006f21cbd7dc sp 0000007ffebb4330 pc 000000723cd9d7cc pst 0000000000001000
09-30 05:12:33.891 F/DEBUG (31750): backtrace:
09-30 05:12:33.891 F/DEBUG (31750): #00 pc 00000000000a17cc /apex/com.android.runtime/lib64/bionic/libc.so (tgkill+12) (BuildId: 369edc656806aeaf384cbeb8f7a347af)
09-30 05:12:33.891 F/DEBUG (31750): #01 pc 00000000006457d8 /vendor/lib64/hw/camera.qcom.so (CamX::HwEnvironment::GetInstance() (.cfi)+6368) (BuildId: b1384079992d9d7d882d76efbcfea07f)
09-30 05:12:33.891 F/DEBUG (31750): #02 pc 0000000000266a50 /vendor/lib64/hw/camera.qcom.so (CamX::HAL3Module::GetInstance()+664) (BuildId: b1384079992d9d7d882d76efbcfea07f)
09-30 05:12:33.891 F/DEBUG (31750): #03 pc 000000000025a294 /vendor/lib64/hw/camera.qcom.so (CamX::get_number_of_cameras() (.cfi)+84) (BuildId: b1384079992d9d7d882d76efbcfea07f)
09-30 05:12:33.891 F/DEBUG (31750): #04 pc 0000000000034908 /vendor/lib64/android.hardware.camera.provider@2.4-legacy.so (android::hardware::camera::common::V1_0::helper::CameraModule::init()+200) (BuildId: c456d5ffa961e6c6954debfeaac86fd5)
09-30 05:12:33.891 F/DEBUG (31750): #05 pc 0000000000026e48 /vendor/lib64/android.hardware.camera.provider@2.4-legacy.so (android::hardware::camera::provider::V2_4::implementation::LegacyCameraProviderImpl_2_4::initialize()+140) (BuildId: c456d5ffa961e6c6954debfeaac86fd5)
09-30 05:12:33.891 F/DEBUG (31750): #06 pc 0000000000026638 /vendor/lib64/android.hardware.camera.provider@2.4-legacy.so (android::hardware::camera::provider::V2_4::implementation::LegacyCameraProviderImpl_2_4::LegacyCameraProviderImpl_2_4()+160) (BuildId: c456d5ffa961e6c6954debfeaac86fd5)
09-30 05:12:33.891 F/DEBUG (31750): #07 pc 000000000000415c /vendor/lib64/hw/android.hardware.camera.provider@2.4-impl.so (android::hardware::camera::provider::V2_4::implementation::CameraProvider* android::hardware::camera::provider::V2_4::implementation::getProviderImpl() (.cfi)+64) (BuildId: 5e2f33df9f94aadf6b2d7d01985be38c)
09-30 05:12:33.891 F/DEBUG (31750): #08 pc 0000000000051d94 /apex/com.android.vndk.v30/lib64/libhidlbase.so (android::hardware::PassthroughServiceManager::get(android::hardware::hidl_string const&, android::hardware::hidl_string const&)::'lambda'(void*, std::__1::basic_string, std::__1::allocator > const&, std::__1::basic_string, std::__1::allocator > const&)::operator()(void*, std::__1::basic_string, std::__1::allocator > const&, std::__1::basic_string, std::__1::allocator > const&) const+96) (BuildId: fc3e2389a057aeefafa6557f6d78a06b)
09-30 05:12:33.891 F/DEBUG (31750): #09 pc 000000000004cdf0 /apex/com.android.vndk.v30/lib64/libhidlbase.so (android::hardware::PassthroughServiceManager::openLibs(std::__1::basic_string, std::__1::allocator > const&, std::__1::function, std::__1::allocator > const&, std::__1::basic_string, std::__1::allocator > const&)> const&)+944) (BuildId: fc3e2389a057aeefafa6557f6d78a06b)
09-30 05:12:33.891 F/DEBUG (31750): #10 pc 00000000000502a0 /apex/com.android.vndk.v30/lib64/libhidlbase.so (android::hardware::PassthroughServiceManager::get(android::hardware::hidl_string const&, android::hardware::hidl_string const&)+92) (BuildId: fc3e2389a057aeefafa6557f6d78a06b)
09-30 05:12:33.891 F/DEBUG (31750): #11 pc 000000000004dd8c /apex/com.android.vndk.v30/lib64/libhidlbase.so (android::hardware::details::getRawServiceInternal(std::__1::basic_string, std::__1::allocator > const&, std::__1::basic_string, std::__1::allocator > const&, bool, bool)+1488) (BuildId: fc3e2389a057aeefafa6557f6d78a06b)
09-30 05:12:33.891 F/DEBUG (31750): #12 pc 000000000004b91c /apex/com.android.vndk.v30/lib64/libhidlbase.so (android::hardware::details::registerPassthroughServiceImplementation(std::__1::basic_string, std::__1::allocator > const&, std::__1::basic_string, std::__1::allocator > const&, std::__1::function const&, std::__1::basic_string, std::__1::allocator > const&)>, std::__1::basic_string, std::__1::allocator > const&)+80) (BuildId: fc3e2389a057aeefafa6557f6d78a06b)
09-30 05:12:33.891 F/DEBUG (31750): #13 pc 000000000004bc9c /apex/com.android.vndk.v30/lib64/libhidlbase.so (android::hardware::registerPassthroughServiceImplementation(std::__1::basic_string, std::__1::allocator > const&, std::__1::basic_string, std::__1::allocator > const&, std::__1::basic_string, std::__1::allocator > const&)+56) (BuildId: fc3e2389a057aeefafa6557f6d78a06b)
09-30 05:12:33.891 F/DEBUG (31750): #14 pc 0000000000001130 /vendor/bin/hw/android.hardware.camera.provider@2.4-service_64 (main.cfi+196) (BuildId: a1ba6e409ca848af1f0b7c62860af7da)
09-30 05:12:33.891 F/DEBUG (31750): #15 pc 000000000004a084 /apex/com.android.runtime/lib64/bionic/libc.so (__libc_init+100) (BuildId: 369edc656806aeaf384cbeb8f7a347af)
09-30 05:12:33.897 D/ConnectivityService( 1131): NetReassign [no changes]
09-30 05:12:33.897 D/ConnectivityService( 1131): requestNetwork for uid/pid:1000/31584 activeRequest: null callbackRequest: 307 [NetworkRequest [ REQUEST id=308, [ Capabilities: INTERNET&NOT_RESTRICTED&TRUSTED&NOT_VCN_MANAGED Uid: 1000 RequestorUid: 1000 RequestorPkg: com.android.settings] ]] callback flags: 1 priority: 2147483647
09-30 05:12:33.899 D/ConnectivityService( 1131): NetReassign [308 : null → 100]
09-30 05:12:33.901 D/Ethernet( 1131): got request NetworkRequest [ REQUEST id=308, [ Capabilities: INTERNET&NOT_RESTRICTED&TRUSTED&NOT_VCN_MANAGED Uid: 1000 RequestorUid: 1000 RequestorPkg: com.android.settings] ]
09-30 05:12:33.901 D/EthernetNetworkFactory( 1131): acceptRequest, request: NetworkRequest [ REQUEST id=308, [ Capabilities: INTERNET&NOT_RESTRICTED&TRUSTED&NOT_VCN_MANAGED Uid: 1000 RequestorUid: 1000 RequestorPkg: com.android.settings] ]
09-30 05:12:33.901 I/EthernetNetworkFactory( 1131): networkForRequest, request: NetworkRequest [ REQUEST id=308, [ Capabilities: INTERNET&NOT_RESTRICTED&TRUSTED&NOT_VCN_MANAGED Uid: 1000 RequestorUid: 1000 RequestorPkg: com.android.settings] ], network: null
09-30 05:12:33.902 D/ConnectivityService( 1131): NetReassign [no changes]
09-30 05:12:33.903 I/sysui_multi_action(31584): [757,746,758,1,833,0,1089,126]
