09-30 05:12:33.902 D/WifiNetworkFactory( 1131): got request NetworkRequest [ REQUEST id=308, [ Capabilities: INTERNET&NOT_RESTRICTED&TRUSTED&NOT_VCN_MANAGED Uid: 1000 RequestorUid: 1000 RequestorPkg: com.android.settings] ]
09-30 05:12:33.903 D/UntrustedWifiNetworkFactory( 1131): got request NetworkRequest [ REQUEST id=308, [ Capabilities: INTERNET&NOT_RESTRICTED&TRUSTED&NOT_VCN_MANAGED Uid: 1000 RequestorUid: 1000 RequestorPkg: com.android.settings] ]
09-30 05:12:33.903 D/OemPaidWifiNetworkFactory( 1131): got request NetworkRequest [ REQUEST id=308, [ Capabilities: INTERNET&NOT_RESTRICTED&TRUSTED&NOT_VCN_MANAGED Uid: 1000 RequestorUid: 1000 RequestorPkg: com.android.settings] ]
09-30 05:12:33.903 D/SubscriptionsChangeListener(31584): Start
09-30 05:12:33.906 D/TelephonyRegistry( 1131): listen oscl: mHasNotifySubscriptionInfoChangedOccurred==false no callback
09-30 05:12:33.907 W/NativeCrashListener( 1131): Couldn't find ProcessRecord for pid 31719
09-30 05:12:33.907 E/crash_dump64(31750): AM data write failed: Broken pipe
09-30 05:12:33.909 E/tombstoned( 629): Tombstone written to: tombstone_28
09-30 05:12:33.912 I/OMX-VENC: venc_dev( 1302): stats: avg. fps 41.86, bitrate 1188634
09-30 05:12:33.913 W/ScanResultUtil( 1131): Empty or null ScanResult list
09-30 05:12:33.913 W/WifiService( 1131): Attempt to retrieve WifiConfiguration with invalid scanResult List
09-30 05:12:33.913 D/MobileNetworkSummaryStatus(31584): network summary query
09-30 05:12:33.914 W/ScanResultUtil( 1131): Empty or null ScanResult list
09-30 05:12:33.914 E/WifiService( 1131): Attempt to retrieve passpoint with invalid scanResult List
09-30 05:12:33.914 W/ScanResultUtil( 1131): Empty or null ScanResult list
09-30 05:12:33.914 W/WifiService( 1131): Attempt to retrieve OsuProviders with invalid scanResult List
09-30 05:12:33.919 E/TelephonyManager(31584): Error in getUiccCardsInfo: unable to connect to Telephony service.
09-30 05:12:33.920 W/MobileNetworkUtils(31584): EuiccManager is not enabled.
09-30 05:12:33.920 W/SelectableSubscriptions(31584): Fail to request subIdList
09-30 05:12:33.920 W/SelectableSubscriptions(31584): java.lang.NullPointerException: Attempt to invoke interface method 'int java.util.List.size()' on a null object reference
09-30 05:12:33.920 W/SelectableSubscriptions(31584): at com.android.settings.network.helper.SelectableSubscriptions.call(SelectableSubscriptions.java:128)
09-30 05:12:33.920 W/SelectableSubscriptions(31584): at com.android.settings.network.MobileNetworkSummaryStatus.getSubscriptions(MobileNetworkSummaryStatus.java:158)
09-30 05:12:33.920 W/SelectableSubscriptions(31584): at com.android.settings.network.MobileNetworkSummaryStatus.update(MobileNetworkSummaryStatus.java:88)
09-30 05:12:33.920 W/SelectableSubscriptions(31584): at com.android.settings.network.MobileNetworkSummaryController.update(MobileNetworkSummaryController.java:170)
09-30 05:12:33.920 W/SelectableSubscriptions(31584): at com.android.settings.network.MobileNetworkSummaryController.onResume(MobileNetworkSummaryController.java:95)
09-30 05:12:33.920 W/SelectableSubscriptions(31584): at java.lang.reflect.Method.invoke(Native Method)
09-30 05:12:33.920 W/SelectableSubscriptions(31584): at androidx.lifecycle.ClassesInfoCache$MethodReference.invokeCallback(ClassesInfoCache.java:216)
09-30 05:12:33.920 W/SelectableSubscriptions(31584): at androidx.lifecycle.ClassesInfoCache$CallbackInfo.invokeMethodsForEvent(ClassesInfoCache.java:194)
09-30 05:12:33.920 W/SelectableSubscriptions(31584): at androidx.lifecycle.ClassesInfoCache$CallbackInfo.invokeCallbacks(ClassesInfoCache.java:185)
09-30 05:12:33.920 W/SelectableSubscriptions(31584): at androidx.lifecycle.ReflectiveGenericLifecycleObserver.onStateChanged(ReflectiveGenericLifecycleObserver.java:37)
09-30 05:12:33.920 W/SelectableSubscriptions(31584): at androidx.lifecycle.LifecycleRegistry$ObserverWithState.dispatchEvent(LifecycleRegistry.java:354)
09-30 05:12:33.920 W/SelectableSubscriptions(31584): at androidx.lifecycle.LifecycleRegistry.forwardPass(LifecycleRegistry.java:265)
09-30 05:12:33.920 W/SelectableSubscriptions(31584): at androidx.lifecycle.LifecycleRegistry.sync(LifecycleRegistry.java:307)
09-30 05:12:33.920 W/SelectableSubscriptions(31584): at androidx.lifecycle.LifecycleRegistry.moveToState(LifecycleRegistry.java:148)
09-30 05:12:33.920 W/SelectableSubscriptions(31584): at androidx.lifecycle.LifecycleRegistry.handleLifecycleEvent(LifecycleRegistry.java:134)
09-30 05:12:33.920 W/SelectableSubscriptions(31584): at com.android.settingslib.core.lifecycle.ObservablePreferenceFragment.onResume(ObservablePreferenceFragment.java:87)
09-30 05:12:33.920 W/SelectableSubscriptions(31584): at com.android.settings.core.InstrumentedPreferenceFragment.onResume(InstrumentedPreferenceFragment.java:77)
09-30 05:12:33.920 W/SelectableSubscriptions(31584): at com.android.settings.SettingsPreferenceFragment.onResume(SettingsPreferenceFragment.java:198)
09-30 05:12:33.920 W/SelectableSubscriptions(31584): at com.android.settings.dashboard.DashboardFragment.onResume(DashboardFragment.java:219)
09-30 05:12:33.920 W/SelectableSubscriptions(31584): at androidx.fragment.app.Fragment.performResume(Fragment.java:3029)
09-30 05:12:33.920 W/SelectableSubscriptions(31584): at androidx.fragment.app.FragmentStateManager.resume(FragmentStateManager.java:583)
09-30 05:12:33.920 W/SelectableSubscriptions(31584): at androidx.fragment.app.FragmentStateManager.moveToExpectedState(FragmentStateManager.java:282)
09-30 05:12:33.920 W/SelectableSubscriptions(31584): at androidx.fragment.app.SpecialEffectsController$FragmentStateManagerOperation.complete(SpecialEffectsController.java:742)
09-30 05:12:33.920 W/SelectableSubscriptions(31584): at androidx.fragment.app.SpecialEffectsController$Operation.completeSpecialEffect(SpecialEffectsController.java:669)
09-30 05:12:33.920 W/SelectableSubscriptions(31584): at androidx.fragment.app.DefaultSpecialEffectsController$SpecialEffectsInfo.completeSpecialEffect(DefaultSpecialEffectsController.java:755)
09-30 05:12:33.920 W/SelectableSubscriptions(31584): at androidx.fragment.app.DefaultSpecialEffectsController.startAnimations(DefaultSpecialEffectsController.java:147)
09-30 05:12:33.920 W/SelectableSubscriptions(31584): at androidx.fragment.app.DefaultSpecialEffectsController.executeOperations(DefaultSpecialEffectsController.java:120)
09-30 05:12:33.920 W/SelectableSubscriptions(31584): at androidx.fragment.app.SpecialEffectsController.executePendingOperations(SpecialEffectsController.java:294)
09-30 05:12:33.920 W/SelectableSubscriptions(31584): at androidx.fragment.app.FragmentManager.executeOpsTogether(FragmentManager.java:2222)
09-30 05:12:33.920 W/SelectableSubscriptions(31584): at androidx.fragment.app.FragmentManager.removeRedundantOperationsAndExecute(FragmentManager.java:2120)
09-30 05:12:33.920 W/SelectableSubscriptions(31584): at androidx.fragment.app.FragmentManager.execPendingActions(FragmentManager.java:2022)
09-30 05:12:33.920 W/SelectableSubscriptions(31584): at androidx.fragment.app.FragmentManager$5.run(FragmentManager.java:527)
09-30 05:12:33.920 W/SelectableSubscriptions(31584): at android.os.Handler.handleCallback(Handler.java:938)
09-30 05:12:33.920 W/SelectableSubscriptions(31584): at android.os.Handler.dispatchMessage(Handler.java:99)
09-30 05:12:33.920 W/SelectableSubscriptions(31584): at android.os.Looper.loopOnce(Looper.java:201)
09-30 05:12:33.920 W/SelectableSubscriptions(31584): at android.os.Looper.loop(Looper.java:288)
09-30 05:12:33.920 W/SelectableSubscriptions(31584): at android.app.ActivityThread.main(ActivityThread.java:7880)
09-30 05:12:33.920 W/SelectableSubscriptions(31584): at java.lang.reflect.Method.invoke(Native Method)
09-30 05:12:33.920 W/SelectableSubscriptions(31584): at com.android.internal.os.RuntimeInit$MethodAndArgsCaller.run(RuntimeInit.java:548)
09-30 05:12:33.920 W/SelectableSubscriptions(31584): at com.android.internal.os.ZygoteInit.main(ZygoteInit.java:1009)
09-30 05:12:33.920 D/MobileNetworkSummaryStatus(31584): network summary query ignored
09-30 05:12:33.920 D/SubscriptionsChangeListener(31584): Start
09-30 05:12:33.921 D/TelephonyRegistry( 1131): listen oscl: mHasNotifySubscriptionInfoChangedOccurred==false no callback
09-30 05:12:33.924 D/ConnectivityService( 1131): NetReassign [no changes]
09-30 05:12:33.929 I/BootReceiver( 1131): Copying /data/tombstones/tombstone_28 to DropBox (SYSTEM_TOMBSTONE)
09-30 05:12:33.930 I/DropBoxManagerService( 1131): add tag=SYSTEM_TOMBSTONE isTagEnabled=true flags=0x6
09-30 05:12:33.934 I/sysui_multi_action(31584): [757,1729,758,4,854,isParalleledControllers:false,1089,158]
09-30 05:12:33.936 I/WifiService( 1131): startScan uid=1000
09-30 05:12:33.946 I/dropbox_file_copy( 1131): [/data/tombstones/tombstone_28,98304,SYSTEM_TOMBSTONE]
09-30 05:12:33.948 D/LOWI-9.0.0.87.a( 1452): [LOWI-Scan] wait_event:Wait done with Cmd 33
09-30 05:12:33.948 D/LOWI-9.0.0.87.a( 1452): [LOWI-Scan] do_listen_events: Rcvd valid Netlink Cmd 0 Err 0
09-30 05:12:33.954 I/commit_sys_config_file( 1131): [log-files,9809373]
09-30 05:12:33.954 W/ScanResultUtil( 1131): Empty or null ScanResult list
09-30 05:12:33.954 W/WifiService( 1131): Attempt to retrieve WifiConfiguration with invalid scanResult List
09-30 05:12:33.954 W/ScanResultUtil( 1131): Empty or null ScanResult list
09-30 05:12:33.954 E/WifiService( 1131): Attempt to retrieve passpoint with invalid scanResult List
09-30 05:12:33.955 W/ScanResultUtil( 1131): Empty or null ScanResult list
09-30 05:12:33.955 W/WifiService( 1131): Attempt to retrieve OsuProviders with invalid scanResult List
09-30 05:12:33.955 E/NativeTombstoneManager( 1131): Tombstone's UID (1047) not an app, ignoring
09-30 05:12:33.958 I/DropBoxManagerService( 1131): add tag=SYSTEM_TOMBSTONE_PROTO isTagEnabled=true flags=0x4
09-30 05:12:33.974 D/BatteryInfo(31584): time for callback: 0ms
09-30 05:12:33.975 D/BatteryInfo(31584): time for callback: 0ms
09-30 05:12:33.975 D/BatteryInfo(31584): time for callback: 0ms
09-30 05:12:33.975 D/BatteryInfo(31584): time for callback: 0ms
09-30 05:12:33.979 I/commit_sys_config_file( 1131): [log-files,9809398]
09-30 05:12:34.003 I/wm_stop_activity( 1131): [0,176028021,com.android.launcher3/.uioverrides.QuickstepLauncher]
09-30 05:12:34.007 D/StateManager( 2464): goToState: Normal
09-30 05:12:34.010 I/wm_on_stop_called( 2464): [176028021,com.android.launcher3.uioverrides.QuickstepLauncher,STOP_ACTIVITY_ITEM]
01-01 15:16:04.072 I/[schedu][0x2c187d590f][05:12:34.022128] wlan( 0): [22288:I:OSIF] scan start scan id 40982
09-30 05:12:34.083 W/InputManager-JNI( 1131): Input channel object '5d461a8 Splash Screen com.android.settings (client)' was disposed without first being removed with the input manager!
09-30 05:12:34.222 D/audio_hw_primary( 804): out_set_parameters: enter: usecase(1: low-latency-playback) kvpairs: suspend_playback=false
09-30 05:12:34.222 D/audio_hw_extn( 804): audio_extn_fm_set_parameters: Enter
09-30 05:12:34.223 W/audio_hw_primary( 804): out_write: underrun(1265) frames_by_time(48263) > out->last_fifo_frames_remaining(384)
09-30 05:12:34.273 D/audio_hw_primary( 804): out_set_parameters: enter: usecase(1: low-latency-playback) kvpairs: suspend_playback=true
09-30 05:12:34.273 D/audio_hw_extn( 804): audio_extn_fm_set_parameters: Enter
01-01 15:16:04.831 D/ ( 0): mv2112_read_status
01-01 15:16:04.835 D/mv2112_update_link( 0): 3.0x901(1G): 0x80
01-01 15:16:04.846 D/mv2112_update_link( 0): 3.0x8109(100M): 0x0
01-01 15:16:04.852 D/mv2112_update_link( 0): link 0x0
01-01 15:16:04.857 D/mv2112_read_status( 0): autoneg is disabled
09-30 05:12:34.813 I/mpu_uart( 648): [MSG-P:R]:recv sync frame timeout
09-30 05:12:34.878 I/mpu_uart( 648): [MSG-P:RECV]:No message received in 1000 ms
09-30 05:12:35.003 I/OMX-VENC: venc_dev( 1302): stats: avg. fps 23.83, bitrate 826752
09-30 05:12:35.212 I/CNSS ( 1260): cnss_open_log_file: directory /data/vendor/wifi/wlan_logs/ created
09-30 05:12:35.274 D/audio_hw_primary( 804): out_set_parameters: enter: usecase(1: low-latency-playback) kvpairs: suspend_playback=false
09-30 05:12:35.275 D/audio_hw_extn( 804): audio_extn_fm_set_parameters: Enter
09-30 05:12:35.275 W/audio_hw_primary( 804): out_write: underrun(1266) frames_by_time(48716) > out->last_fifo_frames_remaining(384)
09-30 05:12:35.314 D/audio_hw_primary( 804): out_set_parameters: enter: usecase(1: low-latency-playback) kvpairs: suspend_playback=true
09-30 05:12:35.314 D/audio_hw_extn( 804): audio_extn_fm_set_parameters: Enter
09-30 05:12:35.585 D/LOWI-9.0.0.87.a( 1452): [LOWI-Scan] wait_event:Wait done with Cmd 34
09-30 05:12:35.585 D/LOWI-9.0.0.87.a( 1452): [LOWI-Scan] do_listen_events: Rcvd valid Netlink Cmd 34 Err 0
09-30 05:12:35.597 D/WifiNl80211Manager( 1131): Scan result ready event
09-30 05:12:35.598 D/WifiNative( 1131): Scan result ready event
09-30 05:12:35.604 D/LOWI-9.0.0.87.a( 1452): [LOWI-Scan]
09-30 05:12:35.604 D/LOWI-9.0.0.87.a( 1452): [LOWI-Scan] print_bss_handler: Report Probe TSF 9857553979 as it greater than Beacon TSF 7215647293
09-30 05:12:35.604 D/LOWI-9.0.0.87.a( 1452): [LOWI-Scan] decode_rsn_wpa_ie: LOWI_ENCRYPTION_TYPE_WPA_PSK
09-30 05:12:35.604 D/LOWI-9.0.0.87.a( 1452): [LOWI-Scan] is_qcom_ie, bss_age: 0
09-30 05:12:35.604 D/LOWI-9.0.0.87.a( 1452): [LOWI-Scan] BSS 5c:02:14:f9:4f:d3 LOWI_PHY_MODE_11AC_VHT80(10), Beacon Interval: 100, LOWI_ENCRYPTION_TYPE_WPA_PSK 11mcRanging: No, ANQP: Yes, LCI: No, Civic: No, capability(0x1931): ESS Privacy ShortPreamble SpectrumMgmt APSD
09-30 05:12:35.604 D/LOWI-9.0.0.87.a( 1452): [LOWI-Scan] BSS 5c:02:14:f9:4f:d3 FREQ: 5220, cFreq1[40:80:160] = [5230:5210:0] cFreq2 = 0 Country Code = CN
09-30 05:12:35.604 D/LOWI-9.0.0.87.a( 1452): [LOWI-Scan] BSS 5c:02:14:f9:4f:d3 (wlan0) ASSO: NO AddInfo: 0x0, TSF 0, 02:44:17.553, RSSI: -106, CPL: 127, AGE: 1348, SSID ThunderSoft_XTS_5G, TSFDelta: 0x790c1a8f, TXRate: 0
09-30 05:12:35.604 D/LOWI-9.0.0.87.a( 1452): [LOWI-Scan]
09-30 05:12:35.604 D/LOWI-9.0.0.87.a( 1452): [LOWI-Scan] print_bss_handler: Report Probe TSF 9857500507 as it greater than Beacon TSF 9805724216
09-30 05:12:35.604 D/LOWI-9.0.0.87.a( 1452): [LOWI-Scan] decode_rsn_wpa_ie: LOWI_ENCRYPTION_TYPE_WPA_PSK
09-30 05:12:35.605 D/LOWI-9.0.0.87.a( 1452): [LOWI-Scan] is_qcom_ie, bss_age: 0
09-30 05:12:35.605 D/LOWI-9.0.0.87.a( 1452): [LOWI-Scan] BSS b0:39:56:1c:29:79 LOWI_PHY_MODE_11AC_VHT20_2G(11), Beacon Interval: 100, LOWI_ENCRYPTION_TYPE_WPA_PSK 11mcRanging: No, ANQP: No, LCI: No, Civic: No, capability(0x0411): ESS Privacy ShortSlotTime
09-30 05:12:35.605 D/LOWI-9.0.0.87.a( 1452): [LOWI-Scan] BSS b0:39:56:1c:29:79 FREQ: 2417, cFreq1[40:80:160] = [2417:0:0] cFreq2 = 0 Country Code = CN
09-30 05:12:35.605 D/LOWI-9.0.0.87.a( 1452): [LOWI-Scan] BSS b0:39:56:1c:29:79 (wlan0) ASSO: NO AddInfo: 0x0, TSF 0, 02:44:17.500, RSSI: -128, CPL: 127, AGE: 1400, SSID Lenovo6, TSFDelta: 0x4459b734, TXRate: 0
09-30 05:12:35.605 D/LOWI-9.0.0.87.a( 1452): [LOWI-Scan]
09-30 05:12:35.605 D/LOWI-9.0.0.87.a( 1452): [LOWI-Scan] print_bss_handler: Report Probe TSF 9857741520 as it greater than Beacon TSF 9806105766
09-30 05:12:35.605 D/LOWI-9.0.0.87.a( 1452): [LOWI-Scan] decode_rsn_wpa_ie: LOWI_ENCRYPTION_TYPE_WPA_PSK
09-30 05:12:35.605 D/LOWI-9.0.0.87.a( 1452): [LOWI-Scan] is_qcom_ie, bss_age: 0
09-30 05:12:35.605 D/LOWI-9.0.0.87.a( 1452): [LOWI-Scan] BSS 7c:b5:9b:12:ab:30 LOWI_PHY_MODE_11AC_VHT80(10), Beacon Interval: 100, LOWI_ENCRYPTION_TYPE_WPA_PSK 11mcRanging: No, ANQP: No, LCI: No, Civic: No, capability(0x1011): ESS Privacy
09-30 05:12:35.605 D/LOWI-9.0.0.87.a( 1452): [LOWI-Scan] BSS 7c:b5:9b:12:ab:30 FREQ: 5745, cFreq1[40:80:160] = [5755:5775:0] cFreq2 = 0 Country Code = CN
09-30 05:12:35.605 D/LOWI-9.0.0.87.a( 1452): [LOWI-Scan] BSS 7c:b5:9b:12:ab:30 (wlan0) ASSO: NO AddInfo: 0x0, TSF 0, 02:44:17.741, RSSI: -164, CPL: 127, AGE: 1160, SSID TP-LINK_AB2E, TSFDelta: 0xefd40dea, TXRate: 0
09-30 05:12:35.606 D/LOWI-9.0.0.87.a( 1452): [LOWI-Scan]
09-30 05:12:35.606 D/LOWI-9.0.0.87.a( 1452): [LOWI-Scan] print_bss_handler: Report Probe TSF 9857650982 as it greater than Beacon TSF 9857619188
09-30 05:12:35.606 D/LOWI-9.0.0.87.a( 1452): [LOWI-Scan] decode_rsn_wpa_ie: LOWI_ENCRYPTION_TYPE_WPA_PSK
09-30 05:12:35.606 D/LOWI-9.0.0.87.a( 1452): [LOWI-Scan] is_qcom_ie, bss_age: 0
09-30 05:12:35.606 D/LOWI-9.0.0.87.a( 1452): [LOWI-Scan] BSS 18:6f:2d:0a:b8:40 LOWI_PHY_MODE_11NG_HT20(5), Beacon Interval: 100, LOWI_ENCRYPTION_TYPE_WPA_PSK 11mcRanging: No, ANQP: No, LCI: No, Civic: No, capability(0x0531): ESS Privacy ShortPreamble SpectrumMgmt ShortSlotTime
09-30 05:12:35.606 D/LOWI-9.0.0.87.a( 1452): [LOWI-Scan] BSS 18:6f:2d:0a:b8:40 FREQ: 2427, cFreq1[40:80:160] = [2427:0:0] cFreq2 = 0 Country Code = CN
09-30 05:12:35.606 D/LOWI-9.0.0.87.a( 1452): [LOWI-Scan] BSS 18:6f:2d:0a:b8:40 (wlan0) ASSO: NO AddInfo: 0x0, TSF 0, 02:44:17.650, RSSI: -128, CPL: 127, AGE: 1252, SSID Testing , TSFDelta: 0xfb323999, TXRate: 0
09-30 05:12:35.606 D/LOWI-9.0.0.87.a( 1452): [LOWI-Scan]
09-30 05:12:35.606 D/LOWI-9.0.0.87.a( 1452): [LOWI-Scan] print_bss_handler: Report Probe TSF 9857658942 as it greater than Beacon TSF 9857619962
09-30 05:12:35.606 D/LOWI-9.0.0.87.a( 1452): [LOWI-Scan] is_qcom_ie, bss_age: 0
01-01 15:16:05.645 I/[schedu][0x2c1a4a6f89][05:12:35.595975] wlan( 0): [22288:I:OSIF] vdev 0, scan id 40982 type COMPLETED(1) reason COMPLETED(1) scan found 102 bss
09-30 05:12:35.607 D/LOWI-9.0.0.87.a( 1452): [LOWI-Scan] BSS 18:6f:2d:0a:b8:41 LOWI_PHY_MODE_11NG_HT20(5), Beacon Interval: 100, LOWI_ENCRYPTION_TYPE_OPEN 11mcRanging: No, ANQP: No, LCI: No, Civic: No, capability(0x0521): ESS ShortPreamble SpectrumMgmt ShortSlotTime
09-30 05:12:35.607 D/LOWI-9.0.0.87.a( 1452): [LOWI-Scan] BSS 18:6f:2d:0a:b8:41 FREQ: 2427, cFreq1[40:80:160] = [2427:0:0] cFreq2 = 0 Country Code = CN
09-30 05:12:35.607 D/LOWI-9.0.0.87.a( 1452): [LOWI-Scan] BSS 18:6f:2d:0a:b8:41 (wlan0) ASSO: NO AddInfo: 0x0, TSF 0, 02:44:17.658, RSSI: -126, CPL: 127, AGE: 1244, SSID Guest, TSFDelta: 0xfb3d7b06, TXRate: 0
09-30 05:12:35.607 D/LOWI-9.0.0.87.a( 1452): [LOWI-Scan]
09-30 05:12:35.607 D/LOWI-9.0.0.87.a( 1452): [LOWI-Scan] print_bss_handler: Report Probe TSF 9857661453 as it greater than Beacon TSF 9857620812
09-30 05:12:35.607 D/LOWI-9.0.0.87.a( 1452): [LOWI-Scan] decode_rsn_wpa_ie: LOWI_ENCRYPTION_TYPE_WPA_PSK
09-30 05:12:35.607 D/LOWI-9.0.0.87.a( 1452): [LOWI-Scan] is_qcom_ie, bss_age: 0
09-30 05:12:35.607 D/LOWI-9.0.0.87.a( 1452): [LOWI-Scan] BSS 18:6f:2d:0a:b8:42 LOWI_PHY_MODE_11NG_HT20(5), Beacon Interval: 100, LOWI_ENCRYPTION_TYPE_WPA_PSK 11mcRanging: No, ANQP: No, LCI: No, Civic: No, capability(0x0531): ESS Privacy ShortPreamble SpectrumMgmt ShortSlotTime
09-30 05:12:35.607 D/LOWI-9.0.0.87.a( 1452): [LOWI-Scan] BSS 18:6f:2d:0a:b8:42 FREQ: 2427, cFreq1[40:80:160] = [2427:0:0] cFreq2 = 0 Country Code = CN
09-30 05:12:35.607 D/LOWI-9.0.0.87.a( 1452): [LOWI-Scan] BSS 18:6f:2d:0a:b8:42 (wlan0) ASSO: NO AddInfo: 0x0, TSF 0, 02:44:17.661, RSSI: -124, CPL: 127, AGE: 1240, SSID ThunderSoft_2.4G, TSFDelta: 0xfb42515d, TXRate: 0
09-30 05:12:35.608 D/LOWI-9.0.0.87.a( 1452): [LOWI-Scan]
09-30 05:12:35.608 D/LOWI-9.0.0.87.a( 1452): [LOWI-Scan] print_bss_handler: Report Probe TSF 9857662430 as it greater than Beacon TSF 9857624571
09-30 05:12:35.608 D/LOWI-9.0.0.87.a( 1452): [LOWI-Scan] decode_rsn_wpa_ie: LOWI_ENCRYPTION_TYPE_WPA_PSK
09-30 05:12:35.608 D/LOWI-9.0.0.87.a( 1452): [LOWI-Scan] is_qcom_ie, bss_age: 0
09-30 05:12:35.608 D/LOWI-9.0.0.87.a( 1452): [LOWI-Scan] BSS 18:6f:2d:0a:b8:43 LOWI_PHY_MODE_11NG_HT20(5), Beacon Interval: 100, LOWI_ENCRYPTION_TYPE_WPA_PSK 11mcRanging: No, ANQP: No, LCI: No, Civic: No, capability(0x0531): ESS Privacy ShortPreamble SpectrumMgmt ShortSlotTime
09-30 05:12:35.608 D/LOWI-9.0.0.87.a( 1452): [LOWI-Scan] BSS 18:6f:2d:0a:b8:43 FREQ: 2427, cFreq1[40:80:160] = [2427:0:0] cFreq2 = 0 Country Code = CN
09-30 05:12:35.608 D/LOWI-9.0.0.87.a( 1452): [LOWI-Scan] BSS 18:6f:2d:0a:b8:43 (wlan0) ASSO: NO AddInfo: 0x0, TSF 0, 02:44:17.662, RSSI: -124, CPL: 127, AGE: 1240, SSID ZXHY, TSFDelta: 0xfb47961d, TXRate: 0
09-30 05:12:35.608 D/LOWI-9.0.0.87.a( 1452): [LOWI-Scan]
09-30 05:12:35.608 D/LOWI-9.0.0.87.a( 1452): [LOWI-Scan] print_bss_handler: Report Probe TSF 9857668790 as it greater than Beacon TSF 9805952093
09-30 05:12:35.608 D/LOWI-9.0.0.87.a( 1452): [LOWI-Scan] decode_rsn_wpa_ie: LOWI_ENCRYPTION_TYPE_WPA_PSK
09-30 05:12:35.608 D/LOWI-9.0.0.87.a( 1452): [LOWI-Scan] is_qcom_ie, bss_age: 0
09-30 05:12:35.608 D/LOWI-9.0.0.87.a( 1452): [LOWI-Scan] BSS 18:6f:2d:0a:b8:44 LOWI_PHY_MODE_11NG_HT20(5), Beacon Interval: 100, LOWI_ENCRYPTION_TYPE_WPA_PSK 11mcRanging: No, ANQP: No, LCI: No, Civic: No, capability(0x0531): ESS Privacy ShortPreamble SpectrumMgmt ShortSlotTime
09-30 05:12:35.609 D/LOWI-9.0.0.87.a( 1452): [LOWI-Scan] BSS 18:6f:2d:0a:b8:44 FREQ: 2427, cFreq1[40:80:160] = [2427:0:0] cFreq2 = 0 Country Code = CN
09-30 05:12:35.609 D/LOWI-9.0.0.87.a( 1452): [LOWI-Scan] BSS 18:6f:2d:0a:b8:44 (wlan0) ASSO: NO AddInfo: 0x0, TSF 0, 02:44:17.668, RSSI: -124, CPL: 127, AGE: 1232, SSID Fanya, TSFDelta: 0xfb52bd40, TXRate: 0
09-30 05:12:35.609 D/LOWI-9.0.0.87.a( 1452): [LOWI-Scan]
09-30 05:12:35.609 D/LOWI-9.0.0.87.a( 1452): [LOWI-Scan] print_bss_handler: Report Probe TSF 9857670145 as it greater than Beacon TSF 9857641574
09-30 05:12:35.609 D/LOWI-9.0.0.87.a( 1452): [LOWI-Scan] is_qcom_ie, bss_age: 0
09-30 05:12:35.609 D/LOWI-9.0.0.87.a( 1452): [LOWI-Scan] BSS 18:6f:2d:0a:b8:45 LOWI_PHY_MODE_11NG_HT20(5), Beacon Interval: 100, LOWI_ENCRYPTION_TYPE_OPEN 11mcRanging: No, ANQP: No, LCI: No, Civic: No, capability(0x0521): ESS ShortPreamble SpectrumMgmt ShortSlotTime
09-30 05:12:35.612 D/LOWI-9.0.0.87.a( 1452): [LOWI-Scan] BSS 18:6f:2d:0a:b8:45 FREQ: 2427, cFreq1[40:80:160] = [2427:0:0] cFreq2 = 0 Country Code = CN
09-30 05:12:35.612 D/LOWI-9.0.0.87.a( 1452): [LOWI-Scan] BSS 18:6f:2d:0a:b8:45 (wlan0) ASSO: NO AddInfo: 0x0, TSF 0, 02:44:17.670, RSSI: -124, CPL: 127, AGE: 1232, SSID IT, TSFDelta: 0xfb57f6cb, TXRate: 0
09-30 05:12:35.613 D/LOWI-9.0.0.87.a( 1452): [LOWI-Scan]
09-30 05:12:35.613 D/LOWI-9.0.0.87.a( 1452): [LOWI-Scan] print_bss_handler: Report Probe TSF 9857847744 as it greater than Beacon TSF 9857806431
09-30 05:12:35.613 D/LOWI-9.0.0.87.a( 1452): [LOWI-Scan] decode_rsn_wpa_ie: LOWI_ENCRYPTION_TYPE_WPA_PSK
09-30 05:12:35.613 D/LOWI-9.0.0.87.a( 1452): [LOWI-Scan] is_qcom_ie, bss_age: 0
09-30 05:12:35.613 D/LOWI-9.0.0.87.a( 1452): [LOWI-Scan] BSS 18:6f:2d:81:25:40 LOWI_PHY_MODE_11NG_HT20(5), Beacon Interval: 100, LOWI_ENCRYPTION_TYPE_WPA_PSK 11mcRanging: No, ANQP: No, LCI: No, Civic: No, capability(0x0531): ESS Privacy ShortPreamble SpectrumMgmt ShortSlotTime
09-30 05:12:35.613 D/LOWI-9.0.0.87.a( 1452): [LOWI-Scan] BSS 18:6f:2d:81:25:40 FREQ: 2437, cFreq1[40:80:160] = [2437:0:0] cFreq2 = 0 Country Code = CN
09-30 05:12:35.614 D/LOWI-9.0.0.87.a( 1452): [LOWI-Scan] BSS 18:6f:2d:81:25:40 (wlan0) ASSO: NO AddInfo: 0x0, TSF 0, 02:44:17.847, RSSI: -82, CPL: 127, AGE: 1056, SSID Testing , TSFDelta: 0x12fec3d, TXRate: 0
09-30 05:12:35.614 D/LOWI-9.0.0.87.a( 1452): [LOWI-Scan]
09-30 05:12:35.614 D/LOWI-9.0.0.87.a( 1452): [LOWI-Scan] print_bss_handler: Report Probe TSF 9857848898 as it greater than Beacon TSF 9857812189
09-30 05:12:35.614 D/LOWI-9.0.0.87.a( 1452): [LOWI-Scan] is_qcom_ie, bss_age: 0
09-30 05:12:35.614 D/LOWI-9.0.0.87.a( 1452): [LOWI-Scan] BSS 18:6f:2d:81:25:41 LOWI_PHY_MODE_11NG_HT20(5), Beacon Interval: 100, LOWI_ENCRYPTION_TYPE_OPEN 11mcRanging: No, ANQP: No, LCI: No, Civic: No, capability(0x0521): ESS ShortPreamble SpectrumMgmt ShortSlotTime
09-30 05:12:35.614 D/LOWI-9.0.0.87.a( 1452): [LOWI-Scan] BSS 18:6f:2d:81:25:41 FREQ: 2437, cFreq1[40:80:160] = [2437:0:0] cFreq2 = 0 Country Code = CN
09-30 05:12:35.614 D/LOWI-9.0.0.87.a( 1452): [LOWI-Scan] BSS 18:6f:2d:81:25:41 (wlan0) ASSO: NO AddInfo: 0x0, TSF 0, 02:44:17.848, RSSI: -82, CPL: 127, AGE: 1052, SSID Guest, TSFDelta: 0x14ee1c4, TXRate: 0
09-30 05:12:35.615 D/LOWI-9.0.0.87.a( 1452): [LOWI-Scan]
09-30 05:12:35.615 D/LOWI-9.0.0.87.a( 1452): [LOWI-Scan] print_bss_handler: Report Probe TSF 9857849394 as it greater than Beacon TSF 9857813628
09-30 05:12:35.615 D/LOWI-9.0.0.87.a( 1452): [LOWI-Scan] decode_rsn_wpa_ie: LOWI_ENCRYPTION_TYPE_WPA_PSK
09-30 05:12:35.615 D/LOWI-9.0.0.87.a( 1452): [LOWI-Scan] is_qcom_ie, bss_age: 0
09-30 05:12:35.615 D/LOWI-9.0.0.87.a( 1452): [LOWI-Scan] BSS 18:6f:2d:81:25:42 LOWI_PHY_MODE_11NG_HT20(5), Beacon Interval: 100, LOWI_ENCRYPTION_TYPE_WPA_PSK 11mcRanging: No, ANQP: No, LCI: No, Civic: No, capability(0x0531): ESS Privacy ShortPreamble SpectrumMgmt ShortSlotTime
09-30 05:12:35.615 D/LOWI-9.0.0.87.a( 1452): [LOWI-Scan] BSS 18:6f:2d:81:25:42 FREQ: 2437, cFreq1[40:80:160] = [2437:0:0] cFreq2 = 0 Country Code = CN
09-30 05:12:35.615 D/LOWI-9.0.0.87.a( 1452): [LOWI-Scan] BSS 18:6f:2d:81:25:42 (wlan0) ASSO: NO AddInfo: 0x0, TSF 0, 02:44:17.849, RSSI: -80, CPL: 127, AGE: 1052, SSID ThunderSoft_2.4G, TSFDelta: 0x162ec9c, TXRate: 0
09-30 05:12:35.616 D/LOWI-9.0.0.87.a( 1452): [LOWI-Scan]
09-30 05:12:35.616 D/LOWI-9.0.0.87.a( 1452): [LOWI-Scan] print_bss_handler: Report Probe TSF 9857888593 as it greater than Beacon TSF 9857814917
09-30 05:12:35.616 D/LOWI-9.0.0.87.a( 1452): [LOWI-Scan] decode_rsn_wpa_ie: LOWI_ENCRYPTION_TYPE_WPA_PSK
09-30 05:12:35.616 D/LOWI-9.0.0.87.a( 1452): [LOWI-Scan] is_qcom_ie, bss_age: 0
09-30 05:12:35.616 D/LOWI-9.0.0.87.a( 1452): [LOWI-Scan] BSS 18:6f:2d:81:25:43 LOWI_PHY_MODE_11NG_HT20(5), Beacon Interval: 100, LOWI_ENCRYPTION_TYPE_WPA_PSK 11mcRanging: No, ANQP: No, LCI: No, Civic: No, capability(0x0531): ESS Privacy ShortPreamble SpectrumMgmt ShortSlotTime
09-30 05:12:35.616 D/LOWI-9.0.0.87.a( 1452): [LOWI-Scan] BSS 18:6f:2d:81:25:43 FREQ: 2437, cFreq1[40:80:160] = [2437:0:0] cFreq2 = 0 Country Code = CN
09-30 05:12:35.616 D/LOWI-9.0.0.87.a( 1452): [LOWI-Scan] BSS 18:6f:2d:81:25:43 (wlan0) ASSO: NO AddInfo: 0x0, TSF 0, 02:44:17.888, RSSI: -82, CPL: 127, AGE: 1012, SSID ZXHY, TSFDelta: 0x1729d23, TXRate: 0
09-30 05:12:35.617 D/LOWI-9.0.0.87.a( 1452): [LOWI-Scan]
09-30 05:12:35.617 D/LOWI-9.0.0.87.a( 1452): [LOWI-Scan] print_bss_handler: Report Probe TSF 9857889464 as it greater than Beacon TSF 9857816562
09-30 05:12:35.617 D/LOWI-9.0.0.87.a( 1452): [LOWI-Scan] decode_rsn_wpa_ie: LOWI_ENCRYPTION_TYPE_WPA_PSK
09-30 05:12:35.617 D/LOWI-9.0.0.87.a( 1452): [LOWI-Scan] is_qcom_ie, bss_age: 0
09-30 05:12:35.617 D/LOWI-9.0.0.87.a( 1452): [LOWI-Scan] BSS 18:6f:2d:81:25:44 LOWI_PHY_MODE_11NG_HT20(5), Beacon Interval: 100, LOWI_ENCRYPTION_TYPE_WPA_PSK 11mcRanging: No, ANQP: No, LCI: No, Civic: No, capability(0x0531): ESS Privacy ShortPreamble SpectrumMgmt ShortSlotTime
09-30 05:12:35.617 D/LOWI-9.0.0.87.a( 1452): [LOWI-Scan] BSS 18:6f:2d:81:25:44 FREQ: 2437, cFreq1[40:80:160] = [2437:0:0] cFreq2 = 0 Country Code = CN
09-30 05:12:35.617 D/LOWI-9.0.0.87.a( 1452): [LOWI-Scan] BSS 18:6f:2d:81:25:44 (wlan0) ASSO: NO AddInfo: 0x0, TSF 0, 02:44:17.889, RSSI: -84, CPL: 127, AGE: 1012, SSID Fanya, TSFDelta: 0x18a7dde, TXRate: 0
09-30 05:12:35.618 D/LOWI-9.0.0.87.a( 1452): [LOWI-Scan]
09-30 05:12:35.618 D/LOWI-9.0.0.87.a( 1452): [LOWI-Scan] print_bss_handler: Report Probe TSF 9857890271 as it greater than Beacon TSF 9857836997
09-30 05:12:35.618 D/LOWI-9.0.0.87.a( 1452): [LOWI-Scan] is_qcom_ie, bss_age: 0
09-30 05:12:35.618 D/LOWI-9.0.0.87.a( 1452): [LOWI-Scan] BSS 18:6f:2d:81:25:45 LOWI_PHY_MODE_11NG_HT20(5), Beacon Interval: 100, LOWI_ENCRYPTION_TYPE_OPEN 11mcRanging: No, ANQP: No, LCI: No, Civic: No, capability(0x0521): ESS ShortPreamble SpectrumMgmt ShortSlotTime
09-30 05:12:35.618 D/LOWI-9.0.0.87.a( 1452): [LOWI-Scan] BSS 18:6f:2d:81:25:45 FREQ: 2437, cFreq1[40:80:160] = [2437:0:0] cFreq2 = 0 Country Code = CN
09-30 05:12:35.618 D/LOWI-9.0.0.87.a( 1452): [LOWI-Scan] BSS 18:6f:2d:81:25:45 (wlan0) ASSO: NO AddInfo: 0x0, TSF 0, 02:44:17.890, RSSI: -82, CPL: 127, AGE: 1012, SSID IT, TSFDelta: 0x1a30975, TXRate: 0
09-30 05:12:35.619 D/LOWI-9.0.0.87.a( 1452): [LOWI-Scan]
09-30 05:12:35.619 D/LOWI-9.0.0.87.a( 1452): [LOWI-Scan] print_bss_handler: Report Probe TSF 9858283408 as it greater than Beacon TSF 9858230410
09-30 05:12:35.619 D/LOWI-9.0.0.87.a( 1452): [LOWI-Scan] decode_rsn_wpa_ie: LOWI_ENCRYPTION_TYPE_WPA_PSK
09-30 05:12:35.619 D/LOWI-9.0.0.87.a( 1452): [LOWI-Scan] is_qcom_ie, bss_age: 0
09-30 05:12:35.619 D/LOWI-9.0.0.87.a( 1452): [LOWI-Scan] BSS 18:6f:2d:81:18:50 LOWI_PHY_MODE_11AC_VHT20(8), Beacon Interval: 100, LOWI_ENCRYPTION_TYPE_WPA_PSK 11mcRanging: No, ANQP: No, LCI: No, Civic: No, capability(0x0111): ESS Privacy SpectrumMgmt
09-30 05:12:35.619 D/LOWI-9.0.0.87.a( 1452): [LOWI-Scan] BSS 18:6f:2d:81:18:50 FREQ: 5260, cFreq1[40:80:160] = [5260:0:0] cFreq2 = 0 Country Code = CN
09-30 05:12:35.619 D/LOWI-9.0.0.87.a( 1452): [LOWI-Scan] BSS 18:6f:2d:81:18:50 (wlan0) ASSO: NO AddInfo: 0x0, TSF 0, 02:44:18.283, RSSI: -156, CPL: 127, AGE: 620, SSID Testing , TSFDelta: 0x2293ec9d, TXRate: 0
09-30 05:12:35.620 D/LOWI-9.0.0.87.a( 1452): [LOWI-Scan]
09-30 05:12:35.620 D/LOWI-9.0.0.87.a( 1452): [LOWI-Scan] print_bss_handler: Report Probe TSF 9858284907 as it greater than Beacon TSF 9858231779
09-30 05:12:35.620 D/LOWI-9.0.0.87.a( 1452): [LOWI-Scan] is_qcom_ie, bss_age: 0
09-30 05:12:35.620 D/LOWI-9.0.0.87.a( 1452): [LOWI-Scan] BSS 18:6f:2d:81:18:51 LOWI_PHY_MODE_11AC_VHT20(8), Beacon Interval: 100, LOWI_ENCRYPTION_TYPE_OPEN 11mcRanging: No, ANQP: No, LCI: No, Civic: No, capability(0x0101): ESS SpectrumMgmt
09-30 05:12:35.620 D/LOWI-9.0.0.87.a( 1452): [LOWI-Scan] BSS 18:6f:2d:81:18:51 FREQ: 5260, cFreq1[40:80:160] = [5260:0:0] cFreq2 = 0 Country Code = CN
09-30 05:12:35.620 D/LOWI-9.0.0.87.a( 1452): [LOWI-Scan] BSS 18:6f:2d:81:18:51 (wlan0) ASSO: NO AddInfo: 0x0, TSF 0, 02:44:18.284, RSSI: -158, CPL: 127, AGE: 616, SSID Guest, TSFDelta: 0x2299b53d, TXRate: 0
09-30 05:12:35.621 D/LOWI-9.0.0.87.a( 1452): [LOWI-Scan]
09-30 05:12:35.621 D/LOWI-9.0.0.87.a( 1452): [LOWI-Scan] print_bss_handler: Report Probe TSF 9858286650 as it greater than Beacon TSF 9858233291
09-30 05:12:35.621 D/LOWI-9.0.0.87.a( 1452): [LOWI-Scan] decode_rsn_wpa_ie: LOWI_ENCRYPTION_TYPE_WPA_PSK
09-30 05:12:35.621 D/LOWI-9.0.0.87.a( 1452): [LOWI-Scan] is_qcom_ie, bss_age: 0
09-30 05:12:35.621 D/LOWI-9.0.0.87.a( 1452): [LOWI-Scan] BSS 18:6f:2d:81:18:52 LOWI_PHY_MODE_11AC_VHT20(8), Beacon Interval: 100, LOWI_ENCRYPTION_TYPE_WPA_PSK 11mcRanging: No, ANQP: No, LCI: No, Civic: No, capability(0x0111): ESS Privacy SpectrumMgmt
09-30 05:12:35.621 D/LOWI-9.0.0.87.a( 1452): [LOWI-Scan] BSS 18:6f:2d:81:18:52 FREQ: 5260, cFreq1[40:80:160] = [5260:0:0] cFreq2 = 0 Country Code = CN
09-30 05:12:35.621 D/LOWI-9.0.0.87.a( 1452): [LOWI-Scan] BSS 18:6f:2d:81:18:52 (wlan0) ASSO: NO AddInfo: 0x0, TSF 0, 02:44:18.286, RSSI: -156, CPL: 127, AGE: 616, SSID ZXHY, TSFDelta: 0x229ecef4, TXRate: 0
09-30 05:12:35.622 D/LOWI-9.0.0.87.a( 1452): [LOWI-Scan]
09-30 05:12:35.622 D/LOWI-9.0.0.87.a( 1452): [LOWI-Scan] print_bss_handler: Report Probe TSF 9858287497 as it greater than Beacon TSF 9858234672
09-30 05:12:35.622 D/LOWI-9.0.0.87.a( 1452): [LOWI-Scan] decode_rsn_wpa_ie: LOWI_ENCRYPTION_TYPE_WPA_PSK
09-30 05:12:35.622 D/LOWI-9.0.0.87.a( 1452): [LOWI-Scan] is_qcom_ie, bss_age: 0
09-30 05:12:35.622 D/LOWI-9.0.0.87.a( 1452): [LOWI-Scan] BSS 18:6f:2d:81:18:53 LOWI_PHY_MODE_11AC_VHT20(8), Beacon Interval: 100, LOWI_ENCRYPTION_TYPE_WPA_PSK 11mcRanging: No, ANQP: No, LCI: No, Civic: No, capability(0x0111): ESS Privacy SpectrumMgmt
09-30 05:12:35.622 D/LOWI-9.0.0.87.a( 1452): [LOWI-Scan] BSS 18:6f:2d:81:18:53 FREQ: 5260, cFreq1[40:80:160] = [5260:0:0] cFreq2 = 0 Country Code = CN
09-30 05:12:35.622 D/LOWI-9.0.0.87.a( 1452): [LOWI-Scan] BSS 18:6f:2d:81:18:53 (wlan0) ASSO: NO AddInfo: 0x0, TSF 0, 02:44:18.287, RSSI: -158, CPL: 127, AGE: 616, SSID Fanya, TSFDelta: 0x22a3dce9, TXRate: 0
09-30 05:12:35.623 D/LOWI-9.0.0.87.a( 1452): [LOWI-Scan]
09-30 05:12:35.623 D/LOWI-9.0.0.87.a( 1452): [LOWI-Scan] print_bss_handler: Report Probe TSF 9858288708 as it greater than Beacon TSF 9858236491
09-30 05:12:35.623 D/LOWI-9.0.0.87.a( 1452): [LOWI-Scan] decode_rsn_wpa_ie: LOWI_ENCRYPTION_TYPE_WPA_PSK
09-30 05:12:35.623 D/LOWI-9.0.0.87.a( 1452): [LOWI-Scan] is_qcom_ie, bss_age: 0
09-30 05:12:35.623 D/LOWI-9.0.0.87.a( 1452): [LOWI-Scan] BSS 18:6f:2d:81:18:54 LOWI_PHY_MODE_11AC_VHT20(8), Beacon Interval: 100, LOWI_ENCRYPTION_TYPE_WPA_PSK 11mcRanging: No, ANQP: No, LCI: No, Civic: No, capability(0x0111): ESS Privacy SpectrumMgmt
09-30 05:12:35.623 D/LOWI-9.0.0.87.a( 1452): [LOWI-Scan] BSS 18:6f:2d:81:18:54 FREQ: 5260, cFreq1[40:80:160] = [5260:0:0] cFreq2 = 0 Country Code = CN
09-30 05:12:35.623 D/LOWI-9.0.0.87.a( 1452): [LOWI-Scan] BSS 18:6f:2d:81:18:54 (wlan0) ASSO: NO AddInfo: 0x0, TSF 0, 02:44:18.288, RSSI: -156, CPL: 127, AGE: 612, SSID ThunderSoft, TSFDelta: 0x22a88990, TXRate: 0
09-30 05:12:35.625 D/LOWI-9.0.0.87.a( 1452): [LOWI-Scan]
09-30 05:12:35.625 D/LOWI-9.0.0.87.a( 1452): [LOWI-Scan] print_bss_handler: Report Probe TSF 9858289707 as it greater than Beacon TSF 9858238024
09-30 05:12:35.625 D/LOWI-9.0.0.87.a( 1452): [LOWI-Scan] decode_rsn_wpa_ie: LOWI_ENCRYPTION_TYPE_WPA_PSK
09-30 05:12:35.625 D/LOWI-9.0.0.87.a( 1452): [LOWI-Scan] is_qcom_ie, bss_age: 0
09-30 05:12:35.625 D/LOWI-9.0.0.87.a( 1452): [LOWI-Scan] BSS 18:6f:2d:81:18:55 LOWI_PHY_MODE_11AC_VHT20(8), Beacon Interval: 100, LOWI_ENCRYPTION_TYPE_WPA_PSK 11mcRanging: No, ANQP: No, LCI: No, Civic: No, capability(0x0111): ESS Privacy SpectrumMgmt
09-30 05:12:35.625 D/LOWI-9.0.0.87.a( 1452): [LOWI-Scan] BSS 18:6f:2d:81:18:55 FREQ: 5260, cFreq1[40:80:160] = [5260:0:0] cFreq2 = 0 Country Code = CN
09-30 05:12:35.626 D/LOWI-9.0.0.87.a( 1452): [LOWI-Scan] BSS 18:6f:2d:81:18:55 (wlan0) ASSO: NO AddInfo: 0x0, TSF 0, 02:44:18.289, RSSI: -158, CPL: 127, AGE: 612, SSID GM, TSFDelta: 0x22acfeef, TXRate: 0
09-30 05:12:35.626 D/LOWI-9.0.0.87.a( 1452): [LOWI-Scan]
09-30 05:12:35.626 D/LOWI-9.0.0.87.a( 1452): [LOWI-Scan] print_bss_handler: Report Probe TSF 9858290546 as it greater than Beacon TSF 9858239335
09-30 05:12:35.626 D/LOWI-9.0.0.87.a( 1452): [LOWI-Scan] is_qcom_ie, bss_age: 0
09-30 05:12:35.626 D/LOWI-9.0.0.87.a( 1452): [LOWI-Scan] BSS 18:6f:2d:81:18:56 LOWI_PHY_MODE_11AC_VHT20(8), Beacon Interval: 100, LOWI_ENCRYPTION_TYPE_OPEN 11mcRanging: No, ANQP: No, LCI: No, Civic: No, capability(0x0101): ESS SpectrumMgmt
09-30 05:12:35.626 D/LOWI-9.0.0.87.a( 1452): [LOWI-Scan] BSS 18:6f:2d:81:18:56 FREQ: 5260, cFreq1[40:80:160] = [5260:0:0] cFreq2 = 0 Country Code = CN
09-30 05:12:35.626 D/LOWI-9.0.0.87.a( 1452): [LOWI-Scan] BSS 18:6f:2d:81:18:56 (wlan0) ASSO: NO AddInfo: 0x0, TSF 0, 02:44:18.290, RSSI: -156, CPL: 127, AGE: 612, SSID IT, TSFDelta: 0x22b23d02, TXRate: 0
09-30 05:12:35.627 D/LOWI-9.0.0.87.a( 1452): [LOWI-Scan]
09-30 05:12:35.627 D/LOWI-9.0.0.87.a( 1452): [LOWI-Scan] print_bss_handler: Report beacon TSF 9858483850 as it greater than probe TSF 9858461347
09-30 05:12:35.627 D/LOWI-9.0.0.87.a( 1452): [LOWI-Scan] decode_rsn_wpa_ie: LOWI_ENCRYPTION_TYPE_WPA_PSK
09-30 05:12:35.627 D/LOWI-9.0.0.87.a( 1452): [LOWI-Scan] is_qcom_ie, bss_age: 0
09-30 05:12:35.627 D/LOWI-9.0.0.87.a( 1452): [LOWI-Scan] BSS 18:6f:2d:81:16:f0 LOWI_PHY_MODE_11AC_VHT20(8), Beacon Interval: 100, LOWI_ENCRYPTION_TYPE_WPA_PSK 11mcRanging: No, ANQP: No, LCI: No, Civic: No, capability(0x0111): ESS Privacy SpectrumMgmt
09-30 05:12:35.627 D/LOWI-9.0.0.87.a( 1452): [LOWI-Scan] BSS 18:6f:2d:81:16:f0 FREQ: 5280, cFreq1[40:80:160] = [5280:0:0] cFreq2 = 0 Country Code = CN
09-30 05:12:35.627 D/LOWI-9.0.0.87.a( 1452): [LOWI-Scan] BSS 18:6f:2d:81:16:f0 (wlan0) ASSO: NO AddInfo: 0x1, TSF 0, 02:44:18.483, RSSI: -144, CPL: 127, AGE: 420, SSID Testing , TSFDelta: 0x2700bfd9, TXRate: 0
09-30 05:12:35.628 D/LOWI-9.0.0.87.a( 1452): [LOWI-Scan]
09-30 05:12:35.628 D/LOWI-9.0.0.87.a( 1452): [LOWI-Scan] print_bss_handler: Report beacon TSF 9858485985 as it greater than probe TSF 9858462262
09-30 05:12:35.628 D/LOWI-9.0.0.87.a( 1452): [LOWI-Scan] is_qcom_ie, bss_age: 0
09-30 05:12:35.628 D/LOWI-9.0.0.87.a( 1452): [LOWI-Scan] BSS 18:6f:2d:81:16:f1 LOWI_PHY_MODE_11AC_VHT20(8), Beacon Interval: 100, LOWI_ENCRYPTION_TYPE_OPEN 11mcRanging: No, ANQP: No, LCI: No, Civic: No, capability(0x0101): ESS SpectrumMgmt
09-30 05:12:35.628 D/LOWI-9.0.0.87.a( 1452): [LOWI-Scan] BSS 18:6f:2d:81:16:f1 FREQ: 5280, cFreq1[40:80:160] = [5280:0:0] cFreq2 = 0 Country Code = CN
09-30 05:12:35.628 D/LOWI-9.0.0.87.a( 1452): [LOWI-Scan] BSS 18:6f:2d:81:16:f1 (wlan0) ASSO: NO AddInfo: 0x1, TSF 0, 02:44:18.485, RSSI: -146, CPL: 127, AGE: 416, SSID Guest, TSFDelta: 0x27064268, TXRate: 0
09-30 05:12:35.628 D/LOWI-9.0.0.87.a( 1452): [LOWI-Scan]
09-30 05:12:35.629 D/LOWI-9.0.0.87.a( 1452): [LOWI-Scan] print_bss_handler: Report beacon TSF 9858486857 as it greater than probe TSF 9858467092
09-30 05:12:35.629 D/LOWI-9.0.0.87.a( 1452): [LOWI-Scan] decode_rsn_wpa_ie: LOWI_ENCRYPTION_TYPE_WPA_PSK
09-30 05:12:35.629 D/LOWI-9.0.0.87.a( 1452): [LOWI-Scan] is_qcom_ie, bss_age: 0
09-30 05:12:35.629 D/LOWI-9.0.0.87.a( 1452): [LOWI-Scan] BSS 18:6f:2d:81:16:f3 LOWI_PHY_MODE_11AC_VHT20(8), Beacon Interval: 100, LOWI_ENCRYPTION_TYPE_WPA_PSK 11mcRanging: No, ANQP: No, LCI: No, Civic: No, capability(0x0111): ESS Privacy SpectrumMgmt
09-30 05:12:35.629 D/LOWI-9.0.0.87.a( 1452): [LOWI-Scan] BSS 18:6f:2d:81:16:f3 FREQ: 5280, cFreq1[40:80:160] = [5280:0:0] cFreq2 = 0 Country Code = CN
09-30 05:12:35.629 D/LOWI-9.0.0.87.a( 1452): [LOWI-Scan] BSS 18:6f:2d:81:16:f3 (wlan0) ASSO: NO AddInfo: 0x1, TSF 0, 02:44:18.486, RSSI: -144, CPL: 127, AGE: 416, SSID Fanya, TSFDelta: 0x271dd96d, TXRate: 0
09-30 05:12:35.629 D/LOWI-9.0.0.87.a( 1452): [LOWI-Scan]
09-30 05:12:35.629 D/LOWI-9.0.0.87.a( 1452): [LOWI-Scan] print_bss_handler: Report beacon TSF 9858487187 as it greater than probe TSF 9858468500
09-30 05:12:35.629 D/LOWI-9.0.0.87.a( 1452): [LOWI-Scan] decode_rsn_wpa_ie: LOWI_ENCRYPTION_TYPE_WPA_PSK
09-30 05:12:35.629 D/LOWI-9.0.0.87.a( 1452): [LOWI-Scan] is_qcom_ie, bss_age: 0
09-30 05:12:35.629 D/LOWI-9.0.0.87.a( 1452): [LOWI-Scan] BSS 18:6f:2d:81:16:f4 LOWI_PHY_MODE_11AC_VHT20(8), Beacon Interval: 100, LOWI_ENCRYPTION_TYPE_WPA_PSK 11mcRanging: No, ANQP: No, LCI: No, Civic: No, capability(0x0111): ESS Privacy SpectrumMgmt
09-30 05:12:35.629 D/LOWI-9.0.0.87.a( 1452): [LOWI-Scan] BSS 18:6f:2d:81:16:f4 FREQ: 5280, cFreq1[40:80:160] = [5280:0:0] cFreq2 = 0 Country Code = CN
09-30 05:12:35.629 D/LOWI-9.0.0.87.a( 1452): [LOWI-Scan] BSS 18:6f:2d:81:16:f4 (wlan0) ASSO: NO AddInfo: 0x1, TSF 0, 02:44:18.487, RSSI: -146, CPL: 127, AGE: 416, SSID ThunderSoft, TSFDelta: 0x272322c9, TXRate: 0
09-30 05:12:35.630 D/LOWI-9.0.0.87.a( 1452): [LOWI-Scan]
09-30 05:12:35.630 D/LOWI-9.0.0.87.a( 1452): [LOWI-Scan] print_bss_handler: Report beacon TSF 9858487521 as it greater than probe TSF 9858469666
09-30 05:12:35.630 D/LOWI-9.0.0.87.a( 1452): [LOWI-Scan] decode_rsn_wpa_ie: LOWI_ENCRYPTION_TYPE_WPA_PSK
09-30 05:12:35.630 D/LOWI-9.0.0.87.a( 1452): [LOWI-Scan] is_qcom_ie, bss_age: 0
09-30 05:12:35.630 D/LOWI-9.0.0.87.a( 1452): [LOWI-Scan] BSS 18:6f:2d:81:16:f5 LOWI_PHY_MODE_11AC_VHT20(8), Beacon Interval: 100, LOWI_ENCRYPTION_TYPE_WPA_PSK 11mcRanging: No, ANQP: No, LCI: No, Civic: No, capability(0x0111): ESS Privacy SpectrumMgmt
09-30 05:12:35.630 D/LOWI-9.0.0.87.a( 1452): [LOWI-Scan] BSS 18:6f:2d:81:16:f5 FREQ: 5280, cFreq1[40:80:160] = [5280:0:0] cFreq2 = 0 Country Code = CN
09-30 05:12:35.630 D/LOWI-9.0.0.87.a( 1452): [LOWI-Scan] BSS 18:6f:2d:81:16:f5 (wlan0) ASSO: NO AddInfo: 0x1, TSF 0, 02:44:18.487, RSSI: -146, CPL: 127, AGE: 416, SSID GM, TSFDelta: 0x272e8dcf, TXRate: 0
09-30 05:12:35.630 D/LOWI-9.0.0.87.a( 1452): [LOWI-Scan]
09-30 05:12:35.630 D/LOWI-9.0.0.87.a( 1452): [LOWI-Scan] print_bss_handler: Report beacon TSF 9858487879 as it greater than probe TSF 9858470037
09-30 05:12:35.630 D/LOWI-9.0.0.87.a( 1452): [LOWI-Scan] is_qcom_ie, bss_age: 0
09-30 05:12:35.630 D/LOWI-9.0.0.87.a( 1452): [LOWI-Scan] BSS 18:6f:2d:81:16:f6 LOWI_PHY_MODE_11AC_VHT20(8), Beacon Interval: 100, LOWI_ENCRYPTION_TYPE_OPEN 11mcRanging: No, ANQP: No, LCI: No, Civic: No, capability(0x0101): ESS SpectrumMgmt
09-30 05:12:35.630 D/LOWI-9.0.0.87.a( 1452): [LOWI-Scan] BSS 18:6f:2d:81:16:f6 FREQ: 5280, cFreq1[40:80:160] = [5280:0:0] cFreq2 = 0 Country Code = CN
09-30 05:12:35.630 D/LOWI-9.0.0.87.a( 1452): [LOWI-Scan] BSS 18:6f:2d:81:16:f6 (wlan0) ASSO: NO AddInfo: 0x1, TSF 0, 02:44:18.487, RSSI: -146, CPL: 127, AGE: 416, SSID IT, TSFDelta: 0x27313823, TXRate: 0
09-30 05:12:35.631 D/LOWI-9.0.0.87.a( 1452): [LOWI-Scan]
09-30 05:12:35.631 D/LOWI-9.0.0.87.a( 1452): [LOWI-Scan] print_bss_handler: Report Probe TSF 9858461747 as it greater than Beacon TSF 9858449831
09-30 05:12:35.631 D/LOWI-9.0.0.87.a( 1452): [LOWI-Scan] decode_rsn_wpa_ie: LOWI_ENCRYPTION_TYPE_WPA_PSK
09-30 05:12:35.631 D/LOWI-9.0.0.87.a( 1452): [LOWI-Scan] is_qcom_ie, bss_age: 0
09-30 05:12:35.631 D/LOWI-9.0.0.87.a( 1452): [LOWI-Scan] BSS 18:6f:2d:80:dd:70 LOWI_PHY_MODE_11AC_VHT20(8), Beacon Interval: 100, LOWI_ENCRYPTION_TYPE_WPA_PSK 11mcRanging: No, ANQP: No, LCI: No, Civic: No, capability(0x0111): ESS Privacy SpectrumMgmt
09-30 05:12:35.631 D/LOWI-9.0.0.87.a( 1452): [LOWI-Scan] BSS 18:6f:2d:80:dd:70 FREQ: 5280, cFreq1[40:80:160] = [5280:0:0] cFreq2 = 0 Country Code = CN
09-30 05:12:35.631 D/LOWI-9.0.0.87.a( 1452): [LOWI-Scan] BSS 18:6f:2d:80:dd:70 (wlan0) ASSO: NO AddInfo: 0x0, TSF 0, 02:44:18.461, RSSI: -140, CPL: 127, AGE: 440, SSID Testing , TSFDelta: 0x262f9d13, TXRate: 0
09-30 05:12:35.631 D/LOWI-9.0.0.87.a( 1452): [LOWI-Scan]
09-30 05:12:35.631 D/LOWI-9.0.0.87.a( 1452): [LOWI-Scan] print_bss_handler: Report Probe TSF 9858462674 as it greater than Beacon TSF 9858451164
09-30 05:12:35.631 D/LOWI-9.0.0.87.a( 1452): [LOWI-Scan] is_qcom_ie, bss_age: 0
09-30 05:12:35.631 D/LOWI-9.0.0.87.a( 1452): [LOWI-Scan] BSS 18:6f:2d:80:dd:71 LOWI_PHY_MODE_11AC_VHT20(8), Beacon Interval: 100, LOWI_ENCRYPTION_TYPE_OPEN 11mcRanging: No, ANQP: No, LCI: No, Civic: No, capability(0x0101): ESS SpectrumMgmt
09-30 05:12:35.631 D/LOWI-9.0.0.87.a( 1452): [LOWI-Scan] BSS 18:6f:2d:80:dd:71 FREQ: 5280, cFreq1[40:80:160] = [5280:0:0] cFreq2 = 0 Country Code = CN
09-30 05:12:35.631 D/LOWI-9.0.0.87.a( 1452): [LOWI-Scan] BSS 18:6f:2d:80:dd:71 (wlan0) ASSO: NO AddInfo: 0x0, TSF 0, 02:44:18.462, RSSI: -138, CPL: 127, AGE: 440, SSID Guest, TSFDelta: 0x2634e362, TXRate: 0
09-30 05:12:35.631 D/LOWI-9.0.0.87.a( 1452): [LOWI-Scan]
09-30 05:12:35.631 D/LOWI-9.0.0.87.a( 1452): [LOWI-Scan] print_bss_handler: Report Probe TSF 9858463195 as it greater than Beacon TSF 9858451679
09-30 05:12:35.631 D/LOWI-9.0.0.87.a( 1452): [LOWI-Scan] decode_rsn_wpa_ie: LOWI_ENCRYPTION_TYPE_WPA_PSK
09-30 05:12:35.632 D/LOWI-9.0.0.87.a( 1452): [LOWI-Scan] is_qcom_ie, bss_age: 0
09-30 05:12:35.632 D/LOWI-9.0.0.87.a( 1452): [LOWI-Scan] BSS 18:6f:2d:80:dd:72 LOWI_PHY_MODE_11AC_VHT20(8), Beacon Interval: 100, LOWI_ENCRYPTION_TYPE_WPA_PSK 11mcRanging: No, ANQP: No, LCI: No, Civic: No, capability(0x0111): ESS Privacy SpectrumMgmt
09-30 05:12:35.632 D/LOWI-9.0.0.87.a( 1452): [LOWI-Scan] BSS 18:6f:2d:80:dd:72 FREQ: 5280, cFreq1[40:80:160] = [5280:0:0] cFreq2 = 0 Country Code = CN
09-30 05:12:35.632 D/LOWI-9.0.0.87.a( 1452): [LOWI-Scan] BSS 18:6f:2d:80:dd:72 (wlan0) ASSO: NO AddInfo: 0x0, TSF 0, 02:44:18.463, RSSI: -142, CPL: 127, AGE: 440, SSID ZXHY, TSFDelta: 0x263a7da4, TXRate: 0
09-30 05:12:35.632 D/LOWI-9.0.0.87.a( 1452): [LOWI-Scan]
09-30 05:12:35.632 D/LOWI-9.0.0.87.a( 1452): [LOWI-Scan] print_bss_handler: Report Probe TSF 9858464255 as it greater than Beacon TSF 9858452229
09-30 05:12:35.632 D/LOWI-9.0.0.87.a( 1452): [LOWI-Scan] decode_rsn_wpa_ie: LOWI_ENCRYPTION_TYPE_WPA_PSK
09-30 05:12:35.632 D/LOWI-9.0.0.87.a( 1452): [LOWI-Scan] is_qcom_ie, bss_age: 0
09-30 05:12:35.632 D/LOWI-9.0.0.87.a( 1452): [LOWI-Scan] BSS 18:6f:2d:80:dd:73 LOWI_PHY_MODE_11AC_VHT20(8), Beacon Interval: 100, LOWI_ENCRYPTION_TYPE_WPA_PSK 11mcRanging: No, ANQP: No, LCI: No, Civic: No, capability(0x0111): ESS Privacy SpectrumMgmt
09-30 05:12:35.632 D/LOWI-9.0.0.87.a( 1452): [LOWI-Scan] BSS 18:6f:2d:80:dd:73 FREQ: 5280, cFreq1[40:80:160] = [5280:0:0] cFreq2 = 0 Country Code = CN
09-30 05:12:35.632 D/LOWI-9.0.0.87.a( 1452): [LOWI-Scan] BSS 18:6f:2d:80:dd:73 (wlan0) ASSO: NO AddInfo: 0x0, TSF 0, 02:44:18.464, RSSI: -142, CPL: 127, AGE: 436, SSID Fanya, TSFDelta: 0x263fbfb4, TXRate: 0
09-30 05:12:35.633 D/LOWI-9.0.0.87.a( 1452): [LOWI-Scan]
09-30 05:12:35.633 D/LOWI-9.0.0.87.a( 1452): [LOWI-Scan] print_bss_handler: Report Probe TSF 9858468886 as it greater than Beacon TSF 9858453493
09-30 05:12:35.633 D/LOWI-9.0.0.87.a( 1452): [LOWI-Scan] decode_rsn_wpa_ie: LOWI_ENCRYPTION_TYPE_WPA_PSK
09-30 05:12:35.633 D/LOWI-9.0.0.87.a( 1452): [LOWI-Scan] is_qcom_ie, bss_age: 0
09-30 05:12:35.633 D/LOWI-9.0.0.87.a( 1452): [LOWI-Scan] BSS 18:6f:2d:80:dd:75 LOWI_PHY_MODE_11AC_VHT20(8), Beacon Interval: 100, LOWI_ENCRYPTION_TYPE_WPA_PSK 11mcRanging: No, ANQP: No, LCI: No, Civic: No, capability(0x0111): ESS Privacy SpectrumMgmt
09-30 05:12:35.633 D/LOWI-9.0.0.87.a( 1452): [LOWI-Scan] BSS 18:6f:2d:80:dd:75 FREQ: 5280, cFreq1[40:80:160] = [5280:0:0] cFreq2 = 0 Country Code = CN
09-30 05:12:35.633 D/LOWI-9.0.0.87.a( 1452): [LOWI-Scan] BSS 18:6f:2d:80:dd:75 (wlan0) ASSO: NO AddInfo: 0x0, TSF 0, 02:44:18.468, RSSI: -142, CPL: 127, AGE: 432, SSID GM, TSFDelta: 0x26520798, TXRate: 0
09-30 05:12:35.633 D/LOWI-9.0.0.87.a( 1452): [LOWI-Scan]
09-30 05:12:35.633 D/LOWI-9.0.0.87.a( 1452): [LOWI-Scan] print_bss_handler: Report Probe TSF 9858469264 as it greater than Beacon TSF 9858453984
09-30 05:12:35.633 D/LOWI-9.0.0.87.a( 1452): [LOWI-Scan] is_qcom_ie, bss_age: 0
09-30 05:12:35.633 D/LOWI-9.0.0.87.a( 1452): [LOWI-Scan] BSS 18:6f:2d:80:dd:76 LOWI_PHY_MODE_11AC_VHT20(8), Beacon Interval: 100, LOWI_ENCRYPTION_TYPE_OPEN 11mcRanging: No, ANQP: No, LCI: No, Civic: No, capability(0x0101): ESS SpectrumMgmt
09-30 05:12:35.633 D/LOWI-9.0.0.87.a( 1452): [LOWI-Scan] BSS 18:6f:2d:80:dd:76 FREQ: 5280, cFreq1[40:80:160] = [5280:0:0] cFreq2 = 0 Country Code = CN
09-30 05:12:35.633 D/LOWI-9.0.0.87.a( 1452): [LOWI-Scan] BSS 18:6f:2d:80:dd:76 (wlan0) ASSO: NO AddInfo: 0x0, TSF 0, 02:44:18.469, RSSI: -142, CPL: 127, AGE: 432, SSID IT, TSFDelta: 0x265759e0, TXRate: 0
09-30 05:12:35.634 D/LOWI-9.0.0.87.a( 1452): [LOWI-Scan]
09-30 05:12:35.634 D/LOWI-9.0.0.87.a( 1452): [LOWI-Scan] print_bss_handler: Report Probe TSF 9858467915 as it greater than Beacon TSF 9858452944
09-30 05:12:35.634 D/LOWI-9.0.0.87.a( 1452): [LOWI-Scan] decode_rsn_wpa_ie: LOWI_ENCRYPTION_TYPE_WPA_PSK
09-30 05:12:35.634 D/LOWI-9.0.0.87.a( 1452): [LOWI-Scan] is_qcom_ie, bss_age: 0
09-30 05:12:35.634 D/LOWI-9.0.0.87.a( 1452): [LOWI-Scan] BSS 18:6f:2d:80:dd:74 LOWI_PHY_MODE_11AC_VHT20(8), Beacon Interval: 100, LOWI_ENCRYPTION_TYPE_WPA_PSK 11mcRanging: No, ANQP: No, LCI: No, Civic: No, capability(0x0111): ESS Privacy SpectrumMgmt
09-30 05:12:35.634 D/LOWI-9.0.0.87.a( 1452): [LOWI-Scan] BSS 18:6f:2d:80:dd:74 FREQ: 5280, cFreq1[40:80:160] = [5280:0:0] cFreq2 = 0 Country Code = CN
09-30 05:12:35.634 D/LOWI-9.0.0.87.a( 1452): [LOWI-Scan] BSS 18:6f:2d:80:dd:74 (wlan0) ASSO: NO AddInfo: 0x0, TSF 0, 02:44:18.467, RSSI: -142, CPL: 127, AGE: 436, SSID ThunderSoft, TSFDelta: 0x264cb68d, TXRate: 0
09-30 05:12:35.634 D/LOWI-9.0.0.87.a( 1452): [LOWI-Scan]
09-30 05:12:35.634 D/LOWI-9.0.0.87.a( 1452): [LOWI-Scan] print_bss_handler: Report Probe TSF 9858456407 as it greater than Beacon TSF 9858434275
09-30 05:12:35.634 D/LOWI-9.0.0.87.a( 1452): [LOWI-Scan] decode_rsn_wpa_ie: LOWI_ENCRYPTION_TYPE_WPA_PSK
09-30 05:12:35.634 D/LOWI-9.0.0.87.a( 1452): [LOWI-Scan] is_qcom_ie, bss_age: 0
09-30 05:12:35.634 D/LOWI-9.0.0.87.a( 1452): [LOWI-Scan] BSS 18:6f:2d:81:18:92 LOWI_PHY_MODE_11AC_VHT20(8), Beacon Interval: 100, LOWI_ENCRYPTION_TYPE_WPA_PSK 11mcRanging: No, ANQP: No, LCI: No, Civic: No, capability(0x0111): ESS Privacy SpectrumMgmt
09-30 05:12:35.634 D/LOWI-9.0.0.87.a( 1452): [LOWI-Scan] BSS 18:6f:2d:81:18:92 FREQ: 5280, cFreq1[40:80:160] = [5280:0:0] cFreq2 = 0 Country Code = CN
09-30 05:12:35.634 D/LOWI-9.0.0.87.a( 1452): [LOWI-Scan] BSS 18:6f:2d:81:18:92 (wlan0) ASSO: NO AddInfo: 0x0, TSF 0, 02:44:18.456, RSSI: -156, CPL: 127, AGE: 444, SSID ZXHY, TSFDelta: 0x27a44407, TXRate: 0
09-30 05:12:35.635 D/LOWI-9.0.0.87.a( 1452): [LOWI-Scan]
09-30 05:12:35.635 D/LOWI-9.0.0.87.a( 1452): [LOWI-Scan] print_bss_handler: Report Probe TSF 9858191341 as it greater than Beacon TSF 9806377442
09-30 05:12:35.635 D/LOWI-9.0.0.87.a( 1452): [LOWI-Scan] decode_rsn_wpa_ie: LOWI_ENCRYPTION_TYPE_WPA_PSK
09-30 05:12:35.635 D/LOWI-9.0.0.87.a( 1452): [LOWI-Scan] is_qcom_ie, bss_age: 0
09-30 05:12:35.635 D/LOWI-9.0.0.87.a( 1452): [LOWI-Scan] BSS 5c:02:14:f9:4f:d2 LOWI_PHY_MODE_11AC_VHT20_2G(11), Beacon Interval: 100, LOWI_ENCRYPTION_TYPE_WPA_PSK 11mcRanging: No, ANQP: Yes, LCI: No, Civic: No, capability(0x1431): ESS Privacy ShortPreamble ShortSlotTime
09-30 05:12:35.635 D/LOWI-9.0.0.87.a( 1452): [LOWI-Scan] BSS 5c:02:14:f9:4f:d2 FREQ: 2452, cFreq1[40:80:160] = [0:0:0] cFreq2 = 0 Country Code = CN
09-30 05:12:35.635 D/LOWI-9.0.0.87.a( 1452): [LOWI-Scan] BSS 5c:02:14:f9:4f:d2 (wlan0) ASSO: NO AddInfo: 0x0, TSF 0, 02:44:18.191, RSSI: -84, CPL: 127, AGE: 712, SSID ThunderSoft_XTS_2.4G, TSFDelta: 0x876dde21, TXRate: 0
09-30 05:12:35.636 D/LOWI-9.0.0.87.a( 1452): [LOWI-Scan]
09-30 05:12:35.636 D/LOWI-9.0.0.87.a( 1452): [LOWI-Scan] print_bss_handler: Report Probe TSF 9858705596 as it greater than Beacon TSF 9858680582
09-30 05:12:35.636 D/LOWI-9.0.0.87.a( 1452): [LOWI-Scan] decode_rsn_wpa_ie: LOWI_ENCRYPTION_TYPE_WPA_PSK
09-30 05:12:35.636 D/LOWI-9.0.0.87.a( 1452): [LOWI-Scan] is_qcom_ie, bss_age: 0
09-30 05:12:35.636 D/LOWI-9.0.0.87.a( 1452): [LOWI-Scan] BSS 18:6f:2d:81:20:70 LOWI_PHY_MODE_11AC_VHT20(8), Beacon Interval: 100, LOWI_ENCRYPTION_TYPE_WPA_PSK 11mcRanging: No, ANQP: No, LCI: No, Civic: No, capability(0x0111): ESS Privacy SpectrumMgmt
09-30 05:12:35.636 D/LOWI-9.0.0.87.a( 1452): [LOWI-Scan] BSS 18:6f:2d:81:20:70 FREQ: 5300, cFreq1[40:80:160] = [5300:0:0] cFreq2 = 0 Country Code = CN
