09-30 05:11:27.589 I/liblog (31495): 3
09-30 05:11:27.589 I/liblog (31495): 6
09-30 05:11:27.589 I/liblog (31495): 4
09-30 05:11:27.589 I/liblog (31495): 6
09-30 05:11:27.589 I/liblog (31495): 27
09-30 05:11:27.590 I/liblog (31495): 5
09-30 05:11:27.590 I/liblog (31495): 7
09-30 05:11:27.590 I/liblog (31495): 6
09-30 05:11:27.590 I/liblog (31495): 7
09-30 05:11:27.590 I/liblog (31495): 2
09-30 05:11:27.590 I/liblog (31495): 7
09-30 05:11:27.590 I/liblog (31495): 8
09-30 05:11:27.590 I/liblog (31495): 5
09-30 05:11:27.590 I/liblog (31495): 5
09-30 05:11:27.591 I/liblog (31495): 4
09-30 05:11:27.591 I/liblog (31495): 5
09-30 05:11:27.591 I/liblog (31495): 4
09-30 05:11:27.591 I/liblog (31495): 3
09-30 05:11:27.591 I/liblog (31495): 8
09-30 05:11:27.591 I/liblog (31495): 5
09-30 05:11:27.591 I/liblog (31495): 4
09-30 05:11:27.591 I/liblog (31495): 2
09-30 05:11:27.591 I/liblog (31495): 2
09-30 05:11:27.591 I/liblog (31495): 3
09-30 05:11:27.591 I/liblog (31495): 4
09-30 05:11:27.592 I/liblog (31495): 4
09-30 05:11:27.592 I/liblog (31495): 9
09-30 05:11:27.592 I/liblog (31495): 4
09-30 05:11:27.592 I/liblog (31495): 4
09-30 05:11:27.592 I/liblog (31495): 2
09-30 05:11:27.592 I/liblog (31495): 3
09-30 05:11:27.592 I/liblog (31495): 6
09-30 05:11:27.592 I/liblog (31495): 3
09-30 05:11:27.592 I/liblog (31495): 4
09-30 05:11:27.592 I/liblog (31495): 8
09-30 05:11:27.593 I/liblog (31495): 2
09-30 05:11:27.593 I/liblog (31495): 3
09-30 05:11:27.593 I/liblog (31495): 3
09-30 05:11:27.593 I/liblog (31495): 3
09-30 05:11:27.593 I/liblog (31495): 3
09-30 05:11:27.593 I/liblog (31495): 3
09-30 05:11:27.593 I/liblog (31495): 2
09-30 05:11:27.593 I/liblog (31495): 8
09-30 05:11:27.593 I/liblog (31495): 3
09-30 05:11:27.593 I/liblog (31495): 3
09-30 05:11:27.594 I/liblog (31495): 5
09-30 05:11:27.594 I/liblog (31495): 11
09-30 05:11:27.594 I/liblog (31495): 4
09-30 05:11:27.594 I/liblog (31495): 2
09-30 05:11:27.594 I/liblog (31495): 2
09-30 05:11:27.594 I/liblog (31495): 1
09-30 05:11:27.594 I/liblog (31495): 2
09-30 05:11:27.594 I/liblog (31495): 5
09-30 05:11:27.594 I/liblog (31495): 4
09-30 05:11:27.594 I/liblog (31495): 4
09-30 05:11:27.595 I/liblog (31495): 3
09-30 05:11:27.595 I/liblog (31495): 3
09-30 05:11:27.595 I/liblog (31495): 16
09-30 05:11:27.595 I/liblog (31495): 4
09-30 05:11:27.595 I/liblog (31495): 4
09-30 05:11:27.595 I/liblog (31495): 4
09-30 05:11:27.595 I/liblog (31495): 3
09-30 05:11:27.595 I/liblog (31495): 2
09-30 05:11:27.595 I/liblog (31495): 4
09-30 05:11:27.596 I/liblog (31495): 3
09-30 05:11:27.596 I/liblog (31495): 7
09-30 05:11:27.596 I/liblog (31495): 3
09-30 05:11:27.596 I/liblog (31495): 3
09-30 05:11:27.596 I/liblog (31495): 3
09-30 05:11:27.596 I/liblog (31495): 6
09-30 05:11:27.596 I/liblog (31495): 7
09-30 05:11:27.596 I/liblog (31495): 3
09-30 05:11:27.596 I/liblog (31495): 6
09-30 05:11:27.597 I/liblog (31495): 7
09-30 05:11:27.597 I/liblog (31495): 3
09-30 05:11:27.597 I/liblog (31495): 19
09-30 05:11:27.597 I/liblog (31495): 6
09-30 05:11:27.597 I/liblog (31495): 14
09-30 05:11:27.598 I/liblog (31495): 1
09-30 05:11:28.222 I/dropbox_file_copy( 1131): [/data/tombstones/tombstone_15,98304,SYSTEM_TOMBSTONE]
09-30 05:11:28.242 I/commit_sys_config_file( 1131): [log-files,9743661]
09-30 05:11:28.262 I/commit_sys_config_file( 1131): [log-files,9743682]
09-30 05:11:32.710 I/liblog (31506): 568
09-30 05:11:32.710 I/liblog (31506): 4
09-30 05:11:32.710 I/liblog (31506): 3
09-30 05:11:32.710 I/liblog (31506): 2
09-30 05:11:32.710 I/liblog (31506): 10
09-30 05:11:32.711 I/liblog (31506): 6
09-30 05:11:32.711 I/liblog (31506): 4
09-30 05:11:32.711 I/liblog (31506): 2
09-30 05:11:33.421 I/dropbox_file_copy( 1131): [/data/tombstones/tombstone_16,98304,SYSTEM_TOMBSTONE]
09-30 05:11:33.429 I/commit_sys_config_file( 1131): [log-files,9748849]
09-30 05:11:33.442 I/commit_sys_config_file( 1131): [log-files,9748862]
09-30 05:11:33.541 I/input_interaction( 1131): Interaction with: 425d9db NotificationShade (server), edge-swipe (server), swipe-up (server), PointerEventDispatcher0 (server),
09-30 05:11:33.874 I/notification_enqueue( 1131): [10086,30097,com.android.systemui,2048,NULL,0,Notification(channel=updateNotification shortcut=null contentView=null vibrate=null sound=null defaults=0x0 flags=0x0 color=0x00000000 vis=PRIVATE),1]
09-30 05:11:33.874 I/sysui_multi_action(30097): [757,111,758,2]
09-30 05:11:33.875 I/sysui_multi_action(30097): [757,111,758,2]
09-30 05:11:33.883 I/sysui_multi_action(30097): [757,111,758,1]
09-30 05:11:33.883 I/sysui_multi_action(30097): [757,126,758,1,759,126,927,0,928,1,1593,0]
09-30 05:11:33.884 I/sysui_multi_action(30097): [757,113,758,1,759,113,927,1,928,0,1593,0]
09-30 05:11:33.884 I/sysui_multi_action(30097): [757,0,758,1,759,0,927,2,928,0,1593,0]
09-30 05:11:33.884 I/sysui_multi_action(30097): [757,0,758,1,759,0,927,3,928,0,1593,0]
09-30 05:11:33.885 I/sysui_multi_action(30097): [757,1706,758,1,759,1706,927,4,928,0,1593,1]
09-30 05:11:33.886 I/sysui_multi_action(30097): [757,491,758,1,759,491,927,5,928,0,1311,-1,1593,0]
09-30 05:11:33.886 I/sysui_multi_action(30097): [757,0,758,1,759,0,927,6,928,0,1593,0]
09-30 05:11:33.886 I/sysui_multi_action(30097): [757,0,758,1,759,0,927,7,1593,0]
09-30 05:11:33.887 I/sysui_multi_action(30097): [757,114,758,1,759,114,927,8,928,0,1593,0]
09-30 05:11:33.887 I/sysui_multi_action(30097): [757,111,758,1]
09-30 05:11:33.887 I/sysui_multi_action(30097): [757,126,758,1,759,126,927,0,928,1,1593,1]
09-30 05:11:33.888 I/sysui_multi_action(30097): [757,113,758,1,759,113,927,1,928,0,1593,1]
09-30 05:11:33.888 I/sysui_multi_action(30097): [757,0,758,1,759,0,927,2,928,0,1593,1]
09-30 05:11:33.888 I/sysui_multi_action(30097): [757,0,758,1,759,0,927,3,928,0,1593,1]
09-30 05:11:33.933 I/sysui_multi_action(30097): [757,111,758,2]
09-30 05:11:33.934 I/notification_enqueue( 1131): [10086,30097,com.android.systemui,2048,NULL,0,Notification(channel=updateNotification shortcut=null contentView=null vibrate=null sound=null defaults=0x0 flags=0x0 color=0x00000000 vis=PRIVATE),1]
09-30 05:11:33.936 I/sysui_multi_action(30097): [757,111,758,2]
09-30 05:11:33.954 I/sysui_multi_action(30097): [757,111,758,1]
09-30 05:11:33.955 I/sysui_multi_action(30097): [757,126,758,1,759,126,927,0,928,1,1593,1]
09-30 05:11:33.956 I/sysui_multi_action(30097): [757,113,758,1,759,113,927,1,928,0,1593,1]
09-30 05:11:33.956 I/sysui_multi_action(30097): [757,0,758,1,759,0,927,2,928,0,1593,1]
09-30 05:11:33.957 I/sysui_multi_action(30097): [757,0,758,1,759,0,927,3,928,0,1593,1]
09-30 05:11:33.957 I/sysui_multi_action(30097): [757,1706,758,1,759,1706,927,4,928,0,1593,1]
09-30 05:11:33.958 I/sysui_multi_action(30097): [757,491,758,1,759,491,927,5,928,0,1311,-1,1593,0]
09-30 05:11:33.958 I/sysui_multi_action(30097): [757,0,758,1,759,0,927,6,928,0,1593,0]
09-30 05:11:33.959 I/sysui_multi_action(30097): [757,0,758,1,759,0,927,7,1593,0]
09-30 05:11:33.959 I/sysui_multi_action(30097): [757,114,758,1,759,114,927,8,928,0,1593,0]
09-30 05:11:33.959 I/sysui_multi_action(30097): [757,111,758,1]
09-30 05:11:33.960 I/sysui_multi_action(30097): [757,126,758,1,759,126,927,0,928,1,1593,1]
09-30 05:11:33.960 I/sysui_multi_action(30097): [757,113,758,1,759,113,927,1,928,0,1593,1]
09-30 05:11:33.961 I/sysui_multi_action(30097): [757,0,758,1,759,0,927,2,928,0,1593,1]
09-30 05:11:33.961 I/sysui_multi_action(30097): [757,0,758,1,759,0,927,3,928,0,1593,1]
09-30 05:11:33.997 I/notification_enqueue( 1131): [10086,30097,com.android.systemui,2048,NULL,0,Notification(channel=updateNotification shortcut=null contentView=null vibrate=null sound=null defaults=0x0 flags=0x0 color=0x00000000 vis=PRIVATE),1]
09-30 05:11:33.997 I/sysui_multi_action(30097): [757,111,758,2]
09-30 05:11:33.998 I/sysui_multi_action(30097): [757,111,758,2]
09-30 05:11:34.018 I/sysui_multi_action(30097): [757,111,758,1]
09-30 05:11:34.018 I/sysui_multi_action(30097): [757,126,758,1,759,126,927,0,928,1,1593,1]
09-30 05:11:34.019 I/sysui_multi_action(30097): [757,113,758,1,759,113,927,1,928,0,1593,1]
09-30 05:11:34.019 I/sysui_multi_action(30097): [757,0,758,1,759,0,927,2,928,0,1593,1]
09-30 05:11:34.019 I/sysui_multi_action(30097): [757,0,758,1,759,0,927,3,928,0,1593,1]
09-30 05:11:34.019 I/sysui_multi_action(30097): [757,1706,758,1,759,1706,927,4,928,0,1593,1]
09-30 05:11:34.020 I/sysui_multi_action(30097): [757,491,758,1,759,491,927,5,928,0,1311,-1,1593,0]
09-30 05:11:34.021 I/sysui_multi_action(30097): [757,0,758,1,759,0,927,6,928,0,1593,0]
09-30 05:11:34.021 I/sysui_multi_action(30097): [757,0,758,1,759,0,927,7,1593,0]
09-30 05:11:34.022 I/sysui_multi_action(30097): [757,114,758,1,759,114,927,8,928,0,1593,0]
09-30 05:11:34.022 I/sysui_multi_action(30097): [757,111,758,1]
09-30 05:11:34.023 I/sysui_multi_action(30097): [757,126,758,1,759,126,927,0,928,1,1593,1]
09-30 05:11:34.023 I/sysui_multi_action(30097): [757,113,758,1,759,113,927,1,928,0,1593,1]
09-30 05:11:34.023 I/sysui_multi_action(30097): [757,0,758,1,759,0,927,2,928,0,1593,1]
09-30 05:11:34.024 I/sysui_multi_action(30097): [757,0,758,1,759,0,927,3,928,0,1593,1]
09-30 05:11:34.054 I/sysui_multi_action(30097): [757,111,758,2]
09-30 05:11:34.054 I/notification_enqueue( 1131): [10086,30097,com.android.systemui,2048,NULL,0,Notification(channel=updateNotification shortcut=null contentView=null vibrate=null sound=null defaults=0x0 flags=0x0 color=0x00000000 vis=PRIVATE),1]
09-30 05:11:34.055 I/sysui_multi_action(30097): [757,111,758,2]
09-30 05:11:34.063 I/sysui_multi_action(30097): [757,111,758,1]
09-30 05:11:34.064 I/sysui_multi_action(30097): [757,126,758,1,759,126,927,0,928,1,1593,1]
09-30 05:11:34.064 I/sysui_multi_action(30097): [757,113,758,1,759,113,927,1,928,0,1593,1]
09-30 05:11:34.065 I/sysui_multi_action(30097): [757,0,758,1,759,0,927,2,928,0,1593,1]
09-30 05:11:34.065 I/sysui_multi_action(30097): [757,0,758,1,759,0,927,3,928,0,1593,1]
09-30 05:11:34.066 I/sysui_multi_action(30097): [757,1706,758,1,759,1706,927,4,928,0,1593,1]
09-30 05:11:34.066 I/sysui_multi_action(30097): [757,491,758,1,759,491,927,5,928,0,1311,-1,1593,0]
09-30 05:11:34.067 I/sysui_multi_action(30097): [757,0,758,1,759,0,927,6,928,0,1593,1]
09-30 05:11:34.067 I/sysui_multi_action(30097): [757,0,758,1,759,0,927,7,1593,1]
09-30 05:11:34.068 I/sysui_multi_action(30097): [757,114,758,1,759,114,927,8,928,0,1593,1]
09-30 05:11:34.069 I/sysui_multi_action(30097): [757,111,758,1]
09-30 05:11:34.069 I/sysui_multi_action(30097): [757,126,758,1,759,126,927,0,928,1,1593,1]
09-30 05:11:34.070 I/sysui_multi_action(30097): [757,113,758,1,759,113,927,1,928,0,1593,1]
09-30 05:11:34.070 I/sysui_multi_action(30097): [757,0,758,1,759,0,927,2,928,0,1593,1]
09-30 05:11:34.070 I/sysui_multi_action(30097): [757,0,758,1,759,0,927,3,928,0,1593,1]
09-30 05:11:34.079 I/sysui_multi_action( 1131): [757,1501,758,1,793,9744881,794,0,795,206,796,2048,806,com.android.systemui,857,updateNotification,858,3,947,0,1500,0,1688,1]
09-30 05:11:34.079 I/sysui_multi_action( 1131): [757,804,799,note_interruptive,801,0,802,1]
09-30 05:11:34.080 I/sysui_multi_action( 1131): [757,199,758,1,759,2,793,9744882,794,0,795,207,796,2048,806,com.android.systemui,857,updateNotification,858,3,947,0,1500,1,1688,1]
09-30 05:11:34.080 I/notification_alert( 1131): [0|com.android.systemui|2048|null|10086,0,1,0]
09-30 05:11:34.132 I/notification_enqueue( 1131): [10086,30097,com.android.systemui,2048,NULL,0,Notification(channel=updateNotification shortcut=null contentView=null vibrate=null sound=null defaults=0x0 flags=0x0 color=0x00000000 vis=PRIVATE),1]
09-30 05:11:34.133 I/sysui_multi_action(30097): [757,111,758,2]
09-30 05:11:34.133 I/sysui_multi_action(30097): [757,111,758,2]
09-30 05:11:34.160 I/input_focus( 1131): [Focus request a98c05a com.android.settings/com.android.settings.homepage.SettingsHomepageActivity,reason=UpdateInputWindows]
09-30 05:11:34.164 I/sysui_multi_action(30097): [757,111,758,1]
09-30 05:11:34.165 I/sysui_multi_action(30097): [757,126,758,1,759,126,927,0,928,1,1593,1]
09-30 05:11:34.166 I/sysui_multi_action(30097): [757,113,758,1,759,113,927,1,928,0,1593,1]
09-30 05:11:34.166 I/sysui_multi_action(30097): [757,0,758,1,759,0,927,2,928,0,1593,1]
09-30 05:11:34.166 I/sysui_multi_action(30097): [757,0,758,1,759,0,927,3,928,0,1593,1]
09-30 05:11:34.167 I/sysui_multi_action(30097): [757,1706,758,1,759,1706,927,4,928,0,1593,1]
09-30 05:11:34.168 I/sysui_multi_action(30097): [757,491,758,1,759,491,927,5,928,0,1311,-1,1593,0]
09-30 05:11:34.168 I/sysui_multi_action(30097): [757,0,758,1,759,0,927,6,928,0,1593,0]
09-30 05:11:34.168 I/sysui_multi_action(30097): [757,0,758,1,759,0,927,7,1593,0]
09-30 05:11:34.169 I/sysui_multi_action(30097): [757,114,758,1,759,114,927,8,928,0,1593,0]
09-30 05:11:34.169 I/sysui_multi_action(30097): [757,111,758,1]
09-30 05:11:34.170 I/sysui_multi_action(30097): [757,126,758,1,759,126,927,0,928,1,1593,1]
09-30 05:11:34.170 I/sysui_multi_action(30097): [757,113,758,1,759,113,927,1,928,0,1593,1]
09-30 05:11:34.170 I/sysui_multi_action(30097): [757,0,758,1,759,0,927,2,928,0,1593,1]
09-30 05:11:34.171 I/sysui_multi_action(30097): [757,0,758,1,759,0,927,3,928,0,1593,1]
09-30 05:11:34.180 I/input_focus( 1131): [Focus leaving 425d9db NotificationShade (server),reason=NOT_FOCUSABLE]
09-30 05:11:34.180 I/input_focus( 1131): [Focus entering a98c05a com.android.settings/com.android.settings.homepage.SettingsHomepageActivity (server),reason=setFocusedWindow]
09-30 05:11:34.201 I/sysui_multi_action( 1131): [757,128,758,2,793,1801079,794,229237,795,1801079,796,26,798,0,806,android,857,DEVELOPER_IMPORTANT,858,4,947,0,1395,4,1500,1800867,1688,1]
09-30 05:11:34.201 I/notification_visibility( 1131): [-1|android|26|null|1000,0,1801079,1801079,0,0]
09-30 05:11:34.201 I/sysui_multi_action( 1131): [757,128,758,2,793,3664147,794,229236,795,3664147,796,4273,798,1,806,com.android.systemui,857,screen_record,858,3,947,0,1395,4,1500,3663940,1688,1,1745,680407814]
09-30 05:11:34.201 I/notification_visibility( 1131): [0|com.android.systemui|4273|null|10086,0,3664147,3664147,0,1]
09-30 05:11:34.202 I/sysui_multi_action( 1131): [757,128,758,2,793,9744423,794,229236,795,9744423,796,55,798,2,806,android,857,DEVELOPER,858,2,947,0,1395,4,1500,9744214,1688,1]
09-30 05:11:34.202 I/notification_visibility( 1131): [-1|android|55|null|1000,0,9744423,9744423,0,2]
09-30 05:11:34.202 I/sysui_multi_action( 1131): [757,128,758,2,793,1801083,794,229236,795,1801083,796,32,798,3,806,android,857,USB,858,1,947,0,1395,4,1500,1800879,1688,1]
09-30 05:11:34.202 I/notification_visibility( 1131): [-1|android|32|null|1000,0,1801083,1801083,0,3]
09-30 05:11:34.216 I/sysui_multi_action(30097): [757,111,758,2]
09-30 05:11:34.217 I/sysui_multi_action(30097): [757,111,758,2]
09-30 05:11:34.217 I/notification_enqueue( 1131): [10086,30097,com.android.systemui,2048,NULL,0,Notification(channel=updateNotification shortcut=null contentView=null vibrate=null sound=null defaults=0x0 flags=0x0 color=0x00000000 vis=PRIVATE),1]
09-30 05:11:34.224 I/sysui_multi_action( 1131): [757,127,758,2]
09-30 05:11:34.224 I/notification_panel_hidden( 1131):
09-30 05:11:34.290 I/sysui_multi_action(30097): [757,111,758,1]
09-30 05:11:34.291 I/sysui_multi_action(30097): [757,126,758,1,759,126,927,0,928,1,1593,0]
09-30 05:11:34.291 I/sysui_multi_action(30097): [757,113,758,1,759,113,927,1,928,0,1593,0]
09-30 05:11:34.292 I/sysui_multi_action(30097): [757,0,758,1,759,0,927,2,928,0,1593,0]
09-30 05:11:34.292 I/sysui_multi_action(30097): [757,0,758,1,759,0,927,3,928,0,1593,0]
09-30 05:11:34.292 I/sysui_multi_action(30097): [757,1706,758,1,759,1706,927,4,928,0,1593,0]
09-30 05:11:34.294 I/sysui_multi_action(30097): [757,491,758,1,759,491,927,5,928,0,1311,-1,1593,0]
09-30 05:11:34.294 I/sysui_multi_action(30097): [757,0,758,1,759,0,927,6,928,0,1593,0]
09-30 05:11:34.294 I/sysui_multi_action(30097): [757,0,758,1,759,0,927,7,1593,0]
09-30 05:11:34.295 I/sysui_multi_action(30097): [757,114,758,1,759,114,927,8,928,0,1593,0]
09-30 05:11:34.297 I/sysui_multi_action(30097): [757,111,758,1]
09-30 05:11:34.298 I/sysui_multi_action(30097): [757,126,758,1,759,126,927,0,928,1,1593,0]
09-30 05:11:34.298 I/sysui_multi_action(30097): [757,113,758,1,759,113,927,1,928,0,1593,0]
09-30 05:11:34.299 I/sysui_multi_action(30097): [757,0,758,1,759,0,927,2,928,0,1593,0]
09-30 05:11:34.299 I/sysui_multi_action(30097): [757,0,758,1,759,0,927,3,928,0,1593,0]
09-30 05:11:35.873 I/input_interaction( 1131): Interaction with: a98c05a com.android.settings/com.android.settings.homepage.SettingsHomepageActivity (server), edge-swipe (server), swipe-up (server), PointerEventDispatcher0 (server),
09-30 05:11:36.224 I/commit_sys_config_file( 1131): [settings-2-0,10]
09-30 05:11:38.449 I/dropbox_file_copy( 1131): [/data/tombstones/tombstone_17,98304,SYSTEM_TOMBSTONE]
09-30 05:11:38.458 I/commit_sys_config_file( 1131): [log-files,9753877]
09-30 05:11:38.484 I/commit_sys_config_file( 1131): [log-files,9753904]
09-30 05:11:41.965 I/sysui_multi_action(19976): [757,830,758,4,833,0,854,top_level_network,1089,0]
09-30 05:11:42.071 I/sysui_multi_action(19976): [757,47,758,2,1089,262078]
09-30 05:11:42.088 W/CarrierConfigManager(19976): Error getting config for subId -1 ICarrierConfigLoader is null
09-30 05:11:42.201 I/sysui_multi_action(19976): [757,746,758,1,833,0,1089,125]
09-30 05:11:42.203 D/TelephonyRegistry( 1131): listen oscl: mHasNotifySubscriptionInfoChangedOccurred==false no callback
09-30 05:11:42.216 D/TelephonyRegistry( 1131): listen oscl: mHasNotifySubscriptionInfoChangedOccurred==false no callback
09-30 05:11:42.249 I/sysui_multi_action(19976): [757,1729,758,4,854,isParalleledControllers:false,1089,173]
09-30 05:11:43.195 I/wm_task_moved( 1131): [1,0,0]
09-30 05:11:43.200 I/wm_task_moved( 1131): [1,0,7]
09-30 05:11:43.216 I/wm_on_restart_called( 2464): [176028021,com.android.launcher3.uioverrides.QuickstepLauncher,performRestartActivity]
09-30 05:11:43.261 I/wm_on_start_called( 2464): [176028021,com.android.launcher3.uioverrides.QuickstepLauncher,handleStartActivity]
09-30 05:11:43.266 I/view_enqueue_input_event(19976): [Motion - Cancel,com.android.settings/com.android.settings.homepage.SettingsHomepageActivity]
09-30 05:11:43.269 I/input_focus( 1131): [Focus request recents_animation_input_consumer,reason=UpdateInputWindows]
09-30 05:11:43.272 I/input_interaction( 1131): Interaction with: edge-swipe (server), swipe-up (server), PointerEventDispatcher0 (server),
09-30 05:11:43.280 I/input_focus( 1131): [Focus leaving a98c05a com.android.settings/com.android.settings.homepage.SettingsHomepageActivity (server),reason=NOT_FOCUSABLE]
09-30 05:11:43.280 I/input_focus( 1131): [Focus entering recents_animation_input_consumer (server),reason=setFocusedWindow]
09-30 05:11:43.292 I/sysui_latency( 2464): [1,117]
09-30 05:11:43.339 I/sysui_multi_action( 1131): [319,23,322,125,325,9806,757,761,758,9,759,5,806,com.android.launcher3,871,com.android.launcher3.uioverrides.QuickstepLauncher,905,0,1320,8,1321,5]
09-30 05:11:43.478 I/commit_sys_config_file( 1131): [settings-1-0,23]
09-30 05:11:43.593 I/dropbox_file_copy( 1131): [/data/tombstones/tombstone_18,98304,SYSTEM_TOMBSTONE]
09-30 05:11:43.607 I/commit_sys_config_file( 1131): [log-files,9759027]
09-30 05:11:43.624 I/sysui_latency( 1131): [8,139]
09-30 05:11:43.629 I/commit_sys_config_file( 1131): [log-files,9759048]
09-30 05:11:45.489 I/input_interaction( 1131): Interaction with: 96face7 com.android.launcher3/com.android.launcher3.uioverrides.QuickstepLauncher (server), edge-swipe (server), swipe-up (server), PointerEventDispatcher0 (server),
09-30 05:11:45.903 I/wm_task_moved( 1131): [1,1,8]
09-30 05:11:45.904 I/wm_focused_root_task( 1131): [0,0,1,64,RecentsAnimation.onAnimationFinished()]
09-30 05:11:45.905 I/wm_on_top_resumed_lost_called(19976): [9338120,com.android.settings.homepage.SettingsHomepageActivity,topStateChangedWhenResumed]
09-30 05:11:45.907 I/wm_pause_activity( 1131): [0,9338120,com.android.settings/.homepage.SettingsHomepageActivity,userLeaving=false,pauseBackTasks]
09-30 05:11:45.910 I/wm_set_resumed_activity( 1131): [0,com.android.launcher3/.uioverrides.QuickstepLauncher,resumeTopActivityInnerLocked]
09-30 05:11:45.911 I/wm_resume_activity( 1131): [0,176028021,26,com.android.launcher3/.uioverrides.QuickstepLauncher]
09-30 05:11:45.912 I/wm_add_to_stopping( 1131): [0,9338120,com.android.settings/.homepage.SettingsHomepageActivity,makeInvisible]
09-30 05:11:45.923 I/input_focus( 1131): [Focus request 96face7 com.android.launcher3/com.android.launcher3.uioverrides.QuickstepLauncher,reason=UpdateInputWindows]
09-30 05:11:45.924 I/sysui_multi_action( 1131): [757,803,799,window_time_0,802,383]
09-30 05:11:45.928 I/input_focus( 1131): [Focus leaving recents_animation_input_consumer (server),reason=NOT_VISIBLE]
09-30 05:11:45.929 I/sysui_multi_action(19976): [757,35,758,2,1089,387460]
09-30 05:11:45.932 I/wm_on_resume_called( 2464): [176028021,com.android.launcher3.uioverrides.QuickstepLauncher,RESUME_ACTIVITY]
09-30 05:11:45.937 I/wm_on_top_resumed_gained_called( 2464): [176028021,com.android.launcher3.uioverrides.QuickstepLauncher,topStateChangedWhenResumed]
09-30 05:11:45.940 I/wm_stop_activity( 1131): [0,9338120,com.android.settings/.homepage.SettingsHomepageActivity]
09-30 05:11:45.943 I/sysui_multi_action(19976): [757,746,758,2,1089,3740]
09-30 05:11:45.943 I/am_uid_running( 1131): 10035
09-30 05:11:45.950 I/am_uid_running( 1131): 10073
09-30 05:11:45.953 I/sysui_multi_action( 1131): [757,803,799,window_time_0,802,0]
09-30 05:11:45.954 I/input_focus( 1131): [Focus entering 96face7 com.android.launcher3/com.android.launcher3.uioverrides.QuickstepLauncher (server),reason=setFocusedWindow]
09-30 05:11:46.000 I/wm_on_paused_called(19976): [9338120,com.android.settings.homepage.SettingsHomepageActivity,performPause]
09-30 05:11:46.008 I/am_proc_start( 1131): [0,31560,10035,com.android.documentsui,NULL,]
09-30 05:11:46.026 I/wm_on_stop_called(19976): [9338120,com.android.settings.homepage.SettingsHomepageActivity,STOP_ACTIVITY_ITEM]
09-30 05:11:46.034 I/wm_finish_activity( 1131): [0,110908407,85,com.android.documentsui/.files.FilesActivity,recent-task-trimmed]
09-30 05:11:46.036 I/wm_destroy_activity( 1131): [0,110908407,85,com.android.documentsui/.files.FilesActivity,finish-imm:finishIfPossible]
09-30 05:11:46.037 I/wm_task_removed( 1131): [85,removeChild:removeChild last r=ActivityRecord{69c53f7 u0 com.android.documentsui/.files.FilesActivity t-1 f}} in t=Task{df9b8c9 #85 type=standard A=10035:com.android.documentsui U=0 visible=false mode=fullscreen translucent=true sz=0}]
09-30 05:11:46.037 I/wm_task_removed( 1131): [85,removeChild]
09-30 05:11:46.045 I/wm_finish_activity( 1131): [0,252477879,70,com.tencent.qqmusicpad/.activity.newplayeractivity.ui.PlayerActivityNew,recent-task-trimmed]
09-30 05:11:46.046 I/wm_destroy_activity( 1131): [0,252477879,70,com.tencent.qqmusicpad/.activity.newplayeractivity.ui.PlayerActivityNew,finish-imm:finishIfPossible]
09-30 05:11:46.047 I/wm_finish_activity( 1131): [0,237360638,70,com.tencent.qqmusicpad/.activity.MainActivity,recent-task-trimmed]
09-30 05:11:46.049 I/wm_destroy_activity( 1131): [0,237360638,70,com.tencent.qqmusicpad/.activity.MainActivity,finish-imm:finishIfPossible]
09-30 05:11:46.050 I/wm_finish_activity( 1131): [0,9338120,64,com.android.settings/.homepage.SettingsHomepageActivity,recent-task-trimmed]
09-30 05:11:46.051 I/wm_destroy_activity( 1131): [0,9338120,64,com.android.settings/.homepage.SettingsHomepageActivity,finish-imm:finishIfPossible]
09-30 05:11:46.069 I/am_proc_start( 1131): [0,31562,10073,com.android.gallery3d,NULL,]
09-30 05:11:46.071 I/wm_on_destroy_called(23156): [252477879,com.tencent.qqmusicpad.activity.newplayeractivity.ui.PlayerActivityNew,performDestroy]
09-30 05:11:46.090 I/wm_on_destroy_called(19976): [9338120,com.android.settings.homepage.SettingsHomepageActivity,performDestroy]
09-30 05:11:46.091 I/am_kill ( 1131): [0,31560,com.android.documentsui,-10000,remove task]
09-30 05:11:46.104 I/sysui_multi_action( 1131): [757,803,799,window_time_0,802,0]
09-30 05:11:46.131 I/wm_task_removed( 1131): [64,removeChild:removeChild last r=ActivityRecord{8e7d08 u0 com.android.settings/.homepage.SettingsHomepageActivity t-1 f}} in t=Task{d2d1f68 #64 type=standard A=1000:com.android.settings.root U=0 visible=false mode=fullscreen translucent=true sz=0}]
09-30 05:11:46.132 I/wm_task_removed( 1131): [64,removeChild]
09-30 05:11:46.142 I/sysui_multi_action( 1131): [757,803,799,window_time_0,802,0]
09-30 05:11:46.143 I/am_kill ( 1131): [0,19976,com.android.settings,905,remove task]
09-30 05:11:46.149 I/sysui_multi_action( 1131): [757,803,799,window_time_0,802,0]
09-30 05:11:46.150 I/wm_on_destroy_called(23156): [237360638,com.tencent.qqmusicpad.activity.MainActivity,performDestroy]
09-30 05:11:46.174 I/wm_task_removed( 1131): [70,removeChild:removeChild last r=ActivityRecord{e25d5fe u0 com.tencent.qqmusicpad/.activity.MainActivity t-1 f}} in t=Task{60b79fd #70 type=standard A=10105:com.tencent.qqmusicpad U=0 visible=false mode=fullscreen translucent=true sz=0}]
09-30 05:11:46.174 I/wm_task_removed( 1131): [70,removeChild]
09-30 05:11:46.176 I/am_proc_bound( 1131): [0,31562,com.android.gallery3d]
09-30 05:11:46.428 I/am_proc_died( 1131): [0,19976,com.android.settings,905,19]
09-30 05:11:46.466 I/am_proc_start( 1131): [0,31584,1000,com.android.settings,NULL,]
09-30 05:11:46.513 I/am_proc_bound( 1131): [0,31584,com.android.settings]
09-30 05:11:46.851 I/am_proc_died( 1131): [0,23292,com.tencent.qqmusicpad:QQPlayerService,915,19]
09-30 05:11:47.716 I/input_interaction( 1131): Interaction with: 96face7 com.android.launcher3/com.android.launcher3.uioverrides.QuickstepLauncher (server), 39a273e com.android.systemui.ImageWallpaper (server), edge-swipe (server), swipe-up (server), PointerEventDispatcher0 (server),
09-30 05:11:47.972 I/liblog (31605): 213
09-30 05:11:47.972 I/liblog (31605): 1
09-30 05:11:47.972 I/liblog (31605): 2
09-30 05:11:47.972 I/liblog (31605): 1
09-30 05:11:47.973 I/liblog (31605): 1
09-30 05:11:47.973 I/liblog (31605): 1
09-30 05:11:47.973 I/liblog (31605): 1
09-30 05:11:47.973 I/liblog (31605): 1
09-30 05:11:47.973 I/liblog (31605): 1
09-30 05:11:47.973 I/liblog (31605): 2
09-30 05:11:47.973 I/liblog (31605): 1
09-30 05:11:47.973 I/liblog (31605): 1
09-30 05:11:47.973 I/liblog (31605): 1
09-30 05:11:47.973 I/liblog (31605): 1
09-30 05:11:47.973 I/liblog (31605): 1
09-30 05:11:47.973 I/liblog (31605): 1
09-30 05:11:47.973 I/liblog (31605): 1
09-30 05:11:47.973 I/liblog (31605): 1
09-30 05:11:47.973 I/liblog (31605): 10
09-30 05:11:48.013 I/commit_sys_config_file( 1131): [settings-1-0,7]
09-30 05:11:48.604 I/dropbox_file_copy( 1131): [/data/tombstones/tombstone_19,98304,SYSTEM_TOMBSTONE]
09-30 05:11:48.610 I/commit_sys_config_file( 1131): [log-files,9764029]
09-30 05:11:48.629 I/commit_sys_config_file( 1131): [log-files,9764048]
09-30 05:11:53.757 I/dropbox_file_copy( 1131): [/data/tombstones/tombstone_20,98304,SYSTEM_TOMBSTONE]
09-30 05:11:53.765 I/commit_sys_config_file( 1131): [log-files,9769185]
09-30 05:11:53.786 I/commit_sys_config_file( 1131): [log-files,9769205]
09-30 05:11:56.020 I/am_process_start_timeout( 1131): [0,31560,10035,com.android.documentsui]
09-30 05:11:56.020 I/am_uid_stopped( 1131): 10035
09-30 05:11:58.101 I/liblog (31627): 178
09-30 05:11:58.825 I/dropbox_file_copy( 1131): [/data/tombstones/tombstone_21,98304,SYSTEM_TOMBSTONE]
09-30 05:11:58.835 I/commit_sys_config_file( 1131): [log-files,9774254]
09-30 05:11:58.856 I/commit_sys_config_file( 1131): [log-files,9774276] --------- beginning of main
09-30 05:11:59.855 I/mpu_uart( 648): [MSG-P:RECV]:No message received in 1000 ms --------- beginning of kernel
01-01 15:15:29.919 D/ ( 0): mv2112_read_status
01-01 15:15:29.923 D/mv2112_update_link( 0): 3.0x901(1G): 0x80
01-01 15:15:29.929 D/mv2112_update_link( 0): 3.0x8109(100M): 0x0
01-01 15:15:29.934 D/mv2112_update_link( 0): link 0x0
01-01 15:15:29.939 D/mv2112_read_status( 0): autoneg is disabled
09-30 05:12:00.005 D/KeyguardUpdateMonitor(30097): received broadcast android.intent.action.TIME_TICK
09-30 05:12:00.006 D/KeyguardUpdateMonitor(30097): handleTimeUpdate
09-30 05:12:00.108 I/OMX-VENC: venc_dev( 1302): stats: avg. fps 0.31, bitrate 6237
09-30 05:12:00.855 I/mpu_uart( 648): [MSG-P:RECV]:No message received in 1000 ms
01-01 15:15:30.944 D/ ( 0): mv2112_read_status
01-01 15:15:30.948 D/mv2112_update_link( 0): 3.0x901(1G): 0x80
01-01 15:15:30.953 D/mv2112_update_link( 0): 3.0x8109(100M): 0x0
01-01 15:15:30.959 D/mv2112_update_link( 0): link 0x0
01-01 15:15:30.963 D/mv2112_read_status( 0): autoneg is disabled
09-30 05:12:01.111 I/OMX-VENC: venc_dev( 1302): stats: avg. fps 9.98, bitrate 202179
09-30 05:12:01.785 I/mpu_uart( 648): [MSG-P:R]:recv sync frame timeout
09-30 05:12:01.855 I/mpu_uart( 648): [MSG-P:RECV]:No message received in 1000 ms
01-01 15:15:31.999 D/ ( 0): mv2112_read_status
01-01 15:15:32.003 D/mv2112_update_link( 0): 3.0x901(1G): 0x80
01-01 15:15:32.008 D/mv2112_update_link( 0): 3.0x8109(100M): 0x0
01-01 15:15:32.014 D/mv2112_update_link( 0): link 0x0
01-01 15:15:32.018 D/mv2112_read_status( 0): autoneg is disabled
01-01 15:15:32.674 I/msm_vidc( 0): err : ffffffff: .....: DBLP Set: status 0
01-01 15:15:32.715 I/init ( 0): starting service 'qvrd_vndr'...
01-01 15:15:32.723 I/init ( 0): Created socket '/dev/socket/qvrservice_vndr', mode 660, user 1000, group 1000
01-01 15:15:32.735 I/init ( 0): Created socket '/dev/socket/qvrservice_vndr_camera', mode 660, user 1000, group 1000
01-01 15:15:32.778 I/init ( 0): starting service 'sxrd'...
01-01 15:15:32.816 I/init ( 0): starting service 'vendor.camera-provider-2-4'... --------- beginning of crash
09-30 05:12:02.776 F/linker (31638): CANNOT LINK EXECUTABLE "/vendor/bin/hw/qvrservice": library "vendor.qti.hardware.qxr-V1-ndk_platform.so" not found: needed by /vendor/lib64/libqvrservice.so in namespace (default)
09-30 05:12:02.794 F/linker (31639): CANNOT LINK EXECUTABLE "/vendor/bin/hw/sxrservice": library "vendor.qti.hardware.qxr-V1-ndk_platform.so" not found: needed by main executable
01-01 15:15:32.853 I/init ( 0): starting service 'vendor.light-hal-2-0'...
01-01 15:15:32.889 I/init ( 0): Service 'qvrd_vndr' (pid 31638) exited with status 1
01-01 15:15:32.896 I/init ( 0): Sending signal 9 to service 'qvrd_vndr' (pid 31638) process group...
09-30 05:12:02.863 I/mpu_uart( 648): [MSG-P:RECV]:No message received in 1000 ms
01-01 15:15:32.904 I/libprocessgroup( 0): Successfully killed process cgroup uid 1000 pid 31638 in 0ms
01-01 15:15:32.916 I/init ( 0): Service 'sxrd' (pid 31639) exited with status 1
09-30 05:12:02.890 I/android.hardware.camera.provider@2.4-service(31640): CameraProvider@2.4 legacy service is starting.
09-30 05:12:02.895 I/hwservicemanager( 502): getTransport: Cannot find entry android.hardware.light@2.0::ILight/default in either framework or device VINTF manifest.
09-30 05:12:02.905 E/light (31641): light_open lights keyboard failed: -22
09-30 05:12:02.906 E/light (31641): Light passthrough failed to load legacy HAL.
09-30 05:12:02.908 E/light (31641): light_open lights buttons failed: -22
09-30 05:12:02.908 E/light (31641): Light passthrough failed to load legacy HAL.
09-30 05:12:02.914 E/light (31641): light_open lights bluetooth failed: -22
09-30 05:12:02.914 E/light (31641): Light passthrough failed to load legacy HAL.
09-30 05:12:02.916 E/light (31641): light_open lights wifi failed: -22
09-30 05:12:02.916 E/light (31641): Light passthrough failed to load legacy HAL.
09-30 05:12:02.917 I/hwservicemanager( 502): getTransport: Cannot find entry android.hardware.light@2.0::ILight/default in either framework or device VINTF manifest.
09-30 05:12:02.917 E/HidlServiceManagement(31641): Service android.hardware.light@2.0::ILight/default must be in VINTF manifest in order to register/get.
09-30 05:12:02.918 E/LegacySupport(31641): Could not register service android.hardware.light@2.0::ILight/default (-2147483648).
01-01 15:15:33.023 D/ ( 0): mv2112_read_status
01-01 15:15:33.027 D/mv2112_update_link( 0): 3.0x901(1G): 0x80
09-30 05:12:02.984 I/android.hardware.camera.provider@2.4-service_64(31640): vendor/qcom/proprietary/adsprpc/src/rpcmem_android.c:159: rpcmem_init_internal: opened ION device fd 7, configured heap IDs: system (0x2000000), contig (0x400000), secure (0x200), secure flags (0x80080000)
09-30 05:12:02.984 I/android.hardware.camera.provider@2.4-service_64(31640): vendor/qcom/proprietary/adsprpc/src/fastrpc_apps_user.c:3087: fastrpc_apps_user_init done with default domain:3 and &fastrpc_trace:0x759f1a5fa0
01-01 15:15:33.033 D/mv2112_update_link( 0): 3.0x8109(100M): 0x0
01-01 15:15:33.038 D/mv2112_update_link( 0): link 0x0
09-30 05:12:02.996 I/CamX (31640): [CONFIG][HAL ] camxhal3module.cpp:390 HAL3Module() ***************************************************
09-30 05:12:02.996 I/CamX (31640): [CONFIG][HAL ] camxhal3module.cpp:391 HAL3Module() SHA1: 163bad69f8e118afcbc104e84812da2d6af207e5
09-30 05:12:02.996 I/CamX (31640): [CONFIG][HAL ] camxhal3module.cpp:392 HAL3Module() COMMITID: If4c26b066d3b7b6fb9b42c375f3512c170da45f2
09-30 05:12:02.996 I/CamX (31640): [CONFIG][HAL ] camxhal3module.cpp:393 HAL3Module() BUILD TS: 9/30/2022 3:30:34
09-30 05:12:02.996 I/CamX (31640): [CONFIG][HAL ] camxhal3module.cpp:394 HAL3Module() ***************************************************
01-01 15:15:33.043 D/mv2112_read_status( 0): autoneg is disabled
09-30 05:12:03.028 V/CamX (31640): [ VERB][CORE ] camxoverridesettingsfile.cpp:385 Initialize() Could not find override settings text file at: /vendor/etc/camera/camxoverridesettings.txt
09-30 05:12:03.028 V/CamX (31640): [ VERB][CORE ] camxoverridesettingsfile.cpp:385 Initialize() Could not find override settings text file at: ./camxoverridesettings.txt
09-30 05:12:03.028 V/CamX (31640): [ VERB][UTILS ] camxhashmap.cpp:210 GetInPlace() Key not found
09-30 05:12:03.028 V/CamX (31640): [ VERB][UTILS ] camxhashmap.cpp:210 GetInPlace() Key not found
09-30 05:12:03.029 V/CamX (31640): [ VERB][UTILS ] camxhashmap.cpp:210 GetInPlace() Key not found
09-30 05:12:03.029 V/CamX (31640): [ VERB][UTILS ] camxhashmap.cpp:210 GetInPlace() Key not found
09-30 05:12:03.029 V/CamX (31640): [ VERB][UTILS ] camxhashmap.cpp:210 GetInPlace() Key not found
09-30 05:12:03.029 V/CamX (31640): [ VERB][UTILS ] camxhashmap.cpp:210 GetInPlace() Key not found
09-30 05:12:03.029 V/CamX (31640): [ VERB][UTILS ] camxhashmap.cpp:210 GetInPlace() Key not found
09-30 05:12:03.029 V/CamX (31640): [ VERB][UTILS ] camxhashmap.cpp:210 GetInPlace() Key not found
09-30 05:12:03.029 V/CamX (31640): [ VERB][UTILS ] camxhashmap.cpp:210 GetInPlace() Key not found
09-30 05:12:03.029 V/CamX (31640): [ VERB][UTILS ] camxhashmap.cpp:210 GetInPlace() Key not found
09-30 05:12:03.029 V/CamX (31640): [ VERB][UTILS ] camxhashmap.cpp:210 GetInPlace() Key not found
09-30 05:12:03.029 V/CamX (31640): [ VERB][UTILS ] camxhashmap.cpp:210 GetInPlace() Key not found
09-30 05:12:03.029 V/CamX (31640): [ VERB][UTILS ] camxhashmap.cpp:210 GetInPlace() Key not found
09-30 05:12:03.029 V/CamX (31640): [ VERB][UTILS ] camxhashmap.cpp:210 GetInPlace() Key not found
09-30 05:12:03.029 V/CamX (31640): [ VERB][UTILS ] camxhashmap.cpp:210 GetInPlace() Key not found
09-30 05:12:03.029 V/CamX (31640): [ VERB][UTILS ] camxhashmap.cpp:210 GetInPlace() Key not found
09-30 05:12:03.029 V/CamX (31640): [ VERB][UTILS ] camxhashmap.cpp:210 GetInPlace() Key not found
09-30 05:12:03.029 V/CamX (31640): [ VERB][UTILS ] camxhashmap.cpp:210 GetInPlace() Key not found
09-30 05:12:03.029 V/CamX (31640): [ VERB][UTILS ] camxhashmap.cpp:210 GetInPlace() Key not found
09-30 05:12:03.029 V/CamX (31640): [ VERB][UTILS ] camxhashmap.cpp:210 GetInPlace() Key not found
09-30 05:12:03.029 V/CamX (31640): [ VERB][UTILS ] camxhashmap.cpp:210 GetInPlace() Key not found
09-30 05:12:03.029 V/CamX (31640): [ VERB][UTILS ] camxhashmap.cpp:210 GetInPlace() Key not found
09-30 05:12:03.029 V/CamX (31640): [ VERB][UTILS ] camxhashmap.cpp:210 GetInPlace() Key not found
09-30 05:12:03.029 V/CamX (31640): [ VERB][UTILS ] camxhashmap.cpp:210 GetInPlace() Key not found
09-30 05:12:03.029 V/CamX (31640): [ VERB][UTILS ] camxhashmap.cpp:210 GetInPlace() Key not found
09-30 05:12:03.029 V/CamX (31640): [ VERB][UTILS ] camxhashmap.cpp:210 GetInPlace() Key not found
09-30 05:12:03.029 V/CamX (31640): [ VERB][UTILS ] camxhashmap.cpp:210 GetInPlace() Key not found
09-30 05:12:03.029 V/CamX (31640): [ VERB][UTILS ] camxhashmap.cpp:210 GetInPlace() Key not found
09-30 05:12:03.029 V/CamX (31640): [ VERB][UTILS ] camxhashmap.cpp:210 GetInPlace() Key not found
09-30 05:12:03.029 V/CamX (31640): [ VERB][UTILS ] camxhashmap.cpp:210 GetInPlace() Key not found
09-30 05:12:03.029 V/CamX (31640): [ VERB][UTILS ] camxhashmap.cpp:210 GetInPlace() Key not found
09-30 05:12:03.029 V/CamX (31640): [ VERB][UTILS ] camxhashmap.cpp:210 GetInPlace() Key not found
09-30 05:12:03.029 V/CamX (31640): [ VERB][UTILS ] camxhashmap.cpp:210 GetInPlace() Key not found
09-30 05:12:03.029 V/CamX (31640): [ VERB][UTILS ] camxhashmap.cpp:210 GetInPlace() Key not found
09-30 05:12:03.029 V/CamX (31640): [ VERB][UTILS ] camxhashmap.cpp:210 GetInPlace() Key not found
09-30 05:12:03.029 V/CamX (31640): [ VERB][UTILS ] camxhashmap.cpp:210 GetInPlace() Key not found
09-30 05:12:03.029 V/CamX (31640): [ VERB][UTILS ] camxhashmap.cpp:210 GetInPlace() Key not found
09-30 05:12:03.029 V/CamX (31640): [ VERB][UTILS ] camxhashmap.cpp:210 GetInPlace() Key not found
09-30 05:12:03.029 V/CamX (31640): [ VERB][UTILS ] camxhashmap.cpp:210 GetInPlace() Key not found
09-30 05:12:03.030 V/CamX (31640): [ VERB][UTILS ] camxhashmap.cpp:210 GetInPlace() Key not found
09-30 05:12:03.030 V/CamX (31640): [ VERB][UTILS ] camxhashmap.cpp:210 GetInPlace() Key not found
09-30 05:12:03.030 V/CamX (31640): [ VERB][UTILS ] camxhashmap.cpp:210 GetInPlace() Key not found
09-30 05:12:03.030 V/CamX (31640): [ VERB][UTILS ] camxhashmap.cpp:210 GetInPlace() Key not found
09-30 05:12:03.030 V/CamX (31640): [ VERB][UTILS ] camxhashmap.cpp:210 GetInPlace() Key not found
09-30 05:12:03.030 V/CamX (31640): [ VERB][UTILS ] camxhashmap.cpp:210 GetInPlace() Key not found
09-30 05:12:03.030 V/CamX (31640): [ VERB][UTILS ] camxhashmap.cpp:210 GetInPlace() Key not found
09-30 05:12:03.030 V/CamX (31640): [ VERB][UTILS ] camxhashmap.cpp:210 GetInPlace() Key not found
09-30 05:12:03.030 V/CamX (31640): [ VERB][UTILS ] camxhashmap.cpp:210 GetInPlace() Key not found
09-30 05:12:03.030 V/CamX (31640): [ VERB][UTILS ] camxhashmap.cpp:210 GetInPlace() Key not found
09-30 05:12:03.030 V/CamX (31640): [ VERB][UTILS ] camxhashmap.cpp:210 GetInPlace() Key not found
09-30 05:12:03.030 V/CamX (31640): [ VERB][UTILS ] camxhashmap.cpp:210 GetInPlace() Key not found
09-30 05:12:03.030 V/CamX (31640): [ VERB][UTILS ] camxhashmap.cpp:210 GetInPlace() Key not found
09-30 05:12:03.030 V/CamX (31640): [ VERB][UTILS ] camxhashmap.cpp:210 GetInPlace() Key not found
09-30 05:12:03.030 V/CamX (31640): [ VERB][UTILS ] camxhashmap.cpp:210 GetInPlace() Key not found
09-30 05:12:03.030 V/CamX (31640): [ VERB][UTILS ] camxhashmap.cpp:210 GetInPlace() Key not found
09-30 05:12:03.030 V/CamX (31640): [ VERB][UTILS ] camxhashmap.cpp:210 GetInPlace() Key not found
09-30 05:12:03.030 V/CamX (31640): [ VERB][UTILS ] camxhashmap.cpp:210 GetInPlace() Key not found
09-30 05:12:03.030 V/CamX (31640): [ VERB][UTILS ] camxhashmap.cpp:210 GetInPlace() Key not found
09-30 05:12:03.030 V/CamX (31640): [ VERB][UTILS ] camxhashmap.cpp:210 GetInPlace() Key not found
09-30 05:12:03.030 V/CamX (31640): [ VERB][UTILS ] camxhashmap.cpp:210 GetInPlace() Key not found
09-30 05:12:03.030 V/CamX (31640): [ VERB][UTILS ] camxhashmap.cpp:210 GetInPlace() Key not found
09-30 05:12:03.030 V/CamX (31640): [ VERB][UTILS ] camxhashmap.cpp:210 GetInPlace() Key not found
09-30 05:12:03.030 V/CamX (31640): [ VERB][UTILS ] camxhashmap.cpp:210 GetInPlace() Key not found
09-30 05:12:03.030 V/CamX (31640): [ VERB][UTILS ] camxhashmap.cpp:210 GetInPlace() Key not found
09-30 05:12:03.030 V/CamX (31640): [ VERB][UTILS ] camxhashmap.cpp:210 GetInPlace() Key not found
09-30 05:12:03.030 V/CamX (31640): [ VERB][UTILS ] camxhashmap.cpp:210 GetInPlace() Key not found
09-30 05:12:03.030 V/CamX (31640): [ VERB][UTILS ] camxhashmap.cpp:210 GetInPlace() Key not found
09-30 05:12:03.030 V/CamX (31640): [ VERB][UTILS ] camxhashmap.cpp:210 GetInPlace() Key not found
09-30 05:12:03.030 V/CamX (31640): [ VERB][UTILS ] camxhashmap.cpp:210 GetInPlace() Key not found
09-30 05:12:03.030 V/CamX (31640): [ VERB][UTILS ] camxhashmap.cpp:210 GetInPlace() Key not found
09-30 05:12:03.030 V/CamX (31640): [ VERB][UTILS ] camxhashmap.cpp:210 GetInPlace() Key not found
09-30 05:12:03.030 V/CamX (31640): [ VERB][UTILS ] camxhashmap.cpp:210 GetInPlace() Key not found
09-30 05:12:03.030 V/CamX (31640): [ VERB][UTILS ] camxhashmap.cpp:210 GetInPlace() Key not found
09-30 05:12:03.030 V/CamX (31640): [ VERB][UTILS ] camxhashmap.cpp:210 GetInPlace() Key not found
09-30 05:12:03.030 V/CamX (31640): [ VERB][UTILS ] camxhashmap.cpp:210 GetInPlace() Key not found
09-30 05:12:03.030 V/CamX (31640): [ VERB][UTILS ] camxhashmap.cpp:210 GetInPlace() Key not found
09-30 05:12:03.030 V/CamX (31640): [ VERB][UTILS ] camxhashmap.cpp:210 GetInPlace() Key not found
09-30 05:12:03.030 V/CamX (31640): [ VERB][UTILS ] camxhashmap.cpp:210 GetInPlace() Key not found
09-30 05:12:03.030 V/CamX (31640): [ VERB][UTILS ] camxhashmap.cpp:210 GetInPlace() Key not found
09-30 05:12:03.031 V/CamX (31640): [ VERB][UTILS ] camxhashmap.cpp:210 GetInPlace() Key not found
09-30 05:12:03.031 V/CamX (31640): [ VERB][UTILS ] camxhashmap.cpp:210 GetInPlace() Key not found
09-30 05:12:03.031 V/CamX (31640): [ VERB][UTILS ] camxhashmap.cpp:210 GetInPlace() Key not found
09-30 05:12:03.031 V/CamX (31640): [ VERB][UTILS ] camxhashmap.cpp:210 GetInPlace() Key not found
09-30 05:12:03.031 V/CamX (31640): [ VERB][UTILS ] camxhashmap.cpp:210 GetInPlace() Key not found
09-30 05:12:03.031 V/CamX (31640): [ VERB][UTILS ] camxhashmap.cpp:210 GetInPlace() Key not found
09-30 05:12:03.031 V/CamX (31640): [ VERB][UTILS ] camxhashmap.cpp:210 GetInPlace() Key not found
09-30 05:12:03.031 V/CamX (31640): [ VERB][UTILS ] camxhashmap.cpp:210 GetInPlace() Key not found
09-30 05:12:03.031 V/CamX (31640): [ VERB][UTILS ] camxhashmap.cpp:210 GetInPlace() Key not found
09-30 05:12:03.031 V/CamX (31640): [ VERB][UTILS ] camxhashmap.cpp:210 GetInPlace() Key not found
09-30 05:12:03.031 V/CamX (31640): [ VERB][UTILS ] camxhashmap.cpp:210 GetInPlace() Key not found
09-30 05:12:03.031 V/CamX (31640): [ VERB][UTILS ] camxhashmap.cpp:210 GetInPlace() Key not found
09-30 05:12:03.031 V/CamX (31640): [ VERB][UTILS ] camxhashmap.cpp:210 GetInPlace() Key not found
09-30 05:12:03.031 V/CamX (31640): [ VERB][UTILS ] camxhashmap.cpp:210 GetInPlace() Key not found
09-30 05:12:03.031 V/CamX (31640): [ VERB][UTILS ] camxhashmap.cpp:210 GetInPlace() Key not found
09-30 05:12:03.031 V/CamX (31640): [ VERB][UTILS ] camxhashmap.cpp:210 GetInPlace() Key not found
09-30 05:12:03.031 V/CamX (31640): [ VERB][UTILS ] camxhashmap.cpp:210 GetInPlace() Key not found
09-30 05:12:03.031 V/CamX (31640): [ VERB][UTILS ] camxhashmap.cpp:210 GetInPlace() Key not found
09-30 05:12:03.031 V/CamX (31640): [ VERB][UTILS ] camxhashmap.cpp:210 GetInPlace() Key not found
09-30 05:12:03.031 V/CamX (31640): [ VERB][UTILS ] camxhashmap.cpp:210 GetInPlace() Key not found
09-30 05:12:03.031 V/CamX (31640): [ VERB][UTILS ] camxhashmap.cpp:210 GetInPlace() Key not found
09-30 05:12:03.031 V/CamX (31640): [ VERB][UTILS ] camxhashmap.cpp:210 GetInPlace() Key not found
09-30 05:12:03.031 V/CamX (31640): [ VERB][UTILS ] camxhashmap.cpp:210 GetInPlace() Key not found
09-30 05:12:03.031 V/CamX (31640): [ VERB][UTILS ] camxhashmap.cpp:210 GetInPlace() Key not found
09-30 05:12:03.031 V/CamX (31640): [ VERB][UTILS ] camxhashmap.cpp:210 GetInPlace() Key not found
09-30 05:12:03.031 V/CamX (31640): [ VERB][UTILS ] camxhashmap.cpp:210 GetInPlace() Key not found
09-30 05:12:03.031 V/CamX (31640): [ VERB][UTILS ] camxhashmap.cpp:210 GetInPlace() Key not found
09-30 05:12:03.031 V/CamX (31640): [ VERB][UTILS ] camxhashmap.cpp:210 GetInPlace() Key not found
09-30 05:12:03.031 V/CamX (31640): [ VERB][UTILS ] camxhashmap.cpp:210 GetInPlace() Key not found
09-30 05:12:03.031 V/CamX (31640): [ VERB][UTILS ] camxhashmap.cpp:210 GetInPlace() Key not found
09-30 05:12:03.031 V/CamX (31640): [ VERB][UTILS ] camxhashmap.cpp:210 GetInPlace() Key not found
09-30 05:12:03.031 V/CamX (31640): [ VERB][UTILS ] camxhashmap.cpp:210 GetInPlace() Key not found
09-30 05:12:03.031 V/CamX (31640): [ VERB][UTILS ] camxhashmap.cpp:210 GetInPlace() Key not found
09-30 05:12:03.031 V/CamX (31640): [ VERB][UTILS ] camxhashmap.cpp:210 GetInPlace() Key not found
09-30 05:12:03.031 V/CamX (31640): [ VERB][UTILS ] camxhashmap.cpp:210 GetInPlace() Key not found
09-30 05:12:03.031 V/CamX (31640): [ VERB][UTILS ] camxhashmap.cpp:210 GetInPlace() Key not found
09-30 05:12:03.031 V/CamX (31640): [ VERB][UTILS ] camxhashmap.cpp:210 GetInPlace() Key not found
09-30 05:12:03.031 V/CamX (31640): [ VERB][UTILS ] camxhashmap.cpp:210 GetInPlace() Key not found
09-30 05:12:03.031 V/CamX (31640): [ VERB][UTILS ] camxhashmap.cpp:210 GetInPlace() Key not found
09-30 05:12:03.031 V/CamX (31640): [ VERB][UTILS ] camxhashmap.cpp:210 GetInPlace() Key not found
09-30 05:12:03.031 V/CamX (31640): [ VERB][UTILS ] camxhashmap.cpp:210 GetInPlace() Key not found
09-30 05:12:03.031 V/CamX (31640): [ VERB][UTILS ] camxhashmap.cpp:210 GetInPlace() Key not found
09-30 05:12:03.031 V/CamX (31640): [ VERB][UTILS ] camxhashmap.cpp:210 GetInPlace() Key not found
09-30 05:12:03.031 V/CamX (31640): [ VERB][UTILS ] camxhashmap.cpp:210 GetInPlace() Key not found
09-30 05:12:03.032 V/CamX (31640): [ VERB][UTILS ] camxhashmap.cpp:210 GetInPlace() Key not found
09-30 05:12:03.032 V/CamX (31640): [ VERB][UTILS ] camxhashmap.cpp:210 GetInPlace() Key not found
09-30 05:12:03.032 V/CamX (31640): [ VERB][UTILS ] camxhashmap.cpp:210 GetInPlace() Key not found
09-30 05:12:03.032 V/CamX (31640): [ VERB][UTILS ] camxhashmap.cpp:210 GetInPlace() Key not found
09-30 05:12:03.032 V/CamX (31640): [ VERB][UTILS ] camxhashmap.cpp:210 GetInPlace() Key not found
09-30 05:12:03.032 V/CamX (31640): [ VERB][UTILS ] camxhashmap.cpp:210 GetInPlace() Key not found
09-30 05:12:03.032 V/CamX (31640): [ VERB][UTILS ] camxhashmap.cpp:210 GetInPlace() Key not found
09-30 05:12:03.032 V/CamX (31640): [ VERB][UTILS ] camxhashmap.cpp:210 GetInPlace() Key not found
09-30 05:12:03.032 V/CamX (31640): [ VERB][UTILS ] camxhashmap.cpp:210 GetInPlace() Key not found
09-30 05:12:03.032 V/CamX (31640): [ VERB][UTILS ] camxhashmap.cpp:210 GetInPlace() Key not found
09-30 05:12:03.032 V/CamX (31640): [ VERB][UTILS ] camxhashmap.cpp:210 GetInPlace() Key not found
09-30 05:12:03.032 V/CamX (31640): [ VERB][UTILS ] camxhashmap.cpp:210 GetInPlace() Key not found
09-30 05:12:03.032 V/CamX (31640): [ VERB][UTILS ] camxhashmap.cpp:210 GetInPlace() Key not found
09-30 05:12:03.032 V/CamX (31640): [ VERB][UTILS ] camxhashmap.cpp:210 GetInPlace() Key not found
09-30 05:12:03.032 V/CamX (31640): [ VERB][UTILS ] camxhashmap.cpp:210 GetInPlace() Key not found
09-30 05:12:03.032 V/CamX (31640): [ VERB][UTILS ] camxhashmap.cpp:210 GetInPlace() Key not found
09-30 05:12:03.032 V/CamX (31640): [ VERB][UTILS ] camxhashmap.cpp:210 GetInPlace() Key not found
09-30 05:12:03.032 V/CamX (31640): [ VERB][UTILS ] camxhashmap.cpp:210 GetInPlace() Key not found
09-30 05:12:03.032 V/CamX (31640): [ VERB][UTILS ] camxhashmap.cpp:210 GetInPlace() Key not found
09-30 05:12:03.032 V/CamX (31640): [ VERB][UTILS ] camxhashmap.cpp:210 GetInPlace() Key not found
09-30 05:12:03.032 V/CamX (31640): [ VERB][UTILS ] camxhashmap.cpp:210 GetInPlace() Key not found
09-30 05:12:03.032 V/CamX (31640): [ VERB][UTILS ] camxhashmap.cpp:210 GetInPlace() Key not found
09-30 05:12:03.032 V/CamX (31640): [ VERB][UTILS ] camxhashmap.cpp:210 GetInPlace() Key not found
09-30 05:12:03.032 V/CamX (31640): [ VERB][UTILS ] camxhashmap.cpp:210 GetInPlace() Key not found
09-30 05:12:03.032 V/CamX (31640): [ VERB][UTILS ] camxhashmap.cpp:210 GetInPlace() Key not found
09-30 05:12:03.032 V/CamX (31640): [ VERB][UTILS ] camxhashmap.cpp:210 GetInPlace() Key not found
09-30 05:12:03.032 V/CamX (31640): [ VERB][UTILS ] camxhashmap.cpp:210 GetInPlace() Key not found
09-30 05:12:03.032 V/CamX (31640): [ VERB][UTILS ] camxhashmap.cpp:210 GetInPlace() Key not found
09-30 05:12:03.032 V/CamX (31640): [ VERB][UTILS ] camxhashmap.cpp:210 GetInPlace() Key not found
09-30 05:12:03.032 V/CamX (31640): [ VERB][UTILS ] camxhashmap.cpp:210 GetInPlace() Key not found
09-30 05:12:03.032 V/CamX (31640): [ VERB][UTILS ] camxhashmap.cpp:210 GetInPlace() Key not found
09-30 05:12:03.032 V/CamX (31640): [ VERB][UTILS ] camxhashmap.cpp:210 GetInPlace() Key not found
09-30 05:12:03.032 V/CamX (31640): [ VERB][UTILS ] camxhashmap.cpp:210 GetInPlace() Key not found
09-30 05:12:03.032 V/CamX (31640): [ VERB][UTILS ] camxhashmap.cpp:210 GetInPlace() Key not found
09-30 05:12:03.032 V/CamX (31640): [ VERB][UTILS ] camxhashmap.cpp:210 GetInPlace() Key not found
09-30 05:12:03.032 V/CamX (31640): [ VERB][UTILS ] camxhashmap.cpp:210 GetInPlace() Key not found
09-30 05:12:03.032 V/CamX (31640): [ VERB][UTILS ] camxhashmap.cpp:210 GetInPlace() Key not found
09-30 05:12:03.032 V/CamX (31640): [ VERB][UTILS ] camxhashmap.cpp:210 GetInPlace() Key not found
09-30 05:12:03.032 V/CamX (31640): [ VERB][UTILS ] camxhashmap.cpp:210 GetInPlace() Key not found
09-30 05:12:03.032 V/CamX (31640): [ VERB][UTILS ] camxhashmap.cpp:210 GetInPlace() Key not found
09-30 05:12:03.032 V/CamX (31640): [ VERB][UTILS ] camxhashmap.cpp:210 GetInPlace() Key not found
09-30 05:12:03.032 V/CamX (31640): [ VERB][UTILS ] camxhashmap.cpp:210 GetInPlace() Key not found
