09-30 05:12:13.230 V/CamX (31662): [ VERB][UTILS ] camxhashmap.cpp:210 GetInPlace() Key not found
09-30 05:12:13.230 V/CamX (31662): [ VERB][UTILS ] camxhashmap.cpp:210 GetInPlace() Key not found
09-30 05:12:13.230 V/CamX (31662): [ VERB][UTILS ] camxhashmap.cpp:210 GetInPlace() Key not found
09-30 05:12:13.230 V/CamX (31662): [ VERB][UTILS ] camxhashmap.cpp:210 GetInPlace() Key not found
09-30 05:12:13.230 V/CamX (31662): [ VERB][UTILS ] camxhashmap.cpp:210 GetInPlace() Key not found
09-30 05:12:13.230 V/CamX (31662): [ VERB][UTILS ] camxhashmap.cpp:210 GetInPlace() Key not found
09-30 05:12:13.230 V/CamX (31662): [ VERB][UTILS ] camxhashmap.cpp:210 GetInPlace() Key not found
09-30 05:12:13.230 V/CamX (31662): [ VERB][UTILS ] camxhashmap.cpp:210 GetInPlace() Key not found
09-30 05:12:13.230 V/CamX (31662): [ VERB][UTILS ] camxhashmap.cpp:210 GetInPlace() Key not found
09-30 05:12:13.230 V/CamX (31662): [ VERB][UTILS ] camxhashmap.cpp:210 GetInPlace() Key not found
09-30 05:12:13.230 V/CamX (31662): [ VERB][UTILS ] camxhashmap.cpp:210 GetInPlace() Key not found
09-30 05:12:13.230 V/CamX (31662): [ VERB][UTILS ] camxhashmap.cpp:210 GetInPlace() Key not found
09-30 05:12:13.230 V/CamX (31662): [ VERB][UTILS ] camxhashmap.cpp:210 GetInPlace() Key not found
09-30 05:12:13.230 V/CamX (31662): [ VERB][UTILS ] camxhashmap.cpp:210 GetInPlace() Key not found
09-30 05:12:13.230 V/CamX (31662): [ VERB][UTILS ] camxhashmap.cpp:210 GetInPlace() Key not found
09-30 05:12:13.230 V/CamX (31662): [ VERB][UTILS ] camxhashmap.cpp:210 GetInPlace() Key not found
09-30 05:12:13.231 V/CamX (31662): [ VERB][UTILS ] camxhashmap.cpp:210 GetInPlace() Key not found
09-30 05:12:13.231 V/CamX (31662): [ VERB][UTILS ] camxhashmap.cpp:210 GetInPlace() Key not found
09-30 05:12:13.231 V/CamX (31662): [ VERB][UTILS ] camxhashmap.cpp:210 GetInPlace() Key not found
01-01 15:15:43.273 D/mv2112_update_link( 0): 3.0x8109(100M): 0x0
09-30 05:12:13.231 V/CamX (31662): [ VERB][UTILS ] camxhashmap.cpp:210 GetInPlace() Key not found
01-01 15:15:43.278 D/mv2112_update_link( 0): link 0x0
09-30 05:12:13.231 V/CamX (31662): [ VERB][UTILS ] camxhashmap.cpp:210 GetInPlace() Key not found
01-01 15:15:43.282 D/mv2112_read_status( 0): autoneg is disabled
09-30 05:12:13.231 V/CamX (31662): [ VERB][UTILS ] camxhashmap.cpp:210 GetInPlace() Key not found
09-30 05:12:13.231 V/CamX (31662): [ VERB][UTILS ] camxhashmap.cpp:210 GetInPlace() Key not found
09-30 05:12:13.231 V/CamX (31662): [ VERB][UTILS ] camxhashmap.cpp:210 GetInPlace() Key not found
09-30 05:12:13.231 V/CamX (31662): [ VERB][UTILS ] camxhashmap.cpp:210 GetInPlace() Key not found
09-30 05:12:13.231 V/CamX (31662): [ VERB][UTILS ] camxhashmap.cpp:210 GetInPlace() Key not found
09-30 05:12:13.231 V/CamX (31662): [ VERB][UTILS ] camxhashmap.cpp:210 GetInPlace() Key not found
09-30 05:12:13.231 V/CamX (31662): [ VERB][UTILS ] camxhashmap.cpp:210 GetInPlace() Key not found
09-30 05:12:13.231 V/CamX (31662): [ VERB][UTILS ] camxhashmap.cpp:210 GetInPlace() Key not found
09-30 05:12:13.231 V/CamX (31662): [ VERB][UTILS ] camxhashmap.cpp:210 GetInPlace() Key not found
09-30 05:12:13.231 V/CamX (31662): [ VERB][UTILS ] camxhashmap.cpp:210 GetInPlace() Key not found
09-30 05:12:13.231 V/CamX (31662): [ VERB][UTILS ] camxhashmap.cpp:210 GetInPlace() Key not found
09-30 05:12:13.231 V/CamX (31662): [ VERB][UTILS ] camxhashmap.cpp:210 GetInPlace() Key not found
09-30 05:12:13.231 V/CamX (31662): [ VERB][UTILS ] camxhashmap.cpp:210 GetInPlace() Key not found
09-30 05:12:13.231 V/CamX (31662): [ VERB][UTILS ] camxhashmap.cpp:210 GetInPlace() Key not found
09-30 05:12:13.231 V/CamX (31662): [ VERB][UTILS ] camxhashmap.cpp:210 GetInPlace() Key not found
09-30 05:12:13.231 V/CamX (31662): [ VERB][UTILS ] camxhashmap.cpp:210 GetInPlace() Key not found
09-30 05:12:13.231 V/CamX (31662): [ VERB][UTILS ] camxhashmap.cpp:210 GetInPlace() Key not found
09-30 05:12:13.231 V/CamX (31662): [ VERB][UTILS ] camxhashmap.cpp:210 GetInPlace() Key not found
09-30 05:12:13.232 V/CamX (31662): [ VERB][UTILS ] camxhashmap.cpp:210 GetInPlace() Key not found
09-30 05:12:13.232 V/CamX (31662): [ VERB][UTILS ] camxhashmap.cpp:210 GetInPlace() Key not found
09-30 05:12:13.232 V/CamX (31662): [ VERB][UTILS ] camxhashmap.cpp:210 GetInPlace() Key not found
09-30 05:12:13.232 V/CamX (31662): [ VERB][UTILS ] camxhashmap.cpp:210 GetInPlace() Key not found
09-30 05:12:13.232 V/CamX (31662): [ VERB][UTILS ] camxhashmap.cpp:210 GetInPlace() Key not found
09-30 05:12:13.232 V/CamX (31662): [ VERB][UTILS ] camxhashmap.cpp:210 GetInPlace() Key not found
09-30 05:12:13.232 V/CamX (31662): [ VERB][UTILS ] camxhashmap.cpp:210 GetInPlace() Key not found
09-30 05:12:13.232 V/CamX (31662): [ VERB][UTILS ] camxhashmap.cpp:210 GetInPlace() Key not found
09-30 05:12:13.232 V/CamX (31662): [ VERB][UTILS ] camxhashmap.cpp:210 GetInPlace() Key not found
09-30 05:12:13.232 V/CamX (31662): [ VERB][UTILS ] camxhashmap.cpp:210 GetInPlace() Key not found
09-30 05:12:13.232 V/CamX (31662): [ VERB][UTILS ] camxhashmap.cpp:210 GetInPlace() Key not found
09-30 05:12:13.232 V/CamX (31662): [ VERB][UTILS ] camxhashmap.cpp:210 GetInPlace() Key not found
09-30 05:12:13.232 V/CamX (31662): [ VERB][UTILS ] camxhashmap.cpp:210 GetInPlace() Key not found
09-30 05:12:13.232 V/CamX (31662): [ VERB][UTILS ] camxhashmap.cpp:210 GetInPlace() Key not found
09-30 05:12:13.232 V/CamX (31662): [ VERB][UTILS ] camxhashmap.cpp:210 GetInPlace() Key not found
09-30 05:12:13.232 V/CamX (31662): [ VERB][UTILS ] camxhashmap.cpp:210 GetInPlace() Key not found
09-30 05:12:13.232 V/CamX (31662): [ VERB][UTILS ] camxhashmap.cpp:210 GetInPlace() Key not found
09-30 05:12:13.232 V/CamX (31662): [ VERB][UTILS ] camxhashmap.cpp:210 GetInPlace() Key not found
09-30 05:12:13.232 V/CamX (31662): [ VERB][UTILS ] camxhashmap.cpp:210 GetInPlace() Key not found
09-30 05:12:13.232 V/CamX (31662): [ VERB][UTILS ] camxhashmap.cpp:210 GetInPlace() Key not found
09-30 05:12:13.232 V/CamX (31662): [ VERB][UTILS ] camxhashmap.cpp:210 GetInPlace() Key not found
09-30 05:12:13.232 V/CamX (31662): [ VERB][UTILS ] camxhashmap.cpp:210 GetInPlace() Key not found
09-30 05:12:13.232 V/CamX (31662): [ VERB][UTILS ] camxhashmap.cpp:210 GetInPlace() Key not found
09-30 05:12:13.233 V/CamX (31662): [ VERB][UTILS ] camxhashmap.cpp:210 GetInPlace() Key not found
09-30 05:12:13.233 V/CamX (31662): [ VERB][UTILS ] camxhashmap.cpp:210 GetInPlace() Key not found
09-30 05:12:13.233 V/CamX (31662): [ VERB][UTILS ] camxhashmap.cpp:210 GetInPlace() Key not found
09-30 05:12:13.233 V/CamX (31662): [ VERB][UTILS ] camxhashmap.cpp:210 GetInPlace() Key not found
09-30 05:12:13.233 V/CamX (31662): [ VERB][UTILS ] camxhashmap.cpp:210 GetInPlace() Key not found
09-30 05:12:13.233 V/CamX (31662): [ VERB][UTILS ] camxhashmap.cpp:210 GetInPlace() Key not found
09-30 05:12:13.233 V/CamX (31662): [ VERB][UTILS ] camxhashmap.cpp:210 GetInPlace() Key not found
09-30 05:12:13.233 V/CamX (31662): [ VERB][UTILS ] camxhashmap.cpp:210 GetInPlace() Key not found
09-30 05:12:13.233 V/CamX (31662): [ VERB][UTILS ] camxhashmap.cpp:210 GetInPlace() Key not found
09-30 05:12:13.233 V/CamX (31662): [ VERB][UTILS ] camxhashmap.cpp:210 GetInPlace() Key not found
09-30 05:12:13.233 V/CamX (31662): [ VERB][UTILS ] camxhashmap.cpp:210 GetInPlace() Key not found
09-30 05:12:13.233 V/CamX (31662): [ VERB][UTILS ] camxhashmap.cpp:210 GetInPlace() Key not found
09-30 05:12:13.233 V/CamX (31662): [ VERB][UTILS ] camxhashmap.cpp:210 GetInPlace() Key not found
09-30 05:12:13.233 V/CamX (31662): [ VERB][UTILS ] camxhashmap.cpp:210 GetInPlace() Key not found
09-30 05:12:13.233 V/CamX (31662): [ VERB][UTILS ] camxhashmap.cpp:210 GetInPlace() Key not found
09-30 05:12:13.233 V/CamX (31662): [ VERB][UTILS ] camxhashmap.cpp:210 GetInPlace() Key not found
09-30 05:12:13.233 V/CamX (31662): [ VERB][UTILS ] camxhashmap.cpp:210 GetInPlace() Key not found
09-30 05:12:13.233 V/CamX (31662): [ VERB][UTILS ] camxhashmap.cpp:210 GetInPlace() Key not found
09-30 05:12:13.233 V/CamX (31662): [ VERB][UTILS ] camxhashmap.cpp:210 GetInPlace() Key not found
09-30 05:12:13.233 V/CamX (31662): [ VERB][UTILS ] camxhashmap.cpp:210 GetInPlace() Key not found
09-30 05:12:13.233 V/CamX (31662): [ VERB][UTILS ] camxhashmap.cpp:210 GetInPlace() Key not found
09-30 05:12:13.233 V/CamX (31662): [ VERB][UTILS ] camxhashmap.cpp:210 GetInPlace() Key not found
09-30 05:12:13.233 V/CamX (31662): [ VERB][UTILS ] camxhashmap.cpp:210 GetInPlace() Key not found
09-30 05:12:13.233 V/CamX (31662): [ VERB][UTILS ] camxhashmap.cpp:210 GetInPlace() Key not found
09-30 05:12:13.233 V/CamX (31662): [ VERB][UTILS ] camxhashmap.cpp:210 GetInPlace() Key not found
09-30 05:12:13.234 V/CamX (31662): [ VERB][UTILS ] camxhashmap.cpp:210 GetInPlace() Key not found
09-30 05:12:13.234 V/CamX (31662): [ VERB][UTILS ] camxhashmap.cpp:210 GetInPlace() Key not found
09-30 05:12:13.234 V/CamX (31662): [ VERB][UTILS ] camxhashmap.cpp:210 GetInPlace() Key not found
09-30 05:12:13.234 V/CamX (31662): [ VERB][UTILS ] camxhashmap.cpp:210 GetInPlace() Key not found
09-30 05:12:13.234 V/CamX (31662): [ VERB][UTILS ] camxhashmap.cpp:210 GetInPlace() Key not found
09-30 05:12:13.234 V/CamX (31662): [ VERB][UTILS ] camxhashmap.cpp:210 GetInPlace() Key not found
09-30 05:12:13.234 V/CamX (31662): [ VERB][UTILS ] camxhashmap.cpp:210 GetInPlace() Key not found
09-30 05:12:13.234 V/CamX (31662): [ VERB][UTILS ] camxhashmap.cpp:210 GetInPlace() Key not found
09-30 05:12:13.234 V/CamX (31662): [ VERB][UTILS ] camxhashmap.cpp:210 GetInPlace() Key not found
09-30 05:12:13.234 V/CamX (31662): [ VERB][UTILS ] camxhashmap.cpp:210 GetInPlace() Key not found
09-30 05:12:13.234 V/CamX (31662): [ VERB][UTILS ] camxhashmap.cpp:210 GetInPlace() Key not found
09-30 05:12:13.234 V/CamX (31662): [ VERB][UTILS ] camxhashmap.cpp:210 GetInPlace() Key not found
09-30 05:12:13.234 V/CamX (31662): [ VERB][UTILS ] camxhashmap.cpp:210 GetInPlace() Key not found
09-30 05:12:13.234 V/CamX (31662): [ VERB][UTILS ] camxhashmap.cpp:210 GetInPlace() Key not found
09-30 05:12:13.234 V/CamX (31662): [ VERB][UTILS ] camxhashmap.cpp:210 GetInPlace() Key not found
09-30 05:12:13.234 V/CamX (31662): [ VERB][UTILS ] camxhashmap.cpp:210 GetInPlace() Key not found
09-30 05:12:13.234 V/CamX (31662): [ VERB][UTILS ] camxhashmap.cpp:210 GetInPlace() Key not found
09-30 05:12:13.234 V/CamX (31662): [ VERB][UTILS ] camxhashmap.cpp:210 GetInPlace() Key not found
09-30 05:12:13.234 V/CamX (31662): [ VERB][UTILS ] camxhashmap.cpp:210 GetInPlace() Key not found
09-30 05:12:13.234 V/CamX (31662): [ VERB][UTILS ] camxhashmap.cpp:210 GetInPlace() Key not found
09-30 05:12:13.234 V/CamX (31662): [ VERB][UTILS ] camxhashmap.cpp:210 GetInPlace() Key not found
09-30 05:12:13.234 V/CamX (31662): [ VERB][UTILS ] camxhashmap.cpp:210 GetInPlace() Key not found
09-30 05:12:13.234 V/CamX (31662): [ VERB][UTILS ] camxhashmap.cpp:210 GetInPlace() Key not found
09-30 05:12:13.235 V/CamX (31662): [ VERB][UTILS ] camxhashmap.cpp:210 GetInPlace() Key not found
09-30 05:12:13.235 V/CamX (31662): [ VERB][UTILS ] camxhashmap.cpp:210 GetInPlace() Key not found
09-30 05:12:13.235 V/CamX (31662): [ VERB][UTILS ] camxhashmap.cpp:210 GetInPlace() Key not found
09-30 05:12:13.235 V/CamX (31662): [ VERB][UTILS ] camxhashmap.cpp:210 GetInPlace() Key not found
09-30 05:12:13.235 V/CamX (31662): [ VERB][UTILS ] camxhashmap.cpp:210 GetInPlace() Key not found
09-30 05:12:13.235 V/CamX (31662): [ VERB][UTILS ] camxhashmap.cpp:210 GetInPlace() Key not found
09-30 05:12:13.235 V/CamX (31662): [ VERB][UTILS ] camxhashmap.cpp:210 GetInPlace() Key not found
09-30 05:12:13.235 V/CamX (31662): [ VERB][UTILS ] camxhashmap.cpp:210 GetInPlace() Key not found
09-30 05:12:13.235 V/CamX (31662): [ VERB][UTILS ] camxhashmap.cpp:210 GetInPlace() Key not found
09-30 05:12:13.235 V/CamX (31662): [ VERB][UTILS ] camxhashmap.cpp:210 GetInPlace() Key not found
09-30 05:12:13.235 V/CamX (31662): [ VERB][UTILS ] camxhashmap.cpp:210 GetInPlace() Key not found
09-30 05:12:13.235 V/CamX (31662): [ VERB][UTILS ] camxhashmap.cpp:210 GetInPlace() Key not found
09-30 05:12:13.235 V/CamX (31662): [ VERB][UTILS ] camxhashmap.cpp:210 GetInPlace() Key not found
09-30 05:12:13.235 V/CamX (31662): [ VERB][UTILS ] camxhashmap.cpp:210 GetInPlace() Key not found
09-30 05:12:13.235 V/CamX (31662): [ VERB][UTILS ] camxhashmap.cpp:210 GetInPlace() Key not found
09-30 05:12:13.235 V/CamX (31662): [ VERB][UTILS ] camxhashmap.cpp:210 GetInPlace() Key not found
09-30 05:12:13.235 V/CamX (31662): [ VERB][UTILS ] camxhashmap.cpp:210 GetInPlace() Key not found
09-30 05:12:13.235 V/CamX (31662): [ VERB][UTILS ] camxhashmap.cpp:210 GetInPlace() Key not found
09-30 05:12:13.235 V/CamX (31662): [ VERB][UTILS ] camxhashmap.cpp:210 GetInPlace() Key not found
09-30 05:12:13.235 V/CamX (31662): [ VERB][UTILS ] camxhashmap.cpp:210 GetInPlace() Key not found
09-30 05:12:13.235 V/CamX (31662): [ VERB][UTILS ] camxhashmap.cpp:210 GetInPlace() Key not found
09-30 05:12:13.235 V/CamX (31662): [ VERB][UTILS ] camxhashmap.cpp:210 GetInPlace() Key not found
09-30 05:12:13.235 V/CamX (31662): [ VERB][UTILS ] camxhashmap.cpp:210 GetInPlace() Key not found
09-30 05:12:13.236 V/CamX (31662): [ VERB][UTILS ] camxhashmap.cpp:210 GetInPlace() Key not found
09-30 05:12:13.236 V/CamX (31662): [ VERB][UTILS ] camxhashmap.cpp:210 GetInPlace() Key not found
09-30 05:12:13.236 V/CamX (31662): [ VERB][UTILS ] camxhashmap.cpp:210 GetInPlace() Key not found
09-30 05:12:13.236 V/CamX (31662): [ VERB][UTILS ] camxhashmap.cpp:210 GetInPlace() Key not found
09-30 05:12:13.236 V/CamX (31662): [ VERB][UTILS ] camxhashmap.cpp:210 GetInPlace() Key not found
09-30 05:12:13.236 V/CamX (31662): [ VERB][UTILS ] camxhashmap.cpp:210 GetInPlace() Key not found
09-30 05:12:13.236 V/CamX (31662): [ VERB][UTILS ] camxhashmap.cpp:210 GetInPlace() Key not found
09-30 05:12:13.236 V/CamX (31662): [ VERB][UTILS ] camxhashmap.cpp:210 GetInPlace() Key not found
09-30 05:12:13.236 V/CamX (31662): [ VERB][UTILS ] camxhashmap.cpp:210 GetInPlace() Key not found
09-30 05:12:13.236 V/CamX (31662): [ VERB][UTILS ] camxhashmap.cpp:210 GetInPlace() Key not found
09-30 05:12:13.236 V/CamX (31662): [ VERB][UTILS ] camxhashmap.cpp:210 GetInPlace() Key not found
09-30 05:12:13.236 V/CamX (31662): [ VERB][UTILS ] camxhashmap.cpp:210 GetInPlace() Key not found
09-30 05:12:13.236 V/CamX (31662): [ VERB][UTILS ] camxhashmap.cpp:210 GetInPlace() Key not found
09-30 05:12:13.236 V/CamX (31662): [ VERB][UTILS ] camxhashmap.cpp:210 GetInPlace() Key not found
09-30 05:12:13.236 V/CamX (31662): [ VERB][UTILS ] camxhashmap.cpp:210 GetInPlace() Key not found
09-30 05:12:13.236 V/CamX (31662): [ VERB][UTILS ] camxhashmap.cpp:210 GetInPlace() Key not found
09-30 05:12:13.236 V/CamX (31662): [ VERB][UTILS ] camxhashmap.cpp:210 GetInPlace() Key not found
09-30 05:12:13.236 V/CamX (31662): [ VERB][UTILS ] camxhashmap.cpp:210 GetInPlace() Key not found
09-30 05:12:13.236 V/CamX (31662): [ VERB][UTILS ] camxhashmap.cpp:210 GetInPlace() Key not found
09-30 05:12:13.236 V/CamX (31662): [ VERB][UTILS ] camxhashmap.cpp:210 GetInPlace() Key not found
09-30 05:12:13.236 V/CamX (31662): [ VERB][UTILS ] camxhashmap.cpp:210 GetInPlace() Key not found
09-30 05:12:13.236 V/CamX (31662): [ VERB][UTILS ] camxhashmap.cpp:210 GetInPlace() Key not found
09-30 05:12:13.237 V/CamX (31662): [ VERB][UTILS ] camxhashmap.cpp:210 GetInPlace() Key not found
09-30 05:12:13.237 V/CamX (31662): [ VERB][UTILS ] camxhashmap.cpp:210 GetInPlace() Key not found
09-30 05:12:13.237 V/CamX (31662): [ VERB][UTILS ] camxhashmap.cpp:210 GetInPlace() Key not found
09-30 05:12:13.237 V/CamX (31662): [ VERB][UTILS ] camxhashmap.cpp:210 GetInPlace() Key not found
09-30 05:12:13.237 V/CamX (31662): [ VERB][UTILS ] camxhashmap.cpp:210 GetInPlace() Key not found
09-30 05:12:13.237 V/CamX (31662): [ VERB][UTILS ] camxhashmap.cpp:210 GetInPlace() Key not found
09-30 05:12:13.237 V/CamX (31662): [ VERB][UTILS ] camxhashmap.cpp:210 GetInPlace() Key not found
09-30 05:12:13.237 V/CamX (31662): [ VERB][UTILS ] camxhashmap.cpp:210 GetInPlace() Key not found
09-30 05:12:13.237 V/CamX (31662): [ VERB][UTILS ] camxhashmap.cpp:210 GetInPlace() Key not found
09-30 05:12:13.237 V/CamX (31662): [ VERB][UTILS ] camxhashmap.cpp:210 GetInPlace() Key not found
09-30 05:12:13.237 V/CamX (31662): [ VERB][UTILS ] camxhashmap.cpp:210 GetInPlace() Key not found
09-30 05:12:13.237 V/CamX (31662): [ VERB][UTILS ] camxhashmap.cpp:210 GetInPlace() Key not found
09-30 05:12:13.237 V/CamX (31662): [ VERB][UTILS ] camxhashmap.cpp:210 GetInPlace() Key not found
09-30 05:12:13.237 V/CamX (31662): [ VERB][UTILS ] camxhashmap.cpp:210 GetInPlace() Key not found
09-30 05:12:13.237 V/CamX (31662): [ VERB][UTILS ] camxhashmap.cpp:210 GetInPlace() Key not found
09-30 05:12:13.237 V/CamX (31662): [ VERB][UTILS ] camxhashmap.cpp:210 GetInPlace() Key not found
09-30 05:12:13.237 V/CamX (31662): [ VERB][UTILS ] camxhashmap.cpp:210 GetInPlace() Key not found
09-30 05:12:13.237 V/CamX (31662): [ VERB][UTILS ] camxhashmap.cpp:210 GetInPlace() Key not found
09-30 05:12:13.238 V/CamX (31662): [ VERB][UTILS ] camxhashmap.cpp:210 GetInPlace() Key not found
09-30 05:12:13.238 V/CamX (31662): [ VERB][UTILS ] camxhashmap.cpp:210 GetInPlace() Key not found
09-30 05:12:13.238 V/CamX (31662): [ VERB][UTILS ] camxhashmap.cpp:210 GetInPlace() Key not found
09-30 05:12:13.238 V/CamX (31662): [ VERB][UTILS ] camxhashmap.cpp:210 GetInPlace() Key not found
09-30 05:12:13.238 V/CamX (31662): [ VERB][UTILS ] camxhashmap.cpp:210 GetInPlace() Key not found
09-30 05:12:13.238 V/CamX (31662): [ VERB][UTILS ] camxhashmap.cpp:210 GetInPlace() Key not found
09-30 05:12:13.238 V/CamX (31662): [ VERB][UTILS ] camxhashmap.cpp:210 GetInPlace() Key not found
09-30 05:12:13.238 V/CamX (31662): [ VERB][UTILS ] camxhashmap.cpp:210 GetInPlace() Key not found
09-30 05:12:13.238 V/CamX (31662): [ VERB][UTILS ] camxhashmap.cpp:210 GetInPlace() Key not found
09-30 05:12:13.238 V/CamX (31662): [ VERB][UTILS ] camxhashmap.cpp:210 GetInPlace() Key not found
09-30 05:12:13.238 V/CamX (31662): [ VERB][UTILS ] camxhashmap.cpp:210 GetInPlace() Key not found
09-30 05:12:13.238 V/CamX (31662): [ VERB][UTILS ] camxhashmap.cpp:210 GetInPlace() Key not found
09-30 05:12:13.238 V/CamX (31662): [ VERB][UTILS ] camxhashmap.cpp:210 GetInPlace() Key not found
09-30 05:12:13.238 V/CamX (31662): [ VERB][UTILS ] camxhashmap.cpp:210 GetInPlace() Key not found
09-30 05:12:13.238 V/CamX (31662): [ VERB][UTILS ] camxhashmap.cpp:210 GetInPlace() Key not found
09-30 05:12:13.238 V/CamX (31662): [ VERB][UTILS ] camxhashmap.cpp:210 GetInPlace() Key not found
09-30 05:12:13.238 V/CamX (31662): [ VERB][UTILS ] camxhashmap.cpp:210 GetInPlace() Key not found
09-30 05:12:13.239 V/CamX (31662): [ VERB][UTILS ] camxhashmap.cpp:210 GetInPlace() Key not found
09-30 05:12:13.239 V/CamX (31662): [ VERB][UTILS ] camxhashmap.cpp:210 GetInPlace() Key not found
09-30 05:12:13.239 V/CamX (31662): [ VERB][UTILS ] camxhashmap.cpp:210 GetInPlace() Key not found
09-30 05:12:13.239 V/CamX (31662): [ VERB][UTILS ] camxhashmap.cpp:210 GetInPlace() Key not found
09-30 05:12:13.239 V/CamX (31662): [ VERB][UTILS ] camxhashmap.cpp:210 GetInPlace() Key not found
09-30 05:12:13.239 V/CamX (31662): [ VERB][UTILS ] camxhashmap.cpp:210 GetInPlace() Key not found
09-30 05:12:13.239 V/CamX (31662): [ VERB][UTILS ] camxhashmap.cpp:210 GetInPlace() Key not found
09-30 05:12:13.239 V/CamX (31662): [ VERB][UTILS ] camxhashmap.cpp:210 GetInPlace() Key not found
09-30 05:12:13.239 V/CamX (31662): [ VERB][UTILS ] camxhashmap.cpp:210 GetInPlace() Key not found
09-30 05:12:13.239 V/CamX (31662): [ VERB][UTILS ] camxhashmap.cpp:210 GetInPlace() Key not found
09-30 05:12:13.239 V/CamX (31662): [ VERB][UTILS ] camxhashmap.cpp:210 GetInPlace() Key not found
09-30 05:12:13.239 V/CamX (31662): [ VERB][UTILS ] camxhashmap.cpp:210 GetInPlace() Key not found
09-30 05:12:13.239 V/CamX (31662): [ VERB][UTILS ] camxhashmap.cpp:210 GetInPlace() Key not found
09-30 05:12:13.239 V/CamX (31662): [ VERB][UTILS ] camxhashmap.cpp:210 GetInPlace() Key not found
09-30 05:12:13.239 V/CamX (31662): [ VERB][UTILS ] camxhashmap.cpp:210 GetInPlace() Key not found
09-30 05:12:13.239 V/CamX (31662): [ VERB][UTILS ] camxhashmap.cpp:210 GetInPlace() Key not found
09-30 05:12:13.239 V/CamX (31662): [ VERB][UTILS ] camxhashmap.cpp:210 GetInPlace() Key not found
09-30 05:12:13.239 V/CamX (31662): [ VERB][UTILS ] camxhashmap.cpp:210 GetInPlace() Key not found
09-30 05:12:13.239 V/CamX (31662): [ VERB][UTILS ] camxhashmap.cpp:210 GetInPlace() Key not found
09-30 05:12:13.239 V/CamX (31662): [ VERB][UTILS ] camxhashmap.cpp:210 GetInPlace() Key not found
09-30 05:12:13.239 V/CamX (31662): [ VERB][UTILS ] camxhashmap.cpp:210 GetInPlace() Key not found
09-30 05:12:13.239 V/CamX (31662): [ VERB][UTILS ] camxhashmap.cpp:210 GetInPlace() Key not found
09-30 05:12:13.239 V/CamX (31662): [ VERB][UTILS ] camxhashmap.cpp:210 GetInPlace() Key not found
09-30 05:12:13.239 V/CamX (31662): [ VERB][UTILS ] camxhashmap.cpp:210 GetInPlace() Key not found
09-30 05:12:13.239 V/CamX (31662): [ VERB][UTILS ] camxhashmap.cpp:210 GetInPlace() Key not found
09-30 05:12:13.240 V/CamX (31662): [ VERB][UTILS ] camxhashmap.cpp:210 GetInPlace() Key not found
09-30 05:12:13.240 V/CamX (31662): [ VERB][UTILS ] camxhashmap.cpp:210 GetInPlace() Key not found
09-30 05:12:13.240 V/CamX (31662): [ VERB][UTILS ] camxhashmap.cpp:210 GetInPlace() Key not found
09-30 05:12:13.240 V/CamX (31662): [ VERB][UTILS ] camxhashmap.cpp:210 GetInPlace() Key not found
09-30 05:12:13.240 V/CamX (31662): [ VERB][UTILS ] camxhashmap.cpp:210 GetInPlace() Key not found
09-30 05:12:13.240 V/CamX (31662): [ VERB][UTILS ] camxhashmap.cpp:210 GetInPlace() Key not found
09-30 05:12:13.240 V/CamX (31662): [ VERB][UTILS ] camxhashmap.cpp:210 GetInPlace() Key not found
09-30 05:12:13.240 V/CamX (31662): [ VERB][UTILS ] camxhashmap.cpp:210 GetInPlace() Key not found
09-30 05:12:13.240 V/CamX (31662): [ VERB][UTILS ] camxhashmap.cpp:210 GetInPlace() Key not found
09-30 05:12:13.240 V/CamX (31662): [ VERB][UTILS ] camxhashmap.cpp:210 GetInPlace() Key not found
09-30 05:12:13.240 V/CamX (31662): [ VERB][UTILS ] camxhashmap.cpp:210 GetInPlace() Key not found
09-30 05:12:13.240 V/CamX (31662): [ VERB][UTILS ] camxhashmap.cpp:210 GetInPlace() Key not found
09-30 05:12:13.240 V/CamX (31662): [ VERB][UTILS ] camxhashmap.cpp:210 GetInPlace() Key not found
09-30 05:12:13.240 V/CamX (31662): [ VERB][UTILS ] camxhashmap.cpp:210 GetInPlace() Key not found
09-30 05:12:13.240 V/CamX (31662): [ VERB][UTILS ] camxhashmap.cpp:210 GetInPlace() Key not found
09-30 05:12:13.240 V/CamX (31662): [ VERB][UTILS ] camxhashmap.cpp:210 GetInPlace() Key not found
09-30 05:12:13.240 V/CamX (31662): [ VERB][UTILS ] camxhashmap.cpp:210 GetInPlace() Key not found
09-30 05:12:13.240 V/CamX (31662): [ VERB][UTILS ] camxhashmap.cpp:210 GetInPlace() Key not found
09-30 05:12:13.240 V/CamX (31662): [ VERB][UTILS ] camxhashmap.cpp:210 GetInPlace() Key not found
09-30 05:12:13.240 V/CamX (31662): [ VERB][UTILS ] camxhashmap.cpp:210 GetInPlace() Key not found
09-30 05:12:13.240 V/CamX (31662): [ VERB][UTILS ] camxhashmap.cpp:210 GetInPlace() Key not found
09-30 05:12:13.240 V/CamX (31662): [ VERB][UTILS ] camxhashmap.cpp:210 GetInPlace() Key not found
09-30 05:12:13.240 V/CamX (31662): [ VERB][UTILS ] camxhashmap.cpp:210 GetInPlace() Key not found
09-30 05:12:13.240 V/CamX (31662): [ VERB][UTILS ] camxhashmap.cpp:210 GetInPlace() Key not found
09-30 05:12:13.240 V/CamX (31662): [ VERB][UTILS ] camxhashmap.cpp:210 GetInPlace() Key not found
09-30 05:12:13.240 V/CamX (31662): [ VERB][UTILS ] camxhashmap.cpp:210 GetInPlace() Key not found
09-30 05:12:13.240 V/CamX (31662): [ VERB][UTILS ] camxhashmap.cpp:210 GetInPlace() Key not found
09-30 05:12:13.241 V/CamX (31662): [ VERB][UTILS ] camxhashmap.cpp:210 GetInPlace() Key not found
09-30 05:12:13.241 V/CamX (31662): [ VERB][UTILS ] camxhashmap.cpp:210 GetInPlace() Key not found
09-30 05:12:13.241 V/CamX (31662): [ VERB][UTILS ] camxhashmap.cpp:210 GetInPlace() Key not found
09-30 05:12:13.241 V/CamX (31662): [ VERB][UTILS ] camxhashmap.cpp:210 GetInPlace() Key not found
09-30 05:12:13.241 V/CamX (31662): [ VERB][UTILS ] camxhashmap.cpp:210 GetInPlace() Key not found
09-30 05:12:13.241 V/CamX (31662): [ VERB][UTILS ] camxhashmap.cpp:210 GetInPlace() Key not found
09-30 05:12:13.241 V/CamX (31662): [ VERB][UTILS ] camxhashmap.cpp:210 GetInPlace() Key not found
09-30 05:12:13.241 V/CamX (31662): [ VERB][UTILS ] camxhashmap.cpp:210 GetInPlace() Key not found
09-30 05:12:13.241 V/CamX (31662): [ VERB][UTILS ] camxhashmap.cpp:210 GetInPlace() Key not found
09-30 05:12:13.241 V/CamX (31662): [ VERB][UTILS ] camxhashmap.cpp:210 GetInPlace() Key not found
09-30 05:12:13.241 V/CamX (31662): [ VERB][UTILS ] camxhashmap.cpp:210 GetInPlace() Key not found
09-30 05:12:13.241 V/CamX (31662): [ VERB][UTILS ] camxhashmap.cpp:210 GetInPlace() Key not found
09-30 05:12:13.241 V/CamX (31662): [ VERB][UTILS ] camxhashmap.cpp:210 GetInPlace() Key not found
09-30 05:12:13.241 V/CamX (31662): [ VERB][UTILS ] camxhashmap.cpp:210 GetInPlace() Key not found
09-30 05:12:13.241 V/CamX (31662): [ VERB][UTILS ] camxhashmap.cpp:210 GetInPlace() Key not found
09-30 05:12:13.241 V/CamX (31662): [ VERB][UTILS ] camxhashmap.cpp:210 GetInPlace() Key not found
09-30 05:12:13.241 V/CamX (31662): [ VERB][UTILS ] camxhashmap.cpp:210 GetInPlace() Key not found
09-30 05:12:13.241 V/CamX (31662): [ VERB][UTILS ] camxhashmap.cpp:210 GetInPlace() Key not found
09-30 05:12:13.241 V/CamX (31662): [ VERB][UTILS ] camxhashmap.cpp:210 GetInPlace() Key not found
09-30 05:12:13.241 V/CamX (31662): [ VERB][UTILS ] camxhashmap.cpp:210 GetInPlace() Key not found
09-30 05:12:13.241 V/CamX (31662): [ VERB][UTILS ] camxhashmap.cpp:210 GetInPlace() Key not found
09-30 05:12:13.241 V/CamX (31662): [ VERB][UTILS ] camxhashmap.cpp:210 GetInPlace() Key not found
09-30 05:12:13.241 V/CamX (31662): [ VERB][UTILS ] camxhashmap.cpp:210 GetInPlace() Key not found
09-30 05:12:13.241 V/CamX (31662): [ VERB][UTILS ] camxhashmap.cpp:210 GetInPlace() Key not found
09-30 05:12:13.241 V/CamX (31662): [ VERB][UTILS ] camxhashmap.cpp:210 GetInPlace() Key not found
09-30 05:12:13.241 V/CamX (31662): [ VERB][UTILS ] camxhashmap.cpp:210 GetInPlace() Key not found
09-30 05:12:13.242 V/CamX (31662): [ VERB][UTILS ] camxhashmap.cpp:210 GetInPlace() Key not found
09-30 05:12:13.242 V/CamX (31662): [ VERB][UTILS ] camxhashmap.cpp:210 GetInPlace() Key not found
09-30 05:12:13.242 V/CamX (31662): [ VERB][UTILS ] camxhashmap.cpp:210 GetInPlace() Key not found
09-30 05:12:13.242 V/CamX (31662): [ VERB][UTILS ] camxhashmap.cpp:210 GetInPlace() Key not found
09-30 05:12:13.242 V/CamX (31662): [ VERB][UTILS ] camxhashmap.cpp:210 GetInPlace() Key not found
09-30 05:12:13.242 V/CamX (31662): [ VERB][UTILS ] camxhashmap.cpp:210 GetInPlace() Key not found
09-30 05:12:13.242 V/CamX (31662): [ VERB][UTILS ] camxhashmap.cpp:210 GetInPlace() Key not found
09-30 05:12:13.242 V/CamX (31662): [ VERB][UTILS ] camxhashmap.cpp:210 GetInPlace() Key not found
09-30 05:12:13.242 V/CamX (31662): [ VERB][UTILS ] camxhashmap.cpp:210 GetInPlace() Key not found
09-30 05:12:13.242 V/CamX (31662): [ VERB][UTILS ] camxhashmap.cpp:210 GetInPlace() Key not found
09-30 05:12:13.242 V/CamX (31662): [ VERB][UTILS ] camxhashmap.cpp:210 GetInPlace() Key not found
09-30 05:12:13.242 V/CamX (31662): [ VERB][UTILS ] camxhashmap.cpp:210 GetInPlace() Key not found
09-30 05:12:13.242 V/CamX (31662): [ VERB][UTILS ] camxhashmap.cpp:210 GetInPlace() Key not found
09-30 05:12:13.242 V/CamX (31662): [ VERB][UTILS ] camxhashmap.cpp:210 GetInPlace() Key not found
09-30 05:12:13.242 V/CamX (31662): [ VERB][UTILS ] camxhashmap.cpp:210 GetInPlace() Key not found
09-30 05:12:13.242 V/CamX (31662): [ VERB][UTILS ] camxhashmap.cpp:210 GetInPlace() Key not found
09-30 05:12:13.242 V/CamX (31662): [ VERB][UTILS ] camxhashmap.cpp:210 GetInPlace() Key not found
09-30 05:12:13.242 V/CamX (31662): [ VERB][UTILS ] camxhashmap.cpp:210 GetInPlace() Key not found
09-30 05:12:13.242 V/CamX (31662): [ VERB][UTILS ] camxhashmap.cpp:210 GetInPlace() Key not found
09-30 05:12:13.242 V/CamX (31662): [ VERB][UTILS ] camxhashmap.cpp:210 GetInPlace() Key not found
09-30 05:12:13.242 V/CamX (31662): [ VERB][UTILS ] camxhashmap.cpp:210 GetInPlace() Key not found
09-30 05:12:13.242 V/CamX (31662): [ VERB][UTILS ] camxhashmap.cpp:210 GetInPlace() Key not found
09-30 05:12:13.242 V/CamX (31662): [ VERB][UTILS ] camxhashmap.cpp:210 GetInPlace() Key not found
09-30 05:12:13.242 V/CamX (31662): [ VERB][UTILS ] camxhashmap.cpp:210 GetInPlace() Key not found
09-30 05:12:13.242 V/CamX (31662): [ VERB][UTILS ] camxhashmap.cpp:210 GetInPlace() Key not found
09-30 05:12:13.242 V/CamX (31662): [ VERB][UTILS ] camxhashmap.cpp:210 GetInPlace() Key not found
09-30 05:12:13.243 V/CamX (31662): [ VERB][UTILS ] camxhashmap.cpp:210 GetInPlace() Key not found
09-30 05:12:13.243 V/CamX (31662): [ VERB][UTILS ] camxhashmap.cpp:210 GetInPlace() Key not found
09-30 05:12:13.243 V/CamX (31662): [ VERB][UTILS ] camxhashmap.cpp:210 GetInPlace() Key not found
09-30 05:12:13.243 V/CamX (31662): [ VERB][UTILS ] camxhashmap.cpp:210 GetInPlace() Key not found
09-30 05:12:13.243 V/CamX (31662): [ VERB][UTILS ] camxhashmap.cpp:210 GetInPlace() Key not found
09-30 05:12:13.243 V/CamX (31662): [ VERB][UTILS ] camxhashmap.cpp:210 GetInPlace() Key not found
09-30 05:12:13.243 V/CamX (31662): [ VERB][UTILS ] camxhashmap.cpp:210 GetInPlace() Key not found
09-30 05:12:13.243 V/CamX (31662): [ VERB][UTILS ] camxhashmap.cpp:210 GetInPlace() Key not found
09-30 05:12:13.243 V/CamX (31662): [ VERB][UTILS ] camxhashmap.cpp:210 GetInPlace() Key not found
09-30 05:12:13.243 V/CamX (31662): [ VERB][UTILS ] camxhashmap.cpp:210 GetInPlace() Key not found
09-30 05:12:13.243 V/CamX (31662): [ VERB][UTILS ] camxhashmap.cpp:210 GetInPlace() Key not found
09-30 05:12:13.243 V/CamX (31662): [ VERB][UTILS ] camxhashmap.cpp:210 GetInPlace() Key not found
09-30 05:12:13.243 V/CamX (31662): [ VERB][UTILS ] camxhashmap.cpp:210 GetInPlace() Key not found
09-30 05:12:13.243 V/CamX (31662): [ VERB][UTILS ] camxhashmap.cpp:210 GetInPlace() Key not found
09-30 05:12:13.243 V/CamX (31662): [ VERB][UTILS ] camxhashmap.cpp:210 GetInPlace() Key not found
09-30 05:12:13.243 V/CamX (31662): [ VERB][UTILS ] camxhashmap.cpp:210 GetInPlace() Key not found
09-30 05:12:13.243 V/CamX (31662): [ VERB][UTILS ] camxhashmap.cpp:210 GetInPlace() Key not found
09-30 05:12:13.243 V/CamX (31662): [ VERB][UTILS ] camxhashmap.cpp:210 GetInPlace() Key not found
09-30 05:12:13.243 V/CamX (31662): [ VERB][UTILS ] camxhashmap.cpp:210 GetInPlace() Key not found
09-30 05:12:13.243 V/CamX (31662): [ VERB][UTILS ] camxhashmap.cpp:210 GetInPlace() Key not found
09-30 05:12:13.243 V/CamX (31662): [ VERB][UTILS ] camxhashmap.cpp:210 GetInPlace() Key not found
09-30 05:12:13.243 V/CamX (31662): [ VERB][UTILS ] camxhashmap.cpp:210 GetInPlace() Key not found
09-30 05:12:13.243 V/CamX (31662): [ VERB][UTILS ] camxhashmap.cpp:210 GetInPlace() Key not found
09-30 05:12:13.243 V/CamX (31662): [ VERB][UTILS ] camxhashmap.cpp:210 GetInPlace() Key not found
09-30 05:12:13.243 V/CamX (31662): [ VERB][UTILS ] camxhashmap.cpp:210 GetInPlace() Key not found
09-30 05:12:13.244 V/CamX (31662): [ VERB][UTILS ] camxhashmap.cpp:210 GetInPlace() Key not found
09-30 05:12:13.244 V/CamX (31662): [ VERB][UTILS ] camxhashmap.cpp:210 GetInPlace() Key not found
09-30 05:12:13.244 V/CamX (31662): [ VERB][UTILS ] camxhashmap.cpp:210 GetInPlace() Key not found
09-30 05:12:13.244 V/CamX (31662): [ VERB][UTILS ] camxhashmap.cpp:210 GetInPlace() Key not found
09-30 05:12:13.244 V/CamX (31662): [ VERB][UTILS ] camxhashmap.cpp:210 GetInPlace() Key not found
09-30 05:12:13.244 V/CamX (31662): [ VERB][UTILS ] camxhashmap.cpp:210 GetInPlace() Key not found
09-30 05:12:13.244 V/CamX (31662): [ VERB][UTILS ] camxhashmap.cpp:210 GetInPlace() Key not found
09-30 05:12:13.244 V/CamX (31662): [ VERB][UTILS ] camxhashmap.cpp:210 GetInPlace() Key not found
09-30 05:12:13.244 V/CamX (31662): [ VERB][UTILS ] camxhashmap.cpp:210 GetInPlace() Key not found
09-30 05:12:13.244 V/CamX (31662): [ VERB][UTILS ] camxhashmap.cpp:210 GetInPlace() Key not found
09-30 05:12:13.244 V/CamX (31662): [ VERB][UTILS ] camxhashmap.cpp:210 GetInPlace() Key not found
09-30 05:12:13.244 V/CamX (31662): [ VERB][UTILS ] camxhashmap.cpp:210 GetInPlace() Key not found
09-30 05:12:13.244 V/CamX (31662): [ VERB][UTILS ] camxhashmap.cpp:210 GetInPlace() Key not found
09-30 05:12:13.244 V/CamX (31662): [ VERB][UTILS ] camxhashmap.cpp:210 GetInPlace() Key not found
09-30 05:12:13.244 V/CamX (31662): [ VERB][UTILS ] camxhashmap.cpp:210 GetInPlace() Key not found
09-30 05:12:13.244 V/CamX (31662): [ VERB][UTILS ] camxhashmap.cpp:210 GetInPlace() Key not found
09-30 05:12:13.244 V/CamX (31662): [ VERB][UTILS ] camxhashmap.cpp:210 GetInPlace() Key not found
09-30 05:12:13.244 V/CamX (31662): [ VERB][UTILS ] camxhashmap.cpp:210 GetInPlace() Key not found
09-30 05:12:13.244 V/CamX (31662): [ VERB][UTILS ] camxhashmap.cpp:210 GetInPlace() Key not found
09-30 05:12:13.244 V/CamX (31662): [ VERB][UTILS ] camxhashmap.cpp:210 GetInPlace() Key not found
09-30 05:12:13.244 V/CamX (31662): [ VERB][UTILS ] camxhashmap.cpp:210 GetInPlace() Key not found
09-30 05:12:13.244 V/CamX (31662): [ VERB][UTILS ] camxhashmap.cpp:210 GetInPlace() Key not found
09-30 05:12:13.244 V/CamX (31662): [ VERB][UTILS ] camxhashmap.cpp:210 GetInPlace() Key not found
09-30 05:12:13.244 V/CamX (31662): [ VERB][UTILS ] camxhashmap.cpp:210 GetInPlace() Key not found
09-30 05:12:13.244 V/CamX (31662): [ VERB][UTILS ] camxhashmap.cpp:210 GetInPlace() Key not found
09-30 05:12:13.244 V/CamX (31662): [ VERB][UTILS ] camxhashmap.cpp:210 GetInPlace() Key not found
09-30 05:12:13.245 V/CamX (31662): [ VERB][UTILS ] camxhashmap.cpp:210 GetInPlace() Key not found
09-30 05:12:13.245 V/CamX (31662): [ VERB][UTILS ] camxhashmap.cpp:210 GetInPlace() Key not found
09-30 05:12:13.245 V/CamX (31662): [ VERB][UTILS ] camxhashmap.cpp:210 GetInPlace() Key not found
09-30 05:12:13.245 V/CamX (31662): [ VERB][UTILS ] camxhashmap.cpp:210 GetInPlace() Key not found
09-30 05:12:13.245 V/CamX (31662): [ VERB][UTILS ] camxhashmap.cpp:210 GetInPlace() Key not found
09-30 05:12:13.245 V/CamX (31662): [ VERB][UTILS ] camxhashmap.cpp:210 GetInPlace() Key not found
09-30 05:12:13.245 V/CamX (31662): [ VERB][UTILS ] camxhashmap.cpp:210 GetInPlace() Key not found
09-30 05:12:13.245 V/CamX (31662): [ VERB][UTILS ] camxhashmap.cpp:210 GetInPlace() Key not found
09-30 05:12:13.245 V/CamX (31662): [ VERB][UTILS ] camxhashmap.cpp:210 GetInPlace() Key not found
09-30 05:12:13.245 V/CamX (31662): [ VERB][UTILS ] camxhashmap.cpp:210 GetInPlace() Key not found
09-30 05:12:13.245 V/CamX (31662): [ VERB][UTILS ] camxhashmap.cpp:210 GetInPlace() Key not found
09-30 05:12:13.245 V/CamX (31662): [ VERB][UTILS ] camxhashmap.cpp:210 GetInPlace() Key not found
09-30 05:12:13.245 V/CamX (31662): [ VERB][UTILS ] camxhashmap.cpp:210 GetInPlace() Key not found
09-30 05:12:13.245 V/CamX (31662): [ VERB][UTILS ] camxhashmap.cpp:210 GetInPlace() Key not found
09-30 05:12:13.245 V/CamX (31662): [ VERB][UTILS ] camxhashmap.cpp:210 GetInPlace() Key not found
09-30 05:12:13.245 V/CamX (31662): [ VERB][UTILS ] camxhashmap.cpp:210 GetInPlace() Key not found
09-30 05:12:13.245 V/CamX (31662): [ VERB][UTILS ] camxhashmap.cpp:210 GetInPlace() Key not found
09-30 05:12:13.245 V/CamX (31662): [ VERB][UTILS ] camxhashmap.cpp:210 GetInPlace() Key not found
09-30 05:12:13.245 V/CamX (31662): [ VERB][UTILS ] camxhashmap.cpp:210 GetInPlace() Key not found
09-30 05:12:13.245 V/CamX (31662): [ VERB][UTILS ] camxhashmap.cpp:210 GetInPlace() Key not found
09-30 05:12:13.245 V/CamX (31662): [ VERB][UTILS ] camxhashmap.cpp:210 GetInPlace() Key not found
09-30 05:12:13.245 V/CamX (31662): [ VERB][UTILS ] camxhashmap.cpp:210 GetInPlace() Key not found
09-30 05:12:13.246 V/CamX (31662): [ VERB][UTILS ] camxhashmap.cpp:210 GetInPlace() Key not found
09-30 05:12:13.246 V/CamX (31662): [ VERB][UTILS ] camxhashmap.cpp:210 GetInPlace() Key not found
09-30 05:12:13.246 V/CamX (31662): [ VERB][UTILS ] camxhashmap.cpp:210 GetInPlace() Key not found
09-30 05:12:13.246 V/CamX (31662): [ VERB][UTILS ] camxhashmap.cpp:210 GetInPlace() Key not found
09-30 05:12:13.246 V/CamX (31662): [ VERB][UTILS ] camxhashmap.cpp:210 GetInPlace() Key not found
09-30 05:12:13.246 V/CamX (31662): [ VERB][UTILS ] camxhashmap.cpp:210 GetInPlace() Key not found
09-30 05:12:13.246 V/CamX (31662): [ VERB][UTILS ] camxhashmap.cpp:210 GetInPlace() Key not found
09-30 05:12:13.246 V/CamX (31662): [ VERB][UTILS ] camxhashmap.cpp:210 GetInPlace() Key not found
09-30 05:12:13.246 V/CamX (31662): [ VERB][UTILS ] camxhashmap.cpp:210 GetInPlace() Key not found
09-30 05:12:13.246 V/CamX (31662): [ VERB][UTILS ] camxhashmap.cpp:210 GetInPlace() Key not found
09-30 05:12:13.246 V/CamX (31662): [ VERB][UTILS ] camxhashmap.cpp:210 GetInPlace() Key not found
09-30 05:12:13.246 V/CamX (31662): [ VERB][UTILS ] camxhashmap.cpp:210 GetInPlace() Key not found
09-30 05:12:13.246 V/CamX (31662): [ VERB][UTILS ] camxhashmap.cpp:210 GetInPlace() Key not found
09-30 05:12:13.246 V/CamX (31662): [ VERB][UTILS ] camxhashmap.cpp:210 GetInPlace() Key not found
09-30 05:12:13.246 V/CamX (31662): [ VERB][UTILS ] camxhashmap.cpp:210 GetInPlace() Key not found
09-30 05:12:13.246 V/CamX (31662): [ VERB][UTILS ] camxhashmap.cpp:210 GetInPlace() Key not found
09-30 05:12:13.246 V/CamX (31662): [ VERB][UTILS ] camxhashmap.cpp:210 GetInPlace() Key not found
09-30 05:12:13.246 V/CamX (31662): [ VERB][UTILS ] camxhashmap.cpp:210 GetInPlace() Key not found
09-30 05:12:13.246 V/CamX (31662): [ VERB][UTILS ] camxhashmap.cpp:210 GetInPlace() Key not found
09-30 05:12:13.246 V/CamX (31662): [ VERB][UTILS ] camxhashmap.cpp:210 GetInPlace() Key not found
09-30 05:12:13.246 V/CamX (31662): [ VERB][UTILS ] camxhashmap.cpp:210 GetInPlace() Key not found
09-30 05:12:13.246 V/CamX (31662): [ VERB][UTILS ] camxhashmap.cpp:210 GetInPlace() Key not found
09-30 05:12:13.247 E/CamX (31662): [ERROR][CSL ] camxcslhw.cpp:97 CSLInitializeHW() Failed to acquire requestManager invalid
09-30 05:12:13.247 E/CamX (31662): [ERROR][CORE ] camxhwenvironment.cpp:325 Initialize() FATAL ERROR: Raise SigAbort. HwEnvironment initialization failed
09-30 05:12:13.248 F/libc (31662): Fatal signal 6 (SIGABRT), code -6 (SI_TKILL) in tid 31662 (android.hardwar), pid 31662 (android.hardwar)
09-30 05:12:13.404 I/crash_dump64(31666): obtaining output fd from tombstoned, type: kDebuggerdTombstoneProto
09-30 05:12:13.409 I/tombstoned( 629): received crash request for pid 31662
09-30 05:12:13.411 I/crash_dump64(31666): performing dump of process 31662 (target tid = 31662)
09-30 05:12:13.421 E/DEBUG (31666): failed to read /proc/uptime: Permission denied
01-01 15:15:43.709 I/logd ( 0): logdr: UID=1047 GID=1005 PID=31666 n tail=0 logMask=8 pid=31662 start=0ns deadline=0ns
01-01 15:15:43.722 I/logd ( 0): logdr: UID=1047 GID=1005 PID=31666 n tail=0 logMask=1 pid=31662 start=0ns deadline=0ns
09-30 05:12:13.765 F/DEBUG (31666): *** *** *** *** *** *** *** *** *** *** *** *** *** *** *** ***
09-30 05:12:13.765 F/DEBUG (31666): Build fingerprint: 'TC/figure_CN/figure:12/SKQ1.220201.001/1010:userdebug/test-keys'
09-30 05:12:13.765 F/DEBUG (31666): Revision: '0'
09-30 05:12:13.765 F/DEBUG (31666): ABI: 'arm64'
09-30 05:12:13.765 F/DEBUG (31666): Timestamp: 2022-09-30 05:12:13.419516212+0800
09-30 05:12:13.765 F/DEBUG (31666): Process uptime: 0s
09-30 05:12:13.765 F/DEBUG (31666): Cmdline: /vendor/bin/hw/android.hardware.camera.provider@2.4-service_64
09-30 05:12:13.765 F/DEBUG (31666): pid: 31662, tid: 31662, name: android.hardwar >>> /vendor/bin/hw/android.hardware.camera.provider@2.4-service_64 <<<
09-30 05:12:13.765 F/DEBUG (31666): uid: 1047
09-30 05:12:13.765 F/DEBUG (31666): signal 6 (SIGABRT), code -6 (SI_TKILL), fault addr --------
09-30 05:12:13.765 F/DEBUG (31666): x0 0000000000000000 x1 0000000000007bae x2 0000000000000006 x3 0000000000000000
09-30 05:12:13.766 F/DEBUG (31666): x4 00000000000cd288 x5 00000000000cd288 x6 00000000000cd288 x7 7f7f7f7f7f7f7f7f
09-30 05:12:13.766 F/DEBUG (31666): x8 0000000000000083 x9 49bfafb45f37549d x10 0000007fedcc3c38 x11 fffffffffffffffd
09-30 05:12:13.766 F/DEBUG (31666): x12 00000079ddfe7000 x13 0000000000000000 x14 0000007fedcc43c0 x15 0000000034155555
09-30 05:12:13.766 F/DEBUG (31666): x16 0000007cfadf55a0 x17 0000007cfadd17c0 x18 0000007cfff9a000 x19 00000079dc6ba53c
09-30 05:12:13.766 F/DEBUG (31666): x20 b400007a0a60ab50 x21 0000007cff50d000 x22 0000007fedcc489c x23 00000079dce31aa0
09-30 05:12:13.766 F/DEBUG (31666): x24 00000079dcdd1fc0 x25 00000079dcd7bdb0 x26 0000000000000060 x27 0000000000000000
09-30 05:12:13.766 F/DEBUG (31666): x28 b400007a3a60e508 x29 0000007fedcf0ce0
09-30 05:12:13.766 F/DEBUG (31666): lr 00000079dccb37dc sp 0000007fedcc4830 pc 0000007cfadd17cc pst 0000000000001000
09-30 05:12:13.766 F/DEBUG (31666): backtrace:
09-30 05:12:13.766 F/DEBUG (31666): #00 pc 00000000000a17cc /apex/com.android.runtime/lib64/bionic/libc.so (tgkill+12) (BuildId: 369edc656806aeaf384cbeb8f7a347af)
09-30 05:12:13.766 F/DEBUG (31666): #01 pc 00000000006457d8 /vendor/lib64/hw/camera.qcom.so (CamX::HwEnvironment::GetInstance() (.cfi)+6368) (BuildId: b1384079992d9d7d882d76efbcfea07f)
09-30 05:12:13.766 F/DEBUG (31666): #02 pc 0000000000266a50 /vendor/lib64/hw/camera.qcom.so (CamX::HAL3Module::GetInstance()+664) (BuildId: b1384079992d9d7d882d76efbcfea07f)
09-30 05:12:13.766 F/DEBUG (31666): #03 pc 000000000025a294 /vendor/lib64/hw/camera.qcom.so (CamX::get_number_of_cameras() (.cfi)+84) (BuildId: b1384079992d9d7d882d76efbcfea07f)
09-30 05:12:13.767 F/DEBUG (31666): #04 pc 0000000000034908 /vendor/lib64/android.hardware.camera.provider@2.4-legacy.so (android::hardware::camera::common::V1_0::helper::CameraModule::init()+200) (BuildId: c456d5ffa961e6c6954debfeaac86fd5)
09-30 05:12:13.767 F/DEBUG (31666): #05 pc 0000000000026e48 /vendor/lib64/android.hardware.camera.provider@2.4-legacy.so (android::hardware::camera::provider::V2_4::implementation::LegacyCameraProviderImpl_2_4::initialize()+140) (BuildId: c456d5ffa961e6c6954debfeaac86fd5)
09-30 05:12:13.767 F/DEBUG (31666): #06 pc 0000000000026638 /vendor/lib64/android.hardware.camera.provider@2.4-legacy.so (android::hardware::camera::provider::V2_4::implementation::LegacyCameraProviderImpl_2_4::LegacyCameraProviderImpl_2_4()+160) (BuildId: c456d5ffa961e6c6954debfeaac86fd5)
09-30 05:12:13.767 F/DEBUG (31666): #07 pc 000000000000415c /vendor/lib64/hw/android.hardware.camera.provider@2.4-impl.so (android::hardware::camera::provider::V2_4::implementation::CameraProvider* android::hardware::camera::provider::V2_4::implementation::getProviderImpl() (.cfi)+64) (BuildId: 5e2f33df9f94aadf6b2d7d01985be38c)
09-30 05:12:13.767 F/DEBUG (31666): #08 pc 0000000000051d94 /apex/com.android.vndk.v30/lib64/libhidlbase.so (android::hardware::PassthroughServiceManager::get(android::hardware::hidl_string const&, android::hardware::hidl_string const&)::'lambda'(void*, std::__1::basic_string, std::__1::allocator > const&, std::__1::basic_string, std::__1::allocator > const&)::operator()(void*, std::__1::basic_string, std::__1::allocator > const&, std::__1::basic_string, std::__1::allocator > const&) const+96) (BuildId: fc3e2389a057aeefafa6557f6d78a06b)
09-30 05:12:13.767 F/DEBUG (31666): #09 pc 000000000004cdf0 /apex/com.android.vndk.v30/lib64/libhidlbase.so (android::hardware::PassthroughServiceManager::openLibs(std::__1::basic_string, std::__1::allocator > const&, std::__1::function, std::__1::allocator > const&, std::__1::basic_string, std::__1::allocator > const&)> const&)+944) (BuildId: fc3e2389a057aeefafa6557f6d78a06b)
09-30 05:12:13.767 F/DEBUG (31666): #10 pc 00000000000502a0 /apex/com.android.vndk.v30/lib64/libhidlbase.so (android::hardware::PassthroughServiceManager::get(android::hardware::hidl_string const&, android::hardware::hidl_string const&)+92) (BuildId: fc3e2389a057aeefafa6557f6d78a06b)
09-30 05:12:13.767 F/DEBUG (31666): #11 pc 000000000004dd8c /apex/com.android.vndk.v30/lib64/libhidlbase.so (android::hardware::details::getRawServiceInternal(std::__1::basic_string, std::__1::allocator > const&, std::__1::basic_string, std::__1::allocator > const&, bool, bool)+1488) (BuildId: fc3e2389a057aeefafa6557f6d78a06b)
09-30 05:12:13.767 F/DEBUG (31666): #12 pc 000000000004b91c /apex/com.android.vndk.v30/lib64/libhidlbase.so (android::hardware::details::registerPassthroughServiceImplementation(std::__1::basic_string, std::__1::allocator > const&, std::__1::basic_string, std::__1::allocator > const&, std::__1::function const&, std::__1::basic_string, std::__1::allocator > const&)>, std::__1::basic_string, std::__1::allocator > const&)+80) (BuildId: fc3e2389a057aeefafa6557f6d78a06b)
09-30 05:12:13.767 F/DEBUG (31666): #13 pc 000000000004bc9c /apex/com.android.vndk.v30/lib64/libhidlbase.so (android::hardware::registerPassthroughServiceImplementation(std::__1::basic_string, std::__1::allocator > const&, std::__1::basic_string, std::__1::allocator > const&, std::__1::basic_string, std::__1::allocator > const&)+56) (BuildId: fc3e2389a057aeefafa6557f6d78a06b)
09-30 05:12:13.767 F/DEBUG (31666): #14 pc 0000000000001130 /vendor/bin/hw/android.hardware.camera.provider@2.4-service_64 (main.cfi+196) (BuildId: a1ba6e409ca848af1f0b7c62860af7da)
09-30 05:12:13.767 F/DEBUG (31666): #15 pc 000000000004a084 /apex/com.android.runtime/lib64/bionic/libc.so (__libc_init+100) (BuildId: 369edc656806aeaf384cbeb8f7a347af)
09-30 05:12:13.793 I/mpu_uart( 648): [MSG-P:R]:recv sync frame timeout
09-30 05:12:13.805 W/NativeCrashListener( 1131): Couldn't find ProcessRecord for pid 31662
09-30 05:12:13.806 E/crash_dump64(31666): AM data write failed: Broken pipe
09-30 05:12:13.809 E/tombstoned( 629): Tombstone written to: tombstone_24
09-30 05:12:13.822 I/BootReceiver( 1131): Copying /data/tombstones/tombstone_24 to DropBox (SYSTEM_TOMBSTONE)
09-30 05:12:13.823 I/DropBoxManagerService( 1131): add tag=SYSTEM_TOMBSTONE isTagEnabled=true flags=0x6
09-30 05:12:13.835 I/dropbox_file_copy( 1131): [/data/tombstones/tombstone_24,98304,SYSTEM_TOMBSTONE]
09-30 05:12:13.852 I/commit_sys_config_file( 1131): [log-files,9789271]
09-30 05:12:13.853 E/NativeTombstoneManager( 1131): Tombstone's UID (1047) not an app, ignoring
09-30 05:12:13.854 I/DropBoxManagerService( 1131): add tag=SYSTEM_TOMBSTONE_PROTO isTagEnabled=true flags=0x4
09-30 05:12:13.868 I/mpu_uart( 648): [MSG-P:RECV]:No message received in 1000 ms
09-30 05:12:13.876 I/commit_sys_config_file( 1131): [log-files,9789295]
01-01 15:15:44.287 D/ ( 0): mv2112_read_status
01-01 15:15:44.291 D/mv2112_update_link( 0): 3.0x901(1G): 0x80
01-01 15:15:44.296 D/mv2112_update_link( 0): 3.0x8109(100M): 0x0
01-01 15:15:44.302 D/mv2112_update_link( 0): link 0x0
01-01 15:15:44.306 D/mv2112_read_status( 0): autoneg is disabled
09-30 05:12:14.868 I/mpu_uart( 648): [MSG-P:RECV]:No message received in 1000 ms
01-01 15:15:45.311 D/ ( 0): mv2112_read_status
01-01 15:15:45.315 D/mv2112_update_link( 0): 3.0x901(1G): 0x80
01-01 15:15:45.320 D/mv2112_update_link( 0): 3.0x8109(100M): 0x0
01-01 15:15:45.325 D/mv2112_update_link( 0): link 0x0
01-01 15:15:45.330 D/mv2112_read_status( 0): autoneg is disabled
09-30 05:12:15.869 I/mpu_uart( 648): [MSG-P:RECV]:No message received in 1000 ms
01-01 15:15:46.335 D/ ( 0): mv2112_read_status
01-01 15:15:46.339 D/mv2112_update_link( 0): 3.0x901(1G): 0x80
01-01 15:15:46.344 D/mv2112_update_link( 0): 3.0x8109(100M): 0x0
01-01 15:15:46.350 D/mv2112_update_link( 0): link 0x0
01-01 15:15:46.354 D/mv2112_read_status( 0): autoneg is disabled
09-30 05:12:16.796 I/mpu_uart( 648): [MSG-P:R]:recv sync frame timeout
09-30 05:12:16.869 I/mpu_uart( 648): [MSG-P:RECV]:No message received in 1000 ms
01-01 15:15:47.359 D/ ( 0): mv2112_read_status
01-01 15:15:47.363 D/mv2112_update_link( 0): 3.0x901(1G): 0x80
01-01 15:15:47.368 D/mv2112_update_link( 0): 3.0x8109(100M): 0x0
01-01 15:15:47.373 D/mv2112_update_link( 0): link 0x0
01-01 15:15:47.378 D/mv2112_read_status( 0): autoneg is disabled
01-01 15:15:47.907 I/init ( 0): starting service 'qvrd_vndr'...
09-30 05:12:17.870 I/mpu_uart( 648): [MSG-P:RECV]:No message received in 1000 ms
01-01 15:15:47.919 I/init ( 0): Created socket '/dev/socket/qvrservice_vndr', mode 660, user 1000, group 1000
01-01 15:15:47.933 I/init ( 0): Created socket '/dev/socket/qvrservice_vndr_camera', mode 660, user 1000, group 1000
01-01 15:15:47.979 I/init ( 0): starting service 'sxrd'...
09-30 05:12:17.977 F/linker (31671): CANNOT LINK EXECUTABLE "/vendor/bin/hw/qvrservice": library "vendor.qti.hardware.qxr-V1-ndk_platform.so" not found: needed by /vendor/lib64/libqvrservice.so in namespace (default)
01-01 15:15:48.017 I/init ( 0): starting service 'vendor.camera-provider-2-4'...
09-30 05:12:18.007 F/linker (31672): CANNOT LINK EXECUTABLE "/vendor/bin/hw/sxrservice": library "vendor.qti.hardware.qxr-V1-ndk_platform.so" not found: needed by main executable
01-01 15:15:48.052 I/init ( 0): starting service 'vendor.light-hal-2-0'...
01-01 15:15:48.091 I/init ( 0): Service 'qvrd_vndr' (pid 31671) exited with status 1
01-01 15:15:48.097 I/init ( 0): Sending signal 9 to service 'qvrd_vndr' (pid 31671) process group...
01-01 15:15:48.106 I/libprocessgroup( 0): Successfully killed process cgroup uid 1000 pid 31671 in 0ms
01-01 15:15:48.118 I/init ( 0): Service 'sxrd' (pid 31672) exited with status 1
09-30 05:12:18.101 I/android.hardware.camera.provider@2.4-service(31673): CameraProvider@2.4 legacy service is starting.
