09-30 04:45:21.748 I/wm_task_removed( 1131): [83,removeChild:removeChild last r=ActivityRecord{8463a9e u0 com.android.music/.MusicBrowserActivity t-1 f}} in t=Task{3eb7223 #83 type=standard A=10093:android.task.music U=0 visible=false mode=fullscreen translucent=true sz=0}]
09-30 04:45:21.748 I/wm_task_removed( 1131): [83,removeChild]
09-30 04:45:21.847 I/sysui_multi_action( 1131): [757,1501,758,1,793,202,794,0,795,202,796,1,797,empty_media,806,com.android.systemui,857,empty_media_style_id,858,4,947,0,1500,0,1641,transport,1688,1,1745,1043716538]
09-30 04:45:21.847 I/sysui_multi_action( 1131): [757,804,799,note_interruptive,801,0,802,1]
09-30 04:45:21.849 I/sysui_multi_action( 1131): [757,1501,758,1,793,205,794,0,795,205,796,1,797,empty_media,806,com.android.systemui,857,empty_media_style_id,858,4,947,0,1500,0,1641,transport,1688,1,1745,1043716538]
09-30 04:45:21.851 I/sysui_multi_action( 1131): [757,804,799,note_interruptive,801,0,802,1]
09-30 04:45:21.852 I/sysui_multi_action( 1131): [757,199,758,1,759,2,793,208,794,0,795,208,796,1,797,empty_media,806,com.android.systemui,857,empty_media_style_id,858,4,947,0,1500,3,1641,transport,1688,1,1745,1043716538]
09-30 04:45:21.853 I/notification_alert( 1131): [0|com.android.systemui|1|empty_media|10086,0,1,0]
09-30 04:45:21.982 I/commit_sys_config_file( 1131): [notification-policy,8178647]
09-30 04:45:23.276 I/dropbox_file_copy( 1131): [/data/tombstones/tombstone_26,98304,SYSTEM_TOMBSTONE]
09-30 04:45:23.281 I/commit_sys_config_file( 1131): [log-files,8178700]
09-30 04:45:23.300 I/commit_sys_config_file( 1131): [log-files,8178719]
09-30 04:45:27.778 I/liblog (27387): 83
09-30 04:45:28.387 I/dropbox_file_copy( 1131): [/data/tombstones/tombstone_27,98304,SYSTEM_TOMBSTONE]
09-30 04:45:28.392 I/commit_sys_config_file( 1131): [log-files,8183811]
09-30 04:45:28.405 I/commit_sys_config_file( 1131): [log-files,8183825]
09-30 04:45:33.357 I/dropbox_file_copy( 1131): [/data/tombstones/tombstone_28,98304,SYSTEM_TOMBSTONE]
09-30 04:45:33.366 I/commit_sys_config_file( 1131): [log-files,8188785]
09-30 04:45:33.387 I/commit_sys_config_file( 1131): [log-files,8188806]
09-30 04:45:37.753 I/liblog (27409): 2
09-30 04:45:37.753 I/liblog (27409): 3
09-30 04:45:37.754 I/liblog (27409): 8
09-30 04:45:37.754 I/liblog (27409): 3
09-30 04:45:37.754 I/liblog (27409): 3
09-30 04:45:37.754 I/liblog (27409): 3
09-30 04:45:37.754 I/liblog (27409): 4
09-30 04:45:37.754 I/liblog (27409): 4
09-30 04:45:37.754 I/liblog (27409): 4
09-30 04:45:37.754 I/liblog (27409): 3
09-30 04:45:37.754 I/liblog (27409): 4
09-30 04:45:37.754 I/liblog (27409): 7
09-30 04:45:37.754 I/liblog (27409): 3
09-30 04:45:37.755 I/liblog (27409): 3
09-30 04:45:37.755 I/liblog (27409): 3
09-30 04:45:37.755 I/liblog (27409): 2
09-30 04:45:37.755 I/liblog (27409): 3
09-30 04:45:37.755 I/liblog (27409): 2
09-30 04:45:37.755 I/liblog (27409): 3
09-30 04:45:37.755 I/liblog (27409): 3
09-30 04:45:37.755 I/liblog (27409): 12
09-30 04:45:37.755 I/liblog (27409): 3
09-30 04:45:37.756 I/liblog (27409): 6
09-30 04:45:37.756 I/liblog (27409): 2
09-30 04:45:37.756 I/liblog (27409): 4
09-30 04:45:37.756 I/liblog (27409): 4
09-30 04:45:37.756 I/liblog (27409): 3
09-30 04:45:37.756 I/liblog (27409): 3
09-30 04:45:37.756 I/liblog (27409): 2
09-30 04:45:37.756 I/liblog (27409): 3
09-30 04:45:37.756 I/liblog (27409): 3
09-30 04:45:37.756 I/liblog (27409): 2
09-30 04:45:37.756 I/liblog (27409): 2
09-30 04:45:37.756 I/liblog (27409): 2
09-30 04:45:37.757 I/liblog (27409): 2
09-30 04:45:37.757 I/liblog (27409): 2
09-30 04:45:37.757 I/liblog (27409): 4
09-30 04:45:37.757 I/liblog (27409): 2
09-30 04:45:37.757 I/liblog (27409): 4
09-30 04:45:37.757 I/liblog (27409): 6
09-30 04:45:37.757 I/liblog (27409): 3
09-30 04:45:37.757 I/liblog (27409): 3
09-30 04:45:37.758 I/liblog (27409): 3
09-30 04:45:37.758 I/liblog (27409): 2
09-30 04:45:37.758 I/liblog (27409): 3
09-30 04:45:37.758 I/liblog (27409): 3
09-30 04:45:37.758 I/liblog (27409): 3
09-30 04:45:37.758 I/liblog (27409): 4
09-30 04:45:37.758 I/liblog (27409): 3
09-30 04:45:37.758 I/liblog (27409): 4
09-30 04:45:37.758 I/liblog (27409): 6
09-30 04:45:37.758 I/liblog (27409): 4
09-30 04:45:37.759 I/liblog (27409): 4
09-30 04:45:37.759 I/liblog (27409): 3
09-30 04:45:37.759 I/liblog (27409): 2
09-30 04:45:37.759 I/liblog (27409): 2
09-30 04:45:37.759 I/liblog (27409): 3
09-30 04:45:37.759 I/liblog (27409): 2
09-30 04:45:37.759 I/liblog (27409): 3
09-30 04:45:37.759 I/liblog (27409): 4
09-30 04:45:37.759 I/liblog (27409): 3
09-30 04:45:37.759 I/liblog (27409): 2
09-30 04:45:37.759 I/liblog (27409): 5
09-30 04:45:37.760 I/liblog (27409): 2
09-30 04:45:37.760 I/liblog (27409): 4
09-30 04:45:37.760 I/liblog (27409): 2
09-30 04:45:37.760 I/liblog (27409): 4
09-30 04:45:37.760 I/liblog (27409): 2
09-30 04:45:37.760 I/liblog (27409): 3
09-30 04:45:37.760 I/liblog (27409): 3
09-30 04:45:37.760 I/liblog (27409): 4
09-30 04:45:37.760 I/liblog (27409): 3
09-30 04:45:37.760 I/liblog (27409): 3
09-30 04:45:37.760 I/liblog (27409): 3
09-30 04:45:37.761 I/liblog (27409): 4
09-30 04:45:37.761 I/liblog (27409): 2
09-30 04:45:37.761 I/liblog (27409): 4
09-30 04:45:37.761 I/liblog (27409): 3
09-30 04:45:37.761 I/liblog (27409): 2
09-30 04:45:37.761 I/liblog (27409): 3
09-30 04:45:37.761 I/liblog (27409): 5
09-30 04:45:37.761 I/liblog (27409): 2
09-30 04:45:37.761 I/liblog (27409): 1
09-30 04:45:37.761 I/liblog (27409): 1
09-30 04:45:37.761 I/liblog (27409): 2
09-30 04:45:37.761 I/liblog (27409): 2
09-30 04:45:37.762 I/liblog (27409): 3
09-30 04:45:37.762 I/liblog (27409): 2
09-30 04:45:37.762 I/liblog (27409): 2
09-30 04:45:37.762 I/liblog (27409): 3
09-30 04:45:37.762 I/liblog (27409): 2
09-30 04:45:37.762 I/liblog (27409): 1
09-30 04:45:37.762 I/liblog (27409): 2
09-30 04:45:37.762 I/liblog (27409): 2
09-30 04:45:37.762 I/liblog (27409): 2
09-30 04:45:37.762 I/liblog (27409): 2
09-30 04:45:37.762 I/liblog (27409): 2
09-30 04:45:37.762 I/liblog (27409): 2
09-30 04:45:37.762 I/liblog (27409): 4
09-30 04:45:37.762 I/liblog (27409): 2
09-30 04:45:37.762 I/liblog (27409): 2
09-30 04:45:37.762 I/liblog (27409): 2
09-30 04:45:37.762 I/liblog (27409): 1
09-30 04:45:37.762 I/liblog (27409): 2
09-30 04:45:37.762 I/liblog (27409): 1
09-30 04:45:37.762 I/liblog (27409): 2
09-30 04:45:37.762 I/liblog (27409): 2
09-30 04:45:37.763 I/liblog (27409): 2
09-30 04:45:37.763 I/liblog (27409): 10
09-30 04:45:37.763 I/liblog (27409): 2
09-30 04:45:37.763 I/liblog (27409): 2
09-30 04:45:37.763 I/liblog (27409): 2
09-30 04:45:37.763 I/liblog (27409): 1
09-30 04:45:37.763 I/liblog (27409): 8
09-30 04:45:37.763 I/liblog (27409): 2
09-30 04:45:37.763 I/liblog (27409): 1
09-30 04:45:37.763 I/liblog (27409): 2
09-30 04:45:37.764 I/liblog (27409): 2
09-30 04:45:37.764 I/liblog (27409): 2
09-30 04:45:37.764 I/liblog (27409): 3
09-30 04:45:37.764 I/liblog (27409): 2
09-30 04:45:37.764 I/liblog (27409): 2
09-30 04:45:37.764 I/liblog (27409): 2
09-30 04:45:37.764 I/liblog (27409): 2
09-30 04:45:37.764 I/liblog (27409): 2
09-30 04:45:37.764 I/liblog (27409): 2
09-30 04:45:37.764 I/liblog (27409): 2
09-30 04:45:37.764 I/liblog (27409): 2
09-30 04:45:37.764 I/liblog (27409): 2
09-30 04:45:37.764 I/liblog (27409): 2
09-30 04:45:37.764 I/liblog (27409): 2
09-30 04:45:37.764 I/liblog (27409): 4
09-30 04:45:37.764 I/liblog (27409): 2
09-30 04:45:37.764 I/liblog (27409): 1
09-30 04:45:37.764 I/liblog (27409): 2
09-30 04:45:37.764 I/liblog (27409): 1
09-30 04:45:37.765 I/liblog (27409): 2
09-30 04:45:37.765 I/liblog (27409): 2
09-30 04:45:37.765 I/liblog (27409): 1
09-30 04:45:37.765 I/liblog (27409): 2
09-30 04:45:38.408 I/dropbox_file_copy( 1131): [/data/tombstones/tombstone_29,98304,SYSTEM_TOMBSTONE]
09-30 04:45:38.413 I/commit_sys_config_file( 1131): [log-files,8193832]
09-30 04:45:38.431 I/commit_sys_config_file( 1131): [log-files,8193851]
09-30 04:45:42.759 I/wm_task_moved( 1131): [64,1,8]
09-30 04:45:42.759 I/wm_task_to_front( 1131): [0,64]
09-30 04:45:42.760 I/wm_focused_root_task( 1131): [0,0,64,1,bringingFoundTaskToFront]
09-30 04:45:42.761 I/wm_set_resumed_activity( 1131): [0,com.android.settings/.homepage.SettingsHomepageActivity,bringingFoundTaskToFront]
09-30 04:45:42.762 I/wm_new_intent( 1131): [0,9338120,64,com.android.settings/.homepage.SettingsHomepageActivity,android.settings.NIGHT_DISPLAY_SETTINGS,NULL,NULL,335544320]
09-30 04:45:42.767 I/wm_pause_activity( 1131): [0,176028021,com.android.launcher3/.uioverrides.QuickstepLauncher,userLeaving=true,pauseBackTasks]
09-30 04:45:42.775 I/wm_on_top_resumed_lost_called( 2464): [176028021,com.android.launcher3.uioverrides.QuickstepLauncher,topStateChangedWhenResumed]
09-30 04:45:42.776 I/wm_on_paused_called( 2464): [176028021,com.android.launcher3.uioverrides.QuickstepLauncher,performPause]
09-30 04:45:42.787 I/wm_set_resumed_activity( 1131): [0,com.android.settings/.homepage.SettingsHomepageActivity,resumeTopActivityInnerLocked]
09-30 04:45:42.788 I/wm_add_to_stopping( 1131): [0,176028021,com.android.launcher3/.uioverrides.QuickstepLauncher,makeInvisible]
09-30 04:45:42.799 I/wm_resume_activity( 1131): [0,9338120,64,com.android.settings/.homepage.SettingsHomepageActivity]
09-30 04:45:42.814 I/wm_on_restart_called(19976): [9338120,com.android.settings.homepage.SettingsHomepageActivity,performRestartActivity]
09-30 04:45:42.824 I/wm_on_start_called(19976): [9338120,com.android.settings.homepage.SettingsHomepageActivity,handleStartActivity]
09-30 04:45:42.827 I/snet_event_log(19976): [120484087,-1,]
09-30 04:45:42.828 I/wm_on_resume_called(19976): [9338120,com.android.settings.homepage.SettingsHomepageActivity,RESUME_ACTIVITY]
09-30 04:45:42.829 I/sysui_multi_action(19976): [757,35,758,1,833,0,1089,0]
09-30 04:45:42.835 I/sysui_multi_action(19976): [757,488,758,1,833,0,1089,0]
09-30 04:45:42.850 I/wm_on_top_resumed_gained_called(19976): [9338120,com.android.settings.homepage.SettingsHomepageActivity,topWhenResuming]
09-30 04:45:42.854 I/input_focus( 1131): [Focus leaving 96face7 com.android.launcher3/com.android.launcher3.uioverrides.QuickstepLauncher (server),reason=NO_WINDOW]
09-30 04:45:42.868 I/liblog (27420): 448
09-30 04:45:42.871 I/liblog (27420): 26
09-30 04:45:42.899 I/commit_sys_config_file( 1131): [procstats,50]
09-30 04:45:42.897 I/dvm_lock_sample( 1131): [system_server,1,Binder:1131_14,30,ActivityTaskManagerService.java,3540,int com.android.server.wm.ActivityTaskManagerService.getLastResumedActivityUserId(),,0,null,6]
09-30 04:45:42.900 I/input_focus( 1131): [Focus request a98c05a com.android.settings/com.android.settings.homepage.SettingsHomepageActivity,reason=UpdateInputWindows]
09-30 04:45:42.904 I/sysui_multi_action( 1131): [757,803,799,window_time_0,802,39]
09-30 04:45:42.937 I/input_focus( 1131): [Focus entering a98c05a com.android.settings/com.android.settings.homepage.SettingsHomepageActivity (server),reason=Window became focusable. Previous reason: NOT_VISIBLE]
09-30 04:45:42.948 I/sysui_multi_action( 1131): [319,118,321,106,322,180,325,8246,757,761,758,9,759,4,806,com.android.settings,871,com.android.settings.homepage.SettingsHomepageActivity,904,com.android.settings,905,0,1320,8,1321,5]
09-30 04:45:42.959 I/am_pss ( 1131): [22426,10093,com.android.music,37405696,29343744,0,168845312,0,18,14]
09-30 04:45:42.976 I/am_pss ( 1131): [27161,10070,com.android.deskclock,19465216,13713408,0,135135232,0,19,12]
09-30 04:45:43.375 I/dropbox_file_copy( 1131): [/data/tombstones/tombstone_30,98304,SYSTEM_TOMBSTONE]
09-30 04:45:43.386 I/commit_sys_config_file( 1131): [log-files,8198806]
09-30 04:45:43.412 I/commit_sys_config_file( 1131): [log-files,8198831]
09-30 04:45:43.457 I/wm_stop_activity( 1131): [0,176028021,com.android.launcher3/.uioverrides.QuickstepLauncher]
09-30 04:45:43.501 I/wm_on_stop_called( 2464): [176028021,com.android.launcher3.uioverrides.QuickstepLauncher,STOP_ACTIVITY_ITEM]
09-30 04:45:44.510 I/input_interaction( 1131): Interaction with: a98c05a com.android.settings/com.android.settings.homepage.SettingsHomepageActivity (server), edge-swipe (server), swipe-up (server), PointerEventDispatcher0 (server),
09-30 04:45:44.668 I/sysui_multi_action(19976): [757,830,758,4,833,0,854,top_level_privacy,1089,0]
09-30 04:45:44.773 I/sysui_multi_action(19976): [757,488,758,2,1089,1937]
09-30 04:45:44.824 I/sysui_multi_action(19976): [757,1587,758,1,833,0,1089,42]
09-30 04:45:44.830 I/sysui_multi_action(19976): [757,1729,758,4,854,isParalleledControllers:false,1089,48]
09-30 04:45:45.509 I/sysui_multi_action(19976): [757,830,758,4,833,0,854,top_level_security,1089,0]
09-30 04:45:45.611 I/sysui_multi_action(19976): [757,1587,758,2,1089,787]
09-30 04:45:45.675 I/sysui_multi_action(19976): [757,87,758,1,833,0,1089,62]
09-30 04:45:45.709 I/sysui_multi_action(19976): [757,1729,758,4,854,isParalleledControllers:false,1089,96]
09-30 04:45:46.460 I/sysui_multi_action(19976): [757,830,758,4,833,0,854,top_level_display,1089,0]
09-30 04:45:46.562 I/sysui_multi_action(19976): [757,87,758,2,1089,887]
09-30 04:45:46.628 I/sysui_multi_action(19976): [757,46,758,1,833,0,1089,63]
09-30 04:45:46.649 I/sysui_multi_action(19976): [757,1729,758,4,854,isParalleledControllers:false,1089,84]
09-30 04:45:47.901 I/liblog (27437): 1
09-30 04:45:47.901 I/liblog (27437): 1
09-30 04:45:47.901 I/liblog (27437): 1
09-30 04:45:47.901 I/liblog (27437): 1
09-30 04:45:47.901 I/liblog (27437): 1
09-30 04:45:47.901 I/liblog (27437): 1
09-30 04:45:47.901 I/liblog (27437): 1
09-30 04:45:47.903 I/liblog (27437): 112
09-30 04:45:47.903 I/liblog (27437): 2
09-30 04:45:47.903 I/liblog (27437): 1
09-30 04:45:47.903 I/liblog (27437): 2
09-30 04:45:47.903 I/liblog (27437): 1
09-30 04:45:47.903 I/liblog (27437): 2
09-30 04:45:47.903 I/liblog (27437): 1
09-30 04:45:47.903 I/liblog (27437): 2
09-30 04:45:47.903 I/liblog (27437): 1
09-30 04:45:47.903 I/liblog (27437): 1
09-30 04:45:47.903 I/liblog (27437): 1
09-30 04:45:47.903 I/liblog (27437): 1
09-30 04:45:47.903 I/liblog (27437): 1
09-30 04:45:47.904 I/liblog (27437): 1
09-30 04:45:47.904 I/liblog (27437): 1
09-30 04:45:47.904 I/liblog (27437): 1
09-30 04:45:47.904 I/liblog (27437): 1
09-30 04:45:47.904 I/liblog (27437): 1
09-30 04:45:47.904 I/liblog (27437): 1
09-30 04:45:47.904 I/liblog (27437): 1
09-30 04:45:47.904 I/liblog (27437): 1
09-30 04:45:47.904 I/liblog (27437): 2
09-30 04:45:47.904 I/liblog (27437): 1
09-30 04:45:47.904 I/liblog (27437): 2
09-30 04:45:47.904 I/liblog (27437): 1
09-30 04:45:47.904 I/liblog (27437): 1
09-30 04:45:47.904 I/liblog (27437): 2
09-30 04:45:47.904 I/liblog (27437): 2
09-30 04:45:47.904 I/liblog (27437): 1
09-30 04:45:47.904 I/liblog (27437): 1
09-30 04:45:47.904 I/liblog (27437): 2
09-30 04:45:47.904 I/liblog (27437): 1
09-30 04:45:47.904 I/liblog (27437): 1
09-30 04:45:47.905 I/liblog (27437): 1
09-30 04:45:48.456 I/dropbox_file_copy( 1131): [/data/tombstones/tombstone_31,98304,SYSTEM_TOMBSTONE]
09-30 04:45:48.463 I/commit_sys_config_file( 1131): [log-files,8203883]
09-30 04:45:48.485 I/commit_sys_config_file( 1131): [log-files,8203905]
09-30 04:45:48.850 I/sysui_multi_action(19976): [757,830,758,4,833,0,854,screensaver,1089,0]
09-30 04:45:48.862 I/sysui_multi_action(19976): [757,46,758,2,1089,2234]
09-30 04:45:48.915 I/sysui_multi_action(19976): [757,47,758,1,833,0,1089,47]
09-30 04:45:48.935 I/sysui_multi_action(19976): [757,1729,758,4,854,isParalleledControllers:false,1089,67]
09-30 04:45:50.942 I/commit_sys_config_file( 1131): [settings-2-0,14]
09-30 04:45:53.521 I/dropbox_file_copy( 1131): [/data/tombstones/tombstone_00,98304,SYSTEM_TOMBSTONE]
09-30 04:45:53.527 I/commit_sys_config_file( 1131): [log-files,8208946]
09-30 04:45:53.547 I/commit_sys_config_file( 1131): [log-files,8208966]
09-30 04:45:57.988 I/liblog (27459): 1
09-30 04:45:57.988 I/liblog (27459): 3
09-30 04:45:57.988 I/liblog (27459): 3
09-30 04:45:57.988 I/liblog (27459): 12
09-30 04:45:57.988 I/liblog (27459): 5
09-30 04:45:57.988 I/liblog (27459): 5
09-30 04:45:57.989 I/liblog (27459): 9
09-30 04:45:57.989 I/liblog (27459): 5
09-30 04:45:57.989 I/liblog (27459): 5
09-30 04:45:57.989 I/liblog (27459): 5
09-30 04:45:57.989 I/liblog (27459): 11
09-30 04:45:57.990 I/liblog (27459): 36
09-30 04:45:57.990 I/liblog (27459): 25
09-30 04:45:57.990 I/liblog (27459): 4
09-30 04:45:57.990 I/liblog (27459): 3
09-30 04:45:57.990 I/liblog (27459): 8
09-30 04:45:57.990 I/liblog (27459): 4
09-30 04:45:57.990 I/liblog (27459): 3
09-30 04:45:57.990 I/liblog (27459): 3
09-30 04:45:57.991 I/liblog (27459): 4
09-30 04:45:57.991 I/liblog (27459): 8
09-30 04:45:57.991 I/liblog (27459): 8
09-30 04:45:57.991 I/liblog (27459): 4
09-30 04:45:57.991 I/liblog (27459): 4
09-30 04:45:57.991 I/liblog (27459): 5
09-30 04:45:57.991 I/liblog (27459): 3
09-30 04:45:57.991 I/liblog (27459): 3
09-30 04:45:57.991 I/liblog (27459): 4
09-30 04:45:57.991 I/liblog (27459): 8
09-30 04:45:57.991 I/liblog (27459): 5
09-30 04:45:57.992 I/liblog (27459): 8
09-30 04:45:57.992 I/liblog (27459): 5
09-30 04:45:57.992 I/liblog (27459): 5
09-30 04:45:57.992 I/liblog (27459): 4
09-30 04:45:57.992 I/liblog (27459): 6
09-30 04:45:57.992 I/liblog (27459): 5
09-30 04:45:57.992 I/liblog (27459): 4
09-30 04:45:57.992 I/liblog (27459): 7
09-30 04:45:57.992 I/liblog (27459): 4
09-30 04:45:57.992 I/liblog (27459): 4
09-30 04:45:57.992 I/liblog (27459): 4
09-30 04:45:57.993 I/liblog (27459): 5
09-30 04:45:57.993 I/liblog (27459): 8
09-30 04:45:57.993 I/liblog (27459): 13
09-30 04:45:57.993 I/liblog (27459): 9
09-30 04:45:57.993 I/liblog (27459): 5
09-30 04:45:57.993 I/liblog (27459): 25
09-30 04:45:57.994 I/liblog (27459): 5
09-30 04:45:57.994 I/liblog (27459): 4
09-30 04:45:57.994 I/liblog (27459): 4
09-30 04:45:57.994 I/liblog (27459): 12
09-30 04:45:57.994 I/liblog (27459): 8
09-30 04:45:57.994 I/liblog (27459): 4
09-30 04:45:57.994 I/liblog (27459): 10
09-30 04:45:57.994 I/liblog (27459): 5
09-30 04:45:57.995 I/liblog (27459): 7
09-30 04:45:57.995 I/liblog (27459): 8
09-30 04:45:57.995 I/liblog (27459): 7
09-30 04:45:57.995 I/liblog (27459): 5
09-30 04:45:57.995 I/liblog (27459): 10
09-30 04:45:57.995 I/liblog (27459): 3
09-30 04:45:57.995 I/liblog (27459): 4
09-30 04:45:57.995 I/liblog (27459): 4
09-30 04:45:57.995 I/liblog (27459): 3
09-30 04:45:57.995 I/liblog (27459): 3
09-30 04:45:57.996 I/liblog (27459): 3
09-30 04:45:57.996 I/liblog (27459): 7
09-30 04:45:57.996 I/liblog (27459): 4
09-30 04:45:57.996 I/liblog (27459): 6
09-30 04:45:57.996 I/liblog (27459): 9
09-30 04:45:57.996 I/liblog (27459): 3
09-30 04:45:57.996 I/liblog (27459): 4
09-30 04:45:57.996 I/liblog (27459): 4
09-30 04:45:57.996 I/liblog (27459): 4
09-30 04:45:57.997 I/liblog (27459): 1
09-30 04:45:58.644 I/input_interaction( 1131): Interaction with: df369a8 StatusBar (server), edge-swipe (server), swipe-up (server), PointerEventDispatcher0 (server),
09-30 04:45:58.654 I/sysui_multi_action(26853): [757,803,799,panel_open,802,1]
09-30 04:45:58.658 I/sysui_multi_action(26853): [757,1328,758,4,1326,39,1327,0,1329,0]
09-30 04:45:58.669 I/dropbox_file_copy( 1131): [/data/tombstones/tombstone_01,98304,SYSTEM_TOMBSTONE]
09-30 04:45:58.675 I/commit_sys_config_file( 1131): [log-files,8214095]
09-30 04:45:58.693 I/commit_sys_config_file( 1131): [log-files,8214113]
09-30 04:45:58.783 I/sysui_multi_action( 1131): [757,127,758,1]
09-30 04:45:58.785 I/sysui_multi_action( 1131): [757,804,799,note_load,801,4,802,1]
09-30 04:45:58.786 I/notification_panel_revealed( 1131): 4
09-30 04:45:58.789 I/sysui_multi_action(26853): [757,111,758,2]
09-30 04:45:58.789 I/notification_enqueue( 1131): [10086,26853,com.android.systemui,2048,NULL,0,Notification(channel=updateNotification shortcut=null contentView=null vibrate=null sound=null defaults=0x0 flags=0x0 color=0x00000000 vis=PRIVATE),1]
09-30 04:45:58.789 I/sysui_multi_action(26853): [757,111,758,2]
09-30 04:45:58.814 I/input_focus( 1131): [Focus request 47d1890 NotificationShade,reason=UpdateInputWindows]
09-30 04:45:58.829 I/sysui_multi_action(26853): [757,111,758,1]
09-30 04:45:58.830 I/sysui_multi_action(26853): [757,126,758,1,759,126,927,0,928,1,1593,0]
09-30 04:45:58.831 I/sysui_multi_action(26853): [757,113,758,1,759,113,927,1,928,0,1593,0]
09-30 04:45:58.831 I/sysui_multi_action(26853): [757,0,758,1,759,0,927,2,928,0,1593,0]
09-30 04:45:58.832 I/sysui_multi_action(26853): [757,0,758,1,759,0,927,3,928,0,1593,0]
09-30 04:45:58.832 I/sysui_multi_action(26853): [757,1706,758,1,759,1706,927,4,928,0,1593,0]
09-30 04:45:58.834 I/sysui_multi_action(26853): [757,491,758,1,759,491,927,5,928,0,1311,-1,1593,0]
09-30 04:45:58.835 I/sysui_multi_action(26853): [757,0,758,1,759,0,927,6,928,0,1593,0]
09-30 04:45:58.835 I/sysui_multi_action(26853): [757,0,758,1,759,0,927,7,1593,0]
09-30 04:45:58.835 I/sysui_multi_action(26853): [757,114,758,1,759,114,927,8,928,0,1593,0]
09-30 04:45:58.835 I/sysui_multi_action(26853): [757,111,758,1]
09-30 04:45:58.836 I/sysui_multi_action(26853): [757,126,758,1,759,126,927,0,928,1,1593,0]
09-30 04:45:58.836 I/sysui_multi_action(26853): [757,113,758,1,759,113,927,1,928,0,1593,0]
09-30 04:45:58.836 I/sysui_multi_action(26853): [757,0,758,1,759,0,927,2,928,0,1593,0]
09-30 04:45:58.836 I/sysui_multi_action(26853): [757,0,758,1,759,0,927,3,928,0,1593,0]
09-30 04:45:58.840 I/input_focus( 1131): [Focus leaving a98c05a com.android.settings/com.android.settings.homepage.SettingsHomepageActivity (server),reason=Waiting for window because NOT_VISIBLE]
09-30 04:45:58.891 I/input_focus( 1131): [Focus entering 47d1890 NotificationShade (server),reason=Window became focusable. Previous reason: NOT_VISIBLE]
09-30 04:45:58.897 I/sysui_multi_action(26853): [757,111,758,2]
09-30 04:45:58.898 I/sysui_multi_action(26853): [757,111,758,2]
09-30 04:45:58.903 I/notification_enqueue( 1131): [10086,26853,com.android.systemui,2048,NULL,0,Notification(channel=updateNotification shortcut=null contentView=null vibrate=null sound=null defaults=0x0 flags=0x0 color=0x00000000 vis=PRIVATE),1]
09-30 04:45:58.916 I/sysui_multi_action(26853): [757,111,758,1]
09-30 04:45:58.919 I/sysui_multi_action(26853): [757,126,758,1,759,126,927,0,928,1,1593,0]
09-30 04:45:58.919 I/sysui_multi_action(26853): [757,113,758,1,759,113,927,1,928,0,1593,0]
09-30 04:45:58.919 I/sysui_multi_action(26853): [757,0,758,1,759,0,927,2,928,0,1593,0]
09-30 04:45:58.920 I/sysui_multi_action(26853): [757,0,758,1,759,0,927,3,928,0,1593,0]
09-30 04:45:58.920 I/sysui_multi_action(26853): [757,1706,758,1,759,1706,927,4,928,0,1593,0]
09-30 04:45:58.921 I/sysui_multi_action(26853): [757,491,758,1,759,491,927,5,928,0,1311,-1,1593,0]
09-30 04:45:58.921 I/sysui_multi_action(26853): [757,0,758,1,759,0,927,6,928,0,1593,0]
09-30 04:45:58.922 I/sysui_multi_action(26853): [757,0,758,1,759,0,927,7,1593,0]
09-30 04:45:58.922 I/sysui_multi_action(26853): [757,114,758,1,759,114,927,8,928,0,1593,0]
09-30 04:45:58.922 I/sysui_multi_action(26853): [757,111,758,1]
09-30 04:45:58.922 I/sysui_multi_action(26853): [757,126,758,1,759,126,927,0,928,1,1593,0]
09-30 04:45:58.923 I/sysui_multi_action(26853): [757,113,758,1,759,113,927,1,928,0,1593,0]
09-30 04:45:58.923 I/sysui_multi_action(26853): [757,0,758,1,759,0,927,2,928,0,1593,0]
09-30 04:45:58.923 I/sysui_multi_action(26853): [757,0,758,1,759,0,927,3,928,0,1593,0]
09-30 04:45:58.995 I/sysui_multi_action( 1131): [757,1501,758,1,793,8209797,794,0,795,208,796,2048,806,com.android.systemui,857,updateNotification,858,3,947,0,1500,0,1688,1]
09-30 04:45:58.995 I/sysui_multi_action( 1131): [757,804,799,note_interruptive,801,0,802,1]
09-30 04:45:58.996 I/sysui_multi_action( 1131): [757,199,758,1,759,2,793,8209798,794,0,795,209,796,2048,806,com.android.systemui,857,updateNotification,858,3,947,0,1500,1,1688,1]
09-30 04:45:58.996 I/notification_alert( 1131): [0|com.android.systemui|2048|null|10086,0,1,0]
09-30 04:45:59.397 I/sysui_multi_action( 1131): [757,128,758,1,793,266276,794,0,795,266276,796,26,798,0,806,android,857,DEVELOPER_IMPORTANT,858,4,947,0,1395,4,1500,266064,1688,1]
09-30 04:45:59.397 I/sysui_multi_action( 1131): [757,804,799,note_freshness,801,266276,802,1]
09-30 04:45:59.398 I/notification_visibility( 1131): [-1|android|26|null|1000,1,266276,266276,0,0]
09-30 04:45:59.398 I/sysui_multi_action( 1131): [757,128,758,1,793,2129344,794,0,795,2129344,796,4273,798,1,806,com.android.systemui,857,screen_record,858,3,947,0,1395,4,1500,2129137,1688,1,1745,680407814]
09-30 04:45:59.398 I/sysui_multi_action( 1131): [757,804,799,note_freshness,801,2129344,802,1]
09-30 04:45:59.398 I/notification_visibility( 1131): [0|com.android.systemui|4273|null|10086,1,2129344,2129344,0,1]
09-30 04:45:59.399 I/sysui_multi_action( 1131): [757,128,758,1,793,8209620,794,0,795,8209620,796,55,798,2,806,android,857,DEVELOPER,858,2,947,0,1395,4,1500,8209411,1688,1]
09-30 04:45:59.399 I/sysui_multi_action( 1131): [757,804,799,note_freshness,801,8209620,802,1]
09-30 04:45:59.399 I/notification_visibility( 1131): [-1|android|55|null|1000,1,8209620,8209620,0,2]
09-30 04:45:59.399 I/sysui_multi_action( 1131): [757,128,758,1,793,266280,794,0,795,266280,796,32,798,3,806,android,857,USB,858,1,947,0,1395,4,1500,266076,1688,1]
09-30 04:45:59.399 I/sysui_multi_action( 1131): [757,804,799,note_freshness,801,266280,802,1]
09-30 04:45:59.399 I/notification_visibility( 1131): [-1|android|32|null|1000,1,266280,266280,0,3]
09-30 04:46:00.008 I/dvm_lock_sample( 1131): [system_server,0,main,6,AlarmManagerService.java,4835,void com.android.server.alarm.AlarmManagerService$DeliveryTracker.alarmComplete(android.os.IBinder),-,2039,void com.android.server.alarm.AlarmManagerService.setImpl(int, long, long, long, android.app.PendingIntent, android.app.IAlarmListener, java.lang.String, int, android.os.WorkSource, android.app.AlarmManager$AlarmClockInfo, int, java.lang.String, android.os.Bundle, int),1]
09-30 04:46:00.678 I/input_interaction( 1131): Interaction with: 47d1890 NotificationShade (server), edge-swipe (server), swipe-up (server), PointerEventDispatcher0 (server),
09-30 04:46:00.851 I/am_pss ( 1131): [23156,10105,com.tencent.qqmusicpad,216363008,176394240,0,340942848,0,4,24]
09-30 04:46:03.815 I/dropbox_file_copy( 1131): [/data/tombstones/tombstone_02,98304,SYSTEM_TOMBSTONE]
09-30 04:46:03.820 I/commit_sys_config_file( 1131): [log-files,8219239]
09-30 04:46:03.840 I/commit_sys_config_file( 1131): [log-files,8219260]
09-30 04:46:04.247 I/am_pss ( 1131): [22426,10093,com.android.music,37548032,29450240,0,168845312,0,18,15]
09-30 04:46:04.264 I/am_pss ( 1131): [27161,10070,com.android.deskclock,19287040,13672448,0,135135232,0,19,12]
09-30 04:46:04.925 I/am_uid_idle( 1131): 10070
09-30 04:46:08.165 I/liblog (27497): 2
09-30 04:46:08.165 I/liblog (27497): 2
09-30 04:46:08.165 I/liblog (27497): 5
09-30 04:46:08.166 I/liblog (27497): 27
09-30 04:46:08.166 I/liblog (27497): 4
09-30 04:46:08.166 I/liblog (27497): 3
09-30 04:46:08.166 I/liblog (27497): 3
09-30 04:46:08.166 I/liblog (27497): 3
09-30 04:46:08.166 I/liblog (27497): 6
09-30 04:46:08.166 I/liblog (27497): 3
09-30 04:46:08.167 I/liblog (27497): 12
09-30 04:46:08.167 I/liblog (27497): 2
09-30 04:46:08.167 I/liblog (27497): 4
09-30 04:46:08.167 I/liblog (27497): 4
09-30 04:46:08.167 I/liblog (27497): 3
09-30 04:46:08.167 I/liblog (27497): 4
09-30 04:46:08.167 I/liblog (27497): 4
09-30 04:46:08.168 I/liblog (27497): 4
09-30 04:46:08.168 I/liblog (27497): 3
09-30 04:46:08.168 I/liblog (27497): 4
09-30 04:46:08.168 I/liblog (27497): 3
09-30 04:46:08.168 I/liblog (27497): 2
09-30 04:46:08.168 I/liblog (27497): 3
09-30 04:46:08.168 I/liblog (27497): 2
09-30 04:46:08.168 I/liblog (27497): 3
09-30 04:46:08.168 I/liblog (27497): 4
09-30 04:46:08.168 I/liblog (27497): 4
09-30 04:46:08.169 I/liblog (27497): 3
09-30 04:46:08.169 I/liblog (27497): 6
09-30 04:46:08.169 I/liblog (27497): 3
09-30 04:46:08.169 I/liblog (27497): 3
09-30 04:46:08.169 I/liblog (27497): 3
09-30 04:46:08.169 I/liblog (27497): 3
09-30 04:46:08.169 I/liblog (27497): 3
09-30 04:46:08.169 I/liblog (27497): 3
09-30 04:46:08.169 I/liblog (27497): 8
09-30 04:46:08.169 I/liblog (27497): 3
09-30 04:46:08.170 I/liblog (27497): 7
09-30 04:46:08.170 I/liblog (27497): 4
09-30 04:46:08.170 I/liblog (27497): 3
09-30 04:46:08.170 I/liblog (27497): 3
09-30 04:46:08.170 I/liblog (27497): 3
09-30 04:46:08.170 I/liblog (27497): 2
09-30 04:46:08.170 I/liblog (27497): 3
09-30 04:46:08.170 I/liblog (27497): 2
09-30 04:46:08.170 I/liblog (27497): 2
09-30 04:46:08.170 I/liblog (27497): 2
09-30 04:46:08.170 I/liblog (27497): 4
09-30 04:46:08.170 I/liblog (27497): 4
09-30 04:46:08.171 I/liblog (27497): 3
09-30 04:46:08.171 I/liblog (27497): 4
09-30 04:46:08.171 I/liblog (27497): 3
09-30 04:46:08.171 I/liblog (27497): 3
09-30 04:46:08.171 I/liblog (27497): 4
09-30 04:46:08.171 I/liblog (27497): 1
09-30 04:46:08.171 I/liblog (27497): 2
09-30 04:46:08.171 I/liblog (27497): 2
09-30 04:46:08.171 I/liblog (27497): 4
09-30 04:46:08.171 I/liblog (27497): 2
09-30 04:46:08.171 I/liblog (27497): 2
09-30 04:46:08.172 I/liblog (27497): 4
09-30 04:46:08.172 I/liblog (27497): 2
09-30 04:46:08.767 I/dropbox_file_copy( 1131): [/data/tombstones/tombstone_03,98304,SYSTEM_TOMBSTONE]
09-30 04:46:08.777 I/commit_sys_config_file( 1131): [log-files,8224196]
09-30 04:46:08.802 I/commit_sys_config_file( 1131): [log-files,8224221]
09-30 04:46:11.268 I/view_enqueue_input_event(26853): [Motion - Cancel,NotificationShade]
09-30 04:46:11.280 I/input_interaction( 1131): Interaction with: edge-swipe (server), swipe-up (server), PointerEventDispatcher0 (server),
09-30 04:46:11.526 I/sysui_multi_action( 1131): [757,803,799,key_back_press,802,1]
09-30 04:46:11.529 I/input_interaction( 1131): Interaction with: 47d1890 NotificationShade (server), PointerEventDispatcher0 (server),
09-30 04:46:11.562 I/input_focus( 1131): [Focus request a98c05a com.android.settings/com.android.settings.homepage.SettingsHomepageActivity,reason=UpdateInputWindows]
09-30 04:46:11.588 I/input_focus( 1131): [Focus leaving 47d1890 NotificationShade (server),reason=NOT_FOCUSABLE]
09-30 04:46:11.589 I/input_focus( 1131): [Focus entering a98c05a com.android.settings/com.android.settings.homepage.SettingsHomepageActivity (server),reason=setFocusedWindow]
09-30 04:46:11.789 I/sysui_multi_action(26853): [757,111,758,2]
09-30 04:46:11.789 I/sysui_multi_action(26853): [757,111,758,2]
09-30 04:46:11.796 I/notification_enqueue( 1131): [10086,26853,com.android.systemui,2048,NULL,0,Notification(channel=updateNotification shortcut=null contentView=null vibrate=null sound=null defaults=0x0 flags=0x0 color=0x00000000 vis=PRIVATE),1]
09-30 04:46:11.797 I/sysui_multi_action(26853): [757,111,758,1]
09-30 04:46:11.797 I/sysui_multi_action(26853): [757,126,758,1,759,126,927,0,928,1,1593,1]
09-30 04:46:11.797 I/sysui_multi_action(26853): [757,113,758,1,759,113,927,1,928,0,1593,1]
09-30 04:46:11.798 I/sysui_multi_action(26853): [757,0,758,1,759,0,927,2,928,0,1593,1]
09-30 04:46:11.798 I/sysui_multi_action(26853): [757,0,758,1,759,0,927,3,928,0,1593,1]
09-30 04:46:11.798 I/sysui_multi_action(26853): [757,1706,758,1,759,1706,927,4,928,0,1593,1]
09-30 04:46:11.800 I/sysui_multi_action(26853): [757,491,758,1,759,491,927,5,928,0,1311,-1,1593,0]
09-30 04:46:11.800 I/sysui_multi_action(26853): [757,0,758,1,759,0,927,6,928,0,1593,0]
09-30 04:46:11.800 I/sysui_multi_action(26853): [757,0,758,1,759,0,927,7,1593,0]
09-30 04:46:11.801 I/sysui_multi_action(26853): [757,114,758,1,759,114,927,8,928,0,1593,0]
09-30 04:46:11.801 I/sysui_multi_action(26853): [757,111,758,1]
09-30 04:46:11.802 I/sysui_multi_action(26853): [757,126,758,1,759,126,927,0,928,1,1593,1]
09-30 04:46:11.802 I/sysui_multi_action(26853): [757,113,758,1,759,113,927,1,928,0,1593,1]
09-30 04:46:11.803 I/sysui_multi_action(26853): [757,0,758,1,759,0,927,2,928,0,1593,1]
09-30 04:46:11.803 I/sysui_multi_action(26853): [757,0,758,1,759,0,927,3,928,0,1593,1]
09-30 04:46:11.841 I/sysui_multi_action(26853): [757,111,758,2]
09-30 04:46:11.841 I/notification_enqueue( 1131): [10086,26853,com.android.systemui,2048,NULL,0,Notification(channel=updateNotification shortcut=null contentView=null vibrate=null sound=null defaults=0x0 flags=0x0 color=0x00000000 vis=PRIVATE),1]
09-30 04:46:11.842 I/sysui_multi_action(26853): [757,111,758,2]
09-30 04:46:11.852 I/sysui_multi_action(26853): [757,111,758,1]
09-30 04:46:11.852 I/sysui_multi_action(26853): [757,126,758,1,759,126,927,0,928,1,1593,0]
09-30 04:46:11.852 I/sysui_multi_action(26853): [757,113,758,1,759,113,927,1,928,0,1593,0]
09-30 04:46:11.853 I/sysui_multi_action(26853): [757,0,758,1,759,0,927,2,928,0,1593,0]
09-30 04:46:11.853 I/sysui_multi_action(26853): [757,0,758,1,759,0,927,3,928,0,1593,0]
09-30 04:46:11.853 I/sysui_multi_action(26853): [757,1706,758,1,759,1706,927,4,928,0,1593,0]
09-30 04:46:11.854 I/sysui_multi_action(26853): [757,491,758,1,759,491,927,5,928,0,1311,-1,1593,0]
09-30 04:46:11.855 I/sysui_multi_action(26853): [757,0,758,1,759,0,927,6,928,0,1593,0]
09-30 04:46:11.855 I/sysui_multi_action(26853): [757,0,758,1,759,0,927,7,1593,0]
09-30 04:46:11.855 I/sysui_multi_action(26853): [757,114,758,1,759,114,927,8,928,0,1593,0]
09-30 04:46:11.856 I/sysui_multi_action(26853): [757,111,758,1]
09-30 04:46:11.856 I/sysui_multi_action(26853): [757,126,758,1,759,126,927,0,928,1,1593,1]
09-30 04:46:11.856 I/sysui_multi_action(26853): [757,113,758,1,759,113,927,1,928,0,1593,1]
09-30 04:46:11.857 I/sysui_multi_action(26853): [757,0,758,1,759,0,927,2,928,0,1593,1]
09-30 04:46:11.857 I/sysui_multi_action(26853): [757,0,758,1,759,0,927,3,928,0,1593,1]
09-30 04:46:11.889 I/notification_enqueue( 1131): [10086,26853,com.android.systemui,2048,NULL,0,Notification(channel=updateNotification shortcut=null contentView=null vibrate=null sound=null defaults=0x0 flags=0x0 color=0x00000000 vis=PRIVATE),1]
09-30 04:46:11.889 I/sysui_multi_action(26853): [757,111,758,2]
09-30 04:46:11.890 I/sysui_multi_action(26853): [757,111,758,2]
09-30 04:46:11.901 I/sysui_multi_action(26853): [757,111,758,1]
09-30 04:46:11.902 I/sysui_multi_action(26853): [757,126,758,1,759,126,927,0,928,1,1593,1]
09-30 04:46:11.902 I/sysui_multi_action(26853): [757,113,758,1,759,113,927,1,928,0,1593,1]
09-30 04:46:11.902 I/sysui_multi_action(26853): [757,0,758,1,759,0,927,2,928,0,1593,1]
09-30 04:46:11.903 I/sysui_multi_action(26853): [757,0,758,1,759,0,927,3,928,0,1593,1]
09-30 04:46:11.903 I/sysui_multi_action(26853): [757,1706,758,1,759,1706,927,4,928,0,1593,1]
09-30 04:46:11.904 I/sysui_multi_action(26853): [757,491,758,1,759,491,927,5,928,0,1311,-1,1593,0]
09-30 04:46:11.904 I/sysui_multi_action(26853): [757,0,758,1,759,0,927,6,928,0,1593,0]
09-30 04:46:11.905 I/sysui_multi_action(26853): [757,0,758,1,759,0,927,7,1593,0]
09-30 04:46:11.905 I/sysui_multi_action(26853): [757,114,758,1,759,114,927,8,928,0,1593,0]
09-30 04:46:11.906 I/sysui_multi_action(26853): [757,111,758,1]
09-30 04:46:11.906 I/sysui_multi_action(26853): [757,126,758,1,759,126,927,0,928,1,1593,1]
09-30 04:46:11.907 I/sysui_multi_action(26853): [757,113,758,1,759,113,927,1,928,0,1593,1]
09-30 04:46:11.907 I/sysui_multi_action(26853): [757,0,758,1,759,0,927,2,928,0,1593,1]
09-30 04:46:11.907 I/sysui_multi_action(26853): [757,0,758,1,759,0,927,3,928,0,1593,1]
09-30 04:46:11.942 I/notification_enqueue( 1131): [10086,26853,com.android.systemui,2048,NULL,0,Notification(channel=updateNotification shortcut=null contentView=null vibrate=null sound=null defaults=0x0 flags=0x0 color=0x00000000 vis=PRIVATE),1]
09-30 04:46:11.942 I/sysui_multi_action(26853): [757,111,758,2]
09-30 04:46:11.943 I/sysui_multi_action(26853): [757,111,758,2]
09-30 04:46:11.952 I/sysui_multi_action(26853): [757,111,758,1]
09-30 04:46:11.953 I/sysui_multi_action(26853): [757,126,758,1,759,126,927,0,928,1,1593,1]
09-30 04:46:11.953 I/sysui_multi_action(26853): [757,113,758,1,759,113,927,1,928,0,1593,1]
09-30 04:46:11.953 I/sysui_multi_action(26853): [757,0,758,1,759,0,927,2,928,0,1593,1]
09-30 04:46:11.954 I/sysui_multi_action(26853): [757,0,758,1,759,0,927,3,928,0,1593,1]
09-30 04:46:11.954 I/sysui_multi_action(26853): [757,1706,758,1,759,1706,927,4,928,0,1593,1]
09-30 04:46:11.955 I/sysui_multi_action(26853): [757,491,758,1,759,491,927,5,928,0,1311,-1,1593,0]
09-30 04:46:11.956 I/sysui_multi_action(26853): [757,0,758,1,759,0,927,6,928,0,1593,0]
09-30 04:46:11.956 I/sysui_multi_action(26853): [757,0,758,1,759,0,927,7,1593,0]
09-30 04:46:11.956 I/sysui_multi_action(26853): [757,114,758,1,759,114,927,8,928,0,1593,0]
09-30 04:46:11.956 I/sysui_multi_action(26853): [757,111,758,1]
09-30 04:46:11.957 I/sysui_multi_action(26853): [757,126,758,1,759,126,927,0,928,1,1593,1]
09-30 04:46:11.957 I/sysui_multi_action(26853): [757,113,758,1,759,113,927,1,928,0,1593,1]
09-30 04:46:11.957 I/sysui_multi_action(26853): [757,0,758,1,759,0,927,2,928,0,1593,1]
09-30 04:46:11.958 I/sysui_multi_action(26853): [757,0,758,1,759,0,927,3,928,0,1593,1]
09-30 04:46:11.994 I/notification_enqueue( 1131): [10086,26853,com.android.systemui,2048,NULL,0,Notification(channel=updateNotification shortcut=null contentView=null vibrate=null sound=null defaults=0x0 flags=0x0 color=0x00000000 vis=PRIVATE),1]
09-30 04:46:11.994 I/sysui_multi_action(26853): [757,111,758,2]
09-30 04:46:11.995 I/sysui_multi_action(26853): [757,111,758,2]
09-30 04:46:11.999 I/sysui_multi_action( 1131): [757,1501,758,1,793,8222801,794,0,795,211,796,2048,806,com.android.systemui,857,updateNotification,858,3,947,0,1500,0,1688,1]
09-30 04:46:12.001 I/sysui_multi_action( 1131): [757,804,799,note_interruptive,801,0,802,1]
09-30 04:46:12.002 I/sysui_multi_action( 1131): [757,199,758,1,759,2,793,8222803,794,0,795,213,796,2048,806,com.android.systemui,857,updateNotification,858,3,947,0,1500,2,1688,1]
09-30 04:46:12.002 I/notification_alert( 1131): [0|com.android.systemui|2048|null|10086,0,1,0]
09-30 04:46:12.008 I/sysui_multi_action(26853): [757,111,758,1]
09-30 04:46:12.009 I/sysui_multi_action(26853): [757,126,758,1,759,126,927,0,928,1,1593,1]
09-30 04:46:12.009 I/sysui_multi_action(26853): [757,113,758,1,759,113,927,1,928,0,1593,1]
09-30 04:46:12.009 I/sysui_multi_action(26853): [757,0,758,1,759,0,927,2,928,0,1593,1]
09-30 04:46:12.010 I/sysui_multi_action(26853): [757,0,758,1,759,0,927,3,928,0,1593,1]
09-30 04:46:12.010 I/sysui_multi_action(26853): [757,1706,758,1,759,1706,927,4,928,0,1593,1]
09-30 04:46:12.011 I/sysui_multi_action(26853): [757,491,758,1,759,491,927,5,928,0,1311,-1,1593,0]
09-30 04:46:12.017 I/sysui_multi_action(26853): [757,0,758,1,759,0,927,6,928,0,1593,1]
09-30 04:46:12.017 I/sysui_multi_action(26853): [757,0,758,1,759,0,927,7,1593,1]
09-30 04:46:12.017 I/sysui_multi_action(26853): [757,114,758,1,759,114,927,8,928,0,1593,1]
09-30 04:46:12.018 I/sysui_multi_action(26853): [757,111,758,1]
09-30 04:46:12.018 I/sysui_multi_action(26853): [757,126,758,1,759,126,927,0,928,1,1593,1]
09-30 04:46:12.019 I/sysui_multi_action(26853): [757,113,758,1,759,113,927,1,928,0,1593,1]
09-30 04:46:12.019 I/sysui_multi_action(26853): [757,0,758,1,759,0,927,2,928,0,1593,1]
09-30 04:46:12.019 I/sysui_multi_action(26853): [757,0,758,1,759,0,927,3,928,0,1593,1]
09-30 04:46:12.063 I/notification_enqueue( 1131): [10086,26853,com.android.systemui,2048,NULL,0,Notification(channel=updateNotification shortcut=null contentView=null vibrate=null sound=null defaults=0x0 flags=0x0 color=0x00000000 vis=PRIVATE),1]
09-30 04:46:12.063 I/sysui_multi_action(26853): [757,111,758,2]
09-30 04:46:12.064 I/sysui_multi_action(26853): [757,111,758,2]
09-30 04:46:12.075 I/sysui_multi_action(26853): [757,111,758,1]
09-30 04:46:12.076 I/sysui_multi_action(26853): [757,126,758,1,759,126,927,0,928,1,1593,1]
09-30 04:46:12.076 I/sysui_multi_action(26853): [757,113,758,1,759,113,927,1,928,0,1593,1]
09-30 04:46:12.076 I/sysui_multi_action(26853): [757,0,758,1,759,0,927,2,928,0,1593,1]
09-30 04:46:12.077 I/sysui_multi_action(26853): [757,0,758,1,759,0,927,3,928,0,1593,1]
09-30 04:46:12.077 I/sysui_multi_action(26853): [757,1706,758,1,759,1706,927,4,928,0,1593,1]
09-30 04:46:12.078 I/sysui_multi_action(26853): [757,491,758,1,759,491,927,5,928,0,1311,-1,1593,0]
09-30 04:46:12.078 I/sysui_multi_action(26853): [757,0,758,1,759,0,927,6,928,0,1593,0]
09-30 04:46:12.078 I/sysui_multi_action(26853): [757,0,758,1,759,0,927,7,1593,0]
09-30 04:46:12.079 I/sysui_multi_action(26853): [757,114,758,1,759,114,927,8,928,0,1593,0]
09-30 04:46:12.079 I/sysui_multi_action(26853): [757,111,758,1]
09-30 04:46:12.079 I/sysui_multi_action(26853): [757,126,758,1,759,126,927,0,928,1,1593,1]
09-30 04:46:12.080 I/sysui_multi_action(26853): [757,113,758,1,759,113,927,1,928,0,1593,1]
09-30 04:46:12.080 I/sysui_multi_action(26853): [757,0,758,1,759,0,927,2,928,0,1593,1]
09-30 04:46:12.080 I/sysui_multi_action(26853): [757,0,758,1,759,0,927,3,928,0,1593,1]
09-30 04:46:12.118 I/notification_enqueue( 1131): [10086,26853,com.android.systemui,2048,NULL,0,Notification(channel=updateNotification shortcut=null contentView=null vibrate=null sound=null defaults=0x0 flags=0x0 color=0x00000000 vis=PRIVATE),1]
09-30 04:46:12.118 I/sysui_multi_action(26853): [757,111,758,2]
09-30 04:46:12.118 I/sysui_multi_action(26853): [757,111,758,2]
09-30 04:46:12.143 I/sysui_multi_action(26853): [757,111,758,1]
09-30 04:46:12.144 I/sysui_multi_action(26853): [757,126,758,1,759,126,927,0,928,1,1593,0]
09-30 04:46:12.144 I/sysui_multi_action(26853): [757,113,758,1,759,113,927,1,928,0,1593,0]
09-30 04:46:12.144 I/sysui_multi_action(26853): [757,0,758,1,759,0,927,2,928,0,1593,0]
09-30 04:46:12.144 I/sysui_multi_action(26853): [757,0,758,1,759,0,927,3,928,0,1593,1]
09-30 04:46:12.145 I/sysui_multi_action(26853): [757,1706,758,1,759,1706,927,4,928,0,1593,1]
09-30 04:46:12.148 I/sysui_multi_action(26853): [757,491,758,1,759,491,927,5,928,0,1311,-1,1593,0]
09-30 04:46:12.148 I/sysui_multi_action(26853): [757,0,758,1,759,0,927,6,928,0,1593,0]
09-30 04:46:12.148 I/sysui_multi_action(26853): [757,0,758,1,759,0,927,7,1593,0]
09-30 04:46:12.148 I/sysui_multi_action(26853): [757,114,758,1,759,114,927,8,928,0,1593,0]
09-30 04:46:12.148 I/sysui_multi_action(26853): [757,111,758,1]
09-30 04:46:12.149 I/sysui_multi_action(26853): [757,126,758,1,759,126,927,0,928,1,1593,1]
09-30 04:46:12.149 I/sysui_multi_action(26853): [757,113,758,1,759,113,927,1,928,0,1593,1]
09-30 04:46:12.149 I/sysui_multi_action(26853): [757,0,758,1,759,0,927,2,928,0,1593,1]
09-30 04:46:12.150 I/sysui_multi_action(26853): [757,0,758,1,759,0,927,3,928,0,1593,1]
09-30 04:46:12.186 I/sysui_multi_action( 1131): [757,128,758,2,793,279065,794,12789,795,279065,796,26,798,0,806,android,857,DEVELOPER_IMPORTANT,858,4,947,0,1395,4,1500,278853,1688,1]
09-30 04:46:12.186 I/notification_visibility( 1131): [-1|android|26|null|1000,0,279065,279065,0,0]
09-30 04:46:12.187 I/sysui_multi_action( 1131): [757,128,758,2,793,2142133,794,12789,795,2142133,796,4273,798,1,806,com.android.systemui,857,screen_record,858,3,947,0,1395,4,1500,2141926,1688,1,1745,680407814]
09-30 04:46:12.201 I/notification_visibility( 1131): [0|com.android.systemui|4273|null|10086,0,2142133,2142133,0,1]
09-30 04:46:12.202 I/sysui_multi_action( 1131): [757,128,758,2,793,8222423,794,12803,795,8222423,796,55,798,2,806,android,857,DEVELOPER,858,2,947,0,1395,4,1500,8222214,1688,1]
09-30 04:46:12.202 I/notification_visibility( 1131): [-1|android|55|null|1000,0,8222423,8222423,0,2]
09-30 04:46:12.203 I/sysui_multi_action( 1131): [757,128,758,2,793,279084,794,12804,795,279084,796,32,798,3,806,android,857,USB,858,1,947,0,1395,4,1500,278880,1688,1]
09-30 04:46:12.203 I/notification_visibility( 1131): [-1|android|32|null|1000,0,279084,279084,0,3]
09-30 04:46:12.226 I/notification_enqueue( 1131): [10086,26853,com.android.systemui,2048,NULL,0,Notification(channel=updateNotification shortcut=null contentView=null vibrate=null sound=null defaults=0x0 flags=0x0 color=0x00000000 vis=PRIVATE),1]
09-30 04:46:12.227 I/sysui_multi_action(26853): [757,111,758,2]
09-30 04:46:12.227 I/sysui_multi_action(26853): [757,111,758,2]
09-30 04:46:12.232 I/sysui_multi_action( 1131): [757,127,758,2]
09-30 04:46:12.232 I/notification_panel_hidden( 1131):
09-30 04:46:12.264 I/sysui_multi_action(26853): [757,111,758,1]
09-30 04:46:12.265 I/sysui_multi_action(26853): [757,126,758,1,759,126,927,0,928,1,1593,1]
09-30 04:46:12.266 I/sysui_multi_action(26853): [757,113,758,1,759,113,927,1,928,0,1593,1]
09-30 04:46:12.266 I/sysui_multi_action(26853): [757,0,758,1,759,0,927,2,928,0,1593,1]
09-30 04:46:12.266 I/sysui_multi_action(26853): [757,0,758,1,759,0,927,3,928,0,1593,1]
09-30 04:46:12.267 I/sysui_multi_action(26853): [757,1706,758,1,759,1706,927,4,928,0,1593,1]
09-30 04:46:12.267 I/sysui_multi_action(26853): [757,491,758,1,759,491,927,5,928,0,1311,-1,1593,0]
09-30 04:46:12.268 I/sysui_multi_action(26853): [757,0,758,1,759,0,927,6,928,0,1593,0]
09-30 04:46:12.268 I/sysui_multi_action(26853): [757,0,758,1,759,0,927,7,1593,0]
09-30 04:46:12.269 I/sysui_multi_action(26853): [757,114,758,1,759,114,927,8,928,0,1593,0]
09-30 04:46:12.269 I/sysui_multi_action(26853): [757,111,758,1]
09-30 04:46:12.270 I/sysui_multi_action(26853): [757,126,758,1,759,126,927,0,928,1,1593,1]
09-30 04:46:12.270 I/sysui_multi_action(26853): [757,113,758,1,759,113,927,1,928,0,1593,1]
09-30 04:46:12.271 I/sysui_multi_action(26853): [757,0,758,1,759,0,927,2,928,0,1593,1]
09-30 04:46:12.271 I/sysui_multi_action(26853): [757,0,758,1,759,0,927,3,928,0,1593,1]
09-30 04:46:12.645 I/input_interaction( 1131): Interaction with: a98c05a com.android.settings/com.android.settings.homepage.SettingsHomepageActivity (server), edge-swipe (server), swipe-up (server), PointerEventDispatcher0 (server),
09-30 04:46:13.172 I/liblog (27521): 82
09-30 04:46:13.172 I/liblog (27521): 2
09-30 04:46:13.172 I/liblog (27521): 2
09-30 04:46:13.172 I/liblog (27521): 1
09-30 04:46:13.172 I/liblog (27521): 1
09-30 04:46:13.172 I/liblog (27521): 1
09-30 04:46:13.172 I/liblog (27521): 1
09-30 04:46:13.173 I/liblog (27521): 1
09-30 04:46:13.173 I/liblog (27521): 1
09-30 04:46:13.173 I/liblog (27521): 1
09-30 04:46:13.173 I/liblog (27521): 1
09-30 04:46:13.173 I/liblog (27521): 2
09-30 04:46:13.173 I/liblog (27521): 1
09-30 04:46:13.173 I/liblog (27521): 2
09-30 04:46:13.173 I/liblog (27521): 1
09-30 04:46:13.173 I/liblog (27521): 1
09-30 04:46:13.173 I/liblog (27521): 1
09-30 04:46:13.173 I/liblog (27521): 1
09-30 04:46:13.173 I/liblog (27521): 1
09-30 04:46:13.173 I/liblog (27521): 1
09-30 04:46:13.173 I/liblog (27521): 2
09-30 04:46:13.173 I/liblog (27521): 1
09-30 04:46:13.173 I/liblog (27521): 2
09-30 04:46:13.173 I/liblog (27521): 1
09-30 04:46:13.173 I/liblog (27521): 1
09-30 04:46:13.173 I/liblog (27521): 1
09-30 04:46:13.173 I/liblog (27521): 1
09-30 04:46:13.173 I/liblog (27521): 1
09-30 04:46:13.786 I/dropbox_file_copy( 1131): [/data/tombstones/tombstone_04,98304,SYSTEM_TOMBSTONE]
09-30 04:46:13.796 I/commit_sys_config_file( 1131): [log-files,8229216]
09-30 04:46:13.817 I/commit_sys_config_file( 1131): [log-files,8229237]
09-30 04:46:14.348 I/input_interaction( 1131): Interaction with: df369a8 StatusBar (server), edge-swipe (server), swipe-up (server), PointerEventDispatcher0 (server),
09-30 04:46:14.369 I/sysui_multi_action(26853): [757,803,799,panel_open,802,1]
09-30 04:46:14.373 I/sysui_multi_action(26853): [757,1328,758,4,1326,51,1327,0,1329,0]
09-30 04:46:14.568 I/sysui_multi_action( 1131): [757,127,758,1]
09-30 04:46:14.571 I/sysui_multi_action( 1131): [757,804,799,note_load,801,4,802,1]
09-30 04:46:14.574 I/notification_panel_revealed( 1131): 4
09-30 04:46:14.576 I/sysui_multi_action(26853): [757,111,758,2]
09-30 04:46:14.576 I/notification_enqueue( 1131): [10086,26853,com.android.systemui,2048,NULL,0,Notification(channel=updateNotification shortcut=null contentView=null vibrate=null sound=null defaults=0x0 flags=0x0 color=0x00000000 vis=PRIVATE),1]
09-30 04:46:14.576 I/sysui_multi_action(26853): [757,111,758,2]
09-30 04:46:14.604 I/input_focus( 1131): [Focus request 47d1890 NotificationShade,reason=UpdateInputWindows]
09-30 04:46:14.613 I/sysui_multi_action(26853): [757,111,758,1]
09-30 04:46:14.614 I/sysui_multi_action(26853): [757,126,758,1,759,126,927,0,928,1,1593,0]
09-30 04:46:14.615 I/sysui_multi_action(26853): [757,113,758,1,759,113,927,1,928,0,1593,0]
09-30 04:46:14.615 I/sysui_multi_action(26853): [757,0,758,1,759,0,927,2,928,0,1593,0]
09-30 04:46:14.615 I/sysui_multi_action(26853): [757,0,758,1,759,0,927,3,928,0,1593,0]
09-30 04:46:14.615 I/sysui_multi_action(26853): [757,1706,758,1,759,1706,927,4,928,0,1593,0]
09-30 04:46:14.618 I/sysui_multi_action(26853): [757,491,758,1,759,491,927,5,928,0,1311,-1,1593,0]
09-30 04:46:14.618 I/sysui_multi_action(26853): [757,0,758,1,759,0,927,6,928,0,1593,0]
09-30 04:46:14.618 I/sysui_multi_action(26853): [757,0,758,1,759,0,927,7,1593,0]
09-30 04:46:14.619 I/sysui_multi_action(26853): [757,114,758,1,759,114,927,8,928,0,1593,0]
09-30 04:46:14.619 I/sysui_multi_action(26853): [757,111,758,1]
09-30 04:46:14.619 I/sysui_multi_action(26853): [757,126,758,1,759,126,927,0,928,1,1593,0]
09-30 04:46:14.620 I/sysui_multi_action(26853): [757,113,758,1,759,113,927,1,928,0,1593,0]
09-30 04:46:14.620 I/sysui_multi_action(26853): [757,0,758,1,759,0,927,2,928,0,1593,0]
09-30 04:46:14.620 I/sysui_multi_action(26853): [757,0,758,1,759,0,927,3,928,0,1593,0]
09-30 04:46:14.632 I/input_focus( 1131): [Focus leaving a98c05a com.android.settings/com.android.settings.homepage.SettingsHomepageActivity (server),reason=Waiting for window because NOT_VISIBLE]
09-30 04:46:14.682 I/sysui_multi_action(26853): [757,111,758,2]
09-30 04:46:14.682 I/notification_enqueue( 1131): [10086,26853,com.android.systemui,2048,NULL,0,Notification(channel=updateNotification shortcut=null contentView=null vibrate=null sound=null defaults=0x0 flags=0x0 color=0x00000000 vis=PRIVATE),1]
09-30 04:46:14.682 I/sysui_multi_action(26853): [757,111,758,2]
09-30 04:46:14.695 I/input_focus( 1131): [Focus entering 47d1890 NotificationShade (server),reason=Window became focusable. Previous reason: NOT_VISIBLE]
09-30 04:46:14.699 I/sysui_multi_action(26853): [757,111,758,1]
09-30 04:46:14.699 I/sysui_multi_action(26853): [757,126,758,1,759,126,927,0,928,1,1593,0]
