09-30 05:12:18.325 V/CamX (31673): [ VERB][UTILS ] camxhashmap.cpp:210 GetInPlace() Key not found
09-30 05:12:18.325 V/CamX (31673): [ VERB][UTILS ] camxhashmap.cpp:210 GetInPlace() Key not found
09-30 05:12:18.325 V/CamX (31673): [ VERB][UTILS ] camxhashmap.cpp:210 GetInPlace() Key not found
09-30 05:12:18.325 V/CamX (31673): [ VERB][UTILS ] camxhashmap.cpp:210 GetInPlace() Key not found
09-30 05:12:18.325 V/CamX (31673): [ VERB][UTILS ] camxhashmap.cpp:210 GetInPlace() Key not found
09-30 05:12:18.325 V/CamX (31673): [ VERB][UTILS ] camxhashmap.cpp:210 GetInPlace() Key not found
09-30 05:12:18.325 V/CamX (31673): [ VERB][UTILS ] camxhashmap.cpp:210 GetInPlace() Key not found
09-30 05:12:18.325 V/CamX (31673): [ VERB][UTILS ] camxhashmap.cpp:210 GetInPlace() Key not found
09-30 05:12:18.325 V/CamX (31673): [ VERB][UTILS ] camxhashmap.cpp:210 GetInPlace() Key not found
09-30 05:12:18.326 V/CamX (31673): [ VERB][UTILS ] camxhashmap.cpp:210 GetInPlace() Key not found
09-30 05:12:18.326 V/CamX (31673): [ VERB][UTILS ] camxhashmap.cpp:210 GetInPlace() Key not found
09-30 05:12:18.326 V/CamX (31673): [ VERB][UTILS ] camxhashmap.cpp:210 GetInPlace() Key not found
09-30 05:12:18.326 V/CamX (31673): [ VERB][UTILS ] camxhashmap.cpp:210 GetInPlace() Key not found
09-30 05:12:18.326 V/CamX (31673): [ VERB][UTILS ] camxhashmap.cpp:210 GetInPlace() Key not found
09-30 05:12:18.326 V/CamX (31673): [ VERB][UTILS ] camxhashmap.cpp:210 GetInPlace() Key not found
09-30 05:12:18.326 V/CamX (31673): [ VERB][UTILS ] camxhashmap.cpp:210 GetInPlace() Key not found
09-30 05:12:18.326 V/CamX (31673): [ VERB][UTILS ] camxhashmap.cpp:210 GetInPlace() Key not found
09-30 05:12:18.326 V/CamX (31673): [ VERB][UTILS ] camxhashmap.cpp:210 GetInPlace() Key not found
09-30 05:12:18.326 V/CamX (31673): [ VERB][UTILS ] camxhashmap.cpp:210 GetInPlace() Key not found
09-30 05:12:18.326 V/CamX (31673): [ VERB][UTILS ] camxhashmap.cpp:210 GetInPlace() Key not found
09-30 05:12:18.326 V/CamX (31673): [ VERB][UTILS ] camxhashmap.cpp:210 GetInPlace() Key not found
09-30 05:12:18.326 V/CamX (31673): [ VERB][UTILS ] camxhashmap.cpp:210 GetInPlace() Key not found
09-30 05:12:18.326 V/CamX (31673): [ VERB][UTILS ] camxhashmap.cpp:210 GetInPlace() Key not found
09-30 05:12:18.326 V/CamX (31673): [ VERB][UTILS ] camxhashmap.cpp:210 GetInPlace() Key not found
09-30 05:12:18.326 V/CamX (31673): [ VERB][UTILS ] camxhashmap.cpp:210 GetInPlace() Key not found
09-30 05:12:18.326 V/CamX (31673): [ VERB][UTILS ] camxhashmap.cpp:210 GetInPlace() Key not found
09-30 05:12:18.326 V/CamX (31673): [ VERB][UTILS ] camxhashmap.cpp:210 GetInPlace() Key not found
09-30 05:12:18.326 V/CamX (31673): [ VERB][UTILS ] camxhashmap.cpp:210 GetInPlace() Key not found
09-30 05:12:18.326 V/CamX (31673): [ VERB][UTILS ] camxhashmap.cpp:210 GetInPlace() Key not found
09-30 05:12:18.326 V/CamX (31673): [ VERB][UTILS ] camxhashmap.cpp:210 GetInPlace() Key not found
09-30 05:12:18.326 V/CamX (31673): [ VERB][UTILS ] camxhashmap.cpp:210 GetInPlace() Key not found
09-30 05:12:18.326 V/CamX (31673): [ VERB][UTILS ] camxhashmap.cpp:210 GetInPlace() Key not found
09-30 05:12:18.326 V/CamX (31673): [ VERB][UTILS ] camxhashmap.cpp:210 GetInPlace() Key not found
09-30 05:12:18.326 V/CamX (31673): [ VERB][UTILS ] camxhashmap.cpp:210 GetInPlace() Key not found
09-30 05:12:18.327 V/CamX (31673): [ VERB][UTILS ] camxhashmap.cpp:210 GetInPlace() Key not found
09-30 05:12:18.327 V/CamX (31673): [ VERB][UTILS ] camxhashmap.cpp:210 GetInPlace() Key not found
09-30 05:12:18.327 V/CamX (31673): [ VERB][UTILS ] camxhashmap.cpp:210 GetInPlace() Key not found
09-30 05:12:18.327 V/CamX (31673): [ VERB][UTILS ] camxhashmap.cpp:210 GetInPlace() Key not found
09-30 05:12:18.327 V/CamX (31673): [ VERB][UTILS ] camxhashmap.cpp:210 GetInPlace() Key not found
09-30 05:12:18.327 V/CamX (31673): [ VERB][UTILS ] camxhashmap.cpp:210 GetInPlace() Key not found
09-30 05:12:18.327 V/CamX (31673): [ VERB][UTILS ] camxhashmap.cpp:210 GetInPlace() Key not found
09-30 05:12:18.327 V/CamX (31673): [ VERB][UTILS ] camxhashmap.cpp:210 GetInPlace() Key not found
09-30 05:12:18.327 V/CamX (31673): [ VERB][UTILS ] camxhashmap.cpp:210 GetInPlace() Key not found
09-30 05:12:18.327 V/CamX (31673): [ VERB][UTILS ] camxhashmap.cpp:210 GetInPlace() Key not found
09-30 05:12:18.327 V/CamX (31673): [ VERB][UTILS ] camxhashmap.cpp:210 GetInPlace() Key not found
09-30 05:12:18.327 V/CamX (31673): [ VERB][UTILS ] camxhashmap.cpp:210 GetInPlace() Key not found
09-30 05:12:18.327 V/CamX (31673): [ VERB][UTILS ] camxhashmap.cpp:210 GetInPlace() Key not found
09-30 05:12:18.327 V/CamX (31673): [ VERB][UTILS ] camxhashmap.cpp:210 GetInPlace() Key not found
09-30 05:12:18.327 V/CamX (31673): [ VERB][UTILS ] camxhashmap.cpp:210 GetInPlace() Key not found
09-30 05:12:18.327 V/CamX (31673): [ VERB][UTILS ] camxhashmap.cpp:210 GetInPlace() Key not found
09-30 05:12:18.327 V/CamX (31673): [ VERB][UTILS ] camxhashmap.cpp:210 GetInPlace() Key not found
09-30 05:12:18.327 V/CamX (31673): [ VERB][UTILS ] camxhashmap.cpp:210 GetInPlace() Key not found
09-30 05:12:18.327 V/CamX (31673): [ VERB][UTILS ] camxhashmap.cpp:210 GetInPlace() Key not found
09-30 05:12:18.327 V/CamX (31673): [ VERB][UTILS ] camxhashmap.cpp:210 GetInPlace() Key not found
09-30 05:12:18.327 V/CamX (31673): [ VERB][UTILS ] camxhashmap.cpp:210 GetInPlace() Key not found
09-30 05:12:18.327 V/CamX (31673): [ VERB][UTILS ] camxhashmap.cpp:210 GetInPlace() Key not found
09-30 05:12:18.327 V/CamX (31673): [ VERB][UTILS ] camxhashmap.cpp:210 GetInPlace() Key not found
09-30 05:12:18.327 V/CamX (31673): [ VERB][UTILS ] camxhashmap.cpp:210 GetInPlace() Key not found
09-30 05:12:18.328 V/CamX (31673): [ VERB][UTILS ] camxhashmap.cpp:210 GetInPlace() Key not found
09-30 05:12:18.328 V/CamX (31673): [ VERB][UTILS ] camxhashmap.cpp:210 GetInPlace() Key not found
09-30 05:12:18.328 V/CamX (31673): [ VERB][UTILS ] camxhashmap.cpp:210 GetInPlace() Key not found
09-30 05:12:18.328 V/CamX (31673): [ VERB][UTILS ] camxhashmap.cpp:210 GetInPlace() Key not found
09-30 05:12:18.328 V/CamX (31673): [ VERB][UTILS ] camxhashmap.cpp:210 GetInPlace() Key not found
09-30 05:12:18.328 V/CamX (31673): [ VERB][UTILS ] camxhashmap.cpp:210 GetInPlace() Key not found
09-30 05:12:18.328 V/CamX (31673): [ VERB][UTILS ] camxhashmap.cpp:210 GetInPlace() Key not found
09-30 05:12:18.328 V/CamX (31673): [ VERB][UTILS ] camxhashmap.cpp:210 GetInPlace() Key not found
09-30 05:12:18.328 V/CamX (31673): [ VERB][UTILS ] camxhashmap.cpp:210 GetInPlace() Key not found
09-30 05:12:18.328 V/CamX (31673): [ VERB][UTILS ] camxhashmap.cpp:210 GetInPlace() Key not found
09-30 05:12:18.328 V/CamX (31673): [ VERB][UTILS ] camxhashmap.cpp:210 GetInPlace() Key not found
09-30 05:12:18.328 V/CamX (31673): [ VERB][UTILS ] camxhashmap.cpp:210 GetInPlace() Key not found
09-30 05:12:18.328 V/CamX (31673): [ VERB][UTILS ] camxhashmap.cpp:210 GetInPlace() Key not found
09-30 05:12:18.328 V/CamX (31673): [ VERB][UTILS ] camxhashmap.cpp:210 GetInPlace() Key not found
09-30 05:12:18.328 V/CamX (31673): [ VERB][UTILS ] camxhashmap.cpp:210 GetInPlace() Key not found
09-30 05:12:18.328 V/CamX (31673): [ VERB][UTILS ] camxhashmap.cpp:210 GetInPlace() Key not found
09-30 05:12:18.328 V/CamX (31673): [ VERB][UTILS ] camxhashmap.cpp:210 GetInPlace() Key not found
09-30 05:12:18.328 V/CamX (31673): [ VERB][UTILS ] camxhashmap.cpp:210 GetInPlace() Key not found
09-30 05:12:18.328 V/CamX (31673): [ VERB][UTILS ] camxhashmap.cpp:210 GetInPlace() Key not found
09-30 05:12:18.328 V/CamX (31673): [ VERB][UTILS ] camxhashmap.cpp:210 GetInPlace() Key not found
09-30 05:12:18.328 V/CamX (31673): [ VERB][UTILS ] camxhashmap.cpp:210 GetInPlace() Key not found
09-30 05:12:18.328 V/CamX (31673): [ VERB][UTILS ] camxhashmap.cpp:210 GetInPlace() Key not found
09-30 05:12:18.328 V/CamX (31673): [ VERB][UTILS ] camxhashmap.cpp:210 GetInPlace() Key not found
09-30 05:12:18.329 V/CamX (31673): [ VERB][UTILS ] camxhashmap.cpp:210 GetInPlace() Key not found
09-30 05:12:18.329 V/CamX (31673): [ VERB][UTILS ] camxhashmap.cpp:210 GetInPlace() Key not found
09-30 05:12:18.329 V/CamX (31673): [ VERB][UTILS ] camxhashmap.cpp:210 GetInPlace() Key not found
09-30 05:12:18.329 V/CamX (31673): [ VERB][UTILS ] camxhashmap.cpp:210 GetInPlace() Key not found
09-30 05:12:18.329 V/CamX (31673): [ VERB][UTILS ] camxhashmap.cpp:210 GetInPlace() Key not found
09-30 05:12:18.329 V/CamX (31673): [ VERB][UTILS ] camxhashmap.cpp:210 GetInPlace() Key not found
09-30 05:12:18.329 V/CamX (31673): [ VERB][UTILS ] camxhashmap.cpp:210 GetInPlace() Key not found
09-30 05:12:18.329 V/CamX (31673): [ VERB][UTILS ] camxhashmap.cpp:210 GetInPlace() Key not found
09-30 05:12:18.329 V/CamX (31673): [ VERB][UTILS ] camxhashmap.cpp:210 GetInPlace() Key not found
09-30 05:12:18.329 V/CamX (31673): [ VERB][UTILS ] camxhashmap.cpp:210 GetInPlace() Key not found
09-30 05:12:18.329 V/CamX (31673): [ VERB][UTILS ] camxhashmap.cpp:210 GetInPlace() Key not found
09-30 05:12:18.329 V/CamX (31673): [ VERB][UTILS ] camxhashmap.cpp:210 GetInPlace() Key not found
09-30 05:12:18.329 V/CamX (31673): [ VERB][UTILS ] camxhashmap.cpp:210 GetInPlace() Key not found
09-30 05:12:18.329 V/CamX (31673): [ VERB][UTILS ] camxhashmap.cpp:210 GetInPlace() Key not found
09-30 05:12:18.329 V/CamX (31673): [ VERB][UTILS ] camxhashmap.cpp:210 GetInPlace() Key not found
09-30 05:12:18.329 V/CamX (31673): [ VERB][UTILS ] camxhashmap.cpp:210 GetInPlace() Key not found
09-30 05:12:18.329 V/CamX (31673): [ VERB][UTILS ] camxhashmap.cpp:210 GetInPlace() Key not found
09-30 05:12:18.329 V/CamX (31673): [ VERB][UTILS ] camxhashmap.cpp:210 GetInPlace() Key not found
09-30 05:12:18.329 V/CamX (31673): [ VERB][UTILS ] camxhashmap.cpp:210 GetInPlace() Key not found
09-30 05:12:18.329 V/CamX (31673): [ VERB][UTILS ] camxhashmap.cpp:210 GetInPlace() Key not found
09-30 05:12:18.329 V/CamX (31673): [ VERB][UTILS ] camxhashmap.cpp:210 GetInPlace() Key not found
09-30 05:12:18.329 V/CamX (31673): [ VERB][UTILS ] camxhashmap.cpp:210 GetInPlace() Key not found
09-30 05:12:18.329 V/CamX (31673): [ VERB][UTILS ] camxhashmap.cpp:210 GetInPlace() Key not found
09-30 05:12:18.330 V/CamX (31673): [ VERB][UTILS ] camxhashmap.cpp:210 GetInPlace() Key not found
09-30 05:12:18.330 V/CamX (31673): [ VERB][UTILS ] camxhashmap.cpp:210 GetInPlace() Key not found
09-30 05:12:18.330 V/CamX (31673): [ VERB][UTILS ] camxhashmap.cpp:210 GetInPlace() Key not found
09-30 05:12:18.330 V/CamX (31673): [ VERB][UTILS ] camxhashmap.cpp:210 GetInPlace() Key not found
09-30 05:12:18.330 V/CamX (31673): [ VERB][UTILS ] camxhashmap.cpp:210 GetInPlace() Key not found
09-30 05:12:18.330 V/CamX (31673): [ VERB][UTILS ] camxhashmap.cpp:210 GetInPlace() Key not found
09-30 05:12:18.330 V/CamX (31673): [ VERB][UTILS ] camxhashmap.cpp:210 GetInPlace() Key not found
09-30 05:12:18.330 V/CamX (31673): [ VERB][UTILS ] camxhashmap.cpp:210 GetInPlace() Key not found
09-30 05:12:18.330 V/CamX (31673): [ VERB][UTILS ] camxhashmap.cpp:210 GetInPlace() Key not found
09-30 05:12:18.330 V/CamX (31673): [ VERB][UTILS ] camxhashmap.cpp:210 GetInPlace() Key not found
09-30 05:12:18.330 V/CamX (31673): [ VERB][UTILS ] camxhashmap.cpp:210 GetInPlace() Key not found
09-30 05:12:18.330 V/CamX (31673): [ VERB][UTILS ] camxhashmap.cpp:210 GetInPlace() Key not found
09-30 05:12:18.330 V/CamX (31673): [ VERB][UTILS ] camxhashmap.cpp:210 GetInPlace() Key not found
09-30 05:12:18.330 V/CamX (31673): [ VERB][UTILS ] camxhashmap.cpp:210 GetInPlace() Key not found
09-30 05:12:18.330 V/CamX (31673): [ VERB][UTILS ] camxhashmap.cpp:210 GetInPlace() Key not found
09-30 05:12:18.330 V/CamX (31673): [ VERB][UTILS ] camxhashmap.cpp:210 GetInPlace() Key not found
09-30 05:12:18.330 V/CamX (31673): [ VERB][UTILS ] camxhashmap.cpp:210 GetInPlace() Key not found
09-30 05:12:18.330 V/CamX (31673): [ VERB][UTILS ] camxhashmap.cpp:210 GetInPlace() Key not found
09-30 05:12:18.330 V/CamX (31673): [ VERB][UTILS ] camxhashmap.cpp:210 GetInPlace() Key not found
09-30 05:12:18.330 V/CamX (31673): [ VERB][UTILS ] camxhashmap.cpp:210 GetInPlace() Key not found
09-30 05:12:18.330 V/CamX (31673): [ VERB][UTILS ] camxhashmap.cpp:210 GetInPlace() Key not found
09-30 05:12:18.331 V/CamX (31673): [ VERB][UTILS ] camxhashmap.cpp:210 GetInPlace() Key not found
09-30 05:12:18.331 V/CamX (31673): [ VERB][UTILS ] camxhashmap.cpp:210 GetInPlace() Key not found
09-30 05:12:18.331 V/CamX (31673): [ VERB][UTILS ] camxhashmap.cpp:210 GetInPlace() Key not found
09-30 05:12:18.331 V/CamX (31673): [ VERB][UTILS ] camxhashmap.cpp:210 GetInPlace() Key not found
09-30 05:12:18.331 V/CamX (31673): [ VERB][UTILS ] camxhashmap.cpp:210 GetInPlace() Key not found
09-30 05:12:18.331 V/CamX (31673): [ VERB][UTILS ] camxhashmap.cpp:210 GetInPlace() Key not found
09-30 05:12:18.331 V/CamX (31673): [ VERB][UTILS ] camxhashmap.cpp:210 GetInPlace() Key not found
09-30 05:12:18.331 V/CamX (31673): [ VERB][UTILS ] camxhashmap.cpp:210 GetInPlace() Key not found
09-30 05:12:18.331 V/CamX (31673): [ VERB][UTILS ] camxhashmap.cpp:210 GetInPlace() Key not found
09-30 05:12:18.331 V/CamX (31673): [ VERB][UTILS ] camxhashmap.cpp:210 GetInPlace() Key not found
09-30 05:12:18.331 V/CamX (31673): [ VERB][UTILS ] camxhashmap.cpp:210 GetInPlace() Key not found
09-30 05:12:18.331 V/CamX (31673): [ VERB][UTILS ] camxhashmap.cpp:210 GetInPlace() Key not found
09-30 05:12:18.331 V/CamX (31673): [ VERB][UTILS ] camxhashmap.cpp:210 GetInPlace() Key not found
09-30 05:12:18.331 V/CamX (31673): [ VERB][UTILS ] camxhashmap.cpp:210 GetInPlace() Key not found
09-30 05:12:18.331 V/CamX (31673): [ VERB][UTILS ] camxhashmap.cpp:210 GetInPlace() Key not found
09-30 05:12:18.331 V/CamX (31673): [ VERB][UTILS ] camxhashmap.cpp:210 GetInPlace() Key not found
09-30 05:12:18.331 V/CamX (31673): [ VERB][UTILS ] camxhashmap.cpp:210 GetInPlace() Key not found
09-30 05:12:18.332 V/CamX (31673): [ VERB][UTILS ] camxhashmap.cpp:210 GetInPlace() Key not found
09-30 05:12:18.332 V/CamX (31673): [ VERB][UTILS ] camxhashmap.cpp:210 GetInPlace() Key not found
09-30 05:12:18.332 V/CamX (31673): [ VERB][UTILS ] camxhashmap.cpp:210 GetInPlace() Key not found
09-30 05:12:18.332 V/CamX (31673): [ VERB][UTILS ] camxhashmap.cpp:210 GetInPlace() Key not found
09-30 05:12:18.332 V/CamX (31673): [ VERB][UTILS ] camxhashmap.cpp:210 GetInPlace() Key not found
09-30 05:12:18.332 V/CamX (31673): [ VERB][UTILS ] camxhashmap.cpp:210 GetInPlace() Key not found
09-30 05:12:18.332 V/CamX (31673): [ VERB][UTILS ] camxhashmap.cpp:210 GetInPlace() Key not found
09-30 05:12:18.332 V/CamX (31673): [ VERB][UTILS ] camxhashmap.cpp:210 GetInPlace() Key not found
09-30 05:12:18.332 V/CamX (31673): [ VERB][UTILS ] camxhashmap.cpp:210 GetInPlace() Key not found
09-30 05:12:18.332 V/CamX (31673): [ VERB][UTILS ] camxhashmap.cpp:210 GetInPlace() Key not found
09-30 05:12:18.332 V/CamX (31673): [ VERB][UTILS ] camxhashmap.cpp:210 GetInPlace() Key not found
09-30 05:12:18.332 V/CamX (31673): [ VERB][UTILS ] camxhashmap.cpp:210 GetInPlace() Key not found
09-30 05:12:18.332 V/CamX (31673): [ VERB][UTILS ] camxhashmap.cpp:210 GetInPlace() Key not found
09-30 05:12:18.332 V/CamX (31673): [ VERB][UTILS ] camxhashmap.cpp:210 GetInPlace() Key not found
09-30 05:12:18.332 V/CamX (31673): [ VERB][UTILS ] camxhashmap.cpp:210 GetInPlace() Key not found
09-30 05:12:18.332 V/CamX (31673): [ VERB][UTILS ] camxhashmap.cpp:210 GetInPlace() Key not found
09-30 05:12:18.332 V/CamX (31673): [ VERB][UTILS ] camxhashmap.cpp:210 GetInPlace() Key not found
09-30 05:12:18.332 V/CamX (31673): [ VERB][UTILS ] camxhashmap.cpp:210 GetInPlace() Key not found
09-30 05:12:18.332 V/CamX (31673): [ VERB][UTILS ] camxhashmap.cpp:210 GetInPlace() Key not found
09-30 05:12:18.332 V/CamX (31673): [ VERB][UTILS ] camxhashmap.cpp:210 GetInPlace() Key not found
09-30 05:12:18.332 V/CamX (31673): [ VERB][UTILS ] camxhashmap.cpp:210 GetInPlace() Key not found
09-30 05:12:18.332 V/CamX (31673): [ VERB][UTILS ] camxhashmap.cpp:210 GetInPlace() Key not found
09-30 05:12:18.332 V/CamX (31673): [ VERB][UTILS ] camxhashmap.cpp:210 GetInPlace() Key not found
09-30 05:12:18.333 V/CamX (31673): [ VERB][UTILS ] camxhashmap.cpp:210 GetInPlace() Key not found
09-30 05:12:18.333 V/CamX (31673): [ VERB][UTILS ] camxhashmap.cpp:210 GetInPlace() Key not found
09-30 05:12:18.333 V/CamX (31673): [ VERB][UTILS ] camxhashmap.cpp:210 GetInPlace() Key not found
09-30 05:12:18.333 V/CamX (31673): [ VERB][UTILS ] camxhashmap.cpp:210 GetInPlace() Key not found
09-30 05:12:18.333 V/CamX (31673): [ VERB][UTILS ] camxhashmap.cpp:210 GetInPlace() Key not found
09-30 05:12:18.333 V/CamX (31673): [ VERB][UTILS ] camxhashmap.cpp:210 GetInPlace() Key not found
09-30 05:12:18.333 V/CamX (31673): [ VERB][UTILS ] camxhashmap.cpp:210 GetInPlace() Key not found
09-30 05:12:18.333 V/CamX (31673): [ VERB][UTILS ] camxhashmap.cpp:210 GetInPlace() Key not found
09-30 05:12:18.333 V/CamX (31673): [ VERB][UTILS ] camxhashmap.cpp:210 GetInPlace() Key not found
09-30 05:12:18.333 V/CamX (31673): [ VERB][UTILS ] camxhashmap.cpp:210 GetInPlace() Key not found
09-30 05:12:18.333 V/CamX (31673): [ VERB][UTILS ] camxhashmap.cpp:210 GetInPlace() Key not found
09-30 05:12:18.333 V/CamX (31673): [ VERB][UTILS ] camxhashmap.cpp:210 GetInPlace() Key not found
09-30 05:12:18.333 V/CamX (31673): [ VERB][UTILS ] camxhashmap.cpp:210 GetInPlace() Key not found
09-30 05:12:18.333 V/CamX (31673): [ VERB][UTILS ] camxhashmap.cpp:210 GetInPlace() Key not found
09-30 05:12:18.333 V/CamX (31673): [ VERB][UTILS ] camxhashmap.cpp:210 GetInPlace() Key not found
09-30 05:12:18.333 V/CamX (31673): [ VERB][UTILS ] camxhashmap.cpp:210 GetInPlace() Key not found
09-30 05:12:18.333 V/CamX (31673): [ VERB][UTILS ] camxhashmap.cpp:210 GetInPlace() Key not found
09-30 05:12:18.333 V/CamX (31673): [ VERB][UTILS ] camxhashmap.cpp:210 GetInPlace() Key not found
09-30 05:12:18.333 V/CamX (31673): [ VERB][UTILS ] camxhashmap.cpp:210 GetInPlace() Key not found
09-30 05:12:18.333 V/CamX (31673): [ VERB][UTILS ] camxhashmap.cpp:210 GetInPlace() Key not found
09-30 05:12:18.333 V/CamX (31673): [ VERB][UTILS ] camxhashmap.cpp:210 GetInPlace() Key not found
09-30 05:12:18.333 V/CamX (31673): [ VERB][UTILS ] camxhashmap.cpp:210 GetInPlace() Key not found
09-30 05:12:18.333 V/CamX (31673): [ VERB][UTILS ] camxhashmap.cpp:210 GetInPlace() Key not found
09-30 05:12:18.333 V/CamX (31673): [ VERB][UTILS ] camxhashmap.cpp:210 GetInPlace() Key not found
09-30 05:12:18.333 V/CamX (31673): [ VERB][UTILS ] camxhashmap.cpp:210 GetInPlace() Key not found
09-30 05:12:18.334 V/CamX (31673): [ VERB][UTILS ] camxhashmap.cpp:210 GetInPlace() Key not found
09-30 05:12:18.334 V/CamX (31673): [ VERB][UTILS ] camxhashmap.cpp:210 GetInPlace() Key not found
09-30 05:12:18.334 V/CamX (31673): [ VERB][UTILS ] camxhashmap.cpp:210 GetInPlace() Key not found
09-30 05:12:18.334 V/CamX (31673): [ VERB][UTILS ] camxhashmap.cpp:210 GetInPlace() Key not found
09-30 05:12:18.334 V/CamX (31673): [ VERB][UTILS ] camxhashmap.cpp:210 GetInPlace() Key not found
09-30 05:12:18.334 V/CamX (31673): [ VERB][UTILS ] camxhashmap.cpp:210 GetInPlace() Key not found
09-30 05:12:18.334 V/CamX (31673): [ VERB][UTILS ] camxhashmap.cpp:210 GetInPlace() Key not found
09-30 05:12:18.334 V/CamX (31673): [ VERB][UTILS ] camxhashmap.cpp:210 GetInPlace() Key not found
09-30 05:12:18.334 V/CamX (31673): [ VERB][UTILS ] camxhashmap.cpp:210 GetInPlace() Key not found
09-30 05:12:18.334 V/CamX (31673): [ VERB][UTILS ] camxhashmap.cpp:210 GetInPlace() Key not found
09-30 05:12:18.334 V/CamX (31673): [ VERB][UTILS ] camxhashmap.cpp:210 GetInPlace() Key not found
09-30 05:12:18.334 V/CamX (31673): [ VERB][UTILS ] camxhashmap.cpp:210 GetInPlace() Key not found
09-30 05:12:18.334 V/CamX (31673): [ VERB][UTILS ] camxhashmap.cpp:210 GetInPlace() Key not found
09-30 05:12:18.334 V/CamX (31673): [ VERB][UTILS ] camxhashmap.cpp:210 GetInPlace() Key not found
09-30 05:12:18.334 V/CamX (31673): [ VERB][UTILS ] camxhashmap.cpp:210 GetInPlace() Key not found
09-30 05:12:18.334 V/CamX (31673): [ VERB][UTILS ] camxhashmap.cpp:210 GetInPlace() Key not found
09-30 05:12:18.334 V/CamX (31673): [ VERB][UTILS ] camxhashmap.cpp:210 GetInPlace() Key not found
09-30 05:12:18.334 V/CamX (31673): [ VERB][UTILS ] camxhashmap.cpp:210 GetInPlace() Key not found
09-30 05:12:18.334 V/CamX (31673): [ VERB][UTILS ] camxhashmap.cpp:210 GetInPlace() Key not found
09-30 05:12:18.334 V/CamX (31673): [ VERB][UTILS ] camxhashmap.cpp:210 GetInPlace() Key not found
09-30 05:12:18.334 V/CamX (31673): [ VERB][UTILS ] camxhashmap.cpp:210 GetInPlace() Key not found
09-30 05:12:18.334 V/CamX (31673): [ VERB][UTILS ] camxhashmap.cpp:210 GetInPlace() Key not found
09-30 05:12:18.334 V/CamX (31673): [ VERB][UTILS ] camxhashmap.cpp:210 GetInPlace() Key not found
09-30 05:12:18.334 V/CamX (31673): [ VERB][UTILS ] camxhashmap.cpp:210 GetInPlace() Key not found
09-30 05:12:18.334 V/CamX (31673): [ VERB][UTILS ] camxhashmap.cpp:210 GetInPlace() Key not found
09-30 05:12:18.334 V/CamX (31673): [ VERB][UTILS ] camxhashmap.cpp:210 GetInPlace() Key not found
09-30 05:12:18.334 V/CamX (31673): [ VERB][UTILS ] camxhashmap.cpp:210 GetInPlace() Key not found
09-30 05:12:18.335 V/CamX (31673): [ VERB][UTILS ] camxhashmap.cpp:210 GetInPlace() Key not found
09-30 05:12:18.335 V/CamX (31673): [ VERB][UTILS ] camxhashmap.cpp:210 GetInPlace() Key not found
09-30 05:12:18.335 V/CamX (31673): [ VERB][UTILS ] camxhashmap.cpp:210 GetInPlace() Key not found
09-30 05:12:18.335 V/CamX (31673): [ VERB][UTILS ] camxhashmap.cpp:210 GetInPlace() Key not found
09-30 05:12:18.335 V/CamX (31673): [ VERB][UTILS ] camxhashmap.cpp:210 GetInPlace() Key not found
09-30 05:12:18.335 V/CamX (31673): [ VERB][UTILS ] camxhashmap.cpp:210 GetInPlace() Key not found
09-30 05:12:18.335 V/CamX (31673): [ VERB][UTILS ] camxhashmap.cpp:210 GetInPlace() Key not found
09-30 05:12:18.335 V/CamX (31673): [ VERB][UTILS ] camxhashmap.cpp:210 GetInPlace() Key not found
09-30 05:12:18.335 V/CamX (31673): [ VERB][UTILS ] camxhashmap.cpp:210 GetInPlace() Key not found
09-30 05:12:18.335 V/CamX (31673): [ VERB][UTILS ] camxhashmap.cpp:210 GetInPlace() Key not found
09-30 05:12:18.335 V/CamX (31673): [ VERB][UTILS ] camxhashmap.cpp:210 GetInPlace() Key not found
09-30 05:12:18.335 V/CamX (31673): [ VERB][UTILS ] camxhashmap.cpp:210 GetInPlace() Key not found
09-30 05:12:18.335 V/CamX (31673): [ VERB][UTILS ] camxhashmap.cpp:210 GetInPlace() Key not found
09-30 05:12:18.335 V/CamX (31673): [ VERB][UTILS ] camxhashmap.cpp:210 GetInPlace() Key not found
09-30 05:12:18.335 V/CamX (31673): [ VERB][UTILS ] camxhashmap.cpp:210 GetInPlace() Key not found
09-30 05:12:18.335 V/CamX (31673): [ VERB][UTILS ] camxhashmap.cpp:210 GetInPlace() Key not found
09-30 05:12:18.335 V/CamX (31673): [ VERB][UTILS ] camxhashmap.cpp:210 GetInPlace() Key not found
09-30 05:12:18.336 V/CamX (31673): [ VERB][UTILS ] camxhashmap.cpp:210 GetInPlace() Key not found
09-30 05:12:18.336 V/CamX (31673): [ VERB][UTILS ] camxhashmap.cpp:210 GetInPlace() Key not found
09-30 05:12:18.336 V/CamX (31673): [ VERB][UTILS ] camxhashmap.cpp:210 GetInPlace() Key not found
09-30 05:12:18.336 V/CamX (31673): [ VERB][UTILS ] camxhashmap.cpp:210 GetInPlace() Key not found
09-30 05:12:18.336 V/CamX (31673): [ VERB][UTILS ] camxhashmap.cpp:210 GetInPlace() Key not found
09-30 05:12:18.336 V/CamX (31673): [ VERB][UTILS ] camxhashmap.cpp:210 GetInPlace() Key not found
09-30 05:12:18.336 V/CamX (31673): [ VERB][UTILS ] camxhashmap.cpp:210 GetInPlace() Key not found
09-30 05:12:18.336 V/CamX (31673): [ VERB][UTILS ] camxhashmap.cpp:210 GetInPlace() Key not found
09-30 05:12:18.336 V/CamX (31673): [ VERB][UTILS ] camxhashmap.cpp:210 GetInPlace() Key not found
09-30 05:12:18.336 V/CamX (31673): [ VERB][UTILS ] camxhashmap.cpp:210 GetInPlace() Key not found
09-30 05:12:18.336 V/CamX (31673): [ VERB][UTILS ] camxhashmap.cpp:210 GetInPlace() Key not found
09-30 05:12:18.336 V/CamX (31673): [ VERB][UTILS ] camxhashmap.cpp:210 GetInPlace() Key not found
09-30 05:12:18.336 V/CamX (31673): [ VERB][UTILS ] camxhashmap.cpp:210 GetInPlace() Key not found
09-30 05:12:18.336 V/CamX (31673): [ VERB][UTILS ] camxhashmap.cpp:210 GetInPlace() Key not found
09-30 05:12:18.336 V/CamX (31673): [ VERB][UTILS ] camxhashmap.cpp:210 GetInPlace() Key not found
09-30 05:12:18.336 V/CamX (31673): [ VERB][UTILS ] camxhashmap.cpp:210 GetInPlace() Key not found
09-30 05:12:18.336 V/CamX (31673): [ VERB][UTILS ] camxhashmap.cpp:210 GetInPlace() Key not found
09-30 05:12:18.336 V/CamX (31673): [ VERB][UTILS ] camxhashmap.cpp:210 GetInPlace() Key not found
09-30 05:12:18.336 V/CamX (31673): [ VERB][UTILS ] camxhashmap.cpp:210 GetInPlace() Key not found
09-30 05:12:18.336 V/CamX (31673): [ VERB][UTILS ] camxhashmap.cpp:210 GetInPlace() Key not found
09-30 05:12:18.336 V/CamX (31673): [ VERB][UTILS ] camxhashmap.cpp:210 GetInPlace() Key not found
09-30 05:12:18.336 V/CamX (31673): [ VERB][UTILS ] camxhashmap.cpp:210 GetInPlace() Key not found
09-30 05:12:18.336 V/CamX (31673): [ VERB][UTILS ] camxhashmap.cpp:210 GetInPlace() Key not found
09-30 05:12:18.336 V/CamX (31673): [ VERB][UTILS ] camxhashmap.cpp:210 GetInPlace() Key not found
09-30 05:12:18.336 V/CamX (31673): [ VERB][UTILS ] camxhashmap.cpp:210 GetInPlace() Key not found
09-30 05:12:18.337 V/CamX (31673): [ VERB][UTILS ] camxhashmap.cpp:210 GetInPlace() Key not found
09-30 05:12:18.337 V/CamX (31673): [ VERB][UTILS ] camxhashmap.cpp:210 GetInPlace() Key not found
09-30 05:12:18.337 V/CamX (31673): [ VERB][UTILS ] camxhashmap.cpp:210 GetInPlace() Key not found
09-30 05:12:18.337 V/CamX (31673): [ VERB][UTILS ] camxhashmap.cpp:210 GetInPlace() Key not found
09-30 05:12:18.337 V/CamX (31673): [ VERB][UTILS ] camxhashmap.cpp:210 GetInPlace() Key not found
09-30 05:12:18.337 V/CamX (31673): [ VERB][UTILS ] camxhashmap.cpp:210 GetInPlace() Key not found
09-30 05:12:18.337 V/CamX (31673): [ VERB][UTILS ] camxhashmap.cpp:210 GetInPlace() Key not found
09-30 05:12:18.337 V/CamX (31673): [ VERB][UTILS ] camxhashmap.cpp:210 GetInPlace() Key not found
09-30 05:12:18.337 V/CamX (31673): [ VERB][UTILS ] camxhashmap.cpp:210 GetInPlace() Key not found
09-30 05:12:18.337 V/CamX (31673): [ VERB][UTILS ] camxhashmap.cpp:210 GetInPlace() Key not found
09-30 05:12:18.337 V/CamX (31673): [ VERB][UTILS ] camxhashmap.cpp:210 GetInPlace() Key not found
09-30 05:12:18.337 V/CamX (31673): [ VERB][UTILS ] camxhashmap.cpp:210 GetInPlace() Key not found
09-30 05:12:18.337 V/CamX (31673): [ VERB][UTILS ] camxhashmap.cpp:210 GetInPlace() Key not found
09-30 05:12:18.337 V/CamX (31673): [ VERB][UTILS ] camxhashmap.cpp:210 GetInPlace() Key not found
09-30 05:12:18.337 V/CamX (31673): [ VERB][UTILS ] camxhashmap.cpp:210 GetInPlace() Key not found
09-30 05:12:18.337 V/CamX (31673): [ VERB][UTILS ] camxhashmap.cpp:210 GetInPlace() Key not found
09-30 05:12:18.337 V/CamX (31673): [ VERB][UTILS ] camxhashmap.cpp:210 GetInPlace() Key not found
09-30 05:12:18.337 V/CamX (31673): [ VERB][UTILS ] camxhashmap.cpp:210 GetInPlace() Key not found
09-30 05:12:18.337 V/CamX (31673): [ VERB][UTILS ] camxhashmap.cpp:210 GetInPlace() Key not found
09-30 05:12:18.337 V/CamX (31673): [ VERB][UTILS ] camxhashmap.cpp:210 GetInPlace() Key not found
09-30 05:12:18.337 V/CamX (31673): [ VERB][UTILS ] camxhashmap.cpp:210 GetInPlace() Key not found
09-30 05:12:18.337 V/CamX (31673): [ VERB][UTILS ] camxhashmap.cpp:210 GetInPlace() Key not found
09-30 05:12:18.337 V/CamX (31673): [ VERB][UTILS ] camxhashmap.cpp:210 GetInPlace() Key not found
09-30 05:12:18.337 V/CamX (31673): [ VERB][UTILS ] camxhashmap.cpp:210 GetInPlace() Key not found
09-30 05:12:18.338 V/CamX (31673): [ VERB][UTILS ] camxhashmap.cpp:210 GetInPlace() Key not found
09-30 05:12:18.338 V/CamX (31673): [ VERB][UTILS ] camxhashmap.cpp:210 GetInPlace() Key not found
09-30 05:12:18.338 V/CamX (31673): [ VERB][UTILS ] camxhashmap.cpp:210 GetInPlace() Key not found
09-30 05:12:18.338 V/CamX (31673): [ VERB][UTILS ] camxhashmap.cpp:210 GetInPlace() Key not found
09-30 05:12:18.338 V/CamX (31673): [ VERB][UTILS ] camxhashmap.cpp:210 GetInPlace() Key not found
09-30 05:12:18.338 V/CamX (31673): [ VERB][UTILS ] camxhashmap.cpp:210 GetInPlace() Key not found
09-30 05:12:18.338 V/CamX (31673): [ VERB][UTILS ] camxhashmap.cpp:210 GetInPlace() Key not found
09-30 05:12:18.338 V/CamX (31673): [ VERB][UTILS ] camxhashmap.cpp:210 GetInPlace() Key not found
09-30 05:12:18.338 V/CamX (31673): [ VERB][UTILS ] camxhashmap.cpp:210 GetInPlace() Key not found
09-30 05:12:18.338 V/CamX (31673): [ VERB][UTILS ] camxhashmap.cpp:210 GetInPlace() Key not found
09-30 05:12:18.338 V/CamX (31673): [ VERB][UTILS ] camxhashmap.cpp:210 GetInPlace() Key not found
09-30 05:12:18.338 V/CamX (31673): [ VERB][UTILS ] camxhashmap.cpp:210 GetInPlace() Key not found
09-30 05:12:18.338 V/CamX (31673): [ VERB][UTILS ] camxhashmap.cpp:210 GetInPlace() Key not found
09-30 05:12:18.338 V/CamX (31673): [ VERB][UTILS ] camxhashmap.cpp:210 GetInPlace() Key not found
09-30 05:12:18.338 V/CamX (31673): [ VERB][UTILS ] camxhashmap.cpp:210 GetInPlace() Key not found
09-30 05:12:18.338 V/CamX (31673): [ VERB][UTILS ] camxhashmap.cpp:210 GetInPlace() Key not found
09-30 05:12:18.338 V/CamX (31673): [ VERB][UTILS ] camxhashmap.cpp:210 GetInPlace() Key not found
09-30 05:12:18.338 V/CamX (31673): [ VERB][UTILS ] camxhashmap.cpp:210 GetInPlace() Key not found
09-30 05:12:18.338 V/CamX (31673): [ VERB][UTILS ] camxhashmap.cpp:210 GetInPlace() Key not found
09-30 05:12:18.338 V/CamX (31673): [ VERB][UTILS ] camxhashmap.cpp:210 GetInPlace() Key not found
09-30 05:12:18.338 V/CamX (31673): [ VERB][UTILS ] camxhashmap.cpp:210 GetInPlace() Key not found
09-30 05:12:18.338 V/CamX (31673): [ VERB][UTILS ] camxhashmap.cpp:210 GetInPlace() Key not found
09-30 05:12:18.338 V/CamX (31673): [ VERB][UTILS ] camxhashmap.cpp:210 GetInPlace() Key not found
09-30 05:12:18.338 V/CamX (31673): [ VERB][UTILS ] camxhashmap.cpp:210 GetInPlace() Key not found
09-30 05:12:18.339 V/CamX (31673): [ VERB][UTILS ] camxhashmap.cpp:210 GetInPlace() Key not found
09-30 05:12:18.339 V/CamX (31673): [ VERB][UTILS ] camxhashmap.cpp:210 GetInPlace() Key not found
09-30 05:12:18.339 V/CamX (31673): [ VERB][UTILS ] camxhashmap.cpp:210 GetInPlace() Key not found
09-30 05:12:18.339 V/CamX (31673): [ VERB][UTILS ] camxhashmap.cpp:210 GetInPlace() Key not found
09-30 05:12:18.339 V/CamX (31673): [ VERB][UTILS ] camxhashmap.cpp:210 GetInPlace() Key not found
09-30 05:12:18.339 V/CamX (31673): [ VERB][UTILS ] camxhashmap.cpp:210 GetInPlace() Key not found
09-30 05:12:18.339 V/CamX (31673): [ VERB][UTILS ] camxhashmap.cpp:210 GetInPlace() Key not found
09-30 05:12:18.339 V/CamX (31673): [ VERB][UTILS ] camxhashmap.cpp:210 GetInPlace() Key not found
09-30 05:12:18.339 V/CamX (31673): [ VERB][UTILS ] camxhashmap.cpp:210 GetInPlace() Key not found
09-30 05:12:18.339 V/CamX (31673): [ VERB][UTILS ] camxhashmap.cpp:210 GetInPlace() Key not found
01-01 15:15:48.383 D/ ( 0): mv2112_read_status
09-30 05:12:18.339 V/CamX (31673): [ VERB][UTILS ] camxhashmap.cpp:210 GetInPlace() Key not found
01-01 15:15:48.387 D/mv2112_update_link( 0): 3.0x901(1G): 0x80
09-30 05:12:18.339 V/CamX (31673): [ VERB][UTILS ] camxhashmap.cpp:210 GetInPlace() Key not found
09-30 05:12:18.339 V/CamX (31673): [ VERB][UTILS ] camxhashmap.cpp:210 GetInPlace() Key not found
09-30 05:12:18.339 V/CamX (31673): [ VERB][UTILS ] camxhashmap.cpp:210 GetInPlace() Key not found
09-30 05:12:18.339 V/CamX (31673): [ VERB][UTILS ] camxhashmap.cpp:210 GetInPlace() Key not found
09-30 05:12:18.339 V/CamX (31673): [ VERB][UTILS ] camxhashmap.cpp:210 GetInPlace() Key not found
09-30 05:12:18.339 V/CamX (31673): [ VERB][UTILS ] camxhashmap.cpp:210 GetInPlace() Key not found
09-30 05:12:18.339 V/CamX (31673): [ VERB][UTILS ] camxhashmap.cpp:210 GetInPlace() Key not found
09-30 05:12:18.339 V/CamX (31673): [ VERB][UTILS ] camxhashmap.cpp:210 GetInPlace() Key not found
09-30 05:12:18.339 V/CamX (31673): [ VERB][UTILS ] camxhashmap.cpp:210 GetInPlace() Key not found
09-30 05:12:18.339 V/CamX (31673): [ VERB][UTILS ] camxhashmap.cpp:210 GetInPlace() Key not found
09-30 05:12:18.339 V/CamX (31673): [ VERB][UTILS ] camxhashmap.cpp:210 GetInPlace() Key not found
09-30 05:12:18.339 V/CamX (31673): [ VERB][UTILS ] camxhashmap.cpp:210 GetInPlace() Key not found
09-30 05:12:18.339 V/CamX (31673): [ VERB][UTILS ] camxhashmap.cpp:210 GetInPlace() Key not found
09-30 05:12:18.339 V/CamX (31673): [ VERB][UTILS ] camxhashmap.cpp:210 GetInPlace() Key not found
09-30 05:12:18.339 V/CamX (31673): [ VERB][UTILS ] camxhashmap.cpp:210 GetInPlace() Key not found
09-30 05:12:18.339 V/CamX (31673): [ VERB][UTILS ] camxhashmap.cpp:210 GetInPlace() Key not found
09-30 05:12:18.340 V/CamX (31673): [ VERB][UTILS ] camxhashmap.cpp:210 GetInPlace() Key not found
09-30 05:12:18.340 V/CamX (31673): [ VERB][UTILS ] camxhashmap.cpp:210 GetInPlace() Key not found
09-30 05:12:18.340 V/CamX (31673): [ VERB][UTILS ] camxhashmap.cpp:210 GetInPlace() Key not found
09-30 05:12:18.340 V/CamX (31673): [ VERB][UTILS ] camxhashmap.cpp:210 GetInPlace() Key not found
09-30 05:12:18.340 V/CamX (31673): [ VERB][UTILS ] camxhashmap.cpp:210 GetInPlace() Key not found
09-30 05:12:18.340 V/CamX (31673): [ VERB][UTILS ] camxhashmap.cpp:210 GetInPlace() Key not found
09-30 05:12:18.340 V/CamX (31673): [ VERB][UTILS ] camxhashmap.cpp:210 GetInPlace() Key not found
09-30 05:12:18.340 V/CamX (31673): [ VERB][UTILS ] camxhashmap.cpp:210 GetInPlace() Key not found
09-30 05:12:18.340 V/CamX (31673): [ VERB][UTILS ] camxhashmap.cpp:210 GetInPlace() Key not found
09-30 05:12:18.340 V/CamX (31673): [ VERB][UTILS ] camxhashmap.cpp:210 GetInPlace() Key not found
09-30 05:12:18.340 V/CamX (31673): [ VERB][UTILS ] camxhashmap.cpp:210 GetInPlace() Key not found
09-30 05:12:18.340 V/CamX (31673): [ VERB][UTILS ] camxhashmap.cpp:210 GetInPlace() Key not found
09-30 05:12:18.340 V/CamX (31673): [ VERB][UTILS ] camxhashmap.cpp:210 GetInPlace() Key not found
09-30 05:12:18.340 V/CamX (31673): [ VERB][UTILS ] camxhashmap.cpp:210 GetInPlace() Key not found
09-30 05:12:18.340 V/CamX (31673): [ VERB][UTILS ] camxhashmap.cpp:210 GetInPlace() Key not found
09-30 05:12:18.340 V/CamX (31673): [ VERB][UTILS ] camxhashmap.cpp:210 GetInPlace() Key not found
09-30 05:12:18.340 V/CamX (31673): [ VERB][UTILS ] camxhashmap.cpp:210 GetInPlace() Key not found
09-30 05:12:18.340 V/CamX (31673): [ VERB][UTILS ] camxhashmap.cpp:210 GetInPlace() Key not found
09-30 05:12:18.340 V/CamX (31673): [ VERB][UTILS ] camxhashmap.cpp:210 GetInPlace() Key not found
09-30 05:12:18.340 V/CamX (31673): [ VERB][UTILS ] camxhashmap.cpp:210 GetInPlace() Key not found
09-30 05:12:18.340 V/CamX (31673): [ VERB][UTILS ] camxhashmap.cpp:210 GetInPlace() Key not found
09-30 05:12:18.340 V/CamX (31673): [ VERB][UTILS ] camxhashmap.cpp:210 GetInPlace() Key not found
09-30 05:12:18.340 V/CamX (31673): [ VERB][UTILS ] camxhashmap.cpp:210 GetInPlace() Key not found
09-30 05:12:18.340 V/CamX (31673): [ VERB][UTILS ] camxhashmap.cpp:210 GetInPlace() Key not found
09-30 05:12:18.340 V/CamX (31673): [ VERB][UTILS ] camxhashmap.cpp:210 GetInPlace() Key not found
09-30 05:12:18.340 V/CamX (31673): [ VERB][UTILS ] camxhashmap.cpp:210 GetInPlace() Key not found
09-30 05:12:18.340 V/CamX (31673): [ VERB][UTILS ] camxhashmap.cpp:210 GetInPlace() Key not found
09-30 05:12:18.341 V/CamX (31673): [ VERB][UTILS ] camxhashmap.cpp:210 GetInPlace() Key not found
09-30 05:12:18.341 V/CamX (31673): [ VERB][UTILS ] camxhashmap.cpp:210 GetInPlace() Key not found
09-30 05:12:18.341 V/CamX (31673): [ VERB][UTILS ] camxhashmap.cpp:210 GetInPlace() Key not found
09-30 05:12:18.341 V/CamX (31673): [ VERB][UTILS ] camxhashmap.cpp:210 GetInPlace() Key not found
09-30 05:12:18.341 V/CamX (31673): [ VERB][UTILS ] camxhashmap.cpp:210 GetInPlace() Key not found
01-01 15:15:48.392 D/mv2112_update_link( 0): 3.0x8109(100M): 0x0
09-30 05:12:18.341 V/CamX (31673): [ VERB][UTILS ] camxhashmap.cpp:210 GetInPlace() Key not found
09-30 05:12:18.341 V/CamX (31673): [ VERB][UTILS ] camxhashmap.cpp:210 GetInPlace() Key not found
09-30 05:12:18.341 V/CamX (31673): [ VERB][UTILS ] camxhashmap.cpp:210 GetInPlace() Key not found
09-30 05:12:18.341 V/CamX (31673): [ VERB][UTILS ] camxhashmap.cpp:210 GetInPlace() Key not found
09-30 05:12:18.341 V/CamX (31673): [ VERB][UTILS ] camxhashmap.cpp:210 GetInPlace() Key not found
09-30 05:12:18.341 V/CamX (31673): [ VERB][UTILS ] camxhashmap.cpp:210 GetInPlace() Key not found
09-30 05:12:18.341 V/CamX (31673): [ VERB][UTILS ] camxhashmap.cpp:210 GetInPlace() Key not found
09-30 05:12:18.341 V/CamX (31673): [ VERB][UTILS ] camxhashmap.cpp:210 GetInPlace() Key not found
09-30 05:12:18.341 V/CamX (31673): [ VERB][UTILS ] camxhashmap.cpp:210 GetInPlace() Key not found
09-30 05:12:18.341 V/CamX (31673): [ VERB][UTILS ] camxhashmap.cpp:210 GetInPlace() Key not found
09-30 05:12:18.341 V/CamX (31673): [ VERB][UTILS ] camxhashmap.cpp:210 GetInPlace() Key not found
09-30 05:12:18.341 V/CamX (31673): [ VERB][UTILS ] camxhashmap.cpp:210 GetInPlace() Key not found
09-30 05:12:18.341 V/CamX (31673): [ VERB][UTILS ] camxhashmap.cpp:210 GetInPlace() Key not found
09-30 05:12:18.341 V/CamX (31673): [ VERB][UTILS ] camxhashmap.cpp:210 GetInPlace() Key not found
09-30 05:12:18.341 V/CamX (31673): [ VERB][UTILS ] camxhashmap.cpp:210 GetInPlace() Key not found
09-30 05:12:18.342 V/CamX (31673): [ VERB][UTILS ] camxhashmap.cpp:210 GetInPlace() Key not found
09-30 05:12:18.342 V/CamX (31673): [ VERB][UTILS ] camxhashmap.cpp:210 GetInPlace() Key not found
09-30 05:12:18.342 V/CamX (31673): [ VERB][UTILS ] camxhashmap.cpp:210 GetInPlace() Key not found
09-30 05:12:18.342 V/CamX (31673): [ VERB][UTILS ] camxhashmap.cpp:210 GetInPlace() Key not found
09-30 05:12:18.342 V/CamX (31673): [ VERB][UTILS ] camxhashmap.cpp:210 GetInPlace() Key not found
09-30 05:12:18.342 V/CamX (31673): [ VERB][UTILS ] camxhashmap.cpp:210 GetInPlace() Key not found
09-30 05:12:18.342 V/CamX (31673): [ VERB][UTILS ] camxhashmap.cpp:210 GetInPlace() Key not found
09-30 05:12:18.342 V/CamX (31673): [ VERB][UTILS ] camxhashmap.cpp:210 GetInPlace() Key not found
09-30 05:12:18.342 V/CamX (31673): [ VERB][UTILS ] camxhashmap.cpp:210 GetInPlace() Key not found
09-30 05:12:18.342 V/CamX (31673): [ VERB][UTILS ] camxhashmap.cpp:210 GetInPlace() Key not found
09-30 05:12:18.342 V/CamX (31673): [ VERB][UTILS ] camxhashmap.cpp:210 GetInPlace() Key not found
09-30 05:12:18.342 V/CamX (31673): [ VERB][UTILS ] camxhashmap.cpp:210 GetInPlace() Key not found
09-30 05:12:18.342 V/CamX (31673): [ VERB][UTILS ] camxhashmap.cpp:210 GetInPlace() Key not found
09-30 05:12:18.342 V/CamX (31673): [ VERB][UTILS ] camxhashmap.cpp:210 GetInPlace() Key not found
09-30 05:12:18.342 V/CamX (31673): [ VERB][UTILS ] camxhashmap.cpp:210 GetInPlace() Key not found
09-30 05:12:18.342 V/CamX (31673): [ VERB][UTILS ] camxhashmap.cpp:210 GetInPlace() Key not found
09-30 05:12:18.342 V/CamX (31673): [ VERB][UTILS ] camxhashmap.cpp:210 GetInPlace() Key not found
09-30 05:12:18.342 V/CamX (31673): [ VERB][UTILS ] camxhashmap.cpp:210 GetInPlace() Key not found
09-30 05:12:18.342 V/CamX (31673): [ VERB][UTILS ] camxhashmap.cpp:210 GetInPlace() Key not found
09-30 05:12:18.342 V/CamX (31673): [ VERB][UTILS ] camxhashmap.cpp:210 GetInPlace() Key not found
09-30 05:12:18.342 V/CamX (31673): [ VERB][UTILS ] camxhashmap.cpp:210 GetInPlace() Key not found
09-30 05:12:18.343 V/CamX (31673): [ VERB][UTILS ] camxhashmap.cpp:210 GetInPlace() Key not found
09-30 05:12:18.343 V/CamX (31673): [ VERB][UTILS ] camxhashmap.cpp:210 GetInPlace() Key not found
09-30 05:12:18.343 V/CamX (31673): [ VERB][UTILS ] camxhashmap.cpp:210 GetInPlace() Key not found
09-30 05:12:18.343 V/CamX (31673): [ VERB][UTILS ] camxhashmap.cpp:210 GetInPlace() Key not found
09-30 05:12:18.343 V/CamX (31673): [ VERB][UTILS ] camxhashmap.cpp:210 GetInPlace() Key not found
09-30 05:12:18.343 V/CamX (31673): [ VERB][UTILS ] camxhashmap.cpp:210 GetInPlace() Key not found
09-30 05:12:18.343 E/CamX (31673): [ERROR][CSL ] camxcslhw.cpp:97 CSLInitializeHW() Failed to acquire requestManager invalid
09-30 05:12:18.343 E/CamX (31673): [ERROR][CORE ] camxhwenvironment.cpp:325 Initialize() FATAL ERROR: Raise SigAbort. HwEnvironment initialization failed
09-30 05:12:18.344 F/libc (31673): Fatal signal 6 (SIGABRT), code -6 (SI_TKILL) in tid 31673 (android.hardwar), pid 31673 (android.hardwar)
01-01 15:15:48.397 D/mv2112_update_link( 0): link 0x0
01-01 15:15:48.401 D/mv2112_read_status( 0): autoneg is disabled
09-30 05:12:18.505 I/crash_dump64(31677): obtaining output fd from tombstoned, type: kDebuggerdTombstoneProto
09-30 05:12:18.507 I/tombstoned( 629): received crash request for pid 31673
09-30 05:12:18.509 I/crash_dump64(31677): performing dump of process 31673 (target tid = 31673)
09-30 05:12:18.520 E/DEBUG (31677): failed to read /proc/uptime: Permission denied
01-01 15:15:48.799 I/logd ( 0): logdr: UID=1047 GID=1005 PID=31677 n tail=0 logMask=8 pid=31673 start=0ns deadline=0ns
01-01 15:15:48.814 I/logd ( 0): logdr: UID=1047 GID=1005 PID=31677 n tail=0 logMask=1 pid=31673 start=0ns deadline=0ns
09-30 05:12:18.822 F/DEBUG (31677): *** *** *** *** *** *** *** *** *** *** *** *** *** *** *** ***
09-30 05:12:18.823 F/DEBUG (31677): Build fingerprint: 'TC/figure_CN/figure:12/SKQ1.220201.001/1010:userdebug/test-keys'
09-30 05:12:18.823 F/DEBUG (31677): Revision: '0'
09-30 05:12:18.823 F/DEBUG (31677): ABI: 'arm64'
09-30 05:12:18.823 F/DEBUG (31677): Timestamp: 2022-09-30 05:12:18.518060585+0800
09-30 05:12:18.823 F/DEBUG (31677): Process uptime: 0s
09-30 05:12:18.823 F/DEBUG (31677): Cmdline: /vendor/bin/hw/android.hardware.camera.provider@2.4-service_64
09-30 05:12:18.823 F/DEBUG (31677): pid: 31673, tid: 31673, name: android.hardwar >>> /vendor/bin/hw/android.hardware.camera.provider@2.4-service_64 <<<
09-30 05:12:18.823 F/DEBUG (31677): uid: 1047
09-30 05:12:18.823 F/DEBUG (31677): signal 6 (SIGABRT), code -6 (SI_TKILL), fault addr --------
09-30 05:12:18.823 F/DEBUG (31677): x0 0000000000000000 x1 0000000000007bb9 x2 0000000000000006 x3 0000000000000000
09-30 05:12:18.823 F/DEBUG (31677): x4 00000000000cd288 x5 00000000000cd288 x6 00000000000cd288 x7 7f7f7f7f7f7f7f7f
09-30 05:12:18.824 F/DEBUG (31677): x8 0000000000000083 x9 edbdcc160f99b9bd x10 0000007fd1b2f8a8 x11 fffffffffffffffd
09-30 05:12:18.824 F/DEBUG (31677): x12 0000007662fab000 x13 0000000000000000 x14 0000007fd1b30030 x15 0000000034155555
09-30 05:12:18.824 F/DEBUG (31677): x16 000000797c9915a0 x17 000000797c96d7c0 x18 0000007982e6a000 x19 000000766167e53c
09-30 05:12:18.824 F/DEBUG (31677): x20 b40000768c8652d0 x21 0000007982294000 x22 0000007fd1b3050c x23 0000007661df5aa0
09-30 05:12:18.824 F/DEBUG (31677): x24 0000007661d95fc0 x25 0000007661d3fdb0 x26 0000000000000060 x27 0000000000000000
09-30 05:12:18.824 F/DEBUG (31677): x28 b4000076bc85d628 x29 0000007fd1b5c950
09-30 05:12:18.824 F/DEBUG (31677): lr 0000007661c777dc sp 0000007fd1b304a0 pc 000000797c96d7cc pst 0000000000001000
09-30 05:12:18.824 F/DEBUG (31677): backtrace:
09-30 05:12:18.824 F/DEBUG (31677): #00 pc 00000000000a17cc /apex/com.android.runtime/lib64/bionic/libc.so (tgkill+12) (BuildId: 369edc656806aeaf384cbeb8f7a347af)
09-30 05:12:18.825 F/DEBUG (31677): #01 pc 00000000006457d8 /vendor/lib64/hw/camera.qcom.so (CamX::HwEnvironment::GetInstance() (.cfi)+6368) (BuildId: b1384079992d9d7d882d76efbcfea07f)
09-30 05:12:18.825 F/DEBUG (31677): #02 pc 0000000000266a50 /vendor/lib64/hw/camera.qcom.so (CamX::HAL3Module::GetInstance()+664) (BuildId: b1384079992d9d7d882d76efbcfea07f)
09-30 05:12:18.825 F/DEBUG (31677): #03 pc 000000000025a294 /vendor/lib64/hw/camera.qcom.so (CamX::get_number_of_cameras() (.cfi)+84) (BuildId: b1384079992d9d7d882d76efbcfea07f)
09-30 05:12:18.825 F/DEBUG (31677): #04 pc 0000000000034908 /vendor/lib64/android.hardware.camera.provider@2.4-legacy.so (android::hardware::camera::common::V1_0::helper::CameraModule::init()+200) (BuildId: c456d5ffa961e6c6954debfeaac86fd5)
09-30 05:12:18.825 F/DEBUG (31677): #05 pc 0000000000026e48 /vendor/lib64/android.hardware.camera.provider@2.4-legacy.so (android::hardware::camera::provider::V2_4::implementation::LegacyCameraProviderImpl_2_4::initialize()+140) (BuildId: c456d5ffa961e6c6954debfeaac86fd5)
09-30 05:12:18.825 F/DEBUG (31677): #06 pc 0000000000026638 /vendor/lib64/android.hardware.camera.provider@2.4-legacy.so (android::hardware::camera::provider::V2_4::implementation::LegacyCameraProviderImpl_2_4::LegacyCameraProviderImpl_2_4()+160) (BuildId: c456d5ffa961e6c6954debfeaac86fd5)
09-30 05:12:18.825 F/DEBUG (31677): #07 pc 000000000000415c /vendor/lib64/hw/android.hardware.camera.provider@2.4-impl.so (android::hardware::camera::provider::V2_4::implementation::CameraProvider* android::hardware::camera::provider::V2_4::implementation::getProviderImpl() (.cfi)+64) (BuildId: 5e2f33df9f94aadf6b2d7d01985be38c)
09-30 05:12:18.825 F/DEBUG (31677): #08 pc 0000000000051d94 /apex/com.android.vndk.v30/lib64/libhidlbase.so (android::hardware::PassthroughServiceManager::get(android::hardware::hidl_string const&, android::hardware::hidl_string const&)::'lambda'(void*, std::__1::basic_string, std::__1::allocator > const&, std::__1::basic_string, std::__1::allocator > const&)::operator()(void*, std::__1::basic_string, std::__1::allocator > const&, std::__1::basic_string, std::__1::allocator > const&) const+96) (BuildId: fc3e2389a057aeefafa6557f6d78a06b)
09-30 05:12:18.825 F/DEBUG (31677): #09 pc 000000000004cdf0 /apex/com.android.vndk.v30/lib64/libhidlbase.so (android::hardware::PassthroughServiceManager::openLibs(std::__1::basic_string, std::__1::allocator > const&, std::__1::function, std::__1::allocator > const&, std::__1::basic_string, std::__1::allocator > const&)> const&)+944) (BuildId: fc3e2389a057aeefafa6557f6d78a06b)
09-30 05:12:18.825 F/DEBUG (31677): #10 pc 00000000000502a0 /apex/com.android.vndk.v30/lib64/libhidlbase.so (android::hardware::PassthroughServiceManager::get(android::hardware::hidl_string const&, android::hardware::hidl_string const&)+92) (BuildId: fc3e2389a057aeefafa6557f6d78a06b)
09-30 05:12:18.825 F/DEBUG (31677): #11 pc 000000000004dd8c /apex/com.android.vndk.v30/lib64/libhidlbase.so (android::hardware::details::getRawServiceInternal(std::__1::basic_string, std::__1::allocator > const&, std::__1::basic_string, std::__1::allocator > const&, bool, bool)+1488) (BuildId: fc3e2389a057aeefafa6557f6d78a06b)
09-30 05:12:18.826 F/DEBUG (31677): #12 pc 000000000004b91c /apex/com.android.vndk.v30/lib64/libhidlbase.so (android::hardware::details::registerPassthroughServiceImplementation(std::__1::basic_string, std::__1::allocator > const&, std::__1::basic_string, std::__1::allocator > const&, std::__1::function const&, std::__1::basic_string, std::__1::allocator > const&)>, std::__1::basic_string, std::__1::allocator > const&)+80) (BuildId: fc3e2389a057aeefafa6557f6d78a06b)
09-30 05:12:18.826 F/DEBUG (31677): #13 pc 000000000004bc9c /apex/com.android.vndk.v30/lib64/libhidlbase.so (android::hardware::registerPassthroughServiceImplementation(std::__1::basic_string, std::__1::allocator > const&, std::__1::basic_string, std::__1::allocator > const&, std::__1::basic_string, std::__1::allocator > const&)+56) (BuildId: fc3e2389a057aeefafa6557f6d78a06b)
09-30 05:12:18.826 F/DEBUG (31677): #14 pc 0000000000001130 /vendor/bin/hw/android.hardware.camera.provider@2.4-service_64 (main.cfi+196) (BuildId: a1ba6e409ca848af1f0b7c62860af7da)
09-30 05:12:18.826 F/DEBUG (31677): #15 pc 000000000004a084 /apex/com.android.runtime/lib64/bionic/libc.so (__libc_init+100) (BuildId: 369edc656806aeaf384cbeb8f7a347af)
09-30 05:12:18.870 I/mpu_uart( 648): [MSG-P:RECV]:No message received in 1000 ms
09-30 05:12:18.884 W/NativeCrashListener( 1131): Couldn't find ProcessRecord for pid 31673
09-30 05:12:18.885 E/crash_dump64(31677): AM data write failed: Broken pipe
09-30 05:12:18.888 E/tombstoned( 629): Tombstone written to: tombstone_25
09-30 05:12:18.902 I/BootReceiver( 1131): Copying /data/tombstones/tombstone_25 to DropBox (SYSTEM_TOMBSTONE)
09-30 05:12:18.903 I/DropBoxManagerService( 1131): add tag=SYSTEM_TOMBSTONE isTagEnabled=true flags=0x6
09-30 05:12:18.914 I/dropbox_file_copy( 1131): [/data/tombstones/tombstone_25,98304,SYSTEM_TOMBSTONE]
09-30 05:12:18.924 I/commit_sys_config_file( 1131): [log-files,9794343]
09-30 05:12:18.925 E/NativeTombstoneManager( 1131): Tombstone's UID (1047) not an app, ignoring
09-30 05:12:18.926 I/DropBoxManagerService( 1131): add tag=SYSTEM_TOMBSTONE_PROTO isTagEnabled=true flags=0x4
09-30 05:12:18.946 I/commit_sys_config_file( 1131): [log-files,9794365]
01-01 15:15:49.407 D/ ( 0): mv2112_read_status
01-01 15:15:49.411 D/mv2112_update_link( 0): 3.0x901(1G): 0x80
01-01 15:15:49.417 D/mv2112_update_link( 0): 3.0x8109(100M): 0x0
01-01 15:15:49.422 D/mv2112_update_link( 0): link 0x0
01-01 15:15:49.426 D/mv2112_read_status( 0): autoneg is disabled
09-30 05:12:19.800 I/mpu_uart( 648): [MSG-P:R]:recv sync frame timeout
09-30 05:12:19.871 I/mpu_uart( 648): [MSG-P:RECV]:No message received in 1000 ms
01-01 15:15:50.431 D/ ( 0): mv2112_read_status
01-01 15:15:50.435 D/mv2112_update_link( 0): 3.0x901(1G): 0x80
01-01 15:15:50.441 D/mv2112_update_link( 0): 3.0x8109(100M): 0x0
01-01 15:15:50.446 D/mv2112_update_link( 0): link 0x0
01-01 15:15:50.450 D/mv2112_read_status( 0): autoneg is disabled
09-30 05:12:20.871 I/mpu_uart( 648): [MSG-P:RECV]:No message received in 1000 ms
01-01 15:15:51.455 D/ ( 0): mv2112_read_status
01-01 15:15:51.459 D/mv2112_update_link( 0): 3.0x901(1G): 0x80
01-01 15:15:51.464 D/mv2112_update_link( 0): 3.0x8109(100M): 0x0
01-01 15:15:51.469 D/mv2112_update_link( 0): link 0x0
01-01 15:15:51.474 D/mv2112_read_status( 0): autoneg is disabled
09-30 05:12:21.871 I/mpu_uart( 648): [MSG-P:RECV]:No message received in 1000 ms
