09-30 05:12:08.061 V/CamX (31651): [ VERB][UTILS ] camxhashmap.cpp:210 GetInPlace() Key not found
09-30 05:12:08.061 V/CamX (31651): [ VERB][UTILS ] camxhashmap.cpp:210 GetInPlace() Key not found
09-30 05:12:08.061 V/CamX (31651): [ VERB][UTILS ] camxhashmap.cpp:210 GetInPlace() Key not found
09-30 05:12:08.061 V/CamX (31651): [ VERB][UTILS ] camxhashmap.cpp:210 GetInPlace() Key not found
09-30 05:12:08.061 V/CamX (31651): [ VERB][UTILS ] camxhashmap.cpp:210 GetInPlace() Key not found
09-30 05:12:08.061 V/CamX (31651): [ VERB][UTILS ] camxhashmap.cpp:210 GetInPlace() Key not found
09-30 05:12:08.061 V/CamX (31651): [ VERB][UTILS ] camxhashmap.cpp:210 GetInPlace() Key not found
09-30 05:12:08.061 V/CamX (31651): [ VERB][UTILS ] camxhashmap.cpp:210 GetInPlace() Key not found
09-30 05:12:08.061 V/CamX (31651): [ VERB][UTILS ] camxhashmap.cpp:210 GetInPlace() Key not found
09-30 05:12:08.061 V/CamX (31651): [ VERB][UTILS ] camxhashmap.cpp:210 GetInPlace() Key not found
09-30 05:12:08.061 V/CamX (31651): [ VERB][UTILS ] camxhashmap.cpp:210 GetInPlace() Key not found
09-30 05:12:08.061 V/CamX (31651): [ VERB][UTILS ] camxhashmap.cpp:210 GetInPlace() Key not found
09-30 05:12:08.061 V/CamX (31651): [ VERB][UTILS ] camxhashmap.cpp:210 GetInPlace() Key not found
09-30 05:12:08.061 V/CamX (31651): [ VERB][UTILS ] camxhashmap.cpp:210 GetInPlace() Key not found
09-30 05:12:08.061 V/CamX (31651): [ VERB][UTILS ] camxhashmap.cpp:210 GetInPlace() Key not found
09-30 05:12:08.061 V/CamX (31651): [ VERB][UTILS ] camxhashmap.cpp:210 GetInPlace() Key not found
09-30 05:12:08.061 V/CamX (31651): [ VERB][UTILS ] camxhashmap.cpp:210 GetInPlace() Key not found
09-30 05:12:08.061 V/CamX (31651): [ VERB][UTILS ] camxhashmap.cpp:210 GetInPlace() Key not found
09-30 05:12:08.061 V/CamX (31651): [ VERB][UTILS ] camxhashmap.cpp:210 GetInPlace() Key not found
09-30 05:12:08.061 V/CamX (31651): [ VERB][UTILS ] camxhashmap.cpp:210 GetInPlace() Key not found
09-30 05:12:08.062 V/CamX (31651): [ VERB][UTILS ] camxhashmap.cpp:210 GetInPlace() Key not found
09-30 05:12:08.062 V/CamX (31651): [ VERB][UTILS ] camxhashmap.cpp:210 GetInPlace() Key not found
09-30 05:12:08.062 V/CamX (31651): [ VERB][UTILS ] camxhashmap.cpp:210 GetInPlace() Key not found
09-30 05:12:08.062 V/CamX (31651): [ VERB][UTILS ] camxhashmap.cpp:210 GetInPlace() Key not found
09-30 05:12:08.062 V/CamX (31651): [ VERB][UTILS ] camxhashmap.cpp:210 GetInPlace() Key not found
09-30 05:12:08.062 V/CamX (31651): [ VERB][UTILS ] camxhashmap.cpp:210 GetInPlace() Key not found
09-30 05:12:08.062 V/CamX (31651): [ VERB][UTILS ] camxhashmap.cpp:210 GetInPlace() Key not found
09-30 05:12:08.062 V/CamX (31651): [ VERB][UTILS ] camxhashmap.cpp:210 GetInPlace() Key not found
09-30 05:12:08.062 V/CamX (31651): [ VERB][UTILS ] camxhashmap.cpp:210 GetInPlace() Key not found
09-30 05:12:08.062 V/CamX (31651): [ VERB][UTILS ] camxhashmap.cpp:210 GetInPlace() Key not found
09-30 05:12:08.062 V/CamX (31651): [ VERB][UTILS ] camxhashmap.cpp:210 GetInPlace() Key not found
09-30 05:12:08.062 V/CamX (31651): [ VERB][UTILS ] camxhashmap.cpp:210 GetInPlace() Key not found
09-30 05:12:08.062 V/CamX (31651): [ VERB][UTILS ] camxhashmap.cpp:210 GetInPlace() Key not found
09-30 05:12:08.062 V/CamX (31651): [ VERB][UTILS ] camxhashmap.cpp:210 GetInPlace() Key not found
09-30 05:12:08.062 V/CamX (31651): [ VERB][UTILS ] camxhashmap.cpp:210 GetInPlace() Key not found
09-30 05:12:08.062 V/CamX (31651): [ VERB][UTILS ] camxhashmap.cpp:210 GetInPlace() Key not found
09-30 05:12:08.062 V/CamX (31651): [ VERB][UTILS ] camxhashmap.cpp:210 GetInPlace() Key not found
09-30 05:12:08.062 V/CamX (31651): [ VERB][UTILS ] camxhashmap.cpp:210 GetInPlace() Key not found
09-30 05:12:08.062 V/CamX (31651): [ VERB][UTILS ] camxhashmap.cpp:210 GetInPlace() Key not found
09-30 05:12:08.062 V/CamX (31651): [ VERB][UTILS ] camxhashmap.cpp:210 GetInPlace() Key not found
09-30 05:12:08.062 V/CamX (31651): [ VERB][UTILS ] camxhashmap.cpp:210 GetInPlace() Key not found
09-30 05:12:08.062 V/CamX (31651): [ VERB][UTILS ] camxhashmap.cpp:210 GetInPlace() Key not found
09-30 05:12:08.062 V/CamX (31651): [ VERB][UTILS ] camxhashmap.cpp:210 GetInPlace() Key not found
09-30 05:12:08.062 V/CamX (31651): [ VERB][UTILS ] camxhashmap.cpp:210 GetInPlace() Key not found
09-30 05:12:08.062 V/CamX (31651): [ VERB][UTILS ] camxhashmap.cpp:210 GetInPlace() Key not found
09-30 05:12:08.062 V/CamX (31651): [ VERB][UTILS ] camxhashmap.cpp:210 GetInPlace() Key not found
09-30 05:12:08.062 V/CamX (31651): [ VERB][UTILS ] camxhashmap.cpp:210 GetInPlace() Key not found
09-30 05:12:08.062 V/CamX (31651): [ VERB][UTILS ] camxhashmap.cpp:210 GetInPlace() Key not found
09-30 05:12:08.062 V/CamX (31651): [ VERB][UTILS ] camxhashmap.cpp:210 GetInPlace() Key not found
09-30 05:12:08.062 V/CamX (31651): [ VERB][UTILS ] camxhashmap.cpp:210 GetInPlace() Key not found
09-30 05:12:08.062 V/CamX (31651): [ VERB][UTILS ] camxhashmap.cpp:210 GetInPlace() Key not found
09-30 05:12:08.062 V/CamX (31651): [ VERB][UTILS ] camxhashmap.cpp:210 GetInPlace() Key not found
09-30 05:12:08.062 V/CamX (31651): [ VERB][UTILS ] camxhashmap.cpp:210 GetInPlace() Key not found
09-30 05:12:08.062 V/CamX (31651): [ VERB][UTILS ] camxhashmap.cpp:210 GetInPlace() Key not found
09-30 05:12:08.062 V/CamX (31651): [ VERB][UTILS ] camxhashmap.cpp:210 GetInPlace() Key not found
09-30 05:12:08.062 V/CamX (31651): [ VERB][UTILS ] camxhashmap.cpp:210 GetInPlace() Key not found
09-30 05:12:08.062 V/CamX (31651): [ VERB][UTILS ] camxhashmap.cpp:210 GetInPlace() Key not found
09-30 05:12:08.062 V/CamX (31651): [ VERB][UTILS ] camxhashmap.cpp:210 GetInPlace() Key not found
09-30 05:12:08.062 V/CamX (31651): [ VERB][UTILS ] camxhashmap.cpp:210 GetInPlace() Key not found
09-30 05:12:08.062 V/CamX (31651): [ VERB][UTILS ] camxhashmap.cpp:210 GetInPlace() Key not found
09-30 05:12:08.062 V/CamX (31651): [ VERB][UTILS ] camxhashmap.cpp:210 GetInPlace() Key not found
09-30 05:12:08.062 V/CamX (31651): [ VERB][UTILS ] camxhashmap.cpp:210 GetInPlace() Key not found
09-30 05:12:08.062 V/CamX (31651): [ VERB][UTILS ] camxhashmap.cpp:210 GetInPlace() Key not found
09-30 05:12:08.062 V/CamX (31651): [ VERB][UTILS ] camxhashmap.cpp:210 GetInPlace() Key not found
09-30 05:12:08.062 V/CamX (31651): [ VERB][UTILS ] camxhashmap.cpp:210 GetInPlace() Key not found
09-30 05:12:08.062 V/CamX (31651): [ VERB][UTILS ] camxhashmap.cpp:210 GetInPlace() Key not found
09-30 05:12:08.062 V/CamX (31651): [ VERB][UTILS ] camxhashmap.cpp:210 GetInPlace() Key not found
09-30 05:12:08.063 V/CamX (31651): [ VERB][UTILS ] camxhashmap.cpp:210 GetInPlace() Key not found
09-30 05:12:08.063 V/CamX (31651): [ VERB][UTILS ] camxhashmap.cpp:210 GetInPlace() Key not found
09-30 05:12:08.063 V/CamX (31651): [ VERB][UTILS ] camxhashmap.cpp:210 GetInPlace() Key not found
09-30 05:12:08.063 V/CamX (31651): [ VERB][UTILS ] camxhashmap.cpp:210 GetInPlace() Key not found
09-30 05:12:08.063 V/CamX (31651): [ VERB][UTILS ] camxhashmap.cpp:210 GetInPlace() Key not found
09-30 05:12:08.063 V/CamX (31651): [ VERB][UTILS ] camxhashmap.cpp:210 GetInPlace() Key not found
09-30 05:12:08.063 V/CamX (31651): [ VERB][UTILS ] camxhashmap.cpp:210 GetInPlace() Key not found
09-30 05:12:08.063 V/CamX (31651): [ VERB][UTILS ] camxhashmap.cpp:210 GetInPlace() Key not found
09-30 05:12:08.063 V/CamX (31651): [ VERB][UTILS ] camxhashmap.cpp:210 GetInPlace() Key not found
09-30 05:12:08.063 V/CamX (31651): [ VERB][UTILS ] camxhashmap.cpp:210 GetInPlace() Key not found
09-30 05:12:08.063 V/CamX (31651): [ VERB][UTILS ] camxhashmap.cpp:210 GetInPlace() Key not found
09-30 05:12:08.063 V/CamX (31651): [ VERB][UTILS ] camxhashmap.cpp:210 GetInPlace() Key not found
09-30 05:12:08.063 V/CamX (31651): [ VERB][UTILS ] camxhashmap.cpp:210 GetInPlace() Key not found
09-30 05:12:08.063 V/CamX (31651): [ VERB][UTILS ] camxhashmap.cpp:210 GetInPlace() Key not found
09-30 05:12:08.063 V/CamX (31651): [ VERB][UTILS ] camxhashmap.cpp:210 GetInPlace() Key not found
09-30 05:12:08.063 V/CamX (31651): [ VERB][UTILS ] camxhashmap.cpp:210 GetInPlace() Key not found
09-30 05:12:08.063 V/CamX (31651): [ VERB][UTILS ] camxhashmap.cpp:210 GetInPlace() Key not found
09-30 05:12:08.063 V/CamX (31651): [ VERB][UTILS ] camxhashmap.cpp:210 GetInPlace() Key not found
09-30 05:12:08.063 V/CamX (31651): [ VERB][UTILS ] camxhashmap.cpp:210 GetInPlace() Key not found
09-30 05:12:08.063 V/CamX (31651): [ VERB][UTILS ] camxhashmap.cpp:210 GetInPlace() Key not found
09-30 05:12:08.063 V/CamX (31651): [ VERB][UTILS ] camxhashmap.cpp:210 GetInPlace() Key not found
09-30 05:12:08.063 V/CamX (31651): [ VERB][UTILS ] camxhashmap.cpp:210 GetInPlace() Key not found
09-30 05:12:08.063 V/CamX (31651): [ VERB][UTILS ] camxhashmap.cpp:210 GetInPlace() Key not found
09-30 05:12:08.063 V/CamX (31651): [ VERB][UTILS ] camxhashmap.cpp:210 GetInPlace() Key not found
09-30 05:12:08.063 V/CamX (31651): [ VERB][UTILS ] camxhashmap.cpp:210 GetInPlace() Key not found
09-30 05:12:08.063 V/CamX (31651): [ VERB][UTILS ] camxhashmap.cpp:210 GetInPlace() Key not found
09-30 05:12:08.063 V/CamX (31651): [ VERB][UTILS ] camxhashmap.cpp:210 GetInPlace() Key not found
09-30 05:12:08.063 V/CamX (31651): [ VERB][UTILS ] camxhashmap.cpp:210 GetInPlace() Key not found
09-30 05:12:08.063 V/CamX (31651): [ VERB][UTILS ] camxhashmap.cpp:210 GetInPlace() Key not found
09-30 05:12:08.063 V/CamX (31651): [ VERB][UTILS ] camxhashmap.cpp:210 GetInPlace() Key not found
09-30 05:12:08.063 V/CamX (31651): [ VERB][UTILS ] camxhashmap.cpp:210 GetInPlace() Key not found
09-30 05:12:08.063 V/CamX (31651): [ VERB][UTILS ] camxhashmap.cpp:210 GetInPlace() Key not found
09-30 05:12:08.063 V/CamX (31651): [ VERB][UTILS ] camxhashmap.cpp:210 GetInPlace() Key not found
09-30 05:12:08.063 V/CamX (31651): [ VERB][UTILS ] camxhashmap.cpp:210 GetInPlace() Key not found
09-30 05:12:08.063 V/CamX (31651): [ VERB][UTILS ] camxhashmap.cpp:210 GetInPlace() Key not found
09-30 05:12:08.063 V/CamX (31651): [ VERB][UTILS ] camxhashmap.cpp:210 GetInPlace() Key not found
09-30 05:12:08.063 V/CamX (31651): [ VERB][UTILS ] camxhashmap.cpp:210 GetInPlace() Key not found
09-30 05:12:08.063 V/CamX (31651): [ VERB][UTILS ] camxhashmap.cpp:210 GetInPlace() Key not found
09-30 05:12:08.063 V/CamX (31651): [ VERB][UTILS ] camxhashmap.cpp:210 GetInPlace() Key not found
09-30 05:12:08.063 V/CamX (31651): [ VERB][UTILS ] camxhashmap.cpp:210 GetInPlace() Key not found
09-30 05:12:08.063 V/CamX (31651): [ VERB][UTILS ] camxhashmap.cpp:210 GetInPlace() Key not found
09-30 05:12:08.063 V/CamX (31651): [ VERB][UTILS ] camxhashmap.cpp:210 GetInPlace() Key not found
09-30 05:12:08.063 V/CamX (31651): [ VERB][UTILS ] camxhashmap.cpp:210 GetInPlace() Key not found
09-30 05:12:08.063 V/CamX (31651): [ VERB][UTILS ] camxhashmap.cpp:210 GetInPlace() Key not found
09-30 05:12:08.063 V/CamX (31651): [ VERB][UTILS ] camxhashmap.cpp:210 GetInPlace() Key not found
09-30 05:12:08.064 V/CamX (31651): [ VERB][UTILS ] camxhashmap.cpp:210 GetInPlace() Key not found
09-30 05:12:08.064 V/CamX (31651): [ VERB][UTILS ] camxhashmap.cpp:210 GetInPlace() Key not found
09-30 05:12:08.064 V/CamX (31651): [ VERB][UTILS ] camxhashmap.cpp:210 GetInPlace() Key not found
09-30 05:12:08.064 V/CamX (31651): [ VERB][UTILS ] camxhashmap.cpp:210 GetInPlace() Key not found
09-30 05:12:08.064 V/CamX (31651): [ VERB][UTILS ] camxhashmap.cpp:210 GetInPlace() Key not found
09-30 05:12:08.064 V/CamX (31651): [ VERB][UTILS ] camxhashmap.cpp:210 GetInPlace() Key not found
09-30 05:12:08.064 V/CamX (31651): [ VERB][UTILS ] camxhashmap.cpp:210 GetInPlace() Key not found
09-30 05:12:08.064 V/CamX (31651): [ VERB][UTILS ] camxhashmap.cpp:210 GetInPlace() Key not found
09-30 05:12:08.064 V/CamX (31651): [ VERB][UTILS ] camxhashmap.cpp:210 GetInPlace() Key not found
09-30 05:12:08.064 V/CamX (31651): [ VERB][UTILS ] camxhashmap.cpp:210 GetInPlace() Key not found
09-30 05:12:08.064 V/CamX (31651): [ VERB][UTILS ] camxhashmap.cpp:210 GetInPlace() Key not found
09-30 05:12:08.064 V/CamX (31651): [ VERB][UTILS ] camxhashmap.cpp:210 GetInPlace() Key not found
09-30 05:12:08.064 V/CamX (31651): [ VERB][UTILS ] camxhashmap.cpp:210 GetInPlace() Key not found
09-30 05:12:08.064 V/CamX (31651): [ VERB][UTILS ] camxhashmap.cpp:210 GetInPlace() Key not found
09-30 05:12:08.064 V/CamX (31651): [ VERB][UTILS ] camxhashmap.cpp:210 GetInPlace() Key not found
09-30 05:12:08.064 V/CamX (31651): [ VERB][UTILS ] camxhashmap.cpp:210 GetInPlace() Key not found
09-30 05:12:08.064 V/CamX (31651): [ VERB][UTILS ] camxhashmap.cpp:210 GetInPlace() Key not found
09-30 05:12:08.064 V/CamX (31651): [ VERB][UTILS ] camxhashmap.cpp:210 GetInPlace() Key not found
09-30 05:12:08.064 V/CamX (31651): [ VERB][UTILS ] camxhashmap.cpp:210 GetInPlace() Key not found
09-30 05:12:08.064 V/CamX (31651): [ VERB][UTILS ] camxhashmap.cpp:210 GetInPlace() Key not found
09-30 05:12:08.064 V/CamX (31651): [ VERB][UTILS ] camxhashmap.cpp:210 GetInPlace() Key not found
09-30 05:12:08.064 V/CamX (31651): [ VERB][UTILS ] camxhashmap.cpp:210 GetInPlace() Key not found
09-30 05:12:08.064 V/CamX (31651): [ VERB][UTILS ] camxhashmap.cpp:210 GetInPlace() Key not found
09-30 05:12:08.064 V/CamX (31651): [ VERB][UTILS ] camxhashmap.cpp:210 GetInPlace() Key not found
09-30 05:12:08.064 V/CamX (31651): [ VERB][UTILS ] camxhashmap.cpp:210 GetInPlace() Key not found
09-30 05:12:08.064 V/CamX (31651): [ VERB][UTILS ] camxhashmap.cpp:210 GetInPlace() Key not found
09-30 05:12:08.064 V/CamX (31651): [ VERB][UTILS ] camxhashmap.cpp:210 GetInPlace() Key not found
09-30 05:12:08.064 V/CamX (31651): [ VERB][UTILS ] camxhashmap.cpp:210 GetInPlace() Key not found
09-30 05:12:08.064 V/CamX (31651): [ VERB][UTILS ] camxhashmap.cpp:210 GetInPlace() Key not found
09-30 05:12:08.064 V/CamX (31651): [ VERB][UTILS ] camxhashmap.cpp:210 GetInPlace() Key not found
09-30 05:12:08.064 V/CamX (31651): [ VERB][UTILS ] camxhashmap.cpp:210 GetInPlace() Key not found
09-30 05:12:08.064 V/CamX (31651): [ VERB][UTILS ] camxhashmap.cpp:210 GetInPlace() Key not found
09-30 05:12:08.064 V/CamX (31651): [ VERB][UTILS ] camxhashmap.cpp:210 GetInPlace() Key not found
09-30 05:12:08.064 V/CamX (31651): [ VERB][UTILS ] camxhashmap.cpp:210 GetInPlace() Key not found
09-30 05:12:08.064 V/CamX (31651): [ VERB][UTILS ] camxhashmap.cpp:210 GetInPlace() Key not found
09-30 05:12:08.064 V/CamX (31651): [ VERB][UTILS ] camxhashmap.cpp:210 GetInPlace() Key not found
09-30 05:12:08.064 V/CamX (31651): [ VERB][UTILS ] camxhashmap.cpp:210 GetInPlace() Key not found
09-30 05:12:08.064 V/CamX (31651): [ VERB][UTILS ] camxhashmap.cpp:210 GetInPlace() Key not found
09-30 05:12:08.064 V/CamX (31651): [ VERB][UTILS ] camxhashmap.cpp:210 GetInPlace() Key not found
09-30 05:12:08.064 V/CamX (31651): [ VERB][UTILS ] camxhashmap.cpp:210 GetInPlace() Key not found
09-30 05:12:08.064 V/CamX (31651): [ VERB][UTILS ] camxhashmap.cpp:210 GetInPlace() Key not found
09-30 05:12:08.064 V/CamX (31651): [ VERB][UTILS ] camxhashmap.cpp:210 GetInPlace() Key not found
09-30 05:12:08.064 V/CamX (31651): [ VERB][UTILS ] camxhashmap.cpp:210 GetInPlace() Key not found
09-30 05:12:08.064 V/CamX (31651): [ VERB][UTILS ] camxhashmap.cpp:210 GetInPlace() Key not found
09-30 05:12:08.064 V/CamX (31651): [ VERB][UTILS ] camxhashmap.cpp:210 GetInPlace() Key not found
09-30 05:12:08.064 V/CamX (31651): [ VERB][UTILS ] camxhashmap.cpp:210 GetInPlace() Key not found
09-30 05:12:08.064 V/CamX (31651): [ VERB][UTILS ] camxhashmap.cpp:210 GetInPlace() Key not found
09-30 05:12:08.065 V/CamX (31651): [ VERB][UTILS ] camxhashmap.cpp:210 GetInPlace() Key not found
09-30 05:12:08.065 V/CamX (31651): [ VERB][UTILS ] camxhashmap.cpp:210 GetInPlace() Key not found
09-30 05:12:08.065 V/CamX (31651): [ VERB][UTILS ] camxhashmap.cpp:210 GetInPlace() Key not found
09-30 05:12:08.065 V/CamX (31651): [ VERB][UTILS ] camxhashmap.cpp:210 GetInPlace() Key not found
09-30 05:12:08.065 V/CamX (31651): [ VERB][UTILS ] camxhashmap.cpp:210 GetInPlace() Key not found
09-30 05:12:08.065 V/CamX (31651): [ VERB][UTILS ] camxhashmap.cpp:210 GetInPlace() Key not found
09-30 05:12:08.065 V/CamX (31651): [ VERB][UTILS ] camxhashmap.cpp:210 GetInPlace() Key not found
09-30 05:12:08.065 V/CamX (31651): [ VERB][UTILS ] camxhashmap.cpp:210 GetInPlace() Key not found
09-30 05:12:08.065 V/CamX (31651): [ VERB][UTILS ] camxhashmap.cpp:210 GetInPlace() Key not found
09-30 05:12:08.065 V/CamX (31651): [ VERB][UTILS ] camxhashmap.cpp:210 GetInPlace() Key not found
09-30 05:12:08.065 V/CamX (31651): [ VERB][UTILS ] camxhashmap.cpp:210 GetInPlace() Key not found
09-30 05:12:08.065 V/CamX (31651): [ VERB][UTILS ] camxhashmap.cpp:210 GetInPlace() Key not found
09-30 05:12:08.065 V/CamX (31651): [ VERB][UTILS ] camxhashmap.cpp:210 GetInPlace() Key not found
09-30 05:12:08.065 V/CamX (31651): [ VERB][UTILS ] camxhashmap.cpp:210 GetInPlace() Key not found
09-30 05:12:08.065 V/CamX (31651): [ VERB][UTILS ] camxhashmap.cpp:210 GetInPlace() Key not found
09-30 05:12:08.065 V/CamX (31651): [ VERB][UTILS ] camxhashmap.cpp:210 GetInPlace() Key not found
09-30 05:12:08.065 V/CamX (31651): [ VERB][UTILS ] camxhashmap.cpp:210 GetInPlace() Key not found
09-30 05:12:08.065 V/CamX (31651): [ VERB][UTILS ] camxhashmap.cpp:210 GetInPlace() Key not found
09-30 05:12:08.065 V/CamX (31651): [ VERB][UTILS ] camxhashmap.cpp:210 GetInPlace() Key not found
09-30 05:12:08.065 V/CamX (31651): [ VERB][UTILS ] camxhashmap.cpp:210 GetInPlace() Key not found
09-30 05:12:08.065 V/CamX (31651): [ VERB][UTILS ] camxhashmap.cpp:210 GetInPlace() Key not found
09-30 05:12:08.065 V/CamX (31651): [ VERB][UTILS ] camxhashmap.cpp:210 GetInPlace() Key not found
09-30 05:12:08.065 V/CamX (31651): [ VERB][UTILS ] camxhashmap.cpp:210 GetInPlace() Key not found
09-30 05:12:08.065 V/CamX (31651): [ VERB][UTILS ] camxhashmap.cpp:210 GetInPlace() Key not found
09-30 05:12:08.065 V/CamX (31651): [ VERB][UTILS ] camxhashmap.cpp:210 GetInPlace() Key not found
09-30 05:12:08.065 V/CamX (31651): [ VERB][UTILS ] camxhashmap.cpp:210 GetInPlace() Key not found
09-30 05:12:08.065 V/CamX (31651): [ VERB][UTILS ] camxhashmap.cpp:210 GetInPlace() Key not found
09-30 05:12:08.065 V/CamX (31651): [ VERB][UTILS ] camxhashmap.cpp:210 GetInPlace() Key not found
09-30 05:12:08.065 V/CamX (31651): [ VERB][UTILS ] camxhashmap.cpp:210 GetInPlace() Key not found
09-30 05:12:08.065 V/CamX (31651): [ VERB][UTILS ] camxhashmap.cpp:210 GetInPlace() Key not found
09-30 05:12:08.065 V/CamX (31651): [ VERB][UTILS ] camxhashmap.cpp:210 GetInPlace() Key not found
09-30 05:12:08.065 V/CamX (31651): [ VERB][UTILS ] camxhashmap.cpp:210 GetInPlace() Key not found
09-30 05:12:08.065 V/CamX (31651): [ VERB][UTILS ] camxhashmap.cpp:210 GetInPlace() Key not found
09-30 05:12:08.065 V/CamX (31651): [ VERB][UTILS ] camxhashmap.cpp:210 GetInPlace() Key not found
09-30 05:12:08.065 V/CamX (31651): [ VERB][UTILS ] camxhashmap.cpp:210 GetInPlace() Key not found
09-30 05:12:08.065 V/CamX (31651): [ VERB][UTILS ] camxhashmap.cpp:210 GetInPlace() Key not found
09-30 05:12:08.065 V/CamX (31651): [ VERB][UTILS ] camxhashmap.cpp:210 GetInPlace() Key not found
09-30 05:12:08.065 V/CamX (31651): [ VERB][UTILS ] camxhashmap.cpp:210 GetInPlace() Key not found
09-30 05:12:08.065 V/CamX (31651): [ VERB][UTILS ] camxhashmap.cpp:210 GetInPlace() Key not found
09-30 05:12:08.065 V/CamX (31651): [ VERB][UTILS ] camxhashmap.cpp:210 GetInPlace() Key not found
09-30 05:12:08.065 V/CamX (31651): [ VERB][UTILS ] camxhashmap.cpp:210 GetInPlace() Key not found
09-30 05:12:08.066 V/CamX (31651): [ VERB][UTILS ] camxhashmap.cpp:210 GetInPlace() Key not found
09-30 05:12:08.066 V/CamX (31651): [ VERB][UTILS ] camxhashmap.cpp:210 GetInPlace() Key not found
09-30 05:12:08.066 V/CamX (31651): [ VERB][UTILS ] camxhashmap.cpp:210 GetInPlace() Key not found
09-30 05:12:08.066 V/CamX (31651): [ VERB][UTILS ] camxhashmap.cpp:210 GetInPlace() Key not found
09-30 05:12:08.066 V/CamX (31651): [ VERB][UTILS ] camxhashmap.cpp:210 GetInPlace() Key not found
09-30 05:12:08.066 V/CamX (31651): [ VERB][UTILS ] camxhashmap.cpp:210 GetInPlace() Key not found
09-30 05:12:08.066 V/CamX (31651): [ VERB][UTILS ] camxhashmap.cpp:210 GetInPlace() Key not found
09-30 05:12:08.066 V/CamX (31651): [ VERB][UTILS ] camxhashmap.cpp:210 GetInPlace() Key not found
09-30 05:12:08.066 V/CamX (31651): [ VERB][UTILS ] camxhashmap.cpp:210 GetInPlace() Key not found
09-30 05:12:08.066 V/CamX (31651): [ VERB][UTILS ] camxhashmap.cpp:210 GetInPlace() Key not found
09-30 05:12:08.066 V/CamX (31651): [ VERB][UTILS ] camxhashmap.cpp:210 GetInPlace() Key not found
09-30 05:12:08.066 V/CamX (31651): [ VERB][UTILS ] camxhashmap.cpp:210 GetInPlace() Key not found
09-30 05:12:08.066 V/CamX (31651): [ VERB][UTILS ] camxhashmap.cpp:210 GetInPlace() Key not found
09-30 05:12:08.066 V/CamX (31651): [ VERB][UTILS ] camxhashmap.cpp:210 GetInPlace() Key not found
09-30 05:12:08.066 V/CamX (31651): [ VERB][UTILS ] camxhashmap.cpp:210 GetInPlace() Key not found
09-30 05:12:08.066 V/CamX (31651): [ VERB][UTILS ] camxhashmap.cpp:210 GetInPlace() Key not found
09-30 05:12:08.066 V/CamX (31651): [ VERB][UTILS ] camxhashmap.cpp:210 GetInPlace() Key not found
09-30 05:12:08.066 V/CamX (31651): [ VERB][UTILS ] camxhashmap.cpp:210 GetInPlace() Key not found
09-30 05:12:08.066 V/CamX (31651): [ VERB][UTILS ] camxhashmap.cpp:210 GetInPlace() Key not found
09-30 05:12:08.066 V/CamX (31651): [ VERB][UTILS ] camxhashmap.cpp:210 GetInPlace() Key not found
09-30 05:12:08.066 V/CamX (31651): [ VERB][UTILS ] camxhashmap.cpp:210 GetInPlace() Key not found
09-30 05:12:08.066 V/CamX (31651): [ VERB][UTILS ] camxhashmap.cpp:210 GetInPlace() Key not found
09-30 05:12:08.066 V/CamX (31651): [ VERB][UTILS ] camxhashmap.cpp:210 GetInPlace() Key not found
09-30 05:12:08.066 V/CamX (31651): [ VERB][UTILS ] camxhashmap.cpp:210 GetInPlace() Key not found
09-30 05:12:08.066 V/CamX (31651): [ VERB][UTILS ] camxhashmap.cpp:210 GetInPlace() Key not found
09-30 05:12:08.066 V/CamX (31651): [ VERB][UTILS ] camxhashmap.cpp:210 GetInPlace() Key not found
09-30 05:12:08.066 V/CamX (31651): [ VERB][UTILS ] camxhashmap.cpp:210 GetInPlace() Key not found
09-30 05:12:08.066 V/CamX (31651): [ VERB][UTILS ] camxhashmap.cpp:210 GetInPlace() Key not found
09-30 05:12:08.066 V/CamX (31651): [ VERB][UTILS ] camxhashmap.cpp:210 GetInPlace() Key not found
09-30 05:12:08.066 V/CamX (31651): [ VERB][UTILS ] camxhashmap.cpp:210 GetInPlace() Key not found
09-30 05:12:08.066 V/CamX (31651): [ VERB][UTILS ] camxhashmap.cpp:210 GetInPlace() Key not found
09-30 05:12:08.066 V/CamX (31651): [ VERB][UTILS ] camxhashmap.cpp:210 GetInPlace() Key not found
09-30 05:12:08.066 V/CamX (31651): [ VERB][UTILS ] camxhashmap.cpp:210 GetInPlace() Key not found
09-30 05:12:08.066 V/CamX (31651): [ VERB][UTILS ] camxhashmap.cpp:210 GetInPlace() Key not found
09-30 05:12:08.066 V/CamX (31651): [ VERB][UTILS ] camxhashmap.cpp:210 GetInPlace() Key not found
09-30 05:12:08.066 V/CamX (31651): [ VERB][UTILS ] camxhashmap.cpp:210 GetInPlace() Key not found
09-30 05:12:08.066 V/CamX (31651): [ VERB][UTILS ] camxhashmap.cpp:210 GetInPlace() Key not found
09-30 05:12:08.066 V/CamX (31651): [ VERB][UTILS ] camxhashmap.cpp:210 GetInPlace() Key not found
09-30 05:12:08.066 V/CamX (31651): [ VERB][UTILS ] camxhashmap.cpp:210 GetInPlace() Key not found
09-30 05:12:08.066 V/CamX (31651): [ VERB][UTILS ] camxhashmap.cpp:210 GetInPlace() Key not found
09-30 05:12:08.066 V/CamX (31651): [ VERB][UTILS ] camxhashmap.cpp:210 GetInPlace() Key not found
09-30 05:12:08.066 V/CamX (31651): [ VERB][UTILS ] camxhashmap.cpp:210 GetInPlace() Key not found
09-30 05:12:08.067 V/CamX (31651): [ VERB][UTILS ] camxhashmap.cpp:210 GetInPlace() Key not found
09-30 05:12:08.067 V/CamX (31651): [ VERB][UTILS ] camxhashmap.cpp:210 GetInPlace() Key not found
09-30 05:12:08.067 V/CamX (31651): [ VERB][UTILS ] camxhashmap.cpp:210 GetInPlace() Key not found
09-30 05:12:08.067 V/CamX (31651): [ VERB][UTILS ] camxhashmap.cpp:210 GetInPlace() Key not found
09-30 05:12:08.067 V/CamX (31651): [ VERB][UTILS ] camxhashmap.cpp:210 GetInPlace() Key not found
09-30 05:12:08.067 V/CamX (31651): [ VERB][UTILS ] camxhashmap.cpp:210 GetInPlace() Key not found
09-30 05:12:08.067 V/CamX (31651): [ VERB][UTILS ] camxhashmap.cpp:210 GetInPlace() Key not found
09-30 05:12:08.067 V/CamX (31651): [ VERB][UTILS ] camxhashmap.cpp:210 GetInPlace() Key not found
09-30 05:12:08.067 V/CamX (31651): [ VERB][UTILS ] camxhashmap.cpp:210 GetInPlace() Key not found
09-30 05:12:08.067 V/CamX (31651): [ VERB][UTILS ] camxhashmap.cpp:210 GetInPlace() Key not found
09-30 05:12:08.067 V/CamX (31651): [ VERB][UTILS ] camxhashmap.cpp:210 GetInPlace() Key not found
09-30 05:12:08.067 V/CamX (31651): [ VERB][UTILS ] camxhashmap.cpp:210 GetInPlace() Key not found
09-30 05:12:08.067 V/CamX (31651): [ VERB][UTILS ] camxhashmap.cpp:210 GetInPlace() Key not found
09-30 05:12:08.067 V/CamX (31651): [ VERB][UTILS ] camxhashmap.cpp:210 GetInPlace() Key not found
09-30 05:12:08.067 V/CamX (31651): [ VERB][UTILS ] camxhashmap.cpp:210 GetInPlace() Key not found
09-30 05:12:08.067 V/CamX (31651): [ VERB][UTILS ] camxhashmap.cpp:210 GetInPlace() Key not found
09-30 05:12:08.067 V/CamX (31651): [ VERB][UTILS ] camxhashmap.cpp:210 GetInPlace() Key not found
09-30 05:12:08.067 V/CamX (31651): [ VERB][UTILS ] camxhashmap.cpp:210 GetInPlace() Key not found
09-30 05:12:08.067 V/CamX (31651): [ VERB][UTILS ] camxhashmap.cpp:210 GetInPlace() Key not found
09-30 05:12:08.067 V/CamX (31651): [ VERB][UTILS ] camxhashmap.cpp:210 GetInPlace() Key not found
09-30 05:12:08.067 V/CamX (31651): [ VERB][UTILS ] camxhashmap.cpp:210 GetInPlace() Key not found
09-30 05:12:08.067 V/CamX (31651): [ VERB][UTILS ] camxhashmap.cpp:210 GetInPlace() Key not found
09-30 05:12:08.067 V/CamX (31651): [ VERB][UTILS ] camxhashmap.cpp:210 GetInPlace() Key not found
09-30 05:12:08.067 V/CamX (31651): [ VERB][UTILS ] camxhashmap.cpp:210 GetInPlace() Key not found
09-30 05:12:08.067 V/CamX (31651): [ VERB][UTILS ] camxhashmap.cpp:210 GetInPlace() Key not found
09-30 05:12:08.067 V/CamX (31651): [ VERB][UTILS ] camxhashmap.cpp:210 GetInPlace() Key not found
09-30 05:12:08.067 V/CamX (31651): [ VERB][UTILS ] camxhashmap.cpp:210 GetInPlace() Key not found
09-30 05:12:08.067 V/CamX (31651): [ VERB][UTILS ] camxhashmap.cpp:210 GetInPlace() Key not found
09-30 05:12:08.067 V/CamX (31651): [ VERB][UTILS ] camxhashmap.cpp:210 GetInPlace() Key not found
09-30 05:12:08.067 V/CamX (31651): [ VERB][UTILS ] camxhashmap.cpp:210 GetInPlace() Key not found
09-30 05:12:08.067 V/CamX (31651): [ VERB][UTILS ] camxhashmap.cpp:210 GetInPlace() Key not found
09-30 05:12:08.067 V/CamX (31651): [ VERB][UTILS ] camxhashmap.cpp:210 GetInPlace() Key not found
09-30 05:12:08.067 V/CamX (31651): [ VERB][UTILS ] camxhashmap.cpp:210 GetInPlace() Key not found
09-30 05:12:08.067 V/CamX (31651): [ VERB][UTILS ] camxhashmap.cpp:210 GetInPlace() Key not found
09-30 05:12:08.067 V/CamX (31651): [ VERB][UTILS ] camxhashmap.cpp:210 GetInPlace() Key not found
09-30 05:12:08.067 V/CamX (31651): [ VERB][UTILS ] camxhashmap.cpp:210 GetInPlace() Key not found
09-30 05:12:08.067 V/CamX (31651): [ VERB][UTILS ] camxhashmap.cpp:210 GetInPlace() Key not found
09-30 05:12:08.067 V/CamX (31651): [ VERB][UTILS ] camxhashmap.cpp:210 GetInPlace() Key not found
09-30 05:12:08.067 V/CamX (31651): [ VERB][UTILS ] camxhashmap.cpp:210 GetInPlace() Key not found
09-30 05:12:08.067 V/CamX (31651): [ VERB][UTILS ] camxhashmap.cpp:210 GetInPlace() Key not found
09-30 05:12:08.067 V/CamX (31651): [ VERB][UTILS ] camxhashmap.cpp:210 GetInPlace() Key not found
09-30 05:12:08.067 V/CamX (31651): [ VERB][UTILS ] camxhashmap.cpp:210 GetInPlace() Key not found
09-30 05:12:08.067 V/CamX (31651): [ VERB][UTILS ] camxhashmap.cpp:210 GetInPlace() Key not found
09-30 05:12:08.067 V/CamX (31651): [ VERB][UTILS ] camxhashmap.cpp:210 GetInPlace() Key not found
09-30 05:12:08.067 V/CamX (31651): [ VERB][UTILS ] camxhashmap.cpp:210 GetInPlace() Key not found
09-30 05:12:08.067 V/CamX (31651): [ VERB][UTILS ] camxhashmap.cpp:210 GetInPlace() Key not found
09-30 05:12:08.067 V/CamX (31651): [ VERB][UTILS ] camxhashmap.cpp:210 GetInPlace() Key not found
09-30 05:12:08.068 V/CamX (31651): [ VERB][UTILS ] camxhashmap.cpp:210 GetInPlace() Key not found
09-30 05:12:08.068 V/CamX (31651): [ VERB][UTILS ] camxhashmap.cpp:210 GetInPlace() Key not found
09-30 05:12:08.068 V/CamX (31651): [ VERB][UTILS ] camxhashmap.cpp:210 GetInPlace() Key not found
09-30 05:12:08.068 V/CamX (31651): [ VERB][UTILS ] camxhashmap.cpp:210 GetInPlace() Key not found
09-30 05:12:08.068 V/CamX (31651): [ VERB][UTILS ] camxhashmap.cpp:210 GetInPlace() Key not found
09-30 05:12:08.068 V/CamX (31651): [ VERB][UTILS ] camxhashmap.cpp:210 GetInPlace() Key not found
09-30 05:12:08.068 V/CamX (31651): [ VERB][UTILS ] camxhashmap.cpp:210 GetInPlace() Key not found
09-30 05:12:08.068 V/CamX (31651): [ VERB][UTILS ] camxhashmap.cpp:210 GetInPlace() Key not found
09-30 05:12:08.068 V/CamX (31651): [ VERB][UTILS ] camxhashmap.cpp:210 GetInPlace() Key not found
09-30 05:12:08.068 V/CamX (31651): [ VERB][UTILS ] camxhashmap.cpp:210 GetInPlace() Key not found
09-30 05:12:08.068 V/CamX (31651): [ VERB][UTILS ] camxhashmap.cpp:210 GetInPlace() Key not found
09-30 05:12:08.068 V/CamX (31651): [ VERB][UTILS ] camxhashmap.cpp:210 GetInPlace() Key not found
09-30 05:12:08.068 V/CamX (31651): [ VERB][UTILS ] camxhashmap.cpp:210 GetInPlace() Key not found
09-30 05:12:08.068 V/CamX (31651): [ VERB][UTILS ] camxhashmap.cpp:210 GetInPlace() Key not found
09-30 05:12:08.068 V/CamX (31651): [ VERB][UTILS ] camxhashmap.cpp:210 GetInPlace() Key not found
09-30 05:12:08.068 V/CamX (31651): [ VERB][UTILS ] camxhashmap.cpp:210 GetInPlace() Key not found
09-30 05:12:08.068 V/CamX (31651): [ VERB][UTILS ] camxhashmap.cpp:210 GetInPlace() Key not found
09-30 05:12:08.068 V/CamX (31651): [ VERB][UTILS ] camxhashmap.cpp:210 GetInPlace() Key not found
09-30 05:12:08.068 V/CamX (31651): [ VERB][UTILS ] camxhashmap.cpp:210 GetInPlace() Key not found
09-30 05:12:08.068 V/CamX (31651): [ VERB][UTILS ] camxhashmap.cpp:210 GetInPlace() Key not found
09-30 05:12:08.068 V/CamX (31651): [ VERB][UTILS ] camxhashmap.cpp:210 GetInPlace() Key not found
09-30 05:12:08.068 V/CamX (31651): [ VERB][UTILS ] camxhashmap.cpp:210 GetInPlace() Key not found
09-30 05:12:08.068 V/CamX (31651): [ VERB][UTILS ] camxhashmap.cpp:210 GetInPlace() Key not found
09-30 05:12:08.068 V/CamX (31651): [ VERB][UTILS ] camxhashmap.cpp:210 GetInPlace() Key not found
09-30 05:12:08.068 V/CamX (31651): [ VERB][UTILS ] camxhashmap.cpp:210 GetInPlace() Key not found
09-30 05:12:08.068 V/CamX (31651): [ VERB][UTILS ] camxhashmap.cpp:210 GetInPlace() Key not found
09-30 05:12:08.068 V/CamX (31651): [ VERB][UTILS ] camxhashmap.cpp:210 GetInPlace() Key not found
09-30 05:12:08.068 V/CamX (31651): [ VERB][UTILS ] camxhashmap.cpp:210 GetInPlace() Key not found
09-30 05:12:08.068 V/CamX (31651): [ VERB][UTILS ] camxhashmap.cpp:210 GetInPlace() Key not found
09-30 05:12:08.068 V/CamX (31651): [ VERB][UTILS ] camxhashmap.cpp:210 GetInPlace() Key not found
09-30 05:12:08.068 V/CamX (31651): [ VERB][UTILS ] camxhashmap.cpp:210 GetInPlace() Key not found
09-30 05:12:08.068 V/CamX (31651): [ VERB][UTILS ] camxhashmap.cpp:210 GetInPlace() Key not found
09-30 05:12:08.068 I/liblog (31651): 3
09-30 05:12:08.068 I/liblog (31651): 4
09-30 05:12:08.068 V/CamX (31651): [ VERB][UTILS ] camxhashmap.cpp:210 GetInPlace() Key not found
09-30 05:12:08.069 V/CamX (31651): [ VERB][UTILS ] camxhashmap.cpp:210 GetInPlace() Key not found
09-30 05:12:08.069 I/liblog (31651): 11
09-30 05:12:08.069 V/CamX (31651): [ VERB][UTILS ] camxhashmap.cpp:210 GetInPlace() Key not found
09-30 05:12:08.069 V/CamX (31651): [ VERB][UTILS ] camxhashmap.cpp:210 GetInPlace() Key not found
09-30 05:12:08.069 I/liblog (31651): 10
09-30 05:12:08.069 I/liblog (31651): 4
09-30 05:12:08.069 I/liblog (31651): 4
09-30 05:12:08.069 I/liblog (31651): 5
09-30 05:12:08.069 V/CamX (31651): [ VERB][UTILS ] camxhashmap.cpp:210 GetInPlace() Key not found
09-30 05:12:08.070 I/liblog (31651): 29
09-30 05:12:08.070 V/CamX (31651): [ VERB][UTILS ] camxhashmap.cpp:210 GetInPlace() Key not found
09-30 05:12:08.070 I/liblog (31651): 7
09-30 05:12:08.070 V/CamX (31651): [ VERB][UTILS ] camxhashmap.cpp:210 GetInPlace() Key not found
09-30 05:12:08.070 I/liblog (31651): 8
09-30 05:12:08.070 I/liblog (31651): 5
09-30 05:12:08.070 I/liblog (31651): 3
09-30 05:12:08.070 V/CamX (31651): [ VERB][UTILS ] camxhashmap.cpp:210 GetInPlace() Key not found
09-30 05:12:08.070 I/liblog (31651): 10
09-30 05:12:08.070 V/CamX (31651): [ VERB][UTILS ] camxhashmap.cpp:210 GetInPlace() Key not found
09-30 05:12:08.070 V/CamX (31651): [ VERB][UTILS ] camxhashmap.cpp:210 GetInPlace() Key not found
09-30 05:12:08.071 I/liblog (31651): 32
09-30 05:12:08.071 I/liblog (31651): 5
09-30 05:12:08.071 V/CamX (31651): [ VERB][UTILS ] camxhashmap.cpp:210 GetInPlace() Key not found
09-30 05:12:08.071 V/CamX (31651): [ VERB][UTILS ] camxhashmap.cpp:210 GetInPlace() Key not found
09-30 05:12:08.071 I/liblog (31651): 14
09-30 05:12:08.071 I/liblog (31651): 5
09-30 05:12:08.071 I/liblog (31651): 5
09-30 05:12:08.071 I/liblog (31651): 6
09-30 05:12:08.071 I/liblog (31651): 4
09-30 05:12:08.071 I/liblog (31651): 4
09-30 05:12:08.071 I/liblog (31651): 5
09-30 05:12:08.071 I/liblog (31651): 5
09-30 05:12:08.071 I/liblog (31651): 5
09-30 05:12:08.071 I/liblog (31651): 5
09-30 05:12:08.073 V/CamX (31651): [ VERB][UTILS ] camxhashmap.cpp:210 GetInPlace() Key not found
09-30 05:12:08.073 V/CamX (31651): [ VERB][UTILS ] camxhashmap.cpp:210 GetInPlace() Key not found
09-30 05:12:08.073 I/liblog (31651): 110
09-30 05:12:08.073 V/CamX (31651): [ VERB][UTILS ] camxhashmap.cpp:210 GetInPlace() Key not found
09-30 05:12:08.073 I/liblog (31651): 8
09-30 05:12:08.073 I/liblog (31651): 5
09-30 05:12:08.073 I/liblog (31651): 26
09-30 05:12:08.073 I/liblog (31651): 5
09-30 05:12:08.074 V/CamX (31651): [ VERB][UTILS ] camxhashmap.cpp:210 GetInPlace() Key not found
09-30 05:12:08.074 I/liblog (31651): 7
09-30 05:12:08.074 I/liblog (31651): 5
09-30 05:12:08.074 I/liblog (31651): 4
09-30 05:12:08.074 V/CamX (31651): [ VERB][UTILS ] camxhashmap.cpp:210 GetInPlace() Key not found
09-30 05:12:08.074 I/liblog (31651): 8
09-30 05:12:08.074 I/liblog (31651): 16
09-30 05:12:08.074 V/CamX (31651): [ VERB][UTILS ] camxhashmap.cpp:210 GetInPlace() Key not found
09-30 05:12:08.074 V/CamX (31651): [ VERB][UTILS ] camxhashmap.cpp:210 GetInPlace() Key not found
09-30 05:12:08.074 V/CamX (31651): [ VERB][UTILS ] camxhashmap.cpp:210 GetInPlace() Key not found
09-30 05:12:08.074 V/CamX (31651): [ VERB][UTILS ] camxhashmap.cpp:210 GetInPlace() Key not found
09-30 05:12:08.075 I/liblog (31651): 21
09-30 05:12:08.075 V/CamX (31651): [ VERB][UTILS ] camxhashmap.cpp:210 GetInPlace() Key not found
09-30 05:12:08.075 V/CamX (31651): [ VERB][UTILS ] camxhashmap.cpp:210 GetInPlace() Key not found
09-30 05:12:08.075 I/liblog (31651): 7
09-30 05:12:08.075 V/CamX (31651): [ VERB][UTILS ] camxhashmap.cpp:210 GetInPlace() Key not found
09-30 05:12:08.075 V/CamX (31651): [ VERB][UTILS ] camxhashmap.cpp:210 GetInPlace() Key not found
09-30 05:12:08.075 V/CamX (31651): [ VERB][UTILS ] camxhashmap.cpp:210 GetInPlace() Key not found
09-30 05:12:08.075 I/liblog (31651): 13
09-30 05:12:08.075 I/liblog (31651): 4
09-30 05:12:08.075 I/liblog (31651): 4
09-30 05:12:08.075 I/liblog (31651): 4
09-30 05:12:08.075 V/CamX (31651): [ VERB][UTILS ] camxhashmap.cpp:210 GetInPlace() Key not found
09-30 05:12:08.075 I/liblog (31651): 6
09-30 05:12:08.075 V/CamX (31651): [ VERB][UTILS ] camxhashmap.cpp:210 GetInPlace() Key not found
09-30 05:12:08.076 I/liblog (31651): 8
09-30 05:12:08.076 I/liblog (31651): 5
09-30 05:12:08.076 V/CamX (31651): [ VERB][UTILS ] camxhashmap.cpp:210 GetInPlace() Key not found
09-30 05:12:08.076 I/liblog (31651): 8
09-30 05:12:08.076 I/liblog (31651): 1
09-30 05:12:08.076 E/CamX (31651): [ERROR][CSL ] camxcslhw.cpp:97 CSLInitializeHW() Failed to acquire requestManager invalid
09-30 05:12:08.076 E/CamX (31651): [ERROR][CORE ] camxhwenvironment.cpp:325 Initialize() FATAL ERROR: Raise SigAbort. HwEnvironment initialization failed
09-30 05:12:08.077 F/libc (31651): Fatal signal 6 (SIGABRT), code -6 (SI_TKILL) in tid 31651 (android.hardwar), pid 31651 (android.hardwar)
01-01 15:15:38.143 D/ ( 0): mv2112_read_status
01-01 15:15:38.147 D/mv2112_update_link( 0): 3.0x901(1G): 0x80
01-01 15:15:38.152 D/mv2112_update_link( 0): 3.0x8109(100M): 0x0
01-01 15:15:38.157 D/mv2112_update_link( 0): link 0x0
01-01 15:15:38.162 D/mv2112_read_status( 0): autoneg is disabled
09-30 05:12:08.221 I/crash_dump64(31655): obtaining output fd from tombstoned, type: kDebuggerdTombstoneProto
09-30 05:12:08.223 I/tombstoned( 629): received crash request for pid 31651
09-30 05:12:08.225 I/crash_dump64(31655): performing dump of process 31651 (target tid = 31651)
09-30 05:12:08.236 E/DEBUG (31655): failed to read /proc/uptime: Permission denied
01-01 15:15:38.528 I/logd ( 0): logdr: UID=1047 GID=1005 PID=31655 n tail=0 logMask=8 pid=31651 start=0ns deadline=0ns
01-01 15:15:38.543 I/logd ( 0): logdr: UID=1047 GID=1005 PID=31655 n tail=0 logMask=1 pid=31651 start=0ns deadline=0ns
09-30 05:12:08.531 F/DEBUG (31655): *** *** *** *** *** *** *** *** *** *** *** *** *** *** *** ***
09-30 05:12:08.531 F/DEBUG (31655): Build fingerprint: 'TC/figure_CN/figure:12/SKQ1.220201.001/1010:userdebug/test-keys'
09-30 05:12:08.532 F/DEBUG (31655): Revision: '0'
09-30 05:12:08.532 F/DEBUG (31655): ABI: 'arm64'
09-30 05:12:08.532 F/DEBUG (31655): Timestamp: 2022-09-30 05:12:08.234715537+0800
09-30 05:12:08.532 F/DEBUG (31655): Process uptime: 0s
09-30 05:12:08.532 F/DEBUG (31655): Cmdline: /vendor/bin/hw/android.hardware.camera.provider@2.4-service_64
09-30 05:12:08.532 F/DEBUG (31655): pid: 31651, tid: 31651, name: android.hardwar >>> /vendor/bin/hw/android.hardware.camera.provider@2.4-service_64 <<<
09-30 05:12:08.532 F/DEBUG (31655): uid: 1047
09-30 05:12:08.532 F/DEBUG (31655): signal 6 (SIGABRT), code -6 (SI_TKILL), fault addr --------
09-30 05:12:08.532 F/DEBUG (31655): x0 0000000000000000 x1 0000000000007ba3 x2 0000000000000006 x3 0000000000000000
09-30 05:12:08.533 F/DEBUG (31655): x4 00000000000cd288 x5 00000000000cd288 x6 00000000000cd288 x7 7f7f7f7f7f7f7f7f
09-30 05:12:08.533 F/DEBUG (31655): x8 0000000000000083 x9 bf9f24152e462aa5 x10 0000007fdca33b18 x11 fffffffffffffffd
09-30 05:12:08.533 F/DEBUG (31655): x12 000000785fdb8000 x13 0000000000000000 x14 0000007fdca342a0 x15 0000000034155555
09-30 05:12:08.533 F/DEBUG (31655): x16 0000007b7c4975a0 x17 0000007b7c4737c0 x18 0000007b80638000 x19 000000785e48b53c
09-30 05:12:08.533 F/DEBUG (31655): x20 b400007885acfc70 x21 0000007b7fb3e000 x22 0000007fdca3477c x23 000000785ec02aa0
09-30 05:12:08.533 F/DEBUG (31655): x24 000000785eba2fc0 x25 000000785eb4cdb0 x26 0000000000000060 x27 0000000000000000
09-30 05:12:08.533 F/DEBUG (31655): x28 b4000078b5acf148 x29 0000007fdca60bc0
09-30 05:12:08.533 F/DEBUG (31655): lr 000000785ea847dc sp 0000007fdca34710 pc 0000007b7c4737cc pst 0000000000001000
09-30 05:12:08.533 F/DEBUG (31655): backtrace:
09-30 05:12:08.534 F/DEBUG (31655): #00 pc 00000000000a17cc /apex/com.android.runtime/lib64/bionic/libc.so (tgkill+12) (BuildId: 369edc656806aeaf384cbeb8f7a347af)
09-30 05:12:08.534 F/DEBUG (31655): #01 pc 00000000006457d8 /vendor/lib64/hw/camera.qcom.so (CamX::HwEnvironment::GetInstance() (.cfi)+6368) (BuildId: b1384079992d9d7d882d76efbcfea07f)
09-30 05:12:08.534 F/DEBUG (31655): #02 pc 0000000000266a50 /vendor/lib64/hw/camera.qcom.so (CamX::HAL3Module::GetInstance()+664) (BuildId: b1384079992d9d7d882d76efbcfea07f)
09-30 05:12:08.534 F/DEBUG (31655): #03 pc 000000000025a294 /vendor/lib64/hw/camera.qcom.so (CamX::get_number_of_cameras() (.cfi)+84) (BuildId: b1384079992d9d7d882d76efbcfea07f)
09-30 05:12:08.534 F/DEBUG (31655): #04 pc 0000000000034908 /vendor/lib64/android.hardware.camera.provider@2.4-legacy.so (android::hardware::camera::common::V1_0::helper::CameraModule::init()+200) (BuildId: c456d5ffa961e6c6954debfeaac86fd5)
09-30 05:12:08.534 F/DEBUG (31655): #05 pc 0000000000026e48 /vendor/lib64/android.hardware.camera.provider@2.4-legacy.so (android::hardware::camera::provider::V2_4::implementation::LegacyCameraProviderImpl_2_4::initialize()+140) (BuildId: c456d5ffa961e6c6954debfeaac86fd5)
09-30 05:12:08.534 F/DEBUG (31655): #06 pc 0000000000026638 /vendor/lib64/android.hardware.camera.provider@2.4-legacy.so (android::hardware::camera::provider::V2_4::implementation::LegacyCameraProviderImpl_2_4::LegacyCameraProviderImpl_2_4()+160) (BuildId: c456d5ffa961e6c6954debfeaac86fd5)
09-30 05:12:08.534 F/DEBUG (31655): #07 pc 000000000000415c /vendor/lib64/hw/android.hardware.camera.provider@2.4-impl.so (android::hardware::camera::provider::V2_4::implementation::CameraProvider* android::hardware::camera::provider::V2_4::implementation::getProviderImpl() (.cfi)+64) (BuildId: 5e2f33df9f94aadf6b2d7d01985be38c)
09-30 05:12:08.534 F/DEBUG (31655): #08 pc 0000000000051d94 /apex/com.android.vndk.v30/lib64/libhidlbase.so (android::hardware::PassthroughServiceManager::get(android::hardware::hidl_string const&, android::hardware::hidl_string const&)::'lambda'(void*, std::__1::basic_string, std::__1::allocator > const&, std::__1::basic_string, std::__1::allocator > const&)::operator()(void*, std::__1::basic_string, std::__1::allocator > const&, std::__1::basic_string, std::__1::allocator > const&) const+96) (BuildId: fc3e2389a057aeefafa6557f6d78a06b)
09-30 05:12:08.535 F/DEBUG (31655): #09 pc 000000000004cdf0 /apex/com.android.vndk.v30/lib64/libhidlbase.so (android::hardware::PassthroughServiceManager::openLibs(std::__1::basic_string, std::__1::allocator > const&, std::__1::function, std::__1::allocator > const&, std::__1::basic_string, std::__1::allocator > const&)> const&)+944) (BuildId: fc3e2389a057aeefafa6557f6d78a06b)
09-30 05:12:08.535 F/DEBUG (31655): #10 pc 00000000000502a0 /apex/com.android.vndk.v30/lib64/libhidlbase.so (android::hardware::PassthroughServiceManager::get(android::hardware::hidl_string const&, android::hardware::hidl_string const&)+92) (BuildId: fc3e2389a057aeefafa6557f6d78a06b)
09-30 05:12:08.535 F/DEBUG (31655): #11 pc 000000000004dd8c /apex/com.android.vndk.v30/lib64/libhidlbase.so (android::hardware::details::getRawServiceInternal(std::__1::basic_string, std::__1::allocator > const&, std::__1::basic_string, std::__1::allocator > const&, bool, bool)+1488) (BuildId: fc3e2389a057aeefafa6557f6d78a06b)
09-30 05:12:08.535 F/DEBUG (31655): #12 pc 000000000004b91c /apex/com.android.vndk.v30/lib64/libhidlbase.so (android::hardware::details::registerPassthroughServiceImplementation(std::__1::basic_string, std::__1::allocator > const&, std::__1::basic_string, std::__1::allocator > const&, std::__1::function const&, std::__1::basic_string, std::__1::allocator > const&)>, std::__1::basic_string, std::__1::allocator > const&)+80) (BuildId: fc3e2389a057aeefafa6557f6d78a06b)
09-30 05:12:08.535 F/DEBUG (31655): #13 pc 000000000004bc9c /apex/com.android.vndk.v30/lib64/libhidlbase.so (android::hardware::registerPassthroughServiceImplementation(std::__1::basic_string, std::__1::allocator > const&, std::__1::basic_string, std::__1::allocator > const&, std::__1::basic_string, std::__1::allocator > const&)+56) (BuildId: fc3e2389a057aeefafa6557f6d78a06b)
09-30 05:12:08.535 F/DEBUG (31655): #14 pc 0000000000001130 /vendor/bin/hw/android.hardware.camera.provider@2.4-service_64 (main.cfi+196) (BuildId: a1ba6e409ca848af1f0b7c62860af7da)
09-30 05:12:08.535 F/DEBUG (31655): #15 pc 000000000004a084 /apex/com.android.runtime/lib64/bionic/libc.so (__libc_init+100) (BuildId: 369edc656806aeaf384cbeb8f7a347af)
09-30 05:12:08.580 W/NativeCrashListener( 1131): Couldn't find ProcessRecord for pid 31651
09-30 05:12:08.581 E/crash_dump64(31655): AM data write failed: Broken pipe
09-30 05:12:08.583 E/tombstoned( 629): Tombstone written to: tombstone_23
09-30 05:12:08.595 I/BootReceiver( 1131): Copying /data/tombstones/tombstone_23 to DropBox (SYSTEM_TOMBSTONE)
09-30 05:12:08.596 I/DropBoxManagerService( 1131): add tag=SYSTEM_TOMBSTONE isTagEnabled=true flags=0x6
09-30 05:12:08.608 I/dropbox_file_copy( 1131): [/data/tombstones/tombstone_23,98304,SYSTEM_TOMBSTONE]
09-30 05:12:08.617 I/commit_sys_config_file( 1131): [log-files,9784036]
09-30 05:12:08.618 E/NativeTombstoneManager( 1131): Tombstone's UID (1047) not an app, ignoring
09-30 05:12:08.619 I/DropBoxManagerService( 1131): add tag=SYSTEM_TOMBSTONE_PROTO isTagEnabled=true flags=0x4
09-30 05:12:08.636 I/commit_sys_config_file( 1131): [log-files,9784056]
09-30 05:12:08.866 I/mpu_uart( 648): [MSG-P:RECV]:No message received in 1000 ms
01-01 15:15:39.167 D/ ( 0): mv2112_read_status
01-01 15:15:39.171 D/mv2112_update_link( 0): 3.0x901(1G): 0x80
01-01 15:15:39.177 D/mv2112_update_link( 0): 3.0x8109(100M): 0x0
01-01 15:15:39.184 D/mv2112_update_link( 0): link 0x0
01-01 15:15:39.189 D/mv2112_read_status( 0): autoneg is disabled
09-30 05:12:09.867 I/mpu_uart( 648): [MSG-P:RECV]:No message received in 1000 ms
01-01 15:15:40.191 D/ ( 0): mv2112_read_status
01-01 15:15:40.195 D/mv2112_update_link( 0): 3.0x901(1G): 0x80
01-01 15:15:40.201 D/mv2112_update_link( 0): 3.0x8109(100M): 0x0
01-01 15:15:40.206 D/mv2112_update_link( 0): link 0x0
01-01 15:15:40.210 D/mv2112_read_status( 0): autoneg is disabled
09-30 05:12:10.791 I/mpu_uart( 648): [MSG-P:R]:recv sync frame timeout
09-30 05:12:10.867 I/mpu_uart( 648): [MSG-P:RECV]:No message received in 1000 ms
01-01 15:15:41.215 D/ ( 0): mv2112_read_status
01-01 15:15:41.219 D/mv2112_update_link( 0): 3.0x901(1G): 0x80
01-01 15:15:41.224 D/mv2112_update_link( 0): 3.0x8109(100M): 0x0
01-01 15:15:41.230 D/mv2112_update_link( 0): link 0x0
01-01 15:15:41.234 D/mv2112_read_status( 0): autoneg is disabled
09-30 05:12:11.867 I/mpu_uart( 648): [MSG-P:RECV]:No message received in 1000 ms
01-01 15:15:42.239 D/ ( 0): mv2112_read_status
01-01 15:15:42.243 D/mv2112_update_link( 0): 3.0x901(1G): 0x80
01-01 15:15:42.248 D/mv2112_update_link( 0): 3.0x8109(100M): 0x0
01-01 15:15:42.254 D/mv2112_update_link( 0): link 0x0
01-01 15:15:42.258 D/mv2112_read_status( 0): autoneg is disabled
01-01 15:15:42.839 I/init ( 0): starting service 'qvrd_vndr'...
01-01 15:15:42.850 I/init ( 0): Created socket '/dev/socket/qvrservice_vndr', mode 660, user 1000, group 1000
01-01 15:15:42.863 I/init ( 0): Created socket '/dev/socket/qvrservice_vndr_camera', mode 660, user 1000, group 1000
09-30 05:12:12.868 I/mpu_uart( 648): [MSG-P:RECV]:No message received in 1000 ms
01-01 15:15:42.913 I/init ( 0): starting service 'sxrd'...
01-01 15:15:42.947 I/init ( 0): starting service 'vendor.camera-provider-2-4'...
09-30 05:12:12.905 F/linker (31660): CANNOT LINK EXECUTABLE "/vendor/bin/hw/qvrservice": library "vendor.qti.hardware.qxr-V1-ndk_platform.so" not found: needed by /vendor/lib64/libqvrservice.so in namespace (default)
09-30 05:12:12.927 F/linker (31661): CANNOT LINK EXECUTABLE "/vendor/bin/hw/sxrservice": library "vendor.qti.hardware.qxr-V1-ndk_platform.so" not found: needed by main executable
01-01 15:15:42.977 I/init ( 0): starting service 'vendor.light-hal-2-0'...
01-01 15:15:43.014 I/init ( 0): Service 'qvrd_vndr' (pid 31660) exited with status 1
01-01 15:15:43.021 I/init ( 0): Sending signal 9 to service 'qvrd_vndr' (pid 31660) process group...
01-01 15:15:43.029 I/libprocessgroup( 0): Successfully killed process cgroup uid 1000 pid 31660 in 0ms
01-01 15:15:43.042 I/init ( 0): Service 'sxrd' (pid 31661) exited with status 1
09-30 05:12:13.000 I/android.hardware.camera.provider@2.4-service(31662): CameraProvider@2.4 legacy service is starting.
09-30 05:12:13.033 I/hwservicemanager( 502): getTransport: Cannot find entry android.hardware.light@2.0::ILight/default in either framework or device VINTF manifest.
09-30 05:12:13.043 E/light (31663): light_open lights keyboard failed: -22
09-30 05:12:13.043 E/light (31663): Light passthrough failed to load legacy HAL.
09-30 05:12:13.045 E/light (31663): light_open lights buttons failed: -22
09-30 05:12:13.045 E/light (31663): Light passthrough failed to load legacy HAL.
09-30 05:12:13.052 E/light (31663): light_open lights bluetooth failed: -22
09-30 05:12:13.052 E/light (31663): Light passthrough failed to load legacy HAL.
09-30 05:12:13.053 E/light (31663): light_open lights wifi failed: -22
09-30 05:12:13.054 E/light (31663): Light passthrough failed to load legacy HAL.
09-30 05:12:13.055 I/hwservicemanager( 502): getTransport: Cannot find entry android.hardware.light@2.0::ILight/default in either framework or device VINTF manifest.
09-30 05:12:13.055 E/HidlServiceManagement(31663): Service android.hardware.light@2.0::ILight/default must be in VINTF manifest in order to register/get.
09-30 05:12:13.055 E/LegacySupport(31663): Could not register service android.hardware.light@2.0::ILight/default (-2147483648).
09-30 05:12:13.140 I/android.hardware.camera.provider@2.4-service_64(31662): vendor/qcom/proprietary/adsprpc/src/rpcmem_android.c:159: rpcmem_init_internal: opened ION device fd 7, configured heap IDs: system (0x2000000), contig (0x400000), secure (0x200), secure flags (0x80080000)
09-30 05:12:13.140 I/android.hardware.camera.provider@2.4-service_64(31662): vendor/qcom/proprietary/adsprpc/src/fastrpc_apps_user.c:3087: fastrpc_apps_user_init done with default domain:3 and &fastrpc_trace:0x79e1cc3fa0
09-30 05:12:13.160 I/CamX (31662): [CONFIG][HAL ] camxhal3module.cpp:390 HAL3Module() ***************************************************
09-30 05:12:13.160 I/CamX (31662): [CONFIG][HAL ] camxhal3module.cpp:391 HAL3Module() SHA1: 163bad69f8e118afcbc104e84812da2d6af207e5
