09-30 05:12:38.521 V/CamX (31776): [ VERB][UTILS ] camxhashmap.cpp:210 GetInPlace() Key not found
09-30 05:12:38.521 V/CamX (31776): [ VERB][UTILS ] camxhashmap.cpp:210 GetInPlace() Key not found
09-30 05:12:38.521 V/CamX (31776): [ VERB][UTILS ] camxhashmap.cpp:210 GetInPlace() Key not found
09-30 05:12:38.521 V/CamX (31776): [ VERB][UTILS ] camxhashmap.cpp:210 GetInPlace() Key not found
09-30 05:12:38.521 V/CamX (31776): [ VERB][UTILS ] camxhashmap.cpp:210 GetInPlace() Key not found
09-30 05:12:38.521 V/CamX (31776): [ VERB][UTILS ] camxhashmap.cpp:210 GetInPlace() Key not found
09-30 05:12:38.521 V/CamX (31776): [ VERB][UTILS ] camxhashmap.cpp:210 GetInPlace() Key not found
09-30 05:12:38.521 V/CamX (31776): [ VERB][UTILS ] camxhashmap.cpp:210 GetInPlace() Key not found
09-30 05:12:38.521 V/CamX (31776): [ VERB][UTILS ] camxhashmap.cpp:210 GetInPlace() Key not found
09-30 05:12:38.521 V/CamX (31776): [ VERB][UTILS ] camxhashmap.cpp:210 GetInPlace() Key not found
09-30 05:12:38.521 V/CamX (31776): [ VERB][UTILS ] camxhashmap.cpp:210 GetInPlace() Key not found
09-30 05:12:38.521 V/CamX (31776): [ VERB][UTILS ] camxhashmap.cpp:210 GetInPlace() Key not found
09-30 05:12:38.521 V/CamX (31776): [ VERB][UTILS ] camxhashmap.cpp:210 GetInPlace() Key not found
09-30 05:12:38.521 V/CamX (31776): [ VERB][UTILS ] camxhashmap.cpp:210 GetInPlace() Key not found
09-30 05:12:38.521 V/CamX (31776): [ VERB][UTILS ] camxhashmap.cpp:210 GetInPlace() Key not found
09-30 05:12:38.521 V/CamX (31776): [ VERB][UTILS ] camxhashmap.cpp:210 GetInPlace() Key not found
09-30 05:12:38.521 V/CamX (31776): [ VERB][UTILS ] camxhashmap.cpp:210 GetInPlace() Key not found
09-30 05:12:38.521 V/CamX (31776): [ VERB][UTILS ] camxhashmap.cpp:210 GetInPlace() Key not found
09-30 05:12:38.521 V/CamX (31776): [ VERB][UTILS ] camxhashmap.cpp:210 GetInPlace() Key not found
09-30 05:12:38.521 V/CamX (31776): [ VERB][UTILS ] camxhashmap.cpp:210 GetInPlace() Key not found
09-30 05:12:38.521 V/CamX (31776): [ VERB][UTILS ] camxhashmap.cpp:210 GetInPlace() Key not found
09-30 05:12:38.522 V/CamX (31776): [ VERB][UTILS ] camxhashmap.cpp:210 GetInPlace() Key not found
09-30 05:12:38.522 V/CamX (31776): [ VERB][UTILS ] camxhashmap.cpp:210 GetInPlace() Key not found
09-30 05:12:38.522 V/CamX (31776): [ VERB][UTILS ] camxhashmap.cpp:210 GetInPlace() Key not found
09-30 05:12:38.522 V/CamX (31776): [ VERB][UTILS ] camxhashmap.cpp:210 GetInPlace() Key not found
09-30 05:12:38.522 V/CamX (31776): [ VERB][UTILS ] camxhashmap.cpp:210 GetInPlace() Key not found
09-30 05:12:38.522 V/CamX (31776): [ VERB][UTILS ] camxhashmap.cpp:210 GetInPlace() Key not found
09-30 05:12:38.522 V/CamX (31776): [ VERB][UTILS ] camxhashmap.cpp:210 GetInPlace() Key not found
09-30 05:12:38.522 V/CamX (31776): [ VERB][UTILS ] camxhashmap.cpp:210 GetInPlace() Key not found
09-30 05:12:38.522 V/CamX (31776): [ VERB][UTILS ] camxhashmap.cpp:210 GetInPlace() Key not found
09-30 05:12:38.522 V/CamX (31776): [ VERB][UTILS ] camxhashmap.cpp:210 GetInPlace() Key not found
09-30 05:12:38.522 V/CamX (31776): [ VERB][UTILS ] camxhashmap.cpp:210 GetInPlace() Key not found
09-30 05:12:38.522 V/CamX (31776): [ VERB][UTILS ] camxhashmap.cpp:210 GetInPlace() Key not found
09-30 05:12:38.522 V/CamX (31776): [ VERB][UTILS ] camxhashmap.cpp:210 GetInPlace() Key not found
09-30 05:12:38.522 V/CamX (31776): [ VERB][UTILS ] camxhashmap.cpp:210 GetInPlace() Key not found
09-30 05:12:38.522 V/CamX (31776): [ VERB][UTILS ] camxhashmap.cpp:210 GetInPlace() Key not found
09-30 05:12:38.522 V/CamX (31776): [ VERB][UTILS ] camxhashmap.cpp:210 GetInPlace() Key not found
09-30 05:12:38.522 V/CamX (31776): [ VERB][UTILS ] camxhashmap.cpp:210 GetInPlace() Key not found
09-30 05:12:38.522 V/CamX (31776): [ VERB][UTILS ] camxhashmap.cpp:210 GetInPlace() Key not found
09-30 05:12:38.522 V/CamX (31776): [ VERB][UTILS ] camxhashmap.cpp:210 GetInPlace() Key not found
09-30 05:12:38.522 V/CamX (31776): [ VERB][UTILS ] camxhashmap.cpp:210 GetInPlace() Key not found
09-30 05:12:38.522 V/CamX (31776): [ VERB][UTILS ] camxhashmap.cpp:210 GetInPlace() Key not found
09-30 05:12:38.522 V/CamX (31776): [ VERB][UTILS ] camxhashmap.cpp:210 GetInPlace() Key not found
09-30 05:12:38.522 V/CamX (31776): [ VERB][UTILS ] camxhashmap.cpp:210 GetInPlace() Key not found
09-30 05:12:38.522 V/CamX (31776): [ VERB][UTILS ] camxhashmap.cpp:210 GetInPlace() Key not found
09-30 05:12:38.522 V/CamX (31776): [ VERB][UTILS ] camxhashmap.cpp:210 GetInPlace() Key not found
09-30 05:12:38.522 V/CamX (31776): [ VERB][UTILS ] camxhashmap.cpp:210 GetInPlace() Key not found
09-30 05:12:38.522 V/CamX (31776): [ VERB][UTILS ] camxhashmap.cpp:210 GetInPlace() Key not found
09-30 05:12:38.522 V/CamX (31776): [ VERB][UTILS ] camxhashmap.cpp:210 GetInPlace() Key not found
09-30 05:12:38.522 V/CamX (31776): [ VERB][UTILS ] camxhashmap.cpp:210 GetInPlace() Key not found
09-30 05:12:38.522 V/CamX (31776): [ VERB][UTILS ] camxhashmap.cpp:210 GetInPlace() Key not found
09-30 05:12:38.522 V/CamX (31776): [ VERB][UTILS ] camxhashmap.cpp:210 GetInPlace() Key not found
09-30 05:12:38.522 V/CamX (31776): [ VERB][UTILS ] camxhashmap.cpp:210 GetInPlace() Key not found
09-30 05:12:38.522 V/CamX (31776): [ VERB][UTILS ] camxhashmap.cpp:210 GetInPlace() Key not found
09-30 05:12:38.522 V/CamX (31776): [ VERB][UTILS ] camxhashmap.cpp:210 GetInPlace() Key not found
09-30 05:12:38.523 V/CamX (31776): [ VERB][UTILS ] camxhashmap.cpp:210 GetInPlace() Key not found
09-30 05:12:38.523 V/CamX (31776): [ VERB][UTILS ] camxhashmap.cpp:210 GetInPlace() Key not found
09-30 05:12:38.523 V/CamX (31776): [ VERB][UTILS ] camxhashmap.cpp:210 GetInPlace() Key not found
09-30 05:12:38.523 V/CamX (31776): [ VERB][UTILS ] camxhashmap.cpp:210 GetInPlace() Key not found
09-30 05:12:38.523 V/CamX (31776): [ VERB][UTILS ] camxhashmap.cpp:210 GetInPlace() Key not found
09-30 05:12:38.523 V/CamX (31776): [ VERB][UTILS ] camxhashmap.cpp:210 GetInPlace() Key not found
09-30 05:12:38.523 V/CamX (31776): [ VERB][UTILS ] camxhashmap.cpp:210 GetInPlace() Key not found
09-30 05:12:38.523 V/CamX (31776): [ VERB][UTILS ] camxhashmap.cpp:210 GetInPlace() Key not found
09-30 05:12:38.523 V/CamX (31776): [ VERB][UTILS ] camxhashmap.cpp:210 GetInPlace() Key not found
09-30 05:12:38.523 V/CamX (31776): [ VERB][UTILS ] camxhashmap.cpp:210 GetInPlace() Key not found
09-30 05:12:38.523 V/CamX (31776): [ VERB][UTILS ] camxhashmap.cpp:210 GetInPlace() Key not found
09-30 05:12:38.523 V/CamX (31776): [ VERB][UTILS ] camxhashmap.cpp:210 GetInPlace() Key not found
09-30 05:12:38.523 V/CamX (31776): [ VERB][UTILS ] camxhashmap.cpp:210 GetInPlace() Key not found
09-30 05:12:38.523 V/CamX (31776): [ VERB][UTILS ] camxhashmap.cpp:210 GetInPlace() Key not found
09-30 05:12:38.523 V/CamX (31776): [ VERB][UTILS ] camxhashmap.cpp:210 GetInPlace() Key not found
09-30 05:12:38.523 V/CamX (31776): [ VERB][UTILS ] camxhashmap.cpp:210 GetInPlace() Key not found
09-30 05:12:38.523 V/CamX (31776): [ VERB][UTILS ] camxhashmap.cpp:210 GetInPlace() Key not found
09-30 05:12:38.523 V/CamX (31776): [ VERB][UTILS ] camxhashmap.cpp:210 GetInPlace() Key not found
09-30 05:12:38.523 V/CamX (31776): [ VERB][UTILS ] camxhashmap.cpp:210 GetInPlace() Key not found
09-30 05:12:38.523 V/CamX (31776): [ VERB][UTILS ] camxhashmap.cpp:210 GetInPlace() Key not found
09-30 05:12:38.523 V/CamX (31776): [ VERB][UTILS ] camxhashmap.cpp:210 GetInPlace() Key not found
09-30 05:12:38.523 V/CamX (31776): [ VERB][UTILS ] camxhashmap.cpp:210 GetInPlace() Key not found
09-30 05:12:38.523 V/CamX (31776): [ VERB][UTILS ] camxhashmap.cpp:210 GetInPlace() Key not found
09-30 05:12:38.523 V/CamX (31776): [ VERB][UTILS ] camxhashmap.cpp:210 GetInPlace() Key not found
09-30 05:12:38.523 V/CamX (31776): [ VERB][UTILS ] camxhashmap.cpp:210 GetInPlace() Key not found
09-30 05:12:38.523 V/CamX (31776): [ VERB][UTILS ] camxhashmap.cpp:210 GetInPlace() Key not found
09-30 05:12:38.523 V/CamX (31776): [ VERB][UTILS ] camxhashmap.cpp:210 GetInPlace() Key not found
09-30 05:12:38.523 V/CamX (31776): [ VERB][UTILS ] camxhashmap.cpp:210 GetInPlace() Key not found
09-30 05:12:38.523 V/CamX (31776): [ VERB][UTILS ] camxhashmap.cpp:210 GetInPlace() Key not found
09-30 05:12:38.523 V/CamX (31776): [ VERB][UTILS ] camxhashmap.cpp:210 GetInPlace() Key not found
09-30 05:12:38.523 V/CamX (31776): [ VERB][UTILS ] camxhashmap.cpp:210 GetInPlace() Key not found
09-30 05:12:38.523 V/CamX (31776): [ VERB][UTILS ] camxhashmap.cpp:210 GetInPlace() Key not found
09-30 05:12:38.523 V/CamX (31776): [ VERB][UTILS ] camxhashmap.cpp:210 GetInPlace() Key not found
09-30 05:12:38.524 V/CamX (31776): [ VERB][UTILS ] camxhashmap.cpp:210 GetInPlace() Key not found
09-30 05:12:38.524 V/CamX (31776): [ VERB][UTILS ] camxhashmap.cpp:210 GetInPlace() Key not found
09-30 05:12:38.524 V/CamX (31776): [ VERB][UTILS ] camxhashmap.cpp:210 GetInPlace() Key not found
09-30 05:12:38.524 V/CamX (31776): [ VERB][UTILS ] camxhashmap.cpp:210 GetInPlace() Key not found
09-30 05:12:38.524 V/CamX (31776): [ VERB][UTILS ] camxhashmap.cpp:210 GetInPlace() Key not found
09-30 05:12:38.524 V/CamX (31776): [ VERB][UTILS ] camxhashmap.cpp:210 GetInPlace() Key not found
09-30 05:12:38.524 V/CamX (31776): [ VERB][UTILS ] camxhashmap.cpp:210 GetInPlace() Key not found
09-30 05:12:38.524 V/CamX (31776): [ VERB][UTILS ] camxhashmap.cpp:210 GetInPlace() Key not found
09-30 05:12:38.524 V/CamX (31776): [ VERB][UTILS ] camxhashmap.cpp:210 GetInPlace() Key not found
09-30 05:12:38.524 V/CamX (31776): [ VERB][UTILS ] camxhashmap.cpp:210 GetInPlace() Key not found
09-30 05:12:38.524 V/CamX (31776): [ VERB][UTILS ] camxhashmap.cpp:210 GetInPlace() Key not found
09-30 05:12:38.524 V/CamX (31776): [ VERB][UTILS ] camxhashmap.cpp:210 GetInPlace() Key not found
09-30 05:12:38.524 V/CamX (31776): [ VERB][UTILS ] camxhashmap.cpp:210 GetInPlace() Key not found
09-30 05:12:38.524 V/CamX (31776): [ VERB][UTILS ] camxhashmap.cpp:210 GetInPlace() Key not found
09-30 05:12:38.524 V/CamX (31776): [ VERB][UTILS ] camxhashmap.cpp:210 GetInPlace() Key not found
09-30 05:12:38.524 V/CamX (31776): [ VERB][UTILS ] camxhashmap.cpp:210 GetInPlace() Key not found
09-30 05:12:38.524 V/CamX (31776): [ VERB][UTILS ] camxhashmap.cpp:210 GetInPlace() Key not found
09-30 05:12:38.524 V/CamX (31776): [ VERB][UTILS ] camxhashmap.cpp:210 GetInPlace() Key not found
09-30 05:12:38.524 V/CamX (31776): [ VERB][UTILS ] camxhashmap.cpp:210 GetInPlace() Key not found
09-30 05:12:38.524 V/CamX (31776): [ VERB][UTILS ] camxhashmap.cpp:210 GetInPlace() Key not found
09-30 05:12:38.524 V/CamX (31776): [ VERB][UTILS ] camxhashmap.cpp:210 GetInPlace() Key not found
09-30 05:12:38.524 V/CamX (31776): [ VERB][UTILS ] camxhashmap.cpp:210 GetInPlace() Key not found
09-30 05:12:38.524 V/CamX (31776): [ VERB][UTILS ] camxhashmap.cpp:210 GetInPlace() Key not found
09-30 05:12:38.524 V/CamX (31776): [ VERB][UTILS ] camxhashmap.cpp:210 GetInPlace() Key not found
09-30 05:12:38.524 V/CamX (31776): [ VERB][UTILS ] camxhashmap.cpp:210 GetInPlace() Key not found
09-30 05:12:38.524 V/CamX (31776): [ VERB][UTILS ] camxhashmap.cpp:210 GetInPlace() Key not found
09-30 05:12:38.524 V/CamX (31776): [ VERB][UTILS ] camxhashmap.cpp:210 GetInPlace() Key not found
09-30 05:12:38.524 V/CamX (31776): [ VERB][UTILS ] camxhashmap.cpp:210 GetInPlace() Key not found
09-30 05:12:38.524 V/CamX (31776): [ VERB][UTILS ] camxhashmap.cpp:210 GetInPlace() Key not found
09-30 05:12:38.524 V/CamX (31776): [ VERB][UTILS ] camxhashmap.cpp:210 GetInPlace() Key not found
09-30 05:12:38.524 V/CamX (31776): [ VERB][UTILS ] camxhashmap.cpp:210 GetInPlace() Key not found
09-30 05:12:38.524 V/CamX (31776): [ VERB][UTILS ] camxhashmap.cpp:210 GetInPlace() Key not found
09-30 05:12:38.524 V/CamX (31776): [ VERB][UTILS ] camxhashmap.cpp:210 GetInPlace() Key not found
09-30 05:12:38.524 V/CamX (31776): [ VERB][UTILS ] camxhashmap.cpp:210 GetInPlace() Key not found
09-30 05:12:38.525 V/CamX (31776): [ VERB][UTILS ] camxhashmap.cpp:210 GetInPlace() Key not found
09-30 05:12:38.525 V/CamX (31776): [ VERB][UTILS ] camxhashmap.cpp:210 GetInPlace() Key not found
09-30 05:12:38.525 V/CamX (31776): [ VERB][UTILS ] camxhashmap.cpp:210 GetInPlace() Key not found
09-30 05:12:38.525 V/CamX (31776): [ VERB][UTILS ] camxhashmap.cpp:210 GetInPlace() Key not found
09-30 05:12:38.525 V/CamX (31776): [ VERB][UTILS ] camxhashmap.cpp:210 GetInPlace() Key not found
09-30 05:12:38.525 V/CamX (31776): [ VERB][UTILS ] camxhashmap.cpp:210 GetInPlace() Key not found
09-30 05:12:38.525 V/CamX (31776): [ VERB][UTILS ] camxhashmap.cpp:210 GetInPlace() Key not found
09-30 05:12:38.525 V/CamX (31776): [ VERB][UTILS ] camxhashmap.cpp:210 GetInPlace() Key not found
09-30 05:12:38.525 V/CamX (31776): [ VERB][UTILS ] camxhashmap.cpp:210 GetInPlace() Key not found
09-30 05:12:38.525 V/CamX (31776): [ VERB][UTILS ] camxhashmap.cpp:210 GetInPlace() Key not found
09-30 05:12:38.525 V/CamX (31776): [ VERB][UTILS ] camxhashmap.cpp:210 GetInPlace() Key not found
09-30 05:12:38.525 V/CamX (31776): [ VERB][UTILS ] camxhashmap.cpp:210 GetInPlace() Key not found
09-30 05:12:38.525 V/CamX (31776): [ VERB][UTILS ] camxhashmap.cpp:210 GetInPlace() Key not found
09-30 05:12:38.525 V/CamX (31776): [ VERB][UTILS ] camxhashmap.cpp:210 GetInPlace() Key not found
09-30 05:12:38.525 V/CamX (31776): [ VERB][UTILS ] camxhashmap.cpp:210 GetInPlace() Key not found
09-30 05:12:38.525 V/CamX (31776): [ VERB][UTILS ] camxhashmap.cpp:210 GetInPlace() Key not found
09-30 05:12:38.525 V/CamX (31776): [ VERB][UTILS ] camxhashmap.cpp:210 GetInPlace() Key not found
09-30 05:12:38.525 V/CamX (31776): [ VERB][UTILS ] camxhashmap.cpp:210 GetInPlace() Key not found
09-30 05:12:38.525 V/CamX (31776): [ VERB][UTILS ] camxhashmap.cpp:210 GetInPlace() Key not found
09-30 05:12:38.525 V/CamX (31776): [ VERB][UTILS ] camxhashmap.cpp:210 GetInPlace() Key not found
09-30 05:12:38.525 V/CamX (31776): [ VERB][UTILS ] camxhashmap.cpp:210 GetInPlace() Key not found
09-30 05:12:38.525 V/CamX (31776): [ VERB][UTILS ] camxhashmap.cpp:210 GetInPlace() Key not found
09-30 05:12:38.525 V/CamX (31776): [ VERB][UTILS ] camxhashmap.cpp:210 GetInPlace() Key not found
09-30 05:12:38.525 V/CamX (31776): [ VERB][UTILS ] camxhashmap.cpp:210 GetInPlace() Key not found
09-30 05:12:38.525 V/CamX (31776): [ VERB][UTILS ] camxhashmap.cpp:210 GetInPlace() Key not found
09-30 05:12:38.525 V/CamX (31776): [ VERB][UTILS ] camxhashmap.cpp:210 GetInPlace() Key not found
09-30 05:12:38.527 V/CamX (31776): [ VERB][UTILS ] camxhashmap.cpp:210 GetInPlace() Key not found
09-30 05:12:38.527 V/CamX (31776): [ VERB][UTILS ] camxhashmap.cpp:210 GetInPlace() Key not found
09-30 05:12:38.527 V/CamX (31776): [ VERB][UTILS ] camxhashmap.cpp:210 GetInPlace() Key not found
09-30 05:12:38.527 V/CamX (31776): [ VERB][UTILS ] camxhashmap.cpp:210 GetInPlace() Key not found
09-30 05:12:38.527 V/CamX (31776): [ VERB][UTILS ] camxhashmap.cpp:210 GetInPlace() Key not found
09-30 05:12:38.527 V/CamX (31776): [ VERB][UTILS ] camxhashmap.cpp:210 GetInPlace() Key not found
09-30 05:12:38.527 V/CamX (31776): [ VERB][UTILS ] camxhashmap.cpp:210 GetInPlace() Key not found
09-30 05:12:38.527 V/CamX (31776): [ VERB][UTILS ] camxhashmap.cpp:210 GetInPlace() Key not found
09-30 05:12:38.527 V/CamX (31776): [ VERB][UTILS ] camxhashmap.cpp:210 GetInPlace() Key not found
09-30 05:12:38.528 V/CamX (31776): [ VERB][UTILS ] camxhashmap.cpp:210 GetInPlace() Key not found
09-30 05:12:38.528 V/CamX (31776): [ VERB][UTILS ] camxhashmap.cpp:210 GetInPlace() Key not found
09-30 05:12:38.528 V/CamX (31776): [ VERB][UTILS ] camxhashmap.cpp:210 GetInPlace() Key not found
09-30 05:12:38.528 V/CamX (31776): [ VERB][UTILS ] camxhashmap.cpp:210 GetInPlace() Key not found
09-30 05:12:38.528 V/CamX (31776): [ VERB][UTILS ] camxhashmap.cpp:210 GetInPlace() Key not found
09-30 05:12:38.528 V/CamX (31776): [ VERB][UTILS ] camxhashmap.cpp:210 GetInPlace() Key not found
09-30 05:12:38.528 V/CamX (31776): [ VERB][UTILS ] camxhashmap.cpp:210 GetInPlace() Key not found
09-30 05:12:38.528 V/CamX (31776): [ VERB][UTILS ] camxhashmap.cpp:210 GetInPlace() Key not found
09-30 05:12:38.528 V/CamX (31776): [ VERB][UTILS ] camxhashmap.cpp:210 GetInPlace() Key not found
09-30 05:12:38.528 V/CamX (31776): [ VERB][UTILS ] camxhashmap.cpp:210 GetInPlace() Key not found
09-30 05:12:38.528 V/CamX (31776): [ VERB][UTILS ] camxhashmap.cpp:210 GetInPlace() Key not found
09-30 05:12:38.528 V/CamX (31776): [ VERB][UTILS ] camxhashmap.cpp:210 GetInPlace() Key not found
09-30 05:12:38.528 V/CamX (31776): [ VERB][UTILS ] camxhashmap.cpp:210 GetInPlace() Key not found
09-30 05:12:38.528 V/CamX (31776): [ VERB][UTILS ] camxhashmap.cpp:210 GetInPlace() Key not found
09-30 05:12:38.528 V/CamX (31776): [ VERB][UTILS ] camxhashmap.cpp:210 GetInPlace() Key not found
09-30 05:12:38.528 V/CamX (31776): [ VERB][UTILS ] camxhashmap.cpp:210 GetInPlace() Key not found
09-30 05:12:38.528 V/CamX (31776): [ VERB][UTILS ] camxhashmap.cpp:210 GetInPlace() Key not found
09-30 05:12:38.528 V/CamX (31776): [ VERB][UTILS ] camxhashmap.cpp:210 GetInPlace() Key not found
09-30 05:12:38.528 V/CamX (31776): [ VERB][UTILS ] camxhashmap.cpp:210 GetInPlace() Key not found
09-30 05:12:38.528 V/CamX (31776): [ VERB][UTILS ] camxhashmap.cpp:210 GetInPlace() Key not found
09-30 05:12:38.528 V/CamX (31776): [ VERB][UTILS ] camxhashmap.cpp:210 GetInPlace() Key not found
09-30 05:12:38.528 V/CamX (31776): [ VERB][UTILS ] camxhashmap.cpp:210 GetInPlace() Key not found
09-30 05:12:38.528 V/CamX (31776): [ VERB][UTILS ] camxhashmap.cpp:210 GetInPlace() Key not found
09-30 05:12:38.528 V/CamX (31776): [ VERB][UTILS ] camxhashmap.cpp:210 GetInPlace() Key not found
09-30 05:12:38.528 V/CamX (31776): [ VERB][UTILS ] camxhashmap.cpp:210 GetInPlace() Key not found
09-30 05:12:38.529 V/CamX (31776): [ VERB][UTILS ] camxhashmap.cpp:210 GetInPlace() Key not found
09-30 05:12:38.529 V/CamX (31776): [ VERB][UTILS ] camxhashmap.cpp:210 GetInPlace() Key not found
09-30 05:12:38.529 V/CamX (31776): [ VERB][UTILS ] camxhashmap.cpp:210 GetInPlace() Key not found
09-30 05:12:38.529 V/CamX (31776): [ VERB][UTILS ] camxhashmap.cpp:210 GetInPlace() Key not found
09-30 05:12:38.530 V/CamX (31776): [ VERB][UTILS ] camxhashmap.cpp:210 GetInPlace() Key not found
09-30 05:12:38.530 V/CamX (31776): [ VERB][UTILS ] camxhashmap.cpp:210 GetInPlace() Key not found
09-30 05:12:38.530 V/CamX (31776): [ VERB][UTILS ] camxhashmap.cpp:210 GetInPlace() Key not found
09-30 05:12:38.530 V/CamX (31776): [ VERB][UTILS ] camxhashmap.cpp:210 GetInPlace() Key not found
09-30 05:12:38.530 V/CamX (31776): [ VERB][UTILS ] camxhashmap.cpp:210 GetInPlace() Key not found
09-30 05:12:38.530 V/CamX (31776): [ VERB][UTILS ] camxhashmap.cpp:210 GetInPlace() Key not found
09-30 05:12:38.530 V/CamX (31776): [ VERB][UTILS ] camxhashmap.cpp:210 GetInPlace() Key not found
09-30 05:12:38.530 V/CamX (31776): [ VERB][UTILS ] camxhashmap.cpp:210 GetInPlace() Key not found
09-30 05:12:38.530 V/CamX (31776): [ VERB][UTILS ] camxhashmap.cpp:210 GetInPlace() Key not found
09-30 05:12:38.530 V/CamX (31776): [ VERB][UTILS ] camxhashmap.cpp:210 GetInPlace() Key not found
09-30 05:12:38.530 V/CamX (31776): [ VERB][UTILS ] camxhashmap.cpp:210 GetInPlace() Key not found
09-30 05:12:38.530 V/CamX (31776): [ VERB][UTILS ] camxhashmap.cpp:210 GetInPlace() Key not found
09-30 05:12:38.530 V/CamX (31776): [ VERB][UTILS ] camxhashmap.cpp:210 GetInPlace() Key not found
09-30 05:12:38.531 V/CamX (31776): [ VERB][UTILS ] camxhashmap.cpp:210 GetInPlace() Key not found
09-30 05:12:38.531 V/CamX (31776): [ VERB][UTILS ] camxhashmap.cpp:210 GetInPlace() Key not found
09-30 05:12:38.531 V/CamX (31776): [ VERB][UTILS ] camxhashmap.cpp:210 GetInPlace() Key not found
09-30 05:12:38.531 V/CamX (31776): [ VERB][UTILS ] camxhashmap.cpp:210 GetInPlace() Key not found
09-30 05:12:38.531 V/CamX (31776): [ VERB][UTILS ] camxhashmap.cpp:210 GetInPlace() Key not found
09-30 05:12:38.531 V/CamX (31776): [ VERB][UTILS ] camxhashmap.cpp:210 GetInPlace() Key not found
09-30 05:12:38.531 V/CamX (31776): [ VERB][UTILS ] camxhashmap.cpp:210 GetInPlace() Key not found
09-30 05:12:38.531 V/CamX (31776): [ VERB][UTILS ] camxhashmap.cpp:210 GetInPlace() Key not found
09-30 05:12:38.531 V/CamX (31776): [ VERB][UTILS ] camxhashmap.cpp:210 GetInPlace() Key not found
09-30 05:12:38.531 V/CamX (31776): [ VERB][UTILS ] camxhashmap.cpp:210 GetInPlace() Key not found
09-30 05:12:38.531 V/CamX (31776): [ VERB][UTILS ] camxhashmap.cpp:210 GetInPlace() Key not found
09-30 05:12:38.531 V/CamX (31776): [ VERB][UTILS ] camxhashmap.cpp:210 GetInPlace() Key not found
09-30 05:12:38.531 V/CamX (31776): [ VERB][UTILS ] camxhashmap.cpp:210 GetInPlace() Key not found
09-30 05:12:38.531 V/CamX (31776): [ VERB][UTILS ] camxhashmap.cpp:210 GetInPlace() Key not found
09-30 05:12:38.531 D/audio_hw_primary( 804): out_set_parameters: enter: usecase(1: low-latency-playback) kvpairs: suspend_playback=true
09-30 05:12:38.531 V/CamX (31776): [ VERB][UTILS ] camxhashmap.cpp:210 GetInPlace() Key not found
09-30 05:12:38.531 V/CamX (31776): [ VERB][UTILS ] camxhashmap.cpp:210 GetInPlace() Key not found
09-30 05:12:38.531 D/audio_hw_extn( 804): audio_extn_fm_set_parameters: Enter
09-30 05:12:38.531 V/CamX (31776): [ VERB][UTILS ] camxhashmap.cpp:210 GetInPlace() Key not found
09-30 05:12:38.531 V/CamX (31776): [ VERB][UTILS ] camxhashmap.cpp:210 GetInPlace() Key not found
09-30 05:12:38.531 V/CamX (31776): [ VERB][UTILS ] camxhashmap.cpp:210 GetInPlace() Key not found
09-30 05:12:38.531 V/CamX (31776): [ VERB][UTILS ] camxhashmap.cpp:210 GetInPlace() Key not found
09-30 05:12:38.531 V/CamX (31776): [ VERB][UTILS ] camxhashmap.cpp:210 GetInPlace() Key not found
09-30 05:12:38.531 V/CamX (31776): [ VERB][UTILS ] camxhashmap.cpp:210 GetInPlace() Key not found
09-30 05:12:38.531 V/CamX (31776): [ VERB][UTILS ] camxhashmap.cpp:210 GetInPlace() Key not found
09-30 05:12:38.531 V/CamX (31776): [ VERB][UTILS ] camxhashmap.cpp:210 GetInPlace() Key not found
09-30 05:12:38.531 V/CamX (31776): [ VERB][UTILS ] camxhashmap.cpp:210 GetInPlace() Key not found
09-30 05:12:38.531 V/CamX (31776): [ VERB][UTILS ] camxhashmap.cpp:210 GetInPlace() Key not found
09-30 05:12:38.531 V/CamX (31776): [ VERB][UTILS ] camxhashmap.cpp:210 GetInPlace() Key not found
09-30 05:12:38.531 V/CamX (31776): [ VERB][UTILS ] camxhashmap.cpp:210 GetInPlace() Key not found
09-30 05:12:38.532 V/CamX (31776): [ VERB][UTILS ] camxhashmap.cpp:210 GetInPlace() Key not found
09-30 05:12:38.532 V/CamX (31776): [ VERB][UTILS ] camxhashmap.cpp:210 GetInPlace() Key not found
09-30 05:12:38.532 V/CamX (31776): [ VERB][UTILS ] camxhashmap.cpp:210 GetInPlace() Key not found
09-30 05:12:38.532 E/CamX (31776): [ERROR][CSL ] camxcslhw.cpp:97 CSLInitializeHW() Failed to acquire requestManager invalid
09-30 05:12:38.532 E/CamX (31776): [ERROR][CORE ] camxhwenvironment.cpp:325 Initialize() FATAL ERROR: Raise SigAbort. HwEnvironment initialization failed
09-30 05:12:38.533 F/libc (31776): Fatal signal 6 (SIGABRT), code -6 (SI_TKILL) in tid 31776 (android.hardwar), pid 31776 (android.hardwar)
09-30 05:12:38.650 I/crash_dump64(31780): obtaining output fd from tombstoned, type: kDebuggerdTombstoneProto
09-30 05:12:38.654 I/tombstoned( 629): received crash request for pid 31776
09-30 05:12:38.656 I/crash_dump64(31780): performing dump of process 31776 (target tid = 31776)
09-30 05:12:38.668 E/DEBUG (31780): failed to read /proc/uptime: Permission denied
09-30 05:12:38.889 I/mpu_uart( 648): [MSG-P:RECV]:No message received in 1000 ms
01-01 15:16:08.947 I/logd ( 0): logdr: UID=1047 GID=1005 PID=31780 n tail=0 logMask=8 pid=31776 start=0ns deadline=0ns
01-01 15:16:08.964 I/logd ( 0): logdr: UID=1047 GID=1005 PID=31780 n tail=0 logMask=1 pid=31776 start=0ns deadline=0ns
01-01 15:16:08.993 D/ ( 0): mv2112_read_status
01-01 15:16:08.997 D/mv2112_update_link( 0): 3.0x901(1G): 0x80
01-01 15:16:09.004 D/mv2112_update_link( 0): 3.0x8109(100M): 0x0
01-01 15:16:09.009 D/mv2112_update_link( 0): link 0x0
01-01 15:16:09.014 D/mv2112_read_status( 0): autoneg is disabled
09-30 05:12:39.007 F/DEBUG (31780): *** *** *** *** *** *** *** *** *** *** *** *** *** *** *** ***
09-30 05:12:39.007 F/DEBUG (31780): Build fingerprint: 'TC/figure_CN/figure:12/SKQ1.220201.001/1010:userdebug/test-keys'
09-30 05:12:39.007 F/DEBUG (31780): Revision: '0'
09-30 05:12:39.007 F/DEBUG (31780): ABI: 'arm64'
09-30 05:12:39.007 F/DEBUG (31780): Timestamp: 2022-09-30 05:12:38.665877921+0800
09-30 05:12:39.007 F/DEBUG (31780): Process uptime: 0s
09-30 05:12:39.007 F/DEBUG (31780): Cmdline: /vendor/bin/hw/android.hardware.camera.provider@2.4-service_64
09-30 05:12:39.007 F/DEBUG (31780): pid: 31776, tid: 31776, name: android.hardwar >>> /vendor/bin/hw/android.hardware.camera.provider@2.4-service_64 <<<
09-30 05:12:39.007 F/DEBUG (31780): uid: 1047
09-30 05:12:39.007 F/DEBUG (31780): signal 6 (SIGABRT), code -6 (SI_TKILL), fault addr --------
09-30 05:12:39.007 F/DEBUG (31780): x0 0000000000000000 x1 0000000000007c20 x2 0000000000000006 x3 0000000000000000
09-30 05:12:39.007 F/DEBUG (31780): x4 00000000000cd288 x5 00000000000cd288 x6 00000000000cd288 x7 7f7f7f7f7f7f7f7f
09-30 05:12:39.007 F/DEBUG (31780): x8 0000000000000083 x9 ae34b48d21666e69 x10 0000007fd98b6a08 x11 fffffffffffffffd
09-30 05:12:39.007 F/DEBUG (31780): x12 00000074053da000 x13 0000000000000000 x14 0000007fd98b7190 x15 0000000034155555
09-30 05:12:39.008 F/DEBUG (31780): x16 000000772cc325a0 x17 000000772cc0e7c0 x18 000000772f96a000 x19 0000007403aad53c
09-30 05:12:39.008 F/DEBUG (31780): x20 b40000743ca491e0 x21 000000772f646000 x22 0000007fd98b766c x23 0000007404224aa0
09-30 05:12:39.008 F/DEBUG (31780): x24 00000074041c4fc0 x25 000000740416edb0 x26 0000000000000060 x27 0000000000000000
09-30 05:12:39.008 F/DEBUG (31780): x28 b40000746ca4f868 x29 0000007fd98e3ab0
09-30 05:12:39.008 F/DEBUG (31780): lr 00000074040a67dc sp 0000007fd98b7600 pc 000000772cc0e7cc pst 0000000000001000
09-30 05:12:39.008 F/DEBUG (31780): backtrace:
09-30 05:12:39.008 F/DEBUG (31780): #00 pc 00000000000a17cc /apex/com.android.runtime/lib64/bionic/libc.so (tgkill+12) (BuildId: 369edc656806aeaf384cbeb8f7a347af)
09-30 05:12:39.008 F/DEBUG (31780): #01 pc 00000000006457d8 /vendor/lib64/hw/camera.qcom.so (CamX::HwEnvironment::GetInstance() (.cfi)+6368) (BuildId: b1384079992d9d7d882d76efbcfea07f)
09-30 05:12:39.008 F/DEBUG (31780): #02 pc 0000000000266a50 /vendor/lib64/hw/camera.qcom.so (CamX::HAL3Module::GetInstance()+664) (BuildId: b1384079992d9d7d882d76efbcfea07f)
09-30 05:12:39.008 F/DEBUG (31780): #03 pc 000000000025a294 /vendor/lib64/hw/camera.qcom.so (CamX::get_number_of_cameras() (.cfi)+84) (BuildId: b1384079992d9d7d882d76efbcfea07f)
09-30 05:12:39.008 F/DEBUG (31780): #04 pc 0000000000034908 /vendor/lib64/android.hardware.camera.provider@2.4-legacy.so (android::hardware::camera::common::V1_0::helper::CameraModule::init()+200) (BuildId: c456d5ffa961e6c6954debfeaac86fd5)
09-30 05:12:39.008 F/DEBUG (31780): #05 pc 0000000000026e48 /vendor/lib64/android.hardware.camera.provider@2.4-legacy.so (android::hardware::camera::provider::V2_4::implementation::LegacyCameraProviderImpl_2_4::initialize()+140) (BuildId: c456d5ffa961e6c6954debfeaac86fd5)
09-30 05:12:39.008 F/DEBUG (31780): #06 pc 0000000000026638 /vendor/lib64/android.hardware.camera.provider@2.4-legacy.so (android::hardware::camera::provider::V2_4::implementation::LegacyCameraProviderImpl_2_4::LegacyCameraProviderImpl_2_4()+160) (BuildId: c456d5ffa961e6c6954debfeaac86fd5)
09-30 05:12:39.008 F/DEBUG (31780): #07 pc 000000000000415c /vendor/lib64/hw/android.hardware.camera.provider@2.4-impl.so (android::hardware::camera::provider::V2_4::implementation::CameraProvider* android::hardware::camera::provider::V2_4::implementation::getProviderImpl() (.cfi)+64) (BuildId: 5e2f33df9f94aadf6b2d7d01985be38c)
09-30 05:12:39.008 F/DEBUG (31780): #08 pc 0000000000051d94 /apex/com.android.vndk.v30/lib64/libhidlbase.so (android::hardware::PassthroughServiceManager::get(android::hardware::hidl_string const&, android::hardware::hidl_string const&)::'lambda'(void*, std::__1::basic_string, std::__1::allocator > const&, std::__1::basic_string, std::__1::allocator > const&)::operator()(void*, std::__1::basic_string, std::__1::allocator > const&, std::__1::basic_string, std::__1::allocator > const&) const+96) (BuildId: fc3e2389a057aeefafa6557f6d78a06b)
09-30 05:12:39.008 F/DEBUG (31780): #09 pc 000000000004cdf0 /apex/com.android.vndk.v30/lib64/libhidlbase.so (android::hardware::PassthroughServiceManager::openLibs(std::__1::basic_string, std::__1::allocator > const&, std::__1::function, std::__1::allocator > const&, std::__1::basic_string, std::__1::allocator > const&)> const&)+944) (BuildId: fc3e2389a057aeefafa6557f6d78a06b)
09-30 05:12:39.009 F/DEBUG (31780): #10 pc 00000000000502a0 /apex/com.android.vndk.v30/lib64/libhidlbase.so (android::hardware::PassthroughServiceManager::get(android::hardware::hidl_string const&, android::hardware::hidl_string const&)+92) (BuildId: fc3e2389a057aeefafa6557f6d78a06b)
09-30 05:12:39.009 F/DEBUG (31780): #11 pc 000000000004dd8c /apex/com.android.vndk.v30/lib64/libhidlbase.so (android::hardware::details::getRawServiceInternal(std::__1::basic_string, std::__1::allocator > const&, std::__1::basic_string, std::__1::allocator > const&, bool, bool)+1488) (BuildId: fc3e2389a057aeefafa6557f6d78a06b)
09-30 05:12:39.009 F/DEBUG (31780): #12 pc 000000000004b91c /apex/com.android.vndk.v30/lib64/libhidlbase.so (android::hardware::details::registerPassthroughServiceImplementation(std::__1::basic_string, std::__1::allocator > const&, std::__1::basic_string, std::__1::allocator > const&, std::__1::function const&, std::__1::basic_string, std::__1::allocator > const&)>, std::__1::basic_string, std::__1::allocator > const&)+80) (BuildId: fc3e2389a057aeefafa6557f6d78a06b)
09-30 05:12:39.009 F/DEBUG (31780): #13 pc 000000000004bc9c /apex/com.android.vndk.v30/lib64/libhidlbase.so (android::hardware::registerPassthroughServiceImplementation(std::__1::basic_string, std::__1::allocator > const&, std::__1::basic_string, std::__1::allocator > const&, std::__1::basic_string, std::__1::allocator > const&)+56) (BuildId: fc3e2389a057aeefafa6557f6d78a06b)
09-30 05:12:39.009 F/DEBUG (31780): #14 pc 0000000000001130 /vendor/bin/hw/android.hardware.camera.provider@2.4-service_64 (main.cfi+196) (BuildId: a1ba6e409ca848af1f0b7c62860af7da)
09-30 05:12:39.009 F/DEBUG (31780): #15 pc 000000000004a084 /apex/com.android.runtime/lib64/bionic/libc.so (__libc_init+100) (BuildId: 369edc656806aeaf384cbeb8f7a347af)
09-30 05:12:39.037 I/OMX-VENC: venc_dev( 1302): stats: avg. fps 37.51, bitrate 1098211
09-30 05:12:39.046 W/NativeCrashListener( 1131): Couldn't find ProcessRecord for pid 31776
09-30 05:12:39.047 E/crash_dump64(31780): AM data write failed: Broken pipe
09-30 05:12:39.049 E/tombstoned( 629): Tombstone written to: tombstone_29
09-30 05:12:39.059 I/BootReceiver( 1131): Copying /data/tombstones/tombstone_29 to DropBox (SYSTEM_TOMBSTONE)
09-30 05:12:39.060 I/DropBoxManagerService( 1131): add tag=SYSTEM_TOMBSTONE isTagEnabled=true flags=0x6
09-30 05:12:39.073 I/dropbox_file_copy( 1131): [/data/tombstones/tombstone_29,98304,SYSTEM_TOMBSTONE]
09-30 05:12:39.087 I/commit_sys_config_file( 1131): [log-files,9814506]
09-30 05:12:39.088 E/NativeTombstoneManager( 1131): Tombstone's UID (1047) not an app, ignoring
09-30 05:12:39.089 I/DropBoxManagerService( 1131): add tag=SYSTEM_TOMBSTONE_PROTO isTagEnabled=true flags=0x4
09-30 05:12:39.112 I/commit_sys_config_file( 1131): [log-files,9814532]
09-30 05:12:39.532 D/audio_hw_primary( 804): out_set_parameters: enter: usecase(1: low-latency-playback) kvpairs: suspend_playback=false
09-30 05:12:39.532 D/audio_hw_extn( 804): audio_extn_fm_set_parameters: Enter
09-30 05:12:39.533 W/audio_hw_primary( 804): out_write: underrun(1268) frames_by_time(48199) > out->last_fifo_frames_remaining(384)
09-30 05:12:39.575 D/audio_hw_primary( 804): out_set_parameters: enter: usecase(1: low-latency-playback) kvpairs: suspend_playback=true
09-30 05:12:39.575 D/audio_hw_extn( 804): audio_extn_fm_set_parameters: Enter
09-30 05:12:39.781 W/FrameTracker(31584): Missed SF frame:2
09-30 05:12:39.782 W/FrameTracker(31584): Missed SF frame:32
09-30 05:12:39.782 W/FrameTracker(31584): Missed SF frame:66
09-30 05:12:39.782 W/FrameTracker(31584): Missed SF frame:66
09-30 05:12:39.782 W/FrameTracker(31584): Missed SF frame:66
09-30 05:12:39.782 W/FrameTracker(31584): Missed SF frame:66
09-30 05:12:39.786 V/PerfettoTrigger(31584): Triggering /system/bin/trigger_perfetto com.android.telemetry.interaction-jank-monitor-28
09-30 05:12:39.869 I/WnsLogger(23156): [Q:main][WnsSessionMonitor.cpp:132][monitorSession]:monitorSession
09-30 05:12:39.890 I/mpu_uart( 648): [MSG-P:RECV]:No message received in 1000 ms
01-01 15:16:10.047 D/ ( 0): mv2112_read_status
01-01 15:16:10.051 D/mv2112_update_link( 0): 3.0x901(1G): 0x80
01-01 15:16:10.057 D/mv2112_update_link( 0): 3.0x8109(100M): 0x0
01-01 15:16:10.062 D/mv2112_update_link( 0): link 0x0
01-01 15:16:10.068 D/mv2112_read_status( 0): autoneg is disabled
09-30 05:12:40.041 I/OMX-VENC: venc_dev( 1302): stats: avg. fps 49.78, bitrate 915736
09-30 05:12:40.577 D/audio_hw_primary( 804): out_set_parameters: enter: usecase(1: low-latency-playback) kvpairs: suspend_playback=false
09-30 05:12:40.577 D/audio_hw_extn( 804): audio_extn_fm_set_parameters: Enter
09-30 05:12:40.578 D/audio_hw_primary( 804): out_standby: enter: stream (0xf3444330) usecase(1: low-latency-playback)
01-01 15:16:10.641 I/afe_close( 0): port_id = 0x9000
09-30 05:12:40.601 D/audio_hw_primary( 804): disable_audio_route: reset and update mixer path: low-latency-playback
09-30 05:12:40.602 E/soundtrigger( 804): audio_extn_sound_trigger_update_stream_status: invalid input device 0x0, for event 2
09-30 05:12:40.603 D/soundtrigger( 804): audio_extn_sound_trigger_update_stream_status: uc_info->id 1 of type 0 for Event 2, with Raise=0
09-30 05:12:40.603 D/msm8974_platform( 804): platform_split_snd_device: snd_device(2) num devices(0) new_snd_devices(0)
09-30 05:12:40.603 I/msm8974_platform( 804): platform_get_custom_mtmx_params: no matching param with id 0 ip_ch 2 op_ch 2 uc_id 1 snd_dev 2
09-30 05:12:40.603 D/hardware_info( 804): hw_info_append_hw_type : device_name = speaker
09-30 05:12:40.603 D/audio_hw_primary( 804): disable_snd_device: snd_device(2: speaker)
09-30 05:12:40.603 D/msm8974_platform( 804): platform_split_snd_device: snd_device(2) num devices(0) new_snd_devices(0)
09-30 05:12:40.603 I/soundtrigger( 804): audio_extn_sound_trigger_update_device_status: device 0x2 of type 0 for Event 0, with Raise=0
09-30 05:12:40.603 D/audio_hw_primary( 804): out_standby: exit
09-30 05:12:40.695 I/DashboardFragment(31584): onPreferenceTreeClick: onPreferenceTreeClick::com.android.settings.dream.DreamSettings
09-30 05:12:40.695 I/sysui_multi_action(31584): [757,830,758,4,833,0,854,screensaver,1089,0]
09-30 05:12:40.696 W/PreferenceFragment(31584): onPreferenceStartFragment is not implemented in the parent activity - attempting to use a fallback implementation. You should implement this method so that you can configure the new fragment that will be displayed, and set a transition between the fragments.
09-30 05:12:40.701 I/sysui_multi_action(31584): [757,46,758,2,1089,3283]
09-30 05:12:40.709 D/audio_hw_primary( 804): start_output_stream: enter: stream(0xf3444330)usecase(1: low-latency-playback) devices(0x2) is_haptic_usecase(0)
09-30 05:12:40.710 E/ANDR-PERF-TARGET( 966): Error: Invalid logical cluster id 0
09-30 05:12:40.710 E/ANDR-PERF-REQUEST( 966): invalid request
09-30 05:12:40.710 E/ANDR-PERF-MPCTL( 966): invalid request, no optimizations performed
09-30 05:12:40.710 E/audio_hw_extn( 804): audio_extn_perf_lock_acquire: Failed to acquire perf lock, err: -1
09-30 05:12:40.710 D/audio_hw_primary( 804): select_devices for use case (low-latency-playback)
09-30 05:12:40.710 I/msm8974_platform( 804): platform_check_and_set_codec_backend_cfg:becf: afe: bitwidth 16, samplerate 48000 channels 2, backend_idx 0 usecase = 1 device (speaker)
09-30 05:12:40.710 D/msm8974_platform( 804): platform_split_snd_device: snd_device(2) num devices(1) new_snd_devices(0)
09-30 05:12:40.711 I/msm8974_platform( 804): platform_check_and_set_codec_backend_cfg: new_snd_devices[0] is 2
09-30 05:12:40.711 I/msm8974_platform( 804): platform_check_codec_backend_cfg:becf: afe: bitwidth 16, samplerate 48000 channels 2, backend_idx 0 usecase = 1 device (speaker)
09-30 05:12:40.712 D/audio_hw_extn( 804): audio_extn_enable_hifi_filter: mixer_value set 0
09-30 05:12:40.712 D/msm8974_platform( 804): platform_check_codec_backend_cfg:becf: updated afe: bitwidth 16, samplerate 48000 channels 2,backend_idx 0 usecase = 1 device (speaker)
09-30 05:12:40.712 D/msm8974_platform( 804): platform_check_codec_backend_cfg:becf: afe: playback on codec device not supporting native playback set default Sample Rate(48k)
09-30 05:12:40.712 I/msm8974_platform( 804): platform_check_codec_backend_cfg:becf: afe: Codec selected backend: 0 updated bit width: 16 and sample rate: 48000
09-30 05:12:40.713 D/audio_hw_primary( 804): check_usecases_codec_backend:becf: force routing 0
09-30 05:12:40.713 E/msm8974_platform( 804): platform_check_backends_match: Invalid snd_device =
09-30 05:12:40.713 D/audio_hw_primary( 804): check_usecases_codec_backend:becf: (78) check_usecases curr device: speaker, usecase device: backends match 0
09-30 05:12:40.713 D/audio_hw_primary( 804): check_usecases_codec_backend:becf: check_usecases num.of Usecases to switch 0
09-30 05:12:40.713 D/hardware_info( 804): hw_info_append_hw_type : device_name = speaker
09-30 05:12:40.713 D/msm8974_platform( 804): platform_split_snd_device: snd_device(2) num devices(0) new_snd_devices(0)
09-30 05:12:40.713 D/audio_hw_primary( 804): enable_snd_device: snd_device(2: speaker)
09-30 05:12:40.713 D/msm8974_platform( 804): platform_get_island_cfg_on_device:island cfg status on snd_device = (speaker 0)
09-30 05:12:40.713 I/soundtrigger( 804): audio_extn_sound_trigger_update_device_status: device 0x2 of type 0 for Event 1, with Raise=0
09-30 05:12:40.713 D/audio_route( 804): Apply path: speaker
09-30 05:12:40.713 I/audio_hw_utils( 804): audio_extn_utils_update_stream_output_app_type_cfg Allowing 24 and above bits playback on speaker ONLY at default sampling rate
09-30 05:12:40.713 E/soundtrigger( 804): audio_extn_sound_trigger_update_stream_status: invalid input device 0x0, for event 3
09-30 05:12:40.713 D/soundtrigger( 804): audio_extn_sound_trigger_update_stream_status: uc_info->id 1 of type 0 for Event 3, with Raise=0
09-30 05:12:40.713 D/audio_hw_utils( 804): audio_extn_utils_send_app_type_cfg: usecase->out_snd_device speaker
09-30 05:12:40.713 D/msm8974_platform( 804): platform_split_snd_device: snd_device(2) num devices(0) new_snd_devices(0)
09-30 05:12:40.714 D/audio_hw_utils( 804): audio_extn_btsco_get_sample_rate:Not a BT SCO device, need not update sampling rate
09-30 05:12:40.714 I/audio_hw_utils( 804): send_app_type_cfg_for_device PLAYBACK app_type 69937, acdb_dev_id 15, sample_rate 48000, snd_device_be_idx 179
09-30 05:12:40.714 D/msm8974_platform( 804): platform_split_snd_device: snd_device(2) num devices(1) new_snd_devices(0)
09-30 05:12:40.714 D/audio_hw_utils( 804): audio_extn_btsco_get_sample_rate:Not a BT SCO device, need not update sampling rate
09-30 05:12:40.714 D/ACDB-LOADER( 804): ACDB -> send_audio_cal, acdb_id = 15, path = 0, app id = 0x11131, sample rate = 48000, afe_sample_rate = 48000
09-30 05:12:40.714 D/ACDB-LOADER( 804): ACDB -> send_asm_topology
09-30 05:12:40.714 D/ACDB-LOADER( 804): ACDB -> ACDB_CMD_GET_AUDPROC_STREAM_TOPOLOGY_ID
09-30 05:12:40.714 D/ACDB-LOADER( 804): ACDB -> send_adm_topology
09-30 05:12:40.714 D/ACDB-LOADER( 804): ACDB -> ACDB_CMD_GET_AUDPROC_COMMON_TOPOLOGY_ID
09-30 05:12:40.715 D/ACDB-LOADER( 804): ACDB -> send_audtable
09-30 05:12:40.715 D/ACDB-LOADER( 804): ACDB -> ACDB_CMD_GET_AUDPROC_INSTANCE_COMMON_TABLE_SIZE
09-30 05:12:40.715 D/ACDB-LOADER( 804): ACDB -> ACDB_CMD_GET_AUDPROC_INSTANCE_COMMON_TABLE
09-30 05:12:40.715 D/ACDB-LOADER( 804): ACDB -> AUDIO_SET_AUDPROC_CAL cal_type[11] acdb_id[15] app_type[69937]
09-30 05:12:40.715 D/ACDB-LOADER( 804): ACDB -> send_audvoltable
09-30 05:12:40.715 D/ACDB-LOADER( 804): ACDB -> ACDB_CMD_GET_AUDPROC_INSTANCE_GAIN_DEP_STEP_TABLE_SIZE
09-30 05:12:40.715 D/ACDB-LOADER( 804): ACDB -> ACDB_CMD_GET_AUDPROC_INSTANCE_GAIN_DEP_STEP_TABLE, vol index 0
09-30 05:12:40.715 D/ACDB-LOADER( 804): ACDB -> AUDIO_SET_VOL_CAL cal type = 12
09-30 05:12:40.715 D/ACDB-LOADER( 804): ACDB -> ACDB_CMD_GET_AUDPROC_INSTANCE_STREAM_TABLE_SIZE
09-30 05:12:40.715 D/ACDB-LOADER( 804): ACDB -> send_audstrmtable
09-30 05:12:40.715 D/ACDB-LOADER( 804): ACDB -> ACDB_CMD_GET_AUDPROC_INSTANCE_STREAM_TABLE
09-30 05:12:40.715 D/ACDB-LOADER( 804): ACDB -> audstrm_cal->cal_type.cal_data.cal_size = 20
09-30 05:12:40.715 D/ACDB-LOADER( 804): ACDB -> send_afe_topology
09-30 05:12:40.715 D/ACDB-LOADER( 804): ACDB -> ACDB_CMD_GET_AFE_TOPOLOGY_ID
09-30 05:12:40.716 D/ACDB-LOADER( 804): ACDB -> GET_AFE_TOPOLOGY_ID for adcd_id 15, Topology Id 112fc
09-30 05:12:40.716 D/ACDB-LOADER( 804): ACDB -> send_afe_cal
09-30 05:12:40.716 D/ACDB-LOADER( 804): ACDB -> ACDB_CMD_GET_AFE_INSTANCE_COMMON_TABLE_SIZE
09-30 05:12:40.716 D/android.hardware.audio.service( 804): Failed to fetch the lookup information of the device 0000000F
09-30 05:12:40.716 D/ACDB-LOADER( 804): Error: ACDB_CMD_GET_AFE_INSTANCE_COMMON_TABLE_SIZE Returned = -19
09-30 05:12:40.716 D/PrefCtrlListHelper(31584): Could not find Context-only controller for pref: com.android.settings.dream.StartPreferenceController
09-30 05:12:40.716 D/ACDB-LOADER( 804): ACDB -> ACDB_CMD_GET_AFE_INSTANCE_COMMON_TABLE
09-30 05:12:40.716 D/android.hardware.audio.service( 804): Failed to fetch the lookup information of the device 0000000F
09-30 05:12:40.716 D/ACDB-LOADER( 804): Error: ACDB AFE returned = -19
09-30 05:12:40.716 D/ACDB-LOADER( 804): ACDB -> AUDIO_SET_AFE_CAL cal_type[16] acdb_id[15]
09-30 05:12:40.716 D/ACDB-LOADER( 804): ACDB -> send_hw_delay : acdb_id = 15 path = 0
09-30 05:12:40.716 D/ACDB-LOADER( 804): ACDB -> ACDB_AVSYNC_INFO: ACDB_CMD_GET_DEVICE_PROPERTY
09-30 05:12:40.716 D/msm8974_platform( 804): platform_split_snd_device: snd_device(2) num devices(0) new_snd_devices(0)
09-30 05:12:40.716 D/PrefCtrlListHelper(31584): Could not find Context-only controller for pref: com.android.settings.dream.CurrentDreamPreferenceController
09-30 05:12:40.716 I/msm8974_platform( 804): platform_get_custom_mtmx_params: no matching param with id 0 ip_ch 2 op_ch 2 uc_id 1 snd_dev 2
09-30 05:12:40.716 D/audio_hw_primary( 804): enable_audio_route: apply mixer and update path: low-latency-playback
09-30 05:12:40.716 D/audio_route( 804): Apply path: low-latency-playback
09-30 05:12:40.717 D/PrefCtrlListHelper(31584): Could not find Context-only controller for pref: com.android.settings.dream.ScreenTimeoutPreferenceController
09-30 05:12:40.718 D/audio_hw_primary( 804): select_devices: done
09-30 05:12:40.719 E/UserRestrictionsUtils( 1131): Unknown restriction queried by uid 1000 (com.thundercomm.mcuupgrade et al): null
09-30 05:12:40.720 E/UserRestrictionsUtils( 1131): Unknown restriction queried by uid 1000 (com.thundercomm.mcuupgrade et al): null
01-01 15:16:10.773 I/afe_find_cal_topo_id_by_port( 0): port id: 0x9000, dev_acdb_id: 0
01-01 15:16:10.780 I/afe_find_cal_topo_id_by_port( 0): top_id:112fc acdb_id:15 afe_port:0x9000
01-01 15:16:10.788 I/afe_get_cal_topology_id( 0): port_id = 0x9000 acdb_id = 15 topology_id = 0x112fc cal_type_index=8 ret=0
01-01 15:16:10.800 I/afe_send_port_topology_id( 0): AFE set topology id 0x112fc enable for port 0x9000 ret 0
09-30 05:12:40.755 D/DreamSettings(31584): NO dashboard tiles for DreamSettings
09-30 05:12:40.755 D/DreamSettings(31584): All preferences added, reporting fully drawn
01-01 15:16:10.809 I/send_afe_cal_type( 0): cal_index is 0
01-01 15:16:10.813 I/send_afe_cal_type( 0): dev_acdb_id[55] is 0
09-30 05:12:40.771 I/sysui_multi_action(31584): [757,47,758,1,833,0,1089,56]
01-01 15:16:10.818 I/send_afe_cal_type( 0): Sending cal_index cal 0
01-01 15:16:10.824 E/send_afe_cal_type( 0): No cal sent for cal_index 0, port_id = 0x9000! ret -22
09-30 05:12:40.791 D/DashboardFragment(31584): Cannot find preference with key when_to_start in Controller WhenToDreamPreferenceController
09-30 05:12:40.792 I/sysui_multi_action(31584): [757,1729,758,4,854,isParalleledControllers:false,1089,76]
01-01 15:16:10.832 I/afe_send_hw_delay( 0): port_id 0x9000 rate 48000 delay_usec 474 status 0
09-30 05:12:40.813 D/msm8974_platform( 804): platform_set_channel_map mixer_ctl_name:Playback Channel Map9
09-30 05:12:40.813 D/msm8974_platform( 804): platform_set_channel_map: set mapping(1 2 0 0 0 0 0 0) for channel:2
09-30 05:12:40.815 E/audio_hw_extn( 804): audio_extn_perf_lock_release: Perf lock release error
09-30 05:12:40.815 D/audio_hw_primary( 804): start_output_stream: exit
09-30 05:12:40.821 I/mpu_uart( 648): [MSG-P:R]:recv sync frame timeout
09-30 05:12:40.890 I/mpu_uart( 648): [MSG-P:RECV]:No message received in 1000 ms
09-30 05:12:41.005 D/audio_hw_primary( 804): out_set_parameters: enter: usecase(1: low-latency-playback) kvpairs: suspend_playback=true
09-30 05:12:41.005 D/audio_hw_extn( 804): audio_extn_fm_set_parameters: Enter
01-01 15:16:11.072 D/ ( 0): mv2112_read_status
01-01 15:16:11.076 D/mv2112_update_link( 0): 3.0x901(1G): 0x80
01-01 15:16:11.081 D/mv2112_update_link( 0): 3.0x8109(100M): 0x0
01-01 15:16:11.086 D/mv2112_update_link( 0): link 0x0
01-01 15:16:11.091 D/mv2112_read_status( 0): autoneg is disabled
09-30 05:12:41.070 I/OMX-VENC: venc_dev( 1302): stats: avg. fps 33.04, bitrate 482545
09-30 05:12:41.890 I/mpu_uart( 648): [MSG-P:RECV]:No message received in 1000 ms
09-30 05:12:42.006 D/audio_hw_primary( 804): out_set_parameters: enter: usecase(1: low-latency-playback) kvpairs: suspend_playback=false
09-30 05:12:42.007 D/audio_hw_extn( 804): audio_extn_fm_set_parameters: Enter
09-30 05:12:42.009 W/audio_hw_primary( 804): out_write: underrun(1269) frames_by_time(48350) > out->last_fifo_frames_remaining(384)
01-01 15:16:12.095 D/ ( 0): mv2112_read_status
09-30 05:12:42.051 D/audio_hw_primary( 804): out_set_parameters: enter: usecase(1: low-latency-playback) kvpairs: suspend_playback=true
09-30 05:12:42.051 D/audio_hw_extn( 804): audio_extn_fm_set_parameters: Enter
01-01 15:16:12.100 D/mv2112_update_link( 0): 3.0x901(1G): 0x80
01-01 15:16:12.106 D/mv2112_update_link( 0): 3.0x8109(100M): 0x0
01-01 15:16:12.112 D/mv2112_update_link( 0): link 0x0
01-01 15:16:12.116 D/mv2112_read_status( 0): autoneg is disabled
09-30 05:12:42.454 I/OMX-VENC: venc_dev( 1302): stats: avg. fps 7.23, bitrate 58855
09-30 05:12:42.662 D/audio_hw_primary( 804): out_set_parameters: enter: usecase(1: low-latency-playback) kvpairs: suspend_playback=false
09-30 05:12:42.662 D/audio_hw_extn( 804): audio_extn_fm_set_parameters: Enter
09-30 05:12:42.665 W/audio_hw_primary( 804): out_write: underrun(1270) frames_by_time(29649) > out->last_fifo_frames_remaining(384)
09-30 05:12:42.665 D/CompatibilityChangeReporter(31584): Compat change id reported: 150939131; UID 1000; state: ENABLED
09-30 05:12:42.861 D/audio_hw_primary( 804): out_set_parameters: enter: usecase(1: low-latency-playback) kvpairs: suspend_playback=true
09-30 05:12:42.861 D/audio_hw_extn( 804): audio_extn_fm_set_parameters: Enter
09-30 05:12:42.868 I/commit_sys_config_file( 1131): [settings-2-0,21]
09-30 05:12:42.891 I/mpu_uart( 648): [MSG-P:RECV]:No message received in 1000 ms
01-01 15:16:13.119 D/ ( 0): mv2112_read_status
01-01 15:16:13.123 D/mv2112_update_link( 0): 3.0x901(1G): 0x80
01-01 15:16:13.130 D/mv2112_update_link( 0): 3.0x8109(100M): 0x0
01-01 15:16:13.138 D/mv2112_update_link( 0): link 0x0
01-01 15:16:13.142 D/mv2112_read_status( 0): autoneg is disabled
01-01 15:16:13.231 I/init ( 0): starting service 'qvrd_vndr'...
01-01 15:16:13.239 I/init ( 0): Created socket '/dev/socket/qvrservice_vndr', mode 660, user 1000, group 1000
01-01 15:16:13.252 I/init ( 0): Created socket '/dev/socket/qvrservice_vndr_camera', mode 660, user 1000, group 1000
01-01 15:16:13.286 I/init ( 0): starting service 'sxrd'...
01-01 15:16:13.317 I/init ( 0): starting service 'vendor.camera-provider-2-4'...
09-30 05:12:43.281 F/linker (31788): CANNOT LINK EXECUTABLE "/vendor/bin/hw/sxrservice": library "vendor.qti.hardware.qxr-V1-ndk_platform.so" not found: needed by main executable
09-30 05:12:43.282 F/linker (31787): CANNOT LINK EXECUTABLE "/vendor/bin/hw/qvrservice": library "vendor.qti.hardware.qxr-V1-ndk_platform.so" not found: needed by /vendor/lib64/libqvrservice.so in namespace (default)
01-01 15:16:13.356 I/init ( 0): starting service 'vendor.light-hal-2-0'...
01-01 15:16:13.384 I/init ( 0): Service 'qvrd_vndr' (pid 31787) exited with status 1
01-01 15:16:13.392 I/init ( 0): Sending signal 9 to service 'qvrd_vndr' (pid 31787) process group...
01-01 15:16:13.401 I/libprocessgroup( 0): Successfully killed process cgroup uid 1000 pid 31787 in 0ms
01-01 15:16:13.414 I/init ( 0): Service 'sxrd' (pid 31788) exited with status 1
09-30 05:12:43.370 I/android.hardware.camera.provider@2.4-service(31789): CameraProvider@2.4 legacy service is starting.
09-30 05:12:43.383 I/hwservicemanager( 502): getTransport: Cannot find entry android.hardware.light@2.0::ILight/default in either framework or device VINTF manifest.
09-30 05:12:43.395 E/light (31790): light_open lights keyboard failed: -22
09-30 05:12:43.396 E/light (31790): Light passthrough failed to load legacy HAL.
09-30 05:12:43.397 E/light (31790): light_open lights buttons failed: -22
09-30 05:12:43.398 E/light (31790): Light passthrough failed to load legacy HAL.
09-30 05:12:43.405 E/light (31790): light_open lights bluetooth failed: -22
