09-30 05:12:23.985 I/BootReceiver( 1131): Copying /data/tombstones/tombstone_26 to DropBox (SYSTEM_TOMBSTONE)
09-30 05:12:23.986 I/DropBoxManagerService( 1131): add tag=SYSTEM_TOMBSTONE isTagEnabled=true flags=0x6
09-30 05:12:23.997 I/dropbox_file_copy( 1131): [/data/tombstones/tombstone_26,98304,SYSTEM_TOMBSTONE]
09-30 05:12:24.006 I/commit_sys_config_file( 1131): [log-files,9799425]
09-30 05:12:24.007 E/NativeTombstoneManager( 1131): Tombstone's UID (1047) not an app, ignoring
09-30 05:12:24.008 I/DropBoxManagerService( 1131): add tag=SYSTEM_TOMBSTONE_PROTO isTagEnabled=true flags=0x4
09-30 05:12:24.024 I/commit_sys_config_file( 1131): [log-files,9799444]
01-01 15:15:54.527 D/ ( 0): mv2112_read_status
01-01 15:15:54.531 D/mv2112_update_link( 0): 3.0x901(1G): 0x80
01-01 15:15:54.537 D/mv2112_update_link( 0): 3.0x8109(100M): 0x0
01-01 15:15:54.542 D/mv2112_update_link( 0): link 0x0
01-01 15:15:54.546 D/mv2112_read_status( 0): autoneg is disabled
09-30 05:12:24.873 I/mpu_uart( 648): [MSG-P:RECV]:No message received in 1000 ms
01-01 15:15:55.551 D/ ( 0): mv2112_read_status
01-01 15:15:55.555 D/mv2112_update_link( 0): 3.0x901(1G): 0x80
01-01 15:15:55.561 D/mv2112_update_link( 0): 3.0x8109(100M): 0x0
01-01 15:15:55.566 D/mv2112_update_link( 0): link 0x0
01-01 15:15:55.570 D/mv2112_read_status( 0): autoneg is disabled
09-30 05:12:25.805 I/mpu_uart( 648): [MSG-P:R]:recv sync frame timeout
09-30 05:12:25.873 I/mpu_uart( 648): [MSG-P:RECV]:No message received in 1000 ms
01-01 15:15:56.575 D/ ( 0): mv2112_read_status
01-01 15:15:56.579 D/mv2112_update_link( 0): 3.0x901(1G): 0x80
01-01 15:15:56.585 D/mv2112_update_link( 0): 3.0x8109(100M): 0x0
01-01 15:15:56.590 D/mv2112_update_link( 0): link 0x0
01-01 15:15:56.595 D/mv2112_read_status( 0): autoneg is disabled
09-30 05:12:26.874 I/mpu_uart( 648): [MSG-P:RECV]:No message received in 1000 ms
01-01 15:15:57.599 D/ ( 0): mv2112_read_status
01-01 15:15:57.603 D/mv2112_update_link( 0): 3.0x901(1G): 0x80
01-01 15:15:57.609 D/mv2112_update_link( 0): 3.0x8109(100M): 0x0
01-01 15:15:57.615 D/mv2112_update_link( 0): link 0x0
01-01 15:15:57.619 D/mv2112_read_status( 0): autoneg is disabled
09-30 05:12:27.874 I/mpu_uart( 648): [MSG-P:RECV]:No message received in 1000 ms
01-01 15:15:58.040 I/init ( 0): starting service 'qvrd_vndr'...
01-01 15:15:58.052 I/init ( 0): Created socket '/dev/socket/qvrservice_vndr', mode 660, user 1000, group 1000
01-01 15:15:58.067 I/init ( 0): Created socket '/dev/socket/qvrservice_vndr_camera', mode 660, user 1000, group 1000
01-01 15:15:58.114 I/init ( 0): starting service 'sxrd'...
09-30 05:12:28.101 F/linker (31694): CANNOT LINK EXECUTABLE "/vendor/bin/hw/qvrservice": library "vendor.qti.hardware.qxr-V1-ndk_platform.so" not found: needed by /vendor/lib64/libqvrservice.so in namespace (default)
01-01 15:15:58.149 I/init ( 0): starting service 'vendor.camera-provider-2-4'...
01-01 15:15:58.175 I/init ( 0): starting service 'vendor.light-hal-2-0'...
09-30 05:12:28.140 F/linker (31695): CANNOT LINK EXECUTABLE "/vendor/bin/hw/sxrservice": library "vendor.qti.hardware.qxr-V1-ndk_platform.so" not found: needed by main executable
01-01 15:15:58.213 I/init ( 0): Service 'qvrd_vndr' (pid 31694) exited with status 1
01-01 15:15:58.220 I/init ( 0): Sending signal 9 to service 'qvrd_vndr' (pid 31694) process group...
01-01 15:15:58.229 I/libprocessgroup( 0): Successfully killed process cgroup uid 1000 pid 31694 in 0ms
01-01 15:15:58.241 I/init ( 0): Service 'sxrd' (pid 31695) exited with status 1
09-30 05:12:28.221 I/hwservicemanager( 502): getTransport: Cannot find entry android.hardware.light@2.0::ILight/default in either framework or device VINTF manifest.
09-30 05:12:28.223 I/android.hardware.camera.provider@2.4-service(31696): CameraProvider@2.4 legacy service is starting.
09-30 05:12:28.230 E/light (31698): light_open lights keyboard failed: -22
09-30 05:12:28.231 E/light (31698): Light passthrough failed to load legacy HAL.
09-30 05:12:28.233 E/light (31698): light_open lights buttons failed: -22
09-30 05:12:28.233 E/light (31698): Light passthrough failed to load legacy HAL.
09-30 05:12:28.240 E/light (31698): light_open lights bluetooth failed: -22
09-30 05:12:28.240 E/light (31698): Light passthrough failed to load legacy HAL.
09-30 05:12:28.241 E/light (31698): light_open lights wifi failed: -22
09-30 05:12:28.242 E/light (31698): Light passthrough failed to load legacy HAL.
09-30 05:12:28.243 I/hwservicemanager( 502): getTransport: Cannot find entry android.hardware.light@2.0::ILight/default in either framework or device VINTF manifest.
09-30 05:12:28.243 E/HidlServiceManagement(31698): Service android.hardware.light@2.0::ILight/default must be in VINTF manifest in order to register/get.
09-30 05:12:28.243 E/LegacySupport(31698): Could not register service android.hardware.light@2.0::ILight/default (-2147483648).
01-01 15:15:58.288 I/logd ( 0): logdr: UID=0 GID=0 PID=31697 b tail=0 logMask=bf pid=0 start=0ns deadline=0ns
09-30 05:12:28.317 I/android.hardware.camera.provider@2.4-service_64(31696): vendor/qcom/proprietary/adsprpc/src/rpcmem_android.c:159: rpcmem_init_internal: opened ION device fd 7, configured heap IDs: system (0x2000000), contig (0x400000), secure (0x200), secure flags (0x80080000)
09-30 05:12:28.317 I/android.hardware.camera.provider@2.4-service_64(31696): vendor/qcom/proprietary/adsprpc/src/fastrpc_apps_user.c:3087: fastrpc_apps_user_init done with default domain:3 and &fastrpc_trace:0x6ecb061fa0
09-30 05:12:28.331 I/CamX (31696): [CONFIG][HAL ] camxhal3module.cpp:390 HAL3Module() ***************************************************
09-30 05:12:28.331 I/CamX (31696): [CONFIG][HAL ] camxhal3module.cpp:391 HAL3Module() SHA1: 163bad69f8e118afcbc104e84812da2d6af207e5
09-30 05:12:28.331 I/CamX (31696): [CONFIG][HAL ] camxhal3module.cpp:392 HAL3Module() COMMITID: If4c26b066d3b7b6fb9b42c375f3512c170da45f2
09-30 05:12:28.331 I/CamX (31696): [CONFIG][HAL ] camxhal3module.cpp:393 HAL3Module() BUILD TS: 9/30/2022 3:30:34
09-30 05:12:28.331 I/CamX (31696): [CONFIG][HAL ] camxhal3module.cpp:394 HAL3Module() ***************************************************
09-30 05:12:28.361 V/CamX (31696): [ VERB][CORE ] camxoverridesettingsfile.cpp:385 Initialize() Could not find override settings text file at: /vendor/etc/camera/camxoverridesettings.txt
09-30 05:12:28.362 V/CamX (31696): [ VERB][CORE ] camxoverridesettingsfile.cpp:385 Initialize() Could not find override settings text file at: ./camxoverridesettings.txt
09-30 05:12:28.362 V/CamX (31696): [ VERB][UTILS ] camxhashmap.cpp:210 GetInPlace() Key not found
09-30 05:12:28.362 V/CamX (31696): [ VERB][UTILS ] camxhashmap.cpp:210 GetInPlace() Key not found
09-30 05:12:28.362 V/CamX (31696): [ VERB][UTILS ] camxhashmap.cpp:210 GetInPlace() Key not found
09-30 05:12:28.362 V/CamX (31696): [ VERB][UTILS ] camxhashmap.cpp:210 GetInPlace() Key not found
09-30 05:12:28.362 V/CamX (31696): [ VERB][UTILS ] camxhashmap.cpp:210 GetInPlace() Key not found
09-30 05:12:28.362 V/CamX (31696): [ VERB][UTILS ] camxhashmap.cpp:210 GetInPlace() Key not found
09-30 05:12:28.362 V/CamX (31696): [ VERB][UTILS ] camxhashmap.cpp:210 GetInPlace() Key not found
09-30 05:12:28.362 V/CamX (31696): [ VERB][UTILS ] camxhashmap.cpp:210 GetInPlace() Key not found
09-30 05:12:28.362 V/CamX (31696): [ VERB][UTILS ] camxhashmap.cpp:210 GetInPlace() Key not found
09-30 05:12:28.362 V/CamX (31696): [ VERB][UTILS ] camxhashmap.cpp:210 GetInPlace() Key not found
09-30 05:12:28.362 V/CamX (31696): [ VERB][UTILS ] camxhashmap.cpp:210 GetInPlace() Key not found
09-30 05:12:28.362 V/CamX (31696): [ VERB][UTILS ] camxhashmap.cpp:210 GetInPlace() Key not found
09-30 05:12:28.362 V/CamX (31696): [ VERB][UTILS ] camxhashmap.cpp:210 GetInPlace() Key not found
09-30 05:12:28.362 V/CamX (31696): [ VERB][UTILS ] camxhashmap.cpp:210 GetInPlace() Key not found
09-30 05:12:28.362 V/CamX (31696): [ VERB][UTILS ] camxhashmap.cpp:210 GetInPlace() Key not found
09-30 05:12:28.362 V/CamX (31696): [ VERB][UTILS ] camxhashmap.cpp:210 GetInPlace() Key not found
09-30 05:12:28.362 V/CamX (31696): [ VERB][UTILS ] camxhashmap.cpp:210 GetInPlace() Key not found
09-30 05:12:28.362 V/CamX (31696): [ VERB][UTILS ] camxhashmap.cpp:210 GetInPlace() Key not found
09-30 05:12:28.362 V/CamX (31696): [ VERB][UTILS ] camxhashmap.cpp:210 GetInPlace() Key not found
09-30 05:12:28.362 V/CamX (31696): [ VERB][UTILS ] camxhashmap.cpp:210 GetInPlace() Key not found
09-30 05:12:28.362 V/CamX (31696): [ VERB][UTILS ] camxhashmap.cpp:210 GetInPlace() Key not found
09-30 05:12:28.362 V/CamX (31696): [ VERB][UTILS ] camxhashmap.cpp:210 GetInPlace() Key not found
09-30 05:12:28.362 V/CamX (31696): [ VERB][UTILS ] camxhashmap.cpp:210 GetInPlace() Key not found
09-30 05:12:28.362 V/CamX (31696): [ VERB][UTILS ] camxhashmap.cpp:210 GetInPlace() Key not found
09-30 05:12:28.362 V/CamX (31696): [ VERB][UTILS ] camxhashmap.cpp:210 GetInPlace() Key not found
09-30 05:12:28.362 V/CamX (31696): [ VERB][UTILS ] camxhashmap.cpp:210 GetInPlace() Key not found
09-30 05:12:28.362 V/CamX (31696): [ VERB][UTILS ] camxhashmap.cpp:210 GetInPlace() Key not found
09-30 05:12:28.362 V/CamX (31696): [ VERB][UTILS ] camxhashmap.cpp:210 GetInPlace() Key not found
09-30 05:12:28.363 V/CamX (31696): [ VERB][UTILS ] camxhashmap.cpp:210 GetInPlace() Key not found
09-30 05:12:28.363 V/CamX (31696): [ VERB][UTILS ] camxhashmap.cpp:210 GetInPlace() Key not found
09-30 05:12:28.363 V/CamX (31696): [ VERB][UTILS ] camxhashmap.cpp:210 GetInPlace() Key not found
09-30 05:12:28.363 V/CamX (31696): [ VERB][UTILS ] camxhashmap.cpp:210 GetInPlace() Key not found
09-30 05:12:28.363 V/CamX (31696): [ VERB][UTILS ] camxhashmap.cpp:210 GetInPlace() Key not found
09-30 05:12:28.363 V/CamX (31696): [ VERB][UTILS ] camxhashmap.cpp:210 GetInPlace() Key not found
09-30 05:12:28.363 V/CamX (31696): [ VERB][UTILS ] camxhashmap.cpp:210 GetInPlace() Key not found
09-30 05:12:28.363 V/CamX (31696): [ VERB][UTILS ] camxhashmap.cpp:210 GetInPlace() Key not found
09-30 05:12:28.363 V/CamX (31696): [ VERB][UTILS ] camxhashmap.cpp:210 GetInPlace() Key not found
09-30 05:12:28.363 V/CamX (31696): [ VERB][UTILS ] camxhashmap.cpp:210 GetInPlace() Key not found
09-30 05:12:28.363 V/CamX (31696): [ VERB][UTILS ] camxhashmap.cpp:210 GetInPlace() Key not found
09-30 05:12:28.363 V/CamX (31696): [ VERB][UTILS ] camxhashmap.cpp:210 GetInPlace() Key not found
09-30 05:12:28.363 V/CamX (31696): [ VERB][UTILS ] camxhashmap.cpp:210 GetInPlace() Key not found
09-30 05:12:28.363 V/CamX (31696): [ VERB][UTILS ] camxhashmap.cpp:210 GetInPlace() Key not found
09-30 05:12:28.363 V/CamX (31696): [ VERB][UTILS ] camxhashmap.cpp:210 GetInPlace() Key not found
09-30 05:12:28.363 V/CamX (31696): [ VERB][UTILS ] camxhashmap.cpp:210 GetInPlace() Key not found
09-30 05:12:28.363 V/CamX (31696): [ VERB][UTILS ] camxhashmap.cpp:210 GetInPlace() Key not found
09-30 05:12:28.363 V/CamX (31696): [ VERB][UTILS ] camxhashmap.cpp:210 GetInPlace() Key not found
09-30 05:12:28.363 V/CamX (31696): [ VERB][UTILS ] camxhashmap.cpp:210 GetInPlace() Key not found
09-30 05:12:28.363 V/CamX (31696): [ VERB][UTILS ] camxhashmap.cpp:210 GetInPlace() Key not found
09-30 05:12:28.363 V/CamX (31696): [ VERB][UTILS ] camxhashmap.cpp:210 GetInPlace() Key not found
09-30 05:12:28.363 V/CamX (31696): [ VERB][UTILS ] camxhashmap.cpp:210 GetInPlace() Key not found
09-30 05:12:28.363 V/CamX (31696): [ VERB][UTILS ] camxhashmap.cpp:210 GetInPlace() Key not found
09-30 05:12:28.363 V/CamX (31696): [ VERB][UTILS ] camxhashmap.cpp:210 GetInPlace() Key not found
09-30 05:12:28.363 V/CamX (31696): [ VERB][UTILS ] camxhashmap.cpp:210 GetInPlace() Key not found
09-30 05:12:28.363 V/CamX (31696): [ VERB][UTILS ] camxhashmap.cpp:210 GetInPlace() Key not found
09-30 05:12:28.363 V/CamX (31696): [ VERB][UTILS ] camxhashmap.cpp:210 GetInPlace() Key not found
09-30 05:12:28.363 V/CamX (31696): [ VERB][UTILS ] camxhashmap.cpp:210 GetInPlace() Key not found
09-30 05:12:28.363 V/CamX (31696): [ VERB][UTILS ] camxhashmap.cpp:210 GetInPlace() Key not found
09-30 05:12:28.364 V/CamX (31696): [ VERB][UTILS ] camxhashmap.cpp:210 GetInPlace() Key not found
09-30 05:12:28.364 V/CamX (31696): [ VERB][UTILS ] camxhashmap.cpp:210 GetInPlace() Key not found
09-30 05:12:28.364 V/CamX (31696): [ VERB][UTILS ] camxhashmap.cpp:210 GetInPlace() Key not found
09-30 05:12:28.364 V/CamX (31696): [ VERB][UTILS ] camxhashmap.cpp:210 GetInPlace() Key not found
09-30 05:12:28.364 V/CamX (31696): [ VERB][UTILS ] camxhashmap.cpp:210 GetInPlace() Key not found
09-30 05:12:28.364 V/CamX (31696): [ VERB][UTILS ] camxhashmap.cpp:210 GetInPlace() Key not found
09-30 05:12:28.364 V/CamX (31696): [ VERB][UTILS ] camxhashmap.cpp:210 GetInPlace() Key not found
09-30 05:12:28.364 V/CamX (31696): [ VERB][UTILS ] camxhashmap.cpp:210 GetInPlace() Key not found
09-30 05:12:28.364 V/CamX (31696): [ VERB][UTILS ] camxhashmap.cpp:210 GetInPlace() Key not found
09-30 05:12:28.364 V/CamX (31696): [ VERB][UTILS ] camxhashmap.cpp:210 GetInPlace() Key not found
09-30 05:12:28.364 V/CamX (31696): [ VERB][UTILS ] camxhashmap.cpp:210 GetInPlace() Key not found
09-30 05:12:28.364 V/CamX (31696): [ VERB][UTILS ] camxhashmap.cpp:210 GetInPlace() Key not found
09-30 05:12:28.364 V/CamX (31696): [ VERB][UTILS ] camxhashmap.cpp:210 GetInPlace() Key not found
09-30 05:12:28.364 V/CamX (31696): [ VERB][UTILS ] camxhashmap.cpp:210 GetInPlace() Key not found
09-30 05:12:28.364 V/CamX (31696): [ VERB][UTILS ] camxhashmap.cpp:210 GetInPlace() Key not found
09-30 05:12:28.364 V/CamX (31696): [ VERB][UTILS ] camxhashmap.cpp:210 GetInPlace() Key not found
09-30 05:12:28.364 V/CamX (31696): [ VERB][UTILS ] camxhashmap.cpp:210 GetInPlace() Key not found
09-30 05:12:28.364 V/CamX (31696): [ VERB][UTILS ] camxhashmap.cpp:210 GetInPlace() Key not found
09-30 05:12:28.364 V/CamX (31696): [ VERB][UTILS ] camxhashmap.cpp:210 GetInPlace() Key not found
09-30 05:12:28.364 V/CamX (31696): [ VERB][UTILS ] camxhashmap.cpp:210 GetInPlace() Key not found
09-30 05:12:28.364 V/CamX (31696): [ VERB][UTILS ] camxhashmap.cpp:210 GetInPlace() Key not found
09-30 05:12:28.364 V/CamX (31696): [ VERB][UTILS ] camxhashmap.cpp:210 GetInPlace() Key not found
09-30 05:12:28.364 V/CamX (31696): [ VERB][UTILS ] camxhashmap.cpp:210 GetInPlace() Key not found
09-30 05:12:28.364 V/CamX (31696): [ VERB][UTILS ] camxhashmap.cpp:210 GetInPlace() Key not found
09-30 05:12:28.364 V/CamX (31696): [ VERB][UTILS ] camxhashmap.cpp:210 GetInPlace() Key not found
09-30 05:12:28.364 V/CamX (31696): [ VERB][UTILS ] camxhashmap.cpp:210 GetInPlace() Key not found
09-30 05:12:28.364 V/CamX (31696): [ VERB][UTILS ] camxhashmap.cpp:210 GetInPlace() Key not found
09-30 05:12:28.365 V/CamX (31696): [ VERB][UTILS ] camxhashmap.cpp:210 GetInPlace() Key not found
09-30 05:12:28.365 V/CamX (31696): [ VERB][UTILS ] camxhashmap.cpp:210 GetInPlace() Key not found
09-30 05:12:28.365 V/CamX (31696): [ VERB][UTILS ] camxhashmap.cpp:210 GetInPlace() Key not found
09-30 05:12:28.365 V/CamX (31696): [ VERB][UTILS ] camxhashmap.cpp:210 GetInPlace() Key not found
09-30 05:12:28.365 V/CamX (31696): [ VERB][UTILS ] camxhashmap.cpp:210 GetInPlace() Key not found
09-30 05:12:28.365 V/CamX (31696): [ VERB][UTILS ] camxhashmap.cpp:210 GetInPlace() Key not found
09-30 05:12:28.365 V/CamX (31696): [ VERB][UTILS ] camxhashmap.cpp:210 GetInPlace() Key not found
09-30 05:12:28.365 V/CamX (31696): [ VERB][UTILS ] camxhashmap.cpp:210 GetInPlace() Key not found
09-30 05:12:28.365 V/CamX (31696): [ VERB][UTILS ] camxhashmap.cpp:210 GetInPlace() Key not found
09-30 05:12:28.365 V/CamX (31696): [ VERB][UTILS ] camxhashmap.cpp:210 GetInPlace() Key not found
09-30 05:12:28.365 V/CamX (31696): [ VERB][UTILS ] camxhashmap.cpp:210 GetInPlace() Key not found
09-30 05:12:28.365 V/CamX (31696): [ VERB][UTILS ] camxhashmap.cpp:210 GetInPlace() Key not found
09-30 05:12:28.365 V/CamX (31696): [ VERB][UTILS ] camxhashmap.cpp:210 GetInPlace() Key not found
09-30 05:12:28.365 V/CamX (31696): [ VERB][UTILS ] camxhashmap.cpp:210 GetInPlace() Key not found
09-30 05:12:28.365 V/CamX (31696): [ VERB][UTILS ] camxhashmap.cpp:210 GetInPlace() Key not found
09-30 05:12:28.365 V/CamX (31696): [ VERB][UTILS ] camxhashmap.cpp:210 GetInPlace() Key not found
09-30 05:12:28.365 V/CamX (31696): [ VERB][UTILS ] camxhashmap.cpp:210 GetInPlace() Key not found
09-30 05:12:28.365 V/CamX (31696): [ VERB][UTILS ] camxhashmap.cpp:210 GetInPlace() Key not found
09-30 05:12:28.365 V/CamX (31696): [ VERB][UTILS ] camxhashmap.cpp:210 GetInPlace() Key not found
09-30 05:12:28.365 V/CamX (31696): [ VERB][UTILS ] camxhashmap.cpp:210 GetInPlace() Key not found
09-30 05:12:28.365 V/CamX (31696): [ VERB][UTILS ] camxhashmap.cpp:210 GetInPlace() Key not found
09-30 05:12:28.365 V/CamX (31696): [ VERB][UTILS ] camxhashmap.cpp:210 GetInPlace() Key not found
09-30 05:12:28.365 V/CamX (31696): [ VERB][UTILS ] camxhashmap.cpp:210 GetInPlace() Key not found
09-30 05:12:28.365 V/CamX (31696): [ VERB][UTILS ] camxhashmap.cpp:210 GetInPlace() Key not found
09-30 05:12:28.365 V/CamX (31696): [ VERB][UTILS ] camxhashmap.cpp:210 GetInPlace() Key not found
09-30 05:12:28.365 V/CamX (31696): [ VERB][UTILS ] camxhashmap.cpp:210 GetInPlace() Key not found
09-30 05:12:28.366 V/CamX (31696): [ VERB][UTILS ] camxhashmap.cpp:210 GetInPlace() Key not found
09-30 05:12:28.366 V/CamX (31696): [ VERB][UTILS ] camxhashmap.cpp:210 GetInPlace() Key not found
09-30 05:12:28.366 V/CamX (31696): [ VERB][UTILS ] camxhashmap.cpp:210 GetInPlace() Key not found
09-30 05:12:28.366 V/CamX (31696): [ VERB][UTILS ] camxhashmap.cpp:210 GetInPlace() Key not found
09-30 05:12:28.366 V/CamX (31696): [ VERB][UTILS ] camxhashmap.cpp:210 GetInPlace() Key not found
09-30 05:12:28.366 V/CamX (31696): [ VERB][UTILS ] camxhashmap.cpp:210 GetInPlace() Key not found
09-30 05:12:28.366 V/CamX (31696): [ VERB][UTILS ] camxhashmap.cpp:210 GetInPlace() Key not found
09-30 05:12:28.366 V/CamX (31696): [ VERB][UTILS ] camxhashmap.cpp:210 GetInPlace() Key not found
09-30 05:12:28.366 V/CamX (31696): [ VERB][UTILS ] camxhashmap.cpp:210 GetInPlace() Key not found
09-30 05:12:28.366 V/CamX (31696): [ VERB][UTILS ] camxhashmap.cpp:210 GetInPlace() Key not found
09-30 05:12:28.366 V/CamX (31696): [ VERB][UTILS ] camxhashmap.cpp:210 GetInPlace() Key not found
09-30 05:12:28.366 V/CamX (31696): [ VERB][UTILS ] camxhashmap.cpp:210 GetInPlace() Key not found
09-30 05:12:28.366 V/CamX (31696): [ VERB][UTILS ] camxhashmap.cpp:210 GetInPlace() Key not found
09-30 05:12:28.366 V/CamX (31696): [ VERB][UTILS ] camxhashmap.cpp:210 GetInPlace() Key not found
09-30 05:12:28.366 V/CamX (31696): [ VERB][UTILS ] camxhashmap.cpp:210 GetInPlace() Key not found
09-30 05:12:28.366 V/CamX (31696): [ VERB][UTILS ] camxhashmap.cpp:210 GetInPlace() Key not found
09-30 05:12:28.366 V/CamX (31696): [ VERB][UTILS ] camxhashmap.cpp:210 GetInPlace() Key not found
09-30 05:12:28.366 V/CamX (31696): [ VERB][UTILS ] camxhashmap.cpp:210 GetInPlace() Key not found
09-30 05:12:28.366 V/CamX (31696): [ VERB][UTILS ] camxhashmap.cpp:210 GetInPlace() Key not found
09-30 05:12:28.366 V/CamX (31696): [ VERB][UTILS ] camxhashmap.cpp:210 GetInPlace() Key not found
09-30 05:12:28.366 V/CamX (31696): [ VERB][UTILS ] camxhashmap.cpp:210 GetInPlace() Key not found
09-30 05:12:28.366 V/CamX (31696): [ VERB][UTILS ] camxhashmap.cpp:210 GetInPlace() Key not found
09-30 05:12:28.366 V/CamX (31696): [ VERB][UTILS ] camxhashmap.cpp:210 GetInPlace() Key not found
09-30 05:12:28.366 V/CamX (31696): [ VERB][UTILS ] camxhashmap.cpp:210 GetInPlace() Key not found
09-30 05:12:28.367 V/CamX (31696): [ VERB][UTILS ] camxhashmap.cpp:210 GetInPlace() Key not found
09-30 05:12:28.367 V/CamX (31696): [ VERB][UTILS ] camxhashmap.cpp:210 GetInPlace() Key not found
09-30 05:12:28.367 V/CamX (31696): [ VERB][UTILS ] camxhashmap.cpp:210 GetInPlace() Key not found
09-30 05:12:28.367 V/CamX (31696): [ VERB][UTILS ] camxhashmap.cpp:210 GetInPlace() Key not found
09-30 05:12:28.367 V/CamX (31696): [ VERB][UTILS ] camxhashmap.cpp:210 GetInPlace() Key not found
09-30 05:12:28.367 V/CamX (31696): [ VERB][UTILS ] camxhashmap.cpp:210 GetInPlace() Key not found
09-30 05:12:28.367 V/CamX (31696): [ VERB][UTILS ] camxhashmap.cpp:210 GetInPlace() Key not found
09-30 05:12:28.367 V/CamX (31696): [ VERB][UTILS ] camxhashmap.cpp:210 GetInPlace() Key not found
09-30 05:12:28.367 V/CamX (31696): [ VERB][UTILS ] camxhashmap.cpp:210 GetInPlace() Key not found
09-30 05:12:28.367 V/CamX (31696): [ VERB][UTILS ] camxhashmap.cpp:210 GetInPlace() Key not found
09-30 05:12:28.367 V/CamX (31696): [ VERB][UTILS ] camxhashmap.cpp:210 GetInPlace() Key not found
09-30 05:12:28.367 V/CamX (31696): [ VERB][UTILS ] camxhashmap.cpp:210 GetInPlace() Key not found
09-30 05:12:28.367 V/CamX (31696): [ VERB][UTILS ] camxhashmap.cpp:210 GetInPlace() Key not found
09-30 05:12:28.367 V/CamX (31696): [ VERB][UTILS ] camxhashmap.cpp:210 GetInPlace() Key not found
09-30 05:12:28.367 V/CamX (31696): [ VERB][UTILS ] camxhashmap.cpp:210 GetInPlace() Key not found
09-30 05:12:28.367 V/CamX (31696): [ VERB][UTILS ] camxhashmap.cpp:210 GetInPlace() Key not found
09-30 05:12:28.367 V/CamX (31696): [ VERB][UTILS ] camxhashmap.cpp:210 GetInPlace() Key not found
09-30 05:12:28.367 V/CamX (31696): [ VERB][UTILS ] camxhashmap.cpp:210 GetInPlace() Key not found
09-30 05:12:28.367 V/CamX (31696): [ VERB][UTILS ] camxhashmap.cpp:210 GetInPlace() Key not found
09-30 05:12:28.367 V/CamX (31696): [ VERB][UTILS ] camxhashmap.cpp:210 GetInPlace() Key not found
09-30 05:12:28.367 V/CamX (31696): [ VERB][UTILS ] camxhashmap.cpp:210 GetInPlace() Key not found
09-30 05:12:28.367 V/CamX (31696): [ VERB][UTILS ] camxhashmap.cpp:210 GetInPlace() Key not found
09-30 05:12:28.367 V/CamX (31696): [ VERB][UTILS ] camxhashmap.cpp:210 GetInPlace() Key not found
09-30 05:12:28.367 V/CamX (31696): [ VERB][UTILS ] camxhashmap.cpp:210 GetInPlace() Key not found
09-30 05:12:28.367 V/CamX (31696): [ VERB][UTILS ] camxhashmap.cpp:210 GetInPlace() Key not found
09-30 05:12:28.367 V/CamX (31696): [ VERB][UTILS ] camxhashmap.cpp:210 GetInPlace() Key not found
09-30 05:12:28.367 V/CamX (31696): [ VERB][UTILS ] camxhashmap.cpp:210 GetInPlace() Key not found
09-30 05:12:28.367 V/CamX (31696): [ VERB][UTILS ] camxhashmap.cpp:210 GetInPlace() Key not found
09-30 05:12:28.367 V/CamX (31696): [ VERB][UTILS ] camxhashmap.cpp:210 GetInPlace() Key not found
09-30 05:12:28.367 V/CamX (31696): [ VERB][UTILS ] camxhashmap.cpp:210 GetInPlace() Key not found
09-30 05:12:28.368 V/CamX (31696): [ VERB][UTILS ] camxhashmap.cpp:210 GetInPlace() Key not found
09-30 05:12:28.368 V/CamX (31696): [ VERB][UTILS ] camxhashmap.cpp:210 GetInPlace() Key not found
09-30 05:12:28.368 V/CamX (31696): [ VERB][UTILS ] camxhashmap.cpp:210 GetInPlace() Key not found
09-30 05:12:28.368 V/CamX (31696): [ VERB][UTILS ] camxhashmap.cpp:210 GetInPlace() Key not found
09-30 05:12:28.368 V/CamX (31696): [ VERB][UTILS ] camxhashmap.cpp:210 GetInPlace() Key not found
09-30 05:12:28.368 V/CamX (31696): [ VERB][UTILS ] camxhashmap.cpp:210 GetInPlace() Key not found
09-30 05:12:28.368 V/CamX (31696): [ VERB][UTILS ] camxhashmap.cpp:210 GetInPlace() Key not found
09-30 05:12:28.368 V/CamX (31696): [ VERB][UTILS ] camxhashmap.cpp:210 GetInPlace() Key not found
09-30 05:12:28.368 V/CamX (31696): [ VERB][UTILS ] camxhashmap.cpp:210 GetInPlace() Key not found
09-30 05:12:28.368 V/CamX (31696): [ VERB][UTILS ] camxhashmap.cpp:210 GetInPlace() Key not found
09-30 05:12:28.368 V/CamX (31696): [ VERB][UTILS ] camxhashmap.cpp:210 GetInPlace() Key not found
09-30 05:12:28.368 V/CamX (31696): [ VERB][UTILS ] camxhashmap.cpp:210 GetInPlace() Key not found
09-30 05:12:28.368 V/CamX (31696): [ VERB][UTILS ] camxhashmap.cpp:210 GetInPlace() Key not found
09-30 05:12:28.368 V/CamX (31696): [ VERB][UTILS ] camxhashmap.cpp:210 GetInPlace() Key not found
09-30 05:12:28.368 V/CamX (31696): [ VERB][UTILS ] camxhashmap.cpp:210 GetInPlace() Key not found
09-30 05:12:28.368 V/CamX (31696): [ VERB][UTILS ] camxhashmap.cpp:210 GetInPlace() Key not found
09-30 05:12:28.368 V/CamX (31696): [ VERB][UTILS ] camxhashmap.cpp:210 GetInPlace() Key not found
09-30 05:12:28.368 V/CamX (31696): [ VERB][UTILS ] camxhashmap.cpp:210 GetInPlace() Key not found
09-30 05:12:28.368 V/CamX (31696): [ VERB][UTILS ] camxhashmap.cpp:210 GetInPlace() Key not found
09-30 05:12:28.368 V/CamX (31696): [ VERB][UTILS ] camxhashmap.cpp:210 GetInPlace() Key not found
09-30 05:12:28.368 V/CamX (31696): [ VERB][UTILS ] camxhashmap.cpp:210 GetInPlace() Key not found
09-30 05:12:28.368 V/CamX (31696): [ VERB][UTILS ] camxhashmap.cpp:210 GetInPlace() Key not found
09-30 05:12:28.368 V/CamX (31696): [ VERB][UTILS ] camxhashmap.cpp:210 GetInPlace() Key not found
09-30 05:12:28.368 V/CamX (31696): [ VERB][UTILS ] camxhashmap.cpp:210 GetInPlace() Key not found
09-30 05:12:28.368 V/CamX (31696): [ VERB][UTILS ] camxhashmap.cpp:210 GetInPlace() Key not found
09-30 05:12:28.368 V/CamX (31696): [ VERB][UTILS ] camxhashmap.cpp:210 GetInPlace() Key not found
09-30 05:12:28.368 V/CamX (31696): [ VERB][UTILS ] camxhashmap.cpp:210 GetInPlace() Key not found
09-30 05:12:28.368 V/CamX (31696): [ VERB][UTILS ] camxhashmap.cpp:210 GetInPlace() Key not found
09-30 05:12:28.368 V/CamX (31696): [ VERB][UTILS ] camxhashmap.cpp:210 GetInPlace() Key not found
09-30 05:12:28.368 V/CamX (31696): [ VERB][UTILS ] camxhashmap.cpp:210 GetInPlace() Key not found
09-30 05:12:28.369 V/CamX (31696): [ VERB][UTILS ] camxhashmap.cpp:210 GetInPlace() Key not found
09-30 05:12:28.369 V/CamX (31696): [ VERB][UTILS ] camxhashmap.cpp:210 GetInPlace() Key not found
09-30 05:12:28.369 V/CamX (31696): [ VERB][UTILS ] camxhashmap.cpp:210 GetInPlace() Key not found
09-30 05:12:28.369 V/CamX (31696): [ VERB][UTILS ] camxhashmap.cpp:210 GetInPlace() Key not found
09-30 05:12:28.369 V/CamX (31696): [ VERB][UTILS ] camxhashmap.cpp:210 GetInPlace() Key not found
09-30 05:12:28.369 V/CamX (31696): [ VERB][UTILS ] camxhashmap.cpp:210 GetInPlace() Key not found
09-30 05:12:28.369 V/CamX (31696): [ VERB][UTILS ] camxhashmap.cpp:210 GetInPlace() Key not found
09-30 05:12:28.369 V/CamX (31696): [ VERB][UTILS ] camxhashmap.cpp:210 GetInPlace() Key not found
09-30 05:12:28.369 V/CamX (31696): [ VERB][UTILS ] camxhashmap.cpp:210 GetInPlace() Key not found
09-30 05:12:28.369 V/CamX (31696): [ VERB][UTILS ] camxhashmap.cpp:210 GetInPlace() Key not found
09-30 05:12:28.369 V/CamX (31696): [ VERB][UTILS ] camxhashmap.cpp:210 GetInPlace() Key not found
09-30 05:12:28.369 V/CamX (31696): [ VERB][UTILS ] camxhashmap.cpp:210 GetInPlace() Key not found
09-30 05:12:28.369 V/CamX (31696): [ VERB][UTILS ] camxhashmap.cpp:210 GetInPlace() Key not found
09-30 05:12:28.369 V/CamX (31696): [ VERB][UTILS ] camxhashmap.cpp:210 GetInPlace() Key not found
09-30 05:12:28.369 V/CamX (31696): [ VERB][UTILS ] camxhashmap.cpp:210 GetInPlace() Key not found
09-30 05:12:28.369 V/CamX (31696): [ VERB][UTILS ] camxhashmap.cpp:210 GetInPlace() Key not found
09-30 05:12:28.369 V/CamX (31696): [ VERB][UTILS ] camxhashmap.cpp:210 GetInPlace() Key not found
09-30 05:12:28.369 V/CamX (31696): [ VERB][UTILS ] camxhashmap.cpp:210 GetInPlace() Key not found
09-30 05:12:28.369 V/CamX (31696): [ VERB][UTILS ] camxhashmap.cpp:210 GetInPlace() Key not found
09-30 05:12:28.369 V/CamX (31696): [ VERB][UTILS ] camxhashmap.cpp:210 GetInPlace() Key not found
09-30 05:12:28.369 V/CamX (31696): [ VERB][UTILS ] camxhashmap.cpp:210 GetInPlace() Key not found
09-30 05:12:28.369 V/CamX (31696): [ VERB][UTILS ] camxhashmap.cpp:210 GetInPlace() Key not found
09-30 05:12:28.369 V/CamX (31696): [ VERB][UTILS ] camxhashmap.cpp:210 GetInPlace() Key not found
09-30 05:12:28.369 V/CamX (31696): [ VERB][UTILS ] camxhashmap.cpp:210 GetInPlace() Key not found
09-30 05:12:28.369 V/CamX (31696): [ VERB][UTILS ] camxhashmap.cpp:210 GetInPlace() Key not found
09-30 05:12:28.369 V/CamX (31696): [ VERB][UTILS ] camxhashmap.cpp:210 GetInPlace() Key not found
09-30 05:12:28.369 V/CamX (31696): [ VERB][UTILS ] camxhashmap.cpp:210 GetInPlace() Key not found
09-30 05:12:28.370 V/CamX (31696): [ VERB][UTILS ] camxhashmap.cpp:210 GetInPlace() Key not found
09-30 05:12:28.370 V/CamX (31696): [ VERB][UTILS ] camxhashmap.cpp:210 GetInPlace() Key not found
09-30 05:12:28.370 V/CamX (31696): [ VERB][UTILS ] camxhashmap.cpp:210 GetInPlace() Key not found
09-30 05:12:28.370 V/CamX (31696): [ VERB][UTILS ] camxhashmap.cpp:210 GetInPlace() Key not found
09-30 05:12:28.370 V/CamX (31696): [ VERB][UTILS ] camxhashmap.cpp:210 GetInPlace() Key not found
09-30 05:12:28.370 V/CamX (31696): [ VERB][UTILS ] camxhashmap.cpp:210 GetInPlace() Key not found
09-30 05:12:28.370 V/CamX (31696): [ VERB][UTILS ] camxhashmap.cpp:210 GetInPlace() Key not found
09-30 05:12:28.370 V/CamX (31696): [ VERB][UTILS ] camxhashmap.cpp:210 GetInPlace() Key not found
09-30 05:12:28.370 V/CamX (31696): [ VERB][UTILS ] camxhashmap.cpp:210 GetInPlace() Key not found
09-30 05:12:28.370 V/CamX (31696): [ VERB][UTILS ] camxhashmap.cpp:210 GetInPlace() Key not found
09-30 05:12:28.370 V/CamX (31696): [ VERB][UTILS ] camxhashmap.cpp:210 GetInPlace() Key not found
09-30 05:12:28.370 V/CamX (31696): [ VERB][UTILS ] camxhashmap.cpp:210 GetInPlace() Key not found
09-30 05:12:28.370 V/CamX (31696): [ VERB][UTILS ] camxhashmap.cpp:210 GetInPlace() Key not found
09-30 05:12:28.370 V/CamX (31696): [ VERB][UTILS ] camxhashmap.cpp:210 GetInPlace() Key not found
09-30 05:12:28.370 V/CamX (31696): [ VERB][UTILS ] camxhashmap.cpp:210 GetInPlace() Key not found
09-30 05:12:28.370 V/CamX (31696): [ VERB][UTILS ] camxhashmap.cpp:210 GetInPlace() Key not found
09-30 05:12:28.370 V/CamX (31696): [ VERB][UTILS ] camxhashmap.cpp:210 GetInPlace() Key not found
09-30 05:12:28.370 V/CamX (31696): [ VERB][UTILS ] camxhashmap.cpp:210 GetInPlace() Key not found
09-30 05:12:28.370 V/CamX (31696): [ VERB][UTILS ] camxhashmap.cpp:210 GetInPlace() Key not found
09-30 05:12:28.370 V/CamX (31696): [ VERB][UTILS ] camxhashmap.cpp:210 GetInPlace() Key not found
09-30 05:12:28.370 V/CamX (31696): [ VERB][UTILS ] camxhashmap.cpp:210 GetInPlace() Key not found
09-30 05:12:28.370 V/CamX (31696): [ VERB][UTILS ] camxhashmap.cpp:210 GetInPlace() Key not found
09-30 05:12:28.370 V/CamX (31696): [ VERB][UTILS ] camxhashmap.cpp:210 GetInPlace() Key not found
09-30 05:12:28.370 V/CamX (31696): [ VERB][UTILS ] camxhashmap.cpp:210 GetInPlace() Key not found
09-30 05:12:28.370 V/CamX (31696): [ VERB][UTILS ] camxhashmap.cpp:210 GetInPlace() Key not found
09-30 05:12:28.370 V/CamX (31696): [ VERB][UTILS ] camxhashmap.cpp:210 GetInPlace() Key not found
09-30 05:12:28.370 V/CamX (31696): [ VERB][UTILS ] camxhashmap.cpp:210 GetInPlace() Key not found
09-30 05:12:28.370 V/CamX (31696): [ VERB][UTILS ] camxhashmap.cpp:210 GetInPlace() Key not found
09-30 05:12:28.370 V/CamX (31696): [ VERB][UTILS ] camxhashmap.cpp:210 GetInPlace() Key not found
09-30 05:12:28.370 V/CamX (31696): [ VERB][UTILS ] camxhashmap.cpp:210 GetInPlace() Key not found
09-30 05:12:28.370 V/CamX (31696): [ VERB][UTILS ] camxhashmap.cpp:210 GetInPlace() Key not found
09-30 05:12:28.370 V/CamX (31696): [ VERB][UTILS ] camxhashmap.cpp:210 GetInPlace() Key not found
09-30 05:12:28.370 V/CamX (31696): [ VERB][UTILS ] camxhashmap.cpp:210 GetInPlace() Key not found
09-30 05:12:28.371 V/CamX (31696): [ VERB][UTILS ] camxhashmap.cpp:210 GetInPlace() Key not found
09-30 05:12:28.371 V/CamX (31696): [ VERB][UTILS ] camxhashmap.cpp:210 GetInPlace() Key not found
09-30 05:12:28.371 V/CamX (31696): [ VERB][UTILS ] camxhashmap.cpp:210 GetInPlace() Key not found
09-30 05:12:28.371 V/CamX (31696): [ VERB][UTILS ] camxhashmap.cpp:210 GetInPlace() Key not found
09-30 05:12:28.371 V/CamX (31696): [ VERB][UTILS ] camxhashmap.cpp:210 GetInPlace() Key not found
09-30 05:12:28.371 V/CamX (31696): [ VERB][UTILS ] camxhashmap.cpp:210 GetInPlace() Key not found
09-30 05:12:28.371 V/CamX (31696): [ VERB][UTILS ] camxhashmap.cpp:210 GetInPlace() Key not found
09-30 05:12:28.371 V/CamX (31696): [ VERB][UTILS ] camxhashmap.cpp:210 GetInPlace() Key not found
09-30 05:12:28.371 V/CamX (31696): [ VERB][UTILS ] camxhashmap.cpp:210 GetInPlace() Key not found
09-30 05:12:28.371 V/CamX (31696): [ VERB][UTILS ] camxhashmap.cpp:210 GetInPlace() Key not found
09-30 05:12:28.371 V/CamX (31696): [ VERB][UTILS ] camxhashmap.cpp:210 GetInPlace() Key not found
09-30 05:12:28.371 V/CamX (31696): [ VERB][UTILS ] camxhashmap.cpp:210 GetInPlace() Key not found
09-30 05:12:28.371 V/CamX (31696): [ VERB][UTILS ] camxhashmap.cpp:210 GetInPlace() Key not found
09-30 05:12:28.371 V/CamX (31696): [ VERB][UTILS ] camxhashmap.cpp:210 GetInPlace() Key not found
09-30 05:12:28.371 V/CamX (31696): [ VERB][UTILS ] camxhashmap.cpp:210 GetInPlace() Key not found
09-30 05:12:28.371 V/CamX (31696): [ VERB][UTILS ] camxhashmap.cpp:210 GetInPlace() Key not found
09-30 05:12:28.371 V/CamX (31696): [ VERB][UTILS ] camxhashmap.cpp:210 GetInPlace() Key not found
09-30 05:12:28.371 V/CamX (31696): [ VERB][UTILS ] camxhashmap.cpp:210 GetInPlace() Key not found
09-30 05:12:28.371 V/CamX (31696): [ VERB][UTILS ] camxhashmap.cpp:210 GetInPlace() Key not found
09-30 05:12:28.371 V/CamX (31696): [ VERB][UTILS ] camxhashmap.cpp:210 GetInPlace() Key not found
09-30 05:12:28.371 V/CamX (31696): [ VERB][UTILS ] camxhashmap.cpp:210 GetInPlace() Key not found
09-30 05:12:28.371 V/CamX (31696): [ VERB][UTILS ] camxhashmap.cpp:210 GetInPlace() Key not found
09-30 05:12:28.371 V/CamX (31696): [ VERB][UTILS ] camxhashmap.cpp:210 GetInPlace() Key not found
09-30 05:12:28.371 V/CamX (31696): [ VERB][UTILS ] camxhashmap.cpp:210 GetInPlace() Key not found
09-30 05:12:28.371 V/CamX (31696): [ VERB][UTILS ] camxhashmap.cpp:210 GetInPlace() Key not found
09-30 05:12:28.371 V/CamX (31696): [ VERB][UTILS ] camxhashmap.cpp:210 GetInPlace() Key not found
09-30 05:12:28.371 V/CamX (31696): [ VERB][UTILS ] camxhashmap.cpp:210 GetInPlace() Key not found
09-30 05:12:28.371 V/CamX (31696): [ VERB][UTILS ] camxhashmap.cpp:210 GetInPlace() Key not found
09-30 05:12:28.371 V/CamX (31696): [ VERB][UTILS ] camxhashmap.cpp:210 GetInPlace() Key not found
09-30 05:12:28.371 V/CamX (31696): [ VERB][UTILS ] camxhashmap.cpp:210 GetInPlace() Key not found
09-30 05:12:28.371 V/CamX (31696): [ VERB][UTILS ] camxhashmap.cpp:210 GetInPlace() Key not found
09-30 05:12:28.371 V/CamX (31696): [ VERB][UTILS ] camxhashmap.cpp:210 GetInPlace() Key not found
09-30 05:12:28.371 V/CamX (31696): [ VERB][UTILS ] camxhashmap.cpp:210 GetInPlace() Key not found
09-30 05:12:28.371 V/CamX (31696): [ VERB][UTILS ] camxhashmap.cpp:210 GetInPlace() Key not found
09-30 05:12:28.371 V/CamX (31696): [ VERB][UTILS ] camxhashmap.cpp:210 GetInPlace() Key not found
09-30 05:12:28.372 V/CamX (31696): [ VERB][UTILS ] camxhashmap.cpp:210 GetInPlace() Key not found
09-30 05:12:28.372 V/CamX (31696): [ VERB][UTILS ] camxhashmap.cpp:210 GetInPlace() Key not found
09-30 05:12:28.372 V/CamX (31696): [ VERB][UTILS ] camxhashmap.cpp:210 GetInPlace() Key not found
09-30 05:12:28.372 V/CamX (31696): [ VERB][UTILS ] camxhashmap.cpp:210 GetInPlace() Key not found
09-30 05:12:28.372 V/CamX (31696): [ VERB][UTILS ] camxhashmap.cpp:210 GetInPlace() Key not found
09-30 05:12:28.372 V/CamX (31696): [ VERB][UTILS ] camxhashmap.cpp:210 GetInPlace() Key not found
09-30 05:12:28.372 V/CamX (31696): [ VERB][UTILS ] camxhashmap.cpp:210 GetInPlace() Key not found
09-30 05:12:28.372 V/CamX (31696): [ VERB][UTILS ] camxhashmap.cpp:210 GetInPlace() Key not found
09-30 05:12:28.372 V/CamX (31696): [ VERB][UTILS ] camxhashmap.cpp:210 GetInPlace() Key not found
09-30 05:12:28.372 V/CamX (31696): [ VERB][UTILS ] camxhashmap.cpp:210 GetInPlace() Key not found
09-30 05:12:28.372 V/CamX (31696): [ VERB][UTILS ] camxhashmap.cpp:210 GetInPlace() Key not found
09-30 05:12:28.372 V/CamX (31696): [ VERB][UTILS ] camxhashmap.cpp:210 GetInPlace() Key not found
09-30 05:12:28.372 V/CamX (31696): [ VERB][UTILS ] camxhashmap.cpp:210 GetInPlace() Key not found
09-30 05:12:28.372 V/CamX (31696): [ VERB][UTILS ] camxhashmap.cpp:210 GetInPlace() Key not found
09-30 05:12:28.372 V/CamX (31696): [ VERB][UTILS ] camxhashmap.cpp:210 GetInPlace() Key not found
09-30 05:12:28.372 V/CamX (31696): [ VERB][UTILS ] camxhashmap.cpp:210 GetInPlace() Key not found
09-30 05:12:28.372 V/CamX (31696): [ VERB][UTILS ] camxhashmap.cpp:210 GetInPlace() Key not found
09-30 05:12:28.372 V/CamX (31696): [ VERB][UTILS ] camxhashmap.cpp:210 GetInPlace() Key not found
09-30 05:12:28.372 V/CamX (31696): [ VERB][UTILS ] camxhashmap.cpp:210 GetInPlace() Key not found
09-30 05:12:28.372 V/CamX (31696): [ VERB][UTILS ] camxhashmap.cpp:210 GetInPlace() Key not found
09-30 05:12:28.372 V/CamX (31696): [ VERB][UTILS ] camxhashmap.cpp:210 GetInPlace() Key not found
09-30 05:12:28.372 V/CamX (31696): [ VERB][UTILS ] camxhashmap.cpp:210 GetInPlace() Key not found
09-30 05:12:28.372 V/CamX (31696): [ VERB][UTILS ] camxhashmap.cpp:210 GetInPlace() Key not found
09-30 05:12:28.372 V/CamX (31696): [ VERB][UTILS ] camxhashmap.cpp:210 GetInPlace() Key not found
09-30 05:12:28.372 V/CamX (31696): [ VERB][UTILS ] camxhashmap.cpp:210 GetInPlace() Key not found
09-30 05:12:28.372 V/CamX (31696): [ VERB][UTILS ] camxhashmap.cpp:210 GetInPlace() Key not found
09-30 05:12:28.372 V/CamX (31696): [ VERB][UTILS ] camxhashmap.cpp:210 GetInPlace() Key not found
09-30 05:12:28.372 V/CamX (31696): [ VERB][UTILS ] camxhashmap.cpp:210 GetInPlace() Key not found
09-30 05:12:28.372 V/CamX (31696): [ VERB][UTILS ] camxhashmap.cpp:210 GetInPlace() Key not found
09-30 05:12:28.373 V/CamX (31696): [ VERB][UTILS ] camxhashmap.cpp:210 GetInPlace() Key not found
09-30 05:12:28.373 V/CamX (31696): [ VERB][UTILS ] camxhashmap.cpp:210 GetInPlace() Key not found
09-30 05:12:28.373 V/CamX (31696): [ VERB][UTILS ] camxhashmap.cpp:210 GetInPlace() Key not found
09-30 05:12:28.373 V/CamX (31696): [ VERB][UTILS ] camxhashmap.cpp:210 GetInPlace() Key not found
09-30 05:12:28.373 V/CamX (31696): [ VERB][UTILS ] camxhashmap.cpp:210 GetInPlace() Key not found
09-30 05:12:28.373 V/CamX (31696): [ VERB][UTILS ] camxhashmap.cpp:210 GetInPlace() Key not found
09-30 05:12:28.373 V/CamX (31696): [ VERB][UTILS ] camxhashmap.cpp:210 GetInPlace() Key not found
09-30 05:12:28.373 V/CamX (31696): [ VERB][UTILS ] camxhashmap.cpp:210 GetInPlace() Key not found
09-30 05:12:28.373 V/CamX (31696): [ VERB][UTILS ] camxhashmap.cpp:210 GetInPlace() Key not found
09-30 05:12:28.373 V/CamX (31696): [ VERB][UTILS ] camxhashmap.cpp:210 GetInPlace() Key not found
09-30 05:12:28.373 V/CamX (31696): [ VERB][UTILS ] camxhashmap.cpp:210 GetInPlace() Key not found
09-30 05:12:28.373 V/CamX (31696): [ VERB][UTILS ] camxhashmap.cpp:210 GetInPlace() Key not found
09-30 05:12:28.373 V/CamX (31696): [ VERB][UTILS ] camxhashmap.cpp:210 GetInPlace() Key not found
09-30 05:12:28.373 V/CamX (31696): [ VERB][UTILS ] camxhashmap.cpp:210 GetInPlace() Key not found
09-30 05:12:28.373 V/CamX (31696): [ VERB][UTILS ] camxhashmap.cpp:210 GetInPlace() Key not found
09-30 05:12:28.373 V/CamX (31696): [ VERB][UTILS ] camxhashmap.cpp:210 GetInPlace() Key not found
09-30 05:12:28.373 V/CamX (31696): [ VERB][UTILS ] camxhashmap.cpp:210 GetInPlace() Key not found
09-30 05:12:28.373 V/CamX (31696): [ VERB][UTILS ] camxhashmap.cpp:210 GetInPlace() Key not found
09-30 05:12:28.373 V/CamX (31696): [ VERB][UTILS ] camxhashmap.cpp:210 GetInPlace() Key not found
09-30 05:12:28.373 V/CamX (31696): [ VERB][UTILS ] camxhashmap.cpp:210 GetInPlace() Key not found
09-30 05:12:28.373 V/CamX (31696): [ VERB][UTILS ] camxhashmap.cpp:210 GetInPlace() Key not found
09-30 05:12:28.373 V/CamX (31696): [ VERB][UTILS ] camxhashmap.cpp:210 GetInPlace() Key not found
09-30 05:12:28.373 V/CamX (31696): [ VERB][UTILS ] camxhashmap.cpp:210 GetInPlace() Key not found
09-30 05:12:28.373 V/CamX (31696): [ VERB][UTILS ] camxhashmap.cpp:210 GetInPlace() Key not found
09-30 05:12:28.373 V/CamX (31696): [ VERB][UTILS ] camxhashmap.cpp:210 GetInPlace() Key not found
09-30 05:12:28.374 V/CamX (31696): [ VERB][UTILS ] camxhashmap.cpp:210 GetInPlace() Key not found
09-30 05:12:28.374 V/CamX (31696): [ VERB][UTILS ] camxhashmap.cpp:210 GetInPlace() Key not found
09-30 05:12:28.374 V/CamX (31696): [ VERB][UTILS ] camxhashmap.cpp:210 GetInPlace() Key not found
09-30 05:12:28.374 V/CamX (31696): [ VERB][UTILS ] camxhashmap.cpp:210 GetInPlace() Key not found
09-30 05:12:28.374 V/CamX (31696): [ VERB][UTILS ] camxhashmap.cpp:210 GetInPlace() Key not found
09-30 05:12:28.374 V/CamX (31696): [ VERB][UTILS ] camxhashmap.cpp:210 GetInPlace() Key not found
09-30 05:12:28.374 V/CamX (31696): [ VERB][UTILS ] camxhashmap.cpp:210 GetInPlace() Key not found
09-30 05:12:28.374 V/CamX (31696): [ VERB][UTILS ] camxhashmap.cpp:210 GetInPlace() Key not found
09-30 05:12:28.374 V/CamX (31696): [ VERB][UTILS ] camxhashmap.cpp:210 GetInPlace() Key not found
09-30 05:12:28.374 V/CamX (31696): [ VERB][UTILS ] camxhashmap.cpp:210 GetInPlace() Key not found
09-30 05:12:28.374 V/CamX (31696): [ VERB][UTILS ] camxhashmap.cpp:210 GetInPlace() Key not found
09-30 05:12:28.374 V/CamX (31696): [ VERB][UTILS ] camxhashmap.cpp:210 GetInPlace() Key not found
09-30 05:12:28.374 V/CamX (31696): [ VERB][UTILS ] camxhashmap.cpp:210 GetInPlace() Key not found
09-30 05:12:28.374 V/CamX (31696): [ VERB][UTILS ] camxhashmap.cpp:210 GetInPlace() Key not found
09-30 05:12:28.374 V/CamX (31696): [ VERB][UTILS ] camxhashmap.cpp:210 GetInPlace() Key not found
09-30 05:12:28.374 V/CamX (31696): [ VERB][UTILS ] camxhashmap.cpp:210 GetInPlace() Key not found
09-30 05:12:28.374 V/CamX (31696): [ VERB][UTILS ] camxhashmap.cpp:210 GetInPlace() Key not found
09-30 05:12:28.374 V/CamX (31696): [ VERB][UTILS ] camxhashmap.cpp:210 GetInPlace() Key not found
09-30 05:12:28.374 V/CamX (31696): [ VERB][UTILS ] camxhashmap.cpp:210 GetInPlace() Key not found
09-30 05:12:28.374 V/CamX (31696): [ VERB][UTILS ] camxhashmap.cpp:210 GetInPlace() Key not found
09-30 05:12:28.374 V/CamX (31696): [ VERB][UTILS ] camxhashmap.cpp:210 GetInPlace() Key not found
09-30 05:12:28.374 V/CamX (31696): [ VERB][UTILS ] camxhashmap.cpp:210 GetInPlace() Key not found
09-30 05:12:28.374 V/CamX (31696): [ VERB][UTILS ] camxhashmap.cpp:210 GetInPlace() Key not found
09-30 05:12:28.374 V/CamX (31696): [ VERB][UTILS ] camxhashmap.cpp:210 GetInPlace() Key not found
09-30 05:12:28.374 V/CamX (31696): [ VERB][UTILS ] camxhashmap.cpp:210 GetInPlace() Key not found
09-30 05:12:28.374 V/CamX (31696): [ VERB][UTILS ] camxhashmap.cpp:210 GetInPlace() Key not found
09-30 05:12:28.374 V/CamX (31696): [ VERB][UTILS ] camxhashmap.cpp:210 GetInPlace() Key not found
09-30 05:12:28.374 V/CamX (31696): [ VERB][UTILS ] camxhashmap.cpp:210 GetInPlace() Key not found
09-30 05:12:28.374 V/CamX (31696): [ VERB][UTILS ] camxhashmap.cpp:210 GetInPlace() Key not found
09-30 05:12:28.375 V/CamX (31696): [ VERB][UTILS ] camxhashmap.cpp:210 GetInPlace() Key not found
09-30 05:12:28.375 V/CamX (31696): [ VERB][UTILS ] camxhashmap.cpp:210 GetInPlace() Key not found
09-30 05:12:28.375 V/CamX (31696): [ VERB][UTILS ] camxhashmap.cpp:210 GetInPlace() Key not found
09-30 05:12:28.375 V/CamX (31696): [ VERB][UTILS ] camxhashmap.cpp:210 GetInPlace() Key not found
09-30 05:12:28.375 V/CamX (31696): [ VERB][UTILS ] camxhashmap.cpp:210 GetInPlace() Key not found
09-30 05:12:28.375 V/CamX (31696): [ VERB][UTILS ] camxhashmap.cpp:210 GetInPlace() Key not found
09-30 05:12:28.375 V/CamX (31696): [ VERB][UTILS ] camxhashmap.cpp:210 GetInPlace() Key not found
09-30 05:12:28.375 V/CamX (31696): [ VERB][UTILS ] camxhashmap.cpp:210 GetInPlace() Key not found
09-30 05:12:28.375 V/CamX (31696): [ VERB][UTILS ] camxhashmap.cpp:210 GetInPlace() Key not found
09-30 05:12:28.375 V/CamX (31696): [ VERB][UTILS ] camxhashmap.cpp:210 GetInPlace() Key not found
09-30 05:12:28.375 V/CamX (31696): [ VERB][UTILS ] camxhashmap.cpp:210 GetInPlace() Key not found
09-30 05:12:28.375 V/CamX (31696): [ VERB][UTILS ] camxhashmap.cpp:210 GetInPlace() Key not found
09-30 05:12:28.375 V/CamX (31696): [ VERB][UTILS ] camxhashmap.cpp:210 GetInPlace() Key not found
09-30 05:12:28.375 V/CamX (31696): [ VERB][UTILS ] camxhashmap.cpp:210 GetInPlace() Key not found
09-30 05:12:28.375 V/CamX (31696): [ VERB][UTILS ] camxhashmap.cpp:210 GetInPlace() Key not found
09-30 05:12:28.375 V/CamX (31696): [ VERB][UTILS ] camxhashmap.cpp:210 GetInPlace() Key not found
09-30 05:12:28.375 V/CamX (31696): [ VERB][UTILS ] camxhashmap.cpp:210 GetInPlace() Key not found
09-30 05:12:28.375 V/CamX (31696): [ VERB][UTILS ] camxhashmap.cpp:210 GetInPlace() Key not found
09-30 05:12:28.375 V/CamX (31696): [ VERB][UTILS ] camxhashmap.cpp:210 GetInPlace() Key not found
09-30 05:12:28.375 V/CamX (31696): [ VERB][UTILS ] camxhashmap.cpp:210 GetInPlace() Key not found
09-30 05:12:28.375 V/CamX (31696): [ VERB][UTILS ] camxhashmap.cpp:210 GetInPlace() Key not found
09-30 05:12:28.375 V/CamX (31696): [ VERB][UTILS ] camxhashmap.cpp:210 GetInPlace() Key not found
09-30 05:12:28.375 V/CamX (31696): [ VERB][UTILS ] camxhashmap.cpp:210 GetInPlace() Key not found
09-30 05:12:28.375 V/CamX (31696): [ VERB][UTILS ] camxhashmap.cpp:210 GetInPlace() Key not found
09-30 05:12:28.375 V/CamX (31696): [ VERB][UTILS ] camxhashmap.cpp:210 GetInPlace() Key not found
09-30 05:12:28.375 V/CamX (31696): [ VERB][UTILS ] camxhashmap.cpp:210 GetInPlace() Key not found
09-30 05:12:28.375 V/CamX (31696): [ VERB][UTILS ] camxhashmap.cpp:210 GetInPlace() Key not found
09-30 05:12:28.375 V/CamX (31696): [ VERB][UTILS ] camxhashmap.cpp:210 GetInPlace() Key not found
09-30 05:12:28.375 V/CamX (31696): [ VERB][UTILS ] camxhashmap.cpp:210 GetInPlace() Key not found
09-30 05:12:28.375 V/CamX (31696): [ VERB][UTILS ] camxhashmap.cpp:210 GetInPlace() Key not found
09-30 05:12:28.375 V/CamX (31696): [ VERB][UTILS ] camxhashmap.cpp:210 GetInPlace() Key not found
09-30 05:12:28.375 V/CamX (31696): [ VERB][UTILS ] camxhashmap.cpp:210 GetInPlace() Key not found
09-30 05:12:28.375 V/CamX (31696): [ VERB][UTILS ] camxhashmap.cpp:210 GetInPlace() Key not found
09-30 05:12:28.375 V/CamX (31696): [ VERB][UTILS ] camxhashmap.cpp:210 GetInPlace() Key not found
09-30 05:12:28.376 V/CamX (31696): [ VERB][UTILS ] camxhashmap.cpp:210 GetInPlace() Key not found
09-30 05:12:28.376 V/CamX (31696): [ VERB][UTILS ] camxhashmap.cpp:210 GetInPlace() Key not found
09-30 05:12:28.376 V/CamX (31696): [ VERB][UTILS ] camxhashmap.cpp:210 GetInPlace() Key not found
09-30 05:12:28.376 V/CamX (31696): [ VERB][UTILS ] camxhashmap.cpp:210 GetInPlace() Key not found
09-30 05:12:28.376 V/CamX (31696): [ VERB][UTILS ] camxhashmap.cpp:210 GetInPlace() Key not found
09-30 05:12:28.376 V/CamX (31696): [ VERB][UTILS ] camxhashmap.cpp:210 GetInPlace() Key not found
09-30 05:12:28.376 V/CamX (31696): [ VERB][UTILS ] camxhashmap.cpp:210 GetInPlace() Key not found
09-30 05:12:28.376 V/CamX (31696): [ VERB][UTILS ] camxhashmap.cpp:210 GetInPlace() Key not found
09-30 05:12:28.376 V/CamX (31696): [ VERB][UTILS ] camxhashmap.cpp:210 GetInPlace() Key not found
09-30 05:12:28.376 V/CamX (31696): [ VERB][UTILS ] camxhashmap.cpp:210 GetInPlace() Key not found
09-30 05:12:28.376 V/CamX (31696): [ VERB][UTILS ] camxhashmap.cpp:210 GetInPlace() Key not found
09-30 05:12:28.376 V/CamX (31696): [ VERB][UTILS ] camxhashmap.cpp:210 GetInPlace() Key not found
09-30 05:12:28.376 V/CamX (31696): [ VERB][UTILS ] camxhashmap.cpp:210 GetInPlace() Key not found
09-30 05:12:28.376 V/CamX (31696): [ VERB][UTILS ] camxhashmap.cpp:210 GetInPlace() Key not found
09-30 05:12:28.376 V/CamX (31696): [ VERB][UTILS ] camxhashmap.cpp:210 GetInPlace() Key not found
09-30 05:12:28.376 V/CamX (31696): [ VERB][UTILS ] camxhashmap.cpp:210 GetInPlace() Key not found
09-30 05:12:28.376 V/CamX (31696): [ VERB][UTILS ] camxhashmap.cpp:210 GetInPlace() Key not found
09-30 05:12:28.376 V/CamX (31696): [ VERB][UTILS ] camxhashmap.cpp:210 GetInPlace() Key not found
09-30 05:12:28.376 V/CamX (31696): [ VERB][UTILS ] camxhashmap.cpp:210 GetInPlace() Key not found
09-30 05:12:28.376 V/CamX (31696): [ VERB][UTILS ] camxhashmap.cpp:210 GetInPlace() Key not found
09-30 05:12:28.376 V/CamX (31696): [ VERB][UTILS ] camxhashmap.cpp:210 GetInPlace() Key not found
09-30 05:12:28.376 V/CamX (31696): [ VERB][UTILS ] camxhashmap.cpp:210 GetInPlace() Key not found
09-30 05:12:28.376 V/CamX (31696): [ VERB][UTILS ] camxhashmap.cpp:210 GetInPlace() Key not found
09-30 05:12:28.376 V/CamX (31696): [ VERB][UTILS ] camxhashmap.cpp:210 GetInPlace() Key not found
09-30 05:12:28.376 V/CamX (31696): [ VERB][UTILS ] camxhashmap.cpp:210 GetInPlace() Key not found
09-30 05:12:28.376 V/CamX (31696): [ VERB][UTILS ] camxhashmap.cpp:210 GetInPlace() Key not found
09-30 05:12:28.376 V/CamX (31696): [ VERB][UTILS ] camxhashmap.cpp:210 GetInPlace() Key not found
09-30 05:12:28.376 V/CamX (31696): [ VERB][UTILS ] camxhashmap.cpp:210 GetInPlace() Key not found
09-30 05:12:28.376 V/CamX (31696): [ VERB][UTILS ] camxhashmap.cpp:210 GetInPlace() Key not found
09-30 05:12:28.376 V/CamX (31696): [ VERB][UTILS ] camxhashmap.cpp:210 GetInPlace() Key not found
09-30 05:12:28.376 V/CamX (31696): [ VERB][UTILS ] camxhashmap.cpp:210 GetInPlace() Key not found
09-30 05:12:28.376 V/CamX (31696): [ VERB][UTILS ] camxhashmap.cpp:210 GetInPlace() Key not found
09-30 05:12:28.376 V/CamX (31696): [ VERB][UTILS ] camxhashmap.cpp:210 GetInPlace() Key not found
09-30 05:12:28.376 V/CamX (31696): [ VERB][UTILS ] camxhashmap.cpp:210 GetInPlace() Key not found
09-30 05:12:28.377 V/CamX (31696): [ VERB][UTILS ] camxhashmap.cpp:210 GetInPlace() Key not found
09-30 05:12:28.377 V/CamX (31696): [ VERB][UTILS ] camxhashmap.cpp:210 GetInPlace() Key not found
09-30 05:12:28.377 V/CamX (31696): [ VERB][UTILS ] camxhashmap.cpp:210 GetInPlace() Key not found
