01-01 08:00:56.319 0 0 I : __lock_acquire+0xbc/0x1e58
01-01 08:00:56.319 0 0 I : lock_acquire+0x1cc/0x218
01-01 08:00:56.319 0 0 I : _raw_spin_lock_irqsave+0x54/0x98
01-01 08:00:56.319 0 0 I : ion_system_secure_heap_prefetch_work+0x94/0x2c0
01-01 08:00:56.319 0 0 I : process_one_work+0x38c/0x660
01-01 08:00:56.319 0 0 I : worker_thread+0x268/0x4b8
01-01 08:00:56.319 0 0 I : kthread+0x140/0x150
01-01 08:00:56.319 0 0 I : ret_from_fork+0x10/0x1c
01-01 08:00:56.319 0 0 I [kworke][0x3eda20cc][01:23:46.066769] wlan: [345:I:HDD] hdd_pm_qos_add_request: 9362: Set cpu_mask 0f for affine_cores
10-14 01:23:46.068 1890 2289 W ActivityThread: Failed to find provider info for com.android.contacts (user not unlocked)
01-01 08:00:56.320 0 0 D cnss : Sending ini sync request, state: 0x17, fw_log_mode: 1
01-01 08:00:56.326 0 0 I [kworke][0x3edc10fd][01:23:46.073385] wlan: [345:I:HIF] Initializing Runtime PM wakelock &sc->prevent_linkdown_lock
01-01 08:00:56.326 0 0 I [kworke][0x3edc1467][01:23:46.073430] wlan: [345:I:HIF] hif_pci_enable_bus: con_mode = 0x0, WLAN_SOC_device_id = 0x1101
01-01 08:00:56.326 0 0 I [kworke][0x3edc19f9][01:23:46.073505] wlan: [345:I:HIF] hif_pci_enable_bus: hif_enable_pci done
01-01 08:00:56.326 0 0 I [kworke][0x3edc2b76][01:23:46.073738] wlan: [345:I:HIF] *********** QCA6390 *************
01-01 08:00:56.326 0 0 I [kworke][0x3edc2c01][01:23:46.073745] wlan: [345:I:HIF] hif_pci_enable_bus: hif_type = 0x12, target_type = 0x17
01-01 08:00:56.326 0 0 I [kworke][0x3edc2c98][01:23:46.073753] wlan: [345:I:HIF] hif_register_tbl_attach: HIF_TYPE_QCA6390
01-01 08:00:56.326 0 0 I [kworke][0x3edc2d20][01:23:46.073760] wlan: [345:I:HIF] hif_target_register_tbl_attach: TARGET_TYPE_QCA6390
01-01 08:00:56.326 0 0 I [kworke][0x3edc2e16][01:23:46.073773] wlan: [345:I:HIF] hif_pci_enable_bus:Skip tgt_wake up for srng devices
01-01 08:00:56.327 0 0 E : INFO: trying to register non-static key.
01-01 08:00:56.329 0 0 E [kworke][0x3edce24c][01:23:46.076178] wlan: [345:E:TXRX] hif_print_hal_shadow_register_cfg: num_config 28
01-01 08:00:56.332 0 0 E : the code is fine but needs lockdep annotation.
01-01 08:00:56.332 0 0 I : CPU: 7 PID: 291 Comm: kworker/u16:8 Tainted: G S W O 4.19.157+ #1
01-01 08:00:56.332 0 0 I Hardware name: Qualcomm Technologies, Inc. kona MTP-RmPM8150b. VX1(MCE) EVT2 (DT)
01-01 08:00:56.332 0 0 I Workqueue: events_unbound ion_system_secure_heap_prefetch_work
01-01 08:00:56.332 0 0 I Call trace:
01-01 08:00:56.332 0 0 I : dump_backtrace+0x0/0x258
01-01 08:00:56.332 0 0 I : show_stack+0x20/0x30
01-01 08:00:56.332 0 0 I : dump_stack+0xd8/0x12c
01-01 08:00:56.332 0 0 I : register_lock_class+0x4d0/0x5c8
01-01 08:00:56.332 0 0 I : __lock_acquire+0xbc/0x1e58
01-01 08:00:56.332 0 0 I : lock_acquire+0x1cc/0x218
01-01 08:00:56.332 0 0 I : _raw_spin_lock_irqsave+0x54/0x98
01-01 08:00:56.332 0 0 I : ion_system_secure_heap_prefetch_work+0x94/0x2c0
01-01 08:00:56.332 0 0 I : process_one_work+0x38c/0x660
01-01 08:00:56.332 0 0 I : worker_thread+0x268/0x4b8
01-01 08:00:56.332 0 0 I : kthread+0x140/0x150
01-01 08:00:56.332 0 0 I : ret_from_fork+0x10/0x1c
01-01 08:00:56.337 0 0 I msm_vidc: high: 00000001: h264e: Closed video instance: ffffffeed66ec000
01-01 08:00:56.340 0 0 E : INFO: trying to register non-static key.
01-01 08:00:56.340 0 0 E : the code is fine but needs lockdep annotation.
01-01 08:00:56.340 0 0 I : CPU: 7 PID: 291 Comm: kworker/u16:8 Tainted: G S W O 4.19.157+ #1
01-01 08:00:56.340 0 0 I Hardware name: Qualcomm Technologies, Inc. kona MTP-RmPM8150b. VX1(MCE) EVT2 (DT)
01-01 08:00:56.340 0 0 I Workqueue: events_unbound ion_system_secure_heap_prefetch_work
01-01 08:00:56.340 0 0 I Call trace:
01-01 08:00:56.340 0 0 I : dump_backtrace+0x0/0x258
01-01 08:00:56.340 0 0 I : show_stack+0x20/0x30
01-01 08:00:56.340 0 0 I : dump_stack+0xd8/0x12c
01-01 08:00:56.340 0 0 I : register_lock_class+0x4d0/0x5c8
01-01 08:00:56.340 0 0 I : __lock_acquire+0xbc/0x1e58
01-01 08:00:56.340 0 0 I : lock_acquire+0x1cc/0x218
01-01 08:00:56.340 0 0 I : _raw_spin_lock_irqsave+0x54/0x98
01-01 08:00:56.340 0 0 I : ion_system_secure_heap_prefetch_work+0x94/0x2c0
01-01 08:00:56.340 0 0 I : process_one_work+0x38c/0x660
01-01 08:00:56.340 0 0 I : worker_thread+0x268/0x4b8
01-01 08:00:56.340 0 0 I : kthread+0x140/0x150
01-01 08:00:56.340 0 0 I : ret_from_fork+0x10/0x1c
01-01 08:00:56.345 0 0 I [kworke][0x3ee19630][01:23:46.092232] wlan: [345:I:TXRX] hif_print_hal_shadow_register_cfg: i 0, val a3b034
01-01 08:00:56.348 0 0 E : INFO: trying to register non-static key.
01-01 08:00:56.348 0 0 E : the code is fine but needs lockdep annotation.
01-01 08:00:56.348 0 0 I : CPU: 7 PID: 291 Comm: kworker/u16:8 Tainted: G S W O 4.19.157+ #1
01-01 08:00:56.348 0 0 I Hardware name: Qualcomm Technologies, Inc. kona MTP-RmPM8150b. VX1(MCE) EVT2 (DT)
01-01 08:00:56.348 0 0 I Workqueue: events_unbound ion_system_secure_heap_prefetch_work
01-01 08:00:56.348 0 0 I Call trace:
01-01 08:00:56.348 0 0 I : dump_backtrace+0x0/0x258
01-01 08:00:56.348 0 0 I : show_stack+0x20/0x30
01-01 08:00:56.348 0 0 I : dump_stack+0xd8/0x12c
01-01 08:00:56.348 0 0 I : register_lock_class+0x4d0/0x5c8
01-01 08:00:56.348 0 0 I : __lock_acquire+0xbc/0x1e58
01-01 08:00:56.348 0 0 I : lock_acquire+0x1cc/0x218
01-01 08:00:56.348 0 0 I : _raw_spin_lock_irqsave+0x54/0x98
01-01 08:00:56.348 0 0 I : ion_system_secure_heap_prefetch_work+0x94/0x2c0
01-01 08:00:56.348 0 0 I : process_one_work+0x38c/0x660
01-01 08:00:56.348 0 0 I : worker_thread+0x268/0x4b8
01-01 08:00:56.348 0 0 I : kthread+0x140/0x150
01-01 08:00:56.348 0 0 I : ret_from_fork+0x10/0x1c
01-01 08:00:56.356 0 0 E : INFO: trying to register non-static key.
01-01 08:00:56.362 0 0 I [kworke][0x3ee694c7][01:23:46.109276] wlan: [345:I:TXRX] hif_print_hal_shadow_register_cfg: i 1, val a3b03c
01-01 08:00:56.366 0 0 E : the code is fine but needs lockdep annotation.
01-01 08:00:56.366 0 0 I : CPU: 7 PID: 291 Comm: kworker/u16:8 Tainted: G S W O 4.19.157+ #1
01-01 08:00:56.366 0 0 I Hardware name: Qualcomm Technologies, Inc. kona MTP-RmPM8150b. VX1(MCE) EVT2 (DT)
01-01 08:00:56.366 0 0 I Workqueue: events_unbound ion_system_secure_heap_prefetch_work
01-01 08:00:56.366 0 0 I Call trace:
01-01 08:00:56.366 0 0 I : dump_backtrace+0x0/0x258
01-01 08:00:56.366 0 0 I : show_stack+0x20/0x30
01-01 08:00:56.366 0 0 I : dump_stack+0xd8/0x12c
01-01 08:00:56.366 0 0 I : register_lock_class+0x4d0/0x5c8
01-01 08:00:56.366 0 0 I : __lock_acquire+0xbc/0x1e58
01-01 08:00:56.366 0 0 I : lock_acquire+0x1cc/0x218
01-01 08:00:56.366 0 0 I : _raw_spin_lock_irqsave+0x54/0x98
01-01 08:00:56.366 0 0 I : ion_system_secure_heap_prefetch_work+0x94/0x2c0
01-01 08:00:56.366 0 0 I : process_one_work+0x38c/0x660
01-01 08:00:56.366 0 0 I : worker_thread+0x268/0x4b8
01-01 08:00:56.366 0 0 I : kthread+0x140/0x150
01-01 08:00:56.366 0 0 I : ret_from_fork+0x10/0x1c
01-01 08:00:56.374 0 0 E : INFO: trying to register non-static key.
01-01 08:00:56.377 0 0 I [kworke][0x3eeb0a93][01:23:46.124502] wlan: [345:I:TXRX] hif_print_hal_shadow_register_cfg: i 2, val a3b044
01-01 08:00:56.382 0 0 E : the code is fine but needs lockdep annotation.
01-01 08:00:56.382 0 0 I : CPU: 7 PID: 291 Comm: kworker/u16:8 Tainted: G S W O 4.19.157+ #1
01-01 08:00:56.382 0 0 I Hardware name: Qualcomm Technologies, Inc. kona MTP-RmPM8150b. VX1(MCE) EVT2 (DT)
01-01 08:00:56.382 0 0 I Workqueue: events_unbound ion_system_secure_heap_prefetch_work
01-01 08:00:56.382 0 0 I Call trace:
01-01 08:00:56.382 0 0 I : dump_backtrace+0x0/0x258
01-01 08:00:56.382 0 0 I : show_stack+0x20/0x30
01-01 08:00:56.382 0 0 I : dump_stack+0xd8/0x12c
01-01 08:00:56.382 0 0 I : register_lock_class+0x4d0/0x5c8
01-01 08:00:56.382 0 0 I : __lock_acquire+0xbc/0x1e58
01-01 08:00:56.382 0 0 I : lock_acquire+0x1cc/0x218
01-01 08:00:56.382 0 0 I : _raw_spin_lock_irqsave+0x54/0x98
01-01 08:00:56.382 0 0 I : ion_system_secure_heap_prefetch_work+0x94/0x2c0
01-01 08:00:56.382 0 0 I : process_one_work+0x38c/0x660
01-01 08:00:56.382 0 0 I : worker_thread+0x268/0x4b8
01-01 08:00:56.382 0 0 I : kthread+0x140/0x150
01-01 08:00:56.382 0 0 I : ret_from_fork+0x10/0x1c
01-01 08:00:56.390 0 0 E : INFO: trying to register non-static key.
01-01 08:00:56.394 0 0 I [kworke][0x3ef01ff3][01:23:46.141854] wlan: [345:I:TXRX] hif_print_hal_shadow_register_cfg: i 3, val a3b04c
01-01 08:00:56.399 0 0 E : the code is fine but needs lockdep annotation.
01-01 08:00:56.399 0 0 I : CPU: 7 PID: 291 Comm: kworker/u16:8 Tainted: G S W O 4.19.157+ #1
01-01 08:00:56.399 0 0 I Hardware name: Qualcomm Technologies, Inc. kona MTP-RmPM8150b. VX1(MCE) EVT2 (DT)
01-01 08:00:56.399 0 0 I Workqueue: events_unbound ion_system_secure_heap_prefetch_work
01-01 08:00:56.399 0 0 I Call trace:
01-01 08:00:56.399 0 0 I : dump_backtrace+0x0/0x258
01-01 08:00:56.399 0 0 I : show_stack+0x20/0x30
01-01 08:00:56.399 0 0 I : dump_stack+0xd8/0x12c
01-01 08:00:56.399 0 0 I : register_lock_class+0x4d0/0x5c8
01-01 08:00:56.399 0 0 I : __lock_acquire+0xbc/0x1e58
01-01 08:00:56.399 0 0 I : lock_acquire+0x1cc/0x218
01-01 08:00:56.399 0 0 I : _raw_spin_lock_irqsave+0x54/0x98
01-01 08:00:56.399 0 0 I : ion_system_secure_heap_prefetch_work+0x94/0x2c0
01-01 08:00:56.399 0 0 I : process_one_work+0x38c/0x660
01-01 08:00:56.399 0 0 I : worker_thread+0x268/0x4b8
01-01 08:00:56.399 0 0 I : kthread+0x140/0x150
01-01 08:00:56.399 0 0 I : ret_from_fork+0x10/0x1c
01-01 08:00:56.406 0 0 I [kworke][0x3ef3829a][01:23:46.153408] wlan: [345:I:TXRX] hif_print_hal_shadow_register_cfg: i 4, val a3b054
01-01 08:00:56.406 0 0 I [kworke][0x3ef38401][01:23:46.153425] wlan: [345:I:TXRX] hif_print_hal_shadow_register_cfg: i 5, val a3b028
01-01 08:00:56.406 0 0 I [kworke][0x3ef384ee][01:23:46.153438] wlan: [345:I:TXRX] hif_print_hal_shadow_register_cfg: i 6, val a3b020
01-01 08:00:56.406 0 0 I [kworke][0x3ef385a4][01:23:46.153447] wlan: [345:I:TXRX] hif_print_hal_shadow_register_cfg: i 7, val a3b06c
01-01 08:00:56.406 0 0 I [kworke][0x3ef38620][01:23:46.153453] wlan: [345:I:TXRX] hif_print_hal_shadow_register_cfg: i 8, val a46000
01-01 08:00:56.406 0 0 I [kworke][0x3ef38698][01:23:46.153459] wlan: [345:I:TXRX] hif_print_hal_shadow_register_cfg: i 9, val a46008
01-01 08:00:56.406 0 0 I [kworke][0x3ef3870e][01:23:46.153465] wlan: [345:I:TXRX] hif_print_hal_shadow_register_cfg: i 10, val a46010
01-01 08:00:56.406 0 0 I [kworke][0x3ef38785][01:23:46.153472] wlan: [345:I:TXRX] hif_print_hal_shadow_register_cfg: i 11, val a46018
01-01 08:00:56.406 0 0 I [kworke][0x3ef387fa][01:23:46.153478] wlan: [345:I:TXRX] hif_print_hal_shadow_register_cfg: i 12, val a46034
01-01 08:00:56.406 0 0 I [kworke][0x3ef38870][01:23:46.153484] wlan: [345:I:TXRX] hif_print_hal_shadow_register_cfg: i 13, val a370b0
01-01 08:00:56.406 0 0 I [kworke][0x3ef388e8][01:23:46.153490] wlan: [345:I:TXRX] hif_print_hal_shadow_register_cfg: i 14, val a37018
01-01 08:00:56.406 0 0 I [kworke][0x3ef38963][01:23:46.153497] wlan: [345:I:TXRX] hif_print_hal_shadow_register_cfg: i 15, val a370c4
01-01 08:00:56.406 0 0 I [kworke][0x3ef389dd][01:23:46.153503] wlan: [345:I:TXRX] hif_print_hal_shadow_register_cfg: i 16, val a370cc
01-01 08:00:56.406 0 0 I [kworke][0x3ef38fc2][01:23:46.153582] wlan: [345:I:TXRX] hif_print_hal_shadow_register_cfg: i 17, val a370d4
01-01 08:00:56.406 0 0 I [kworke][0x3ef39038][01:23:46.153588] wlan: [345:I:TXRX] hif_print_hal_shadow_register_cfg: i 18, val a370dc
01-01 08:00:56.406 0 0 I [kworke][0x3ef390ad][01:23:46.153594] wlan: [345:I:TXRX] hif_print_hal_shadow_register_cfg: i 19, val a00400
01-01 08:00:56.406 0 0 I [kworke][0x3ef39122][01:23:46.153600] wlan: [345:I:TXRX] hif_print_hal_shadow_register_cfg: i 20, val a03400
01-01 08:00:56.406 0 0 I [kworke][0x3ef39197][01:23:46.153606] wlan: [345:I:TXRX] hif_print_hal_shadow_register_cfg: i 21, val a0340c
01-01 08:00:56.406 0 0 I [kworke][0x3ef3920d][01:23:46.153612] wlan: [345:I:TXRX] hif_print_hal_shadow_register_cfg: i 22, val a05400
01-01 08:00:56.406 0 0 I [kworke][0x3ef39281][01:23:46.153618] wlan: [345:I:TXRX] hif_print_hal_shadow_register_cfg: i 23, val a0540c
01-01 08:00:56.406 0 0 I [kworke][0x3ef392f5][01:23:46.153624] wlan: [345:I:TXRX] hif_print_hal_shadow_register_cfg: i 24, val a06400
01-01 08:00:56.406 0 0 I [kworke][0x3ef39368][01:23:46.153630] wlan: [345:I:TXRX] hif_print_hal_shadow_register_cfg: i 25, val a08400
01-01 08:00:56.406 0 0 I [kworke][0x3ef393dc][01:23:46.153636] wlan: [345:I:TXRX] hif_print_hal_shadow_register_cfg: i 26, val a0b400
01-01 08:00:56.406 0 0 I [kworke][0x3ef39450][01:23:46.153642] wlan: [345:I:TXRX] hif_print_hal_shadow_register_cfg: i 27, val a0b40c
01-01 08:00:56.406 0 0 D cnss : Mode: 0, config: ffffff801a68b7b8, host_version: 5.2.022.10G
01-01 08:00:56.406 0 0 D cnss : Sending WLAN config message, state: 0x17
01-01 08:00:56.408 0 0 D cnss : Sending mode message, mode: MISSION(0), state: 0x17
01-01 08:00:56.408 0 0 E : INFO: trying to register non-static key.
01-01 08:00:56.413 0 0 E : the code is fine but needs lockdep annotation.
01-01 08:00:56.419 0 0 I : CPU: 7 PID: 291 Comm: kworker/u16:8 Tainted: G S W O 4.19.157+ #1
01-01 08:00:56.419 0 0 I Hardware name: Qualcomm Technologies, Inc. kona MTP-RmPM8150b. VX1(MCE) EVT2 (DT)
01-01 08:00:56.419 0 0 I Workqueue: events_unbound ion_system_secure_heap_prefetch_work
01-01 08:00:56.419 0 0 I Call trace:
01-01 08:00:56.419 0 0 I : dump_backtrace+0x0/0x258
01-01 08:00:56.419 0 0 I : show_stack+0x20/0x30
01-01 08:00:56.419 0 0 I : dump_stack+0xd8/0x12c
01-01 08:00:56.419 0 0 I : register_lock_class+0x4d0/0x5c8
01-01 08:00:56.419 0 0 I : __lock_acquire+0xbc/0x1e58
01-01 08:00:56.419 0 0 I : lock_acquire+0x1cc/0x218
01-01 08:00:56.419 0 0 I : _raw_spin_lock_irqsave+0x54/0x98
01-01 08:00:56.419 0 0 I : ion_system_secure_heap_prefetch_work+0x94/0x2c0
01-01 08:00:56.419 0 0 I : process_one_work+0x38c/0x660
01-01 08:00:56.419 0 0 I : worker_thread+0x268/0x4b8
01-01 08:00:56.419 0 0 I : kthread+0x140/0x150
01-01 08:00:56.419 0 0 I : ret_from_fork+0x10/0x1c
01-01 08:00:56.431 0 0 D cnss : Received QMI WLFW pin connect result indication
01-01 08:00:56.431 0 0 D cnss : Pin connect Result: pwr_pin: 0x1 phy_io_pin: 0x0 rf_io_pin: 0x0
01-01 08:00:56.431 0 0 D cnss : Assign MSI to user: CE, num_vectors: 10, user_base_data: 803, base_vector: 3
10-14 01:23:46.187 1890 2289 W ActivityThread: Failed to find provider info for com.android.contacts (user not unlocked)
01-01 08:00:56.466 0 0 I [kworke][0x3f04fc7c][01:23:46.213058] wlan: [345:I:HIF] ce_srng_dest_ring_setup: ce_id 1
01-01 08:00:56.466 0 0 D cnss : Assign MSI to user: CE, num_vectors: 10, user_base_data: 803, base_vector: 3
01-01 08:00:56.466 0 0 I [kworke][0x3f050ec0][01:23:46.213301] wlan: [345:I:HIF] ce_srng_status_ring_setup: ce_id 1
01-01 08:00:56.466 0 0 D cnss : Assign MSI to user: CE, num_vectors: 10, user_base_data: 803, base_vector: 3
01-01 08:00:56.466 0 0 I [kworke][0x3f051920][01:23:46.213440] wlan: [345:I:HIF] ce_srng_dest_ring_setup: ce_id 2
01-01 08:00:56.466 0 0 D cnss : Assign MSI to user: CE, num_vectors: 10, user_base_data: 803, base_vector: 3
01-01 08:00:56.466 0 0 I [kworke][0x3f052356][01:23:46.213576] wlan: [345:I:HIF] ce_srng_status_ring_setup: ce_id 2
01-01 08:00:56.466 0 0 D cnss : Assign MSI to user: CE, num_vectors: 10, user_base_data: 803, base_vector: 3
01-01 08:00:56.466 0 0 D cnss : Assign MSI to user: CE, num_vectors: 10, user_base_data: 803, base_vector: 3
10-14 01:23:46.217 1890 2289 W ActivityThread: Failed to find provider info for com.android.contacts (user not unlocked)
01-01 08:00:56.472 0 0 E bt_ioctl: BT_CMD_PWR_CTRL pwr_cntrl:2
01-01 08:00:56.477 0 0 E bt_vreg_unvote: vreg_unvote successful for : qca,bt-vdd-rfa2
01-01 08:00:56.484 0 0 E bt_vreg_unvote: vreg_unvote successful for : qca,bt-vdd-rfa1
01-01 08:00:56.492 0 0 E bt_vreg_unvote: vreg_unvote successful for : qca,bt-vdd-dig
01-01 08:00:56.499 0 0 E bt_vreg_unvote: vreg_unvote successful for : qca,bt-vdd-aon
01-01 08:00:56.510 0 0 I msm_vidc: high: 00000001: ....e: Opening video instance: ffffffeed56c8000, 0
01-01 08:00:56.527 0 0 I [kworke][0x3f16f774][01:23:46.274434] wlan: [345:I:HIF] ce_srng_dest_ring_setup: ce_id 5
01-01 08:00:56.527 0 0 D cnss : Assign MSI to user: CE, num_vectors: 10, user_base_data: 803, base_vector: 3
01-01 08:00:56.528 0 0 I [kworke][0x3f17295c][01:23:46.275099] wlan: [345:I:HIF] ce_srng_status_ring_setup: ce_id 5
01-01 08:00:56.528 0 0 D cnss : Assign MSI to user: CE, num_vectors: 10, user_base_data: 803, base_vector: 3
01-01 08:00:56.529 0 0 I [kworke][0x3f1772b0][01:23:46.276076] wlan: [345:I:HIF] hif_configure_irq: E
01-01 08:00:56.529 0 0 D cnss : Assign MSI to user: WAKE, num_vectors: 1, user_base_data: 813, base_vector: 13
01-01 08:00:56.529 0 0 D cnss : Get IRQ number 364 for vector index 13
01-01 08:00:56.531 0 0 D cnss : Assign MSI to user: CE, num_vectors: 10, user_base_data: 803, base_vector: 3
01-01 08:00:56.531 0 0 D cnss : Get IRQ number 354 for vector index 3
01-01 08:00:56.532 0 0 D cnss : Get IRQ number 355 for vector index 4
01-01 08:00:56.537 0 0 E : INFO: trying to register non-static key.
01-01 08:00:56.537 0 0 D cnss : Get IRQ number 356 for vector index 5
01-01 08:00:56.542 0 0 E : the code is fine but needs lockdep annotation.
01-01 08:00:56.542 0 0 I : CPU: 7 PID: 291 Comm: kworker/u16:8 Tainted: G S W O 4.19.157+ #1
01-01 08:00:56.542 0 0 I Hardware name: Qualcomm Technologies, Inc. kona MTP-RmPM8150b. VX1(MCE) EVT2 (DT)
01-01 08:00:56.542 0 0 I Workqueue: events_unbound ion_system_secure_heap_prefetch_work
01-01 08:00:56.542 0 0 I Call trace:
01-01 08:00:56.542 0 0 I : dump_backtrace+0x0/0x258
01-01 08:00:56.542 0 0 I : show_stack+0x20/0x30
01-01 08:00:56.542 0 0 I : dump_stack+0xd8/0x12c
01-01 08:00:56.542 0 0 I : register_lock_class+0x4d0/0x5c8
01-01 08:00:56.542 0 0 I : __lock_acquire+0xbc/0x1e58
01-01 08:00:56.542 0 0 I : lock_acquire+0x1cc/0x218
01-01 08:00:56.542 0 0 I : _raw_spin_lock_irqsave+0x54/0x98
01-01 08:00:56.542 0 0 I : ion_system_secure_heap_prefetch_work+0x94/0x2c0
01-01 08:00:56.542 0 0 I : process_one_work+0x38c/0x660
01-01 08:00:56.542 0 0 I : worker_thread+0x268/0x4b8
01-01 08:00:56.542 0 0 I : kthread+0x140/0x150
01-01 08:00:56.542 0 0 I : ret_from_fork+0x10/0x1c
01-01 08:00:56.544 0 0 E : INFO: trying to register non-static key.
01-01 08:00:56.551 0 0 I msm_vidc: high: 00000001: h265e: Closed video instance: ffffffeed56c8000
01-01 08:00:56.553 0 0 E : the code is fine but needs lockdep annotation.
01-01 08:00:56.553 0 0 I : CPU: 7 PID: 291 Comm: kworker/u16:8 Tainted: G S W O 4.19.157+ #1
01-01 08:00:56.553 0 0 I Hardware name: Qualcomm Technologies, Inc. kona MTP-RmPM8150b. VX1(MCE) EVT2 (DT)
01-01 08:00:56.553 0 0 I Workqueue: events_unbound ion_system_secure_heap_prefetch_work
01-01 08:00:56.553 0 0 I Call trace:
01-01 08:00:56.553 0 0 I : dump_backtrace+0x0/0x258
01-01 08:00:56.553 0 0 I : show_stack+0x20/0x30
01-01 08:00:56.553 0 0 I : dump_stack+0xd8/0x12c
01-01 08:00:56.553 0 0 I : register_lock_class+0x4d0/0x5c8
01-01 08:00:56.553 0 0 I : __lock_acquire+0xbc/0x1e58
01-01 08:00:56.553 0 0 I : lock_acquire+0x1cc/0x218
01-01 08:00:56.553 0 0 I : _raw_spin_lock_irqsave+0x54/0x98
01-01 08:00:56.553 0 0 I : ion_system_secure_heap_prefetch_work+0x94/0x2c0
01-01 08:00:56.554 0 0 D cnss : Get IRQ number 357 for vector index 6
01-01 08:00:56.554 0 0 D cnss : Get IRQ number 359 for vector index 8
01-01 08:00:56.554 0 0 D cnss : Get IRQ number 360 for vector index 9
01-01 08:00:56.554 0 0 D cnss : Get IRQ number 362 for vector index 11
01-01 08:00:56.555 0 0 E [kworke][0x3f1f1b0b][01:23:46.302212] wlan: [345:E:mlme] mlme_init_reg_cfg: 2374: null pdev
01-01 08:00:56.555 0 0 E [kworke][0x3f1f38c8][01:23:46.302609] wlan: [345:E:WMI] WMI handle is NULL
01-01 08:00:56.555 0 0 I [kworke][0x3f1f3b34][01:23:46.302641] wlan: [345:I:HIF] Initializing Runtime PM wakelock &p2p_soc_obj->roc_runtime_lock
01-01 08:00:56.555 0 0 D cnss : Platform cap_flag is 0x4
01-01 08:00:56.555 0 0 E [kworke][0x3f1f3dc5][01:23:46.302675] wlan: [345:E:QDF] cds_get_context: 1486: Module ID 66 context is Null
01-01 08:00:56.587 0 0 I : process_one_work+0x38c/0x660
01-01 08:00:56.587 0 0 I : worker_thread+0x268/0x4b8
01-01 08:00:56.587 0 0 I : kthread+0x140/0x150
01-01 08:00:56.587 0 0 I : ret_from_fork+0x10/0x1c
01-01 08:00:56.590 0 0 E : INFO: trying to register non-static key.
01-01 08:00:56.595 0 0 E : the code is fine but needs lockdep annotation.
01-01 08:00:56.601 0 0 I : CPU: 7 PID: 291 Comm: kworker/u16:8 Tainted: G S W O 4.19.157+ #1
01-01 08:00:56.601 0 0 I Hardware name: Qualcomm Technologies, Inc. kona MTP-RmPM8150b. VX1(MCE) EVT2 (DT)
01-01 08:00:56.601 0 0 I Workqueue: events_unbound ion_system_secure_heap_prefetch_work
01-01 08:00:56.601 0 0 I Call trace:
01-01 08:00:56.601 0 0 I : dump_backtrace+0x0/0x258
01-01 08:00:56.601 0 0 I : show_stack+0x20/0x30
01-01 08:00:56.601 0 0 I : dump_stack+0xd8/0x12c
01-01 08:00:56.601 0 0 I : register_lock_class+0x4d0/0x5c8
01-01 08:00:56.601 0 0 I : __lock_acquire+0xbc/0x1e58
01-01 08:00:56.601 0 0 I : lock_acquire+0x1cc/0x218
01-01 08:00:56.601 0 0 I : _raw_spin_lock_irqsave+0x54/0x98
01-01 08:00:56.601 0 0 I : ion_system_secure_heap_prefetch_work+0x94/0x2c0
01-01 08:00:56.601 0 0 I : process_one_work+0x38c/0x660
01-01 08:00:56.601 0 0 I : worker_thread+0x268/0x4b8
01-01 08:00:56.601 0 0 I : kthread+0x140/0x150
01-01 08:00:56.601 0 0 I : ret_from_fork+0x10/0x1c
01-01 08:00:56.603 0 0 E : INFO: trying to register non-static key.
01-01 08:00:56.608 0 0 E : the code is fine but needs lockdep annotation.
01-01 08:00:56.613 0 0 I : CPU: 7 PID: 291 Comm: kworker/u16:8 Tainted: G S W O 4.19.157+ #1
01-01 08:00:56.613 0 0 I Hardware name: Qualcomm Technologies, Inc. kona MTP-RmPM8150b. VX1(MCE) EVT2 (DT)
01-01 08:00:56.613 0 0 I Workqueue: events_unbound ion_system_secure_heap_prefetch_work
01-01 08:00:56.613 0 0 I Call trace:
01-01 08:00:56.613 0 0 I : dump_backtrace+0x0/0x258
01-01 08:00:56.613 0 0 I : show_stack+0x20/0x30
01-01 08:00:56.613 0 0 I : dump_stack+0xd8/0x12c
01-01 08:00:56.613 0 0 I : register_lock_class+0x4d0/0x5c8
01-01 08:00:56.613 0 0 I : __lock_acquire+0xbc/0x1e58
01-01 08:00:56.613 0 0 I : lock_acquire+0x1cc/0x218
01-01 08:00:56.613 0 0 I : _raw_spin_lock_irqsave+0x54/0x98
01-01 08:00:56.613 0 0 I : ion_system_secure_heap_prefetch_work+0x94/0x2c0
01-01 08:00:56.613 0 0 I : process_one_work+0x38c/0x660
01-01 08:00:56.613 0 0 I : worker_thread+0x268/0x4b8
01-01 08:00:56.613 0 0 I : kthread+0x140/0x150
01-01 08:00:56.613 0 0 I : ret_from_fork+0x10/0x1c
01-01 08:00:56.616 0 0 E : INFO: trying to register non-static key.
01-01 08:00:56.621 0 0 E : the code is fine but needs lockdep annotation.
01-01 08:00:56.626 0 0 I : CPU: 7 PID: 291 Comm: kworker/u16:8 Tainted: G S W O 4.19.157+ #1
01-01 08:00:56.626 0 0 I Hardware name: Qualcomm Technologies, Inc. kona MTP-RmPM8150b. VX1(MCE) EVT2 (DT)
01-01 08:00:56.626 0 0 I Workqueue: events_unbound ion_system_secure_heap_prefetch_work
01-01 08:00:56.626 0 0 I Call trace:
01-01 08:00:56.626 0 0 I : dump_backtrace+0x0/0x258
01-01 08:00:56.626 0 0 I : show_stack+0x20/0x30
01-01 08:00:56.626 0 0 I : dump_stack+0xd8/0x12c
01-01 08:00:56.626 0 0 I : register_lock_class+0x4d0/0x5c8
01-01 08:00:56.626 0 0 I : __lock_acquire+0xbc/0x1e58
01-01 08:00:56.626 0 0 I : lock_acquire+0x1cc/0x218
01-01 08:00:56.626 0 0 I : _raw_spin_lock_irqsave+0x54/0x98
01-01 08:00:56.626 0 0 I : ion_system_secure_heap_prefetch_work+0x94/0x2c0
01-01 08:00:56.626 0 0 I : process_one_work+0x38c/0x660
01-01 08:00:56.626 0 0 I : worker_thread+0x268/0x4b8
01-01 08:00:56.626 0 0 I : kthread+0x140/0x150
01-01 08:00:56.626 0 0 I : ret_from_fork+0x10/0x1c
01-01 08:00:56.628 0 0 E : INFO: trying to register non-static key.
01-01 08:00:56.634 0 0 E : the code is fine but needs lockdep annotation.
01-01 08:00:56.639 0 0 I : CPU: 7 PID: 291 Comm: kworker/u16:8 Tainted: G S W O 4.19.157+ #1
01-01 08:00:56.639 0 0 I Hardware name: Qualcomm Technologies, Inc. kona MTP-RmPM8150b. VX1(MCE) EVT2 (DT)
01-01 08:00:56.639 0 0 I Workqueue: events_unbound ion_system_secure_heap_prefetch_work
01-01 08:00:56.639 0 0 I Call trace:
01-01 08:00:56.639 0 0 I : dump_backtrace+0x0/0x258
01-01 08:00:56.639 0 0 I : show_stack+0x20/0x30
01-01 08:00:56.639 0 0 I : dump_stack+0xd8/0x12c
01-01 08:00:56.639 0 0 I : register_lock_class+0x4d0/0x5c8
01-01 08:00:56.639 0 0 I : __lock_acquire+0xbc/0x1e58
01-01 08:00:56.639 0 0 I : lock_acquire+0x1cc/0x218
01-01 08:00:56.639 0 0 I : _raw_spin_lock_irqsave+0x54/0x98
01-01 08:00:56.639 0 0 I : ion_system_secure_heap_prefetch_work+0x94/0x2c0
01-01 08:00:56.639 0 0 I : process_one_work+0x38c/0x660
01-01 08:00:56.639 0 0 I : worker_thread+0x268/0x4b8
01-01 08:00:56.639 0 0 I : kthread+0x140/0x150
01-01 08:00:56.639 0 0 I : ret_from_fork+0x10/0x1c
01-01 08:00:56.642 0 0 E : INFO: trying to register non-static key.
01-01 08:00:56.647 0 0 E : the code is fine but needs lockdep annotation.
01-01 08:00:56.653 0 0 I : CPU: 7 PID: 291 Comm: kworker/u16:8 Tainted: G S W O 4.19.157+ #1
01-01 08:00:56.653 0 0 I Hardware name: Qualcomm Technologies, Inc. kona MTP-RmPM8150b. VX1(MCE) EVT2 (DT)
01-01 08:00:56.653 0 0 I Workqueue: events_unbound ion_system_secure_heap_prefetch_work
01-01 08:00:56.653 0 0 I Call trace:
01-01 08:00:56.653 0 0 I : dump_backtrace+0x0/0x258
01-01 08:00:56.653 0 0 I : show_stack+0x20/0x30
01-01 08:00:56.653 0 0 I : dump_stack+0xd8/0x12c
01-01 08:00:56.653 0 0 I : register_lock_class+0x4d0/0x5c8
01-01 08:00:56.653 0 0 I : __lock_acquire+0xbc/0x1e58
01-01 08:00:56.653 0 0 I : lock_acquire+0x1cc/0x218
01-01 08:00:56.653 0 0 I : _raw_spin_lock_irqsave+0x54/0x98
01-01 08:00:56.653 0 0 I : ion_system_secure_heap_prefetch_work+0x94/0x2c0
01-01 08:00:56.653 0 0 I : process_one_work+0x38c/0x660
01-01 08:00:56.653 0 0 I : worker_thread+0x268/0x4b8
01-01 08:00:56.653 0 0 I : kthread+0x140/0x150
01-01 08:00:56.653 0 0 I : ret_from_fork+0x10/0x1c
10-14 01:23:46.402 1132 1132 D BluetoothManagerService: Bluetooth Adapter address changed to 22:22:E8:C8:21:50
10-14 01:23:46.402 1132 1132 D BluetoothManagerService: Stored Bluetoothaddress: 22:22:E8:C8:21:50
10-14 01:23:46.403 1132 1132 D BluetoothManagerService: Bluetooth Adapter name changed to QCOM-BTD by android
10-14 01:23:46.403 1132 1132 D BluetoothManagerService: Stored Bluetooth name: QCOM-BTD
01-01 08:00:56.655 0 0 E : INFO: trying to register non-static key.
01-01 08:00:56.660 0 0 E : the code is fine but needs lockdep annotation.
01-01 08:00:56.661 0 0 I msm_vidc: high: 00000001: ....e: Opening video instance: ffffffeed6294000, 0
01-01 08:00:56.666 0 0 I : CPU: 7 PID: 291 Comm: kworker/u16:8 Tainted: G S W O 4.19.157+ #1
01-01 08:00:56.666 0 0 I Hardware name: Qualcomm Technologies, Inc. kona MTP-RmPM8150b. VX1(MCE) EVT2 (DT)
01-01 08:00:56.666 0 0 I Workqueue: events_unbound ion_system_secure_heap_prefetch_work
01-01 08:00:56.666 0 0 I Call trace:
01-01 08:00:56.666 0 0 I : dump_backtrace+0x0/0x258
01-01 08:00:56.666 0 0 I : show_stack+0x20/0x30
01-01 08:00:56.666 0 0 I : dump_stack+0xd8/0x12c
01-01 08:00:56.666 0 0 I : register_lock_class+0x4d0/0x5c8
01-01 08:00:56.666 0 0 I : __lock_acquire+0xbc/0x1e58
01-01 08:00:56.666 0 0 I : lock_acquire+0x1cc/0x218
01-01 08:00:56.666 0 0 I : _raw_spin_lock_irqsave+0x54/0x98
01-01 08:00:56.666 0 0 I : ion_system_secure_heap_prefetch_work+0x94/0x2c0
01-01 08:00:56.666 0 0 I : process_one_work+0x38c/0x660
01-01 08:00:56.666 0 0 I : worker_thread+0x268/0x4b8
01-01 08:00:56.666 0 0 I : kthread+0x140/0x150
01-01 08:00:56.666 0 0 I : ret_from_fork+0x10/0x1c
01-01 08:00:56.668 0 0 E : INFO: trying to register non-static key.
01-01 08:00:56.673 0 0 E : the code is fine but needs lockdep annotation.
01-01 08:00:56.675 0 0 E [kworke][0x3f423f07][01:23:46.422159] wlan: [345:E:QDF] cds_get_context: 1486: Module ID 66 context is Null
01-01 08:00:56.679 0 0 I : CPU: 7 PID: 291 Comm: kworker/u16:8 Tainted: G S W O 4.19.157+ #1
01-01 08:00:56.679 0 0 I Hardware name: Qualcomm Technologies, Inc. kona MTP-RmPM8150b. VX1(MCE) EVT2 (DT)
01-01 08:00:56.679 0 0 I Workqueue: events_unbound ion_system_secure_heap_prefetch_work
01-01 08:00:56.679 0 0 I Call trace:
01-01 08:00:56.679 0 0 I : dump_backtrace+0x0/0x258
01-01 08:00:56.679 0 0 I : show_stack+0x20/0x30
01-01 08:00:56.679 0 0 I : dump_stack+0xd8/0x12c
01-01 08:00:56.679 0 0 I : register_lock_class+0x4d0/0x5c8
01-01 08:00:56.679 0 0 I : __lock_acquire+0xbc/0x1e58
01-01 08:00:56.679 0 0 I : lock_acquire+0x1cc/0x218
01-01 08:00:56.679 0 0 I : _raw_spin_lock_irqsave+0x54/0x98
01-01 08:00:56.679 0 0 I : ion_system_secure_heap_prefetch_work+0x94/0x2c0
01-01 08:00:56.679 0 0 I : process_one_work+0x38c/0x660
01-01 08:00:56.679 0 0 I : worker_thread+0x268/0x4b8
01-01 08:00:56.679 0 0 I : kthread+0x140/0x150
01-01 08:00:56.679 0 0 I : ret_from_fork+0x10/0x1c
01-01 08:00:56.681 0 0 E : INFO: trying to register non-static key.
01-01 08:00:56.695 0 0 E : the code is fine but needs lockdep annotation.
01-01 08:00:56.700 0 0 I : CPU: 7 PID: 291 Comm: kworker/u16:8 Tainted: G S W O 4.19.157+ #1
01-01 08:00:56.700 0 0 I Hardware name: Qualcomm Technologies, Inc. kona MTP-RmPM8150b. VX1(MCE) EVT2 (DT)
01-01 08:00:56.700 0 0 I Workqueue: events_unbound ion_system_secure_heap_prefetch_work
01-01 08:00:56.700 0 0 I Call trace:
01-01 08:00:56.700 0 0 I : dump_backtrace+0x0/0x258
01-01 08:00:56.700 0 0 I : show_stack+0x20/0x30
01-01 08:00:56.700 0 0 I : dump_stack+0xd8/0x12c
01-01 08:00:56.700 0 0 I : register_lock_class+0x4d0/0x5c8
01-01 08:00:56.700 0 0 I : __lock_acquire+0xbc/0x1e58
01-01 08:00:56.700 0 0 I : lock_acquire+0x1cc/0x218
01-01 08:00:56.700 0 0 I : _raw_spin_lock_irqsave+0x54/0x98
01-01 08:00:56.700 0 0 I : ion_system_secure_heap_prefetch_work+0x94/0x2c0
01-01 08:00:56.700 0 0 I : process_one_work+0x38c/0x660
01-01 08:00:56.700 0 0 I : worker_thread+0x268/0x4b8
01-01 08:00:56.700 0 0 I : kthread+0x140/0x150
01-01 08:00:56.700 0 0 I : ret_from_fork+0x10/0x1c
01-01 08:00:56.703 0 0 E : INFO: trying to register non-static key.
01-01 08:00:56.704 0 0 I msm_vidc: high: 00000001: h265e: Closed video instance: ffffffeed6294000
01-01 08:00:56.708 0 0 E : the code is fine but needs lockdep annotation.
01-01 08:00:56.708 0 0 I : CPU: 7 PID: 291 Comm: kworker/u16:8 Tainted: G S W O 4.19.157+ #1
01-01 08:00:56.708 0 0 I Hardware name: Qualcomm Technologies, Inc. kona MTP-RmPM8150b. VX1(MCE) EVT2 (DT)
01-01 08:00:56.708 0 0 I Workqueue: events_unbound ion_system_secure_heap_prefetch_work
01-01 08:00:56.708 0 0 I Call trace:
01-01 08:00:56.708 0 0 I : dump_backtrace+0x0/0x258
01-01 08:00:56.708 0 0 I : show_stack+0x20/0x30
01-01 08:00:56.708 0 0 I : dump_stack+0xd8/0x12c
01-01 08:00:56.708 0 0 I : register_lock_class+0x4d0/0x5c8
01-01 08:00:56.708 0 0 I : __lock_acquire+0xbc/0x1e58
01-01 08:00:56.708 0 0 I : lock_acquire+0x1cc/0x218
01-01 08:00:56.708 0 0 I : _raw_spin_lock_irqsave+0x54/0x98
01-01 08:00:56.708 0 0 I : ion_system_secure_heap_prefetch_work+0x94/0x2c0
01-01 08:00:56.708 0 0 I : process_one_work+0x38c/0x660
01-01 08:00:56.708 0 0 I : worker_thread+0x268/0x4b8
10-14 01:23:46.450 1132 1132 D BluetoothManagerService: Bluetooth Adapter address changed to 22:22:E8:C8:21:50
01-01 08:00:56.708 0 0 I : kthread+0x140/0x150
01-01 08:00:56.708 0 0 I : ret_from_fork+0x10/0x1c
01-01 08:00:56.711 0 0 E : INFO: trying to register non-static key.
01-01 08:00:56.718 0 0 I [kworke][0x3f4ef8db][01:23:46.465597] wlan: [345:I:HIF] Initializing Runtime PM wakelock &psoc_wakelock->wmi_cmd_rsp_runtime_lock
01-01 08:00:56.719 0 0 E : the code is fine but needs lockdep annotation.
01-01 08:00:56.719 0 0 I : CPU: 7 PID: 291 Comm: kworker/u16:8 Tainted: G S W O 4.19.157+ #1
01-01 08:00:56.725 0 0 I Hardware name: Qualcomm Technologies, Inc. kona MTP-RmPM8150b. VX1(MCE) EVT2 (DT)
01-01 08:00:56.725 0 0 I Workqueue: events_unbound ion_system_secure_heap_prefetch_work
01-01 08:00:56.725 0 0 I Call trace:
01-01 08:00:56.725 0 0 I : dump_backtrace+0x0/0x258
01-01 08:00:56.725 0 0 I : show_stack+0x20/0x30
01-01 08:00:56.725 0 0 I : dump_stack+0xd8/0x12c
01-01 08:00:56.725 0 0 I : register_lock_class+0x4d0/0x5c8
01-01 08:00:56.725 0 0 I : __lock_acquire+0xbc/0x1e58
01-01 08:00:56.725 0 0 I : lock_acquire+0x1cc/0x218
01-01 08:00:56.725 0 0 I : _raw_spin_lock_irqsave+0x54/0x98
01-01 08:00:56.725 0 0 I : ion_system_secure_heap_prefetch_work+0x94/0x2c0
01-01 08:00:56.725 0 0 I : process_one_work+0x38c/0x660
01-01 08:00:56.725 0 0 I : worker_thread+0x268/0x4b8
01-01 08:00:56.725 0 0 I : kthread+0x140/0x150
01-01 08:00:56.725 0 0 I : ret_from_fork+0x10/0x1c
01-01 08:00:56.727 0 0 E : INFO: trying to register non-static key.
01-01 08:00:56.731 0 0 F [kworke][0x3f52d1a1][01:23:46.478727] wlan: [345:F:WMA] WMA --> wmi_unified_attach - success
01-01 08:00:56.732 0 0 E : the code is fine but needs lockdep annotation.
01-01 08:00:56.732 0 0 I : CPU: 7 PID: 291 Comm: kworker/u16:8 Tainted: G S W O 4.19.157+ #1
10-14 01:23:46.450 1132 1132 D BluetoothManagerService: Stored Bluetoothaddress: 22:22:E8:C8:21:50
10-14 01:23:46.469 1132 1925 D Fingerprint21: Daemon was null, reconnecting, current operation: null
10-14 01:23:46.471 1132 1925 D Fingerprint21: Fingerprint HAL ready, HAL ID: 5326416
10-14 01:23:46.473 1132 1132 D BiometricScheduler/Fingerprint21: [Added] {[0] FingerprintUpdateActiveUserClient, proto=1, owner=android, cookie=0, requestId=-1, userId=0}, new queue size: 1
10-14 01:23:46.473 1132 1132 D BiometricScheduler/Fingerprint21: [Polled] {[0] FingerprintUpdateActiveUserClient, proto=1, owner=android, cookie=0, requestId=-1, userId=0}, State: 0
10-14 01:23:46.474 1132 1132 D BiometricScheduler/Fingerprint21: [Starting] {[0] FingerprintUpdateActiveUserClient, proto=1, owner=android, cookie=0, requestId=-1, userId=0}, State: 0
10-14 01:23:46.474 1132 1132 D BiometricScheduler/Fingerprint21: [Started] {[0] FingerprintUpdateActiveUserClient, proto=1, owner=android, cookie=0, requestId=-1, userId=0}
01-01 08:00:56.746 0 0 I [kworke][0x3f572c1c][01:23:46.493587] wlan: [345:I:HIF] Initializing Runtime PM wakelock &vdev->vdev_set_key_runtime_wakelock
01-01 08:00:56.748 0 0 I Hardware name: Qualcomm Technologies, Inc. kona MTP-RmPM8150b. VX1(MCE) EVT2 (DT)
01-01 08:00:56.748 0 0 I Workqueue: events_unbound ion_system_secure_heap_prefetch_work
01-01 08:00:56.748 0 0 I Call trace:
01-01 08:00:56.748 0 0 I : dump_backtrace+0x0/0x258
01-01 08:00:56.748 0 0 I : show_stack+0x20/0x30
01-01 08:00:56.748 0 0 I : dump_stack+0xd8/0x12c
01-01 08:00:56.748 0 0 I : register_lock_class+0x4d0/0x5c8
01-01 08:00:56.748 0 0 I : __lock_acquire+0xbc/0x1e58
01-01 08:00:56.748 0 0 I : lock_acquire+0x1cc/0x218
01-01 08:00:56.748 0 0 I : _raw_spin_lock_irqsave+0x54/0x98
01-01 08:00:56.748 0 0 I : ion_system_secure_heap_prefetch_work+0x94/0x2c0
01-01 08:00:56.748 0 0 I : process_one_work+0x38c/0x660
01-01 08:00:56.748 0 0 I : worker_thread+0x268/0x4b8
01-01 08:00:56.748 0 0 I : kthread+0x140/0x150
01-01 08:00:56.748 0 0 I : ret_from_fork+0x10/0x1c
01-01 08:00:56.750 0 0 E : INFO: trying to register non-static key.
01-01 08:00:56.753 0 0 I [kworke][0x3f595238][01:23:46.500922] wlan: [345:I:HIF] Initializing Runtime PM wakelock &vdev->vdev_set_key_runtime_wakelock
01-01 08:00:56.755 0 0 E : the code is fine but needs lockdep annotation.
01-01 08:00:56.755 0 0 I : CPU: 7 PID: 291 Comm: kworker/u16:8 Tainted: G S W O 4.19.157+ #1
01-01 08:00:56.755 0 0 I Hardware name: Qualcomm Technologies, Inc. kona MTP-RmPM8150b. VX1(MCE) EVT2 (DT)
01-01 08:00:56.755 0 0 I Workqueue: events_unbound ion_system_secure_heap_prefetch_work
01-01 08:00:56.755 0 0 I Call trace:
01-01 08:00:56.755 0 0 I : dump_backtrace+0x0/0x258
01-01 08:00:56.755 0 0 I : show_stack+0x20/0x30
01-01 08:00:56.755 0 0 I : dump_stack+0xd8/0x12c
01-01 08:00:56.755 0 0 I : register_lock_class+0x4d0/0x5c8
01-01 08:00:56.755 0 0 I : __lock_acquire+0xbc/0x1e58
01-01 08:00:56.755 0 0 I : lock_acquire+0x1cc/0x218
01-01 08:00:56.755 0 0 I : _raw_spin_lock_irqsave+0x54/0x98
01-01 08:00:56.755 0 0 I : ion_system_secure_heap_prefetch_work+0x94/0x2c0
01-01 08:00:56.755 0 0 I : process_one_work+0x38c/0x660
01-01 08:00:56.755 0 0 I : worker_thread+0x268/0x4b8
01-01 08:00:56.755 0 0 I : kthread+0x140/0x150
01-01 08:00:56.755 0 0 I : ret_from_fork+0x10/0x1c
01-01 08:00:56.759 0 0 E : INFO: trying to register non-static key.
01-01 08:00:56.763 0 0 I [kworke][0x3f5c27ef][01:23:46.510598] wlan: [345:I:HIF] Initializing Runtime PM wakelock &vdev->vdev_set_key_runtime_wakelock
01-01 08:00:56.764 0 0 D qbt : qbt_open: entry minor_no=0 fd_available=1
01-01 08:00:56.764 0 0 D qbt : qbt_open: exit : 0 fd_available=0
01-01 08:00:56.764 0 0 D qbt : qbt_open: entry minor_no=1 fd_available=0
01-01 08:00:56.764 0 0 D qbt : qbt_open: exit : 0 fd_available=0
01-01 08:00:56.764 0 0 D qbt : qbt_ioctl: cmd received 107
01-01 08:00:56.764 0 0 D qbt : qbt_ioctl: Acquiring wakelock
01-01 08:00:56.766 0 0 E : the code is fine but needs lockdep annotation.
01-01 08:00:56.766 0 0 I : CPU: 7 PID: 291 Comm: kworker/u16:8 Tainted: G S W O 4.19.157+ #1
01-01 08:00:56.766 0 0 I Hardware name: Qualcomm Technologies, Inc. kona MTP-RmPM8150b. VX1(MCE) EVT2 (DT)
01-01 08:00:56.766 0 0 I Workqueue: events_unbound ion_system_secure_heap_prefetch_work
01-01 08:00:56.766 0 0 I Call trace:
01-01 08:00:56.766 0 0 I : dump_backtrace+0x0/0x258
01-01 08:00:56.766 0 0 I : show_stack+0x20/0x30
01-01 08:00:56.766 0 0 I : dump_stack+0xd8/0x12c
01-01 08:00:56.766 0 0 I : register_lock_class+0x4d0/0x5c8
01-01 08:00:56.766 0 0 I : __lock_acquire+0xbc/0x1e58
01-01 08:00:56.766 0 0 I : lock_acquire+0x1cc/0x218
01-01 08:00:56.766 0 0 I : _raw_spin_lock_irqsave+0x54/0x98
01-01 08:00:56.766 0 0 I : ion_system_secure_heap_prefetch_work+0x94/0x2c0
01-01 08:00:56.766 0 0 I : process_one_work+0x38c/0x660
01-01 08:00:56.766 0 0 I : worker_thread+0x268/0x4b8
01-01 08:00:56.766 0 0 I : kthread+0x140/0x150
01-01 08:00:56.766 0 0 I : ret_from_fork+0x10/0x1c
01-01 08:00:56.776 0 0 E : INFO: trying to register non-static key.
01-01 08:00:56.778 0 0 I [kworke][0x3f6083b6][01:23:46.525475] wlan: [345:I:HIF] Initializing Runtime PM wakelock &vdev->vdev_set_key_runtime_wakelock
10-14 01:23:46.509 1132 1215 D BluetoothManagerService: MESSAGE_BLUETOOTH_STATE_CHANGE: BLE_TURNING_ON > BLE_ON
10-14 01:23:46.509 1132 1215 D BluetoothManagerService: Bluetooth is in LE only mode
10-14 01:23:46.509 1132 1215 D BluetoothManagerService: Binding Bluetooth GATT service
10-14 01:23:46.513 1132 1215 D BluetoothManagerService: Sending BLE State Change: BLE_TURNING_ON > BLE_ON
01-01 08:00:56.781 0 0 E : the code is fine but needs lockdep annotation.
01-01 08:00:56.781 0 0 I : CPU: 7 PID: 291 Comm: kworker/u16:8 Tainted: G S W O 4.19.157+ #1
01-01 08:00:56.787 0 0 I Hardware name: Qualcomm Technologies, Inc. kona MTP-RmPM8150b. VX1(MCE) EVT2 (DT)
01-01 08:00:56.787 0 0 I Workqueue: events_unbound ion_system_secure_heap_prefetch_work
01-01 08:00:56.787 0 0 I Call trace:
01-01 08:00:56.787 0 0 I : dump_backtrace+0x0/0x258
01-01 08:00:56.787 0 0 I : show_stack+0x20/0x30
01-01 08:00:56.787 0 0 I : dump_stack+0xd8/0x12c
01-01 08:00:56.787 0 0 I : register_lock_class+0x4d0/0x5c8
01-01 08:00:56.787 0 0 I : __lock_acquire+0xbc/0x1e58
01-01 08:00:56.787 0 0 I : lock_acquire+0x1cc/0x218
01-01 08:00:56.787 0 0 I : _raw_spin_lock_irqsave+0x54/0x98
01-01 08:00:56.787 0 0 I : ion_system_secure_heap_prefetch_work+0x94/0x2c0
01-01 08:00:56.787 0 0 I : process_one_work+0x38c/0x660
01-01 08:00:56.787 0 0 I : worker_thread+0x268/0x4b8
01-01 08:00:56.787 0 0 I : kthread+0x140/0x150
01-01 08:00:56.787 0 0 I : ret_from_fork+0x10/0x1c
10-14 01:23:46.559 1890 2289 W ActivityThread: Failed to find provider info for com.android.contacts (user not unlocked)
01-01 08:00:56.789 0 0 I [kworke][0x3f63d28e][01:23:46.536766] wlan: [345:I:HIF] Initializing Runtime PM wakelock &vdev->vdev_set_key_runtime_wakelock
01-01 08:00:56.790 0 0 E : INFO: trying to register non-static key.
01-01 08:00:56.791 0 0 I [kworke][0x3f64681b][01:23:46.538760] wlan: [345:I:HIF] Initializing Runtime PM wakelock &vdev->vdev_set_key_runtime_wakelock
01-01 08:00:56.796 0 0 E : the code is fine but needs lockdep annotation.
01-01 08:00:56.796 0 0 I : CPU: 7 PID: 291 Comm: kworker/u16:8 Tainted: G S W O 4.19.157+ #1
01-01 08:00:56.796 0 0 I Hardware name: Qualcomm Technologies, Inc. kona MTP-RmPM8150b. VX1(MCE) EVT2 (DT)
01-01 08:00:56.796 0 0 I Workqueue: events_unbound ion_system_secure_heap_prefetch_work
01-01 08:00:56.796 0 0 I Call trace:
01-01 08:00:56.796 0 0 I : dump_backtrace+0x0/0x258
01-01 08:00:56.796 0 0 I : show_stack+0x20/0x30
01-01 08:00:56.796 0 0 I : dump_stack+0xd8/0x12c
01-01 08:00:56.796 0 0 I : register_lock_class+0x4d0/0x5c8
01-01 08:00:56.796 0 0 I : __lock_acquire+0xbc/0x1e58
01-01 08:00:56.796 0 0 I : lock_acquire+0x1cc/0x218
01-01 08:00:56.796 0 0 I : _raw_spin_lock_irqsave+0x54/0x98
01-01 08:00:56.796 0 0 I : ion_system_secure_heap_prefetch_work+0x94/0x2c0
01-01 08:00:56.796 0 0 I : process_one_work+0x38c/0x660
01-01 08:00:56.796 0 0 I : worker_thread+0x268/0x4b8
01-01 08:00:56.796 0 0 I : kthread+0x140/0x150
01-01 08:00:56.796 0 0 I : ret_from_fork+0x10/0x1c
01-01 08:00:56.804 0 0 I [kworke][0x3f683afd][01:23:46.551813] wlan: [345:I:HIF] Initializing Runtime PM wakelock &wma_handle->wmi_cmd_rsp_runtime_lock
01-01 08:00:56.804 0 0 I [kworke][0x3f683d8e][01:23:46.551846] wlan: [345:I:HIF] Initializing Runtime PM wakelock &wma_handle->sap_prevent_runtime_pm_lock
10-14 01:23:46.590 1890 2289 W ActivityThread: Failed to find provider info for com.android.contacts (user not unlocked)
01-01 08:00:56.840 0 0 E [kworke][0x3f7294e4][01:23:46.587144] wlan: [345:E:QDF] htc_wait_target: 684: Target Ready! TX resource : 1 size:2176, MaxMsgsPerHTCBundle = 1
01-01 08:00:56.854 0 0 E [kworke][0x3f76c397][01:23:46.601420] wlan: [345:E:QDF] htc_setup_target_buffer_assignments: 576: SVS Index : 1 TX : 0x100 : alloc:1
01-01 08:00:56.867 0 0 D cnss : Assign MSI to user: DP, num_vectors: 18, user_base_data: 814, base_vector: 14
01-01 08:00:56.871 0 0 I [kworke][0x3f7babdf][01:23:46.618170] wlan: [345:I:HIF] +hif_update_pipe_callback pipeid 5
01-01 08:00:56.871 0 0 I [kworke][0x3f7bad27][01:23:46.618187] wlan: [345:I:HIF] -hif_update_pipe_callback
01-01 08:00:56.871 0 0 D cnss : Assign MSI to user: DP, num_vectors: 18, user_base_data: 814, base_vector: 14
01-01 08:00:56.874 0 0 E [kworke][0x3f7cbbe3][01:23:46.621797] wlan: [345:E:DP] dp_srng_get_str_from_hal_ring_type: 7726: Invalid ring type
01-01 08:00:56.886 0 0 D cnss : Assign MSI to user: DP, num_vectors: 18, user_base_data: 814, base_vector: 14
01-01 08:00:56.890 0 0 D cnss : Assign MSI to user: DP, num_vectors: 18, user_base_data: 814, base_vector: 14
01-01 08:00:56.891 0 0 D cnss : Assign MSI to user: DP, num_vectors: 18, user_base_data: 814, base_vector: 14
01-01 08:00:56.891 0 0 D cnss : Assign MSI to user: DP, num_vectors: 18, user_base_data: 814, base_vector: 14
01-01 08:00:56.891 0 0 D cnss : Assign MSI to user: DP, num_vectors: 18, user_base_data: 814, base_vector: 14
01-01 08:00:56.891 0 0 D cnss : Assign MSI to user: DP, num_vectors: 18, user_base_data: 814, base_vector: 14
01-01 08:00:56.891 0 0 D cnss : Assign MSI to user: DP, num_vectors: 18, user_base_data: 814, base_vector: 14
01-01 08:00:56.891 0 0 D cnss : Assign MSI to user: DP, num_vectors: 18, user_base_data: 814, base_vector: 14
01-01 08:00:56.891 0 0 I [kworke][0x3f81c2ed][01:23:46.638957] wlan: [345:I:DP] dp_tx_soc_attach Tx Desc Alloc num_pool = 4, descs = 4096
01-01 08:00:56.892 0 0 I [kworke][0x3f81d6d1][01:23:46.639222] wlan: [345:I:DP] dp_tx_soc_attach MSDU Ext Desc Alloc 4, descs = 4096
01-01 08:00:56.892 0 0 I [kworke][0x3f81f2b9][01:23:46.639595] wlan: [345:I:DP] dp_tx_soc_attach HAL Tx init Success
01-01 08:00:56.892 0 0 D cnss : Assign MSI to user: DP, num_vectors: 18, user_base_data: 814, base_vector: 14
01-01 08:00:56.892 0 0 D cnss : Assign MSI to user: DP, num_vectors: 18, user_base_data: 814, base_vector: 14
01-01 08:00:56.892 0 0 I [kworke][0x3f820813][01:23:46.639879] wlan: [345:I:DP] dp_soc_cmn_setup: 3274: num_reo_dest_rings 4
01-01 08:00:56.892 0 0 D cnss : Assign MSI to user: DP, num_vectors: 18, user_base_data: 814, base_vector: 14
01-01 08:00:56.892 0 0 D cnss : Assign MSI to user: DP, num_vectors: 18, user_base_data: 814, base_vector: 14
01-01 08:00:56.893 0 0 D cnss : Assign MSI to user: DP, num_vectors: 18, user_base_data: 814, base_vector: 14
01-01 08:00:56.893 0 0 D cnss : Assign MSI to user: DP, num_vectors: 18, user_base_data: 814, base_vector: 14
01-01 08:00:56.893 0 0 D cnss : Assign MSI to user: DP, num_vectors: 18, user_base_data: 814, base_vector: 14
01-01 08:00:56.893 0 0 D cnss : Assign MSI to user: DP, num_vectors: 18, user_base_data: 814, base_vector: 14
01-01 08:00:56.893 0 0 D cnss : Assign MSI to user: DP, num_vectors: 18, user_base_data: 814, base_vector: 14
01-01 08:00:56.893 0 0 D cnss : Assign MSI to user: DP, num_vectors: 18, user_base_data: 814, base_vector: 14
01-01 08:00:56.893 0 0 D cnss : Assign MSI to user: DP, num_vectors: 18, user_base_data: 814, base_vector: 14
01-01 08:00:56.893 0 0 D cnss : Assign MSI to user: DP, num_vectors: 18, user_base_data: 814, base_vector: 14
01-01 08:00:56.893 0 0 D cnss : Assign MSI to user: DP, num_vectors: 18, user_base_data: 814, base_vector: 14
01-01 08:00:56.894 0 0 I [kworke][0x3f826462][01:23:46.641110] wlan: [345:I:HAL] hal_reo_set_err_dst_remap_6390: 1024: HWIO_REO_R0_ERROR_DESTINATION_MAPPING_IX_0 0x28005b6d
01-01 08:00:56.894 0 0 D cnss : Assign MSI to user: DP, num_vectors: 18, user_base_data: 814, base_vector: 14
01-01 08:00:56.894 0 0 D cnss : Assign MSI to user: DP, num_vectors: 18, user_base_data: 814, base_vector: 14
01-01 08:00:56.894 0 0 D cnss : Assign MSI to user: DP, num_vectors: 18, user_base_data: 814, base_vector: 14
01-01 08:00:56.894 0 0 D cnss : Assign MSI to user: DP, num_vectors: 18, user_base_data: 814, base_vector: 14
01-01 08:00:56.894 0 0 D cnss : Assign MSI to user: DP, num_vectors: 18, user_base_data: 814, base_vector: 14
01-01 08:00:56.895 0 0 D cnss : Assign MSI to user: DP, num_vectors: 18, user_base_data: 814, base_vector: 14
01-01 08:00:56.898 0 0 E : INFO: trying to register non-static key.
01-01 08:00:56.902 0 0 W QSEECOM : qseecom_load_app: App (fingerpr) does'nt exist, loading apps for first time
01-01 08:00:56.903 0 0 E : the code is fine but needs lockdep annotation.
01-01 08:00:56.903 0 0 I : CPU: 7 PID: 291 Comm: kworker/u16:8 Tainted: G S W O 4.19.157+ #1
01-01 08:00:56.903 0 0 I Hardware name: Qualcomm Technologies, Inc. kona MTP-RmPM8150b. VX1(MCE) EVT2 (DT)
01-01 08:00:56.903 0 0 I Workqueue: events_unbound ion_system_secure_heap_prefetch_work
01-01 08:00:56.903 0 0 I Call trace:
01-01 08:00:56.903 0 0 I : dump_backtrace+0x0/0x258
01-01 08:00:56.903 0 0 I : show_stack+0x20/0x30
01-01 08:00:56.903 0 0 I : dump_stack+0xd8/0x12c
01-01 08:00:56.903 0 0 I : register_lock_class+0x4d0/0x5c8
01-01 08:00:56.903 0 0 I : __lock_acquire+0xbc/0x1e58
01-01 08:00:56.903 0 0 I : lock_acquire+0x1cc/0x218
01-01 08:00:56.903 0 0 I : _raw_spin_lock_irqsave+0x54/0x98
01-01 08:00:56.903 0 0 I : ion_system_secure_heap_prefetch_work+0x94/0x2c0
01-01 08:00:56.903 0 0 I : process_one_work+0x38c/0x660
01-01 08:00:56.903 0 0 I : worker_thread+0x268/0x4b8
01-01 08:00:56.903 0 0 I : kthread+0x140/0x150
01-01 08:00:56.903 0 0 I : ret_from_fork+0x10/0x1c
01-01 08:00:56.910 0 0 D : mv2112_read_status
01-01 08:00:56.910 0 0 D mv2112_update_link: 3.0x901(1G): 0x4
01-01 08:00:56.910 0 0 D mv2112_update_link: 3.0x8109(100M): 0x8
01-01 08:00:56.910 0 0 D mv2112_update_link: link 0x4
01-01 08:00:56.910 0 0 D mv2112_read_status: autoneg is disabled
01-01 08:00:56.911 0 0 E : INFO: trying to register non-static key.
01-01 08:00:56.917 0 0 E : the code is fine but needs lockdep annotation.
01-01 08:00:56.922 0 0 I : CPU: 7 PID: 291 Comm: kworker/u16:8 Tainted: G S W O 4.19.157+ #1
01-01 08:00:56.922 0 0 I Hardware name: Qualcomm Technologies, Inc. kona MTP-RmPM8150b. VX1(MCE) EVT2 (DT)
01-01 08:00:56.922 0 0 I Workqueue: events_unbound ion_system_secure_heap_prefetch_work
01-01 08:00:56.922 0 0 I Call trace:
01-01 08:00:56.922 0 0 I : dump_backtrace+0x0/0x258
01-01 08:00:56.922 0 0 I : show_stack+0x20/0x30
01-01 08:00:56.922 0 0 I : dump_stack+0xd8/0x12c
01-01 08:00:56.922 0 0 I : register_lock_class+0x4d0/0x5c8
01-01 08:00:56.922 0 0 I : __lock_acquire+0xbc/0x1e58
01-01 08:00:56.922 0 0 I : lock_acquire+0x1cc/0x218
01-01 08:00:56.922 0 0 I : _raw_spin_lock_irqsave+0x54/0x98
01-01 08:00:56.922 0 0 I : ion_system_secure_heap_prefetch_work+0x94/0x2c0
01-01 08:00:56.922 0 0 I : process_one_work+0x38c/0x660
01-01 08:00:56.922 0 0 I : worker_thread+0x268/0x4b8
01-01 08:00:56.922 0 0 I : kthread+0x140/0x150
01-01 08:00:56.922 0 0 I : ret_from_fork+0x10/0x1c
01-01 08:00:56.952 0 0 I msm_vidc: high: 00000001: ....e: Opening video instance: ffffffee37440000, 0
01-01 08:00:56.957 0 0 I msm_vidc: err : 00000001: ....e: msm_vidc_comm_update_ctrl: failed: control name Ltr Count, min 0, max 0, step 0, default_value 0
01-01 08:00:56.976 0 0 I msm_vidc: high: 00000001: vp8e: Closed video instance: ffffffee37440000
01-01 08:00:57.020 0 0 W QSEECOM : qseecom_load_app: App with id 7 (fingerpr) now loaded
01-01 08:00:57.039 0 0 E : INFO: trying to register non-static key.
01-01 08:00:57.044 0 0 E : the code is fine but needs lockdep annotation.
01-01 08:00:57.050 0 0 I : CPU: 3 PID: 291 Comm: kworker/u16:8 Tainted: G S W O 4.19.157+ #1
01-01 08:00:57.050 0 0 I Hardware name: Qualcomm Technologies, Inc. kona MTP-RmPM8150b. VX1(MCE) EVT2 (DT)
01-01 08:00:57.050 0 0 I Workqueue: events_unbound ion_system_secure_heap_prefetch_work
01-01 08:00:57.050 0 0 I Call trace:
01-01 08:00:57.050 0 0 I : dump_backtrace+0x0/0x258
01-01 08:00:57.050 0 0 I : show_stack+0x20/0x30
01-01 08:00:57.050 0 0 I : dump_stack+0xd8/0x12c
01-01 08:00:57.050 0 0 I : register_lock_class+0x4d0/0x5c8
01-01 08:00:57.050 0 0 I : __lock_acquire+0xbc/0x1e58
01-01 08:00:57.050 0 0 I : lock_acquire+0x1cc/0x218
01-01 08:00:57.050 0 0 I : _raw_spin_lock_irqsave+0x54/0x98
01-01 08:00:57.050 0 0 I : ion_system_secure_heap_prefetch_work+0x94/0x2c0
