10-14 01:25:03.389 1887 2073 D A2dpService: messageFromNative: Sending STACK_EVENT: A2dpStackEvent {type:EVENT_TYPE_AUDIO_STATE_CHANGED, device:5C:FB:7C:39:04:0D, value1:STOPPED} to sm.
10-14 01:25:03.392 1887 2073 D bt_btif : btif_av_state_started_handler: event: BTIF_SM_EXIT_EVT flags: 1 index = 0, reconfig_event: 0, codec_cfg_change: 0
10-14 01:25:03.392 1887 2073 D bt_btif : btif_av_state_opened_handler: event: BTIF_SM_ENTER_EVT, flags: 1, peer_sep: 1, index: 0 reconfig_event: 0, codec_cfg_change: 0, reconfig_pending: 0, reconfig_a2dp: 0, is_retry_reconfig: 0
10-14 01:25:03.393 1887 2638 D A2dpStateMachine: handleMessage: E msg.what=101
10-14 01:25:03.393 1887 2638 D A2dpStateMachine: processMsg: Connected
10-14 01:25:03.393 1887 2638 D A2dpStateMachine: Connected process message(5C:FB:7C:39:04:0D): STACK_EVENT
10-14 01:25:03.393 1887 2638 D A2dpStateMachine: Connected: stack event: A2dpStackEvent {type:EVENT_TYPE_AUDIO_STATE_CHANGED, device:5C:FB:7C:39:04:0D, value1:STOPPED}
10-14 01:25:03.393 1887 2638 I A2dpStateMachine: Connected: processAudioStateEvent: state: 1mIsPlaying: true
10-14 01:25:03.393 1887 2638 I A2dpStateMachine: Connected: stopped playing: 5C:FB:7C:39:04:0D
10-14 01:25:03.393 1887 2638 D A2dpService: Enable BLE scanning
10-14 01:25:03.394 1887 2633 V Avrcp_ext: AvrcpMessageHandler: received message=18
10-14 01:25:03.394 1887 2633 V Avrcp_ext: MSG_SET_A2DP_AUDIO_STATE:11
10-14 01:25:03.394 1887 2638 D BtGatt.ScanManager: setAptXLowLatencyMode: mIsAptXLowLatencyModeEnabled: falseenabled: false
10-14 01:25:03.394 1887 2633 V Avrcp_ext: event for device address 5C:FB:7C:39:04:0D
10-14 01:25:03.394 1887 2633 I Avrcp_ext: device found at index 0
10-14 01:25:03.394 1887 2401 I BtGatt.ScanManager: msg.what = 5
10-14 01:25:03.394 1887 2633 D BATService: getBATService(): service is NULL
10-14 01:25:03.394 1887 2638 D A2dpStateMachine: A2DP Playing state : device: 5C:FB:7C:39:04:0D State:PLAYING->NOT_PLAYING
10-14 01:25:03.397 1887 2633 V Avrcp_ext: updateCurrentMediaState: mMediaController: MediaController (com.android.systemui@3f40d07) null
10-14 01:25:03.397 1887 2633 W Avrcp_ext: isMusicActive: false getBluetoothPlayState: 2 A2dp State: 11 mAudioPlaybackIsActive: false
10-14 01:25:03.397 1887 2638 D A2dpStateMachine: handleMessage: X
10-14 01:25:03.398 1887 2633 W Avrcp_ext: updateCurrentMediaState: isPlaying = false
10-14 01:25:03.399 1887 1887 D HeadsetService: Received BluetoothA2dp Play State changed
10-14 01:25:03.399 1887 1887 D HeadsetA2dpSync: updateA2DPPlayingState device: 5C:FB:7C:39:04:0D transition 10->11
10-14 01:25:03.399 1887 1887 D HeadsetA2dpSync: isA2dpPlaying returns = 2
10-14 01:25:03.399 1887 2633 I Avrcp_ext: device found at index 0
10-14 01:25:03.399 1887 1887 D HeadsetService: sendA2dpStateChange newState = 2
10-14 01:25:03.399 1887 2633 V Avrcp_ext: Media update: id -1➡-1? [MediaAttributes: none] : [MediaAttributes: none]
10-14 01:25:03.399 1887 1887 E HeadsetStateMachine: returning mCurrentState as Connected
10-14 01:25:03.400 1887 2633 D Avrcp_ext: isPackageNameValid: browsedPackage = com.android.systemuiisValid = true
10-14 01:25:03.400 1887 2633 V Avrcp_ext: isBrowseSupported for com.android.systemui: false
10-14 01:25:03.400 1887 2631 D HeadsetStateMachine: handleMessage: E msg.what=24
10-14 01:25:03.400 1887 1887 D HeadsetA2dpSync: device: 5C:FB:7C:39:04:0D state = 2
10-14 01:25:03.400 1887 2633 V Avrcp_ext: updatePlaybackState, state: PlaybackState {state=2, position=-1, buffered position=0, speed=0.0, updated=126025, actions=0, custom actions=[], active item id=-1, error=null} device: 5C:FB:7C:39:04:0D
10-14 01:25:03.401 1887 2631 D HeadsetStateMachine: processMsg: Connected
10-14 01:25:03.401 1887 2631 D HeadsetStateMachine: Connected: currentDevice=5C:FB:7C:39:04:0D, msg=A2DP_STATE_CHANGED event
10-14 01:25:03.401 1887 2631 D HeadsetStateMachine: Enter processIntentA2dpPlayStateChanged(): a2dp state 2
10-14 01:25:03.401 1887 2631 D HeadsetStateMachine: A2DP suspended when there is no CS/VOIP calls or VR, resuming A2DP
10-14 01:25:03.401 1887 2631 D HeadsetA2dpSync: releaseA2DP mA2dpSuspendTriggered 0 by device 5C:FB:7C:39:04:0D
10-14 01:25:03.401 1887 2631 D HeadsetStateMachine: Exit processIntentA2dpPlayStateChanged()
10-14 01:25:03.401 1887 2631 D HeadsetStateMachine: handleMessage: X
10-14 01:25:03.401 1887 1887 D BtOppService: action : android.bluetooth.a2dp.profile.action.PLAYING_STATE_CHANGED
10-14 01:25:03.402 1887 1887 D BtOppUtils: device: 5C:FB:7C:39:04:0D newState: 11
10-14 01:25:03.402 1887 1887 D BtOppUtils: isA2DPPlaying :false
10-14 01:25:03.403 1887 2633 V Avrcp_ext: Device: JBL GO : old state: PlaybackState {state=3, position=-1, buffered position=0, speed=1.0, updated=120751, actions=0, custom actions=[], active item id=-1, error=null}
10-14 01:25:03.403 1887 2633 V Avrcp_ext: Device: no name:
10-14 01:25:03.403 1887 2633 V Avrcp_ext: Device: no name:
10-14 01:25:03.403 1887 2633 V Avrcp_ext: Device: no name:
10-14 01:25:03.403 1887 2633 V Avrcp_ext: Device: no name:
10-14 01:25:03.403 1887 2633 I Avrcp_ext: device found at index 0
10-14 01:25:03.404 1887 2633 V Avrcp_ext: old state: PlaybackState {state=3, position=-1, buffered position=0, speed=1.0, updated=120751, actions=0, custom actions=[], active item id=-1, error=null} new state: PlaybackState {state=2, position=-1, buffered position=0, speed=0.0, updated=126025, actions=0, custom actions=[], active item id=-1, error=null} device: 5C:FB:7C:39:04:0D index: 0
10-14 01:25:03.404 1887 2633 I Avrcp_ext: updatePlayStatusForDevice: device: 5C:FB:7C:39:04:0D
10-14 01:25:03.404 1887 2633 V Avrcp_ext: updatePlaybackState (0): old=PlaybackState {state=3, position=-1, buffered position=0, speed=1.0, updated=120751, actions=0, custom actions=[], active item id=-1, error=null}(1), new=PlaybackState {state=2, position=-1, buffered position=0, speed=0.0, updated=126025, actions=0, custom actions=[], active item id=-1, error=null}(2)
10-14 01:25:03.404 1887 2633 W Avrcp_ext: Sending PlayStatus CHANGED Rsp !!!
10-14 01:25:03.404 1887 2633 D bt_btif : register_notification_rsp: isShoMcastEnabled: 1
10-14 01:25:03.404 1887 2633 I Avrcp_ext: Exit updatePlayStatusForDevice
10-14 01:25:03.404 1887 2633 V Avrcp_ext: Exit updatePlaybackState
10-14 01:25:03.404 1887 2575 D bt_btif : LCB lcb=1 event=UL_MSG_EVT state=LCB_OPEN_ST
10-14 01:25:03.405 1887 2633 V Avrcp_ext: Exit handleMessage
10-14 01:25:03.410 1887 2575 D bt_btif : LCB lcb=1 event=LL_MSG_EVT state=LCB_OPEN_ST
10-14 01:25:03.410 1887 2575 D bt_btif : bta_av_rc_msg_cback handle: 0 opcode=0x0
10-14 01:25:03.410 1887 2575 D bt_btif : bta_av_rc_msg_cback data_len: 9
10-14 01:25:03.410 1887 2073 D bt_btif : btif_av_state_opened_handler: event: BTA_AV_META_MSG_EVT, flags: 0, peer_sep: 1, index: 0 reconfig_event: 0, codec_cfg_change: 0, reconfig_pending: 0, reconfig_a2dp: 0, is_retry_reconfig: 0
10-14 01:25:03.410 1887 2073 D bt_btif : btif_rc_handler: event: BTA_AV_META_MSG_EVT
10-14 01:25:03.410 1887 2073 W bt_device_profile: profile_feature_fetch:profile 1
10-14 01:25:03.411 1887 2073 W bt_device_profile: profile_feature_fetch:AVRCP_COVERART_SUPPORT found 1
10-14 01:25:03.411 1887 2073 D bt_btif : btif_rc_upstreams_evt: pdu: AVRC_PDU_REGISTER_NOTIFICATION handle: 0x0 ctype: 3 label: 1 event ID: 1 ver: 104
10-14 01:25:03.411 1887 2073 V Avrcp_ext: registerNotificationRequestFromNative: eventId=1
10-14 01:25:03.411 1887 2073 V Avrcp_ext: Exit registerNotificationRequestFromNative
10-14 01:25:03.411 1887 2633 V Avrcp_ext: AvrcpMessageHandler: received message=4
10-14 01:25:03.411 1887 2633 V Avrcp_ext: MSG_NATIVE_REQ_REGISTER_NOTIFICATION:event=1 param=0
10-14 01:25:03.412 1887 2633 I Avrcp_ext: device found at index 0
10-14 01:25:03.412 1887 2633 V Avrcp_ext: Enter processRegisterNotification
10-14 01:25:03.413 1887 2633 V Avrcp_ext: processRegisterNotification: eventId1
10-14 01:25:03.413 1887 2633 D bt_btif : register_notification_rsp: isShoMcastEnabled: 1
10-14 01:25:03.413 1887 2633 D Avrcp_ext: Exit processRegisterNotification
10-14 01:25:03.413 1887 2633 V Avrcp_ext: Exit handleMessage
10-14 01:25:03.413 1887 2575 D bt_btif : LCB lcb=1 event=UL_MSG_EVT state=LCB_OPEN_ST
01-01 08:02:13.706 0 0 D : mv2112_read_status
01-01 08:02:13.706 0 0 D mv2112_update_link: 3.0x901(1G): 0x4
01-01 08:02:13.707 0 0 D mv2112_update_link: 3.0x8109(100M): 0x8
01-01 08:02:13.707 0 0 D mv2112_update_link: link 0x4
01-01 08:02:13.707 0 0 D mv2112_read_status: autoneg is disabled
10-14 01:25:03.499 825 2569 I vendor.qti.bluetooth@1.0-ibs_handler: ProcessIbsCmd: Received IBS_SLEEP_IND: 0xFE
10-14 01:25:03.830 1297 2861 D BufferPoolAccessor2.0: evictor expired: 2, evicted: 0
10-14 01:25:04.168 655 666 I mpu_uart: [MSG-P:RECV]:No message received in 1000 ms
10-14 01:25:04.415 825 2581 I vendor.qti.bluetooth@1.0-ibs_handler: DeviceSleep: TX Awake, Sending SLEEP_IND
10-14 01:25:04.415 825 2581 D vendor.qti.bluetooth@1.0-ibs_handler: SerialClockVote: vote for UART CLK OFF
01-01 08:02:14.730 0 0 D : mv2112_read_status
01-01 08:02:14.730 0 0 D mv2112_update_link: 3.0x901(1G): 0x4
01-01 08:02:14.731 0 0 D mv2112_update_link: 3.0x8109(100M): 0x8
01-01 08:02:14.731 0 0 D mv2112_update_link: link 0x4
01-01 08:02:14.731 0 0 D mv2112_read_status: autoneg is disabled
10-14 01:25:04.566 825 2416 D vendor.qti.bluetooth@1.0-wake_lock: Release wakelock is released
10-14 01:25:04.704 1132 2007 I WifiService: startScan uid=1000
10-14 01:25:04.720 1459 2732 D LOWI-9.0.0.87.a: [LOWI-Scan] wait_event:Wait done with Cmd 33
10-14 01:25:04.720 1459 2732 D LOWI-9.0.0.87.a: [LOWI-Scan] do_listen_events: Rcvd valid Netlink Cmd 0 Err 0
01-01 08:02:15.020 0 0 I [schedu][0x98eb0bf9][01:25:04.767719] wlan: [2585:I:OSIF] scan start scan id 40963
10-14 01:25:05.169 655 666 I mpu_uart: [MSG-P:RECV]:No message received in 1000 ms
10-14 01:25:05.184 655 665 I mpu_uart: [MSG-P:R]:recv sync frame timeout
01-01 08:02:15.754 0 0 D : mv2112_read_status
01-01 08:02:15.755 0 0 D mv2112_update_link: 3.0x901(1G): 0x4
01-01 08:02:15.755 0 0 D mv2112_update_link: 3.0x8109(100M): 0x8
01-01 08:02:15.755 0 0 D mv2112_update_link: link 0x4
01-01 08:02:15.755 0 0 D mv2112_read_status: autoneg is disabled
10-14 01:25:05.832 1297 2861 D BufferPoolAccessor2.0: bufferpool2 0xe8fc0268 : 0(0 size) total buffers - 0(0 size) used buffers - 94/102 (recycle/alloc) - 8/198 (fetch/transfer)
10-14 01:25:05.832 1297 2861 D BufferPoolAccessor2.0: evictor expired: 1, evicted: 1
10-14 01:25:05.837 1385 2620 D BufferPoolAccessor2.0: bufferpool2 0xb40000792577fce8 : 0(0 size) total buffers - 0(0 size) used buffers - 93/97 (recycle/alloc) - 4/96 (fetch/transfer)
10-14 01:25:05.837 1385 2620 D BufferPoolAccessor2.0: evictor expired: 1, evicted: 1
10-14 01:25:05.900 1459 2732 D LOWI-9.0.0.87.a: [LOWI-Scan] wait_event:Wait done with Cmd 34
10-14 01:25:05.901 1459 2732 D LOWI-9.0.0.87.a: [LOWI-Scan] do_listen_events: Rcvd valid Netlink Cmd 34 Err 0
10-14 01:25:05.910 1132 2007 D WifiNl80211Manager: Scan result ready event
10-14 01:25:05.910 1132 2007 D WifiNative: Scan result ready event
10-14 01:25:05.916 1459 2732 D LOWI-9.0.0.87.a: [LOWI-Scan]
10-14 01:25:05.916 1459 2732 D LOWI-9.0.0.87.a: [LOWI-Scan] print_bss_handler: Report Probe TSF 127433927 as it greater than Beacon TSF 0
10-14 01:25:05.916 1459 2732 D LOWI-9.0.0.87.a: [LOWI-Scan] decode_rsn_wpa_ie: LOWI_ENCRYPTION_TYPE_WPA_PSK
10-14 01:25:05.916 1459 2732 D LOWI-9.0.0.87.a: [LOWI-Scan] is_qcom_ie, bss_age: 0
10-14 01:25:05.917 1459 2732 D LOWI-9.0.0.87.a: [LOWI-Scan] BSS a6:2a:7d:83:91:7b LOWI_PHY_MODE_11AC_VHT160(15), Beacon Interval: 100, LOWI_ENCRYPTION_TYPE_WPA_PSK 11mcRanging: No, ANQP: No, LCI: No, Civic: No, capability(0x1111): ESS Privacy SpectrumMgmt
10-14 01:25:05.917 1459 2732 D LOWI-9.0.0.87.a: [LOWI-Scan] BSS a6:2a:7d:83:91:7b FREQ: 5180, cFreq1[40:80:160] = [5190:5210:5210] cFreq2 = 5250 Country Code = CN
10-14 01:25:05.917 1459 2732 D LOWI-9.0.0.87.a: [LOWI-Scan] BSS a6:2a:7d:83:91:7b (wlan0) ASSO: NO AddInfo: 0x0, TSF 0, 00:02:07.433, RSSI: -114, CPL: 127, AGE: 1108, SSID BSP_SD3_5G, TSFDelta: 0x6b0c8ba3, TXRate: 0
10-14 01:25:05.918 1459 2732 D LOWI-9.0.0.87.a: [LOWI-Scan]
10-14 01:25:05.918 1459 2732 D LOWI-9.0.0.87.a: [LOWI-Scan] print_bss_handler: Report Probe TSF 127455458 as it greater than Beacon TSF 127432180
10-14 01:25:05.918 1459 2732 D LOWI-9.0.0.87.a: [LOWI-Scan] decode_rsn_wpa_ie: LOWI_ENCRYPTION_TYPE_WPA_PSK
10-14 01:25:05.918 1459 2732 D LOWI-9.0.0.87.a: [LOWI-Scan] is_qcom_ie, bss_age: 0
10-14 01:25:05.918 1459 2732 D LOWI-9.0.0.87.a: [LOWI-Scan] BSS 98:97:cc:03:15:36 LOWI_PHY_MODE_11AC_VHT160(15), Beacon Interval: 100, LOWI_ENCRYPTION_TYPE_WPA_PSK 11mcRanging: No, ANQP: No, LCI: No, Civic: No, capability(0x1511): ESS Privacy SpectrumMgmt ShortSlotTime
10-14 01:25:05.918 1459 2732 D LOWI-9.0.0.87.a: [LOWI-Scan] BSS 98:97:cc:03:15:36 FREQ: 5180, cFreq1[40:80:160] = [5190:5210:5210] cFreq2 = 5250 Country Code = CN
10-14 01:25:05.918 1459 2732 D LOWI-9.0.0.87.a: [LOWI-Scan] BSS 98:97:cc:03:15:36 (wlan0) ASSO: NO AddInfo: 0x0, TSF 0, 00:02:07.455, RSSI: -98, CPL: 127, AGE: 1088, SSID 200M_5G, TSFDelta: 0x6965807f, TXRate: 0
10-14 01:25:05.919 1459 2732 D LOWI-9.0.0.87.a: [LOWI-Scan]
10-14 01:25:05.919 1459 2732 D LOWI-9.0.0.87.a: [LOWI-Scan] print_bss_handler: Report beacon TSF 127433387 as it greater than probe TSF 127433387
10-14 01:25:05.919 1459 2732 D LOWI-9.0.0.87.a: [LOWI-Scan] decode_rsn_wpa_ie: LOWI_ENCRYPTION_TYPE_WPA_PSK
10-14 01:25:05.919 1459 2732 D LOWI-9.0.0.87.a: [LOWI-Scan] is_qcom_ie, bss_age: 0
01-01 08:02:16.176 0 0 I [schedu][0x9a3dc37e][01:25:05.923874] wlan: [2585:I:OSIF] vdev 0, scan id 40963 type COMPLETED(1) reason COMPLETED(1) scan found 54 bss
10-14 01:25:05.919 1459 2732 D LOWI-9.0.0.87.a: [LOWI-Scan] BSS 9e:97:cc:03:15:36 LOWI_PHY_MODE_11AC_VHT160(15), Beacon Interval: 100, LOWI_ENCRYPTION_TYPE_WPA_PSK 11mcRanging: No, ANQP: No, LCI: No, Civic: No, capability(0x0511): ESS Privacy SpectrumMgmt ShortSlotTime
10-14 01:25:05.919 1459 2732 D LOWI-9.0.0.87.a: [LOWI-Scan] BSS 9e:97:cc:03:15:36 FREQ: 5180, cFreq1[40:80:160] = [5190:5210:5210] cFreq2 = 5250 Country Code = CN
10-14 01:25:05.919 1459 2732 D LOWI-9.0.0.87.a: [LOWI-Scan] BSS 9e:97:cc:03:15:36 (wlan0) ASSO: NO AddInfo: 0x1, TSF 0, 00:02:07.433, RSSI: -98, CPL: 127, AGE: 1108, SSID , TSFDelta: 0x68eb9e03, TXRate: 0
10-14 01:25:05.920 1459 2732 D LOWI-9.0.0.87.a: [LOWI-Scan]
10-14 01:25:05.920 1459 2732 D LOWI-9.0.0.87.a: [LOWI-Scan] print_bss_handler: Report Probe TSF 117434907 as it greater than Beacon TSF 0
10-14 01:25:05.920 1459 2732 D LOWI-9.0.0.87.a: [LOWI-Scan] decode_rsn_wpa_ie: LOWI_ENCRYPTION_TYPE_WPA_PSK
10-14 01:25:05.920 1459 2732 D LOWI-9.0.0.87.a: [LOWI-Scan] is_qcom_ie, bss_age: 0
10-14 01:25:05.920 1459 2732 D LOWI-9.0.0.87.a: [LOWI-Scan] adjust_age:AP AGE upper limit reached. Dont store
10-14 01:25:05.920 1459 2732 D LOWI-9.0.0.87.a: [LOWI-Scan] BSS 4c:77:66:d5:c0:f3 LOWI_PHY_MODE_11NG_HT40(7), Beacon Interval: 100, LOWI_ENCRYPTION_TYPE_WPA_PSK 11mcRanging: No, ANQP: No, LCI: No, Civic: No, capability(0x0411): ESS Privacy ShortSlotTime
10-14 01:25:05.920 1459 2732 D LOWI-9.0.0.87.a: [LOWI-Scan] BSS 4c:77:66:d5:c0:f3 FREQ: 2412, cFreq1[40:80:160] = [2422:0:0] cFreq2 = 0 Country Code = CN
10-14 01:25:05.920 1459 2732 D LOWI-9.0.0.87.a: [LOWI-Scan] BSS 4c:77:66:d5:c0:f3 (wlan0) ASSO: NO AddInfo: 0x0, TSF 0, 00:01:57.434, RSSI: -92, CPL: 127, AGE: 11108, SSID TCVR, TSFDelta: 0x67733c67, TXRate: 0
10-14 01:25:05.921 1459 2732 D LOWI-9.0.0.87.a: [LOWI-Scan]
10-14 01:25:05.921 1459 2732 D LOWI-9.0.0.87.a: [LOWI-Scan] print_bss_handler: Report Probe TSF 127539824 as it greater than Beacon TSF 127536989
10-14 01:25:05.921 1459 2732 D LOWI-9.0.0.87.a: [LOWI-Scan] decode_rsn_wpa_ie: LOWI_ENCRYPTION_TYPE_WPA_PSK
10-14 01:25:05.921 1459 2732 D LOWI-9.0.0.87.a: [LOWI-Scan] is_qcom_ie, bss_age: 0
10-14 01:25:05.922 1459 2732 D LOWI-9.0.0.87.a: [LOWI-Scan] BSS 04:8c:16:c4:ee:31 LOWI_PHY_MODE_11AC_VHT40(9), Beacon Interval: 100, LOWI_ENCRYPTION_TYPE_WPA_PSK 11mcRanging: No, ANQP: No, LCI: No, Civic: No, capability(0x1511): ESS Privacy SpectrumMgmt ShortSlotTime
10-14 01:25:05.922 1459 2732 D LOWI-9.0.0.87.a: [LOWI-Scan] BSS 04:8c:16:c4:ee:31 FREQ: 5220, cFreq1[40:80:160] = [5230:0:0] cFreq2 = 0 Country Code = CN
10-14 01:25:05.922 1459 2732 D LOWI-9.0.0.87.a: [LOWI-Scan] BSS 04:8c:16:c4:ee:31 (wlan0) ASSO: NO AddInfo: 0x0, TSF 0, 00:02:07.539, RSSI: -156, CPL: 127, AGE: 1004, SSID thundercomm, TSFDelta: 0x69303937, TXRate: 0
10-14 01:25:05.923 1459 2732 D LOWI-9.0.0.87.a: [LOWI-Scan]
10-14 01:25:05.923 1459 2732 D LOWI-9.0.0.87.a: [LOWI-Scan] print_bss_handler: Report Probe TSF 127541167 as it greater than Beacon TSF 127538116
10-14 01:25:05.923 1459 2732 D LOWI-9.0.0.87.a: [LOWI-Scan] decode_rsn_wpa_ie: LOWI_ENCRYPTION_TYPE_WPA_PSK
10-14 01:25:05.923 1459 2732 D LOWI-9.0.0.87.a: [LOWI-Scan] is_qcom_ie, bss_age: 0
10-14 01:25:05.923 1459 2732 D LOWI-9.0.0.87.a: [LOWI-Scan] BSS 04:8c:16:c4:ee:34 LOWI_PHY_MODE_11AC_VHT40(9), Beacon Interval: 100, LOWI_ENCRYPTION_TYPE_WPA_PSK 11mcRanging: No, ANQP: No, LCI: No, Civic: No, capability(0x1511): ESS Privacy SpectrumMgmt ShortSlotTime
10-14 01:25:05.923 1459 2732 D LOWI-9.0.0.87.a: [LOWI-Scan] BSS 04:8c:16:c4:ee:34 FREQ: 5220, cFreq1[40:80:160] = [5230:0:0] cFreq2 = 0 Country Code = CN
10-14 01:25:05.923 1459 2732 D LOWI-9.0.0.87.a: [LOWI-Scan] BSS 04:8c:16:c4:ee:34 (wlan0) ASSO: NO AddInfo: 0x0, TSF 0, 00:02:07.541, RSSI: -156, CPL: 127, AGE: 1000, SSID thundersoft, TSFDelta: 0x6934c10d, TXRate: 0
10-14 01:25:05.924 1459 2732 D LOWI-9.0.0.87.a: [LOWI-Scan]
10-14 01:25:05.924 1459 2732 D LOWI-9.0.0.87.a: [LOWI-Scan] print_bss_handler: Report beacon TSF 127537563 as it greater than probe TSF 117513111
10-14 01:25:05.924 1459 2732 D LOWI-9.0.0.87.a: [LOWI-Scan] decode_rsn_wpa_ie: LOWI_ENCRYPTION_TYPE_WPA_PSK
10-14 01:25:05.924 1459 2732 D LOWI-9.0.0.87.a: [LOWI-Scan] is_qcom_ie, bss_age: 0
10-14 01:25:05.924 1459 2732 D LOWI-9.0.0.87.a: [LOWI-Scan] BSS 04:8c:16:c4:ee:30 LOWI_PHY_MODE_11AC_VHT40(9), Beacon Interval: 100, LOWI_ENCRYPTION_TYPE_WPA_PSK 11mcRanging: No, ANQP: No, LCI: No, Civic: No, capability(0x1511): ESS Privacy SpectrumMgmt ShortSlotTime
10-14 01:25:05.927 1459 2732 D LOWI-9.0.0.87.a: [LOWI-Scan] BSS 04:8c:16:c4:ee:30 FREQ: 5220, cFreq1[40:80:160] = [5230:0:0] cFreq2 = 0 Country Code = CN
10-14 01:25:05.927 1459 2732 D LOWI-9.0.0.87.a: [LOWI-Scan] BSS 04:8c:16:c4:ee:30 (wlan0) ASSO: NO AddInfo: 0x1, TSF 0, 00:02:07.537, RSSI: -154, CPL: 127, AGE: 1004, SSID guest, TSFDelta: 0x69cd7821, TXRate: 0
10-14 01:25:05.928 1459 2732 D LOWI-9.0.0.87.a: [LOWI-Scan]
10-14 01:25:05.928 1459 2732 D LOWI-9.0.0.87.a: [LOWI-Scan] print_bss_handler: Report Probe TSF 127521682 as it greater than Beacon TSF 0
10-14 01:25:05.928 1459 2732 D LOWI-9.0.0.87.a: [LOWI-Scan] decode_rsn_wpa_ie: LOWI_ENCRYPTION_TYPE_WPA_PSK
10-14 01:25:05.928 1459 2732 D LOWI-9.0.0.87.a: [LOWI-Scan] is_qcom_ie, bss_age: 0
10-14 01:25:05.929 1459 2732 D LOWI-9.0.0.87.a: [LOWI-Scan] BSS f4:a4:d6:51:0d:d0 LOWI_PHY_MODE_11AC_VHT40(9), Beacon Interval: 100, LOWI_ENCRYPTION_TYPE_WPA_PSK 11mcRanging: No, ANQP: No, LCI: No, Civic: No, capability(0x1511): ESS Privacy SpectrumMgmt ShortSlotTime
10-14 01:25:05.929 1459 2732 D LOWI-9.0.0.87.a: [LOWI-Scan] BSS f4:a4:d6:51:0d:d0 FREQ: 5220, cFreq1[40:80:160] = [5230:0:0] cFreq2 = 0 Country Code = CN
10-14 01:25:05.929 1459 2732 D LOWI-9.0.0.87.a: [LOWI-Scan] BSS f4:a4:d6:51:0d:d0 (wlan0) ASSO: NO AddInfo: 0x0, TSF 0, 00:02:07.521, RSSI: -170, CPL: 127, AGE: 1020, SSID guest, TSFDelta: 0xc2b8f303, TXRate: 0
10-14 01:25:05.930 1459 2732 D LOWI-9.0.0.87.a: [LOWI-Scan]
10-14 01:25:05.930 1459 2732 D LOWI-9.0.0.87.a: [LOWI-Scan] print_bss_handler: Report Probe TSF 127535446 as it greater than Beacon TSF 117517177
10-14 01:25:05.930 1459 2732 D LOWI-9.0.0.87.a: [LOWI-Scan] decode_rsn_wpa_ie: LOWI_ENCRYPTION_TYPE_WPA_PSK
10-14 01:25:05.930 1459 2732 D LOWI-9.0.0.87.a: [LOWI-Scan] is_qcom_ie, bss_age: 0
10-14 01:25:05.930 1459 2732 D LOWI-9.0.0.87.a: [LOWI-Scan] BSS f4:a4:d6:51:0d:d4 LOWI_PHY_MODE_11AC_VHT40(9), Beacon Interval: 100, LOWI_ENCRYPTION_TYPE_WPA_PSK 11mcRanging: No, ANQP: No, LCI: No, Civic: No, capability(0x1511): ESS Privacy SpectrumMgmt ShortSlotTime
10-14 01:25:05.930 1459 2732 D LOWI-9.0.0.87.a: [LOWI-Scan] BSS f4:a4:d6:51:0d:d4 FREQ: 5220, cFreq1[40:80:160] = [5230:0:0] cFreq2 = 0 Country Code = CN
10-14 01:25:05.931 1459 2732 D LOWI-9.0.0.87.a: [LOWI-Scan] BSS f4:a4:d6:51:0d:d4 (wlan0) ASSO: NO AddInfo: 0x0, TSF 0, 00:02:07.535, RSSI: -172, CPL: 127, AGE: 1008, SSID thundersoft, TSFDelta: 0xc2c1dd65, TXRate: 0
10-14 01:25:05.931 1459 2732 D LOWI-9.0.0.87.a: [LOWI-Scan]
10-14 01:25:05.932 1459 2732 D LOWI-9.0.0.87.a: [LOWI-Scan] print_bss_handler: Report Probe TSF 127568883 as it greater than Beacon TSF 117580556
10-14 01:25:05.932 1459 2732 D LOWI-9.0.0.87.a: [LOWI-Scan] decode_rsn_wpa_ie: LOWI_ENCRYPTION_TYPE_WPA_PSK
10-14 01:25:05.932 1459 2732 D LOWI-9.0.0.87.a: [LOWI-Scan] is_qcom_ie, bss_age: 0
10-14 01:25:05.932 1459 2732 D LOWI-9.0.0.87.a: [LOWI-Scan] BSS 8c:de:f9:b7:38:4c LOWI_PHY_MODE_11AC_VHT160(15), Beacon Interval: 100, LOWI_ENCRYPTION_TYPE_WPA_PSK 11mcRanging: No, ANQP: No, LCI: No, Civic: No, capability(0x0511): ESS Privacy SpectrumMgmt ShortSlotTime
10-14 01:25:05.932 1459 2732 D LOWI-9.0.0.87.a: [LOWI-Scan] BSS 8c:de:f9:b7:38:4c FREQ: 5240, cFreq1[40:80:160] = [5230:5210:5210] cFreq2 = 5250 Country Code = CN
10-14 01:25:05.932 1459 2732 D LOWI-9.0.0.87.a: [LOWI-Scan] BSS 8c:de:f9:b7:38:4c (wlan0) ASSO: NO AddInfo: 0x0, TSF 0, 00:02:07.568, RSSI: -130, CPL: 127, AGE: 972, SSID super_dragon_5G, TSFDelta: 0x857dbcfd, TXRate: 0
10-14 01:25:05.933 1459 2732 D LOWI-9.0.0.87.a: [LOWI-Scan]
10-14 01:25:05.933 1459 2732 D LOWI-9.0.0.87.a: [LOWI-Scan] print_bss_handler: Report Probe TSF 127645098 as it greater than Beacon TSF 127626753
10-14 01:25:05.933 1459 2732 D LOWI-9.0.0.87.a: [LOWI-Scan] decode_rsn_wpa_ie: LOWI_ENCRYPTION_TYPE_WPA_PSK
10-14 01:25:05.933 1459 2732 D LOWI-9.0.0.87.a: [LOWI-Scan] is_qcom_ie, bss_age: 0
10-14 01:25:05.933 1459 2732 D LOWI-9.0.0.87.a: [LOWI-Scan] BSS ec:26:ca:af:36:18 LOWI_PHY_MODE_11AC_VHT80(10), Beacon Interval: 100, LOWI_ENCRYPTION_TYPE_WPA_PSK 11mcRanging: No, ANQP: No, LCI: No, Civic: No, capability(0x0511): ESS Privacy SpectrumMgmt ShortSlotTime
10-14 01:25:05.933 1459 2732 D LOWI-9.0.0.87.a: [LOWI-Scan] BSS ec:26:ca:af:36:18 FREQ: 5745, cFreq1[40:80:160] = [5755:5775:0] cFreq2 = 0 Country Code = CN
10-14 01:25:05.933 1459 2732 D LOWI-9.0.0.87.a: [LOWI-Scan] BSS ec:26:ca:af:36:18 (wlan0) ASSO: NO AddInfo: 0x0, TSF 0, 00:02:07.645, RSSI: -74, CPL: 127, AGE: 896, SSID TP-LINK_TEST5G, TSFDelta: 0x6f064c6a, TXRate: 0
10-14 01:25:05.934 1459 2732 D LOWI-9.0.0.87.a: [LOWI-Scan]
10-14 01:25:05.934 1459 2732 D LOWI-9.0.0.87.a: [LOWI-Scan] print_bss_handler: Report beacon TSF 127647878 as it greater than probe TSF 127645752
10-14 01:25:05.934 1459 2732 D LOWI-9.0.0.87.a: [LOWI-Scan] decode_rsn_wpa_ie: LOWI_ENCRYPTION_TYPE_WPA_PSK
10-14 01:25:05.934 1459 2732 D LOWI-9.0.0.87.a: [LOWI-Scan] is_qcom_ie, bss_age: 0
10-14 01:25:05.934 1459 2732 D LOWI-9.0.0.87.a: [LOWI-Scan] BSS 94:d0:0d:67:64:7c LOWI_PHY_MODE_11AC_VHT80(10), Beacon Interval: 100, LOWI_ENCRYPTION_TYPE_WPA_PSK 11mcRanging: No, ANQP: No, LCI: No, Civic: No, capability(0x1531): ESS Privacy ShortPreamble SpectrumMgmt ShortSlotTime
10-14 01:25:05.935 1459 2732 D LOWI-9.0.0.87.a: [LOWI-Scan] BSS 94:d0:0d:67:64:7c FREQ: 5745, cFreq1[40:80:160] = [5755:5775:0] cFreq2 = 0 Country Code = CN
10-14 01:25:05.935 1459 2732 D LOWI-9.0.0.87.a: [LOWI-Scan] BSS 94:d0:0d:67:64:7c (wlan0) ASSO: NO AddInfo: 0x1, TSF 0, 00:02:07.647, RSSI: -92, CPL: 127, AGE: 896, SSID Visional, TSFDelta: 0x83721157, TXRate: 0
10-14 01:25:05.935 1459 2732 D LOWI-9.0.0.87.a: [LOWI-Scan]
10-14 01:25:05.936 1459 2732 D LOWI-9.0.0.87.a: [LOWI-Scan] print_bss_handler: Report Probe TSF 127643208 as it greater than Beacon TSF 0
10-14 01:25:05.936 1459 2732 D LOWI-9.0.0.87.a: [LOWI-Scan] decode_rsn_wpa_ie: LOWI_ENCRYPTION_TYPE_WPA_PSK
10-14 01:25:05.936 1459 2732 D LOWI-9.0.0.87.a: [LOWI-Scan] is_qcom_ie, bss_age: 0
10-14 01:25:05.936 1459 2732 D LOWI-9.0.0.87.a: [LOWI-Scan] BSS a8:5a:e0:72:36:4c LOWI_PHY_MODE_11AC_VHT80(10), Beacon Interval: 100, LOWI_ENCRYPTION_TYPE_WPA_PSK 11mcRanging: No, ANQP: No, LCI: No, Civic: No, capability(0x1531): ESS Privacy ShortPreamble SpectrumMgmt ShortSlotTime
10-14 01:25:05.936 1459 2732 D LOWI-9.0.0.87.a: [LOWI-Scan] BSS a8:5a:e0:72:36:4c FREQ: 5745, cFreq1[40:80:160] = [5755:5775:0] cFreq2 = 0 Country Code =
10-14 01:25:05.936 1459 2732 D LOWI-9.0.0.87.a: [LOWI-Scan] BSS a8:5a:e0:72:36:4c (wlan0) ASSO: NO AddInfo: 0x0, TSF 0, 00:02:07.643, RSSI: -102, CPL: 127, AGE: 900, SSID Admin_5G, TSFDelta: 0x6ee00cde, TXRate: 0
10-14 01:25:05.937 1459 2732 D LOWI-9.0.0.87.a: [LOWI-Scan]
10-14 01:25:05.937 1459 2732 D LOWI-9.0.0.87.a: [LOWI-Scan] print_bss_handler: Report Probe TSF 127646249 as it greater than Beacon TSF 0
10-14 01:25:05.937 1459 2732 D LOWI-9.0.0.87.a: [LOWI-Scan] decode_rsn_wpa_ie: LOWI_ENCRYPTION_TYPE_WPA_PSK
10-14 01:25:05.937 1459 2732 D LOWI-9.0.0.87.a: [LOWI-Scan] is_qcom_ie, bss_age: 0
10-14 01:25:05.937 1459 2732 D LOWI-9.0.0.87.a: [LOWI-Scan] BSS 2c:61:04:e5:57:3e LOWI_PHY_MODE_11AC_VHT80(10), Beacon Interval: 100, LOWI_ENCRYPTION_TYPE_WPA_PSK 11mcRanging: No, ANQP: No, LCI: No, Civic: No, capability(0x0431): ESS Privacy ShortPreamble ShortSlotTime
10-14 01:25:05.938 1459 2732 D LOWI-9.0.0.87.a: [LOWI-Scan] BSS 2c:61:04:e5:57:3e FREQ: 5745, cFreq1[40:80:160] = [5755:5775:0] cFreq2 = 0 Country Code =
10-14 01:25:05.938 1459 2732 D LOWI-9.0.0.87.a: [LOWI-Scan] BSS 2c:61:04:e5:57:3e (wlan0) ASSO: NO AddInfo: 0x0, TSF 0, 00:02:07.646, RSSI: -104, CPL: 127, AGE: 896, SSID 401, TSFDelta: 0x374b1907, TXRate: 0
10-14 01:25:05.939 1459 2732 D LOWI-9.0.0.87.a: [LOWI-Scan]
10-14 01:25:05.939 1459 2732 D LOWI-9.0.0.87.a: [LOWI-Scan] print_bss_handler: Report Probe TSF 127647164 as it greater than Beacon TSF 117599183
10-14 01:25:05.939 1459 2732 D LOWI-9.0.0.87.a: [LOWI-Scan] decode_rsn_wpa_ie: LOWI_ENCRYPTION_TYPE_WPA_PSK
10-14 01:25:05.939 1459 2732 D LOWI-9.0.0.87.a: [LOWI-Scan] is_qcom_ie, bss_age: 0
10-14 01:25:05.939 1459 2732 D LOWI-9.0.0.87.a: [LOWI-Scan] BSS f4:a4:d6:51:0e:31 LOWI_PHY_MODE_11AC_VHT40(9), Beacon Interval: 100, LOWI_ENCRYPTION_TYPE_WPA_PSK 11mcRanging: No, ANQP: No, LCI: No, Civic: No, capability(0x1511): ESS Privacy SpectrumMgmt ShortSlotTime
10-14 01:25:05.939 1459 2732 D LOWI-9.0.0.87.a: [LOWI-Scan] BSS f4:a4:d6:51:0e:31 FREQ: 5745, cFreq1[40:80:160] = [5755:0:0] cFreq2 = 0 Country Code = CN
10-14 01:25:05.939 1459 2732 D LOWI-9.0.0.87.a: [LOWI-Scan] BSS f4:a4:d6:51:0e:31 (wlan0) ASSO: NO AddInfo: 0x0, TSF 0, 00:02:07.647, RSSI: -160, CPL: 127, AGE: 896, SSID thundercomm, TSFDelta: 0xaa3a31fc, TXRate: 0
10-14 01:25:05.940 1459 2732 D LOWI-9.0.0.87.a: [LOWI-Scan]
10-14 01:25:05.940 1459 2732 D LOWI-9.0.0.87.a: [LOWI-Scan] print_bss_handler: Report Probe TSF 127648554 as it greater than Beacon TSF 127634325
10-14 01:25:05.940 1459 2732 D LOWI-9.0.0.87.a: [LOWI-Scan] decode_rsn_wpa_ie: LOWI_ENCRYPTION_TYPE_WPA_PSK
10-14 01:25:05.941 1459 2732 D LOWI-9.0.0.87.a: [LOWI-Scan] is_qcom_ie, bss_age: 0
10-14 01:25:05.941 1459 2732 D LOWI-9.0.0.87.a: [LOWI-Scan] BSS f4:a4:d6:51:0e:34 LOWI_PHY_MODE_11AC_VHT40(9), Beacon Interval: 100, LOWI_ENCRYPTION_TYPE_WPA_PSK 11mcRanging: No, ANQP: No, LCI: No, Civic: No, capability(0x1511): ESS Privacy SpectrumMgmt ShortSlotTime
10-14 01:25:05.941 1459 2732 D LOWI-9.0.0.87.a: [LOWI-Scan] BSS f4:a4:d6:51:0e:34 FREQ: 5745, cFreq1[40:80:160] = [5755:0:0] cFreq2 = 0 Country Code = CN
10-14 01:25:05.941 1459 2732 D LOWI-9.0.0.87.a: [LOWI-Scan] BSS f4:a4:d6:51:0e:34 (wlan0) ASSO: NO AddInfo: 0x0, TSF 0, 00:02:07.648, RSSI: -160, CPL: 127, AGE: 892, SSID thundersoft, TSFDelta: 0xaa423fc1, TXRate: 0
10-14 01:25:05.942 1459 2732 D LOWI-9.0.0.87.a: [LOWI-Scan]
10-14 01:25:05.942 1459 2732 D LOWI-9.0.0.87.a: [LOWI-Scan] print_bss_handler: Report Probe TSF 127632253 as it greater than Beacon TSF 117598751
10-14 01:25:05.942 1459 2732 D LOWI-9.0.0.87.a: [LOWI-Scan] decode_rsn_wpa_ie: LOWI_ENCRYPTION_TYPE_WPA_PSK
10-14 01:25:05.942 1459 2732 D LOWI-9.0.0.87.a: [LOWI-Scan] is_qcom_ie, bss_age: 0
10-14 01:25:05.942 1459 2732 D LOWI-9.0.0.87.a: [LOWI-Scan] BSS f4:a4:d6:51:0e:30 LOWI_PHY_MODE_11AC_VHT40(9), Beacon Interval: 100, LOWI_ENCRYPTION_TYPE_WPA_PSK 11mcRanging: No, ANQP: No, LCI: No, Civic: No, capability(0x1511): ESS Privacy SpectrumMgmt ShortSlotTime
10-14 01:25:05.942 1459 2732 D LOWI-9.0.0.87.a: [LOWI-Scan] BSS f4:a4:d6:51:0e:30 FREQ: 5745, cFreq1[40:80:160] = [5755:0:0] cFreq2 = 0 Country Code = CN
10-14 01:25:05.942 1459 2732 D LOWI-9.0.0.87.a: [LOWI-Scan] BSS f4:a4:d6:51:0e:30 (wlan0) ASSO: NO AddInfo: 0x0, TSF 0, 00:02:07.632, RSSI: -160, CPL: 127, AGE: 908, SSID guest, TSFDelta: 0xa9a4b68c, TXRate: 0
10-14 01:25:05.943 1459 2732 D LOWI-9.0.0.87.a: [LOWI-Scan]
10-14 01:25:05.943 1459 2732 D LOWI-9.0.0.87.a: [LOWI-Scan] print_bss_handler: Report beacon TSF 127676167 as it greater than probe TSF 117676805
10-14 01:25:05.943 1459 2732 D LOWI-9.0.0.87.a: [LOWI-Scan] decode_rsn_wpa_ie: LOWI_ENCRYPTION_TYPE_WPA_PSK
10-14 01:25:05.944 1459 2732 D LOWI-9.0.0.87.a: [LOWI-Scan] is_qcom_ie, bss_age: 0
10-14 01:25:05.944 1459 2732 D LOWI-9.0.0.87.a: [LOWI-Scan] BSS 5c:02:14:0f:aa:4d LOWI_PHY_MODE_11AC_VHT80(10), Beacon Interval: 100, LOWI_ENCRYPTION_TYPE_WPA_PSK 11mcRanging: No, ANQP: Yes, LCI: No, Civic: No, capability(0x0011): ESS Privacy
10-14 01:25:05.944 1459 2732 D LOWI-9.0.0.87.a: [LOWI-Scan] BSS 5c:02:14:0f:aa:4d FREQ: 5765, cFreq1[40:80:160] = [5755:5775:0] cFreq2 = 0 Country Code = CN
10-14 01:25:05.944 1459 2732 D LOWI-9.0.0.87.a: [LOWI-Scan] BSS 5c:02:14:0f:aa:4d (wlan0) ASSO: NO AddInfo: 0x1, TSF 0, 00:02:07.676, RSSI: -114, CPL: 127, AGE: 864, SSID Redmi_AA4A_5G, TSFDelta: 0x6ec87594, TXRate: 0
10-14 01:25:05.945 1459 2732 D LOWI-9.0.0.87.a: [LOWI-Scan]
10-14 01:25:05.945 1459 2732 D LOWI-9.0.0.87.a: [LOWI-Scan] print_bss_handler: Report Probe TSF 127681281 as it greater than Beacon TSF 0
10-14 01:25:05.945 1459 2732 D LOWI-9.0.0.87.a: [LOWI-Scan] decode_rsn_wpa_ie: LOWI_ENCRYPTION_TYPE_WPA_PSK
10-14 01:25:05.945 1459 2732 D LOWI-9.0.0.87.a: [LOWI-Scan] is_qcom_ie, bss_age: 0
10-14 01:25:05.945 1459 2732 D LOWI-9.0.0.87.a: [LOWI-Scan] BSS bc:54:fc:f0:b4:6a LOWI_PHY_MODE_11AC_VHT80(10), Beacon Interval: 100, LOWI_ENCRYPTION_TYPE_WPA_PSK 11mcRanging: No, ANQP: No, LCI: No, Civic: No, capability(0x0011): ESS Privacy
10-14 01:25:05.945 1459 2732 D LOWI-9.0.0.87.a: [LOWI-Scan] BSS bc:54:fc:f0:b4:6a FREQ: 5765, cFreq1[40:80:160] = [5755:5775:0] cFreq2 = 0 Country Code = CN
10-14 01:25:05.946 1459 2732 D LOWI-9.0.0.87.a: [LOWI-Scan] BSS bc:54:fc:f0:b4:6a (wlan0) ASSO: NO AddInfo: 0x0, TSF 0, 00:02:07.681, RSSI: -92, CPL: 127, AGE: 860, SSID kk5g, TSFDelta: 0x6e142b39, TXRate: 0
10-14 01:25:05.946 1459 2732 D LOWI-9.0.0.87.a: [LOWI-Scan]
10-14 01:25:05.947 1459 2732 D LOWI-9.0.0.87.a: [LOWI-Scan] print_bss_handler: Report Probe TSF 127771395 as it greater than Beacon TSF 107664695
10-14 01:25:05.947 1459 2732 D LOWI-9.0.0.87.a: [LOWI-Scan] decode_rsn_wpa_ie: LOWI_ENCRYPTION_TYPE_WPA_PSK
10-14 01:25:05.947 1459 2732 D LOWI-9.0.0.87.a: [LOWI-Scan] is_qcom_ie, bss_age: 0
10-14 01:25:05.947 1459 2732 D LOWI-9.0.0.87.a: [LOWI-Scan] BSS dc:90:88:31:29:d4 LOWI_PHY_MODE_11AC_VHT80(10), Beacon Interval: 100, LOWI_ENCRYPTION_TYPE_WPA_PSK 11mcRanging: No, ANQP: No, LCI: No, Civic: No, capability(0x0411): ESS Privacy ShortSlotTime
10-14 01:25:05.947 1459 2732 D LOWI-9.0.0.87.a: [LOWI-Scan] BSS dc:90:88:31:29:d4 FREQ: 5785, cFreq1[40:80:160] = [5795:5775:0] cFreq2 = 0 Country Code = CN
10-14 01:25:05.947 1459 2732 D LOWI-9.0.0.87.a: [LOWI-Scan] BSS dc:90:88:31:29:d4 (wlan0) ASSO: NO AddInfo: 0x0, TSF 0, 00:02:07.771, RSSI: -124, CPL: 127, AGE: 772, SSID Admin1, TSFDelta: 0x72e557e4, TXRate: 0
10-14 01:25:05.948 1459 2732 D LOWI-9.0.0.87.a: [LOWI-Scan]
10-14 01:25:05.948 1459 2732 D LOWI-9.0.0.87.a: [LOWI-Scan] print_bss_handler: Report Probe TSF 127729611 as it greater than Beacon TSF 0
10-14 01:25:05.948 1459 2732 D LOWI-9.0.0.87.a: [LOWI-Scan] decode_rsn_wpa_ie: LOWI_ENCRYPTION_TYPE_WPA_PSK
10-14 01:25:05.949 1459 2732 D LOWI-9.0.0.87.a: [LOWI-Scan] is_qcom_ie, bss_age: 0
10-14 01:25:05.949 1459 2732 D LOWI-9.0.0.87.a: [LOWI-Scan] BSS f4:a4:d6:51:0c:90 LOWI_PHY_MODE_11AC_VHT40(9), Beacon Interval: 100, LOWI_ENCRYPTION_TYPE_WPA_PSK 11mcRanging: No, ANQP: No, LCI: No, Civic: No, capability(0x1511): ESS Privacy SpectrumMgmt ShortSlotTime
10-14 01:25:05.949 1459 2732 D LOWI-9.0.0.87.a: [LOWI-Scan] BSS f4:a4:d6:51:0c:90 FREQ: 5785, cFreq1[40:80:160] = [5795:0:0] cFreq2 = 0 Country Code = CN
10-14 01:25:05.949 1459 2732 D LOWI-9.0.0.87.a: [LOWI-Scan] BSS f4:a4:d6:51:0c:90 (wlan0) ASSO: NO AddInfo: 0x0, TSF 0, 00:02:07.729, RSSI: -150, CPL: 127, AGE: 812, SSID guest, TSFDelta: 0x9e5d5949, TXRate: 0
10-14 01:25:05.950 1459 2732 D LOWI-9.0.0.87.a: [LOWI-Scan]
10-14 01:25:05.950 1459 2732 D LOWI-9.0.0.87.a: [LOWI-Scan] print_bss_handler: Report Probe TSF 127730296 as it greater than Beacon TSF 0
10-14 01:25:05.950 1459 2732 D LOWI-9.0.0.87.a: [LOWI-Scan] decode_rsn_wpa_ie: LOWI_ENCRYPTION_TYPE_WPA_PSK
10-14 01:25:05.950 1459 2732 D LOWI-9.0.0.87.a: [LOWI-Scan] is_qcom_ie, bss_age: 0
10-14 01:25:05.950 1459 2732 D LOWI-9.0.0.87.a: [LOWI-Scan] BSS f4:a4:d6:51:0c:91 LOWI_PHY_MODE_11AC_VHT40(9), Beacon Interval: 100, LOWI_ENCRYPTION_TYPE_WPA_PSK 11mcRanging: No, ANQP: No, LCI: No, Civic: No, capability(0x1511): ESS Privacy SpectrumMgmt ShortSlotTime
10-14 01:25:05.950 1459 2732 D LOWI-9.0.0.87.a: [LOWI-Scan] BSS f4:a4:d6:51:0c:91 FREQ: 5785, cFreq1[40:80:160] = [5795:0:0] cFreq2 = 0 Country Code = CN
10-14 01:25:05.950 1459 2732 D LOWI-9.0.0.87.a: [LOWI-Scan] BSS f4:a4:d6:51:0c:91 (wlan0) ASSO: NO AddInfo: 0x0, TSF 0, 00:02:07.730, RSSI: -150, CPL: 127, AGE: 812, SSID thundercomm, TSFDelta: 0x9e61d09a, TXRate: 0
10-14 01:25:05.951 1459 2732 D LOWI-9.0.0.87.a: [LOWI-Scan]
10-14 01:25:05.951 1459 2732 D LOWI-9.0.0.87.a: [LOWI-Scan] print_bss_handler: Report Probe TSF 127771972 as it greater than Beacon TSF 0
10-14 01:25:05.951 1459 2732 D LOWI-9.0.0.87.a: [LOWI-Scan] decode_rsn_wpa_ie: LOWI_ENCRYPTION_TYPE_WPA_PSK
10-14 01:25:05.951 1459 2732 D LOWI-9.0.0.87.a: [LOWI-Scan] is_qcom_ie, bss_age: 0
10-14 01:25:05.952 1459 2732 D LOWI-9.0.0.87.a: [LOWI-Scan] BSS f4:a4:d6:51:0c:94 LOWI_PHY_MODE_11AC_VHT40(9), Beacon Interval: 100, LOWI_ENCRYPTION_TYPE_WPA_PSK 11mcRanging: No, ANQP: No, LCI: No, Civic: No, capability(0x1511): ESS Privacy SpectrumMgmt ShortSlotTime
10-14 01:25:05.952 1459 2732 D LOWI-9.0.0.87.a: [LOWI-Scan] BSS f4:a4:d6:51:0c:94 FREQ: 5785, cFreq1[40:80:160] = [5795:0:0] cFreq2 = 0 Country Code = CN
10-14 01:25:05.952 1459 2732 D LOWI-9.0.0.87.a: [LOWI-Scan] BSS f4:a4:d6:51:0c:94 (wlan0) ASSO: NO AddInfo: 0x0, TSF 0, 00:02:07.771, RSSI: -150, CPL: 127, AGE: 772, SSID thundersoft, TSFDelta: 0x9f11582c, TXRate: 0
10-14 01:25:05.953 1459 2732 D LOWI-9.0.0.87.a: [LOWI-Scan]
10-14 01:25:05.953 1459 2732 D LOWI-9.0.0.87.a: [LOWI-Scan] print_bss_handler: Report Probe TSF 127799721 as it greater than Beacon TSF 0
10-14 01:25:05.953 1459 2732 D LOWI-9.0.0.87.a: [LOWI-Scan] is_qcom_ie, bss_age: 0
10-14 01:25:05.953 1459 2732 D LOWI-9.0.0.87.a: [LOWI-Scan] BSS 04:d9:f5:fb:09:94 LOWI_PHY_MODE_11AC_VHT80(10), Beacon Interval: 100, LOWI_ENCRYPTION_TYPE_OPEN 11mcRanging: No, ANQP: Yes, LCI: No, Civic: No, capability(0x1111): ESS Privacy SpectrumMgmt
10-14 01:25:05.953 1459 2732 D LOWI-9.0.0.87.a: [LOWI-Scan] BSS 04:d9:f5:fb:09:94 FREQ: 5805, cFreq1[40:80:160] = [5795:5775:0] cFreq2 = 0 Country Code = CN
10-14 01:25:05.953 1459 2732 D LOWI-9.0.0.87.a: [LOWI-Scan] BSS 04:d9:f5:fb:09:94 (wlan0) ASSO: NO AddInfo: 0x0, TSF 0, 00:02:07.799, RSSI: -44, CPL: 127, AGE: 744, SSID ASUS_90_5G, TSFDelta: 0x72d3e808, TXRate: 0
10-14 01:25:05.954 1459 2732 D LOWI-9.0.0.87.a: [LOWI-Scan]
10-14 01:25:05.954 1459 2732 D LOWI-9.0.0.87.a: [LOWI-Scan] print_bss_handler: Report beacon TSF 127797811 as it greater than probe TSF 107710846
10-14 01:25:05.954 1459 2732 D LOWI-9.0.0.87.a: [LOWI-Scan] is_qcom_ie, bss_age: 0
10-14 01:25:05.954 1459 2732 D LOWI-9.0.0.87.a: [LOWI-Scan] BSS 34:f7:16:8f:88:0a LOWI_PHY_MODE_11AC_VHT80(10), Beacon Interval: 100, LOWI_ENCRYPTION_TYPE_OPEN 11mcRanging: No, ANQP: No, LCI: No, Civic: No, capability(0x1001): ESS
10-14 01:25:05.954 1459 2732 D LOWI-9.0.0.87.a: [LOWI-Scan] BSS 34:f7:16:8f:88:0a FREQ: 5805, cFreq1[40:80:160] = [5795:5775:0] cFreq2 = 0 Country Code = CN
10-14 01:25:05.954 1459 2732 D LOWI-9.0.0.87.a: [LOWI-Scan] BSS 34:f7:16:8f:88:0a (wlan0) ASSO: NO AddInfo: 0x1, TSF 0, 00:02:07.797, RSSI: -150, CPL: 127, AGE: 744, SSID TP-LINK_8808, TSFDelta: 0x72869428, TXRate: 0
10-14 01:25:05.954 1459 2732 D LOWI-9.0.0.87.a: [LOWI-Scan]
10-14 01:25:05.954 1459 2732 D LOWI-9.0.0.87.a: [LOWI-Scan] print_bss_handler: Report Probe TSF 127800337 as it greater than Beacon TSF 0
10-14 01:25:05.954 1459 2732 D LOWI-9.0.0.87.a: [LOWI-Scan] decode_rsn_wpa_ie: LOWI_ENCRYPTION_TYPE_WPA_PSK
10-14 01:25:05.954 1459 2732 D LOWI-9.0.0.87.a: [LOWI-Scan] is_qcom_ie, bss_age: 0
10-14 01:25:05.954 1459 2732 D LOWI-9.0.0.87.a: [LOWI-Scan] BSS 54:a7:03:c3:2b:60 LOWI_PHY_MODE_11AC_VHT80(10), Beacon Interval: 100, LOWI_ENCRYPTION_TYPE_WPA_PSK 11mcRanging: No, ANQP: No, LCI: No, Civic: No, capability(0x1011): ESS Privacy
10-14 01:25:05.954 1459 2732 D LOWI-9.0.0.87.a: [LOWI-Scan] BSS 54:a7:03:c3:2b:60 FREQ: 5805, cFreq1[40:80:160] = [5795:5775:0] cFreq2 = 0 Country Code = CN
10-14 01:25:05.954 1459 2732 D LOWI-9.0.0.87.a: [LOWI-Scan] BSS 54:a7:03:c3:2b:60 (wlan0) ASSO: NO AddInfo: 0x0, TSF 0, 00:02:07.800, RSSI: -108, CPL: 127, AGE: 740, SSID test666, TSFDelta: 0x72782f7a, TXRate: 0
10-14 01:25:05.954 1459 2732 D LOWI-9.0.0.87.a: [LOWI-Scan]
10-14 01:25:05.954 1459 2732 D LOWI-9.0.0.87.a: [LOWI-Scan] print_bss_handler: Report beacon TSF 127910538 as it greater than probe TSF 127898653
10-14 01:25:05.954 1459 2732 D LOWI-9.0.0.87.a: [LOWI-Scan] decode_rsn_wpa_ie: LOWI_ENCRYPTION_TYPE_WPA_PSK
10-14 01:25:05.954 1459 2732 D LOWI-9.0.0.87.a: [LOWI-Scan] is_qcom_ie, bss_age: 0
10-14 01:25:05.954 1459 2732 D LOWI-9.0.0.87.a: [LOWI-Scan] BSS a8:5a:e0:72:36:48 LOWI_PHY_MODE_11AC_VHT40_2G(12), Beacon Interval: 100, LOWI_ENCRYPTION_TYPE_WPA_PSK 11mcRanging: No, ANQP: No, LCI: No, Civic: No, capability(0x1431): ESS Privacy ShortPreamble ShortSlotTime
10-14 01:25:05.955 1459 2732 D LOWI-9.0.0.87.a: [LOWI-Scan] BSS a8:5a:e0:72:36:48 FREQ: 2437, cFreq1[40:80:160] = [2447:0:0] cFreq2 = 0 Country Code =
10-14 01:25:05.955 1459 2732 D LOWI-9.0.0.87.a: [LOWI-Scan] BSS a8:5a:e0:72:36:48 (wlan0) ASSO: NO AddInfo: 0x1, TSF 0, 00:02:07.910, RSSI: -66, CPL: 127, AGE: 632, SSID llvision_2.4G, TSFDelta: 0x7a310142, TXRate: 0
10-14 01:25:05.955 1459 2732 D LOWI-9.0.0.87.a: [LOWI-Scan]
10-14 01:25:05.955 1459 2732 D LOWI-9.0.0.87.a: [LOWI-Scan] print_bss_handler: Report Probe TSF 117924640 as it greater than Beacon TSF 107725701
10-14 01:25:05.955 1459 2732 D LOWI-9.0.0.87.a: [LOWI-Scan] decode_rsn_wpa_ie: LOWI_ENCRYPTION_TYPE_WPA_PSK
10-14 01:25:05.955 1459 2732 D LOWI-9.0.0.87.a: [LOWI-Scan] is_qcom_ie, bss_age: 0
10-14 01:25:05.955 1459 2732 D LOWI-9.0.0.87.a: [LOWI-Scan] adjust_age:AP AGE upper limit reached. Dont store
10-14 01:25:05.955 1459 2732 D LOWI-9.0.0.87.a: [LOWI-Scan] BSS 94:d0:0d:67:64:78 LOWI_PHY_MODE_11NG_HT20(5), Beacon Interval: 100, LOWI_ENCRYPTION_TYPE_WPA_PSK 11mcRanging: No, ANQP: No, LCI: No, Civic: No, capability(0x1431): ESS Privacy ShortPreamble ShortSlotTime
10-14 01:25:05.955 1459 2732 D LOWI-9.0.0.87.a: [LOWI-Scan] BSS 94:d0:0d:67:64:78 FREQ: 2437, cFreq1[40:80:160] = [0:0:0] cFreq2 = 0 Country Code = CN
10-14 01:25:05.955 1459 2732 D LOWI-9.0.0.87.a: [LOWI-Scan] BSS 94:d0:0d:67:64:78 (wlan0) ASSO: NO AddInfo: 0x0, TSF 0, 00:01:57.924, RSSI: -98, CPL: 127, AGE: 10616, SSID Visional, TSFDelta: 0x466e9d9f, TXRate: 0
10-14 01:25:05.955 1132 1759 W IE_Capabilities: Unknown RSN cipher suite: 6ac0f00
10-14 01:25:05.955 1459 2732 D LOWI-9.0.0.87.a: [LOWI-Scan]
10-14 01:25:05.955 1459 2732 D LOWI-9.0.0.87.a: [LOWI-Scan] print_bss_handler: Report Probe TSF 117926993 as it greater than Beacon TSF 0
10-14 01:25:05.955 1459 2732 D LOWI-9.0.0.87.a: [LOWI-Scan] decode_rsn_wpa_ie: LOWI_ENCRYPTION_TYPE_WPA_PSK
10-14 01:25:05.955 1459 2732 D LOWI-9.0.0.87.a: [LOWI-Scan] is_qcom_ie, bss_age: 0
10-14 01:25:05.955 1459 2732 D LOWI-9.0.0.87.a: [LOWI-Scan] adjust_age:AP AGE upper limit reached. Dont store
10-14 01:25:05.955 1459 2732 D LOWI-9.0.0.87.a: [LOWI-Scan] BSS ec:26:ca:af:36:19 LOWI_PHY_MODE_11NG_HT20(5), Beacon Interval: 100, LOWI_ENCRYPTION_TYPE_WPA_PSK 11mcRanging: No, ANQP: No, LCI: No, Civic: No, capability(0x0031): ESS Privacy ShortPreamble
10-14 01:25:05.955 1459 2732 D LOWI-9.0.0.87.a: [LOWI-Scan] BSS ec:26:ca:af:36:19 FREQ: 2437, cFreq1[40:80:160] = [2437:0:0] cFreq2 = 0 Country Code =
10-14 01:25:05.955 1459 2732 D LOWI-9.0.0.87.a: [LOWI-Scan] BSS ec:26:ca:af:36:19 (wlan0) ASSO: NO AddInfo: 0x0, TSF 0, 00:01:57.926, RSSI: -68, CPL: 127, AGE: 10616, SSID TP-LINK_TEST2.4, TSFDelta: 0x77d7077b, TXRate: 0
10-14 01:25:05.956 1132 1759 D WificondScannerImpl: Filtering out 10 scan results.
10-14 01:25:05.956 1459 2732 D LOWI-9.0.0.87.a: [LOWI-Scan]
10-14 01:25:05.956 1459 2732 D LOWI-9.0.0.87.a: [LOWI-Scan] print_bss_handler: Report Probe TSF 127894441 as it greater than Beacon TSF 117895643
10-14 01:25:05.956 1459 2732 D LOWI-9.0.0.87.a: [LOWI-Scan] decode_rsn_wpa_ie: LOWI_ENCRYPTION_TYPE_WPA_PSK
10-14 01:25:05.956 1459 2732 D LOWI-9.0.0.87.a: [LOWI-Scan] is_qcom_ie, bss_age: 0
10-14 01:25:05.956 1459 2732 D LOWI-9.0.0.87.a: [LOWI-Scan] BSS ca:5a:cf:d5:28:a0 LOWI_PHY_MODE_11NG_HT20(5), Beacon Interval: 100, LOWI_ENCRYPTION_TYPE_WPA_PSK 11mcRanging: No, ANQP: No, LCI: No, Civic: No, capability(0x0431): ESS Privacy ShortPreamble ShortSlotTime
10-14 01:25:05.956 1459 2732 D LOWI-9.0.0.87.a: [LOWI-Scan] BSS ca:5a:cf:d5:28:a0 FREQ: 2437, cFreq1[40:80:160] = [0:0:0] cFreq2 = 0 Country Code =
10-14 01:25:05.956 1459 2732 D LOWI-9.0.0.87.a: [LOWI-Scan] BSS ca:5a:cf:d5:28:a0 (wlan0) ASSO: NO AddInfo: 0x0, TSF 0, 00:02:07.894, RSSI: -120, CPL: 127, AGE: 648, SSID DIRECT-A0-HP , TSFDelta: 0x70d58fa5, TXRate: 0
10-14 01:25:05.956 1459 2732 D LOWI-9.0.0.87.a: [LOWI-Scan]
10-14 01:25:05.956 1459 2732 D LOWI-9.0.0.87.a: [LOWI-Scan] print_bss_handler: Report beacon TSF 127802576 as it greater than probe TSF 127802576
10-14 01:25:05.956 1459 2732 D LOWI-9.0.0.87.a: [LOWI-Scan] decode_rsn_wpa_ie: LOWI_ENCRYPTION_TYPE_WPA_PSK
10-14 01:25:05.956 1459 2732 D LOWI-9.0.0.87.a: [LOWI-Scan] is_qcom_ie, bss_age: 0
10-14 01:25:05.956 1459 2732 D LOWI-9.0.0.87.a: [LOWI-Scan] BSS 36:f7:16:af:88:0a LOWI_PHY_MODE_11AC_VHT80(10), Beacon Interval: 100, LOWI_ENCRYPTION_TYPE_WPA_PSK 11mcRanging: No, ANQP: No, LCI: No, Civic: No, capability(0x0011): ESS Privacy
10-14 01:25:05.956 1459 2732 D LOWI-9.0.0.87.a: [LOWI-Scan] BSS 36:f7:16:af:88:0a FREQ: 5805, cFreq1[40:80:160] = [5795:5775:0] cFreq2 = 0 Country Code = CN
10-14 01:25:05.956 1459 2732 D LOWI-9.0.0.87.a: [LOWI-Scan] BSS 36:f7:16:af:88:0a (wlan0) ASSO: NO AddInfo: 0x1, TSF 0, 00:02:07.802, RSSI: -150, CPL: 127, AGE: 740, SSID , TSFDelta: 0x71a2d5ab, TXRate: 0
10-14 01:25:05.957 1459 2732 D LOWI-9.0.0.87.a: [LOWI-Scan]
10-14 01:25:05.957 1459 2732 D LOWI-9.0.0.87.a: [LOWI-Scan] print_bss_handler: Report Probe TSF 127981459 as it greater than Beacon TSF 127938858
10-14 01:25:05.957 1459 2732 D LOWI-9.0.0.87.a: [LOWI-Scan] decode_rsn_wpa_ie: LOWI_ENCRYPTION_TYPE_WPA_PSK
10-14 01:25:05.957 1459 2732 D LOWI-9.0.0.87.a: [LOWI-Scan] is_qcom_ie, bss_age: 0
10-14 01:25:05.957 1459 2732 D LOWI-9.0.0.87.a: [LOWI-Scan] BSS f4:a4:d6:51:0d:94 LOWI_PHY_MODE_11AC_VHT40(9), Beacon Interval: 100, LOWI_ENCRYPTION_TYPE_WPA_PSK 11mcRanging: No, ANQP: No, LCI: No, Civic: No, capability(0x1511): ESS Privacy SpectrumMgmt ShortSlotTime
10-14 01:25:05.957 1459 2732 D LOWI-9.0.0.87.a: [LOWI-Scan] BSS f4:a4:d6:51:0d:94 FREQ: 5260, cFreq1[40:80:160] = [5270:0:0] cFreq2 = 0 Country Code = CN
10-14 01:25:05.957 1459 2732 D LOWI-9.0.0.87.a: [LOWI-Scan] BSS f4:a4:d6:51:0d:94 (wlan0) ASSO: NO AddInfo: 0x0, TSF 0, 00:02:07.981, RSSI: -118, CPL: 127, AGE: 560, SSID thundersoft, TSFDelta: 0x2494de2c, TXRate: 0
10-14 01:25:05.957 1459 2732 D LOWI-9.0.0.87.a: [LOWI-Scan]
10-14 01:25:05.957 1459 2732 D LOWI-9.0.0.87.a: [LOWI-Scan] print_bss_handler: Report Probe TSF 127980207 as it greater than Beacon TSF 127974544
10-14 01:25:05.957 1459 2732 D LOWI-9.0.0.87.a: [LOWI-Scan] decode_rsn_wpa_ie: LOWI_ENCRYPTION_TYPE_WPA_PSK
10-14 01:25:05.957 1459 2732 D LOWI-9.0.0.87.a: [LOWI-Scan] is_qcom_ie, bss_age: 0
10-14 01:25:05.957 1459 2732 D LOWI-9.0.0.87.a: [LOWI-Scan] BSS f4:a4:d6:51:0d:50 LOWI_PHY_MODE_11AC_VHT40(9), Beacon Interval: 100, LOWI_ENCRYPTION_TYPE_WPA_PSK 11mcRanging: No, ANQP: No, LCI: No, Civic: No, capability(0x1511): ESS Privacy SpectrumMgmt ShortSlotTime
10-14 01:25:05.957 1459 2732 D LOWI-9.0.0.87.a: [LOWI-Scan] BSS f4:a4:d6:51:0d:50 FREQ: 5260, cFreq1[40:80:160] = [5270:0:0] cFreq2 = 0 Country Code = CN
10-14 01:25:05.957 1459 2732 D LOWI-9.0.0.87.a: [LOWI-Scan] BSS f4:a4:d6:51:0d:50 (wlan0) ASSO: NO AddInfo: 0x0, TSF 0, 00:02:07.980, RSSI: -140, CPL: 127, AGE: 560, SSID guest, TSFDelta: 0xb448dbb5, TXRate: 0
10-14 01:25:05.958 1459 2732 D LOWI-9.0.0.87.a: [LOWI-Scan]
10-14 01:25:05.958 1459 2732 D LOWI-9.0.0.87.a: [LOWI-Scan] print_bss_handler: Report Probe TSF 127977959 as it greater than Beacon TSF 127937912
10-14 01:25:05.958 1459 2732 D LOWI-9.0.0.87.a: [LOWI-Scan] decode_rsn_wpa_ie: LOWI_ENCRYPTION_TYPE_WPA_PSK
10-14 01:25:05.958 1459 2732 D LOWI-9.0.0.87.a: [LOWI-Scan] is_qcom_ie, bss_age: 0
10-14 01:25:05.958 1459 2732 D LOWI-9.0.0.87.a: [LOWI-Scan] BSS f4:a4:d6:51:0d:90 LOWI_PHY_MODE_11AC_VHT40(9), Beacon Interval: 100, LOWI_ENCRYPTION_TYPE_WPA_PSK 11mcRanging: No, ANQP: No, LCI: No, Civic: No, capability(0x1511): ESS Privacy SpectrumMgmt ShortSlotTime
10-14 01:25:05.958 1459 2732 D LOWI-9.0.0.87.a: [LOWI-Scan] BSS f4:a4:d6:51:0d:90 FREQ: 5260, cFreq1[40:80:160] = [5270:0:0] cFreq2 = 0 Country Code = CN
10-14 01:25:05.958 1459 2732 D LOWI-9.0.0.87.a: [LOWI-Scan] BSS f4:a4:d6:51:0d:90 (wlan0) ASSO: NO AddInfo: 0x0, TSF 0, 00:02:07.977, RSSI: -116, CPL: 127, AGE: 564, SSID guest, TSFDelta: 0x24875c5a, TXRate: 0
10-14 01:25:05.958 1459 2732 D LOWI-9.0.0.87.a: [LOWI-Scan]
10-14 01:25:05.958 1459 2732 D LOWI-9.0.0.87.a: [LOWI-Scan] print_bss_handler: Report Probe TSF 127978909 as it greater than Beacon TSF 127936437
10-14 01:25:05.958 1459 2732 D LOWI-9.0.0.87.a: [LOWI-Scan] decode_rsn_wpa_ie: LOWI_ENCRYPTION_TYPE_WPA_PSK
10-14 01:25:05.958 1459 2732 D LOWI-9.0.0.87.a: [LOWI-Scan] is_qcom_ie, bss_age: 0
10-14 01:25:05.958 1459 2732 D LOWI-9.0.0.87.a: [LOWI-Scan] BSS f4:a4:d6:51:0d:91 LOWI_PHY_MODE_11AC_VHT40(9), Beacon Interval: 100, LOWI_ENCRYPTION_TYPE_WPA_PSK 11mcRanging: No, ANQP: No, LCI: No, Civic: No, capability(0x1511): ESS Privacy SpectrumMgmt ShortSlotTime
10-14 01:25:05.958 1459 2732 D LOWI-9.0.0.87.a: [LOWI-Scan] BSS f4:a4:d6:51:0d:91 FREQ: 5260, cFreq1[40:80:160] = [5270:0:0] cFreq2 = 0 Country Code = CN
10-14 01:25:05.958 1459 2732 D LOWI-9.0.0.87.a: [LOWI-Scan] BSS f4:a4:d6:51:0d:91 (wlan0) ASSO: NO AddInfo: 0x0, TSF 0, 00:02:07.978, RSSI: -116, CPL: 127, AGE: 564, SSID thundercomm, TSFDelta: 0x248c83ea, TXRate: 0
10-14 01:25:05.959 1459 2732 D LOWI-9.0.0.87.a: [LOWI-Scan]
10-14 01:25:05.959 1459 2732 D LOWI-9.0.0.87.a: [LOWI-Scan] print_bss_handler: Report Probe TSF 127981892 as it greater than Beacon TSF 127973578
10-14 01:25:05.959 1459 2732 D LOWI-9.0.0.87.a: [LOWI-Scan] decode_rsn_wpa_ie: LOWI_ENCRYPTION_TYPE_WPA_PSK
10-14 01:25:05.959 1459 2732 D LOWI-9.0.0.87.a: [LOWI-Scan] is_qcom_ie, bss_age: 0
10-14 01:25:05.959 1459 2732 D LOWI-9.0.0.87.a: [LOWI-Scan] BSS f4:a4:d6:51:0d:51 LOWI_PHY_MODE_11AC_VHT40(9), Beacon Interval: 100, LOWI_ENCRYPTION_TYPE_WPA_PSK 11mcRanging: No, ANQP: No, LCI: No, Civic: No, capability(0x1511): ESS Privacy SpectrumMgmt ShortSlotTime
10-14 01:25:05.959 1459 2732 D LOWI-9.0.0.87.a: [LOWI-Scan] BSS f4:a4:d6:51:0d:51 FREQ: 5260, cFreq1[40:80:160] = [5270:0:0] cFreq2 = 0 Country Code = CN
10-14 01:25:05.959 1459 2732 D LOWI-9.0.0.87.a: [LOWI-Scan] BSS f4:a4:d6:51:0d:51 (wlan0) ASSO: NO AddInfo: 0x0, TSF 0, 00:02:07.981, RSSI: -140, CPL: 127, AGE: 560, SSID thundercomm, TSFDelta: 0xb4512598, TXRate: 0
10-14 01:25:05.959 1459 2732 D LOWI-9.0.0.87.a: [LOWI-Scan]
10-14 01:25:05.959 1459 2732 D LOWI-9.0.0.87.a: [LOWI-Scan] print_bss_handler: Report Probe TSF 127982326 as it greater than Beacon TSF 127976430
10-14 01:25:05.959 1459 2732 D LOWI-9.0.0.87.a: [LOWI-Scan] decode_rsn_wpa_ie: LOWI_ENCRYPTION_TYPE_WPA_PSK
10-14 01:25:05.959 1459 2732 D LOWI-9.0.0.87.a: [LOWI-Scan] is_qcom_ie, bss_age: 0
10-14 01:25:05.959 1459 2732 D LOWI-9.0.0.87.a: [LOWI-Scan] BSS f4:a4:d6:51:0d:54 LOWI_PHY_MODE_11AC_VHT40(9), Beacon Interval: 100, LOWI_ENCRYPTION_TYPE_WPA_PSK 11mcRanging: No, ANQP: No, LCI: No, Civic: No, capability(0x1511): ESS Privacy SpectrumMgmt ShortSlotTime
10-14 01:25:05.959 1459 2732 D LOWI-9.0.0.87.a: [LOWI-Scan] BSS f4:a4:d6:51:0d:54 FREQ: 5260, cFreq1[40:80:160] = [5270:0:0] cFreq2 = 0 Country Code = CN
10-14 01:25:05.959 1459 2732 D LOWI-9.0.0.87.a: [LOWI-Scan] BSS f4:a4:d6:51:0d:54 (wlan0) ASSO: NO AddInfo: 0x0, TSF 0, 00:02:07.982, RSSI: -138, CPL: 127, AGE: 560, SSID thundersoft, TSFDelta: 0xb4577d7d, TXRate: 0
10-14 01:25:05.959 1459 2732 D LOWI-9.0.0.87.a: [LOWI-Scan]
10-14 01:25:05.959 1459 2732 D LOWI-9.0.0.87.a: [LOWI-Scan] print_bss_handler: Report Probe TSF 128345755 as it greater than Beacon TSF 128318701
10-14 01:25:05.959 1459 2732 D LOWI-9.0.0.87.a: [LOWI-Scan] decode_rsn_wpa_ie: LOWI_ENCRYPTION_TYPE_WPA_PSK
10-14 01:25:05.959 1459 2732 D LOWI-9.0.0.87.a: [LOWI-Scan] is_qcom_ie, bss_age: 0
