10-14 01:23:40.703 1132 1132 D CompatibilityChangeReporter: Compat change id reported: 157233955; UID 1000; state: ENABLED
10-14 01:23:40.715 1132 1132 D SystemServerTiming: StartNotificationManager took to complete: 51ms
10-14 01:23:40.715 1132 1132 I SystemServerTiming: StartDeviceMonitor
10-14 01:23:40.715 1132 1132 I SystemServiceManager: Starting com.android.server.storage.DeviceStorageMonitorService
10-14 01:23:40.717 1132 1132 D SystemServerTiming: StartDeviceMonitor took to complete: 2ms
10-14 01:23:40.718 1132 1132 I SystemServerTiming: StartLocationManagerService
10-14 01:23:40.718 1132 1132 I SystemServiceManager: Starting com.android.server.location.LocationManagerService$Lifecycle
01-01 08:00:50.984 0 0 I qcom_rpmh DRV: apps_rsc TCS Busy, retrying RPMH message send: addr=0x30080
01-01 08:00:50.988 0 0 E : [MAX975X:max96755x_drm_notifier_callback] *ERROR* receives EARLY_BLANK:UNBLANK
01-01 08:00:50.997 0 0 I cyttsp7_i2c_adapter 0-0024: FB event:2,blank:0
01-01 08:00:50.997 0 0 I cyttsp7_i2c_adapter 0-0024: suspend: event = 2, blank = 0, not care
01-01 08:00:50.997 0 0 I [drm:dsi_display_set_mode] [msm-dsi-info]: mdp_transfer_time_us=0 us
01-01 08:00:50.997 0 0 I [drm:dsi_display_set_mode] [msm-dsi-info]: hactive= 2380,vactive= 1020,fps=60
01-01 08:00:50.998 0 0 I [drm:dsi_ctrl_isr_configure] [msm-dsi-info]: dsi-ctrl-0: IRQ 402 registered
10-14 01:23:40.747 1132 1132 D SystemServerTiming: StartLocationManagerService took to complete: 29ms
10-14 01:23:40.747 1132 1132 I SystemServerTiming: StartCountryDetectorService
10-14 01:23:40.749 1132 1132 D SystemServerTiming: StartCountryDetectorService took to complete: 2ms
10-14 01:23:40.749 1132 1132 I SystemServerTiming: StartTimeDetectorService
10-14 01:23:40.749 1132 1132 I SystemServiceManager: Starting com.android.server.timedetector.TimeDetectorService$Lifecycle
10-14 01:23:40.751 1132 1132 D SystemServerTiming: StartTimeDetectorService took to complete: 2ms
10-14 01:23:40.751 1132 1132 I SystemServerTiming: StartTimeZoneDetectorService
10-14 01:23:40.751 1132 1132 I SystemServiceManager: Starting com.android.server.timezonedetector.TimeZoneDetectorService$Lifecycle
10-14 01:23:40.753 1132 1132 D SystemServerTiming: StartTimeZoneDetectorService took to complete: 1ms
10-14 01:23:40.753 1132 1132 I SystemServerTiming: StartLocationTimeZoneManagerService
10-14 01:23:40.753 1132 1132 I SystemServiceManager: Starting com.android.server.timezonedetector.location.LocationTimeZoneManagerService$Lifecycle
10-14 01:23:40.754 1132 1132 D SystemServerTiming: StartLocationTimeZoneManagerService took to complete: 2ms
10-14 01:23:40.754 1132 1132 I SystemServerTiming: StartSearchManagerService
10-14 01:23:40.754 1132 1132 I SystemServiceManager: Starting com.android.server.search.SearchManagerService$Lifecycle
10-14 01:23:40.755 1132 1132 D SystemServerTiming: StartSearchManagerService took to complete: 1ms
10-14 01:23:40.755 1132 1132 I SystemServerTiming: StartWallpaperManagerService
10-14 01:23:40.755 1132 1132 I SystemServiceManager: Starting com.android.server.wallpaper.WallpaperManagerService$Lifecycle
10-14 01:23:40.757 1132 1132 D SystemServerTiming: StartWallpaperManagerService took to complete: 2ms
10-14 01:23:40.757 1132 1132 I SystemServerTiming: StartAudioService
10-14 01:23:40.757 1132 1132 I SystemServiceManager: Starting com.android.server.audio.AudioService$Lifecycle
01-01 08:00:51.027 0 0 E : msm_pcm_volume_ctl_get substream not found
01-01 08:00:51.031 0 0 I IPv6 : ADDRCONF(NETDEV_UP): vlan11: link is not ready
01-01 08:00:51.071 0 0 E : [drm:dsi_display_set_backlight] *ERROR* [msm-dsi-error]: unable to set backlight
01-01 08:00:51.076 0 0 E : msm_qti_pp_get_rms_value_control, back not active to query rms be_idx:3
01-01 08:00:51.080 0 0 E : [MAX975X:max96755x_drm_notifier_callback] *ERROR* receives BLANK:UNBLANK
01-01 08:00:51.099 0 0 I cyttsp7_i2c_adapter 0-0024: FB event:1,blank:0
01-01 08:00:51.099 0 0 I cyttsp7_i2c_adapter 0-0024: drm_notifier_callback: UNBLANK! Resume by drm notifier.
01-01 08:00:51.106 0 0 I core_get_license_status: cmdrsp_license_result.result = 0x15 for module 0x131ff
01-01 08:00:51.108 0 0 E msm_ext_disp_update_audio_ops: Display not found (EXT_DISPLAY_TYPE_DP) ctld (0) stream (0)
01-01 08:00:51.119 0 0 E msm_ext_disp_update_audio_ops: Display not found (EXT_DISPLAY_TYPE_HDMI) ctld (0) stream (0)
01-01 08:00:51.129 0 0 E msm_ext_disp_update_audio_ops: Display not found (EXT_DISPLAY_TYPE_DP) ctld (0) stream (0)
01-01 08:00:51.139 0 0 E msm_ext_disp_update_audio_ops: Display not found (EXT_DISPLAY_TYPE_DP) ctld (0) stream (0)
01-01 08:00:51.154 0 0 E msm_ext_disp_update_audio_ops: Display not found (EXT_DISPLAY_TYPE_DP) ctld (0) stream (0)
01-01 08:00:51.164 0 0 E msm-ext-disp-audio-codec-rx soc: qcom,msm-ext-disp:qcom,msm-ext-disp-audio-codec-rx: msm_ext_disp_audio_type_get: get_audio_edid_blk() or get_intf_id is NULL
01-01 08:00:51.180 0 0 E msm_ext_disp_update_audio_ops: Display not found (EXT_DISPLAY_TYPE_DP) ctld (0) stream (0)
01-01 08:00:51.190 0 0 E msm-ext-disp-audio-codec-rx soc: qcom,msm-ext-disp:qcom,msm-ext-disp-audio-codec-rx: msm_ext_disp_audio_type_get: get_audio_edid_blk() or get_intf_id is NULL
01-01 08:00:51.206 0 0 E msm_ext_disp_update_audio_ops: Display not found (EXT_DISPLAY_TYPE_DP) ctld (0) stream (0)
01-01 08:00:51.216 0 0 E msm-ext-disp-audio-codec-rx soc: qcom,msm-ext-disp:qcom,msm-ext-disp-audio-codec-rx: msm_ext_disp_audio_type_get: get_audio_edid_blk() or get_intf_id is NULL
01-01 08:00:51.234 0 0 E msm-ext-disp-audio-codec-rx soc: qcom,msm-ext-disp:qcom,msm-ext-disp-audio-codec-rx: msm_ext_disp_audio_device_get: invalid dai id: 4
01-01 08:00:51.310 0 0 E : msm_pcm_volume_ctl_get substream not found
10-14 01:23:41.276 1132 1215 W BackgroundDexOptService: SysProp pm.dexopt.downgrade_after_inactive_days not set
01-01 08:00:51.786 0 0 D : mv2112_read_status
01-01 08:00:51.786 0 0 D mv2112_update_link: 3.0x901(1G): 0x4
01-01 08:00:51.786 0 0 D mv2112_update_link: 3.0x8109(100M): 0x8
01-01 08:00:51.786 0 0 D mv2112_update_link: link 0x4
01-01 08:00:51.786 0 0 D mv2112_read_status: autoneg is disabled
01-01 08:00:51.786 0 0 I lan743x 0001: 01:00.0 eth0: Link is Up - 1Gbps/Full - flow control off
01-01 08:00:51.786 0 0 I IPv6 : ADDRCONF(NETDEV_CHANGE): eth0: link becomes ready
01-01 08:00:51.795 0 0 I IPv6 : ADDRCONF(NETDEV_CHANGE): vlan0: link becomes ready
01-01 08:00:51.796 0 0 I IPv6 : ADDRCONF(NETDEV_CHANGE): vlan1: link becomes ready
01-01 08:00:51.800 0 0 I IPv6 : ADDRCONF(NETDEV_CHANGE): vlan2: link becomes ready
01-01 08:00:51.801 0 0 I IPv6 : ADDRCONF(NETDEV_CHANGE): vlan4: link becomes ready
01-01 08:00:51.805 0 0 I IPv6 : ADDRCONF(NETDEV_CHANGE): vlan8: link becomes ready
01-01 08:00:51.807 0 0 I IPv6 : ADDRCONF(NETDEV_CHANGE): vlan11: link becomes ready
10-14 01:23:41.799 1132 1164 V HistoricalRegistry: Interaction before persistence initialized
10-14 01:23:41.911 1132 1132 D SystemServerTiming: StartAudioService took to complete: 1154ms
10-14 01:23:41.911 1132 1132 I SystemServerTiming: StartSoundTriggerMiddlewareService
10-14 01:23:41.912 1132 1132 I SystemServiceManager: Starting com.android.server.soundtrigger_middleware.SoundTriggerMiddlewareService$Lifecycle
10-14 01:23:41.917 1132 1132 D SystemServerTiming: StartSoundTriggerMiddlewareService took to complete: 6ms
10-14 01:23:41.917 1132 1132 I SystemServerTiming: StartDockObserver
10-14 01:23:41.917 1132 1132 I SystemServiceManager: Starting com.android.server.DockObserver
10-14 01:23:41.918 1132 1132 W DockObserver: This kernel does not have dock station support
10-14 01:23:41.918 1132 1132 D SystemServerTiming: StartDockObserver took to complete: 1ms
10-14 01:23:41.918 1132 1132 I SystemServerTiming: StartWiredAccessoryManager
10-14 01:23:41.919 1132 1132 W WiredAccessoryManager: This kernel does not have usb audio support
10-14 01:23:41.919 1132 1132 W WiredAccessoryManager: This kernel does not have HDMI audio support
10-14 01:23:41.920 1132 1132 E WiredAccessoryManager: file /sys/devices/platform/soc/soc:qcom,msm-ext-disp/extcon/extcon3/name not found
10-14 01:23:41.920 1132 1132 W WiredAccessoryManager: Conn soc:qcom,msm-ext-disp/3/0 does not have DP audio support
10-14 01:23:41.920 1132 1132 E WiredAccessoryManager: file /sys/devices/platform/soc/soc:qcom,msm-ext-disp/extcon/extcon2/name not found
10-14 01:23:41.920 1132 1132 W WiredAccessoryManager: Conn soc:qcom,msm-ext-disp/2/0 does not have DP audio support
10-14 01:23:41.921 1132 1132 E WiredAccessoryManager: set dev_index 1
10-14 01:23:41.922 1132 1132 W WiredAccessoryManager: checkCableIndex set cable 0
10-14 01:23:41.922 1132 1132 E WiredAccessoryManager: set dev_index 0
10-14 01:23:41.923 1132 1132 W WiredAccessoryManager: checkCableIndex set cable 0
10-14 01:23:41.923 1132 1132 D SystemServerTiming: StartWiredAccessoryManager took to complete: 5ms
10-14 01:23:41.923 1132 1132 I SystemServerTiming: StartMidiManager
10-14 01:23:41.923 1132 1132 I SystemServiceManager: Starting com.android.server.midi.MidiService$Lifecycle
10-14 01:23:41.924 1132 1132 D SystemServerTiming: StartMidiManager took to complete: 1ms
10-14 01:23:41.924 1132 1132 I SystemServerTiming: StartAdbService
10-14 01:23:41.924 1132 1132 I SystemServiceManager: Starting com.android.server.adb.AdbService$Lifecycle
10-14 01:23:41.925 1132 1132 D SystemServerTiming: StartAdbService took to complete: 1ms
10-14 01:23:41.925 1132 1132 I SystemServerTiming: StartUsbService
10-14 01:23:41.925 1132 1132 I SystemServiceManager: Starting com.android.server.usb.UsbService$Lifecycle
10-14 01:23:41.926 1132 1132 D SystemServerTiming: StartUsbService took to complete: 0ms
10-14 01:23:41.926 1132 1132 I SystemServerTiming: StartSerialService
10-14 01:23:41.926 1132 1221 I SystemServerTimingAsync: InitThreadPoolExec:UsbService$Lifecycle#onStart
10-14 01:23:41.926 1132 1221 D SystemServerInitThreadPool: Started executing UsbService$Lifecycle#onStart
10-14 01:23:41.926 1132 1132 D SystemServerTiming: StartSerialService took to complete: 0ms
10-14 01:23:41.926 1132 1132 I SystemServerTiming: StartHardwarePropertiesManagerService
10-14 01:23:41.927 1132 1221 E UsbDeviceManager: failed to write to /sys/class/android_usb/android0/f_rndis/ethaddr
10-14 01:23:41.928 1132 1221 I UsbDeviceManager: USB GADGET HAL not present in the device
10-14 01:23:41.928 1132 1221 I UsbDeviceManager: java.util.NoSuchElementException
10-14 01:23:41.928 1132 1221 I UsbDeviceManager: at android.os.HwBinder.getService(Native Method)
10-14 01:23:41.928 1132 1221 I UsbDeviceManager: at android.hardware.usb.gadget.V1_0.IUsbGadget.getService(IUsbGadget.java:57)
10-14 01:23:41.928 1132 1221 I UsbDeviceManager: at android.hardware.usb.gadget.V1_0.IUsbGadget.getService(IUsbGadget.java:64)
10-14 01:23:41.928 1132 1221 I UsbDeviceManager: at com.android.server.usb.UsbDeviceManager.(UsbDeviceManager.java:293)
10-14 01:23:41.928 1132 1221 I UsbDeviceManager: at com.android.server.usb.UsbService.(UsbService.java:178)
10-14 01:23:41.928 1132 1221 I UsbDeviceManager: at com.android.server.usb.UsbService$Lifecycle.lambda$onStart$0$UsbService$Lifecycle(UsbService.java:92)
10-14 01:23:41.928 1132 1221 I UsbDeviceManager: at com.android.server.usb.UsbService$Lifecycle$$ExternalSyntheticLambda1.run(Unknown Source:2)
10-14 01:23:41.928 1132 1221 I UsbDeviceManager: at com.android.server.SystemServerInitThreadPool.lambda$submitTask$0$SystemServerInitThreadPool(SystemServerInitThreadPool.java:105)
10-14 01:23:41.928 1132 1221 I UsbDeviceManager: at com.android.server.SystemServerInitThreadPool$$ExternalSyntheticLambda0.run(Unknown Source:6)
10-14 01:23:41.928 1132 1221 I UsbDeviceManager: at java.util.concurrent.Executors$RunnableAdapter.call(Executors.java:462)
10-14 01:23:41.928 1132 1221 I UsbDeviceManager: at java.util.concurrent.FutureTask.run(FutureTask.java:266)
10-14 01:23:41.928 1132 1221 I UsbDeviceManager: at java.util.concurrent.ThreadPoolExecutor.runWorker(ThreadPoolExecutor.java:1167)
10-14 01:23:41.928 1132 1221 I UsbDeviceManager: at java.util.concurrent.ThreadPoolExecutor$Worker.run(ThreadPoolExecutor.java:641)
10-14 01:23:41.928 1132 1221 I UsbDeviceManager: at com.android.internal.util.ConcurrentUtils$1$1.run(ConcurrentUtils.java:65)
10-14 01:23:41.928 1132 1221 E UsbDeviceManager: Failed to open control for mtp
10-14 01:23:41.928 1132 1221 E UsbDeviceManager: Failed to open control for ptp
10-14 01:23:41.929 1132 1132 D SystemServerTiming: StartHardwarePropertiesManagerService took to complete: 3ms
10-14 01:23:41.929 1132 1132 I SystemServerTiming: StartTwilightService
10-14 01:23:41.929 1132 1132 I SystemServiceManager: Starting com.android.server.twilight.TwilightService
10-14 01:23:41.929 1132 1132 D SystemServerTiming: StartTwilightService took to complete: 0ms
10-14 01:23:41.929 1132 1132 I SystemServerTiming: StartColorDisplay
10-14 01:23:41.930 1132 1132 I SystemServiceManager: Starting com.android.server.display.color.ColorDisplayService
10-14 01:23:41.930 1132 1221 W StorageManagerService: No primary storage defined yet; hacking together a stub
01-01 08:00:52.185 0 0 I : acc_open
01-01 08:00:52.185 0 0 I : acc_release
10-14 01:23:41.933 1132 1132 D SystemServerTiming: StartColorDisplay took to complete: 4ms
10-14 01:23:41.933 1132 1132 I SystemServerTiming: StartJobScheduler
10-14 01:23:41.933 1132 1132 I SystemServiceManager: Starting com.android.server.job.JobSchedulerService
10-14 01:23:41.935 1132 1706 I UsbPortManager: Usb hal service started android.hardware.usb@1.0::IUsb default
10-14 01:23:41.938 1132 1132 D JobStore: Start tag: job-info
10-14 01:23:41.939 1132 1132 W JobStore: Periodic job for uid='10099' persisted run-time is too big [360:01:18, 720:01:18]. Clamping to [360:00:44,720:00:44]
10-14 01:23:41.940 1132 1132 W JobStore: Periodic job for uid='1000' persisted run-time is too big [24:00:53, 48:00:53]. Clamping to [24:00:44,48:00:44]
10-14 01:23:41.940 1132 1132 I JobStore: Read 5 jobs
10-14 01:23:41.942 1132 1221 I UsbPortManager: USB HAL version: 12
10-14 01:23:41.944 1132 1221 D SystemServerInitThreadPool: Finished executing UsbService$Lifecycle#onStart
10-14 01:23:41.945 1132 1132 V HistoricalRegistry: Interaction before persistence initialized
10-14 01:23:41.945 1132 1221 D SystemServerTimingAsync: InitThreadPoolExec:UsbService$Lifecycle#onStart took to complete: 18ms
10-14 01:23:41.945 1132 1132 V HistoricalRegistry: Interaction before persistence initialized
10-14 01:23:41.945 1132 1132 W JobScheduler: !!! RTC not yet good; tracking time updates for job scheduling
10-14 01:23:41.946 1132 1132 D SystemServerTiming: StartJobScheduler took to complete: 12ms
10-14 01:23:41.946 1132 1132 I SystemServerTiming: StartSoundTrigger
10-14 01:23:41.946 1132 1132 I SystemServiceManager: Starting com.android.server.soundtrigger.SoundTriggerService
10-14 01:23:41.946 1132 1132 D SystemServerTiming: StartSoundTrigger took to complete: 0ms
10-14 01:23:41.946 1132 1132 I SystemServerTiming: StartTrustManager
10-14 01:23:41.947 1132 1132 I SystemServiceManager: Starting com.android.server.trust.TrustManagerService
10-14 01:23:41.947 1132 1132 D SystemServerTiming: StartTrustManager took to complete: 1ms
10-14 01:23:41.948 1132 1132 I SystemServerTiming: StartBackupManager
10-14 01:23:41.948 1132 1132 I SystemServiceManager: Starting com.android.server.backup.BackupManagerService$Lifecycle
10-14 01:23:41.949 1132 1132 D SystemServerTiming: StartBackupManager took to complete: 2ms
10-14 01:23:41.949 1132 1132 I SystemServerTiming: StartAppWidgetService
10-14 01:23:41.949 1132 1132 I SystemServiceManager: Starting com.android.server.appwidget.AppWidgetService
10-14 01:23:41.951 1132 1132 D SystemServerTiming: StartAppWidgetService took to complete: 2ms
10-14 01:23:41.951 1132 1132 I SystemServerTiming: StartVoiceRecognitionManager
10-14 01:23:41.951 1132 1132 I SystemServiceManager: Starting com.android.server.voiceinteraction.VoiceInteractionManagerService
10-14 01:23:41.957 1132 1132 D SystemServerTiming: StartVoiceRecognitionManager took to complete: 6ms
10-14 01:23:41.957 1132 1132 I SystemServerTiming: StartAppHibernationService
10-14 01:23:41.957 1132 1132 I SystemServiceManager: Starting com.android.server.apphibernation.AppHibernationService
10-14 01:23:41.959 1132 1132 D SystemServerTiming: StartAppHibernationService took to complete: 1ms
10-14 01:23:41.959 1132 1132 I SystemServerTiming: StartGestureLauncher
10-14 01:23:41.959 1132 1132 I SystemServiceManager: Starting com.android.server.GestureLauncherService
10-14 01:23:41.959 1132 1132 D SystemServerTiming: StartGestureLauncher took to complete: 0ms
10-14 01:23:41.959 1132 1132 I SystemServerTiming: StartSensorNotification
10-14 01:23:41.959 1132 1132 I SystemServiceManager: Starting com.android.server.SensorNotificationService
10-14 01:23:41.959 1132 1132 D SystemServerTiming: StartSensorNotification took to complete: 0ms
10-14 01:23:41.959 1132 1132 I SystemServerTiming: StartDiskStatsService
10-14 01:23:41.961 1132 1132 D SystemServerTiming: StartDiskStatsService took to complete: 1ms
10-14 01:23:41.961 1132 1132 I SystemServerTiming: RuntimeService
10-14 01:23:41.961 1132 1132 D SystemServerTiming: RuntimeService took to complete: 1ms
10-14 01:23:41.961 1132 1132 I SystemServerTiming: StartNetworkTimeUpdateService
10-14 01:23:41.963 1132 1132 D SystemServerTiming: StartNetworkTimeUpdateService took to complete: 2ms
10-14 01:23:41.963 1132 1132 I SystemServerTiming: CertBlacklister
10-14 01:23:41.964 1132 1132 D SystemServerTiming: CertBlacklister took to complete: 0ms
10-14 01:23:41.964 1132 1132 I SystemServerTiming: StartEmergencyAffordanceService
10-14 01:23:41.964 1132 1132 I SystemServiceManager: Starting com.android.server.emergency.EmergencyAffordanceService
10-14 01:23:41.964 1132 1132 D SystemServerTiming: StartEmergencyAffordanceService took to complete: 0ms
10-14 01:23:41.964 1132 1132 I SystemServerTiming: startBlobStoreManagerService
10-14 01:23:41.965 1132 1132 I SystemServiceManager: Starting com.android.server.blob.BlobStoreManagerService
10-14 01:23:41.967 1132 1132 D SystemServerTiming: startBlobStoreManagerService took to complete: 2ms
10-14 01:23:41.967 1132 1132 I SystemServerTiming: StartDreamManager
10-14 01:23:41.967 1132 1132 I SystemServiceManager: Starting com.android.server.dreams.DreamManagerService
10-14 01:23:41.967 1132 1132 D SystemServerTiming: StartDreamManager took to complete: 1ms
10-14 01:23:41.967 1132 1132 I SystemServerTiming: AddGraphicsStatsService
10-14 01:23:41.975 1132 1132 D SystemServerTiming: AddGraphicsStatsService took to complete: 8ms
10-14 01:23:41.975 1132 1132 I SystemServerTiming: StartCompanionDeviceManager
10-14 01:23:41.975 1132 1132 I SystemServiceManager: Starting com.android.server.companion.CompanionDeviceManagerService
10-14 01:23:41.977 1132 1132 D SystemServerTiming: StartCompanionDeviceManager took to complete: 2ms
10-14 01:23:41.977 1132 1132 I SystemServerTiming: StartRestrictionManager
10-14 01:23:41.978 1132 1132 I SystemServiceManager: Starting com.android.server.restrictions.RestrictionsManagerService
10-14 01:23:41.979 1132 1132 D SystemServerTiming: StartRestrictionManager took to complete: 1ms
10-14 01:23:41.979 1132 1132 I SystemServerTiming: StartMediaSessionService
10-14 01:23:41.979 1132 1132 I SystemServiceManager: Starting com.android.server.media.MediaSessionService
10-14 01:23:41.985 1132 1132 D SystemServerTiming: StartMediaSessionService took to complete: 6ms
10-14 01:23:41.985 1132 1132 I SystemServerTiming: StartMediaResourceMonitor
10-14 01:23:41.985 1132 1132 I SystemServiceManager: Starting com.android.server.media.MediaResourceMonitorService
10-14 01:23:41.986 1132 1132 D SystemServerTiming: StartMediaResourceMonitor took to complete: 1ms
10-14 01:23:41.986 1132 1132 I SystemServerTiming: StartMediaRouterService
10-14 01:23:41.986 1132 1132 V HistoricalRegistry: Interaction before persistence initialized
10-14 01:23:41.987 1132 1132 D SystemServerTiming: StartMediaRouterService took to complete: 1ms
10-14 01:23:41.987 1132 1132 I SystemServerTiming: StartFingerprintSensor
10-14 01:23:41.987 1132 1132 I SystemServiceManager: Starting com.android.server.biometrics.sensors.fingerprint.FingerprintService
10-14 01:23:41.988 1132 1132 D SystemServerTiming: StartFingerprintSensor took to complete: 1ms
10-14 01:23:41.988 1132 1132 I SystemServerTiming: StartBiometricService
10-14 01:23:41.988 1132 1132 I SystemServiceManager: Starting com.android.server.biometrics.BiometricService
10-14 01:23:41.991 1132 1132 D SystemServerTiming: StartBiometricService took to complete: 3ms
10-14 01:23:41.991 1132 1132 I SystemServerTiming: StartAuthService
10-14 01:23:41.991 1132 1132 I SystemServiceManager: Starting com.android.server.biometrics.AuthService
10-14 01:23:41.992 1132 1132 D AuthService: Registering HIDL ID: 0 Modality: 2 Strength: 15
10-14 01:23:41.992 1132 1132 D AuthService: Registering HIDL ID: 1 Modality: 8 Strength: 15
10-14 01:23:41.994 1132 1132 E AuthService: HIDL face configuration exists, but FaceService is null.
10-14 01:23:41.996 1132 1132 D SystemServerTiming: StartAuthService took to complete: 5ms
10-14 01:23:41.996 1132 1132 I SystemServerTiming: StartBackgroundDexOptService
10-14 01:23:41.996 1132 1132 D SystemServerTiming: StartBackgroundDexOptService took to complete: 0ms
10-14 01:23:41.996 1132 1132 I SystemServerTiming: StartDynamicCodeLoggingService
10-14 01:23:41.997 1132 1132 D SystemServerTiming: StartDynamicCodeLoggingService took to complete: 1ms
10-14 01:23:41.997 1132 1132 I SystemServerTiming: StartPruneInstantAppsJobService
10-14 01:23:41.998 1132 1132 D SystemServerTiming: StartPruneInstantAppsJobService took to complete: 1ms
10-14 01:23:41.998 1132 1132 I SystemServerTiming: StartShortcutServiceLifecycle
10-14 01:23:41.998 1132 1132 I SystemServiceManager: Starting com.android.server.pm.ShortcutService$Lifecycle
10-14 01:23:41.999 1132 1132 V HistoricalRegistry: Interaction before persistence initialized
10-14 01:23:41.999 1132 1132 D SystemServerTiming: StartShortcutServiceLifecycle took to complete: 1ms
10-14 01:23:42.000 1132 1132 I SystemServerTiming: StartLauncherAppsService
10-14 01:23:42.000 1132 1132 I SystemServiceManager: Starting com.android.server.pm.LauncherAppsService
10-14 01:23:42.001 1132 1132 D SystemServerTiming: StartLauncherAppsService took to complete: 2ms
10-14 01:23:42.002 1132 1132 I SystemServerTiming: StartCrossProfileAppsService
10-14 01:23:42.002 1132 1132 I SystemServiceManager: Starting com.android.server.pm.CrossProfileAppsService
10-14 01:23:42.003 1132 1132 D SystemServerTiming: StartCrossProfileAppsService took to complete: 1ms
10-14 01:23:42.004 1132 1132 I SystemServerTiming: StartPeopleService
10-14 01:23:42.004 1132 1132 I SystemServiceManager: Starting com.android.server.people.PeopleService
10-14 01:23:42.006 1132 1132 D SystemServerTiming: StartPeopleService took to complete: 3ms
10-14 01:23:42.006 1132 1132 I SystemServerTiming: StartMediaMetricsManager
10-14 01:23:42.006 1132 1132 I SystemServiceManager: Starting com.android.server.media.metrics.MediaMetricsManagerService
10-14 01:23:42.008 1132 1132 D SystemServerTiming: StartMediaMetricsManager took to complete: 1ms
10-14 01:23:42.008 1132 1132 I SystemServerTiming: StartMediaProjectionManager
10-14 01:23:42.008 1132 1132 I SystemServiceManager: Starting com.android.server.media.projection.MediaProjectionManagerService
10-14 01:23:42.011 1132 1132 D SystemServerTiming: StartMediaProjectionManager took to complete: 4ms
10-14 01:23:42.011 1132 1132 I SystemServerTiming: StartSliceManagerService
10-14 01:23:42.011 1132 1132 I SystemServiceManager: Starting com.android.server.slice.SliceManagerService$Lifecycle
10-14 01:23:42.012 1132 1855 D BiometricService: Registering ID: 0 Modality: 2 Strength: 15
10-14 01:23:42.012 1132 1855 D BiometricStrengthController: updateStrengths: revert sensorId=0 to oemStrength=15
10-14 01:23:42.013 1132 1855 D BiometricService/Sensor: updateStrength: Before(ID(0), oemStrength: 15, updatedStrength: 15, modality 2, state: 0, cookie: 0, props: ID: 0, Strength: 2, Type: 1) After(ID(0), oemStrength: 15, updatedStrength: 15, modality 2, state: 0, cookie: 0, props: ID: 0, Strength: 2, Type: 1)
10-14 01:23:42.015 1132 1132 D SystemServerTiming: StartSliceManagerService took to complete: 4ms
10-14 01:23:42.015 1132 1132 I SystemServerTiming: StartStatsCompanion
10-14 01:23:42.037 1132 1132 I SystemServiceManager: Starting com.android.server.stats.StatsCompanion$Lifecycle
10-14 01:23:42.040 1132 1132 D SystemServerTiming: StartStatsCompanion took to complete: 25ms
10-14 01:23:42.040 1132 1132 I SystemServerTiming: StartRebootReadinessManagerService
10-14 01:23:42.046 1132 1132 I SystemServiceManager: Starting com.android.server.scheduling.RebootReadinessManagerService$Lifecycle
10-14 01:23:42.051 1132 1132 D SystemServerTiming: StartRebootReadinessManagerService took to complete: 11ms
10-14 01:23:42.051 1132 1132 I SystemServerTiming: StartStatsPullAtomService
10-14 01:23:42.052 1132 1132 I SystemServiceManager: Starting com.android.server.stats.pull.StatsPullAtomService
10-14 01:23:42.052 1132 1132 D SystemServerTiming: StartStatsPullAtomService took to complete: 1ms
10-14 01:23:42.052 1132 1132 I SystemServerTiming: StartIncidentCompanionService
10-14 01:23:42.052 1132 1132 I SystemServiceManager: Starting com.android.server.incident.IncidentCompanionService
10-14 01:23:42.053 1132 1132 D SystemServerTiming: StartIncidentCompanionService took to complete: 1ms
10-14 01:23:42.053 1132 1132 I SystemServerTiming: StartMmsService
10-14 01:23:42.053 1132 1132 I SystemServiceManager: Starting com.android.server.MmsServiceBroker
10-14 01:23:42.054 1132 1132 D SystemServerTiming: StartMmsService took to complete: 1ms
10-14 01:23:42.054 1132 1132 I SystemServerTiming: StartAutoFillService
10-14 01:23:42.054 1132 1132 I SystemServiceManager: Starting com.android.server.autofill.AutofillManagerService
10-14 01:23:42.055 1132 1132 D AutofillManagerService: setLogLevelFromSettings(): level=2, debug=true, verbose=false
10-14 01:23:42.055 1132 1132 D AutofillManagerService: setMaxPartitionsFromSettings(): 10
10-14 01:23:42.055 1132 1132 D AutofillManagerService: setMaxVisibleDatasetsFromSettings(): 0
10-14 01:23:42.056 1132 1214 D AutofillUI: destroySaveUiUiThread(): already destroyed
10-14 01:23:42.056 1132 1132 D AutofillManagerServiceImpl: Reset component for user 0:
10-14 01:23:42.057 1132 1132 D SystemServerTiming: StartAutoFillService took to complete: 3ms
10-14 01:23:42.057 1132 1132 D SystemServer: TranslationService not defined by OEM
10-14 01:23:42.057 1132 1132 I SystemServerTiming: StartClipboardService
10-14 01:23:42.057 1132 1132 I SystemServiceManager: Starting com.android.server.clipboard.ClipboardService
10-14 01:23:42.059 1132 1132 D SystemServerTiming: StartClipboardService took to complete: 2ms
10-14 01:23:42.059 1132 1132 I SystemServerTiming: AppServiceManager
10-14 01:23:42.059 1132 1132 I SystemServiceManager: Starting com.android.server.appbinding.AppBindingService$Lifecycle
10-14 01:23:42.060 1132 1132 D SystemServerTiming: AppServiceManager took to complete: 1ms
10-14 01:23:42.060 1132 1132 I SystemServerTiming: startTracingServiceProxy
10-14 01:23:42.060 1132 1132 I SystemServiceManager: Starting com.android.server.tracing.TracingServiceProxy
10-14 01:23:42.061 1132 1132 D SystemServerTiming: startTracingServiceProxy took to complete: 1ms
10-14 01:23:42.061 1132 1132 I SystemServerTiming: MakeLockSettingsServiceReady
10-14 01:23:42.071 1132 1132 I SyntheticPasswordManager: Device does not support weaver
10-14 01:23:42.071 1132 1132 I LockSettingsService: Device doesn't implement AuthSecret HAL
10-14 01:23:42.073 1132 1132 D SystemServerTiming: MakeLockSettingsServiceReady took to complete: 11ms
10-14 01:23:42.073 1132 1132 I SystemServerTiming: StartBootPhaseLockSettingsReady
10-14 01:23:42.073 1132 1132 I SystemServiceManager: Starting phase 480
10-14 01:23:42.073 1132 1132 I SystemServerTiming: OnBootPhase_480
10-14 01:23:42.073 1132 1132 I SystemServerTiming: OnBootPhase_480_com.android.server.security.FileIntegrityService
10-14 01:23:42.073 1132 1132 D SystemServerTiming: OnBootPhase_480_com.android.server.security.FileIntegrityService took to complete: 0ms
10-14 01:23:42.073 1132 1132 I SystemServerTiming: OnBootPhase_480_com.android.server.pm.Installer
10-14 01:23:42.073 1132 1132 D SystemServerTiming: OnBootPhase_480_com.android.server.pm.Installer took to complete: 0ms
10-14 01:23:42.073 1132 1132 I SystemServerTiming: OnBootPhase_480_com.android.server.os.DeviceIdentifiersPolicyService
10-14 01:23:42.073 1132 1132 D SystemServerTiming: OnBootPhase_480_com.android.server.os.DeviceIdentifiersPolicyService took to complete: 0ms
10-14 01:23:42.073 1132 1132 I SystemServerTiming: OnBootPhase_480_com.android.server.uri.UriGrantsManagerService$Lifecycle
10-14 01:23:42.073 1132 1132 D SystemServerTiming: OnBootPhase_480_com.android.server.uri.UriGrantsManagerService$Lifecycle took to complete: 0ms
10-14 01:23:42.073 1132 1132 I SystemServerTiming: OnBootPhase_480_com.android.server.powerstats.PowerStatsService
10-14 01:23:42.073 1132 1132 D SystemServerTiming: OnBootPhase_480_com.android.server.powerstats.PowerStatsService took to complete: 0ms
10-14 01:23:42.073 1132 1132 I SystemServerTiming: OnBootPhase_480_com.android.server.wm.ActivityTaskManagerService$Lifecycle
10-14 01:23:42.073 1132 1132 D SystemServerTiming: OnBootPhase_480_com.android.server.wm.ActivityTaskManagerService$Lifecycle took to complete: 0ms
10-14 01:23:42.073 1132 1132 I SystemServerTiming: OnBootPhase_480_com.android.server.am.ActivityManagerService$Lifecycle
10-14 01:23:42.074 1132 1132 D SystemServerTiming: OnBootPhase_480_com.android.server.am.ActivityManagerService$Lifecycle took to complete: 0ms
10-14 01:23:42.074 1132 1132 I SystemServerTiming: OnBootPhase_480_com.android.server.pm.DataLoaderManagerService
10-14 01:23:42.074 1132 1132 D SystemServerTiming: OnBootPhase_480_com.android.server.pm.DataLoaderManagerService took to complete: 0ms
10-14 01:23:42.074 1132 1132 I SystemServerTiming: OnBootPhase_480_com.android.server.power.PowerManagerService
10-14 01:23:42.074 1132 1132 D SystemServerTiming: OnBootPhase_480_com.android.server.power.PowerManagerService took to complete: 0ms
10-14 01:23:42.074 1132 1132 I SystemServerTiming: OnBootPhase_480_com.android.server.power.ThermalManagerService
10-14 01:23:42.074 1132 1132 D SystemServerTiming: OnBootPhase_480_com.android.server.power.ThermalManagerService took to complete: 0ms
10-14 01:23:42.074 1132 1132 I SystemServerTiming: OnBootPhase_480_com.android.server.power.hint.HintManagerService
10-14 01:23:42.074 1132 1132 D SystemServerTiming: OnBootPhase_480_com.android.server.power.hint.HintManagerService took to complete: 0ms
10-14 01:23:42.074 1132 1132 I SystemServerTiming: OnBootPhase_480_com.android.server.recoverysystem.RecoverySystemService$Lifecycle
10-14 01:23:42.074 1132 1132 D SystemServerTiming: OnBootPhase_480_com.android.server.recoverysystem.RecoverySystemService$Lifecycle took to complete: 0ms
10-14 01:23:42.074 1132 1132 I SystemServerTiming: OnBootPhase_480_com.android.server.lights.LightsService
10-14 01:23:42.074 1132 1132 D SystemServerTiming: OnBootPhase_480_com.android.server.lights.LightsService took to complete: 0ms
10-14 01:23:42.074 1132 1132 I SystemServerTiming: OnBootPhase_480_com.android.server.display.DisplayManagerService
10-14 01:23:42.074 1132 1132 D SystemServerTiming: OnBootPhase_480_com.android.server.display.DisplayManagerService took to complete: 0ms
10-14 01:23:42.074 1132 1132 I SystemServerTiming: OnBootPhase_480_com.android.server.pm.verify.domain.DomainVerificationService
10-14 01:23:42.074 1132 1132 D SystemServerTiming: OnBootPhase_480_com.android.server.pm.verify.domain.DomainVerificationService took to complete: 0ms
10-14 01:23:42.074 1132 1132 I SystemServerTiming: OnBootPhase_480_com.android.server.pm.PackageInstallerService$Lifecycle
10-14 01:23:42.074 1132 1132 D SystemServerTiming: OnBootPhase_480_com.android.server.pm.PackageInstallerService$Lifecycle took to complete: 0ms
10-14 01:23:42.074 1132 1132 I SystemServerTiming: OnBootPhase_480_com.android.server.pm.UserManagerService$LifeCycle
10-14 01:23:42.074 1132 1132 D SystemServerTiming: OnBootPhase_480_com.android.server.pm.UserManagerService$LifeCycle took to complete: 0ms
10-14 01:23:42.075 1132 1132 I SystemServerTiming: OnBootPhase_480_com.android.server.om.OverlayManagerService
10-14 01:23:42.075 1132 1132 D SystemServerTiming: OnBootPhase_480_com.android.server.om.OverlayManagerService took to complete: 0ms
10-14 01:23:42.075 1132 1132 I SystemServerTiming: OnBootPhase_480_com.android.server.SensorPrivacyService
10-14 01:23:42.075 1132 1132 D SystemServerTiming: OnBootPhase_480_com.android.server.SensorPrivacyService took to complete: 0ms
10-14 01:23:42.075 1132 1132 I SystemServerTiming: OnBootPhase_480_com.android.server.sensors.SensorService
10-14 01:23:42.075 1132 1132 D SystemServerTiming: OnBootPhase_480_com.android.server.sensors.SensorService took to complete: 0ms
10-14 01:23:42.075 1132 1132 I SystemServerTiming: OnBootPhase_480_com.android.server.SystemConfigService
10-14 01:23:42.075 1132 1132 D SystemServerTiming: OnBootPhase_480_com.android.server.SystemConfigService took to complete: 0ms
10-14 01:23:42.075 1132 1132 I SystemServerTiming: OnBootPhase_480_com.android.server.BatteryService
10-14 01:23:42.075 1132 1132 D SystemServerTiming: OnBootPhase_480_com.android.server.BatteryService took to complete: 0ms
10-14 01:23:42.075 1132 1132 I SystemServerTiming: OnBootPhase_480_com.android.server.usage.UsageStatsService
10-14 01:23:42.075 1132 1132 D SystemServerTiming: OnBootPhase_480_com.android.server.usage.UsageStatsService took to complete: 0ms
10-14 01:23:42.075 1132 1132 I SystemServerTiming: OnBootPhase_480_com.android.server.webkit.WebViewUpdateService
10-14 01:23:42.075 1132 1132 D SystemServerTiming: OnBootPhase_480_com.android.server.webkit.WebViewUpdateService took to complete: 0ms
10-14 01:23:42.075 1132 1132 I SystemServerTiming: OnBootPhase_480_com.android.server.CachedDeviceStateService
10-14 01:23:42.075 1132 1132 D SystemServerTiming: OnBootPhase_480_com.android.server.CachedDeviceStateService took to complete: 0ms
10-14 01:23:42.075 1132 1132 I SystemServerTiming: OnBootPhase_480_com.android.server.BinderCallsStatsService$LifeCycle
10-14 01:23:42.075 1132 1132 D SystemServerTiming: OnBootPhase_480_com.android.server.BinderCallsStatsService$LifeCycle took to complete: 0ms
10-14 01:23:42.075 1132 1132 I SystemServerTiming: OnBootPhase_480_com.android.server.LooperStatsService$Lifecycle
10-14 01:23:42.075 1132 1132 D SystemServerTiming: OnBootPhase_480_com.android.server.LooperStatsService$Lifecycle took to complete: 0ms
10-14 01:23:42.075 1132 1132 I SystemServerTiming: OnBootPhase_480_com.android.server.rollback.RollbackManagerService
10-14 01:23:42.075 1132 1132 D SystemServerTiming: OnBootPhase_480_com.android.server.rollback.RollbackManagerService took to complete: 0ms
10-14 01:23:42.076 1132 1132 I SystemServerTiming: OnBootPhase_480_com.android.server.os.NativeTombstoneManagerService
10-14 01:23:42.076 1132 1132 D SystemServerTiming: OnBootPhase_480_com.android.server.os.NativeTombstoneManagerService took to complete: 0ms
10-14 01:23:42.076 1132 1132 I SystemServerTiming: OnBootPhase_480_com.android.server.os.BugreportManagerService
10-14 01:23:42.076 1132 1132 D SystemServerTiming: OnBootPhase_480_com.android.server.os.BugreportManagerService took to complete: 0ms
10-14 01:23:42.076 1132 1132 I SystemServerTiming: OnBootPhase_480_com.android.server.gpu.GpuService
10-14 01:23:42.076 1132 1132 D SystemServerTiming: OnBootPhase_480_com.android.server.gpu.GpuService took to complete: 0ms
10-14 01:23:42.076 1132 1132 I SystemServerTiming: OnBootPhase_480_com.android.server.security.KeyChainSystemService
10-14 01:23:42.076 1132 1132 D SystemServerTiming: OnBootPhase_480_com.android.server.security.KeyChainSystemService took to complete: 0ms
10-14 01:23:42.076 1132 1132 I SystemServerTiming: OnBootPhase_480_com.android.server.telecom.TelecomLoaderService
10-14 01:23:42.076 1132 1132 D SystemServerTiming: OnBootPhase_480_com.android.server.telecom.TelecomLoaderService took to complete: 0ms
10-14 01:23:42.076 1132 1132 I SystemServerTiming: OnBootPhase_480_com.android.server.accounts.AccountManagerService$Lifecycle
10-14 01:23:42.076 1132 1132 D SystemServerTiming: OnBootPhase_480_com.android.server.accounts.AccountManagerService$Lifecycle took to complete: 0ms
10-14 01:23:42.076 1132 1132 I SystemServerTiming: OnBootPhase_480_com.android.server.content.ContentService$Lifecycle
10-14 01:23:42.076 1132 1132 D SystemServerTiming: OnBootPhase_480_com.android.server.content.ContentService$Lifecycle took to complete: 0ms
10-14 01:23:42.076 1132 1132 I SystemServerTiming: OnBootPhase_480_com.android.server.DropBoxManagerService
10-14 01:23:42.076 1132 1132 D SystemServerTiming: OnBootPhase_480_com.android.server.DropBoxManagerService took to complete: 0ms
10-14 01:23:42.076 1132 1132 I SystemServerTiming: OnBootPhase_480_com.android.role.RoleService
10-14 01:23:42.076 1132 1132 D SystemServerTiming: OnBootPhase_480_com.android.role.RoleService took to complete: 0ms
10-14 01:23:42.077 1132 1132 I SystemServerTiming: OnBootPhase_480_com.android.server.vibrator.VibratorManagerService$Lifecycle
10-14 01:23:42.077 1132 1132 D SystemServerTiming: OnBootPhase_480_com.android.server.vibrator.VibratorManagerService$Lifecycle took to complete: 0ms
10-14 01:23:42.077 1132 1132 I SystemServerTiming: OnBootPhase_480_com.android.server.alarm.AlarmManagerService
10-14 01:23:42.077 1132 1132 D SystemServerTiming: OnBootPhase_480_com.android.server.alarm.AlarmManagerService took to complete: 0ms
10-14 01:23:42.077 1132 1132 I SystemServerTiming: OnBootPhase_480_com.android.server.devicestate.DeviceStateManagerService
10-14 01:23:42.077 1132 1132 D SystemServerTiming: OnBootPhase_480_com.android.server.devicestate.DeviceStateManagerService took to complete: 0ms
10-14 01:23:42.077 1132 1132 I SystemServerTiming: OnBootPhase_480_com.android.server.camera.CameraServiceProxy
10-14 01:23:42.077 1132 1132 D SystemServerTiming: OnBootPhase_480_com.android.server.camera.CameraServiceProxy took to complete: 0ms
10-14 01:23:42.077 1132 1132 I SystemServerTiming: OnBootPhase_480_com.android.server.BluetoothService
10-14 01:23:42.077 1132 1132 D SystemServerTiming: OnBootPhase_480_com.android.server.BluetoothService took to complete: 0ms
10-14 01:23:42.077 1132 1132 I SystemServerTiming: OnBootPhase_480_com.android.server.connectivity.IpConnectivityMetrics
10-14 01:23:42.077 1132 1132 D SystemServerTiming: OnBootPhase_480_com.android.server.connectivity.IpConnectivityMetrics took to complete: 0ms
10-14 01:23:42.077 1132 1132 I SystemServerTiming: OnBootPhase_480_com.android.server.net.watchlist.NetworkWatchlistService$Lifecycle
10-14 01:23:42.077 1132 1132 D SystemServerTiming: OnBootPhase_480_com.android.server.net.watchlist.NetworkWatchlistService$Lifecycle took to complete: 0ms
10-14 01:23:42.077 1132 1132 I SystemServerTiming: OnBootPhase_480_com.android.server.PinnerService
10-14 01:23:42.077 1132 1132 D SystemServerTiming: OnBootPhase_480_com.android.server.PinnerService took to complete: 0ms
10-14 01:23:42.077 1132 1132 I SystemServerTiming: OnBootPhase_480_com.google.android.startop.iorap.IorapForwardingService
10-14 01:23:42.077 1132 1132 D SystemServerTiming: OnBootPhase_480_com.google.android.startop.iorap.IorapForwardingService took to complete: 0ms
10-14 01:23:42.077 1132 1132 I SystemServerTiming: OnBootPhase_480_com.android.server.ActivityTriggerService
10-14 01:23:42.077 1132 1132 D SystemServerTiming: OnBootPhase_480_com.android.server.ActivityTriggerService took to complete: 0ms
10-14 01:23:42.077 1132 1132 I SystemServerTiming: OnBootPhase_480_com.android.server.integrity.AppIntegrityManagerService
10-14 01:23:42.078 1132 1132 D SystemServerTiming: OnBootPhase_480_com.android.server.integrity.AppIntegrityManagerService took to complete: 0ms
10-14 01:23:42.078 1132 1132 I SystemServerTiming: OnBootPhase_480_com.android.server.inputmethod.InputMethodManagerService$Lifecycle
10-14 01:23:42.078 1132 1132 D SystemServerTiming: OnBootPhase_480_com.android.server.inputmethod.InputMethodManagerService$Lifecycle took to complete: 0ms
10-14 01:23:42.078 1132 1132 I SystemServerTiming: OnBootPhase_480_com.android.server.accessibility.AccessibilityManagerService$Lifecycle
10-14 01:23:42.078 1132 1132 D SystemServerTiming: OnBootPhase_480_com.android.server.accessibility.AccessibilityManagerService$Lifecycle took to complete: 0ms
10-14 01:23:42.078 1132 1132 I SystemServerTiming: OnBootPhase_480_com.android.server.StorageManagerService$Lifecycle
10-14 01:23:42.078 1132 1132 D SystemServerTiming: OnBootPhase_480_com.android.server.StorageManagerService$Lifecycle took to complete: 0ms
10-14 01:23:42.078 1132 1132 I SystemServerTiming: OnBootPhase_480_com.android.server.usage.StorageStatsService$Lifecycle
10-14 01:23:42.078 1132 1132 D SystemServerTiming: OnBootPhase_480_com.android.server.usage.StorageStatsService$Lifecycle took to complete: 0ms
10-14 01:23:42.078 1132 1132 I SystemServerTiming: OnBootPhase_480_com.android.server.UiModeManagerService
10-14 01:23:42.078 1132 1132 D SystemServerTiming: OnBootPhase_480_com.android.server.UiModeManagerService took to complete: 0ms
10-14 01:23:42.078 1132 1132 I SystemServerTiming: OnBootPhase_480_com.android.server.locksettings.LockSettingsService$Lifecycle
10-14 01:23:42.078 1132 1132 D SystemServerTiming: OnBootPhase_480_com.android.server.locksettings.LockSettingsService$Lifecycle took to complete: 0ms
10-14 01:23:42.078 1132 1132 I SystemServerTiming: OnBootPhase_480_com.android.server.PersistentDataBlockService
10-14 01:23:42.078 1132 1132 D SystemServerTiming: OnBootPhase_480_com.android.server.PersistentDataBlockService took to complete: 0ms
10-14 01:23:42.078 1132 1132 I SystemServerTiming: OnBootPhase_480_com.android.server.testharness.TestHarnessModeService
10-14 01:23:42.078 1132 1132 D SystemServerTiming: OnBootPhase_480_com.android.server.testharness.TestHarnessModeService took to complete: 0ms
10-14 01:23:42.078 1132 1132 I SystemServerTiming: OnBootPhase_480_com.android.server.oemlock.OemLockService
10-14 01:23:42.078 1132 1132 D SystemServerTiming: OnBootPhase_480_com.android.server.oemlock.OemLockService took to complete: 0ms
10-14 01:23:42.078 1132 1132 I SystemServerTiming: OnBootPhase_480_com.android.server.DeviceIdleController
10-14 01:23:42.078 1132 1132 D SystemServerTiming: OnBootPhase_480_com.android.server.DeviceIdleController took to complete: 0ms
10-14 01:23:42.078 1132 1132 I SystemServerTiming: OnBootPhase_480_com.android.server.devicepolicy.DevicePolicyManagerService$Lifecycle
10-14 01:23:42.081 1132 1132 I DevicePolicyManager: Current version 2, latest version 2, not upgrading.
10-14 01:23:42.084 1132 1132 D SystemServerTiming: OnBootPhase_480_com.android.server.devicepolicy.DevicePolicyManagerService$Lifecycle took to complete: 6ms
10-14 01:23:42.084 1132 1132 I SystemServerTiming: OnBootPhase_480_com.android.server.texttospeech.TextToSpeechManagerService
10-14 01:23:42.084 1132 1132 D SystemServerTiming: OnBootPhase_480_com.android.server.texttospeech.TextToSpeechManagerService took to complete: 0ms
10-14 01:23:42.084 1132 1132 I SystemServerTiming: OnBootPhase_480_com.android.server.speech.SpeechRecognitionManagerService
10-14 01:23:42.084 1132 1132 D SystemServerTiming: OnBootPhase_480_com.android.server.speech.SpeechRecognitionManagerService took to complete: 0ms
10-14 01:23:42.085 1132 1132 I SystemServerTiming: OnBootPhase_480_com.android.server.searchui.SearchUiManagerService
10-14 01:23:42.085 1132 1132 D SystemServerTiming: OnBootPhase_480_com.android.server.searchui.SearchUiManagerService took to complete: 0ms
10-14 01:23:42.085 1132 1132 I SystemServerTiming: OnBootPhase_480_com.android.server.smartspace.SmartspaceManagerService
10-14 01:23:42.085 1132 1132 D SystemServerTiming: OnBootPhase_480_com.android.server.smartspace.SmartspaceManagerService took to complete: 0ms
10-14 01:23:42.085 1132 1132 I SystemServerTiming: OnBootPhase_480_com.android.server.graphics.fonts.FontManagerService$Lifecycle
10-14 01:23:42.085 1132 1132 D SystemServerTiming: OnBootPhase_480_com.android.server.graphics.fonts.FontManagerService$Lifecycle took to complete: 0ms
10-14 01:23:42.085 1132 1132 I SystemServerTiming: OnBootPhase_480_com.android.server.textservices.TextServicesManagerService$Lifecycle
10-14 01:23:42.085 1132 1132 D SystemServerTiming: OnBootPhase_480_com.android.server.textservices.TextServicesManagerService$Lifecycle took to complete: 0ms
10-14 01:23:42.085 1132 1132 I SystemServerTiming: OnBootPhase_480_com.android.server.textclassifier.TextClassificationManagerService$Lifecycle
10-14 01:23:42.085 1132 1132 D SystemServerTiming: OnBootPhase_480_com.android.server.textclassifier.TextClassificationManagerService$Lifecycle took to complete: 0ms
10-14 01:23:42.085 1132 1132 I SystemServerTiming: OnBootPhase_480_com.android.server.NetworkScoreService$Lifecycle
10-14 01:23:42.085 1132 1132 D SystemServerTiming: OnBootPhase_480_com.android.server.NetworkScoreService$Lifecycle took to complete: 0ms
10-14 01:23:42.085 1132 1132 I SystemServerTiming: OnBootPhase_480_com.android.server.wifi.WifiService
10-14 01:23:42.085 1132 1132 D SystemServerTiming: OnBootPhase_480_com.android.server.wifi.WifiService took to complete: 0ms
10-14 01:23:42.085 1132 1132 I SystemServerTiming: OnBootPhase_480_com.android.server.wifi.scanner.WifiScanningService
10-14 01:23:42.086 1132 1132 D SystemServerTiming: OnBootPhase_480_com.android.server.wifi.scanner.WifiScanningService took to complete: 0ms
10-14 01:23:42.086 1132 1132 I SystemServerTiming: OnBootPhase_480_com.android.server.wifi.rtt.RttService
10-14 01:23:42.086 1132 1132 D SystemServerTiming: OnBootPhase_480_com.android.server.wifi.rtt.RttService took to complete: 0ms
10-14 01:23:42.086 1132 1132 I SystemServerTiming: OnBootPhase_480_com.android.server.wifi.aware.WifiAwareService
10-14 01:23:42.086 1132 1132 D SystemServerTiming: OnBootPhase_480_com.android.server.wifi.aware.WifiAwareService took to complete: 0ms
10-14 01:23:42.086 1132 1648 I SystemServerTimingAsync: InitThreadPoolExec:DevicePolicyManager
10-14 01:23:42.086 1132 1648 D SystemServerInitThreadPool: Started executing DevicePolicyManager
10-14 01:23:42.086 1132 1132 I SystemServerTiming: OnBootPhase_480_com.android.server.wifi.p2p.WifiP2pService
10-14 01:23:42.086 1132 1132 D SystemServerTiming: OnBootPhase_480_com.android.server.wifi.p2p.WifiP2pService took to complete: 0ms
10-14 01:23:42.086 1132 1132 I SystemServerTiming: OnBootPhase_480_com.android.server.ethernet.EthernetService
10-14 01:23:42.086 1132 1132 D SystemServerTiming: OnBootPhase_480_com.android.server.ethernet.EthernetService took to complete: 0ms
10-14 01:23:42.086 1132 1132 I SystemServerTiming: OnBootPhase_480_com.android.server.ConnectivityServiceInitializer
10-14 01:23:42.086 1132 1132 D SystemServerTiming: OnBootPhase_480_com.android.server.ConnectivityServiceInitializer took to complete: 0ms
10-14 01:23:42.086 1132 1132 I SystemServerTiming: OnBootPhase_480_com.android.server.notification.NotificationManagerService
10-14 01:23:42.086 1132 1132 D SystemServerTiming: OnBootPhase_480_com.android.server.notification.NotificationManagerService took to complete: 0ms
10-14 01:23:42.086 1132 1132 I SystemServerTiming: OnBootPhase_480_com.android.server.storage.DeviceStorageMonitorService
10-14 01:23:42.087 1132 1132 D SystemServerTiming: OnBootPhase_480_com.android.server.storage.DeviceStorageMonitorService took to complete: 0ms
10-14 01:23:42.087 1132 1132 I SystemServerTiming: OnBootPhase_480_com.android.server.location.LocationManagerService$Lifecycle
10-14 01:23:42.087 1132 1132 D SystemServerTiming: OnBootPhase_480_com.android.server.location.LocationManagerService$Lifecycle took to complete: 0ms
10-14 01:23:42.087 1132 1132 I SystemServerTiming: OnBootPhase_480_com.android.server.timedetector.TimeDetectorService$Lifecycle
10-14 01:23:42.087 1132 1132 D SystemServerTiming: OnBootPhase_480_com.android.server.timedetector.TimeDetectorService$Lifecycle took to complete: 0ms
10-14 01:23:42.087 1132 1132 I SystemServerTiming: OnBootPhase_480_com.android.server.timezonedetector.TimeZoneDetectorService$Lifecycle
10-14 01:23:42.087 1132 1132 D SystemServerTiming: OnBootPhase_480_com.android.server.timezonedetector.TimeZoneDetectorService$Lifecycle took to complete: 0ms
10-14 01:23:42.087 1132 1132 I SystemServerTiming: OnBootPhase_480_com.android.server.timezonedetector.location.LocationTimeZoneManagerService$Lifecycle
10-14 01:23:42.087 1132 1132 D SystemServerTiming: OnBootPhase_480_com.android.server.timezonedetector.location.LocationTimeZoneManagerService$Lifecycle took to complete: 0ms
10-14 01:23:42.087 1132 1132 I SystemServerTiming: OnBootPhase_480_com.android.server.search.SearchManagerService$Lifecycle
10-14 01:23:42.087 1132 1648 D SystemServerInitThreadPool: Finished executing DevicePolicyManager
10-14 01:23:42.087 1132 1648 D SystemServerTimingAsync: InitThreadPoolExec:DevicePolicyManager took to complete: 1ms
10-14 01:23:42.087 1132 1132 D SystemServerTiming: OnBootPhase_480_com.android.server.search.SearchManagerService$Lifecycle took to complete: 0ms
10-14 01:23:42.087 1132 1132 I SystemServerTiming: OnBootPhase_480_com.android.server.wallpaper.WallpaperManagerService$Lifecycle
10-14 01:23:42.087 1132 1132 D SystemServerTiming: OnBootPhase_480_com.android.server.wallpaper.WallpaperManagerService$Lifecycle took to complete: 0ms
10-14 01:23:42.088 1132 1132 I SystemServerTiming: OnBootPhase_480_com.android.server.audio.AudioService$Lifecycle
