10-14 01:25:02.593 4257 4257 V CamX : [ VERB][UTILS ] camxhashmap.cpp:210 GetInPlace() Key not found
10-14 01:25:02.593 4257 4257 V CamX : [ VERB][UTILS ] camxhashmap.cpp:210 GetInPlace() Key not found
10-14 01:25:02.593 4257 4257 V CamX : [ VERB][UTILS ] camxhashmap.cpp:210 GetInPlace() Key not found
10-14 01:25:02.593 4257 4257 V CamX : [ VERB][UTILS ] camxhashmap.cpp:210 GetInPlace() Key not found
10-14 01:25:02.593 4257 4257 V CamX : [ VERB][UTILS ] camxhashmap.cpp:210 GetInPlace() Key not found
10-14 01:25:02.593 4257 4257 V CamX : [ VERB][UTILS ] camxhashmap.cpp:210 GetInPlace() Key not found
10-14 01:25:02.593 4257 4257 V CamX : [ VERB][UTILS ] camxhashmap.cpp:210 GetInPlace() Key not found
10-14 01:25:02.593 4257 4257 V CamX : [ VERB][UTILS ] camxhashmap.cpp:210 GetInPlace() Key not found
10-14 01:25:02.593 4257 4257 V CamX : [ VERB][UTILS ] camxhashmap.cpp:210 GetInPlace() Key not found
10-14 01:25:02.593 4257 4257 V CamX : [ VERB][UTILS ] camxhashmap.cpp:210 GetInPlace() Key not found
10-14 01:25:02.593 4257 4257 V CamX : [ VERB][UTILS ] camxhashmap.cpp:210 GetInPlace() Key not found
10-14 01:25:02.593 4257 4257 V CamX : [ VERB][UTILS ] camxhashmap.cpp:210 GetInPlace() Key not found
10-14 01:25:02.593 4257 4257 V CamX : [ VERB][UTILS ] camxhashmap.cpp:210 GetInPlace() Key not found
10-14 01:25:02.593 4257 4257 V CamX : [ VERB][UTILS ] camxhashmap.cpp:210 GetInPlace() Key not found
10-14 01:25:02.593 4257 4257 V CamX : [ VERB][UTILS ] camxhashmap.cpp:210 GetInPlace() Key not found
10-14 01:25:02.593 4257 4257 V CamX : [ VERB][UTILS ] camxhashmap.cpp:210 GetInPlace() Key not found
10-14 01:25:02.593 4257 4257 V CamX : [ VERB][UTILS ] camxhashmap.cpp:210 GetInPlace() Key not found
10-14 01:25:02.593 4257 4257 V CamX : [ VERB][UTILS ] camxhashmap.cpp:210 GetInPlace() Key not found
10-14 01:25:02.593 4257 4257 V CamX : [ VERB][UTILS ] camxhashmap.cpp:210 GetInPlace() Key not found
10-14 01:25:02.593 4257 4257 V CamX : [ VERB][UTILS ] camxhashmap.cpp:210 GetInPlace() Key not found
10-14 01:25:02.593 4257 4257 V CamX : [ VERB][UTILS ] camxhashmap.cpp:210 GetInPlace() Key not found
10-14 01:25:02.593 4257 4257 V CamX : [ VERB][UTILS ] camxhashmap.cpp:210 GetInPlace() Key not found
10-14 01:25:02.593 4257 4257 V CamX : [ VERB][UTILS ] camxhashmap.cpp:210 GetInPlace() Key not found
10-14 01:25:02.593 4257 4257 V CamX : [ VERB][UTILS ] camxhashmap.cpp:210 GetInPlace() Key not found
10-14 01:25:02.593 4257 4257 V CamX : [ VERB][UTILS ] camxhashmap.cpp:210 GetInPlace() Key not found
10-14 01:25:02.593 4257 4257 V CamX : [ VERB][UTILS ] camxhashmap.cpp:210 GetInPlace() Key not found
10-14 01:25:02.593 4257 4257 V CamX : [ VERB][UTILS ] camxhashmap.cpp:210 GetInPlace() Key not found
10-14 01:25:02.593 4257 4257 V CamX : [ VERB][UTILS ] camxhashmap.cpp:210 GetInPlace() Key not found
10-14 01:25:02.593 4257 4257 V CamX : [ VERB][UTILS ] camxhashmap.cpp:210 GetInPlace() Key not found
10-14 01:25:02.593 4257 4257 V CamX : [ VERB][UTILS ] camxhashmap.cpp:210 GetInPlace() Key not found
10-14 01:25:02.593 4257 4257 V CamX : [ VERB][UTILS ] camxhashmap.cpp:210 GetInPlace() Key not found
10-14 01:25:02.593 4257 4257 V CamX : [ VERB][UTILS ] camxhashmap.cpp:210 GetInPlace() Key not found
10-14 01:25:02.593 4257 4257 V CamX : [ VERB][UTILS ] camxhashmap.cpp:210 GetInPlace() Key not found
10-14 01:25:02.593 4257 4257 V CamX : [ VERB][UTILS ] camxhashmap.cpp:210 GetInPlace() Key not found
10-14 01:25:02.593 4257 4257 V CamX : [ VERB][UTILS ] camxhashmap.cpp:210 GetInPlace() Key not found
10-14 01:25:02.593 4257 4257 V CamX : [ VERB][UTILS ] camxhashmap.cpp:210 GetInPlace() Key not found
10-14 01:25:02.593 4257 4257 V CamX : [ VERB][UTILS ] camxhashmap.cpp:210 GetInPlace() Key not found
10-14 01:25:02.593 4257 4257 V CamX : [ VERB][UTILS ] camxhashmap.cpp:210 GetInPlace() Key not found
10-14 01:25:02.594 4257 4257 V CamX : [ VERB][UTILS ] camxhashmap.cpp:210 GetInPlace() Key not found
10-14 01:25:02.594 4257 4257 V CamX : [ VERB][UTILS ] camxhashmap.cpp:210 GetInPlace() Key not found
10-14 01:25:02.594 4257 4257 V CamX : [ VERB][UTILS ] camxhashmap.cpp:210 GetInPlace() Key not found
10-14 01:25:02.594 4257 4257 V CamX : [ VERB][UTILS ] camxhashmap.cpp:210 GetInPlace() Key not found
10-14 01:25:02.594 4257 4257 V CamX : [ VERB][UTILS ] camxhashmap.cpp:210 GetInPlace() Key not found
10-14 01:25:02.594 4257 4257 V CamX : [ VERB][UTILS ] camxhashmap.cpp:210 GetInPlace() Key not found
10-14 01:25:02.594 4257 4257 V CamX : [ VERB][UTILS ] camxhashmap.cpp:210 GetInPlace() Key not found
10-14 01:25:02.594 4257 4257 V CamX : [ VERB][UTILS ] camxhashmap.cpp:210 GetInPlace() Key not found
10-14 01:25:02.594 4257 4257 V CamX : [ VERB][UTILS ] camxhashmap.cpp:210 GetInPlace() Key not found
10-14 01:25:02.594 4257 4257 V CamX : [ VERB][UTILS ] camxhashmap.cpp:210 GetInPlace() Key not found
10-14 01:25:02.594 4257 4257 V CamX : [ VERB][UTILS ] camxhashmap.cpp:210 GetInPlace() Key not found
10-14 01:25:02.594 4257 4257 V CamX : [ VERB][UTILS ] camxhashmap.cpp:210 GetInPlace() Key not found
10-14 01:25:02.594 4257 4257 V CamX : [ VERB][UTILS ] camxhashmap.cpp:210 GetInPlace() Key not found
10-14 01:25:02.594 4257 4257 V CamX : [ VERB][UTILS ] camxhashmap.cpp:210 GetInPlace() Key not found
10-14 01:25:02.594 4257 4257 V CamX : [ VERB][UTILS ] camxhashmap.cpp:210 GetInPlace() Key not found
10-14 01:25:02.594 4257 4257 V CamX : [ VERB][UTILS ] camxhashmap.cpp:210 GetInPlace() Key not found
10-14 01:25:02.594 4257 4257 V CamX : [ VERB][UTILS ] camxhashmap.cpp:210 GetInPlace() Key not found
10-14 01:25:02.594 4257 4257 V CamX : [ VERB][UTILS ] camxhashmap.cpp:210 GetInPlace() Key not found
10-14 01:25:02.594 4257 4257 V CamX : [ VERB][UTILS ] camxhashmap.cpp:210 GetInPlace() Key not found
10-14 01:25:02.594 4257 4257 V CamX : [ VERB][UTILS ] camxhashmap.cpp:210 GetInPlace() Key not found
10-14 01:25:02.594 4257 4257 V CamX : [ VERB][UTILS ] camxhashmap.cpp:210 GetInPlace() Key not found
10-14 01:25:02.594 4257 4257 V CamX : [ VERB][UTILS ] camxhashmap.cpp:210 GetInPlace() Key not found
10-14 01:25:02.594 4257 4257 V CamX : [ VERB][UTILS ] camxhashmap.cpp:210 GetInPlace() Key not found
10-14 01:25:02.594 4257 4257 V CamX : [ VERB][UTILS ] camxhashmap.cpp:210 GetInPlace() Key not found
10-14 01:25:02.594 4257 4257 V CamX : [ VERB][UTILS ] camxhashmap.cpp:210 GetInPlace() Key not found
10-14 01:25:02.594 4257 4257 V CamX : [ VERB][UTILS ] camxhashmap.cpp:210 GetInPlace() Key not found
01-01 08:02:12.855 0 0 W audit : audit_lost=13 audit_rate_limit=5 audit_backlog_limit=64
10-14 01:25:02.594 4257 4257 V CamX : [ VERB][UTILS ] camxhashmap.cpp:210 GetInPlace() Key not found
10-14 01:25:02.599 4259 4259 W ls : type=1400 audit(0.0:128): avc: denied { getattr } for path="/linkerconfig" dev="tmpfs" ino=5500 scontext=u:r:shell:s0 tcontext=u:object_r:linkerconfig_file:s0 tclass=dir permissive=0
10-14 01:25:02.594 4257 4257 V CamX : [ VERB][UTILS ] camxhashmap.cpp:210 GetInPlace() Key not found
10-14 01:25:02.594 4257 4257 V CamX : [ VERB][UTILS ] camxhashmap.cpp:210 GetInPlace() Key not found
10-14 01:25:02.594 4257 4257 V CamX : [ VERB][UTILS ] camxhashmap.cpp:210 GetInPlace() Key not found
10-14 01:25:02.594 4257 4257 V CamX : [ VERB][UTILS ] camxhashmap.cpp:210 GetInPlace() Key not found
10-14 01:25:02.599 4259 4259 W ls : type=1400 audit(0.0:129): avc: denied { getattr } for path="/data_mirror" dev="tmpfs" ino=37460 scontext=u:r:shell:s0 tcontext=u:object_r:mirror_data_file:s0 tclass=dir permissive=0
10-14 01:25:02.599 4259 4259 W ls : type=1400 audit(0.0:130): avc: denied { getattr } for path="/init" dev="dm-5" ino=24 scontext=u:r:shell:s0 tcontext=u:object_r:init_exec:s0 tclass=lnk_file permissive=0
10-14 01:25:02.599 4259 4259 W ls : type=1400 audit(0.0:131): avc: denied { getattr } for path="/init.environ.rc" dev="dm-5" ino=25 scontext=u:r:shell:s0 tcontext=u:object_r:rootfs:s0 tclass=file permissive=0
01-01 08:02:12.855 0 0 E audit : rate limit exceeded
10-14 01:25:02.599 4259 4259 W ls : type=1400 audit(0.0:132): avc: denied { getattr } for path="/cache" dev="dm-5" ino=16 scontext=u:r:shell:s0 tcontext=u:object_r:cache_file:s0 tclass=lnk_file permissive=0
10-14 01:25:02.594 4257 4257 V CamX : [ VERB][UTILS ] camxhashmap.cpp:210 GetInPlace() Key not found
10-14 01:25:02.594 4257 4257 V CamX : [ VERB][UTILS ] camxhashmap.cpp:210 GetInPlace() Key not found
10-14 01:25:02.594 4257 4257 V CamX : [ VERB][UTILS ] camxhashmap.cpp:210 GetInPlace() Key not found
10-14 01:25:02.594 4257 4257 V CamX : [ VERB][UTILS ] camxhashmap.cpp:210 GetInPlace() Key not found
10-14 01:25:02.594 4257 4257 V CamX : [ VERB][UTILS ] camxhashmap.cpp:210 GetInPlace() Key not found
10-14 01:25:02.594 4257 4257 V CamX : [ VERB][UTILS ] camxhashmap.cpp:210 GetInPlace() Key not found
10-14 01:25:02.594 4257 4257 V CamX : [ VERB][UTILS ] camxhashmap.cpp:210 GetInPlace() Key not found
10-14 01:25:02.594 4257 4257 V CamX : [ VERB][UTILS ] camxhashmap.cpp:210 GetInPlace() Key not found
10-14 01:25:02.594 4257 4257 V CamX : [ VERB][UTILS ] camxhashmap.cpp:210 GetInPlace() Key not found
10-14 01:25:02.594 4257 4257 V CamX : [ VERB][UTILS ] camxhashmap.cpp:210 GetInPlace() Key not found
10-14 01:25:02.594 4257 4257 V CamX : [ VERB][UTILS ] camxhashmap.cpp:210 GetInPlace() Key not found
10-14 01:25:02.594 4257 4257 V CamX : [ VERB][UTILS ] camxhashmap.cpp:210 GetInPlace() Key not found
10-14 01:25:02.594 4257 4257 V CamX : [ VERB][UTILS ] camxhashmap.cpp:210 GetInPlace() Key not found
10-14 01:25:02.594 4257 4257 V CamX : [ VERB][UTILS ] camxhashmap.cpp:210 GetInPlace() Key not found
10-14 01:25:02.594 4257 4257 V CamX : [ VERB][UTILS ] camxhashmap.cpp:210 GetInPlace() Key not found
10-14 01:25:02.594 4257 4257 V CamX : [ VERB][UTILS ] camxhashmap.cpp:210 GetInPlace() Key not found
10-14 01:25:02.594 4257 4257 V CamX : [ VERB][UTILS ] camxhashmap.cpp:210 GetInPlace() Key not found
10-14 01:25:02.594 4257 4257 V CamX : [ VERB][UTILS ] camxhashmap.cpp:210 GetInPlace() Key not found
10-14 01:25:02.594 4257 4257 V CamX : [ VERB][UTILS ] camxhashmap.cpp:210 GetInPlace() Key not found
10-14 01:25:02.594 4257 4257 V CamX : [ VERB][UTILS ] camxhashmap.cpp:210 GetInPlace() Key not found
10-14 01:25:02.594 4257 4257 V CamX : [ VERB][UTILS ] camxhashmap.cpp:210 GetInPlace() Key not found
10-14 01:25:02.594 4257 4257 V CamX : [ VERB][UTILS ] camxhashmap.cpp:210 GetInPlace() Key not found
10-14 01:25:02.594 4257 4257 V CamX : [ VERB][UTILS ] camxhashmap.cpp:210 GetInPlace() Key not found
10-14 01:25:02.594 4257 4257 V CamX : [ VERB][UTILS ] camxhashmap.cpp:210 GetInPlace() Key not found
10-14 01:25:02.594 4257 4257 V CamX : [ VERB][UTILS ] camxhashmap.cpp:210 GetInPlace() Key not found
10-14 01:25:02.594 4257 4257 V CamX : [ VERB][UTILS ] camxhashmap.cpp:210 GetInPlace() Key not found
10-14 01:25:02.594 4257 4257 V CamX : [ VERB][UTILS ] camxhashmap.cpp:210 GetInPlace() Key not found
10-14 01:25:02.594 4257 4257 V CamX : [ VERB][UTILS ] camxhashmap.cpp:210 GetInPlace() Key not found
10-14 01:25:02.594 4257 4257 V CamX : [ VERB][UTILS ] camxhashmap.cpp:210 GetInPlace() Key not found
10-14 01:25:02.594 4257 4257 V CamX : [ VERB][UTILS ] camxhashmap.cpp:210 GetInPlace() Key not found
10-14 01:25:02.594 4257 4257 V CamX : [ VERB][UTILS ] camxhashmap.cpp:210 GetInPlace() Key not found
10-14 01:25:02.594 4257 4257 V CamX : [ VERB][UTILS ] camxhashmap.cpp:210 GetInPlace() Key not found
10-14 01:25:02.594 4257 4257 V CamX : [ VERB][UTILS ] camxhashmap.cpp:210 GetInPlace() Key not found
10-14 01:25:02.594 4257 4257 V CamX : [ VERB][UTILS ] camxhashmap.cpp:210 GetInPlace() Key not found
10-14 01:25:02.594 4257 4257 V CamX : [ VERB][UTILS ] camxhashmap.cpp:210 GetInPlace() Key not found
10-14 01:25:02.595 4257 4257 V CamX : [ VERB][UTILS ] camxhashmap.cpp:210 GetInPlace() Key not found
10-14 01:25:02.595 4257 4257 V CamX : [ VERB][UTILS ] camxhashmap.cpp:210 GetInPlace() Key not found
10-14 01:25:02.595 4257 4257 V CamX : [ VERB][UTILS ] camxhashmap.cpp:210 GetInPlace() Key not found
10-14 01:25:02.595 4257 4257 V CamX : [ VERB][UTILS ] camxhashmap.cpp:210 GetInPlace() Key not found
10-14 01:25:02.595 4257 4257 V CamX : [ VERB][UTILS ] camxhashmap.cpp:210 GetInPlace() Key not found
10-14 01:25:02.595 4257 4257 V CamX : [ VERB][UTILS ] camxhashmap.cpp:210 GetInPlace() Key not found
10-14 01:25:02.595 4257 4257 V CamX : [ VERB][UTILS ] camxhashmap.cpp:210 GetInPlace() Key not found
10-14 01:25:02.595 4257 4257 V CamX : [ VERB][UTILS ] camxhashmap.cpp:210 GetInPlace() Key not found
10-14 01:25:02.595 4257 4257 V CamX : [ VERB][UTILS ] camxhashmap.cpp:210 GetInPlace() Key not found
10-14 01:25:02.595 4257 4257 V CamX : [ VERB][UTILS ] camxhashmap.cpp:210 GetInPlace() Key not found
10-14 01:25:02.595 4257 4257 V CamX : [ VERB][UTILS ] camxhashmap.cpp:210 GetInPlace() Key not found
10-14 01:25:02.595 4257 4257 V CamX : [ VERB][UTILS ] camxhashmap.cpp:210 GetInPlace() Key not found
10-14 01:25:02.595 4257 4257 V CamX : [ VERB][UTILS ] camxhashmap.cpp:210 GetInPlace() Key not found
10-14 01:25:02.595 4257 4257 V CamX : [ VERB][UTILS ] camxhashmap.cpp:210 GetInPlace() Key not found
10-14 01:25:02.595 4257 4257 V CamX : [ VERB][UTILS ] camxhashmap.cpp:210 GetInPlace() Key not found
10-14 01:25:02.595 4257 4257 V CamX : [ VERB][UTILS ] camxhashmap.cpp:210 GetInPlace() Key not found
10-14 01:25:02.595 4257 4257 V CamX : [ VERB][UTILS ] camxhashmap.cpp:210 GetInPlace() Key not found
10-14 01:25:02.595 4257 4257 V CamX : [ VERB][UTILS ] camxhashmap.cpp:210 GetInPlace() Key not found
10-14 01:25:02.595 4257 4257 V CamX : [ VERB][UTILS ] camxhashmap.cpp:210 GetInPlace() Key not found
10-14 01:25:02.595 4257 4257 V CamX : [ VERB][UTILS ] camxhashmap.cpp:210 GetInPlace() Key not found
10-14 01:25:02.595 4257 4257 V CamX : [ VERB][UTILS ] camxhashmap.cpp:210 GetInPlace() Key not found
10-14 01:25:02.595 4257 4257 V CamX : [ VERB][UTILS ] camxhashmap.cpp:210 GetInPlace() Key not found
10-14 01:25:02.595 4257 4257 V CamX : [ VERB][UTILS ] camxhashmap.cpp:210 GetInPlace() Key not found
10-14 01:25:02.595 4257 4257 V CamX : [ VERB][UTILS ] camxhashmap.cpp:210 GetInPlace() Key not found
10-14 01:25:02.595 4257 4257 V CamX : [ VERB][UTILS ] camxhashmap.cpp:210 GetInPlace() Key not found
10-14 01:25:02.595 4257 4257 V CamX : [ VERB][UTILS ] camxhashmap.cpp:210 GetInPlace() Key not found
10-14 01:25:02.595 4257 4257 V CamX : [ VERB][UTILS ] camxhashmap.cpp:210 GetInPlace() Key not found
10-14 01:25:02.595 4257 4257 V CamX : [ VERB][UTILS ] camxhashmap.cpp:210 GetInPlace() Key not found
10-14 01:25:02.595 4257 4257 V CamX : [ VERB][UTILS ] camxhashmap.cpp:210 GetInPlace() Key not found
10-14 01:25:02.595 4257 4257 V CamX : [ VERB][UTILS ] camxhashmap.cpp:210 GetInPlace() Key not found
10-14 01:25:02.595 4257 4257 V CamX : [ VERB][UTILS ] camxhashmap.cpp:210 GetInPlace() Key not found
10-14 01:25:02.595 4257 4257 V CamX : [ VERB][UTILS ] camxhashmap.cpp:210 GetInPlace() Key not found
10-14 01:25:02.595 4257 4257 V CamX : [ VERB][UTILS ] camxhashmap.cpp:210 GetInPlace() Key not found
10-14 01:25:02.595 4257 4257 V CamX : [ VERB][UTILS ] camxhashmap.cpp:210 GetInPlace() Key not found
10-14 01:25:02.595 4257 4257 V CamX : [ VERB][UTILS ] camxhashmap.cpp:210 GetInPlace() Key not found
10-14 01:25:02.595 4257 4257 V CamX : [ VERB][UTILS ] camxhashmap.cpp:210 GetInPlace() Key not found
10-14 01:25:02.595 4257 4257 V CamX : [ VERB][UTILS ] camxhashmap.cpp:210 GetInPlace() Key not found
10-14 01:25:02.595 4257 4257 V CamX : [ VERB][UTILS ] camxhashmap.cpp:210 GetInPlace() Key not found
10-14 01:25:02.595 4257 4257 V CamX : [ VERB][UTILS ] camxhashmap.cpp:210 GetInPlace() Key not found
10-14 01:25:02.595 4257 4257 V CamX : [ VERB][UTILS ] camxhashmap.cpp:210 GetInPlace() Key not found
10-14 01:25:02.595 4257 4257 V CamX : [ VERB][UTILS ] camxhashmap.cpp:210 GetInPlace() Key not found
10-14 01:25:02.595 4257 4257 V CamX : [ VERB][UTILS ] camxhashmap.cpp:210 GetInPlace() Key not found
10-14 01:25:02.595 4257 4257 V CamX : [ VERB][UTILS ] camxhashmap.cpp:210 GetInPlace() Key not found
10-14 01:25:02.595 4257 4257 V CamX : [ VERB][UTILS ] camxhashmap.cpp:210 GetInPlace() Key not found
10-14 01:25:02.595 4257 4257 V CamX : [ VERB][UTILS ] camxhashmap.cpp:210 GetInPlace() Key not found
10-14 01:25:02.595 4257 4257 V CamX : [ VERB][UTILS ] camxhashmap.cpp:210 GetInPlace() Key not found
10-14 01:25:02.595 4257 4257 V CamX : [ VERB][UTILS ] camxhashmap.cpp:210 GetInPlace() Key not found
10-14 01:25:02.595 4257 4257 V CamX : [ VERB][UTILS ] camxhashmap.cpp:210 GetInPlace() Key not found
10-14 01:25:02.595 4257 4257 V CamX : [ VERB][UTILS ] camxhashmap.cpp:210 GetInPlace() Key not found
10-14 01:25:02.595 4257 4257 V CamX : [ VERB][UTILS ] camxhashmap.cpp:210 GetInPlace() Key not found
10-14 01:25:02.595 4257 4257 V CamX : [ VERB][UTILS ] camxhashmap.cpp:210 GetInPlace() Key not found
10-14 01:25:02.595 4257 4257 V CamX : [ VERB][UTILS ] camxhashmap.cpp:210 GetInPlace() Key not found
10-14 01:25:02.595 4257 4257 V CamX : [ VERB][UTILS ] camxhashmap.cpp:210 GetInPlace() Key not found
10-14 01:25:02.595 4257 4257 V CamX : [ VERB][UTILS ] camxhashmap.cpp:210 GetInPlace() Key not found
10-14 01:25:02.595 4257 4257 V CamX : [ VERB][UTILS ] camxhashmap.cpp:210 GetInPlace() Key not found
10-14 01:25:02.595 4257 4257 V CamX : [ VERB][UTILS ] camxhashmap.cpp:210 GetInPlace() Key not found
10-14 01:25:02.595 4257 4257 V CamX : [ VERB][UTILS ] camxhashmap.cpp:210 GetInPlace() Key not found
10-14 01:25:02.595 4257 4257 V CamX : [ VERB][UTILS ] camxhashmap.cpp:210 GetInPlace() Key not found
10-14 01:25:02.595 4257 4257 V CamX : [ VERB][UTILS ] camxhashmap.cpp:210 GetInPlace() Key not found
10-14 01:25:02.595 4257 4257 V CamX : [ VERB][UTILS ] camxhashmap.cpp:210 GetInPlace() Key not found
10-14 01:25:02.595 4257 4257 V CamX : [ VERB][UTILS ] camxhashmap.cpp:210 GetInPlace() Key not found
10-14 01:25:02.595 4257 4257 V CamX : [ VERB][UTILS ] camxhashmap.cpp:210 GetInPlace() Key not found
10-14 01:25:02.595 4257 4257 V CamX : [ VERB][UTILS ] camxhashmap.cpp:210 GetInPlace() Key not found
10-14 01:25:02.595 4257 4257 V CamX : [ VERB][UTILS ] camxhashmap.cpp:210 GetInPlace() Key not found
10-14 01:25:02.595 4257 4257 V CamX : [ VERB][UTILS ] camxhashmap.cpp:210 GetInPlace() Key not found
10-14 01:25:02.595 4257 4257 V CamX : [ VERB][UTILS ] camxhashmap.cpp:210 GetInPlace() Key not found
10-14 01:25:02.595 4257 4257 V CamX : [ VERB][UTILS ] camxhashmap.cpp:210 GetInPlace() Key not found
10-14 01:25:02.595 4257 4257 V CamX : [ VERB][UTILS ] camxhashmap.cpp:210 GetInPlace() Key not found
10-14 01:25:02.595 4257 4257 V CamX : [ VERB][UTILS ] camxhashmap.cpp:210 GetInPlace() Key not found
10-14 01:25:02.595 4257 4257 V CamX : [ VERB][UTILS ] camxhashmap.cpp:210 GetInPlace() Key not found
10-14 01:25:02.595 4257 4257 V CamX : [ VERB][UTILS ] camxhashmap.cpp:210 GetInPlace() Key not found
10-14 01:25:02.596 4257 4257 V CamX : [ VERB][UTILS ] camxhashmap.cpp:210 GetInPlace() Key not found
10-14 01:25:02.596 4257 4257 V CamX : [ VERB][UTILS ] camxhashmap.cpp:210 GetInPlace() Key not found
10-14 01:25:02.596 4257 4257 V CamX : [ VERB][UTILS ] camxhashmap.cpp:210 GetInPlace() Key not found
10-14 01:25:02.596 4257 4257 V CamX : [ VERB][UTILS ] camxhashmap.cpp:210 GetInPlace() Key not found
10-14 01:25:02.596 4257 4257 V CamX : [ VERB][UTILS ] camxhashmap.cpp:210 GetInPlace() Key not found
10-14 01:25:02.596 4257 4257 V CamX : [ VERB][UTILS ] camxhashmap.cpp:210 GetInPlace() Key not found
10-14 01:25:02.596 4257 4257 V CamX : [ VERB][UTILS ] camxhashmap.cpp:210 GetInPlace() Key not found
10-14 01:25:02.596 4257 4257 V CamX : [ VERB][UTILS ] camxhashmap.cpp:210 GetInPlace() Key not found
10-14 01:25:02.596 4257 4257 V CamX : [ VERB][UTILS ] camxhashmap.cpp:210 GetInPlace() Key not found
10-14 01:25:02.596 4257 4257 V CamX : [ VERB][UTILS ] camxhashmap.cpp:210 GetInPlace() Key not found
10-14 01:25:02.596 4257 4257 V CamX : [ VERB][UTILS ] camxhashmap.cpp:210 GetInPlace() Key not found
10-14 01:25:02.596 4257 4257 V CamX : [ VERB][UTILS ] camxhashmap.cpp:210 GetInPlace() Key not found
10-14 01:25:02.596 4257 4257 V CamX : [ VERB][UTILS ] camxhashmap.cpp:210 GetInPlace() Key not found
10-14 01:25:02.596 4257 4257 V CamX : [ VERB][UTILS ] camxhashmap.cpp:210 GetInPlace() Key not found
10-14 01:25:02.596 4257 4257 V CamX : [ VERB][UTILS ] camxhashmap.cpp:210 GetInPlace() Key not found
10-14 01:25:02.596 4257 4257 V CamX : [ VERB][UTILS ] camxhashmap.cpp:210 GetInPlace() Key not found
10-14 01:25:02.596 4257 4257 V CamX : [ VERB][UTILS ] camxhashmap.cpp:210 GetInPlace() Key not found
10-14 01:25:02.596 4257 4257 V CamX : [ VERB][UTILS ] camxhashmap.cpp:210 GetInPlace() Key not found
10-14 01:25:02.596 4257 4257 V CamX : [ VERB][UTILS ] camxhashmap.cpp:210 GetInPlace() Key not found
10-14 01:25:02.596 4257 4257 V CamX : [ VERB][UTILS ] camxhashmap.cpp:210 GetInPlace() Key not found
10-14 01:25:02.596 4257 4257 V CamX : [ VERB][UTILS ] camxhashmap.cpp:210 GetInPlace() Key not found
10-14 01:25:02.596 4257 4257 V CamX : [ VERB][UTILS ] camxhashmap.cpp:210 GetInPlace() Key not found
10-14 01:25:02.596 4257 4257 V CamX : [ VERB][UTILS ] camxhashmap.cpp:210 GetInPlace() Key not found
10-14 01:25:02.596 4257 4257 V CamX : [ VERB][UTILS ] camxhashmap.cpp:210 GetInPlace() Key not found
10-14 01:25:02.596 4257 4257 V CamX : [ VERB][UTILS ] camxhashmap.cpp:210 GetInPlace() Key not found
10-14 01:25:02.596 4257 4257 V CamX : [ VERB][UTILS ] camxhashmap.cpp:210 GetInPlace() Key not found
10-14 01:25:02.596 4257 4257 V CamX : [ VERB][UTILS ] camxhashmap.cpp:210 GetInPlace() Key not found
10-14 01:25:02.596 4257 4257 V CamX : [ VERB][UTILS ] camxhashmap.cpp:210 GetInPlace() Key not found
10-14 01:25:02.596 4257 4257 V CamX : [ VERB][UTILS ] camxhashmap.cpp:210 GetInPlace() Key not found
10-14 01:25:02.596 4257 4257 V CamX : [ VERB][UTILS ] camxhashmap.cpp:210 GetInPlace() Key not found
10-14 01:25:02.596 4257 4257 V CamX : [ VERB][UTILS ] camxhashmap.cpp:210 GetInPlace() Key not found
10-14 01:25:02.596 4257 4257 V CamX : [ VERB][UTILS ] camxhashmap.cpp:210 GetInPlace() Key not found
10-14 01:25:02.596 4257 4257 V CamX : [ VERB][UTILS ] camxhashmap.cpp:210 GetInPlace() Key not found
10-14 01:25:02.596 4257 4257 V CamX : [ VERB][UTILS ] camxhashmap.cpp:210 GetInPlace() Key not found
10-14 01:25:02.596 4257 4257 V CamX : [ VERB][UTILS ] camxhashmap.cpp:210 GetInPlace() Key not found
10-14 01:25:02.596 4257 4257 V CamX : [ VERB][UTILS ] camxhashmap.cpp:210 GetInPlace() Key not found
10-14 01:25:02.596 4257 4257 V CamX : [ VERB][UTILS ] camxhashmap.cpp:210 GetInPlace() Key not found
10-14 01:25:02.596 4257 4257 V CamX : [ VERB][UTILS ] camxhashmap.cpp:210 GetInPlace() Key not found
10-14 01:25:02.596 4257 4257 V CamX : [ VERB][UTILS ] camxhashmap.cpp:210 GetInPlace() Key not found
10-14 01:25:02.596 4257 4257 V CamX : [ VERB][UTILS ] camxhashmap.cpp:210 GetInPlace() Key not found
10-14 01:25:02.596 4257 4257 V CamX : [ VERB][UTILS ] camxhashmap.cpp:210 GetInPlace() Key not found
10-14 01:25:02.596 4257 4257 V CamX : [ VERB][UTILS ] camxhashmap.cpp:210 GetInPlace() Key not found
10-14 01:25:02.596 4257 4257 V CamX : [ VERB][UTILS ] camxhashmap.cpp:210 GetInPlace() Key not found
10-14 01:25:02.596 4257 4257 V CamX : [ VERB][UTILS ] camxhashmap.cpp:210 GetInPlace() Key not found
10-14 01:25:02.596 4257 4257 V CamX : [ VERB][UTILS ] camxhashmap.cpp:210 GetInPlace() Key not found
10-14 01:25:02.596 4257 4257 V CamX : [ VERB][UTILS ] camxhashmap.cpp:210 GetInPlace() Key not found
10-14 01:25:02.596 4257 4257 V CamX : [ VERB][UTILS ] camxhashmap.cpp:210 GetInPlace() Key not found
10-14 01:25:02.596 4257 4257 V CamX : [ VERB][UTILS ] camxhashmap.cpp:210 GetInPlace() Key not found
10-14 01:25:02.596 4257 4257 V CamX : [ VERB][UTILS ] camxhashmap.cpp:210 GetInPlace() Key not found
10-14 01:25:02.596 4257 4257 V CamX : [ VERB][UTILS ] camxhashmap.cpp:210 GetInPlace() Key not found
10-14 01:25:02.596 4257 4257 V CamX : [ VERB][UTILS ] camxhashmap.cpp:210 GetInPlace() Key not found
10-14 01:25:02.596 4257 4257 V CamX : [ VERB][UTILS ] camxhashmap.cpp:210 GetInPlace() Key not found
10-14 01:25:02.596 4257 4257 V CamX : [ VERB][UTILS ] camxhashmap.cpp:210 GetInPlace() Key not found
10-14 01:25:02.596 4257 4257 V CamX : [ VERB][UTILS ] camxhashmap.cpp:210 GetInPlace() Key not found
10-14 01:25:02.596 4257 4257 V CamX : [ VERB][UTILS ] camxhashmap.cpp:210 GetInPlace() Key not found
10-14 01:25:02.596 4257 4257 V CamX : [ VERB][UTILS ] camxhashmap.cpp:210 GetInPlace() Key not found
10-14 01:25:02.596 4257 4257 V CamX : [ VERB][UTILS ] camxhashmap.cpp:210 GetInPlace() Key not found
10-14 01:25:02.596 4257 4257 V CamX : [ VERB][UTILS ] camxhashmap.cpp:210 GetInPlace() Key not found
10-14 01:25:02.596 4257 4257 V CamX : [ VERB][UTILS ] camxhashmap.cpp:210 GetInPlace() Key not found
10-14 01:25:02.596 4257 4257 V CamX : [ VERB][UTILS ] camxhashmap.cpp:210 GetInPlace() Key not found
10-14 01:25:02.596 4257 4257 V CamX : [ VERB][UTILS ] camxhashmap.cpp:210 GetInPlace() Key not found
10-14 01:25:02.596 4257 4257 V CamX : [ VERB][UTILS ] camxhashmap.cpp:210 GetInPlace() Key not found
10-14 01:25:02.596 4257 4257 V CamX : [ VERB][UTILS ] camxhashmap.cpp:210 GetInPlace() Key not found
10-14 01:25:02.596 4257 4257 V CamX : [ VERB][UTILS ] camxhashmap.cpp:210 GetInPlace() Key not found
10-14 01:25:02.596 4257 4257 V CamX : [ VERB][UTILS ] camxhashmap.cpp:210 GetInPlace() Key not found
10-14 01:25:02.596 4257 4257 V CamX : [ VERB][UTILS ] camxhashmap.cpp:210 GetInPlace() Key not found
10-14 01:25:02.597 4257 4257 V CamX : [ VERB][UTILS ] camxhashmap.cpp:210 GetInPlace() Key not found
10-14 01:25:02.597 4257 4257 V CamX : [ VERB][UTILS ] camxhashmap.cpp:210 GetInPlace() Key not found
10-14 01:25:02.597 4257 4257 V CamX : [ VERB][UTILS ] camxhashmap.cpp:210 GetInPlace() Key not found
10-14 01:25:02.597 4257 4257 V CamX : [ VERB][UTILS ] camxhashmap.cpp:210 GetInPlace() Key not found
10-14 01:25:02.597 4257 4257 V CamX : [ VERB][UTILS ] camxhashmap.cpp:210 GetInPlace() Key not found
10-14 01:25:02.597 4257 4257 V CamX : [ VERB][UTILS ] camxhashmap.cpp:210 GetInPlace() Key not found
10-14 01:25:02.597 4257 4257 V CamX : [ VERB][UTILS ] camxhashmap.cpp:210 GetInPlace() Key not found
10-14 01:25:02.597 4257 4257 V CamX : [ VERB][UTILS ] camxhashmap.cpp:210 GetInPlace() Key not found
10-14 01:25:02.597 4257 4257 V CamX : [ VERB][UTILS ] camxhashmap.cpp:210 GetInPlace() Key not found
10-14 01:25:02.597 4257 4257 V CamX : [ VERB][UTILS ] camxhashmap.cpp:210 GetInPlace() Key not found
10-14 01:25:02.597 4257 4257 V CamX : [ VERB][UTILS ] camxhashmap.cpp:210 GetInPlace() Key not found
10-14 01:25:02.597 4257 4257 V CamX : [ VERB][UTILS ] camxhashmap.cpp:210 GetInPlace() Key not found
10-14 01:25:02.597 4257 4257 V CamX : [ VERB][UTILS ] camxhashmap.cpp:210 GetInPlace() Key not found
10-14 01:25:02.597 4257 4257 V CamX : [ VERB][UTILS ] camxhashmap.cpp:210 GetInPlace() Key not found
10-14 01:25:02.597 4257 4257 V CamX : [ VERB][UTILS ] camxhashmap.cpp:210 GetInPlace() Key not found
10-14 01:25:02.597 4257 4257 V CamX : [ VERB][UTILS ] camxhashmap.cpp:210 GetInPlace() Key not found
10-14 01:25:02.597 4257 4257 V CamX : [ VERB][UTILS ] camxhashmap.cpp:210 GetInPlace() Key not found
10-14 01:25:02.597 4257 4257 V CamX : [ VERB][UTILS ] camxhashmap.cpp:210 GetInPlace() Key not found
10-14 01:25:02.597 4257 4257 V CamX : [ VERB][UTILS ] camxhashmap.cpp:210 GetInPlace() Key not found
10-14 01:25:02.597 4257 4257 V CamX : [ VERB][UTILS ] camxhashmap.cpp:210 GetInPlace() Key not found
10-14 01:25:02.597 4257 4257 V CamX : [ VERB][UTILS ] camxhashmap.cpp:210 GetInPlace() Key not found
10-14 01:25:02.597 4257 4257 V CamX : [ VERB][UTILS ] camxhashmap.cpp:210 GetInPlace() Key not found
10-14 01:25:02.597 4257 4257 V CamX : [ VERB][UTILS ] camxhashmap.cpp:210 GetInPlace() Key not found
10-14 01:25:02.597 4257 4257 V CamX : [ VERB][UTILS ] camxhashmap.cpp:210 GetInPlace() Key not found
10-14 01:25:02.597 4257 4257 V CamX : [ VERB][UTILS ] camxhashmap.cpp:210 GetInPlace() Key not found
10-14 01:25:02.597 4257 4257 V CamX : [ VERB][UTILS ] camxhashmap.cpp:210 GetInPlace() Key not found
10-14 01:25:02.597 4257 4257 V CamX : [ VERB][UTILS ] camxhashmap.cpp:210 GetInPlace() Key not found
10-14 01:25:02.597 4257 4257 V CamX : [ VERB][UTILS ] camxhashmap.cpp:210 GetInPlace() Key not found
10-14 01:25:02.597 4257 4257 V CamX : [ VERB][UTILS ] camxhashmap.cpp:210 GetInPlace() Key not found
10-14 01:25:02.597 4257 4257 V CamX : [ VERB][UTILS ] camxhashmap.cpp:210 GetInPlace() Key not found
10-14 01:25:02.597 4257 4257 V CamX : [ VERB][UTILS ] camxhashmap.cpp:210 GetInPlace() Key not found
10-14 01:25:02.597 4257 4257 V CamX : [ VERB][UTILS ] camxhashmap.cpp:210 GetInPlace() Key not found
10-14 01:25:02.597 4257 4257 V CamX : [ VERB][UTILS ] camxhashmap.cpp:210 GetInPlace() Key not found
10-14 01:25:02.597 4257 4257 V CamX : [ VERB][UTILS ] camxhashmap.cpp:210 GetInPlace() Key not found
10-14 01:25:02.597 4257 4257 V CamX : [ VERB][UTILS ] camxhashmap.cpp:210 GetInPlace() Key not found
10-14 01:25:02.597 4257 4257 V CamX : [ VERB][UTILS ] camxhashmap.cpp:210 GetInPlace() Key not found
10-14 01:25:02.597 4257 4257 V CamX : [ VERB][UTILS ] camxhashmap.cpp:210 GetInPlace() Key not found
10-14 01:25:02.597 4257 4257 V CamX : [ VERB][UTILS ] camxhashmap.cpp:210 GetInPlace() Key not found
10-14 01:25:02.597 4257 4257 V CamX : [ VERB][UTILS ] camxhashmap.cpp:210 GetInPlace() Key not found
10-14 01:25:02.597 4257 4257 V CamX : [ VERB][UTILS ] camxhashmap.cpp:210 GetInPlace() Key not found
10-14 01:25:02.597 4257 4257 V CamX : [ VERB][UTILS ] camxhashmap.cpp:210 GetInPlace() Key not found
10-14 01:25:02.597 4257 4257 V CamX : [ VERB][UTILS ] camxhashmap.cpp:210 GetInPlace() Key not found
10-14 01:25:02.597 4257 4257 V CamX : [ VERB][UTILS ] camxhashmap.cpp:210 GetInPlace() Key not found
10-14 01:25:02.597 4257 4257 V CamX : [ VERB][UTILS ] camxhashmap.cpp:210 GetInPlace() Key not found
10-14 01:25:02.597 4257 4257 V CamX : [ VERB][UTILS ] camxhashmap.cpp:210 GetInPlace() Key not found
10-14 01:25:02.597 4257 4257 V CamX : [ VERB][UTILS ] camxhashmap.cpp:210 GetInPlace() Key not found
10-14 01:25:02.597 4257 4257 V CamX : [ VERB][UTILS ] camxhashmap.cpp:210 GetInPlace() Key not found
10-14 01:25:02.597 4257 4257 V CamX : [ VERB][UTILS ] camxhashmap.cpp:210 GetInPlace() Key not found
10-14 01:25:02.598 4257 4257 V CamX : [ VERB][UTILS ] camxhashmap.cpp:210 GetInPlace() Key not found
10-14 01:25:02.598 4257 4257 V CamX : [ VERB][UTILS ] camxhashmap.cpp:210 GetInPlace() Key not found
10-14 01:25:02.598 4257 4257 V CamX : [ VERB][UTILS ] camxhashmap.cpp:210 GetInPlace() Key not found
10-14 01:25:02.598 4257 4257 V CamX : [ VERB][UTILS ] camxhashmap.cpp:210 GetInPlace() Key not found
10-14 01:25:02.599 4257 4257 V CamX : [ VERB][UTILS ] camxhashmap.cpp:210 GetInPlace() Key not found
10-14 01:25:02.599 4257 4257 V CamX : [ VERB][UTILS ] camxhashmap.cpp:210 GetInPlace() Key not found
10-14 01:25:02.599 4257 4257 V CamX : [ VERB][UTILS ] camxhashmap.cpp:210 GetInPlace() Key not found
10-14 01:25:02.599 4257 4257 V CamX : [ VERB][UTILS ] camxhashmap.cpp:210 GetInPlace() Key not found
10-14 01:25:02.599 4257 4257 V CamX : [ VERB][UTILS ] camxhashmap.cpp:210 GetInPlace() Key not found
10-14 01:25:02.599 4257 4257 V CamX : [ VERB][UTILS ] camxhashmap.cpp:210 GetInPlace() Key not found
10-14 01:25:02.599 4257 4257 V CamX : [ VERB][UTILS ] camxhashmap.cpp:210 GetInPlace() Key not found
10-14 01:25:02.600 4257 4257 V CamX : [ VERB][UTILS ] camxhashmap.cpp:210 GetInPlace() Key not found
10-14 01:25:02.600 4257 4257 V CamX : [ VERB][UTILS ] camxhashmap.cpp:210 GetInPlace() Key not found
10-14 01:25:02.600 4257 4257 V CamX : [ VERB][UTILS ] camxhashmap.cpp:210 GetInPlace() Key not found
10-14 01:25:02.600 4257 4257 V CamX : [ VERB][UTILS ] camxhashmap.cpp:210 GetInPlace() Key not found
10-14 01:25:02.600 4257 4257 V CamX : [ VERB][UTILS ] camxhashmap.cpp:210 GetInPlace() Key not found
10-14 01:25:02.601 4257 4257 V CamX : [ VERB][UTILS ] camxhashmap.cpp:210 GetInPlace() Key not found
10-14 01:25:02.602 4257 4257 V CamX : [ VERB][UTILS ] camxhashmap.cpp:210 GetInPlace() Key not found
10-14 01:25:02.602 4257 4257 V CamX : [ VERB][UTILS ] camxhashmap.cpp:210 GetInPlace() Key not found
10-14 01:25:02.603 4257 4257 F libc : Fatal signal 6 (SIGABRT), code -6 (SI_TKILL) in tid 4257 (android.hardwar), pid 4257 (android.hardwar)
10-14 01:25:02.780 4262 4262 I crash_dump64: obtaining output fd from tombstoned, type: kDebuggerdTombstoneProto
10-14 01:25:02.783 637 637 I tombstoned: received crash request for pid 4257
10-14 01:25:02.786 4262 4262 I crash_dump64: performing dump of process 4257 (target tid = 4257)
10-14 01:25:02.804 4262 4262 E DEBUG : failed to read /proc/uptime: Permission denied
10-14 01:25:02.834 1385 2620 D BufferPoolAccessor2.0: evictor expired: 2, evicted: 0
10-14 01:25:02.842 825 2569 I vendor.qti.bluetooth@1.0-ibs_handler: ProcessIbsCmd: Received IBS_WAKE_IND: 0xFD
10-14 01:25:02.843 825 2569 D vendor.qti.bluetooth@1.0-ibs_handler: SerialClockVote: vote for UART CLK ON
10-14 01:25:02.844 825 2569 D vendor.qti.bluetooth@1.0-wake_lock: Acquire wakelock is acquired
10-14 01:25:02.845 825 2569 I vendor.qti.bluetooth@1.0-ibs_handler: ProcessIbsCmd: Writing IBS_WAKE_ACK
10-14 01:25:02.926 825 2569 I vendor.qti.bluetooth@1.0-ibs_handler: ProcessIbsCmd: Received IBS_SLEEP_IND: 0xFE
10-14 01:25:02.927 825 2569 D vendor.qti.bluetooth@1.0-ibs_handler: SerialClockVote: vote for UART CLK OFF
01-01 08:02:13.220 0 0 I logd : logdr: UID=1047 GID=1005 PID=4262 n tail=0 logMask=8 pid=4257 start=0ns deadline=0ns
01-01 08:02:13.237 0 0 I logd : logdr: UID=1047 GID=1005 PID=4262 n tail=0 logMask=1 pid=4257 start=0ns deadline=0ns
10-14 01:25:03.023 4262 4262 F DEBUG : *** *** *** *** *** *** *** *** *** *** *** *** *** *** *** ***
10-14 01:25:03.023 4262 4262 F DEBUG : Build fingerprint: 'TC/figure_CN/figure:12/SKQ1.220201.001/1107:userdebug/test-keys'
10-14 01:25:03.023 4262 4262 F DEBUG : Revision: '0'
10-14 01:25:03.023 4262 4262 F DEBUG : ABI: 'arm64'
10-14 01:25:03.023 4262 4262 F DEBUG : Timestamp: 2022-10-14 01:25:02.801111165+0800
10-14 01:25:03.023 4262 4262 F DEBUG : Process uptime: 0s
10-14 01:25:03.023 4262 4262 F DEBUG : Cmdline: /vendor/bin/hw/android.hardware.camera.provider@2.4-service_64
10-14 01:25:03.024 4262 4262 F DEBUG : pid: 4257, tid: 4257, name: android.hardwar >>> /vendor/bin/hw/android.hardware.camera.provider@2.4-service_64 <<<
10-14 01:25:03.024 4262 4262 F DEBUG : uid: 1047
10-14 01:25:03.024 4262 4262 F DEBUG : signal 6 (SIGABRT), code -6 (SI_TKILL), fault addr --------
10-14 01:25:03.024 4262 4262 F DEBUG : x0 0000000000000000 x1 00000000000010a1 x2 0000000000000006 x3 8080800000000000
10-14 01:25:03.024 4262 4262 F DEBUG : x4 00000000000cd288 x5 00000000000cd288 x6 00000000000cd288 x7 7f7f7f7fffff7f7f
10-14 01:25:03.024 4262 4262 F DEBUG : x8 0000000000000083 x9 37d8233c251de653 x10 0000007fced60f58 x11 fffffffffffffffd
10-14 01:25:03.024 4262 4262 F DEBUG : x12 00000079f118b000 x13 0000000000000000 x14 0000007fced616e0 x15 ffffffffffffffff
10-14 01:25:03.025 4262 4262 F DEBUG : x16 0000007d170f75a0 x17 0000007d170d37c0 x18 0000007d19354000 x19 00000079ef85e565
10-14 01:25:03.025 4262 4262 F DEBUG : x20 b400007a26688f70 x21 0000007d186da000 x22 0000007fced61bbc x23 00000079effd5aa0
10-14 01:25:03.025 4262 4262 F DEBUG : x24 00000079eff75fc0 x25 00000079eff1fdb0 x26 0000000000000060 x27 0000000000000000
10-14 01:25:03.025 4262 4262 F DEBUG : x28 b400007a56691f88 x29 0000007fced8e000
10-14 01:25:03.025 4262 4262 F DEBUG : lr 00000079efe577dc sp 0000007fced61b50 pc 0000007d170d37cc pst 0000000000001000
10-14 01:25:03.025 4262 4262 F DEBUG : backtrace:
10-14 01:25:03.025 4262 4262 F DEBUG : #00 pc 00000000000a17cc /apex/com.android.runtime/lib64/bionic/libc.so (tgkill+12) (BuildId: 369edc656806aeaf384cbeb8f7a347af)
10-14 01:25:03.026 4262 4262 F DEBUG : #01 pc 00000000006457d8 /vendor/lib64/hw/camera.qcom.so (CamX::HwEnvironment::GetInstance() (.cfi)+6368) (BuildId: 577757f361f69c46328d4dcf9bd6aaaf)
10-14 01:25:03.026 4262 4262 F DEBUG : #02 pc 0000000000266a50 /vendor/lib64/hw/camera.qcom.so (CamX::HAL3Module::GetInstance()+664) (BuildId: 577757f361f69c46328d4dcf9bd6aaaf)
10-14 01:25:03.026 4262 4262 F DEBUG : #03 pc 000000000025a294 /vendor/lib64/hw/camera.qcom.so (CamX::get_number_of_cameras() (.cfi)+84) (BuildId: 577757f361f69c46328d4dcf9bd6aaaf)
10-14 01:25:03.026 4262 4262 F DEBUG : #04 pc 0000000000034908 /vendor/lib64/android.hardware.camera.provider@2.4-legacy.so (android::hardware::camera::common::V1_0::helper::CameraModule::init()+200) (BuildId: c456d5ffa961e6c6954debfeaac86fd5)
10-14 01:25:03.026 4262 4262 F DEBUG : #05 pc 0000000000026e48 /vendor/lib64/android.hardware.camera.provider@2.4-legacy.so (android::hardware::camera::provider::V2_4::implementation::LegacyCameraProviderImpl_2_4::initialize()+140) (BuildId: c456d5ffa961e6c6954debfeaac86fd5)
10-14 01:25:03.026 4262 4262 F DEBUG : #06 pc 0000000000026638 /vendor/lib64/android.hardware.camera.provider@2.4-legacy.so (android::hardware::camera::provider::V2_4::implementation::LegacyCameraProviderImpl_2_4::LegacyCameraProviderImpl_2_4()+160) (BuildId: c456d5ffa961e6c6954debfeaac86fd5)
10-14 01:25:03.026 4262 4262 F DEBUG : #07 pc 000000000000415c /vendor/lib64/hw/android.hardware.camera.provider@2.4-impl.so (android::hardware::camera::provider::V2_4::implementation::CameraProvider* android::hardware::camera::provider::V2_4::implementation::getProviderImpl() (.cfi)+64) (BuildId: 5e2f33df9f94aadf6b2d7d01985be38c)
10-14 01:25:03.026 4262 4262 F DEBUG : #08 pc 0000000000051d94 /apex/com.android.vndk.v30/lib64/libhidlbase.so (android::hardware::PassthroughServiceManager::get(android::hardware::hidl_string const&, android::hardware::hidl_string const&)::'lambda'(void*, std::__1::basic_string, std::__1::allocator > const&, std::__1::basic_string, std::__1::allocator > const&)::operator()(void*, std::__1::basic_string, std::__1::allocator > const&, std::__1::basic_string, std::__1::allocator > const&) const+96) (BuildId: fc3e2389a057aeefafa6557f6d78a06b)
10-14 01:25:03.027 4262 4262 F DEBUG : #09 pc 000000000004cdf0 /apex/com.android.vndk.v30/lib64/libhidlbase.so (android::hardware::PassthroughServiceManager::openLibs(std::__1::basic_string, std::__1::allocator > const&, std::__1::function, std::__1::allocator > const&, std::__1::basic_string, std::__1::allocator > const&)> const&)+944) (BuildId: fc3e2389a057aeefafa6557f6d78a06b)
10-14 01:25:03.027 4262 4262 F DEBUG : #10 pc 00000000000502a0 /apex/com.android.vndk.v30/lib64/libhidlbase.so (android::hardware::PassthroughServiceManager::get(android::hardware::hidl_string const&, android::hardware::hidl_string const&)+92) (BuildId: fc3e2389a057aeefafa6557f6d78a06b)
10-14 01:25:03.027 4262 4262 F DEBUG : #11 pc 000000000004dd8c /apex/com.android.vndk.v30/lib64/libhidlbase.so (android::hardware::details::getRawServiceInternal(std::__1::basic_string, std::__1::allocator > const&, std::__1::basic_string, std::__1::allocator > const&, bool, bool)+1488) (BuildId: fc3e2389a057aeefafa6557f6d78a06b)
10-14 01:25:03.027 4262 4262 F DEBUG : #12 pc 000000000004b91c /apex/com.android.vndk.v30/lib64/libhidlbase.so (android::hardware::details::registerPassthroughServiceImplementation(std::__1::basic_string, std::__1::allocator > const&, std::__1::basic_string, std::__1::allocator > const&, std::__1::function const&, std::__1::basic_string, std::__1::allocator > const&)>, std::__1::basic_string, std::__1::allocator > const&)+80) (BuildId: fc3e2389a057aeefafa6557f6d78a06b)
10-14 01:25:03.027 4262 4262 F DEBUG : #13 pc 000000000004bc9c /apex/com.android.vndk.v30/lib64/libhidlbase.so (android::hardware::registerPassthroughServiceImplementation(std::__1::basic_string, std::__1::allocator > const&, std::__1::basic_string, std::__1::allocator > const&, std::__1::basic_string, std::__1::allocator > const&)+56) (BuildId: fc3e2389a057aeefafa6557f6d78a06b)
10-14 01:25:03.027 4262 4262 F DEBUG : #14 pc 0000000000001130 /vendor/bin/hw/android.hardware.camera.provider@2.4-service_64 (main.cfi+196) (BuildId: a1ba6e409ca848af1f0b7c62860af7da)
10-14 01:25:03.027 4262 4262 F DEBUG : #15 pc 000000000004a084 /apex/com.android.runtime/lib64/bionic/libc.so (__libc_init+100) (BuildId: 369edc656806aeaf384cbeb8f7a347af)
10-14 01:25:03.048 1132 1889 W NativeCrashListener: Couldn't find ProcessRecord for pid 4257
10-14 01:25:03.049 4262 4262 E crash_dump64: AM data write failed: Broken pipe
10-14 01:25:03.055 637 637 E tombstoned: Tombstone written to: tombstone_01
01-01 08:02:13.308 0 0 I init : Untracked pid 4262 exited with status 0
10-14 01:25:03.061 1132 1658 I BootReceiver: Copying /data/tombstones/tombstone_01 to DropBox (SYSTEM_TOMBSTONE)
10-14 01:25:03.062 1132 1658 I DropBoxManagerService: add tag=SYSTEM_TOMBSTONE isTagEnabled=true flags=0x6
01-01 08:02:13.319 0 0 I init : Service 'vendor.camera-provider-2-4' (pid 4257) received signal 6
01-01 08:02:13.319 0 0 I init : Sending signal 9 to service 'vendor.camera-provider-2-4' (pid 4257) process group...
10-14 01:25:03.074 1132 1658 E NativeTombstoneManager: Tombstone's UID (1047) not an app, ignoring
10-14 01:25:03.075 1132 1658 I DropBoxManagerService: add tag=SYSTEM_TOMBSTONE_PROTO isTagEnabled=true flags=0x4
10-14 01:25:03.077 825 2416 D vendor.qti.bluetooth@1.0-wake_lock: Release wakelock is released
01-01 08:02:13.362 0 0 I libprocessgroup: Successfully killed process cgroup uid 1047 pid 4257 in 40ms
01-01 08:02:13.368 0 0 I init : Untracked pid 4264 exited with status 0
10-14 01:25:03.168 655 666 I mpu_uart: [MSG-P:RECV]:No message received in 1000 ms
10-14 01:25:03.308 813 813 D audio_hw_primary: out_set_parameters: enter: usecase(1: low-latency-playback) kvpairs: suspend_playback=false
10-14 01:25:03.309 813 813 D audio_hw_extn: audio_extn_fm_set_parameters: Enter
10-14 01:25:03.311 813 1840 D audio_hw_primary: out_standby: enter: stream (0xe6cc21a0) usecase(1: low-latency-playback)
01-01 08:02:13.581 0 0 I afe_close: port_id = 0x400e
01-01 08:02:13.588 0 0 I btfm_slim_disable_ch: port:16, grp: 0, ch->grph:0x0, ch->ch_hdl:0x1d
10-14 01:25:03.349 813 1840 D audio_hw_primary: disable_audio_route: reset and update mixer path: low-latency-playback bt-a2dp
10-14 01:25:03.350 813 1840 E soundtrigger: audio_extn_sound_trigger_update_stream_status: invalid input device 0x0, for event 2
10-14 01:25:03.350 813 1840 D soundtrigger: audio_extn_sound_trigger_update_stream_status: uc_info->id 1 of type 0 for Event 2, with Raise=0
10-14 01:25:03.351 813 1840 D msm8974_platform: platform_split_snd_device: snd_device(45) num devices(0) new_snd_devices(0)
10-14 01:25:03.351 813 1840 I msm8974_platform: platform_get_custom_mtmx_params: no matching param with id 0 ip_ch 2 op_ch 2 uc_id 1 snd_dev 45
10-14 01:25:03.351 813 1840 D hardware_info: hw_info_append_hw_type : device_name = bt-a2dp
10-14 01:25:03.351 813 1840 D audio_hw_primary: disable_snd_device: snd_device(45: bt-a2dp)
10-14 01:25:03.351 813 1840 D msm8974_platform: platform_split_snd_device: snd_device(45) num devices(0) new_snd_devices(0)
10-14 01:25:03.353 813 1840 I btaudio_offload_qti: audio_stream_stop_qti
10-14 01:25:03.353 813 1840 W btaudio_offload_qti: handle_hidl_request: suspending audio stream
10-14 01:25:03.354 1887 2415 D bt_btif : btif_dispatch_sm_event: event: 50, len: 4
10-14 01:25:03.355 1887 2415 D bt_btif : btif_dispatch_sm_event: event 50 sent
10-14 01:25:03.356 1887 2073 I bt_btif_vendor: btif_ba_is_active: 0
10-14 01:25:03.356 1887 2073 D bt_btif : btif_dispatch_sm_event: event: 34, len: 0
10-14 01:25:03.356 1887 2073 D bt_btif : btif_dispatch_sm_event: event 34 sent
10-14 01:25:03.356 1887 2073 I bt_stack: [INFO:a2dp_encoding.cc(2688)] ack_stream_suspended: result=PENDING
10-14 01:25:03.356 813 1840 W btaudio_offload_qti: wait_for_stack_response: conditional wait: ack_recvd = 0
10-14 01:25:03.358 813 813 I BTAudioProviderStub: streamSuspended - SessionType=A2DP_HARDWARE_OFFLOAD_DATAPATH, status=SINK_NOT_READY
10-14 01:25:03.359 813 813 I BTAudioProviderSession: ReportControlStatus - status=SINK_NOT_READY for SessionType=A2DP_HARDWARE_OFFLOAD_DATAPATH, bluetooth_audio=0x0200 suspended
10-14 01:25:03.359 813 813 I btaudio_offload_qti: stack_resp_cb: status = 3
10-14 01:25:03.359 813 1840 I btaudio_offload_qti: wait_for_stack_response:ret = 0(Success)
10-14 01:25:03.360 813 1840 W btaudio_offload_qti: wait_for_stack_response: conditional wait done : ack_recvd = 1
10-14 01:25:03.360 813 1840 I btaudio_offload_qti: handle_hidl_request: ack status = A2DP_CTRL_ACK_PENDING
10-14 01:25:03.360 813 1840 W btaudio_offload_qti: wait_for_stack_response: conditional wait: ack_recvd = 0
10-14 01:25:03.361 1887 2073 D bt_btif : btif_av_state_started_handler: event: UNKNOWN_EVENT flags: 0 index = 0, reconfig_event: 0, codec_cfg_change: 0
10-14 01:25:03.361 1887 2073 W bt_btif : btif_av_state_started_handler: unhandled event=UNKNOWN_EVENT
10-14 01:25:03.362 1887 2073 E bt_btif : Latest playing device index is 0
10-14 01:25:03.362 1887 2073 D bt_btif : btif_av_state_started_handler: event: BTIF_AV_SUSPEND_STREAM_REQ_EVT flags: 0 index = 0, reconfig_event: 0, codec_cfg_change: 0
10-14 01:25:03.362 1887 2073 W bt_btif : btif_av_state_started_handler: Stop the AV Data channel
10-14 01:25:03.362 1887 2575 D bt_btif : bta_av_ssm_execute(): AV Sevent(0x41)=0x120c(AP_STOP) state=3(OPEN)
10-14 01:25:03.362 1887 2575 E bt_btif : bta_av_str_stopped: audio_open_cnt=1, p_data 0xb400006e555c6a18
10-14 01:25:03.363 1887 2575 W bt_btif : bta_dm_rm_cback:2, status:6
10-14 01:25:03.363 1887 2575 I btif_av : isBATEnabled: 0
10-14 01:25:03.364 1887 2575 E bt_btif : bta_av_co_get_active_peer: active peer index: 0
10-14 01:25:03.364 1887 2575 E bt_btif : bta_av_co_get_active_peer: active peer index: 0
10-14 01:25:03.364 825 825 D vendor.qti.bluetooth@1.0-ibs_handler: SerialClockVote: vote for UART CLK ON
10-14 01:25:03.365 825 825 D vendor.qti.bluetooth@1.0-wake_lock: Acquire wakelock is acquired
10-14 01:25:03.365 825 825 I vendor.qti.bluetooth@1.0-ibs_handler: DeviceWakeUp: Writing IBS_WAKE_IND
10-14 01:25:03.367 825 2569 I vendor.qti.bluetooth@1.0-ibs_handler: ProcessIbsCmd: Received IBS_WAKE_ACK: 0xFC
10-14 01:25:03.367 825 2569 I vendor.qti.bluetooth@1.0-ibs_handler: ProcessIbsCmd: Signal wack_cond_
10-14 01:25:03.367 825 825 D vendor.qti.bluetooth@1.0-ibs_handler: DeviceWakeUp: Unblocked from waiting for FC, pthread_cond_timedwait ret = 0
10-14 01:25:03.370 825 2569 I vendor.qti.bluetooth@1.0-ibs_handler: ProcessIbsCmd: Received IBS_WAKE_IND: 0xFD
10-14 01:25:03.370 825 2569 I vendor.qti.bluetooth@1.0-ibs_handler: ProcessIbsCmd: Writing IBS_WAKE_ACK
10-14 01:25:03.377 1887 2073 E bt_btif : btif_media_send_reset_vendor_state:
10-14 01:25:03.378 1887 2073 D bt_btif : btif_av_state_started_handler: event: BTA_AV_OFFLOAD_STOP_RSP_EVT flags: 1 index = 0, reconfig_event: 0, codec_cfg_change: 0
10-14 01:25:03.378 1887 2073 W bt_btif : btif_av_state_started_handler: unhandled event=BTA_AV_OFFLOAD_STOP_RSP_EVT
10-14 01:25:03.378 1887 2639 D bt_btif_a2dp_source: btif_a2dp_source_command_ready: event: 7 BTIF_MEDIA_RESET_VS_STATE
10-14 01:25:03.380 1887 2575 E bt_avp : avdt_ad_tc_data_ind: type: x0, tcid: 0, ccb_idx: 0
10-14 01:25:03.381 1887 2575 D bt_btif : bta_av_ssm_execute(): AV Sevent(0x41)=0x1223(STR_SUSPEND_CFM) state=3(OPEN)
10-14 01:25:03.381 1887 2575 W bt_btif : bta_dm_rm_cback:2, status:6
10-14 01:25:03.383 1887 2073 D bt_btif : btif_av_state_started_handler: event: BTA_AV_SUSPEND_EVT flags: 1 index = 0, reconfig_event: 0, codec_cfg_change: 0
10-14 01:25:03.383 1887 2073 I btif_av : isBATEnabled: 0
10-14 01:25:03.383 1887 2073 E bt_btif : bta_av_co_get_active_peer: active peer index: 0
10-14 01:25:03.383 1887 2073 E bt_btif : bta_av_co_get_active_peer: active peer index: 0
10-14 01:25:03.384 1887 2073 I bt_stack: [INFO:a2dp_encoding.cc(2688)] ack_stream_suspended: result=SUCCESS_FINISHED
10-14 01:25:03.384 813 813 I BTAudioProviderStub: streamSuspended - SessionType=A2DP_HARDWARE_OFFLOAD_DATAPATH, status=SUCCESS
10-14 01:25:03.384 813 813 I BTAudioProviderSession: ReportControlStatus - status=SUCCESS for SessionType=A2DP_HARDWARE_OFFLOAD_DATAPATH, bluetooth_audio=0x0200 suspended
10-14 01:25:03.384 813 813 I btaudio_offload_qti: stack_resp_cb: status = 0
10-14 01:25:03.385 813 1840 I btaudio_offload_qti: wait_for_stack_response:ret = 0(Success)
10-14 01:25:03.385 813 1840 W btaudio_offload_qti: wait_for_stack_response: conditional wait done : ack_recvd = 1
10-14 01:25:03.385 813 1840 D btaudio_offload_qti: audio_stream_stop_qti: success
10-14 01:25:03.386 813 1840 D a2dp_offload: a2dp_set_bit_format: set AFE input bit format = 16
10-14 01:25:03.386 1887 2073 W bt_stack: [WARNING:a2dp_encoding.cc(189)] ResetPendingCmd 5
10-14 01:25:03.386 1887 2073 I BluetoothA2dpServiceJni: bta2dp_audio_state_callback
10-14 01:25:03.387 813 1840 D a2dp_offload: a2dp_reset_backend_cfg: reset source backend sample rate =KHZ_8
10-14 01:25:03.388 1887 2073 D A2dpNativeInterface: onAudioStateChanged: A2dpStackEvent {type:EVENT_TYPE_AUDIO_STATE_CHANGED, device:5C:FB:7C:39:04:0D, value1:STOPPED}
10-14 01:25:03.388 813 1840 D a2dp_offload: a2dp_reset_backend_cfg: reset afe source channels =Zero
10-14 01:25:03.388 1887 2073 D A2dpService: messageFromNative: Going to acquire mVariableLock.
10-14 01:25:03.388 813 1840 D a2dp_offload: Stop A2DP playback, total active sessions :0
10-14 01:25:03.388 813 1840 I soundtrigger: audio_extn_sound_trigger_update_device_status: device 0x2d of type 0 for Event 0, with Raise=0
10-14 01:25:03.388 813 1840 D audio_hw_primary: out_standby: exit
10-14 01:25:03.388 1887 2073 D A2dpService: messageFromNative: Acquired mVariableLock
10-14 01:25:03.389 1887 2073 D A2dpService: messageFromNative: Released mVariableLock
