10-14 01:23:42.908 1132 1132 V StorageManagerService: Package vendor.qti.hardware.cacert.server does not have legacy storage
10-14 01:23:42.908 1132 1132 V StorageManagerService: Package vendor.qti.iwlan does not have legacy storage
10-14 01:23:42.908 1132 1132 V StorageManagerService: Package com.qualcomm.qti.optinoverlay does not have legacy storage
10-14 01:23:42.908 1132 1132 V StorageManagerService: Package com.android.soundrecorder does not have legacy storage
10-14 01:23:42.908 1132 1132 V StorageManagerService: Package com.qualcomm.uimremoteserver does not have legacy storage
10-14 01:23:42.908 1132 1132 V StorageManagerService: Package com.tc.logclient does not have legacy storage
10-14 01:23:42.908 1132 1132 V StorageManagerService: Package android.qvaoverlay.common does not have legacy storage
10-14 01:23:42.908 1132 1132 V StorageManagerService: Package com.android.providers.downloads.ui does not have legacy storage
10-14 01:23:42.908 1132 1132 V StorageManagerService: Package com.android.pacprocessor does not have legacy storage
10-14 01:23:42.908 1132 1132 V StorageManagerService: Package com.android.networkstack does not have legacy storage
10-14 01:23:42.908 1132 1132 V StorageManagerService: Package android.overlay.common does not have legacy storage
10-14 01:23:42.909 1132 1132 V StorageManagerService: Package com.android.connectivity.resources does not have legacy storage
10-14 01:23:42.909 1132 1132 V StorageManagerService: Package com.android.modulemetadata does not have legacy storage
10-14 01:23:42.909 1132 1132 V StorageManagerService: Package com.android.certinstaller does not have legacy storage
10-14 01:23:42.909 1132 1132 V StorageManagerService: Package com.android.internal.systemui.navbar.threebutton does not have legacy storage
10-14 01:23:42.909 1132 1132 V StorageManagerService: Package android does not have legacy storage
10-14 01:23:42.909 1132 1132 V StorageManagerService: Package com.qualcomm.wfd.service does not have legacy storage
10-14 01:23:42.909 1132 1132 V StorageManagerService: Package ts.car.uart does not have legacy storage
10-14 01:23:42.909 1132 1132 V StorageManagerService: Package com.android.egg does not have legacy storage
10-14 01:23:42.909 1132 1132 V StorageManagerService: Package com.android.mtp does not have legacy storage
10-14 01:23:42.909 1132 1132 V StorageManagerService: Package com.android.nfc does not have legacy storage
01-01 08:00:53.181 0 0 I binder : 1953:1953 ioctl 40046210 7fdf07ae54 returned -22
10-14 01:23:42.909 1132 1132 V StorageManagerService: Package com.android.stk does not have legacy storage
10-14 01:23:42.909 1132 1132 V StorageManagerService: Package com.android.launcher3 does not have legacy storage
10-14 01:23:42.909 1132 1132 V StorageManagerService: Package com.android.backupconfirm does not have legacy storage
10-14 01:23:42.909 1132 1132 V StorageManagerService: Package vendor.qti.qesdk.sysservice does not have legacy storage
10-14 01:23:42.909 1132 1132 V StorageManagerService: Package com.android.provision does not have legacy storage
10-14 01:23:42.911 1132 1132 V StorageManagerService: Package android.overlay.target does not have legacy storage
10-14 01:23:42.911 1132 1132 V StorageManagerService: Package com.microsoft.emmx does not have legacy storage
10-14 01:23:42.911 1132 1132 V StorageManagerService: Package com.qti.pasrservice does not have legacy storage
10-14 01:23:42.911 1132 1132 V StorageManagerService: Package com.android.settings.intelligence does not have legacy storage
10-14 01:23:42.912 1132 1132 V StorageManagerService: Package com.android.calendar does not have legacy storage
10-14 01:23:42.912 1132 1132 V StorageManagerService: Package com.android.internal.systemui.navbar.gestural_extra_wide_back does not have legacy storage
10-14 01:23:42.912 1132 1132 V StorageManagerService: Package com.qualcomm.qti.dynamicddsservice does not have legacy storage
10-14 01:23:42.912 1132 1132 V StorageManagerService: Package com.qualcomm.qti.xrvd.service does not have legacy storage
10-14 01:23:42.912 1132 1132 V StorageManagerService: Package com.android.providers.settings does not have legacy storage
10-14 01:23:42.912 1132 1132 V StorageManagerService: Package com.android.sharedstoragebackup does not have legacy storage
10-14 01:23:42.912 1132 1132 V StorageManagerService: Package com.android.printspooler does not have legacy storage
10-14 01:23:42.912 1132 1132 V StorageManagerService: Package com.qti.qualcomm.mstatssystemservice does not have legacy storage
10-14 01:23:42.912 1132 1132 V StorageManagerService: Package com.qualcomm.qti.services.systemhelper does not have legacy storage
10-14 01:23:42.912 1132 1132 V StorageManagerService: Package com.android.wifi.resources.overlay.common does not have legacy storage
10-14 01:23:42.912 1132 1132 V StorageManagerService: Package com.android.dreams.basic does not have legacy storage
10-14 01:23:42.912 1132 1132 V StorageManagerService: Package com.android.webview does not have legacy storage
10-14 01:23:42.912 1132 1132 V StorageManagerService: Package com.android.se does not have legacy storage
10-14 01:23:42.912 1132 1132 V StorageManagerService: Package com.android.inputdevices does not have legacy storage
10-14 01:23:42.912 1132 1132 V StorageManagerService: Package com.android.bips does not have legacy storage
10-14 01:23:42.912 1132 1132 V StorageManagerService: Package com.qti.dpmserviceapp does not have legacy storage
10-14 01:23:42.912 1132 1132 V StorageManagerService: Package com.thundercomm.remotecontrolservice does not have legacy storage
10-14 01:23:42.912 1132 1132 V StorageManagerService: Package com.android.musicfx does not have legacy storage
10-14 01:23:42.913 1132 1132 V StorageManagerService: Package com.android.settings.overlay.common does not have legacy storage
10-14 01:23:42.913 1132 1132 V StorageManagerService: Package com.qualcomm.qti.qccnetstat does not have legacy storage
10-14 01:23:42.913 1132 1132 V StorageManagerService: Package com.example.android.locationattribution does not have legacy storage
10-14 01:23:42.913 1132 1132 V StorageManagerService: Package android.ext.shared does not have legacy storage
10-14 01:23:42.913 1132 1132 V StorageManagerService: Package com.android.onetimeinitializer does not have legacy storage
10-14 01:23:42.913 1132 1132 V StorageManagerService: Package com.android.server.telecom does not have legacy storage
10-14 01:23:42.913 1132 1132 V StorageManagerService: Package com.android.keychain does not have legacy storage
10-14 01:23:42.913 1132 1132 V StorageManagerService: Package com.qti.snapdragon.qdcm_ff does not have legacy storage
10-14 01:23:42.913 1132 1132 V StorageManagerService: Package com.android.wifi.resources.overlay.target does not have legacy storage
10-14 01:23:42.913 1132 1132 V StorageManagerService: Package com.android.printservice.recommendation does not have legacy storage
10-14 01:23:42.913 1132 1132 V StorageManagerService: Package com.thundercomm.mcuupgrade does not have legacy storage
10-14 01:23:42.913 1132 1132 V StorageManagerService: Package com.android.gallery3d has legacy storage
10-14 01:23:42.913 1132 1132 V StorageManagerService: Package android.ext.services does not have legacy storage
10-14 01:23:42.913 1132 1132 V StorageManagerService: Package com.android.wifi.resources does not have legacy storage
10-14 01:23:42.913 1132 1132 V StorageManagerService: Package com.android.systemui.overlay.common does not have legacy storage
10-14 01:23:42.913 1132 1132 V StorageManagerService: Package com.android.cameraextensions does not have legacy storage
10-14 01:23:42.913 1132 1132 V StorageManagerService: Package com.thundercomm.tcservice does not have legacy storage
10-14 01:23:42.914 1132 1132 V StorageManagerService: Package com.android.localtransport does not have legacy storage
10-14 01:23:42.914 1132 1132 V StorageManagerService: Package com.android.packageinstaller does not have legacy storage
10-14 01:23:42.914 1132 1132 V StorageManagerService: Package com.qualcomm.qti.devicestatisticsservice does not have legacy storage
10-14 01:23:42.914 1132 1132 V StorageManagerService: Package com.android.theme.font.notoserifsource does not have legacy storage
10-14 01:23:42.914 1132 1132 V StorageManagerService: Package com.android.proxyhandler does not have legacy storage
10-14 01:23:42.914 1132 1132 V StorageManagerService: Package com.android.internal.display.cutout.emulation.waterfall does not have legacy storage
10-14 01:23:42.914 1132 1132 V StorageManagerService: Package com.qualcomm.qti.workloadclassifier does not have legacy storage
10-14 01:23:42.914 1132 1132 V StorageManagerService: Package com.android.inputmethod.latin does not have legacy storage
10-14 01:23:42.914 1132 1132 V StorageManagerService: Package com.android.providers.settings.overlay does not have legacy storage
10-14 01:23:42.914 1132 1132 V StorageManagerService: Package com.android.managedprovisioning does not have legacy storage
10-14 01:23:42.914 1132 1132 V StorageManagerService: Package com.android.networkstack.tethering does not have legacy storage
10-14 01:23:42.914 1132 1132 V StorageManagerService: Package com.android.soundpicker does not have legacy storage
10-14 01:23:42.914 1132 1132 V StorageManagerService: Package com.android.dreams.phototable does not have legacy storage
10-14 01:23:42.914 1132 1132 V StorageManagerService: Package com.android.wallpaper.livepicker does not have legacy storage
10-14 01:23:42.914 1132 1132 V StorageManagerService: Package com.android.apps.tag does not have legacy storage
10-14 01:23:42.914 1132 1132 V StorageManagerService: Package com.android.storagemanager does not have legacy storage
10-14 01:23:42.915 1132 1132 V StorageManagerService: Package com.android.bookmarkprovider does not have legacy storage
10-14 01:23:42.915 1132 1132 V StorageManagerService: Package com.android.settings does not have legacy storage
10-14 01:23:42.915 1132 1132 V StorageManagerService: Package com.android.networkstack.permissionconfig does not have legacy storage
10-14 01:23:42.915 1132 1132 V StorageManagerService: Package com.qualcomm.location does not have legacy storage
10-14 01:23:42.915 1132 1132 V StorageManagerService: Package com.android.cts.ctsshim does not have legacy storage
10-14 01:23:42.915 1132 1132 V StorageManagerService: Package com.caf.fmradio does not have legacy storage
10-14 01:23:42.915 1132 1132 V StorageManagerService: Package com.qti.diagservices does not have legacy storage
10-14 01:23:42.915 1132 1132 V StorageManagerService: Package com.android.vpndialogs does not have legacy storage
10-14 01:23:42.915 1132 1132 V StorageManagerService: Package com.qualcomm.location.XT does not have legacy storage
10-14 01:23:42.915 1132 1132 V StorageManagerService: Package com.android.music does not have legacy storage
10-14 01:23:42.915 1132 1132 V StorageManagerService: Package com.android.shell does not have legacy storage
10-14 01:23:42.915 1132 1132 V StorageManagerService: Package com.android.wallpaperbackup does not have legacy storage
10-14 01:23:42.915 1132 1132 V StorageManagerService: Package com.android.providers.userdictionary does not have legacy storage
10-14 01:23:42.915 1132 1132 V StorageManagerService: Package com.android.providers.media.module does not have legacy storage
10-14 01:23:42.915 1132 1132 V StorageManagerService: Package com.android.emergency does not have legacy storage
10-14 01:23:42.916 1132 1132 V StorageManagerService: Package com.android.hotspot2.osulogin does not have legacy storage
10-14 01:23:42.916 1132 1132 V StorageManagerService: Package com.qualcomm.qti.qdma does not have legacy storage
10-14 01:23:42.916 1132 1132 V StorageManagerService: Package com.qualcomm.qti.qmmi does not have legacy storage
10-14 01:23:42.916 1132 1132 V StorageManagerService: Package com.qualcomm.qti.usta does not have legacy storage
10-14 01:23:42.916 1132 1132 V StorageManagerService: Package com.qualcomm.qti.xrcb does not have legacy storage
10-14 01:23:42.916 1132 1132 V StorageManagerService: Package com.android.internal.systemui.navbar.gestural does not have legacy storage
10-14 01:23:42.916 1132 1132 V StorageManagerService: Package com.android.location.fused does not have legacy storage
10-14 01:23:42.916 1132 1132 V StorageManagerService: Package com.android.deskclock does not have legacy storage
10-14 01:23:42.916 1132 1132 V StorageManagerService: Package com.android.systemui does not have legacy storage
10-14 01:23:42.916 1132 1132 V StorageManagerService: Package com.android.bluetoothmidiservice does not have legacy storage
10-14 01:23:42.916 1132 1132 V StorageManagerService: Package com.qti.ltebc does not have legacy storage
10-14 01:23:42.916 1132 1132 V StorageManagerService: Package com.android.permissioncontroller does not have legacy storage
10-14 01:23:42.916 1132 1132 V StorageManagerService: Package com.android.traceur does not have legacy storage
10-14 01:23:42.917 1132 1132 V StorageManagerService: Package com.qualcomm.qti.qccauthmgr does not have legacy storage
10-14 01:23:42.917 1132 1132 V StorageManagerService: Package com.qualcomm.qti.qms.service.trustzoneaccess does not have legacy storage
10-14 01:23:42.917 1132 1132 V StorageManagerService: Package com.qualcomm.qtil.aptxui does not have legacy storage
10-14 01:23:42.917 1132 1132 V StorageManagerService: Package com.android.bluetooth does not have legacy storage
10-14 01:23:42.917 1132 1132 V StorageManagerService: Package com.qualcomm.timeservice does not have legacy storage
10-14 01:23:42.917 1132 1132 V StorageManagerService: Package com.qualcomm.embms does not have legacy storage
10-14 01:23:42.917 1132 1132 V StorageManagerService: Package com.android.providers.contacts does not have legacy storage
10-14 01:23:42.920 1132 1132 V StorageManagerService: Package com.android.captiveportallogin does not have legacy storage
10-14 01:23:42.920 1132 1132 V StorageManagerService: Package com.android.internal.systemui.navbar.gestural_narrow_back does not have legacy storage
10-14 01:23:42.920 1132 1132 V StorageManagerService: Package com.android.cellbroadcastreceiver.overlay.common does not have legacy storage
10-14 01:23:42.920 1132 1132 V StorageManagerService: Package com.qualcomm.qti.sensors.qsensortest does not have legacy storage
10-14 01:23:42.921 1132 1132 D SystemServerTiming: ssm.onStartUser-0_com.android.server.StorageManagerService$Lifecycle took to complete: 21ms
10-14 01:23:42.921 1132 1132 I SystemServerTiming: ssm.onStartUser-0_com.android.server.usage.StorageStatsService$Lifecycle
10-14 01:23:42.921 1132 1132 D SystemServerTiming: ssm.onStartUser-0_com.android.server.usage.StorageStatsService$Lifecycle took to complete: 0ms
10-14 01:23:42.921 1132 1132 I SystemServerTiming: ssm.onStartUser-0_com.android.server.UiModeManagerService
10-14 01:23:42.921 1132 1132 D SystemServerTiming: ssm.onStartUser-0_com.android.server.UiModeManagerService took to complete: 0ms
10-14 01:23:42.921 1132 1132 I SystemServerTiming: ssm.onStartUser-0_com.android.server.locksettings.LockSettingsService$Lifecycle
10-14 01:23:42.921 1132 1132 D SystemServerTiming: ssm.onStartUser-0_com.android.server.locksettings.LockSettingsService$Lifecycle took to complete: 0ms
10-14 01:23:42.921 1132 1132 I SystemServerTiming: ssm.onStartUser-0_com.android.server.PersistentDataBlockService
10-14 01:23:42.921 1132 1132 D SystemServerTiming: ssm.onStartUser-0_com.android.server.PersistentDataBlockService took to complete: 0ms
10-14 01:23:42.923 1132 1132 I SystemServerTiming: ssm.onStartUser-0_com.android.server.testharness.TestHarnessModeService
10-14 01:23:42.923 1132 1132 D SystemServerTiming: ssm.onStartUser-0_com.android.server.testharness.TestHarnessModeService took to complete: 0ms
10-14 01:23:42.923 1132 1132 I SystemServerTiming: ssm.onStartUser-0_com.android.server.oemlock.OemLockService
10-14 01:23:42.923 1132 1132 D SystemServerTiming: ssm.onStartUser-0_com.android.server.oemlock.OemLockService took to complete: 0ms
10-14 01:23:42.923 1132 1132 I SystemServerTiming: ssm.onStartUser-0_com.android.server.DeviceIdleController
10-14 01:23:42.923 1132 1132 D SystemServerTiming: ssm.onStartUser-0_com.android.server.DeviceIdleController took to complete: 0ms
10-14 01:23:42.924 1132 1132 I SystemServerTiming: ssm.onStartUser-0_com.android.server.devicepolicy.DevicePolicyManagerService$Lifecycle
10-14 01:23:42.924 1132 1132 D SystemServerTiming: ssm.onStartUser-0_com.android.server.devicepolicy.DevicePolicyManagerService$Lifecycle took to complete: 1ms
10-14 01:23:42.924 1132 1132 I SystemServerTiming: ssm.onStartUser-0_com.android.server.texttospeech.TextToSpeechManagerService
10-14 01:23:42.924 1132 1132 D SystemServerTiming: ssm.onStartUser-0_com.android.server.texttospeech.TextToSpeechManagerService took to complete: 0ms
10-14 01:23:42.924 1132 1132 I SystemServerTiming: ssm.onStartUser-0_com.android.server.speech.SpeechRecognitionManagerService
10-14 01:23:42.924 1132 1132 D SystemServerTiming: ssm.onStartUser-0_com.android.server.speech.SpeechRecognitionManagerService took to complete: 0ms
10-14 01:23:42.924 1132 1132 I SystemServerTiming: ssm.onStartUser-0_com.android.server.searchui.SearchUiManagerService
10-14 01:23:42.925 1132 1132 D SystemServerTiming: ssm.onStartUser-0_com.android.server.searchui.SearchUiManagerService took to complete: 0ms
10-14 01:23:42.925 1132 1132 I SystemServerTiming: ssm.onStartUser-0_com.android.server.smartspace.SmartspaceManagerService
10-14 01:23:42.925 1132 1132 D SystemServerTiming: ssm.onStartUser-0_com.android.server.smartspace.SmartspaceManagerService took to complete: 0ms
10-14 01:23:42.925 1132 1132 I SystemServerTiming: ssm.onStartUser-0_com.android.server.graphics.fonts.FontManagerService$Lifecycle
10-14 01:23:42.925 1132 1132 D SystemServerTiming: ssm.onStartUser-0_com.android.server.graphics.fonts.FontManagerService$Lifecycle took to complete: 0ms
10-14 01:23:42.925 1132 1132 I SystemServerTiming: ssm.onStartUser-0_com.android.server.textservices.TextServicesManagerService$Lifecycle
10-14 01:23:42.925 1132 1132 D SystemServerTiming: ssm.onStartUser-0_com.android.server.textservices.TextServicesManagerService$Lifecycle took to complete: 0ms
10-14 01:23:42.925 1132 1132 I SystemServerTiming: ssm.onStartUser-0_com.android.server.textclassifier.TextClassificationManagerService$Lifecycle
10-14 01:23:42.925 1132 1132 D SystemServerTiming: ssm.onStartUser-0_com.android.server.textclassifier.TextClassificationManagerService$Lifecycle took to complete: 0ms
10-14 01:23:42.926 1132 1132 I SystemServerTiming: ssm.onStartUser-0_com.android.server.NetworkScoreService$Lifecycle
10-14 01:23:42.926 1132 1132 D SystemServerTiming: ssm.onStartUser-0_com.android.server.NetworkScoreService$Lifecycle took to complete: 0ms
10-14 01:23:42.926 1132 1132 I SystemServerTiming: ssm.onStartUser-0_com.android.server.wifi.WifiService
10-14 01:23:42.926 1132 1132 D SystemServerTiming: ssm.onStartUser-0_com.android.server.wifi.WifiService took to complete: 0ms
10-14 01:23:42.926 1132 1132 I SystemServerTiming: ssm.onStartUser-0_com.android.server.wifi.scanner.WifiScanningService
10-14 01:23:42.926 1132 1132 D SystemServerTiming: ssm.onStartUser-0_com.android.server.wifi.scanner.WifiScanningService took to complete: 0ms
10-14 01:23:42.927 1132 1132 I SystemServerTiming: ssm.onStartUser-0_com.android.server.wifi.rtt.RttService
10-14 01:23:42.927 1132 1132 D SystemServerTiming: ssm.onStartUser-0_com.android.server.wifi.rtt.RttService took to complete: 0ms
10-14 01:23:42.927 1132 1132 I SystemServerTiming: ssm.onStartUser-0_com.android.server.wifi.aware.WifiAwareService
10-14 01:23:42.927 1132 1132 D SystemServerTiming: ssm.onStartUser-0_com.android.server.wifi.aware.WifiAwareService took to complete: 0ms
10-14 01:23:42.927 1132 1132 I SystemServerTiming: ssm.onStartUser-0_com.android.server.wifi.p2p.WifiP2pService
10-14 01:23:42.927 1132 1132 D SystemServerTiming: ssm.onStartUser-0_com.android.server.wifi.p2p.WifiP2pService took to complete: 0ms
10-14 01:23:42.927 1132 1132 I SystemServerTiming: ssm.onStartUser-0_com.android.server.ethernet.EthernetService
10-14 01:23:42.928 1132 1132 D SystemServerTiming: ssm.onStartUser-0_com.android.server.ethernet.EthernetService took to complete: 0ms
10-14 01:23:42.928 1132 1132 I SystemServerTiming: ssm.onStartUser-0_com.android.server.ConnectivityServiceInitializer
10-14 01:23:42.928 1132 1132 D SystemServerTiming: ssm.onStartUser-0_com.android.server.ConnectivityServiceInitializer took to complete: 0ms
10-14 01:23:42.928 1132 1132 I SystemServerTiming: ssm.onStartUser-0_com.android.server.notification.NotificationManagerService
10-14 01:23:42.928 1132 1132 D SystemServerTiming: ssm.onStartUser-0_com.android.server.notification.NotificationManagerService took to complete: 0ms
10-14 01:23:42.928 1132 1132 I SystemServerTiming: ssm.onStartUser-0_com.android.server.storage.DeviceStorageMonitorService
10-14 01:23:42.928 1132 1132 D SystemServerTiming: ssm.onStartUser-0_com.android.server.storage.DeviceStorageMonitorService took to complete: 0ms
10-14 01:23:42.928 1132 1132 I SystemServerTiming: ssm.onStartUser-0_com.android.server.location.LocationManagerService$Lifecycle
10-14 01:23:42.931 1132 1132 D SystemServerTiming: ssm.onStartUser-0_com.android.server.location.LocationManagerService$Lifecycle took to complete: 3ms
10-14 01:23:42.931 1132 1132 I SystemServerTiming: ssm.onStartUser-0_com.android.server.timedetector.TimeDetectorService$Lifecycle
10-14 01:23:42.931 1132 1132 D SystemServerTiming: ssm.onStartUser-0_com.android.server.timedetector.TimeDetectorService$Lifecycle took to complete: 0ms
10-14 01:23:42.931 1132 1132 I SystemServerTiming: ssm.onStartUser-0_com.android.server.timezonedetector.TimeZoneDetectorService$Lifecycle
10-14 01:23:42.931 1132 1132 D SystemServerTiming: ssm.onStartUser-0_com.android.server.timezonedetector.TimeZoneDetectorService$Lifecycle took to complete: 0ms
10-14 01:23:42.931 1132 1132 I SystemServerTiming: ssm.onStartUser-0_com.android.server.timezonedetector.location.LocationTimeZoneManagerService$Lifecycle
10-14 01:23:42.931 1132 1132 D SystemServerTiming: ssm.onStartUser-0_com.android.server.timezonedetector.location.LocationTimeZoneManagerService$Lifecycle took to complete: 0ms
10-14 01:23:42.931 1132 1132 I SystemServerTiming: ssm.onStartUser-0_com.android.server.search.SearchManagerService$Lifecycle
10-14 01:23:42.931 1132 1132 D SystemServerTiming: ssm.onStartUser-0_com.android.server.search.SearchManagerService$Lifecycle took to complete: 0ms
10-14 01:23:42.931 1132 1132 I SystemServerTiming: ssm.onStartUser-0_com.android.server.wallpaper.WallpaperManagerService$Lifecycle
10-14 01:23:42.931 1132 1132 D SystemServerTiming: ssm.onStartUser-0_com.android.server.wallpaper.WallpaperManagerService$Lifecycle took to complete: 0ms
10-14 01:23:42.931 1132 1132 I SystemServerTiming: ssm.onStartUser-0_com.android.server.audio.AudioService$Lifecycle
10-14 01:23:42.931 1132 1132 D SystemServerTiming: ssm.onStartUser-0_com.android.server.audio.AudioService$Lifecycle took to complete: 0ms
10-14 01:23:42.932 1132 1132 I SystemServerTiming: ssm.onStartUser-0_com.android.server.soundtrigger_middleware.SoundTriggerMiddlewareService$Lifecycle
10-14 01:23:42.932 1132 1132 D SystemServerTiming: ssm.onStartUser-0_com.android.server.soundtrigger_middleware.SoundTriggerMiddlewareService$Lifecycle took to complete: 0ms
10-14 01:23:42.932 1132 1132 I SystemServerTiming: ssm.onStartUser-0_com.android.server.DockObserver
10-14 01:23:42.932 1132 1132 D SystemServerTiming: ssm.onStartUser-0_com.android.server.DockObserver took to complete: 0ms
10-14 01:23:42.932 1132 1132 I SystemServerTiming: ssm.onStartUser-0_com.android.server.midi.MidiService$Lifecycle
10-14 01:23:42.932 1132 1132 D SystemServerTiming: ssm.onStartUser-0_com.android.server.midi.MidiService$Lifecycle took to complete: 0ms
10-14 01:23:42.932 1132 1132 I SystemServerTiming: ssm.onStartUser-0_com.android.server.adb.AdbService$Lifecycle
10-14 01:23:42.932 1132 1132 D SystemServerTiming: ssm.onStartUser-0_com.android.server.adb.AdbService$Lifecycle took to complete: 0ms
10-14 01:23:42.932 1132 1132 I SystemServerTiming: ssm.onStartUser-0_com.android.server.usb.UsbService$Lifecycle
10-14 01:23:42.932 1132 1132 D SystemServerTiming: ssm.onStartUser-0_com.android.server.usb.UsbService$Lifecycle took to complete: 0ms
10-14 01:23:42.932 1132 1132 I SystemServerTiming: ssm.onStartUser-0_com.android.server.twilight.TwilightService
10-14 01:23:42.932 1132 1132 D SystemServerTiming: ssm.onStartUser-0_com.android.server.twilight.TwilightService took to complete: 0ms
10-14 01:23:42.932 1132 1132 I SystemServerTiming: ssm.onStartUser-0_com.android.server.display.color.ColorDisplayService
10-14 01:23:42.932 1132 1132 D SystemServerTiming: ssm.onStartUser-0_com.android.server.display.color.ColorDisplayService took to complete: 0ms
10-14 01:23:42.932 1132 1132 I SystemServerTiming: ssm.onStartUser-0_com.android.server.job.JobSchedulerService
10-14 01:23:42.932 1132 1658 I DropBoxManagerService: add tag=SYSTEM_TOMBSTONE_PROTO isTagEnabled=true flags=0x4
10-14 01:23:42.934 1132 1132 D SystemServerTiming: ssm.onStartUser-0_com.android.server.job.JobSchedulerService took to complete: 0ms
10-14 01:23:42.935 1132 1730 D CompatibilityChangeReporter: Compat change id reported: 168419799; UID 1073; state: DISABLED
10-14 01:23:42.939 1132 1132 I SystemServerTiming: ssm.onStartUser-0_com.android.server.soundtrigger.SoundTriggerService
10-14 01:23:42.939 1132 1132 D SystemServerTiming: ssm.onStartUser-0_com.android.server.soundtrigger.SoundTriggerService took to complete: 0ms
10-14 01:23:42.939 1132 1132 I SystemServerTiming: ssm.onStartUser-0_com.android.server.trust.TrustManagerService
10-14 01:23:42.939 1132 1132 D SystemServerTiming: ssm.onStartUser-0_com.android.server.trust.TrustManagerService took to complete: 0ms
10-14 01:23:42.939 1132 1132 I SystemServerTiming: ssm.onStartUser-0_com.android.server.backup.BackupManagerService$Lifecycle
10-14 01:23:42.939 1132 1132 D SystemServerTiming: ssm.onStartUser-0_com.android.server.backup.BackupManagerService$Lifecycle took to complete: 0ms
10-14 01:23:42.940 1132 1132 I SystemServerTiming: ssm.onStartUser-0_com.android.server.appwidget.AppWidgetService
10-14 01:23:42.940 1132 1132 D SystemServerTiming: ssm.onStartUser-0_com.android.server.appwidget.AppWidgetService took to complete: 0ms
10-14 01:23:42.940 1132 1132 I SystemServerTiming: ssm.onStartUser-0_com.android.server.voiceinteraction.VoiceInteractionManagerService
10-14 01:23:42.940 1132 1132 W VoiceInteractionManager: no available voice recognition services found for user 0
10-14 01:23:42.940 1132 1132 D SystemServerTiming: ssm.onStartUser-0_com.android.server.voiceinteraction.VoiceInteractionManagerService took to complete: 0ms
10-14 01:23:42.941 1132 1132 I SystemServerTiming: ssm.onStartUser-0_com.android.server.apphibernation.AppHibernationService
10-14 01:23:42.941 1132 1132 D SystemServerTiming: ssm.onStartUser-0_com.android.server.apphibernation.AppHibernationService took to complete: 0ms
10-14 01:23:42.941 1132 1132 I SystemServerTiming: ssm.onStartUser-0_com.android.server.GestureLauncherService
10-14 01:23:42.941 1132 1132 D SystemServerTiming: ssm.onStartUser-0_com.android.server.GestureLauncherService took to complete: 0ms
10-14 01:23:42.941 1132 1132 I SystemServerTiming: ssm.onStartUser-0_com.android.server.SensorNotificationService
10-14 01:23:42.941 1132 1132 D SystemServerTiming: ssm.onStartUser-0_com.android.server.SensorNotificationService took to complete: 0ms
10-14 01:23:42.941 1132 1132 I SystemServerTiming: ssm.onStartUser-0_com.android.server.emergency.EmergencyAffordanceService
10-14 01:23:42.941 1132 1132 D SystemServerTiming: ssm.onStartUser-0_com.android.server.emergency.EmergencyAffordanceService took to complete: 0ms
10-14 01:23:42.942 1132 1132 I SystemServerTiming: ssm.onStartUser-0_com.android.server.blob.BlobStoreManagerService
10-14 01:23:42.942 1132 1132 D SystemServerTiming: ssm.onStartUser-0_com.android.server.blob.BlobStoreManagerService took to complete: 0ms
10-14 01:23:42.942 1132 1132 I SystemServerTiming: ssm.onStartUser-0_com.android.server.dreams.DreamManagerService
10-14 01:23:42.942 1132 1132 D SystemServerTiming: ssm.onStartUser-0_com.android.server.dreams.DreamManagerService took to complete: 0ms
10-14 01:23:42.942 1132 1132 I SystemServerTiming: ssm.onStartUser-0_com.android.server.companion.CompanionDeviceManagerService
10-14 01:23:42.942 1132 1132 D SystemServerTiming: ssm.onStartUser-0_com.android.server.companion.CompanionDeviceManagerService took to complete: 0ms
10-14 01:23:42.942 1132 1132 I SystemServerTiming: ssm.onStartUser-0_com.android.server.restrictions.RestrictionsManagerService
10-14 01:23:42.942 1132 1132 D SystemServerTiming: ssm.onStartUser-0_com.android.server.restrictions.RestrictionsManagerService took to complete: 0ms
10-14 01:23:42.942 1132 1132 I SystemServerTiming: ssm.onStartUser-0_com.android.server.media.MediaSessionService
10-14 01:23:42.942 1132 1132 D SystemServerTiming: ssm.onStartUser-0_com.android.server.media.MediaSessionService took to complete: 0ms
10-14 01:23:42.942 1132 1132 I SystemServerTiming: ssm.onStartUser-0_com.android.server.media.MediaResourceMonitorService
10-14 01:23:42.942 1132 1132 D SystemServerTiming: ssm.onStartUser-0_com.android.server.media.MediaResourceMonitorService took to complete: 0ms
10-14 01:23:42.942 1132 1132 I SystemServerTiming: ssm.onStartUser-0_com.android.server.biometrics.sensors.fingerprint.FingerprintService
10-14 01:23:42.943 1132 1132 D SystemServerTiming: ssm.onStartUser-0_com.android.server.biometrics.sensors.fingerprint.FingerprintService took to complete: 0ms
10-14 01:23:42.943 1132 1132 I SystemServerTiming: ssm.onStartUser-0_com.android.server.biometrics.BiometricService
10-14 01:23:42.943 1132 1132 D SystemServerTiming: ssm.onStartUser-0_com.android.server.biometrics.BiometricService took to complete: 0ms
10-14 01:23:42.943 1132 1730 D CompatibilityChangeReporter: Compat change id reported: 168419799; UID 1073; state: DISABLED
10-14 01:23:42.947 1132 1132 I SystemServerTiming: ssm.onStartUser-0_com.android.server.biometrics.AuthService
10-14 01:23:42.947 1132 1132 D SystemServerTiming: ssm.onStartUser-0_com.android.server.biometrics.AuthService took to complete: 0ms
10-14 01:23:42.947 1132 1132 I SystemServerTiming: ssm.onStartUser-0_com.android.server.pm.ShortcutService$Lifecycle
10-14 01:23:42.948 1132 1132 D SystemServerTiming: ssm.onStartUser-0_com.android.server.pm.ShortcutService$Lifecycle took to complete: 0ms
10-14 01:23:42.948 1132 1132 I SystemServerTiming: ssm.onStartUser-0_com.android.server.pm.LauncherAppsService
10-14 01:23:42.948 1132 1132 D SystemServerTiming: ssm.onStartUser-0_com.android.server.pm.LauncherAppsService took to complete: 0ms
10-14 01:23:42.948 1132 1132 I SystemServerTiming: ssm.onStartUser-0_com.android.server.pm.CrossProfileAppsService
10-14 01:23:42.948 1132 1132 D SystemServerTiming: ssm.onStartUser-0_com.android.server.pm.CrossProfileAppsService took to complete: 0ms
10-14 01:23:42.948 1132 1132 I SystemServerTiming: ssm.onStartUser-0_com.android.server.people.PeopleService
10-14 01:23:42.948 1132 1132 D SystemServerTiming: ssm.onStartUser-0_com.android.server.people.PeopleService took to complete: 0ms
10-14 01:23:42.948 1132 1132 I SystemServerTiming: ssm.onStartUser-0_com.android.server.media.metrics.MediaMetricsManagerService
10-14 01:23:42.948 1132 1132 D SystemServerTiming: ssm.onStartUser-0_com.android.server.media.metrics.MediaMetricsManagerService took to complete: 0ms
10-14 01:23:42.948 1132 1132 I SystemServerTiming: ssm.onStartUser-0_com.android.server.media.projection.MediaProjectionManagerService
10-14 01:23:42.948 1132 1132 D SystemServerTiming: ssm.onStartUser-0_com.android.server.media.projection.MediaProjectionManagerService took to complete: 0ms
10-14 01:23:42.949 1132 1132 I SystemServerTiming: ssm.onStartUser-0_com.android.server.slice.SliceManagerService$Lifecycle
10-14 01:23:42.949 1132 1132 D SystemServerTiming: ssm.onStartUser-0_com.android.server.slice.SliceManagerService$Lifecycle took to complete: 0ms
10-14 01:23:42.949 1132 1132 I SystemServerTiming: ssm.onStartUser-0_com.android.server.stats.StatsCompanion$Lifecycle
10-14 01:23:42.949 1132 1132 D SystemServerTiming: ssm.onStartUser-0_com.android.server.stats.StatsCompanion$Lifecycle took to complete: 0ms
10-14 01:23:42.949 1132 1132 I SystemServerTiming: ssm.onStartUser-0_com.android.server.scheduling.RebootReadinessManagerService$Lifecycle
10-14 01:23:42.950 1132 1132 D SystemServerTiming: ssm.onStartUser-0_com.android.server.scheduling.RebootReadinessManagerService$Lifecycle took to complete: 0ms
10-14 01:23:42.950 1132 1132 I SystemServerTiming: ssm.onStartUser-0_com.android.server.stats.pull.StatsPullAtomService
10-14 01:23:42.950 1132 1132 D SystemServerTiming: ssm.onStartUser-0_com.android.server.stats.pull.StatsPullAtomService took to complete: 0ms
10-14 01:23:42.950 1132 1132 I SystemServerTiming: ssm.onStartUser-0_com.android.server.incident.IncidentCompanionService
10-14 01:23:42.950 1132 1132 D SystemServerTiming: ssm.onStartUser-0_com.android.server.incident.IncidentCompanionService took to complete: 0ms
10-14 01:23:42.950 1132 1132 I SystemServerTiming: ssm.onStartUser-0_com.android.server.MmsServiceBroker
10-14 01:23:42.950 1132 1132 D SystemServerTiming: ssm.onStartUser-0_com.android.server.MmsServiceBroker took to complete: 0ms
10-14 01:23:42.950 1132 1132 I SystemServerTiming: ssm.onStartUser-0_com.android.server.autofill.AutofillManagerService
10-14 01:23:42.950 1132 1132 D SystemServerTiming: ssm.onStartUser-0_com.android.server.autofill.AutofillManagerService took to complete: 0ms
10-14 01:23:42.950 1132 1132 I SystemServerTiming: ssm.onStartUser-0_com.android.server.clipboard.ClipboardService
10-14 01:23:42.950 1132 1132 D SystemServerTiming: ssm.onStartUser-0_com.android.server.clipboard.ClipboardService took to complete: 0ms
10-14 01:23:42.950 1132 1132 I SystemServerTiming: ssm.onStartUser-0_com.android.server.appbinding.AppBindingService$Lifecycle
10-14 01:23:42.951 1132 1132 W AppBindingService: [Default SMS app] u0 Target package not found
10-14 01:23:42.951 1132 1132 D SystemServerTiming: ssm.onStartUser-0_com.android.server.appbinding.AppBindingService$Lifecycle took to complete: 1ms
10-14 01:23:42.951 1132 1132 I SystemServerTiming: ssm.onStartUser-0_com.android.server.tracing.TracingServiceProxy
10-14 01:23:42.951 1132 1132 D SystemServerTiming: ssm.onStartUser-0_com.android.server.tracing.TracingServiceProxy took to complete: 0ms
10-14 01:23:42.951 1132 1132 I SystemServerTiming: ssm.onStartUser-0_com.android.server.policy.PermissionPolicyService
10-14 01:23:42.951 1132 1132 D SystemServerTiming: ssm.onStartUser-0_com.android.server.policy.PermissionPolicyService took to complete: 0ms
10-14 01:23:42.951 1132 1132 I SystemServerTiming: ssm.onStartUser-0_com.android.server.pm.StagingManager$Lifecycle
10-14 01:23:42.951 1132 1132 D SystemServerTiming: ssm.onStartUser-0_com.android.server.pm.StagingManager$Lifecycle took to complete: 0ms
10-14 01:23:42.951 1132 1132 I SystemServerTiming: ssm.onStartUser-0_com.android.server.app.GameManagerService$Lifecycle
10-14 01:23:42.959 1132 1132 V GameManagerService: Settings file doesn't exists, skip reading
10-14 01:23:42.959 1132 1132 D SystemServerTiming: ssm.onStartUser-0_com.android.server.app.GameManagerService$Lifecycle took to complete: 8ms
10-14 01:23:42.959 1132 1132 I SystemServerTiming: ssm.onStartUser-0_com.android.server.appsearch.AppSearchManagerService
10-14 01:23:42.959 1132 1132 D SystemServerTiming: ssm.onStartUser-0_com.android.server.appsearch.AppSearchManagerService took to complete: 0ms
10-14 01:23:42.959 1132 1132 I SystemServerTiming: ssm.onStartUser-0_com.android.server.media.MediaCommunicationService
10-14 01:23:42.959 1132 1132 D SystemServerTiming: ssm.onStartUser-0_com.android.server.media.MediaCommunicationService took to complete: 0ms
10-14 01:23:42.961 1132 1132 D SystemServerTiming: ssm.StartUser-0 took to complete: 85ms
10-14 01:23:42.961 1132 1132 I SystemServerTiming: startPersistentApps
10-14 01:23:42.980 1132 1132 D CompatibilityChangeReporter: Compat change id reported: 135634846; UID 1000; state: DISABLED
10-14 01:23:42.981 1132 1132 D CompatibilityChangeReporter: Compat change id reported: 177438394; UID 1000; state: DISABLED
10-14 01:23:42.981 1132 1132 D CompatibilityChangeReporter: Compat change id reported: 135772972; UID 1000; state: DISABLED
10-14 01:23:42.981 1132 1132 D CompatibilityChangeReporter: Compat change id reported: 135754954; UID 1000; state: ENABLED
10-14 01:23:42.985 1132 1132 D CompatibilityChangeReporter: Compat change id reported: 135634846; UID 1001; state: DISABLED
10-14 01:23:42.985 1132 1132 D CompatibilityChangeReporter: Compat change id reported: 177438394; UID 1001; state: DISABLED
10-14 01:23:42.986 1132 1132 D CompatibilityChangeReporter: Compat change id reported: 135772972; UID 1001; state: DISABLED
10-14 01:23:42.986 1132 1132 D CompatibilityChangeReporter: Compat change id reported: 135754954; UID 1001; state: ENABLED
10-14 01:23:42.987 1132 1132 D CompatibilityChangeReporter: Compat change id reported: 135634846; UID 10052; state: DISABLED
10-14 01:23:42.987 1132 1132 D CompatibilityChangeReporter: Compat change id reported: 177438394; UID 10052; state: DISABLED
10-14 01:23:42.987 1132 1132 D CompatibilityChangeReporter: Compat change id reported: 135772972; UID 10052; state: DISABLED
10-14 01:23:42.988 1132 1132 D CompatibilityChangeReporter: Compat change id reported: 135754954; UID 10052; state: DISABLED
10-14 01:23:42.990 1132 1132 D CompatibilityChangeReporter: Compat change id reported: 135634846; UID 10094; state: DISABLED
10-14 01:23:42.990 1132 1132 D CompatibilityChangeReporter: Compat change id reported: 177438394; UID 10094; state: DISABLED
10-14 01:23:42.990 1132 1132 D CompatibilityChangeReporter: Compat change id reported: 135772972; UID 10094; state: DISABLED
10-14 01:23:42.990 1132 1132 D CompatibilityChangeReporter: Compat change id reported: 135754954; UID 10094; state: DISABLED
10-14 01:23:42.991 1132 1132 D CompatibilityChangeReporter: Compat change id reported: 135634846; UID 1068; state: DISABLED
01-01 08:00:53.244 0 0 I binder : 1950:1950 ioctl 40046210 7fdf07ae54 returned -22
10-14 01:23:42.998 1132 1132 D CompatibilityChangeReporter: Compat change id reported: 135634846; UID 10069; state: DISABLED
10-14 01:23:42.998 1132 1132 D CompatibilityChangeReporter: Compat change id reported: 177438394; UID 10069; state: DISABLED
10-14 01:23:42.998 1132 1132 D CompatibilityChangeReporter: Compat change id reported: 135772972; UID 10069; state: DISABLED
10-14 01:23:42.998 1132 1132 D CompatibilityChangeReporter: Compat change id reported: 135754954; UID 10069; state: ENABLED
10-14 01:23:42.999 1132 1132 D SystemServerTiming: startPersistentApps took to complete: 38ms
10-14 01:23:43.000 1132 1132 I SystemServerTiming: startHomeOnAllDisplays
10-14 01:23:43.004 1132 1132 I ActivityTaskManager: START u0 {act=android.intent.action.MAIN cat=[android.intent.category.HOME] flg=0x10000100 cmp=com.android.settings/.FallbackHome (has extras)} from uid 0
10-14 01:23:43.015 1132 1658 E NativeTombstoneManager: Tombstone's UID (1047) not an app, ignoring
10-14 01:23:43.016 1132 1658 I DropBoxManagerService: add tag=SYSTEM_TOMBSTONE_PROTO isTagEnabled=true flags=0x4
10-14 01:23:43.018 1132 1132 D CompatibilityChangeReporter: Compat change id reported: 174042980; UID 1000; state: DISABLED
10-14 01:23:43.034 1132 1658 I BootReceiver: Copying /data/tombstones/tombstone_15 to DropBox (SYSTEM_TOMBSTONE)
10-14 01:23:43.034 1132 1658 I DropBoxManagerService: add tag=SYSTEM_TOMBSTONE isTagEnabled=true flags=0x6
10-14 01:23:43.039 1132 1272 W ActivityManager: Slow operation: 72ms so far, now at startProcess: returned from zygote!
01-01 08:00:53.284 0 0 E init : Control message: Could not find 'vendor.qti.hardware.iop@2.0::IIop/default' for ctl.interface_start from pid: 506 (/system/bin/hwservicemanager)
01-01 08:00:53.299 0 0 I binder : 1306:1306 ioctl 40046210 7fe95a0a24 returned -22
10-14 01:23:43.042 1132 1658 E NativeTombstoneManager: Tombstone's UID (1047) not an app, ignoring
10-14 01:23:43.043 1132 1658 I DropBoxManagerService: add tag=SYSTEM_TOMBSTONE_PROTO isTagEnabled=true flags=0x4
10-14 01:23:43.078 1132 1658 E NativeTombstoneManager: Tombstone's UID (1047) not an app, ignoring
01-01 08:00:53.308 0 0 E init : Control message: Could not find 'vendor.qti.hardware.iop@2.0::IIop/default' for ctl.interface_start from pid: 506 (/system/bin/hwservicemanager)
10-14 01:23:43.080 1132 1658 I DropBoxManagerService: add tag=SYSTEM_TOMBSTONE_PROTO isTagEnabled=true flags=0x4
10-14 01:23:43.103 1132 1658 E NativeTombstoneManager: Tombstone's UID (1047) not an app, ignoring
01-01 08:00:53.356 0 0 I binder : 1988:1988 ioctl 40046210 7fdf07ae54 returned -22
10-14 01:23:43.104 1132 1658 I DropBoxManagerService: add tag=SYSTEM_TOMBSTONE_PROTO isTagEnabled=true flags=0x4
10-14 01:23:43.120 1132 1658 E NativeTombstoneManager: Tombstone's UID (1047) not an app, ignoring
10-14 01:23:43.120 1132 1658 I DropBoxManagerService: add tag=SYSTEM_TOMBSTONE_PROTO isTagEnabled=true flags=0x4
01-01 08:00:53.374 0 0 D cnss : Received QMI WLFW pin connect result indication
01-01 08:00:53.374 0 0 D cnss : Pin connect Result: pwr_pin: 0x0 phy_io_pin: 0x0 rf_io_pin: 0x2b
01-01 08:00:53.374 0 0 D cnss : Received QMI WLFW calibration done indication
01-01 08:00:53.374 0 0 D cnss : Posting event: COLD_BOOT_CAL_DONE(6), state: 0xf flags: 0x0
01-01 08:00:53.374 0 0 D cnss : PM stay awake, state: 0xf, count: 1
01-01 08:00:53.374 0 0 D cnss : PM relax, state: 0xf, count: 0
01-01 08:00:53.374 0 0 D cnss : Received QMI WLFW FW ready indication
01-01 08:00:53.374 0 0 D cnss : Posting event: COLD_BOOT_CAL_DONE(6), state: 0xf flags: 0x0
01-01 08:00:53.374 0 0 D cnss : PM stay awake, state: 0xf, count: 1
01-01 08:00:53.374 0 0 D cnss : Processing driver event: COLD_BOOT_CAL_DONE(6), state: 0xf
01-01 08:00:53.374 0 0 D cnss : Calibration completed successfully
01-01 08:00:53.374 0 0 D cnss : Sending mode message, mode: OFF(4), state: 0xf
10-14 01:23:43.126 1132 1132 D CompatibilityChangeReporter: Compat change id reported: 168419799; UID 1000; state: DISABLED
10-14 01:23:43.128 1132 1132 I ActivityTaskManager: FOREGROUND_APPLICATION_CHANGED to com.android.settings.FallbackHome
10-14 01:23:43.131 1132 1132 D SystemServerTiming: startHomeOnAllDisplays took to complete: 132ms
10-14 01:23:43.131 1132 1132 I SystemServerTiming: showSystemReadyErrorDialogs
01-01 08:00:53.375 0 0 I cnss-daemon: wlfw_qmi_ind_cb: Receive Ind : 0x21
01-01 08:00:53.383 0 0 I cnss-daemon: wlfw_qmi_err_cb: Server disconnect, err -2 client 0x2K
01-01 08:00:53.385 0 0 D cnss : WLFW server exiting
01-01 08:00:53.385 0 0 D cnss : Posting event: SERVER_EXIT(1), state: 0x2000f flags: 0x0
01-01 08:00:53.385 0 0 D cnss : Skip driver remove
01-01 08:00:53.385 0 0 D cnss : Read register offset 0x1f8031c, val = 0x2
01-01 08:00:53.385 0 0 D cnss : Write val 0x3 to register offset 0x1f8031c
10-14 01:23:43.134 1132 2009 W ContextImpl: Calling a method in the system process without a qualified user: android.app.ContextImpl.bindService:1895 android.content.ContextWrapper.bindService:810 com.qualcomm.qti.activityextension.ActivityNotifier.bindToDynamicDDSService:103 com.qualcomm.qti.activityextension.ActivityNotifier.handleSendActivityInvokeNotification:184 com.qualcomm.qti.activityextension.ActivityNotifier.access$300:26
01-01 08:00:53.388 0 0 D cnss : Setting MHI state: POWER_OFF(4)
10-14 01:23:43.139 1132 1658 E NativeTombstoneManager: Tombstone's UID (1047) not an app, ignoring
10-14 01:23:43.140 1132 1658 I DropBoxManagerService: add tag=SYSTEM_TOMBSTONE_PROTO isTagEnabled=true flags=0x4
10-14 01:23:43.167 1132 1658 E NativeTombstoneManager: Tombstone's UID (1047) not an app, ignoring
10-14 01:23:43.168 1132 1658 I DropBoxManagerService: add tag=SYSTEM_TOMBSTONE_PROTO isTagEnabled=true flags=0x4
10-14 01:23:43.186 1132 1658 E NativeTombstoneManager: Tombstone's UID (1047) not an app, ignoring
10-14 01:23:43.187 1132 1658 I DropBoxManagerService: add tag=SYSTEM_TOMBSTONE_PROTO isTagEnabled=true flags=0x4
01-01 08:00:53.446 0 0 D cnss : Suspending PCI link
01-01 08:00:53.447 0 0 I msm_pcie_disable: PCIe: Assert the reset of endpoint of RC0.
01-01 08:00:53.449 0 0 D cnss : Setting MHI state: DEINIT(1)
01-01 08:00:53.449 0 0 D cnss : De-assert WLAN_EN GPIO successfully
01-01 08:00:53.449 0 0 D cnss : Regulator vdd-wlan-rfa2 is being disabled
01-01 08:00:53.449 0 0 D cnss : Regulator vdd-wlan-rfa1 is being disabled
01-01 08:00:53.449 0 0 D cnss : Regulator vdd-wlan-dig is being disabled
01-01 08:00:53.449 0 0 D cnss : Regulator vdd-wlan-aon is being disabled
01-01 08:00:53.449 0 0 D cnss : Regulator wlan-ant-switch is being disabled
01-01 08:00:53.449 0 0 D cnss : Regulator vdd-wlan-io is being disabled
10-14 01:23:43.199 1132 1658 E NativeTombstoneManager: Tombstone's UID (1047) not an app, ignoring
10-14 01:23:43.200 1132 1658 I DropBoxManagerService: add tag=SYSTEM_TOMBSTONE_PROTO isTagEnabled=true flags=0x4
10-14 01:23:43.206 1132 1132 D SystemServerTiming: showSystemReadyErrorDialogs took to complete: 75ms
10-14 01:23:43.206 1132 1132 I SystemServerTiming: sendUserStartBroadcast
10-14 01:23:43.206 1132 1132 D SystemServerTiming: sendUserStartBroadcast took to complete: 0ms
10-14 01:23:43.206 1132 1132 I SystemServerTiming: resumeTopActivities
10-14 01:23:43.207 1132 1132 D SystemServerTiming: resumeTopActivities took to complete: 1ms
10-14 01:23:43.207 1132 1132 I SystemServerTiming: sendUserSwitchBroadcasts
10-14 01:23:43.207 1132 1132 D SystemServerTiming: sendUserSwitchBroadcasts took to complete: 0ms
10-14 01:23:43.208 1132 1132 I SystemServerTiming: setBinderProxies
10-14 01:23:43.208 1132 1132 D SystemServerTiming: setBinderProxies took to complete: 0ms
10-14 01:23:43.208 1132 1132 D SystemServerTiming: ActivityManagerStartApps took to complete: 332ms
10-14 01:23:43.208 1132 1132 D SystemServerTiming: PhaseActivityManagerReady took to complete: 924ms
10-14 01:23:43.208 1132 1132 I SystemServerTiming: StartSystemUI
10-14 01:23:43.208 1132 1213 W Looper : Slow dispatch took 244ms android.fg h=com.android.server.DropBoxManagerService$DropBoxManagerBroadcastHandler c=null m=1
10-14 01:23:43.211 1132 1132 D SystemServerTiming: StartSystemUI took to complete: 3ms
10-14 01:23:43.211 1132 1132 I SystemServerTiming: startMicroService
10-14 01:23:43.213 1132 1658 E NativeTombstoneManager: Tombstone's UID (1047) not an app, ignoring
10-14 01:23:43.214 1132 1658 I DropBoxManagerService: add tag=SYSTEM_TOMBSTONE_PROTO isTagEnabled=true flags=0x4
10-14 01:23:43.216 1132 1272 W ActivityManager: Slow operation: 250ms so far, now at startProcess: done updating battery stats
10-14 01:23:43.217 1132 1272 W ActivityManager: Slow operation: 250ms so far, now at startProcess: building log message
10-14 01:23:43.217 1132 1272 I ActivityManager: Start proc 1988:com.thundercomm.microservice/1000 for added application com.thundercomm.microservice
10-14 01:23:43.217 1132 1272 W ActivityManager: Slow operation: 251ms so far, now at startProcess: starting to update pids map
10-14 01:23:43.218 1132 1272 W ActivityManager: Slow operation: 252ms so far, now at startProcess: done updating pids map
10-14 01:23:43.218 1132 1272 W ActivityManager: Slow operation: 236ms so far, now at startProcess: asking zygote to start proc
10-14 01:23:43.223 1132 1925 D CompatibilityChangeReporter: Compat change id reported: 168419799; UID 1000; state: DISABLED
10-14 01:23:43.228 1132 1925 D CompatibilityChangeReporter: Compat change id reported: 181136395; UID 1000; state: DISABLED
10-14 01:23:43.231 1132 1925 D CompatibilityChangeReporter: Compat change id reported: 174042936; UID 1000; state: DISABLED
10-14 01:23:43.236 1132 1216 D CompatibilityChangeReporter: Compat change id reported: 135634846; UID 1000; state: DISABLED
10-14 01:23:43.236 1132 1216 D CompatibilityChangeReporter: Compat change id reported: 177438394; UID 1000; state: DISABLED
10-14 01:23:43.236 1132 1216 D CompatibilityChangeReporter: Compat change id reported: 135772972; UID 1000; state: DISABLED
10-14 01:23:43.236 1132 1216 D CompatibilityChangeReporter: Compat change id reported: 135754954; UID 1000; state: ENABLED
10-14 01:23:43.242 1132 1925 W PackageManager: Loading a package that does not exist for the calling user. package=null, user=0
01-01 08:00:53.504 0 0 D cnss : Posting event: REGISTER_DRIVER(7)-sync, state: 0x20009 flags: 0x5
10-14 01:23:43.243 1132 2008 I ActivityManager: Process WebViewLoader-armeabi-v7a (pid 1930) has died: psvc PER
10-14 01:23:43.257 1132 1132 D SystemServerTiming: startMicroService took to complete: 45ms
10-14 01:23:43.257 1132 1132 I SystemServerTiming: startRemoteControlService
10-14 01:23:43.258 1132 1658 E NativeTombstoneManager: Tombstone's UID (1047) not an app, ignoring
10-14 01:23:43.259 1132 1658 I DropBoxManagerService: add tag=SYSTEM_TOMBSTONE_PROTO isTagEnabled=true flags=0x4
10-14 01:23:43.268 1132 2009 W ContextImpl: Calling a method in the system process without a qualified user: android.app.ContextImpl.bindService:1895 android.content.ContextWrapper.bindService:810 com.qualcomm.qti.activityextension.ActivityNotifier.bindToDynamicDDSService:103 com.qualcomm.qti.activityextension.ActivityNotifier.handleSendActivityInvokeNotification:184 com.qualcomm.qti.activityextension.ActivityNotifier.access$300:26
01-01 08:00:53.505 0 0 D cnss : Processing driver event: COLD_BOOT_CAL_DONE(6), state: 0x20001
01-01 08:00:53.505 0 0 D cnss : Processing driver event: SERVER_EXIT(1), state: 0x20001
01-01 08:00:53.505 0 0 I cnss : QMI WLFW service disconnected, state: 0x20000
