10-14 01:23:57.475 3768 3768 F DEBUG : #03 pc 000000000025a294 /vendor/lib64/hw/camera.qcom.so (CamX::get_number_of_cameras() (.cfi)+84) (BuildId: 577757f361f69c46328d4dcf9bd6aaaf)
10-14 01:23:57.475 3768 3768 F DEBUG : #04 pc 0000000000034908 /vendor/lib64/android.hardware.camera.provider@2.4-legacy.so (android::hardware::camera::common::V1_0::helper::CameraModule::init()+200) (BuildId: c456d5ffa961e6c6954debfeaac86fd5)
10-14 01:23:57.475 3768 3768 F DEBUG : #05 pc 0000000000026e48 /vendor/lib64/android.hardware.camera.provider@2.4-legacy.so (android::hardware::camera::provider::V2_4::implementation::LegacyCameraProviderImpl_2_4::initialize()+140) (BuildId: c456d5ffa961e6c6954debfeaac86fd5)
10-14 01:23:57.475 3768 3768 F DEBUG : #06 pc 0000000000026638 /vendor/lib64/android.hardware.camera.provider@2.4-legacy.so (android::hardware::camera::provider::V2_4::implementation::LegacyCameraProviderImpl_2_4::LegacyCameraProviderImpl_2_4()+160) (BuildId: c456d5ffa961e6c6954debfeaac86fd5)
10-14 01:23:57.475 3768 3768 F DEBUG : #07 pc 000000000000415c /vendor/lib64/hw/android.hardware.camera.provider@2.4-impl.so (android::hardware::camera::provider::V2_4::implementation::CameraProvider* android::hardware::camera::provider::V2_4::implementation::getProviderImpl() (.cfi)+64) (BuildId: 5e2f33df9f94aadf6b2d7d01985be38c)
10-14 01:23:57.475 3768 3768 F DEBUG : #08 pc 0000000000051d94 /apex/com.android.vndk.v30/lib64/libhidlbase.so (android::hardware::PassthroughServiceManager::get(android::hardware::hidl_string const&, android::hardware::hidl_string const&)::'lambda'(void*, std::__1::basic_string, std::__1::allocator > const&, std::__1::basic_string, std::__1::allocator > const&)::operator()(void*, std::__1::basic_string, std::__1::allocator > const&, std::__1::basic_string, std::__1::allocator > const&) const+96) (BuildId: fc3e2389a057aeefafa6557f6d78a06b)
10-14 01:23:57.475 3768 3768 F DEBUG : #09 pc 000000000004cdf0 /apex/com.android.vndk.v30/lib64/libhidlbase.so (android::hardware::PassthroughServiceManager::openLibs(std::__1::basic_string, std::__1::allocator > const&, std::__1::function, std::__1::allocator > const&, std::__1::basic_string, std::__1::allocator > const&)> const&)+944) (BuildId: fc3e2389a057aeefafa6557f6d78a06b)
10-14 01:23:57.475 3768 3768 F DEBUG : #10 pc 00000000000502a0 /apex/com.android.vndk.v30/lib64/libhidlbase.so (android::hardware::PassthroughServiceManager::get(android::hardware::hidl_string const&, android::hardware::hidl_string const&)+92) (BuildId: fc3e2389a057aeefafa6557f6d78a06b)
10-14 01:23:57.475 3768 3768 F DEBUG : #11 pc 000000000004dd8c /apex/com.android.vndk.v30/lib64/libhidlbase.so (android::hardware::details::getRawServiceInternal(std::__1::basic_string, std::__1::allocator > const&, std::__1::basic_string, std::__1::allocator > const&, bool, bool)+1488) (BuildId: fc3e2389a057aeefafa6557f6d78a06b)
10-14 01:23:57.475 3768 3768 F DEBUG : #12 pc 000000000004b91c /apex/com.android.vndk.v30/lib64/libhidlbase.so (android::hardware::details::registerPassthroughServiceImplementation(std::__1::basic_string, std::__1::allocator > const&, std::__1::basic_string, std::__1::allocator > const&, std::__1::function const&, std::__1::basic_string, std::__1::allocator > const&)>, std::__1::basic_string, std::__1::allocator > const&)+80) (BuildId: fc3e2389a057aeefafa6557f6d78a06b)
10-14 01:23:57.475 3768 3768 F DEBUG : #13 pc 000000000004bc9c /apex/com.android.vndk.v30/lib64/libhidlbase.so (android::hardware::registerPassthroughServiceImplementation(std::__1::basic_string, std::__1::allocator > const&, std::__1::basic_string, std::__1::allocator > const&, std::__1::basic_string, std::__1::allocator > const&)+56) (BuildId: fc3e2389a057aeefafa6557f6d78a06b)
10-14 01:23:57.475 3768 3768 F DEBUG : #14 pc 0000000000001130 /vendor/bin/hw/android.hardware.camera.provider@2.4-service_64 (main.cfi+196) (BuildId: a1ba6e409ca848af1f0b7c62860af7da)
10-14 01:23:57.475 3768 3768 F DEBUG : #15 pc 000000000004a084 /apex/com.android.runtime/lib64/bionic/libc.so (__libc_init+100) (BuildId: 369edc656806aeaf384cbeb8f7a347af)
10-14 01:23:57.491 1132 1889 W NativeCrashListener: Couldn't find ProcessRecord for pid 3747
10-14 01:23:57.501 1132 1658 I BootReceiver: Copying /data/tombstones/tombstone_20 to DropBox (SYSTEM_TOMBSTONE)
10-14 01:23:57.502 1132 1658 I DropBoxManagerService: add tag=SYSTEM_TOMBSTONE isTagEnabled=true flags=0x6
10-14 01:23:57.508 1132 1272 I ActivityManager: Start proc 3783:com.android.shell/2000 for broadcast {com.android.shell/com.android.shell.HeapDumpReceiver}
10-14 01:23:57.516 1132 1658 E NativeTombstoneManager: Tombstone's UID (1047) not an app, ignoring
10-14 01:23:57.517 1132 1658 I DropBoxManagerService: add tag=SYSTEM_TOMBSTONE_PROTO isTagEnabled=true flags=0x4
01-01 08:01:07.820 0 0 I binder : 3783:3783 ioctl 40046210 7fdf07ae54 returned -22
10-14 01:23:57.575 1132 1166 D CompatibilityChangeReporter: Compat change id reported: 168419799; UID 2000; state: DISABLED
10-14 01:23:57.703 1132 1166 D CompatibilityChangeReporter: Compat change id reported: 135634846; UID 1001; state: DISABLED
10-14 01:23:57.703 1132 1166 D CompatibilityChangeReporter: Compat change id reported: 177438394; UID 1001; state: DISABLED
10-14 01:23:57.703 1132 1166 D CompatibilityChangeReporter: Compat change id reported: 135772972; UID 1001; state: DISABLED
10-14 01:23:57.703 1132 1166 D CompatibilityChangeReporter: Compat change id reported: 135754954; UID 1001; state: ENABLED
01-01 08:01:07.988 0 0 I btfm_slim_hw_init: PGD Enum Addr: 00:01:20:02:17: 02
01-01 08:01:07.988 0 0 I btfm_slim_hw_init: IFD Enum Addr: 00:00:20:02:17: 02
01-01 08:01:07.988 0 0 I btfm_slim_hw_init: chipset soc version:400a0200
01-01 08:01:07.988 0 0 I btfm_slim_hw_init: chipset is hastings 2.0, overwriting EA
01-01 08:01:07.988 0 0 I btfm_slim_hw_init: PGD Enum Addr: 00:01:20:02:17: 02
01-01 08:01:07.988 0 0 I btfm_slim_hw_init: IFD Enum Addr: 00:00:20:02:17: 02
01-01 08:01:07.999 0 0 I slimbus : 1 laddr:0xcf, EAPC:0x1:0x20
01-01 08:01:08.002 0 0 I slimbus : 1 laddr:0xce, EAPC:0x0:0x20
01-01 08:01:08.002 0 0 I btfm_slim_alloc_port: chipset soc version:400a0200
10-14 01:23:57.750 1132 1272 I Watchdog: Interesting Java process com.android.phone started. Pid 3802
10-14 01:23:57.750 1132 1272 I ActivityManager: Start proc 3802:com.android.phone/1001 for broadcast {com.android.stk/com.android.stk.BootCompletedReceiver}
01-01 08:01:08.013 0 0 I btfm_slim_enable_ch: chipset soc version:400a0200
01-01 08:01:08.013 0 0 I btfm_slim_enable_ch: channel define - prot:2, dataf:0, auxf:0
01-01 08:01:08.013 0 0 I btfm_slim_enable_ch: channel define - rates:44100, baser:2, ratem:4
01-01 08:01:08.016 0 0 I btfm_slim_enable_ch: slim_connect_sink(port: 16, ch: 157)
01-01 08:01:08.018 0 0 I btfm_slim_enable_ch: port: 16, ch: 157, grp: 0, ch->grph: 0x0, ch_hdl: 0x1d
01-01 08:01:08.024 0 0 I __afe_port_start: port id: 0x400e
01-01 08:01:08.024 0 0 I afe_find_cal_topo_id_by_port: port id: 0x400e, dev_acdb_id: 20
01-01 08:01:08.024 0 0 I afe_find_cal_topo_id_by_port: top_id:112fc acdb_id:20 afe_port_id:0x400e
01-01 08:01:08.024 0 0 I afe_get_cal_topology_id: port_id = 0x400e acdb_id = 20 topology_id = 0x112fc cal_type_index=8 ret=0
01-01 08:01:08.026 0 0 I afe_send_port_topology_id: AFE set topology id 0x112fc enable for port 0x400e ret 0
01-01 08:01:08.026 0 0 I send_afe_cal_type: cal_index is 0
01-01 08:01:08.026 0 0 I send_afe_cal_type: dev_acdb_id[119] is 20
01-01 08:01:08.026 0 0 I afe_find_cal: cal_index 0 port_id 0x400e port_index 119
01-01 08:01:08.026 0 0 I afe_find_cal: acdb_id 20 dev_acdb_id 20 sample_rate 48000 afe_sample_rates 44100
01-01 08:01:08.026 0 0 I afe_find_cal: no matching cal_block found
01-01 08:01:08.027 0 0 E : send_afe_cal_type cal_block not found!!
01-01 08:01:08.033 0 0 I afe_send_hw_delay: port_id 0x400e rate 44100 delay_usec 0 status 0
01-01 08:01:08.051 0 0 I binder : 3802:3802 ioctl 40046210 7fdf07ae54 returned -22
01-01 08:01:08.170 0 0 D : mv2112_read_status
01-01 08:01:08.170 0 0 D mv2112_update_link: 3.0x901(1G): 0x4
01-01 08:01:08.171 0 0 D mv2112_update_link: 3.0x8109(100M): 0x8
01-01 08:01:08.171 0 0 D mv2112_update_link: link 0x4
01-01 08:01:08.171 0 0 D mv2112_read_status: autoneg is disabled
10-14 01:23:57.967 1132 1166 D CompatibilityChangeReporter: Compat change id reported: 135634846; UID 10083; state: DISABLED
10-14 01:23:57.968 1132 1166 D CompatibilityChangeReporter: Compat change id reported: 177438394; UID 10083; state: DISABLED
10-14 01:23:57.968 1132 1166 D CompatibilityChangeReporter: Compat change id reported: 135772972; UID 10083; state: DISABLED
10-14 01:23:57.968 1132 1166 D CompatibilityChangeReporter: Compat change id reported: 135754954; UID 10083; state: ENABLED
10-14 01:23:57.969 1132 1272 D CompatibilityChangeReporter: Compat change id reported: 143937733; UID 10083; state: ENABLED
10-14 01:23:58.026 1132 1272 W ActivityManager: Slow operation: 58ms so far, now at startProcess: returned from zygote!
10-14 01:23:58.026 1132 1272 W ActivityManager: Slow operation: 59ms so far, now at startProcess: done updating battery stats
10-14 01:23:58.026 1132 1272 W ActivityManager: Slow operation: 59ms so far, now at startProcess: building log message
10-14 01:23:58.026 1132 1272 I ActivityManager: Start proc 3821:com.qti.ltebc/u0a83 for broadcast {com.qti.ltebc/com.qualcomm.ltebc.LTEBroadcastBootReceiver}
10-14 01:23:58.026 1132 1272 W ActivityManager: Slow operation: 59ms so far, now at startProcess: starting to update pids map
10-14 01:23:58.026 1132 1272 W ActivityManager: Slow operation: 59ms so far, now at startProcess: done updating pids map
01-01 08:01:08.340 0 0 I binder : 3821:3821 ioctl 40046210 7fdf07ae54 returned -22
10-14 01:23:58.101 1132 1166 D CompatibilityChangeReporter: Compat change id reported: 168419799; UID 10083; state: DISABLED
01-01 08:01:09.194 0 0 D : mv2112_read_status
01-01 08:01:09.194 0 0 D mv2112_update_link: 3.0x901(1G): 0x4
01-01 08:01:09.195 0 0 D mv2112_update_link: 3.0x8109(100M): 0x8
01-01 08:01:09.195 0 0 D mv2112_update_link: link 0x4
01-01 08:01:09.195 0 0 D mv2112_read_status: autoneg is disabled
01-01 08:01:09.827 0 0 W logd : Skipping entries from slow reader, pid 1239, fd 14, from LogBuffer::Prune()
01-01 08:01:09.828 0 0 W logd : Skipping entries from slow reader, pid 1239, fd 14, from LogBuffer::Prune()
01-01 08:01:10.218 0 0 D : mv2112_read_status
01-01 08:01:10.218 0 0 D mv2112_update_link: 3.0x901(1G): 0x4
01-01 08:01:10.219 0 0 D mv2112_update_link: 3.0x8109(100M): 0x8
01-01 08:01:10.219 0 0 D mv2112_update_link: link 0x4
01-01 08:01:10.219 0 0 D mv2112_read_status: autoneg is disabled
10-14 01:24:00.100 1132 1132 D CompanionDeviceManagerService: TriggerDeviceDisappearedRunnable.run(address = 5C:FB:7C:39:04:0D)
01-01 08:01:11.242 0 0 D : mv2112_read_status
01-01 08:01:11.242 0 0 D mv2112_update_link: 3.0x901(1G): 0x4
01-01 08:01:11.243 0 0 D mv2112_update_link: 3.0x8109(100M): 0x8
01-01 08:01:11.243 0 0 D mv2112_update_link: link 0x4
01-01 08:01:11.243 0 0 D mv2112_read_status: autoneg is disabled
10-14 01:24:01.176 1132 1215 I DropBoxManagerService: add tag=system_app_strictmode isTagEnabled=true flags=0x2
01-01 08:01:12.251 0 0 I init : starting service 'vendor.camera-provider-2-4'...
01-01 08:01:12.267 0 0 D : mv2112_read_status
01-01 08:01:12.267 0 0 D mv2112_update_link: 3.0x901(1G): 0x4
01-01 08:01:12.267 0 0 D mv2112_update_link: 3.0x8109(100M): 0x8
01-01 08:01:12.267 0 0 D mv2112_update_link: link 0x4
01-01 08:01:12.267 0 0 D mv2112_read_status: autoneg is disabled
01-01 08:01:12.289 0 0 I init : starting service 'vendor.light-hal-2-0'...
01-01 08:01:12.359 0 0 I init : Service 'vendor.light-hal-2-0' (pid 3846) exited with status 0
01-01 08:01:12.359 0 0 I init : Sending signal 9 to service 'vendor.light-hal-2-0' (pid 3846) process group...
01-01 08:01:12.360 0 0 I libprocessgroup: Successfully killed process cgroup uid 1000 pid 3846 in 0ms
10-14 01:24:02.167 3845 3845 F libc : Fatal signal 6 (SIGABRT), code -6 (SI_TKILL) in tid 3845 (android.hardwar), pid 3845 (android.hardwar)
10-14 01:24:02.288 1132 1215 I DropBoxManagerService: add tag=system_app_strictmode isTagEnabled=true flags=0x2
01-01 08:01:12.718 0 0 I logd : logdr: UID=1047 GID=1005 PID=3849 n tail=0 logMask=8 pid=3845 start=0ns deadline=0ns
01-01 08:01:12.725 0 0 I logd : logdr: UID=1047 GID=1005 PID=3849 n tail=0 logMask=1 pid=3845 start=0ns deadline=0ns
10-14 01:24:02.525 3849 3849 F DEBUG : *** *** *** *** *** *** *** *** *** *** *** *** *** *** *** ***
10-14 01:24:02.525 3849 3849 F DEBUG : Build fingerprint: 'TC/figure_CN/figure:12/SKQ1.220201.001/1107:userdebug/test-keys'
10-14 01:24:02.525 3849 3849 F DEBUG : Revision: '0'
10-14 01:24:02.525 3849 3849 F DEBUG : ABI: 'arm64'
10-14 01:24:02.525 3849 3849 F DEBUG : Timestamp: 2022-10-14 01:24:02.327938949+0800
10-14 01:24:02.525 3849 3849 F DEBUG : Process uptime: 0s
10-14 01:24:02.526 3849 3849 F DEBUG : Cmdline: /vendor/bin/hw/android.hardware.camera.provider@2.4-service_64
10-14 01:24:02.526 3849 3849 F DEBUG : pid: 3845, tid: 3845, name: android.hardwar >>> /vendor/bin/hw/android.hardware.camera.provider@2.4-service_64 <<<
10-14 01:24:02.526 3849 3849 F DEBUG : uid: 1047
10-14 01:24:02.526 3849 3849 F DEBUG : signal 6 (SIGABRT), code -6 (SI_TKILL), fault addr --------
10-14 01:24:02.526 3849 3849 F DEBUG : x0 0000000000000000 x1 0000000000000f05 x2 0000000000000006 x3 0000000000000000
10-14 01:24:02.526 3849 3849 F DEBUG : x4 00000000000cd288 x5 00000000000cd288 x6 00000000000cd288 x7 7f7f7f7f7f7f7f7f
10-14 01:24:02.526 3849 3849 F DEBUG : x8 0000000000000083 x9 ac0c51d397e7f802 x10 0000007fff313e08 x11 fffffffffffffffd
10-14 01:24:02.526 3849 3849 F DEBUG : x12 000000792e3f3000 x13 0000000000000000 x14 0000007fff314590 x15 0000000034155555
10-14 01:24:02.526 3849 3849 F DEBUG : x16 0000007c489ee5a0 x17 0000007c489ca7c0 x18 0000007c4dc20000 x19 000000792cac6565
10-14 01:24:02.526 3849 3849 F DEBUG : x20 b400007958856030 x21 0000007c4d56b000 x22 0000007fff314a6c x23 000000792d23daa0
10-14 01:24:02.526 3849 3849 F DEBUG : x24 000000792d1ddfc0 x25 000000792d187db0 x26 0000000000000060 x27 0000000000000000
10-14 01:24:02.526 3849 3849 F DEBUG : x28 b400007988849f88 x29 0000007fff340eb0
10-14 01:24:02.526 3849 3849 F DEBUG : lr 000000792d0bf7dc sp 0000007fff314a00 pc 0000007c489ca7cc pst 0000000000001000
10-14 01:24:02.527 3849 3849 F DEBUG : backtrace:
10-14 01:24:02.527 3849 3849 F DEBUG : #00 pc 00000000000a17cc /apex/com.android.runtime/lib64/bionic/libc.so (tgkill+12) (BuildId: 369edc656806aeaf384cbeb8f7a347af)
10-14 01:24:02.527 3849 3849 F DEBUG : #01 pc 00000000006457d8 /vendor/lib64/hw/camera.qcom.so (CamX::HwEnvironment::GetInstance() (.cfi)+6368) (BuildId: 577757f361f69c46328d4dcf9bd6aaaf)
10-14 01:24:02.527 3849 3849 F DEBUG : #02 pc 0000000000266a50 /vendor/lib64/hw/camera.qcom.so (CamX::HAL3Module::GetInstance()+664) (BuildId: 577757f361f69c46328d4dcf9bd6aaaf)
10-14 01:24:02.527 3849 3849 F DEBUG : #03 pc 000000000025a294 /vendor/lib64/hw/camera.qcom.so (CamX::get_number_of_cameras() (.cfi)+84) (BuildId: 577757f361f69c46328d4dcf9bd6aaaf)
10-14 01:24:02.527 3849 3849 F DEBUG : #04 pc 0000000000034908 /vendor/lib64/android.hardware.camera.provider@2.4-legacy.so (android::hardware::camera::common::V1_0::helper::CameraModule::init()+200) (BuildId: c456d5ffa961e6c6954debfeaac86fd5)
10-14 01:24:02.527 3849 3849 F DEBUG : #05 pc 0000000000026e48 /vendor/lib64/android.hardware.camera.provider@2.4-legacy.so (android::hardware::camera::provider::V2_4::implementation::LegacyCameraProviderImpl_2_4::initialize()+140) (BuildId: c456d5ffa961e6c6954debfeaac86fd5)
10-14 01:24:02.527 3849 3849 F DEBUG : #06 pc 0000000000026638 /vendor/lib64/android.hardware.camera.provider@2.4-legacy.so (android::hardware::camera::provider::V2_4::implementation::LegacyCameraProviderImpl_2_4::LegacyCameraProviderImpl_2_4()+160) (BuildId: c456d5ffa961e6c6954debfeaac86fd5)
10-14 01:24:02.527 3849 3849 F DEBUG : #07 pc 000000000000415c /vendor/lib64/hw/android.hardware.camera.provider@2.4-impl.so (android::hardware::camera::provider::V2_4::implementation::CameraProvider* android::hardware::camera::provider::V2_4::implementation::getProviderImpl() (.cfi)+64) (BuildId: 5e2f33df9f94aadf6b2d7d01985be38c)
10-14 01:24:02.528 3849 3849 F DEBUG : #08 pc 0000000000051d94 /apex/com.android.vndk.v30/lib64/libhidlbase.so (android::hardware::PassthroughServiceManager::get(android::hardware::hidl_string const&, android::hardware::hidl_string const&)::'lambda'(void*, std::__1::basic_string, std::__1::allocator > const&, std::__1::basic_string, std::__1::allocator > const&)::operator()(void*, std::__1::basic_string, std::__1::allocator > const&, std::__1::basic_string, std::__1::allocator > const&) const+96) (BuildId: fc3e2389a057aeefafa6557f6d78a06b)
10-14 01:24:02.528 3849 3849 F DEBUG : #09 pc 000000000004cdf0 /apex/com.android.vndk.v30/lib64/libhidlbase.so (android::hardware::PassthroughServiceManager::openLibs(std::__1::basic_string, std::__1::allocator > const&, std::__1::function, std::__1::allocator > const&, std::__1::basic_string, std::__1::allocator > const&)> const&)+944) (BuildId: fc3e2389a057aeefafa6557f6d78a06b)
10-14 01:24:02.528 3849 3849 F DEBUG : #10 pc 00000000000502a0 /apex/com.android.vndk.v30/lib64/libhidlbase.so (android::hardware::PassthroughServiceManager::get(android::hardware::hidl_string const&, android::hardware::hidl_string const&)+92) (BuildId: fc3e2389a057aeefafa6557f6d78a06b)
10-14 01:24:02.528 3849 3849 F DEBUG : #11 pc 000000000004dd8c /apex/com.android.vndk.v30/lib64/libhidlbase.so (android::hardware::details::getRawServiceInternal(std::__1::basic_string, std::__1::allocator > const&, std::__1::basic_string, std::__1::allocator > const&, bool, bool)+1488) (BuildId: fc3e2389a057aeefafa6557f6d78a06b)
10-14 01:24:02.528 3849 3849 F DEBUG : #12 pc 000000000004b91c /apex/com.android.vndk.v30/lib64/libhidlbase.so (android::hardware::details::registerPassthroughServiceImplementation(std::__1::basic_string, std::__1::allocator > const&, std::__1::basic_string, std::__1::allocator > const&, std::__1::function const&, std::__1::basic_string, std::__1::allocator > const&)>, std::__1::basic_string, std::__1::allocator > const&)+80) (BuildId: fc3e2389a057aeefafa6557f6d78a06b)
10-14 01:24:02.528 3849 3849 F DEBUG : #13 pc 000000000004bc9c /apex/com.android.vndk.v30/lib64/libhidlbase.so (android::hardware::registerPassthroughServiceImplementation(std::__1::basic_string, std::__1::allocator > const&, std::__1::basic_string, std::__1::allocator > const&, std::__1::basic_string, std::__1::allocator > const&)+56) (BuildId: fc3e2389a057aeefafa6557f6d78a06b)
10-14 01:24:02.528 3849 3849 F DEBUG : #14 pc 0000000000001130 /vendor/bin/hw/android.hardware.camera.provider@2.4-service_64 (main.cfi+196) (BuildId: a1ba6e409ca848af1f0b7c62860af7da)
10-14 01:24:02.528 3849 3849 F DEBUG : #15 pc 000000000004a084 /apex/com.android.runtime/lib64/bionic/libc.so (__libc_init+100) (BuildId: 369edc656806aeaf384cbeb8f7a347af)
10-14 01:24:02.555 1132 1889 W NativeCrashListener: Couldn't find ProcessRecord for pid 3845
01-01 08:01:12.814 0 0 I init : Untracked pid 3849 exited with status 0
01-01 08:01:12.817 0 0 I init : Service 'vendor.camera-provider-2-4' (pid 3845) received signal 6
01-01 08:01:12.817 0 0 I init : Sending signal 9 to service 'vendor.camera-provider-2-4' (pid 3845) process group...
10-14 01:24:02.563 1132 1658 I BootReceiver: Copying /data/tombstones/tombstone_21 to DropBox (SYSTEM_TOMBSTONE)
10-14 01:24:02.563 1132 1658 I DropBoxManagerService: add tag=SYSTEM_TOMBSTONE isTagEnabled=true flags=0x6
10-14 01:24:02.572 1132 1658 E NativeTombstoneManager: Tombstone's UID (1047) not an app, ignoring
10-14 01:24:02.573 1132 1658 I DropBoxManagerService: add tag=SYSTEM_TOMBSTONE_PROTO isTagEnabled=true flags=0x4
01-01 08:01:12.870 0 0 I libprocessgroup: Successfully killed process cgroup uid 1047 pid 3845 in 52ms
01-01 08:01:12.877 0 0 I init : Untracked pid 3851 exited with status 0
10-14 01:24:02.935 1132 3291 D CompatibilityChangeReporter: Compat change id reported: 168419799; UID 10056; state: DISABLED
10-14 01:24:02.936 1132 1928 D CompatibilityChangeReporter: Compat change id reported: 171306433; UID 10083; state: ENABLED
01-01 08:01:13.196 0 0 I afe_close: port_id = 0x400e
01-01 08:01:13.210 0 0 I btfm_slim_disable_ch: port:16, grp: 0, ch->grph:0x0, ch->ch_hdl:0x1d
10-14 01:24:02.971 1132 1928 D CompatibilityChangeReporter: Compat change id reported: 168419799; UID 10086; state: DISABLED
10-14 01:24:02.996 1132 1928 D CompatibilityChangeReporter: Compat change id reported: 168419799; UID 10081; state: DISABLED
10-14 01:24:03.015 1132 1928 D CompatibilityChangeReporter: Compat change id reported: 168419799; UID 10090; state: DISABLED
10-14 01:24:03.026 1132 2007 D CompatibilityChangeReporter: Compat change id reported: 135634846; UID 10060; state: DISABLED
10-14 01:24:03.027 1132 1272 D CompatibilityChangeReporter: Compat change id reported: 143937733; UID 10060; state: DISABLED
01-01 08:01:13.290 0 0 D : mv2112_read_status
01-01 08:01:13.290 0 0 D mv2112_update_link: 3.0x901(1G): 0x4
01-01 08:01:13.290 0 0 D mv2112_update_link: 3.0x8109(100M): 0x8
01-01 08:01:13.290 0 0 D mv2112_update_link: link 0x4
01-01 08:01:13.290 0 0 D mv2112_read_status: autoneg is disabled
10-14 01:24:03.081 1132 1272 W ActivityManager: Slow operation: 55ms so far, now at startProcess: returned from zygote!
10-14 01:24:03.081 1132 1272 W ActivityManager: Slow operation: 55ms so far, now at startProcess: done updating battery stats
10-14 01:24:03.081 1132 1272 W ActivityManager: Slow operation: 55ms so far, now at startProcess: building log message
10-14 01:24:03.081 1132 1272 I ActivityManager: Start proc 3859:com.qualcomm.qti.qms.service.connectionsecurity/u0a60 for broadcast {com.qualcomm.qti.qms.service.connectionsecurity/com.qualcomm.qti.qms.service.connectionsecurity.ConnSecBroadcastReceiver}
10-14 01:24:03.081 1132 1272 W ActivityManager: Slow operation: 55ms so far, now at startProcess: starting to update pids map
10-14 01:24:03.082 1132 1272 W ActivityManager: Slow operation: 56ms so far, now at startProcess: done updating pids map
10-14 01:24:03.109 1132 2007 I ActivityManager: Process com.qti.ltebc (pid 3821) has died: cch+5 CEM
01-01 08:01:13.379 0 0 I binder : 3859:3859 ioctl 40046210 ffd52dd8 returned -22
10-14 01:24:03.134 1132 2007 D CompatibilityChangeReporter: Compat change id reported: 168419799; UID 10060; state: DISABLED
10-14 01:24:03.266 1132 2007 D CompatibilityChangeReporter: Compat change id reported: 168419799; UID 1001; state: DISABLED
10-14 01:24:03.277 1132 2007 D CompatibilityChangeReporter: Compat change id reported: 168419799; UID 10092; state: DISABLED
01-01 08:01:13.536 0 0 I binder : 2926:2926 ioctl 40046210 7fdf07a504 returned -22
10-14 01:24:03.294 1132 1928 D CompatibilityChangeReporter: Compat change id reported: 168419799; UID 10091; state: DISABLED
10-14 01:24:03.307 1132 1928 I ActivityManager: Finished processing BOOT_COMPLETED for u0
10-14 01:24:03.315 1132 1928 D CompatibilityChangeReporter: Compat change id reported: 135634846; UID 10023; state: DISABLED
10-14 01:24:03.315 1132 1928 D CompatibilityChangeReporter: Compat change id reported: 177438394; UID 10023; state: DISABLED
10-14 01:24:03.315 1132 1928 D CompatibilityChangeReporter: Compat change id reported: 135772972; UID 10023; state: DISABLED
10-14 01:24:03.315 1132 1928 D CompatibilityChangeReporter: Compat change id reported: 135754954; UID 10023; state: ENABLED
10-14 01:24:03.316 1132 1272 D CompatibilityChangeReporter: Compat change id reported: 143937733; UID 10023; state: ENABLED
10-14 01:24:03.380 1132 1215 I DropBoxManagerService: add tag=system_app_strictmode isTagEnabled=true flags=0x2
10-14 01:24:03.382 1132 1272 W ActivityManager: Slow operation: 68ms so far, now at startProcess: returned from zygote!
10-14 01:24:03.382 1132 1272 W ActivityManager: Slow operation: 68ms so far, now at startProcess: done updating battery stats
10-14 01:24:03.382 1132 1272 W ActivityManager: Slow operation: 68ms so far, now at startProcess: building log message
10-14 01:24:03.382 1132 1272 I ActivityManager: Start proc 3880:com.android.externalstorage/u0a23 for broadcast {com.android.externalstorage/com.android.externalstorage.MountReceiver}
10-14 01:24:03.382 1132 1272 W ActivityManager: Slow operation: 68ms so far, now at startProcess: starting to update pids map
10-14 01:24:03.382 1132 1272 W ActivityManager: Slow operation: 68ms so far, now at startProcess: done updating pids map
01-01 08:01:13.684 0 0 I binder : 3880:3880 ioctl 40046210 7fdf07ae54 returned -22
10-14 01:24:03.440 1132 2007 D CompatibilityChangeReporter: Compat change id reported: 168419799; UID 10023; state: DISABLED
10-14 01:24:03.605 1132 2007 D CompatibilityChangeReporter: Compat change id reported: 135634846; UID 10083; state: DISABLED
10-14 01:24:03.605 1132 2007 D CompatibilityChangeReporter: Compat change id reported: 177438394; UID 10083; state: DISABLED
10-14 01:24:03.606 1132 2007 D CompatibilityChangeReporter: Compat change id reported: 135772972; UID 10083; state: DISABLED
10-14 01:24:03.606 1132 2007 D CompatibilityChangeReporter: Compat change id reported: 135754954; UID 10083; state: ENABLED
10-14 01:24:03.606 1132 1272 D CompatibilityChangeReporter: Compat change id reported: 143937733; UID 10083; state: ENABLED
10-14 01:24:03.663 1132 1272 W ActivityManager: Slow operation: 59ms so far, now at startProcess: returned from zygote!
10-14 01:24:03.663 1132 1272 W ActivityManager: Slow operation: 59ms so far, now at startProcess: done updating battery stats
10-14 01:24:03.663 1132 1272 W ActivityManager: Slow operation: 59ms so far, now at startProcess: building log message
10-14 01:24:03.663 1132 1272 I ActivityManager: Start proc 3898:com.qti.ltebc/u0a83 for broadcast {com.qti.ltebc/com.qualcomm.ltebc.LTEBroadcastReceiver}
10-14 01:24:03.663 1132 1272 W ActivityManager: Slow operation: 59ms so far, now at startProcess: starting to update pids map
10-14 01:24:03.663 1132 1272 W ActivityManager: Slow operation: 59ms so far, now at startProcess: done updating pids map
01-01 08:01:13.973 0 0 I binder : 3898:3898 ioctl 40046210 7fdf07ae54 returned -22
10-14 01:24:03.728 1132 1928 D CompatibilityChangeReporter: Compat change id reported: 168419799; UID 10083; state: DISABLED
01-01 08:01:14.314 0 0 D : mv2112_read_status
01-01 08:01:14.314 0 0 D mv2112_update_link: 3.0x901(1G): 0x4
01-01 08:01:14.315 0 0 D mv2112_update_link: 3.0x8109(100M): 0x8
01-01 08:01:14.315 0 0 D mv2112_update_link: link 0x4
01-01 08:01:14.315 0 0 D mv2112_read_status: autoneg is disabled
01-01 08:01:15.338 0 0 D : mv2112_read_status
01-01 08:01:15.338 0 0 D mv2112_update_link: 3.0x901(1G): 0x4
01-01 08:01:15.339 0 0 D mv2112_update_link: 3.0x8109(100M): 0x8
01-01 08:01:15.339 0 0 D mv2112_update_link: link 0x4
01-01 08:01:15.339 0 0 D mv2112_read_status: autoneg is disabled
10-14 01:24:05.164 1132 1215 I DropBoxManagerService: add tag=system_app_strictmode isTagEnabled=true flags=0x2
10-14 01:24:05.972 1132 1215 I DropBoxManagerService: add tag=system_app_strictmode isTagEnabled=true flags=0x2
10-14 01:24:05.992 1132 1213 D AutofillManagerService: Close system dialogs
01-01 08:01:16.362 0 0 D : mv2112_read_status
01-01 08:01:16.362 0 0 D mv2112_update_link: 3.0x901(1G): 0x4
01-01 08:01:16.363 0 0 D mv2112_update_link: 3.0x8109(100M): 0x8
01-01 08:01:16.363 0 0 D mv2112_update_link: link 0x4
01-01 08:01:16.363 0 0 D mv2112_read_status: autoneg is disabled
10-14 01:24:06.504 1132 1215 I DropBoxManagerService: add tag=system_app_strictmode isTagEnabled=true flags=0x2
01-01 08:01:17.278 0 0 I init : starting service 'vendor.camera-provider-2-4'...
01-01 08:01:17.316 0 0 I init : starting service 'vendor.light-hal-2-0'...
01-01 08:01:17.386 0 0 D : mv2112_read_status
01-01 08:01:17.386 0 0 D mv2112_update_link: 3.0x901(1G): 0x4
01-01 08:01:17.386 0 0 D mv2112_update_link: 3.0x8109(100M): 0x8
01-01 08:01:17.386 0 0 D mv2112_update_link: link 0x4
01-01 08:01:17.386 0 0 D mv2112_read_status: autoneg is disabled
01-01 08:01:17.399 0 0 I init : Service 'vendor.light-hal-2-0' (pid 3916) exited with status 0
01-01 08:01:17.399 0 0 I init : Sending signal 9 to service 'vendor.light-hal-2-0' (pid 3916) process group...
01-01 08:01:17.400 0 0 I libprocessgroup: Successfully killed process cgroup uid 1000 pid 3916 in 0ms
01-01 08:01:17.457 0 0 W logd : Skipping entries from slow reader, pid 1239, fd 14, from LogBuffer::Prune()
10-14 01:24:07.211 3915 3915 F libc : Fatal signal 6 (SIGABRT), code -6 (SI_TKILL) in tid 3915 (android.hardwar), pid 3915 (android.hardwar)
01-01 08:01:17.487 0 0 I qcom_rpmh DRV: apps_rsc TCS Busy, retrying RPMH message send: addr=0x40d00
01-01 08:01:17.756 0 0 I logd : logdr: UID=1047 GID=1005 PID=3919 n tail=0 logMask=8 pid=3915 start=0ns deadline=0ns
01-01 08:01:17.765 0 0 I logd : logdr: UID=1047 GID=1005 PID=3919 n tail=0 logMask=1 pid=3915 start=0ns deadline=0ns
10-14 01:24:07.554 3919 3919 F DEBUG : *** *** *** *** *** *** *** *** *** *** *** *** *** *** *** ***
10-14 01:24:07.554 3919 3919 F DEBUG : Build fingerprint: 'TC/figure_CN/figure:12/SKQ1.220201.001/1107:userdebug/test-keys'
10-14 01:24:07.554 3919 3919 F DEBUG : Revision: '0'
10-14 01:24:07.554 3919 3919 F DEBUG : ABI: 'arm64'
10-14 01:24:07.555 3919 3919 F DEBUG : Timestamp: 2022-10-14 01:24:07.357125041+0800
10-14 01:24:07.555 3919 3919 F DEBUG : Process uptime: 0s
10-14 01:24:07.555 3919 3919 F DEBUG : Cmdline: /vendor/bin/hw/android.hardware.camera.provider@2.4-service_64
10-14 01:24:07.555 3919 3919 F DEBUG : pid: 3915, tid: 3915, name: android.hardwar >>> /vendor/bin/hw/android.hardware.camera.provider@2.4-service_64 <<<
10-14 01:24:07.555 3919 3919 F DEBUG : uid: 1047
10-14 01:24:07.555 3919 3919 F DEBUG : signal 6 (SIGABRT), code -6 (SI_TKILL), fault addr --------
10-14 01:24:07.555 3919 3919 F DEBUG : x0 0000000000000000 x1 0000000000000f4b x2 0000000000000006 x3 0000000000000000
10-14 01:24:07.555 3919 3919 F DEBUG : x4 00000000000cd288 x5 00000000000cd288 x6 00000000000cd288 x7 7f7f7f7f7f7f7f7f
10-14 01:24:07.555 3919 3919 F DEBUG : x8 0000000000000083 x9 fc189686a440263d x10 0000007fe32f7358 x11 fffffffffffffffd
10-14 01:24:07.555 3919 3919 F DEBUG : x12 0000006fc2fa0000 x13 0000000000000000 x14 0000007fe32f7ae0 x15 0000000034155555
10-14 01:24:07.555 3919 3919 F DEBUG : x16 00000072e30e55a0 x17 00000072e30c17c0 x18 00000072eaf66000 x19 0000006fc1673565
10-14 01:24:07.555 3919 3919 F DEBUG : x20 b400006ff2c66120 x21 00000072ea8ce000 x22 0000007fe32f7fbc x23 0000006fc1deaaa0
10-14 01:24:07.555 3919 3919 F DEBUG : x24 0000006fc1d8afc0 x25 0000006fc1d34db0 x26 0000000000000060 x27 0000000000000000
10-14 01:24:07.555 3919 3919 F DEBUG : x28 b400007022c61f28 x29 0000007fe3324400
10-14 01:24:07.555 3919 3919 F DEBUG : lr 0000006fc1c6c7dc sp 0000007fe32f7f50 pc 00000072e30c17cc pst 0000000000001000
10-14 01:24:07.555 3919 3919 F DEBUG : backtrace:
10-14 01:24:07.555 3919 3919 F DEBUG : #00 pc 00000000000a17cc /apex/com.android.runtime/lib64/bionic/libc.so (tgkill+12) (BuildId: 369edc656806aeaf384cbeb8f7a347af)
10-14 01:24:07.555 3919 3919 F DEBUG : #01 pc 00000000006457d8 /vendor/lib64/hw/camera.qcom.so (CamX::HwEnvironment::GetInstance() (.cfi)+6368) (BuildId: 577757f361f69c46328d4dcf9bd6aaaf)
10-14 01:24:07.555 3919 3919 F DEBUG : #02 pc 0000000000266a50 /vendor/lib64/hw/camera.qcom.so (CamX::HAL3Module::GetInstance()+664) (BuildId: 577757f361f69c46328d4dcf9bd6aaaf)
10-14 01:24:07.555 3919 3919 F DEBUG : #03 pc 000000000025a294 /vendor/lib64/hw/camera.qcom.so (CamX::get_number_of_cameras() (.cfi)+84) (BuildId: 577757f361f69c46328d4dcf9bd6aaaf)
10-14 01:24:07.556 3919 3919 F DEBUG : #04 pc 0000000000034908 /vendor/lib64/android.hardware.camera.provider@2.4-legacy.so (android::hardware::camera::common::V1_0::helper::CameraModule::init()+200) (BuildId: c456d5ffa961e6c6954debfeaac86fd5)
10-14 01:24:07.556 3919 3919 F DEBUG : #05 pc 0000000000026e48 /vendor/lib64/android.hardware.camera.provider@2.4-legacy.so (android::hardware::camera::provider::V2_4::implementation::LegacyCameraProviderImpl_2_4::initialize()+140) (BuildId: c456d5ffa961e6c6954debfeaac86fd5)
10-14 01:24:07.556 3919 3919 F DEBUG : #06 pc 0000000000026638 /vendor/lib64/android.hardware.camera.provider@2.4-legacy.so (android::hardware::camera::provider::V2_4::implementation::LegacyCameraProviderImpl_2_4::LegacyCameraProviderImpl_2_4()+160) (BuildId: c456d5ffa961e6c6954debfeaac86fd5)
10-14 01:24:07.556 3919 3919 F DEBUG : #07 pc 000000000000415c /vendor/lib64/hw/android.hardware.camera.provider@2.4-impl.so (android::hardware::camera::provider::V2_4::implementation::CameraProvider* android::hardware::camera::provider::V2_4::implementation::getProviderImpl() (.cfi)+64) (BuildId: 5e2f33df9f94aadf6b2d7d01985be38c)
10-14 01:24:07.556 3919 3919 F DEBUG : #08 pc 0000000000051d94 /apex/com.android.vndk.v30/lib64/libhidlbase.so (android::hardware::PassthroughServiceManager::get(android::hardware::hidl_string const&, android::hardware::hidl_string const&)::'lambda'(void*, std::__1::basic_string, std::__1::allocator > const&, std::__1::basic_string, std::__1::allocator > const&)::operator()(void*, std::__1::basic_string, std::__1::allocator > const&, std::__1::basic_string, std::__1::allocator > const&) const+96) (BuildId: fc3e2389a057aeefafa6557f6d78a06b)
10-14 01:24:07.556 3919 3919 F DEBUG : #09 pc 000000000004cdf0 /apex/com.android.vndk.v30/lib64/libhidlbase.so (android::hardware::PassthroughServiceManager::openLibs(std::__1::basic_string, std::__1::allocator > const&, std::__1::function, std::__1::allocator > const&, std::__1::basic_string, std::__1::allocator > const&)> const&)+944) (BuildId: fc3e2389a057aeefafa6557f6d78a06b)
10-14 01:24:07.556 3919 3919 F DEBUG : #10 pc 00000000000502a0 /apex/com.android.vndk.v30/lib64/libhidlbase.so (android::hardware::PassthroughServiceManager::get(android::hardware::hidl_string const&, android::hardware::hidl_string const&)+92) (BuildId: fc3e2389a057aeefafa6557f6d78a06b)
10-14 01:24:07.556 3919 3919 F DEBUG : #11 pc 000000000004dd8c /apex/com.android.vndk.v30/lib64/libhidlbase.so (android::hardware::details::getRawServiceInternal(std::__1::basic_string, std::__1::allocator > const&, std::__1::basic_string, std::__1::allocator > const&, bool, bool)+1488) (BuildId: fc3e2389a057aeefafa6557f6d78a06b)
10-14 01:24:07.556 3919 3919 F DEBUG : #12 pc 000000000004b91c /apex/com.android.vndk.v30/lib64/libhidlbase.so (android::hardware::details::registerPassthroughServiceImplementation(std::__1::basic_string, std::__1::allocator > const&, std::__1::basic_string, std::__1::allocator > const&, std::__1::function const&, std::__1::basic_string, std::__1::allocator > const&)>, std::__1::basic_string, std::__1::allocator > const&)+80) (BuildId: fc3e2389a057aeefafa6557f6d78a06b)
10-14 01:24:07.556 3919 3919 F DEBUG : #13 pc 000000000004bc9c /apex/com.android.vndk.v30/lib64/libhidlbase.so (android::hardware::registerPassthroughServiceImplementation(std::__1::basic_string, std::__1::allocator > const&, std::__1::basic_string, std::__1::allocator > const&, std::__1::basic_string, std::__1::allocator > const&)+56) (BuildId: fc3e2389a057aeefafa6557f6d78a06b)
10-14 01:24:07.556 3919 3919 F DEBUG : #14 pc 0000000000001130 /vendor/bin/hw/android.hardware.camera.provider@2.4-service_64 (main.cfi+196) (BuildId: a1ba6e409ca848af1f0b7c62860af7da)
10-14 01:24:07.556 3919 3919 F DEBUG : #15 pc 000000000004a084 /apex/com.android.runtime/lib64/bionic/libc.so (__libc_init+100) (BuildId: 369edc656806aeaf384cbeb8f7a347af)
10-14 01:24:07.578 1132 1889 W NativeCrashListener: Couldn't find ProcessRecord for pid 3915
01-01 08:01:17.840 0 0 I init : Service 'vendor.camera-provider-2-4' (pid 3915) received signal 6
01-01 08:01:17.840 0 0 I init : Sending signal 9 to service 'vendor.camera-provider-2-4' (pid 3915) process group...
10-14 01:24:07.587 1132 1658 I BootReceiver: Copying /data/tombstones/tombstone_22 to DropBox (SYSTEM_TOMBSTONE)
10-14 01:24:07.587 1132 1658 I DropBoxManagerService: add tag=SYSTEM_TOMBSTONE isTagEnabled=true flags=0x6
10-14 01:24:07.600 1132 1658 E NativeTombstoneManager: Tombstone's UID (1047) not an app, ignoring
10-14 01:24:07.600 1132 1658 I DropBoxManagerService: add tag=SYSTEM_TOMBSTONE_PROTO isTagEnabled=true flags=0x4
01-01 08:01:17.887 0 0 I libprocessgroup: Successfully killed process cgroup uid 1047 pid 3915 in 47ms
01-01 08:01:17.894 0 0 I init : Untracked pid 3919 exited with status 0
01-01 08:01:17.894 0 0 I init : Untracked pid 3921 received signal 9
01-01 08:01:18.410 0 0 D : mv2112_read_status
01-01 08:01:18.410 0 0 D mv2112_update_link: 3.0x901(1G): 0x4
01-01 08:01:18.410 0 0 D mv2112_update_link: 3.0x8109(100M): 0x8
01-01 08:01:18.410 0 0 D mv2112_update_link: link 0x4
01-01 08:01:18.410 0 0 D mv2112_read_status: autoneg is disabled
10-14 01:24:08.165 1132 1132 W NotificationHistory: Attempted to add notif for locked/gone/disabled user 0
10-14 01:24:08.226 1132 1132 E NotificationService: Muting recently noisy 0|com.android.systemui|2048|null|10087
10-14 01:24:08.289 1132 1132 E NotificationService: Muting recently noisy 0|com.android.systemui|2048|null|10087
10-14 01:24:08.683 1132 3291 I ActivityManager: Process com.qti.ltebc (pid 3898) has died: fg RCVR
10-14 01:24:08.755 1132 2007 D CompatibilityChangeReporter: Compat change id reported: 135634846; UID 10083; state: DISABLED
10-14 01:24:08.755 1132 2007 D CompatibilityChangeReporter: Compat change id reported: 177438394; UID 10083; state: DISABLED
10-14 01:24:08.755 1132 2007 D CompatibilityChangeReporter: Compat change id reported: 135772972; UID 10083; state: DISABLED
10-14 01:24:08.756 1132 2007 D CompatibilityChangeReporter: Compat change id reported: 135754954; UID 10083; state: ENABLED
10-14 01:24:08.757 1132 1272 D CompatibilityChangeReporter: Compat change id reported: 143937733; UID 10083; state: ENABLED
10-14 01:24:08.808 1132 1272 W ActivityManager: Slow operation: 54ms so far, now at startProcess: returned from zygote!
10-14 01:24:08.809 1132 1272 W ActivityManager: Slow operation: 55ms so far, now at startProcess: done updating battery stats
10-14 01:24:08.809 1132 1272 W ActivityManager: Slow operation: 55ms so far, now at startProcess: building log message
10-14 01:24:08.809 1132 1272 I ActivityManager: Start proc 3941:com.qti.ltebc/u0a83 for broadcast {com.qti.ltebc/com.qualcomm.ltebc.LTEBroadcastReceiver}
10-14 01:24:08.809 1132 1272 W ActivityManager: Slow operation: 55ms so far, now at startProcess: starting to update pids map
10-14 01:24:08.809 1132 1272 W ActivityManager: Slow operation: 55ms so far, now at startProcess: done updating pids map
01-01 08:01:19.105 0 0 I binder : 3941:3941 ioctl 40046210 7fdf07ae54 returned -22
01-01 08:01:19.391 0 0 I btfm_slim_hw_init: PGD Enum Addr: 00:01:20:02:17: 02
01-01 08:01:19.391 0 0 I btfm_slim_hw_init: IFD Enum Addr: 00:00:20:02:17: 02
01-01 08:01:19.391 0 0 I btfm_slim_hw_init: chipset soc version:400a0200
01-01 08:01:19.391 0 0 I btfm_slim_hw_init: chipset is hastings 2.0, overwriting EA
01-01 08:01:19.391 0 0 I btfm_slim_hw_init: PGD Enum Addr: 00:01:20:02:17: 02
01-01 08:01:19.391 0 0 I btfm_slim_hw_init: IFD Enum Addr: 00:00:20:02:17: 02
01-01 08:01:19.391 0 0 I btfm_slim_alloc_port: chipset soc version:400a0200
01-01 08:01:19.404 0 0 I btfm_slim_enable_ch: chipset soc version:400a0200
01-01 08:01:19.404 0 0 I btfm_slim_enable_ch: channel define - prot:2, dataf:0, auxf:0
01-01 08:01:19.404 0 0 I btfm_slim_enable_ch: channel define - rates:44100, baser:2, ratem:4
01-01 08:01:19.405 0 0 I btfm_slim_enable_ch: slim_connect_sink(port: 16, ch: 157)
01-01 08:01:19.407 0 0 I btfm_slim_enable_ch: port: 16, ch: 157, grp: 0, ch->grph: 0x0, ch_hdl: 0x1d
01-01 08:01:19.408 0 0 I __afe_port_start: port id: 0x400e
01-01 08:01:19.408 0 0 I afe_find_cal_topo_id_by_port: port id: 0x400e, dev_acdb_id: 20
01-01 08:01:19.408 0 0 I afe_find_cal_topo_id_by_port: top_id:112fc acdb_id:20 afe_port_id:0x400e
01-01 08:01:19.409 0 0 I afe_get_cal_topology_id: port_id = 0x400e acdb_id = 20 topology_id = 0x112fc cal_type_index=8 ret=0
01-01 08:01:19.409 0 0 I afe_send_port_topology_id: AFE set topology id 0x112fc enable for port 0x400e ret 0
01-01 08:01:19.409 0 0 I send_afe_cal_type: cal_index is 0
01-01 08:01:19.409 0 0 I send_afe_cal_type: dev_acdb_id[119] is 20
01-01 08:01:19.409 0 0 I afe_find_cal: cal_index 0 port_id 0x400e port_index 119
01-01 08:01:19.409 0 0 I afe_find_cal: acdb_id 20 dev_acdb_id 20 sample_rate 48000 afe_sample_rates 44100
01-01 08:01:19.409 0 0 I afe_find_cal: no matching cal_block found
01-01 08:01:19.409 0 0 E : send_afe_cal_type cal_block not found!!
01-01 08:01:19.415 0 0 I afe_send_hw_delay: port_id 0x400e rate 44100 delay_usec 0 status 0
01-01 08:01:19.434 0 0 D : mv2112_read_status
01-01 08:01:19.434 0 0 D mv2112_update_link: 3.0x901(1G): 0x4
01-01 08:01:19.435 0 0 D mv2112_update_link: 3.0x8109(100M): 0x8
01-01 08:01:19.435 0 0 D mv2112_update_link: link 0x4
01-01 08:01:19.435 0 0 D mv2112_read_status: autoneg is disabled
10-14 01:24:09.201 1132 1215 I DropBoxManagerService: add tag=system_app_strictmode isTagEnabled=true flags=0x2
10-14 01:24:09.576 1132 1132 W NotificationHistory: Attempted to add notif for locked/gone/disabled user 0
10-14 01:24:09.630 1132 1132 E NotificationService: Muting recently noisy 0|com.android.systemui|2048|null|10087
10-14 01:24:09.675 1132 1132 E NotificationService: Muting recently noisy 0|com.android.systemui|2048|null|10087
10-14 01:24:09.715 1132 1132 E NotificationService: Muting recently noisy 0|com.android.systemui|2048|null|10087
10-14 01:24:09.732 1132 1271 I ActivityManager: Waited long enough for: ServiceRecord{d860310 u0 com.qti.diagservices/.QTIDiagServices}
10-14 01:24:09.748 1132 1132 E NotificationService: Muting recently noisy 0|com.android.systemui|2048|null|10087
10-14 01:24:09.795 1132 1132 E NotificationService: Muting recently noisy 0|com.android.systemui|2048|null|10087
10-14 01:24:09.817 1132 1132 E NotificationService: Muting recently noisy 0|com.android.systemui|2048|null|10087
10-14 01:24:09.852 1132 1132 E NotificationService: Muting recently noisy 0|com.android.systemui|2048|null|10087
10-14 01:24:09.897 1132 1132 E NotificationService: Muting recently noisy 0|com.android.systemui|2048|null|10087
01-01 08:01:20.447 0 0 W logd : Skipping entries from slow reader, pid 1239, fd 14, from LogBuffer::Prune()
01-01 08:01:20.458 0 0 D : mv2112_read_status
01-01 08:01:20.458 0 0 D mv2112_update_link: 3.0x901(1G): 0x4
01-01 08:01:20.458 0 0 D mv2112_update_link: 3.0x8109(100M): 0x8
01-01 08:01:20.458 0 0 D mv2112_update_link: link 0x4
01-01 08:01:20.458 0 0 D mv2112_read_status: autoneg is disabled
10-14 01:24:11.175 1132 1215 I DropBoxManagerService: add tag=system_app_strictmode isTagEnabled=true flags=0x2
01-01 08:01:21.482 0 0 D : mv2112_read_status
01-01 08:01:21.482 0 0 D mv2112_update_link: 3.0x901(1G): 0x4
01-01 08:01:21.483 0 0 D mv2112_update_link: 3.0x8109(100M): 0x8
01-01 08:01:21.483 0 0 D mv2112_update_link: link 0x4
01-01 08:01:21.483 0 0 D mv2112_read_status: autoneg is disabled
10-14 01:24:11.820 1132 1215 I DropBoxManagerService: add tag=system_app_strictmode isTagEnabled=true flags=0x2
01-01 08:01:22.310 0 0 I init : starting service 'vendor.camera-provider-2-4'...
01-01 08:01:22.354 0 0 I init : starting service 'vendor.light-hal-2-0'...
01-01 08:01:22.424 0 0 I init : Service 'vendor.light-hal-2-0' (pid 3973) exited with status 0
01-01 08:01:22.424 0 0 I init : Sending signal 9 to service 'vendor.light-hal-2-0' (pid 3973) process group...
01-01 08:01:22.425 0 0 I libprocessgroup: Successfully killed process cgroup uid 1000 pid 3973 in 0ms
10-14 01:24:12.218 3972 3972 F libc : Fatal signal 6 (SIGABRT), code -6 (SI_TKILL) in tid 3972 (android.hardwar), pid 3972 (android.hardwar)
01-01 08:01:22.506 0 0 D : mv2112_read_status
01-01 08:01:22.506 0 0 D mv2112_update_link: 3.0x901(1G): 0x4
01-01 08:01:22.507 0 0 D mv2112_update_link: 3.0x8109(100M): 0x8
01-01 08:01:22.507 0 0 D mv2112_update_link: link 0x4
01-01 08:01:22.507 0 0 D mv2112_read_status: autoneg is disabled
10-14 01:24:12.424 1132 1215 I DropBoxManagerService: add tag=system_app_strictmode isTagEnabled=true flags=0x2
01-01 08:01:22.675 0 0 W logd : Skipping entries from slow reader, pid 1239, fd 14, from LogBuffer::Prune()
01-01 08:01:22.730 0 0 I logd : logdr: UID=1047 GID=1005 PID=3976 n tail=0 logMask=8 pid=3972 start=0ns deadline=0ns
01-01 08:01:22.737 0 0 I logd : logdr: UID=1047 GID=1005 PID=3976 n tail=0 logMask=1 pid=3972 start=0ns deadline=0ns
10-14 01:24:12.528 3976 3976 F DEBUG : *** *** *** *** *** *** *** *** *** *** *** *** *** *** *** ***
10-14 01:24:12.528 3976 3976 F DEBUG : Build fingerprint: 'TC/figure_CN/figure:12/SKQ1.220201.001/1107:userdebug/test-keys'
10-14 01:24:12.528 3976 3976 F DEBUG : Revision: '0'
10-14 01:24:12.528 3976 3976 F DEBUG : ABI: 'arm64'
10-14 01:24:12.528 3976 3976 F DEBUG : Timestamp: 2022-10-14 01:24:12.356115351+0800
10-14 01:24:12.528 3976 3976 F DEBUG : Process uptime: 0s
10-14 01:24:12.529 3976 3976 F DEBUG : Cmdline: /vendor/bin/hw/android.hardware.camera.provider@2.4-service_64
10-14 01:24:12.529 3976 3976 F DEBUG : pid: 3972, tid: 3972, name: android.hardwar >>> /vendor/bin/hw/android.hardware.camera.provider@2.4-service_64 <<<
10-14 01:24:12.529 3976 3976 F DEBUG : uid: 1047
10-14 01:24:12.529 3976 3976 F DEBUG : signal 6 (SIGABRT), code -6 (SI_TKILL), fault addr --------
10-14 01:24:12.529 3976 3976 F DEBUG : x0 0000000000000000 x1 0000000000000f84 x2 0000000000000006 x3 0000000000000000
10-14 01:24:12.529 3976 3976 F DEBUG : x4 00000000000cd288 x5 00000000000cd288 x6 00000000000cd288 x7 7f7f7f7f7f7f7f7f
10-14 01:24:12.529 3976 3976 F DEBUG : x8 0000000000000083 x9 464ee9c6fa5ee4fa x10 0000007ffb3dcc28 x11 fffffffffffffffd
10-14 01:24:12.529 3976 3976 F DEBUG : x12 0000007946b9c000 x13 0000000000000000 x14 0000007ffb3dd3b0 x15 0000000034155555
10-14 01:24:12.529 3976 3976 F DEBUG : x16 0000007c5f9ba5a0 x17 0000007c5f9967c0 x18 0000007c6332e000 x19 000000794526f565
10-14 01:24:12.529 3976 3976 F DEBUG : x20 b40000796f272360 x21 0000007c624c1000 x22 0000007ffb3dd88c x23 00000079459e6aa0
10-14 01:24:12.529 3976 3976 F DEBUG : x24 0000007945986fc0 x25 0000007945930db0 x26 0000000000000060 x27 0000000000000000
10-14 01:24:12.529 3976 3976 F DEBUG : x28 b40000799f26b628 x29 0000007ffb409cd0
10-14 01:24:12.529 3976 3976 F DEBUG : lr 00000079458687dc sp 0000007ffb3dd820 pc 0000007c5f9967cc pst 0000000000001000
10-14 01:24:12.529 3976 3976 F DEBUG : backtrace:
10-14 01:24:12.529 3976 3976 F DEBUG : #00 pc 00000000000a17cc /apex/com.android.runtime/lib64/bionic/libc.so (tgkill+12) (BuildId: 369edc656806aeaf384cbeb8f7a347af)
10-14 01:24:12.529 3976 3976 F DEBUG : #01 pc 00000000006457d8 /vendor/lib64/hw/camera.qcom.so (CamX::HwEnvironment::GetInstance() (.cfi)+6368) (BuildId: 577757f361f69c46328d4dcf9bd6aaaf)
10-14 01:24:12.529 3976 3976 F DEBUG : #02 pc 0000000000266a50 /vendor/lib64/hw/camera.qcom.so (CamX::HAL3Module::GetInstance()+664) (BuildId: 577757f361f69c46328d4dcf9bd6aaaf)
10-14 01:24:12.529 3976 3976 F DEBUG : #03 pc 000000000025a294 /vendor/lib64/hw/camera.qcom.so (CamX::get_number_of_cameras() (.cfi)+84) (BuildId: 577757f361f69c46328d4dcf9bd6aaaf)
10-14 01:24:12.529 3976 3976 F DEBUG : #04 pc 0000000000034908 /vendor/lib64/android.hardware.camera.provider@2.4-legacy.so (android::hardware::camera::common::V1_0::helper::CameraModule::init()+200) (BuildId: c456d5ffa961e6c6954debfeaac86fd5)
10-14 01:24:12.529 3976 3976 F DEBUG : #05 pc 0000000000026e48 /vendor/lib64/android.hardware.camera.provider@2.4-legacy.so (android::hardware::camera::provider::V2_4::implementation::LegacyCameraProviderImpl_2_4::initialize()+140) (BuildId: c456d5ffa961e6c6954debfeaac86fd5)
10-14 01:24:12.529 3976 3976 F DEBUG : #06 pc 0000000000026638 /vendor/lib64/android.hardware.camera.provider@2.4-legacy.so (android::hardware::camera::provider::V2_4::implementation::LegacyCameraProviderImpl_2_4::LegacyCameraProviderImpl_2_4()+160) (BuildId: c456d5ffa961e6c6954debfeaac86fd5)
10-14 01:24:12.529 3976 3976 F DEBUG : #07 pc 000000000000415c /vendor/lib64/hw/android.hardware.camera.provider@2.4-impl.so (android::hardware::camera::provider::V2_4::implementation::CameraProvider* android::hardware::camera::provider::V2_4::implementation::getProviderImpl() (.cfi)+64) (BuildId: 5e2f33df9f94aadf6b2d7d01985be38c)
10-14 01:24:12.529 3976 3976 F DEBUG : #08 pc 0000000000051d94 /apex/com.android.vndk.v30/lib64/libhidlbase.so (android::hardware::PassthroughServiceManager::get(android::hardware::hidl_string const&, android::hardware::hidl_string const&)::'lambda'(void*, std::__1::basic_string, std::__1::allocator > const&, std::__1::basic_string, std::__1::allocator > const&)::operator()(void*, std::__1::basic_string, std::__1::allocator > const&, std::__1::basic_string, std::__1::allocator > const&) const+96) (BuildId: fc3e2389a057aeefafa6557f6d78a06b)
10-14 01:24:12.529 3976 3976 F DEBUG : #09 pc 000000000004cdf0 /apex/com.android.vndk.v30/lib64/libhidlbase.so (android::hardware::PassthroughServiceManager::openLibs(std::__1::basic_string, std::__1::allocator > const&, std::__1::function, std::__1::allocator > const&, std::__1::basic_string, std::__1::allocator > const&)> const&)+944) (BuildId: fc3e2389a057aeefafa6557f6d78a06b)
10-14 01:24:12.529 3976 3976 F DEBUG : #10 pc 00000000000502a0 /apex/com.android.vndk.v30/lib64/libhidlbase.so (android::hardware::PassthroughServiceManager::get(android::hardware::hidl_string const&, android::hardware::hidl_string const&)+92) (BuildId: fc3e2389a057aeefafa6557f6d78a06b)
