01-01 08:00:57.050 0 0 I : process_one_work+0x38c/0x660
01-01 08:00:57.050 0 0 I : worker_thread+0x268/0x4b8
01-01 08:00:57.050 0 0 I : kthread+0x140/0x150
01-01 08:00:57.050 0 0 I : ret_from_fork+0x10/0x1c
01-01 08:00:57.070 0 0 I [kworke][0x3fb5f4f9][01:23:46.817118] wlan: [345:I:DP] Peer pool init
01-01 08:00:57.070 0 0 W [kworke][0x3fb60820][01:23:46.817373] wlan: [345:W:DP] dp_rx_pdev_mon_attach: pdev attach id=0
01-01 08:00:57.089 0 0 E : INFO: trying to register non-static key.
01-01 08:00:57.094 0 0 E : the code is fine but needs lockdep annotation.
01-01 08:00:57.099 0 0 D cnss : Assign MSI to user: DP, num_vectors: 18, user_base_data: 814, base_vector: 14
01-01 08:00:57.100 0 0 I : CPU: 2 PID: 291 Comm: kworker/u16:8 Tainted: G S W O 4.19.157+ #1
01-01 08:00:57.100 0 0 D cnss : Get IRQ number 365 for vector index 14
01-01 08:00:57.100 0 0 I Hardware name: Qualcomm Technologies, Inc. kona MTP-RmPM8150b. VX1(MCE) EVT2 (DT)
01-01 08:00:57.100 0 0 I Workqueue: events_unbound ion_system_secure_heap_prefetch_work
01-01 08:00:57.100 0 0 I Call trace:
01-01 08:00:57.100 0 0 I : dump_backtrace+0x0/0x258
01-01 08:00:57.100 0 0 I : show_stack+0x20/0x30
01-01 08:00:57.100 0 0 I : dump_stack+0xd8/0x12c
01-01 08:00:57.100 0 0 I : register_lock_class+0x4d0/0x5c8
01-01 08:00:57.100 0 0 I : __lock_acquire+0xbc/0x1e58
01-01 08:00:57.100 0 0 I : lock_acquire+0x1cc/0x218
01-01 08:00:57.100 0 0 I : _raw_spin_lock_irqsave+0x54/0x98
01-01 08:00:57.100 0 0 D cnss : Assign MSI to user: DP, num_vectors: 18, user_base_data: 814, base_vector: 14
01-01 08:00:57.100 0 0 I : ion_system_secure_heap_prefetch_work+0x94/0x2c0
01-01 08:00:57.100 0 0 I : process_one_work+0x38c/0x660
01-01 08:00:57.100 0 0 D cnss : Get IRQ number 366 for vector index 15
01-01 08:00:57.100 0 0 I : worker_thread+0x268/0x4b8
01-01 08:00:57.100 0 0 D cnss : Assign MSI to user: DP, num_vectors: 18, user_base_data: 814, base_vector: 14
01-01 08:00:57.100 0 0 I : kthread+0x140/0x150
01-01 08:00:57.100 0 0 I : ret_from_fork+0x10/0x1c
01-01 08:00:57.100 0 0 D cnss : Get IRQ number 367 for vector index 16
01-01 08:00:57.100 0 0 D cnss : Assign MSI to user: DP, num_vectors: 18, user_base_data: 814, base_vector: 14
01-01 08:00:57.100 0 0 D cnss : Get IRQ number 368 for vector index 17
01-01 08:00:57.100 0 0 D cnss : Assign MSI to user: DP, num_vectors: 18, user_base_data: 814, base_vector: 14
01-01 08:00:57.100 0 0 D cnss : Assign MSI to user: DP, num_vectors: 18, user_base_data: 814, base_vector: 14
01-01 08:00:57.100 0 0 D cnss : Get IRQ number 370 for vector index 19
01-01 08:00:57.100 0 0 D cnss : Assign MSI to user: DP, num_vectors: 18, user_base_data: 814, base_vector: 14
01-01 08:00:57.100 0 0 D cnss : Get IRQ number 371 for vector index 20
01-01 08:00:57.109 0 0 E [kworke][0x3fc17e80][01:23:46.856498] wlan: [345:E:HIF] hif_pci_ce_irq_set_affinity_hint: 3708: Unable to set cpu mask for offline CPU 0
01-01 08:00:57.130 0 0 I [kworke][0x3fc7b2aa][01:23:46.877674] wlan: [2155:I:WMA] wma_rx_service_ready_event: Firmware build version : 101a0521
01-01 08:00:57.130 0 0 I [kworke][0x3fc7b45a][01:23:46.877696] wlan: [2155:I:WMA] wma_rx_service_ready_event: Board id: 0, Board version: 8 0 0 0 6
01-01 08:00:57.132 0 0 I [kworke][0x3fc82f0e][01:23:46.879332] wlan: [2155:I:WMA] wma_is_dbs_mandatory: 5417: MAC0 does not support both bands 2 DBS is mandatory
01-01 08:00:57.132 0 0 E [kworke][0x3fc834b6][01:23:46.879408] wlan: [2155:E:QDF] copy_fw_abi_version_tlv: 6979: copy_fw_abi_version_tlv: INIT_CMD version: 1, 0, 0x5f414351, 0x4c4d, 0x0, 0x0
01-01 08:00:57.155 0 0 E : INFO: trying to register non-static key.
01-01 08:00:57.161 0 0 E : the code is fine but needs lockdep annotation.
01-01 08:00:57.166 0 0 I : CPU: 4 PID: 291 Comm: kworker/u16:8 Tainted: G S W O 4.19.157+ #1
01-01 08:00:57.166 0 0 I Hardware name: Qualcomm Technologies, Inc. kona MTP-RmPM8150b. VX1(MCE) EVT2 (DT)
01-01 08:00:57.166 0 0 I Workqueue: events_unbound ion_system_secure_heap_prefetch_work
01-01 08:00:57.166 0 0 I Call trace:
01-01 08:00:57.166 0 0 I : dump_backtrace+0x0/0x258
01-01 08:00:57.166 0 0 I : show_stack+0x20/0x30
01-01 08:00:57.166 0 0 I : dump_stack+0xd8/0x12c
01-01 08:00:57.166 0 0 I : register_lock_class+0x4d0/0x5c8
01-01 08:00:57.166 0 0 I : __lock_acquire+0xbc/0x1e58
01-01 08:00:57.166 0 0 I : lock_acquire+0x1cc/0x218
01-01 08:00:57.166 0 0 I : _raw_spin_lock_irqsave+0x54/0x98
01-01 08:00:57.166 0 0 I : ion_system_secure_heap_prefetch_work+0x94/0x2c0
01-01 08:00:57.166 0 0 I : process_one_work+0x38c/0x660
01-01 08:00:57.166 0 0 I : worker_thread+0x268/0x4b8
01-01 08:00:57.166 0 0 I : kthread+0x140/0x150
01-01 08:00:57.166 0 0 I : ret_from_fork+0x10/0x1c
01-01 08:00:57.196 0 0 E : INFO: trying to register non-static key.
01-01 08:00:57.201 0 0 E : the code is fine but needs lockdep annotation.
01-01 08:00:57.207 0 0 I : CPU: 1 PID: 291 Comm: kworker/u16:8 Tainted: G S W O 4.19.157+ #1
01-01 08:00:57.207 0 0 I Hardware name: Qualcomm Technologies, Inc. kona MTP-RmPM8150b. VX1(MCE) EVT2 (DT)
01-01 08:00:57.207 0 0 I Workqueue: events_unbound ion_system_secure_heap_prefetch_work
01-01 08:00:57.207 0 0 I Call trace:
01-01 08:00:57.207 0 0 I : dump_backtrace+0x0/0x258
01-01 08:00:57.207 0 0 I : show_stack+0x20/0x30
01-01 08:00:57.207 0 0 I : dump_stack+0xd8/0x12c
01-01 08:00:57.207 0 0 I : register_lock_class+0x4d0/0x5c8
01-01 08:00:57.207 0 0 I : __lock_acquire+0xbc/0x1e58
01-01 08:00:57.207 0 0 I : lock_acquire+0x1cc/0x218
01-01 08:00:57.207 0 0 I : _raw_spin_lock_irqsave+0x54/0x98
01-01 08:00:57.207 0 0 I : ion_system_secure_heap_prefetch_work+0x94/0x2c0
01-01 08:00:57.207 0 0 I : process_one_work+0x38c/0x660
01-01 08:00:57.207 0 0 I : worker_thread+0x268/0x4b8
01-01 08:00:57.207 0 0 I : kthread+0x140/0x150
01-01 08:00:57.207 0 0 I : ret_from_fork+0x10/0x1c
01-01 08:00:57.218 0 0 W QSEECOM : __qseecom_unload_app: App (7) is unloaded
01-01 08:00:57.219 0 0 D qbt : qbt_release: entry minor_no=0 fd_available=0
01-01 08:00:57.219 0 0 D qbt : qbt_release: Releasing wakelock
01-01 08:00:57.219 0 0 D qbt : qbt_release: exit : fd_available=1
01-01 08:00:57.219 0 0 D qbt : qbt_release: entry minor_no=1 fd_available=1
01-01 08:00:57.219 0 0 D qbt : qbt_release: exit : fd_available=1
10-14 01:23:46.967 1132 1132 W Looper : Slow dispatch took 496ms main h=android.os.Handler c=com.android.server.biometrics.sensors.fingerprint.hidl.Fingerprint21$$ExternalSyntheticLambda2@df16733 m=0
10-14 01:23:46.967 1132 1132 D BiometricScheduler/Fingerprint21: [Added] {[1] FingerprintUpdateActiveUserClient, proto=1, owner=android, cookie=0, requestId=-1, userId=0}, new queue size: 1
10-14 01:23:46.968 1132 1132 V BiometricScheduler/Fingerprint21: Not idle, current operation: {[0] FingerprintUpdateActiveUserClient, proto=1, owner=android, cookie=0, requestId=-1, userId=0}, State: 2
10-14 01:23:46.968 1132 1132 D BiometricScheduler/Fingerprint21: [Added] {[2] FingerprintInternalCleanupClient, proto=7, owner=android, cookie=0, requestId=-1, userId=0}, new queue size: 2
10-14 01:23:46.968 1132 1132 V BiometricScheduler/Fingerprint21: Not idle, current operation: {[0] FingerprintUpdateActiveUserClient, proto=1, owner=android, cookie=0, requestId=-1, userId=0}, State: 2
10-14 01:23:46.968 1132 1132 W Looper : Slow delivery took 496ms main h=android.os.Handler c=com.android.server.biometrics.sensors.fingerprint.hidl.Fingerprint21$$ExternalSyntheticLambda12@83a1869 m=0
10-14 01:23:46.968 1132 1132 D CompanionDeviceManagerService: Received BT state transition broadcast: BLE_TURNING_ON -> BLE_ON
10-14 01:23:46.970 1132 1132 I CompanionDeviceManagerService: startBleScan()
10-14 01:23:46.970 1132 1132 I CompanionDeviceManagerService: Read associations from disk: {0=[]}
10-14 01:23:46.970 1132 1132 D BluetoothManagerService: BluetoothServiceConnection: com.android.bluetooth.gatt.GattService
10-14 01:23:46.971 1132 1215 D BluetoothManagerService: MESSAGE_BLUETOOTH_SERVICE_CONNECTED: 2
10-14 01:23:46.971 1132 1132 D BiometricScheduler/Fingerprint21: [Finishing] {[0] FingerprintUpdateActiveUserClient, proto=1, owner=android, cookie=0, requestId=-1, userId=0}, success: true
10-14 01:23:46.971 1132 1132 D BiometricScheduler/Fingerprint21: [Polled] {[1] FingerprintUpdateActiveUserClient, proto=1, owner=android, cookie=0, requestId=-1, userId=0}, State: 0
10-14 01:23:46.971 1132 1215 D BluetoothManagerService: continueFromBleOnState()
10-14 01:23:46.971 1132 1132 D BiometricScheduler/Fingerprint21: [Starting] {[1] FingerprintUpdateActiveUserClient, proto=1, owner=android, cookie=0, requestId=-1, userId=0}, State: 0
10-14 01:23:46.971 1132 1132 D BiometricScheduler/Fingerprint21: [Started] {[1] FingerprintUpdateActiveUserClient, proto=1, owner=android, cookie=0, requestId=-1, userId=0}
01-01 08:00:57.225 0 0 D qbt : qbt_open: entry minor_no=0 fd_available=1
01-01 08:00:57.225 0 0 D qbt : qbt_open: exit : 0 fd_available=0
01-01 08:00:57.225 0 0 D qbt : qbt_open: entry minor_no=1 fd_available=0
01-01 08:00:57.225 0 0 D qbt : qbt_open: exit : 0 fd_available=0
01-01 08:00:57.225 0 0 D qbt : qbt_ioctl: cmd received 107
01-01 08:00:57.225 0 0 D qbt : qbt_ioctl: Acquiring wakelock
01-01 08:00:57.228 0 0 E : INFO: trying to register non-static key.
10-14 01:23:46.974 1132 1215 D BluetoothManagerService: Persisting Bluetooth Setting: 1
10-14 01:23:46.976 1132 1215 D BluetoothManagerService: MESSAGE_BLUETOOTH_STATE_CHANGE: BLE_ON > TURNING_ON
10-14 01:23:46.976 1132 1215 D BluetoothManagerService: Sending BLE State Change: BLE_ON > TURNING_ON
10-14 01:23:46.978 1132 1215 D BluetoothManagerService: Sending State Change: OFF > TURNING_ON
01-01 08:00:57.233 0 0 E : the code is fine but needs lockdep annotation.
01-01 08:00:57.239 0 0 I : CPU: 5 PID: 291 Comm: kworker/u16:8 Tainted: G S W O 4.19.157+ #1
01-01 08:00:57.239 0 0 I Hardware name: Qualcomm Technologies, Inc. kona MTP-RmPM8150b. VX1(MCE) EVT2 (DT)
01-01 08:00:57.239 0 0 I Workqueue: events_unbound ion_system_secure_heap_prefetch_work
01-01 08:00:57.239 0 0 I Call trace:
01-01 08:00:57.239 0 0 I : dump_backtrace+0x0/0x258
01-01 08:00:57.239 0 0 I : show_stack+0x20/0x30
01-01 08:00:57.239 0 0 I : dump_stack+0xd8/0x12c
01-01 08:00:57.239 0 0 I : register_lock_class+0x4d0/0x5c8
01-01 08:00:57.239 0 0 I : __lock_acquire+0xbc/0x1e58
01-01 08:00:57.239 0 0 I : lock_acquire+0x1cc/0x218
01-01 08:00:57.239 0 0 I : _raw_spin_lock_irqsave+0x54/0x98
01-01 08:00:57.239 0 0 I : ion_system_secure_heap_prefetch_work+0x94/0x2c0
01-01 08:00:57.239 0 0 I : process_one_work+0x38c/0x660
01-01 08:00:57.239 0 0 I : worker_thread+0x268/0x4b8
01-01 08:00:57.239 0 0 I : kthread+0x140/0x150
01-01 08:00:57.239 0 0 I : ret_from_fork+0x10/0x1c
01-01 08:00:57.252 0 0 E : INFO: trying to register non-static key.
01-01 08:00:57.257 0 0 E : the code is fine but needs lockdep annotation.
01-01 08:00:57.263 0 0 I : CPU: 5 PID: 291 Comm: kworker/u16:8 Tainted: G S W O 4.19.157+ #1
01-01 08:00:57.263 0 0 I Hardware name: Qualcomm Technologies, Inc. kona MTP-RmPM8150b. VX1(MCE) EVT2 (DT)
01-01 08:00:57.263 0 0 I Workqueue: events_unbound ion_system_secure_heap_prefetch_work
01-01 08:00:57.263 0 0 I Call trace:
01-01 08:00:57.263 0 0 I : dump_backtrace+0x0/0x258
01-01 08:00:57.263 0 0 I : show_stack+0x20/0x30
01-01 08:00:57.263 0 0 I : dump_stack+0xd8/0x12c
01-01 08:00:57.263 0 0 I : register_lock_class+0x4d0/0x5c8
01-01 08:00:57.263 0 0 I : __lock_acquire+0xbc/0x1e58
01-01 08:00:57.263 0 0 I : lock_acquire+0x1cc/0x218
01-01 08:00:57.263 0 0 I : _raw_spin_lock_irqsave+0x54/0x98
01-01 08:00:57.263 0 0 I : ion_system_secure_heap_prefetch_work+0x94/0x2c0
01-01 08:00:57.263 0 0 I : process_one_work+0x38c/0x660
01-01 08:00:57.263 0 0 I : worker_thread+0x268/0x4b8
01-01 08:00:57.263 0 0 I : kthread+0x140/0x150
01-01 08:00:57.263 0 0 I : ret_from_fork+0x10/0x1c
01-01 08:00:57.266 0 0 W QSEECOM : qseecom_load_app: App (fingerpr) does'nt exist, loading apps for first time
01-01 08:00:57.335 0 0 E [kworke][0x4003c96b][01:23:47.082780] wlan: [336:E:QDF] ready_extract_init_status_tlv: 8884: ready_extract_init_status_tlv:0
01-01 08:00:57.349 0 0 E [kworke][0x4007c74b][01:23:47.096404] wlan: [336:E:QDF] cds_get_context: 1486: Module ID 65 context is Null
01-01 08:00:57.354 0 0 W QSEECOM : qseecom_load_app: App with id 8 (fingerpr) now loaded
01-01 08:00:57.359 0 0 E : INFO: trying to register non-static key.
01-01 08:00:57.359 0 0 E : the code is fine but needs lockdep annotation.
01-01 08:00:57.359 0 0 I : CPU: 4 PID: 291 Comm: kworker/u16:8 Tainted: G S W O 4.19.157+ #1
01-01 08:00:57.359 0 0 I Hardware name: Qualcomm Technologies, Inc. kona MTP-RmPM8150b. VX1(MCE) EVT2 (DT)
01-01 08:00:57.359 0 0 I Workqueue: events_unbound ion_system_secure_heap_prefetch_work
01-01 08:00:57.359 0 0 I Call trace:
01-01 08:00:57.359 0 0 I : dump_backtrace+0x0/0x258
01-01 08:00:57.359 0 0 I : show_stack+0x20/0x30
01-01 08:00:57.359 0 0 I : dump_stack+0xd8/0x12c
01-01 08:00:57.359 0 0 I : register_lock_class+0x4d0/0x5c8
01-01 08:00:57.359 0 0 I : __lock_acquire+0xbc/0x1e58
01-01 08:00:57.359 0 0 I : lock_acquire+0x1cc/0x218
01-01 08:00:57.359 0 0 I : _raw_spin_lock_irqsave+0x54/0x98
01-01 08:00:57.359 0 0 I : ion_system_secure_heap_prefetch_work+0x94/0x2c0
01-01 08:00:57.359 0 0 I : process_one_work+0x38c/0x660
01-01 08:00:57.359 0 0 I : worker_thread+0x268/0x4b8
01-01 08:00:57.359 0 0 I : kthread+0x140/0x150
01-01 08:00:57.359 0 0 I : ret_from_fork+0x10/0x1c
01-01 08:00:57.361 0 0 F [kworke][0x400b44c0][01:23:47.108319] wlan: [336:F:DP] cdp_ipa_set_uc_tx_partition_base invalid instance
01-01 08:00:57.378 0 0 E : INFO: trying to register non-static key.
01-01 08:00:57.385 0 0 I [kworke][0x40127870][01:23:47.132898] wlan: [336:I:WMA] wma_he_update_tgt_services: 996: 11ax is enabled
01-01 08:00:57.388 0 0 E : the code is fine but needs lockdep annotation.
01-01 08:00:57.388 0 0 I : CPU: 2 PID: 291 Comm: kworker/u16:8 Tainted: G S W O 4.19.157+ #1
01-01 08:00:57.388 0 0 I Hardware name: Qualcomm Technologies, Inc. kona MTP-RmPM8150b. VX1(MCE) EVT2 (DT)
01-01 08:00:57.388 0 0 I Workqueue: events_unbound ion_system_secure_heap_prefetch_work
01-01 08:00:57.388 0 0 I Call trace:
01-01 08:00:57.388 0 0 I : dump_backtrace+0x0/0x258
01-01 08:00:57.388 0 0 I : show_stack+0x20/0x30
01-01 08:00:57.393 0 0 I : dump_stack+0xd8/0x12c
01-01 08:00:57.393 0 0 I : register_lock_class+0x4d0/0x5c8
01-01 08:00:57.393 0 0 I : __lock_acquire+0xbc/0x1e58
01-01 08:00:57.393 0 0 I : lock_acquire+0x1cc/0x218
01-01 08:00:57.393 0 0 I : _raw_spin_lock_irqsave+0x54/0x98
01-01 08:00:57.393 0 0 I : ion_system_secure_heap_prefetch_work+0x94/0x2c0
01-01 08:00:57.393 0 0 I : process_one_work+0x38c/0x660
01-01 08:00:57.393 0 0 I : worker_thread+0x268/0x4b8
01-01 08:00:57.393 0 0 I : kthread+0x140/0x150
01-01 08:00:57.393 0 0 I : ret_from_fork+0x10/0x1c
01-01 08:00:57.413 0 0 I [kworke][0x401a6f83][01:23:47.160091] wlan: [336:I:HIF] Initializing Runtime PM wakelock &mgmt_txrx_pdev_ctx->wakelock_tx_runtime_cmp
01-01 08:00:57.422 0 0 I [kworke][0x401d29de][01:23:47.169400] wlan: [336:I:dfs] WLAN_DEBUG_DFS_ALWAYS : wlan_dfs_pdev_obj_create_notification: 421: dfs_offload 1
01-01 08:00:57.422 0 0 I [kworke][0x401d4a4b][01:23:47.169833] wlan: [336:I:SPECTRAL] null_get_capability: 1715: SPECTRAL : get_capability not registered
01-01 08:00:57.422 0 0 I [kworke][0x401d4dda][01:23:47.169880] wlan: [336:I:SPECTRAL] target_if_pdev_spectral_init: 2249: HAL_CAP_PHYDIAG : Capable
01-01 08:00:57.422 0 0 I [kworke][0x401d5132][01:23:47.169924] wlan: [336:I:SPECTRAL] null_get_capability: 1715: SPECTRAL : get_capability not registered
01-01 08:00:57.422 0 0 I [kworke][0x401d559e][01:23:47.169984] wlan: [336:I:SPECTRAL] target_if_pdev_spectral_init: 2253: HAL_CAP_RADAR : Capable
01-01 08:00:57.423 0 0 I [kworke][0x401d58e5][01:23:47.170027] wlan: [336:I:SPECTRAL] null_get_capability: 1715: SPECTRAL : get_capability not registered
01-01 08:00:57.423 0 0 I [kworke][0x401d5c6f][01:23:47.170075] wlan: [336:I:SPECTRAL] target_if_pdev_spectral_init: 2258: HAL_CAP_SPECTRAL_SCAN : Capable
01-01 08:00:57.423 0 0 I [kworke][0x401d6178][01:23:47.170140] wlan: [336:I:SPECTRAL] null_get_tsf64: 1703: SPECTRAL : get_tsf64 not registered
01-01 08:00:57.423 0 0 I [kworke][0x401d6e63][01:23:47.170313] wlan: [336:I:GREEN_AP] wlan_green_ap_pdev_obj_create_notification: 106: Green AP creation successful, green ap ctx: ffffffeed2e648e8, pdev: ffffffee43e08ae8
01-01 08:00:57.423 0 0 E : INFO: trying to register non-static key.
01-01 08:00:57.423 0 0 I [kworke][0x401d8651][01:23:47.170632] wlan: [336:I:IPA] wlan_ipa_wdi_init: 540: ipa_over_gsi: 1, is_smmu_enabled: 1
01-01 08:00:57.428 0 0 E : the code is fine but needs lockdep annotation.
01-01 08:00:57.428 0 0 I : CPU: 1 PID: 291 Comm: kworker/u16:8 Tainted: G S W O 4.19.157+ #1
01-01 08:00:57.428 0 0 I Hardware name: Qualcomm Technologies, Inc. kona MTP-RmPM8150b. VX1(MCE) EVT2 (DT)
01-01 08:00:57.428 0 0 I Workqueue: events_unbound ion_system_secure_heap_prefetch_work
01-01 08:00:57.428 0 0 I Call trace:
01-01 08:00:57.428 0 0 I : dump_backtrace+0x0/0x258
01-01 08:00:57.428 0 0 I : show_stack+0x20/0x30
01-01 08:00:57.428 0 0 I : dump_stack+0xd8/0x12c
01-01 08:00:57.428 0 0 I : register_lock_class+0x4d0/0x5c8
01-01 08:00:57.428 0 0 I : __lock_acquire+0xbc/0x1e58
01-01 08:00:57.428 0 0 I : lock_acquire+0x1cc/0x218
01-01 08:00:57.428 0 0 I : _raw_spin_lock_irqsave+0x54/0x98
01-01 08:00:57.428 0 0 I : ion_system_secure_heap_prefetch_work+0x94/0x2c0
01-01 08:00:57.428 0 0 I : process_one_work+0x38c/0x660
01-01 08:00:57.428 0 0 I : worker_thread+0x268/0x4b8
01-01 08:00:57.428 0 0 I : kthread+0x140/0x150
01-01 08:00:57.428 0 0 I : ret_from_fork+0x10/0x1c
01-01 08:00:57.456 0 0 I [kworke][0x40272431][01:23:47.203458] wlan: [336:I:REGULATORY] reg_set_band: 483: set band bitmap: 3
01-01 08:00:57.458 0 0 I [kworke][0x4027c354][01:23:47.205579] wlan: [336:I:HIF] Initializing Runtime PM wakelock &ctx->dfs
01-01 08:00:57.458 0 0 I [kworke][0x4027caee][01:23:47.205681] wlan: [336:I:HIF] Initializing Runtime PM wakelock &ctx->connect
01-01 08:00:57.459 0 0 I [kworke][0x4027d154][01:23:47.205765] wlan: [336:I:HIF] Initializing Runtime PM wakelock &ctx->user
01-01 08:00:57.459 0 0 I [kworke][0x4027f0d0][01:23:47.206185] wlan: [336:I:HIF] Initializing Runtime PM wakelock &scan_priv->runtime_pm_lock
01-01 08:00:57.459 0 0 I [kworke][0x4027fbbd][01:23:47.206332] wlan: [336:I:GREEN_AP] target_if_green_ap_register_egap_event_handler: 131: Set the Enhance Green AP event handler
01-01 08:00:57.459 0 0 E [kworke][0x40280079][01:23:47.206395] wlan: [336:E:QDF] dp_peer_map_attach_wifi3: 10048: dp_peer_map_attach_wifi3 max_peers 55, max_ast_index: 144
10-14 01:23:47.211 1887 2650 W ActivityThread: Failed to find provider info for com.android.contacts (user not unlocked)
01-01 08:00:57.469 0 0 E : INFO: trying to register non-static key.
01-01 08:00:57.476 0 0 I [kworke][0x402cec11][01:23:47.223189] wlan: [336:I:DP]
01-01 08:00:57.476 0 0 I : <=== cfg max peer id 55 ====>
01-01 08:00:57.480 0 0 E : the code is fine but needs lockdep annotation.
01-01 08:00:57.480 0 0 I : CPU: 1 PID: 291 Comm: kworker/u16:8 Tainted: G S W O 4.19.157+ #1
01-01 08:00:57.480 0 0 I Hardware name: Qualcomm Technologies, Inc. kona MTP-RmPM8150b. VX1(MCE) EVT2 (DT)
01-01 08:00:57.480 0 0 I Workqueue: events_unbound ion_system_secure_heap_prefetch_work
01-01 08:00:57.480 0 0 I Call trace:
01-01 08:00:57.480 0 0 I : dump_backtrace+0x0/0x258
01-01 08:00:57.480 0 0 I : show_stack+0x20/0x30
01-01 08:00:57.480 0 0 I : dump_stack+0xd8/0x12c
01-01 08:00:57.480 0 0 I : register_lock_class+0x4d0/0x5c8
01-01 08:00:57.480 0 0 I : __lock_acquire+0xbc/0x1e58
01-01 08:00:57.480 0 0 I : lock_acquire+0x1cc/0x218
01-01 08:00:57.480 0 0 I : _raw_spin_lock_irqsave+0x54/0x98
01-01 08:00:57.480 0 0 I : ion_system_secure_heap_prefetch_work+0x94/0x2c0
01-01 08:00:57.480 0 0 I : process_one_work+0x38c/0x660
01-01 08:00:57.480 0 0 I : worker_thread+0x268/0x4b8
01-01 08:00:57.480 0 0 I : kthread+0x140/0x150
01-01 08:00:57.480 0 0 I : ret_from_fork+0x10/0x1c
01-01 08:00:57.487 0 0 I [kworke][0x40302947][01:23:47.234242] wlan: [336:I:DP]
01-01 08:00:57.487 0 0 I : <=== cfg max ast idx 144 ====>
01-01 08:00:57.487 0 0 I [kworke][0x40302aec][01:23:47.234264] wlan: [336:I:DP] ast hash_elems: 512, max_ast_idx: 144
01-01 08:00:57.490 0 0 I [kworke][0x40310b1f][01:23:47.237253] wlan: [345:I:WMA] wma_wait_for_ready_event: 6926: FW ready event received
10-14 01:23:47.240 1132 1215 D BluetoothManagerService: MESSAGE_BLUETOOTH_STATE_CHANGE: TURNING_ON > ON
10-14 01:23:47.240 1132 1215 D BluetoothManagerService: Broadcasting onBluetoothStateChange(true) to 10 receivers.
10-14 01:23:47.241 1132 1215 D BluetoothManagerService: Creating new ProfileServiceConnections object for profile: 1
10-14 01:23:47.257 1132 1215 W BluetoothManagerService: psc is not null in bindBluetoothProfileService
10-14 01:23:47.259 1132 1215 D BluetoothManagerService: Sending BLE State Change: TURNING_ON > ON
10-14 01:23:47.259 1132 1215 D BluetoothManagerService: Sending State Change: TURNING_ON > ON
01-01 08:00:57.503 0 0 E [kworke][0x4034e79b][01:23:47.250433] wlan: [345:E:WMI] send_action_oui_cmd_tlv: 220: Invalid action id
01-01 08:00:57.514 0 0 E [kworke][0x40381efd][01:23:47.261411] wlan: [345:E:action_oui] ucfg_action_oui_send: 160: Failed to send: 7
01-01 08:00:57.525 0 0 E : INFO: trying to register non-static key.
01-01 08:00:57.526 0 0 E [kworke][0x403b867a][01:23:47.273031] wlan: [345:E:WMI] send_action_oui_cmd_tlv: 220: Invalid action id
01-01 08:00:57.530 0 0 E : the code is fine but needs lockdep annotation.
01-01 08:00:57.530 0 0 I : CPU: 5 PID: 291 Comm: kworker/u16:8 Tainted: G S W O 4.19.157+ #1
01-01 08:00:57.530 0 0 I Hardware name: Qualcomm Technologies, Inc. kona MTP-RmPM8150b. VX1(MCE) EVT2 (DT)
01-01 08:00:57.530 0 0 I Workqueue: events_unbound ion_system_secure_heap_prefetch_work
01-01 08:00:57.530 0 0 I Call trace:
01-01 08:00:57.530 0 0 I : dump_backtrace+0x0/0x258
01-01 08:00:57.530 0 0 I : show_stack+0x20/0x30
01-01 08:00:57.530 0 0 I : dump_stack+0xd8/0x12c
01-01 08:00:57.530 0 0 I : register_lock_class+0x4d0/0x5c8
01-01 08:00:57.530 0 0 I : __lock_acquire+0xbc/0x1e58
01-01 08:00:57.530 0 0 I : lock_acquire+0x1cc/0x218
01-01 08:00:57.530 0 0 I : _raw_spin_lock_irqsave+0x54/0x98
01-01 08:00:57.530 0 0 I : ion_system_secure_heap_prefetch_work+0x94/0x2c0
01-01 08:00:57.530 0 0 I : process_one_work+0x38c/0x660
01-01 08:00:57.530 0 0 I : worker_thread+0x268/0x4b8
01-01 08:00:57.530 0 0 I : kthread+0x140/0x150
01-01 08:00:57.530 0 0 I : ret_from_fork+0x10/0x1c
01-01 08:00:57.547 0 0 E [kworke][0x4041c624][01:23:47.294363] wlan: [345:E:action_oui] ucfg_action_oui_send: 160: Failed to send: 9
01-01 08:00:57.558 0 0 E [kworke][0x404522b1][01:23:47.305837] wlan: [345:E:HDD] hdd_action_oui_send: 13281: Failed to send one or all action_ouis
01-01 08:00:57.572 0 0 E : INFO: trying to register non-static key.
01-01 08:00:57.578 0 0 E : the code is fine but needs lockdep annotation.
01-01 08:00:57.583 0 0 I : CPU: 6 PID: 291 Comm: kworker/u16:8 Tainted: G S W O 4.19.157+ #1
01-01 08:00:57.583 0 0 I Hardware name: Qualcomm Technologies, Inc. kona MTP-RmPM8150b. VX1(MCE) EVT2 (DT)
01-01 08:00:57.583 0 0 I Workqueue: events_unbound ion_system_secure_heap_prefetch_work
01-01 08:00:57.583 0 0 I Call trace:
01-01 08:00:57.583 0 0 I : dump_backtrace+0x0/0x258
01-01 08:00:57.583 0 0 I : show_stack+0x20/0x30
01-01 08:00:57.583 0 0 I : dump_stack+0xd8/0x12c
01-01 08:00:57.583 0 0 I : register_lock_class+0x4d0/0x5c8
01-01 08:00:57.583 0 0 I : __lock_acquire+0xbc/0x1e58
01-01 08:00:57.583 0 0 I : lock_acquire+0x1cc/0x218
01-01 08:00:57.583 0 0 I : _raw_spin_lock_irqsave+0x54/0x98
01-01 08:00:57.583 0 0 I : ion_system_secure_heap_prefetch_work+0x94/0x2c0
01-01 08:00:57.583 0 0 I : process_one_work+0x38c/0x660
01-01 08:00:57.583 0 0 I : worker_thread+0x268/0x4b8
01-01 08:00:57.583 0 0 I : kthread+0x140/0x150
01-01 08:00:57.583 0 0 I : ret_from_fork+0x10/0x1c
01-01 08:00:57.598 0 0 W QSEECOM : __qseecom_unload_app: App (8) is unloaded
01-01 08:00:57.598 0 0 D cnss : dma-coherent is enabled
01-01 08:00:57.598 0 0 D cnss : IOMMU map: iova b0000000, len 4096
01-01 08:00:57.598 0 0 D cnss : IOMMU map: iova_addr b0000040
01-01 08:00:57.598 0 0 D cnss : dma-coherent is enabled
01-01 08:00:57.598 0 0 D cnss : IOMMU map: iova b0001000, len 4096
01-01 08:00:57.598 0 0 D cnss : IOMMU map: iova_addr b0001018
01-01 08:00:57.600 0 0 D qbt : qbt_release: entry minor_no=0 fd_available=0
01-01 08:00:57.600 0 0 D qbt : qbt_release: Releasing wakelock
01-01 08:00:57.600 0 0 D qbt : qbt_release: exit : fd_available=1
01-01 08:00:57.600 0 0 D qbt : qbt_release: entry minor_no=1 fd_available=1
01-01 08:00:57.600 0 0 D qbt : qbt_release: exit : fd_available=1
01-01 08:00:57.602 0 0 E [kworke][0x405207b4][01:23:47.349847] wlan: [345:E:TXRX] dp_rxdma_ring_config: 5022: DBS enabled max_mac_rings 2
10-14 01:23:47.351 1132 1132 W Looper : Drained
10-14 01:23:47.351 1132 1132 W Looper : Slow dispatch took 381ms main h=android.os.Handler c=com.android.server.biometrics.sensors.BiometricScheduler$InternalCallback$$ExternalSyntheticLambda0@d6b491e m=0
10-14 01:23:47.351 1132 1132 D CompanionDeviceManagerService: Received BT state transition broadcast: BLE_ON -> TURNING_ON
10-14 01:23:47.351 1132 1132 W Looper : Slow delivery took 373ms main h=android.app.ActivityThread$H c=android.app.LoadedApk$ReceiverDispatcher$Args$$ExternalSyntheticLambda0@22975ff m=0
01-01 08:00:57.607 0 0 E : INFO: trying to register non-static key.
01-01 08:00:57.614 0 0 E [kworke][0x40557dbb][01:23:47.361663] wlan: [345:E:TXRX] dp_rxdma_ring_config: 5033: pdev_id 0 max_mac_rings 2
01-01 08:00:57.619 0 0 E : the code is fine but needs lockdep annotation.
01-01 08:00:57.619 0 0 I : CPU: 4 PID: 291 Comm: kworker/u16:8 Tainted: G S W O 4.19.157+ #1
01-01 08:00:57.619 0 0 I Hardware name: Qualcomm Technologies, Inc. kona MTP-RmPM8150b. VX1(MCE) EVT2 (DT)
01-01 08:00:57.619 0 0 I Workqueue: events_unbound ion_system_secure_heap_prefetch_work
01-01 08:00:57.619 0 0 I Call trace:
01-01 08:00:57.619 0 0 I : dump_backtrace+0x0/0x258
01-01 08:00:57.619 0 0 I : show_stack+0x20/0x30
01-01 08:00:57.619 0 0 I : dump_stack+0xd8/0x12c
01-01 08:00:57.619 0 0 I : register_lock_class+0x4d0/0x5c8
01-01 08:00:57.619 0 0 I : __lock_acquire+0xbc/0x1e58
01-01 08:00:57.619 0 0 I : lock_acquire+0x1cc/0x218
01-01 08:00:57.619 0 0 I : _raw_spin_lock_irqsave+0x54/0x98
01-01 08:00:57.619 0 0 I : ion_system_secure_heap_prefetch_work+0x94/0x2c0
01-01 08:00:57.619 0 0 I : process_one_work+0x38c/0x660
01-01 08:00:57.619 0 0 I : worker_thread+0x268/0x4b8
01-01 08:00:57.619 0 0 I : kthread+0x140/0x150
01-01 08:00:57.619 0 0 I : ret_from_fork+0x10/0x1c
10-14 01:23:47.369 1132 1132 I Telecom : BluetoothDeviceManager: Got BluetoothHearingAid: android.bluetooth.BluetoothHearingAid@51a6cb8: BMSL.oSC@AAo
10-14 01:23:47.375 1132 1132 D CompanionDeviceManagerService: Received BT state transition broadcast: TURNING_ON -> ON
10-14 01:23:47.375 1132 1132 I CompanionDeviceManagerService: startBleScan()
10-14 01:23:47.381 1132 1132 D BiometricScheduler/Fingerprint21: [Finishing] {[1] FingerprintUpdateActiveUserClient, proto=1, owner=android, cookie=0, requestId=-1, userId=0}, success: true
10-14 01:23:47.381 1132 1132 D BiometricScheduler/Fingerprint21: [Polled] {[2] FingerprintInternalCleanupClient, proto=7, owner=android, cookie=0, requestId=-1, userId=0}, State: 0
10-14 01:23:47.381 1132 1132 D BiometricScheduler/Fingerprint21: [Starting] {[2] FingerprintInternalCleanupClient, proto=7, owner=android, cookie=0, requestId=-1, userId=0}, State: 0
10-14 01:23:47.381 1132 1132 D BiometricScheduler/Fingerprint21: [Started] {[2] FingerprintInternalCleanupClient, proto=7, owner=android, cookie=0, requestId=-1, userId=0}
10-14 01:23:47.381 1132 1132 D Biometrics/InternalCleanupClient: Starting enumerate: {[3] FingerprintInternalEnumerateClient, proto=6, owner=android, cookie=0, requestId=-1, userId=0}
10-14 01:23:47.382 1132 1132 W Looper : Drained
01-01 08:00:57.637 0 0 E [kworke][0x405c05aa][01:23:47.383958] wlan: [345:E:TXRX] dp_rxdma_ring_config: 5050: mac_id 0
01-01 08:00:57.639 0 0 D qbt : qbt_open: entry minor_no=0 fd_available=1
01-01 08:00:57.647 0 0 D qbt : qbt_open: exit : 0 fd_available=0
01-01 08:00:57.648 0 0 D qbt : qbt_open: entry minor_no=1 fd_available=0
01-01 08:00:57.648 0 0 D qbt : qbt_open: exit : 0 fd_available=0
01-01 08:00:57.648 0 0 D qbt : qbt_ioctl: cmd received 107
01-01 08:00:57.648 0 0 D qbt : qbt_ioctl: Acquiring wakelock
01-01 08:00:57.651 0 0 E [kworke][0x40606ca4][01:23:47.398984] wlan: [345:E:TXRX] dp_rxdma_ring_config: 5050: mac_id 1
01-01 08:00:57.654 0 0 E : INFO: trying to register non-static key.
01-01 08:00:57.663 0 0 I [kworke][0x4063c676][01:23:47.410418] wlan: [345:I:POLICY_MGR] policy_mgr_update_5g_scc_prefer: 398: overwrite pm_second_connection_pcl_dbs_2x2_table, index 2 mode 3 system prefer 0 new pcl 6
01-01 08:00:57.666 0 0 E : the code is fine but needs lockdep annotation.
01-01 08:00:57.666 0 0 I : CPU: 6 PID: 291 Comm: kworker/u16:8 Tainted: G S W O 4.19.157+ #1
01-01 08:00:57.666 0 0 I Hardware name: Qualcomm Technologies, Inc. kona MTP-RmPM8150b. VX1(MCE) EVT2 (DT)
01-01 08:00:57.666 0 0 I Workqueue: events_unbound ion_system_secure_heap_prefetch_work
01-01 08:00:57.666 0 0 I Call trace:
01-01 08:00:57.666 0 0 I : dump_backtrace+0x0/0x258
01-01 08:00:57.666 0 0 I : show_stack+0x20/0x30
01-01 08:00:57.666 0 0 I : dump_stack+0xd8/0x12c
01-01 08:00:57.666 0 0 I : register_lock_class+0x4d0/0x5c8
01-01 08:00:57.666 0 0 I : __lock_acquire+0xbc/0x1e58
01-01 08:00:57.672 0 0 I : lock_acquire+0x1cc/0x218
01-01 08:00:57.672 0 0 I : _raw_spin_lock_irqsave+0x54/0x98
01-01 08:00:57.672 0 0 I : ion_system_secure_heap_prefetch_work+0x94/0x2c0
01-01 08:00:57.672 0 0 I : process_one_work+0x38c/0x660
01-01 08:00:57.672 0 0 I : worker_thread+0x268/0x4b8
01-01 08:00:57.672 0 0 I : kthread+0x140/0x150
01-01 08:00:57.672 0 0 I : ret_from_fork+0x10/0x1c
01-01 08:00:57.673 0 0 I [kworke][0x4066a4b0][01:23:47.420213] wlan: [345:I:POLICY_MGR] policy_mgr_update_5g_scc_prefer: 404: overwrite pm_second_connection_pcl_dbs_2x2_table, index 3 mode 3 system prefer 0 new pcl 6
01-01 08:00:57.676 0 0 E [kworke][0x4067bf69][01:23:47.423977] wlan: [345:E:REGULATORY] reg_freq_width_to_chan_op_class: 512: no op class for frequency 5745
01-01 08:00:57.688 0 0 W QSEECOM : qseecom_load_app: App (fingerpr) does'nt exist, loading apps for first time
01-01 08:00:57.693 0 0 I [kworke][0x406c92df][01:23:47.440453] wlan: [345:I:HIF] hif_pm_runtime_start: Enabling RUNTIME PM, Delay: 500 ms
01-01 08:00:57.717 0 0 E cnss_utils: WLAN MAC address is not set, type 0
01-01 08:00:57.724 0 0 W cnss_pci 0000: 01:00.0: Falling back to syfs fallback for: wlan/qca_cld/qca6390/wlan_mac.bin
01-01 08:00:57.769 0 0 I [kworke][0x4082d702][01:23:47.516454] wlan: [345:I:HDD] hdd_initialize_mac_address: 12589: using default MAC address
01-01 08:00:57.794 0 0 W QSEECOM : qseecom_load_app: App with id 9 (fingerpr) now loaded
01-01 08:00:57.813 0 0 E : INFO: trying to register non-static key.
01-01 08:00:57.818 0 0 E : the code is fine but needs lockdep annotation.
01-01 08:00:57.824 0 0 I : CPU: 1 PID: 291 Comm: kworker/u16:8 Tainted: G S W O 4.19.157+ #1
01-01 08:00:57.824 0 0 I Hardware name: Qualcomm Technologies, Inc. kona MTP-RmPM8150b. VX1(MCE) EVT2 (DT)
01-01 08:00:57.824 0 0 I Workqueue: events_unbound ion_system_secure_heap_prefetch_work
01-01 08:00:57.824 0 0 I Call trace:
01-01 08:00:57.824 0 0 I : dump_backtrace+0x0/0x258
01-01 08:00:57.824 0 0 I : show_stack+0x20/0x30
01-01 08:00:57.824 0 0 I : dump_stack+0xd8/0x12c
01-01 08:00:57.824 0 0 I : register_lock_class+0x4d0/0x5c8
01-01 08:00:57.824 0 0 I : __lock_acquire+0xbc/0x1e58
01-01 08:00:57.824 0 0 I : lock_acquire+0x1cc/0x218
01-01 08:00:57.824 0 0 I : _raw_spin_lock_irqsave+0x54/0x98
01-01 08:00:57.824 0 0 I : ion_system_secure_heap_prefetch_work+0x94/0x2c0
01-01 08:00:57.824 0 0 I : process_one_work+0x38c/0x660
01-01 08:00:57.824 0 0 I : worker_thread+0x268/0x4b8
01-01 08:00:57.824 0 0 I : kthread+0x140/0x150
01-01 08:00:57.824 0 0 I : ret_from_fork+0x10/0x1c
10-14 01:23:47.587 2622 2622 F libc : Fatal signal 6 (SIGABRT), code -6 (SI_TKILL) in tid 2622 (android.hardwar), pid 2622 (android.hardwar)
01-01 08:00:57.892 0 0 E [kworke][0x40a6ec14][01:23:47.639616] wlan: [345:E:QDF] qdf_mutex_create: already initialized lock
01-01 08:00:57.904 0 0 E [kworke][0x40aa5a11][01:23:47.651322] wlan: [345:E:HDD] hdd_open_adapter: 6512: Interface p2p0 wow debug_fs init failed
01-01 08:00:57.930 0 0 D : mv2112_read_status
01-01 08:00:57.930 0 0 D mv2112_update_link: 3.0x901(1G): 0x4
01-01 08:00:57.930 0 0 D mv2112_update_link: 3.0x8109(100M): 0x8
01-01 08:00:57.930 0 0 D mv2112_update_link: link 0x4
01-01 08:00:57.930 0 0 D mv2112_read_status: autoneg is disabled
01-01 08:00:57.976 0 0 E [kworke][0x40bf9fad][01:23:47.723931] wlan: [345:E:QDF] qdf_mutex_create: already initialized lock
01-01 08:00:57.989 0 0 E [kworke][0x40c32ca9][01:23:47.736047] wlan: [345:E:HDD] hdd_open_adapter: 6512: Interface wifi-aware0 wow debug_fs init failed
10-14 01:23:47.753 954 954 I android.hardware.wifi@1.0-service: Wifi HAL started
01-01 08:00:58.009 0 0 D cnss : Host time = 56610240 us, device time = 4319960 us, offset = 52290280 us
01-01 08:00:58.009 0 0 D cnss : Updated time sync regs [0x984] = 0x31de2e8, [0x988] = 0x0
01-01 08:00:58.009 0 0 D cnss : Removing vote for Regulator vdd-wlan-rfa2
01-01 08:00:58.009 0 0 D cnss : Removing vote for Regulator vdd-wlan-rfa1
01-01 08:00:58.009 0 0 D cnss : Removing vote for Regulator vdd-wlan-dig
01-01 08:00:58.009 0 0 D cnss : Removing vote for Regulator vdd-wlan-aon
01-01 08:00:58.009 0 0 D cnss : Removing vote for Regulator vdd-wlan-io
01-01 08:00:58.009 0 0 D cnss : PM relax, state: 0x107, count: 0
01-01 08:00:58.020 0 0 I : Wifi Turning On from UI
01-01 08:00:58.032 0 0 I [wifi@1][0x40cfec13][01:23:47.779559] wlan: [954:I:DP] dp_vdev_attach_wifi3: wlan_cfg_ap_bridge_enabled 0
01-01 08:00:58.032 0 0 I [wifi@1][0x40cff0d4][01:23:47.779622] wlan: [954:I:DP] 00000000: c1 9c 37 20 27 c7 5c b0 a6 be e5 81 e8 eb 69 69
01-01 08:00:58.032 0 0 I [wifi@1][0x40cff15a][01:23:47.779629] wlan: [954:I:DP] 00000010: 9c 3f 95 f3
01-01 08:00:58.032 0 0 I [wifi@1][0x40cff205][01:23:47.779638] wlan: [954:I:DP] 00000000: 59 26 19 17 bf 57 6e 7d c7 6b 2c b1 6c f7 3b ce
01-01 08:00:58.032 0 0 I [wifi@1][0x40d00876][01:23:47.779938] wlan: [954:I:DP] 00000010: 94 2a 09 8e 22 fc 27 a4 a6 ba 9c 36 9d 8d fe ad
01-01 08:00:58.032 0 0 I [wifi@1][0x40d008f8][01:23:47.779944] wlan: [954:I:DP] 00000020: d1 48 b9 a8 69 52 b8 69 36 94 ee 09
01-01 08:00:58.061 0 0 I IPv6 : ADDRCONF(NETDEV_UP): wlan0: link is not ready
10-14 01:23:47.840 954 954 I android.hardware.wifi@1.0-service: Adding interface handle for wlan0
10-14 01:23:47.840 954 954 I android.hardware.wifi@1.0-service: Adding interface handle for p2p0
10-14 01:23:47.840 954 954 I android.hardware.wifi@1.0-service: Adding interface handle for wifi-aware0
10-14 01:23:47.840 954 954 W android.hardware.wifi@1.0-service: No active wlan interfaces in use! Using default
10-14 01:23:47.841 954 954 W android.hardware.wifi@1.0-service: No active wlan interfaces in use! Using default
10-14 01:23:47.845 954 954 I android.hardware.wifi@1.0-service: Configured chip in mode 3
10-14 01:23:47.845 954 954 W android.hardware.wifi@1.0-service: No active wlan interfaces in use! Using default
01-01 08:00:58.107 0 0 I [lowi-s][0x40e5f9c2][01:23:47.854835] wlan: [1497:I:wifipos] wifi_pos_get_ch_info: 461: num channels: 26
10-14 01:23:47.854 954 954 W android.hardware.wifi@1.0-service: No active wlan interfaces in use! Using default
01-01 08:00:58.125 0 0 E [wifi@1][0x40eb099f][01:23:47.872115] wlan: [2702:E:wifipos] wifi_pos_process_app_reg_req: 608: Received App Req Req pid(507511738), len(16)
01-01 08:00:58.144 0 0 W QSEECOM : __qseecom_unload_app: App (9) is unloaded
01-01 08:00:58.145 0 0 I [wifi@1][0x40f0fc70][01:23:47.892419] wlan: [2702:I:wifipos] wifi_pos_get_ch_info: 461: num channels: 26
01-01 08:00:58.145 0 0 D qbt : qbt_release: entry minor_no=0 fd_available=0
01-01 08:00:58.145 0 0 D qbt : qbt_release: Releasing wakelock
01-01 08:00:58.145 0 0 D qbt : qbt_release: exit : fd_available=1
01-01 08:00:58.145 0 0 D qbt : qbt_release: entry minor_no=1 fd_available=1
01-01 08:00:58.145 0 0 D qbt : qbt_release: exit : fd_available=1
10-14 01:23:47.893 1132 1132 D Fingerprint21: handleError, client: FingerprintInternalCleanupClient, error: 2, vendorCode: 0
10-14 01:23:47.894 1132 1132 E Fingerprint21: onError for non-error consumer: FingerprintInternalCleanupClient
01-01 08:00:58.160 0 0 I [wifi@1][0x40f5649d][01:23:47.907460] wlan: [2702:I:wifipos] wifi_pos_get_ch_info: 461: num channels: 26
10-14 01:23:47.902 1302 1302 I wificond: createClientInterface: wiphy_index 0 iface_name wlan0
10-14 01:23:47.903 1302 1302 I wificond: create scanner for interface with index: 17
10-14 01:23:47.904 1302 1302 I wificond: subscribe scan result for interface with index: 17
10-14 01:23:47.904 1302 1302 I wificond: add channel type 0 support at wiphy index: 0
10-14 01:23:47.904 1302 1302 I wificond: add channel type 1 support at wiphy index: 0
10-14 01:23:47.934 1132 1287 W BatteryExternalStatsWorker: error reading modem stats:ERROR_PHONE_NOT_AVAILABLE
10-14 01:23:47.937 2037 2037 I MicroServiceManager: addCommonCallbackListener add listener
10-14 01:23:47.937 2037 2037 I MicroServiceManager: addConnectChangedListener add listener
10-14 01:23:47.966 1132 1287 E KernelCpuSpeedReader: Failed to read cpu-freq: /sys/devices/system/cpu/cpu4/cpufreq/stats/time_in_state: open failed: ENOENT (No such file or directory)
10-14 01:23:47.967 1132 1287 E KernelCpuSpeedReader: Failed to read cpu-freq: /sys/devices/system/cpu/cpu0/cpufreq/stats/time_in_state: open failed: ENOENT (No such file or directory)
10-14 01:23:47.968 1132 1287 W BatteryStatsImpl: Attempted to remove untracked isolated uid (1037)
10-14 01:23:47.971 2037 2037 W ContextImpl: Calling a method in the system process without a qualified user: android.app.ContextImpl.sendBroadcast:1173 android.content.ContextWrapper.sendBroadcast:479 com.thundercomm.microsettings.service.SettingsService.sendSystemUI:59 com.thundercomm.microsettings.service.SettingsService.onCreate:50 android.app.ActivityThread.handleCreateService:4488
10-14 01:23:47.974 2037 2037 W ContextImpl: Calling a method in the system process without a qualified user: android.app.ContextImpl.bindService:1895 android.content.ContextWrapper.bindService:810 com.thundercomm.microsettings.manager.SoundManager.bindService:206 com.thundercomm.microsettings.manager.SoundManager.connect:197 com.thundercomm.microsettings.service.SettingsService.onStartCommand:80
10-14 01:23:47.977 2037 2037 W ContextImpl: Calling a method in the system process without a qualified user: android.app.ContextImpl.bindService:1895 android.content.ContextWrapper.bindService:810 com.thundercomm.microsettings.manager.DisplayManager.bindService:188 com.thundercomm.microsettings.manager.DisplayManager.connect:179 com.thundercomm.microsettings.service.SettingsService.onStartCommand:81
01-01 08:00:58.300 0 0 E : INFO: trying to register non-static key.
01-01 08:00:58.305 0 0 E : the code is fine but needs lockdep annotation.
01-01 08:00:58.310 0 0 I : CPU: 4 PID: 291 Comm: kworker/u16:8 Tainted: G S W O 4.19.157+ #1
01-01 08:00:58.310 0 0 I Hardware name: Qualcomm Technologies, Inc. kona MTP-RmPM8150b. VX1(MCE) EVT2 (DT)
01-01 08:00:58.310 0 0 I Workqueue: events_unbound ion_system_secure_heap_prefetch_work
01-01 08:00:58.310 0 0 I Call trace:
01-01 08:00:58.310 0 0 I : dump_backtrace+0x0/0x258
01-01 08:00:58.310 0 0 I : show_stack+0x20/0x30
01-01 08:00:58.310 0 0 I : dump_stack+0xd8/0x12c
01-01 08:00:58.310 0 0 I : register_lock_class+0x4d0/0x5c8
01-01 08:00:58.310 0 0 I : __lock_acquire+0xbc/0x1e58
01-01 08:00:58.310 0 0 I : lock_acquire+0x1cc/0x218
01-01 08:00:58.310 0 0 I : _raw_spin_lock_irqsave+0x54/0x98
01-01 08:00:58.310 0 0 I : ion_system_secure_heap_prefetch_work+0x94/0x2c0
01-01 08:00:58.310 0 0 I : process_one_work+0x38c/0x660
01-01 08:00:58.310 0 0 I : worker_thread+0x268/0x4b8
01-01 08:00:58.310 0 0 I : kthread+0x140/0x150
01-01 08:00:58.310 0 0 I : ret_from_fork+0x10/0x1c
01-01 08:00:58.313 0 0 E : INFO: trying to register non-static key.
01-01 08:00:58.318 0 0 E : the code is fine but needs lockdep annotation.
01-01 08:00:58.323 0 0 I : CPU: 4 PID: 291 Comm: kworker/u16:8 Tainted: G S W O 4.19.157+ #1
01-01 08:00:58.323 0 0 I Hardware name: Qualcomm Technologies, Inc. kona MTP-RmPM8150b. VX1(MCE) EVT2 (DT)
01-01 08:00:58.323 0 0 I Workqueue: events_unbound ion_system_secure_heap_prefetch_work
01-01 08:00:58.323 0 0 I Call trace:
01-01 08:00:58.323 0 0 I : dump_backtrace+0x0/0x258
01-01 08:00:58.323 0 0 I : show_stack+0x20/0x30
01-01 08:00:58.323 0 0 I : dump_stack+0xd8/0x12c
01-01 08:00:58.323 0 0 I : register_lock_class+0x4d0/0x5c8
01-01 08:00:58.323 0 0 I : __lock_acquire+0xbc/0x1e58
01-01 08:00:58.323 0 0 I : lock_acquire+0x1cc/0x218
01-01 08:00:58.323 0 0 I : _raw_spin_lock_irqsave+0x54/0x98
01-01 08:00:58.323 0 0 I : ion_system_secure_heap_prefetch_work+0x94/0x2c0
01-01 08:00:58.323 0 0 I : process_one_work+0x38c/0x660
01-01 08:00:58.323 0 0 I : worker_thread+0x268/0x4b8
01-01 08:00:58.323 0 0 I : kthread+0x140/0x150
01-01 08:00:58.323 0 0 I : ret_from_fork+0x10/0x1c
01-01 08:00:58.326 0 0 E : INFO: trying to register non-static key.
01-01 08:00:58.331 0 0 E : the code is fine but needs lockdep annotation.
01-01 08:00:58.337 0 0 I : CPU: 4 PID: 291 Comm: kworker/u16:8 Tainted: G S W O 4.19.157+ #1
01-01 08:00:58.337 0 0 I Hardware name: Qualcomm Technologies, Inc. kona MTP-RmPM8150b. VX1(MCE) EVT2 (DT)
01-01 08:00:58.337 0 0 I Workqueue: events_unbound ion_system_secure_heap_prefetch_work
01-01 08:00:58.337 0 0 I Call trace:
01-01 08:00:58.337 0 0 I : dump_backtrace+0x0/0x258
01-01 08:00:58.337 0 0 I : show_stack+0x20/0x30
01-01 08:00:58.337 0 0 I : dump_stack+0xd8/0x12c
01-01 08:00:58.337 0 0 I : register_lock_class+0x4d0/0x5c8
01-01 08:00:58.337 0 0 I : __lock_acquire+0xbc/0x1e58
01-01 08:00:58.337 0 0 I : lock_acquire+0x1cc/0x218
01-01 08:00:58.337 0 0 I : _raw_spin_lock_irqsave+0x54/0x98
01-01 08:00:58.337 0 0 I : ion_system_secure_heap_prefetch_work+0x94/0x2c0
01-01 08:00:58.337 0 0 I : process_one_work+0x38c/0x660
01-01 08:00:58.337 0 0 I : worker_thread+0x268/0x4b8
01-01 08:00:58.337 0 0 I : kthread+0x140/0x150
01-01 08:00:58.337 0 0 I : ret_from_fork+0x10/0x1c
01-01 08:00:58.339 0 0 E : INFO: trying to register non-static key.
01-01 08:00:58.344 0 0 E : the code is fine but needs lockdep annotation.
01-01 08:00:58.350 0 0 I : CPU: 4 PID: 291 Comm: kworker/u16:8 Tainted: G S W O 4.19.157+ #1
01-01 08:00:58.350 0 0 I Hardware name: Qualcomm Technologies, Inc. kona MTP-RmPM8150b. VX1(MCE) EVT2 (DT)
01-01 08:00:58.350 0 0 I Workqueue: events_unbound ion_system_secure_heap_prefetch_work
01-01 08:00:58.350 0 0 I Call trace:
01-01 08:00:58.350 0 0 I : dump_backtrace+0x0/0x258
01-01 08:00:58.350 0 0 I : show_stack+0x20/0x30
01-01 08:00:58.350 0 0 I : dump_stack+0xd8/0x12c
01-01 08:00:58.350 0 0 I : register_lock_class+0x4d0/0x5c8
01-01 08:00:58.350 0 0 I : __lock_acquire+0xbc/0x1e58
01-01 08:00:58.350 0 0 I : lock_acquire+0x1cc/0x218
01-01 08:00:58.350 0 0 I : _raw_spin_lock_irqsave+0x54/0x98
01-01 08:00:58.350 0 0 I : ion_system_secure_heap_prefetch_work+0x94/0x2c0
01-01 08:00:58.350 0 0 I : process_one_work+0x38c/0x660
01-01 08:00:58.350 0 0 I : worker_thread+0x268/0x4b8
01-01 08:00:58.350 0 0 I : kthread+0x140/0x150
01-01 08:00:58.350 0 0 I : ret_from_fork+0x10/0x1c
01-01 08:00:58.352 0 0 E : INFO: trying to register non-static key.
01-01 08:00:58.357 0 0 E : the code is fine but needs lockdep annotation.
01-01 08:00:58.363 0 0 I : CPU: 4 PID: 291 Comm: kworker/u16:8 Tainted: G S W O 4.19.157+ #1
01-01 08:00:58.363 0 0 I Hardware name: Qualcomm Technologies, Inc. kona MTP-RmPM8150b. VX1(MCE) EVT2 (DT)
01-01 08:00:58.363 0 0 I Workqueue: events_unbound ion_system_secure_heap_prefetch_work
01-01 08:00:58.363 0 0 I Call trace:
01-01 08:00:58.363 0 0 I : dump_backtrace+0x0/0x258
01-01 08:00:58.363 0 0 I : show_stack+0x20/0x30
01-01 08:00:58.363 0 0 I : dump_stack+0xd8/0x12c
01-01 08:00:58.363 0 0 I : register_lock_class+0x4d0/0x5c8
01-01 08:00:58.363 0 0 I : __lock_acquire+0xbc/0x1e58
01-01 08:00:58.363 0 0 I : lock_acquire+0x1cc/0x218
01-01 08:00:58.363 0 0 I : _raw_spin_lock_irqsave+0x54/0x98
01-01 08:00:58.363 0 0 I : ion_system_secure_heap_prefetch_work+0x94/0x2c0
01-01 08:00:58.363 0 0 I : process_one_work+0x38c/0x660
01-01 08:00:58.363 0 0 I : worker_thread+0x268/0x4b8
01-01 08:00:58.363 0 0 I : kthread+0x140/0x150
01-01 08:00:58.363 0 0 I : ret_from_fork+0x10/0x1c
01-01 08:00:58.365 0 0 E : INFO: trying to register non-static key.
01-01 08:00:58.370 0 0 E : the code is fine but needs lockdep annotation.
01-01 08:00:58.376 0 0 I : CPU: 4 PID: 291 Comm: kworker/u16:8 Tainted: G S W O 4.19.157+ #1
01-01 08:00:58.376 0 0 I Hardware name: Qualcomm Technologies, Inc. kona MTP-RmPM8150b. VX1(MCE) EVT2 (DT)
01-01 08:00:58.376 0 0 I Workqueue: events_unbound ion_system_secure_heap_prefetch_work
01-01 08:00:58.376 0 0 I Call trace:
01-01 08:00:58.376 0 0 I : dump_backtrace+0x0/0x258
01-01 08:00:58.376 0 0 I : show_stack+0x20/0x30
01-01 08:00:58.376 0 0 I : dump_stack+0xd8/0x12c
01-01 08:00:58.376 0 0 I : register_lock_class+0x4d0/0x5c8
01-01 08:00:58.376 0 0 I : __lock_acquire+0xbc/0x1e58
01-01 08:00:58.376 0 0 I : lock_acquire+0x1cc/0x218
01-01 08:00:58.376 0 0 I : _raw_spin_lock_irqsave+0x54/0x98
01-01 08:00:58.376 0 0 I : ion_system_secure_heap_prefetch_work+0x94/0x2c0
01-01 08:00:58.376 0 0 I : process_one_work+0x38c/0x660
01-01 08:00:58.376 0 0 I : worker_thread+0x268/0x4b8
01-01 08:00:58.376 0 0 I : kthread+0x140/0x150
01-01 08:00:58.376 0 0 I : ret_from_fork+0x10/0x1c
01-01 08:00:58.378 0 0 E : INFO: trying to register non-static key.
01-01 08:00:58.383 0 0 E : the code is fine but needs lockdep annotation.
01-01 08:00:58.389 0 0 I : CPU: 4 PID: 291 Comm: kworker/u16:8 Tainted: G S W O 4.19.157+ #1
01-01 08:00:58.389 0 0 I Hardware name: Qualcomm Technologies, Inc. kona MTP-RmPM8150b. VX1(MCE) EVT2 (DT)
01-01 08:00:58.389 0 0 I Workqueue: events_unbound ion_system_secure_heap_prefetch_work
01-01 08:00:58.389 0 0 I Call trace:
01-01 08:00:58.389 0 0 I : dump_backtrace+0x0/0x258
01-01 08:00:58.389 0 0 I : show_stack+0x20/0x30
01-01 08:00:58.389 0 0 I : dump_stack+0xd8/0x12c
01-01 08:00:58.389 0 0 I : register_lock_class+0x4d0/0x5c8
01-01 08:00:58.389 0 0 I : __lock_acquire+0xbc/0x1e58
01-01 08:00:58.389 0 0 I : lock_acquire+0x1cc/0x218
01-01 08:00:58.389 0 0 I : _raw_spin_lock_irqsave+0x54/0x98
01-01 08:00:58.389 0 0 I : ion_system_secure_heap_prefetch_work+0x94/0x2c0
01-01 08:00:58.389 0 0 I : process_one_work+0x38c/0x660
01-01 08:00:58.389 0 0 I : worker_thread+0x268/0x4b8
01-01 08:00:58.389 0 0 I : kthread+0x140/0x150
01-01 08:00:58.389 0 0 I : ret_from_fork+0x10/0x1c
01-01 08:00:58.391 0 0 E : INFO: trying to register non-static key.
01-01 08:00:58.396 0 0 E : the code is fine but needs lockdep annotation.
01-01 08:00:58.402 0 0 I : CPU: 4 PID: 291 Comm: kworker/u16:8 Tainted: G S W O 4.19.157+ #1
01-01 08:00:58.402 0 0 I Hardware name: Qualcomm Technologies, Inc. kona MTP-RmPM8150b. VX1(MCE) EVT2 (DT)
01-01 08:00:58.402 0 0 I Workqueue: events_unbound ion_system_secure_heap_prefetch_work
01-01 08:00:58.402 0 0 I Call trace:
01-01 08:00:58.402 0 0 I : dump_backtrace+0x0/0x258
01-01 08:00:58.402 0 0 I : show_stack+0x20/0x30
01-01 08:00:58.402 0 0 I : dump_stack+0xd8/0x12c
01-01 08:00:58.402 0 0 I : register_lock_class+0x4d0/0x5c8
01-01 08:00:58.402 0 0 I : __lock_acquire+0xbc/0x1e58
01-01 08:00:58.402 0 0 I : lock_acquire+0x1cc/0x218
01-01 08:00:58.402 0 0 I : _raw_spin_lock_irqsave+0x54/0x98
01-01 08:00:58.402 0 0 I : ion_system_secure_heap_prefetch_work+0x94/0x2c0
01-01 08:00:58.402 0 0 I : process_one_work+0x38c/0x660
01-01 08:00:58.402 0 0 I : worker_thread+0x268/0x4b8
01-01 08:00:58.402 0 0 I : kthread+0x140/0x150
01-01 08:00:58.402 0 0 I : ret_from_fork+0x10/0x1c
01-01 08:00:58.404 0 0 E : INFO: trying to register non-static key.
01-01 08:00:58.410 0 0 E : the code is fine but needs lockdep annotation.
01-01 08:00:58.415 0 0 I : CPU: 4 PID: 291 Comm: kworker/u16:8 Tainted: G S W O 4.19.157+ #1
01-01 08:00:58.415 0 0 I Hardware name: Qualcomm Technologies, Inc. kona MTP-RmPM8150b. VX1(MCE) EVT2 (DT)
01-01 08:00:58.415 0 0 I Workqueue: events_unbound ion_system_secure_heap_prefetch_work
01-01 08:00:58.415 0 0 I Call trace:
01-01 08:00:58.415 0 0 I : dump_backtrace+0x0/0x258
01-01 08:00:58.415 0 0 I : show_stack+0x20/0x30
01-01 08:00:58.415 0 0 I : dump_stack+0xd8/0x12c
01-01 08:00:58.415 0 0 I : register_lock_class+0x4d0/0x5c8
01-01 08:00:58.415 0 0 I : __lock_acquire+0xbc/0x1e58
01-01 08:00:58.415 0 0 I : lock_acquire+0x1cc/0x218
01-01 08:00:58.415 0 0 I : _raw_spin_lock_irqsave+0x54/0x98
01-01 08:00:58.415 0 0 I : ion_system_secure_heap_prefetch_work+0x94/0x2c0
01-01 08:00:58.415 0 0 I : process_one_work+0x38c/0x660
01-01 08:00:58.415 0 0 I : worker_thread+0x268/0x4b8
01-01 08:00:58.415 0 0 I : kthread+0x140/0x150
01-01 08:00:58.415 0 0 I : ret_from_fork+0x10/0x1c
01-01 08:00:58.418 0 0 E : INFO: trying to register non-static key.
01-01 08:00:58.424 0 0 E : the code is fine but needs lockdep annotation.
01-01 08:00:58.429 0 0 I : CPU: 4 PID: 291 Comm: kworker/u16:8 Tainted: G S W O 4.19.157+ #1
01-01 08:00:58.429 0 0 I Hardware name: Qualcomm Technologies, Inc. kona MTP-RmPM8150b. VX1(MCE) EVT2 (DT)
01-01 08:00:58.429 0 0 I Workqueue: events_unbound ion_system_secure_heap_prefetch_work
01-01 08:00:58.429 0 0 I Call trace:
01-01 08:00:58.429 0 0 I : dump_backtrace+0x0/0x258
01-01 08:00:58.429 0 0 I : show_stack+0x20/0x30
01-01 08:00:58.429 0 0 I : dump_stack+0xd8/0x12c
01-01 08:00:58.429 0 0 I : register_lock_class+0x4d0/0x5c8
