10-14 01:24:32.840 4105 4105 F DEBUG : #12 pc 000000000004b91c /apex/com.android.vndk.v30/lib64/libhidlbase.so (android::hardware::details::registerPassthroughServiceImplementation(std::__1::basic_string, std::__1::allocator > const&, std::__1::basic_string, std::__1::allocator > const&, std::__1::function const&, std::__1::basic_string, std::__1::allocator > const&)>, std::__1::basic_string, std::__1::allocator > const&)+80) (BuildId: fc3e2389a057aeefafa6557f6d78a06b)
10-14 01:24:32.840 4105 4105 F DEBUG : #13 pc 000000000004bc9c /apex/com.android.vndk.v30/lib64/libhidlbase.so (android::hardware::registerPassthroughServiceImplementation(std::__1::basic_string, std::__1::allocator > const&, std::__1::basic_string, std::__1::allocator > const&, std::__1::basic_string, std::__1::allocator > const&)+56) (BuildId: fc3e2389a057aeefafa6557f6d78a06b)
10-14 01:24:32.840 4105 4105 F DEBUG : #14 pc 0000000000001130 /vendor/bin/hw/android.hardware.camera.provider@2.4-service_64 (main.cfi+196) (BuildId: a1ba6e409ca848af1f0b7c62860af7da)
10-14 01:24:32.840 4105 4105 F DEBUG : #15 pc 000000000004a084 /apex/com.android.runtime/lib64/bionic/libc.so (__libc_init+100) (BuildId: 369edc656806aeaf384cbeb8f7a347af)
10-14 01:24:32.863 1132 1889 W NativeCrashListener: Couldn't find ProcessRecord for pid 4101
10-14 01:24:32.875 1132 1658 I BootReceiver: Copying /data/tombstones/tombstone_27 to DropBox (SYSTEM_TOMBSTONE)
10-14 01:24:32.875 1132 1658 I DropBoxManagerService: add tag=SYSTEM_TOMBSTONE isTagEnabled=true flags=0x6
01-01 08:01:43.129 0 0 I init : Service 'vendor.camera-provider-2-4' (pid 4101) received signal 6
01-01 08:01:43.129 0 0 I init : Sending signal 9 to service 'vendor.camera-provider-2-4' (pid 4101) process group...
10-14 01:24:32.888 1132 1658 E NativeTombstoneManager: Tombstone's UID (1047) not an app, ignoring
10-14 01:24:32.889 1132 1658 I DropBoxManagerService: add tag=SYSTEM_TOMBSTONE_PROTO isTagEnabled=true flags=0x4
01-01 08:01:43.182 0 0 I libprocessgroup: Successfully killed process cgroup uid 1047 pid 4101 in 51ms
01-01 08:01:43.188 0 0 I init : Untracked pid 4105 exited with status 0
01-01 08:01:43.188 0 0 I init : Untracked pid 4107 exited with status 0
01-01 08:01:44.010 0 0 D : mv2112_read_status
01-01 08:01:44.010 0 0 D mv2112_update_link: 3.0x901(1G): 0x4
01-01 08:01:44.011 0 0 D mv2112_update_link: 3.0x8109(100M): 0x8
01-01 08:01:44.011 0 0 D mv2112_update_link: link 0x4
01-01 08:01:44.011 0 0 D mv2112_read_status: autoneg is disabled
10-14 01:24:34.722 1132 1215 I DropBoxManagerService: add tag=system_app_strictmode isTagEnabled=true flags=0x2
01-01 08:01:45.034 0 0 D : mv2112_read_status
01-01 08:01:45.034 0 0 D mv2112_update_link: 3.0x901(1G): 0x4
01-01 08:01:45.035 0 0 D mv2112_update_link: 3.0x8109(100M): 0x8
01-01 08:01:45.035 0 0 D mv2112_update_link: link 0x4
01-01 08:01:45.035 0 0 D mv2112_read_status: autoneg is disabled
10-14 01:24:35.214 1132 1215 I DropBoxManagerService: add tag=system_app_strictmode isTagEnabled=true flags=0x2
10-14 01:24:35.776 1132 1215 I DropBoxManagerService: add tag=system_app_strictmode isTagEnabled=true flags=0x2
01-01 08:01:46.058 0 0 D : mv2112_read_status
01-01 08:01:46.059 0 0 D mv2112_update_link: 3.0x901(1G): 0x4
01-01 08:01:46.059 0 0 D mv2112_update_link: 3.0x8109(100M): 0x8
01-01 08:01:46.059 0 0 D mv2112_update_link: link 0x4
01-01 08:01:46.059 0 0 D mv2112_read_status: autoneg is disabled
10-14 01:24:36.323 1132 1215 I DropBoxManagerService: add tag=system_app_strictmode isTagEnabled=true flags=0x2
01-01 08:01:47.082 0 0 D : mv2112_read_status
01-01 08:01:47.082 0 0 D mv2112_update_link: 3.0x901(1G): 0x4
01-01 08:01:47.083 0 0 D mv2112_update_link: 3.0x8109(100M): 0x8
01-01 08:01:47.083 0 0 D mv2112_update_link: link 0x4
01-01 08:01:47.083 0 0 D mv2112_read_status: autoneg is disabled
01-01 08:01:47.540 0 0 I init : starting service 'vendor.camera-provider-2-4'...
01-01 08:01:47.607 0 0 I init : starting service 'vendor.light-hal-2-0'...
10-14 01:24:37.377 1132 1215 I DropBoxManagerService: add tag=system_app_strictmode isTagEnabled=true flags=0x2
01-01 08:01:47.700 0 0 I init : Service 'vendor.light-hal-2-0' (pid 4111) exited with status 0
01-01 08:01:47.700 0 0 I init : Sending signal 9 to service 'vendor.light-hal-2-0' (pid 4111) process group...
01-01 08:01:47.701 0 0 I libprocessgroup: Successfully killed process cgroup uid 1000 pid 4111 in 0ms
10-14 01:24:37.491 4110 4110 F libc : Fatal signal 6 (SIGABRT), code -6 (SI_TKILL) in tid 4110 (android.hardwar), pid 4110 (android.hardwar)
01-01 08:01:48.079 0 0 I logd : logdr: UID=1047 GID=1005 PID=4114 n tail=0 logMask=8 pid=4110 start=0ns deadline=0ns
01-01 08:01:48.095 0 0 I logd : logdr: UID=1047 GID=1005 PID=4114 n tail=0 logMask=1 pid=4110 start=0ns deadline=0ns
01-01 08:01:48.106 0 0 D : mv2112_read_status
01-01 08:01:48.107 0 0 D mv2112_update_link: 3.0x901(1G): 0x4
01-01 08:01:48.107 0 0 D mv2112_update_link: 3.0x8109(100M): 0x8
01-01 08:01:48.107 0 0 D mv2112_update_link: link 0x4
01-01 08:01:48.107 0 0 D mv2112_read_status: autoneg is disabled
10-14 01:24:37.909 4114 4114 F DEBUG : *** *** *** *** *** *** *** *** *** *** *** *** *** *** *** ***
10-14 01:24:37.909 4114 4114 F DEBUG : Build fingerprint: 'TC/figure_CN/figure:12/SKQ1.220201.001/1107:userdebug/test-keys'
10-14 01:24:37.909 4114 4114 F DEBUG : Revision: '0'
10-14 01:24:37.909 4114 4114 F DEBUG : ABI: 'arm64'
10-14 01:24:37.909 4114 4114 F DEBUG : Timestamp: 2022-10-14 01:24:37.675224873+0800
10-14 01:24:37.909 4114 4114 F DEBUG : Process uptime: 0s
10-14 01:24:37.909 4114 4114 F DEBUG : Cmdline: /vendor/bin/hw/android.hardware.camera.provider@2.4-service_64
10-14 01:24:37.910 4114 4114 F DEBUG : pid: 4110, tid: 4110, name: android.hardwar >>> /vendor/bin/hw/android.hardware.camera.provider@2.4-service_64 <<<
10-14 01:24:37.910 4114 4114 F DEBUG : uid: 1047
10-14 01:24:37.910 4114 4114 F DEBUG : signal 6 (SIGABRT), code -6 (SI_TKILL), fault addr --------
10-14 01:24:37.910 4114 4114 F DEBUG : x0 0000000000000000 x1 000000000000100e x2 0000000000000006 x3 0000000000000000
10-14 01:24:37.910 4114 4114 F DEBUG : x4 00000000000cd288 x5 00000000000cd288 x6 00000000000cd288 x7 7f7f7f7f7f7f7f7f
10-14 01:24:37.910 4114 4114 F DEBUG : x8 0000000000000083 x9 10eb2c80af1806cc x10 0000007fc31cae98 x11 fffffffffffffffd
10-14 01:24:37.910 4114 4114 F DEBUG : x12 00000075a13d6000 x13 0000000000000000 x14 0000007fc31cb620 x15 0000000034155555
10-14 01:24:37.910 4114 4114 F DEBUG : x16 00000078c0e2b5a0 x17 00000078c0e077c0 x18 00000078c49d6000 x19 000000759faa9565
10-14 01:24:37.911 4114 4114 F DEBUG : x20 b4000075d0c77360 x21 00000078c38d8000 x22 0000007fc31cbafc x23 00000075a0220aa0
10-14 01:24:37.911 4114 4114 F DEBUG : x24 00000075a01c0fc0 x25 00000075a016adb0 x26 0000000000000060 x27 0000000000000000
10-14 01:24:37.911 4114 4114 F DEBUG : x28 b400007600c6ac88 x29 0000007fc31f7f40
10-14 01:24:37.911 4114 4114 F DEBUG : lr 00000075a00a27dc sp 0000007fc31cba90 pc 00000078c0e077cc pst 0000000000001000
10-14 01:24:37.911 4114 4114 F DEBUG : backtrace:
10-14 01:24:37.911 4114 4114 F DEBUG : #00 pc 00000000000a17cc /apex/com.android.runtime/lib64/bionic/libc.so (tgkill+12) (BuildId: 369edc656806aeaf384cbeb8f7a347af)
10-14 01:24:37.912 4114 4114 F DEBUG : #01 pc 00000000006457d8 /vendor/lib64/hw/camera.qcom.so (CamX::HwEnvironment::GetInstance() (.cfi)+6368) (BuildId: 577757f361f69c46328d4dcf9bd6aaaf)
10-14 01:24:37.912 4114 4114 F DEBUG : #02 pc 0000000000266a50 /vendor/lib64/hw/camera.qcom.so (CamX::HAL3Module::GetInstance()+664) (BuildId: 577757f361f69c46328d4dcf9bd6aaaf)
10-14 01:24:37.912 4114 4114 F DEBUG : #03 pc 000000000025a294 /vendor/lib64/hw/camera.qcom.so (CamX::get_number_of_cameras() (.cfi)+84) (BuildId: 577757f361f69c46328d4dcf9bd6aaaf)
10-14 01:24:37.912 4114 4114 F DEBUG : #04 pc 0000000000034908 /vendor/lib64/android.hardware.camera.provider@2.4-legacy.so (android::hardware::camera::common::V1_0::helper::CameraModule::init()+200) (BuildId: c456d5ffa961e6c6954debfeaac86fd5)
10-14 01:24:37.912 4114 4114 F DEBUG : #05 pc 0000000000026e48 /vendor/lib64/android.hardware.camera.provider@2.4-legacy.so (android::hardware::camera::provider::V2_4::implementation::LegacyCameraProviderImpl_2_4::initialize()+140) (BuildId: c456d5ffa961e6c6954debfeaac86fd5)
10-14 01:24:37.912 4114 4114 F DEBUG : #06 pc 0000000000026638 /vendor/lib64/android.hardware.camera.provider@2.4-legacy.so (android::hardware::camera::provider::V2_4::implementation::LegacyCameraProviderImpl_2_4::LegacyCameraProviderImpl_2_4()+160) (BuildId: c456d5ffa961e6c6954debfeaac86fd5)
10-14 01:24:37.912 4114 4114 F DEBUG : #07 pc 000000000000415c /vendor/lib64/hw/android.hardware.camera.provider@2.4-impl.so (android::hardware::camera::provider::V2_4::implementation::CameraProvider* android::hardware::camera::provider::V2_4::implementation::getProviderImpl() (.cfi)+64) (BuildId: 5e2f33df9f94aadf6b2d7d01985be38c)
10-14 01:24:37.913 4114 4114 F DEBUG : #08 pc 0000000000051d94 /apex/com.android.vndk.v30/lib64/libhidlbase.so (android::hardware::PassthroughServiceManager::get(android::hardware::hidl_string const&, android::hardware::hidl_string const&)::'lambda'(void*, std::__1::basic_string, std::__1::allocator > const&, std::__1::basic_string, std::__1::allocator > const&)::operator()(void*, std::__1::basic_string, std::__1::allocator > const&, std::__1::basic_string, std::__1::allocator > const&) const+96) (BuildId: fc3e2389a057aeefafa6557f6d78a06b)
10-14 01:24:37.913 4114 4114 F DEBUG : #09 pc 000000000004cdf0 /apex/com.android.vndk.v30/lib64/libhidlbase.so (android::hardware::PassthroughServiceManager::openLibs(std::__1::basic_string, std::__1::allocator > const&, std::__1::function, std::__1::allocator > const&, std::__1::basic_string, std::__1::allocator > const&)> const&)+944) (BuildId: fc3e2389a057aeefafa6557f6d78a06b)
10-14 01:24:37.913 4114 4114 F DEBUG : #10 pc 00000000000502a0 /apex/com.android.vndk.v30/lib64/libhidlbase.so (android::hardware::PassthroughServiceManager::get(android::hardware::hidl_string const&, android::hardware::hidl_string const&)+92) (BuildId: fc3e2389a057aeefafa6557f6d78a06b)
10-14 01:24:37.913 4114 4114 F DEBUG : #11 pc 000000000004dd8c /apex/com.android.vndk.v30/lib64/libhidlbase.so (android::hardware::details::getRawServiceInternal(std::__1::basic_string, std::__1::allocator > const&, std::__1::basic_string, std::__1::allocator > const&, bool, bool)+1488) (BuildId: fc3e2389a057aeefafa6557f6d78a06b)
10-14 01:24:37.913 4114 4114 F DEBUG : #12 pc 000000000004b91c /apex/com.android.vndk.v30/lib64/libhidlbase.so (android::hardware::details::registerPassthroughServiceImplementation(std::__1::basic_string, std::__1::allocator > const&, std::__1::basic_string, std::__1::allocator > const&, std::__1::function const&, std::__1::basic_string, std::__1::allocator > const&)>, std::__1::basic_string, std::__1::allocator > const&)+80) (BuildId: fc3e2389a057aeefafa6557f6d78a06b)
10-14 01:24:37.913 4114 4114 F DEBUG : #13 pc 000000000004bc9c /apex/com.android.vndk.v30/lib64/libhidlbase.so (android::hardware::registerPassthroughServiceImplementation(std::__1::basic_string, std::__1::allocator > const&, std::__1::basic_string, std::__1::allocator > const&, std::__1::basic_string, std::__1::allocator > const&)+56) (BuildId: fc3e2389a057aeefafa6557f6d78a06b)
10-14 01:24:37.914 4114 4114 F DEBUG : #14 pc 0000000000001130 /vendor/bin/hw/android.hardware.camera.provider@2.4-service_64 (main.cfi+196) (BuildId: a1ba6e409ca848af1f0b7c62860af7da)
10-14 01:24:37.914 4114 4114 F DEBUG : #15 pc 000000000004a084 /apex/com.android.runtime/lib64/bionic/libc.so (__libc_init+100) (BuildId: 369edc656806aeaf384cbeb8f7a347af)
10-14 01:24:37.943 1132 1889 W NativeCrashListener: Couldn't find ProcessRecord for pid 4110
01-01 08:01:48.201 0 0 I init : Untracked pid 4114 exited with status 0
01-01 08:01:48.210 0 0 I init : Service 'vendor.camera-provider-2-4' (pid 4110) received signal 6
01-01 08:01:48.210 0 0 I init : Sending signal 9 to service 'vendor.camera-provider-2-4' (pid 4110) process group...
10-14 01:24:37.973 1132 1658 I BootReceiver: Copying /data/tombstones/tombstone_28 to DropBox (SYSTEM_TOMBSTONE)
10-14 01:24:37.975 1132 1658 I DropBoxManagerService: add tag=SYSTEM_TOMBSTONE isTagEnabled=true flags=0x6
10-14 01:24:37.998 1132 1658 E NativeTombstoneManager: Tombstone's UID (1047) not an app, ignoring
10-14 01:24:37.999 1132 1658 I DropBoxManagerService: add tag=SYSTEM_TOMBSTONE_PROTO isTagEnabled=true flags=0x4
01-01 08:01:48.253 0 0 I libprocessgroup: Successfully killed process cgroup uid 1047 pid 4110 in 42ms
01-01 08:01:48.259 0 0 I init : Untracked pid 4116 exited with status 0
01-01 08:01:49.065 0 0 I : boot log copy done
01-01 08:01:49.130 0 0 D : mv2112_read_status
01-01 08:01:49.130 0 0 D mv2112_update_link: 3.0x901(1G): 0x4
01-01 08:01:49.131 0 0 D mv2112_update_link: 3.0x8109(100M): 0x8
01-01 08:01:49.131 0 0 D mv2112_update_link: link 0x4
01-01 08:01:49.131 0 0 D mv2112_read_status: autoneg is disabled
01-01 08:01:50.154 0 0 D : mv2112_read_status
01-01 08:01:50.155 0 0 D mv2112_update_link: 3.0x901(1G): 0x4
01-01 08:01:50.155 0 0 D mv2112_update_link: 3.0x8109(100M): 0x8
01-01 08:01:50.155 0 0 D mv2112_update_link: link 0x4
01-01 08:01:50.155 0 0 D mv2112_read_status: autoneg is disabled
01-01 08:01:51.178 0 0 D : mv2112_read_status
01-01 08:01:51.178 0 0 D mv2112_update_link: 3.0x901(1G): 0x4
01-01 08:01:51.179 0 0 D mv2112_update_link: 3.0x8109(100M): 0x8
01-01 08:01:51.179 0 0 D mv2112_update_link: link 0x4
01-01 08:01:51.179 0 0 D mv2112_read_status: autoneg is disabled
10-14 01:24:41.574 1132 1132 W NotificationHistory: Attempted to add notif for locked/gone/disabled user 0
10-14 01:24:41.642 1132 1132 E NotificationService: Muting recently noisy 0|com.android.systemui|2048|null|10087
10-14 01:24:41.679 1132 1132 E NotificationService: Muting recently noisy 0|com.android.systemui|2048|null|10087
01-01 08:01:52.202 0 0 D : mv2112_read_status
01-01 08:01:52.202 0 0 D mv2112_update_link: 3.0x901(1G): 0x4
01-01 08:01:52.202 0 0 D mv2112_update_link: 3.0x8109(100M): 0x8
01-01 08:01:52.202 0 0 D mv2112_update_link: link 0x4
01-01 08:01:52.202 0 0 D mv2112_read_status: autoneg is disabled
10-14 01:24:42.233 1132 1213 D CompatibilityChangeReporter: Compat change id reported: 168419799; UID 10099; state: DISABLED
01-01 08:01:52.596 0 0 I init : starting service 'vendor.camera-provider-2-4'...
01-01 08:01:52.630 0 0 I init : starting service 'vendor.light-hal-2-0'...
01-01 08:01:52.688 0 0 I init : Service 'vendor.light-hal-2-0' (pid 4139) exited with status 0
01-01 08:01:52.689 0 0 I init : Sending signal 9 to service 'vendor.light-hal-2-0' (pid 4139) process group...
01-01 08:01:52.689 0 0 I libprocessgroup: Successfully killed process cgroup uid 1000 pid 4139 in 0ms
10-14 01:24:42.500 4138 4138 F libc : Fatal signal 6 (SIGABRT), code -6 (SI_TKILL) in tid 4138 (android.hardwar), pid 4138 (android.hardwar)
01-01 08:01:53.106 0 0 I btfm_slim_hw_init: PGD Enum Addr: 00:01:20:02:17: 02
01-01 08:01:53.106 0 0 I btfm_slim_hw_init: IFD Enum Addr: 00:00:20:02:17: 02
01-01 08:01:53.106 0 0 I btfm_slim_hw_init: chipset soc version:400a0200
01-01 08:01:53.106 0 0 I btfm_slim_hw_init: chipset is hastings 2.0, overwriting EA
01-01 08:01:53.106 0 0 I btfm_slim_hw_init: PGD Enum Addr: 00:01:20:02:17: 02
01-01 08:01:53.106 0 0 I btfm_slim_hw_init: IFD Enum Addr: 00:00:20:02:17: 02
01-01 08:01:53.106 0 0 I btfm_slim_alloc_port: chipset soc version:400a0200
01-01 08:01:53.110 0 0 I logd : logdr: UID=1047 GID=1005 PID=4143 n tail=0 logMask=8 pid=4138 start=0ns deadline=0ns
01-01 08:01:53.117 0 0 I btfm_slim_enable_ch: chipset soc version:400a0200
01-01 08:01:53.117 0 0 I btfm_slim_enable_ch: channel define - prot:2, dataf:0, auxf:0
01-01 08:01:53.117 0 0 I btfm_slim_enable_ch: channel define - rates:44100, baser:2, ratem:4
01-01 08:01:53.118 0 0 I btfm_slim_enable_ch: slim_connect_sink(port: 16, ch: 157)
01-01 08:01:53.118 0 0 I btfm_slim_enable_ch: port: 16, ch: 157, grp: 0, ch->grph: 0x0, ch_hdl: 0x1d
01-01 08:01:53.119 0 0 I __afe_port_start: port id: 0x400e
01-01 08:01:53.119 0 0 I afe_find_cal_topo_id_by_port: port id: 0x400e, dev_acdb_id: 20
01-01 08:01:53.119 0 0 I afe_find_cal_topo_id_by_port: top_id:112fc acdb_id:20 afe_port_id:0x400e
01-01 08:01:53.119 0 0 I afe_get_cal_topology_id: port_id = 0x400e acdb_id = 20 topology_id = 0x112fc cal_type_index=8 ret=0
01-01 08:01:53.120 0 0 I afe_send_port_topology_id: AFE set topology id 0x112fc enable for port 0x400e ret 0
01-01 08:01:53.120 0 0 I send_afe_cal_type: cal_index is 0
01-01 08:01:53.120 0 0 I send_afe_cal_type: dev_acdb_id[119] is 20
01-01 08:01:53.120 0 0 I afe_find_cal: cal_index 0 port_id 0x400e port_index 119
01-01 08:01:53.120 0 0 I afe_find_cal: acdb_id 20 dev_acdb_id 20 sample_rate 48000 afe_sample_rates 44100
01-01 08:01:53.120 0 0 I afe_find_cal: no matching cal_block found
01-01 08:01:53.120 0 0 E : send_afe_cal_type cal_block not found!!
01-01 08:01:53.121 0 0 I logd : logdr: UID=1047 GID=1005 PID=4143 n tail=0 logMask=1 pid=4138 start=0ns deadline=0ns
01-01 08:01:53.125 0 0 I afe_send_hw_delay: port_id 0x400e rate 44100 delay_usec 0 status 0
10-14 01:24:42.922 4143 4143 F DEBUG : *** *** *** *** *** *** *** *** *** *** *** *** *** *** *** ***
10-14 01:24:42.922 4143 4143 F DEBUG : Build fingerprint: 'TC/figure_CN/figure:12/SKQ1.220201.001/1107:userdebug/test-keys'
10-14 01:24:42.922 4143 4143 F DEBUG : Revision: '0'
10-14 01:24:42.922 4143 4143 F DEBUG : ABI: 'arm64'
10-14 01:24:42.922 4143 4143 F DEBUG : Timestamp: 2022-10-14 01:24:42.686829871+0800
10-14 01:24:42.923 4143 4143 F DEBUG : Process uptime: 0s
10-14 01:24:42.923 4143 4143 F DEBUG : Cmdline: /vendor/bin/hw/android.hardware.camera.provider@2.4-service_64
10-14 01:24:42.923 4143 4143 F DEBUG : pid: 4138, tid: 4138, name: android.hardwar >>> /vendor/bin/hw/android.hardware.camera.provider@2.4-service_64 <<<
10-14 01:24:42.923 4143 4143 F DEBUG : uid: 1047
10-14 01:24:42.923 4143 4143 F DEBUG : signal 6 (SIGABRT), code -6 (SI_TKILL), fault addr --------
10-14 01:24:42.923 4143 4143 F DEBUG : x0 0000000000000000 x1 000000000000102a x2 0000000000000006 x3 0000000000000000
10-14 01:24:42.923 4143 4143 F DEBUG : x4 00000000000cd288 x5 00000000000cd288 x6 00000000000cd288 x7 7f7f7f7f7f7f7f7f
10-14 01:24:42.923 4143 4143 F DEBUG : x8 0000000000000083 x9 672340e1b8a2dbd7 x10 0000007fd2cffb38 x11 fffffffffffffffd
10-14 01:24:42.923 4143 4143 F DEBUG : x12 0000006ed5982000 x13 0000000000000000 x14 0000007fd2d002c0 x15 0000000034155555
10-14 01:24:42.924 4143 4143 F DEBUG : x16 00000071ed6685a0 x17 00000071ed6447c0 x18 00000071efe34000 x19 0000006ed4055565
10-14 01:24:42.924 4143 4143 F DEBUG : x20 b400006efa3b3330 x21 00000071ef643000 x22 0000007fd2d0079c x23 0000006ed47ccaa0
10-14 01:24:42.924 4143 4143 F DEBUG : x24 0000006ed476cfc0 x25 0000006ed4716db0 x26 0000000000000060 x27 0000000000000000
10-14 01:24:42.924 4143 4143 F DEBUG : x28 b400006f2a3aee68 x29 0000007fd2d2cbe0
10-14 01:24:42.924 4143 4143 F DEBUG : lr 0000006ed464e7dc sp 0000007fd2d00730 pc 00000071ed6447cc pst 0000000000001000
10-14 01:24:42.924 4143 4143 F DEBUG : backtrace:
10-14 01:24:42.925 4143 4143 F DEBUG : #00 pc 00000000000a17cc /apex/com.android.runtime/lib64/bionic/libc.so (tgkill+12) (BuildId: 369edc656806aeaf384cbeb8f7a347af)
10-14 01:24:42.925 4143 4143 F DEBUG : #01 pc 00000000006457d8 /vendor/lib64/hw/camera.qcom.so (CamX::HwEnvironment::GetInstance() (.cfi)+6368) (BuildId: 577757f361f69c46328d4dcf9bd6aaaf)
10-14 01:24:42.925 4143 4143 F DEBUG : #02 pc 0000000000266a50 /vendor/lib64/hw/camera.qcom.so (CamX::HAL3Module::GetInstance()+664) (BuildId: 577757f361f69c46328d4dcf9bd6aaaf)
10-14 01:24:42.925 4143 4143 F DEBUG : #03 pc 000000000025a294 /vendor/lib64/hw/camera.qcom.so (CamX::get_number_of_cameras() (.cfi)+84) (BuildId: 577757f361f69c46328d4dcf9bd6aaaf)
10-14 01:24:42.925 4143 4143 F DEBUG : #04 pc 0000000000034908 /vendor/lib64/android.hardware.camera.provider@2.4-legacy.so (android::hardware::camera::common::V1_0::helper::CameraModule::init()+200) (BuildId: c456d5ffa961e6c6954debfeaac86fd5)
10-14 01:24:42.925 4143 4143 F DEBUG : #05 pc 0000000000026e48 /vendor/lib64/android.hardware.camera.provider@2.4-legacy.so (android::hardware::camera::provider::V2_4::implementation::LegacyCameraProviderImpl_2_4::initialize()+140) (BuildId: c456d5ffa961e6c6954debfeaac86fd5)
10-14 01:24:42.925 4143 4143 F DEBUG : #06 pc 0000000000026638 /vendor/lib64/android.hardware.camera.provider@2.4-legacy.so (android::hardware::camera::provider::V2_4::implementation::LegacyCameraProviderImpl_2_4::LegacyCameraProviderImpl_2_4()+160) (BuildId: c456d5ffa961e6c6954debfeaac86fd5)
10-14 01:24:42.925 4143 4143 F DEBUG : #07 pc 000000000000415c /vendor/lib64/hw/android.hardware.camera.provider@2.4-impl.so (android::hardware::camera::provider::V2_4::implementation::CameraProvider* android::hardware::camera::provider::V2_4::implementation::getProviderImpl() (.cfi)+64) (BuildId: 5e2f33df9f94aadf6b2d7d01985be38c)
10-14 01:24:42.926 4143 4143 F DEBUG : #08 pc 0000000000051d94 /apex/com.android.vndk.v30/lib64/libhidlbase.so (android::hardware::PassthroughServiceManager::get(android::hardware::hidl_string const&, android::hardware::hidl_string const&)::'lambda'(void*, std::__1::basic_string, std::__1::allocator > const&, std::__1::basic_string, std::__1::allocator > const&)::operator()(void*, std::__1::basic_string, std::__1::allocator > const&, std::__1::basic_string, std::__1::allocator > const&) const+96) (BuildId: fc3e2389a057aeefafa6557f6d78a06b)
10-14 01:24:42.926 4143 4143 F DEBUG : #09 pc 000000000004cdf0 /apex/com.android.vndk.v30/lib64/libhidlbase.so (android::hardware::PassthroughServiceManager::openLibs(std::__1::basic_string, std::__1::allocator > const&, std::__1::function, std::__1::allocator > const&, std::__1::basic_string, std::__1::allocator > const&)> const&)+944) (BuildId: fc3e2389a057aeefafa6557f6d78a06b)
10-14 01:24:42.926 4143 4143 F DEBUG : #10 pc 00000000000502a0 /apex/com.android.vndk.v30/lib64/libhidlbase.so (android::hardware::PassthroughServiceManager::get(android::hardware::hidl_string const&, android::hardware::hidl_string const&)+92) (BuildId: fc3e2389a057aeefafa6557f6d78a06b)
10-14 01:24:42.926 4143 4143 F DEBUG : #11 pc 000000000004dd8c /apex/com.android.vndk.v30/lib64/libhidlbase.so (android::hardware::details::getRawServiceInternal(std::__1::basic_string, std::__1::allocator > const&, std::__1::basic_string, std::__1::allocator > const&, bool, bool)+1488) (BuildId: fc3e2389a057aeefafa6557f6d78a06b)
10-14 01:24:42.926 4143 4143 F DEBUG : #12 pc 000000000004b91c /apex/com.android.vndk.v30/lib64/libhidlbase.so (android::hardware::details::registerPassthroughServiceImplementation(std::__1::basic_string, std::__1::allocator > const&, std::__1::basic_string, std::__1::allocator > const&, std::__1::function const&, std::__1::basic_string, std::__1::allocator > const&)>, std::__1::basic_string, std::__1::allocator > const&)+80) (BuildId: fc3e2389a057aeefafa6557f6d78a06b)
10-14 01:24:42.926 4143 4143 F DEBUG : #13 pc 000000000004bc9c /apex/com.android.vndk.v30/lib64/libhidlbase.so (android::hardware::registerPassthroughServiceImplementation(std::__1::basic_string, std::__1::allocator > const&, std::__1::basic_string, std::__1::allocator > const&, std::__1::basic_string, std::__1::allocator > const&)+56) (BuildId: fc3e2389a057aeefafa6557f6d78a06b)
10-14 01:24:42.926 4143 4143 F DEBUG : #14 pc 0000000000001130 /vendor/bin/hw/android.hardware.camera.provider@2.4-service_64 (main.cfi+196) (BuildId: a1ba6e409ca848af1f0b7c62860af7da)
10-14 01:24:42.926 4143 4143 F DEBUG : #15 pc 000000000004a084 /apex/com.android.runtime/lib64/bionic/libc.so (__libc_init+100) (BuildId: 369edc656806aeaf384cbeb8f7a347af)
10-14 01:24:42.953 1132 1889 W NativeCrashListener: Couldn't find ProcessRecord for pid 4138
01-01 08:01:53.212 0 0 I init : Untracked pid 4143 exited with status 0
01-01 08:01:53.218 0 0 I init : Service 'vendor.camera-provider-2-4' (pid 4138) received signal 6
01-01 08:01:53.218 0 0 I init : Sending signal 9 to service 'vendor.camera-provider-2-4' (pid 4138) process group...
01-01 08:01:53.226 0 0 D : mv2112_read_status
01-01 08:01:53.226 0 0 D mv2112_update_link: 3.0x901(1G): 0x4
01-01 08:01:53.226 0 0 D mv2112_update_link: 3.0x8109(100M): 0x8
01-01 08:01:53.226 0 0 D mv2112_update_link: link 0x4
01-01 08:01:53.226 0 0 D mv2112_read_status: autoneg is disabled
10-14 01:24:42.995 1132 1658 I BootReceiver: Copying /data/tombstones/tombstone_29 to DropBox (SYSTEM_TOMBSTONE)
10-14 01:24:42.997 1132 1658 I DropBoxManagerService: add tag=SYSTEM_TOMBSTONE isTagEnabled=true flags=0x6
01-01 08:01:53.270 0 0 I libprocessgroup: Successfully killed process cgroup uid 1047 pid 4138 in 52ms
10-14 01:24:43.022 1132 1658 E NativeTombstoneManager: Tombstone's UID (1047) not an app, ignoring
10-14 01:24:43.023 1132 1658 I DropBoxManagerService: add tag=SYSTEM_TOMBSTONE_PROTO isTagEnabled=true flags=0x4
01-01 08:01:53.277 0 0 I init : Untracked pid 4145 exited with status 0
01-01 08:01:54.250 0 0 D : mv2112_read_status
01-01 08:01:54.250 0 0 D mv2112_update_link: 3.0x901(1G): 0x4
01-01 08:01:54.251 0 0 D mv2112_update_link: 3.0x8109(100M): 0x8
01-01 08:01:54.251 0 0 D mv2112_update_link: link 0x4
01-01 08:01:54.251 0 0 D mv2112_read_status: autoneg is disabled
10-14 01:24:44.018 1132 1922 I ActivityTaskManager: START u0 {act=android.settings.SETTINGS flg=0x14000000 cmp=com.android.settings/.homepage.SettingsHomepageActivity} from uid 10087
10-14 01:24:44.026 1132 1922 W ActivityTaskManager: Can't find TaskDisplayArea to determine support for multi window. Task id=18 attached=false
10-14 01:24:44.034 1132 1922 D CompatibilityChangeReporter: Compat change id reported: 174042980; UID 1000; state: DISABLED
10-14 01:24:44.056 1890 2035 D PhoneStartingWindowTypeAlgorithm: preferredStartingWindowType newTask:true taskSwitch:true processRunning:true allowTaskSnapshot:true activityCreated:false useEmptySplashScreen:true legacySplashScreen:false topIsHome:false
10-14 01:24:44.056 1890 2035 D StartingSurfaceDrawer: addSplashScreen com.android.settings theme=7f13033e task=18 suggestType=3
10-14 01:24:44.068 1132 1928 I ActivityTaskManager: FOREGROUND_APPLICATION_CHANGED to com.android.settings.homepage.SettingsHomepageActivity
10-14 01:24:44.070 1132 1928 I ActivityTaskManager: The Process com.android.settings Already Exists in BG. So sending its PID: 2345
10-14 01:24:44.071 1132 1928 W ActivityTaskManager: Tried to set launchTime (0) < mLastActivityLaunchTime (47229)
10-14 01:24:44.079 1132 1928 D CompatibilityChangeReporter: Compat change id reported: 181136395; UID 1000; state: DISABLED
10-14 01:24:44.081 1132 1928 D CompatibilityChangeReporter: Compat change id reported: 174042936; UID 1000; state: DISABLED
10-14 01:24:44.083 1890 2036 D StartingSurfaceDrawer: window attributes color: 0 icon null duration 0 brandImage null
10-14 01:24:44.085 1890 2036 D StartingSurfaceDrawer: fillViewWithIcon surfaceWindowView android.window.SplashScreenView{934538f V.E...... ......ID 0,0-0,0}
10-14 01:24:44.217 1132 2015 E UserRestrictionsUtils: Unknown restriction queried by uid 1000 (com.qualcomm.qti.qdma et al): null
10-14 01:24:44.414 1132 2646 E UserRestrictionsUtils: Unknown restriction queried by uid 1000 (com.qualcomm.qti.qdma et al): null
10-14 01:24:44.460 1890 2035 D StartingSurfaceDrawer: Task start finish, remove starting surface for task 18
10-14 01:24:44.461 1890 2035 V StartingSurfaceDrawer: Removing splash screen window for task: 18
10-14 01:24:44.548 1132 2015 E UserRestrictionsUtils: Unknown restriction queried by uid 1000 (com.qualcomm.qti.qdma et al): null
01-01 08:01:54.941 0 0 I [schedu][0x81f09675][01:24:44.688926] wlan: [2585:I:OSIF] scan start scan id 40961
10-14 01:24:44.913 1132 1132 W NotificationHistory: Attempted to add notif for locked/gone/disabled user 0
01-01 08:01:55.274 0 0 D : mv2112_read_status
01-01 08:01:55.274 0 0 D mv2112_update_link: 3.0x901(1G): 0x4
01-01 08:01:55.274 0 0 D mv2112_update_link: 3.0x8109(100M): 0x8
01-01 08:01:55.274 0 0 D mv2112_update_link: link 0x4
01-01 08:01:55.274 0 0 D mv2112_read_status: autoneg is disabled
10-14 01:24:45.029 1132 1132 E NotificationService: Muting recently noisy 0|com.android.systemui|2048|null|10087
01-01 08:01:55.919 0 0 I [schedu][0x830f0f2f][01:24:45.666749] wlan: [2585:I:OSIF] vdev 0, scan id 40961 type COMPLETED(1) reason COMPLETED(1) scan found 48 bss
10-14 01:24:45.843 1132 1215 I DropBoxManagerService: add tag=system_app_strictmode isTagEnabled=true flags=0x2
10-14 01:24:45.887 1132 1213 D AutofillManagerService: Close system dialogs
01-01 08:01:56.298 0 0 D : mv2112_read_status
01-01 08:01:56.298 0 0 D mv2112_update_link: 3.0x901(1G): 0x4
01-01 08:01:56.298 0 0 D mv2112_update_link: 3.0x8109(100M): 0x8
01-01 08:01:56.298 0 0 D mv2112_update_link: link 0x4
01-01 08:01:56.298 0 0 D mv2112_read_status: autoneg is disabled
01-01 08:01:57.322 0 0 D : mv2112_read_status
01-01 08:01:57.322 0 0 D mv2112_update_link: 3.0x901(1G): 0x4
01-01 08:01:57.323 0 0 D mv2112_update_link: 3.0x8109(100M): 0x8
01-01 08:01:57.323 0 0 D mv2112_update_link: link 0x4
01-01 08:01:57.323 0 0 D mv2112_read_status: autoneg is disabled
10-14 01:24:47.220 1132 1263 W UsageStatsService: Unexpected activity event reported! (com.thundercomm.mcuupgrade/com.thundercomm.mcuupgrade.MainActivity event : 23 instanceId : 264510796)
01-01 08:01:57.615 0 0 I init : starting service 'vendor.camera-provider-2-4'...
01-01 08:01:57.670 0 0 I init : starting service 'vendor.light-hal-2-0'...
01-01 08:01:57.751 0 0 I init : Service 'vendor.light-hal-2-0' (pid 4199) exited with status 0
01-01 08:01:57.751 0 0 I init : Sending signal 9 to service 'vendor.light-hal-2-0' (pid 4199) process group...
01-01 08:01:57.752 0 0 I libprocessgroup: Successfully killed process cgroup uid 1000 pid 4199 in 0ms
10-14 01:24:47.568 4198 4198 F libc : Fatal signal 6 (SIGABRT), code -6 (SI_TKILL) in tid 4198 (android.hardwar), pid 4198 (android.hardwar)
10-14 01:24:47.702 1132 1215 I DropBoxManagerService: add tag=system_app_strictmode isTagEnabled=true flags=0x2
10-14 01:24:47.732 1132 1213 D AutofillManagerService: Close system dialogs
01-01 08:01:58.174 0 0 I logd : logdr: UID=1047 GID=1005 PID=4202 n tail=0 logMask=8 pid=4198 start=0ns deadline=0ns
01-01 08:01:58.183 0 0 I logd : logdr: UID=1047 GID=1005 PID=4202 n tail=0 logMask=1 pid=4198 start=0ns deadline=0ns
10-14 01:24:47.986 4202 4202 F DEBUG : *** *** *** *** *** *** *** *** *** *** *** *** *** *** *** ***
10-14 01:24:47.986 4202 4202 F DEBUG : Build fingerprint: 'TC/figure_CN/figure:12/SKQ1.220201.001/1107:userdebug/test-keys'
10-14 01:24:47.986 4202 4202 F DEBUG : Revision: '0'
10-14 01:24:47.986 4202 4202 F DEBUG : ABI: 'arm64'
10-14 01:24:47.986 4202 4202 F DEBUG : Timestamp: 2022-10-14 01:24:47.796157421+0800
10-14 01:24:47.986 4202 4202 F DEBUG : Process uptime: 0s
10-14 01:24:47.987 4202 4202 F DEBUG : Cmdline: /vendor/bin/hw/android.hardware.camera.provider@2.4-service_64
10-14 01:24:47.987 4202 4202 F DEBUG : pid: 4198, tid: 4198, name: android.hardwar >>> /vendor/bin/hw/android.hardware.camera.provider@2.4-service_64 <<<
10-14 01:24:47.987 4202 4202 F DEBUG : uid: 1047
10-14 01:24:47.987 4202 4202 F DEBUG : signal 6 (SIGABRT), code -6 (SI_TKILL), fault addr --------
10-14 01:24:47.987 4202 4202 F DEBUG : x0 0000000000000000 x1 0000000000001066 x2 0000000000000006 x3 0000000000000000
10-14 01:24:47.987 4202 4202 F DEBUG : x4 00000000000cd288 x5 00000000000cd288 x6 00000000000cd288 x7 7f7f7f7f7f7f7f7f
10-14 01:24:47.987 4202 4202 F DEBUG : x8 0000000000000083 x9 6ad8d2c7b2beeb44 x10 0000007fe10ac608 x11 fffffffffffffffd
10-14 01:24:47.987 4202 4202 F DEBUG : x12 0000006cbb78c000 x13 0000000000000000 x14 0000007fe10acd90 x15 0000000034155555
10-14 01:24:47.988 4202 4202 F DEBUG : x16 0000006fcf5485a0 x17 0000006fcf5247c0 x18 0000006fd3f02000 x19 0000006cb9e5f565
10-14 01:24:47.988 4202 4202 F DEBUG : x20 b400006cddd1c030 x21 0000006fd3595000 x22 0000007fe10ad26c x23 0000006cba5d6aa0
10-14 01:24:47.988 4202 4202 F DEBUG : x24 0000006cba576fc0 x25 0000006cba520db0 x26 0000000000000060 x27 0000000000000000
10-14 01:24:47.988 4202 4202 F DEBUG : x28 b400006d0dd196e8 x29 0000007fe10d96b0
10-14 01:24:47.988 4202 4202 F DEBUG : lr 0000006cba4587dc sp 0000007fe10ad200 pc 0000006fcf5247cc pst 0000000000001000
10-14 01:24:47.988 4202 4202 F DEBUG : backtrace:
10-14 01:24:47.988 4202 4202 F DEBUG : #00 pc 00000000000a17cc /apex/com.android.runtime/lib64/bionic/libc.so (tgkill+12) (BuildId: 369edc656806aeaf384cbeb8f7a347af)
10-14 01:24:47.988 4202 4202 F DEBUG : #01 pc 00000000006457d8 /vendor/lib64/hw/camera.qcom.so (CamX::HwEnvironment::GetInstance() (.cfi)+6368) (BuildId: 577757f361f69c46328d4dcf9bd6aaaf)
10-14 01:24:47.989 4202 4202 F DEBUG : #02 pc 0000000000266a50 /vendor/lib64/hw/camera.qcom.so (CamX::HAL3Module::GetInstance()+664) (BuildId: 577757f361f69c46328d4dcf9bd6aaaf)
10-14 01:24:47.989 4202 4202 F DEBUG : #03 pc 000000000025a294 /vendor/lib64/hw/camera.qcom.so (CamX::get_number_of_cameras() (.cfi)+84) (BuildId: 577757f361f69c46328d4dcf9bd6aaaf)
10-14 01:24:47.989 4202 4202 F DEBUG : #04 pc 0000000000034908 /vendor/lib64/android.hardware.camera.provider@2.4-legacy.so (android::hardware::camera::common::V1_0::helper::CameraModule::init()+200) (BuildId: c456d5ffa961e6c6954debfeaac86fd5)
10-14 01:24:47.989 4202 4202 F DEBUG : #05 pc 0000000000026e48 /vendor/lib64/android.hardware.camera.provider@2.4-legacy.so (android::hardware::camera::provider::V2_4::implementation::LegacyCameraProviderImpl_2_4::initialize()+140) (BuildId: c456d5ffa961e6c6954debfeaac86fd5)
10-14 01:24:47.989 4202 4202 F DEBUG : #06 pc 0000000000026638 /vendor/lib64/android.hardware.camera.provider@2.4-legacy.so (android::hardware::camera::provider::V2_4::implementation::LegacyCameraProviderImpl_2_4::LegacyCameraProviderImpl_2_4()+160) (BuildId: c456d5ffa961e6c6954debfeaac86fd5)
10-14 01:24:47.989 4202 4202 F DEBUG : #07 pc 000000000000415c /vendor/lib64/hw/android.hardware.camera.provider@2.4-impl.so (android::hardware::camera::provider::V2_4::implementation::CameraProvider* android::hardware::camera::provider::V2_4::implementation::getProviderImpl() (.cfi)+64) (BuildId: 5e2f33df9f94aadf6b2d7d01985be38c)
10-14 01:24:47.989 4202 4202 F DEBUG : #08 pc 0000000000051d94 /apex/com.android.vndk.v30/lib64/libhidlbase.so (android::hardware::PassthroughServiceManager::get(android::hardware::hidl_string const&, android::hardware::hidl_string const&)::'lambda'(void*, std::__1::basic_string, std::__1::allocator > const&, std::__1::basic_string, std::__1::allocator > const&)::operator()(void*, std::__1::basic_string, std::__1::allocator > const&, std::__1::basic_string, std::__1::allocator > const&) const+96) (BuildId: fc3e2389a057aeefafa6557f6d78a06b)
10-14 01:24:47.989 4202 4202 F DEBUG : #09 pc 000000000004cdf0 /apex/com.android.vndk.v30/lib64/libhidlbase.so (android::hardware::PassthroughServiceManager::openLibs(std::__1::basic_string, std::__1::allocator > const&, std::__1::function, std::__1::allocator > const&, std::__1::basic_string, std::__1::allocator > const&)> const&)+944) (BuildId: fc3e2389a057aeefafa6557f6d78a06b)
10-14 01:24:47.989 4202 4202 F DEBUG : #10 pc 00000000000502a0 /apex/com.android.vndk.v30/lib64/libhidlbase.so (android::hardware::PassthroughServiceManager::get(android::hardware::hidl_string const&, android::hardware::hidl_string const&)+92) (BuildId: fc3e2389a057aeefafa6557f6d78a06b)
10-14 01:24:47.990 4202 4202 F DEBUG : #11 pc 000000000004dd8c /apex/com.android.vndk.v30/lib64/libhidlbase.so (android::hardware::details::getRawServiceInternal(std::__1::basic_string, std::__1::allocator > const&, std::__1::basic_string, std::__1::allocator > const&, bool, bool)+1488) (BuildId: fc3e2389a057aeefafa6557f6d78a06b)
10-14 01:24:47.990 4202 4202 F DEBUG : #12 pc 000000000004b91c /apex/com.android.vndk.v30/lib64/libhidlbase.so (android::hardware::details::registerPassthroughServiceImplementation(std::__1::basic_string, std::__1::allocator > const&, std::__1::basic_string, std::__1::allocator > const&, std::__1::function const&, std::__1::basic_string, std::__1::allocator > const&)>, std::__1::basic_string, std::__1::allocator > const&)+80) (BuildId: fc3e2389a057aeefafa6557f6d78a06b)
10-14 01:24:47.990 4202 4202 F DEBUG : #13 pc 000000000004bc9c /apex/com.android.vndk.v30/lib64/libhidlbase.so (android::hardware::registerPassthroughServiceImplementation(std::__1::basic_string, std::__1::allocator > const&, std::__1::basic_string, std::__1::allocator > const&, std::__1::basic_string, std::__1::allocator > const&)+56) (BuildId: fc3e2389a057aeefafa6557f6d78a06b)
10-14 01:24:47.990 4202 4202 F DEBUG : #14 pc 0000000000001130 /vendor/bin/hw/android.hardware.camera.provider@2.4-service_64 (main.cfi+196) (BuildId: a1ba6e409ca848af1f0b7c62860af7da)
10-14 01:24:47.990 4202 4202 F DEBUG : #15 pc 000000000004a084 /apex/com.android.runtime/lib64/bionic/libc.so (__libc_init+100) (BuildId: 369edc656806aeaf384cbeb8f7a347af)
10-14 01:24:48.018 1132 1889 W NativeCrashListener: Couldn't find ProcessRecord for pid 4198
01-01 08:01:58.284 0 0 I init : Untracked pid 4202 exited with status 0
01-01 08:01:58.285 0 0 I init : Service 'vendor.camera-provider-2-4' (pid 4198) received signal 6
01-01 08:01:58.285 0 0 I init : Sending signal 9 to service 'vendor.camera-provider-2-4' (pid 4198) process group...
10-14 01:24:48.046 1132 1658 I BootReceiver: Copying /data/tombstones/tombstone_30 to DropBox (SYSTEM_TOMBSTONE)
10-14 01:24:48.047 1132 1658 I DropBoxManagerService: add tag=SYSTEM_TOMBSTONE isTagEnabled=true flags=0x6
10-14 01:24:48.071 1132 1658 E NativeTombstoneManager: Tombstone's UID (1047) not an app, ignoring
10-14 01:24:48.073 1132 1658 I DropBoxManagerService: add tag=SYSTEM_TOMBSTONE_PROTO isTagEnabled=true flags=0x4
01-01 08:01:58.340 0 0 I libprocessgroup: Successfully killed process cgroup uid 1047 pid 4198 in 54ms
01-01 08:01:58.346 0 0 D : mv2112_read_status
01-01 08:01:58.346 0 0 D mv2112_update_link: 3.0x901(1G): 0x4
01-01 08:01:58.347 0 0 D mv2112_update_link: 3.0x8109(100M): 0x8
01-01 08:01:58.347 0 0 D mv2112_update_link: link 0x4
01-01 08:01:58.347 0 0 D mv2112_read_status: autoneg is disabled
01-01 08:01:58.347 0 0 I init : Untracked pid 4206 exited with status 0
10-14 01:24:48.098 1132 2887 E TaskPersister: File error accessing recents directory (directory doesn't exist?).
01-01 08:01:59.370 0 0 D : mv2112_read_status
01-01 08:01:59.370 0 0 D mv2112_update_link: 3.0x901(1G): 0x4
01-01 08:01:59.371 0 0 D mv2112_update_link: 3.0x8109(100M): 0x8
01-01 08:01:59.371 0 0 D mv2112_update_link: link 0x4
01-01 08:01:59.371 0 0 D mv2112_read_status: autoneg is disabled
10-14 01:24:49.157 1132 1214 D AutofillManagerService: onBackKeyPressed()
10-14 01:24:49.157 1132 1214 D AutofillManagerServiceImpl: Reset component for user 0:
10-14 01:24:49.158 1132 1214 D AutofillUI: destroySaveUiUiThread(): already destroyed
01-01 08:02:00.394 0 0 D : mv2112_read_status
01-01 08:02:00.394 0 0 D mv2112_update_link: 3.0x901(1G): 0x4
01-01 08:02:00.395 0 0 D mv2112_update_link: 3.0x8109(100M): 0x8
01-01 08:02:00.395 0 0 D mv2112_update_link: link 0x4
01-01 08:02:00.395 0 0 D mv2112_read_status: autoneg is disabled
10-14 01:24:50.255 1132 1214 D AutofillManagerService: onBackKeyPressed()
01-01 08:02:01.186 0 0 I afe_close: port_id = 0x400e
01-01 08:02:01.194 0 0 I btfm_slim_disable_ch: port:16, grp: 0, ch->grph:0x0, ch->ch_hdl:0x1d --------- beginning of main
10-14 01:24:50.999 1887 2073 W bt_device_profile: profile_feature_fetch:AVRCP_COVERART_SUPPORT found 1
10-14 01:24:50.999 1887 2073 D bt_btif : btif_rc_upstreams_evt: pdu: AVRC_PDU_REGISTER_NOTIFICATION handle: 0x0 ctype: 3 label: 1 event ID: 1 ver: 104
10-14 01:24:50.999 1887 2073 V Avrcp_ext: registerNotificationRequestFromNative: eventId=1
10-14 01:24:50.999 1887 2073 V Avrcp_ext: Exit registerNotificationRequestFromNative
10-14 01:24:50.999 1887 2633 V Avrcp_ext: AvrcpMessageHandler: received message=4
10-14 01:24:50.999 1887 2633 V Avrcp_ext: MSG_NATIVE_REQ_REGISTER_NOTIFICATION:event=1 param=0
10-14 01:24:51.000 1887 2633 I Avrcp_ext: device found at index 0
10-14 01:24:51.000 1887 2633 V Avrcp_ext: Enter processRegisterNotification
10-14 01:24:51.000 1887 2633 V Avrcp_ext: processRegisterNotification: eventId1
10-14 01:24:51.001 1887 2633 D bt_btif : register_notification_rsp: isShoMcastEnabled: 1
10-14 01:24:51.001 1887 2633 D Avrcp_ext: Exit processRegisterNotification
10-14 01:24:51.001 1887 2633 V Avrcp_ext: Exit handleMessage
10-14 01:24:51.001 1887 2575 D bt_btif : LCB lcb=1 event=UL_MSG_EVT state=LCB_OPEN_ST
10-14 01:24:51.016 1061 1337 I BpBinder: onLastStrongRef automatically unlinking death recipients:
10-14 01:24:51.048 1061 1144 I BpBinder: onLastStrongRef automatically unlinking death recipients:
10-14 01:24:51.050 1132 1214 D AutofillManagerService: onBackKeyPressed()
10-14 01:24:51.085 825 2569 I vendor.qti.bluetooth@1.0-ibs_handler: ProcessIbsCmd: Received IBS_SLEEP_IND: 0xFE
10-14 01:24:51.159 655 666 I mpu_uart: [MSG-P:RECV]:No message received in 1000 ms
01-01 08:02:01.418 0 0 D : mv2112_read_status
01-01 08:02:01.418 0 0 D mv2112_update_link: 3.0x901(1G): 0x4
01-01 08:02:01.419 0 0 D mv2112_update_link: 3.0x8109(100M): 0x8
01-01 08:02:01.419 0 0 D mv2112_update_link: link 0x4
01-01 08:02:01.419 0 0 D mv2112_read_status: autoneg is disabled
10-14 01:24:51.589 1061 1144 I BpBinder: onLastStrongRef automatically unlinking death recipients:
10-14 01:24:51.603 1132 1166 I InputDispatcher: Monitor edge-swipe (server) is stealing touch from [recents_animation_input_consumer (server), ]
10-14 01:24:51.635 1061 1144 I BpBinder: onLastStrongRef automatically unlinking death recipients:
10-14 01:24:51.638 983 983 D vendor.qti.vibrator: Vibrator perform effect 2
10-14 01:24:51.639 983 983 D vendor.qti.vibrator: QTI Vibrator off
10-14 01:24:51.650 1061 1107 I BpBinder: onLastStrongRef automatically unlinking death recipients:
10-14 01:24:51.675 1061 1107 I BpBinder: onLastStrongRef automatically unlinking death recipients:
10-14 01:24:51.684 1061 1144 I BpBinder: onLastStrongRef automatically unlinking death recipients:
10-14 01:24:51.706 1061 1144 I BpBinder: onLastStrongRef automatically unlinking death recipients:
10-14 01:24:51.718 1061 1144 I BpBinder: onLastStrongRef automatically unlinking death recipients:
10-14 01:24:51.734 1061 1144 I BpBinder: onLastStrongRef automatically unlinking death recipients:
10-14 01:24:51.752 1061 1144 I BpBinder: onLastStrongRef automatically unlinking death recipients:
10-14 01:24:51.784 1061 1107 I BpBinder: onLastStrongRef automatically unlinking death recipients:
10-14 01:24:51.804 1061 1107 I BpBinder: onLastStrongRef automatically unlinking death recipients:
10-14 01:24:51.818 1061 1107 I BpBinder: onLastStrongRef automatically unlinking death recipients:
10-14 01:24:51.871 1061 1107 I BpBinder: onLastStrongRef automatically unlinking death recipients:
10-14 01:24:51.875 1132 1214 D AutofillManagerService: onBackKeyPressed()
10-14 01:24:52.002 825 2581 I vendor.qti.bluetooth@1.0-ibs_handler: DeviceSleep: TX Awake, Sending SLEEP_IND
10-14 01:24:52.002 825 2581 D vendor.qti.bluetooth@1.0-ibs_handler: SerialClockVote: vote for UART CLK OFF
10-14 01:24:52.153 825 2416 D vendor.qti.bluetooth@1.0-wake_lock: Release wakelock is released
10-14 01:24:52.159 655 666 I mpu_uart: [MSG-P:RECV]:No message received in 1000 ms
01-01 08:02:02.442 0 0 D : mv2112_read_status
01-01 08:02:02.443 0 0 D mv2112_update_link: 3.0x901(1G): 0x4
01-01 08:02:02.443 0 0 D mv2112_update_link: 3.0x8109(100M): 0x8
01-01 08:02:02.443 0 0 D mv2112_update_link: link 0x4
01-01 08:02:02.443 0 0 D mv2112_read_status: autoneg is disabled
01-01 08:02:02.548 0 0 I qcom_rpmh DRV: apps_rsc TCS Busy, retrying RPMH message send: addr=0x41b08
10-14 01:24:52.377 1061 1337 I BpBinder: onLastStrongRef automatically unlinking death recipients:
10-14 01:24:52.386 1132 2015 I InputDispatcher: Monitor edge-swipe (server) is stealing touch from [recents_animation_input_consumer (server), ]
01-01 08:02:02.656 0 0 I init : starting service 'vendor.camera-provider-2-4'...
10-14 01:24:52.420 1061 1337 I BpBinder: onLastStrongRef automatically unlinking death recipients:
10-14 01:24:52.422 983 983 D vendor.qti.vibrator: Vibrator perform effect 2
10-14 01:24:52.423 983 983 D vendor.qti.vibrator: QTI Vibrator off
01-01 08:02:02.686 0 0 I init : starting service 'vendor.light-hal-2-0'...
10-14 01:24:52.436 1061 1144 I BpBinder: onLastStrongRef automatically unlinking death recipients:
10-14 01:24:52.456 1061 1144 I BpBinder: onLastStrongRef automatically unlinking death recipients:
10-14 01:24:52.470 1061 1144 I BpBinder: onLastStrongRef automatically unlinking death recipients:
10-14 01:24:52.490 4220 4220 I android.hardware.camera.provider@2.4-service: CameraProvider@2.4 legacy service is starting.
10-14 01:24:52.498 506 506 I hwservicemanager: getTransport: Cannot find entry android.hardware.light@2.0::ILight/default in either framework or device VINTF manifest.
10-14 01:24:52.500 1061 1107 I BpBinder: onLastStrongRef automatically unlinking death recipients:
10-14 01:24:52.502 4222 4222 E light : light_open lights keyboard failed: -22
10-14 01:24:52.503 4222 4222 E light : Light passthrough failed to load legacy HAL.
10-14 01:24:52.505 4222 4222 E light : light_open lights buttons failed: -22
10-14 01:24:52.505 4222 4222 E light : Light passthrough failed to load legacy HAL.
10-14 01:24:52.507 4222 4222 E light : light_open lights bluetooth failed: -22
10-14 01:24:52.507 4222 4222 E light : Light passthrough failed to load legacy HAL.
10-14 01:24:52.508 4222 4222 E light : light_open lights wifi failed: -22
10-14 01:24:52.508 4222 4222 E light : Light passthrough failed to load legacy HAL.
10-14 01:24:52.509 506 506 I hwservicemanager: getTransport: Cannot find entry android.hardware.light@2.0::ILight/default in either framework or device VINTF manifest.
10-14 01:24:52.509 1061 1144 I BpBinder: onLastStrongRef automatically unlinking death recipients:
10-14 01:24:52.510 4222 4222 E HidlServiceManagement: Service android.hardware.light@2.0::ILight/default must be in VINTF manifest in order to register/get.
10-14 01:24:52.510 4222 4222 E LegacySupport: Could not register service android.hardware.light@2.0::ILight/default (-2147483648).
01-01 08:02:02.766 0 0 I init : Service 'vendor.light-hal-2-0' (pid 4222) exited with status 0
01-01 08:02:02.766 0 0 I init : Sending signal 9 to service 'vendor.light-hal-2-0' (pid 4222) process group...
01-01 08:02:02.767 0 0 I libprocessgroup: Successfully killed process cgroup uid 1000 pid 4222 in 0ms
10-14 01:24:52.519 1061 1144 I BpBinder: onLastStrongRef automatically unlinking death recipients:
10-14 01:24:52.534 4220 4220 I android.hardware.camera.provider@2.4-service_64: vendor/qcom/proprietary/adsprpc/src/rpcmem_android.c:159: rpcmem_init_internal: opened ION device fd 7, configured heap IDs: system (0x2000000), contig (0x400000), secure (0x200), secure flags (0x80080000)
10-14 01:24:52.534 4220 4220 I android.hardware.camera.provider@2.4-service_64: vendor/qcom/proprietary/adsprpc/src/fastrpc_apps_user.c:3087: fastrpc_apps_user_init done with default domain:3 and &fastrpc_trace:0x7bd0a4afa0
10-14 01:24:52.535 1061 1144 I BpBinder: onLastStrongRef automatically unlinking death recipients:
10-14 01:24:52.540 4220 4220 I CamX : [CONFIG][HAL ] camxhal3module.cpp:390 HAL3Module() ***************************************************
10-14 01:24:52.540 4220 4220 I CamX : [CONFIG][HAL ] camxhal3module.cpp:391 HAL3Module() SHA1: cc1621d2e75ae03bfead45bbe55727e1cc5628da
10-14 01:24:52.540 4220 4220 I CamX : [CONFIG][HAL ] camxhal3module.cpp:392 HAL3Module() COMMITID: Idb68db42247a19ec22cc1114151df90ed3f20fb5
10-14 01:24:52.540 4220 4220 I CamX : [CONFIG][HAL ] camxhal3module.cpp:393 HAL3Module() BUILD TS: 10/14/2022 2:59:10
10-14 01:24:52.540 4220 4220 I CamX : [CONFIG][HAL ] camxhal3module.cpp:394 HAL3Module() ***************************************************
10-14 01:24:52.552 1061 1144 I BpBinder: onLastStrongRef automatically unlinking death recipients:
10-14 01:24:52.555 4220 4220 V CamX : [ VERB][CORE ] camxoverridesettingsfile.cpp:385 Initialize() Could not find override settings text file at: /vendor/etc/camera/camxoverridesettings.txt
10-14 01:24:52.555 4220 4220 V CamX : [ VERB][CORE ] camxoverridesettingsfile.cpp:385 Initialize() Could not find override settings text file at: ./camxoverridesettings.txt
10-14 01:24:52.555 4220 4220 V CamX : [ VERB][UTILS ] camxhashmap.cpp:210 GetInPlace() Key not found
10-14 01:24:52.555 4220 4220 V CamX : [ VERB][UTILS ] camxhashmap.cpp:210 GetInPlace() Key not found
10-14 01:24:52.555 4220 4220 V CamX : [ VERB][UTILS ] camxhashmap.cpp:210 GetInPlace() Key not found
10-14 01:24:52.555 4220 4220 V CamX : [ VERB][UTILS ] camxhashmap.cpp:210 GetInPlace() Key not found
10-14 01:24:52.555 4220 4220 V CamX : [ VERB][UTILS ] camxhashmap.cpp:210 GetInPlace() Key not found
10-14 01:24:52.555 4220 4220 V CamX : [ VERB][UTILS ] camxhashmap.cpp:210 GetInPlace() Key not found
10-14 01:24:52.555 4220 4220 V CamX : [ VERB][UTILS ] camxhashmap.cpp:210 GetInPlace() Key not found
10-14 01:24:52.555 4220 4220 V CamX : [ VERB][UTILS ] camxhashmap.cpp:210 GetInPlace() Key not found
10-14 01:24:52.555 4220 4220 V CamX : [ VERB][UTILS ] camxhashmap.cpp:210 GetInPlace() Key not found
10-14 01:24:52.555 4220 4220 V CamX : [ VERB][UTILS ] camxhashmap.cpp:210 GetInPlace() Key not found
10-14 01:24:52.555 4220 4220 V CamX : [ VERB][UTILS ] camxhashmap.cpp:210 GetInPlace() Key not found
10-14 01:24:52.555 4220 4220 V CamX : [ VERB][UTILS ] camxhashmap.cpp:210 GetInPlace() Key not found
10-14 01:24:52.555 4220 4220 V CamX : [ VERB][UTILS ] camxhashmap.cpp:210 GetInPlace() Key not found
10-14 01:24:52.555 4220 4220 V CamX : [ VERB][UTILS ] camxhashmap.cpp:210 GetInPlace() Key not found
