10-14 01:24:55.970 1459 2732 D LOWI-9.0.0.87.a: [LOWI-Scan] BSS f4:a4:d6:51:0e:10 FREQ: 5300, cFreq1[40:80:160] = [5310:0:0] cFreq2 = 0 Country Code = CN
10-14 01:24:55.970 1459 2732 D LOWI-9.0.0.87.a: [LOWI-Scan] BSS f4:a4:d6:51:0e:10 (wlan0) ASSO: NO AddInfo: 0x1, TSF 0, 00:01:58.209, RSSI: -100, CPL: 127, AGE: 336, SSID guest, TSFDelta: 0x7a03ca5c, TXRate: 0
10-14 01:24:55.970 1459 2732 D LOWI-9.0.0.87.a: [LOWI-Scan]
10-14 01:24:55.970 1459 2732 D LOWI-9.0.0.87.a: [LOWI-Scan] print_bss_handler: Report beacon TSF 118209594 as it greater than probe TSF 118158467
10-14 01:24:55.970 1459 2732 D LOWI-9.0.0.87.a: [LOWI-Scan] decode_rsn_wpa_ie: LOWI_ENCRYPTION_TYPE_WPA_PSK
10-14 01:24:55.970 1459 2732 D LOWI-9.0.0.87.a: [LOWI-Scan] is_qcom_ie, bss_age: 0
10-14 01:24:55.970 1459 2732 D LOWI-9.0.0.87.a: [LOWI-Scan] BSS f4:a4:d6:51:0e:14 LOWI_PHY_MODE_11AC_VHT40(9), Beacon Interval: 100, LOWI_ENCRYPTION_TYPE_WPA_PSK 11mcRanging: No, ANQP: No, LCI: No, Civic: No, capability(0x1511): ESS Privacy SpectrumMgmt ShortSlotTime
10-14 01:24:55.970 1459 2732 D LOWI-9.0.0.87.a: [LOWI-Scan] BSS f4:a4:d6:51:0e:14 FREQ: 5300, cFreq1[40:80:160] = [5310:0:0] cFreq2 = 0 Country Code = CN
10-14 01:24:55.970 1459 2732 D LOWI-9.0.0.87.a: [LOWI-Scan] BSS f4:a4:d6:51:0e:14 (wlan0) ASSO: NO AddInfo: 0x1, TSF 0, 00:01:58.209, RSSI: -100, CPL: 127, AGE: 336, SSID thundersoft, TSFDelta: 0x7a10d61d, TXRate: 0
10-14 01:24:55.971 1459 2732 D LOWI-9.0.0.87.a: [LOWI-Scan]
10-14 01:24:55.971 1459 2732 D LOWI-9.0.0.87.a: [LOWI-Scan] print_bss_handler: Report Probe TSF 118124430 as it greater than Beacon TSF 118118576
10-14 01:24:55.971 1459 2732 D LOWI-9.0.0.87.a: [LOWI-Scan] decode_rsn_wpa_ie: LOWI_ENCRYPTION_TYPE_WPA_PSK
10-14 01:24:55.971 1459 2732 D LOWI-9.0.0.87.a: [LOWI-Scan] is_qcom_ie, bss_age: 0
10-14 01:24:55.971 1459 2732 D LOWI-9.0.0.87.a: [LOWI-Scan] BSS f4:a4:d6:51:0d:30 LOWI_PHY_MODE_11AC_VHT40(9), Beacon Interval: 100, LOWI_ENCRYPTION_TYPE_WPA_PSK 11mcRanging: No, ANQP: No, LCI: No, Civic: No, capability(0x1511): ESS Privacy SpectrumMgmt ShortSlotTime
10-14 01:24:55.971 1459 2732 D LOWI-9.0.0.87.a: [LOWI-Scan] BSS f4:a4:d6:51:0d:30 FREQ: 5300, cFreq1[40:80:160] = [5310:0:0] cFreq2 = 0 Country Code = CN
10-14 01:24:55.971 1459 2732 D LOWI-9.0.0.87.a: [LOWI-Scan] BSS f4:a4:d6:51:0d:30 (wlan0) ASSO: NO AddInfo: 0x0, TSF 0, 00:01:58.124, RSSI: -160, CPL: 127, AGE: 420, SSID guest, TSFDelta: 0x8a7ce4a, TXRate: 0
10-14 01:24:55.971 1459 2732 D LOWI-9.0.0.87.a: [LOWI-Scan]
10-14 01:24:55.972 1459 2732 D LOWI-9.0.0.87.a: [LOWI-Scan] print_bss_handler: Report Probe TSF 118155177 as it greater than Beacon TSF 118119344
10-14 01:24:55.972 1459 2732 D LOWI-9.0.0.87.a: [LOWI-Scan] decode_rsn_wpa_ie: LOWI_ENCRYPTION_TYPE_WPA_PSK
10-14 01:24:55.972 1459 2732 D LOWI-9.0.0.87.a: [LOWI-Scan] is_qcom_ie, bss_age: 0
10-14 01:24:55.972 1459 2732 D LOWI-9.0.0.87.a: [LOWI-Scan] BSS f4:a4:d6:51:0d:31 LOWI_PHY_MODE_11AC_VHT40(9), Beacon Interval: 100, LOWI_ENCRYPTION_TYPE_WPA_PSK 11mcRanging: No, ANQP: No, LCI: No, Civic: No, capability(0x1511): ESS Privacy SpectrumMgmt ShortSlotTime
10-14 01:24:55.972 1459 2732 D LOWI-9.0.0.87.a: [LOWI-Scan] BSS f4:a4:d6:51:0d:31 FREQ: 5300, cFreq1[40:80:160] = [5310:0:0] cFreq2 = 0 Country Code = CN
10-14 01:24:55.972 1459 2732 D LOWI-9.0.0.87.a: [LOWI-Scan] BSS f4:a4:d6:51:0d:31 (wlan0) ASSO: NO AddInfo: 0x0, TSF 0, 00:01:58.155, RSSI: -158, CPL: 127, AGE: 392, SSID thundercomm, TSFDelta: 0x96f0b4f, TXRate: 0
10-14 01:24:55.972 1459 2732 D LOWI-9.0.0.87.a: [LOWI-Scan]
10-14 01:24:55.972 1459 2732 D LOWI-9.0.0.87.a: [LOWI-Scan] print_bss_handler: Report Probe TSF 118156903 as it greater than Beacon TSF 118121358
10-14 01:24:55.972 1459 2732 D LOWI-9.0.0.87.a: [LOWI-Scan] decode_rsn_wpa_ie: LOWI_ENCRYPTION_TYPE_WPA_PSK
10-14 01:24:55.972 1459 2732 D LOWI-9.0.0.87.a: [LOWI-Scan] is_qcom_ie, bss_age: 0
10-14 01:24:55.972 1459 2732 D LOWI-9.0.0.87.a: [LOWI-Scan] BSS f4:a4:d6:51:0d:34 LOWI_PHY_MODE_11AC_VHT40(9), Beacon Interval: 100, LOWI_ENCRYPTION_TYPE_WPA_PSK 11mcRanging: No, ANQP: No, LCI: No, Civic: No, capability(0x1511): ESS Privacy SpectrumMgmt ShortSlotTime
10-14 01:24:55.972 1459 2732 D LOWI-9.0.0.87.a: [LOWI-Scan] BSS f4:a4:d6:51:0d:34 FREQ: 5300, cFreq1[40:80:160] = [5310:0:0] cFreq2 = 0 Country Code = CN
10-14 01:24:55.972 1459 2732 D LOWI-9.0.0.87.a: [LOWI-Scan] BSS f4:a4:d6:51:0d:34 (wlan0) ASSO: NO AddInfo: 0x0, TSF 0, 00:01:58.156, RSSI: -158, CPL: 127, AGE: 428, SSID thundersoft, TSFDelta: 0x97758e5, TXRate: 0
10-14 01:24:55.973 1459 2732 D LOWI-9.0.0.87.a: [LOWI-Scan]
10-14 01:24:55.973 1459 2732 D LOWI-9.0.0.87.a: [LOWI-Scan] print_bss_handler: Report Probe TSF 118171249 as it greater than Beacon TSF 108127403
10-14 01:24:55.973 1459 2732 D LOWI-9.0.0.87.a: [LOWI-Scan] decode_rsn_wpa_ie: LOWI_ENCRYPTION_TYPE_WPA_PSK
10-14 01:24:55.973 1459 2732 D LOWI-9.0.0.87.a: [LOWI-Scan] is_qcom_ie, bss_age: 0
10-14 01:24:55.973 1459 2732 D LOWI-9.0.0.87.a: [LOWI-Scan] BSS f4:a4:d6:51:0d:f4 LOWI_PHY_MODE_11AC_VHT40(9), Beacon Interval: 100, LOWI_ENCRYPTION_TYPE_WPA_PSK 11mcRanging: No, ANQP: No, LCI: No, Civic: No, capability(0x1511): ESS Privacy SpectrumMgmt ShortSlotTime
10-14 01:24:55.973 1459 2732 D LOWI-9.0.0.87.a: [LOWI-Scan] BSS f4:a4:d6:51:0d:f4 FREQ: 5300, cFreq1[40:80:160] = [5310:0:0] cFreq2 = 0 Country Code = CN
10-14 01:24:55.973 1459 2732 D LOWI-9.0.0.87.a: [LOWI-Scan] BSS f4:a4:d6:51:0d:f4 (wlan0) ASSO: NO AddInfo: 0x0, TSF 0, 00:01:58.171, RSSI: -178, CPL: 127, AGE: 416, SSID thundersoft, TSFDelta: 0x53d79d27, TXRate: 0
10-14 01:24:55.973 1459 2732 D LOWI-9.0.0.87.a: [LOWI-Scan]
10-14 01:24:55.973 1459 2732 D LOWI-9.0.0.87.a: [LOWI-Scan] print_bss_handler: Report Probe TSF 118159333 as it greater than Beacon TSF 118123065
10-14 01:24:55.973 1459 2732 D LOWI-9.0.0.87.a: [LOWI-Scan] decode_rsn_wpa_ie: LOWI_ENCRYPTION_TYPE_WPA_PSK
10-14 01:24:55.973 1459 2732 D LOWI-9.0.0.87.a: [LOWI-Scan] is_qcom_ie, bss_age: 0
10-14 01:24:55.974 1459 2732 D LOWI-9.0.0.87.a: [LOWI-Scan] BSS f4:a4:d6:51:0d:f0 LOWI_PHY_MODE_11AC_VHT40(9), Beacon Interval: 100, LOWI_ENCRYPTION_TYPE_WPA_PSK 11mcRanging: No, ANQP: No, LCI: No, Civic: No, capability(0x1511): ESS Privacy SpectrumMgmt ShortSlotTime
10-14 01:24:55.974 1459 2732 D LOWI-9.0.0.87.a: [LOWI-Scan] BSS f4:a4:d6:51:0d:f0 FREQ: 5300, cFreq1[40:80:160] = [5310:0:0] cFreq2 = 0 Country Code = CN
10-14 01:24:55.974 1459 2732 D LOWI-9.0.0.87.a: [LOWI-Scan] BSS f4:a4:d6:51:0d:f0 (wlan0) ASSO: NO AddInfo: 0x0, TSF 0, 00:01:58.159, RSSI: -178, CPL: 127, AGE: 428, SSID guest, TSFDelta: 0x53caada7, TXRate: 0
10-14 01:24:55.974 1459 2732 D LOWI-9.0.0.87.a: [LOWI-Scan]
10-14 01:24:55.974 1459 2732 D LOWI-9.0.0.87.a: [LOWI-Scan] print_bss_handler: Report Probe TSF 118166071 as it greater than Beacon TSF 118122673
10-14 01:24:55.974 1459 2732 D LOWI-9.0.0.87.a: [LOWI-Scan] decode_rsn_wpa_ie: LOWI_ENCRYPTION_TYPE_WPA_PSK
10-14 01:24:55.974 1459 2732 D LOWI-9.0.0.87.a: [LOWI-Scan] is_qcom_ie, bss_age: 0
10-14 01:24:55.974 1459 2732 D LOWI-9.0.0.87.a: [LOWI-Scan] BSS f4:a4:d6:51:0d:f1 LOWI_PHY_MODE_11AC_VHT40(9), Beacon Interval: 100, LOWI_ENCRYPTION_TYPE_WPA_PSK 11mcRanging: No, ANQP: No, LCI: No, Civic: No, capability(0x1511): ESS Privacy SpectrumMgmt ShortSlotTime
10-14 01:24:55.974 1459 2732 D LOWI-9.0.0.87.a: [LOWI-Scan] BSS f4:a4:d6:51:0d:f1 FREQ: 5300, cFreq1[40:80:160] = [5310:0:0] cFreq2 = 0 Country Code = CN
10-14 01:24:55.974 1459 2732 D LOWI-9.0.0.87.a: [LOWI-Scan] BSS f4:a4:d6:51:0d:f1 (wlan0) ASSO: NO AddInfo: 0x0, TSF 0, 00:01:58.166, RSSI: -176, CPL: 127, AGE: 420, SSID thundercomm, TSFDelta: 0x53d0fa3a, TXRate: 0
10-14 01:24:55.974 1459 2732 D LOWI-9.0.0.87.a: [LOWI-Scan]
10-14 01:24:55.974 1459 2732 D LOWI-9.0.0.87.a: [LOWI-Scan] print_bss_handler: Report beacon TSF 117451669 as it greater than probe TSF 117436903
10-14 01:24:55.974 1459 2732 D LOWI-9.0.0.87.a: [LOWI-Scan] decode_rsn_wpa_ie: LOWI_ENCRYPTION_TYPE_WPA_PSK
10-14 01:24:55.974 1459 2732 D LOWI-9.0.0.87.a: [LOWI-Scan] is_qcom_ie, bss_age: 0
10-14 01:24:55.974 1459 2732 D LOWI-9.0.0.87.a: [LOWI-Scan] BSS 5c:02:14:0f:aa:4c LOWI_PHY_MODE_11NG_HT40(7), Beacon Interval: 100, LOWI_ENCRYPTION_TYPE_WPA_PSK 11mcRanging: No, ANQP: No, LCI: No, Civic: No, capability(0x0411): ESS Privacy ShortSlotTime
10-14 01:24:55.974 1459 2732 D LOWI-9.0.0.87.a: [LOWI-Scan] BSS 5c:02:14:0f:aa:4c FREQ: 2412, cFreq1[40:80:160] = [2422:0:0] cFreq2 = 0 Country Code = CN
10-14 01:24:55.974 1459 2732 D LOWI-9.0.0.87.a: [LOWI-Scan] BSS 5c:02:14:0f:aa:4c (wlan0) ASSO: NO AddInfo: 0x1, TSF 0, 00:01:57.451, RSSI: -88, CPL: 127, AGE: 1136, SSID Redmi_AA4A, TSFDelta: 0x694b2c2f, TXRate: 0
10-14 01:24:55.975 1459 2732 D LOWI-9.0.0.87.a: [LOWI-Scan]
10-14 01:24:55.975 1459 2732 D LOWI-9.0.0.87.a: [LOWI-Scan] print_bss_handler: Report Probe TSF 117439036 as it greater than Beacon TSF 117415403
10-14 01:24:55.975 1459 2732 D LOWI-9.0.0.87.a: [LOWI-Scan] decode_rsn_wpa_ie: LOWI_ENCRYPTION_TYPE_WPA_PSK
10-14 01:24:55.975 1459 2732 D LOWI-9.0.0.87.a: [LOWI-Scan] is_qcom_ie, bss_age: 0
10-14 01:24:55.975 1459 2732 D LOWI-9.0.0.87.a: [LOWI-Scan] BSS 4a:98:ca:a9:2f:ef LOWI_PHY_MODE_11NG_HT20(5), Beacon Interval: 100, LOWI_ENCRYPTION_TYPE_WPA_PSK 11mcRanging: No, ANQP: No, LCI: No, Civic: No, capability(0x0411): ESS Privacy ShortSlotTime
10-14 01:24:55.975 1459 2732 D LOWI-9.0.0.87.a: [LOWI-Scan] BSS 4a:98:ca:a9:2f:ef FREQ: 2412, cFreq1[40:80:160] = [0:0:0] cFreq2 = 0 Country Code =
10-14 01:24:55.975 1459 2732 D LOWI-9.0.0.87.a: [LOWI-Scan] BSS 4a:98:ca:a9:2f:ef (wlan0) ASSO: NO AddInfo: 0x0, TSF 0, 00:01:57.439, RSSI: -112, CPL: 127, AGE: 1148, SSID HAGIBIS-272979, TSFDelta: 0xa4385d51, TXRate: 0
10-14 01:24:55.975 1459 2732 D LOWI-9.0.0.87.a: [LOWI-Scan]
10-14 01:24:55.975 1459 2732 D LOWI-9.0.0.87.a: [LOWI-Scan] print_bss_handler: Report Probe TSF 117456237 as it greater than Beacon TSF 0
10-14 01:24:55.975 1459 2732 D LOWI-9.0.0.87.a: [LOWI-Scan] decode_rsn_wpa_ie: LOWI_ENCRYPTION_TYPE_WPA_PSK
10-14 01:24:55.975 1459 2732 D LOWI-9.0.0.87.a: [LOWI-Scan] is_qcom_ie, bss_age: 0
10-14 01:24:55.975 1459 2732 D LOWI-9.0.0.87.a: [LOWI-Scan] BSS 98:97:cc:0e:3f:88 LOWI_PHY_MODE_11AC_VHT160(15), Beacon Interval: 100, LOWI_ENCRYPTION_TYPE_WPA_PSK 11mcRanging: No, ANQP: No, LCI: No, Civic: No, capability(0x1511): ESS Privacy SpectrumMgmt ShortSlotTime
10-14 01:24:55.975 1459 2732 D LOWI-9.0.0.87.a: [LOWI-Scan] BSS 98:97:cc:0e:3f:88 FREQ: 5200, cFreq1[40:80:160] = [5190:5210:5210] cFreq2 = 5250 Country Code = CN
10-14 01:24:55.975 1459 2732 D LOWI-9.0.0.87.a: [LOWI-Scan] BSS 98:97:cc:0e:3f:88 (wlan0) ASSO: NO AddInfo: 0x0, TSF 0, 00:01:57.456, RSSI: -130, CPL: 127, AGE: 1128, SSID TP-LINK_3F86, TSFDelta: 0x39d67533, TXRate: 0
10-14 01:24:55.976 1459 2732 D LOWI-9.0.0.87.a: [LOWI-Scan]
10-14 01:24:55.976 1459 2732 D LOWI-9.0.0.87.a: [LOWI-Scan] print_bss_handler: Report beacon TSF 117442261 as it greater than probe TSF 117442261
10-14 01:24:55.976 1459 2732 D LOWI-9.0.0.87.a: [LOWI-Scan] decode_rsn_wpa_ie: LOWI_ENCRYPTION_TYPE_WPA_PSK
10-14 01:24:55.976 1459 2732 D LOWI-9.0.0.87.a: [LOWI-Scan] is_qcom_ie, bss_age: 0
10-14 01:24:55.976 1459 2732 D LOWI-9.0.0.87.a: [LOWI-Scan] BSS 98:97:cc:03:15:34 LOWI_PHY_MODE_11AC_VHT40_2G(12), Beacon Interval: 100, LOWI_ENCRYPTION_TYPE_WPA_PSK 11mcRanging: No, ANQP: No, LCI: No, Civic: No, capability(0x1431): ESS Privacy ShortPreamble ShortSlotTime
10-14 01:24:55.976 1459 2732 D LOWI-9.0.0.87.a: [LOWI-Scan] BSS 98:97:cc:03:15:34 FREQ: 2412, cFreq1[40:80:160] = [2422:0:0] cFreq2 = 0 Country Code = CN
10-14 01:24:55.976 1459 2732 D LOWI-9.0.0.87.a: [LOWI-Scan] BSS 98:97:cc:03:15:34 (wlan0) ASSO: NO AddInfo: 0x1, TSF 0, 00:01:57.442, RSSI: -84, CPL: 127, AGE: 1144, SSID 200M_2.4G, TSFDelta: 0x6a5f714a, TXRate: 0
10-14 01:24:55.976 1459 2732 D LOWI-9.0.0.87.a: [LOWI-Scan]
10-14 01:24:55.976 1459 2732 D LOWI-9.0.0.87.a: [LOWI-Scan] print_bss_handler: Report beacon TSF 117444746 as it greater than probe TSF 117444746
10-14 01:24:55.976 1459 2732 D LOWI-9.0.0.87.a: [LOWI-Scan] decode_rsn_wpa_ie: LOWI_ENCRYPTION_TYPE_WPA_PSK
10-14 01:24:55.976 1459 2732 D LOWI-9.0.0.87.a: [LOWI-Scan] is_qcom_ie, bss_age: 0
10-14 01:24:55.976 1459 2732 D LOWI-9.0.0.87.a: [LOWI-Scan] BSS 9e:97:cc:03:15:34 LOWI_PHY_MODE_11AC_VHT40_2G(12), Beacon Interval: 100, LOWI_ENCRYPTION_TYPE_WPA_PSK 11mcRanging: No, ANQP: No, LCI: No, Civic: No, capability(0x0431): ESS Privacy ShortPreamble ShortSlotTime
10-14 01:24:55.976 1459 2732 D LOWI-9.0.0.87.a: [LOWI-Scan] BSS 9e:97:cc:03:15:34 FREQ: 2412, cFreq1[40:80:160] = [2422:0:0] cFreq2 = 0 Country Code = CN
10-14 01:24:55.976 1459 2732 D LOWI-9.0.0.87.a: [LOWI-Scan] BSS 9e:97:cc:03:15:34 (wlan0) ASSO: NO AddInfo: 0x1, TSF 0, 00:01:57.444, RSSI: -82, CPL: 127, AGE: 1140, SSID SD3_Test, TSFDelta: 0x6a75b9cd, TXRate: 0
10-14 01:24:55.977 1459 2732 D LOWI-9.0.0.87.a: [LOWI-Scan]
10-14 01:24:55.977 1459 2732 D LOWI-9.0.0.87.a: [LOWI-Scan] print_bss_handler: Report Probe TSF 117458464 as it greater than Beacon TSF 0
10-14 01:24:55.977 1459 2732 D LOWI-9.0.0.87.a: [LOWI-Scan] decode_rsn_wpa_ie: LOWI_ENCRYPTION_TYPE_WPA_PSK
10-14 01:24:55.977 1459 2732 D LOWI-9.0.0.87.a: [LOWI-Scan] is_qcom_ie, bss_age: 0
10-14 01:24:55.977 1459 2732 D LOWI-9.0.0.87.a: [LOWI-Scan] BSS bc:54:fc:f0:b4:68 LOWI_PHY_MODE_11AC_VHT40_2G(12), Beacon Interval: 100, LOWI_ENCRYPTION_TYPE_WPA_PSK 11mcRanging: No, ANQP: No, LCI: No, Civic: No, capability(0x0411): ESS Privacy ShortSlotTime
10-14 01:24:55.977 1459 2732 D LOWI-9.0.0.87.a: [LOWI-Scan] BSS bc:54:fc:f0:b4:68 FREQ: 2412, cFreq1[40:80:160] = [2422:0:0] cFreq2 = 0 Country Code = CN
10-14 01:24:55.977 1459 2732 D LOWI-9.0.0.87.a: [LOWI-Scan] BSS bc:54:fc:f0:b4:68 (wlan0) ASSO: NO AddInfo: 0x0, TSF 0, 00:01:57.458, RSSI: -86, CPL: 127, AGE: 1128, SSID kk2.4g, TSFDelta: 0x68eefc37, TXRate: 0
10-14 01:24:55.977 1459 2732 D LOWI-9.0.0.87.a: [LOWI-Scan]
10-14 01:24:55.977 1459 2732 D LOWI-9.0.0.87.a: [LOWI-Scan] print_bss_handler: Report Probe TSF 118323656 as it greater than Beacon TSF 0
10-14 01:24:55.977 1459 2732 D LOWI-9.0.0.87.a: [LOWI-Scan] decode_rsn_wpa_ie: LOWI_ENCRYPTION_TYPE_WPA_PSK
10-14 01:24:55.977 1459 2732 D LOWI-9.0.0.87.a: [LOWI-Scan] is_qcom_ie, bss_age: 0
10-14 01:24:55.977 1459 2732 D LOWI-9.0.0.87.a: [LOWI-Scan] BSS 50:64:2b:e8:ff:8a LOWI_PHY_MODE_11NG_HT20(5), Beacon Interval: 100, LOWI_ENCRYPTION_TYPE_WPA_PSK 11mcRanging: No, ANQP: No, LCI: No, Civic: No, capability(0x0c11): ESS Privacy ShortSlotTime APSD
10-14 01:24:55.977 1459 2732 D LOWI-9.0.0.87.a: [LOWI-Scan] BSS 50:64:2b:e8:ff:8a FREQ: 2462, cFreq1[40:80:160] = [0:0:0] cFreq2 = 0 Country Code = CN
10-14 01:24:55.977 1459 2732 D LOWI-9.0.0.87.a: [LOWI-Scan] BSS 50:64:2b:e8:ff:8a (wlan0) ASSO: NO AddInfo: 0x0, TSF 0, 00:01:58.323, RSSI: -126, CPL: 127, AGE: 264, SSID unforgivablesinner, TSFDelta: 0x8338cbbd, TXRate: 0
10-14 01:24:55.977 1459 2732 D LOWI-9.0.0.87.a: [LOWI-Scan]
10-14 01:24:55.977 1459 2732 D LOWI-9.0.0.87.a: [LOWI-Scan] print_bss_handler: Report Probe TSF 118335130 as it greater than Beacon TSF 0
10-14 01:24:55.977 1459 2732 D LOWI-9.0.0.87.a: [LOWI-Scan] decode_rsn_wpa_ie: LOWI_ENCRYPTION_TYPE_WPA_PSK
10-14 01:24:55.977 1459 2732 D LOWI-9.0.0.87.a: [LOWI-Scan] is_qcom_ie, bss_age: 0
10-14 01:24:55.977 1459 2732 D LOWI-9.0.0.87.a: [LOWI-Scan] BSS 2c:61:04:e5:57:3c LOWI_PHY_MODE_11NG_HT20(5), Beacon Interval: 100, LOWI_ENCRYPTION_TYPE_WPA_PSK 11mcRanging: No, ANQP: No, LCI: No, Civic: No, capability(0x0431): ESS Privacy ShortPreamble ShortSlotTime
10-14 01:24:55.977 1459 2732 D LOWI-9.0.0.87.a: [LOWI-Scan] BSS 2c:61:04:e5:57:3c FREQ: 2462, cFreq1[40:80:160] = [0:0:0] cFreq2 = 0 Country Code =
10-14 01:24:55.977 1459 2732 D LOWI-9.0.0.87.a: [LOWI-Scan] BSS 2c:61:04:e5:57:3c (wlan0) ASSO: NO AddInfo: 0x0, TSF 0, 00:01:58.335, RSSI: -100, CPL: 127, AGE: 252, SSID 360WiFi-E5573C, TSFDelta: 0x4b7ce640, TXRate: 0
10-14 01:24:55.978 1459 2732 D LOWI-9.0.0.87.a: [LOWI-Scan]
10-14 01:24:55.978 1459 2732 D LOWI-9.0.0.87.a: [LOWI-Scan] print_bss_handler: Report Probe TSF 118363590 as it greater than Beacon TSF 0
10-14 01:24:55.978 1459 2732 D LOWI-9.0.0.87.a: [LOWI-Scan] decode_rsn_wpa_ie: LOWI_ENCRYPTION_TYPE_WPA_PSK
10-14 01:24:55.978 1459 2732 D LOWI-9.0.0.87.a: [LOWI-Scan] is_qcom_ie, bss_age: 0
10-14 01:24:55.978 1459 2732 D LOWI-9.0.0.87.a: [LOWI-Scan] BSS 86:2a:7d:83:91:79 LOWI_PHY_MODE_11AC_VHT40_2G(12), Beacon Interval: 100, LOWI_ENCRYPTION_TYPE_WPA_PSK 11mcRanging: No, ANQP: No, LCI: No, Civic: No, capability(0x1411): ESS Privacy ShortSlotTime
10-14 01:24:55.978 1459 2732 D LOWI-9.0.0.87.a: [LOWI-Scan] BSS 86:2a:7d:83:91:79 FREQ: 2462, cFreq1[40:80:160] = [2452:0:0] cFreq2 = 0 Country Code = CN
10-14 01:24:55.978 1459 2732 D LOWI-9.0.0.87.a: [LOWI-Scan] BSS 86:2a:7d:83:91:79 (wlan0) ASSO: NO AddInfo: 0x0, TSF 0, 00:01:58.363, RSSI: -104, CPL: 127, AGE: 224, SSID BSP_SD3_2.4G, TSFDelta: 0xc0d3c11b, TXRate: 0
10-14 01:24:55.978 1459 2732 D LOWI-9.0.0.87.a: [LOWI-Scan]
10-14 01:24:55.978 1459 2732 D LOWI-9.0.0.87.a: [LOWI-Scan] print_bss_handler: Report Probe TSF 118419074 as it greater than Beacon TSF 0
10-14 01:24:55.978 1459 2732 D LOWI-9.0.0.87.a: [LOWI-Scan] decode_rsn_wpa_ie: LOWI_ENCRYPTION_TYPE_WPA_PSK
10-14 01:24:55.978 1459 2732 D LOWI-9.0.0.87.a: [LOWI-Scan] is_qcom_ie, bss_age: 0
10-14 01:24:55.978 1459 2732 D LOWI-9.0.0.87.a: [LOWI-Scan] BSS dc:90:88:31:29:d0 LOWI_PHY_MODE_11NG_HT40(7), Beacon Interval: 100, LOWI_ENCRYPTION_TYPE_WPA_PSK 11mcRanging: No, ANQP: No, LCI: No, Civic: No, capability(0x0411): ESS Privacy ShortSlotTime
10-14 01:24:55.978 1459 2732 D LOWI-9.0.0.87.a: [LOWI-Scan] BSS dc:90:88:31:29:d0 FREQ: 2467, cFreq1[40:80:160] = [2457:0:0] cFreq2 = 0 Country Code = CN
10-14 01:24:55.978 1459 2732 D LOWI-9.0.0.87.a: [LOWI-Scan] BSS dc:90:88:31:29:d0 (wlan0) ASSO: NO AddInfo: 0x0, TSF 0, 00:01:58.419, RSSI: -126, CPL: 127, AGE: 168, SSID addddd, TSFDelta: 0x867e3860, TXRate: 0
10-14 01:24:55.979 1459 2732 D LOWI-9.0.0.87.a: [LOWI-Scan]
10-14 01:24:55.979 1459 2732 D LOWI-9.0.0.87.a: [LOWI-Scan] print_bss_handler: Report beacon TSF 118424284 as it greater than probe TSF 118424284
10-14 01:24:55.979 1459 2732 D LOWI-9.0.0.87.a: [LOWI-Scan] decode_rsn_wpa_ie: LOWI_ENCRYPTION_TYPE_WPA_PSK
10-14 01:24:55.979 1459 2732 D LOWI-9.0.0.87.a: [LOWI-Scan] is_qcom_ie, bss_age: 0
10-14 01:24:55.979 1459 2732 D LOWI-9.0.0.87.a: [LOWI-Scan] BSS dc:90:88:31:29:d1 LOWI_PHY_MODE_11NG_HT40(7), Beacon Interval: 100, LOWI_ENCRYPTION_TYPE_WPA_PSK 11mcRanging: No, ANQP: No, LCI: No, Civic: No, capability(0x0411): ESS Privacy ShortSlotTime
10-14 01:24:55.979 1459 2732 D LOWI-9.0.0.87.a: [LOWI-Scan] BSS dc:90:88:31:29:d1 FREQ: 2467, cFreq1[40:80:160] = [2457:0:0] cFreq2 = 0 Country Code = CN
10-14 01:24:55.979 1459 2732 D LOWI-9.0.0.87.a: [LOWI-Scan] BSS dc:90:88:31:29:d1 (wlan0) ASSO: NO AddInfo: 0x1, TSF 0, 00:01:58.424, RSSI: -126, CPL: 127, AGE: 160, SSID ________________________________, TSFDelta: 0x869e5d57, TXRate: 0
10-14 01:24:55.979 1459 2732 D LOWI-9.0.0.87.a: [LOWIDiagLog] Log: lowiMeasResult->request: invalid null argument
10-14 01:24:55.979 1459 2732 I LOWI-9.0.0.87.a: [LOWI-Scan] lowi_close_record:Scan done in 68121ms, 59 APs in scan results
10-14 01:24:55.979 1459 2732 D LOWI-9.0.0.87.a: [LOWI-Scan] WipsScanUsingNL: passive scan cached 0, took 10264 ms, err 0
10-14 01:24:55.979 1459 2732 D LOWI-9.0.0.87.a: [LOWI-Scan] lowi_proc_req_passive_scan_with_live_meas - No WLAN Frames to be parsed
10-14 01:24:55.979 1459 2732 D LOWI-9.0.0.87.a: [LOWIScanResultReceiver] Send scan meas to listener
10-14 01:24:55.979 1459 2732 D LOWI-9.0.0.87.a: [LOWIScanResultReceiver] Enter passive listening mode
10-14 01:24:55.979 1459 2732 D LOWI-9.0.0.87.a: [LOWIWifiDriverInterface] getMeasurements - Passive listening mode
10-14 01:24:55.979 1459 2732 D LOWI-9.0.0.87.a: [LOWI-Scan] WipsScanUsingNL:wait -1 sec for netlink message
10-14 01:24:55.979 1459 1497 D LOWI-9.0.0.87.a: [LOWIEventReceiver] handleEvent:FROM:NA, TO:NA, REQ:NA, IREQ:NA, REQ_ID:0, RESP:NA, INFO:NA
10-14 01:24:55.979 1459 1497 D LOWI-9.0.0.87.a: [LOWIBackgroundScanMgr] isRspForBgScanMgr: evt(LOWI_NO_EVT) - not handled
10-14 01:24:55.979 1459 1497 D LOWI-9.0.0.87.a: [LOWIScheduler] manageMsg: NULL results or NULL request in results
10-14 01:24:55.979 1459 1497 D LOWI-9.0.0.87.a: [LOWIController] Measurements received
10-14 01:24:55.979 1459 1497 D LOWI-9.0.0.87.a: [LOWICacheManager] putInCache:Num of Meas to add: 59
10-14 01:24:55.982 1459 1497 D LOWI-9.0.0.87.a: [LOWIController] processMeasurementResults: No current Request. Cache measurements
10-14 01:24:55.982 1459 1497 D LOWI-9.0.0.87.a: [LOWIControllerExtn] sendLOWILpDiscoveryScanResponse: Not a discovery scan response
10-14 01:24:56.162 655 666 I mpu_uart: [MSG-P:RECV]:No message received in 1000 ms
10-14 01:24:56.176 655 665 I mpu_uart: [MSG-P:R]:recv sync frame timeout
01-01 08:02:06.538 0 0 D : mv2112_read_status
01-01 08:02:06.539 0 0 D mv2112_update_link: 3.0x901(1G): 0x4
01-01 08:02:06.539 0 0 D mv2112_update_link: 3.0x8109(100M): 0x8
01-01 08:02:06.539 0 0 D mv2112_update_link: link 0x4
01-01 08:02:06.539 0 0 D mv2112_read_status: autoneg is disabled
10-14 01:24:56.572 2395 2395 D EditModeHelper: setHotseatVisibility: 0
10-14 01:24:56.735 1890 1890 D StatusBar: disable disable2
10-14 01:24:56.743 1890 4233 W RingtonePlayer: STOP command without a player
10-14 01:24:57.045 1890 1890 W View : requestLayout() improperly called by com.android.systemui.util.animation.UniqueObjectHostView{9f7de65 V.E...... ......ID 0,0-596,188} during layout: running second layout pass
10-14 01:24:57.073 1890 2965 I OpenGLRenderer: Davey! duration=9223371917215ms; Flags=0, FrameTimelineVsyncId=4389, IntendedVsync=119638711305, Vsync=119638711305, InputEventId=0, HandleInputStart=119640929848, AnimationStart=119640939483, PerformTraversalsStart=119642117400, DrawStart=119683345160, FrameDeadline=119655377971, FrameInterval=119640926619, FrameStartTime=16666666, SyncQueued=119686180473, SyncStart=119686351827, IssueDrawCommandsStart=119686622764, SwapBuffers=119686855577, FrameCompleted=9223372036854775807, DequeueBufferDuration=14271, QueueBufferDuration=1252292, GpuCompleted=9223372036854775807, SwapBuffersCompleted=119688704067, DisplayPresentTime=84938155330,
10-14 01:24:57.095 1890 1890 W View : requestLayout() improperly called by com.android.systemui.util.animation.UniqueObjectHostView{9f7de65 V.E...... ......ID 0,0-596,188} during layout: running second layout pass
10-14 01:24:57.125 1890 1890 W View : requestLayout() improperly called by com.android.systemui.util.animation.UniqueObjectHostView{9f7de65 V.E...... ......ID 0,0-596,188} during layout: running second layout pass
10-14 01:24:57.139 1890 1890 I LatencyTracker: ACTION_EXPAND_PANEL latency=443
10-14 01:24:57.156 1890 1890 W View : requestLayout() improperly called by com.android.systemui.util.animation.UniqueObjectHostView{9f7de65 V.E...... ......ID 0,0-596,188} during layout: running second layout pass
10-14 01:24:57.163 655 666 I mpu_uart: [MSG-P:RECV]:No message received in 1000 ms
10-14 01:24:57.182 1890 1890 W View : requestLayout() improperly called by com.android.systemui.util.animation.UniqueObjectHostView{9f7de65 V.E...... ......ID 0,0-596,188} during layout: running second layout pass
10-14 01:24:57.208 1890 1890 W View : requestLayout() improperly called by com.android.systemui.util.animation.UniqueObjectHostView{9f7de65 V.E...... ......ID 0,0-596,188} during layout: running second layout pass
10-14 01:24:57.209 1132 1132 W NotificationHistory: Attempted to add notif for locked/gone/disabled user 0
10-14 01:24:57.212 1887 2633 D Avrcp_ext: AudioManager Player: AudioPlaybackConfiguration piid:295 deviceId:0 type:android.media.SoundPool u/pid:10087/1890 state:idle attr:AudioAttributes: usage=USAGE_ASSISTANCE_SONIFICATION content=CONTENT_TYPE_SONIFICATION flags=0x800 tags= bundle=null sessionId:0
10-14 01:24:57.212 1887 2633 D Avrcp_ext: AudioManager Player: AudioPlaybackConfiguration piid:287 deviceId:0 type:android.media.SoundPool u/pid:1000/1132 state:idle attr:AudioAttributes: usage=USAGE_ASSISTANCE_SONIFICATION content=CONTENT_TYPE_SONIFICATION flags=0x800 tags= bundle=null sessionId:0
10-14 01:24:57.212 1887 2633 D Avrcp_ext: AudioManager Player: AudioPlaybackConfiguration piid:367 deviceId:0 type:android.media.MediaPlayer u/pid:10087/1890 state:idle attr:AudioAttributes: usage=USAGE_NOTIFICATION content=CONTENT_TYPE_SONIFICATION flags=0x800 tags= bundle=null sessionId:0
10-14 01:24:57.213 1887 2633 D Avrcp_ext: AudioManager isPlaying: false, mAudioPlaybackIsActive = false
10-14 01:24:57.213 1887 2633 D Avrcp_ext: AudioManager Reset Active Player
10-14 01:24:57.219 3052 3082 W MediaProvider: Failed to fetch original file descriptor
10-14 01:24:57.219 3052 3082 W MediaProvider: java.io.IOException: stat failed: EACCES (Permission denied)
10-14 01:24:57.219 3052 3082 W MediaProvider: at com.android.providers.media.MediaProvider.getFileFromFileDescriptor(MediaProvider.java:5794)
10-14 01:24:57.219 3052 3082 W MediaProvider: at com.android.providers.media.MediaProvider.getOriginalMediaFormatFileDescriptor(MediaProvider.java:5711)
10-14 01:24:57.219 3052 3082 W MediaProvider: at com.android.providers.media.MediaProvider.openTypedAssetFileCommon(MediaProvider.java:7134)
10-14 01:24:57.219 3052 3082 W MediaProvider: at com.android.providers.media.MediaProvider.openTypedAssetFile(MediaProvider.java:7115)
10-14 01:24:57.219 3052 3082 W MediaProvider: at android.content.ContentProvider$Transport.openTypedAssetFile(ContentProvider.java:548)
10-14 01:24:57.219 3052 3082 W MediaProvider: at android.content.ContentProviderNative.onTransact(ContentProviderNative.java:327)
10-14 01:24:57.219 3052 3082 W MediaProvider: at android.os.Binder.execTransactInternal(Binder.java:1184)
10-14 01:24:57.219 3052 3082 W MediaProvider: at android.os.Binder.execTransact(Binder.java:1143)
10-14 01:24:57.219 3052 3082 W MediaProvider: Caused by: android.system.ErrnoException: stat failed: EACCES (Permission denied)
10-14 01:24:57.219 3052 3082 W MediaProvider: at libcore.io.Linux.stat(Native Method)
10-14 01:24:57.219 3052 3082 W MediaProvider: at libcore.io.ForwardingOs.stat(ForwardingOs.java:853)
10-14 01:24:57.219 3052 3082 W MediaProvider: at libcore.io.BlockGuardOs.stat(BlockGuardOs.java:420)
10-14 01:24:57.219 3052 3082 W MediaProvider: at libcore.io.ForwardingOs.stat(ForwardingOs.java:853)
10-14 01:24:57.219 3052 3082 W MediaProvider: at android.app.ActivityThread$AndroidOs.stat(ActivityThread.java:7780)
10-14 01:24:57.219 3052 3082 W MediaProvider: at android.system.Os.stat(Os.java:919)
10-14 01:24:57.219 3052 3082 W MediaProvider: at com.android.providers.media.MediaProvider.getFileFromFileDescriptor(MediaProvider.java:5788)
10-14 01:24:57.219 3052 3082 W MediaProvider: ... 7 more
10-14 01:24:57.220 1297 3483 D NuPlayerDriver: NuPlayerDriver(0xe9600290) created, clientPid(1890)
10-14 01:24:57.232 1890 1890 W View : requestLayout() improperly called by com.android.systemui.util.animation.UniqueObjectHostView{9f7de65 V.E...... ......ID 0,0-596,188} during layout: running second layout pass
10-14 01:24:57.238 1297 3483 I ExtendedNuUtils: printFileName fd(10) -> /data/system_de/0/ringtones/notification_sound_cache
10-14 01:24:57.250 1297 4239 D GenericSource: FileSource remote
10-14 01:24:57.257 1288 1418 I MMParserExtractor: Created(0xb40000709f703eb0)
10-14 01:24:57.257 1288 1418 E MM_OSAL : FileSource::FileSource
10-14 01:24:57.257 1288 1418 E MM_OSAL : FileSource::FileSource m_bEveryThingOK 1
10-14 01:24:57.258 1890 1890 W View : requestLayout() improperly called by com.android.systemui.util.animation.UniqueObjectHostView{9f7de65 V.E...... ......ID 0,0-596,188} during layout: running second layout pass
10-14 01:24:57.264 1288 1418 D MediaBufferGroup: creating MemoryDealer
10-14 01:24:57.270 1132 1132 E NotificationService: Muting recently noisy 0|com.android.systemui|2048|null|10087
10-14 01:24:57.272 1890 1890 D InterruptionStateProvider: No bubble up: not allowed to bubble: 0|com.android.systemui|2048|null|10087
10-14 01:24:57.272 1890 1890 D InterruptionStateProvider: No heads up: unimportant notification: 0|com.android.systemui|2048|null|10087
10-14 01:24:57.274 1132 2646 I MediaFocusControl: requestAudioFocus() from uid/pid 10087/1890 AA=USAGE_NOTIFICATION/CONTENT_TYPE_SONIFICATION clientId=android.media.AudioManager@617c0d3 callingPack=com.android.systemui req=3 flags=0x0 sdk=31
10-14 01:24:57.276 1132 2646 I AudioService.FadeOutManager: unfadeOutUid() uid:10087
10-14 01:24:57.278 1890 2126 D PeopleSpaceWidgetMgr: Sbn doesn't contain valid PeopleTileKey: null/0/com.android.systemui
10-14 01:24:57.302 1890 1890 D InterruptionStateProvider: No bubble up: not allowed to bubble: 0|com.android.systemui|2048|null|10087
10-14 01:24:57.302 1890 1890 D InterruptionStateProvider: No heads up: unimportant notification: 0|com.android.systemui|2048|null|10087
10-14 01:24:57.307 1890 2126 D PeopleSpaceWidgetMgr: Sbn doesn't contain valid PeopleTileKey: null/0/com.android.systemui
01-01 08:02:07.562 0 0 D : mv2112_read_status
01-01 08:02:07.562 0 0 D mv2112_update_link: 3.0x901(1G): 0x4
01-01 08:02:07.562 0 0 D mv2112_update_link: 3.0x8109(100M): 0x8
01-01 08:02:07.562 0 0 D mv2112_update_link: link 0x4
01-01 08:02:07.562 0 0 D mv2112_read_status: autoneg is disabled
10-14 01:24:57.314 1132 1132 E NotificationService: Muting recently noisy 0|com.android.systemui|2048|null|10087
10-14 01:24:57.342 1890 1890 D InterruptionStateProvider: No bubble up: not allowed to bubble: 0|com.android.systemui|2048|null|10087
10-14 01:24:57.343 1890 1890 D InterruptionStateProvider: No heads up: unimportant notification: 0|com.android.systemui|2048|null|10087
10-14 01:24:57.345 1132 1132 E NotificationService: Muting recently noisy 0|com.android.systemui|2048|null|10087
10-14 01:24:57.352 1890 2126 D PeopleSpaceWidgetMgr: Sbn doesn't contain valid PeopleTileKey: null/0/com.android.systemui
10-14 01:24:57.374 1132 1132 E NotificationService: Muting recently noisy 0|com.android.systemui|2048|null|10087
10-14 01:24:57.375 1890 1890 D InterruptionStateProvider: No bubble up: not allowed to bubble: 0|com.android.systemui|2048|null|10087
10-14 01:24:57.376 1890 1890 D InterruptionStateProvider: No heads up: unimportant notification: 0|com.android.systemui|2048|null|10087
10-14 01:24:57.385 1890 2126 D PeopleSpaceWidgetMgr: Sbn doesn't contain valid PeopleTileKey: null/0/com.android.systemui
10-14 01:24:57.401 1132 1132 E NotificationService: Muting recently noisy 0|com.android.systemui|2048|null|10087
10-14 01:24:57.418 1890 1890 D InterruptionStateProvider: No bubble up: not allowed to bubble: 0|com.android.systemui|2048|null|10087
10-14 01:24:57.419 1890 1890 D InterruptionStateProvider: No heads up: unimportant notification: 0|com.android.systemui|2048|null|10087
10-14 01:24:57.424 1132 1132 E NotificationService: Muting recently noisy 0|com.android.systemui|2048|null|10087
01-01 08:02:07.678 0 0 I init : starting service 'vendor.camera-provider-2-4'...
10-14 01:24:57.426 1890 2126 D PeopleSpaceWidgetMgr: Sbn doesn't contain valid PeopleTileKey: null/0/com.android.systemui
10-14 01:24:57.442 1890 1890 D InterruptionStateProvider: No bubble up: not allowed to bubble: 0|com.android.systemui|2048|null|10087
10-14 01:24:57.442 1890 1890 D InterruptionStateProvider: No heads up: unimportant notification: 0|com.android.systemui|2048|null|10087
10-14 01:24:57.448 1890 2126 D PeopleSpaceWidgetMgr: Sbn doesn't contain valid PeopleTileKey: null/0/com.android.systemui
01-01 08:02:07.703 0 0 I init : starting service 'vendor.light-hal-2-0'...
10-14 01:24:57.461 1132 1132 E NotificationService: Muting recently noisy 0|com.android.systemui|2048|null|10087
10-14 01:24:57.462 1890 1890 D InterruptionStateProvider: No bubble up: not allowed to bubble: 0|com.android.systemui|2048|null|10087
10-14 01:24:57.462 1890 1890 D InterruptionStateProvider: No heads up: unimportant notification: 0|com.android.systemui|2048|null|10087
10-14 01:24:57.471 1890 2126 D PeopleSpaceWidgetMgr: Sbn doesn't contain valid PeopleTileKey: null/0/com.android.systemui
10-14 01:24:57.477 4241 4241 I android.hardware.camera.provider@2.4-service: CameraProvider@2.4 legacy service is starting.
10-14 01:24:57.497 1890 1890 D InterruptionStateProvider: No bubble up: not allowed to bubble: 0|com.android.systemui|2048|null|10087
10-14 01:24:57.498 1890 1890 D InterruptionStateProvider: No heads up: unimportant notification: 0|com.android.systemui|2048|null|10087
10-14 01:24:57.498 506 506 I hwservicemanager: getTransport: Cannot find entry android.hardware.light@2.0::ILight/default in either framework or device VINTF manifest.
10-14 01:24:57.502 4242 4242 E light : light_open lights keyboard failed: -22
10-14 01:24:57.502 4242 4242 E light : Light passthrough failed to load legacy HAL.
10-14 01:24:57.503 4242 4242 E light : light_open lights buttons failed: -22
10-14 01:24:57.503 4242 4242 E light : Light passthrough failed to load legacy HAL.
10-14 01:24:57.506 1890 2126 D PeopleSpaceWidgetMgr: Sbn doesn't contain valid PeopleTileKey: null/0/com.android.systemui
10-14 01:24:57.506 4242 4242 E light : light_open lights bluetooth failed: -22
10-14 01:24:57.506 4242 4242 E light : Light passthrough failed to load legacy HAL.
10-14 01:24:57.507 4242 4242 E light : light_open lights wifi failed: -22
10-14 01:24:57.507 4242 4242 E light : Light passthrough failed to load legacy HAL.
10-14 01:24:57.508 506 506 I hwservicemanager: getTransport: Cannot find entry android.hardware.light@2.0::ILight/default in either framework or device VINTF manifest.
10-14 01:24:57.508 4242 4242 E HidlServiceManagement: Service android.hardware.light@2.0::ILight/default must be in VINTF manifest in order to register/get.
10-14 01:24:57.508 4242 4242 E LegacySupport: Could not register service android.hardware.light@2.0::ILight/default (-2147483648).
01-01 08:02:07.769 0 0 I init : Service 'vendor.light-hal-2-0' (pid 4242) exited with status 0
01-01 08:02:07.770 0 0 I init : Sending signal 9 to service 'vendor.light-hal-2-0' (pid 4242) process group...
01-01 08:02:07.770 0 0 I libprocessgroup: Successfully killed process cgroup uid 1000 pid 4242 in 0ms
10-14 01:24:57.529 4241 4241 I android.hardware.camera.provider@2.4-service_64: vendor/qcom/proprietary/adsprpc/src/rpcmem_android.c:159: rpcmem_init_internal: opened ION device fd 7, configured heap IDs: system (0x2000000), contig (0x400000), secure (0x200), secure flags (0x80080000)
10-14 01:24:57.529 4241 4241 I android.hardware.camera.provider@2.4-service_64: vendor/qcom/proprietary/adsprpc/src/fastrpc_apps_user.c:3087: fastrpc_apps_user_init done with default domain:3 and &fastrpc_trace:0x708fdeffa0
10-14 01:24:57.536 4241 4241 I CamX : [CONFIG][HAL ] camxhal3module.cpp:390 HAL3Module() ***************************************************
10-14 01:24:57.536 4241 4241 I CamX : [CONFIG][HAL ] camxhal3module.cpp:391 HAL3Module() SHA1: cc1621d2e75ae03bfead45bbe55727e1cc5628da
10-14 01:24:57.536 4241 4241 I CamX : [CONFIG][HAL ] camxhal3module.cpp:392 HAL3Module() COMMITID: Idb68db42247a19ec22cc1114151df90ed3f20fb5
10-14 01:24:57.536 4241 4241 I CamX : [CONFIG][HAL ] camxhal3module.cpp:393 HAL3Module() BUILD TS: 10/14/2022 2:59:10
10-14 01:24:57.536 4241 4241 I CamX : [CONFIG][HAL ] camxhal3module.cpp:394 HAL3Module() ***************************************************
10-14 01:24:57.552 4241 4241 V CamX : [ VERB][CORE ] camxoverridesettingsfile.cpp:385 Initialize() Could not find override settings text file at: /vendor/etc/camera/camxoverridesettings.txt
10-14 01:24:57.552 4241 4241 V CamX : [ VERB][CORE ] camxoverridesettingsfile.cpp:385 Initialize() Could not find override settings text file at: ./camxoverridesettings.txt
10-14 01:24:57.552 4241 4241 V CamX : [ VERB][UTILS ] camxhashmap.cpp:210 GetInPlace() Key not found
10-14 01:24:57.552 4241 4241 V CamX : [ VERB][UTILS ] camxhashmap.cpp:210 GetInPlace() Key not found
10-14 01:24:57.552 4241 4241 V CamX : [ VERB][UTILS ] camxhashmap.cpp:210 GetInPlace() Key not found
10-14 01:24:57.552 4241 4241 V CamX : [ VERB][UTILS ] camxhashmap.cpp:210 GetInPlace() Key not found
10-14 01:24:57.552 4241 4241 V CamX : [ VERB][UTILS ] camxhashmap.cpp:210 GetInPlace() Key not found
10-14 01:24:57.552 4241 4241 V CamX : [ VERB][UTILS ] camxhashmap.cpp:210 GetInPlace() Key not found
10-14 01:24:57.552 4241 4241 V CamX : [ VERB][UTILS ] camxhashmap.cpp:210 GetInPlace() Key not found
10-14 01:24:57.552 4241 4241 V CamX : [ VERB][UTILS ] camxhashmap.cpp:210 GetInPlace() Key not found
10-14 01:24:57.552 4241 4241 V CamX : [ VERB][UTILS ] camxhashmap.cpp:210 GetInPlace() Key not found
10-14 01:24:57.552 4241 4241 V CamX : [ VERB][UTILS ] camxhashmap.cpp:210 GetInPlace() Key not found
10-14 01:24:57.552 4241 4241 V CamX : [ VERB][UTILS ] camxhashmap.cpp:210 GetInPlace() Key not found
10-14 01:24:57.552 4241 4241 V CamX : [ VERB][UTILS ] camxhashmap.cpp:210 GetInPlace() Key not found
10-14 01:24:57.552 4241 4241 V CamX : [ VERB][UTILS ] camxhashmap.cpp:210 GetInPlace() Key not found
10-14 01:24:57.552 4241 4241 V CamX : [ VERB][UTILS ] camxhashmap.cpp:210 GetInPlace() Key not found
10-14 01:24:57.552 4241 4241 V CamX : [ VERB][UTILS ] camxhashmap.cpp:210 GetInPlace() Key not found
10-14 01:24:57.552 4241 4241 V CamX : [ VERB][UTILS ] camxhashmap.cpp:210 GetInPlace() Key not found
10-14 01:24:57.552 4241 4241 V CamX : [ VERB][UTILS ] camxhashmap.cpp:210 GetInPlace() Key not found
10-14 01:24:57.552 4241 4241 V CamX : [ VERB][UTILS ] camxhashmap.cpp:210 GetInPlace() Key not found
10-14 01:24:57.552 4241 4241 V CamX : [ VERB][UTILS ] camxhashmap.cpp:210 GetInPlace() Key not found
10-14 01:24:57.552 4241 4241 V CamX : [ VERB][UTILS ] camxhashmap.cpp:210 GetInPlace() Key not found
10-14 01:24:57.552 4241 4241 V CamX : [ VERB][UTILS ] camxhashmap.cpp:210 GetInPlace() Key not found
10-14 01:24:57.552 4241 4241 V CamX : [ VERB][UTILS ] camxhashmap.cpp:210 GetInPlace() Key not found
10-14 01:24:57.552 4241 4241 V CamX : [ VERB][UTILS ] camxhashmap.cpp:210 GetInPlace() Key not found
10-14 01:24:57.552 4241 4241 V CamX : [ VERB][UTILS ] camxhashmap.cpp:210 GetInPlace() Key not found
10-14 01:24:57.552 4241 4241 V CamX : [ VERB][UTILS ] camxhashmap.cpp:210 GetInPlace() Key not found
10-14 01:24:57.552 4241 4241 V CamX : [ VERB][UTILS ] camxhashmap.cpp:210 GetInPlace() Key not found
10-14 01:24:57.552 4241 4241 V CamX : [ VERB][UTILS ] camxhashmap.cpp:210 GetInPlace() Key not found
10-14 01:24:57.552 4241 4241 V CamX : [ VERB][UTILS ] camxhashmap.cpp:210 GetInPlace() Key not found
10-14 01:24:57.552 4241 4241 V CamX : [ VERB][UTILS ] camxhashmap.cpp:210 GetInPlace() Key not found
10-14 01:24:57.552 4241 4241 V CamX : [ VERB][UTILS ] camxhashmap.cpp:210 GetInPlace() Key not found
10-14 01:24:57.552 4241 4241 V CamX : [ VERB][UTILS ] camxhashmap.cpp:210 GetInPlace() Key not found
10-14 01:24:57.552 4241 4241 V CamX : [ VERB][UTILS ] camxhashmap.cpp:210 GetInPlace() Key not found
10-14 01:24:57.552 4241 4241 V CamX : [ VERB][UTILS ] camxhashmap.cpp:210 GetInPlace() Key not found
10-14 01:24:57.552 4241 4241 V CamX : [ VERB][UTILS ] camxhashmap.cpp:210 GetInPlace() Key not found
10-14 01:24:57.552 4241 4241 V CamX : [ VERB][UTILS ] camxhashmap.cpp:210 GetInPlace() Key not found
10-14 01:24:57.552 4241 4241 V CamX : [ VERB][UTILS ] camxhashmap.cpp:210 GetInPlace() Key not found
10-14 01:24:57.552 4241 4241 V CamX : [ VERB][UTILS ] camxhashmap.cpp:210 GetInPlace() Key not found
10-14 01:24:57.552 4241 4241 V CamX : [ VERB][UTILS ] camxhashmap.cpp:210 GetInPlace() Key not found
10-14 01:24:57.552 4241 4241 V CamX : [ VERB][UTILS ] camxhashmap.cpp:210 GetInPlace() Key not found
10-14 01:24:57.552 4241 4241 V CamX : [ VERB][UTILS ] camxhashmap.cpp:210 GetInPlace() Key not found
10-14 01:24:57.552 4241 4241 V CamX : [ VERB][UTILS ] camxhashmap.cpp:210 GetInPlace() Key not found
10-14 01:24:57.552 4241 4241 V CamX : [ VERB][UTILS ] camxhashmap.cpp:210 GetInPlace() Key not found
10-14 01:24:57.552 4241 4241 V CamX : [ VERB][UTILS ] camxhashmap.cpp:210 GetInPlace() Key not found
10-14 01:24:57.552 4241 4241 V CamX : [ VERB][UTILS ] camxhashmap.cpp:210 GetInPlace() Key not found
10-14 01:24:57.552 4241 4241 V CamX : [ VERB][UTILS ] camxhashmap.cpp:210 GetInPlace() Key not found
10-14 01:24:57.552 4241 4241 V CamX : [ VERB][UTILS ] camxhashmap.cpp:210 GetInPlace() Key not found
10-14 01:24:57.553 4241 4241 V CamX : [ VERB][UTILS ] camxhashmap.cpp:210 GetInPlace() Key not found
10-14 01:24:57.553 4241 4241 V CamX : [ VERB][UTILS ] camxhashmap.cpp:210 GetInPlace() Key not found
10-14 01:24:57.553 4241 4241 V CamX : [ VERB][UTILS ] camxhashmap.cpp:210 GetInPlace() Key not found
10-14 01:24:57.553 4241 4241 V CamX : [ VERB][UTILS ] camxhashmap.cpp:210 GetInPlace() Key not found
10-14 01:24:57.553 4241 4241 V CamX : [ VERB][UTILS ] camxhashmap.cpp:210 GetInPlace() Key not found
10-14 01:24:57.553 4241 4241 V CamX : [ VERB][UTILS ] camxhashmap.cpp:210 GetInPlace() Key not found
10-14 01:24:57.553 4241 4241 V CamX : [ VERB][UTILS ] camxhashmap.cpp:210 GetInPlace() Key not found
10-14 01:24:57.553 4241 4241 V CamX : [ VERB][UTILS ] camxhashmap.cpp:210 GetInPlace() Key not found
10-14 01:24:57.553 4241 4241 V CamX : [ VERB][UTILS ] camxhashmap.cpp:210 GetInPlace() Key not found
10-14 01:24:57.553 4241 4241 V CamX : [ VERB][UTILS ] camxhashmap.cpp:210 GetInPlace() Key not found
10-14 01:24:57.553 4241 4241 V CamX : [ VERB][UTILS ] camxhashmap.cpp:210 GetInPlace() Key not found
10-14 01:24:57.553 4241 4241 V CamX : [ VERB][UTILS ] camxhashmap.cpp:210 GetInPlace() Key not found
10-14 01:24:57.553 4241 4241 V CamX : [ VERB][UTILS ] camxhashmap.cpp:210 GetInPlace() Key not found
10-14 01:24:57.553 4241 4241 V CamX : [ VERB][UTILS ] camxhashmap.cpp:210 GetInPlace() Key not found
10-14 01:24:57.553 4241 4241 V CamX : [ VERB][UTILS ] camxhashmap.cpp:210 GetInPlace() Key not found
10-14 01:24:57.553 4241 4241 V CamX : [ VERB][UTILS ] camxhashmap.cpp:210 GetInPlace() Key not found
10-14 01:24:57.553 4241 4241 V CamX : [ VERB][UTILS ] camxhashmap.cpp:210 GetInPlace() Key not found
10-14 01:24:57.553 4241 4241 V CamX : [ VERB][UTILS ] camxhashmap.cpp:210 GetInPlace() Key not found
10-14 01:24:57.553 4241 4241 V CamX : [ VERB][UTILS ] camxhashmap.cpp:210 GetInPlace() Key not found
10-14 01:24:57.553 4241 4241 V CamX : [ VERB][UTILS ] camxhashmap.cpp:210 GetInPlace() Key not found
10-14 01:24:57.553 4241 4241 V CamX : [ VERB][UTILS ] camxhashmap.cpp:210 GetInPlace() Key not found
10-14 01:24:57.553 4241 4241 V CamX : [ VERB][UTILS ] camxhashmap.cpp:210 GetInPlace() Key not found
10-14 01:24:57.553 4241 4241 V CamX : [ VERB][UTILS ] camxhashmap.cpp:210 GetInPlace() Key not found
10-14 01:24:57.553 4241 4241 V CamX : [ VERB][UTILS ] camxhashmap.cpp:210 GetInPlace() Key not found
10-14 01:24:57.553 4241 4241 V CamX : [ VERB][UTILS ] camxhashmap.cpp:210 GetInPlace() Key not found
10-14 01:24:57.553 4241 4241 V CamX : [ VERB][UTILS ] camxhashmap.cpp:210 GetInPlace() Key not found
10-14 01:24:57.553 4241 4241 V CamX : [ VERB][UTILS ] camxhashmap.cpp:210 GetInPlace() Key not found
10-14 01:24:57.553 4241 4241 V CamX : [ VERB][UTILS ] camxhashmap.cpp:210 GetInPlace() Key not found
10-14 01:24:57.553 4241 4241 V CamX : [ VERB][UTILS ] camxhashmap.cpp:210 GetInPlace() Key not found
10-14 01:24:57.553 4241 4241 V CamX : [ VERB][UTILS ] camxhashmap.cpp:210 GetInPlace() Key not found
10-14 01:24:57.553 4241 4241 V CamX : [ VERB][UTILS ] camxhashmap.cpp:210 GetInPlace() Key not found
10-14 01:24:57.553 4241 4241 V CamX : [ VERB][UTILS ] camxhashmap.cpp:210 GetInPlace() Key not found
10-14 01:24:57.553 4241 4241 V CamX : [ VERB][UTILS ] camxhashmap.cpp:210 GetInPlace() Key not found
10-14 01:24:57.553 4241 4241 V CamX : [ VERB][UTILS ] camxhashmap.cpp:210 GetInPlace() Key not found
10-14 01:24:57.553 4241 4241 V CamX : [ VERB][UTILS ] camxhashmap.cpp:210 GetInPlace() Key not found
10-14 01:24:57.553 4241 4241 V CamX : [ VERB][UTILS ] camxhashmap.cpp:210 GetInPlace() Key not found
10-14 01:24:57.553 4241 4241 V CamX : [ VERB][UTILS ] camxhashmap.cpp:210 GetInPlace() Key not found
10-14 01:24:57.553 4241 4241 V CamX : [ VERB][UTILS ] camxhashmap.cpp:210 GetInPlace() Key not found
10-14 01:24:57.553 4241 4241 V CamX : [ VERB][UTILS ] camxhashmap.cpp:210 GetInPlace() Key not found
10-14 01:24:57.553 4241 4241 V CamX : [ VERB][UTILS ] camxhashmap.cpp:210 GetInPlace() Key not found
10-14 01:24:57.553 4241 4241 V CamX : [ VERB][UTILS ] camxhashmap.cpp:210 GetInPlace() Key not found
10-14 01:24:57.553 4241 4241 V CamX : [ VERB][UTILS ] camxhashmap.cpp:210 GetInPlace() Key not found
10-14 01:24:57.553 4241 4241 V CamX : [ VERB][UTILS ] camxhashmap.cpp:210 GetInPlace() Key not found
10-14 01:24:57.553 4241 4241 V CamX : [ VERB][UTILS ] camxhashmap.cpp:210 GetInPlace() Key not found
10-14 01:24:57.553 4241 4241 V CamX : [ VERB][UTILS ] camxhashmap.cpp:210 GetInPlace() Key not found
10-14 01:24:57.553 4241 4241 V CamX : [ VERB][UTILS ] camxhashmap.cpp:210 GetInPlace() Key not found
10-14 01:24:57.553 4241 4241 V CamX : [ VERB][UTILS ] camxhashmap.cpp:210 GetInPlace() Key not found
10-14 01:24:57.553 4241 4241 V CamX : [ VERB][UTILS ] camxhashmap.cpp:210 GetInPlace() Key not found
10-14 01:24:57.553 4241 4241 V CamX : [ VERB][UTILS ] camxhashmap.cpp:210 GetInPlace() Key not found
10-14 01:24:57.553 4241 4241 V CamX : [ VERB][UTILS ] camxhashmap.cpp:210 GetInPlace() Key not found
10-14 01:24:57.553 4241 4241 V CamX : [ VERB][UTILS ] camxhashmap.cpp:210 GetInPlace() Key not found
10-14 01:24:57.553 4241 4241 V CamX : [ VERB][UTILS ] camxhashmap.cpp:210 GetInPlace() Key not found
10-14 01:24:57.553 4241 4241 V CamX : [ VERB][UTILS ] camxhashmap.cpp:210 GetInPlace() Key not found
10-14 01:24:57.553 4241 4241 V CamX : [ VERB][UTILS ] camxhashmap.cpp:210 GetInPlace() Key not found
10-14 01:24:57.553 4241 4241 V CamX : [ VERB][UTILS ] camxhashmap.cpp:210 GetInPlace() Key not found
10-14 01:24:57.553 4241 4241 V CamX : [ VERB][UTILS ] camxhashmap.cpp:210 GetInPlace() Key not found
10-14 01:24:57.553 4241 4241 V CamX : [ VERB][UTILS ] camxhashmap.cpp:210 GetInPlace() Key not found
10-14 01:24:57.553 4241 4241 V CamX : [ VERB][UTILS ] camxhashmap.cpp:210 GetInPlace() Key not found
10-14 01:24:57.553 4241 4241 V CamX : [ VERB][UTILS ] camxhashmap.cpp:210 GetInPlace() Key not found
10-14 01:24:57.553 4241 4241 V CamX : [ VERB][UTILS ] camxhashmap.cpp:210 GetInPlace() Key not found
10-14 01:24:57.553 4241 4241 V CamX : [ VERB][UTILS ] camxhashmap.cpp:210 GetInPlace() Key not found
10-14 01:24:57.553 4241 4241 V CamX : [ VERB][UTILS ] camxhashmap.cpp:210 GetInPlace() Key not found
10-14 01:24:57.553 4241 4241 V CamX : [ VERB][UTILS ] camxhashmap.cpp:210 GetInPlace() Key not found
10-14 01:24:57.553 4241 4241 V CamX : [ VERB][UTILS ] camxhashmap.cpp:210 GetInPlace() Key not found
10-14 01:24:57.553 4241 4241 V CamX : [ VERB][UTILS ] camxhashmap.cpp:210 GetInPlace() Key not found
10-14 01:24:57.553 4241 4241 V CamX : [ VERB][UTILS ] camxhashmap.cpp:210 GetInPlace() Key not found
10-14 01:24:57.553 4241 4241 V CamX : [ VERB][UTILS ] camxhashmap.cpp:210 GetInPlace() Key not found
10-14 01:24:57.553 4241 4241 V CamX : [ VERB][UTILS ] camxhashmap.cpp:210 GetInPlace() Key not found
10-14 01:24:57.553 4241 4241 V CamX : [ VERB][UTILS ] camxhashmap.cpp:210 GetInPlace() Key not found
10-14 01:24:57.553 4241 4241 V CamX : [ VERB][UTILS ] camxhashmap.cpp:210 GetInPlace() Key not found
10-14 01:24:57.553 4241 4241 V CamX : [ VERB][UTILS ] camxhashmap.cpp:210 GetInPlace() Key not found
10-14 01:24:57.554 4241 4241 V CamX : [ VERB][UTILS ] camxhashmap.cpp:210 GetInPlace() Key not found
10-14 01:24:57.554 4241 4241 V CamX : [ VERB][UTILS ] camxhashmap.cpp:210 GetInPlace() Key not found
10-14 01:24:57.554 4241 4241 V CamX : [ VERB][UTILS ] camxhashmap.cpp:210 GetInPlace() Key not found
10-14 01:24:57.554 4241 4241 V CamX : [ VERB][UTILS ] camxhashmap.cpp:210 GetInPlace() Key not found
10-14 01:24:57.554 4241 4241 V CamX : [ VERB][UTILS ] camxhashmap.cpp:210 GetInPlace() Key not found
10-14 01:24:57.554 4241 4241 V CamX : [ VERB][UTILS ] camxhashmap.cpp:210 GetInPlace() Key not found
10-14 01:24:57.554 4241 4241 V CamX : [ VERB][UTILS ] camxhashmap.cpp:210 GetInPlace() Key not found
10-14 01:24:57.554 4241 4241 V CamX : [ VERB][UTILS ] camxhashmap.cpp:210 GetInPlace() Key not found
10-14 01:24:57.554 4241 4241 V CamX : [ VERB][UTILS ] camxhashmap.cpp:210 GetInPlace() Key not found
10-14 01:24:57.554 4241 4241 V CamX : [ VERB][UTILS ] camxhashmap.cpp:210 GetInPlace() Key not found
10-14 01:24:57.554 4241 4241 V CamX : [ VERB][UTILS ] camxhashmap.cpp:210 GetInPlace() Key not found
10-14 01:24:57.554 4241 4241 V CamX : [ VERB][UTILS ] camxhashmap.cpp:210 GetInPlace() Key not found
10-14 01:24:57.554 4241 4241 V CamX : [ VERB][UTILS ] camxhashmap.cpp:210 GetInPlace() Key not found
10-14 01:24:57.554 4241 4241 V CamX : [ VERB][UTILS ] camxhashmap.cpp:210 GetInPlace() Key not found
10-14 01:24:57.554 4241 4241 V CamX : [ VERB][UTILS ] camxhashmap.cpp:210 GetInPlace() Key not found
10-14 01:24:57.554 4241 4241 V CamX : [ VERB][UTILS ] camxhashmap.cpp:210 GetInPlace() Key not found
10-14 01:24:57.554 4241 4241 V CamX : [ VERB][UTILS ] camxhashmap.cpp:210 GetInPlace() Key not found
10-14 01:24:57.554 4241 4241 V CamX : [ VERB][UTILS ] camxhashmap.cpp:210 GetInPlace() Key not found
10-14 01:24:57.554 4241 4241 V CamX : [ VERB][UTILS ] camxhashmap.cpp:210 GetInPlace() Key not found
10-14 01:24:57.554 4241 4241 V CamX : [ VERB][UTILS ] camxhashmap.cpp:210 GetInPlace() Key not found
10-14 01:24:57.554 4241 4241 V CamX : [ VERB][UTILS ] camxhashmap.cpp:210 GetInPlace() Key not found
10-14 01:24:57.554 4241 4241 V CamX : [ VERB][UTILS ] camxhashmap.cpp:210 GetInPlace() Key not found
10-14 01:24:57.554 4241 4241 V CamX : [ VERB][UTILS ] camxhashmap.cpp:210 GetInPlace() Key not found
10-14 01:24:57.554 4241 4241 V CamX : [ VERB][UTILS ] camxhashmap.cpp:210 GetInPlace() Key not found
