10-14 01:25:12.048 1890 1890 D InterruptionStateProvider: No bubble up: not allowed to bubble: 0|com.android.systemui|2048|null|10087
10-14 01:25:12.049 1890 1890 D InterruptionStateProvider: No heads up: unimportant notification: 0|com.android.systemui|2048|null|10087
10-14 01:25:12.055 1890 2126 D PeopleSpaceWidgetMgr: Sbn doesn't contain valid PeopleTileKey: null/0/com.android.systemui
10-14 01:25:12.074 1890 1890 V NotificationMediaManager: DEBUG_MEDIA: updating album art for notification null metadata=null metaDataChanged=false state=0
10-14 01:25:12.076 1890 1890 V NotificationMediaManager: DEBUG_MEDIA: updating album art for notification null metadata=null metaDataChanged=false state=0
10-14 01:25:12.077 1890 1890 V NotificationMediaManager: DEBUG_MEDIA: updating album art for notification null metadata=null metaDataChanged=false state=0
10-14 01:25:12.181 655 666 I mpu_uart: [MSG-P:RECV]:No message received in 1000 ms
10-14 01:25:12.206 2395 2395 D EditModeHelper: setHotseatVisibility: 0
10-14 01:25:12.230 1297 4281 I GenericSource: start
10-14 01:25:12.230 1887 2633 D Avrcp_ext: AudioManager Player: AudioPlaybackConfiguration piid:295 deviceId:0 type:android.media.SoundPool u/pid:10087/1890 state:idle attr:AudioAttributes: usage=USAGE_ASSISTANCE_SONIFICATION content=CONTENT_TYPE_SONIFICATION flags=0x800 tags= bundle=null sessionId:0
10-14 01:25:12.230 1887 2633 D Avrcp_ext: AudioManager Player: AudioPlaybackConfiguration piid:375 deviceId:0 type:android.media.MediaPlayer u/pid:10087/1890 state:started attr:AudioAttributes: usage=USAGE_NOTIFICATION content=CONTENT_TYPE_SONIFICATION flags=0x800 tags= bundle=null sessionId:0
10-14 01:25:12.232 1887 2633 D Avrcp_ext: AudioManager Player in started state: com.android.systemui
10-14 01:25:12.232 1887 2633 D Avrcp_ext: AudioManager Active Player: com.android.systemui
10-14 01:25:12.232 1887 2633 D Avrcp_ext: AudioManager Player: AudioPlaybackConfiguration piid:287 deviceId:0 type:android.media.SoundPool u/pid:1000/1132 state:idle attr:AudioAttributes: usage=USAGE_ASSISTANCE_SONIFICATION content=CONTENT_TYPE_SONIFICATION flags=0x800 tags= bundle=null sessionId:0
10-14 01:25:12.232 1887 2633 D Avrcp_ext: AudioManager isPlaying: true, mAudioPlaybackIsActive = false
10-14 01:25:12.236 1297 4281 W Utils : track of type 'audio/vorbis' does not publish channel mask, channel count 1
10-14 01:25:12.238 1890 1890 D MediaRouter: onRestoreRoute() : route=RouteInfo{ name=JBL GO, description=蓝牙音频, status=null, category=RouteCategory{ name=系统 types=ROUTE_TYPE_LIVE_AUDIO ROUTE_TYPE_LIVE_VIDEO groupable=false }, supportedTypes=ROUTE_TYPE_LIVE_AUDIO , presentationDisplay=null }
10-14 01:25:12.238 1890 1890 V MediaRouter: Selecting route: RouteInfo{ name=JBL GO, description=蓝牙音频, status=null, category=RouteCategory{ name=系统 types=ROUTE_TYPE_LIVE_AUDIO ROUTE_TYPE_LIVE_VIDEO groupable=false }, supportedTypes=ROUTE_TYPE_LIVE_AUDIO , presentationDisplay=null }
10-14 01:25:12.244 1297 4281 W Utils : track of type 'audio/vorbis' does not publish channel mask, channel count 1
10-14 01:25:12.247 1887 2633 V Avrcp_ext: updateCurrentMediaState: mMediaController: MediaController (com.android.systemui@3f40d07) null
10-14 01:25:12.247 1887 2633 W Avrcp_ext: isMusicActive: false getBluetoothPlayState: 2 A2dp State: 11 mAudioPlaybackIsActive: true
10-14 01:25:12.247 813 1840 D audio_hw_primary: adev_get_parameters:is_hw_dec_session_available
10-14 01:25:12.247 813 1840 D audio_hw_spkr_prot: fbsp_get_parameters: Speaker protection disabled
10-14 01:25:12.247 813 1840 D soundtrigger: audio_extn_sound_trigger_get_parameters input string
10-14 01:25:12.247 813 1840 D soundtrigger: extract_sm_handle input string param string
10-14 01:25:12.247 813 1840 D audio_hw_extn: audio_extn_fm_get_parameters: Enter
10-14 01:25:12.247 813 1840 D audio_hw_extn: audio_extn_get_parameters: returns
10-14 01:25:12.247 813 1840 D audio_hw_primary: adev_get_parameters: exit: returns -
10-14 01:25:12.248 1031 2247 I hash_map_utils: system/bt/osi/src/hash_map_utils.cc:81 hash_map_utils_dump_string_keys_string_values: key: 'is_hw_dec_session_available' value: 'audio/vorbis'
10-14 01:25:12.249 1887 2633 D Avrcp_ext: isMusicActive = false mAudioPlaybackIsActive = true player state = null
10-14 01:25:12.250 1887 2633 I Avrcp_ext: device found at index 0
10-14 01:25:12.250 1887 2633 V Avrcp_ext: updateCurrentMediaState: addr: [B@fa70801
10-14 01:25:12.250 1887 2633 I Avrcp_ext: Skipping update due to invalid playback state
10-14 01:25:12.250 1887 2633 V Avrcp_ext: updatePlaybackState, state: null device: null
10-14 01:25:12.251 1297 4288 D CCodec : allocate(c2.android.vorbis.decoder)
10-14 01:25:12.252 1887 2633 V Avrcp_ext: Device: JBL GO : old state: PlaybackState {state=2, position=-1, buffered position=0, speed=0.0, updated=126025, actions=0, custom actions=[], active item id=-1, error=null}
10-14 01:25:12.252 1887 2633 V Avrcp_ext: Device: no name:
10-14 01:25:12.252 1887 2633 V Avrcp_ext: Device: no name:
10-14 01:25:12.252 1887 2633 V Avrcp_ext: Device: no name:
10-14 01:25:12.252 1887 2633 V Avrcp_ext: Device: no name:
10-14 01:25:12.252 1887 2633 V Avrcp_ext: updatePlayerStateAndPosition, old=PlaybackState {state=2, position=-1, buffered position=0, speed=0.0, updated=52737, actions=0, custom actions=[], active item id=-1, error=null}, state=null
10-14 01:25:12.252 1887 2633 I Avrcp_ext: updatePlayerStateAndPosition: device: state = null
10-14 01:25:12.258 1297 4288 I CCodec : setting up 'default' as default (vendor) store
10-14 01:25:12.259 1385 1447 V C2Store : in init
10-14 01:25:12.259 1385 1447 V C2Store : loading dll
10-14 01:25:12.261 1297 4288 I CCodec : Created component [c2.android.vorbis.decoder]
10-14 01:25:12.262 1297 4288 D CCodecConfig: read media type: audio/vorbis
10-14 01:25:12.266 1297 4288 D ReflectedParamUpdater: extent() != 1 for single value type: algo.buffers.max-count.values
10-14 01:25:12.267 1297 4288 D ReflectedParamUpdater: extent() != 1 for single value type: output.subscribed-indices.values
10-14 01:25:12.267 1297 4288 D ReflectedParamUpdater: extent() != 1 for single value type: input.buffers.allocator-ids.values
10-14 01:25:12.268 1297 4288 D ReflectedParamUpdater: extent() != 1 for single value type: output.buffers.allocator-ids.values
10-14 01:25:12.268 1297 4288 D ReflectedParamUpdater: extent() != 1 for single value type: algo.buffers.allocator-ids.values
10-14 01:25:12.268 1297 4288 D ReflectedParamUpdater: extent() != 1 for single value type: output.buffers.pool-ids.values
10-14 01:25:12.269 1297 4288 D ReflectedParamUpdater: extent() != 1 for single value type: algo.buffers.pool-ids.values
10-14 01:25:12.270 1297 4288 I CCodecConfig: query failed after returning 7 values (BAD_INDEX)
10-14 01:25:12.270 1297 4288 D CCodecConfig: c2 config diff is Dict {
10-14 01:25:12.270 1297 4288 D CCodecConfig: c2::u32 coded.bitrate.value = 64000
10-14 01:25:12.270 1297 4288 D CCodecConfig: c2::u32 input.buffers.max-size.value = 32768
10-14 01:25:12.270 1297 4288 D CCodecConfig: c2::u32 input.delay.value = 0
10-14 01:25:12.270 1297 4288 D CCodecConfig: string input.media-type.value = "audio/vorbis"
10-14 01:25:12.270 1297 4288 D CCodecConfig: string output.media-type.value = "audio/raw"
10-14 01:25:12.270 1297 4288 D CCodecConfig: c2::u32 raw.channel-count.value = 1
10-14 01:25:12.270 1297 4288 D CCodecConfig: c2::u32 raw.sample-rate.value = 48000
10-14 01:25:12.270 1297 4288 D CCodecConfig: }
10-14 01:25:12.271 1297 4288 D CCodec : [c2.android.vorbis.decoder] buffers are bound to CCodec for this session
10-14 01:25:12.271 1297 4288 D CCodecConfig: no c2 equivalents for durationUs
10-14 01:25:12.271 1297 4288 D CCodecConfig: no c2 equivalents for csd-1
10-14 01:25:12.272 1297 4288 D CCodecConfig: no c2 equivalents for language
10-14 01:25:12.272 1297 4288 D CCodecConfig: no c2 equivalents for file-format
10-14 01:25:12.272 1297 4288 D CCodecConfig: no c2 equivalents for flags
10-14 01:25:12.273 1297 4288 D CCodecConfig: config failed => CORRUPTED
10-14 01:25:12.274 1297 4288 D CCodecConfig: c2 config diff is c2::u32 coded.bitrate.value = 70000
10-14 01:25:12.275 1297 4288 W Codec2Client: query -- param skipped: index = 1107298332.
10-14 01:25:12.275 1297 4288 D CCodec : setup formats input: AMessage(what = 0x00000000) = {
10-14 01:25:12.275 1297 4288 D CCodec : int32_t bitrate = 70000
10-14 01:25:12.275 1297 4288 D CCodec : int32_t channel-count = 1
10-14 01:25:12.275 1297 4288 D CCodec : int32_t max-input-size = 65307
10-14 01:25:12.275 1297 4288 D CCodec : string mime = "audio/vorbis"
10-14 01:25:12.275 1297 4288 D CCodec : int32_t sample-rate = 48000
10-14 01:25:12.275 1297 4288 D CCodec : }
10-14 01:25:12.275 1297 4288 D CCodec : setup formats output: AMessage(what = 0x00000000) = {
10-14 01:25:12.275 1297 4288 D CCodec : int32_t channel-count = 1
10-14 01:25:12.275 1297 4288 D CCodec : string mime = "audio/raw"
10-14 01:25:12.275 1297 4288 D CCodec : int32_t sample-rate = 48000
10-14 01:25:12.275 1297 4288 D CCodec : int32_t android._config-pcm-encoding = 2
10-14 01:25:12.275 1297 4288 D CCodec : }
10-14 01:25:12.275 1297 4288 I CCodecConfig: query failed after returning 7 values (BAD_INDEX)
10-14 01:25:12.276 1297 4288 I MediaCodec: MediaCodec will operate in async mode
10-14 01:25:12.276 1297 4287 D MediaCodec: keep callback message for reclaim
10-14 01:25:12.278 1297 4288 W Codec2Client: query -- param skipped: index = 1342179345.
10-14 01:25:12.278 1297 4288 W Codec2Client: query -- param skipped: index = 2415921170.
10-14 01:25:12.280 1297 4288 D CCodecBufferChannel: [c2.android.vorbis.decoder#334] Created input block pool with allocatorID 16 => poolID 26 - OK (0)
10-14 01:25:12.280 1385 1447 D BufferPoolAccessor2.0: bufferpool2 0xb40000792577fce8 : 0(0 size) total buffers - 0(0 size) used buffers - 93/97 (recycle/alloc) - 4/96 (fetch/transfer)
10-14 01:25:12.280 1385 1447 D BufferPoolAccessor2.0: Destruction - bufferpool2 0xb40000792577fce8 cached: 0/0M, 0/0% in use; allocs: 97, 96% recycled; transfers: 96, 96% unfetched
10-14 01:25:12.282 1297 4288 I CCodecBufferChannel: [c2.android.vorbis.decoder#334] Created output block pool with allocatorID 16 => poolID 35 - OK
10-14 01:25:12.282 1297 2168 D BufferPoolAccessor2.0: bufferpool2 0xe8fc0268 : 0(0 size) total buffers - 0(0 size) used buffers - 94/102 (recycle/alloc) - 8/198 (fetch/transfer)
10-14 01:25:12.282 1297 2168 D BufferPoolAccessor2.0: Destruction - bufferpool2 0xe8fc0268 cached: 0/0M, 0/0% in use; allocs: 102, 92% recycled; transfers: 198, 96% unfetched
10-14 01:25:12.283 1297 4288 D CCodecBufferChannel: [c2.android.vorbis.decoder#334] Configured output block pool ids 35 => OK
10-14 01:25:12.283 1297 4288 D CCodecBufferChannel: [c2.android.vorbis.decoder#334] start: updating output delay 0
10-14 01:25:12.284 1297 4288 I CCodecBufferChannel: pipelineRoom(3) is <= numClientBuffers(3). Not signalling any more buffers to client
10-14 01:25:12.286 1385 4289 D SimpleC2Component: Using output block pool with poolID 35 => got 35 - 0
10-14 01:25:12.287 1297 4288 I CCodecBufferChannel: pipelineRoom(2) is <= numClientBuffers(2). Not signalling any more buffers to client
10-14 01:25:12.287 1297 4288 I CCodecBufferChannel: pipelineRoom(1) is <= numClientBuffers(1). Not signalling any more buffers to client
10-14 01:25:12.302 1297 4287 I ExtendedNuUtils: Both src and dst missing for bit-width
10-14 01:25:12.302 1297 4287 I ExtendedNuUtils: Overriding durationUs: with 64 bit src value 1728000
10-14 01:25:12.302 1297 4287 I ExtendedNuUtils: Both src and dst missing for channel-mask
10-14 01:25:12.317 813 1840 D audio_hw_primary: adev_get_parameters:vr_audio_mode_on
10-14 01:25:12.317 813 1840 I audio_hw_primary: getting vr mode to 0
10-14 01:25:12.317 813 1840 D audio_hw_primary: adev_get_parameters: exit: returns - vr_audio_mode_on=false
10-14 01:25:12.318 1031 4080 I hash_map_utils: system/bt/osi/src/hash_map_utils.cc:81 hash_map_utils_dump_string_keys_string_values: key: 'vr_audio_mode_on' value: ''
10-14 01:25:12.321 1031 4080 D AudioFlinger: Client defaulted notificationFrames to 12000 for frameCount 24000
10-14 01:25:12.327 1031 4080 D AF::TrackHandle: OpPlayAudio: track:65 usage:5 not muted
10-14 01:25:12.351 813 1788 I EffectsFactory: EffectCreate() create_effect
10-14 01:25:12.383 813 1788 D audio_hw_primary: adev_create_audio_patch: enter: num sources 1, num_sinks 1, handle 1
10-14 01:25:12.383 813 1788 D audio_hw_primary: adev_create_audio_patch: Playback patch from mix handle 13 to device 80
10-14 01:25:12.383 813 1788 D audio_hw_primary: update_patch: enter
10-14 01:25:12.383 813 1788 D audio_hw_primary: route_output_stream: enter: usecase(1: low-latency-playback) devices 80
10-14 01:25:12.383 813 1788 I btaudio_offload_qti: audio_check_a2dp_ready_qti: state = AUDIO_A2DP_STATE_STANDBY
10-14 01:25:12.383 813 1788 I btaudio_offload_qti: audio_check_a2dp_ready_qti: session ready = 1
10-14 01:25:12.383 813 1788 W btaudio_offload_qti: audio_check_a2dp_ready_qti: return
10-14 01:25:12.389 813 2880 D audio_hw_primary: start_output_stream: enter: stream(0xe6cc21a0)usecase(1: low-latency-playback) devices(0x80) is_haptic_usecase(0)
10-14 01:25:12.389 813 2880 I btaudio_offload_qti: audio_check_a2dp_ready_qti: state = AUDIO_A2DP_STATE_STANDBY
10-14 01:25:12.389 813 2880 I btaudio_offload_qti: audio_check_a2dp_ready_qti: session ready = 1
10-14 01:25:12.389 813 2880 W btaudio_offload_qti: audio_check_a2dp_ready_qti: return
10-14 01:25:12.390 968 968 E ANDR-PERF-TARGET: Error: Invalid logical cluster id 0
10-14 01:25:12.390 968 968 E ANDR-PERF-REQUEST: invalid request
10-14 01:25:12.390 968 968 E ANDR-PERF-MPCTL: invalid request, no optimizations performed
10-14 01:25:12.391 813 2880 E audio_hw_extn: audio_extn_perf_lock_acquire: Failed to acquire perf lock, err: -1
10-14 01:25:12.391 813 2880 I btaudio_offload_qti: audio_check_a2dp_ready_qti: state = AUDIO_A2DP_STATE_STANDBY
10-14 01:25:12.391 813 2880 I btaudio_offload_qti: audio_check_a2dp_ready_qti: session ready = 1
10-14 01:25:12.391 813 2880 W btaudio_offload_qti: audio_check_a2dp_ready_qti: return
10-14 01:25:12.391 813 2880 D audio_hw_primary: select_devices for use case (low-latency-playback)
10-14 01:25:12.391 813 2880 I btaudio_offload_qti: audio_check_a2dp_ready_qti: state = AUDIO_A2DP_STATE_STANDBY
10-14 01:25:12.391 813 2880 I btaudio_offload_qti: audio_check_a2dp_ready_qti: session ready = 1
10-14 01:25:12.391 813 2880 W btaudio_offload_qti: audio_check_a2dp_ready_qti: return
10-14 01:25:12.391 813 2880 I msm8974_platform: platform_check_and_set_codec_backend_cfg:becf: afe: bitwidth 16, samplerate 48000 channels 2, backend_idx 0 usecase = 1 device (bt-a2dp)
10-14 01:25:12.391 813 2880 D msm8974_platform: platform_split_snd_device: snd_device(45) num devices(1) new_snd_devices(0)
10-14 01:25:12.391 813 2880 I msm8974_platform: platform_check_and_set_codec_backend_cfg: new_snd_devices[0] is 45
10-14 01:25:12.392 813 2880 D audio_hw_primary: check_usecases_codec_backend:becf: force routing 1
10-14 01:25:12.392 813 2880 E msm8974_platform: platform_check_backends_match: Invalid snd_device =
10-14 01:25:12.392 813 2880 D audio_hw_primary: check_usecases_codec_backend:becf: (78) check_usecases curr device: bt-a2dp, usecase device: backends match 0
10-14 01:25:12.392 813 2880 D audio_hw_primary: check_usecases_codec_backend:becf: check_usecases num.of Usecases to switch 0
10-14 01:25:12.392 813 2880 D hardware_info: hw_info_append_hw_type : device_name = bt-a2dp
10-14 01:25:12.392 813 2880 D msm8974_platform: platform_split_snd_device: snd_device(45) num devices(0) new_snd_devices(0)
10-14 01:25:12.392 813 2880 D audio_hw_primary: enable_snd_device: snd_device(45: bt-a2dp)
10-14 01:25:12.392 813 2880 D msm8974_platform: platform_get_island_cfg_on_device:island cfg status on snd_device = (bt-a2dp 0)
10-14 01:25:12.392 813 2880 D a2dp_offload: a2dp_start_playback start
10-14 01:25:12.392 813 2880 D a2dp_offload: calling BT module stream start
10-14 01:25:12.392 813 2880 D btaudio_offload_qti: audio_stream_start_qti: state = AUDIO_A2DP_STATE_STANDBY
10-14 01:25:12.392 813 2880 W btaudio_offload_qti: handle_hidl_request: starting audio stream
10-14 01:25:12.393 1887 2415 D bt_btif : btif_dispatch_sm_event: event: 50, len: 4
10-14 01:25:12.393 1887 2415 D bt_btif : btif_dispatch_sm_event: event 50 sent
10-14 01:25:12.393 813 2880 W btaudio_offload_qti: wait_for_stack_response: conditional wait: ack_recvd = 0
10-14 01:25:12.394 1887 2073 W bt_btif : BTHF: btif_hf_check_if_sco_connected(): No SCO connection up
10-14 01:25:12.394 1887 2073 I bt_btif_vendor: btif_ba_is_active: 0
10-14 01:25:12.394 1887 2073 D bt_btif : btif_dispatch_sm_event: event: 32, len: 0
10-14 01:25:12.394 1887 2073 D bt_btif : btif_dispatch_sm_event: event 32 sent
10-14 01:25:12.394 1887 2073 I bt_stack: [INFO:a2dp_encoding.cc(2657)] ack_stream_started: result=PENDING
10-14 01:25:12.395 813 1840 I BTAudioProviderStub: streamStarted - SessionType=A2DP_HARDWARE_OFFLOAD_DATAPATH, status=SINK_NOT_READY
10-14 01:25:12.395 813 1840 I BTAudioProviderSession: ReportControlStatus - status=SINK_NOT_READY for SessionType=A2DP_HARDWARE_OFFLOAD_DATAPATH, bluetooth_audio=0x0200 started
10-14 01:25:12.395 813 1840 I btaudio_offload_qti: stack_resp_cb: status = 3
10-14 01:25:12.395 813 2880 I btaudio_offload_qti: wait_for_stack_response:ret = 0(Success)
10-14 01:25:12.395 813 2880 W btaudio_offload_qti: wait_for_stack_response: conditional wait done : ack_recvd = 1
10-14 01:25:12.395 813 2880 I btaudio_offload_qti: handle_hidl_request: ack status = A2DP_CTRL_ACK_PENDING
10-14 01:25:12.395 813 2880 W btaudio_offload_qti: wait_for_stack_response: conditional wait: ack_recvd = 0
10-14 01:25:12.395 1887 2073 D bt_btif : btif_av_state_opened_handler: event: UNKNOWN_EVENT, flags: 0, peer_sep: 1, index: 0 reconfig_event: 0, codec_cfg_change: 0, reconfig_pending: 0, reconfig_a2dp: 0, is_retry_reconfig: 0
10-14 01:25:12.395 1887 2073 W bt_btif : btif_av_state_opened_handler : unhandled event:UNKNOWN_EVENT
10-14 01:25:12.395 1887 2073 I btif_av : isBATEnabled: 0
10-14 01:25:12.396 1887 2073 D bt_btif : btif_av_state_opened_handler: event: BTIF_AV_START_STREAM_REQ_EVT, flags: 0, peer_sep: 1, index: 0 reconfig_event: 0, codec_cfg_change: 0, reconfig_pending: 0, reconfig_a2dp: 0, is_retry_reconfig: 0
10-14 01:25:12.396 1887 2575 D bt_btif : bta_av_ssm_execute(): AV Sevent(0x41)=0x120b(AP_START) state=3(OPEN)
10-14 01:25:12.396 1887 2575 W bt_btm : BTM: Local device role : 0x00
10-14 01:25:12.396 1887 2575 W bt_btm : BTM: RemBdAddr: 5c:fb:7c:39:04:0d
10-14 01:25:12.396 1887 2575 W bt_btif : bta_dm_rm_cback:2, status:7
10-14 01:25:12.397 825 825 D vendor.qti.bluetooth@1.0-ibs_handler: SerialClockVote: vote for UART CLK ON
10-14 01:25:12.397 825 825 D vendor.qti.bluetooth@1.0-wake_lock: Acquire wakelock is acquired
10-14 01:25:12.397 825 825 I vendor.qti.bluetooth@1.0-ibs_handler: DeviceWakeUp: Writing IBS_WAKE_IND
10-14 01:25:12.404 825 2569 I vendor.qti.bluetooth@1.0-ibs_handler: ProcessIbsCmd: Received IBS_WAKE_ACK: 0xFC
10-14 01:25:12.404 825 2569 I vendor.qti.bluetooth@1.0-ibs_handler: ProcessIbsCmd: Signal wack_cond_
10-14 01:25:12.404 825 825 D vendor.qti.bluetooth@1.0-ibs_handler: DeviceWakeUp: Unblocked from waiting for FC, pthread_cond_timedwait ret = 0
10-14 01:25:12.404 1887 2633 D Avrcp_ext: AudioManager Player: AudioPlaybackConfiguration piid:295 deviceId:0 type:android.media.SoundPool u/pid:10087/1890 state:idle attr:AudioAttributes: usage=USAGE_ASSISTANCE_SONIFICATION content=CONTENT_TYPE_SONIFICATION flags=0x800 tags= bundle=null sessionId:0
10-14 01:25:12.404 1887 2633 D Avrcp_ext: AudioManager Player: AudioPlaybackConfiguration piid:375 deviceId:42 type:android.media.MediaPlayer u/pid:10087/1890 state:started attr:AudioAttributes: usage=USAGE_NOTIFICATION content=CONTENT_TYPE_SONIFICATION flags=0x800 tags= bundle=null sessionId:0
10-14 01:25:12.405 825 2569 I vendor.qti.bluetooth@1.0-ibs_handler: ProcessIbsCmd: Received IBS_WAKE_IND: 0xFD
10-14 01:25:12.405 825 2569 I vendor.qti.bluetooth@1.0-ibs_handler: ProcessIbsCmd: Writing IBS_WAKE_ACK
10-14 01:25:12.405 1887 2633 D Avrcp_ext: AudioManager Player in started state: com.android.systemui
10-14 01:25:12.405 1887 2633 D Avrcp_ext: AudioManager Active Player: com.android.systemui
10-14 01:25:12.405 1887 2633 D Avrcp_ext: AudioManager Player: AudioPlaybackConfiguration piid:287 deviceId:0 type:android.media.SoundPool u/pid:1000/1132 state:idle attr:AudioAttributes: usage=USAGE_ASSISTANCE_SONIFICATION content=CONTENT_TYPE_SONIFICATION flags=0x800 tags= bundle=null sessionId:0
10-14 01:25:12.405 1887 2633 D Avrcp_ext: AudioManager isPlaying: true, mAudioPlaybackIsActive = true
10-14 01:25:12.488 825 2569 I vendor.qti.bluetooth@1.0-ibs_handler: ProcessIbsCmd: Received IBS_SLEEP_IND: 0xFE
01-01 08:02:22.780 0 0 I init : starting service 'vendor.camera-provider-2-4'...
01-01 08:02:22.830 0 0 I init : starting service 'vendor.light-hal-2-0'...
10-14 01:25:12.628 4290 4290 I android.hardware.camera.provider@2.4-service: CameraProvider@2.4 legacy service is starting.
10-14 01:25:12.651 506 506 I hwservicemanager: getTransport: Cannot find entry android.hardware.light@2.0::ILight/default in either framework or device VINTF manifest.
10-14 01:25:12.655 4291 4291 E light : light_open lights keyboard failed: -22
10-14 01:25:12.655 4291 4291 E light : Light passthrough failed to load legacy HAL.
10-14 01:25:12.656 4291 4291 E light : light_open lights buttons failed: -22
10-14 01:25:12.656 4291 4291 E light : Light passthrough failed to load legacy HAL.
10-14 01:25:12.659 4291 4291 E light : light_open lights bluetooth failed: -22
10-14 01:25:12.659 4291 4291 E light : Light passthrough failed to load legacy HAL.
10-14 01:25:12.659 4291 4291 E light : light_open lights wifi failed: -22
10-14 01:25:12.659 4291 4291 E light : Light passthrough failed to load legacy HAL.
10-14 01:25:12.660 506 506 I hwservicemanager: getTransport: Cannot find entry android.hardware.light@2.0::ILight/default in either framework or device VINTF manifest.
01-01 08:02:22.917 0 0 I init : Service 'vendor.light-hal-2-0' (pid 4291) exited with status 0
01-01 08:02:22.917 0 0 I init : Sending signal 9 to service 'vendor.light-hal-2-0' (pid 4291) process group...
01-01 08:02:22.919 0 0 I libprocessgroup: Successfully killed process cgroup uid 1000 pid 4291 in 1ms
10-14 01:25:12.661 4291 4291 E HidlServiceManagement: Service android.hardware.light@2.0::ILight/default must be in VINTF manifest in order to register/get.
10-14 01:25:12.661 4291 4291 E LegacySupport: Could not register service android.hardware.light@2.0::ILight/default (-2147483648).
01-01 08:02:22.922 0 0 D : mv2112_read_status
01-01 08:02:22.922 0 0 D mv2112_update_link: 3.0x901(1G): 0x4
01-01 08:02:22.922 0 0 D mv2112_update_link: 3.0x8109(100M): 0x8
01-01 08:02:22.922 0 0 D mv2112_update_link: link 0x4
01-01 08:02:22.922 0 0 D mv2112_read_status: autoneg is disabled
10-14 01:25:12.673 4290 4290 I android.hardware.camera.provider@2.4-service_64: vendor/qcom/proprietary/adsprpc/src/rpcmem_android.c:159: rpcmem_init_internal: opened ION device fd 7, configured heap IDs: system (0x2000000), contig (0x400000), secure (0x200), secure flags (0x80080000)
10-14 01:25:12.673 4290 4290 I android.hardware.camera.provider@2.4-service_64: vendor/qcom/proprietary/adsprpc/src/fastrpc_apps_user.c:3087: fastrpc_apps_user_init done with default domain:3 and &fastrpc_trace:0x73b2449fa0
10-14 01:25:12.681 4290 4290 I CamX : [CONFIG][HAL ] camxhal3module.cpp:390 HAL3Module() ***************************************************
10-14 01:25:12.681 4290 4290 I CamX : [CONFIG][HAL ] camxhal3module.cpp:391 HAL3Module() SHA1: cc1621d2e75ae03bfead45bbe55727e1cc5628da
10-14 01:25:12.681 4290 4290 I CamX : [CONFIG][HAL ] camxhal3module.cpp:392 HAL3Module() COMMITID: Idb68db42247a19ec22cc1114151df90ed3f20fb5
10-14 01:25:12.681 4290 4290 I CamX : [CONFIG][HAL ] camxhal3module.cpp:393 HAL3Module() BUILD TS: 10/14/2022 2:59:10
10-14 01:25:12.681 4290 4290 I CamX : [CONFIG][HAL ] camxhal3module.cpp:394 HAL3Module() ***************************************************
10-14 01:25:12.697 4290 4290 V CamX : [ VERB][CORE ] camxoverridesettingsfile.cpp:385 Initialize() Could not find override settings text file at: /vendor/etc/camera/camxoverridesettings.txt
10-14 01:25:12.697 4290 4290 V CamX : [ VERB][CORE ] camxoverridesettingsfile.cpp:385 Initialize() Could not find override settings text file at: ./camxoverridesettings.txt
10-14 01:25:12.697 4290 4290 V CamX : [ VERB][UTILS ] camxhashmap.cpp:210 GetInPlace() Key not found
10-14 01:25:12.697 4290 4290 V CamX : [ VERB][UTILS ] camxhashmap.cpp:210 GetInPlace() Key not found
10-14 01:25:12.697 4290 4290 V CamX : [ VERB][UTILS ] camxhashmap.cpp:210 GetInPlace() Key not found
10-14 01:25:12.697 4290 4290 V CamX : [ VERB][UTILS ] camxhashmap.cpp:210 GetInPlace() Key not found
10-14 01:25:12.697 4290 4290 V CamX : [ VERB][UTILS ] camxhashmap.cpp:210 GetInPlace() Key not found
10-14 01:25:12.697 4290 4290 V CamX : [ VERB][UTILS ] camxhashmap.cpp:210 GetInPlace() Key not found
10-14 01:25:12.697 4290 4290 V CamX : [ VERB][UTILS ] camxhashmap.cpp:210 GetInPlace() Key not found
10-14 01:25:12.697 4290 4290 V CamX : [ VERB][UTILS ] camxhashmap.cpp:210 GetInPlace() Key not found
10-14 01:25:12.697 4290 4290 V CamX : [ VERB][UTILS ] camxhashmap.cpp:210 GetInPlace() Key not found
10-14 01:25:12.697 4290 4290 V CamX : [ VERB][UTILS ] camxhashmap.cpp:210 GetInPlace() Key not found
10-14 01:25:12.697 4290 4290 V CamX : [ VERB][UTILS ] camxhashmap.cpp:210 GetInPlace() Key not found
10-14 01:25:12.697 4290 4290 V CamX : [ VERB][UTILS ] camxhashmap.cpp:210 GetInPlace() Key not found
10-14 01:25:12.697 4290 4290 V CamX : [ VERB][UTILS ] camxhashmap.cpp:210 GetInPlace() Key not found
10-14 01:25:12.697 4290 4290 V CamX : [ VERB][UTILS ] camxhashmap.cpp:210 GetInPlace() Key not found
10-14 01:25:12.697 4290 4290 V CamX : [ VERB][UTILS ] camxhashmap.cpp:210 GetInPlace() Key not found
10-14 01:25:12.697 4290 4290 V CamX : [ VERB][UTILS ] camxhashmap.cpp:210 GetInPlace() Key not found
10-14 01:25:12.697 4290 4290 V CamX : [ VERB][UTILS ] camxhashmap.cpp:210 GetInPlace() Key not found
10-14 01:25:12.697 4290 4290 V CamX : [ VERB][UTILS ] camxhashmap.cpp:210 GetInPlace() Key not found
10-14 01:25:12.697 4290 4290 V CamX : [ VERB][UTILS ] camxhashmap.cpp:210 GetInPlace() Key not found
10-14 01:25:12.697 4290 4290 V CamX : [ VERB][UTILS ] camxhashmap.cpp:210 GetInPlace() Key not found
10-14 01:25:12.697 4290 4290 V CamX : [ VERB][UTILS ] camxhashmap.cpp:210 GetInPlace() Key not found
10-14 01:25:12.697 4290 4290 V CamX : [ VERB][UTILS ] camxhashmap.cpp:210 GetInPlace() Key not found
10-14 01:25:12.697 4290 4290 V CamX : [ VERB][UTILS ] camxhashmap.cpp:210 GetInPlace() Key not found
10-14 01:25:12.697 4290 4290 V CamX : [ VERB][UTILS ] camxhashmap.cpp:210 GetInPlace() Key not found
10-14 01:25:12.697 4290 4290 V CamX : [ VERB][UTILS ] camxhashmap.cpp:210 GetInPlace() Key not found
10-14 01:25:12.697 4290 4290 V CamX : [ VERB][UTILS ] camxhashmap.cpp:210 GetInPlace() Key not found
10-14 01:25:12.697 4290 4290 V CamX : [ VERB][UTILS ] camxhashmap.cpp:210 GetInPlace() Key not found
10-14 01:25:12.697 4290 4290 V CamX : [ VERB][UTILS ] camxhashmap.cpp:210 GetInPlace() Key not found
10-14 01:25:12.697 4290 4290 V CamX : [ VERB][UTILS ] camxhashmap.cpp:210 GetInPlace() Key not found
10-14 01:25:12.697 4290 4290 V CamX : [ VERB][UTILS ] camxhashmap.cpp:210 GetInPlace() Key not found
10-14 01:25:12.697 4290 4290 V CamX : [ VERB][UTILS ] camxhashmap.cpp:210 GetInPlace() Key not found
10-14 01:25:12.697 4290 4290 V CamX : [ VERB][UTILS ] camxhashmap.cpp:210 GetInPlace() Key not found
10-14 01:25:12.697 4290 4290 V CamX : [ VERB][UTILS ] camxhashmap.cpp:210 GetInPlace() Key not found
10-14 01:25:12.697 4290 4290 V CamX : [ VERB][UTILS ] camxhashmap.cpp:210 GetInPlace() Key not found
10-14 01:25:12.697 4290 4290 V CamX : [ VERB][UTILS ] camxhashmap.cpp:210 GetInPlace() Key not found
10-14 01:25:12.697 4290 4290 V CamX : [ VERB][UTILS ] camxhashmap.cpp:210 GetInPlace() Key not found
10-14 01:25:12.697 4290 4290 V CamX : [ VERB][UTILS ] camxhashmap.cpp:210 GetInPlace() Key not found
10-14 01:25:12.697 4290 4290 V CamX : [ VERB][UTILS ] camxhashmap.cpp:210 GetInPlace() Key not found
10-14 01:25:12.697 4290 4290 V CamX : [ VERB][UTILS ] camxhashmap.cpp:210 GetInPlace() Key not found
10-14 01:25:12.697 4290 4290 V CamX : [ VERB][UTILS ] camxhashmap.cpp:210 GetInPlace() Key not found
10-14 01:25:12.697 4290 4290 V CamX : [ VERB][UTILS ] camxhashmap.cpp:210 GetInPlace() Key not found
10-14 01:25:12.697 4290 4290 V CamX : [ VERB][UTILS ] camxhashmap.cpp:210 GetInPlace() Key not found
10-14 01:25:12.698 4290 4290 V CamX : [ VERB][UTILS ] camxhashmap.cpp:210 GetInPlace() Key not found
10-14 01:25:12.698 4290 4290 V CamX : [ VERB][UTILS ] camxhashmap.cpp:210 GetInPlace() Key not found
10-14 01:25:12.698 4290 4290 V CamX : [ VERB][UTILS ] camxhashmap.cpp:210 GetInPlace() Key not found
10-14 01:25:12.698 4290 4290 V CamX : [ VERB][UTILS ] camxhashmap.cpp:210 GetInPlace() Key not found
10-14 01:25:12.698 4290 4290 V CamX : [ VERB][UTILS ] camxhashmap.cpp:210 GetInPlace() Key not found
10-14 01:25:12.698 4290 4290 V CamX : [ VERB][UTILS ] camxhashmap.cpp:210 GetInPlace() Key not found
10-14 01:25:12.698 4290 4290 V CamX : [ VERB][UTILS ] camxhashmap.cpp:210 GetInPlace() Key not found
10-14 01:25:12.698 4290 4290 V CamX : [ VERB][UTILS ] camxhashmap.cpp:210 GetInPlace() Key not found
10-14 01:25:12.698 4290 4290 V CamX : [ VERB][UTILS ] camxhashmap.cpp:210 GetInPlace() Key not found
10-14 01:25:12.698 4290 4290 V CamX : [ VERB][UTILS ] camxhashmap.cpp:210 GetInPlace() Key not found
10-14 01:25:12.698 4290 4290 V CamX : [ VERB][UTILS ] camxhashmap.cpp:210 GetInPlace() Key not found
10-14 01:25:12.698 4290 4290 V CamX : [ VERB][UTILS ] camxhashmap.cpp:210 GetInPlace() Key not found
10-14 01:25:12.698 4290 4290 V CamX : [ VERB][UTILS ] camxhashmap.cpp:210 GetInPlace() Key not found
10-14 01:25:12.698 4290 4290 V CamX : [ VERB][UTILS ] camxhashmap.cpp:210 GetInPlace() Key not found
10-14 01:25:12.698 4290 4290 V CamX : [ VERB][UTILS ] camxhashmap.cpp:210 GetInPlace() Key not found
10-14 01:25:12.698 4290 4290 V CamX : [ VERB][UTILS ] camxhashmap.cpp:210 GetInPlace() Key not found
10-14 01:25:12.698 4290 4290 V CamX : [ VERB][UTILS ] camxhashmap.cpp:210 GetInPlace() Key not found
10-14 01:25:12.698 4290 4290 V CamX : [ VERB][UTILS ] camxhashmap.cpp:210 GetInPlace() Key not found
10-14 01:25:12.698 4290 4290 V CamX : [ VERB][UTILS ] camxhashmap.cpp:210 GetInPlace() Key not found
10-14 01:25:12.698 4290 4290 V CamX : [ VERB][UTILS ] camxhashmap.cpp:210 GetInPlace() Key not found
10-14 01:25:12.698 4290 4290 V CamX : [ VERB][UTILS ] camxhashmap.cpp:210 GetInPlace() Key not found
10-14 01:25:12.698 4290 4290 V CamX : [ VERB][UTILS ] camxhashmap.cpp:210 GetInPlace() Key not found
10-14 01:25:12.698 4290 4290 V CamX : [ VERB][UTILS ] camxhashmap.cpp:210 GetInPlace() Key not found
10-14 01:25:12.698 4290 4290 V CamX : [ VERB][UTILS ] camxhashmap.cpp:210 GetInPlace() Key not found
10-14 01:25:12.698 4290 4290 V CamX : [ VERB][UTILS ] camxhashmap.cpp:210 GetInPlace() Key not found
10-14 01:25:12.698 4290 4290 V CamX : [ VERB][UTILS ] camxhashmap.cpp:210 GetInPlace() Key not found
10-14 01:25:12.698 4290 4290 V CamX : [ VERB][UTILS ] camxhashmap.cpp:210 GetInPlace() Key not found
10-14 01:25:12.698 4290 4290 V CamX : [ VERB][UTILS ] camxhashmap.cpp:210 GetInPlace() Key not found
10-14 01:25:12.698 4290 4290 V CamX : [ VERB][UTILS ] camxhashmap.cpp:210 GetInPlace() Key not found
10-14 01:25:12.698 4290 4290 V CamX : [ VERB][UTILS ] camxhashmap.cpp:210 GetInPlace() Key not found
10-14 01:25:12.698 4290 4290 V CamX : [ VERB][UTILS ] camxhashmap.cpp:210 GetInPlace() Key not found
10-14 01:25:12.698 4290 4290 V CamX : [ VERB][UTILS ] camxhashmap.cpp:210 GetInPlace() Key not found
10-14 01:25:12.698 4290 4290 V CamX : [ VERB][UTILS ] camxhashmap.cpp:210 GetInPlace() Key not found
10-14 01:25:12.698 4290 4290 V CamX : [ VERB][UTILS ] camxhashmap.cpp:210 GetInPlace() Key not found
10-14 01:25:12.698 4290 4290 V CamX : [ VERB][UTILS ] camxhashmap.cpp:210 GetInPlace() Key not found
10-14 01:25:12.698 4290 4290 V CamX : [ VERB][UTILS ] camxhashmap.cpp:210 GetInPlace() Key not found
10-14 01:25:12.698 4290 4290 V CamX : [ VERB][UTILS ] camxhashmap.cpp:210 GetInPlace() Key not found
10-14 01:25:12.698 4290 4290 V CamX : [ VERB][UTILS ] camxhashmap.cpp:210 GetInPlace() Key not found
10-14 01:25:12.698 4290 4290 V CamX : [ VERB][UTILS ] camxhashmap.cpp:210 GetInPlace() Key not found
10-14 01:25:12.698 4290 4290 V CamX : [ VERB][UTILS ] camxhashmap.cpp:210 GetInPlace() Key not found
10-14 01:25:12.698 4290 4290 V CamX : [ VERB][UTILS ] camxhashmap.cpp:210 GetInPlace() Key not found
10-14 01:25:12.698 4290 4290 V CamX : [ VERB][UTILS ] camxhashmap.cpp:210 GetInPlace() Key not found
10-14 01:25:12.698 4290 4290 V CamX : [ VERB][UTILS ] camxhashmap.cpp:210 GetInPlace() Key not found
10-14 01:25:12.698 4290 4290 V CamX : [ VERB][UTILS ] camxhashmap.cpp:210 GetInPlace() Key not found
10-14 01:25:12.698 4290 4290 V CamX : [ VERB][UTILS ] camxhashmap.cpp:210 GetInPlace() Key not found
10-14 01:25:12.698 4290 4290 V CamX : [ VERB][UTILS ] camxhashmap.cpp:210 GetInPlace() Key not found
10-14 01:25:12.698 4290 4290 V CamX : [ VERB][UTILS ] camxhashmap.cpp:210 GetInPlace() Key not found
10-14 01:25:12.698 4290 4290 V CamX : [ VERB][UTILS ] camxhashmap.cpp:210 GetInPlace() Key not found
10-14 01:25:12.698 4290 4290 V CamX : [ VERB][UTILS ] camxhashmap.cpp:210 GetInPlace() Key not found
10-14 01:25:12.698 4290 4290 V CamX : [ VERB][UTILS ] camxhashmap.cpp:210 GetInPlace() Key not found
10-14 01:25:12.698 4290 4290 V CamX : [ VERB][UTILS ] camxhashmap.cpp:210 GetInPlace() Key not found
10-14 01:25:12.698 4290 4290 V CamX : [ VERB][UTILS ] camxhashmap.cpp:210 GetInPlace() Key not found
10-14 01:25:12.698 4290 4290 V CamX : [ VERB][UTILS ] camxhashmap.cpp:210 GetInPlace() Key not found
10-14 01:25:12.698 4290 4290 V CamX : [ VERB][UTILS ] camxhashmap.cpp:210 GetInPlace() Key not found
10-14 01:25:12.698 4290 4290 V CamX : [ VERB][UTILS ] camxhashmap.cpp:210 GetInPlace() Key not found
10-14 01:25:12.698 4290 4290 V CamX : [ VERB][UTILS ] camxhashmap.cpp:210 GetInPlace() Key not found
10-14 01:25:12.698 4290 4290 V CamX : [ VERB][UTILS ] camxhashmap.cpp:210 GetInPlace() Key not found
10-14 01:25:12.698 4290 4290 V CamX : [ VERB][UTILS ] camxhashmap.cpp:210 GetInPlace() Key not found
10-14 01:25:12.698 4290 4290 V CamX : [ VERB][UTILS ] camxhashmap.cpp:210 GetInPlace() Key not found
10-14 01:25:12.698 4290 4290 V CamX : [ VERB][UTILS ] camxhashmap.cpp:210 GetInPlace() Key not found
10-14 01:25:12.698 4290 4290 V CamX : [ VERB][UTILS ] camxhashmap.cpp:210 GetInPlace() Key not found
10-14 01:25:12.698 4290 4290 V CamX : [ VERB][UTILS ] camxhashmap.cpp:210 GetInPlace() Key not found
10-14 01:25:12.698 4290 4290 V CamX : [ VERB][UTILS ] camxhashmap.cpp:210 GetInPlace() Key not found
10-14 01:25:12.698 4290 4290 V CamX : [ VERB][UTILS ] camxhashmap.cpp:210 GetInPlace() Key not found
10-14 01:25:12.698 4290 4290 V CamX : [ VERB][UTILS ] camxhashmap.cpp:210 GetInPlace() Key not found
10-14 01:25:12.699 4290 4290 V CamX : [ VERB][UTILS ] camxhashmap.cpp:210 GetInPlace() Key not found
10-14 01:25:12.699 4290 4290 V CamX : [ VERB][UTILS ] camxhashmap.cpp:210 GetInPlace() Key not found
10-14 01:25:12.699 4290 4290 V CamX : [ VERB][UTILS ] camxhashmap.cpp:210 GetInPlace() Key not found
10-14 01:25:12.699 4290 4290 V CamX : [ VERB][UTILS ] camxhashmap.cpp:210 GetInPlace() Key not found
10-14 01:25:12.699 4290 4290 V CamX : [ VERB][UTILS ] camxhashmap.cpp:210 GetInPlace() Key not found
10-14 01:25:12.699 4290 4290 V CamX : [ VERB][UTILS ] camxhashmap.cpp:210 GetInPlace() Key not found
10-14 01:25:12.699 4290 4290 V CamX : [ VERB][UTILS ] camxhashmap.cpp:210 GetInPlace() Key not found
10-14 01:25:12.699 4290 4290 V CamX : [ VERB][UTILS ] camxhashmap.cpp:210 GetInPlace() Key not found
10-14 01:25:12.699 4290 4290 V CamX : [ VERB][UTILS ] camxhashmap.cpp:210 GetInPlace() Key not found
10-14 01:25:12.699 4290 4290 V CamX : [ VERB][UTILS ] camxhashmap.cpp:210 GetInPlace() Key not found
10-14 01:25:12.699 4290 4290 V CamX : [ VERB][UTILS ] camxhashmap.cpp:210 GetInPlace() Key not found
10-14 01:25:12.699 4290 4290 V CamX : [ VERB][UTILS ] camxhashmap.cpp:210 GetInPlace() Key not found
10-14 01:25:12.699 4290 4290 V CamX : [ VERB][UTILS ] camxhashmap.cpp:210 GetInPlace() Key not found
10-14 01:25:12.699 4290 4290 V CamX : [ VERB][UTILS ] camxhashmap.cpp:210 GetInPlace() Key not found
10-14 01:25:12.699 4290 4290 V CamX : [ VERB][UTILS ] camxhashmap.cpp:210 GetInPlace() Key not found
10-14 01:25:12.699 4290 4290 V CamX : [ VERB][UTILS ] camxhashmap.cpp:210 GetInPlace() Key not found
10-14 01:25:12.699 4290 4290 V CamX : [ VERB][UTILS ] camxhashmap.cpp:210 GetInPlace() Key not found
10-14 01:25:12.699 4290 4290 V CamX : [ VERB][UTILS ] camxhashmap.cpp:210 GetInPlace() Key not found
10-14 01:25:12.699 4290 4290 V CamX : [ VERB][UTILS ] camxhashmap.cpp:210 GetInPlace() Key not found
10-14 01:25:12.699 4290 4290 V CamX : [ VERB][UTILS ] camxhashmap.cpp:210 GetInPlace() Key not found
10-14 01:25:12.699 4290 4290 V CamX : [ VERB][UTILS ] camxhashmap.cpp:210 GetInPlace() Key not found
10-14 01:25:12.699 4290 4290 V CamX : [ VERB][UTILS ] camxhashmap.cpp:210 GetInPlace() Key not found
10-14 01:25:12.699 4290 4290 V CamX : [ VERB][UTILS ] camxhashmap.cpp:210 GetInPlace() Key not found
10-14 01:25:12.699 4290 4290 V CamX : [ VERB][UTILS ] camxhashmap.cpp:210 GetInPlace() Key not found
10-14 01:25:12.699 4290 4290 V CamX : [ VERB][UTILS ] camxhashmap.cpp:210 GetInPlace() Key not found
10-14 01:25:12.699 4290 4290 V CamX : [ VERB][UTILS ] camxhashmap.cpp:210 GetInPlace() Key not found
10-14 01:25:12.699 4290 4290 V CamX : [ VERB][UTILS ] camxhashmap.cpp:210 GetInPlace() Key not found
10-14 01:25:12.699 4290 4290 V CamX : [ VERB][UTILS ] camxhashmap.cpp:210 GetInPlace() Key not found
10-14 01:25:12.699 4290 4290 V CamX : [ VERB][UTILS ] camxhashmap.cpp:210 GetInPlace() Key not found
10-14 01:25:12.699 4290 4290 V CamX : [ VERB][UTILS ] camxhashmap.cpp:210 GetInPlace() Key not found
10-14 01:25:12.699 4290 4290 V CamX : [ VERB][UTILS ] camxhashmap.cpp:210 GetInPlace() Key not found
10-14 01:25:12.699 4290 4290 V CamX : [ VERB][UTILS ] camxhashmap.cpp:210 GetInPlace() Key not found
10-14 01:25:12.699 4290 4290 V CamX : [ VERB][UTILS ] camxhashmap.cpp:210 GetInPlace() Key not found
10-14 01:25:12.699 4290 4290 V CamX : [ VERB][UTILS ] camxhashmap.cpp:210 GetInPlace() Key not found
10-14 01:25:12.699 4290 4290 V CamX : [ VERB][UTILS ] camxhashmap.cpp:210 GetInPlace() Key not found
10-14 01:25:12.699 4290 4290 V CamX : [ VERB][UTILS ] camxhashmap.cpp:210 GetInPlace() Key not found
10-14 01:25:12.699 4290 4290 V CamX : [ VERB][UTILS ] camxhashmap.cpp:210 GetInPlace() Key not found
10-14 01:25:12.699 4290 4290 V CamX : [ VERB][UTILS ] camxhashmap.cpp:210 GetInPlace() Key not found
10-14 01:25:12.699 4290 4290 V CamX : [ VERB][UTILS ] camxhashmap.cpp:210 GetInPlace() Key not found
10-14 01:25:12.699 4290 4290 V CamX : [ VERB][UTILS ] camxhashmap.cpp:210 GetInPlace() Key not found
10-14 01:25:12.699 4290 4290 V CamX : [ VERB][UTILS ] camxhashmap.cpp:210 GetInPlace() Key not found
10-14 01:25:12.699 4290 4290 V CamX : [ VERB][UTILS ] camxhashmap.cpp:210 GetInPlace() Key not found
10-14 01:25:12.699 4290 4290 V CamX : [ VERB][UTILS ] camxhashmap.cpp:210 GetInPlace() Key not found
10-14 01:25:12.699 4290 4290 V CamX : [ VERB][UTILS ] camxhashmap.cpp:210 GetInPlace() Key not found
10-14 01:25:12.699 4290 4290 V CamX : [ VERB][UTILS ] camxhashmap.cpp:210 GetInPlace() Key not found
10-14 01:25:12.699 4290 4290 V CamX : [ VERB][UTILS ] camxhashmap.cpp:210 GetInPlace() Key not found
10-14 01:25:12.699 4290 4290 V CamX : [ VERB][UTILS ] camxhashmap.cpp:210 GetInPlace() Key not found
10-14 01:25:12.699 4290 4290 V CamX : [ VERB][UTILS ] camxhashmap.cpp:210 GetInPlace() Key not found
10-14 01:25:12.699 4290 4290 V CamX : [ VERB][UTILS ] camxhashmap.cpp:210 GetInPlace() Key not found
10-14 01:25:12.699 4290 4290 V CamX : [ VERB][UTILS ] camxhashmap.cpp:210 GetInPlace() Key not found
10-14 01:25:12.699 4290 4290 V CamX : [ VERB][UTILS ] camxhashmap.cpp:210 GetInPlace() Key not found
10-14 01:25:12.699 4290 4290 V CamX : [ VERB][UTILS ] camxhashmap.cpp:210 GetInPlace() Key not found
10-14 01:25:12.699 4290 4290 V CamX : [ VERB][UTILS ] camxhashmap.cpp:210 GetInPlace() Key not found
10-14 01:25:12.699 4290 4290 V CamX : [ VERB][UTILS ] camxhashmap.cpp:210 GetInPlace() Key not found
10-14 01:25:12.699 4290 4290 V CamX : [ VERB][UTILS ] camxhashmap.cpp:210 GetInPlace() Key not found
10-14 01:25:12.699 4290 4290 V CamX : [ VERB][UTILS ] camxhashmap.cpp:210 GetInPlace() Key not found
10-14 01:25:12.699 4290 4290 V CamX : [ VERB][UTILS ] camxhashmap.cpp:210 GetInPlace() Key not found
10-14 01:25:12.699 4290 4290 V CamX : [ VERB][UTILS ] camxhashmap.cpp:210 GetInPlace() Key not found
10-14 01:25:12.699 4290 4290 V CamX : [ VERB][UTILS ] camxhashmap.cpp:210 GetInPlace() Key not found
10-14 01:25:12.699 4290 4290 V CamX : [ VERB][UTILS ] camxhashmap.cpp:210 GetInPlace() Key not found
10-14 01:25:12.699 4290 4290 V CamX : [ VERB][UTILS ] camxhashmap.cpp:210 GetInPlace() Key not found
10-14 01:25:12.699 4290 4290 V CamX : [ VERB][UTILS ] camxhashmap.cpp:210 GetInPlace() Key not found
10-14 01:25:12.699 4290 4290 V CamX : [ VERB][UTILS ] camxhashmap.cpp:210 GetInPlace() Key not found
10-14 01:25:12.699 4290 4290 V CamX : [ VERB][UTILS ] camxhashmap.cpp:210 GetInPlace() Key not found
10-14 01:25:12.699 4290 4290 V CamX : [ VERB][UTILS ] camxhashmap.cpp:210 GetInPlace() Key not found
10-14 01:25:12.699 4290 4290 V CamX : [ VERB][UTILS ] camxhashmap.cpp:210 GetInPlace() Key not found
10-14 01:25:12.699 4290 4290 V CamX : [ VERB][UTILS ] camxhashmap.cpp:210 GetInPlace() Key not found
10-14 01:25:12.699 4290 4290 V CamX : [ VERB][UTILS ] camxhashmap.cpp:210 GetInPlace() Key not found
10-14 01:25:12.699 4290 4290 V CamX : [ VERB][UTILS ] camxhashmap.cpp:210 GetInPlace() Key not found
10-14 01:25:12.699 4290 4290 V CamX : [ VERB][UTILS ] camxhashmap.cpp:210 GetInPlace() Key not found
10-14 01:25:12.699 4290 4290 V CamX : [ VERB][UTILS ] camxhashmap.cpp:210 GetInPlace() Key not found
10-14 01:25:12.700 4290 4290 V CamX : [ VERB][UTILS ] camxhashmap.cpp:210 GetInPlace() Key not found
10-14 01:25:12.700 4290 4290 V CamX : [ VERB][UTILS ] camxhashmap.cpp:210 GetInPlace() Key not found
10-14 01:25:12.700 4290 4290 V CamX : [ VERB][UTILS ] camxhashmap.cpp:210 GetInPlace() Key not found
10-14 01:25:12.700 4290 4290 V CamX : [ VERB][UTILS ] camxhashmap.cpp:210 GetInPlace() Key not found
10-14 01:25:12.700 4290 4290 V CamX : [ VERB][UTILS ] camxhashmap.cpp:210 GetInPlace() Key not found
10-14 01:25:12.700 4290 4290 V CamX : [ VERB][UTILS ] camxhashmap.cpp:210 GetInPlace() Key not found
10-14 01:25:12.700 4290 4290 V CamX : [ VERB][UTILS ] camxhashmap.cpp:210 GetInPlace() Key not found
10-14 01:25:12.700 4290 4290 V CamX : [ VERB][UTILS ] camxhashmap.cpp:210 GetInPlace() Key not found
10-14 01:25:12.700 4290 4290 V CamX : [ VERB][UTILS ] camxhashmap.cpp:210 GetInPlace() Key not found
10-14 01:25:12.700 4290 4290 V CamX : [ VERB][UTILS ] camxhashmap.cpp:210 GetInPlace() Key not found
10-14 01:25:12.700 4290 4290 V CamX : [ VERB][UTILS ] camxhashmap.cpp:210 GetInPlace() Key not found
10-14 01:25:12.700 4290 4290 V CamX : [ VERB][UTILS ] camxhashmap.cpp:210 GetInPlace() Key not found
10-14 01:25:12.700 4290 4290 V CamX : [ VERB][UTILS ] camxhashmap.cpp:210 GetInPlace() Key not found
10-14 01:25:12.700 4290 4290 V CamX : [ VERB][UTILS ] camxhashmap.cpp:210 GetInPlace() Key not found
10-14 01:25:12.700 4290 4290 V CamX : [ VERB][UTILS ] camxhashmap.cpp:210 GetInPlace() Key not found
10-14 01:25:12.700 4290 4290 V CamX : [ VERB][UTILS ] camxhashmap.cpp:210 GetInPlace() Key not found
10-14 01:25:12.700 4290 4290 V CamX : [ VERB][UTILS ] camxhashmap.cpp:210 GetInPlace() Key not found
10-14 01:25:12.700 4290 4290 V CamX : [ VERB][UTILS ] camxhashmap.cpp:210 GetInPlace() Key not found
10-14 01:25:12.700 4290 4290 V CamX : [ VERB][UTILS ] camxhashmap.cpp:210 GetInPlace() Key not found
10-14 01:25:12.700 4290 4290 V CamX : [ VERB][UTILS ] camxhashmap.cpp:210 GetInPlace() Key not found
10-14 01:25:12.700 4290 4290 V CamX : [ VERB][UTILS ] camxhashmap.cpp:210 GetInPlace() Key not found
10-14 01:25:12.700 4290 4290 V CamX : [ VERB][UTILS ] camxhashmap.cpp:210 GetInPlace() Key not found
10-14 01:25:12.700 4290 4290 V CamX : [ VERB][UTILS ] camxhashmap.cpp:210 GetInPlace() Key not found
10-14 01:25:12.700 4290 4290 V CamX : [ VERB][UTILS ] camxhashmap.cpp:210 GetInPlace() Key not found
10-14 01:25:12.700 4290 4290 V CamX : [ VERB][UTILS ] camxhashmap.cpp:210 GetInPlace() Key not found
10-14 01:25:12.700 4290 4290 V CamX : [ VERB][UTILS ] camxhashmap.cpp:210 GetInPlace() Key not found
10-14 01:25:12.700 4290 4290 V CamX : [ VERB][UTILS ] camxhashmap.cpp:210 GetInPlace() Key not found
10-14 01:25:12.700 4290 4290 V CamX : [ VERB][UTILS ] camxhashmap.cpp:210 GetInPlace() Key not found
10-14 01:25:12.700 4290 4290 V CamX : [ VERB][UTILS ] camxhashmap.cpp:210 GetInPlace() Key not found
10-14 01:25:12.700 4290 4290 V CamX : [ VERB][UTILS ] camxhashmap.cpp:210 GetInPlace() Key not found
10-14 01:25:12.700 4290 4290 V CamX : [ VERB][UTILS ] camxhashmap.cpp:210 GetInPlace() Key not found
10-14 01:25:12.700 4290 4290 V CamX : [ VERB][UTILS ] camxhashmap.cpp:210 GetInPlace() Key not found
10-14 01:25:12.700 4290 4290 V CamX : [ VERB][UTILS ] camxhashmap.cpp:210 GetInPlace() Key not found
10-14 01:25:12.700 4290 4290 V CamX : [ VERB][UTILS ] camxhashmap.cpp:210 GetInPlace() Key not found
10-14 01:25:12.700 4290 4290 V CamX : [ VERB][UTILS ] camxhashmap.cpp:210 GetInPlace() Key not found
10-14 01:25:12.700 4290 4290 V CamX : [ VERB][UTILS ] camxhashmap.cpp:210 GetInPlace() Key not found
10-14 01:25:12.700 4290 4290 V CamX : [ VERB][UTILS ] camxhashmap.cpp:210 GetInPlace() Key not found
10-14 01:25:12.700 4290 4290 V CamX : [ VERB][UTILS ] camxhashmap.cpp:210 GetInPlace() Key not found
10-14 01:25:12.700 4290 4290 V CamX : [ VERB][UTILS ] camxhashmap.cpp:210 GetInPlace() Key not found
10-14 01:25:12.700 4290 4290 V CamX : [ VERB][UTILS ] camxhashmap.cpp:210 GetInPlace() Key not found
10-14 01:25:12.700 4290 4290 V CamX : [ VERB][UTILS ] camxhashmap.cpp:210 GetInPlace() Key not found
10-14 01:25:12.700 4290 4290 V CamX : [ VERB][UTILS ] camxhashmap.cpp:210 GetInPlace() Key not found
10-14 01:25:12.700 4290 4290 V CamX : [ VERB][UTILS ] camxhashmap.cpp:210 GetInPlace() Key not found
10-14 01:25:12.700 4290 4290 V CamX : [ VERB][UTILS ] camxhashmap.cpp:210 GetInPlace() Key not found
10-14 01:25:12.700 4290 4290 V CamX : [ VERB][UTILS ] camxhashmap.cpp:210 GetInPlace() Key not found
10-14 01:25:12.700 4290 4290 V CamX : [ VERB][UTILS ] camxhashmap.cpp:210 GetInPlace() Key not found
10-14 01:25:12.700 4290 4290 V CamX : [ VERB][UTILS ] camxhashmap.cpp:210 GetInPlace() Key not found
10-14 01:25:12.700 4290 4290 V CamX : [ VERB][UTILS ] camxhashmap.cpp:210 GetInPlace() Key not found
10-14 01:25:12.700 4290 4290 V CamX : [ VERB][UTILS ] camxhashmap.cpp:210 GetInPlace() Key not found
10-14 01:25:12.700 4290 4290 V CamX : [ VERB][UTILS ] camxhashmap.cpp:210 GetInPlace() Key not found
10-14 01:25:12.700 4290 4290 V CamX : [ VERB][UTILS ] camxhashmap.cpp:210 GetInPlace() Key not found
10-14 01:25:12.700 4290 4290 V CamX : [ VERB][UTILS ] camxhashmap.cpp:210 GetInPlace() Key not found
10-14 01:25:12.700 4290 4290 V CamX : [ VERB][UTILS ] camxhashmap.cpp:210 GetInPlace() Key not found
10-14 01:25:12.700 4290 4290 V CamX : [ VERB][UTILS ] camxhashmap.cpp:210 GetInPlace() Key not found
10-14 01:25:12.700 4290 4290 V CamX : [ VERB][UTILS ] camxhashmap.cpp:210 GetInPlace() Key not found
10-14 01:25:12.700 4290 4290 V CamX : [ VERB][UTILS ] camxhashmap.cpp:210 GetInPlace() Key not found
10-14 01:25:12.700 4290 4290 V CamX : [ VERB][UTILS ] camxhashmap.cpp:210 GetInPlace() Key not found
10-14 01:25:12.700 4290 4290 V CamX : [ VERB][UTILS ] camxhashmap.cpp:210 GetInPlace() Key not found
10-14 01:25:12.700 4290 4290 V CamX : [ VERB][UTILS ] camxhashmap.cpp:210 GetInPlace() Key not found
10-14 01:25:12.700 4290 4290 V CamX : [ VERB][UTILS ] camxhashmap.cpp:210 GetInPlace() Key not found
10-14 01:25:12.700 4290 4290 V CamX : [ VERB][UTILS ] camxhashmap.cpp:210 GetInPlace() Key not found
10-14 01:25:12.700 4290 4290 V CamX : [ VERB][UTILS ] camxhashmap.cpp:210 GetInPlace() Key not found
10-14 01:25:12.700 4290 4290 V CamX : [ VERB][UTILS ] camxhashmap.cpp:210 GetInPlace() Key not found
10-14 01:25:12.700 4290 4290 V CamX : [ VERB][UTILS ] camxhashmap.cpp:210 GetInPlace() Key not found
10-14 01:25:12.700 4290 4290 V CamX : [ VERB][UTILS ] camxhashmap.cpp:210 GetInPlace() Key not found
10-14 01:25:12.700 4290 4290 V CamX : [ VERB][UTILS ] camxhashmap.cpp:210 GetInPlace() Key not found
10-14 01:25:12.700 4290 4290 V CamX : [ VERB][UTILS ] camxhashmap.cpp:210 GetInPlace() Key not found
10-14 01:25:12.700 4290 4290 V CamX : [ VERB][UTILS ] camxhashmap.cpp:210 GetInPlace() Key not found
10-14 01:25:12.700 4290 4290 V CamX : [ VERB][UTILS ] camxhashmap.cpp:210 GetInPlace() Key not found
10-14 01:25:12.700 4290 4290 V CamX : [ VERB][UTILS ] camxhashmap.cpp:210 GetInPlace() Key not found
10-14 01:25:12.700 4290 4290 V CamX : [ VERB][UTILS ] camxhashmap.cpp:210 GetInPlace() Key not found
10-14 01:25:12.700 4290 4290 V CamX : [ VERB][UTILS ] camxhashmap.cpp:210 GetInPlace() Key not found
10-14 01:25:12.701 4290 4290 V CamX : [ VERB][UTILS ] camxhashmap.cpp:210 GetInPlace() Key not found
10-14 01:25:12.701 4290 4290 V CamX : [ VERB][UTILS ] camxhashmap.cpp:210 GetInPlace() Key not found
