10-14 01:25:12.701 4290 4290 V CamX : [ VERB][UTILS ] camxhashmap.cpp:210 GetInPlace() Key not found
10-14 01:25:12.701 4290 4290 V CamX : [ VERB][UTILS ] camxhashmap.cpp:210 GetInPlace() Key not found
10-14 01:25:12.701 4290 4290 V CamX : [ VERB][UTILS ] camxhashmap.cpp:210 GetInPlace() Key not found
10-14 01:25:12.701 4290 4290 V CamX : [ VERB][UTILS ] camxhashmap.cpp:210 GetInPlace() Key not found
10-14 01:25:12.701 4290 4290 V CamX : [ VERB][UTILS ] camxhashmap.cpp:210 GetInPlace() Key not found
10-14 01:25:12.701 4290 4290 V CamX : [ VERB][UTILS ] camxhashmap.cpp:210 GetInPlace() Key not found
10-14 01:25:12.701 4290 4290 V CamX : [ VERB][UTILS ] camxhashmap.cpp:210 GetInPlace() Key not found
10-14 01:25:12.701 4290 4290 V CamX : [ VERB][UTILS ] camxhashmap.cpp:210 GetInPlace() Key not found
10-14 01:25:12.701 4290 4290 V CamX : [ VERB][UTILS ] camxhashmap.cpp:210 GetInPlace() Key not found
10-14 01:25:12.701 4290 4290 V CamX : [ VERB][UTILS ] camxhashmap.cpp:210 GetInPlace() Key not found
10-14 01:25:12.701 4290 4290 V CamX : [ VERB][UTILS ] camxhashmap.cpp:210 GetInPlace() Key not found
10-14 01:25:12.701 4290 4290 V CamX : [ VERB][UTILS ] camxhashmap.cpp:210 GetInPlace() Key not found
10-14 01:25:12.701 4290 4290 V CamX : [ VERB][UTILS ] camxhashmap.cpp:210 GetInPlace() Key not found
10-14 01:25:12.701 4290 4290 V CamX : [ VERB][UTILS ] camxhashmap.cpp:210 GetInPlace() Key not found
10-14 01:25:12.701 4290 4290 V CamX : [ VERB][UTILS ] camxhashmap.cpp:210 GetInPlace() Key not found
10-14 01:25:12.701 4290 4290 V CamX : [ VERB][UTILS ] camxhashmap.cpp:210 GetInPlace() Key not found
10-14 01:25:12.701 4290 4290 V CamX : [ VERB][UTILS ] camxhashmap.cpp:210 GetInPlace() Key not found
10-14 01:25:12.701 4290 4290 V CamX : [ VERB][UTILS ] camxhashmap.cpp:210 GetInPlace() Key not found
10-14 01:25:12.701 4290 4290 V CamX : [ VERB][UTILS ] camxhashmap.cpp:210 GetInPlace() Key not found
10-14 01:25:12.701 4290 4290 V CamX : [ VERB][UTILS ] camxhashmap.cpp:210 GetInPlace() Key not found
10-14 01:25:12.701 4290 4290 V CamX : [ VERB][UTILS ] camxhashmap.cpp:210 GetInPlace() Key not found
10-14 01:25:12.701 4290 4290 V CamX : [ VERB][UTILS ] camxhashmap.cpp:210 GetInPlace() Key not found
10-14 01:25:12.701 4290 4290 V CamX : [ VERB][UTILS ] camxhashmap.cpp:210 GetInPlace() Key not found
10-14 01:25:12.701 4290 4290 V CamX : [ VERB][UTILS ] camxhashmap.cpp:210 GetInPlace() Key not found
10-14 01:25:12.701 4290 4290 V CamX : [ VERB][UTILS ] camxhashmap.cpp:210 GetInPlace() Key not found
10-14 01:25:12.701 4290 4290 V CamX : [ VERB][UTILS ] camxhashmap.cpp:210 GetInPlace() Key not found
10-14 01:25:12.701 4290 4290 V CamX : [ VERB][UTILS ] camxhashmap.cpp:210 GetInPlace() Key not found
10-14 01:25:12.701 4290 4290 V CamX : [ VERB][UTILS ] camxhashmap.cpp:210 GetInPlace() Key not found
10-14 01:25:12.701 4290 4290 V CamX : [ VERB][UTILS ] camxhashmap.cpp:210 GetInPlace() Key not found
10-14 01:25:12.701 4290 4290 V CamX : [ VERB][UTILS ] camxhashmap.cpp:210 GetInPlace() Key not found
10-14 01:25:12.701 4290 4290 V CamX : [ VERB][UTILS ] camxhashmap.cpp:210 GetInPlace() Key not found
10-14 01:25:12.701 4290 4290 V CamX : [ VERB][UTILS ] camxhashmap.cpp:210 GetInPlace() Key not found
10-14 01:25:12.701 4290 4290 V CamX : [ VERB][UTILS ] camxhashmap.cpp:210 GetInPlace() Key not found
10-14 01:25:12.701 4290 4290 V CamX : [ VERB][UTILS ] camxhashmap.cpp:210 GetInPlace() Key not found
10-14 01:25:12.701 4290 4290 V CamX : [ VERB][UTILS ] camxhashmap.cpp:210 GetInPlace() Key not found
10-14 01:25:12.701 4290 4290 V CamX : [ VERB][UTILS ] camxhashmap.cpp:210 GetInPlace() Key not found
10-14 01:25:12.701 4290 4290 V CamX : [ VERB][UTILS ] camxhashmap.cpp:210 GetInPlace() Key not found
10-14 01:25:12.701 4290 4290 V CamX : [ VERB][UTILS ] camxhashmap.cpp:210 GetInPlace() Key not found
10-14 01:25:12.701 4290 4290 V CamX : [ VERB][UTILS ] camxhashmap.cpp:210 GetInPlace() Key not found
10-14 01:25:12.701 4290 4290 V CamX : [ VERB][UTILS ] camxhashmap.cpp:210 GetInPlace() Key not found
10-14 01:25:12.701 4290 4290 V CamX : [ VERB][UTILS ] camxhashmap.cpp:210 GetInPlace() Key not found
10-14 01:25:12.701 4290 4290 V CamX : [ VERB][UTILS ] camxhashmap.cpp:210 GetInPlace() Key not found
10-14 01:25:12.701 4290 4290 V CamX : [ VERB][UTILS ] camxhashmap.cpp:210 GetInPlace() Key not found
10-14 01:25:12.701 4290 4290 V CamX : [ VERB][UTILS ] camxhashmap.cpp:210 GetInPlace() Key not found
10-14 01:25:12.701 4290 4290 V CamX : [ VERB][UTILS ] camxhashmap.cpp:210 GetInPlace() Key not found
10-14 01:25:12.701 4290 4290 V CamX : [ VERB][UTILS ] camxhashmap.cpp:210 GetInPlace() Key not found
10-14 01:25:12.701 4290 4290 V CamX : [ VERB][UTILS ] camxhashmap.cpp:210 GetInPlace() Key not found
10-14 01:25:12.701 4290 4290 V CamX : [ VERB][UTILS ] camxhashmap.cpp:210 GetInPlace() Key not found
10-14 01:25:12.701 4290 4290 V CamX : [ VERB][UTILS ] camxhashmap.cpp:210 GetInPlace() Key not found
10-14 01:25:12.701 4290 4290 V CamX : [ VERB][UTILS ] camxhashmap.cpp:210 GetInPlace() Key not found
10-14 01:25:12.701 4290 4290 V CamX : [ VERB][UTILS ] camxhashmap.cpp:210 GetInPlace() Key not found
10-14 01:25:12.701 4290 4290 V CamX : [ VERB][UTILS ] camxhashmap.cpp:210 GetInPlace() Key not found
10-14 01:25:12.701 4290 4290 V CamX : [ VERB][UTILS ] camxhashmap.cpp:210 GetInPlace() Key not found
10-14 01:25:12.701 4290 4290 V CamX : [ VERB][UTILS ] camxhashmap.cpp:210 GetInPlace() Key not found
10-14 01:25:12.701 4290 4290 V CamX : [ VERB][UTILS ] camxhashmap.cpp:210 GetInPlace() Key not found
10-14 01:25:12.702 4290 4290 V CamX : [ VERB][UTILS ] camxhashmap.cpp:210 GetInPlace() Key not found
10-14 01:25:12.702 4290 4290 V CamX : [ VERB][UTILS ] camxhashmap.cpp:210 GetInPlace() Key not found
10-14 01:25:12.702 4290 4290 V CamX : [ VERB][UTILS ] camxhashmap.cpp:210 GetInPlace() Key not found
10-14 01:25:12.702 4290 4290 V CamX : [ VERB][UTILS ] camxhashmap.cpp:210 GetInPlace() Key not found
10-14 01:25:12.702 4290 4290 V CamX : [ VERB][UTILS ] camxhashmap.cpp:210 GetInPlace() Key not found
10-14 01:25:12.702 4290 4290 V CamX : [ VERB][UTILS ] camxhashmap.cpp:210 GetInPlace() Key not found
10-14 01:25:12.702 4290 4290 V CamX : [ VERB][UTILS ] camxhashmap.cpp:210 GetInPlace() Key not found
10-14 01:25:12.702 4290 4290 V CamX : [ VERB][UTILS ] camxhashmap.cpp:210 GetInPlace() Key not found
10-14 01:25:12.702 4290 4290 V CamX : [ VERB][UTILS ] camxhashmap.cpp:210 GetInPlace() Key not found
10-14 01:25:12.702 4290 4290 V CamX : [ VERB][UTILS ] camxhashmap.cpp:210 GetInPlace() Key not found
10-14 01:25:12.702 4290 4290 V CamX : [ VERB][UTILS ] camxhashmap.cpp:210 GetInPlace() Key not found
10-14 01:25:12.702 4290 4290 V CamX : [ VERB][UTILS ] camxhashmap.cpp:210 GetInPlace() Key not found
10-14 01:25:12.702 4290 4290 V CamX : [ VERB][UTILS ] camxhashmap.cpp:210 GetInPlace() Key not found
10-14 01:25:12.702 4290 4290 V CamX : [ VERB][UTILS ] camxhashmap.cpp:210 GetInPlace() Key not found
10-14 01:25:12.702 4290 4290 V CamX : [ VERB][UTILS ] camxhashmap.cpp:210 GetInPlace() Key not found
10-14 01:25:12.702 4290 4290 V CamX : [ VERB][UTILS ] camxhashmap.cpp:210 GetInPlace() Key not found
10-14 01:25:12.702 4290 4290 V CamX : [ VERB][UTILS ] camxhashmap.cpp:210 GetInPlace() Key not found
10-14 01:25:12.702 4290 4290 V CamX : [ VERB][UTILS ] camxhashmap.cpp:210 GetInPlace() Key not found
10-14 01:25:12.702 4290 4290 V CamX : [ VERB][UTILS ] camxhashmap.cpp:210 GetInPlace() Key not found
10-14 01:25:12.702 4290 4290 V CamX : [ VERB][UTILS ] camxhashmap.cpp:210 GetInPlace() Key not found
10-14 01:25:12.702 4290 4290 V CamX : [ VERB][UTILS ] camxhashmap.cpp:210 GetInPlace() Key not found
10-14 01:25:12.702 4290 4290 V CamX : [ VERB][UTILS ] camxhashmap.cpp:210 GetInPlace() Key not found
10-14 01:25:12.702 4290 4290 V CamX : [ VERB][UTILS ] camxhashmap.cpp:210 GetInPlace() Key not found
10-14 01:25:12.702 4290 4290 V CamX : [ VERB][UTILS ] camxhashmap.cpp:210 GetInPlace() Key not found
10-14 01:25:12.702 4290 4290 V CamX : [ VERB][UTILS ] camxhashmap.cpp:210 GetInPlace() Key not found
10-14 01:25:12.702 4290 4290 V CamX : [ VERB][UTILS ] camxhashmap.cpp:210 GetInPlace() Key not found
10-14 01:25:12.702 4290 4290 V CamX : [ VERB][UTILS ] camxhashmap.cpp:210 GetInPlace() Key not found
10-14 01:25:12.702 4290 4290 V CamX : [ VERB][UTILS ] camxhashmap.cpp:210 GetInPlace() Key not found
10-14 01:25:12.702 4290 4290 V CamX : [ VERB][UTILS ] camxhashmap.cpp:210 GetInPlace() Key not found
10-14 01:25:12.702 4290 4290 V CamX : [ VERB][UTILS ] camxhashmap.cpp:210 GetInPlace() Key not found
10-14 01:25:12.702 4290 4290 V CamX : [ VERB][UTILS ] camxhashmap.cpp:210 GetInPlace() Key not found
10-14 01:25:12.702 4290 4290 V CamX : [ VERB][UTILS ] camxhashmap.cpp:210 GetInPlace() Key not found
10-14 01:25:12.702 4290 4290 V CamX : [ VERB][UTILS ] camxhashmap.cpp:210 GetInPlace() Key not found
10-14 01:25:12.702 4290 4290 V CamX : [ VERB][UTILS ] camxhashmap.cpp:210 GetInPlace() Key not found
10-14 01:25:12.702 4290 4290 V CamX : [ VERB][UTILS ] camxhashmap.cpp:210 GetInPlace() Key not found
10-14 01:25:12.702 4290 4290 V CamX : [ VERB][UTILS ] camxhashmap.cpp:210 GetInPlace() Key not found
10-14 01:25:12.702 4290 4290 V CamX : [ VERB][UTILS ] camxhashmap.cpp:210 GetInPlace() Key not found
10-14 01:25:12.702 4290 4290 V CamX : [ VERB][UTILS ] camxhashmap.cpp:210 GetInPlace() Key not found
10-14 01:25:12.702 4290 4290 V CamX : [ VERB][UTILS ] camxhashmap.cpp:210 GetInPlace() Key not found
10-14 01:25:12.702 4290 4290 V CamX : [ VERB][UTILS ] camxhashmap.cpp:210 GetInPlace() Key not found
10-14 01:25:12.702 4290 4290 V CamX : [ VERB][UTILS ] camxhashmap.cpp:210 GetInPlace() Key not found
10-14 01:25:12.702 4290 4290 V CamX : [ VERB][UTILS ] camxhashmap.cpp:210 GetInPlace() Key not found
10-14 01:25:12.702 4290 4290 V CamX : [ VERB][UTILS ] camxhashmap.cpp:210 GetInPlace() Key not found
10-14 01:25:12.702 4290 4290 V CamX : [ VERB][UTILS ] camxhashmap.cpp:210 GetInPlace() Key not found
10-14 01:25:12.702 4290 4290 V CamX : [ VERB][UTILS ] camxhashmap.cpp:210 GetInPlace() Key not found
10-14 01:25:12.702 4290 4290 V CamX : [ VERB][UTILS ] camxhashmap.cpp:210 GetInPlace() Key not found
10-14 01:25:12.702 4290 4290 V CamX : [ VERB][UTILS ] camxhashmap.cpp:210 GetInPlace() Key not found
10-14 01:25:12.702 4290 4290 V CamX : [ VERB][UTILS ] camxhashmap.cpp:210 GetInPlace() Key not found
10-14 01:25:12.702 4290 4290 V CamX : [ VERB][UTILS ] camxhashmap.cpp:210 GetInPlace() Key not found
10-14 01:25:12.702 4290 4290 V CamX : [ VERB][UTILS ] camxhashmap.cpp:210 GetInPlace() Key not found
10-14 01:25:12.702 4290 4290 V CamX : [ VERB][UTILS ] camxhashmap.cpp:210 GetInPlace() Key not found
10-14 01:25:12.702 4290 4290 V CamX : [ VERB][UTILS ] camxhashmap.cpp:210 GetInPlace() Key not found
10-14 01:25:12.702 4290 4290 V CamX : [ VERB][UTILS ] camxhashmap.cpp:210 GetInPlace() Key not found
10-14 01:25:12.702 4290 4290 V CamX : [ VERB][UTILS ] camxhashmap.cpp:210 GetInPlace() Key not found
10-14 01:25:12.702 4290 4290 V CamX : [ VERB][UTILS ] camxhashmap.cpp:210 GetInPlace() Key not found
10-14 01:25:12.702 4290 4290 V CamX : [ VERB][UTILS ] camxhashmap.cpp:210 GetInPlace() Key not found
10-14 01:25:12.703 4290 4290 V CamX : [ VERB][UTILS ] camxhashmap.cpp:210 GetInPlace() Key not found
10-14 01:25:12.703 4290 4290 V CamX : [ VERB][UTILS ] camxhashmap.cpp:210 GetInPlace() Key not found
10-14 01:25:12.707 4290 4290 F libc : Fatal signal 6 (SIGABRT), code -6 (SI_TKILL) in tid 4290 (android.hardwar), pid 4290 (android.hardwar)
10-14 01:25:12.850 4294 4294 I crash_dump64: obtaining output fd from tombstoned, type: kDebuggerdTombstoneProto
10-14 01:25:12.859 637 637 I tombstoned: received crash request for pid 4290
10-14 01:25:12.862 4294 4294 I crash_dump64: performing dump of process 4290 (target tid = 4290)
10-14 01:25:12.879 4294 4294 E DEBUG : failed to read /proc/uptime: Permission denied
01-01 08:02:23.277 0 0 I logd : logdr: UID=1047 GID=1005 PID=4294 n tail=0 logMask=8 pid=4290 start=0ns deadline=0ns
01-01 08:02:23.286 0 0 I logd : logdr: UID=1047 GID=1005 PID=4294 n tail=0 logMask=1 pid=4290 start=0ns deadline=0ns
10-14 01:25:13.081 4294 4294 F DEBUG : *** *** *** *** *** *** *** *** *** *** *** *** *** *** *** ***
10-14 01:25:13.081 4294 4294 F DEBUG : Build fingerprint: 'TC/figure_CN/figure:12/SKQ1.220201.001/1107:userdebug/test-keys'
10-14 01:25:13.081 4294 4294 F DEBUG : Revision: '0'
10-14 01:25:13.082 4294 4294 F DEBUG : ABI: 'arm64'
10-14 01:25:13.082 4294 4294 F DEBUG : Timestamp: 2022-10-14 01:25:12.876708818+0800
10-14 01:25:13.082 4294 4294 F DEBUG : Process uptime: 0s
10-14 01:25:13.082 4294 4294 F DEBUG : Cmdline: /vendor/bin/hw/android.hardware.camera.provider@2.4-service_64
10-14 01:25:13.082 4294 4294 F DEBUG : pid: 4290, tid: 4290, name: android.hardwar >>> /vendor/bin/hw/android.hardware.camera.provider@2.4-service_64 <<<
10-14 01:25:13.082 4294 4294 F DEBUG : uid: 1047
10-14 01:25:13.082 4294 4294 F DEBUG : signal 6 (SIGABRT), code -6 (SI_TKILL), fault addr --------
10-14 01:25:13.082 4294 4294 F DEBUG : x0 0000000000000000 x1 00000000000010c2 x2 0000000000000006 x3 8080800000000000
10-14 01:25:13.082 4294 4294 F DEBUG : x4 00000000000cd288 x5 00000000000cd288 x6 00000000000cd288 x7 7f7f7f7fff7fff7f
10-14 01:25:13.083 4294 4294 F DEBUG : x8 0000000000000083 x9 961509779754fc48 x10 0000007ff28f6d88 x11 fffffffffffffffd
10-14 01:25:13.083 4294 4294 F DEBUG : x12 00000073b3fd3000 x13 0000000000000000 x14 0000007ff28f7510 x15 ffffffffffffffff
10-14 01:25:13.083 4294 4294 F DEBUG : x16 00000076ced3d5a0 x17 00000076ced197c0 x18 00000076d12c4000 x19 00000073b26a6565
10-14 01:25:13.083 4294 4294 F DEBUG : x20 b4000073de5852d0 x21 00000076d0563000 x22 0000007ff28f79ec x23 00000073b2e1daa0
10-14 01:25:13.083 4294 4294 F DEBUG : x24 00000073b2dbdfc0 x25 00000073b2d67db0 x26 0000000000000060 x27 0000000000000000
10-14 01:25:13.083 4294 4294 F DEBUG : x28 b40000740e57e508 x29 0000007ff2923e30
10-14 01:25:13.083 4294 4294 F DEBUG : lr 00000073b2c9f7dc sp 0000007ff28f7980 pc 00000076ced197cc pst 0000000000001000
10-14 01:25:13.083 4294 4294 F DEBUG : backtrace:
10-14 01:25:13.084 4294 4294 F DEBUG : #00 pc 00000000000a17cc /apex/com.android.runtime/lib64/bionic/libc.so (tgkill+12) (BuildId: 369edc656806aeaf384cbeb8f7a347af)
10-14 01:25:13.084 4294 4294 F DEBUG : #01 pc 00000000006457d8 /vendor/lib64/hw/camera.qcom.so (CamX::HwEnvironment::GetInstance() (.cfi)+6368) (BuildId: 577757f361f69c46328d4dcf9bd6aaaf)
10-14 01:25:13.084 4294 4294 F DEBUG : #02 pc 0000000000266a50 /vendor/lib64/hw/camera.qcom.so (CamX::HAL3Module::GetInstance()+664) (BuildId: 577757f361f69c46328d4dcf9bd6aaaf)
10-14 01:25:13.084 4294 4294 F DEBUG : #03 pc 000000000025a294 /vendor/lib64/hw/camera.qcom.so (CamX::get_number_of_cameras() (.cfi)+84) (BuildId: 577757f361f69c46328d4dcf9bd6aaaf)
10-14 01:25:13.084 4294 4294 F DEBUG : #04 pc 0000000000034908 /vendor/lib64/android.hardware.camera.provider@2.4-legacy.so (android::hardware::camera::common::V1_0::helper::CameraModule::init()+200) (BuildId: c456d5ffa961e6c6954debfeaac86fd5)
10-14 01:25:13.084 4294 4294 F DEBUG : #05 pc 0000000000026e48 /vendor/lib64/android.hardware.camera.provider@2.4-legacy.so (android::hardware::camera::provider::V2_4::implementation::LegacyCameraProviderImpl_2_4::initialize()+140) (BuildId: c456d5ffa961e6c6954debfeaac86fd5)
10-14 01:25:13.084 4294 4294 F DEBUG : #06 pc 0000000000026638 /vendor/lib64/android.hardware.camera.provider@2.4-legacy.so (android::hardware::camera::provider::V2_4::implementation::LegacyCameraProviderImpl_2_4::LegacyCameraProviderImpl_2_4()+160) (BuildId: c456d5ffa961e6c6954debfeaac86fd5)
10-14 01:25:13.084 4294 4294 F DEBUG : #07 pc 000000000000415c /vendor/lib64/hw/android.hardware.camera.provider@2.4-impl.so (android::hardware::camera::provider::V2_4::implementation::CameraProvider* android::hardware::camera::provider::V2_4::implementation::getProviderImpl() (.cfi)+64) (BuildId: 5e2f33df9f94aadf6b2d7d01985be38c)
10-14 01:25:13.084 4294 4294 F DEBUG : #08 pc 0000000000051d94 /apex/com.android.vndk.v30/lib64/libhidlbase.so (android::hardware::PassthroughServiceManager::get(android::hardware::hidl_string const&, android::hardware::hidl_string const&)::'lambda'(void*, std::__1::basic_string, std::__1::allocator > const&, std::__1::basic_string, std::__1::allocator > const&)::operator()(void*, std::__1::basic_string, std::__1::allocator > const&, std::__1::basic_string, std::__1::allocator > const&) const+96) (BuildId: fc3e2389a057aeefafa6557f6d78a06b)
10-14 01:25:13.085 4294 4294 F DEBUG : #09 pc 000000000004cdf0 /apex/com.android.vndk.v30/lib64/libhidlbase.so (android::hardware::PassthroughServiceManager::openLibs(std::__1::basic_string, std::__1::allocator > const&, std::__1::function, std::__1::allocator > const&, std::__1::basic_string, std::__1::allocator > const&)> const&)+944) (BuildId: fc3e2389a057aeefafa6557f6d78a06b)
10-14 01:25:13.085 4294 4294 F DEBUG : #10 pc 00000000000502a0 /apex/com.android.vndk.v30/lib64/libhidlbase.so (android::hardware::PassthroughServiceManager::get(android::hardware::hidl_string const&, android::hardware::hidl_string const&)+92) (BuildId: fc3e2389a057aeefafa6557f6d78a06b)
10-14 01:25:13.085 4294 4294 F DEBUG : #11 pc 000000000004dd8c /apex/com.android.vndk.v30/lib64/libhidlbase.so (android::hardware::details::getRawServiceInternal(std::__1::basic_string, std::__1::allocator > const&, std::__1::basic_string, std::__1::allocator > const&, bool, bool)+1488) (BuildId: fc3e2389a057aeefafa6557f6d78a06b)
10-14 01:25:13.085 4294 4294 F DEBUG : #12 pc 000000000004b91c /apex/com.android.vndk.v30/lib64/libhidlbase.so (android::hardware::details::registerPassthroughServiceImplementation(std::__1::basic_string, std::__1::allocator > const&, std::__1::basic_string, std::__1::allocator > const&, std::__1::function const&, std::__1::basic_string, std::__1::allocator > const&)>, std::__1::basic_string, std::__1::allocator > const&)+80) (BuildId: fc3e2389a057aeefafa6557f6d78a06b)
10-14 01:25:13.085 4294 4294 F DEBUG : #13 pc 000000000004bc9c /apex/com.android.vndk.v30/lib64/libhidlbase.so (android::hardware::registerPassthroughServiceImplementation(std::__1::basic_string, std::__1::allocator > const&, std::__1::basic_string, std::__1::allocator > const&, std::__1::basic_string, std::__1::allocator > const&)+56) (BuildId: fc3e2389a057aeefafa6557f6d78a06b)
10-14 01:25:13.085 4294 4294 F DEBUG : #14 pc 0000000000001130 /vendor/bin/hw/android.hardware.camera.provider@2.4-service_64 (main.cfi+196) (BuildId: a1ba6e409ca848af1f0b7c62860af7da)
10-14 01:25:13.086 4294 4294 F DEBUG : #15 pc 000000000004a084 /apex/com.android.runtime/lib64/bionic/libc.so (__libc_init+100) (BuildId: 369edc656806aeaf384cbeb8f7a347af)
10-14 01:25:13.111 1132 1889 W NativeCrashListener: Couldn't find ProcessRecord for pid 4290
10-14 01:25:13.112 4294 4294 E crash_dump64: AM data write failed: Broken pipe
10-14 01:25:13.118 637 637 E tombstoned: Tombstone written to: tombstone_03
01-01 08:02:23.372 0 0 I init : Untracked pid 4294 exited with status 0
01-01 08:02:23.374 0 0 I init : Service 'vendor.camera-provider-2-4' (pid 4290) received signal 6
01-01 08:02:23.374 0 0 I init : Sending signal 9 to service 'vendor.camera-provider-2-4' (pid 4290) process group...
10-14 01:25:13.124 1132 1658 I BootReceiver: Copying /data/tombstones/tombstone_03 to DropBox (SYSTEM_TOMBSTONE)
10-14 01:25:13.124 1132 1658 I DropBoxManagerService: add tag=SYSTEM_TOMBSTONE isTagEnabled=true flags=0x6
10-14 01:25:13.134 825 2569 I vendor.qti.bluetooth@1.0-ibs_handler: ProcessIbsCmd: Received IBS_WAKE_IND: 0xFD
10-14 01:25:13.135 825 2569 I vendor.qti.bluetooth@1.0-ibs_handler: ProcessIbsCmd: Writing IBS_WAKE_ACK
10-14 01:25:13.137 1132 1658 E NativeTombstoneManager: Tombstone's UID (1047) not an app, ignoring
10-14 01:25:13.138 1132 1658 I DropBoxManagerService: add tag=SYSTEM_TOMBSTONE_PROTO isTagEnabled=true flags=0x4
10-14 01:25:13.181 655 666 I mpu_uart: [MSG-P:RECV]:No message received in 1000 ms
01-01 08:02:23.445 0 0 I libprocessgroup: Successfully killed process cgroup uid 1047 pid 4290 in 70ms
01-01 08:02:23.453 0 0 I init : Untracked pid 4296 exited with status 0
10-14 01:25:13.227 825 2569 I vendor.qti.bluetooth@1.0-ibs_handler: ProcessIbsCmd: Received IBS_SLEEP_IND: 0xFE
10-14 01:25:13.310 825 2569 I vendor.qti.bluetooth@1.0-ibs_handler: ProcessIbsCmd: Received IBS_WAKE_IND: 0xFD
10-14 01:25:13.310 825 2569 I vendor.qti.bluetooth@1.0-ibs_handler: ProcessIbsCmd: Writing IBS_WAKE_ACK
10-14 01:25:13.312 1887 2575 E bt_avp : avdt_ad_tc_data_ind: type: x0, tcid: 0, ccb_idx: 0
10-14 01:25:13.312 1887 2575 D bt_btif : bta_av_ssm_execute(): AV Sevent(0x41)=0x121c(STR_START_OK) state=3(OPEN)
10-14 01:25:13.312 1887 2575 D a2dp_codec: A2DP_GetCodecType:
10-14 01:25:13.312 1887 2575 E bt_btif : bta_av_co_get_active_peer: active peer index: 0
10-14 01:25:13.312 1887 2575 W bt_btif : bta_av_start_ok: Resetting/Removing packet type limit for non-aptX codec stream
10-14 01:25:13.312 1887 2575 W bt_btm : BTM: Local device role : 0x00
10-14 01:25:13.313 1887 2575 W bt_btm : BTM: RemBdAddr: 5c:fb:7c:39:04:0d
10-14 01:25:13.313 1887 2575 I bt_bta_av: bta_av_link_role_ok hndl:x41 role:0 conn_audio:x1 bits:1 features:x8e5b
10-14 01:25:13.313 1887 2575 W bt_btif : bta_dm_rm_cback:2, status:0
10-14 01:25:13.313 1887 2575 W bt_l2cap: L2CA_SetDesireRole() new:x0, disallow_switch:0
10-14 01:25:13.313 1887 2575 V bt_stack: [VERBOSE1:btm_acl.cc(654)] BTM_SwitchRole BDA: 5c:fb:7c:39:04:0d
10-14 01:25:13.313 1887 2575 W bt_btif : bta_dm_rm_cback:2, status:7
10-14 01:25:13.313 1887 2575 I btif_av : isBATEnabled: 0
10-14 01:25:13.313 1887 2575 E bt_btif : bta_av_co_get_active_peer: active peer index: 0
10-14 01:25:13.313 1887 2575 E bt_btif : bta_av_co_get_active_peer: active peer index: 0
10-14 01:25:13.313 1887 2575 W bt_btm : BTM: Local device role : 0x00
10-14 01:25:13.313 1887 2575 W bt_btm : BTM: RemBdAddr: 5c:fb:7c:39:04:0d
10-14 01:25:13.315 1887 2073 D bt_btif : btif_av_state_opened_handler: event: BTA_AV_START_EVT, flags: 4, peer_sep: 1, index: 0 reconfig_event: 0, codec_cfg_change: 0, reconfig_pending: 0, reconfig_a2dp: 0, is_retry_reconfig: 0
10-14 01:25:13.315 1887 2073 D bt_btif : btif_av_state_opened_handler: event: BTIF_SM_EXIT_EVT, flags: 4, peer_sep: 1, index: 0 reconfig_event: 0, codec_cfg_change: 0, reconfig_pending: 0, reconfig_a2dp: 0, is_retry_reconfig: 0
10-14 01:25:13.315 1887 2073 D bt_btif : btif_av_state_started_handler: event: BTIF_SM_ENTER_EVT flags: 0 index = 0, reconfig_event: 0, codec_cfg_change: 0
10-14 01:25:13.315 1887 2073 D bt_btif : btif_av_state_started_handler update media task on DUT initiated start for index =0
10-14 01:25:13.315 1887 2073 W bt_btif : ## ON A2DP STARTED ##
10-14 01:25:13.315 1887 2073 I btif_av : isBATEnabled: 0
10-14 01:25:13.315 1887 2073 E bt_btif : bta_av_co_get_active_peer: active peer index: 0
10-14 01:25:13.315 1887 2073 E bt_btif : bta_av_co_get_active_peer: active peer index: 0
10-14 01:25:13.315 1887 2073 W bt_btif : BTHF: btif_hf_check_if_sco_connected(): No SCO connection up
10-14 01:25:13.316 1887 2073 D bt_btif : btif_dispatch_sm_event: event: 38, len: 1
10-14 01:25:13.316 1887 2073 D bt_btif : btif_dispatch_sm_event: event 38 sent
10-14 01:25:13.316 1887 2073 I BluetoothA2dpServiceJni: bta2dp_audio_state_callback
10-14 01:25:13.318 1887 2073 D A2dpNativeInterface: onAudioStateChanged: A2dpStackEvent {type:EVENT_TYPE_AUDIO_STATE_CHANGED, device:5C:FB:7C:39:04:0D, value1:STARTED}
10-14 01:25:13.318 1887 2073 D A2dpService: messageFromNative: Going to acquire mVariableLock.
10-14 01:25:13.318 1887 2073 D A2dpService: messageFromNative: Acquired mVariableLock
10-14 01:25:13.319 1887 2073 D A2dpService: messageFromNative: Released mVariableLock
10-14 01:25:13.319 1887 2073 D A2dpService: messageFromNative: Sending STACK_EVENT: A2dpStackEvent {type:EVENT_TYPE_AUDIO_STATE_CHANGED, device:5C:FB:7C:39:04:0D, value1:STARTED} to sm.
10-14 01:25:13.319 1887 2073 I btif_av : isBATEnabled: 0
10-14 01:25:13.319 1887 2073 E bt_btif : bta_av_co_get_active_peer: active peer index: 0
10-14 01:25:13.319 1887 2073 E bt_btif : bta_av_co_get_active_peer: active peer index: 0
10-14 01:25:13.319 1887 2073 D bt_btif : btif_av_state_started_handler Remote Start, Not updating current playing for index = 0
10-14 01:25:13.319 1887 2073 I btif_av : isBATEnabled: 0
10-14 01:25:13.320 1887 2073 E bt_btif : bta_av_co_get_active_peer: active peer index: 0
10-14 01:25:13.320 1887 2073 E bt_btif : bta_av_co_get_active_peer: active peer index: 0
10-14 01:25:13.320 1887 2073 D bt_btif : btif_av_state_started_handler: event: BTIF_AV_OFFLOAD_START_REQ_EVT flags: 0 index = 0, reconfig_event: 0, codec_cfg_change: 0
10-14 01:25:13.320 1887 2073 E bt_btif : bta_av_co_get_active_peer: active peer index: 0
10-14 01:25:13.320 1887 2073 D a2dp_codec: getCodecConfigAndCapabilities: current_codec_config_ not null, getCodecConfig()
10-14 01:25:13.320 1887 2638 D A2dpStateMachine: handleMessage: E msg.what=101
10-14 01:25:13.320 1887 2638 D A2dpStateMachine: processMsg: Connected
10-14 01:25:13.320 1887 2638 D A2dpStateMachine: Connected process message(5C:FB:7C:39:04:0D): STACK_EVENT
10-14 01:25:13.321 1887 2638 D A2dpStateMachine: Connected: stack event: A2dpStackEvent {type:EVENT_TYPE_AUDIO_STATE_CHANGED, device:5C:FB:7C:39:04:0D, value1:STARTED}
10-14 01:25:13.321 1887 2638 I A2dpStateMachine: Connected: processAudioStateEvent: state: 2mIsPlaying: false
10-14 01:25:13.321 1887 2638 I A2dpStateMachine: Connected: started playing: 5C:FB:7C:39:04:0D
10-14 01:25:13.321 1887 2638 D A2dpStateMachine: A2DP Playing state : device: 5C:FB:7C:39:04:0D State:NOT_PLAYING->PLAYING
10-14 01:25:13.322 1887 2073 W bt_btif : BT controller doesn't support scrambling
10-14 01:25:13.322 1887 2633 V Avrcp_ext: AvrcpMessageHandler: received message=18
10-14 01:25:13.322 1887 2633 V Avrcp_ext: MSG_SET_A2DP_AUDIO_STATE:10
10-14 01:25:13.322 1887 2633 V Avrcp_ext: event for device address 5C:FB:7C:39:04:0D
10-14 01:25:13.322 1887 2633 I Avrcp_ext: device found at index 0
10-14 01:25:13.322 1887 2073 W bt_btif : btif_av_state_started_handler:is_scrambling_enabled 0
10-14 01:25:13.322 1887 2073 W bt_btif : btif_av_state_started_handler:is_44p1kFreq_supported 1
10-14 01:25:13.323 1887 2575 D bt_btif : bta_av_ssm_execute(): AV Sevent(0x41)=0x122b(unknown) state=3(OPEN)
10-14 01:25:13.323 1887 2575 D a2dp_codec: A2DP_GetCodecType:
10-14 01:25:13.323 1887 2575 D a2dp_codec: A2DP_GetCodecType:
10-14 01:25:13.323 1887 2575 D a2dp_codec: A2DP_GetCodecType:
10-14 01:25:13.323 1887 2575 D bt_btif : bta_av_vendor_offload_start: vsc flags:-vs_configs_exchanged:0 tx_started:0 tx_start_initiated:0tx_enc_update_initiated:0 tx_stop_initiated: 0
10-14 01:25:13.324 1887 2633 D BATService: getBATService(): service is NULL
10-14 01:25:13.327 1887 2638 I A2dpStateMachine: state:AUDIO_STATE_STARTED
10-14 01:25:13.327 1887 2638 D A2dpStateMachine: handleMessage: X
10-14 01:25:13.327 1887 2073 D bt_btif : btif_av_state_started_handler: event: BTA_AV_OFFLOAD_START_RSP_EVT flags: 0 index = 0, reconfig_event: 0, codec_cfg_change: 0
10-14 01:25:13.327 1887 2073 I btif_av : isBATEnabled: 0
10-14 01:25:13.327 1887 2073 E bt_btif : bta_av_co_get_active_peer: active peer index: 0
10-14 01:25:13.327 1887 2073 E bt_btif : bta_av_co_get_active_peer: active peer index: 0
10-14 01:25:13.328 1887 2073 I bt_stack: [INFO:a2dp_encoding.cc(2657)] ack_stream_started: result=SUCCESS_FINISHED
10-14 01:25:13.328 813 1840 I BTAudioProviderStub: streamStarted - SessionType=A2DP_HARDWARE_OFFLOAD_DATAPATH, status=SUCCESS
10-14 01:25:13.328 1887 1887 D HeadsetService: Received BluetoothA2dp Play State changed
10-14 01:25:13.328 813 1840 I BTAudioProviderSession: ReportControlStatus - status=SUCCESS for SessionType=A2DP_HARDWARE_OFFLOAD_DATAPATH, bluetooth_audio=0x0200 started
10-14 01:25:13.328 1887 1887 D HeadsetA2dpSync: updateA2DPPlayingState device: 5C:FB:7C:39:04:0D transition 11->10
10-14 01:25:13.328 813 1840 I btaudio_offload_qti: stack_resp_cb: status = 0
10-14 01:25:13.328 1887 1887 D HeadsetService: isInCall false
10-14 01:25:13.328 1887 1887 D HeadsetService: isRinging false
10-14 01:25:13.328 813 2880 I btaudio_offload_qti: wait_for_stack_response:ret = 0(Success)
10-14 01:25:13.328 1887 1887 D HeadsetA2dpSync: device: 5C:FB:7C:39:04:0D state = 4
10-14 01:25:13.328 813 2880 W btaudio_offload_qti: wait_for_stack_response: conditional wait done : ack_recvd = 1
10-14 01:25:13.329 813 2880 I btaudio_offload_qti: audio_stream_start_qti: a2dp stream started successfully
10-14 01:25:13.329 813 2880 E a2dp_offload: BT controller start return = 0
10-14 01:25:13.329 813 2880 D a2dp_offload: configure_a2dp_encoder_format start
10-14 01:25:13.329 1887 2073 W bt_stack: [WARNING:a2dp_encoding.cc(189)] ResetPendingCmd 3
10-14 01:25:13.329 813 2880 I btaudio_offload_qti: audio_get_codec_config_qti: state = AUDIO_A2DP_STATE_STARTED
10-14 01:25:13.329 813 2880 I btaudio_offload_qti: a2dp_codec_parser: codec_type = 1
10-14 01:25:13.329 813 2880 D btaudio_offload_qti: a2dp_codec_parser: SBC: copied codec config: min_bitpool:2 max_bitpool:53
10-14 01:25:13.329 813 2880 I btaudio_offload_qti: a2dp_codec_parser: SBC: bitrate:330000 i/p bitrate:330000
10-14 01:25:13.329 813 2880 I btaudio_offload_qti: a2dp_codec_parser: SBC: done copying full codec config
10-14 01:25:13.329 813 2880 D a2dp_offload: Received SBC encoder supported BT device
10-14 01:25:13.330 1887 1887 D BtOppService: action : android.bluetooth.a2dp.profile.action.PLAYING_STATE_CHANGED
10-14 01:25:13.330 1887 1887 D BtOppUtils: device: 5C:FB:7C:39:04:0D newState: 10
10-14 01:25:13.330 1887 1887 D BtOppUtils: isA2DPPlaying :true
10-14 01:25:13.330 813 2880 D a2dp_offload: a2dp_set_bit_format: set AFE input bit format = 16
10-14 01:25:13.331 813 2880 D a2dp_offload: Start playback successful to BT library
10-14 01:25:13.331 1887 2633 V Avrcp_ext: updateCurrentMediaState: mMediaController: MediaController (com.android.systemui@3f40d07) null
10-14 01:25:13.331 813 2880 W btaudio_offload_qti: audio_is_scrambling_enabled_qti: isSession_ready = 1 isScrambling = 0
10-14 01:25:13.331 813 2880 I btaudio_offload_qti: a2dp_codec_parser: codec_type = 1
10-14 01:25:13.331 1887 2633 W Avrcp_ext: isMusicActive: false getBluetoothPlayState: 2 A2dp State: 10 mAudioPlaybackIsActive: true
10-14 01:25:13.331 813 2880 D btaudio_offload_qti: a2dp_codec_parser: SBC: copied codec config: min_bitpool:2 max_bitpool:53
10-14 01:25:13.331 813 2880 I btaudio_offload_qti: a2dp_codec_parser: SBC: bitrate:330000 i/p bitrate:330000
10-14 01:25:13.331 813 2880 I btaudio_offload_qti: a2dp_codec_parser: SBC: done copying full codec config
10-14 01:25:13.331 813 2880 W btaudio_offload_qti: audio_is_scrambling_enabled_qti: codec_type = 520093696
10-14 01:25:13.331 813 2880 W btaudio_offload_qti: audio_is_scrambling_enabled_qti: return
10-14 01:25:13.331 813 2880 D a2dp_offload: Update tws for mono_mode on=0
10-14 01:25:13.331 813 2880 D a2dp_offload: a2dp_set_backend_cfg: set source backend sample rate =KHZ_44P1
10-14 01:25:13.331 1887 2633 W Avrcp_ext: updateCurrentMediaState: isPlaying = true
10-14 01:25:13.332 813 2880 D a2dp_offload: a2dp_set_backend_cfg: set afe enc channels =Two
10-14 01:25:13.332 813 2880 D a2dp_offload: start A2DP playback total active sessions :1
10-14 01:25:13.332 813 2880 I soundtrigger: audio_extn_sound_trigger_update_device_status: device 0x2d of type 0 for Event 1, with Raise=0
10-14 01:25:13.333 813 2880 D audio_route: Apply path: bt-a2dp
10-14 01:25:13.333 813 2880 E soundtrigger: audio_extn_sound_trigger_update_stream_status: invalid input device 0x0, for event 3
10-14 01:25:13.333 813 2880 D soundtrigger: audio_extn_sound_trigger_update_stream_status: uc_info->id 1 of type 0 for Event 3, with Raise=0
10-14 01:25:13.333 813 2880 D audio_hw_utils: audio_extn_utils_send_app_type_cfg: usecase->out_snd_device bt-a2dp
10-14 01:25:13.334 813 2880 D msm8974_platform: platform_split_snd_device: snd_device(45) num devices(0) new_snd_devices(0)
10-14 01:25:13.334 1887 2633 I Avrcp_ext: device found at index 0
10-14 01:25:13.334 813 2880 I audio_hw_utils: audio_extn_utils_get_app_sample_rate_for_device using 44100 sample rate rate for A2DP CoPP
10-14 01:25:13.334 1887 2633 V Avrcp_ext: Media update: id -1➡-1? [MediaAttributes: none] : [MediaAttributes: none]
10-14 01:25:13.334 813 2880 D audio_hw_utils: audio_extn_btsco_get_sample_rate:Not a BT SCO device, need not update sampling rate
10-14 01:25:13.334 813 2880 I audio_hw_utils: send_app_type_cfg_for_device PLAYBACK app_type 69937, acdb_dev_id 20, sample_rate 44100, snd_device_be_idx 32
10-14 01:25:13.334 1887 2633 D Avrcp_ext: isPackageNameValid: browsedPackage = com.android.systemuiisValid = true
10-14 01:25:13.334 813 2880 D msm8974_platform: platform_split_snd_device: snd_device(45) num devices(1) new_snd_devices(0)
10-14 01:25:13.334 1887 2633 V Avrcp_ext: isBrowseSupported for com.android.systemui: false
10-14 01:25:13.334 813 2880 I audio_hw_utils: audio_extn_utils_get_app_sample_rate_for_device using 44100 sample rate rate for A2DP CoPP
10-14 01:25:13.334 813 2880 D audio_hw_utils: audio_extn_btsco_get_sample_rate:Not a BT SCO device, need not update sampling rate
10-14 01:25:13.334 813 2880 D ACDB-LOADER: ACDB -> send_audio_cal, acdb_id = 20, path = 0, app id = 0x11131, sample rate = 44100, afe_sample_rate = 48000
10-14 01:25:13.334 813 2880 D ACDB-LOADER: ACDB -> send_asm_topology
10-14 01:25:13.335 813 2880 D ACDB-LOADER: ACDB -> ACDB_CMD_GET_AUDPROC_STREAM_TOPOLOGY_ID
10-14 01:25:13.335 813 2880 D ACDB-LOADER: ACDB -> send_adm_topology
10-14 01:25:13.335 813 2880 D ACDB-LOADER: ACDB -> ACDB_CMD_GET_AUDPROC_COMMON_TOPOLOGY_ID
10-14 01:25:13.335 813 2880 D ACDB-LOADER: ACDB -> send_audtable
10-14 01:25:13.335 813 2880 D ACDB-LOADER: ACDB -> ACDB_CMD_GET_AUDPROC_INSTANCE_COMMON_TABLE_SIZE
10-14 01:25:13.335 813 2880 D ACDB-LOADER: ACDB -> ACDB_CMD_GET_AUDPROC_INSTANCE_COMMON_TABLE
10-14 01:25:13.335 813 2880 D ACDB-LOADER: ACDB -> AUDIO_SET_AUDPROC_CAL cal_type[11] acdb_id[20] app_type[69937]
10-14 01:25:13.335 813 2880 D ACDB-LOADER: ACDB -> send_audvoltable
10-14 01:25:13.335 813 2880 D ACDB-LOADER: ACDB -> ACDB_CMD_GET_AUDPROC_INSTANCE_GAIN_DEP_STEP_TABLE_SIZE
10-14 01:25:13.335 813 2880 D ACDB-LOADER: ACDB -> ACDB_CMD_GET_AUDPROC_INSTANCE_GAIN_DEP_STEP_TABLE, vol index 0
10-14 01:25:13.336 813 2880 D ACDB-LOADER: ACDB -> AUDIO_SET_VOL_CAL cal type = 12
10-14 01:25:13.336 813 2880 D ACDB-LOADER: ACDB -> ACDB_CMD_GET_AUDPROC_INSTANCE_STREAM_TABLE_SIZE
10-14 01:25:13.336 813 2880 D ACDB-LOADER: ACDB -> send_audstrmtable
10-14 01:25:13.336 813 2880 D ACDB-LOADER: ACDB -> ACDB_CMD_GET_AUDPROC_INSTANCE_STREAM_TABLE
10-14 01:25:13.336 813 2880 D ACDB-LOADER: ACDB -> audstrm_cal->cal_type.cal_data.cal_size = 20
01-01 08:02:23.593 0 0 I btfm_slim_hw_init: PGD Enum Addr: 00:01:20:02:17: 02
10-14 01:25:13.336 813 2880 D ACDB-LOADER: ACDB -> send_afe_topology
01-01 08:02:23.593 0 0 I btfm_slim_hw_init: IFD Enum Addr: 00:00:20:02:17: 02
01-01 08:02:23.593 0 0 I btfm_slim_hw_init: chipset soc version:400a0200
10-14 01:25:13.336 813 2880 D ACDB-LOADER: ACDB -> ACDB_CMD_GET_AFE_TOPOLOGY_ID
01-01 08:02:23.593 0 0 I btfm_slim_hw_init: chipset is hastings 2.0, overwriting EA
01-01 08:02:23.593 0 0 I btfm_slim_hw_init: PGD Enum Addr: 00:01:20:02:17: 02
10-14 01:25:13.336 813 2880 D ACDB-LOADER: ACDB -> GET_AFE_TOPOLOGY_ID for adcd_id 20, Topology Id 112fc
01-01 08:02:23.593 0 0 I btfm_slim_hw_init: IFD Enum Addr: 00:00:20:02:17: 02
01-01 08:02:23.593 0 0 I btfm_slim_alloc_port: chipset soc version:400a0200
10-14 01:25:13.336 813 2880 D ACDB-LOADER: ACDB -> send_afe_cal
10-14 01:25:13.336 813 2880 D ACDB-LOADER: ACDB -> ACDB_CMD_GET_AFE_INSTANCE_COMMON_TABLE_SIZE
10-14 01:25:13.336 813 2880 D android.hardware.audio.service: Failed to fetch the lookup information of the device 00000014
10-14 01:25:13.336 813 2880 D ACDB-LOADER: Error: ACDB_CMD_GET_AFE_INSTANCE_COMMON_TABLE_SIZE Returned = -19
10-14 01:25:13.336 813 2880 D ACDB-LOADER: ACDB -> ACDB_CMD_GET_AFE_INSTANCE_COMMON_TABLE
10-14 01:25:13.337 813 2880 D android.hardware.audio.service: Failed to fetch the lookup information of the device 00000014
10-14 01:25:13.337 813 2880 D ACDB-LOADER: Error: ACDB AFE returned = -19
10-14 01:25:13.337 813 2880 D ACDB-LOADER: ACDB -> AUDIO_SET_AFE_CAL cal_type[16] acdb_id[20]
10-14 01:25:13.337 813 2880 D ACDB-LOADER: ACDB -> send_hw_delay : acdb_id = 20 path = 0
10-14 01:25:13.337 813 2880 D ACDB-LOADER: ACDB -> ACDB_AVSYNC_INFO: ACDB_CMD_GET_DEVICE_PROPERTY
10-14 01:25:13.336 1887 2633 V Avrcp_ext: updatePlaybackState, state: PlaybackState {state=3, position=-1, buffered position=0, speed=1.0, updated=135958, actions=0, custom actions=[], active item id=-1, error=null} device: 5C:FB:7C:39:04:0D
10-14 01:25:13.337 813 2880 D msm8974_platform: platform_split_snd_device: snd_device(45) num devices(0) new_snd_devices(0)
10-14 01:25:13.337 813 2880 I msm8974_platform: platform_get_custom_mtmx_params: no matching param with id 0 ip_ch 2 op_ch 2 uc_id 1 snd_dev 45
10-14 01:25:13.337 813 2880 D audio_hw_primary: enable_audio_route: apply mixer and update path: low-latency-playback bt-a2dp
10-14 01:25:13.338 813 2880 D audio_route: Apply path: low-latency-playback bt-a2dp
10-14 01:25:13.338 813 2880 D audio_hw_primary: select_devices: done
10-14 01:25:13.339 1887 2633 V Avrcp_ext: Device: JBL GO : old state: PlaybackState {state=2, position=-1, buffered position=0, speed=0.0, updated=126025, actions=0, custom actions=[], active item id=-1, error=null}
10-14 01:25:13.339 1887 2633 V Avrcp_ext: Device: no name:
10-14 01:25:13.340 1887 2633 V Avrcp_ext: Device: no name:
10-14 01:25:13.340 1887 2633 V Avrcp_ext: Device: no name:
10-14 01:25:13.340 1887 2633 V Avrcp_ext: Device: no name:
10-14 01:25:13.340 1887 2633 I Avrcp_ext: device found at index 0
10-14 01:25:13.340 1887 2633 V Avrcp_ext: old state: PlaybackState {state=2, position=-1, buffered position=0, speed=0.0, updated=126025, actions=0, custom actions=[], active item id=-1, error=null} new state: PlaybackState {state=3, position=-1, buffered position=0, speed=1.0, updated=135958, actions=0, custom actions=[], active item id=-1, error=null} device: 5C:FB:7C:39:04:0D index: 0
10-14 01:25:13.340 1887 2633 I Avrcp_ext: updatePlayStatusForDevice: device: 5C:FB:7C:39:04:0D
10-14 01:25:13.340 1887 2633 V Avrcp_ext: updatePlaybackState (0): old=PlaybackState {state=2, position=-1, buffered position=0, speed=0.0, updated=126025, actions=0, custom actions=[], active item id=-1, error=null}(2), new=PlaybackState {state=3, position=-1, buffered position=0, speed=1.0, updated=135958, actions=0, custom actions=[], active item id=-1, error=null}(1)
10-14 01:25:13.341 1887 2633 W Avrcp_ext: Sending PlayStatus CHANGED Rsp !!!
10-14 01:25:13.341 1887 2633 D bt_btif : register_notification_rsp: isShoMcastEnabled: 1
10-14 01:25:13.341 1887 2633 I Avrcp_ext: Exit updatePlayStatusForDevice
10-14 01:25:13.341 1887 2575 D bt_btif : LCB lcb=1 event=UL_MSG_EVT state=LCB_OPEN_ST
10-14 01:25:13.342 1887 2633 V Avrcp_ext: Exit updatePlaybackState
10-14 01:25:13.342 1887 2633 D Avrcp_ext: Enter sendPlayPosNotificationRsp
10-14 01:25:13.342 1887 2633 D Avrcp_ext: sendPlayPosNotificationRsp: Not registered or requesting.
10-14 01:25:13.342 1887 2633 V Avrcp_ext: Exit handleMessage
10-14 01:25:13.363 1887 2575 D bt_btif : LCB lcb=1 event=LL_MSG_EVT state=LCB_OPEN_ST
10-14 01:25:13.363 1887 2575 D bt_btif : bta_av_rc_msg_cback handle: 0 opcode=0x0
10-14 01:25:13.363 1887 2575 D bt_btif : bta_av_rc_msg_cback data_len: 9
10-14 01:25:13.363 1887 2073 D bt_btif : btif_av_state_started_handler: event: BTA_AV_META_MSG_EVT flags: 0 index = 0, reconfig_event: 0, codec_cfg_change: 0
10-14 01:25:13.363 1887 2073 D bt_btif : btif_rc_handler: event: BTA_AV_META_MSG_EVT
10-14 01:25:13.363 1887 2073 W bt_device_profile: profile_feature_fetch:profile 1
10-14 01:25:13.363 1887 2073 W bt_device_profile: profile_feature_fetch:AVRCP_COVERART_SUPPORT found 1
10-14 01:25:13.363 1887 2073 D bt_btif : btif_rc_upstreams_evt: pdu: AVRC_PDU_REGISTER_NOTIFICATION handle: 0x0 ctype: 3 label: 1 event ID: 1 ver: 104
10-14 01:25:13.364 1887 2073 V Avrcp_ext: registerNotificationRequestFromNative: eventId=1
10-14 01:25:13.364 1887 2073 V Avrcp_ext: Exit registerNotificationRequestFromNative
10-14 01:25:13.364 1887 2633 V Avrcp_ext: AvrcpMessageHandler: received message=4
10-14 01:25:13.364 1887 2633 V Avrcp_ext: MSG_NATIVE_REQ_REGISTER_NOTIFICATION:event=1 param=0
01-01 08:02:23.606 0 0 I btfm_slim_enable_ch: chipset soc version:400a0200
01-01 08:02:23.606 0 0 I btfm_slim_enable_ch: channel define - prot:2, dataf:0, auxf:0
01-01 08:02:23.606 0 0 I btfm_slim_enable_ch: channel define - rates:44100, baser:2, ratem:4
01-01 08:02:23.606 0 0 I btfm_slim_enable_ch: slim_connect_sink(port: 16, ch: 157)
01-01 08:02:23.606 0 0 I btfm_slim_enable_ch: port: 16, ch: 157, grp: 0, ch->grph: 0x0, ch_hdl: 0x1d
01-01 08:02:23.608 0 0 I __afe_port_start: port id: 0x400e
01-01 08:02:23.608 0 0 I afe_find_cal_topo_id_by_port: port id: 0x400e, dev_acdb_id: 20
01-01 08:02:23.608 0 0 I afe_find_cal_topo_id_by_port: top_id:112fc acdb_id:20 afe_port_id:0x400e
01-01 08:02:23.608 0 0 I afe_get_cal_topology_id: port_id = 0x400e acdb_id = 20 topology_id = 0x112fc cal_type_index=8 ret=0
01-01 08:02:23.608 0 0 I afe_send_port_topology_id: AFE set topology id 0x112fc enable for port 0x400e ret 0
01-01 08:02:23.608 0 0 I send_afe_cal_type: cal_index is 0
01-01 08:02:23.608 0 0 I send_afe_cal_type: dev_acdb_id[119] is 20
01-01 08:02:23.608 0 0 I afe_find_cal: cal_index 0 port_id 0x400e port_index 119
01-01 08:02:23.608 0 0 I afe_find_cal: acdb_id 20 dev_acdb_id 20 sample_rate 48000 afe_sample_rates 44100
01-01 08:02:23.608 0 0 I afe_find_cal: no matching cal_block found
01-01 08:02:23.608 0 0 E : send_afe_cal_type cal_block not found!!
01-01 08:02:23.614 0 0 I afe_send_hw_delay: port_id 0x400e rate 44100 delay_usec 0 status 0
10-14 01:25:13.365 1887 2633 I Avrcp_ext: device found at index 0
10-14 01:25:13.366 1887 2633 V Avrcp_ext: Enter processRegisterNotification
10-14 01:25:13.366 1887 2633 V Avrcp_ext: processRegisterNotification: eventId1
10-14 01:25:13.366 1887 2633 D bt_btif : register_notification_rsp: isShoMcastEnabled: 1
10-14 01:25:13.366 1887 2633 D Avrcp_ext: Exit processRegisterNotification
10-14 01:25:13.366 1887 2633 V Avrcp_ext: Exit handleMessage
10-14 01:25:13.366 1887 2575 D bt_btif : LCB lcb=1 event=UL_MSG_EVT state=LCB_OPEN_ST
10-14 01:25:13.397 813 2880 D msm8974_platform: platform_set_channel_map mixer_ctl_name:Playback Channel Map9
10-14 01:25:13.397 813 2880 D msm8974_platform: platform_set_channel_map: set mapping(1 2 0 0 0 0 0 0) for channel:2
10-14 01:25:13.398 813 2880 E audio_hw_extn: audio_extn_perf_lock_release: Perf lock release error
10-14 01:25:13.398 813 2880 D audio_hw_primary: start_output_stream: exit
10-14 01:25:13.410 1031 1787 W AudioFlinger: write blocked for 1021 msecs, 3 delayed writes, thread 13
10-14 01:25:13.420 813 2880 I btaudio_offload_qti: audio_get_a2dp_sink_latency_qti: Sink Latency = 0
10-14 01:25:13.423 813 2880 I btaudio_offload_qti: audio_get_a2dp_sink_latency_qti: Sink Latency = 0
10-14 01:25:13.427 813 2880 I btaudio_offload_qti: audio_get_a2dp_sink_latency_qti: Sink Latency = 0
10-14 01:25:13.431 813 2880 I btaudio_offload_qti: audio_get_a2dp_sink_latency_qti: Sink Latency = 0
10-14 01:25:13.437 813 2880 I btaudio_offload_qti: audio_get_a2dp_sink_latency_qti: Sink Latency = 0
10-14 01:25:13.439 813 2880 I btaudio_offload_qti: audio_get_a2dp_sink_latency_qti: Sink Latency = 0
10-14 01:25:13.443 813 2880 I btaudio_offload_qti: audio_get_a2dp_sink_latency_qti: Sink Latency = 0
10-14 01:25:13.447 813 2880 I btaudio_offload_qti: audio_get_a2dp_sink_latency_qti: Sink Latency = 0
10-14 01:25:13.451 813 2880 I btaudio_offload_qti: audio_get_a2dp_sink_latency_qti: Sink Latency = 0
10-14 01:25:13.455 813 2880 I btaudio_offload_qti: audio_get_a2dp_sink_latency_qti: Sink Latency = 0
10-14 01:25:13.459 813 2880 I btaudio_offload_qti: audio_get_a2dp_sink_latency_qti: Sink Latency = 0
10-14 01:25:13.463 813 2880 I btaudio_offload_qti: audio_get_a2dp_sink_latency_qti: Sink Latency = 0
10-14 01:25:13.464 825 2569 I vendor.qti.bluetooth@1.0-ibs_handler: ProcessIbsCmd: Received IBS_SLEEP_IND: 0xFE
10-14 01:25:13.467 813 2880 I btaudio_offload_qti: audio_get_a2dp_sink_latency_qti: Sink Latency = 0
10-14 01:25:13.471 813 2880 I btaudio_offload_qti: audio_get_a2dp_sink_latency_qti: Sink Latency = 0
10-14 01:25:13.475 813 2880 I btaudio_offload_qti: audio_get_a2dp_sink_latency_qti: Sink Latency = 0
10-14 01:25:13.479 813 2880 I btaudio_offload_qti: audio_get_a2dp_sink_latency_qti: Sink Latency = 0
10-14 01:25:13.483 813 2880 I btaudio_offload_qti: audio_get_a2dp_sink_latency_qti: Sink Latency = 0
10-14 01:25:13.487 813 2880 I btaudio_offload_qti: audio_get_a2dp_sink_latency_qti: Sink Latency = 0
10-14 01:25:13.491 813 2880 I btaudio_offload_qti: audio_get_a2dp_sink_latency_qti: Sink Latency = 0
10-14 01:25:13.495 813 2880 I btaudio_offload_qti: audio_get_a2dp_sink_latency_qti: Sink Latency = 0
10-14 01:25:13.499 813 2880 I btaudio_offload_qti: audio_get_a2dp_sink_latency_qti: Sink Latency = 0
10-14 01:25:13.503 813 2880 I btaudio_offload_qti: audio_get_a2dp_sink_latency_qti: Sink Latency = 0
10-14 01:25:13.507 813 2880 I btaudio_offload_qti: audio_get_a2dp_sink_latency_qti: Sink Latency = 0
10-14 01:25:13.511 813 2880 I btaudio_offload_qti: audio_get_a2dp_sink_latency_qti: Sink Latency = 0
10-14 01:25:13.515 813 2880 I btaudio_offload_qti: audio_get_a2dp_sink_latency_qti: Sink Latency = 0
10-14 01:25:13.519 813 2880 I btaudio_offload_qti: audio_get_a2dp_sink_latency_qti: Sink Latency = 0
10-14 01:25:13.523 813 2880 I btaudio_offload_qti: audio_get_a2dp_sink_latency_qti: Sink Latency = 0
10-14 01:25:13.527 813 2880 I btaudio_offload_qti: audio_get_a2dp_sink_latency_qti: Sink Latency = 0
10-14 01:25:13.531 813 2880 I btaudio_offload_qti: audio_get_a2dp_sink_latency_qti: Sink Latency = 0
10-14 01:25:13.535 813 2880 I btaudio_offload_qti: audio_get_a2dp_sink_latency_qti: Sink Latency = 0
10-14 01:25:13.539 813 2880 I btaudio_offload_qti: audio_get_a2dp_sink_latency_qti: Sink Latency = 0
10-14 01:25:13.543 813 2880 I btaudio_offload_qti: audio_get_a2dp_sink_latency_qti: Sink Latency = 0
10-14 01:25:13.547 813 2880 I btaudio_offload_qti: audio_get_a2dp_sink_latency_qti: Sink Latency = 0
10-14 01:25:13.551 813 2880 I btaudio_offload_qti: audio_get_a2dp_sink_latency_qti: Sink Latency = 0
10-14 01:25:13.555 813 2880 I btaudio_offload_qti: audio_get_a2dp_sink_latency_qti: Sink Latency = 0
10-14 01:25:13.559 813 2880 I btaudio_offload_qti: audio_get_a2dp_sink_latency_qti: Sink Latency = 0
10-14 01:25:13.563 813 2880 I btaudio_offload_qti: audio_get_a2dp_sink_latency_qti: Sink Latency = 0
10-14 01:25:13.567 813 2880 I btaudio_offload_qti: audio_get_a2dp_sink_latency_qti: Sink Latency = 0
10-14 01:25:13.571 813 2880 I btaudio_offload_qti: audio_get_a2dp_sink_latency_qti: Sink Latency = 0
10-14 01:25:13.575 813 2880 I btaudio_offload_qti: audio_get_a2dp_sink_latency_qti: Sink Latency = 0
10-14 01:25:13.579 813 2880 I btaudio_offload_qti: audio_get_a2dp_sink_latency_qti: Sink Latency = 0
10-14 01:25:13.583 813 2880 I btaudio_offload_qti: audio_get_a2dp_sink_latency_qti: Sink Latency = 0
10-14 01:25:13.587 813 2880 I btaudio_offload_qti: audio_get_a2dp_sink_latency_qti: Sink Latency = 0
10-14 01:25:13.591 813 2880 I btaudio_offload_qti: audio_get_a2dp_sink_latency_qti: Sink Latency = 0
10-14 01:25:13.595 813 2880 I btaudio_offload_qti: audio_get_a2dp_sink_latency_qti: Sink Latency = 0
10-14 01:25:13.599 813 2880 I btaudio_offload_qti: audio_get_a2dp_sink_latency_qti: Sink Latency = 0
10-14 01:25:13.603 813 2880 I btaudio_offload_qti: audio_get_a2dp_sink_latency_qti: Sink Latency = 0
10-14 01:25:13.607 813 2880 I btaudio_offload_qti: audio_get_a2dp_sink_latency_qti: Sink Latency = 0
10-14 01:25:13.611 813 2880 I btaudio_offload_qti: audio_get_a2dp_sink_latency_qti: Sink Latency = 0
10-14 01:25:13.615 813 2880 I btaudio_offload_qti: audio_get_a2dp_sink_latency_qti: Sink Latency = 0
10-14 01:25:13.619 813 2880 I btaudio_offload_qti: audio_get_a2dp_sink_latency_qti: Sink Latency = 0
10-14 01:25:13.623 813 2880 I btaudio_offload_qti: audio_get_a2dp_sink_latency_qti: Sink Latency = 0
10-14 01:25:13.627 813 2880 I btaudio_offload_qti: audio_get_a2dp_sink_latency_qti: Sink Latency = 0
10-14 01:25:13.631 813 2880 I btaudio_offload_qti: audio_get_a2dp_sink_latency_qti: Sink Latency = 0
10-14 01:25:13.635 813 2880 I btaudio_offload_qti: audio_get_a2dp_sink_latency_qti: Sink Latency = 0
10-14 01:25:13.639 813 2880 I btaudio_offload_qti: audio_get_a2dp_sink_latency_qti: Sink Latency = 0
10-14 01:25:13.643 813 2880 I btaudio_offload_qti: audio_get_a2dp_sink_latency_qti: Sink Latency = 0
10-14 01:25:13.647 813 2880 I btaudio_offload_qti: audio_get_a2dp_sink_latency_qti: Sink Latency = 0
10-14 01:25:13.651 813 2880 I btaudio_offload_qti: audio_get_a2dp_sink_latency_qti: Sink Latency = 0
10-14 01:25:13.655 813 2880 I btaudio_offload_qti: audio_get_a2dp_sink_latency_qti: Sink Latency = 0
10-14 01:25:13.659 813 2880 I btaudio_offload_qti: audio_get_a2dp_sink_latency_qti: Sink Latency = 0
10-14 01:25:13.663 813 2880 I btaudio_offload_qti: audio_get_a2dp_sink_latency_qti: Sink Latency = 0
10-14 01:25:13.667 813 2880 I btaudio_offload_qti: audio_get_a2dp_sink_latency_qti: Sink Latency = 0
10-14 01:25:13.671 813 2880 I btaudio_offload_qti: audio_get_a2dp_sink_latency_qti: Sink Latency = 0
10-14 01:25:13.675 813 2880 I btaudio_offload_qti: audio_get_a2dp_sink_latency_qti: Sink Latency = 0
10-14 01:25:13.679 813 2880 I btaudio_offload_qti: audio_get_a2dp_sink_latency_qti: Sink Latency = 0
10-14 01:25:13.683 813 2880 I btaudio_offload_qti: audio_get_a2dp_sink_latency_qti: Sink Latency = 0
