01-01 08:00:58.429 0 0 I : __lock_acquire+0xbc/0x1e58
01-01 08:00:58.429 0 0 I : lock_acquire+0x1cc/0x218
01-01 08:00:58.429 0 0 I : _raw_spin_lock_irqsave+0x54/0x98
01-01 08:00:58.429 0 0 I : ion_system_secure_heap_prefetch_work+0x94/0x2c0
01-01 08:00:58.429 0 0 I : process_one_work+0x38c/0x660
01-01 08:00:58.429 0 0 I : worker_thread+0x268/0x4b8
01-01 08:00:58.429 0 0 I : kthread+0x140/0x150
01-01 08:00:58.429 0 0 I : ret_from_fork+0x10/0x1c
01-01 08:00:58.432 0 0 E : INFO: trying to register non-static key.
01-01 08:00:58.437 0 0 E : the code is fine but needs lockdep annotation.
01-01 08:00:58.442 0 0 I : CPU: 4 PID: 291 Comm: kworker/u16:8 Tainted: G S W O 4.19.157+ #1
01-01 08:00:58.442 0 0 I Hardware name: Qualcomm Technologies, Inc. kona MTP-RmPM8150b. VX1(MCE) EVT2 (DT)
01-01 08:00:58.442 0 0 I Workqueue: events_unbound ion_system_secure_heap_prefetch_work
01-01 08:00:58.442 0 0 I Call trace:
01-01 08:00:58.442 0 0 I : dump_backtrace+0x0/0x258
01-01 08:00:58.442 0 0 I : show_stack+0x20/0x30
01-01 08:00:58.442 0 0 I : dump_stack+0xd8/0x12c
01-01 08:00:58.442 0 0 I : register_lock_class+0x4d0/0x5c8
01-01 08:00:58.442 0 0 I : __lock_acquire+0xbc/0x1e58
01-01 08:00:58.442 0 0 I : lock_acquire+0x1cc/0x218
01-01 08:00:58.442 0 0 I : _raw_spin_lock_irqsave+0x54/0x98
01-01 08:00:58.442 0 0 I : ion_system_secure_heap_prefetch_work+0x94/0x2c0
01-01 08:00:58.442 0 0 I : process_one_work+0x38c/0x660
01-01 08:00:58.442 0 0 I : worker_thread+0x268/0x4b8
01-01 08:00:58.442 0 0 I : kthread+0x140/0x150
01-01 08:00:58.442 0 0 I : ret_from_fork+0x10/0x1c
01-01 08:00:58.445 0 0 E : INFO: trying to register non-static key.
01-01 08:00:58.450 0 0 E : the code is fine but needs lockdep annotation.
01-01 08:00:58.455 0 0 I : CPU: 4 PID: 291 Comm: kworker/u16:8 Tainted: G S W O 4.19.157+ #1
01-01 08:00:58.455 0 0 I Hardware name: Qualcomm Technologies, Inc. kona MTP-RmPM8150b. VX1(MCE) EVT2 (DT)
01-01 08:00:58.455 0 0 I Workqueue: events_unbound ion_system_secure_heap_prefetch_work
01-01 08:00:58.455 0 0 I Call trace:
01-01 08:00:58.455 0 0 I : dump_backtrace+0x0/0x258
01-01 08:00:58.455 0 0 I : show_stack+0x20/0x30
01-01 08:00:58.455 0 0 I : dump_stack+0xd8/0x12c
01-01 08:00:58.455 0 0 I : register_lock_class+0x4d0/0x5c8
01-01 08:00:58.455 0 0 I : __lock_acquire+0xbc/0x1e58
01-01 08:00:58.455 0 0 I : lock_acquire+0x1cc/0x218
01-01 08:00:58.455 0 0 I : _raw_spin_lock_irqsave+0x54/0x98
01-01 08:00:58.455 0 0 I : ion_system_secure_heap_prefetch_work+0x94/0x2c0
01-01 08:00:58.455 0 0 I : process_one_work+0x38c/0x660
01-01 08:00:58.455 0 0 I : worker_thread+0x268/0x4b8
01-01 08:00:58.455 0 0 I : kthread+0x140/0x150
01-01 08:00:58.455 0 0 I : ret_from_fork+0x10/0x1c
01-01 08:00:58.458 0 0 E : INFO: trying to register non-static key.
01-01 08:00:58.463 0 0 E : the code is fine but needs lockdep annotation.
01-01 08:00:58.468 0 0 I : CPU: 4 PID: 291 Comm: kworker/u16:8 Tainted: G S W O 4.19.157+ #1
01-01 08:00:58.468 0 0 I Hardware name: Qualcomm Technologies, Inc. kona MTP-RmPM8150b. VX1(MCE) EVT2 (DT)
01-01 08:00:58.468 0 0 I Workqueue: events_unbound ion_system_secure_heap_prefetch_work
01-01 08:00:58.468 0 0 I Call trace:
01-01 08:00:58.468 0 0 I : dump_backtrace+0x0/0x258
01-01 08:00:58.468 0 0 I : show_stack+0x20/0x30
01-01 08:00:58.468 0 0 I : dump_stack+0xd8/0x12c
01-01 08:00:58.468 0 0 I : register_lock_class+0x4d0/0x5c8
01-01 08:00:58.468 0 0 I : __lock_acquire+0xbc/0x1e58
01-01 08:00:58.468 0 0 I : lock_acquire+0x1cc/0x218
01-01 08:00:58.468 0 0 I : _raw_spin_lock_irqsave+0x54/0x98
01-01 08:00:58.468 0 0 I : ion_system_secure_heap_prefetch_work+0x94/0x2c0
01-01 08:00:58.468 0 0 I : process_one_work+0x38c/0x660
01-01 08:00:58.468 0 0 I : worker_thread+0x268/0x4b8
01-01 08:00:58.468 0 0 I : kthread+0x140/0x150
01-01 08:00:58.468 0 0 I : ret_from_fork+0x10/0x1c
01-01 08:00:58.471 0 0 E : INFO: trying to register non-static key.
01-01 08:00:58.476 0 0 E : the code is fine but needs lockdep annotation.
01-01 08:00:58.481 0 0 I : CPU: 4 PID: 291 Comm: kworker/u16:8 Tainted: G S W O 4.19.157+ #1
01-01 08:00:58.481 0 0 I Hardware name: Qualcomm Technologies, Inc. kona MTP-RmPM8150b. VX1(MCE) EVT2 (DT)
01-01 08:00:58.481 0 0 I Workqueue: events_unbound ion_system_secure_heap_prefetch_work
01-01 08:00:58.481 0 0 I Call trace:
01-01 08:00:58.481 0 0 I : dump_backtrace+0x0/0x258
01-01 08:00:58.481 0 0 I : show_stack+0x20/0x30
01-01 08:00:58.481 0 0 I : dump_stack+0xd8/0x12c
01-01 08:00:58.481 0 0 I : register_lock_class+0x4d0/0x5c8
01-01 08:00:58.481 0 0 I : __lock_acquire+0xbc/0x1e58
01-01 08:00:58.481 0 0 I : lock_acquire+0x1cc/0x218
01-01 08:00:58.481 0 0 I : _raw_spin_lock_irqsave+0x54/0x98
01-01 08:00:58.481 0 0 I : ion_system_secure_heap_prefetch_work+0x94/0x2c0
01-01 08:00:58.481 0 0 I : process_one_work+0x38c/0x660
01-01 08:00:58.481 0 0 I : worker_thread+0x268/0x4b8
01-01 08:00:58.481 0 0 I : kthread+0x140/0x150
01-01 08:00:58.481 0 0 I : ret_from_fork+0x10/0x1c
01-01 08:00:58.483 0 0 E : INFO: trying to register non-static key.
01-01 08:00:58.489 0 0 E : the code is fine but needs lockdep annotation.
01-01 08:00:58.494 0 0 I : CPU: 4 PID: 291 Comm: kworker/u16:8 Tainted: G S W O 4.19.157+ #1
01-01 08:00:58.494 0 0 I Hardware name: Qualcomm Technologies, Inc. kona MTP-RmPM8150b. VX1(MCE) EVT2 (DT)
01-01 08:00:58.494 0 0 I Workqueue: events_unbound ion_system_secure_heap_prefetch_work
01-01 08:00:58.494 0 0 I Call trace:
01-01 08:00:58.494 0 0 I : dump_backtrace+0x0/0x258
01-01 08:00:58.494 0 0 I : show_stack+0x20/0x30
01-01 08:00:58.494 0 0 I : dump_stack+0xd8/0x12c
01-01 08:00:58.494 0 0 I : register_lock_class+0x4d0/0x5c8
01-01 08:00:58.494 0 0 I : __lock_acquire+0xbc/0x1e58
01-01 08:00:58.494 0 0 I : lock_acquire+0x1cc/0x218
01-01 08:00:58.494 0 0 I : _raw_spin_lock_irqsave+0x54/0x98
01-01 08:00:58.494 0 0 I : ion_system_secure_heap_prefetch_work+0x94/0x2c0
01-01 08:00:58.494 0 0 I : process_one_work+0x38c/0x660
01-01 08:00:58.494 0 0 I : worker_thread+0x268/0x4b8
01-01 08:00:58.494 0 0 I : kthread+0x140/0x150
01-01 08:00:58.494 0 0 I : ret_from_fork+0x10/0x1c
01-01 08:00:58.496 0 0 E : INFO: trying to register non-static key.
01-01 08:00:58.502 0 0 E : the code is fine but needs lockdep annotation.
01-01 08:00:58.507 0 0 I : CPU: 4 PID: 291 Comm: kworker/u16:8 Tainted: G S W O 4.19.157+ #1
01-01 08:00:58.507 0 0 I Hardware name: Qualcomm Technologies, Inc. kona MTP-RmPM8150b. VX1(MCE) EVT2 (DT)
01-01 08:00:58.507 0 0 I Workqueue: events_unbound ion_system_secure_heap_prefetch_work
01-01 08:00:58.507 0 0 I Call trace:
01-01 08:00:58.507 0 0 I : dump_backtrace+0x0/0x258
01-01 08:00:58.507 0 0 I : show_stack+0x20/0x30
01-01 08:00:58.507 0 0 I : dump_stack+0xd8/0x12c
01-01 08:00:58.507 0 0 I : register_lock_class+0x4d0/0x5c8
01-01 08:00:58.507 0 0 I : __lock_acquire+0xbc/0x1e58
01-01 08:00:58.507 0 0 I : lock_acquire+0x1cc/0x218
01-01 08:00:58.507 0 0 I : _raw_spin_lock_irqsave+0x54/0x98
01-01 08:00:58.507 0 0 I : ion_system_secure_heap_prefetch_work+0x94/0x2c0
01-01 08:00:58.507 0 0 I : process_one_work+0x38c/0x660
01-01 08:00:58.507 0 0 I : worker_thread+0x268/0x4b8
01-01 08:00:58.507 0 0 I : kthread+0x140/0x150
01-01 08:00:58.507 0 0 I : ret_from_fork+0x10/0x1c
01-01 08:00:58.510 0 0 E : INFO: trying to register non-static key.
01-01 08:00:58.515 0 0 E : the code is fine but needs lockdep annotation.
01-01 08:00:58.521 0 0 I : CPU: 4 PID: 291 Comm: kworker/u16:8 Tainted: G S W O 4.19.157+ #1
01-01 08:00:58.521 0 0 I Hardware name: Qualcomm Technologies, Inc. kona MTP-RmPM8150b. VX1(MCE) EVT2 (DT)
01-01 08:00:58.521 0 0 I Workqueue: events_unbound ion_system_secure_heap_prefetch_work
01-01 08:00:58.521 0 0 I Call trace:
01-01 08:00:58.521 0 0 I : dump_backtrace+0x0/0x258
01-01 08:00:58.521 0 0 I : show_stack+0x20/0x30
01-01 08:00:58.521 0 0 I : dump_stack+0xd8/0x12c
01-01 08:00:58.521 0 0 I : register_lock_class+0x4d0/0x5c8
01-01 08:00:58.521 0 0 I : __lock_acquire+0xbc/0x1e58
01-01 08:00:58.521 0 0 I : lock_acquire+0x1cc/0x218
01-01 08:00:58.521 0 0 I : _raw_spin_lock_irqsave+0x54/0x98
01-01 08:00:58.521 0 0 I : ion_system_secure_heap_prefetch_work+0x94/0x2c0
01-01 08:00:58.521 0 0 I : process_one_work+0x38c/0x660
01-01 08:00:58.521 0 0 I : worker_thread+0x268/0x4b8
01-01 08:00:58.521 0 0 I : kthread+0x140/0x150
01-01 08:00:58.521 0 0 I : ret_from_fork+0x10/0x1c
01-01 08:00:58.530 0 0 E : INFO: trying to register non-static key.
01-01 08:00:58.535 0 0 E : the code is fine but needs lockdep annotation.
01-01 08:00:58.541 0 0 I : CPU: 4 PID: 291 Comm: kworker/u16:8 Tainted: G S W O 4.19.157+ #1
01-01 08:00:58.541 0 0 I Hardware name: Qualcomm Technologies, Inc. kona MTP-RmPM8150b. VX1(MCE) EVT2 (DT)
01-01 08:00:58.541 0 0 I Workqueue: events_unbound ion_system_secure_heap_prefetch_work
01-01 08:00:58.541 0 0 I Call trace:
01-01 08:00:58.541 0 0 I : dump_backtrace+0x0/0x258
01-01 08:00:58.541 0 0 I : show_stack+0x20/0x30
01-01 08:00:58.541 0 0 I : dump_stack+0xd8/0x12c
01-01 08:00:58.541 0 0 I : register_lock_class+0x4d0/0x5c8
01-01 08:00:58.541 0 0 I : __lock_acquire+0xbc/0x1e58
01-01 08:00:58.541 0 0 I : lock_acquire+0x1cc/0x218
01-01 08:00:58.541 0 0 I : _raw_spin_lock_irqsave+0x54/0x98
01-01 08:00:58.541 0 0 I : ion_system_secure_heap_prefetch_work+0x94/0x2c0
01-01 08:00:58.541 0 0 I : process_one_work+0x38c/0x660
01-01 08:00:58.541 0 0 I : worker_thread+0x268/0x4b8
01-01 08:00:58.541 0 0 I : kthread+0x140/0x150
01-01 08:00:58.541 0 0 I : ret_from_fork+0x10/0x1c
01-01 08:00:58.550 0 0 E : INFO: trying to register non-static key.
01-01 08:00:58.555 0 0 E : the code is fine but needs lockdep annotation.
01-01 08:00:58.560 0 0 I : CPU: 4 PID: 291 Comm: kworker/u16:8 Tainted: G S W O 4.19.157+ #1
01-01 08:00:58.560 0 0 I Hardware name: Qualcomm Technologies, Inc. kona MTP-RmPM8150b. VX1(MCE) EVT2 (DT)
01-01 08:00:58.560 0 0 I Workqueue: events_unbound ion_system_secure_heap_prefetch_work
01-01 08:00:58.560 0 0 I Call trace:
01-01 08:00:58.560 0 0 I : dump_backtrace+0x0/0x258
01-01 08:00:58.560 0 0 I : show_stack+0x20/0x30
01-01 08:00:58.560 0 0 I : dump_stack+0xd8/0x12c
01-01 08:00:58.560 0 0 I : register_lock_class+0x4d0/0x5c8
01-01 08:00:58.560 0 0 I : __lock_acquire+0xbc/0x1e58
01-01 08:00:58.560 0 0 I : lock_acquire+0x1cc/0x218
01-01 08:00:58.560 0 0 I : _raw_spin_lock_irqsave+0x54/0x98
01-01 08:00:58.560 0 0 I : ion_system_secure_heap_prefetch_work+0x94/0x2c0
01-01 08:00:58.560 0 0 I : process_one_work+0x38c/0x660
01-01 08:00:58.560 0 0 I : worker_thread+0x268/0x4b8
01-01 08:00:58.560 0 0 I : kthread+0x140/0x150
01-01 08:00:58.560 0 0 I : ret_from_fork+0x10/0x1c
01-01 08:00:58.569 0 0 E : INFO: trying to register non-static key.
01-01 08:00:58.574 0 0 E : the code is fine but needs lockdep annotation.
01-01 08:00:58.579 0 0 I perfetto: disabled ftrace
01-01 08:00:58.580 0 0 I : CPU: 4 PID: 291 Comm: kworker/u16:8 Tainted: G S W O 4.19.157+ #1
01-01 08:00:58.580 0 0 I Hardware name: Qualcomm Technologies, Inc. kona MTP-RmPM8150b. VX1(MCE) EVT2 (DT)
01-01 08:00:58.580 0 0 I Workqueue: events_unbound ion_system_secure_heap_prefetch_work
01-01 08:00:58.580 0 0 I Call trace:
01-01 08:00:58.580 0 0 I : dump_backtrace+0x0/0x258
01-01 08:00:58.580 0 0 I : show_stack+0x20/0x30
01-01 08:00:58.580 0 0 I : dump_stack+0xd8/0x12c
01-01 08:00:58.580 0 0 I : register_lock_class+0x4d0/0x5c8
01-01 08:00:58.580 0 0 I : __lock_acquire+0xbc/0x1e58
01-01 08:00:58.580 0 0 I : lock_acquire+0x1cc/0x218
01-01 08:00:58.580 0 0 I : _raw_spin_lock_irqsave+0x54/0x98
01-01 08:00:58.580 0 0 I : ion_system_secure_heap_prefetch_work+0x94/0x2c0
01-01 08:00:58.580 0 0 I : process_one_work+0x38c/0x660
01-01 08:00:58.580 0 0 I : worker_thread+0x268/0x4b8
01-01 08:00:58.580 0 0 I : kthread+0x140/0x150
01-01 08:00:58.580 0 0 I : ret_from_fork+0x10/0x1c
01-01 08:00:58.592 0 0 E : INFO: trying to register non-static key.
01-01 08:00:58.597 0 0 E : the code is fine but needs lockdep annotation.
01-01 08:00:58.603 0 0 I : CPU: 4 PID: 291 Comm: kworker/u16:8 Tainted: G S W O 4.19.157+ #1
01-01 08:00:58.603 0 0 I Hardware name: Qualcomm Technologies, Inc. kona MTP-RmPM8150b. VX1(MCE) EVT2 (DT)
01-01 08:00:58.603 0 0 I Workqueue: events_unbound ion_system_secure_heap_prefetch_work
01-01 08:00:58.603 0 0 I Call trace:
01-01 08:00:58.603 0 0 I : dump_backtrace+0x0/0x258
01-01 08:00:58.603 0 0 I : show_stack+0x20/0x30
01-01 08:00:58.603 0 0 I : dump_stack+0xd8/0x12c
01-01 08:00:58.603 0 0 I : register_lock_class+0x4d0/0x5c8
01-01 08:00:58.603 0 0 I : __lock_acquire+0xbc/0x1e58
01-01 08:00:58.603 0 0 I : lock_acquire+0x1cc/0x218
01-01 08:00:58.603 0 0 I : _raw_spin_lock_irqsave+0x54/0x98
01-01 08:00:58.603 0 0 I : ion_system_secure_heap_prefetch_work+0x94/0x2c0
01-01 08:00:58.603 0 0 I : process_one_work+0x38c/0x660
01-01 08:00:58.603 0 0 I : worker_thread+0x268/0x4b8
01-01 08:00:58.603 0 0 I : kthread+0x140/0x150
01-01 08:00:58.603 0 0 I : ret_from_fork+0x10/0x1c
01-01 08:00:58.612 0 0 E : INFO: trying to register non-static key.
01-01 08:00:58.617 0 0 E : the code is fine but needs lockdep annotation.
01-01 08:00:58.623 0 0 I : CPU: 4 PID: 291 Comm: kworker/u16:8 Tainted: G S W O 4.19.157+ #1
01-01 08:00:58.623 0 0 I Hardware name: Qualcomm Technologies, Inc. kona MTP-RmPM8150b. VX1(MCE) EVT2 (DT)
01-01 08:00:58.623 0 0 I Workqueue: events_unbound ion_system_secure_heap_prefetch_work
01-01 08:00:58.623 0 0 I Call trace:
01-01 08:00:58.623 0 0 I : dump_backtrace+0x0/0x258
01-01 08:00:58.623 0 0 I : show_stack+0x20/0x30
01-01 08:00:58.623 0 0 I : dump_stack+0xd8/0x12c
01-01 08:00:58.623 0 0 I : register_lock_class+0x4d0/0x5c8
01-01 08:00:58.623 0 0 I : __lock_acquire+0xbc/0x1e58
01-01 08:00:58.623 0 0 I : lock_acquire+0x1cc/0x218
01-01 08:00:58.623 0 0 I : _raw_spin_lock_irqsave+0x54/0x98
01-01 08:00:58.623 0 0 I : ion_system_secure_heap_prefetch_work+0x94/0x2c0
01-01 08:00:58.623 0 0 I : process_one_work+0x38c/0x660
01-01 08:00:58.623 0 0 I : worker_thread+0x268/0x4b8
01-01 08:00:58.623 0 0 I : kthread+0x140/0x150
01-01 08:00:58.623 0 0 I : ret_from_fork+0x10/0x1c
01-01 08:00:58.632 0 0 E : INFO: trying to register non-static key.
01-01 08:00:58.637 0 0 E : the code is fine but needs lockdep annotation.
01-01 08:00:58.643 0 0 I : CPU: 4 PID: 291 Comm: kworker/u16:8 Tainted: G S W O 4.19.157+ #1
01-01 08:00:58.643 0 0 I Hardware name: Qualcomm Technologies, Inc. kona MTP-RmPM8150b. VX1(MCE) EVT2 (DT)
01-01 08:00:58.643 0 0 I Workqueue: events_unbound ion_system_secure_heap_prefetch_work
01-01 08:00:58.643 0 0 I Call trace:
01-01 08:00:58.643 0 0 I : dump_backtrace+0x0/0x258
01-01 08:00:58.643 0 0 I : show_stack+0x20/0x30
01-01 08:00:58.643 0 0 I : dump_stack+0xd8/0x12c
01-01 08:00:58.643 0 0 I : register_lock_class+0x4d0/0x5c8
01-01 08:00:58.643 0 0 I : __lock_acquire+0xbc/0x1e58
01-01 08:00:58.643 0 0 I : lock_acquire+0x1cc/0x218
01-01 08:00:58.643 0 0 I : _raw_spin_lock_irqsave+0x54/0x98
01-01 08:00:58.643 0 0 I : ion_system_secure_heap_prefetch_work+0x94/0x2c0
01-01 08:00:58.643 0 0 I : process_one_work+0x38c/0x660
01-01 08:00:58.643 0 0 I : worker_thread+0x268/0x4b8
01-01 08:00:58.643 0 0 I : kthread+0x140/0x150
01-01 08:00:58.643 0 0 I : ret_from_fork+0x10/0x1c
01-01 08:00:58.652 0 0 E : INFO: trying to register non-static key.
01-01 08:00:58.657 0 0 E : the code is fine but needs lockdep annotation.
01-01 08:00:58.663 0 0 I : CPU: 4 PID: 291 Comm: kworker/u16:8 Tainted: G S W O 4.19.157+ #1
01-01 08:00:58.663 0 0 I Hardware name: Qualcomm Technologies, Inc. kona MTP-RmPM8150b. VX1(MCE) EVT2 (DT)
01-01 08:00:58.663 0 0 I Workqueue: events_unbound ion_system_secure_heap_prefetch_work
01-01 08:00:58.663 0 0 I Call trace:
01-01 08:00:58.663 0 0 I : dump_backtrace+0x0/0x258
01-01 08:00:58.663 0 0 I : show_stack+0x20/0x30
01-01 08:00:58.663 0 0 I : dump_stack+0xd8/0x12c
01-01 08:00:58.663 0 0 I : register_lock_class+0x4d0/0x5c8
01-01 08:00:58.663 0 0 I : __lock_acquire+0xbc/0x1e58
01-01 08:00:58.663 0 0 I : lock_acquire+0x1cc/0x218
01-01 08:00:58.663 0 0 I : _raw_spin_lock_irqsave+0x54/0x98
01-01 08:00:58.663 0 0 I : ion_system_secure_heap_prefetch_work+0x94/0x2c0
01-01 08:00:58.663 0 0 I : process_one_work+0x38c/0x660
01-01 08:00:58.663 0 0 I : worker_thread+0x268/0x4b8
01-01 08:00:58.663 0 0 I : kthread+0x140/0x150
01-01 08:00:58.663 0 0 I : ret_from_fork+0x10/0x1c
01-01 08:00:58.671 0 0 E : INFO: trying to register non-static key.
01-01 08:00:58.676 0 0 E : the code is fine but needs lockdep annotation.
01-01 08:00:58.682 0 0 I : CPU: 4 PID: 291 Comm: kworker/u16:8 Tainted: G S W O 4.19.157+ #1
01-01 08:00:58.682 0 0 I Hardware name: Qualcomm Technologies, Inc. kona MTP-RmPM8150b. VX1(MCE) EVT2 (DT)
01-01 08:00:58.682 0 0 I Workqueue: events_unbound ion_system_secure_heap_prefetch_work
01-01 08:00:58.682 0 0 I Call trace:
01-01 08:00:58.682 0 0 I : dump_backtrace+0x0/0x258
01-01 08:00:58.682 0 0 I : show_stack+0x20/0x30
01-01 08:00:58.682 0 0 I : dump_stack+0xd8/0x12c
01-01 08:00:58.682 0 0 I : register_lock_class+0x4d0/0x5c8
01-01 08:00:58.682 0 0 I : __lock_acquire+0xbc/0x1e58
01-01 08:00:58.682 0 0 I : lock_acquire+0x1cc/0x218
01-01 08:00:58.682 0 0 I : _raw_spin_lock_irqsave+0x54/0x98
01-01 08:00:58.682 0 0 I : ion_system_secure_heap_prefetch_work+0x94/0x2c0
01-01 08:00:58.682 0 0 I : process_one_work+0x38c/0x660
01-01 08:00:58.682 0 0 I : worker_thread+0x268/0x4b8
01-01 08:00:58.682 0 0 I : kthread+0x140/0x150
01-01 08:00:58.682 0 0 I : ret_from_fork+0x10/0x1c
01-01 08:00:58.691 0 0 E : INFO: trying to register non-static key.
01-01 08:00:58.696 0 0 E : the code is fine but needs lockdep annotation.
01-01 08:00:58.702 0 0 I : CPU: 4 PID: 291 Comm: kworker/u16:8 Tainted: G S W O 4.19.157+ #1
01-01 08:00:58.702 0 0 I Hardware name: Qualcomm Technologies, Inc. kona MTP-RmPM8150b. VX1(MCE) EVT2 (DT)
01-01 08:00:58.702 0 0 I Workqueue: events_unbound ion_system_secure_heap_prefetch_work
01-01 08:00:58.702 0 0 I Call trace:
01-01 08:00:58.702 0 0 I : dump_backtrace+0x0/0x258
01-01 08:00:58.702 0 0 I : show_stack+0x20/0x30
01-01 08:00:58.702 0 0 I : dump_stack+0xd8/0x12c
01-01 08:00:58.702 0 0 I : register_lock_class+0x4d0/0x5c8
01-01 08:00:58.702 0 0 I : __lock_acquire+0xbc/0x1e58
01-01 08:00:58.702 0 0 I : lock_acquire+0x1cc/0x218
01-01 08:00:58.702 0 0 I : _raw_spin_lock_irqsave+0x54/0x98
01-01 08:00:58.702 0 0 I : ion_system_secure_heap_prefetch_work+0x94/0x2c0
01-01 08:00:58.702 0 0 I : process_one_work+0x38c/0x660
01-01 08:00:58.702 0 0 I : worker_thread+0x268/0x4b8
01-01 08:00:58.702 0 0 I : kthread+0x140/0x150
01-01 08:00:58.702 0 0 I : ret_from_fork+0x10/0x1c
01-01 08:00:58.710 0 0 E : INFO: trying to register non-static key.
01-01 08:00:58.716 0 0 E : the code is fine but needs lockdep annotation.
01-01 08:00:58.721 0 0 I : CPU: 4 PID: 291 Comm: kworker/u16:8 Tainted: G S W O 4.19.157+ #1
01-01 08:00:58.721 0 0 I Hardware name: Qualcomm Technologies, Inc. kona MTP-RmPM8150b. VX1(MCE) EVT2 (DT)
01-01 08:00:58.721 0 0 I Workqueue: events_unbound ion_system_secure_heap_prefetch_work
01-01 08:00:58.721 0 0 I Call trace:
01-01 08:00:58.721 0 0 I : dump_backtrace+0x0/0x258
01-01 08:00:58.721 0 0 I : show_stack+0x20/0x30
01-01 08:00:58.721 0 0 I : dump_stack+0xd8/0x12c
01-01 08:00:58.721 0 0 I : register_lock_class+0x4d0/0x5c8
01-01 08:00:58.721 0 0 I : __lock_acquire+0xbc/0x1e58
01-01 08:00:58.721 0 0 I : lock_acquire+0x1cc/0x218
01-01 08:00:58.721 0 0 I : _raw_spin_lock_irqsave+0x54/0x98
01-01 08:00:58.721 0 0 I : ion_system_secure_heap_prefetch_work+0x94/0x2c0
01-01 08:00:58.721 0 0 I : process_one_work+0x38c/0x660
01-01 08:00:58.721 0 0 I : worker_thread+0x268/0x4b8
01-01 08:00:58.721 0 0 I : kthread+0x140/0x150
01-01 08:00:58.721 0 0 I : ret_from_fork+0x10/0x1c
01-01 08:00:58.730 0 0 E : INFO: trying to register non-static key.
01-01 08:00:58.735 0 0 E : the code is fine but needs lockdep annotation.
01-01 08:00:58.741 0 0 I : CPU: 4 PID: 291 Comm: kworker/u16:8 Tainted: G S W O 4.19.157+ #1
01-01 08:00:58.741 0 0 I Hardware name: Qualcomm Technologies, Inc. kona MTP-RmPM8150b. VX1(MCE) EVT2 (DT)
01-01 08:00:58.741 0 0 I Workqueue: events_unbound ion_system_secure_heap_prefetch_work
01-01 08:00:58.741 0 0 I Call trace:
01-01 08:00:58.741 0 0 I : dump_backtrace+0x0/0x258
01-01 08:00:58.741 0 0 I : show_stack+0x20/0x30
01-01 08:00:58.741 0 0 I : dump_stack+0xd8/0x12c
01-01 08:00:58.741 0 0 I : register_lock_class+0x4d0/0x5c8
01-01 08:00:58.741 0 0 I : __lock_acquire+0xbc/0x1e58
01-01 08:00:58.741 0 0 I : lock_acquire+0x1cc/0x218
01-01 08:00:58.741 0 0 I : _raw_spin_lock_irqsave+0x54/0x98
01-01 08:00:58.741 0 0 I : ion_system_secure_heap_prefetch_work+0x94/0x2c0
01-01 08:00:58.741 0 0 I : process_one_work+0x38c/0x660
01-01 08:00:58.741 0 0 I : worker_thread+0x268/0x4b8
01-01 08:00:58.741 0 0 I : kthread+0x140/0x150
01-01 08:00:58.741 0 0 I : ret_from_fork+0x10/0x1c
01-01 08:00:58.741 0 0 I [schedu][0x419fbe51][01:23:48.488922] wlan: [2585:I:HIF] Deinitializing Runtime PM wakelock &vdev->vdev_set_key_runtime_wakelock
01-01 08:00:58.745 0 0 I [schedu][0x41a0e2ef][01:23:48.492824] wlan: [2585:I:HIF] Initializing Runtime PM wakelock &vdev->vdev_set_key_runtime_wakelock
01-01 08:00:58.749 0 0 E : INFO: trying to register non-static key.
01-01 08:00:58.755 0 0 E : the code is fine but needs lockdep annotation.
01-01 08:00:58.760 0 0 I : CPU: 4 PID: 291 Comm: kworker/u16:8 Tainted: G S W O 4.19.157+ #1
01-01 08:00:58.760 0 0 I Hardware name: Qualcomm Technologies, Inc. kona MTP-RmPM8150b. VX1(MCE) EVT2 (DT)
01-01 08:00:58.760 0 0 I Workqueue: events_unbound ion_system_secure_heap_prefetch_work
01-01 08:00:58.760 0 0 I Call trace:
01-01 08:00:58.760 0 0 I : dump_backtrace+0x0/0x258
01-01 08:00:58.760 0 0 I : show_stack+0x20/0x30
01-01 08:00:58.760 0 0 I : dump_stack+0xd8/0x12c
01-01 08:00:58.760 0 0 I : register_lock_class+0x4d0/0x5c8
01-01 08:00:58.760 0 0 I : __lock_acquire+0xbc/0x1e58
01-01 08:00:58.760 0 0 I : lock_acquire+0x1cc/0x218
01-01 08:00:58.760 0 0 I : _raw_spin_lock_irqsave+0x54/0x98
01-01 08:00:58.760 0 0 I : ion_system_secure_heap_prefetch_work+0x94/0x2c0
01-01 08:00:58.760 0 0 I : process_one_work+0x38c/0x660
01-01 08:00:58.760 0 0 I : worker_thread+0x268/0x4b8
01-01 08:00:58.760 0 0 I : kthread+0x140/0x150
01-01 08:00:58.760 0 0 I : ret_from_fork+0x10/0x1c
01-01 08:00:58.769 0 0 E : INFO: trying to register non-static key.
01-01 08:00:58.774 0 0 E : the code is fine but needs lockdep annotation.
01-01 08:00:58.779 0 0 I : CPU: 4 PID: 291 Comm: kworker/u16:8 Tainted: G S W O 4.19.157+ #1
01-01 08:00:58.779 0 0 I Hardware name: Qualcomm Technologies, Inc. kona MTP-RmPM8150b. VX1(MCE) EVT2 (DT)
01-01 08:00:58.779 0 0 I Workqueue: events_unbound ion_system_secure_heap_prefetch_work
01-01 08:00:58.779 0 0 I Call trace:
01-01 08:00:58.779 0 0 I : dump_backtrace+0x0/0x258
01-01 08:00:58.779 0 0 I : show_stack+0x20/0x30
01-01 08:00:58.779 0 0 I : dump_stack+0xd8/0x12c
01-01 08:00:58.779 0 0 I : register_lock_class+0x4d0/0x5c8
01-01 08:00:58.779 0 0 I : __lock_acquire+0xbc/0x1e58
01-01 08:00:58.779 0 0 I : lock_acquire+0x1cc/0x218
01-01 08:00:58.779 0 0 I : _raw_spin_lock_irqsave+0x54/0x98
01-01 08:00:58.779 0 0 I : ion_system_secure_heap_prefetch_work+0x94/0x2c0
01-01 08:00:58.779 0 0 I : process_one_work+0x38c/0x660
01-01 08:00:58.779 0 0 I : worker_thread+0x268/0x4b8
01-01 08:00:58.779 0 0 I : kthread+0x140/0x150
01-01 08:00:58.779 0 0 I : ret_from_fork+0x10/0x1c
01-01 08:00:58.788 0 0 E : INFO: trying to register non-static key.
01-01 08:00:58.793 0 0 E : the code is fine but needs lockdep annotation.
01-01 08:00:58.796 0 0 I logd : logdr: UID=1047 GID=1005 PID=2703 n tail=0 logMask=8 pid=2622 start=0ns deadline=0ns
01-01 08:00:58.798 0 0 I : CPU: 4 PID: 291 Comm: kworker/u16:8 Tainted: G S W O 4.19.157+ #1
01-01 08:00:58.798 0 0 I Hardware name: Qualcomm Technologies, Inc. kona MTP-RmPM8150b. VX1(MCE) EVT2 (DT)
01-01 08:00:58.798 0 0 I Workqueue: events_unbound ion_system_secure_heap_prefetch_work
01-01 08:00:58.798 0 0 I Call trace:
01-01 08:00:58.798 0 0 I : dump_backtrace+0x0/0x258
01-01 08:00:58.798 0 0 I : show_stack+0x20/0x30
01-01 08:00:58.798 0 0 I : dump_stack+0xd8/0x12c
01-01 08:00:58.798 0 0 I : register_lock_class+0x4d0/0x5c8
01-01 08:00:58.798 0 0 I : __lock_acquire+0xbc/0x1e58
01-01 08:00:58.798 0 0 I : lock_acquire+0x1cc/0x218
01-01 08:00:58.798 0 0 I : _raw_spin_lock_irqsave+0x54/0x98
01-01 08:00:58.798 0 0 I : ion_system_secure_heap_prefetch_work+0x94/0x2c0
01-01 08:00:58.798 0 0 I : process_one_work+0x38c/0x660
01-01 08:00:58.798 0 0 I : worker_thread+0x268/0x4b8
01-01 08:00:58.798 0 0 I : kthread+0x140/0x150
01-01 08:00:58.798 0 0 I : ret_from_fork+0x10/0x1c
01-01 08:00:58.806 0 0 I logd : logdr: UID=1047 GID=1005 PID=2703 n tail=0 logMask=1 pid=2622 start=0ns deadline=0ns
01-01 08:00:58.807 0 0 E : INFO: trying to register non-static key.
01-01 08:00:58.812 0 0 E : the code is fine but needs lockdep annotation.
01-01 08:00:58.815 0 0 I [wifi@1][0x41b540e2][01:23:48.562343] wlan: [954:I:DP] dp_vdev_attach_wifi3: wlan_cfg_ap_bridge_enabled 0
01-01 08:00:58.817 0 0 I : CPU: 4 PID: 291 Comm: kworker/u16:8 Tainted: G S W O 4.19.157+ #1
01-01 08:00:58.817 0 0 I Hardware name: Qualcomm Technologies, Inc. kona MTP-RmPM8150b. VX1(MCE) EVT2 (DT)
01-01 08:00:58.817 0 0 I Workqueue: events_unbound ion_system_secure_heap_prefetch_work
01-01 08:00:58.817 0 0 I Call trace:
01-01 08:00:58.817 0 0 I : dump_backtrace+0x0/0x258
01-01 08:00:58.817 0 0 I : show_stack+0x20/0x30
01-01 08:00:58.817 0 0 I : dump_stack+0xd8/0x12c
01-01 08:00:58.817 0 0 I : register_lock_class+0x4d0/0x5c8
01-01 08:00:58.817 0 0 I : __lock_acquire+0xbc/0x1e58
01-01 08:00:58.817 0 0 I : lock_acquire+0x1cc/0x218
01-01 08:00:58.817 0 0 I : _raw_spin_lock_irqsave+0x54/0x98
01-01 08:00:58.817 0 0 I : ion_system_secure_heap_prefetch_work+0x94/0x2c0
01-01 08:00:58.817 0 0 I : process_one_work+0x38c/0x660
01-01 08:00:58.817 0 0 I : worker_thread+0x268/0x4b8
01-01 08:00:58.817 0 0 I : kthread+0x140/0x150
01-01 08:00:58.817 0 0 I : ret_from_fork+0x10/0x1c
01-01 08:00:58.826 0 0 E : INFO: trying to register non-static key.
01-01 08:00:58.831 0 0 E [wifi@1][0x41ba1fb7][01:23:48.578968] wlan: [2702:E:wifipos] wifi_pos_process_app_reg_req: 608: Received App Req Req pid(507511738), len(16)
01-01 08:00:58.832 0 0 E : the code is fine but needs lockdep annotation.
01-01 08:00:58.832 0 0 I : CPU: 4 PID: 291 Comm: kworker/u16:8 Tainted: G S W O 4.19.157+ #1
01-01 08:00:58.848 0 0 I [wifi@1][0x41bedbde][01:23:48.595130] wlan: [2702:I:wifipos] wifi_pos_get_ch_info: 461: num channels: 26
01-01 08:00:58.851 0 0 I Hardware name: Qualcomm Technologies, Inc. kona MTP-RmPM8150b. VX1(MCE) EVT2 (DT)
01-01 08:00:58.851 0 0 I Workqueue: events_unbound ion_system_secure_heap_prefetch_work
01-01 08:00:58.851 0 0 I Call trace:
01-01 08:00:58.851 0 0 I : dump_backtrace+0x0/0x258
01-01 08:00:58.851 0 0 I : show_stack+0x20/0x30
01-01 08:00:58.851 0 0 I : dump_stack+0xd8/0x12c
01-01 08:00:58.851 0 0 I : register_lock_class+0x4d0/0x5c8
01-01 08:00:58.851 0 0 I : __lock_acquire+0xbc/0x1e58
01-01 08:00:58.851 0 0 I : lock_acquire+0x1cc/0x218
01-01 08:00:58.851 0 0 I : _raw_spin_lock_irqsave+0x54/0x98
01-01 08:00:58.851 0 0 I : ion_system_secure_heap_prefetch_work+0x94/0x2c0
01-01 08:00:58.851 0 0 I : process_one_work+0x38c/0x660
01-01 08:00:58.851 0 0 I : worker_thread+0x268/0x4b8
01-01 08:00:58.851 0 0 I : kthread+0x140/0x150
01-01 08:00:58.851 0 0 I : ret_from_fork+0x10/0x1c
01-01 08:00:58.852 0 0 E : INFO: trying to register non-static key.
01-01 08:00:58.853 0 0 I [wifi@1][0x41c04ed1][01:23:48.600076] wlan: [2702:I:wifipos] wifi_pos_get_ch_info: 461: num channels: 26
01-01 08:00:58.857 0 0 E : the code is fine but needs lockdep annotation.
01-01 08:00:58.857 0 0 I : CPU: 4 PID: 291 Comm: kworker/u16:8 Tainted: G S W O 4.19.157+ #1
01-01 08:00:58.857 0 0 I Hardware name: Qualcomm Technologies, Inc. kona MTP-RmPM8150b. VX1(MCE) EVT2 (DT)
01-01 08:00:58.857 0 0 I Workqueue: events_unbound ion_system_secure_heap_prefetch_work
01-01 08:00:58.857 0 0 I Call trace:
01-01 08:00:58.857 0 0 I : dump_backtrace+0x0/0x258
01-01 08:00:58.857 0 0 I : show_stack+0x20/0x30
01-01 08:00:58.857 0 0 I : dump_stack+0xd8/0x12c
01-01 08:00:58.857 0 0 I : register_lock_class+0x4d0/0x5c8
01-01 08:00:58.857 0 0 I : __lock_acquire+0xbc/0x1e58
01-01 08:00:58.857 0 0 I : lock_acquire+0x1cc/0x218
01-01 08:00:58.857 0 0 I : _raw_spin_lock_irqsave+0x54/0x98
01-01 08:00:58.857 0 0 I : ion_system_secure_heap_prefetch_work+0x48/0x2c0
01-01 08:00:58.857 0 0 I : process_one_work+0x38c/0x660
01-01 08:00:58.857 0 0 I : worker_thread+0x33c/0x4b8
01-01 08:00:58.857 0 0 I : kthread+0x140/0x150
01-01 08:00:58.857 0 0 I : ret_from_fork+0x10/0x1c
10-14 01:23:48.616 2703 2703 F DEBUG : *** *** *** *** *** *** *** *** *** *** *** *** *** *** *** ***
10-14 01:23:48.616 2703 2703 F DEBUG : Build fingerprint: 'TC/figure_CN/figure:12/SKQ1.220201.001/1107:userdebug/test-keys'
10-14 01:23:48.616 2703 2703 F DEBUG : Revision: '0'
10-14 01:23:48.616 2703 2703 F DEBUG : ABI: 'arm64'
10-14 01:23:48.617 2703 2703 F DEBUG : Timestamp: 2022-10-14 01:23:48.007527652+0800
10-14 01:23:48.617 2703 2703 F DEBUG : Process uptime: 0s
10-14 01:23:48.617 2703 2703 F DEBUG : Cmdline: /vendor/bin/hw/android.hardware.camera.provider@2.4-service_64
10-14 01:23:48.617 2703 2703 F DEBUG : pid: 2622, tid: 2622, name: android.hardwar >>> /vendor/bin/hw/android.hardware.camera.provider@2.4-service_64 <<<
10-14 01:23:48.617 2703 2703 F DEBUG : uid: 1047
10-14 01:23:48.617 2703 2703 F DEBUG : signal 6 (SIGABRT), code -6 (SI_TKILL), fault addr --------
10-14 01:23:48.617 2703 2703 F DEBUG : x0 0000000000000000 x1 0000000000000a3e x2 0000000000000006 x3 0000000000000000
10-14 01:23:48.617 2703 2703 F DEBUG : x4 00000000000cd288 x5 00000000000cd288 x6 00000000000cd288 x7 7f7f7f7f7f7f7f7f
10-14 01:23:48.618 2703 2703 F DEBUG : x8 0000000000000083 x9 b4ce7028b9c64c81 x10 0000007fcdd30138 x11 fffffffffffffffd
10-14 01:23:48.618 2703 2703 F DEBUG : x12 00000070a9b7d000 x13 0000000000000000 x14 0000007fcdd308c0 x15 0000000034155555
10-14 01:23:48.618 2703 2703 F DEBUG : x16 00000073c34545a0 x17 00000073c34307c0 x18 00000073c7160000 x19 00000070a8250565
10-14 01:23:48.618 2703 2703 F DEBUG : x20 b4000070d339e000 x21 00000073c6b90000 x22 0000007fcdd30d9c x23 00000070a89c7aa0
10-14 01:23:48.618 2703 2703 F DEBUG : x24 00000070a8967fc0 x25 00000070a8911db0 x26 0000000000000060 x27 0000000000000000
10-14 01:23:48.618 2703 2703 F DEBUG : x28 b40000710339f9e8 x29 0000007fcdd5d1e0
10-14 01:23:48.618 2703 2703 F DEBUG : lr 00000070a88497dc sp 0000007fcdd30d30 pc 00000073c34307cc pst 0000000000001000
10-14 01:23:48.618 2703 2703 F DEBUG : backtrace:
10-14 01:23:48.619 2703 2703 F DEBUG : #00 pc 00000000000a17cc /apex/com.android.runtime/lib64/bionic/libc.so (tgkill+12) (BuildId: 369edc656806aeaf384cbeb8f7a347af)
10-14 01:23:48.619 2703 2703 F DEBUG : #01 pc 00000000006457d8 /vendor/lib64/hw/camera.qcom.so (CamX::HwEnvironment::GetInstance() (.cfi)+6368) (BuildId: 577757f361f69c46328d4dcf9bd6aaaf)
10-14 01:23:48.619 2703 2703 F DEBUG : #02 pc 0000000000266a50 /vendor/lib64/hw/camera.qcom.so (CamX::HAL3Module::GetInstance()+664) (BuildId: 577757f361f69c46328d4dcf9bd6aaaf)
10-14 01:23:48.619 2703 2703 F DEBUG : #03 pc 000000000025a294 /vendor/lib64/hw/camera.qcom.so (CamX::get_number_of_cameras() (.cfi)+84) (BuildId: 577757f361f69c46328d4dcf9bd6aaaf)
10-14 01:23:48.620 2703 2703 F DEBUG : #04 pc 0000000000034908 /vendor/lib64/android.hardware.camera.provider@2.4-legacy.so (android::hardware::camera::common::V1_0::helper::CameraModule::init()+200) (BuildId: c456d5ffa961e6c6954debfeaac86fd5)
10-14 01:23:48.620 2703 2703 F DEBUG : #05 pc 0000000000026e48 /vendor/lib64/android.hardware.camera.provider@2.4-legacy.so (android::hardware::camera::provider::V2_4::implementation::LegacyCameraProviderImpl_2_4::initialize()+140) (BuildId: c456d5ffa961e6c6954debfeaac86fd5)
10-14 01:23:48.620 2703 2703 F DEBUG : #06 pc 0000000000026638 /vendor/lib64/android.hardware.camera.provider@2.4-legacy.so (android::hardware::camera::provider::V2_4::implementation::LegacyCameraProviderImpl_2_4::LegacyCameraProviderImpl_2_4()+160) (BuildId: c456d5ffa961e6c6954debfeaac86fd5)
10-14 01:23:48.620 2703 2703 F DEBUG : #07 pc 000000000000415c /vendor/lib64/hw/android.hardware.camera.provider@2.4-impl.so (android::hardware::camera::provider::V2_4::implementation::CameraProvider* android::hardware::camera::provider::V2_4::implementation::getProviderImpl() (.cfi)+64) (BuildId: 5e2f33df9f94aadf6b2d7d01985be38c)
10-14 01:23:48.620 2703 2703 F DEBUG : #08 pc 0000000000051d94 /apex/com.android.vndk.v30/lib64/libhidlbase.so (android::hardware::PassthroughServiceManager::get(android::hardware::hidl_string const&, android::hardware::hidl_string const&)::'lambda'(void*, std::__1::basic_string, std::__1::allocator > const&, std::__1::basic_string, std::__1::allocator > const&)::operator()(void*, std::__1::basic_string, std::__1::allocator > const&, std::__1::basic_string, std::__1::allocator > const&) const+96) (BuildId: fc3e2389a057aeefafa6557f6d78a06b)
10-14 01:23:48.620 2703 2703 F DEBUG : #09 pc 000000000004cdf0 /apex/com.android.vndk.v30/lib64/libhidlbase.so (android::hardware::PassthroughServiceManager::openLibs(std::__1::basic_string, std::__1::allocator > const&, std::__1::function, std::__1::allocator > const&, std::__1::basic_string, std::__1::allocator > const&)> const&)+944) (BuildId: fc3e2389a057aeefafa6557f6d78a06b)
10-14 01:23:48.621 2703 2703 F DEBUG : #10 pc 00000000000502a0 /apex/com.android.vndk.v30/lib64/libhidlbase.so (android::hardware::PassthroughServiceManager::get(android::hardware::hidl_string const&, android::hardware::hidl_string const&)+92) (BuildId: fc3e2389a057aeefafa6557f6d78a06b)
10-14 01:23:48.621 2703 2703 F DEBUG : #11 pc 000000000004dd8c /apex/com.android.vndk.v30/lib64/libhidlbase.so (android::hardware::details::getRawServiceInternal(std::__1::basic_string, std::__1::allocator > const&, std::__1::basic_string, std::__1::allocator > const&, bool, bool)+1488) (BuildId: fc3e2389a057aeefafa6557f6d78a06b)
10-14 01:23:48.621 2703 2703 F DEBUG : #12 pc 000000000004b91c /apex/com.android.vndk.v30/lib64/libhidlbase.so (android::hardware::details::registerPassthroughServiceImplementation(std::__1::basic_string, std::__1::allocator > const&, std::__1::basic_string, std::__1::allocator > const&, std::__1::function const&, std::__1::basic_string, std::__1::allocator > const&)>, std::__1::basic_string, std::__1::allocator > const&)+80) (BuildId: fc3e2389a057aeefafa6557f6d78a06b)
10-14 01:23:48.621 2703 2703 F DEBUG : #13 pc 000000000004bc9c /apex/com.android.vndk.v30/lib64/libhidlbase.so (android::hardware::registerPassthroughServiceImplementation(std::__1::basic_string, std::__1::allocator > const&, std::__1::basic_string, std::__1::allocator > const&, std::__1::basic_string, std::__1::allocator > const&)+56) (BuildId: fc3e2389a057aeefafa6557f6d78a06b)
10-14 01:23:48.621 2703 2703 F DEBUG : #14 pc 0000000000001130 /vendor/bin/hw/android.hardware.camera.provider@2.4-service_64 (main.cfi+196) (BuildId: a1ba6e409ca848af1f0b7c62860af7da)
10-14 01:23:48.622 2703 2703 F DEBUG : #15 pc 000000000004a084 /apex/com.android.runtime/lib64/bionic/libc.so (__libc_init+100) (BuildId: 369edc656806aeaf384cbeb8f7a347af)
01-01 08:00:58.954 0 0 D : mv2112_read_status
01-01 08:00:58.954 0 0 D mv2112_update_link: 3.0x901(1G): 0x4
01-01 08:00:58.954 0 0 D mv2112_update_link: 3.0x8109(100M): 0x8
01-01 08:00:58.954 0 0 D mv2112_update_link: link 0x4
01-01 08:00:58.954 0 0 D mv2112_read_status: autoneg is disabled
10-14 01:23:48.716 1132 1889 W NativeCrashListener: Couldn't find ProcessRecord for pid 2622
10-14 01:23:48.723 1132 1658 I BootReceiver: Copying /data/tombstones/tombstone_18 to DropBox (SYSTEM_TOMBSTONE)
01-01 08:00:58.976 0 0 I init : Sending signal 9 to service 'idmap2d' (pid 1277) process group...
10-14 01:23:48.723 1132 1658 I DropBoxManagerService: add tag=SYSTEM_TOMBSTONE isTagEnabled=true flags=0x6
01-01 08:00:58.982 0 0 I libprocessgroup: Successfully killed process cgroup uid 1000 pid 1277 in 5ms
10-14 01:23:48.734 1132 1658 E NativeTombstoneManager: Tombstone's UID (1047) not an app, ignoring
10-14 01:23:48.735 1132 1658 I DropBoxManagerService: add tag=SYSTEM_TOMBSTONE_PROTO isTagEnabled=true flags=0x4
10-14 01:23:48.735 1132 1730 W OverlayManager: service 'idmap' died
01-01 08:00:58.989 0 0 I init : Control message: Processed ctl.stop for 'idmap2d' from pid: 1132 (system_server)
01-01 08:00:58.992 0 0 I init : Service 'idmap2d' (pid 1277) received signal 9
01-01 08:00:58.995 0 0 I init : Untracked pid 2703 exited with status 0
01-01 08:00:58.996 0 0 I init : Service 'vendor.camera-provider-2-4' (pid 2622) received signal 6
01-01 08:00:58.996 0 0 I init : Sending signal 9 to service 'vendor.camera-provider-2-4' (pid 2622) process group...
10-14 01:23:48.769 1132 1132 W Looper : Slow dispatch took 349ms main h=android.app.ActivityThread$H c=android.app.LoadedApk$ReceiverDispatcher$Args$$ExternalSyntheticLambda0@36ea91c m=0
10-14 01:23:48.769 1132 1132 W Looper : Slow delivery took 347ms main h=android.app.ActivityThread$H c=android.app.LoadedApk$ReceiverDispatcher$Args$$ExternalSyntheticLambda0@54cb925 m=0
01-01 08:00:59.024 0 0 I libprocessgroup: Successfully killed process cgroup uid 1047 pid 2622 in 27ms
01-01 08:00:59.025 0 0 I init : Untracked pid 2720 exited with status 0
10-14 01:23:48.778 1132 1132 W Looper : Drained
10-14 01:23:48.778 1132 1132 I Telecom : BluetoothDeviceManager: Got BluetoothHeadset: com.android.server.telecom.BluetoothHeadsetProxy@4dcffb4: BMSL.oSC@AAs
10-14 01:23:48.814 1132 1928 W BluetoothManagerService: psc is not null in bindBluetoothProfileService
01-01 08:00:59.071 0 0 W logd : Skipping entries from slow reader, pid 1239, fd 14, from LogBuffer::Prune()
01-01 08:00:59.072 0 0 W logd : Skipping entries from slow reader, pid 1239, fd 14, from LogBuffer::Prune()
01-01 08:00:59.381 0 0 I binder : undelivered transaction 33233, process died.
01-01 08:00:59.383 0 0 I init : Service 'bootanim' (pid 1125) exited with status 0 oneshot service took 15.638000 seconds in background
10-14 01:23:49.140 1132 1216 I WindowManager: ******* TELLING SURFACE FLINGER WE ARE BOOTED!
10-14 01:23:49.144 1132 1216 I ActivityManagerTiming: FinishBooting
10-14 01:23:49.152 1132 1216 I ActivityManager: About to commit checkpoint
10-14 01:23:49.153 1132 1216 I SystemServiceManager: Starting phase 1000
10-14 01:23:49.153 1132 1216 I ActivityManagerTiming: OnBootPhase_1000
10-14 01:23:49.153 1132 1216 I ActivityManagerTiming: OnBootPhase_1000_com.android.server.security.FileIntegrityService
10-14 01:23:49.153 1132 1216 D ActivityManagerTiming: OnBootPhase_1000_com.android.server.security.FileIntegrityService took to complete: 0ms
10-14 01:23:49.153 1132 1216 I ActivityManagerTiming: OnBootPhase_1000_com.android.server.pm.Installer
10-14 01:23:49.153 1132 1216 D ActivityManagerTiming: OnBootPhase_1000_com.android.server.pm.Installer took to complete: 0ms
10-14 01:23:49.153 1132 1216 I ActivityManagerTiming: OnBootPhase_1000_com.android.server.os.DeviceIdentifiersPolicyService
10-14 01:23:49.154 1132 1216 D ActivityManagerTiming: OnBootPhase_1000_com.android.server.os.DeviceIdentifiersPolicyService took to complete: 0ms
10-14 01:23:49.154 1132 1216 I ActivityManagerTiming: OnBootPhase_1000_com.android.server.uri.UriGrantsManagerService$Lifecycle
10-14 01:23:49.154 1132 1216 D ActivityManagerTiming: OnBootPhase_1000_com.android.server.uri.UriGrantsManagerService$Lifecycle took to complete: 0ms
10-14 01:23:49.154 1132 1216 I ActivityManagerTiming: OnBootPhase_1000_com.android.server.powerstats.PowerStatsService
10-14 01:23:49.154 1132 1216 E PowerStatsService: Failed to start PowerStatsService loggers
10-14 01:23:49.154 1132 1216 D ActivityManagerTiming: OnBootPhase_1000_com.android.server.powerstats.PowerStatsService took to complete: 0ms
10-14 01:23:49.154 1132 1216 I ActivityManagerTiming: OnBootPhase_1000_com.android.server.wm.ActivityTaskManagerService$Lifecycle
10-14 01:23:49.154 1132 1216 D ActivityManagerTiming: OnBootPhase_1000_com.android.server.wm.ActivityTaskManagerService$Lifecycle took to complete: 0ms
10-14 01:23:49.154 1132 1216 I ActivityManagerTiming: OnBootPhase_1000_com.android.server.am.ActivityManagerService$Lifecycle
10-14 01:23:49.154 1132 1216 D ActivityManagerTiming: OnBootPhase_1000_com.android.server.am.ActivityManagerService$Lifecycle took to complete: 0ms
10-14 01:23:49.154 1132 1216 I ActivityManagerTiming: OnBootPhase_1000_com.android.server.pm.DataLoaderManagerService
10-14 01:23:49.154 1132 1216 D ActivityManagerTiming: OnBootPhase_1000_com.android.server.pm.DataLoaderManagerService took to complete: 0ms
10-14 01:23:49.154 1132 1216 I ActivityManagerTiming: OnBootPhase_1000_com.android.server.power.PowerManagerService
10-14 01:23:49.155 1132 1216 D ActivityManagerTiming: OnBootPhase_1000_com.android.server.power.PowerManagerService took to complete: 1ms
10-14 01:23:49.155 1132 1216 I ActivityManagerTiming: OnBootPhase_1000_com.android.server.power.ThermalManagerService
10-14 01:23:49.155 1132 1216 D ActivityManagerTiming: OnBootPhase_1000_com.android.server.power.ThermalManagerService took to complete: 0ms
10-14 01:23:49.155 1132 1216 I ActivityManagerTiming: OnBootPhase_1000_com.android.server.power.hint.HintManagerService
10-14 01:23:49.155 1132 1216 D ActivityManagerTiming: OnBootPhase_1000_com.android.server.power.hint.HintManagerService took to complete: 0ms
10-14 01:23:49.155 1132 1216 I ActivityManagerTiming: OnBootPhase_1000_com.android.server.recoverysystem.RecoverySystemService$Lifecycle
10-14 01:23:49.155 1132 1216 D ActivityManagerTiming: OnBootPhase_1000_com.android.server.recoverysystem.RecoverySystemService$Lifecycle took to complete: 0ms
10-14 01:23:49.155 1132 1216 I ActivityManagerTiming: OnBootPhase_1000_com.android.server.lights.LightsService
10-14 01:23:49.155 1132 1216 D ActivityManagerTiming: OnBootPhase_1000_com.android.server.lights.LightsService took to complete: 0ms
10-14 01:23:49.155 1132 1216 I ActivityManagerTiming: OnBootPhase_1000_com.android.server.display.DisplayManagerService
10-14 01:23:49.156 1132 1326 V DisplayPowerController[0]: Brightness [1.0] reason changing to: 'manual', previous reason: 'override'.
10-14 01:23:49.156 1132 1216 D ActivityManagerTiming: OnBootPhase_1000_com.android.server.display.DisplayManagerService took to complete: 1ms
10-14 01:23:49.156 1132 1216 I ActivityManagerTiming: OnBootPhase_1000_com.android.server.pm.verify.domain.DomainVerificationService
10-14 01:23:49.156 1132 1216 D ActivityManagerTiming: OnBootPhase_1000_com.android.server.pm.verify.domain.DomainVerificationService took to complete: 0ms
10-14 01:23:49.157 1132 1216 I ActivityManagerTiming: OnBootPhase_1000_com.android.server.pm.PackageInstallerService$Lifecycle
10-14 01:23:49.157 1132 1216 D ActivityManagerTiming: OnBootPhase_1000_com.android.server.pm.PackageInstallerService$Lifecycle took to complete: 0ms
10-14 01:23:49.157 1132 1216 I ActivityManagerTiming: OnBootPhase_1000_com.android.server.pm.UserManagerService$LifeCycle
10-14 01:23:49.157 1132 1216 D ActivityManagerTiming: OnBootPhase_1000_com.android.server.pm.UserManagerService$LifeCycle took to complete: 0ms
10-14 01:23:49.157 1132 1216 I ActivityManagerTiming: OnBootPhase_1000_com.android.server.om.OverlayManagerService
10-14 01:23:49.157 1132 1216 D ActivityManagerTiming: OnBootPhase_1000_com.android.server.om.OverlayManagerService took to complete: 0ms
10-14 01:23:49.157 1132 1216 I ActivityManagerTiming: OnBootPhase_1000_com.android.server.SensorPrivacyService
10-14 01:23:49.157 1132 1216 D ActivityManagerTiming: OnBootPhase_1000_com.android.server.SensorPrivacyService took to complete: 0ms
10-14 01:23:49.157 1132 1216 I ActivityManagerTiming: OnBootPhase_1000_com.android.server.sensors.SensorService
10-14 01:23:49.157 1132 1216 D ActivityManagerTiming: OnBootPhase_1000_com.android.server.sensors.SensorService took to complete: 0ms
10-14 01:23:49.157 1132 1216 I ActivityManagerTiming: OnBootPhase_1000_com.android.server.SystemConfigService
10-14 01:23:49.157 1132 1216 D ActivityManagerTiming: OnBootPhase_1000_com.android.server.SystemConfigService took to complete: 0ms
10-14 01:23:49.157 1132 1216 I ActivityManagerTiming: OnBootPhase_1000_com.android.server.BatteryService
10-14 01:23:49.157 1132 1216 D ActivityManagerTiming: OnBootPhase_1000_com.android.server.BatteryService took to complete: 0ms
10-14 01:23:49.157 1132 1216 I ActivityManagerTiming: OnBootPhase_1000_com.android.server.usage.UsageStatsService
10-14 01:23:49.158 1132 1216 D ActivityManagerTiming: OnBootPhase_1000_com.android.server.usage.UsageStatsService took to complete: 1ms
10-14 01:23:49.158 1132 1216 I ActivityManagerTiming: OnBootPhase_1000_com.android.server.webkit.WebViewUpdateService
10-14 01:23:49.158 1132 1216 D ActivityManagerTiming: OnBootPhase_1000_com.android.server.webkit.WebViewUpdateService took to complete: 0ms
10-14 01:23:49.158 1132 1216 I ActivityManagerTiming: OnBootPhase_1000_com.android.server.CachedDeviceStateService
10-14 01:23:49.158 1132 1216 D ActivityManagerTiming: OnBootPhase_1000_com.android.server.CachedDeviceStateService took to complete: 0ms
10-14 01:23:49.158 1132 1216 I ActivityManagerTiming: OnBootPhase_1000_com.android.server.BinderCallsStatsService$LifeCycle
10-14 01:23:49.158 1132 1216 D ActivityManagerTiming: OnBootPhase_1000_com.android.server.BinderCallsStatsService$LifeCycle took to complete: 0ms
10-14 01:23:49.158 1132 1216 I ActivityManagerTiming: OnBootPhase_1000_com.android.server.LooperStatsService$Lifecycle
10-14 01:23:49.158 1132 1216 D ActivityManagerTiming: OnBootPhase_1000_com.android.server.LooperStatsService$Lifecycle took to complete: 0ms
10-14 01:23:49.158 1132 1216 I ActivityManagerTiming: OnBootPhase_1000_com.android.server.rollback.RollbackManagerService
10-14 01:23:49.159 1132 1216 D ActivityManagerTiming: OnBootPhase_1000_com.android.server.rollback.RollbackManagerService took to complete: 0ms
10-14 01:23:49.159 1132 1216 I ActivityManagerTiming: OnBootPhase_1000_com.android.server.os.NativeTombstoneManagerService
10-14 01:23:49.159 1132 1216 D ActivityManagerTiming: OnBootPhase_1000_com.android.server.os.NativeTombstoneManagerService took to complete: 0ms
10-14 01:23:49.159 1132 1216 I ActivityManagerTiming: OnBootPhase_1000_com.android.server.os.BugreportManagerService
10-14 01:23:49.159 1132 1216 D ActivityManagerTiming: OnBootPhase_1000_com.android.server.os.BugreportManagerService took to complete: 0ms
10-14 01:23:49.159 1132 1216 I ActivityManagerTiming: OnBootPhase_1000_com.android.server.gpu.GpuService
10-14 01:23:49.162 1132 1928 D CompatibilityChangeReporter: Compat change id reported: 135634846; UID 10075; state: DISABLED
10-14 01:23:49.162 1132 1928 D CompatibilityChangeReporter: Compat change id reported: 177438394; UID 10075; state: DISABLED
10-14 01:23:49.163 1132 1928 D CompatibilityChangeReporter: Compat change id reported: 135772972; UID 10075; state: DISABLED
10-14 01:23:49.163 1132 1928 D CompatibilityChangeReporter: Compat change id reported: 135754954; UID 10075; state: ENABLED
10-14 01:23:49.163 1132 1272 D CompatibilityChangeReporter: Compat change id reported: 143937733; UID 10075; state: ENABLED
10-14 01:23:49.166 1132 1653 D AppStandbyController: Loading headless system app cache. appIdleEnabled=false
10-14 01:23:49.166 1132 1657 D RollbackManager: mRollbackLifetimeDurationInMillis=1209600000
10-14 01:23:49.172 1132 1216 D ActivityManagerTiming: OnBootPhase_1000_com.android.server.gpu.GpuService took to complete: 13ms
10-14 01:23:49.172 1132 1216 I ActivityManagerTiming: OnBootPhase_1000_com.android.server.security.KeyChainSystemService
10-14 01:23:49.172 1132 1216 D ActivityManagerTiming: OnBootPhase_1000_com.android.server.security.KeyChainSystemService took to complete: 0ms
10-14 01:23:49.172 1132 1216 I ActivityManagerTiming: OnBootPhase_1000_com.android.server.telecom.TelecomLoaderService
10-14 01:23:49.172 1132 1216 D ActivityManagerTiming: OnBootPhase_1000_com.android.server.telecom.TelecomLoaderService took to complete: 0ms
10-14 01:23:49.172 1132 1216 I ActivityManagerTiming: OnBootPhase_1000_com.android.server.accounts.AccountManagerService$Lifecycle
10-14 01:23:49.173 1132 1216 D ActivityManagerTiming: OnBootPhase_1000_com.android.server.accounts.AccountManagerService$Lifecycle took to complete: 0ms
10-14 01:23:49.173 1132 1216 I ActivityManagerTiming: OnBootPhase_1000_com.android.server.content.ContentService$Lifecycle
10-14 01:23:49.173 1132 1216 D ActivityManagerTiming: OnBootPhase_1000_com.android.server.content.ContentService$Lifecycle took to complete: 0ms
10-14 01:23:49.173 1132 1216 I ActivityManagerTiming: OnBootPhase_1000_com.android.server.DropBoxManagerService
10-14 01:23:49.173 1132 1216 D ActivityManagerTiming: OnBootPhase_1000_com.android.server.DropBoxManagerService took to complete: 0ms
10-14 01:23:49.173 1132 1216 I ActivityManagerTiming: OnBootPhase_1000_com.android.role.RoleService
10-14 01:23:49.173 1132 1216 D ActivityManagerTiming: OnBootPhase_1000_com.android.role.RoleService took to complete: 0ms
10-14 01:23:49.173 1132 1216 I ActivityManagerTiming: OnBootPhase_1000_com.android.server.vibrator.VibratorManagerService$Lifecycle
10-14 01:23:49.173 1132 1216 D ActivityManagerTiming: OnBootPhase_1000_com.android.server.vibrator.VibratorManagerService$Lifecycle took to complete: 0ms
10-14 01:23:49.173 1132 1216 I ActivityManagerTiming: OnBootPhase_1000_com.android.server.alarm.AlarmManagerService
10-14 01:23:49.173 1132 1216 D ActivityManagerTiming: OnBootPhase_1000_com.android.server.alarm.AlarmManagerService took to complete: 0ms
10-14 01:23:49.173 1132 1216 I ActivityManagerTiming: OnBootPhase_1000_com.android.server.devicestate.DeviceStateManagerService
10-14 01:23:49.174 1132 1216 D ActivityManagerTiming: OnBootPhase_1000_com.android.server.devicestate.DeviceStateManagerService took to complete: 0ms
10-14 01:23:49.174 1132 1216 I ActivityManagerTiming: OnBootPhase_1000_com.android.server.camera.CameraServiceProxy
