10-14 01:24:54.001 1132 1215 I DropBoxManagerService: add tag=system_app_strictmode isTagEnabled=true flags=0x2
10-14 01:24:54.161 655 666 I mpu_uart: [MSG-P:RECV]:No message received in 1000 ms
01-01 08:02:04.490 0 0 D : mv2112_read_status
01-01 08:02:04.490 0 0 D mv2112_update_link: 3.0x901(1G): 0x4
01-01 08:02:04.491 0 0 D mv2112_update_link: 3.0x8109(100M): 0x8
01-01 08:02:04.491 0 0 D mv2112_update_link: link 0x4
01-01 08:02:04.491 0 0 D mv2112_read_status: autoneg is disabled
10-14 01:24:54.675 1132 2015 I WifiService: startScan uid=1000
10-14 01:24:54.694 1459 2732 D LOWI-9.0.0.87.a: [LOWI-Scan] wait_event:Wait done with Cmd 33
10-14 01:24:54.695 1459 2732 D LOWI-9.0.0.87.a: [LOWI-Scan] do_listen_events: Rcvd valid Netlink Cmd 0 Err 0
01-01 08:02:04.993 0 0 I [schedu][0x8d714cd6][01:24:54.740212] wlan: [2585:I:OSIF] scan start scan id 40962
10-14 01:24:54.797 1459 2732 D LOWI-9.0.0.87.a: [LOWI-Scan] wait_event:Wait done with Cmd 103
10-14 01:24:54.797 1459 2732 D LOWI-9.0.0.87.a: [LOWI-Scan] do_listen_events: Rcvd valid Netlink Cmd 0 Err 0
10-14 01:24:54.798 954 2702 I WifiHAL : event received NL80211_CMD_VENDOR, vendor_id = 0x1374, subcmd = 0xa
10-14 01:24:54.798 1420 1420 I cnss-daemon: nl80211 response handler invoked
10-14 01:24:54.798 1420 1420 I cnss-daemon: nl80211_response_handler: cmd 103, vendorID 4980, subcmd 10 received
10-14 01:24:54.801 1302 1302 I wificond: Regulatory domain changed to country: CN on wiphy_index: 0
10-14 01:24:54.804 2723 2723 I wpa_supplicant: wlan0: CTRL-EVENT-REGDOM-CHANGE init=DRIVER type=COUNTRY alpha2=CN
10-14 01:24:54.806 1132 2015 D WifiNl80211Manager: OnRegDomainChanged CN
10-14 01:24:54.807 2723 2723 I wpa_supplicant: wlan0: CTRL-EVENT-AVOID-FREQ ranges=
10-14 01:24:54.807 1132 2015 D WifiNative: onCountryCodeChanged: CN
10-14 01:24:54.807 1132 2015 I WifiCountryCode: Receive onDriverCountryCodeChanged CN
10-14 01:24:54.808 1132 1752 I WifiService: onDriverCountryCodeChanged CN
10-14 01:24:54.808 1132 1752 E ApConfigUtil: Malformed channel value detected: java.lang.NumberFormatException: For input string: ""
10-14 01:24:54.808 1302 1302 I wificond: 2.4Ghz frequencies: 2412 2417 2422 2427 2432 2437 2442 2447 2452 2457 2462 2467 2472
10-14 01:24:54.808 1302 1302 I wificond: 5Ghz non-DFS frequencies: 5180 5200 5220 5240 5745 5765 5785 5805 5825
10-14 01:24:54.808 1302 1302 I wificond: 5Ghz DFS frequencies: 5260 5280 5300 5320
10-14 01:24:54.808 1302 1302 I wificond: 6Ghz frequencies:
10-14 01:24:54.808 1302 1302 I wificond: 60Ghz frequencies:
10-14 01:24:54.811 1132 1752 E ApConfigUtil: Malformed channel value detected: java.lang.NumberFormatException: For input string: ""
10-14 01:24:55.046 1890 1890 D InterruptionStateProvider: No bubble up: not allowed to bubble: -1|android|26|null|1000
10-14 01:24:55.047 1890 1890 D InterruptionStateProvider: No alerting: filtered notification: 0|com.android.systemui|1|empty_media|10087
10-14 01:24:55.047 1890 1890 D InterruptionStateProvider: No bubble up: not allowed to bubble: 0|com.android.systemui|2048|null|10087
10-14 01:24:55.050 1890 1890 D InterruptionStateProvider: No bubble up: not allowed to bubble: -1|android|55|null|1000
10-14 01:24:55.050 1890 1890 D InterruptionStateProvider: No bubble up: not allowed to bubble: -1|android|32|null|1000
10-14 01:24:55.161 655 666 I mpu_uart: [MSG-P:RECV]:No message received in 1000 ms
01-01 08:02:05.514 0 0 D : mv2112_read_status
01-01 08:02:05.515 0 0 D mv2112_update_link: 3.0x901(1G): 0x4
01-01 08:02:05.515 0 0 D mv2112_update_link: 3.0x8109(100M): 0x8
01-01 08:02:05.515 0 0 D mv2112_update_link: link 0x4
01-01 08:02:05.515 0 0 D mv2112_read_status: autoneg is disabled
10-14 01:24:55.563 2395 2395 D StateManager: goToState: Normal
10-14 01:24:55.566 2395 2395 E StrictMode: Tried to access the API:ViewConfiguration which needs to have proper configuration from a non-UI Context:com.android.quickstep.inputconsumers.OtherActivityInputConsumer@b4f5671 The API:ViewConfiguration needs a proper configuration. Use UI contexts such as an activity or a context created via createWindowContext(Display, int, Bundle) or createConfigurationContext(Configuration) with a proper configuration.
10-14 01:24:55.566 2395 2395 E StrictMode: java.lang.IllegalAccessException: Tried to access the API:ViewConfiguration which needs to have proper configuration from a non-UI Context:com.android.quickstep.inputconsumers.OtherActivityInputConsumer@b4f5671
10-14 01:24:55.566 2395 2395 E StrictMode: at android.os.StrictMode.assertConfigurationContext(StrictMode.java:2296)
10-14 01:24:55.566 2395 2395 E StrictMode: at android.view.ViewConfiguration.get(ViewConfiguration.java:522)
10-14 01:24:55.566 2395 2395 E StrictMode: at com.android.quickstep.inputconsumers.OtherActivityInputConsumer.(OtherActivityInputConsumer.java:174)
10-14 01:24:55.566 2395 2395 E StrictMode: at com.android.quickstep.TouchInteractionService.createOtherActivityInputConsumer(TouchInteractionService.java:795)
10-14 01:24:55.566 2395 2395 E StrictMode: at com.android.quickstep.TouchInteractionService.newBaseConsumer(TouchInteractionService.java:774)
10-14 01:24:55.566 2395 2395 E StrictMode: at com.android.quickstep.TouchInteractionService.newConsumer(TouchInteractionService.java:660)
10-14 01:24:55.566 2395 2395 E StrictMode: at com.android.quickstep.TouchInteractionService.onInputEvent(TouchInteractionService.java:557)
10-14 01:24:55.566 2395 2395 E StrictMode: at com.android.quickstep.TouchInteractionService.$r8$lambda$QnySfMPM3HQvC_OREg1W70p37mY(Unknown Source:0)
10-14 01:24:55.566 2395 2395 E StrictMode: at com.android.quickstep.TouchInteractionService$$ExternalSyntheticLambda4.onInputEvent(Unknown Source:2)
10-14 01:24:55.566 2395 2395 E StrictMode: at com.android.systemui.shared.system.InputChannelCompat$InputEventReceiver$1.onInputEvent(InputChannelCompat.java:74)
10-14 01:24:55.566 2395 2395 E StrictMode: at android.view.InputEventReceiver.dispatchInputEvent(InputEventReceiver.java:260)
10-14 01:24:55.566 2395 2395 E StrictMode: at android.os.MessageQueue.nativePollOnce(Native Method)
10-14 01:24:55.566 2395 2395 E StrictMode: at android.os.MessageQueue.next(MessageQueue.java:335)
10-14 01:24:55.566 2395 2395 E StrictMode: at android.os.Looper.loopOnce(Looper.java:161)
10-14 01:24:55.566 2395 2395 E StrictMode: at android.os.Looper.loop(Looper.java:288)
10-14 01:24:55.566 2395 2395 E StrictMode: at android.app.ActivityThread.main(ActivityThread.java:7880)
10-14 01:24:55.566 2395 2395 E StrictMode: at java.lang.reflect.Method.invoke(Native Method)
10-14 01:24:55.566 2395 2395 E StrictMode: at com.android.internal.os.RuntimeInit$MethodAndArgsCaller.run(RuntimeInit.java:548)
10-14 01:24:55.566 2395 2395 E StrictMode: at com.android.internal.os.ZygoteInit.main(ZygoteInit.java:1009)
10-14 01:24:55.570 1132 1922 I InputDispatcher: Monitor swipe-up (server) is stealing touch from [recents_animation_input_consumer (server), ]
10-14 01:24:55.570 1132 1215 I DropBoxManagerService: add tag=system_app_strictmode isTagEnabled=true flags=0x2
10-14 01:24:55.576 1132 1213 D AutofillManagerService: Close system dialogs
10-14 01:24:55.583 1890 1890 V ShadeControllerImpl: NotificationShadeWindow: com.android.systemui.statusbar.phone.NotificationShadeWindowView{379d7ba I.E...... ......ID 0,0-2380,1020} canPanelBeCollapsed(): false
10-14 01:24:55.913 1459 2732 D LOWI-9.0.0.87.a: [LOWI-Scan] wait_event:Wait done with Cmd 34
10-14 01:24:55.913 1459 2732 D LOWI-9.0.0.87.a: [LOWI-Scan] do_listen_events: Rcvd valid Netlink Cmd 34 Err 0
01-01 08:02:06.177 0 0 I [schedu][0x8ecc46e5][01:24:55.924559] wlan: [2585:I:OSIF] vdev 0, scan id 40962 type COMPLETED(1) reason COMPLETED(1) scan found 56 bss
10-14 01:24:55.918 1132 2007 D WifiNl80211Manager: Scan result ready event
10-14 01:24:55.919 1132 2007 D WifiNative: Scan result ready event
10-14 01:24:55.923 1459 2732 D LOWI-9.0.0.87.a: [LOWI-Scan]
10-14 01:24:55.923 1459 2732 D LOWI-9.0.0.87.a: [LOWI-Scan] print_bss_handler: Report Probe TSF 107341366 as it greater than Beacon TSF 0
10-14 01:24:55.923 1459 2732 D LOWI-9.0.0.87.a: [LOWI-Scan] decode_rsn_wpa_ie: LOWI_ENCRYPTION_TYPE_WPA_PSK
10-14 01:24:55.923 1459 2732 D LOWI-9.0.0.87.a: [LOWI-Scan] is_qcom_ie, bss_age: 0
10-14 01:24:55.923 1459 2732 D LOWI-9.0.0.87.a: [LOWI-Scan] adjust_age:AP AGE upper limit reached. Dont store
10-14 01:24:55.923 1459 2732 D LOWI-9.0.0.87.a: [LOWI-Scan] BSS a6:2a:7d:83:91:7b LOWI_PHY_MODE_11AC_VHT160(15), Beacon Interval: 100, LOWI_ENCRYPTION_TYPE_WPA_PSK 11mcRanging: No, ANQP: No, LCI: No, Civic: No, capability(0x1111): ESS Privacy SpectrumMgmt
10-14 01:24:55.923 1459 2732 D LOWI-9.0.0.87.a: [LOWI-Scan] BSS a6:2a:7d:83:91:7b FREQ: 5180, cFreq1[40:80:160] = [5190:5210:5210] cFreq2 = 5250 Country Code = CN
10-14 01:24:55.923 1459 2732 D LOWI-9.0.0.87.a: [LOWI-Scan] BSS a6:2a:7d:83:91:7b (wlan0) ASSO: NO AddInfo: 0x0, TSF 0, 00:01:47.341, RSSI: -136, CPL: 127, AGE: 11204, SSID BSP_SD3_5G, TSFDelta: 0x6bf2f0c1, TXRate: 0
10-14 01:24:55.932 1459 2732 D LOWI-9.0.0.87.a: [LOWI-Scan]
10-14 01:24:55.932 1459 2732 D LOWI-9.0.0.87.a: [LOWI-Scan] print_bss_handler: Report Probe TSF 117414062 as it greater than Beacon TSF 117398412
10-14 01:24:55.932 1459 2732 D LOWI-9.0.0.87.a: [LOWI-Scan] decode_rsn_wpa_ie: LOWI_ENCRYPTION_TYPE_WPA_PSK
10-14 01:24:55.932 1459 2732 D LOWI-9.0.0.87.a: [LOWI-Scan] is_qcom_ie, bss_age: 0
10-14 01:24:55.934 1459 2732 D LOWI-9.0.0.87.a: [LOWI-Scan] BSS 98:97:cc:03:15:36 LOWI_PHY_MODE_11AC_VHT160(15), Beacon Interval: 100, LOWI_ENCRYPTION_TYPE_WPA_PSK 11mcRanging: No, ANQP: No, LCI: No, Civic: No, capability(0x1511): ESS Privacy SpectrumMgmt ShortSlotTime
10-14 01:24:55.934 1459 2732 D LOWI-9.0.0.87.a: [LOWI-Scan] BSS 98:97:cc:03:15:36 FREQ: 5180, cFreq1[40:80:160] = [5190:5210:5210] cFreq2 = 5250 Country Code = CN
10-14 01:24:55.934 1459 2732 D LOWI-9.0.0.87.a: [LOWI-Scan] BSS 98:97:cc:03:15:36 (wlan0) ASSO: NO AddInfo: 0x0, TSF 0, 00:01:57.414, RSSI: -94, CPL: 127, AGE: 1132, SSID 200M_5G, TSFDelta: 0x69d0bc26, TXRate: 0
10-14 01:24:55.934 2395 2395 W OrientationEventListener: Cannot detect sensors. Invalid disable
10-14 01:24:55.935 1459 2732 D LOWI-9.0.0.87.a: [LOWI-Scan]
10-14 01:24:55.935 1459 2732 D LOWI-9.0.0.87.a: [LOWI-Scan] print_bss_handler: Report beacon TSF 117399122 as it greater than probe TSF 117399122
10-14 01:24:55.935 1459 2732 D LOWI-9.0.0.87.a: [LOWI-Scan] decode_rsn_wpa_ie: LOWI_ENCRYPTION_TYPE_WPA_PSK
10-14 01:24:55.935 1459 2732 D LOWI-9.0.0.87.a: [LOWI-Scan] is_qcom_ie, bss_age: 0
10-14 01:24:55.935 1459 2732 D LOWI-9.0.0.87.a: [LOWI-Scan] BSS 9e:97:cc:03:15:36 LOWI_PHY_MODE_11AC_VHT160(15), Beacon Interval: 100, LOWI_ENCRYPTION_TYPE_WPA_PSK 11mcRanging: No, ANQP: No, LCI: No, Civic: No, capability(0x0511): ESS Privacy SpectrumMgmt ShortSlotTime
10-14 01:24:55.935 1459 2732 D LOWI-9.0.0.87.a: [LOWI-Scan] BSS 9e:97:cc:03:15:36 FREQ: 5180, cFreq1[40:80:160] = [5190:5210:5210] cFreq2 = 5250 Country Code = CN
10-14 01:24:55.935 1459 2732 D LOWI-9.0.0.87.a: [LOWI-Scan] BSS 9e:97:cc:03:15:36 (wlan0) ASSO: NO AddInfo: 0x1, TSF 0, 00:01:57.399, RSSI: -94, CPL: 127, AGE: 1148, SSID , TSFDelta: 0x69477703, TXRate: 0
10-14 01:24:55.936 2395 2395 D EditModeHelper: setHotseatVisibility: 0
10-14 01:24:55.937 1459 2732 D LOWI-9.0.0.87.a: [LOWI-Scan]
10-14 01:24:55.937 1459 2732 D LOWI-9.0.0.87.a: [LOWI-Scan] print_bss_handler: Report Probe TSF 117434907 as it greater than Beacon TSF 0
10-14 01:24:55.937 1459 2732 D LOWI-9.0.0.87.a: [LOWI-Scan] decode_rsn_wpa_ie: LOWI_ENCRYPTION_TYPE_WPA_PSK
10-14 01:24:55.937 1459 2732 D LOWI-9.0.0.87.a: [LOWI-Scan] is_qcom_ie, bss_age: 0
10-14 01:24:55.937 1459 2732 D LOWI-9.0.0.87.a: [LOWI-Scan] BSS 4c:77:66:d5:c0:f3 LOWI_PHY_MODE_11NG_HT40(7), Beacon Interval: 100, LOWI_ENCRYPTION_TYPE_WPA_PSK 11mcRanging: No, ANQP: No, LCI: No, Civic: No, capability(0x0411): ESS Privacy ShortSlotTime
10-14 01:24:55.937 1459 2732 D LOWI-9.0.0.87.a: [LOWI-Scan] BSS 4c:77:66:d5:c0:f3 FREQ: 2412, cFreq1[40:80:160] = [2422:0:0] cFreq2 = 0 Country Code = CN
10-14 01:24:55.937 1459 2732 D LOWI-9.0.0.87.a: [LOWI-Scan] BSS 4c:77:66:d5:c0:f3 (wlan0) ASSO: NO AddInfo: 0x0, TSF 0, 00:01:57.434, RSSI: -92, CPL: 127, AGE: 1112, SSID TCVR, TSFDelta: 0x67733c67, TXRate: 0
10-14 01:24:55.938 1459 2732 D LOWI-9.0.0.87.a: [LOWI-Scan]
10-14 01:24:55.938 1459 2732 D LOWI-9.0.0.87.a: [LOWI-Scan] print_bss_handler: Report Probe TSF 117514407 as it greater than Beacon TSF 117503138
10-14 01:24:55.938 1459 2732 D LOWI-9.0.0.87.a: [LOWI-Scan] decode_rsn_wpa_ie: LOWI_ENCRYPTION_TYPE_WPA_PSK
10-14 01:24:55.938 1459 2732 D LOWI-9.0.0.87.a: [LOWI-Scan] is_qcom_ie, bss_age: 0
10-14 01:24:55.938 1459 2732 D LOWI-9.0.0.87.a: [LOWI-Scan] BSS 04:8c:16:c4:ee:31 LOWI_PHY_MODE_11AC_VHT40(9), Beacon Interval: 100, LOWI_ENCRYPTION_TYPE_WPA_PSK 11mcRanging: No, ANQP: No, LCI: No, Civic: No, capability(0x1511): ESS Privacy SpectrumMgmt ShortSlotTime
10-14 01:24:55.938 1459 2732 D LOWI-9.0.0.87.a: [LOWI-Scan] BSS 04:8c:16:c4:ee:31 FREQ: 5220, cFreq1[40:80:160] = [5230:0:0] cFreq2 = 0 Country Code = CN
10-14 01:24:55.939 1459 2732 D LOWI-9.0.0.87.a: [LOWI-Scan] BSS 04:8c:16:c4:ee:31 (wlan0) ASSO: NO AddInfo: 0x0, TSF 0, 00:01:57.514, RSSI: -156, CPL: 127, AGE: 1032, SSID thundercomm, TSFDelta: 0x69d62e8d, TXRate: 0
10-14 01:24:55.939 1459 2732 D LOWI-9.0.0.87.a: [LOWI-Scan]
10-14 01:24:55.939 1459 2732 D LOWI-9.0.0.87.a: [LOWI-Scan] print_bss_handler: Report beacon TSF 117505439 as it greater than probe TSF 117501601
10-14 01:24:55.940 1459 2732 D LOWI-9.0.0.87.a: [LOWI-Scan] decode_rsn_wpa_ie: LOWI_ENCRYPTION_TYPE_WPA_PSK
10-14 01:24:55.940 1459 2732 D LOWI-9.0.0.87.a: [LOWI-Scan] is_qcom_ie, bss_age: 0
10-14 01:24:55.940 1459 2732 D LOWI-9.0.0.87.a: [LOWI-Scan] BSS 04:8c:16:c4:ee:34 LOWI_PHY_MODE_11AC_VHT40(9), Beacon Interval: 100, LOWI_ENCRYPTION_TYPE_WPA_PSK 11mcRanging: No, ANQP: No, LCI: No, Civic: No, capability(0x1511): ESS Privacy SpectrumMgmt ShortSlotTime
10-14 01:24:55.940 1459 2732 D LOWI-9.0.0.87.a: [LOWI-Scan] BSS 04:8c:16:c4:ee:34 FREQ: 5220, cFreq1[40:80:160] = [5230:0:0] cFreq2 = 0 Country Code = CN
10-14 01:24:55.940 1459 2732 D LOWI-9.0.0.87.a: [LOWI-Scan] BSS 04:8c:16:c4:ee:34 (wlan0) ASSO: NO AddInfo: 0x1, TSF 0, 00:01:57.505, RSSI: -156, CPL: 127, AGE: 1040, SSID thundersoft, TSFDelta: 0x69732e88, TXRate: 0
10-14 01:24:55.941 1459 2732 D LOWI-9.0.0.87.a: [LOWI-Scan]
10-14 01:24:55.941 1459 2732 D LOWI-9.0.0.87.a: [LOWI-Scan] print_bss_handler: Report Probe TSF 117513111 as it greater than Beacon TSF 117504701
10-14 01:24:55.941 1459 2732 D LOWI-9.0.0.87.a: [LOWI-Scan] decode_rsn_wpa_ie: LOWI_ENCRYPTION_TYPE_WPA_PSK
10-14 01:24:55.941 1459 2732 D LOWI-9.0.0.87.a: [LOWI-Scan] is_qcom_ie, bss_age: 0
10-14 01:24:55.941 1459 2732 D LOWI-9.0.0.87.a: [LOWI-Scan] BSS 04:8c:16:c4:ee:30 LOWI_PHY_MODE_11AC_VHT40(9), Beacon Interval: 100, LOWI_ENCRYPTION_TYPE_WPA_PSK 11mcRanging: No, ANQP: No, LCI: No, Civic: No, capability(0x1511): ESS Privacy SpectrumMgmt ShortSlotTime
10-14 01:24:55.941 1459 2732 D LOWI-9.0.0.87.a: [LOWI-Scan] BSS 04:8c:16:c4:ee:30 FREQ: 5220, cFreq1[40:80:160] = [5230:0:0] cFreq2 = 0 Country Code = CN
10-14 01:24:55.941 1459 2732 D LOWI-9.0.0.87.a: [LOWI-Scan] BSS 04:8c:16:c4:ee:30 (wlan0) ASSO: NO AddInfo: 0x0, TSF 0, 00:01:57.513, RSSI: -156, CPL: 127, AGE: 1032, SSID guest, TSFDelta: 0x69cd7821, TXRate: 0
10-14 01:24:55.942 1459 2732 D LOWI-9.0.0.87.a: [LOWI-Scan]
10-14 01:24:55.942 1459 2732 D LOWI-9.0.0.87.a: [LOWI-Scan] print_bss_handler: Report Probe TSF 107474623 as it greater than Beacon TSF 0
10-14 01:24:55.942 1459 2732 D LOWI-9.0.0.87.a: [LOWI-Scan] decode_rsn_wpa_ie: LOWI_ENCRYPTION_TYPE_WPA_PSK
10-14 01:24:55.942 1459 2732 D LOWI-9.0.0.87.a: [LOWI-Scan] is_qcom_ie, bss_age: 0
10-14 01:24:55.942 1459 2732 D LOWI-9.0.0.87.a: [LOWI-Scan] adjust_age:AP AGE upper limit reached. Dont store
10-14 01:24:55.942 1459 2732 D LOWI-9.0.0.87.a: [LOWI-Scan] BSS f4:a4:d6:51:0d:d0 LOWI_PHY_MODE_11AC_VHT40(9), Beacon Interval: 100, LOWI_ENCRYPTION_TYPE_WPA_PSK 11mcRanging: No, ANQP: No, LCI: No, Civic: No, capability(0x1511): ESS Privacy SpectrumMgmt ShortSlotTime
10-14 01:24:55.942 1459 2732 D LOWI-9.0.0.87.a: [LOWI-Scan] BSS f4:a4:d6:51:0d:d0 FREQ: 5220, cFreq1[40:80:160] = [5230:0:0] cFreq2 = 0 Country Code = CN
10-14 01:24:55.942 1459 2732 D LOWI-9.0.0.87.a: [LOWI-Scan] BSS f4:a4:d6:51:0d:d0 (wlan0) ASSO: NO AddInfo: 0x0, TSF 0, 00:01:47.474, RSSI: -166, CPL: 127, AGE: 11072, SSID guest, TSFDelta: 0xc502aa75, TXRate: 0
10-14 01:24:55.943 1459 2732 D LOWI-9.0.0.87.a: [LOWI-Scan]
10-14 01:24:55.944 1459 2732 D LOWI-9.0.0.87.a: [LOWI-Scan] print_bss_handler: Report beacon TSF 117517177 as it greater than probe TSF 117516226
10-14 01:24:55.944 1459 2732 D LOWI-9.0.0.87.a: [LOWI-Scan] decode_rsn_wpa_ie: LOWI_ENCRYPTION_TYPE_WPA_PSK
10-14 01:24:55.944 1459 2732 D LOWI-9.0.0.87.a: [LOWI-Scan] is_qcom_ie, bss_age: 0
10-14 01:24:55.944 1459 2732 D LOWI-9.0.0.87.a: [LOWI-Scan] BSS f4:a4:d6:51:0d:d4 LOWI_PHY_MODE_11AC_VHT40(9), Beacon Interval: 100, LOWI_ENCRYPTION_TYPE_WPA_PSK 11mcRanging: No, ANQP: No, LCI: No, Civic: No, capability(0x1511): ESS Privacy SpectrumMgmt ShortSlotTime
10-14 01:24:55.944 1459 2732 D LOWI-9.0.0.87.a: [LOWI-Scan] BSS f4:a4:d6:51:0d:d4 FREQ: 5220, cFreq1[40:80:160] = [5230:0:0] cFreq2 = 0 Country Code = CN
10-14 01:24:55.944 1459 2732 D LOWI-9.0.0.87.a: [LOWI-Scan] BSS f4:a4:d6:51:0d:d4 (wlan0) ASSO: NO AddInfo: 0x1, TSF 0, 00:01:57.517, RSSI: -162, CPL: 127, AGE: 1028, SSID thundersoft, TSFDelta: 0xc40e424b, TXRate: 0
10-14 01:24:55.945 1459 2732 D LOWI-9.0.0.87.a: [LOWI-Scan]
10-14 01:24:55.945 1459 2732 D LOWI-9.0.0.87.a: [LOWI-Scan] print_bss_handler: Report beacon TSF 117580556 as it greater than probe TSF 107537823
10-14 01:24:55.945 1459 2732 D LOWI-9.0.0.87.a: [LOWI-Scan] decode_rsn_wpa_ie: LOWI_ENCRYPTION_TYPE_WPA_PSK
10-14 01:24:55.945 1459 2732 D LOWI-9.0.0.87.a: [LOWI-Scan] is_qcom_ie, bss_age: 0
10-14 01:24:55.945 1459 2732 D LOWI-9.0.0.87.a: [LOWI-Scan] BSS 8c:de:f9:b7:38:4c LOWI_PHY_MODE_11AC_VHT160(15), Beacon Interval: 100, LOWI_ENCRYPTION_TYPE_WPA_PSK 11mcRanging: No, ANQP: No, LCI: No, Civic: No, capability(0x0511): ESS Privacy SpectrumMgmt ShortSlotTime
10-14 01:24:55.945 1459 2732 D LOWI-9.0.0.87.a: [LOWI-Scan] BSS 8c:de:f9:b7:38:4c FREQ: 5240, cFreq1[40:80:160] = [5230:5210:5210] cFreq2 = 5250 Country Code = CN
10-14 01:24:55.945 1459 2732 D LOWI-9.0.0.87.a: [LOWI-Scan] BSS 8c:de:f9:b7:38:4c (wlan0) ASSO: NO AddInfo: 0x1, TSF 0, 00:01:57.580, RSSI: -120, CPL: 127, AGE: 964, SSID super_dragon_5G, TSFDelta: 0x87df863c, TXRate: 0
10-14 01:24:55.946 1459 2732 D LOWI-9.0.0.87.a: [LOWI-Scan]
10-14 01:24:55.946 1459 2732 D LOWI-9.0.0.87.a: [LOWI-Scan] print_bss_handler: Report Probe TSF 117615803 as it greater than Beacon TSF 107562343
10-14 01:24:55.946 1459 2732 D LOWI-9.0.0.87.a: [LOWI-Scan] decode_rsn_wpa_ie: LOWI_ENCRYPTION_TYPE_WPA_PSK
10-14 01:24:55.946 1459 2732 D LOWI-9.0.0.87.a: [LOWI-Scan] is_qcom_ie, bss_age: 0
10-14 01:24:55.946 1459 2732 D LOWI-9.0.0.87.a: [LOWI-Scan] BSS ec:26:ca:af:36:18 LOWI_PHY_MODE_11AC_VHT80(10), Beacon Interval: 100, LOWI_ENCRYPTION_TYPE_WPA_PSK 11mcRanging: No, ANQP: No, LCI: No, Civic: No, capability(0x0511): ESS Privacy SpectrumMgmt ShortSlotTime
10-14 01:24:55.946 1459 2732 D LOWI-9.0.0.87.a: [LOWI-Scan] BSS ec:26:ca:af:36:18 FREQ: 5745, cFreq1[40:80:160] = [5755:5775:0] cFreq2 = 0 Country Code = CN
10-14 01:24:55.946 1459 2732 D LOWI-9.0.0.87.a: [LOWI-Scan] BSS ec:26:ca:af:36:18 (wlan0) ASSO: NO AddInfo: 0x0, TSF 0, 00:01:57.615, RSSI: -72, CPL: 127, AGE: 932, SSID TP-LINK_TEST5G, TSFDelta: 0x6f957857, TXRate: 0
10-14 01:24:55.947 1459 2732 D LOWI-9.0.0.87.a: [LOWI-Scan]
10-14 01:24:55.947 1459 2732 D LOWI-9.0.0.87.a: [LOWI-Scan] print_bss_handler: Report Probe TSF 117616984 as it greater than Beacon TSF 117613802
10-14 01:24:55.947 1459 2732 D LOWI-9.0.0.87.a: [LOWI-Scan] decode_rsn_wpa_ie: LOWI_ENCRYPTION_TYPE_WPA_PSK
10-14 01:24:55.947 1459 2732 D LOWI-9.0.0.87.a: [LOWI-Scan] is_qcom_ie, bss_age: 0
10-14 01:24:55.947 1459 2732 D LOWI-9.0.0.87.a: [LOWI-Scan] BSS 94:d0:0d:67:64:7c LOWI_PHY_MODE_11AC_VHT80(10), Beacon Interval: 100, LOWI_ENCRYPTION_TYPE_WPA_PSK 11mcRanging: No, ANQP: No, LCI: No, Civic: No, capability(0x1531): ESS Privacy ShortPreamble SpectrumMgmt ShortSlotTime
10-14 01:24:55.948 1459 2732 D LOWI-9.0.0.87.a: [LOWI-Scan] BSS 94:d0:0d:67:64:7c FREQ: 5745, cFreq1[40:80:160] = [5755:5775:0] cFreq2 = 0 Country Code = CN
10-14 01:24:55.948 1459 2732 D LOWI-9.0.0.87.a: [LOWI-Scan] BSS 94:d0:0d:67:64:7c (wlan0) ASSO: NO AddInfo: 0x0, TSF 0, 00:01:57.616, RSSI: -86, CPL: 127, AGE: 928, SSID Visional, TSFDelta: 0x840113e3, TXRate: 0
10-14 01:24:55.948 1459 2732 D LOWI-9.0.0.87.a: [LOWI-Scan]
10-14 01:24:55.948 1459 2732 D LOWI-9.0.0.87.a: [LOWI-Scan] print_bss_handler: Report Probe TSF 117617559 as it greater than Beacon TSF 0
10-14 01:24:55.949 1459 2732 D LOWI-9.0.0.87.a: [LOWI-Scan] decode_rsn_wpa_ie: LOWI_ENCRYPTION_TYPE_WPA_PSK
10-14 01:24:55.949 1459 2732 D LOWI-9.0.0.87.a: [LOWI-Scan] is_qcom_ie, bss_age: 0
10-14 01:24:55.949 1459 2732 D LOWI-9.0.0.87.a: [LOWI-Scan] BSS a8:5a:e0:72:36:4c LOWI_PHY_MODE_11AC_VHT80(10), Beacon Interval: 100, LOWI_ENCRYPTION_TYPE_WPA_PSK 11mcRanging: No, ANQP: No, LCI: No, Civic: No, capability(0x1531): ESS Privacy ShortPreamble SpectrumMgmt ShortSlotTime
10-14 01:24:55.949 1459 2732 D LOWI-9.0.0.87.a: [LOWI-Scan] BSS a8:5a:e0:72:36:4c FREQ: 5745, cFreq1[40:80:160] = [5755:5775:0] cFreq2 = 0 Country Code =
10-14 01:24:55.949 1459 2732 D LOWI-9.0.0.87.a: [LOWI-Scan] BSS a8:5a:e0:72:36:4c (wlan0) ASSO: NO AddInfo: 0x0, TSF 0, 00:01:57.617, RSSI: -96, CPL: 127, AGE: 928, SSID Admin_5G, TSFDelta: 0x6f85028b, TXRate: 0
10-14 01:24:55.950 1459 2732 D LOWI-9.0.0.87.a: [LOWI-Scan]
10-14 01:24:55.950 1459 2732 D LOWI-9.0.0.87.a: [LOWI-Scan] print_bss_handler: Report Probe TSF 117614305 as it greater than Beacon TSF 0
10-14 01:24:55.950 1459 2732 D LOWI-9.0.0.87.a: [LOWI-Scan] decode_rsn_wpa_ie: LOWI_ENCRYPTION_TYPE_WPA_PSK
10-14 01:24:55.950 1459 2732 D LOWI-9.0.0.87.a: [LOWI-Scan] is_qcom_ie, bss_age: 0
10-14 01:24:55.950 1459 2732 D LOWI-9.0.0.87.a: [LOWI-Scan] BSS 2c:61:04:e5:57:3e LOWI_PHY_MODE_11AC_VHT80(10), Beacon Interval: 100, LOWI_ENCRYPTION_TYPE_WPA_PSK 11mcRanging: No, ANQP: No, LCI: No, Civic: No, capability(0x0431): ESS Privacy ShortPreamble ShortSlotTime
10-14 01:24:55.950 1459 2732 D LOWI-9.0.0.87.a: [LOWI-Scan] BSS 2c:61:04:e5:57:3e FREQ: 5745, cFreq1[40:80:160] = [5755:5775:0] cFreq2 = 0 Country Code =
10-14 01:24:55.950 1459 2732 D LOWI-9.0.0.87.a: [LOWI-Scan] BSS 2c:61:04:e5:57:3e (wlan0) ASSO: NO AddInfo: 0x0, TSF 0, 00:01:57.614, RSSI: -110, CPL: 127, AGE: 932, SSID 401, TSFDelta: 0x37c21156, TXRate: 0
10-14 01:24:55.951 1459 2732 D LOWI-9.0.0.87.a: [LOWI-Scan]
10-14 01:24:55.951 1459 2732 D LOWI-9.0.0.87.a: [LOWI-Scan] print_bss_handler: Report Probe TSF 117617964 as it greater than Beacon TSF 117599183
10-14 01:24:55.951 1459 2732 D LOWI-9.0.0.87.a: [LOWI-Scan] decode_rsn_wpa_ie: LOWI_ENCRYPTION_TYPE_WPA_PSK
10-14 01:24:55.951 1459 2732 D LOWI-9.0.0.87.a: [LOWI-Scan] is_qcom_ie, bss_age: 0
10-14 01:24:55.951 1459 2732 D LOWI-9.0.0.87.a: [LOWI-Scan] BSS f4:a4:d6:51:0e:31 LOWI_PHY_MODE_11AC_VHT40(9), Beacon Interval: 100, LOWI_ENCRYPTION_TYPE_WPA_PSK 11mcRanging: No, ANQP: No, LCI: No, Civic: No, capability(0x1511): ESS Privacy SpectrumMgmt ShortSlotTime
10-14 01:24:55.952 1459 2732 D LOWI-9.0.0.87.a: [LOWI-Scan] BSS f4:a4:d6:51:0e:31 FREQ: 5745, cFreq1[40:80:160] = [5755:0:0] cFreq2 = 0 Country Code = CN
10-14 01:24:55.952 1459 2732 D LOWI-9.0.0.87.a: [LOWI-Scan] BSS f4:a4:d6:51:0e:31 (wlan0) ASSO: NO AddInfo: 0x0, TSF 0, 00:01:57.617, RSSI: -152, CPL: 127, AGE: 928, SSID thundercomm, TSFDelta: 0xaac7e0d1, TXRate: 0
10-14 01:24:55.953 1459 2732 D LOWI-9.0.0.87.a: [LOWI-Scan]
10-14 01:24:55.953 1459 2732 D LOWI-9.0.0.87.a: [LOWI-Scan] print_bss_handler: Report Probe TSF 117618363 as it greater than Beacon TSF 117599608
10-14 01:24:55.953 1459 2732 D LOWI-9.0.0.87.a: [LOWI-Scan] decode_rsn_wpa_ie: LOWI_ENCRYPTION_TYPE_WPA_PSK
10-14 01:24:55.953 1459 2732 D LOWI-9.0.0.87.a: [LOWI-Scan] is_qcom_ie, bss_age: 0
10-14 01:24:55.953 1459 2732 D LOWI-9.0.0.87.a: [LOWI-Scan] BSS f4:a4:d6:51:0e:34 LOWI_PHY_MODE_11AC_VHT40(9), Beacon Interval: 100, LOWI_ENCRYPTION_TYPE_WPA_PSK 11mcRanging: No, ANQP: No, LCI: No, Civic: No, capability(0x1511): ESS Privacy SpectrumMgmt ShortSlotTime
10-14 01:24:55.953 1459 2732 D LOWI-9.0.0.87.a: [LOWI-Scan] BSS f4:a4:d6:51:0e:34 FREQ: 5745, cFreq1[40:80:160] = [5755:0:0] cFreq2 = 0 Country Code = CN
10-14 01:24:55.953 1459 2732 D LOWI-9.0.0.87.a: [LOWI-Scan] BSS f4:a4:d6:51:0e:34 (wlan0) ASSO: NO AddInfo: 0x0, TSF 0, 00:01:57.618, RSSI: -152, CPL: 127, AGE: 928, SSID thundersoft, TSFDelta: 0xaacc57f9, TXRate: 0
10-14 01:24:55.954 1459 2732 D LOWI-9.0.0.87.a: [LOWI-Scan]
10-14 01:24:55.954 1459 2732 D LOWI-9.0.0.87.a: [LOWI-Scan] print_bss_handler: Report Probe TSF 117615396 as it greater than Beacon TSF 117598751
10-14 01:24:55.954 1459 2732 D LOWI-9.0.0.87.a: [LOWI-Scan] decode_rsn_wpa_ie: LOWI_ENCRYPTION_TYPE_WPA_PSK
10-14 01:24:55.954 1459 2732 D LOWI-9.0.0.87.a: [LOWI-Scan] is_qcom_ie, bss_age: 0
10-14 01:24:55.954 1459 2732 D LOWI-9.0.0.87.a: [LOWI-Scan] BSS f4:a4:d6:51:0e:30 LOWI_PHY_MODE_11AC_VHT40(9), Beacon Interval: 100, LOWI_ENCRYPTION_TYPE_WPA_PSK 11mcRanging: No, ANQP: No, LCI: No, Civic: No, capability(0x1511): ESS Privacy SpectrumMgmt ShortSlotTime
10-14 01:24:55.954 1459 2732 D LOWI-9.0.0.87.a: [LOWI-Scan] BSS f4:a4:d6:51:0e:30 FREQ: 5745, cFreq1[40:80:160] = [5755:0:0] cFreq2 = 0 Country Code = CN
10-14 01:24:55.954 1459 2732 D LOWI-9.0.0.87.a: [LOWI-Scan] BSS f4:a4:d6:51:0e:30 (wlan0) ASSO: NO AddInfo: 0x0, TSF 0, 00:01:57.615, RSSI: -152, CPL: 127, AGE: 932, SSID guest, TSFDelta: 0xaab389bc, TXRate: 0
10-14 01:24:55.955 1459 2732 D LOWI-9.0.0.87.a: [LOWI-Scan]
10-14 01:24:55.955 1459 2732 D LOWI-9.0.0.87.a: [LOWI-Scan] print_bss_handler: Report Probe TSF 117676805 as it greater than Beacon TSF 107600534
10-14 01:24:55.955 1459 2732 D LOWI-9.0.0.87.a: [LOWI-Scan] decode_rsn_wpa_ie: LOWI_ENCRYPTION_TYPE_WPA_PSK
10-14 01:24:55.955 1459 2732 D LOWI-9.0.0.87.a: [LOWI-Scan] is_qcom_ie, bss_age: 0
10-14 01:24:55.955 1459 2732 D LOWI-9.0.0.87.a: [LOWI-Scan] BSS 5c:02:14:0f:aa:4d LOWI_PHY_MODE_11AC_VHT80(10), Beacon Interval: 100, LOWI_ENCRYPTION_TYPE_WPA_PSK 11mcRanging: No, ANQP: Yes, LCI: No, Civic: No, capability(0x0011): ESS Privacy
10-14 01:24:55.955 1459 2732 D LOWI-9.0.0.87.a: [LOWI-Scan] BSS 5c:02:14:0f:aa:4d FREQ: 5765, cFreq1[40:80:160] = [5755:5775:0] cFreq2 = 0 Country Code = CN
10-14 01:24:55.955 1459 2732 D LOWI-9.0.0.87.a: [LOWI-Scan] BSS 5c:02:14:0f:aa:4d (wlan0) ASSO: NO AddInfo: 0x0, TSF 0, 00:01:57.676, RSSI: -116, CPL: 127, AGE: 868, SSID Redmi_AA4A_5G, TSFDelta: 0x6ec87594, TXRate: 0
10-14 01:24:55.955 1459 2732 D LOWI-9.0.0.87.a: [LOWI-Scan]
10-14 01:24:55.955 1459 2732 D LOWI-9.0.0.87.a: [LOWI-Scan] print_bss_handler: Report Probe TSF 117676383 as it greater than Beacon TSF 0
10-14 01:24:55.955 1459 2732 D LOWI-9.0.0.87.a: [LOWI-Scan] decode_rsn_wpa_ie: LOWI_ENCRYPTION_TYPE_WPA_PSK
10-14 01:24:55.955 1459 2732 D LOWI-9.0.0.87.a: [LOWI-Scan] is_qcom_ie, bss_age: 0
10-14 01:24:55.955 1459 2732 D LOWI-9.0.0.87.a: [LOWI-Scan] BSS bc:54:fc:f0:b4:6a LOWI_PHY_MODE_11AC_VHT80(10), Beacon Interval: 100, LOWI_ENCRYPTION_TYPE_WPA_PSK 11mcRanging: No, ANQP: No, LCI: No, Civic: No, capability(0x0011): ESS Privacy
10-14 01:24:55.955 1459 2732 D LOWI-9.0.0.87.a: [LOWI-Scan] BSS bc:54:fc:f0:b4:6a FREQ: 5765, cFreq1[40:80:160] = [5755:5775:0] cFreq2 = 0 Country Code = CN
10-14 01:24:55.956 1459 2732 D LOWI-9.0.0.87.a: [LOWI-Scan] BSS bc:54:fc:f0:b4:6a (wlan0) ASSO: NO AddInfo: 0x0, TSF 0, 00:01:57.676, RSSI: -96, CPL: 127, AGE: 868, SSID kk5g, TSFDelta: 0x6f41d856, TXRate: 0
10-14 01:24:55.956 1459 2732 D LOWI-9.0.0.87.a: [LOWI-Scan]
10-14 01:24:55.956 1459 2732 D LOWI-9.0.0.87.a: [LOWI-Scan] print_bss_handler: Report Probe TSF 117712969 as it greater than Beacon TSF 107664695
10-14 01:24:55.956 1459 2732 D LOWI-9.0.0.87.a: [LOWI-Scan] decode_rsn_wpa_ie: LOWI_ENCRYPTION_TYPE_WPA_PSK
10-14 01:24:55.956 1459 2732 D LOWI-9.0.0.87.a: [LOWI-Scan] is_qcom_ie, bss_age: 0
10-14 01:24:55.956 1459 2732 D LOWI-9.0.0.87.a: [LOWI-Scan] BSS dc:90:88:31:29:d4 LOWI_PHY_MODE_11AC_VHT80(10), Beacon Interval: 100, LOWI_ENCRYPTION_TYPE_WPA_PSK 11mcRanging: No, ANQP: No, LCI: No, Civic: No, capability(0x0411): ESS Privacy ShortSlotTime
10-14 01:24:55.956 1459 2732 D LOWI-9.0.0.87.a: [LOWI-Scan] BSS dc:90:88:31:29:d4 FREQ: 5785, cFreq1[40:80:160] = [5795:5775:0] cFreq2 = 0 Country Code = CN
10-14 01:24:55.956 1459 2732 D LOWI-9.0.0.87.a: [LOWI-Scan] BSS dc:90:88:31:29:d4 (wlan0) ASSO: NO AddInfo: 0x0, TSF 0, 00:01:57.712, RSSI: -126, CPL: 127, AGE: 832, SSID Admin1, TSFDelta: 0x7318e32f, TXRate: 0
10-14 01:24:55.957 1459 2732 D LOWI-9.0.0.87.a: [LOWI-Scan]
10-14 01:24:55.957 1459 2732 D LOWI-9.0.0.87.a: [LOWI-Scan] print_bss_handler: Report Probe TSF 117719946 as it greater than Beacon TSF 0
10-14 01:24:55.957 1459 2732 D LOWI-9.0.0.87.a: [LOWI-Scan] decode_rsn_wpa_ie: LOWI_ENCRYPTION_TYPE_WPA_PSK
10-14 01:24:55.957 1459 2732 D LOWI-9.0.0.87.a: [LOWI-Scan] is_qcom_ie, bss_age: 0
10-14 01:24:55.957 1459 2732 D LOWI-9.0.0.87.a: [LOWI-Scan] BSS f4:a4:d6:51:0c:90 LOWI_PHY_MODE_11AC_VHT40(9), Beacon Interval: 100, LOWI_ENCRYPTION_TYPE_WPA_PSK 11mcRanging: No, ANQP: No, LCI: No, Civic: No, capability(0x1511): ESS Privacy SpectrumMgmt ShortSlotTime
10-14 01:24:55.957 1459 2732 D LOWI-9.0.0.87.a: [LOWI-Scan] BSS f4:a4:d6:51:0c:90 FREQ: 5785, cFreq1[40:80:160] = [5795:0:0] cFreq2 = 0 Country Code = CN
10-14 01:24:55.957 1459 2732 D LOWI-9.0.0.87.a: [LOWI-Scan] BSS f4:a4:d6:51:0c:90 (wlan0) ASSO: NO AddInfo: 0x0, TSF 0, 00:01:57.719, RSSI: -152, CPL: 127, AGE: 828, SSID guest, TSFDelta: 0x9f75662f, TXRate: 0
10-14 01:24:55.957 1459 2732 D LOWI-9.0.0.87.a: [LOWI-Scan]
10-14 01:24:55.957 1459 2732 D LOWI-9.0.0.87.a: [LOWI-Scan] print_bss_handler: Report Probe TSF 117720737 as it greater than Beacon TSF 0
10-14 01:24:55.957 1459 2732 D LOWI-9.0.0.87.a: [LOWI-Scan] decode_rsn_wpa_ie: LOWI_ENCRYPTION_TYPE_WPA_PSK
10-14 01:24:55.957 1459 2732 D LOWI-9.0.0.87.a: [LOWI-Scan] is_qcom_ie, bss_age: 0
10-14 01:24:55.957 1459 2732 D LOWI-9.0.0.87.a: [LOWI-Scan] BSS f4:a4:d6:51:0c:91 LOWI_PHY_MODE_11AC_VHT40(9), Beacon Interval: 100, LOWI_ENCRYPTION_TYPE_WPA_PSK 11mcRanging: No, ANQP: No, LCI: No, Civic: No, capability(0x1511): ESS Privacy SpectrumMgmt ShortSlotTime
10-14 01:24:55.957 1459 2732 D LOWI-9.0.0.87.a: [LOWI-Scan] BSS f4:a4:d6:51:0c:91 FREQ: 5785, cFreq1[40:80:160] = [5795:0:0] cFreq2 = 0 Country Code = CN
10-14 01:24:55.957 1459 2732 D LOWI-9.0.0.87.a: [LOWI-Scan] BSS f4:a4:d6:51:0c:91 (wlan0) ASSO: NO AddInfo: 0x0, TSF 0, 00:01:57.720, RSSI: -152, CPL: 127, AGE: 824, SSID thundercomm, TSFDelta: 0x9f79c515, TXRate: 0
10-14 01:24:55.958 1132 1759 D WificondScannerImpl: Filtering out 3 scan results.
10-14 01:24:55.958 1459 2732 D LOWI-9.0.0.87.a: [LOWI-Scan]
10-14 01:24:55.958 1459 2732 D LOWI-9.0.0.87.a: [LOWI-Scan] print_bss_handler: Report Probe TSF 117721181 as it greater than Beacon TSF 0
10-14 01:24:55.958 1459 2732 D LOWI-9.0.0.87.a: [LOWI-Scan] decode_rsn_wpa_ie: LOWI_ENCRYPTION_TYPE_WPA_PSK
10-14 01:24:55.958 1459 2732 D LOWI-9.0.0.87.a: [LOWI-Scan] is_qcom_ie, bss_age: 0
10-14 01:24:55.958 1459 2732 D LOWI-9.0.0.87.a: [LOWI-Scan] BSS f4:a4:d6:51:0c:94 LOWI_PHY_MODE_11AC_VHT40(9), Beacon Interval: 100, LOWI_ENCRYPTION_TYPE_WPA_PSK 11mcRanging: No, ANQP: No, LCI: No, Civic: No, capability(0x1511): ESS Privacy SpectrumMgmt ShortSlotTime
10-14 01:24:55.958 1459 2732 D LOWI-9.0.0.87.a: [LOWI-Scan] BSS f4:a4:d6:51:0c:94 FREQ: 5785, cFreq1[40:80:160] = [5795:0:0] cFreq2 = 0 Country Code = CN
10-14 01:24:55.958 1459 2732 D LOWI-9.0.0.87.a: [LOWI-Scan] BSS f4:a4:d6:51:0c:94 (wlan0) ASSO: NO AddInfo: 0x0, TSF 0, 00:01:57.721, RSSI: -152, CPL: 127, AGE: 824, SSID thundersoft, TSFDelta: 0x9f7e41c9, TXRate: 0
10-14 01:24:55.959 1459 2732 D LOWI-9.0.0.87.a: [LOWI-Scan]
10-14 01:24:55.959 1459 2732 D LOWI-9.0.0.87.a: [LOWI-Scan] print_bss_handler: Report Probe TSF 117782003 as it greater than Beacon TSF 0
10-14 01:24:55.959 1459 2732 D LOWI-9.0.0.87.a: [LOWI-Scan] is_qcom_ie, bss_age: 0
10-14 01:24:55.959 1459 2732 D LOWI-9.0.0.87.a: [LOWI-Scan] BSS 04:d9:f5:fb:09:94 LOWI_PHY_MODE_11AC_VHT80(10), Beacon Interval: 100, LOWI_ENCRYPTION_TYPE_OPEN 11mcRanging: No, ANQP: Yes, LCI: No, Civic: No, capability(0x1111): ESS Privacy SpectrumMgmt
10-14 01:24:55.959 1459 2732 D LOWI-9.0.0.87.a: [LOWI-Scan] BSS 04:d9:f5:fb:09:94 FREQ: 5805, cFreq1[40:80:160] = [5795:5775:0] cFreq2 = 0 Country Code = CN
10-14 01:24:55.959 1459 2732 D LOWI-9.0.0.87.a: [LOWI-Scan] BSS 04:d9:f5:fb:09:94 (wlan0) ASSO: NO AddInfo: 0x0, TSF 0, 00:01:57.782, RSSI: -50, CPL: 127, AGE: 764, SSID ASUS_90_5G, TSFDelta: 0x73b05640, TXRate: 0
10-14 01:24:55.959 1459 2732 D LOWI-9.0.0.87.a: [LOWI-Scan]
10-14 01:24:55.959 1459 2732 D LOWI-9.0.0.87.a: [LOWI-Scan] print_bss_handler: Report beacon TSF 117765848 as it greater than probe TSF 107710846
10-14 01:24:55.959 1459 2732 D LOWI-9.0.0.87.a: [LOWI-Scan] is_qcom_ie, bss_age: 0
10-14 01:24:55.959 1459 2732 D LOWI-9.0.0.87.a: [LOWI-Scan] BSS 34:f7:16:8f:88:0a LOWI_PHY_MODE_11AC_VHT80(10), Beacon Interval: 100, LOWI_ENCRYPTION_TYPE_OPEN 11mcRanging: No, ANQP: No, LCI: No, Civic: No, capability(0x1001): ESS
10-14 01:24:55.959 1459 2732 D LOWI-9.0.0.87.a: [LOWI-Scan] BSS 34:f7:16:8f:88:0a FREQ: 5805, cFreq1[40:80:160] = [5795:5775:0] cFreq2 = 0 Country Code = CN
10-14 01:24:55.959 1459 2732 D LOWI-9.0.0.87.a: [LOWI-Scan] BSS 34:f7:16:8f:88:0a (wlan0) ASSO: NO AddInfo: 0x1, TSF 0, 00:01:57.765, RSSI: -134, CPL: 127, AGE: 780, SSID TP-LINK_8808, TSFDelta: 0x72869428, TXRate: 0
10-14 01:24:55.960 1459 2732 D LOWI-9.0.0.87.a: [LOWI-Scan]
10-14 01:24:55.960 1459 2732 D LOWI-9.0.0.87.a: [LOWI-Scan] print_bss_handler: Report Probe TSF 117783173 as it greater than Beacon TSF 0
10-14 01:24:55.960 1459 2732 D LOWI-9.0.0.87.a: [LOWI-Scan] decode_rsn_wpa_ie: LOWI_ENCRYPTION_TYPE_WPA_PSK
10-14 01:24:55.960 1459 2732 D LOWI-9.0.0.87.a: [LOWI-Scan] is_qcom_ie, bss_age: 0
10-14 01:24:55.960 1459 2732 D LOWI-9.0.0.87.a: [LOWI-Scan] BSS 54:a7:03:c3:2b:60 LOWI_PHY_MODE_11AC_VHT80(10), Beacon Interval: 100, LOWI_ENCRYPTION_TYPE_WPA_PSK 11mcRanging: No, ANQP: No, LCI: No, Civic: No, capability(0x1011): ESS Privacy
10-14 01:24:55.960 1459 2732 D LOWI-9.0.0.87.a: [LOWI-Scan] BSS 54:a7:03:c3:2b:60 FREQ: 5805, cFreq1[40:80:160] = [5795:5775:0] cFreq2 = 0 Country Code = CN
10-14 01:24:55.960 1459 2732 D LOWI-9.0.0.87.a: [LOWI-Scan] BSS 54:a7:03:c3:2b:60 (wlan0) ASSO: NO AddInfo: 0x0, TSF 0, 00:01:57.783, RSSI: -108, CPL: 127, AGE: 764, SSID test666, TSFDelta: 0x735b2da0, TXRate: 0
10-14 01:24:55.960 1459 2732 D LOWI-9.0.0.87.a: [LOWI-Scan]
10-14 01:24:55.961 1459 2732 D LOWI-9.0.0.87.a: [LOWI-Scan] print_bss_handler: Report Probe TSF 117930209 as it greater than Beacon TSF 0
10-14 01:24:55.961 1459 2732 D LOWI-9.0.0.87.a: [LOWI-Scan] decode_rsn_wpa_ie: LOWI_ENCRYPTION_TYPE_WPA_PSK
10-14 01:24:55.961 1459 2732 D LOWI-9.0.0.87.a: [LOWI-Scan] is_qcom_ie, bss_age: 0
10-14 01:24:55.961 1459 2732 D LOWI-9.0.0.87.a: [LOWI-Scan] BSS a8:5a:e0:72:36:48 LOWI_PHY_MODE_11AC_VHT40_2G(12), Beacon Interval: 100, LOWI_ENCRYPTION_TYPE_WPA_PSK 11mcRanging: No, ANQP: No, LCI: No, Civic: No, capability(0x1431): ESS Privacy ShortPreamble ShortSlotTime
10-14 01:24:55.961 1459 2732 D LOWI-9.0.0.87.a: [LOWI-Scan] BSS a8:5a:e0:72:36:48 FREQ: 2437, cFreq1[40:80:160] = [2447:0:0] cFreq2 = 0 Country Code =
10-14 01:24:55.961 1459 2732 D LOWI-9.0.0.87.a: [LOWI-Scan] BSS a8:5a:e0:72:36:48 (wlan0) ASSO: NO AddInfo: 0x0, TSF 0, 00:01:57.930, RSSI: -64, CPL: 127, AGE: 616, SSID llvision_2.4G, TSFDelta: 0x7c773054, TXRate: 0
10-14 01:24:55.961 1459 2732 D LOWI-9.0.0.87.a: [LOWI-Scan]
10-14 01:24:55.961 1459 2732 D LOWI-9.0.0.87.a: [LOWI-Scan] print_bss_handler: Report Probe TSF 117924640 as it greater than Beacon TSF 107725701
10-14 01:24:55.961 1459 2732 D LOWI-9.0.0.87.a: [LOWI-Scan] decode_rsn_wpa_ie: LOWI_ENCRYPTION_TYPE_WPA_PSK
10-14 01:24:55.961 1459 2732 D LOWI-9.0.0.87.a: [LOWI-Scan] is_qcom_ie, bss_age: 0
10-14 01:24:55.961 1459 2732 D LOWI-9.0.0.87.a: [LOWI-Scan] BSS 94:d0:0d:67:64:78 LOWI_PHY_MODE_11NG_HT20(5), Beacon Interval: 100, LOWI_ENCRYPTION_TYPE_WPA_PSK 11mcRanging: No, ANQP: No, LCI: No, Civic: No, capability(0x1431): ESS Privacy ShortPreamble ShortSlotTime
10-14 01:24:55.961 1459 2732 D LOWI-9.0.0.87.a: [LOWI-Scan] BSS 94:d0:0d:67:64:78 FREQ: 2437, cFreq1[40:80:160] = [0:0:0] cFreq2 = 0 Country Code = CN
10-14 01:24:55.961 1459 2732 D LOWI-9.0.0.87.a: [LOWI-Scan] BSS 94:d0:0d:67:64:78 (wlan0) ASSO: NO AddInfo: 0x0, TSF 0, 00:01:57.924, RSSI: -98, CPL: 127, AGE: 620, SSID Visional, TSFDelta: 0x466e9d9f, TXRate: 0
10-14 01:24:55.962 1459 2732 D LOWI-9.0.0.87.a: [LOWI-Scan]
10-14 01:24:55.962 1459 2732 D LOWI-9.0.0.87.a: [LOWI-Scan] print_bss_handler: Report Probe TSF 117926993 as it greater than Beacon TSF 0
10-14 01:24:55.962 1459 2732 D LOWI-9.0.0.87.a: [LOWI-Scan] decode_rsn_wpa_ie: LOWI_ENCRYPTION_TYPE_WPA_PSK
10-14 01:24:55.962 1459 2732 D LOWI-9.0.0.87.a: [LOWI-Scan] is_qcom_ie, bss_age: 0
10-14 01:24:55.962 1459 2732 D LOWI-9.0.0.87.a: [LOWI-Scan] BSS ec:26:ca:af:36:19 LOWI_PHY_MODE_11NG_HT20(5), Beacon Interval: 100, LOWI_ENCRYPTION_TYPE_WPA_PSK 11mcRanging: No, ANQP: No, LCI: No, Civic: No, capability(0x0031): ESS Privacy ShortPreamble
10-14 01:24:55.962 1459 2732 D LOWI-9.0.0.87.a: [LOWI-Scan] BSS ec:26:ca:af:36:19 FREQ: 2437, cFreq1[40:80:160] = [2437:0:0] cFreq2 = 0 Country Code =
10-14 01:24:55.962 1459 2732 D LOWI-9.0.0.87.a: [LOWI-Scan] BSS ec:26:ca:af:36:19 (wlan0) ASSO: NO AddInfo: 0x0, TSF 0, 00:01:57.926, RSSI: -68, CPL: 127, AGE: 620, SSID TP-LINK_TEST2.4, TSFDelta: 0x77d7077b, TXRate: 0
10-14 01:24:55.963 1459 2732 D LOWI-9.0.0.87.a: [LOWI-Scan]
10-14 01:24:55.963 1459 2732 D LOWI-9.0.0.87.a: [LOWI-Scan] print_bss_handler: Report beacon TSF 117895643 as it greater than probe TSF 107726652
10-14 01:24:55.963 1459 2732 D LOWI-9.0.0.87.a: [LOWI-Scan] decode_rsn_wpa_ie: LOWI_ENCRYPTION_TYPE_WPA_PSK
10-14 01:24:55.963 1459 2732 D LOWI-9.0.0.87.a: [LOWI-Scan] is_qcom_ie, bss_age: 0
10-14 01:24:55.963 1459 2732 D LOWI-9.0.0.87.a: [LOWI-Scan] BSS ca:5a:cf:d5:28:a0 LOWI_PHY_MODE_11NG_HT20(5), Beacon Interval: 100, LOWI_ENCRYPTION_TYPE_WPA_PSK 11mcRanging: No, ANQP: No, LCI: No, Civic: No, capability(0x0431): ESS Privacy ShortPreamble ShortSlotTime
10-14 01:24:55.963 1459 2732 D LOWI-9.0.0.87.a: [LOWI-Scan] BSS ca:5a:cf:d5:28:a0 FREQ: 2437, cFreq1[40:80:160] = [0:0:0] cFreq2 = 0 Country Code =
10-14 01:24:55.963 1459 2732 D LOWI-9.0.0.87.a: [LOWI-Scan] BSS ca:5a:cf:d5:28:a0 (wlan0) ASSO: NO AddInfo: 0x1, TSF 0, 00:01:57.895, RSSI: -118, CPL: 127, AGE: 652, SSID DIRECT-A0-HP , TSFDelta: 0x6f65b061, TXRate: 0
10-14 01:24:55.963 1459 2732 D LOWI-9.0.0.87.a: [LOWI-Scan]
10-14 01:24:55.963 1459 2732 D LOWI-9.0.0.87.a: [LOWI-Scan] print_bss_handler: Report beacon TSF 117769417 as it greater than probe TSF 117769417
10-14 01:24:55.963 1459 2732 D LOWI-9.0.0.87.a: [LOWI-Scan] decode_rsn_wpa_ie: LOWI_ENCRYPTION_TYPE_WPA_PSK
10-14 01:24:55.963 1459 2732 D LOWI-9.0.0.87.a: [LOWI-Scan] is_qcom_ie, bss_age: 0
10-14 01:24:55.963 1459 2732 D LOWI-9.0.0.87.a: [LOWI-Scan] BSS 36:f7:16:af:88:0a LOWI_PHY_MODE_11AC_VHT80(10), Beacon Interval: 100, LOWI_ENCRYPTION_TYPE_WPA_PSK 11mcRanging: No, ANQP: No, LCI: No, Civic: No, capability(0x0011): ESS Privacy
10-14 01:24:55.963 1459 2732 D LOWI-9.0.0.87.a: [LOWI-Scan] BSS 36:f7:16:af:88:0a FREQ: 5805, cFreq1[40:80:160] = [5795:5775:0] cFreq2 = 0 Country Code = CN
10-14 01:24:55.963 1459 2732 D LOWI-9.0.0.87.a: [LOWI-Scan] BSS 36:f7:16:af:88:0a (wlan0) ASSO: NO AddInfo: 0x1, TSF 0, 00:01:57.769, RSSI: -146, CPL: 127, AGE: 776, SSID , TSFDelta: 0x71ffc413, TXRate: 0
10-14 01:24:55.964 1459 2732 D LOWI-9.0.0.87.a: [LOWI-Scan]
10-14 01:24:55.964 1459 2732 D LOWI-9.0.0.87.a: [LOWI-Scan] print_bss_handler: Report Probe TSF 117939276 as it greater than Beacon TSF 107866347
10-14 01:24:55.964 1459 2732 D LOWI-9.0.0.87.a: [LOWI-Scan] decode_rsn_wpa_ie: LOWI_ENCRYPTION_TYPE_WPA_PSK
10-14 01:24:55.964 1459 2732 D LOWI-9.0.0.87.a: [LOWI-Scan] is_qcom_ie, bss_age: 0
10-14 01:24:55.964 1459 2732 D LOWI-9.0.0.87.a: [LOWI-Scan] BSS f4:a4:d6:51:0d:94 LOWI_PHY_MODE_11AC_VHT40(9), Beacon Interval: 100, LOWI_ENCRYPTION_TYPE_WPA_PSK 11mcRanging: No, ANQP: No, LCI: No, Civic: No, capability(0x1511): ESS Privacy SpectrumMgmt ShortSlotTime
10-14 01:24:55.964 1459 2732 D LOWI-9.0.0.87.a: [LOWI-Scan] BSS f4:a4:d6:51:0d:94 FREQ: 5260, cFreq1[40:80:160] = [5270:0:0] cFreq2 = 0 Country Code = CN
10-14 01:24:55.964 1459 2732 D LOWI-9.0.0.87.a: [LOWI-Scan] BSS f4:a4:d6:51:0d:94 (wlan0) ASSO: NO AddInfo: 0x0, TSF 0, 00:01:57.939, RSSI: -130, CPL: 127, AGE: 608, SSID thundersoft, TSFDelta: 0x24ec1cc1, TXRate: 0
10-14 01:24:55.964 1459 2732 D LOWI-9.0.0.87.a: [LOWI-Scan]
10-14 01:24:55.965 1459 2732 D LOWI-9.0.0.87.a: [LOWI-Scan] print_bss_handler: Report Probe TSF 117939818 as it greater than Beacon TSF 117925810
10-14 01:24:55.965 1459 2732 D LOWI-9.0.0.87.a: [LOWI-Scan] decode_rsn_wpa_ie: LOWI_ENCRYPTION_TYPE_WPA_PSK
10-14 01:24:55.965 1459 2732 D LOWI-9.0.0.87.a: [LOWI-Scan] is_qcom_ie, bss_age: 0
10-14 01:24:55.965 1459 2732 D LOWI-9.0.0.87.a: [LOWI-Scan] BSS f4:a4:d6:51:0d:50 LOWI_PHY_MODE_11AC_VHT40(9), Beacon Interval: 100, LOWI_ENCRYPTION_TYPE_WPA_PSK 11mcRanging: No, ANQP: No, LCI: No, Civic: No, capability(0x1511): ESS Privacy SpectrumMgmt ShortSlotTime
10-14 01:24:55.965 1459 2732 D LOWI-9.0.0.87.a: [LOWI-Scan] BSS f4:a4:d6:51:0d:50 FREQ: 5260, cFreq1[40:80:160] = [5270:0:0] cFreq2 = 0 Country Code = CN
10-14 01:24:55.965 1459 2732 D LOWI-9.0.0.87.a: [LOWI-Scan] BSS f4:a4:d6:51:0d:50 (wlan0) ASSO: NO AddInfo: 0x0, TSF 0, 00:01:57.939, RSSI: -148, CPL: 127, AGE: 608, SSID guest, TSFDelta: 0xb4a8a88f, TXRate: 0
10-14 01:24:55.965 1459 2732 D LOWI-9.0.0.87.a: [LOWI-Scan]
10-14 01:24:55.965 1459 2732 D LOWI-9.0.0.87.a: [LOWI-Scan] print_bss_handler: Report Probe TSF 117937977 as it greater than Beacon TSF 117909115
10-14 01:24:55.965 1459 2732 D LOWI-9.0.0.87.a: [LOWI-Scan] decode_rsn_wpa_ie: LOWI_ENCRYPTION_TYPE_WPA_PSK
10-14 01:24:55.965 1459 2732 D LOWI-9.0.0.87.a: [LOWI-Scan] is_qcom_ie, bss_age: 0
10-14 01:24:55.965 1459 2732 D LOWI-9.0.0.87.a: [LOWI-Scan] BSS f4:a4:d6:51:0d:90 LOWI_PHY_MODE_11AC_VHT40(9), Beacon Interval: 100, LOWI_ENCRYPTION_TYPE_WPA_PSK 11mcRanging: No, ANQP: No, LCI: No, Civic: No, capability(0x1511): ESS Privacy SpectrumMgmt ShortSlotTime
10-14 01:24:55.965 1459 2732 D LOWI-9.0.0.87.a: [LOWI-Scan] BSS f4:a4:d6:51:0d:90 FREQ: 5260, cFreq1[40:80:160] = [5270:0:0] cFreq2 = 0 Country Code = CN
10-14 01:24:55.965 1459 2732 D LOWI-9.0.0.87.a: [LOWI-Scan] BSS f4:a4:d6:51:0d:90 (wlan0) ASSO: NO AddInfo: 0x0, TSF 0, 00:01:57.937, RSSI: -128, CPL: 127, AGE: 608, SSID guest, TSFDelta: 0x24e1265b, TXRate: 0
10-14 01:24:55.966 1459 2732 D LOWI-9.0.0.87.a: [LOWI-Scan]
10-14 01:24:55.966 1459 2732 D LOWI-9.0.0.87.a: [LOWI-Scan] print_bss_handler: Report Probe TSF 117921525 as it greater than Beacon TSF 117907820
10-14 01:24:55.966 1459 2732 D LOWI-9.0.0.87.a: [LOWI-Scan] decode_rsn_wpa_ie: LOWI_ENCRYPTION_TYPE_WPA_PSK
10-14 01:24:55.966 1459 2732 D LOWI-9.0.0.87.a: [LOWI-Scan] is_qcom_ie, bss_age: 0
10-14 01:24:55.966 1459 2732 D LOWI-9.0.0.87.a: [LOWI-Scan] BSS f4:a4:d6:51:0d:91 LOWI_PHY_MODE_11AC_VHT40(9), Beacon Interval: 100, LOWI_ENCRYPTION_TYPE_WPA_PSK 11mcRanging: No, ANQP: No, LCI: No, Civic: No, capability(0x1511): ESS Privacy SpectrumMgmt ShortSlotTime
10-14 01:24:55.966 1459 2732 D LOWI-9.0.0.87.a: [LOWI-Scan] BSS f4:a4:d6:51:0d:91 FREQ: 5260, cFreq1[40:80:160] = [5270:0:0] cFreq2 = 0 Country Code = CN
10-14 01:24:55.966 1459 2732 D LOWI-9.0.0.87.a: [LOWI-Scan] BSS f4:a4:d6:51:0d:91 (wlan0) ASSO: NO AddInfo: 0x0, TSF 0, 00:01:57.921, RSSI: -132, CPL: 127, AGE: 624, SSID thundercomm, TSFDelta: 0x2441bc47, TXRate: 0
10-14 01:24:55.966 1459 2732 D LOWI-9.0.0.87.a: [LOWI-Scan]
10-14 01:24:55.967 1459 2732 D LOWI-9.0.0.87.a: [LOWI-Scan] print_bss_handler: Report Probe TSF 117951109 as it greater than Beacon TSF 117925223
10-14 01:24:55.967 1459 2732 D LOWI-9.0.0.87.a: [LOWI-Scan] decode_rsn_wpa_ie: LOWI_ENCRYPTION_TYPE_WPA_PSK
10-14 01:24:55.967 1459 2732 D LOWI-9.0.0.87.a: [LOWI-Scan] is_qcom_ie, bss_age: 0
10-14 01:24:55.967 1459 2732 D LOWI-9.0.0.87.a: [LOWI-Scan] BSS f4:a4:d6:51:0d:51 LOWI_PHY_MODE_11AC_VHT40(9), Beacon Interval: 100, LOWI_ENCRYPTION_TYPE_WPA_PSK 11mcRanging: No, ANQP: No, LCI: No, Civic: No, capability(0x1511): ESS Privacy SpectrumMgmt ShortSlotTime
10-14 01:24:55.967 1459 2732 D LOWI-9.0.0.87.a: [LOWI-Scan] BSS f4:a4:d6:51:0d:51 FREQ: 5260, cFreq1[40:80:160] = [5270:0:0] cFreq2 = 0 Country Code = CN
10-14 01:24:55.967 1459 2732 D LOWI-9.0.0.87.a: [LOWI-Scan] BSS f4:a4:d6:51:0d:51 (wlan0) ASSO: NO AddInfo: 0x0, TSF 0, 00:01:57.951, RSSI: -146, CPL: 127, AGE: 596, SSID thundercomm, TSFDelta: 0xb4ad21bc, TXRate: 0
10-14 01:24:55.967 1459 2732 D LOWI-9.0.0.87.a: [LOWI-Scan]
10-14 01:24:55.967 1459 2732 D LOWI-9.0.0.87.a: [LOWI-Scan] print_bss_handler: Report Probe TSF 117953834 as it greater than Beacon TSF 117926383
10-14 01:24:55.967 1459 2732 D LOWI-9.0.0.87.a: [LOWI-Scan] decode_rsn_wpa_ie: LOWI_ENCRYPTION_TYPE_WPA_PSK
10-14 01:24:55.967 1459 2732 D LOWI-9.0.0.87.a: [LOWI-Scan] is_qcom_ie, bss_age: 0
10-14 01:24:55.967 1459 2732 D LOWI-9.0.0.87.a: [LOWI-Scan] BSS f4:a4:d6:51:0d:54 LOWI_PHY_MODE_11AC_VHT40(9), Beacon Interval: 100, LOWI_ENCRYPTION_TYPE_WPA_PSK 11mcRanging: No, ANQP: No, LCI: No, Civic: No, capability(0x1511): ESS Privacy SpectrumMgmt ShortSlotTime
10-14 01:24:55.967 1459 2732 D LOWI-9.0.0.87.a: [LOWI-Scan] BSS f4:a4:d6:51:0d:54 FREQ: 5260, cFreq1[40:80:160] = [5270:0:0] cFreq2 = 0 Country Code = CN
10-14 01:24:55.967 1459 2732 D LOWI-9.0.0.87.a: [LOWI-Scan] BSS f4:a4:d6:51:0d:54 (wlan0) ASSO: NO AddInfo: 0x0, TSF 0, 00:01:57.953, RSSI: -148, CPL: 127, AGE: 592, SSID thundersoft, TSFDelta: 0xb4b1af66, TXRate: 0
10-14 01:24:55.968 1459 2732 D LOWI-9.0.0.87.a: [LOWI-Scan]
10-14 01:24:55.968 1459 2732 D LOWI-9.0.0.87.a: [LOWI-Scan] print_bss_handler: Report Probe TSF 108052658 as it greater than Beacon TSF 0
10-14 01:24:55.968 1459 2732 D LOWI-9.0.0.87.a: [LOWI-Scan] decode_rsn_wpa_ie: LOWI_ENCRYPTION_TYPE_WPA_PSK
10-14 01:24:55.968 1459 2732 D LOWI-9.0.0.87.a: [LOWI-Scan] is_qcom_ie, bss_age: 0
10-14 01:24:55.968 1459 2732 D LOWI-9.0.0.87.a: [LOWI-Scan] adjust_age:AP AGE upper limit reached. Dont store
10-14 01:24:55.968 1459 2732 D LOWI-9.0.0.87.a: [LOWI-Scan] BSS c2:68:e6:3a:d2:1b LOWI_PHY_MODE_11NG_HT20(5), Beacon Interval: 100, LOWI_ENCRYPTION_TYPE_WPA_PSK 11mcRanging: No, ANQP: No, LCI: No, Civic: No, capability(0x0431): ESS Privacy ShortPreamble ShortSlotTime
10-14 01:24:55.968 1459 2732 D LOWI-9.0.0.87.a: [LOWI-Scan] BSS c2:68:e6:3a:d2:1b FREQ: 2462, cFreq1[40:80:160] = [0:0:0] cFreq2 = 0 Country Code =
10-14 01:24:55.968 1459 2732 D LOWI-9.0.0.87.a: [LOWI-Scan] BSS c2:68:e6:3a:d2:1b (wlan0) ASSO: NO AddInfo: 0x0, TSF 0, 00:01:48.052, RSSI: -104, CPL: 127, AGE: 10492, SSID DESKTOP-William, TSFDelta: 0x1962a91b, TXRate: 0
10-14 01:24:55.968 1459 2732 D LOWI-9.0.0.87.a: [LOWI-Scan]
10-14 01:24:55.968 1459 2732 D LOWI-9.0.0.87.a: [LOWI-Scan] print_bss_handler: Report Probe TSF 118363967 as it greater than Beacon TSF 118338599
10-14 01:24:55.968 1459 2732 D LOWI-9.0.0.87.a: [LOWI-Scan] decode_rsn_wpa_ie: LOWI_ENCRYPTION_TYPE_WPA_PSK
10-14 01:24:55.968 1459 2732 D LOWI-9.0.0.87.a: [LOWI-Scan] is_qcom_ie, bss_age: 0
10-14 01:24:55.968 1459 2732 D LOWI-9.0.0.87.a: [LOWI-Scan] BSS 54:a7:03:c3:2b:5e LOWI_PHY_MODE_11AC_VHT40_2G(12), Beacon Interval: 100, LOWI_ENCRYPTION_TYPE_WPA_PSK 11mcRanging: No, ANQP: No, LCI: No, Civic: No, capability(0x1411): ESS Privacy ShortSlotTime
10-14 01:24:55.968 1459 2732 D LOWI-9.0.0.87.a: [LOWI-Scan] BSS 54:a7:03:c3:2b:5e FREQ: 2462, cFreq1[40:80:160] = [2452:0:0] cFreq2 = 0 Country Code = CN
10-14 01:24:55.968 1459 2732 D LOWI-9.0.0.87.a: [LOWI-Scan] BSS 54:a7:03:c3:2b:5e (wlan0) ASSO: NO AddInfo: 0x0, TSF 0, 00:01:58.363, RSSI: -90, CPL: 127, AGE: 184, SSID test666, TSFDelta: 0x837b1ae8, TXRate: 0
10-14 01:24:55.969 1459 2732 D LOWI-9.0.0.87.a: [LOWI-Scan]
10-14 01:24:55.969 1459 2732 D LOWI-9.0.0.87.a: [LOWI-Scan] print_bss_handler: Report beacon TSF 118208518 as it greater than probe TSF 118157682
10-14 01:24:55.969 1459 2732 D LOWI-9.0.0.87.a: [LOWI-Scan] decode_rsn_wpa_ie: LOWI_ENCRYPTION_TYPE_WPA_PSK
10-14 01:24:55.969 1459 2732 D LOWI-9.0.0.87.a: [LOWI-Scan] is_qcom_ie, bss_age: 0
10-14 01:24:55.969 1459 2732 D LOWI-9.0.0.87.a: [LOWI-Scan] BSS f4:a4:d6:51:0e:11 LOWI_PHY_MODE_11AC_VHT40(9), Beacon Interval: 100, LOWI_ENCRYPTION_TYPE_WPA_PSK 11mcRanging: No, ANQP: No, LCI: No, Civic: No, capability(0x1511): ESS Privacy SpectrumMgmt ShortSlotTime
10-14 01:24:55.969 1459 2732 D LOWI-9.0.0.87.a: [LOWI-Scan] BSS f4:a4:d6:51:0e:11 FREQ: 5300, cFreq1[40:80:160] = [5310:0:0] cFreq2 = 0 Country Code = CN
10-14 01:24:55.969 1459 2732 D LOWI-9.0.0.87.a: [LOWI-Scan] BSS f4:a4:d6:51:0e:11 (wlan0) ASSO: NO AddInfo: 0x1, TSF 0, 00:01:58.208, RSSI: -100, CPL: 127, AGE: 336, SSID thundercomm, TSFDelta: 0x7a0c48a3, TXRate: 0
10-14 01:24:55.969 1459 2732 D LOWI-9.0.0.87.a: [LOWI-Scan]
10-14 01:24:55.970 1459 2732 D LOWI-9.0.0.87.a: [LOWI-Scan] print_bss_handler: Report beacon TSF 118209113 as it greater than probe TSF 118155968
10-14 01:24:55.970 1459 2732 D LOWI-9.0.0.87.a: [LOWI-Scan] decode_rsn_wpa_ie: LOWI_ENCRYPTION_TYPE_WPA_PSK
10-14 01:24:55.970 1459 2732 D LOWI-9.0.0.87.a: [LOWI-Scan] is_qcom_ie, bss_age: 0
10-14 01:24:55.970 1459 2732 D LOWI-9.0.0.87.a: [LOWI-Scan] BSS f4:a4:d6:51:0e:10 LOWI_PHY_MODE_11AC_VHT40(9), Beacon Interval: 100, LOWI_ENCRYPTION_TYPE_WPA_PSK 11mcRanging: No, ANQP: No, LCI: No, Civic: No, capability(0x1511): ESS Privacy SpectrumMgmt ShortSlotTime
