10-14 01:23:42.235 1132 1287 E KernelCpuSpeedReader: Failed to read cpu-freq: /sys/devices/system/cpu/cpu0/cpufreq/stats/time_in_state: open failed: ENOENT (No such file or directory)
10-14 01:23:42.247 1132 1132 D StagingManagerTiming: restoreSessions took to complete: 2ms
10-14 01:23:42.248 1132 1132 D SystemServerTiming: MakePackageManagerServiceReady took to complete: 28ms
10-14 01:23:42.248 1132 1132 I SystemServerTiming: MakeDisplayManagerServiceReady
10-14 01:23:42.249 1132 1351 E DefaultPermGrantPolicy: Package not found: com.qualcomm.qti.cne
10-14 01:23:42.251 1132 1216 E DisplayModeDirector: Asked about unknown display, returning empty display mode specs!(id=0)
10-14 01:23:42.251 1132 1216 E DisplayModeDirector: Asked about unknown display, returning empty display mode specs!(id=0)
10-14 01:23:42.254 1132 1132 D SystemServerTiming: MakeDisplayManagerServiceReady took to complete: 6ms
10-14 01:23:42.254 1132 1132 I SystemServerTiming: StartDeviceSpecificServices
10-14 01:23:42.254 1132 1132 D SystemServerTiming: StartDeviceSpecificServices took to complete: 0ms
10-14 01:23:42.254 1132 1132 I SystemServerTiming: GameManagerService
10-14 01:23:42.254 1132 1132 I SystemServiceManager: Starting com.android.server.app.GameManagerService$Lifecycle
10-14 01:23:42.259 1132 1132 D SystemServerTiming: GameManagerService took to complete: 5ms
10-14 01:23:42.259 1132 1132 I SystemServerTiming: StartBootPhaseDeviceSpecificServicesReady
10-14 01:23:42.259 1132 1132 I SystemServiceManager: Starting phase 520
10-14 01:23:42.259 1132 1132 I SystemServerTiming: OnBootPhase_520
10-14 01:23:42.259 1132 1132 I SystemServerTiming: OnBootPhase_520_com.android.server.security.FileIntegrityService
10-14 01:23:42.259 1132 1132 D SystemServerTiming: OnBootPhase_520_com.android.server.security.FileIntegrityService took to complete: 0ms
10-14 01:23:42.259 1132 1132 I SystemServerTiming: OnBootPhase_520_com.android.server.pm.Installer
10-14 01:23:42.259 1132 1132 D SystemServerTiming: OnBootPhase_520_com.android.server.pm.Installer took to complete: 0ms
10-14 01:23:42.259 1132 1132 I SystemServerTiming: OnBootPhase_520_com.android.server.os.DeviceIdentifiersPolicyService
10-14 01:23:42.259 1132 1132 D SystemServerTiming: OnBootPhase_520_com.android.server.os.DeviceIdentifiersPolicyService took to complete: 0ms
10-14 01:23:42.259 1132 1132 I SystemServerTiming: OnBootPhase_520_com.android.server.uri.UriGrantsManagerService$Lifecycle
10-14 01:23:42.260 1132 1132 D SystemServerTiming: OnBootPhase_520_com.android.server.uri.UriGrantsManagerService$Lifecycle took to complete: 0ms
10-14 01:23:42.260 1132 1132 I SystemServerTiming: OnBootPhase_520_com.android.server.powerstats.PowerStatsService
10-14 01:23:42.260 1132 1132 D SystemServerTiming: OnBootPhase_520_com.android.server.powerstats.PowerStatsService took to complete: 0ms
10-14 01:23:42.260 1132 1132 I SystemServerTiming: OnBootPhase_520_com.android.server.wm.ActivityTaskManagerService$Lifecycle
10-14 01:23:42.260 1132 1132 D SystemServerTiming: OnBootPhase_520_com.android.server.wm.ActivityTaskManagerService$Lifecycle took to complete: 0ms
10-14 01:23:42.260 1132 1132 I SystemServerTiming: OnBootPhase_520_com.android.server.am.ActivityManagerService$Lifecycle
10-14 01:23:42.260 1132 1132 D SystemServerTiming: OnBootPhase_520_com.android.server.am.ActivityManagerService$Lifecycle took to complete: 0ms
10-14 01:23:42.260 1132 1132 I SystemServerTiming: OnBootPhase_520_com.android.server.pm.DataLoaderManagerService
10-14 01:23:42.260 1132 1132 D SystemServerTiming: OnBootPhase_520_com.android.server.pm.DataLoaderManagerService took to complete: 0ms
10-14 01:23:42.260 1132 1132 I SystemServerTiming: OnBootPhase_520_com.android.server.power.PowerManagerService
10-14 01:23:42.260 1132 1132 D SystemServerTiming: OnBootPhase_520_com.android.server.power.PowerManagerService took to complete: 0ms
10-14 01:23:42.260 1132 1132 I SystemServerTiming: OnBootPhase_520_com.android.server.power.ThermalManagerService
10-14 01:23:42.260 1132 1132 D SystemServerTiming: OnBootPhase_520_com.android.server.power.ThermalManagerService took to complete: 0ms
10-14 01:23:42.260 1132 1132 I SystemServerTiming: OnBootPhase_520_com.android.server.power.hint.HintManagerService
10-14 01:23:42.260 1132 1132 D SystemServerTiming: OnBootPhase_520_com.android.server.power.hint.HintManagerService took to complete: 0ms
10-14 01:23:42.260 1132 1132 I SystemServerTiming: OnBootPhase_520_com.android.server.recoverysystem.RecoverySystemService$Lifecycle
10-14 01:23:42.260 1132 1132 D SystemServerTiming: OnBootPhase_520_com.android.server.recoverysystem.RecoverySystemService$Lifecycle took to complete: 0ms
10-14 01:23:42.260 1132 1132 I SystemServerTiming: OnBootPhase_520_com.android.server.lights.LightsService
10-14 01:23:42.260 1132 1132 D SystemServerTiming: OnBootPhase_520_com.android.server.lights.LightsService took to complete: 0ms
10-14 01:23:42.260 1132 1132 I SystemServerTiming: OnBootPhase_520_com.android.server.display.DisplayManagerService
10-14 01:23:42.260 1132 1132 D SystemServerTiming: OnBootPhase_520_com.android.server.display.DisplayManagerService took to complete: 0ms
10-14 01:23:42.260 1132 1132 I SystemServerTiming: OnBootPhase_520_com.android.server.pm.verify.domain.DomainVerificationService
10-14 01:23:42.261 1132 1132 D SystemServerTiming: OnBootPhase_520_com.android.server.pm.verify.domain.DomainVerificationService took to complete: 0ms
10-14 01:23:42.261 1132 1132 I SystemServerTiming: OnBootPhase_520_com.android.server.pm.PackageInstallerService$Lifecycle
10-14 01:23:42.261 1132 1132 D SystemServerTiming: OnBootPhase_520_com.android.server.pm.PackageInstallerService$Lifecycle took to complete: 0ms
10-14 01:23:42.261 1132 1132 I SystemServerTiming: OnBootPhase_520_com.android.server.pm.UserManagerService$LifeCycle
10-14 01:23:42.261 1132 1132 D SystemServerTiming: OnBootPhase_520_com.android.server.pm.UserManagerService$LifeCycle took to complete: 0ms
10-14 01:23:42.261 1132 1132 I SystemServerTiming: OnBootPhase_520_com.android.server.om.OverlayManagerService
10-14 01:23:42.261 1132 1132 D SystemServerTiming: OnBootPhase_520_com.android.server.om.OverlayManagerService took to complete: 0ms
10-14 01:23:42.261 1132 1132 I SystemServerTiming: OnBootPhase_520_com.android.server.SensorPrivacyService
10-14 01:23:42.261 1132 1132 D SystemServerTiming: OnBootPhase_520_com.android.server.SensorPrivacyService took to complete: 0ms
10-14 01:23:42.261 1132 1132 I SystemServerTiming: OnBootPhase_520_com.android.server.sensors.SensorService
10-14 01:23:42.261 1132 1132 D SystemServerTiming: OnBootPhase_520_com.android.server.sensors.SensorService took to complete: 0ms
10-14 01:23:42.261 1132 1132 I SystemServerTiming: OnBootPhase_520_com.android.server.SystemConfigService
10-14 01:23:42.261 1132 1132 D SystemServerTiming: OnBootPhase_520_com.android.server.SystemConfigService took to complete: 0ms
10-14 01:23:42.261 1132 1132 I SystemServerTiming: OnBootPhase_520_com.android.server.BatteryService
10-14 01:23:42.261 1132 1132 D SystemServerTiming: OnBootPhase_520_com.android.server.BatteryService took to complete: 0ms
10-14 01:23:42.261 1132 1132 I SystemServerTiming: OnBootPhase_520_com.android.server.usage.UsageStatsService
10-14 01:23:42.261 1132 1132 D SystemServerTiming: OnBootPhase_520_com.android.server.usage.UsageStatsService took to complete: 0ms
10-14 01:23:42.261 1132 1132 I SystemServerTiming: OnBootPhase_520_com.android.server.webkit.WebViewUpdateService
10-14 01:23:42.261 1132 1132 D SystemServerTiming: OnBootPhase_520_com.android.server.webkit.WebViewUpdateService took to complete: 0ms
10-14 01:23:42.261 1132 1132 I SystemServerTiming: OnBootPhase_520_com.android.server.CachedDeviceStateService
10-14 01:23:42.261 1132 1132 D SystemServerTiming: OnBootPhase_520_com.android.server.CachedDeviceStateService took to complete: 0ms
10-14 01:23:42.261 1132 1132 I SystemServerTiming: OnBootPhase_520_com.android.server.BinderCallsStatsService$LifeCycle
10-14 01:23:42.261 1132 1132 D SystemServerTiming: OnBootPhase_520_com.android.server.BinderCallsStatsService$LifeCycle took to complete: 0ms
10-14 01:23:42.261 1132 1132 I SystemServerTiming: OnBootPhase_520_com.android.server.LooperStatsService$Lifecycle
10-14 01:23:42.261 1132 1132 D SystemServerTiming: OnBootPhase_520_com.android.server.LooperStatsService$Lifecycle took to complete: 0ms
10-14 01:23:42.262 1132 1132 I SystemServerTiming: OnBootPhase_520_com.android.server.rollback.RollbackManagerService
10-14 01:23:42.262 1132 1132 D SystemServerTiming: OnBootPhase_520_com.android.server.rollback.RollbackManagerService took to complete: 0ms
10-14 01:23:42.262 1132 1132 I SystemServerTiming: OnBootPhase_520_com.android.server.os.NativeTombstoneManagerService
10-14 01:23:42.262 1132 1132 D SystemServerTiming: OnBootPhase_520_com.android.server.os.NativeTombstoneManagerService took to complete: 0ms
10-14 01:23:42.262 1132 1132 I SystemServerTiming: OnBootPhase_520_com.android.server.os.BugreportManagerService
10-14 01:23:42.262 1132 1132 D SystemServerTiming: OnBootPhase_520_com.android.server.os.BugreportManagerService took to complete: 0ms
10-14 01:23:42.262 1132 1132 I SystemServerTiming: OnBootPhase_520_com.android.server.gpu.GpuService
10-14 01:23:42.262 1132 1132 D SystemServerTiming: OnBootPhase_520_com.android.server.gpu.GpuService took to complete: 0ms
10-14 01:23:42.262 1132 1132 I SystemServerTiming: OnBootPhase_520_com.android.server.security.KeyChainSystemService
10-14 01:23:42.262 1132 1132 D SystemServerTiming: OnBootPhase_520_com.android.server.security.KeyChainSystemService took to complete: 0ms
10-14 01:23:42.262 1132 1132 I SystemServerTiming: OnBootPhase_520_com.android.server.telecom.TelecomLoaderService
10-14 01:23:42.262 1132 1132 D SystemServerTiming: OnBootPhase_520_com.android.server.telecom.TelecomLoaderService took to complete: 0ms
10-14 01:23:42.262 1132 1132 I SystemServerTiming: OnBootPhase_520_com.android.server.accounts.AccountManagerService$Lifecycle
10-14 01:23:42.262 1132 1132 D SystemServerTiming: OnBootPhase_520_com.android.server.accounts.AccountManagerService$Lifecycle took to complete: 0ms
10-14 01:23:42.262 1132 1132 I SystemServerTiming: OnBootPhase_520_com.android.server.content.ContentService$Lifecycle
10-14 01:23:42.262 1132 1132 D SystemServerTiming: OnBootPhase_520_com.android.server.content.ContentService$Lifecycle took to complete: 0ms
10-14 01:23:42.262 1132 1132 I SystemServerTiming: OnBootPhase_520_com.android.server.DropBoxManagerService
10-14 01:23:42.262 1132 1132 D SystemServerTiming: OnBootPhase_520_com.android.server.DropBoxManagerService took to complete: 0ms
10-14 01:23:42.262 1132 1132 I SystemServerTiming: OnBootPhase_520_com.android.role.RoleService
10-14 01:23:42.262 1132 1132 D SystemServerTiming: OnBootPhase_520_com.android.role.RoleService took to complete: 0ms
10-14 01:23:42.262 1132 1132 I SystemServerTiming: OnBootPhase_520_com.android.server.vibrator.VibratorManagerService$Lifecycle
10-14 01:23:42.262 1132 1132 D SystemServerTiming: OnBootPhase_520_com.android.server.vibrator.VibratorManagerService$Lifecycle took to complete: 0ms
10-14 01:23:42.263 1132 1132 I SystemServerTiming: OnBootPhase_520_com.android.server.alarm.AlarmManagerService
10-14 01:23:42.263 1132 1132 D SystemServerTiming: OnBootPhase_520_com.android.server.alarm.AlarmManagerService took to complete: 0ms
10-14 01:23:42.263 1132 1132 I SystemServerTiming: OnBootPhase_520_com.android.server.devicestate.DeviceStateManagerService
10-14 01:23:42.263 1132 1132 D SystemServerTiming: OnBootPhase_520_com.android.server.devicestate.DeviceStateManagerService took to complete: 0ms
10-14 01:23:42.263 1132 1132 I SystemServerTiming: OnBootPhase_520_com.android.server.camera.CameraServiceProxy
10-14 01:23:42.263 1132 1132 D SystemServerTiming: OnBootPhase_520_com.android.server.camera.CameraServiceProxy took to complete: 0ms
10-14 01:23:42.263 1132 1132 I SystemServerTiming: OnBootPhase_520_com.android.server.BluetoothService
10-14 01:23:42.263 1132 1132 D SystemServerTiming: OnBootPhase_520_com.android.server.BluetoothService took to complete: 0ms
10-14 01:23:42.263 1132 1132 I SystemServerTiming: OnBootPhase_520_com.android.server.connectivity.IpConnectivityMetrics
10-14 01:23:42.263 1132 1132 D SystemServerTiming: OnBootPhase_520_com.android.server.connectivity.IpConnectivityMetrics took to complete: 0ms
10-14 01:23:42.263 1132 1132 I SystemServerTiming: OnBootPhase_520_com.android.server.net.watchlist.NetworkWatchlistService$Lifecycle
10-14 01:23:42.263 1132 1132 D SystemServerTiming: OnBootPhase_520_com.android.server.net.watchlist.NetworkWatchlistService$Lifecycle took to complete: 0ms
10-14 01:23:42.263 1132 1132 I SystemServerTiming: OnBootPhase_520_com.android.server.PinnerService
10-14 01:23:42.263 1132 1132 D SystemServerTiming: OnBootPhase_520_com.android.server.PinnerService took to complete: 0ms
10-14 01:23:42.263 1132 1132 I SystemServerTiming: OnBootPhase_520_com.google.android.startop.iorap.IorapForwardingService
10-14 01:23:42.263 1132 1132 D SystemServerTiming: OnBootPhase_520_com.google.android.startop.iorap.IorapForwardingService took to complete: 0ms
10-14 01:23:42.263 1132 1132 I SystemServerTiming: OnBootPhase_520_com.android.server.ActivityTriggerService
10-14 01:23:42.263 1132 1132 D SystemServerTiming: OnBootPhase_520_com.android.server.ActivityTriggerService took to complete: 0ms
10-14 01:23:42.263 1132 1132 I SystemServerTiming: OnBootPhase_520_com.android.server.integrity.AppIntegrityManagerService
10-14 01:23:42.263 1132 1132 D SystemServerTiming: OnBootPhase_520_com.android.server.integrity.AppIntegrityManagerService took to complete: 0ms
10-14 01:23:42.263 1132 1132 I SystemServerTiming: OnBootPhase_520_com.android.server.inputmethod.InputMethodManagerService$Lifecycle
10-14 01:23:42.263 1132 1132 D SystemServerTiming: OnBootPhase_520_com.android.server.inputmethod.InputMethodManagerService$Lifecycle took to complete: 0ms
10-14 01:23:42.263 1132 1132 I SystemServerTiming: OnBootPhase_520_com.android.server.accessibility.AccessibilityManagerService$Lifecycle
10-14 01:23:42.264 1132 1132 D SystemServerTiming: OnBootPhase_520_com.android.server.accessibility.AccessibilityManagerService$Lifecycle took to complete: 0ms
10-14 01:23:42.264 1132 1132 I SystemServerTiming: OnBootPhase_520_com.android.server.StorageManagerService$Lifecycle
10-14 01:23:42.264 1132 1132 D SystemServerTiming: OnBootPhase_520_com.android.server.StorageManagerService$Lifecycle took to complete: 0ms
10-14 01:23:42.264 1132 1132 I SystemServerTiming: OnBootPhase_520_com.android.server.usage.StorageStatsService$Lifecycle
10-14 01:23:42.264 1132 1132 D SystemServerTiming: OnBootPhase_520_com.android.server.usage.StorageStatsService$Lifecycle took to complete: 0ms
10-14 01:23:42.264 1132 1132 I SystemServerTiming: OnBootPhase_520_com.android.server.UiModeManagerService
10-14 01:23:42.264 1132 1132 D SystemServerTiming: OnBootPhase_520_com.android.server.UiModeManagerService took to complete: 0ms
10-14 01:23:42.264 1132 1132 I SystemServerTiming: OnBootPhase_520_com.android.server.locksettings.LockSettingsService$Lifecycle
10-14 01:23:42.264 1132 1132 D SystemServerTiming: OnBootPhase_520_com.android.server.locksettings.LockSettingsService$Lifecycle took to complete: 0ms
10-14 01:23:42.264 1132 1132 I SystemServerTiming: OnBootPhase_520_com.android.server.PersistentDataBlockService
10-14 01:23:42.264 1132 1132 D SystemServerTiming: OnBootPhase_520_com.android.server.PersistentDataBlockService took to complete: 0ms
10-14 01:23:42.264 1132 1132 I SystemServerTiming: OnBootPhase_520_com.android.server.testharness.TestHarnessModeService
10-14 01:23:42.264 1132 1132 D SystemServerTiming: OnBootPhase_520_com.android.server.testharness.TestHarnessModeService took to complete: 0ms
10-14 01:23:42.264 1132 1132 I SystemServerTiming: OnBootPhase_520_com.android.server.oemlock.OemLockService
10-14 01:23:42.264 1132 1132 D SystemServerTiming: OnBootPhase_520_com.android.server.oemlock.OemLockService took to complete: 0ms
10-14 01:23:42.264 1132 1132 I SystemServerTiming: OnBootPhase_520_com.android.server.DeviceIdleController
10-14 01:23:42.264 1132 1132 D SystemServerTiming: OnBootPhase_520_com.android.server.DeviceIdleController took to complete: 0ms
10-14 01:23:42.264 1132 1132 I SystemServerTiming: OnBootPhase_520_com.android.server.devicepolicy.DevicePolicyManagerService$Lifecycle
10-14 01:23:42.264 1132 1132 D SystemServerTiming: OnBootPhase_520_com.android.server.devicepolicy.DevicePolicyManagerService$Lifecycle took to complete: 0ms
10-14 01:23:42.264 1132 1132 I SystemServerTiming: OnBootPhase_520_com.android.server.texttospeech.TextToSpeechManagerService
10-14 01:23:42.264 1132 1132 D SystemServerTiming: OnBootPhase_520_com.android.server.texttospeech.TextToSpeechManagerService took to complete: 0ms
10-14 01:23:42.265 1132 1132 I SystemServerTiming: OnBootPhase_520_com.android.server.speech.SpeechRecognitionManagerService
10-14 01:23:42.265 1132 1132 D SystemServerTiming: OnBootPhase_520_com.android.server.speech.SpeechRecognitionManagerService took to complete: 0ms
10-14 01:23:42.265 1132 1132 I SystemServerTiming: OnBootPhase_520_com.android.server.searchui.SearchUiManagerService
10-14 01:23:42.265 1132 1132 D SystemServerTiming: OnBootPhase_520_com.android.server.searchui.SearchUiManagerService took to complete: 0ms
10-14 01:23:42.265 1132 1132 I SystemServerTiming: OnBootPhase_520_com.android.server.smartspace.SmartspaceManagerService
10-14 01:23:42.265 1132 1132 D SystemServerTiming: OnBootPhase_520_com.android.server.smartspace.SmartspaceManagerService took to complete: 0ms
10-14 01:23:42.265 1132 1132 I SystemServerTiming: OnBootPhase_520_com.android.server.graphics.fonts.FontManagerService$Lifecycle
10-14 01:23:42.265 1132 1132 D SystemServerTiming: OnBootPhase_520_com.android.server.graphics.fonts.FontManagerService$Lifecycle took to complete: 0ms
10-14 01:23:42.265 1132 1132 I SystemServerTiming: OnBootPhase_520_com.android.server.textservices.TextServicesManagerService$Lifecycle
10-14 01:23:42.265 1132 1132 D SystemServerTiming: OnBootPhase_520_com.android.server.textservices.TextServicesManagerService$Lifecycle took to complete: 0ms
10-14 01:23:42.265 1132 1132 I SystemServerTiming: OnBootPhase_520_com.android.server.textclassifier.TextClassificationManagerService$Lifecycle
10-14 01:23:42.265 1132 1132 D SystemServerTiming: OnBootPhase_520_com.android.server.textclassifier.TextClassificationManagerService$Lifecycle took to complete: 0ms
10-14 01:23:42.265 1132 1132 I SystemServerTiming: OnBootPhase_520_com.android.server.NetworkScoreService$Lifecycle
10-14 01:23:42.265 1132 1132 D SystemServerTiming: OnBootPhase_520_com.android.server.NetworkScoreService$Lifecycle took to complete: 0ms
10-14 01:23:42.265 1132 1132 I SystemServerTiming: OnBootPhase_520_com.android.server.wifi.WifiService
10-14 01:23:42.265 1132 1132 D SystemServerTiming: OnBootPhase_520_com.android.server.wifi.WifiService took to complete: 0ms
10-14 01:23:42.265 1132 1132 I SystemServerTiming: OnBootPhase_520_com.android.server.wifi.scanner.WifiScanningService
10-14 01:23:42.265 1132 1132 D SystemServerTiming: OnBootPhase_520_com.android.server.wifi.scanner.WifiScanningService took to complete: 0ms
10-14 01:23:42.265 1132 1132 I SystemServerTiming: OnBootPhase_520_com.android.server.wifi.rtt.RttService
10-14 01:23:42.265 1132 1132 D SystemServerTiming: OnBootPhase_520_com.android.server.wifi.rtt.RttService took to complete: 0ms
10-14 01:23:42.265 1132 1132 I SystemServerTiming: OnBootPhase_520_com.android.server.wifi.aware.WifiAwareService
10-14 01:23:42.265 1132 1132 D SystemServerTiming: OnBootPhase_520_com.android.server.wifi.aware.WifiAwareService took to complete: 0ms
10-14 01:23:42.265 1132 1132 I SystemServerTiming: OnBootPhase_520_com.android.server.wifi.p2p.WifiP2pService
10-14 01:23:42.266 1132 1132 D SystemServerTiming: OnBootPhase_520_com.android.server.wifi.p2p.WifiP2pService took to complete: 0ms
10-14 01:23:42.266 1132 1132 I SystemServerTiming: OnBootPhase_520_com.android.server.ethernet.EthernetService
10-14 01:23:42.266 1132 1132 D SystemServerTiming: OnBootPhase_520_com.android.server.ethernet.EthernetService took to complete: 0ms
10-14 01:23:42.266 1132 1132 I SystemServerTiming: OnBootPhase_520_com.android.server.ConnectivityServiceInitializer
10-14 01:23:42.266 1132 1132 D SystemServerTiming: OnBootPhase_520_com.android.server.ConnectivityServiceInitializer took to complete: 0ms
10-14 01:23:42.266 1132 1132 I SystemServerTiming: OnBootPhase_520_com.android.server.notification.NotificationManagerService
10-14 01:23:42.266 1132 1132 D SystemServerTiming: OnBootPhase_520_com.android.server.notification.NotificationManagerService took to complete: 0ms
10-14 01:23:42.266 1132 1132 I SystemServerTiming: OnBootPhase_520_com.android.server.storage.DeviceStorageMonitorService
10-14 01:23:42.266 1132 1132 D SystemServerTiming: OnBootPhase_520_com.android.server.storage.DeviceStorageMonitorService took to complete: 0ms
10-14 01:23:42.266 1132 1132 I SystemServerTiming: OnBootPhase_520_com.android.server.location.LocationManagerService$Lifecycle
10-14 01:23:42.266 1132 1132 D SystemServerTiming: OnBootPhase_520_com.android.server.location.LocationManagerService$Lifecycle took to complete: 0ms
10-14 01:23:42.266 1132 1132 I SystemServerTiming: OnBootPhase_520_com.android.server.timedetector.TimeDetectorService$Lifecycle
10-14 01:23:42.266 1132 1132 D SystemServerTiming: OnBootPhase_520_com.android.server.timedetector.TimeDetectorService$Lifecycle took to complete: 0ms
10-14 01:23:42.266 1132 1132 I SystemServerTiming: OnBootPhase_520_com.android.server.timezonedetector.TimeZoneDetectorService$Lifecycle
10-14 01:23:42.266 1132 1132 D SystemServerTiming: OnBootPhase_520_com.android.server.timezonedetector.TimeZoneDetectorService$Lifecycle took to complete: 0ms
10-14 01:23:42.266 1132 1132 I SystemServerTiming: OnBootPhase_520_com.android.server.timezonedetector.location.LocationTimeZoneManagerService$Lifecycle
10-14 01:23:42.266 1132 1132 D SystemServerTiming: OnBootPhase_520_com.android.server.timezonedetector.location.LocationTimeZoneManagerService$Lifecycle took to complete: 0ms
10-14 01:23:42.266 1132 1132 I SystemServerTiming: OnBootPhase_520_com.android.server.search.SearchManagerService$Lifecycle
10-14 01:23:42.267 1132 1132 D SystemServerTiming: OnBootPhase_520_com.android.server.search.SearchManagerService$Lifecycle took to complete: 0ms
10-14 01:23:42.267 1132 1132 I SystemServerTiming: OnBootPhase_520_com.android.server.wallpaper.WallpaperManagerService$Lifecycle
10-14 01:23:42.267 1132 1132 D SystemServerTiming: OnBootPhase_520_com.android.server.wallpaper.WallpaperManagerService$Lifecycle took to complete: 0ms
10-14 01:23:42.267 1132 1132 I SystemServerTiming: OnBootPhase_520_com.android.server.audio.AudioService$Lifecycle
10-14 01:23:42.267 1132 1132 D SystemServerTiming: OnBootPhase_520_com.android.server.audio.AudioService$Lifecycle took to complete: 0ms
10-14 01:23:42.267 1132 1132 I SystemServerTiming: OnBootPhase_520_com.android.server.soundtrigger_middleware.SoundTriggerMiddlewareService$Lifecycle
10-14 01:23:42.267 1132 1132 D SystemServerTiming: OnBootPhase_520_com.android.server.soundtrigger_middleware.SoundTriggerMiddlewareService$Lifecycle took to complete: 0ms
10-14 01:23:42.267 1132 1132 I SystemServerTiming: OnBootPhase_520_com.android.server.DockObserver
10-14 01:23:42.267 1132 1132 D SystemServerTiming: OnBootPhase_520_com.android.server.DockObserver took to complete: 0ms
10-14 01:23:42.267 1132 1132 I SystemServerTiming: OnBootPhase_520_com.android.server.midi.MidiService$Lifecycle
10-14 01:23:42.267 1132 1132 D SystemServerTiming: OnBootPhase_520_com.android.server.midi.MidiService$Lifecycle took to complete: 0ms
10-14 01:23:42.267 1132 1132 I SystemServerTiming: OnBootPhase_520_com.android.server.adb.AdbService$Lifecycle
10-14 01:23:42.267 1132 1132 D SystemServerTiming: OnBootPhase_520_com.android.server.adb.AdbService$Lifecycle took to complete: 0ms
10-14 01:23:42.267 1132 1132 I SystemServerTiming: OnBootPhase_520_com.android.server.usb.UsbService$Lifecycle
10-14 01:23:42.267 1132 1132 D SystemServerTiming: OnBootPhase_520_com.android.server.usb.UsbService$Lifecycle took to complete: 0ms
10-14 01:23:42.267 1132 1132 I SystemServerTiming: OnBootPhase_520_com.android.server.twilight.TwilightService
10-14 01:23:42.267 1132 1132 D SystemServerTiming: OnBootPhase_520_com.android.server.twilight.TwilightService took to complete: 0ms
10-14 01:23:42.267 1132 1132 I SystemServerTiming: OnBootPhase_520_com.android.server.display.color.ColorDisplayService
10-14 01:23:42.267 1132 1132 D SystemServerTiming: OnBootPhase_520_com.android.server.display.color.ColorDisplayService took to complete: 0ms
10-14 01:23:42.267 1132 1132 I SystemServerTiming: OnBootPhase_520_com.android.server.job.JobSchedulerService
10-14 01:23:42.268 1132 1132 D SystemServerTiming: OnBootPhase_520_com.android.server.job.JobSchedulerService took to complete: 0ms
10-14 01:23:42.268 1132 1132 I SystemServerTiming: OnBootPhase_520_com.android.server.soundtrigger.SoundTriggerService
10-14 01:23:42.268 1132 1132 D SoundTriggerService: onBootPhase: 520 : false
10-14 01:23:42.268 1132 1132 D SystemServerTiming: OnBootPhase_520_com.android.server.soundtrigger.SoundTriggerService took to complete: 0ms
10-14 01:23:42.268 1132 1132 I SystemServerTiming: OnBootPhase_520_com.android.server.trust.TrustManagerService
10-14 01:23:42.268 1132 1132 D SystemServerTiming: OnBootPhase_520_com.android.server.trust.TrustManagerService took to complete: 0ms
10-14 01:23:42.268 1132 1132 I SystemServerTiming: OnBootPhase_520_com.android.server.backup.BackupManagerService$Lifecycle
10-14 01:23:42.268 1132 1132 D SystemServerTiming: OnBootPhase_520_com.android.server.backup.BackupManagerService$Lifecycle took to complete: 0ms
10-14 01:23:42.268 1132 1132 I SystemServerTiming: OnBootPhase_520_com.android.server.appwidget.AppWidgetService
10-14 01:23:42.268 1132 1132 D SystemServerTiming: OnBootPhase_520_com.android.server.appwidget.AppWidgetService took to complete: 0ms
10-14 01:23:42.268 1132 1132 I SystemServerTiming: OnBootPhase_520_com.android.server.voiceinteraction.VoiceInteractionManagerService
10-14 01:23:42.268 1132 1132 D SystemServerTiming: OnBootPhase_520_com.android.server.voiceinteraction.VoiceInteractionManagerService took to complete: 0ms
10-14 01:23:42.268 1132 1132 I SystemServerTiming: OnBootPhase_520_com.android.server.apphibernation.AppHibernationService
10-14 01:23:42.268 1132 1132 D SystemServerTiming: OnBootPhase_520_com.android.server.apphibernation.AppHibernationService took to complete: 0ms
10-14 01:23:42.268 1132 1132 I SystemServerTiming: OnBootPhase_520_com.android.server.GestureLauncherService
10-14 01:23:42.268 1132 1132 D SystemServerTiming: OnBootPhase_520_com.android.server.GestureLauncherService took to complete: 0ms
10-14 01:23:42.268 1132 1132 I SystemServerTiming: OnBootPhase_520_com.android.server.SensorNotificationService
10-14 01:23:42.268 1132 1132 D SystemServerTiming: OnBootPhase_520_com.android.server.SensorNotificationService took to complete: 0ms
10-14 01:23:42.268 1132 1132 I SystemServerTiming: OnBootPhase_520_com.android.server.emergency.EmergencyAffordanceService
10-14 01:23:42.268 1132 1132 D SystemServerTiming: OnBootPhase_520_com.android.server.emergency.EmergencyAffordanceService took to complete: 0ms
10-14 01:23:42.268 1132 1132 I SystemServerTiming: OnBootPhase_520_com.android.server.blob.BlobStoreManagerService
10-14 01:23:42.268 1132 1132 D SystemServerTiming: OnBootPhase_520_com.android.server.blob.BlobStoreManagerService took to complete: 0ms
10-14 01:23:42.268 1132 1132 I SystemServerTiming: OnBootPhase_520_com.android.server.dreams.DreamManagerService
10-14 01:23:42.269 1132 1132 D SystemServerTiming: OnBootPhase_520_com.android.server.dreams.DreamManagerService took to complete: 0ms
10-14 01:23:42.269 1132 1132 I SystemServerTiming: OnBootPhase_520_com.android.server.companion.CompanionDeviceManagerService
10-14 01:23:42.269 1132 1132 D SystemServerTiming: OnBootPhase_520_com.android.server.companion.CompanionDeviceManagerService took to complete: 0ms
10-14 01:23:42.269 1132 1132 I SystemServerTiming: OnBootPhase_520_com.android.server.restrictions.RestrictionsManagerService
10-14 01:23:42.269 1132 1132 D SystemServerTiming: OnBootPhase_520_com.android.server.restrictions.RestrictionsManagerService took to complete: 0ms
10-14 01:23:42.269 1132 1132 I SystemServerTiming: OnBootPhase_520_com.android.server.media.MediaSessionService
10-14 01:23:42.269 1132 1132 D SystemServerTiming: OnBootPhase_520_com.android.server.media.MediaSessionService took to complete: 0ms
10-14 01:23:42.269 1132 1132 I SystemServerTiming: OnBootPhase_520_com.android.server.media.MediaResourceMonitorService
10-14 01:23:42.269 1132 1132 D SystemServerTiming: OnBootPhase_520_com.android.server.media.MediaResourceMonitorService took to complete: 0ms
10-14 01:23:42.269 1132 1132 I SystemServerTiming: OnBootPhase_520_com.android.server.biometrics.sensors.fingerprint.FingerprintService
10-14 01:23:42.269 1132 1132 D SystemServerTiming: OnBootPhase_520_com.android.server.biometrics.sensors.fingerprint.FingerprintService took to complete: 0ms
10-14 01:23:42.269 1132 1132 I SystemServerTiming: OnBootPhase_520_com.android.server.biometrics.BiometricService
10-14 01:23:42.269 1132 1132 D SystemServerTiming: OnBootPhase_520_com.android.server.biometrics.BiometricService took to complete: 0ms
10-14 01:23:42.269 1132 1132 I SystemServerTiming: OnBootPhase_520_com.android.server.biometrics.AuthService
10-14 01:23:42.269 1132 1132 D SystemServerTiming: OnBootPhase_520_com.android.server.biometrics.AuthService took to complete: 0ms
10-14 01:23:42.269 1132 1132 I SystemServerTiming: OnBootPhase_520_com.android.server.pm.ShortcutService$Lifecycle
10-14 01:23:42.269 1132 1132 D SystemServerTiming: OnBootPhase_520_com.android.server.pm.ShortcutService$Lifecycle took to complete: 0ms
10-14 01:23:42.269 1132 1132 I SystemServerTiming: OnBootPhase_520_com.android.server.pm.LauncherAppsService
10-14 01:23:42.269 1132 1132 D SystemServerTiming: OnBootPhase_520_com.android.server.pm.LauncherAppsService took to complete: 0ms
10-14 01:23:42.269 1132 1132 I SystemServerTiming: OnBootPhase_520_com.android.server.pm.CrossProfileAppsService
10-14 01:23:42.269 1132 1132 D SystemServerTiming: OnBootPhase_520_com.android.server.pm.CrossProfileAppsService took to complete: 0ms
10-14 01:23:42.270 1132 1132 I SystemServerTiming: OnBootPhase_520_com.android.server.people.PeopleService
10-14 01:23:42.270 1132 1132 D SystemServerTiming: OnBootPhase_520_com.android.server.people.PeopleService took to complete: 0ms
10-14 01:23:42.270 1132 1132 I SystemServerTiming: OnBootPhase_520_com.android.server.media.metrics.MediaMetricsManagerService
10-14 01:23:42.270 1132 1132 D SystemServerTiming: OnBootPhase_520_com.android.server.media.metrics.MediaMetricsManagerService took to complete: 0ms
10-14 01:23:42.270 1132 1132 I SystemServerTiming: OnBootPhase_520_com.android.server.media.projection.MediaProjectionManagerService
10-14 01:23:42.270 1132 1132 D SystemServerTiming: OnBootPhase_520_com.android.server.media.projection.MediaProjectionManagerService took to complete: 0ms
10-14 01:23:42.270 1132 1132 I SystemServerTiming: OnBootPhase_520_com.android.server.slice.SliceManagerService$Lifecycle
10-14 01:23:42.270 1132 1132 D SystemServerTiming: OnBootPhase_520_com.android.server.slice.SliceManagerService$Lifecycle took to complete: 0ms
10-14 01:23:42.270 1132 1132 I SystemServerTiming: OnBootPhase_520_com.android.server.stats.StatsCompanion$Lifecycle
10-14 01:23:42.270 1132 1132 D SystemServerTiming: OnBootPhase_520_com.android.server.stats.StatsCompanion$Lifecycle took to complete: 0ms
10-14 01:23:42.270 1132 1132 I SystemServerTiming: OnBootPhase_520_com.android.server.scheduling.RebootReadinessManagerService$Lifecycle
10-14 01:23:42.270 1132 1132 D SystemServerTiming: OnBootPhase_520_com.android.server.scheduling.RebootReadinessManagerService$Lifecycle took to complete: 0ms
10-14 01:23:42.270 1132 1132 I SystemServerTiming: OnBootPhase_520_com.android.server.stats.pull.StatsPullAtomService
10-14 01:23:42.270 1132 1132 D SystemServerTiming: OnBootPhase_520_com.android.server.stats.pull.StatsPullAtomService took to complete: 0ms
10-14 01:23:42.270 1132 1132 I SystemServerTiming: OnBootPhase_520_com.android.server.incident.IncidentCompanionService
10-14 01:23:42.270 1132 1132 D SystemServerTiming: OnBootPhase_520_com.android.server.incident.IncidentCompanionService took to complete: 0ms
10-14 01:23:42.270 1132 1132 I SystemServerTiming: OnBootPhase_520_com.android.server.MmsServiceBroker
10-14 01:23:42.270 1132 1132 D SystemServerTiming: OnBootPhase_520_com.android.server.MmsServiceBroker took to complete: 0ms
10-14 01:23:42.270 1132 1132 I SystemServerTiming: OnBootPhase_520_com.android.server.autofill.AutofillManagerService
10-14 01:23:42.270 1132 1132 D SystemServerTiming: OnBootPhase_520_com.android.server.autofill.AutofillManagerService took to complete: 0ms
10-14 01:23:42.270 1132 1132 I SystemServerTiming: OnBootPhase_520_com.android.server.clipboard.ClipboardService
10-14 01:23:42.270 1132 1132 D SystemServerTiming: OnBootPhase_520_com.android.server.clipboard.ClipboardService took to complete: 0ms
10-14 01:23:42.270 1132 1132 I SystemServerTiming: OnBootPhase_520_com.android.server.appbinding.AppBindingService$Lifecycle
10-14 01:23:42.270 1132 1132 D SystemServerTiming: OnBootPhase_520_com.android.server.appbinding.AppBindingService$Lifecycle took to complete: 0ms
10-14 01:23:42.271 1132 1132 I SystemServerTiming: OnBootPhase_520_com.android.server.tracing.TracingServiceProxy
10-14 01:23:42.271 1132 1132 D SystemServerTiming: OnBootPhase_520_com.android.server.tracing.TracingServiceProxy took to complete: 0ms
10-14 01:23:42.271 1132 1132 I SystemServerTiming: OnBootPhase_520_com.android.server.policy.PermissionPolicyService
10-14 01:23:42.271 1132 1132 D SystemServerTiming: OnBootPhase_520_com.android.server.policy.PermissionPolicyService took to complete: 0ms
10-14 01:23:42.271 1132 1132 I SystemServerTiming: OnBootPhase_520_com.android.server.pm.StagingManager$Lifecycle
10-14 01:23:42.271 1132 1132 D SystemServerTiming: OnBootPhase_520_com.android.server.pm.StagingManager$Lifecycle took to complete: 0ms
10-14 01:23:42.271 1132 1132 I SystemServerTiming: OnBootPhase_520_com.android.server.app.GameManagerService$Lifecycle
10-14 01:23:42.271 1132 1132 D SystemServerTiming: OnBootPhase_520_com.android.server.app.GameManagerService$Lifecycle took to complete: 0ms
10-14 01:23:42.271 1132 1132 D SystemServerTiming: OnBootPhase_520 took to complete: 12ms
10-14 01:23:42.271 1132 1132 D SystemServerTiming: StartBootPhaseDeviceSpecificServicesReady took to complete: 12ms
10-14 01:23:42.271 1132 1132 I SystemServerTiming: AppSearchManagerService
10-14 01:23:42.280 1132 1132 I SystemServiceManager: Starting com.android.server.appsearch.AppSearchManagerService
10-14 01:23:42.282 1132 1132 D SystemServerTiming: AppSearchManagerService took to complete: 11ms
10-14 01:23:42.282 1132 1132 I SystemServerTiming: StartMediaCommunicationService
10-14 01:23:42.282 1132 1132 I SystemServiceManager: Starting com.android.server.media.MediaCommunicationService
10-14 01:23:42.283 1132 1132 D SystemServerTiming: StartMediaCommunicationService took to complete: 1ms
10-14 01:23:42.284 1132 1132 I SystemServerTiming: PhaseActivityManagerReady
10-14 01:23:42.284 1132 1132 I SystemServerTiming: controllersReady
10-14 01:23:42.287 1132 1660 I SystemServerTimingAsync: InitThreadPoolExec:Update app-ops uidState in case package com.qualcomm.qtil.aptxui changed
10-14 01:23:42.287 1132 1660 D SystemServerInitThreadPool: Started executing Update app-ops uidState in case package com.qualcomm.qtil.aptxui changed
10-14 01:23:42.288 1132 1700 I SystemServerTimingAsync: InitThreadPoolExec:Update app-ops uidState in case package com.android.systemui changed
10-14 01:23:42.288 1132 1700 D SystemServerInitThreadPool: Started executing Update app-ops uidState in case package com.android.systemui changed
10-14 01:23:42.288 1132 1724 I SystemServerTimingAsync: InitThreadPoolExec:Update app-ops uidState in case package com.qualcomm.location changed
10-14 01:23:42.288 1132 1724 D SystemServerInitThreadPool: Started executing Update app-ops uidState in case package com.qualcomm.location changed
10-14 01:23:42.288 1132 1736 I SystemServerTimingAsync: InitThreadPoolExec:Update app-ops uidState in case package com.android.launcher3 changed
10-14 01:23:42.288 1132 1736 D SystemServerInitThreadPool: Started executing Update app-ops uidState in case package com.android.launcher3 changed
10-14 01:23:42.288 1132 1630 I SystemServerTimingAsync: InitThreadPoolExec:Update app-ops uidState in case package com.android.deskclock changed
10-14 01:23:42.288 1132 1648 I SystemServerTimingAsync: InitThreadPoolExec:Update app-ops uidState in case package com.android.providers.downloads changed
10-14 01:23:42.288 1132 1659 I SystemServerTimingAsync: InitThreadPoolExec:Update app-ops uidState in case package com.sohu.inputmethod.sogou.car changed
10-14 01:23:42.288 1132 1630 D SystemServerInitThreadPool: Started executing Update app-ops uidState in case package com.android.deskclock changed
10-14 01:23:42.289 1132 1736 D SystemServerInitThreadPool: Finished executing Update app-ops uidState in case package com.android.launcher3 changed
10-14 01:23:42.289 1132 1660 D SystemServerInitThreadPool: Finished executing Update app-ops uidState in case package com.qualcomm.qtil.aptxui changed
10-14 01:23:42.289 1132 1660 D SystemServerTimingAsync: InitThreadPoolExec:Update app-ops uidState in case package com.qualcomm.qtil.aptxui changed took to complete: 2ms
10-14 01:23:42.289 1132 1659 D SystemServerInitThreadPool: Started executing Update app-ops uidState in case package com.sohu.inputmethod.sogou.car changed
10-14 01:23:42.289 1132 1132 D SystemServerTiming: controllersReady took to complete: 5ms
10-14 01:23:42.289 1132 1659 D SystemServerInitThreadPool: Finished executing Update app-ops uidState in case package com.sohu.inputmethod.sogou.car changed
10-14 01:23:42.289 1132 1659 D SystemServerTimingAsync: InitThreadPoolExec:Update app-ops uidState in case package com.sohu.inputmethod.sogou.car changed took to complete: 1ms
10-14 01:23:42.289 1132 1221 I SystemServerTimingAsync: InitThreadPoolExec:Update app-ops uidState in case package com.android.providers.contacts changed
10-14 01:23:42.289 1132 1659 I SystemServerTimingAsync: InitThreadPoolExec:Update app-ops uidState in case package android changed
10-14 01:23:42.289 1132 1659 D SystemServerInitThreadPool: Started executing Update app-ops uidState in case package android changed
10-14 01:23:42.290 1132 1736 D SystemServerTimingAsync: InitThreadPoolExec:Update app-ops uidState in case package com.android.launcher3 changed took to complete: 0ms
10-14 01:23:42.290 1132 1724 D SystemServerInitThreadPool: Finished executing Update app-ops uidState in case package com.qualcomm.location changed
10-14 01:23:42.290 1132 1660 I SystemServerTimingAsync: InitThreadPoolExec:Update app-ops uidState in case package com.android.bluetooth changed
10-14 01:23:42.290 1132 1630 D SystemServerInitThreadPool: Finished executing Update app-ops uidState in case package com.android.deskclock changed
10-14 01:23:42.291 1132 1630 D SystemServerTimingAsync: InitThreadPoolExec:Update app-ops uidState in case package com.android.deskclock changed took to complete: 2ms
10-14 01:23:42.291 1132 1648 D SystemServerInitThreadPool: Started executing Update app-ops uidState in case package com.android.providers.downloads changed
10-14 01:23:42.291 1132 1648 D SystemServerInitThreadPool: Finished executing Update app-ops uidState in case package com.android.providers.downloads changed
10-14 01:23:42.291 1132 1648 D SystemServerTimingAsync: InitThreadPoolExec:Update app-ops uidState in case package com.android.providers.downloads changed took to complete: 3ms
10-14 01:23:42.292 1132 1736 I SystemServerTimingAsync: InitThreadPoolExec:Update app-ops uidState in case package com.android.server.telecom changed
10-14 01:23:42.292 1132 1736 D SystemServerInitThreadPool: Started executing Update app-ops uidState in case package com.android.server.telecom changed
10-14 01:23:42.292 1132 1660 D SystemServerInitThreadPool: Started executing Update app-ops uidState in case package com.android.bluetooth changed
10-14 01:23:42.292 1132 1660 D SystemServerInitThreadPool: Finished executing Update app-ops uidState in case package com.android.bluetooth changed
10-14 01:23:42.292 1132 1700 D SystemServerInitThreadPool: Finished executing Update app-ops uidState in case package com.android.systemui changed
10-14 01:23:42.292 1132 1700 D SystemServerTimingAsync: InitThreadPoolExec:Update app-ops uidState in case package com.android.systemui changed took to complete: 4ms
10-14 01:23:42.293 1132 1724 D SystemServerTimingAsync: InitThreadPoolExec:Update app-ops uidState in case package com.qualcomm.location changed took to complete: 2ms
10-14 01:23:42.293 1132 1221 D SystemServerInitThreadPool: Started executing Update app-ops uidState in case package com.android.providers.contacts changed
10-14 01:23:42.293 1132 1221 D SystemServerInitThreadPool: Finished executing Update app-ops uidState in case package com.android.providers.contacts changed
10-14 01:23:42.293 1132 1221 D SystemServerTimingAsync: InitThreadPoolExec:Update app-ops uidState in case package com.android.providers.contacts changed took to complete: 4ms
10-14 01:23:42.293 1132 1132 I SystemServerTiming: killProcesses
10-14 01:23:42.294 1132 1132 D SystemServerTiming: killProcesses took to complete: 0ms
10-14 01:23:42.294 1132 1132 I ActivityManager: System now ready
10-14 01:23:42.294 1132 1132 I SystemServerTiming: updateTopComponentForFactoryTest
10-14 01:23:42.294 1132 1132 D SystemServerTiming: updateTopComponentForFactoryTest took to complete: 0ms
10-14 01:23:42.294 1132 1132 I SystemServerTiming: registerActivityLaunchObserver
10-14 01:23:42.295 1132 1132 D SystemServerTiming: registerActivityLaunchObserver took to complete: 0ms
10-14 01:23:42.295 1132 1132 I SystemServerTiming: watchDeviceProvisioning
10-14 01:23:42.295 1132 1736 D SystemServerInitThreadPool: Finished executing Update app-ops uidState in case package com.android.server.telecom changed
10-14 01:23:42.295 1132 1736 D SystemServerTimingAsync: InitThreadPoolExec:Update app-ops uidState in case package com.android.server.telecom changed took to complete: 3ms
10-14 01:23:42.295 1132 1659 D SystemServerInitThreadPool: Finished executing Update app-ops uidState in case package android changed
10-14 01:23:42.295 1132 1659 D SystemServerTimingAsync: InitThreadPoolExec:Update app-ops uidState in case package android changed took to complete: 6ms
10-14 01:23:42.295 1132 1660 D SystemServerTimingAsync: InitThreadPoolExec:Update app-ops uidState in case package com.android.bluetooth changed took to complete: 2ms
10-14 01:23:42.311 1834 1834 F libc : Fatal signal 6 (SIGABRT), code -6 (SI_TKILL) in tid 1834 (android.hardwar), pid 1834 (android.hardwar)
10-14 01:23:42.318 1132 1132 D SystemServerTiming: watchDeviceProvisioning took to complete: 24ms
10-14 01:23:42.319 1132 1132 I SystemServerTiming: retrieveSettings
10-14 01:23:42.322 1132 1132 I ActivityTaskManager: Config changes=10000000 {1.0 ?mcc?mnc [zh_CN] ldltr sw680dp w1586dp h608dp 240dpi lrg long land finger -keyb/v/h -nav/h winConfig={ mBounds=Rect(0, 0 - 2380, 1020) mAppBounds=Rect(0, 0 - 2380, 948) mMaxBounds=Rect(0, 0 - 2380, 1020) mWindowingMode=fullscreen mDisplayWindowingMode=fullscreen mActivityType=undefined mAlwaysOnTop=undefined mRotation=ROTATION_0} s.8 fontWeightAdjustment=0}
10-14 01:23:42.323 1132 1132 I WindowManager: Override config changes=10000000 {1.0 ?mcc?mnc [zh_CN] ldltr sw680dp w1586dp h608dp 240dpi lrg long land finger -keyb/v/h -nav/h winConfig={ mBounds=Rect(0, 0 - 2380, 1020) mAppBounds=Rect(0, 0 - 2380, 948) mMaxBounds=Rect(0, 0 - 2380, 1020) mWindowingMode=fullscreen mDisplayWindowingMode=fullscreen mActivityType=undefined mAlwaysOnTop=undefined mRotation=ROTATION_0} s.8 fontWeightAdjustment=0} for displayId=0
10-14 01:23:42.325 1132 1132 D SystemServerTiming: retrieveSettings took to complete: 5ms
10-14 01:23:42.325 1132 1132 I SystemServerTiming: Ugm.onSystemReady
10-14 01:23:42.325 1132 1132 D SystemServerTiming: Ugm.onSystemReady took to complete: 0ms
10-14 01:23:42.325 1132 1132 I SystemServerTiming: updateForceBackgroundCheck
10-14 01:23:42.325 1132 1132 D SystemServerTiming: updateForceBackgroundCheck took to complete: 0ms
10-14 01:23:42.325 1132 1132 I SystemServer: Making services ready
10-14 01:23:42.325 1132 1882 I DropBoxManagerService: add tag=system_server_wtf isTagEnabled=true flags=0x2
10-14 01:23:42.326 1132 1883 I DropBoxManagerService: add tag=system_server_wtf isTagEnabled=true flags=0x2
10-14 01:23:42.327 1132 1132 I SystemServerTiming: StartActivityManagerReadyPhase
10-14 01:23:42.327 1132 1132 I SystemServiceManager: Starting phase 550
10-14 01:23:42.327 1132 1132 I SystemServerTiming: OnBootPhase_550
10-14 01:23:42.327 1132 1132 I SystemServerTiming: OnBootPhase_550_com.android.server.security.FileIntegrityService
10-14 01:23:42.327 1132 1132 D SystemServerTiming: OnBootPhase_550_com.android.server.security.FileIntegrityService took to complete: 0ms
10-14 01:23:42.327 1132 1132 I SystemServerTiming: OnBootPhase_550_com.android.server.pm.Installer
10-14 01:23:42.327 1132 1132 D SystemServerTiming: OnBootPhase_550_com.android.server.pm.Installer took to complete: 0ms
10-14 01:23:42.327 1132 1132 I SystemServerTiming: OnBootPhase_550_com.android.server.os.DeviceIdentifiersPolicyService
10-14 01:23:42.327 1132 1132 D SystemServerTiming: OnBootPhase_550_com.android.server.os.DeviceIdentifiersPolicyService took to complete: 0ms
10-14 01:23:42.327 1132 1132 I SystemServerTiming: OnBootPhase_550_com.android.server.uri.UriGrantsManagerService$Lifecycle
10-14 01:23:42.327 1132 1132 D SystemServerTiming: OnBootPhase_550_com.android.server.uri.UriGrantsManagerService$Lifecycle took to complete: 0ms
10-14 01:23:42.327 1132 1132 I SystemServerTiming: OnBootPhase_550_com.android.server.powerstats.PowerStatsService
10-14 01:23:42.327 1132 1132 D SystemServerTiming: OnBootPhase_550_com.android.server.powerstats.PowerStatsService took to complete: 0ms
10-14 01:23:42.327 1132 1132 I SystemServerTiming: OnBootPhase_550_com.android.server.wm.ActivityTaskManagerService$Lifecycle
10-14 01:23:42.327 1132 1132 D SystemServerTiming: OnBootPhase_550_com.android.server.wm.ActivityTaskManagerService$Lifecycle took to complete: 0ms
10-14 01:23:42.327 1132 1132 I SystemServerTiming: OnBootPhase_550_com.android.server.am.ActivityManagerService$Lifecycle
10-14 01:23:42.328 1132 1132 D SystemServerTiming: OnBootPhase_550_com.android.server.am.ActivityManagerService$Lifecycle took to complete: 1ms
10-14 01:23:42.328 1132 1132 I SystemServerTiming: OnBootPhase_550_com.android.server.pm.DataLoaderManagerService
10-14 01:23:42.328 1132 1132 D SystemServerTiming: OnBootPhase_550_com.android.server.pm.DataLoaderManagerService took to complete: 0ms
10-14 01:23:42.328 1132 1132 I SystemServerTiming: OnBootPhase_550_com.android.server.power.PowerManagerService
10-14 01:23:42.328 1132 1132 D SystemServerTiming: OnBootPhase_550_com.android.server.power.PowerManagerService took to complete: 0ms
10-14 01:23:42.328 1132 1132 I SystemServerTiming: OnBootPhase_550_com.android.server.power.ThermalManagerService
10-14 01:23:42.330 1132 1132 I ThermalHalWrapper: Thermal HAL 2.0 service connected.
10-14 01:23:42.331 1132 1132 E ThermalHalWrapper: Couldn't get temperatures because of HAL error: ThermalHAL not initialized properly.
10-14 01:23:42.331 1132 1132 W ThermalManagerService: Thermal HAL reported invalid data, abort connection
10-14 01:23:42.332 1132 1132 E ThermalHalWrapper: Couldn't get temperature thresholds because of HAL error: ThermalHAL not initialized properly.
10-14 01:23:42.332 1132 1132 D SystemServerTiming: OnBootPhase_550_com.android.server.power.ThermalManagerService took to complete: 4ms
10-14 01:23:42.332 1132 1132 I SystemServerTiming: OnBootPhase_550_com.android.server.power.hint.HintManagerService
10-14 01:23:42.332 1132 1132 D SystemServerTiming: OnBootPhase_550_com.android.server.power.hint.HintManagerService took to complete: 0ms
10-14 01:23:42.332 1132 1132 I SystemServerTiming: OnBootPhase_550_com.android.server.recoverysystem.RecoverySystemService$Lifecycle
10-14 01:23:42.332 1132 1132 D SystemServerTiming: OnBootPhase_550_com.android.server.recoverysystem.RecoverySystemService$Lifecycle took to complete: 0ms
10-14 01:23:42.332 1132 1132 I SystemServerTiming: OnBootPhase_550_com.android.server.lights.LightsService
10-14 01:23:42.332 1132 1132 D SystemServerTiming: OnBootPhase_550_com.android.server.lights.LightsService took to complete: 0ms
10-14 01:23:42.332 1132 1132 I SystemServerTiming: OnBootPhase_550_com.android.server.display.DisplayManagerService
10-14 01:23:42.333 1132 1132 D SystemServerTiming: OnBootPhase_550_com.android.server.display.DisplayManagerService took to complete: 0ms
10-14 01:23:42.333 1132 1132 I SystemServerTiming: OnBootPhase_550_com.android.server.pm.verify.domain.DomainVerificationService
10-14 01:23:42.333 1132 1132 D SystemServerTiming: OnBootPhase_550_com.android.server.pm.verify.domain.DomainVerificationService took to complete: 0ms
10-14 01:23:42.333 1132 1132 I SystemServerTiming: OnBootPhase_550_com.android.server.pm.PackageInstallerService$Lifecycle
10-14 01:23:42.333 1132 1132 D SystemServerTiming: OnBootPhase_550_com.android.server.pm.PackageInstallerService$Lifecycle took to complete: 0ms
