01-01 08:00:55.163 0 0 I : Modules linked in: wlan(O) tsnv(O) machine_dlkm(O) wcd938x_slave_dlkm(O) wcd938x_dlkm(O) wcd9xxx_dlkm(O) mbhc_dlkm(O) tx_macro_dlkm(O) rx_macro_dlkm(O) va_macro_dlkm(O) wsa_macro_dlkm(O) swr_ctrl_dlkm(O) bolero_cdc_dlkm(O) wsa881x_dlkm(O) wcd_core_dlkm(O) stub_dlkm(O) hdmi_dlkm(O) swr_dlkm(O) pinctrl_lpi_dlkm(O) pinctrl_wcd_dlkm(O) usf_dlkm(O) native_dlkm(O) platform_dlkm(O) q6_dlkm(O) adsp_loader_dlkm(O) apr_dlkm(O) snd_event_dlkm(O) q6_notifier_dlkm(O) q6_pdr_dlkm(O) msm_11ad_proxy
01-01 08:00:55.163 0 0 I : CPU: 0 PID: 10 Comm: ksoftirqd/0 Tainted: G S W O 4.19.157+ #1
01-01 08:00:55.163 0 0 I Hardware name: Qualcomm Technologies, Inc. kona MTP-RmPM8150b. VX1(MCE) EVT2 (DT)
01-01 08:00:55.163 0 0 I pstate : 60c00085 (nZCv daIf +PAN +UAO)
01-01 08:00:55.163 0 0 I pc : __local_bh_enable_ip+0x140/0x158
01-01 08:00:55.163 0 0 I lr : __local_bh_enable_ip+0x140/0x158
01-01 08:00:55.163 0 0 I sp : ffffff80080dbb50
01-01 08:00:55.163 0 0 I : x29: ffffff80080dbb50 x28: ffffffeef8100980
01-01 08:00:55.163 0 0 I : x27: ffffffed8060dd40 x26: ffffff9a423eecf8
01-01 08:00:55.163 0 0 I : x25: ffffffee7cafa478 x24: ffffffee7cafa470
01-01 08:00:55.163 0 0 I : x23: ffffffee7cafa468 x22: ffffff9a41d01018
01-01 08:00:55.163 0 0 I : x21: ffffffed8060dd40 x20: ffffff9a40cfda20
01-01 08:00:55.163 0 0 I : x19: 0000000000000200 x18: 000000000000002c
01-01 08:00:55.163 0 0 I : x17: ffffff9a4333e000 x16: 00000000fffbcca4
01-01 08:00:55.163 0 0 I : x15: 00000000000bcca4 x14: 00000000000000c2
01-01 08:00:55.163 0 0 I : x13: 0000000000000000 x12: 00000000000000e0
01-01 08:00:55.163 0 0 I : x11: 0000000000000000 x10: 0000000000000001
01-01 08:00:55.163 0 0 I : x9 : 4e4f980d5800c800 x8 : 4e4f980d5800c800
01-01 08:00:55.163 0 0 I : x7 : ffffff9a3f9826c0 x6 : 0000000000000000
01-01 08:00:55.163 0 0 I : x5 : 0000000000000080 x4 : 0000000000000001
01-01 08:00:55.163 0 0 I : x3 : 0000000000000000 x2 : 0000000000000007
01-01 08:00:55.163 0 0 I : x1 : 0000000000000007 x0 : 000000000000001c
01-01 08:00:55.163 0 0 I Call trace:
01-01 08:00:55.163 0 0 I : __local_bh_enable_ip+0x140/0x158
01-01 08:00:55.163 0 0 I : local_bh_enable+0x18/0x20
01-01 08:00:55.163 0 0 I : destroy_conntrack+0xb0/0x1d0
01-01 08:00:55.163 0 0 I : nf_conntrack_destroy+0xb8/0x118
01-01 08:00:55.163 0 0 I : skb_release_head_state+0x94/0xb8
01-01 08:00:55.163 0 0 I : consume_skb+0x158/0x1e8
01-01 08:00:55.163 0 0 I : lan743x_tx_release_desc+0xbc/0x130
01-01 08:00:55.163 0 0 I : lan743x_tx_napi_poll+0xe8/0x260
01-01 08:00:55.163 0 0 I : net_rx_action+0x144/0x5d0
01-01 08:00:55.163 0 0 I : __do_softirq+0x280/0x554
01-01 08:00:55.163 0 0 I : run_ksoftirqd+0x38/0x58
01-01 08:00:55.163 0 0 I : smpboot_thread_fn+0x204/0x260
01-01 08:00:55.163 0 0 I : kthread+0x140/0x150
01-01 08:00:55.163 0 0 I : ret_from_fork+0x10/0x1c
01-01 08:00:55.163 0 0 I : irq event stamp: 20423
01-01 08:00:55.163 0 0 I : hardirqs last enabled at (20422): [] net_rx_action+0xb4/0x5d0
01-01 08:00:55.163 0 0 I : hardirqs last disabled at (20423): [] _raw_spin_lock_irqsave+0x28/0x98
01-01 08:00:55.163 0 0 I : softirqs last enabled at (20408): [] __do_softirq+0x50c/0x554
01-01 08:00:55.163 0 0 I : softirqs last disabled at (20413): [] run_ksoftirqd+0x38/0x58
01-01 08:00:55.163 0 0 W : ---[ end trace dda6bd7b2b4b78f8 ]---
01-01 08:00:55.166 0 0 E : INFO: trying to register non-static key.
01-01 08:00:55.171 0 0 E : the code is fine but needs lockdep annotation.
01-01 08:00:55.177 0 0 I : CPU: 4 PID: 2452 Comm: VideoDecMsgThre Tainted: G S W O 4.19.157+ #1
01-01 08:00:55.177 0 0 I Hardware name: Qualcomm Technologies, Inc. kona MTP-RmPM8150b. VX1(MCE) EVT2 (DT)
01-01 08:00:55.177 0 0 I Call trace:
01-01 08:00:55.177 0 0 I : dump_backtrace+0x0/0x258
01-01 08:00:55.177 0 0 I : show_stack+0x20/0x30
01-01 08:00:55.177 0 0 I : dump_stack+0xd8/0x12c
01-01 08:00:55.177 0 0 I : register_lock_class+0x4d0/0x5c8
01-01 08:00:55.177 0 0 I : __lock_acquire+0xbc/0x1e58
01-01 08:00:55.177 0 0 I : lock_acquire+0x1cc/0x218
01-01 08:00:55.177 0 0 I : _raw_spin_lock_irqsave+0x54/0x98
01-01 08:00:55.177 0 0 I : __ion_system_secure_heap_resize+0x768/0x8c0
01-01 08:00:55.177 0 0 I : ion_system_secure_heap_prefetch+0x28/0x38
01-01 08:00:55.177 0 0 I : ion_walk_heaps+0x88/0xb8
01-01 08:00:55.177 0 0 I : ion_ioctl+0x1b0/0x2a8
01-01 08:00:55.177 0 0 I : __arm64_compat_sys_ioctl+0xf4/0x240
01-01 08:00:55.177 0 0 I : el0_svc_common+0xa4/0x190
01-01 08:00:55.177 0 0 I : el0_svc_compat_handler+0x28/0x38
01-01 08:00:55.177 0 0 I : el0_svc_compat+0x8/0x34
01-01 08:00:55.178 0 0 W logd : Skipping entries from slow reader, pid 1239, fd 14, from LogBuffer::Prune()
01-01 08:00:55.179 0 0 E : INFO: trying to register non-static key.
01-01 08:00:55.179 0 0 E : INFO: trying to register non-static key.
01-01 08:00:55.182 0 0 W logd : Skipping entries from slow reader, pid 1239, fd 14, from LogBuffer::Prune()
01-01 08:00:55.184 0 0 E : the code is fine but needs lockdep annotation.
01-01 08:00:55.184 0 0 I : CPU: 4 PID: 2231 Comm: HwBinder:1311_3 Tainted: G S W O 4.19.157+ #1
01-01 08:00:55.184 0 0 I Hardware name: Qualcomm Technologies, Inc. kona MTP-RmPM8150b. VX1(MCE) EVT2 (DT)
10-14 01:23:44.933 1132 1925 I StatusBarManagerService: registerStatusBar bar=com.android.internal.statusbar.IStatusBar$Stub$Proxy@b9da081
10-14 01:23:44.944 1132 1271 I DropBoxManagerService: add tag=system_server_wtf isTagEnabled=true flags=0x2
01-01 08:00:55.189 0 0 E : the code is fine but needs lockdep annotation.
01-01 08:00:55.195 0 0 I Call trace:
01-01 08:00:55.201 0 0 I : dump_backtrace+0x0/0x258
01-01 08:00:55.201 0 0 I : show_stack+0x20/0x30
01-01 08:00:55.201 0 0 I : dump_stack+0xd8/0x12c
01-01 08:00:55.201 0 0 I : register_lock_class+0x4d0/0x5c8
01-01 08:00:55.201 0 0 I : __lock_acquire+0xbc/0x1e58
01-01 08:00:55.201 0 0 I : lock_acquire+0x1cc/0x218
01-01 08:00:55.201 0 0 I : _raw_spin_lock_irqsave+0x54/0x98
01-01 08:00:55.201 0 0 I : __ion_system_secure_heap_resize+0x768/0x8c0
01-01 08:00:55.201 0 0 I : ion_system_secure_heap_drain+0x28/0x38
01-01 08:00:55.201 0 0 I : ion_walk_heaps+0x88/0xb8
01-01 08:00:55.201 0 0 I : ion_ioctl+0x1b0/0x2a8
01-01 08:00:55.201 0 0 I : __arm64_compat_sys_ioctl+0xf4/0x240
01-01 08:00:55.201 0 0 I : el0_svc_common+0xa4/0x190
01-01 08:00:55.201 0 0 I : el0_svc_compat_handler+0x28/0x38
01-01 08:00:55.201 0 0 I : el0_svc_compat+0x8/0x34
01-01 08:00:55.201 0 0 I : CPU: 2 PID: 291 Comm: kworker/u16:8 Tainted: G S W O 4.19.157+ #1
01-01 08:00:55.201 0 0 I Hardware name: Qualcomm Technologies, Inc. kona MTP-RmPM8150b. VX1(MCE) EVT2 (DT)
01-01 08:00:55.201 0 0 I Workqueue: events_unbound ion_system_secure_heap_prefetch_work
01-01 08:00:55.201 0 0 I Call trace:
01-01 08:00:55.201 0 0 I : dump_backtrace+0x0/0x258
01-01 08:00:55.201 0 0 I : show_stack+0x20/0x30
01-01 08:00:55.201 0 0 I : dump_stack+0xd8/0x12c
01-01 08:00:55.201 0 0 I : register_lock_class+0x4d0/0x5c8
01-01 08:00:55.201 0 0 I : __lock_acquire+0xbc/0x1e58
01-01 08:00:55.201 0 0 I : lock_acquire+0x1cc/0x218
01-01 08:00:55.201 0 0 I : _raw_spin_lock_irqsave+0x54/0x98
01-01 08:00:55.201 0 0 I : ion_system_secure_heap_prefetch_work+0x48/0x2c0
01-01 08:00:55.201 0 0 I : process_one_work+0x38c/0x660
01-01 08:00:55.201 0 0 I : worker_thread+0x268/0x4b8
01-01 08:00:55.201 0 0 I : kthread+0x140/0x150
01-01 08:00:55.201 0 0 I : ret_from_fork+0x10/0x1c
01-01 08:00:55.213 0 0 E : INFO: trying to register non-static key.
01-01 08:00:55.217 0 0 I msm_vidc: high: 00000001: h264d: Closed video instance: ffffffee571c4000
01-01 08:00:55.218 0 0 E : the code is fine but needs lockdep annotation.
01-01 08:00:55.218 0 0 I : CPU: 2 PID: 291 Comm: kworker/u16:8 Tainted: G S W O 4.19.157+ #1
01-01 08:00:55.218 0 0 I Hardware name: Qualcomm Technologies, Inc. kona MTP-RmPM8150b. VX1(MCE) EVT2 (DT)
01-01 08:00:55.218 0 0 I Workqueue: events_unbound ion_system_secure_heap_prefetch_work
01-01 08:00:55.218 0 0 I Call trace:
01-01 08:00:55.218 0 0 I : dump_backtrace+0x0/0x258
01-01 08:00:55.218 0 0 I : show_stack+0x20/0x30
01-01 08:00:55.218 0 0 I : dump_stack+0xd8/0x12c
01-01 08:00:55.218 0 0 I : register_lock_class+0x4d0/0x5c8
01-01 08:00:55.223 0 0 I : __lock_acquire+0xbc/0x1e58
01-01 08:00:55.223 0 0 I : lock_acquire+0x1cc/0x218
01-01 08:00:55.223 0 0 I : _raw_spin_lock_irqsave+0x54/0x98
01-01 08:00:55.223 0 0 I : ion_system_secure_heap_prefetch_work+0x94/0x2c0
01-01 08:00:55.223 0 0 I : process_one_work+0x38c/0x660
01-01 08:00:55.223 0 0 I : worker_thread+0x268/0x4b8
01-01 08:00:55.223 0 0 I : kthread+0x140/0x150
01-01 08:00:55.224 0 0 I : ret_from_fork+0x10/0x1c
01-01 08:00:55.224 0 0 I bt_configure_gpios: BTON:Turn Bt On bt-reset-gpio(1121) value(1)
01-01 08:00:55.224 0 0 I bt_configure_gpios: BTON:Turn Bt On
01-01 08:00:55.224 0 0 I bt_configure_gpios: bt-sw-ctrl-gpio(1224) value(1)
01-01 08:00:55.224 0 0 I bt_configure_gpios: bt_gpio= 1121 on: 1 is successful
10-14 01:23:44.989 1132 1763 W ContextImpl: Calling a method in the system process without a qualified user: android.app.ContextImpl.sendStickyBroadcast:1559 com.android.server.ConnectivityService.sendStickyBroadcast:2811 com.android.server.ConnectivityService.sendGeneralBroadcast:2786 com.android.server.ConnectivityService.sendConnectedBroadcast:2759 com.android.server.ConnectivityService.sendLegacyNetworkBroadcast:8704
01-01 08:00:55.238 0 0 E : INFO: trying to register non-static key.
01-01 08:00:55.243 0 0 E : the code is fine but needs lockdep annotation.
01-01 08:00:55.249 0 0 I : CPU: 7 PID: 291 Comm: kworker/u16:8 Tainted: G S W O 4.19.157+ #1
01-01 08:00:55.249 0 0 I Hardware name: Qualcomm Technologies, Inc. kona MTP-RmPM8150b. VX1(MCE) EVT2 (DT)
01-01 08:00:55.249 0 0 I Workqueue: events_unbound ion_system_secure_heap_prefetch_work
01-01 08:00:55.249 0 0 I Call trace:
01-01 08:00:55.249 0 0 I : dump_backtrace+0x0/0x258
01-01 08:00:55.249 0 0 I : show_stack+0x20/0x30
01-01 08:00:55.249 0 0 I : dump_stack+0xd8/0x12c
01-01 08:00:55.249 0 0 I : register_lock_class+0x4d0/0x5c8
01-01 08:00:55.249 0 0 I : __lock_acquire+0xbc/0x1e58
01-01 08:00:55.249 0 0 I : lock_acquire+0x1cc/0x218
01-01 08:00:55.249 0 0 I : _raw_spin_lock_irqsave+0x54/0x98
01-01 08:00:55.249 0 0 I : ion_system_secure_heap_prefetch_work+0x94/0x2c0
01-01 08:00:55.249 0 0 I : process_one_work+0x38c/0x660
01-01 08:00:55.249 0 0 I : worker_thread+0x268/0x4b8
01-01 08:00:55.249 0 0 I : kthread+0x140/0x150
01-01 08:00:55.249 0 0 I : ret_from_fork+0x10/0x1c
01-01 08:00:55.268 0 0 E : INFO: trying to register non-static key.
01-01 08:00:55.273 0 0 E : the code is fine but needs lockdep annotation.
10-14 01:23:45.014 1132 1132 I SyncManager: Loaded persisted syncs: 0 periodic syncs, 0 oneshot syncs, 11 total system server jobs, JobStats: FirstLoad: 5/4/0 LastSave: -1/-1/-1
10-14 01:23:45.017 1132 1763 W ContextImpl: Calling a method in the system process without a qualified user: android.app.ContextImpl.sendStickyBroadcast:1559 com.android.server.ConnectivityService.sendStickyBroadcast:2811 com.android.server.ConnectivityService.sendGeneralBroadcast:2786 com.android.server.ConnectivityService.sendInetConditionBroadcast:2763 com.android.server.ConnectivityService.updateInetCondition:8451
01-01 08:00:55.279 0 0 I : CPU: 7 PID: 291 Comm: kworker/u16:8 Tainted: G S W O 4.19.157+ #1
01-01 08:00:55.279 0 0 I Hardware name: Qualcomm Technologies, Inc. kona MTP-RmPM8150b. VX1(MCE) EVT2 (DT)
10-14 01:23:45.031 1132 2015 D CompatibilityChangeReporter: Compat change id reported: 135634846; UID 10088; state: DISABLED
10-14 01:23:45.031 1132 2015 D CompatibilityChangeReporter: Compat change id reported: 177438394; UID 10088; state: DISABLED
10-14 01:23:45.032 1132 2015 D CompatibilityChangeReporter: Compat change id reported: 135772972; UID 10088; state: DISABLED
10-14 01:23:45.032 1132 2015 D CompatibilityChangeReporter: Compat change id reported: 135754954; UID 10088; state: ENABLED
10-14 01:23:45.033 1132 1272 D CompatibilityChangeReporter: Compat change id reported: 143937733; UID 10088; state: ENABLED
01-01 08:00:55.279 0 0 I Workqueue: events_unbound ion_system_secure_heap_prefetch_work
01-01 08:00:55.279 0 0 I Call trace:
01-01 08:00:55.279 0 0 I : dump_backtrace+0x0/0x258
01-01 08:00:55.279 0 0 I : show_stack+0x20/0x30
01-01 08:00:55.279 0 0 I : dump_stack+0xd8/0x12c
01-01 08:00:55.279 0 0 I : register_lock_class+0x4d0/0x5c8
01-01 08:00:55.279 0 0 I : __lock_acquire+0xbc/0x1e58
01-01 08:00:55.279 0 0 I : lock_acquire+0x1cc/0x218
01-01 08:00:55.279 0 0 I : _raw_spin_lock_irqsave+0x54/0x98
01-01 08:00:55.279 0 0 I : ion_system_secure_heap_prefetch_work+0x94/0x2c0
01-01 08:00:55.279 0 0 I : process_one_work+0x38c/0x660
01-01 08:00:55.279 0 0 I : worker_thread+0x268/0x4b8
01-01 08:00:55.279 0 0 I : kthread+0x140/0x150
01-01 08:00:55.279 0 0 I : ret_from_fork+0x10/0x1c
01-01 08:00:55.296 0 0 E : INFO: trying to register non-static key.
01-01 08:00:55.301 0 0 E : the code is fine but needs lockdep annotation.
01-01 08:00:55.307 0 0 I : CPU: 7 PID: 291 Comm: kworker/u16:8 Tainted: G S W O 4.19.157+ #1
01-01 08:00:55.307 0 0 I Hardware name: Qualcomm Technologies, Inc. kona MTP-RmPM8150b. VX1(MCE) EVT2 (DT)
01-01 08:00:55.307 0 0 I Workqueue: events_unbound ion_system_secure_heap_prefetch_work
01-01 08:00:55.307 0 0 I Call trace:
01-01 08:00:55.307 0 0 I : dump_backtrace+0x0/0x258
01-01 08:00:55.307 0 0 I : show_stack+0x20/0x30
01-01 08:00:55.307 0 0 I : dump_stack+0xd8/0x12c
01-01 08:00:55.307 0 0 I : register_lock_class+0x4d0/0x5c8
01-01 08:00:55.307 0 0 I : __lock_acquire+0xbc/0x1e58
01-01 08:00:55.307 0 0 I : lock_acquire+0x1cc/0x218
01-01 08:00:55.307 0 0 I : _raw_spin_lock_irqsave+0x54/0x98
01-01 08:00:55.307 0 0 I : ion_system_secure_heap_prefetch_work+0x94/0x2c0
01-01 08:00:55.307 0 0 I : process_one_work+0x38c/0x660
01-01 08:00:55.307 0 0 I : worker_thread+0x268/0x4b8
01-01 08:00:55.307 0 0 I : kthread+0x140/0x150
01-01 08:00:55.307 0 0 I : ret_from_fork+0x10/0x1c
01-01 08:00:55.313 0 0 E bt_ioctl: unified Current SOC Version : 400a0200
01-01 08:00:55.320 0 0 E : INFO: trying to register non-static key.
01-01 08:00:55.323 0 0 I binder : 2345:2442 ioctl 40046210 6e17b0d1f4 returned -22
01-01 08:00:55.325 0 0 E : the code is fine but needs lockdep annotation.
01-01 08:00:55.325 0 0 I : CPU: 7 PID: 291 Comm: kworker/u16:8 Tainted: G S W O 4.19.157+ #1
01-01 08:00:55.325 0 0 I Hardware name: Qualcomm Technologies, Inc. kona MTP-RmPM8150b. VX1(MCE) EVT2 (DT)
01-01 08:00:55.325 0 0 I Workqueue: events_unbound ion_system_secure_heap_prefetch_work
01-01 08:00:55.325 0 0 I Call trace:
01-01 08:00:55.325 0 0 I : dump_backtrace+0x0/0x258
01-01 08:00:55.325 0 0 I : show_stack+0x20/0x30
01-01 08:00:55.325 0 0 I : dump_stack+0xd8/0x12c
01-01 08:00:55.325 0 0 I : register_lock_class+0x4d0/0x5c8
01-01 08:00:55.325 0 0 I : __lock_acquire+0xbc/0x1e58
01-01 08:00:55.325 0 0 I : lock_acquire+0x1cc/0x218
01-01 08:00:55.325 0 0 I : _raw_spin_lock_irqsave+0x54/0x98
01-01 08:00:55.325 0 0 I : ion_system_secure_heap_prefetch_work+0x94/0x2c0
01-01 08:00:55.325 0 0 I : process_one_work+0x38c/0x660
01-01 08:00:55.325 0 0 I : worker_thread+0x268/0x4b8
01-01 08:00:55.325 0 0 I : kthread+0x140/0x150
01-01 08:00:55.325 0 0 I : ret_from_fork+0x10/0x1c
10-14 01:23:45.083 1132 1215 I DropBoxManagerService: add tag=system_server_strictmode isTagEnabled=true flags=0x2
10-14 01:23:45.087 1132 1215 I DropBoxManagerService: add tag=system_server_strictmode isTagEnabled=true flags=0x2
10-14 01:23:45.089 1132 1272 W ActivityManager: Slow operation: 58ms so far, now at startProcess: returned from zygote!
10-14 01:23:45.089 1132 1272 W ActivityManager: Slow operation: 58ms so far, now at startProcess: done updating battery stats
10-14 01:23:45.089 1132 1272 W ActivityManager: Slow operation: 58ms so far, now at startProcess: building log message
10-14 01:23:45.089 1132 1272 I ActivityManager: Start proc 2475:com.qualcomm.qti.qccauthmgr/u0a88 for content provider {com.qualcomm.qti.qccauthmgr/com.qualcomm.qti.qccauthmgr.providers.SMQContentProvider}
10-14 01:23:45.089 1132 1272 W ActivityManager: Slow operation: 58ms so far, now at startProcess: starting to update pids map
10-14 01:23:45.090 1132 1272 W ActivityManager: Slow operation: 59ms so far, now at startProcess: done updating pids map
01-01 08:00:55.336 0 0 E : INFO: trying to register non-static key.
01-01 08:00:55.341 0 0 E : the code is fine but needs lockdep annotation.
01-01 08:00:55.347 0 0 I : CPU: 7 PID: 291 Comm: kworker/u16:8 Tainted: G S W O 4.19.157+ #1
01-01 08:00:55.347 0 0 I Hardware name: Qualcomm Technologies, Inc. kona MTP-RmPM8150b. VX1(MCE) EVT2 (DT)
01-01 08:00:55.347 0 0 I Workqueue: events_unbound ion_system_secure_heap_prefetch_work
01-01 08:00:55.347 0 0 I Call trace:
01-01 08:00:55.347 0 0 I : dump_backtrace+0x0/0x258
01-01 08:00:55.347 0 0 I : show_stack+0x20/0x30
01-01 08:00:55.347 0 0 I : dump_stack+0xd8/0x12c
01-01 08:00:55.347 0 0 I : register_lock_class+0x4d0/0x5c8
01-01 08:00:55.347 0 0 I : __lock_acquire+0xbc/0x1e58
01-01 08:00:55.347 0 0 I : lock_acquire+0x1cc/0x218
01-01 08:00:55.347 0 0 I : _raw_spin_lock_irqsave+0x54/0x98
01-01 08:00:55.347 0 0 I : ion_system_secure_heap_prefetch_work+0x94/0x2c0
01-01 08:00:55.347 0 0 I : process_one_work+0x38c/0x660
01-01 08:00:55.347 0 0 I : worker_thread+0x268/0x4b8
01-01 08:00:55.347 0 0 I : kthread+0x140/0x150
01-01 08:00:55.347 0 0 I : ret_from_fork+0x10/0x1c
01-01 08:00:55.370 0 0 E : INFO: trying to register non-static key.
01-01 08:00:55.375 0 0 E : the code is fine but needs lockdep annotation.
01-01 08:00:55.381 0 0 I : CPU: 7 PID: 291 Comm: kworker/u16:8 Tainted: G S W O 4.19.157+ #1
01-01 08:00:55.381 0 0 I Hardware name: Qualcomm Technologies, Inc. kona MTP-RmPM8150b. VX1(MCE) EVT2 (DT)
01-01 08:00:55.381 0 0 I Workqueue: events_unbound ion_system_secure_heap_prefetch_work
01-01 08:00:55.381 0 0 I Call trace:
01-01 08:00:55.381 0 0 I : dump_backtrace+0x0/0x258
01-01 08:00:55.381 0 0 I : show_stack+0x20/0x30
01-01 08:00:55.381 0 0 I : dump_stack+0xd8/0x12c
01-01 08:00:55.381 0 0 I : register_lock_class+0x4d0/0x5c8
01-01 08:00:55.381 0 0 I : __lock_acquire+0xbc/0x1e58
01-01 08:00:55.381 0 0 I : lock_acquire+0x1cc/0x218
01-01 08:00:55.381 0 0 I : _raw_spin_lock_irqsave+0x54/0x98
01-01 08:00:55.381 0 0 I : ion_system_secure_heap_prefetch_work+0x94/0x2c0
01-01 08:00:55.381 0 0 I : process_one_work+0x38c/0x660
01-01 08:00:55.381 0 0 I : worker_thread+0x268/0x4b8
01-01 08:00:55.381 0 0 I : kthread+0x140/0x150
01-01 08:00:55.381 0 0 I : ret_from_fork+0x10/0x1c
10-14 01:23:45.134 1132 1216 I ActivityManagerTiming: FinishBooting
01-01 08:00:55.384 0 0 E : INFO: trying to register non-static key.
01-01 08:00:55.389 0 0 E : the code is fine but needs lockdep annotation.
01-01 08:00:55.394 0 0 I : CPU: 7 PID: 291 Comm: kworker/u16:8 Tainted: G S W O 4.19.157+ #1
01-01 08:00:55.394 0 0 I Hardware name: Qualcomm Technologies, Inc. kona MTP-RmPM8150b. VX1(MCE) EVT2 (DT)
01-01 08:00:55.394 0 0 I Workqueue: events_unbound ion_system_secure_heap_prefetch_work
01-01 08:00:55.394 0 0 I Call trace:
01-01 08:00:55.394 0 0 I : dump_backtrace+0x0/0x258
01-01 08:00:55.394 0 0 I : show_stack+0x20/0x30
01-01 08:00:55.394 0 0 I : dump_stack+0xd8/0x12c
01-01 08:00:55.394 0 0 I : register_lock_class+0x4d0/0x5c8
01-01 08:00:55.394 0 0 I : __lock_acquire+0xbc/0x1e58
01-01 08:00:55.394 0 0 I : lock_acquire+0x1cc/0x218
01-01 08:00:55.394 0 0 I : _raw_spin_lock_irqsave+0x54/0x98
01-01 08:00:55.394 0 0 I : ion_system_secure_heap_prefetch_work+0x94/0x2c0
01-01 08:00:55.394 0 0 I : process_one_work+0x38c/0x660
01-01 08:00:55.394 0 0 I : worker_thread+0x268/0x4b8
01-01 08:00:55.394 0 0 I : kthread+0x140/0x150
01-01 08:00:55.394 0 0 I : ret_from_fork+0x10/0x1c
10-14 01:23:45.150 1132 1216 W KeyguardServiceDelegate: onScreenTurningOn(): no keyguard service!
01-01 08:00:55.397 0 0 E : INFO: trying to register non-static key.
01-01 08:00:55.402 0 0 I binder : 2475:2475 ioctl 40046210 7fdf07ae54 returned -22
01-01 08:00:55.402 0 0 E : the code is fine but needs lockdep annotation.
01-01 08:00:55.402 0 0 I : CPU: 7 PID: 291 Comm: kworker/u16:8 Tainted: G S W O 4.19.157+ #1
01-01 08:00:55.408 0 0 I Hardware name: Qualcomm Technologies, Inc. kona MTP-RmPM8150b. VX1(MCE) EVT2 (DT)
01-01 08:00:55.408 0 0 I Workqueue: events_unbound ion_system_secure_heap_prefetch_work
01-01 08:00:55.408 0 0 I Call trace:
01-01 08:00:55.408 0 0 I : dump_backtrace+0x0/0x258
01-01 08:00:55.408 0 0 I : show_stack+0x20/0x30
01-01 08:00:55.408 0 0 I : dump_stack+0xd8/0x12c
01-01 08:00:55.408 0 0 I : register_lock_class+0x4d0/0x5c8
01-01 08:00:55.408 0 0 I : __lock_acquire+0xbc/0x1e58
01-01 08:00:55.408 0 0 I : lock_acquire+0x1cc/0x218
01-01 08:00:55.408 0 0 I : _raw_spin_lock_irqsave+0x54/0x98
01-01 08:00:55.408 0 0 I : ion_system_secure_heap_prefetch_work+0x94/0x2c0
01-01 08:00:55.408 0 0 I : process_one_work+0x38c/0x660
01-01 08:00:55.408 0 0 I : worker_thread+0x268/0x4b8
01-01 08:00:55.408 0 0 I : kthread+0x140/0x150
01-01 08:00:55.408 0 0 I : ret_from_fork+0x10/0x1c
10-14 01:23:45.156 1132 1215 I DropBoxManagerService: add tag=system_app_strictmode isTagEnabled=true flags=0x2
01-01 08:00:55.411 0 0 E : INFO: trying to register non-static key.
10-14 01:23:45.166 1132 1925 D CompatibilityChangeReporter: Compat change id reported: 168419799; UID 10088; state: DISABLED
01-01 08:00:55.416 0 0 E : the code is fine but needs lockdep annotation.
01-01 08:00:55.422 0 0 I : CPU: 7 PID: 291 Comm: kworker/u16:8 Tainted: G S W O 4.19.157+ #1
01-01 08:00:55.422 0 0 I Hardware name: Qualcomm Technologies, Inc. kona MTP-RmPM8150b. VX1(MCE) EVT2 (DT)
01-01 08:00:55.422 0 0 I Workqueue: events_unbound ion_system_secure_heap_prefetch_work
01-01 08:00:55.422 0 0 I Call trace:
01-01 08:00:55.422 0 0 I : dump_backtrace+0x0/0x258
01-01 08:00:55.422 0 0 I : show_stack+0x20/0x30
01-01 08:00:55.422 0 0 I : dump_stack+0xd8/0x12c
01-01 08:00:55.422 0 0 I : register_lock_class+0x4d0/0x5c8
01-01 08:00:55.422 0 0 I : __lock_acquire+0xbc/0x1e58
01-01 08:00:55.422 0 0 I : lock_acquire+0x1cc/0x218
01-01 08:00:55.422 0 0 I : _raw_spin_lock_irqsave+0x54/0x98
01-01 08:00:55.422 0 0 I : ion_system_secure_heap_prefetch_work+0x94/0x2c0
01-01 08:00:55.422 0 0 I : process_one_work+0x38c/0x660
01-01 08:00:55.422 0 0 I : worker_thread+0x268/0x4b8
01-01 08:00:55.422 0 0 I : kthread+0x140/0x150
01-01 08:00:55.422 0 0 I : ret_from_fork+0x10/0x1c
01-01 08:00:55.425 0 0 I msm_vidc: high: 00000001: ....d: Opening video instance: ffffffee56d98000, 1
01-01 08:00:55.425 0 0 E : INFO: trying to register non-static key.
01-01 08:00:55.431 0 0 E : the code is fine but needs lockdep annotation.
01-01 08:00:55.436 0 0 I : CPU: 7 PID: 291 Comm: kworker/u16:8 Tainted: G S W O 4.19.157+ #1
01-01 08:00:55.436 0 0 I Hardware name: Qualcomm Technologies, Inc. kona MTP-RmPM8150b. VX1(MCE) EVT2 (DT)
01-01 08:00:55.436 0 0 I Workqueue: events_unbound ion_system_secure_heap_prefetch_work
01-01 08:00:55.436 0 0 I Call trace:
01-01 08:00:55.436 0 0 I : dump_backtrace+0x0/0x258
01-01 08:00:55.436 0 0 I : show_stack+0x20/0x30
01-01 08:00:55.436 0 0 I : dump_stack+0xd8/0x12c
01-01 08:00:55.436 0 0 I : register_lock_class+0x4d0/0x5c8
01-01 08:00:55.436 0 0 I : __lock_acquire+0xbc/0x1e58
10-14 01:23:45.178 1132 1215 I DropBoxManagerService: add tag=system_app_strictmode isTagEnabled=true flags=0x2
01-01 08:00:55.436 0 0 I : lock_acquire+0x1cc/0x218
01-01 08:00:55.436 0 0 I : _raw_spin_lock_irqsave+0x54/0x98
01-01 08:00:55.436 0 0 I : ion_system_secure_heap_prefetch_work+0x94/0x2c0
01-01 08:00:55.436 0 0 I : process_one_work+0x38c/0x660
01-01 08:00:55.436 0 0 I : worker_thread+0x268/0x4b8
01-01 08:00:55.436 0 0 I : kthread+0x140/0x150
01-01 08:00:55.436 0 0 I : ret_from_fork+0x10/0x1c
10-14 01:23:45.197 1132 1215 I DropBoxManagerService: add tag=system_app_strictmode isTagEnabled=true flags=0x2
01-01 08:00:55.444 0 0 E : INFO: trying to register non-static key.
01-01 08:00:55.449 0 0 E : the code is fine but needs lockdep annotation.
01-01 08:00:55.454 0 0 I : CPU: 7 PID: 291 Comm: kworker/u16:8 Tainted: G S W O 4.19.157+ #1
01-01 08:00:55.454 0 0 I Hardware name: Qualcomm Technologies, Inc. kona MTP-RmPM8150b. VX1(MCE) EVT2 (DT)
01-01 08:00:55.454 0 0 I Workqueue: events_unbound ion_system_secure_heap_prefetch_work
01-01 08:00:55.454 0 0 I Call trace:
01-01 08:00:55.454 0 0 I : dump_backtrace+0x0/0x258
01-01 08:00:55.454 0 0 I : show_stack+0x20/0x30
01-01 08:00:55.454 0 0 I : dump_stack+0xd8/0x12c
01-01 08:00:55.454 0 0 I : register_lock_class+0x4d0/0x5c8
01-01 08:00:55.454 0 0 I : __lock_acquire+0xbc/0x1e58
01-01 08:00:55.454 0 0 I : lock_acquire+0x1cc/0x218
01-01 08:00:55.454 0 0 I : _raw_spin_lock_irqsave+0x54/0x98
01-01 08:00:55.454 0 0 I : ion_system_secure_heap_prefetch_work+0x94/0x2c0
01-01 08:00:55.454 0 0 I : process_one_work+0x38c/0x660
01-01 08:00:55.454 0 0 I : worker_thread+0x268/0x4b8
01-01 08:00:55.454 0 0 I : kthread+0x140/0x150
01-01 08:00:55.454 0 0 I : ret_from_fork+0x10/0x1c
10-14 01:23:45.208 1132 1215 I DropBoxManagerService: add tag=system_app_strictmode isTagEnabled=true flags=0x2
01-01 08:00:55.458 0 0 E : INFO: trying to register non-static key.
01-01 08:00:55.463 0 0 E : the code is fine but needs lockdep annotation.
01-01 08:00:55.469 0 0 I : CPU: 7 PID: 291 Comm: kworker/u16:8 Tainted: G S W O 4.19.157+ #1
01-01 08:00:55.469 0 0 I Hardware name: Qualcomm Technologies, Inc. kona MTP-RmPM8150b. VX1(MCE) EVT2 (DT)
01-01 08:00:55.469 0 0 I Workqueue: events_unbound ion_system_secure_heap_prefetch_work
01-01 08:00:55.469 0 0 I Call trace:
01-01 08:00:55.469 0 0 I : dump_backtrace+0x0/0x258
01-01 08:00:55.469 0 0 I : show_stack+0x20/0x30
01-01 08:00:55.469 0 0 I : dump_stack+0xd8/0x12c
01-01 08:00:55.469 0 0 I : register_lock_class+0x4d0/0x5c8
01-01 08:00:55.469 0 0 I : __lock_acquire+0xbc/0x1e58
01-01 08:00:55.469 0 0 I : lock_acquire+0x1cc/0x218
01-01 08:00:55.469 0 0 I : _raw_spin_lock_irqsave+0x54/0x98
01-01 08:00:55.469 0 0 I : ion_system_secure_heap_prefetch_work+0x94/0x2c0
01-01 08:00:55.469 0 0 I : process_one_work+0x38c/0x660
01-01 08:00:55.469 0 0 I : worker_thread+0x268/0x4b8
01-01 08:00:55.469 0 0 I : kthread+0x140/0x150
01-01 08:00:55.469 0 0 I : ret_from_fork+0x10/0x1c
01-01 08:00:55.471 0 0 E : INFO: trying to register non-static key.
01-01 08:00:55.471 0 0 I msm_vidc: high: 00000001: h265d: Closed video instance: ffffffee56d98000
01-01 08:00:55.476 0 0 E : the code is fine but needs lockdep annotation.
01-01 08:00:55.476 0 0 I : CPU: 7 PID: 291 Comm: kworker/u16:8 Tainted: G S W O 4.19.157+ #1
01-01 08:00:55.476 0 0 I Hardware name: Qualcomm Technologies, Inc. kona MTP-RmPM8150b. VX1(MCE) EVT2 (DT)
01-01 08:00:55.476 0 0 I Workqueue: events_unbound ion_system_secure_heap_prefetch_work
01-01 08:00:55.476 0 0 I Call trace:
01-01 08:00:55.476 0 0 I : dump_backtrace+0x0/0x258
01-01 08:00:55.476 0 0 I : show_stack+0x20/0x30
01-01 08:00:55.476 0 0 I : dump_stack+0xd8/0x12c
01-01 08:00:55.476 0 0 I : register_lock_class+0x4d0/0x5c8
01-01 08:00:55.476 0 0 I : __lock_acquire+0xbc/0x1e58
01-01 08:00:55.476 0 0 I : lock_acquire+0x1cc/0x218
01-01 08:00:55.476 0 0 I : _raw_spin_lock_irqsave+0x54/0x98
01-01 08:00:55.476 0 0 I : ion_system_secure_heap_prefetch_work+0x94/0x2c0
01-01 08:00:55.476 0 0 I : process_one_work+0x38c/0x660
01-01 08:00:55.476 0 0 I : worker_thread+0x268/0x4b8
01-01 08:00:55.476 0 0 I : kthread+0x140/0x150
01-01 08:00:55.476 0 0 I : ret_from_fork+0x10/0x1c
01-01 08:00:55.479 0 0 E : INFO: trying to register non-static key.
01-01 08:00:55.488 0 0 E : the code is fine but needs lockdep annotation.
01-01 08:00:55.493 0 0 I : CPU: 7 PID: 291 Comm: kworker/u16:8 Tainted: G S W O 4.19.157+ #1
01-01 08:00:55.493 0 0 I Hardware name: Qualcomm Technologies, Inc. kona MTP-RmPM8150b. VX1(MCE) EVT2 (DT)
01-01 08:00:55.493 0 0 I Workqueue: events_unbound ion_system_secure_heap_prefetch_work
01-01 08:00:55.493 0 0 I Call trace:
01-01 08:00:55.493 0 0 I : dump_backtrace+0x0/0x258
01-01 08:00:55.493 0 0 I : show_stack+0x20/0x30
01-01 08:00:55.493 0 0 I : dump_stack+0xd8/0x12c
01-01 08:00:55.493 0 0 I : register_lock_class+0x4d0/0x5c8
01-01 08:00:55.493 0 0 I : __lock_acquire+0xbc/0x1e58
01-01 08:00:55.493 0 0 I : lock_acquire+0x1cc/0x218
01-01 08:00:55.493 0 0 I : _raw_spin_lock_irqsave+0x54/0x98
01-01 08:00:55.493 0 0 I : ion_system_secure_heap_prefetch_work+0x94/0x2c0
01-01 08:00:55.493 0 0 I : process_one_work+0x38c/0x660
01-01 08:00:55.493 0 0 I : worker_thread+0x268/0x4b8
01-01 08:00:55.493 0 0 I : kthread+0x140/0x150
01-01 08:00:55.493 0 0 I : ret_from_fork+0x10/0x1c
01-01 08:00:55.496 0 0 E : INFO: trying to register non-static key.
01-01 08:00:55.501 0 0 E : the code is fine but needs lockdep annotation.
01-01 08:00:55.507 0 0 I : CPU: 7 PID: 291 Comm: kworker/u16:8 Tainted: G S W O 4.19.157+ #1
01-01 08:00:55.507 0 0 I Hardware name: Qualcomm Technologies, Inc. kona MTP-RmPM8150b. VX1(MCE) EVT2 (DT)
01-01 08:00:55.507 0 0 I Workqueue: events_unbound ion_system_secure_heap_prefetch_work
01-01 08:00:55.507 0 0 I Call trace:
01-01 08:00:55.507 0 0 I : dump_backtrace+0x0/0x258
01-01 08:00:55.507 0 0 I : show_stack+0x20/0x30
01-01 08:00:55.507 0 0 I : dump_stack+0xd8/0x12c
01-01 08:00:55.507 0 0 I : register_lock_class+0x4d0/0x5c8
01-01 08:00:55.507 0 0 I : __lock_acquire+0xbc/0x1e58
01-01 08:00:55.507 0 0 I : lock_acquire+0x1cc/0x218
01-01 08:00:55.507 0 0 I : _raw_spin_lock_irqsave+0x54/0x98
01-01 08:00:55.507 0 0 I : ion_system_secure_heap_prefetch_work+0x94/0x2c0
01-01 08:00:55.507 0 0 I : process_one_work+0x38c/0x660
01-01 08:00:55.507 0 0 I : worker_thread+0x268/0x4b8
01-01 08:00:55.507 0 0 I : kthread+0x140/0x150
01-01 08:00:55.507 0 0 I : ret_from_fork+0x10/0x1c
01-01 08:00:55.515 0 0 E : INFO: trying to register non-static key.
01-01 08:00:55.520 0 0 E : the code is fine but needs lockdep annotation.
01-01 08:00:55.526 0 0 I : CPU: 7 PID: 291 Comm: kworker/u16:8 Tainted: G S W O 4.19.157+ #1
01-01 08:00:55.526 0 0 I Hardware name: Qualcomm Technologies, Inc. kona MTP-RmPM8150b. VX1(MCE) EVT2 (DT)
01-01 08:00:55.526 0 0 I Workqueue: events_unbound ion_system_secure_heap_prefetch_work
01-01 08:00:55.526 0 0 I Call trace:
01-01 08:00:55.526 0 0 I : dump_backtrace+0x0/0x258
01-01 08:00:55.526 0 0 I : show_stack+0x20/0x30
01-01 08:00:55.526 0 0 I : dump_stack+0xd8/0x12c
01-01 08:00:55.526 0 0 I : register_lock_class+0x4d0/0x5c8
01-01 08:00:55.526 0 0 I : __lock_acquire+0xbc/0x1e58
01-01 08:00:55.526 0 0 I : lock_acquire+0x1cc/0x218
01-01 08:00:55.526 0 0 I : _raw_spin_lock_irqsave+0x54/0x98
01-01 08:00:55.526 0 0 I : ion_system_secure_heap_prefetch_work+0x94/0x2c0
01-01 08:00:55.526 0 0 I : process_one_work+0x38c/0x660
01-01 08:00:55.526 0 0 I : worker_thread+0x268/0x4b8
01-01 08:00:55.526 0 0 I : kthread+0x140/0x150
01-01 08:00:55.526 0 0 I : ret_from_fork+0x10/0x1c
01-01 08:00:55.534 0 0 E : INFO: trying to register non-static key.
01-01 08:00:55.539 0 0 E : the code is fine but needs lockdep annotation.
01-01 08:00:55.544 0 0 I : CPU: 7 PID: 291 Comm: kworker/u16:8 Tainted: G S W O 4.19.157+ #1
01-01 08:00:55.544 0 0 I Hardware name: Qualcomm Technologies, Inc. kona MTP-RmPM8150b. VX1(MCE) EVT2 (DT)
01-01 08:00:55.544 0 0 I Workqueue: events_unbound ion_system_secure_heap_prefetch_work
01-01 08:00:55.544 0 0 I Call trace:
01-01 08:00:55.544 0 0 I : dump_backtrace+0x0/0x258
01-01 08:00:55.544 0 0 I : show_stack+0x20/0x30
01-01 08:00:55.544 0 0 I : dump_stack+0xd8/0x12c
01-01 08:00:55.544 0 0 I : register_lock_class+0x4d0/0x5c8
01-01 08:00:55.544 0 0 I : __lock_acquire+0xbc/0x1e58
01-01 08:00:55.544 0 0 I : lock_acquire+0x1cc/0x218
01-01 08:00:55.544 0 0 I : _raw_spin_lock_irqsave+0x54/0x98
01-01 08:00:55.544 0 0 I : ion_system_secure_heap_prefetch_work+0x94/0x2c0
01-01 08:00:55.544 0 0 I : process_one_work+0x38c/0x660
01-01 08:00:55.544 0 0 I : worker_thread+0x268/0x4b8
01-01 08:00:55.544 0 0 I : kthread+0x140/0x150
01-01 08:00:55.544 0 0 I : ret_from_fork+0x10/0x1c
01-01 08:00:55.553 0 0 E : INFO: trying to register non-static key.
01-01 08:00:55.558 0 0 E : the code is fine but needs lockdep annotation.
01-01 08:00:55.563 0 0 I : CPU: 7 PID: 291 Comm: kworker/u16:8 Tainted: G S W O 4.19.157+ #1
01-01 08:00:55.563 0 0 I Hardware name: Qualcomm Technologies, Inc. kona MTP-RmPM8150b. VX1(MCE) EVT2 (DT)
01-01 08:00:55.563 0 0 I Workqueue: events_unbound ion_system_secure_heap_prefetch_work
01-01 08:00:55.563 0 0 I Call trace:
01-01 08:00:55.563 0 0 I : dump_backtrace+0x0/0x258
01-01 08:00:55.563 0 0 I : show_stack+0x20/0x30
01-01 08:00:55.563 0 0 I : dump_stack+0xd8/0x12c
01-01 08:00:55.563 0 0 I : register_lock_class+0x4d0/0x5c8
01-01 08:00:55.563 0 0 I : __lock_acquire+0xbc/0x1e58
01-01 08:00:55.563 0 0 I : lock_acquire+0x1cc/0x218
01-01 08:00:55.563 0 0 I : _raw_spin_lock_irqsave+0x54/0x98
01-01 08:00:55.563 0 0 I : ion_system_secure_heap_prefetch_work+0x94/0x2c0
01-01 08:00:55.563 0 0 I : process_one_work+0x38c/0x660
01-01 08:00:55.563 0 0 I : worker_thread+0x268/0x4b8
01-01 08:00:55.563 0 0 I : kthread+0x140/0x150
01-01 08:00:55.563 0 0 I : ret_from_fork+0x10/0x1c
01-01 08:00:55.571 0 0 E : INFO: trying to register non-static key.
01-01 08:00:55.576 0 0 E : the code is fine but needs lockdep annotation.
01-01 08:00:55.582 0 0 I : CPU: 7 PID: 291 Comm: kworker/u16:8 Tainted: G S W O 4.19.157+ #1
01-01 08:00:55.582 0 0 I Hardware name: Qualcomm Technologies, Inc. kona MTP-RmPM8150b. VX1(MCE) EVT2 (DT)
01-01 08:00:55.582 0 0 I Workqueue: events_unbound ion_system_secure_heap_prefetch_work
01-01 08:00:55.582 0 0 I Call trace:
01-01 08:00:55.582 0 0 I : dump_backtrace+0x0/0x258
01-01 08:00:55.582 0 0 I : show_stack+0x20/0x30
01-01 08:00:55.582 0 0 I : dump_stack+0xd8/0x12c
01-01 08:00:55.582 0 0 I : register_lock_class+0x4d0/0x5c8
01-01 08:00:55.582 0 0 I : __lock_acquire+0xbc/0x1e58
01-01 08:00:55.582 0 0 I : lock_acquire+0x1cc/0x218
01-01 08:00:55.582 0 0 I : _raw_spin_lock_irqsave+0x54/0x98
01-01 08:00:55.582 0 0 I : ion_system_secure_heap_prefetch_work+0x94/0x2c0
01-01 08:00:55.582 0 0 I : process_one_work+0x38c/0x660
01-01 08:00:55.582 0 0 I : worker_thread+0x268/0x4b8
01-01 08:00:55.582 0 0 I : kthread+0x140/0x150
01-01 08:00:55.582 0 0 I : ret_from_fork+0x10/0x1c
01-01 08:00:55.587 0 0 I msm_vidc: high: 00000001: ....d: Opening video instance: ffffffeed9b2c000, 1
01-01 08:00:55.590 0 0 E : INFO: trying to register non-static key.
10-14 01:23:45.339 1132 1925 D CompatibilityChangeReporter: Compat change id reported: 171306433; UID 1000; state: ENABLED
10-14 01:23:45.355 1132 1215 I DropBoxManagerService: add tag=system_app_strictmode isTagEnabled=true flags=0x2
10-14 01:23:45.357 1132 1925 D CompatibilityChangeReporter: Compat change id reported: 168419799; UID 10087; state: DISABLED
10-14 01:23:45.362 1132 1215 I DropBoxManagerService: add tag=system_app_strictmode isTagEnabled=true flags=0x2
01-01 08:00:55.595 0 0 E : the code is fine but needs lockdep annotation.
01-01 08:00:55.596 0 0 E : INFO: trying to register non-static key.
01-01 08:00:55.601 0 0 I : CPU: 7 PID: 291 Comm: kworker/u16:8 Tainted: G S W O 4.19.157+ #1
01-01 08:00:55.601 0 0 I Hardware name: Qualcomm Technologies, Inc. kona MTP-RmPM8150b. VX1(MCE) EVT2 (DT)
01-01 08:00:55.606 0 0 I Workqueue: events_unbound ion_system_secure_heap_prefetch_work
01-01 08:00:55.606 0 0 E : the code is fine but needs lockdep annotation.
01-01 08:00:55.606 0 0 I Call trace:
01-01 08:00:55.606 0 0 I : dump_backtrace+0x0/0x258
01-01 08:00:55.606 0 0 I : show_stack+0x20/0x30
01-01 08:00:55.612 0 0 I : dump_stack+0xd8/0x12c
01-01 08:00:55.612 0 0 I : register_lock_class+0x4d0/0x5c8
01-01 08:00:55.612 0 0 I : __lock_acquire+0xbc/0x1e58
01-01 08:00:55.612 0 0 I : lock_acquire+0x1cc/0x218
01-01 08:00:55.612 0 0 I : _raw_spin_lock_irqsave+0x54/0x98
01-01 08:00:55.612 0 0 I : ion_system_secure_heap_prefetch_work+0x94/0x2c0
01-01 08:00:55.612 0 0 I : process_one_work+0x38c/0x660
01-01 08:00:55.612 0 0 I : worker_thread+0x268/0x4b8
01-01 08:00:55.612 0 0 I : kthread+0x140/0x150
10-14 01:23:45.366 1132 1215 I DropBoxManagerService: add tag=system_app_strictmode isTagEnabled=true flags=0x2
01-01 08:00:55.612 0 0 I : ret_from_fork+0x10/0x1c
01-01 08:00:55.612 0 0 I : CPU: 2 PID: 2509 Comm: VideoDecMsgThre Tainted: G S W O 4.19.157+ #1
01-01 08:00:55.612 0 0 I Hardware name: Qualcomm Technologies, Inc. kona MTP-RmPM8150b. VX1(MCE) EVT2 (DT)
01-01 08:00:55.612 0 0 I Call trace:
01-01 08:00:55.612 0 0 I : dump_backtrace+0x0/0x258
01-01 08:00:55.612 0 0 I : show_stack+0x20/0x30
01-01 08:00:55.612 0 0 I : dump_stack+0xd8/0x12c
01-01 08:00:55.612 0 0 I : register_lock_class+0x4d0/0x5c8
01-01 08:00:55.612 0 0 I : __lock_acquire+0xbc/0x1e58
01-01 08:00:55.612 0 0 I : lock_acquire+0x1cc/0x218
01-01 08:00:55.612 0 0 I : _raw_spin_lock_irqsave+0x54/0x98
01-01 08:00:55.612 0 0 I : __ion_system_secure_heap_resize+0x768/0x8c0
01-01 08:00:55.612 0 0 I : ion_system_secure_heap_prefetch+0x28/0x38
01-01 08:00:55.612 0 0 I : ion_walk_heaps+0x88/0xb8
01-01 08:00:55.612 0 0 I : ion_ioctl+0x1b0/0x2a8
01-01 08:00:55.612 0 0 I : __arm64_compat_sys_ioctl+0xf4/0x240
01-01 08:00:55.612 0 0 I : el0_svc_common+0xa4/0x190
01-01 08:00:55.612 0 0 I : el0_svc_compat_handler+0x28/0x38
01-01 08:00:55.612 0 0 I : el0_svc_compat+0x8/0x34
01-01 08:00:55.614 0 0 E : INFO: trying to register non-static key.
01-01 08:00:55.619 0 0 E : the code is fine but needs lockdep annotation.
01-01 08:00:55.620 0 0 E : INFO: trying to register non-static key.
01-01 08:00:55.625 0 0 I : CPU: 0 PID: 2509 Comm: VideoDecMsgThre Tainted: G S W O 4.19.157+ #1
01-01 08:00:55.630 0 0 E : the code is fine but needs lockdep annotation.
01-01 08:00:55.636 0 0 I Hardware name: Qualcomm Technologies, Inc. kona MTP-RmPM8150b. VX1(MCE) EVT2 (DT)
01-01 08:00:55.636 0 0 I Call trace:
01-01 08:00:55.636 0 0 I : dump_backtrace+0x0/0x258
01-01 08:00:55.636 0 0 I : show_stack+0x20/0x30
01-01 08:00:55.636 0 0 I : dump_stack+0xd8/0x12c
01-01 08:00:55.636 0 0 I : register_lock_class+0x4d0/0x5c8
01-01 08:00:55.636 0 0 I : __lock_acquire+0xbc/0x1e58
01-01 08:00:55.636 0 0 I : lock_acquire+0x1cc/0x218
01-01 08:00:55.636 0 0 I : _raw_spin_lock_irqsave+0x54/0x98
01-01 08:00:55.636 0 0 I : __ion_system_secure_heap_resize+0x768/0x8c0
01-01 08:00:55.636 0 0 I : ion_system_secure_heap_prefetch+0x28/0x38
01-01 08:00:55.636 0 0 I : ion_walk_heaps+0x88/0xb8
01-01 08:00:55.636 0 0 I : ion_ioctl+0x1b0/0x2a8
01-01 08:00:55.636 0 0 I : __arm64_compat_sys_ioctl+0xf4/0x240
01-01 08:00:55.636 0 0 I : el0_svc_common+0xa4/0x190
01-01 08:00:55.636 0 0 I : el0_svc_compat_handler+0x28/0x38
01-01 08:00:55.636 0 0 I : el0_svc_compat+0x8/0x34
01-01 08:00:55.636 0 0 I : CPU: 7 PID: 291 Comm: kworker/u16:8 Tainted: G S W O 4.19.157+ #1
01-01 08:00:55.636 0 0 I Hardware name: Qualcomm Technologies, Inc. kona MTP-RmPM8150b. VX1(MCE) EVT2 (DT)
01-01 08:00:55.636 0 0 I Workqueue: events_unbound ion_system_secure_heap_prefetch_work
01-01 08:00:55.636 0 0 I Call trace:
01-01 08:00:55.636 0 0 I : dump_backtrace+0x0/0x258
01-01 08:00:55.636 0 0 I : show_stack+0x20/0x30
01-01 08:00:55.636 0 0 I : dump_stack+0xd8/0x12c
01-01 08:00:55.636 0 0 I : register_lock_class+0x4d0/0x5c8
01-01 08:00:55.636 0 0 I : __lock_acquire+0xbc/0x1e58
01-01 08:00:55.636 0 0 I : lock_acquire+0x1cc/0x218
01-01 08:00:55.636 0 0 I : _raw_spin_lock_irqsave+0x54/0x98
01-01 08:00:55.636 0 0 I : ion_system_secure_heap_prefetch_work+0x94/0x2c0
01-01 08:00:55.636 0 0 I : process_one_work+0x38c/0x660
01-01 08:00:55.636 0 0 I : worker_thread+0x268/0x4b8
01-01 08:00:55.636 0 0 I : kthread+0x140/0x150
01-01 08:00:55.636 0 0 I : ret_from_fork+0x10/0x1c
01-01 08:00:55.637 0 0 E : INFO: trying to register non-static key.
01-01 08:00:55.642 0 0 E : the code is fine but needs lockdep annotation.
01-01 08:00:55.643 0 0 E : INFO: trying to register non-static key.
01-01 08:00:55.647 0 0 I : CPU: 5 PID: 2231 Comm: HwBinder:1311_3 Tainted: G S W O 4.19.157+ #1
01-01 08:00:55.653 0 0 E : the code is fine but needs lockdep annotation.
01-01 08:00:55.653 0 0 I Hardware name: Qualcomm Technologies, Inc. kona MTP-RmPM8150b. VX1(MCE) EVT2 (DT)
01-01 08:00:55.653 0 0 I Call trace:
01-01 08:00:55.658 0 0 I : dump_backtrace+0x0/0x258
01-01 08:00:55.658 0 0 I : show_stack+0x20/0x30
01-01 08:00:55.658 0 0 I : dump_stack+0xd8/0x12c
01-01 08:00:55.658 0 0 I : register_lock_class+0x4d0/0x5c8
01-01 08:00:55.658 0 0 I : __lock_acquire+0xbc/0x1e58
01-01 08:00:55.658 0 0 I : lock_acquire+0x1cc/0x218
01-01 08:00:55.658 0 0 I : _raw_spin_lock_irqsave+0x54/0x98
01-01 08:00:55.658 0 0 I : __ion_system_secure_heap_resize+0x768/0x8c0
01-01 08:00:55.658 0 0 I : ion_system_secure_heap_drain+0x28/0x38
01-01 08:00:55.658 0 0 I : ion_walk_heaps+0x88/0xb8
01-01 08:00:55.658 0 0 I : ion_ioctl+0x1b0/0x2a8
01-01 08:00:55.658 0 0 I : __arm64_compat_sys_ioctl+0xf4/0x240
01-01 08:00:55.658 0 0 I : el0_svc_common+0xa4/0x190
01-01 08:00:55.658 0 0 I : el0_svc_compat_handler+0x28/0x38
01-01 08:00:55.658 0 0 I : el0_svc_compat+0x8/0x34
01-01 08:00:55.658 0 0 I : CPU: 7 PID: 291 Comm: kworker/u16:8 Tainted: G S W O 4.19.157+ #1
01-01 08:00:55.658 0 0 I Hardware name: Qualcomm Technologies, Inc. kona MTP-RmPM8150b. VX1(MCE) EVT2 (DT)
01-01 08:00:55.658 0 0 I Workqueue: events_unbound ion_system_secure_heap_prefetch_work
01-01 08:00:55.658 0 0 I Call trace:
01-01 08:00:55.658 0 0 I : dump_backtrace+0x0/0x258
01-01 08:00:55.658 0 0 I : show_stack+0x20/0x30
01-01 08:00:55.658 0 0 I : dump_stack+0xd8/0x12c
01-01 08:00:55.658 0 0 I : register_lock_class+0x4d0/0x5c8
01-01 08:00:55.658 0 0 I : __lock_acquire+0xbc/0x1e58
01-01 08:00:55.658 0 0 I : lock_acquire+0x1cc/0x218
01-01 08:00:55.658 0 0 I : _raw_spin_lock_irqsave+0x54/0x98
01-01 08:00:55.658 0 0 I : ion_system_secure_heap_prefetch_work+0x94/0x2c0
01-01 08:00:55.658 0 0 I : process_one_work+0x38c/0x660
01-01 08:00:55.658 0 0 I : worker_thread+0x268/0x4b8
01-01 08:00:55.658 0 0 I : kthread+0x140/0x150
01-01 08:00:55.658 0 0 I : ret_from_fork+0x10/0x1c
01-01 08:00:55.662 0 0 E : INFO: trying to register non-static key.
01-01 08:00:55.667 0 0 E : INFO: trying to register non-static key.
01-01 08:00:55.667 0 0 E : the code is fine but needs lockdep annotation.
01-01 08:00:55.672 0 0 E : the code is fine but needs lockdep annotation.
01-01 08:00:55.678 0 0 I : CPU: 5 PID: 2231 Comm: HwBinder:1311_3 Tainted: G S W O 4.19.157+ #1
01-01 08:00:55.683 0 0 I Hardware name: Qualcomm Technologies, Inc. kona MTP-RmPM8150b. VX1(MCE) EVT2 (DT)
01-01 08:00:55.683 0 0 I Call trace:
01-01 08:00:55.683 0 0 I : dump_backtrace+0x0/0x258
01-01 08:00:55.683 0 0 I : show_stack+0x20/0x30
01-01 08:00:55.683 0 0 I : dump_stack+0xd8/0x12c
01-01 08:00:55.683 0 0 I : register_lock_class+0x4d0/0x5c8
01-01 08:00:55.683 0 0 I : __lock_acquire+0xbc/0x1e58
01-01 08:00:55.683 0 0 I : lock_acquire+0x1cc/0x218
01-01 08:00:55.683 0 0 I : _raw_spin_lock_irqsave+0x54/0x98
01-01 08:00:55.683 0 0 I : __ion_system_secure_heap_resize+0x768/0x8c0
01-01 08:00:55.683 0 0 I : ion_system_secure_heap_drain+0x28/0x38
01-01 08:00:55.683 0 0 I : ion_walk_heaps+0x88/0xb8
01-01 08:00:55.683 0 0 I : ion_ioctl+0x1b0/0x2a8
01-01 08:00:55.683 0 0 I : __arm64_compat_sys_ioctl+0xf4/0x240
01-01 08:00:55.683 0 0 I : el0_svc_common+0xa4/0x190
01-01 08:00:55.683 0 0 I : el0_svc_compat_handler+0x28/0x38
01-01 08:00:55.683 0 0 I : el0_svc_compat+0x8/0x34
01-01 08:00:55.683 0 0 I : CPU: 7 PID: 291 Comm: kworker/u16:8 Tainted: G S W O 4.19.157+ #1
01-01 08:00:55.683 0 0 I Hardware name: Qualcomm Technologies, Inc. kona MTP-RmPM8150b. VX1(MCE) EVT2 (DT)
01-01 08:00:55.683 0 0 I Workqueue: events_unbound ion_system_secure_heap_prefetch_work
01-01 08:00:55.683 0 0 I Call trace:
01-01 08:00:55.683 0 0 I : dump_backtrace+0x0/0x258
01-01 08:00:55.683 0 0 I : show_stack+0x20/0x30
01-01 08:00:55.683 0 0 I : dump_stack+0xd8/0x12c
01-01 08:00:55.683 0 0 I : register_lock_class+0x4d0/0x5c8
01-01 08:00:55.683 0 0 I : __lock_acquire+0xbc/0x1e58
01-01 08:00:55.683 0 0 I : lock_acquire+0x1cc/0x218
01-01 08:00:55.683 0 0 I : _raw_spin_lock_irqsave+0x54/0x98
01-01 08:00:55.683 0 0 I : ion_system_secure_heap_prefetch_work+0x94/0x2c0
01-01 08:00:55.683 0 0 I : process_one_work+0x38c/0x660
01-01 08:00:55.683 0 0 I : worker_thread+0x268/0x4b8
01-01 08:00:55.683 0 0 I : kthread+0x140/0x150
01-01 08:00:55.683 0 0 I : ret_from_fork+0x10/0x1c
01-01 08:00:55.686 0 0 I msm_vidc: high: 00000001: h265d: Closed video instance: ffffffeed9b2c000
01-01 08:00:55.692 0 0 E : INFO: trying to register non-static key.
01-01 08:00:55.697 0 0 E : the code is fine but needs lockdep annotation.
01-01 08:00:55.702 0 0 I : CPU: 7 PID: 291 Comm: kworker/u16:8 Tainted: G S W O 4.19.157+ #1
01-01 08:00:55.702 0 0 I Hardware name: Qualcomm Technologies, Inc. kona MTP-RmPM8150b. VX1(MCE) EVT2 (DT)
01-01 08:00:55.702 0 0 I Workqueue: events_unbound ion_system_secure_heap_prefetch_work
01-01 08:00:55.702 0 0 I Call trace:
01-01 08:00:55.702 0 0 I : dump_backtrace+0x0/0x258
01-01 08:00:55.702 0 0 I : show_stack+0x20/0x30
01-01 08:00:55.703 0 0 I : dump_stack+0xd8/0x12c
01-01 08:00:55.703 0 0 I : register_lock_class+0x4d0/0x5c8
01-01 08:00:55.703 0 0 I : __lock_acquire+0xbc/0x1e58
01-01 08:00:55.703 0 0 I : lock_acquire+0x1cc/0x218
01-01 08:00:55.703 0 0 I : _raw_spin_lock_irqsave+0x54/0x98
01-01 08:00:55.703 0 0 I : ion_system_secure_heap_prefetch_work+0x94/0x2c0
01-01 08:00:55.703 0 0 I : process_one_work+0x38c/0x660
01-01 08:00:55.703 0 0 I : worker_thread+0x268/0x4b8
01-01 08:00:55.703 0 0 I : kthread+0x140/0x150
01-01 08:00:55.703 0 0 I : ret_from_fork+0x10/0x1c
01-01 08:00:55.710 0 0 E : INFO: trying to register non-static key.
01-01 08:00:55.715 0 0 E : the code is fine but needs lockdep annotation.
01-01 08:00:55.721 0 0 I : CPU: 7 PID: 291 Comm: kworker/u16:8 Tainted: G S W O 4.19.157+ #1
01-01 08:00:55.721 0 0 I Hardware name: Qualcomm Technologies, Inc. kona MTP-RmPM8150b. VX1(MCE) EVT2 (DT)
01-01 08:00:55.721 0 0 I Workqueue: events_unbound ion_system_secure_heap_prefetch_work
01-01 08:00:55.721 0 0 I Call trace:
01-01 08:00:55.721 0 0 I : dump_backtrace+0x0/0x258
01-01 08:00:55.721 0 0 I : show_stack+0x20/0x30
01-01 08:00:55.721 0 0 I : dump_stack+0xd8/0x12c
01-01 08:00:55.721 0 0 I : register_lock_class+0x4d0/0x5c8
01-01 08:00:55.721 0 0 I : __lock_acquire+0xbc/0x1e58
01-01 08:00:55.721 0 0 I : lock_acquire+0x1cc/0x218
01-01 08:00:55.721 0 0 I : _raw_spin_lock_irqsave+0x54/0x98
01-01 08:00:55.721 0 0 I : ion_system_secure_heap_prefetch_work+0x94/0x2c0
01-01 08:00:55.721 0 0 I : process_one_work+0x38c/0x660
01-01 08:00:55.721 0 0 I : worker_thread+0x268/0x4b8
01-01 08:00:55.721 0 0 I : kthread+0x140/0x150
01-01 08:00:55.721 0 0 I : ret_from_fork+0x10/0x1c
01-01 08:00:55.726 0 0 I cnss-daemon: DMS thread joined succesfully
01-01 08:00:55.727 0 0 I cnss-daemon: wlfw_stop: Stop done: 0
01-01 08:00:55.727 0 0 I cnss-daemon: wlfw_start: Starting
01-01 08:00:55.729 0 0 E : INFO: trying to register non-static key.
01-01 08:00:55.734 0 0 E : the code is fine but needs lockdep annotation.
01-01 08:00:55.738 0 0 I cnss-daemon: wlfw_service_request: Start the pthread: 0x0K
01-01 08:00:55.739 0 0 I : CPU: 7 PID: 291 Comm: kworker/u16:8 Tainted: G S W O 4.19.157+ #1
01-01 08:00:55.739 0 0 I Hardware name: Qualcomm Technologies, Inc. kona MTP-RmPM8150b. VX1(MCE) EVT2 (DT)
01-01 08:00:55.739 0 0 I Workqueue: events_unbound ion_system_secure_heap_prefetch_work
01-01 08:00:55.739 0 0 I Call trace:
01-01 08:00:55.739 0 0 I : dump_backtrace+0x0/0x258
01-01 08:00:55.739 0 0 I : show_stack+0x20/0x30
01-01 08:00:55.739 0 0 I : dump_stack+0xd8/0x12c
01-01 08:00:55.739 0 0 I : register_lock_class+0x4d0/0x5c8
01-01 08:00:55.739 0 0 I : __lock_acquire+0xbc/0x1e58
01-01 08:00:55.739 0 0 I : lock_acquire+0x1cc/0x218
01-01 08:00:55.739 0 0 I : _raw_spin_lock_irqsave+0x54/0x98
01-01 08:00:55.739 0 0 I : ion_system_secure_heap_prefetch_work+0x94/0x2c0
01-01 08:00:55.739 0 0 I : process_one_work+0x38c/0x660
01-01 08:00:55.739 0 0 I : worker_thread+0x268/0x4b8
01-01 08:00:55.739 0 0 I : kthread+0x140/0x150
01-01 08:00:55.739 0 0 I : ret_from_fork+0x10/0x1c
01-01 08:00:55.740 0 0 I msm_vidc: high: 00000001: ....d: Opening video instance: ffffffeed9b2c000, 1
01-01 08:00:55.748 0 0 E : INFO: trying to register non-static key.
01-01 08:00:55.753 0 0 E : the code is fine but needs lockdep annotation.
01-01 08:00:55.757 0 0 I cnss-daemon: ro.baseband : [apq]
01-01 08:00:55.757 0 0 I cnss-daemon: Hardware supports external modem
01-01 08:00:55.759 0 0 I : CPU: 7 PID: 291 Comm: kworker/u16:8 Tainted: G S W O 4.19.157+ #1
01-01 08:00:55.759 0 0 I Hardware name: Qualcomm Technologies, Inc. kona MTP-RmPM8150b. VX1(MCE) EVT2 (DT)
01-01 08:00:55.759 0 0 I Workqueue: events_unbound ion_system_secure_heap_prefetch_work
01-01 08:00:55.759 0 0 I Call trace:
01-01 08:00:55.759 0 0 I : dump_backtrace+0x0/0x258
01-01 08:00:55.759 0 0 I : show_stack+0x20/0x30
01-01 08:00:55.759 0 0 I : dump_stack+0xd8/0x12c
01-01 08:00:55.759 0 0 I : register_lock_class+0x4d0/0x5c8
01-01 08:00:55.759 0 0 I : __lock_acquire+0xbc/0x1e58
01-01 08:00:55.759 0 0 I : lock_acquire+0x1cc/0x218
01-01 08:00:55.759 0 0 I : _raw_spin_lock_irqsave+0x54/0x98
01-01 08:00:55.759 0 0 I : ion_system_secure_heap_prefetch_work+0x94/0x2c0
01-01 08:00:55.759 0 0 I : process_one_work+0x38c/0x660
01-01 08:00:55.759 0 0 I : worker_thread+0x268/0x4b8
01-01 08:00:55.759 0 0 I : kthread+0x140/0x150
01-01 08:00:55.759 0 0 I : ret_from_fork+0x10/0x1c
01-01 08:00:55.760 0 0 I cnss-daemon: pm_release_vote: pm_handle is NULL
01-01 08:00:55.765 0 0 I msm_vidc: high: 00000001: mpg2d: Closed video instance: ffffffeed9b2c000
01-01 08:00:55.767 0 0 E : INFO: trying to register non-static key.
01-01 08:00:55.771 0 0 W logd : Skipping entries from slow reader, pid 1239, fd 14, from LogBuffer::Prune()
01-01 08:00:55.772 0 0 E : the code is fine but needs lockdep annotation.
01-01 08:00:55.772 0 0 I : CPU: 7 PID: 291 Comm: kworker/u16:8 Tainted: G S W O 4.19.157+ #1
01-01 08:00:55.778 0 0 I Hardware name: Qualcomm Technologies, Inc. kona MTP-RmPM8150b. VX1(MCE) EVT2 (DT)
01-01 08:00:55.778 0 0 I Workqueue: events_unbound ion_system_secure_heap_prefetch_work
01-01 08:00:55.778 0 0 I Call trace:
