10-14 01:23:50.308 1132 1271 I SystemServerTimingAsync: ssm.onUnlockingUser-0_com.android.role.RoleService
10-14 01:23:50.308 1132 1271 D SystemServerTimingAsync: ssm.onUnlockingUser-0_com.android.role.RoleService took to complete: 0ms
10-14 01:23:50.308 1132 1271 I SystemServerTimingAsync: ssm.onUnlockingUser-0_com.android.server.vibrator.VibratorManagerService$Lifecycle
10-14 01:23:50.308 1132 1271 D SystemServerTimingAsync: ssm.onUnlockingUser-0_com.android.server.vibrator.VibratorManagerService$Lifecycle took to complete: 0ms
10-14 01:23:50.308 1132 1271 I SystemServerTimingAsync: ssm.onUnlockingUser-0_com.android.server.alarm.AlarmManagerService
10-14 01:23:50.308 1132 1271 D SystemServerTimingAsync: ssm.onUnlockingUser-0_com.android.server.alarm.AlarmManagerService took to complete: 0ms
10-14 01:23:50.308 1132 1271 I SystemServerTimingAsync: ssm.onUnlockingUser-0_com.android.server.devicestate.DeviceStateManagerService
10-14 01:23:50.308 1132 1271 D SystemServerTimingAsync: ssm.onUnlockingUser-0_com.android.server.devicestate.DeviceStateManagerService took to complete: 0ms
10-14 01:23:50.308 1132 1271 I SystemServerTimingAsync: ssm.onUnlockingUser-0_com.android.server.camera.CameraServiceProxy
10-14 01:23:50.308 1132 1271 D SystemServerTimingAsync: ssm.onUnlockingUser-0_com.android.server.camera.CameraServiceProxy took to complete: 0ms
10-14 01:23:50.309 1132 1271 I SystemServerTimingAsync: ssm.onUnlockingUser-0_com.android.server.BluetoothService
10-14 01:23:50.309 1132 1271 D BluetoothManagerService: User 0 unlocked
10-14 01:23:50.309 1132 1271 D SystemServerTimingAsync: ssm.onUnlockingUser-0_com.android.server.BluetoothService took to complete: 0ms
10-14 01:23:50.309 1132 1271 I SystemServerTimingAsync: ssm.onUnlockingUser-0_com.android.server.connectivity.IpConnectivityMetrics
10-14 01:23:50.309 1132 1271 D SystemServerTimingAsync: ssm.onUnlockingUser-0_com.android.server.connectivity.IpConnectivityMetrics took to complete: 0ms
10-14 01:23:50.309 1132 1271 I SystemServerTimingAsync: ssm.onUnlockingUser-0_com.android.server.net.watchlist.NetworkWatchlistService$Lifecycle
10-14 01:23:50.309 1132 1271 D SystemServerTimingAsync: ssm.onUnlockingUser-0_com.android.server.net.watchlist.NetworkWatchlistService$Lifecycle took to complete: 0ms
10-14 01:23:50.309 1132 1271 I SystemServerTimingAsync: ssm.onUnlockingUser-0_com.android.server.PinnerService
10-14 01:23:50.309 1132 1271 D SystemServerTimingAsync: ssm.onUnlockingUser-0_com.android.server.PinnerService took to complete: 0ms
10-14 01:23:50.309 1132 1271 I SystemServerTimingAsync: ssm.onUnlockingUser-0_com.google.android.startop.iorap.IorapForwardingService
10-14 01:23:50.309 1132 1271 D SystemServerTimingAsync: ssm.onUnlockingUser-0_com.google.android.startop.iorap.IorapForwardingService took to complete: 0ms
10-14 01:23:50.309 1132 1271 I SystemServerTimingAsync: ssm.onUnlockingUser-0_com.android.server.ActivityTriggerService
10-14 01:23:50.309 1132 1271 D SystemServerTimingAsync: ssm.onUnlockingUser-0_com.android.server.ActivityTriggerService took to complete: 0ms
10-14 01:23:50.309 1132 1271 I SystemServerTimingAsync: ssm.onUnlockingUser-0_com.android.server.integrity.AppIntegrityManagerService
10-14 01:23:50.309 1132 1215 D BluetoothManagerService: MESSAGE_USER_UNLOCKED
10-14 01:23:50.309 1132 1271 D SystemServerTimingAsync: ssm.onUnlockingUser-0_com.android.server.integrity.AppIntegrityManagerService took to complete: 0ms
10-14 01:23:50.310 1132 1271 I SystemServerTimingAsync: ssm.onUnlockingUser-0_com.android.server.inputmethod.InputMethodManagerService$Lifecycle
10-14 01:23:50.320 1132 1271 D SystemServerTimingAsync: ssm.onUnlockingUser-0_com.android.server.inputmethod.InputMethodManagerService$Lifecycle took to complete: 11ms
10-14 01:23:50.320 1132 1271 I SystemServerTimingAsync: ssm.onUnlockingUser-0_com.android.server.accessibility.AccessibilityManagerService$Lifecycle
10-14 01:23:50.321 1132 1271 D SystemServerTimingAsync: ssm.onUnlockingUser-0_com.android.server.accessibility.AccessibilityManagerService$Lifecycle took to complete: 0ms
10-14 01:23:50.321 1132 1271 I SystemServerTimingAsync: ssm.onUnlockingUser-0_com.android.server.StorageManagerService$Lifecycle
10-14 01:23:50.321 1132 1271 D StorageManagerService: onUnlockUser 0
10-14 01:23:50.321 1132 1271 I StorageSessionController: On user unlock 0
10-14 01:23:50.321 1132 1271 I StorageSessionController: Initialialising...
10-14 01:23:50.321 551 551 I vold : onUserStarted: 0
10-14 01:23:50.323 1132 1166 V StorageManagerService: Found primary storage at VolumeInfo{emulated;0}:
10-14 01:23:50.323 1132 1166 V StorageManagerService: type=EMULATED diskId=null partGuid= mountFlags=0 mountUserId=0
10-14 01:23:50.323 1132 1166 V StorageManagerService: state=UNMOUNTED
10-14 01:23:50.323 1132 1166 V StorageManagerService: fsType=null fsUuid=null fsLabel=null
10-14 01:23:50.323 1132 1166 V StorageManagerService: path=null internalPath=null
10-14 01:23:50.323 1132 1721 I StorageManagerService: Mounting volume VolumeInfo{emulated;0}:
10-14 01:23:50.323 1132 1721 I StorageManagerService: type=EMULATED diskId=null partGuid= mountFlags=PRIMARY|VISIBLE
10-14 01:23:50.323 1132 1721 I StorageManagerService: mountUserId=0 state=UNMOUNTED
10-14 01:23:50.323 1132 1721 I StorageManagerService: fsType=null fsUuid=null fsLabel=null
10-14 01:23:50.323 1132 1721 I StorageManagerService: path=null internalPath=null
10-14 01:23:50.324 551 551 I vold : Executing sdcardfs
10-14 01:23:50.327 1132 1271 D SystemServerTimingAsync: ssm.onUnlockingUser-0_com.android.server.StorageManagerService$Lifecycle took to complete: 6ms
10-14 01:23:50.327 1132 1271 I SystemServerTimingAsync: ssm.onUnlockingUser-0_com.android.server.usage.StorageStatsService$Lifecycle
10-14 01:23:50.327 1132 1271 D SystemServerTimingAsync: ssm.onUnlockingUser-0_com.android.server.usage.StorageStatsService$Lifecycle took to complete: 0ms
10-14 01:23:50.327 1132 1271 I SystemServerTimingAsync: ssm.onUnlockingUser-0_com.android.server.UiModeManagerService
10-14 01:23:50.327 1132 1271 D SystemServerTimingAsync: ssm.onUnlockingUser-0_com.android.server.UiModeManagerService took to complete: 0ms
10-14 01:23:50.327 1132 1271 I SystemServerTimingAsync: ssm.onUnlockingUser-0_com.android.server.locksettings.LockSettingsService$Lifecycle
10-14 01:23:50.327 1132 1271 D SystemServerTimingAsync: ssm.onUnlockingUser-0_com.android.server.locksettings.LockSettingsService$Lifecycle took to complete: 0ms
10-14 01:23:50.327 1132 1271 I SystemServerTimingAsync: ssm.onUnlockingUser-0_com.android.server.PersistentDataBlockService
10-14 01:23:50.327 1132 1271 D SystemServerTimingAsync: ssm.onUnlockingUser-0_com.android.server.PersistentDataBlockService took to complete: 0ms
10-14 01:23:50.327 1132 1271 I SystemServerTimingAsync: ssm.onUnlockingUser-0_com.android.server.testharness.TestHarnessModeService
10-14 01:23:50.327 1132 1271 D SystemServerTimingAsync: ssm.onUnlockingUser-0_com.android.server.testharness.TestHarnessModeService took to complete: 0ms
10-14 01:23:50.327 1132 1271 I SystemServerTimingAsync: ssm.onUnlockingUser-0_com.android.server.oemlock.OemLockService
10-14 01:23:50.327 1132 1271 D SystemServerTimingAsync: ssm.onUnlockingUser-0_com.android.server.oemlock.OemLockService took to complete: 0ms
10-14 01:23:50.327 1132 1271 I SystemServerTimingAsync: ssm.onUnlockingUser-0_com.android.server.DeviceIdleController
10-14 01:23:50.327 1132 1271 D SystemServerTimingAsync: ssm.onUnlockingUser-0_com.android.server.DeviceIdleController took to complete: 0ms
10-14 01:23:50.327 1132 1271 I SystemServerTimingAsync: ssm.onUnlockingUser-0_com.android.server.devicepolicy.DevicePolicyManagerService$Lifecycle
10-14 01:23:50.327 1132 1271 D SystemServerTimingAsync: ssm.onUnlockingUser-0_com.android.server.devicepolicy.DevicePolicyManagerService$Lifecycle took to complete: 0ms
10-14 01:23:50.327 1132 1271 I SystemServerTimingAsync: ssm.onUnlockingUser-0_com.android.server.texttospeech.TextToSpeechManagerService
10-14 01:23:50.328 1132 1271 D SystemServerTimingAsync: ssm.onUnlockingUser-0_com.android.server.texttospeech.TextToSpeechManagerService took to complete: 0ms
10-14 01:23:50.328 1132 1271 I SystemServerTimingAsync: ssm.onUnlockingUser-0_com.android.server.speech.SpeechRecognitionManagerService
10-14 01:23:50.328 1132 1271 D SystemServerTimingAsync: ssm.onUnlockingUser-0_com.android.server.speech.SpeechRecognitionManagerService took to complete: 1ms
10-14 01:23:50.328 1132 1271 I SystemServerTimingAsync: ssm.onUnlockingUser-0_com.android.server.searchui.SearchUiManagerService
10-14 01:23:50.328 1132 1271 D SystemServerTimingAsync: ssm.onUnlockingUser-0_com.android.server.searchui.SearchUiManagerService took to complete: 0ms
10-14 01:23:50.328 1132 1271 I SystemServerTimingAsync: ssm.onUnlockingUser-0_com.android.server.smartspace.SmartspaceManagerService
10-14 01:23:50.328 1132 1271 D SystemServerTimingAsync: ssm.onUnlockingUser-0_com.android.server.smartspace.SmartspaceManagerService took to complete: 0ms
10-14 01:23:50.328 1132 1271 I SystemServerTimingAsync: ssm.onUnlockingUser-0_com.android.server.graphics.fonts.FontManagerService$Lifecycle
10-14 01:23:50.328 1132 1271 D SystemServerTimingAsync: ssm.onUnlockingUser-0_com.android.server.graphics.fonts.FontManagerService$Lifecycle took to complete: 0ms
10-14 01:23:50.328 1132 1271 I SystemServerTimingAsync: ssm.onUnlockingUser-0_com.android.server.textservices.TextServicesManagerService$Lifecycle
10-14 01:23:50.339 551 551 D vold : Waiting for sdcardfs to spin up...
10-14 01:23:50.340 1132 1271 D SystemServerTimingAsync: ssm.onUnlockingUser-0_com.android.server.textservices.TextServicesManagerService$Lifecycle took to complete: 12ms
10-14 01:23:50.340 1132 1271 I SystemServerTimingAsync: ssm.onUnlockingUser-0_com.android.server.textclassifier.TextClassificationManagerService$Lifecycle
10-14 01:23:50.340 1132 1271 D SystemServerTimingAsync: ssm.onUnlockingUser-0_com.android.server.textclassifier.TextClassificationManagerService$Lifecycle took to complete: 0ms
10-14 01:23:50.340 1132 1271 I SystemServerTimingAsync: ssm.onUnlockingUser-0_com.android.server.NetworkScoreService$Lifecycle
10-14 01:23:50.340 1132 1271 D SystemServerTimingAsync: ssm.onUnlockingUser-0_com.android.server.NetworkScoreService$Lifecycle took to complete: 0ms
10-14 01:23:50.340 1132 1271 I SystemServerTimingAsync: ssm.onUnlockingUser-0_com.android.server.wifi.WifiService
10-14 01:23:50.341 1132 1271 D SystemServerTimingAsync: ssm.onUnlockingUser-0_com.android.server.wifi.WifiService took to complete: 1ms
10-14 01:23:50.341 1132 1271 I SystemServerTimingAsync: ssm.onUnlockingUser-0_com.android.server.wifi.scanner.WifiScanningService
10-14 01:23:50.341 1132 1271 D SystemServerTimingAsync: ssm.onUnlockingUser-0_com.android.server.wifi.scanner.WifiScanningService took to complete: 0ms
10-14 01:23:50.341 1132 1271 I SystemServerTimingAsync: ssm.onUnlockingUser-0_com.android.server.wifi.rtt.RttService
10-14 01:23:50.341 1132 1271 D SystemServerTimingAsync: ssm.onUnlockingUser-0_com.android.server.wifi.rtt.RttService took to complete: 0ms
10-14 01:23:50.341 1132 1271 I SystemServerTimingAsync: ssm.onUnlockingUser-0_com.android.server.wifi.aware.WifiAwareService
10-14 01:23:50.341 1132 1271 D SystemServerTimingAsync: ssm.onUnlockingUser-0_com.android.server.wifi.aware.WifiAwareService took to complete: 0ms
10-14 01:23:50.341 1132 1271 I SystemServerTimingAsync: ssm.onUnlockingUser-0_com.android.server.wifi.p2p.WifiP2pService
10-14 01:23:50.341 1132 1271 D SystemServerTimingAsync: ssm.onUnlockingUser-0_com.android.server.wifi.p2p.WifiP2pService took to complete: 0ms
10-14 01:23:50.341 1132 1271 I SystemServerTimingAsync: ssm.onUnlockingUser-0_com.android.server.ethernet.EthernetService
10-14 01:23:50.342 1132 1271 D SystemServerTimingAsync: ssm.onUnlockingUser-0_com.android.server.ethernet.EthernetService took to complete: 0ms
10-14 01:23:50.342 1132 1271 I SystemServerTimingAsync: ssm.onUnlockingUser-0_com.android.server.ConnectivityServiceInitializer
10-14 01:23:50.342 1132 1271 D SystemServerTimingAsync: ssm.onUnlockingUser-0_com.android.server.ConnectivityServiceInitializer took to complete: 0ms
10-14 01:23:50.342 1132 1271 I SystemServerTimingAsync: ssm.onUnlockingUser-0_com.android.server.notification.NotificationManagerService
10-14 01:23:50.342 1132 1271 D SystemServerTimingAsync: ssm.onUnlockingUser-0_com.android.server.notification.NotificationManagerService took to complete: 0ms
10-14 01:23:50.343 1132 1271 I SystemServerTimingAsync: ssm.onUnlockingUser-0_com.android.server.storage.DeviceStorageMonitorService
10-14 01:23:50.343 1132 1271 D SystemServerTimingAsync: ssm.onUnlockingUser-0_com.android.server.storage.DeviceStorageMonitorService took to complete: 0ms
10-14 01:23:50.343 1132 1271 I SystemServerTimingAsync: ssm.onUnlockingUser-0_com.android.server.location.LocationManagerService$Lifecycle
10-14 01:23:50.343 1132 1271 D SystemServerTimingAsync: ssm.onUnlockingUser-0_com.android.server.location.LocationManagerService$Lifecycle took to complete: 0ms
10-14 01:23:50.343 1132 1271 I SystemServerTimingAsync: ssm.onUnlockingUser-0_com.android.server.timedetector.TimeDetectorService$Lifecycle
10-14 01:23:50.343 1132 1271 D SystemServerTimingAsync: ssm.onUnlockingUser-0_com.android.server.timedetector.TimeDetectorService$Lifecycle took to complete: 0ms
10-14 01:23:50.343 1132 1271 I SystemServerTimingAsync: ssm.onUnlockingUser-0_com.android.server.timezonedetector.TimeZoneDetectorService$Lifecycle
10-14 01:23:50.343 1132 1132 I NotificationHistory: Attempted to unlock gone/disabled user 0
10-14 01:23:50.347 1132 1271 D SystemServerTimingAsync: ssm.onUnlockingUser-0_com.android.server.timezonedetector.TimeZoneDetectorService$Lifecycle took to complete: 0ms
10-14 01:23:50.347 1132 1271 I SystemServerTimingAsync: ssm.onUnlockingUser-0_com.android.server.timezonedetector.location.LocationTimeZoneManagerService$Lifecycle
10-14 01:23:50.347 1132 1271 D SystemServerTimingAsync: ssm.onUnlockingUser-0_com.android.server.timezonedetector.location.LocationTimeZoneManagerService$Lifecycle took to complete: 0ms
10-14 01:23:50.347 1132 1271 I SystemServerTimingAsync: ssm.onUnlockingUser-0_com.android.server.search.SearchManagerService$Lifecycle
10-14 01:23:50.347 1132 1271 D SystemServerTimingAsync: ssm.onUnlockingUser-0_com.android.server.search.SearchManagerService$Lifecycle took to complete: 0ms
10-14 01:23:50.347 1132 1271 I SystemServerTimingAsync: ssm.onUnlockingUser-0_com.android.server.wallpaper.WallpaperManagerService$Lifecycle
10-14 01:23:50.347 1132 1271 I WallpaperManagerService: on-unlock-user-0
10-14 01:23:50.348 1132 1928 D CompatibilityChangeReporter: Compat change id reported: 135634846; UID 10031; state: DISABLED
10-14 01:23:50.350 1132 1271 D WallpaperManagerService: on-unlock-user-0 took to complete: 2ms
10-14 01:23:50.350 1132 1271 D SystemServerTimingAsync: ssm.onUnlockingUser-0_com.android.server.wallpaper.WallpaperManagerService$Lifecycle took to complete: 2ms
10-14 01:23:50.350 1132 1271 I SystemServerTimingAsync: ssm.onUnlockingUser-0_com.android.server.audio.AudioService$Lifecycle
10-14 01:23:50.350 1132 1271 D SystemServerTimingAsync: ssm.onUnlockingUser-0_com.android.server.audio.AudioService$Lifecycle took to complete: 0ms
10-14 01:23:50.350 1132 1271 I SystemServerTimingAsync: ssm.onUnlockingUser-0_com.android.server.soundtrigger_middleware.SoundTriggerMiddlewareService$Lifecycle
10-14 01:23:50.350 1132 1271 D SystemServerTimingAsync: ssm.onUnlockingUser-0_com.android.server.soundtrigger_middleware.SoundTriggerMiddlewareService$Lifecycle took to complete: 0ms
10-14 01:23:50.350 1132 1271 I SystemServerTimingAsync: ssm.onUnlockingUser-0_com.android.server.DockObserver
10-14 01:23:50.350 1132 1271 D SystemServerTimingAsync: ssm.onUnlockingUser-0_com.android.server.DockObserver took to complete: 0ms
10-14 01:23:50.350 1132 1271 I SystemServerTimingAsync: ssm.onUnlockingUser-0_com.android.server.midi.MidiService$Lifecycle
10-14 01:23:50.353 1132 1272 D CompatibilityChangeReporter: Compat change id reported: 143937733; UID 10031; state: DISABLED
10-14 01:23:50.360 1132 1271 D SystemServerTimingAsync: ssm.onUnlockingUser-0_com.android.server.midi.MidiService$Lifecycle took to complete: 10ms
10-14 01:23:50.360 1132 1271 I SystemServerTimingAsync: ssm.onUnlockingUser-0_com.android.server.adb.AdbService$Lifecycle
10-14 01:23:50.360 1132 1271 D SystemServerTimingAsync: ssm.onUnlockingUser-0_com.android.server.adb.AdbService$Lifecycle took to complete: 0ms
10-14 01:23:50.360 1132 1271 I SystemServerTimingAsync: ssm.onUnlockingUser-0_com.android.server.usb.UsbService$Lifecycle
10-14 01:23:50.360 1132 1271 D SystemServerTimingAsync: ssm.onUnlockingUser-0_com.android.server.usb.UsbService$Lifecycle took to complete: 0ms
10-14 01:23:50.360 1132 1271 I SystemServerTimingAsync: ssm.onUnlockingUser-0_com.android.server.twilight.TwilightService
10-14 01:23:50.360 1132 1271 D SystemServerTimingAsync: ssm.onUnlockingUser-0_com.android.server.twilight.TwilightService took to complete: 0ms
10-14 01:23:50.360 1132 1271 I SystemServerTimingAsync: ssm.onUnlockingUser-0_com.android.server.display.color.ColorDisplayService
10-14 01:23:50.361 1132 1271 D SystemServerTimingAsync: ssm.onUnlockingUser-0_com.android.server.display.color.ColorDisplayService took to complete: 0ms
01-01 08:01:00.667 0 0 I : sdcardfs version 2.0
01-01 08:01:00.667 0 0 I sdcardfs: dev_name -> /data/media
01-01 08:01:00.667 0 0 I sdcardfs: options -> fsuid=1023,fsgid=1023,multiuser,derive_gid,default_normal,unshared_obb,mask=6,userid=0,gid=1015
01-01 08:01:00.667 0 0 I sdcardfs: mnt -> ffffffee6861e260
01-01 08:01:00.668 0 0 I sdcardfs: mounted on top of /data/media type f2fs
01-01 08:01:00.672 0 0 I : Remount options were mask=23,gid=9997 for vfsmnt ffffffeed1a8bf60.
01-01 08:01:00.672 0 0 I sdcardfs: options - debug:1
01-01 08:01:00.672 0 0 I sdcardfs: options - gid:9997
01-01 08:01:00.672 0 0 I sdcardfs: options - mask:23
01-01 08:01:00.676 0 0 I : Remount options were mask=7,gid=9997 for vfsmnt ffffffeed1a88e60.
01-01 08:01:00.676 0 0 I sdcardfs: options - debug:1
01-01 08:01:00.676 0 0 I sdcardfs: options - gid:9997
01-01 08:01:00.676 0 0 I sdcardfs: options - mask:7
01-01 08:01:00.677 0 0 I : Remount options were mask=7,gid=9997 for vfsmnt ffffffeed1a9c9e0.
01-01 08:01:00.677 0 0 I sdcardfs: options - debug:1
01-01 08:01:00.677 0 0 I sdcardfs: options - gid:9997
01-01 08:01:00.677 0 0 I sdcardfs: options - mask:7
01-01 08:01:00.762 0 0 I afe_find_cal_topo_id_by_port: port id: 0x9000, dev_acdb_id: 0
01-01 08:01:00.763 0 0 I afe_find_cal_topo_id_by_port: top_id:112fc acdb_id:15 afe_port:0x9000
01-01 08:01:00.763 0 0 I afe_get_cal_topology_id: port_id = 0x9000 acdb_id = 15 topology_id = 0x112fc cal_type_index=8 ret=0
01-01 08:01:00.764 0 0 I afe_send_port_topology_id: AFE set topology id 0x112fc enable for port 0x9000 ret 0
01-01 08:01:00.764 0 0 I send_afe_cal_type: cal_index is 0
01-01 08:01:00.764 0 0 I send_afe_cal_type: dev_acdb_id[55] is 0
01-01 08:01:00.764 0 0 I send_afe_cal_type: Sending cal_index cal 0
01-01 08:01:00.764 0 0 E send_afe_cal_type: No cal sent for cal_index 0, port_id = 0x9000! ret -22
01-01 08:01:00.774 0 0 I afe_send_hw_delay: port_id 0x9000 rate 48000 delay_usec 474 status 0
10-14 01:23:50.361 1132 1271 I SystemServerTimingAsync: ssm.onUnlockingUser-0_com.android.server.job.JobSchedulerService
10-14 01:23:50.361 1132 1271 D SystemServerTimingAsync: ssm.onUnlockingUser-0_com.android.server.job.JobSchedulerService took to complete: 0ms
10-14 01:23:50.361 1132 1271 I SystemServerTimingAsync: ssm.onUnlockingUser-0_com.android.server.soundtrigger.SoundTriggerService
10-14 01:23:50.361 1132 1271 D SystemServerTimingAsync: ssm.onUnlockingUser-0_com.android.server.soundtrigger.SoundTriggerService took to complete: 0ms
10-14 01:23:50.361 1132 1271 I SystemServerTimingAsync: ssm.onUnlockingUser-0_com.android.server.trust.TrustManagerService
10-14 01:23:50.361 1132 1271 D SystemServerTimingAsync: ssm.onUnlockingUser-0_com.android.server.trust.TrustManagerService took to complete: 0ms
10-14 01:23:50.361 1132 1271 I SystemServerTimingAsync: ssm.onUnlockingUser-0_com.android.server.backup.BackupManagerService$Lifecycle
10-14 01:23:50.361 1132 1271 D SystemServerTimingAsync: ssm.onUnlockingUser-0_com.android.server.backup.BackupManagerService$Lifecycle took to complete: 0ms
10-14 01:23:50.361 1132 1271 I SystemServerTimingAsync: ssm.onUnlockingUser-0_com.android.server.appwidget.AppWidgetService
10-14 01:23:50.361 1132 1271 D SystemServerTimingAsync: ssm.onUnlockingUser-0_com.android.server.appwidget.AppWidgetService took to complete: 0ms
10-14 01:23:50.361 1132 1271 I SystemServerTimingAsync: ssm.onUnlockingUser-0_com.android.server.voiceinteraction.VoiceInteractionManagerService
10-14 01:23:50.362 1132 1271 W VoiceInteractionManager: no available voice recognition services found for user 0
10-14 01:23:50.362 1132 1271 D SystemServerTimingAsync: ssm.onUnlockingUser-0_com.android.server.voiceinteraction.VoiceInteractionManagerService took to complete: 1ms
10-14 01:23:50.362 1132 1271 I SystemServerTimingAsync: ssm.onUnlockingUser-0_com.android.server.apphibernation.AppHibernationService
10-14 01:23:50.362 1132 1271 D SystemServerTimingAsync: ssm.onUnlockingUser-0_com.android.server.apphibernation.AppHibernationService took to complete: 0ms
10-14 01:23:50.362 1132 1271 I SystemServerTimingAsync: ssm.onUnlockingUser-0_com.android.server.GestureLauncherService
10-14 01:23:50.362 1132 1271 D SystemServerTimingAsync: ssm.onUnlockingUser-0_com.android.server.GestureLauncherService took to complete: 0ms
10-14 01:23:50.362 1132 1271 I SystemServerTimingAsync: ssm.onUnlockingUser-0_com.android.server.SensorNotificationService
10-14 01:23:50.362 1132 1271 D SystemServerTimingAsync: ssm.onUnlockingUser-0_com.android.server.SensorNotificationService took to complete: 0ms
10-14 01:23:50.362 1132 1271 I SystemServerTimingAsync: ssm.onUnlockingUser-0_com.android.server.emergency.EmergencyAffordanceService
10-14 01:23:50.362 1132 1271 D SystemServerTimingAsync: ssm.onUnlockingUser-0_com.android.server.emergency.EmergencyAffordanceService took to complete: 0ms
10-14 01:23:50.363 1132 1271 I SystemServerTimingAsync: ssm.onUnlockingUser-0_com.android.server.blob.BlobStoreManagerService
10-14 01:23:50.363 1132 1271 D SystemServerTimingAsync: ssm.onUnlockingUser-0_com.android.server.blob.BlobStoreManagerService took to complete: 0ms
10-14 01:23:50.363 1132 1271 I SystemServerTimingAsync: ssm.onUnlockingUser-0_com.android.server.dreams.DreamManagerService
10-14 01:23:50.363 1132 1271 D SystemServerTimingAsync: ssm.onUnlockingUser-0_com.android.server.dreams.DreamManagerService took to complete: 0ms
10-14 01:23:50.363 1132 1849 I BackupManagerService: Starting service for user: 0
10-14 01:23:50.363 1132 1271 I SystemServerTimingAsync: ssm.onUnlockingUser-0_com.android.server.companion.CompanionDeviceManagerService
10-14 01:23:50.363 1132 1271 D SystemServerTimingAsync: ssm.onUnlockingUser-0_com.android.server.companion.CompanionDeviceManagerService took to complete: 0ms
10-14 01:23:50.363 1132 1271 I SystemServerTimingAsync: ssm.onUnlockingUser-0_com.android.server.restrictions.RestrictionsManagerService
10-14 01:23:50.364 1132 1271 D SystemServerTimingAsync: ssm.onUnlockingUser-0_com.android.server.restrictions.RestrictionsManagerService took to complete: 0ms
10-14 01:23:50.364 1132 1271 I SystemServerTimingAsync: ssm.onUnlockingUser-0_com.android.server.media.MediaSessionService
10-14 01:23:50.364 1132 1271 D SystemServerTimingAsync: ssm.onUnlockingUser-0_com.android.server.media.MediaSessionService took to complete: 0ms
10-14 01:23:50.364 1132 1271 I SystemServerTimingAsync: ssm.onUnlockingUser-0_com.android.server.media.MediaResourceMonitorService
10-14 01:23:50.364 1132 1271 D SystemServerTimingAsync: ssm.onUnlockingUser-0_com.android.server.media.MediaResourceMonitorService took to complete: 0ms
10-14 01:23:50.364 1132 1271 I SystemServerTimingAsync: ssm.onUnlockingUser-0_com.android.server.biometrics.sensors.fingerprint.FingerprintService
10-14 01:23:50.364 1132 1271 D SystemServerTimingAsync: ssm.onUnlockingUser-0_com.android.server.biometrics.sensors.fingerprint.FingerprintService took to complete: 0ms
10-14 01:23:50.364 1132 1271 I SystemServerTimingAsync: ssm.onUnlockingUser-0_com.android.server.biometrics.BiometricService
10-14 01:23:50.365 1132 1271 D SystemServerTimingAsync: ssm.onUnlockingUser-0_com.android.server.biometrics.BiometricService took to complete: 0ms
10-14 01:23:50.365 1132 1271 I SystemServerTimingAsync: ssm.onUnlockingUser-0_com.android.server.biometrics.AuthService
10-14 01:23:50.372 1132 2757 I HibernationStateDiskStore: No hibernation file on disk for file /data/system_ce/0/hibernation/states
10-14 01:23:50.372 1132 1271 D SystemServerTimingAsync: ssm.onUnlockingUser-0_com.android.server.biometrics.AuthService took to complete: 0ms
10-14 01:23:50.372 1132 1271 I SystemServerTimingAsync: ssm.onUnlockingUser-0_com.android.server.pm.ShortcutService$Lifecycle
10-14 01:23:50.374 1132 1271 D SystemServerTimingAsync: ssm.onUnlockingUser-0_com.android.server.pm.ShortcutService$Lifecycle took to complete: 2ms
10-14 01:23:50.374 1132 1271 I SystemServerTimingAsync: ssm.onUnlockingUser-0_com.android.server.pm.LauncherAppsService
10-14 01:23:50.374 1132 1271 D SystemServerTimingAsync: ssm.onUnlockingUser-0_com.android.server.pm.LauncherAppsService took to complete: 0ms
10-14 01:23:50.374 1132 1271 I SystemServerTimingAsync: ssm.onUnlockingUser-0_com.android.server.pm.CrossProfileAppsService
10-14 01:23:50.374 1132 1271 D SystemServerTimingAsync: ssm.onUnlockingUser-0_com.android.server.pm.CrossProfileAppsService took to complete: 0ms
10-14 01:23:50.374 1132 1271 I SystemServerTimingAsync: ssm.onUnlockingUser-0_com.android.server.people.PeopleService
10-14 01:23:50.374 1132 1271 D SystemServerTimingAsync: ssm.onUnlockingUser-0_com.android.server.people.PeopleService took to complete: 0ms
10-14 01:23:50.375 1132 1271 I SystemServerTimingAsync: ssm.onUnlockingUser-0_com.android.server.media.metrics.MediaMetricsManagerService
10-14 01:23:50.375 1132 1271 D SystemServerTimingAsync: ssm.onUnlockingUser-0_com.android.server.media.metrics.MediaMetricsManagerService took to complete: 0ms
10-14 01:23:50.375 1132 1271 I SystemServerTimingAsync: ssm.onUnlockingUser-0_com.android.server.media.projection.MediaProjectionManagerService
10-14 01:23:50.375 1132 1271 D SystemServerTimingAsync: ssm.onUnlockingUser-0_com.android.server.media.projection.MediaProjectionManagerService took to complete: 0ms
10-14 01:23:50.375 1132 1271 I SystemServerTimingAsync: ssm.onUnlockingUser-0_com.android.server.slice.SliceManagerService$Lifecycle
10-14 01:23:50.375 1132 1271 D SystemServerTimingAsync: ssm.onUnlockingUser-0_com.android.server.slice.SliceManagerService$Lifecycle took to complete: 0ms
10-14 01:23:50.375 1132 1271 I SystemServerTimingAsync: ssm.onUnlockingUser-0_com.android.server.stats.StatsCompanion$Lifecycle
10-14 01:23:50.376 1132 1271 D SystemServerTimingAsync: ssm.onUnlockingUser-0_com.android.server.stats.StatsCompanion$Lifecycle took to complete: 0ms
10-14 01:23:50.376 1132 1271 I SystemServerTimingAsync: ssm.onUnlockingUser-0_com.android.server.scheduling.RebootReadinessManagerService$Lifecycle
10-14 01:23:50.376 1132 1271 D SystemServerTimingAsync: ssm.onUnlockingUser-0_com.android.server.scheduling.RebootReadinessManagerService$Lifecycle took to complete: 0ms
10-14 01:23:50.376 1132 1271 I SystemServerTimingAsync: ssm.onUnlockingUser-0_com.android.server.stats.pull.StatsPullAtomService
10-14 01:23:50.376 1132 1271 D SystemServerTimingAsync: ssm.onUnlockingUser-0_com.android.server.stats.pull.StatsPullAtomService took to complete: 0ms
10-14 01:23:50.376 1132 1271 I SystemServerTimingAsync: ssm.onUnlockingUser-0_com.android.server.incident.IncidentCompanionService
10-14 01:23:50.376 1132 1271 D SystemServerTimingAsync: ssm.onUnlockingUser-0_com.android.server.incident.IncidentCompanionService took to complete: 0ms
10-14 01:23:50.376 1132 1271 I SystemServerTimingAsync: ssm.onUnlockingUser-0_com.android.server.MmsServiceBroker
10-14 01:23:50.376 1132 1271 D SystemServerTimingAsync: ssm.onUnlockingUser-0_com.android.server.MmsServiceBroker took to complete: 0ms
10-14 01:23:50.376 1132 1271 I SystemServerTimingAsync: ssm.onUnlockingUser-0_com.android.server.autofill.AutofillManagerService
10-14 01:23:50.377 1132 1214 D AutofillUI: destroySaveUiUiThread(): already destroyed
10-14 01:23:50.379 1132 1271 D AutofillManagerServiceImpl: Reset component for user 0:
10-14 01:23:50.386 1132 1213 W Looper : Drained
10-14 01:23:50.390 551 551 D vold : Waiting for sdcardfs to spin up...
10-14 01:23:50.413 2870 2870 W sdcard : Device explicitly enabled sdcardfs
10-14 01:23:50.415 1132 1849 V BackupManagerService: [UserID:0] Starting with transport com.android.localtransport/.LocalTransport
10-14 01:23:50.417 1132 1271 D FieldClassificationStrategy: reset(): service is not bound. Do nothing.
10-14 01:23:50.417 1132 1271 D SystemServerTimingAsync: ssm.onUnlockingUser-0_com.android.server.autofill.AutofillManagerService took to complete: 41ms
10-14 01:23:50.417 1132 1271 I SystemServerTimingAsync: ssm.onUnlockingUser-0_com.android.server.clipboard.ClipboardService
10-14 01:23:50.417 1132 1271 D SystemServerTimingAsync: ssm.onUnlockingUser-0_com.android.server.clipboard.ClipboardService took to complete: 0ms
10-14 01:23:50.418 1132 1271 I SystemServerTimingAsync: ssm.onUnlockingUser-0_com.android.server.appbinding.AppBindingService$Lifecycle
10-14 01:23:50.418 1132 1271 W AppBindingService: [Default SMS app] u0 Target package not found
10-14 01:23:50.418 1132 1271 D SystemServerTimingAsync: ssm.onUnlockingUser-0_com.android.server.appbinding.AppBindingService$Lifecycle took to complete: 1ms
10-14 01:23:50.418 1132 1271 I SystemServerTimingAsync: ssm.onUnlockingUser-0_com.android.server.tracing.TracingServiceProxy
10-14 01:23:50.418 1132 1271 D SystemServerTimingAsync: ssm.onUnlockingUser-0_com.android.server.tracing.TracingServiceProxy took to complete: 0ms
10-14 01:23:50.418 1132 1271 I SystemServerTimingAsync: ssm.onUnlockingUser-0_com.android.server.policy.PermissionPolicyService
10-14 01:23:50.418 1132 1271 D SystemServerTimingAsync: ssm.onUnlockingUser-0_com.android.server.policy.PermissionPolicyService took to complete: 0ms
10-14 01:23:50.418 1132 1271 I SystemServerTimingAsync: ssm.onUnlockingUser-0_com.android.server.pm.StagingManager$Lifecycle
10-14 01:23:50.418 1132 1271 D SystemServerTimingAsync: ssm.onUnlockingUser-0_com.android.server.pm.StagingManager$Lifecycle took to complete: 0ms
10-14 01:23:50.418 1132 1271 I SystemServerTimingAsync: ssm.onUnlockingUser-0_com.android.server.app.GameManagerService$Lifecycle
10-14 01:23:50.418 1132 1271 D SystemServerTimingAsync: ssm.onUnlockingUser-0_com.android.server.app.GameManagerService$Lifecycle took to complete: 0ms
10-14 01:23:50.418 1132 1271 I SystemServerTimingAsync: ssm.onUnlockingUser-0_com.android.server.appsearch.AppSearchManagerService
10-14 01:23:50.419 1132 1271 D SystemServerTimingAsync: ssm.onUnlockingUser-0_com.android.server.appsearch.AppSearchManagerService took to complete: 0ms
10-14 01:23:50.419 1132 1271 I SystemServerTimingAsync: ssm.onUnlockingUser-0_com.android.server.media.MediaCommunicationService
10-14 01:23:50.419 1132 1271 D SystemServerTimingAsync: ssm.onUnlockingUser-0_com.android.server.media.MediaCommunicationService took to complete: 0ms
10-14 01:23:50.419 1132 1271 D SystemServerTimingAsync: ssm.UnlockingUser-0 took to complete: 119ms
10-14 01:23:50.419 1132 1271 W ActivityManager: UserLifecycleEvent 5 received without an active userJourneySession.
10-14 01:23:50.419 1132 1271 W ActivityManager: UserLifecycleEvent 6 received without an active userJourneySession.
10-14 01:23:50.419 1132 1271 I ActivityManager: User 0 state changed from RUNNING_UNLOCKING to RUNNING_UNLOCKED
10-14 01:23:50.420 1132 1213 I ActivityTaskManager: Loading recents for user 0 into memory.
10-14 01:23:50.421 1132 1271 D SystemServerTiming: SystemUserUnlock took to complete: 1077ms
10-14 01:23:50.433 1132 1272 W ActivityManager: Slow operation: 86ms so far, now at startProcess: returned from zygote!
10-14 01:23:50.442 1132 1849 D BackupManagerService: [UserID:0] Started thread backup-0
10-14 01:23:50.443 1132 1213 V PackageConfigPersister: loadPackages: empty list files from /data/system_ce/0/package_configs
10-14 01:23:50.445 1132 1271 D CompatibilityChangeReporter: Compat change id reported: 135634846; UID 10059; state: DISABLED
10-14 01:23:50.445 1132 1271 D CompatibilityChangeReporter: Compat change id reported: 177438394; UID 10059; state: DISABLED
10-14 01:23:50.445 1132 1271 D CompatibilityChangeReporter: Compat change id reported: 135772972; UID 10059; state: DISABLED
10-14 01:23:50.445 1132 1271 D CompatibilityChangeReporter: Compat change id reported: 135754954; UID 10059; state: ENABLED
10-14 01:23:50.446 1132 1271 D CompatibilityChangeReporter: Compat change id reported: 135634846; UID 10056; state: DISABLED
10-14 01:23:50.446 1132 1271 D CompatibilityChangeReporter: Compat change id reported: 177438394; UID 10056; state: DISABLED
10-14 01:23:50.446 1132 1271 D CompatibilityChangeReporter: Compat change id reported: 135772972; UID 10056; state: DISABLED
10-14 01:23:50.446 1132 1271 D CompatibilityChangeReporter: Compat change id reported: 135754954; UID 10056; state: ENABLED
10-14 01:23:50.446 551 551 I vold : Mounting emulated fuse volume
10-14 01:23:50.447 1132 1271 D CompatibilityChangeReporter: Compat change id reported: 135634846; UID 10084; state: DISABLED
10-14 01:23:50.447 1132 1271 D CompatibilityChangeReporter: Compat change id reported: 177438394; UID 10084; state: DISABLED
10-14 01:23:50.447 1132 1271 D CompatibilityChangeReporter: Compat change id reported: 135772972; UID 10084; state: DISABLED
10-14 01:23:50.447 1132 1271 D CompatibilityChangeReporter: Compat change id reported: 135754954; UID 10084; state: DISABLED
10-14 01:23:50.460 1132 1271 D CompatibilityChangeReporter: Compat change id reported: 135634846; UID 10090; state: DISABLED
10-14 01:23:50.460 1132 1271 D CompatibilityChangeReporter: Compat change id reported: 177438394; UID 10090; state: DISABLED
10-14 01:23:50.460 1132 1271 D CompatibilityChangeReporter: Compat change id reported: 135772972; UID 10090; state: DISABLED
10-14 01:23:50.460 1132 1271 D CompatibilityChangeReporter: Compat change id reported: 135754954; UID 10090; state: ENABLED
10-14 01:23:50.464 1132 1271 D CompatibilityChangeReporter: Compat change id reported: 135634846; UID 10092; state: DISABLED
10-14 01:23:50.465 1132 1271 D CompatibilityChangeReporter: Compat change id reported: 177438394; UID 10092; state: DISABLED
10-14 01:23:50.465 1132 1271 D CompatibilityChangeReporter: Compat change id reported: 135772972; UID 10092; state: DISABLED
10-14 01:23:50.465 1132 1271 D CompatibilityChangeReporter: Compat change id reported: 135754954; UID 10092; state: ENABLED
10-14 01:23:50.487 1132 1272 W ActivityManager: Slow operation: 140ms so far, now at startProcess: done updating battery stats
10-14 01:23:50.487 1132 1272 W ActivityManager: Slow operation: 140ms so far, now at startProcess: building log message
10-14 01:23:50.487 1132 1272 I ActivityManager: Start proc 2878:com.sohu.inputmethod.sogou.car/u0a31 for service {com.sohu.inputmethod.sogou.car/com.sohu.inputmethod.sogou.car.CrossSogouIME}
10-14 01:23:50.487 1132 1272 W ActivityManager: Slow operation: 140ms so far, now at startProcess: starting to update pids map
10-14 01:23:50.489 1132 1272 W ActivityManager: Slow operation: 142ms so far, now at startProcess: done updating pids map
01-01 08:01:00.881 0 0 W logd : Skipping entries from slow reader, pid 1239, fd 14, from LogBuffer::Prune()
10-14 01:23:50.490 1132 1272 D CompatibilityChangeReporter: Compat change id reported: 143937733; UID 10059; state: ENABLED
01-01 08:01:00.882 0 0 W logd : Skipping entries from slow reader, pid 1239, fd 14, from LogBuffer::Prune()
10-14 01:23:50.497 1132 1271 I ActivityManager: Posting BOOT_COMPLETED user #0
10-14 01:23:50.513 551 551 I vold : Bind mounting /mnt/runtime/full/emulated to /mnt/pass_through/0/emulated
10-14 01:23:50.516 1132 1721 I StorageSessionController: On volume mount VolumeInfo{emulated;0}:
10-14 01:23:50.516 1132 1721 I StorageSessionController: type=EMULATED diskId=null partGuid= mountFlags=PRIMARY|VISIBLE
10-14 01:23:50.516 1132 1721 I StorageSessionController: mountUserId=0 state=CHECKING
10-14 01:23:50.516 1132 1721 I StorageSessionController: fsType=null fsUuid=null fsLabel=null
10-14 01:23:50.516 1132 1721 I StorageSessionController: path=/storage/emulated internalPath=/data/media
10-14 01:23:50.520 1132 1213 I AppWidgetServiceImpl: Processing of handleUserUnlocked u0 took 23 ms
10-14 01:23:50.524 1132 1271 I SystemServerTimingAsync: ssm.UnlockedUser-0
10-14 01:23:50.524 1132 1271 I SystemServiceManager: Calling onUnlockedUser 0
10-14 01:23:50.524 1132 1271 I SystemServerTimingAsync: ssm.onUnlockedUser-0_com.android.server.security.FileIntegrityService
10-14 01:23:50.524 1132 1271 D SystemServerTimingAsync: ssm.onUnlockedUser-0_com.android.server.security.FileIntegrityService took to complete: 0ms
10-14 01:23:50.524 1132 1271 I SystemServerTimingAsync: ssm.onUnlockedUser-0_com.android.server.pm.Installer
10-14 01:23:50.525 1132 1271 D SystemServerTimingAsync: ssm.onUnlockedUser-0_com.android.server.pm.Installer took to complete: 0ms
10-14 01:23:50.525 1132 1271 I SystemServerTimingAsync: ssm.onUnlockedUser-0_com.android.server.os.DeviceIdentifiersPolicyService
10-14 01:23:50.526 1132 1271 D SystemServerTimingAsync: ssm.onUnlockedUser-0_com.android.server.os.DeviceIdentifiersPolicyService took to complete: 0ms
10-14 01:23:50.526 1132 1271 I SystemServerTimingAsync: ssm.onUnlockedUser-0_com.android.server.uri.UriGrantsManagerService$Lifecycle
10-14 01:23:50.526 1132 1271 D SystemServerTimingAsync: ssm.onUnlockedUser-0_com.android.server.uri.UriGrantsManagerService$Lifecycle took to complete: 0ms
10-14 01:23:50.526 1132 1271 I SystemServerTimingAsync: ssm.onUnlockedUser-0_com.android.server.powerstats.PowerStatsService
10-14 01:23:50.526 1132 1271 D SystemServerTimingAsync: ssm.onUnlockedUser-0_com.android.server.powerstats.PowerStatsService took to complete: 0ms
10-14 01:23:50.527 1132 1271 I SystemServerTimingAsync: ssm.onUnlockedUser-0_com.android.server.wm.ActivityTaskManagerService$Lifecycle
10-14 01:23:50.527 1132 1721 I StorageSessionController: Creating connection for user: 0
10-14 01:23:50.527 1132 1271 I LaunchParamsPersister: Didn't find launch param folder for user 0
10-14 01:23:50.527 1132 1271 D SystemServerTimingAsync: ssm.onUnlockedUser-0_com.android.server.wm.ActivityTaskManagerService$Lifecycle took to complete: 1ms
10-14 01:23:50.527 1132 1271 I SystemServerTimingAsync: ssm.onUnlockedUser-0_com.android.server.am.ActivityManagerService$Lifecycle
10-14 01:23:50.527 1132 1271 D SystemServerTimingAsync: ssm.onUnlockedUser-0_com.android.server.am.ActivityManagerService$Lifecycle took to complete: 0ms
10-14 01:23:50.527 1132 1271 I SystemServerTimingAsync: ssm.onUnlockedUser-0_com.android.server.pm.DataLoaderManagerService
10-14 01:23:50.527 1132 1271 D SystemServerTimingAsync: ssm.onUnlockedUser-0_com.android.server.pm.DataLoaderManagerService took to complete: 0ms
10-14 01:23:50.527 1132 1271 I SystemServerTimingAsync: ssm.onUnlockedUser-0_com.android.server.power.PowerManagerService
10-14 01:23:50.527 1132 1271 D SystemServerTimingAsync: ssm.onUnlockedUser-0_com.android.server.power.PowerManagerService took to complete: 0ms
10-14 01:23:50.528 1132 1271 I SystemServerTimingAsync: ssm.onUnlockedUser-0_com.android.server.power.ThermalManagerService
10-14 01:23:50.528 1132 1271 D SystemServerTimingAsync: ssm.onUnlockedUser-0_com.android.server.power.ThermalManagerService took to complete: 0ms
10-14 01:23:50.528 1132 1271 I SystemServerTimingAsync: ssm.onUnlockedUser-0_com.android.server.power.hint.HintManagerService
10-14 01:23:50.528 1132 1271 D SystemServerTimingAsync: ssm.onUnlockedUser-0_com.android.server.power.hint.HintManagerService took to complete: 0ms
10-14 01:23:50.528 1132 1271 I SystemServerTimingAsync: ssm.onUnlockedUser-0_com.android.server.recoverysystem.RecoverySystemService$Lifecycle
10-14 01:23:50.528 1132 1271 D SystemServerTimingAsync: ssm.onUnlockedUser-0_com.android.server.recoverysystem.RecoverySystemService$Lifecycle took to complete: 0ms
10-14 01:23:50.528 1132 1271 I SystemServerTimingAsync: ssm.onUnlockedUser-0_com.android.server.lights.LightsService
10-14 01:23:50.528 1132 1271 D SystemServerTimingAsync: ssm.onUnlockedUser-0_com.android.server.lights.LightsService took to complete: 0ms
10-14 01:23:50.528 1132 1271 I SystemServerTimingAsync: ssm.onUnlockedUser-0_com.android.server.display.DisplayManagerService
10-14 01:23:50.528 1132 1271 D SystemServerTimingAsync: ssm.onUnlockedUser-0_com.android.server.display.DisplayManagerService took to complete: 0ms
10-14 01:23:50.528 1132 1271 I SystemServerTimingAsync: ssm.onUnlockedUser-0_com.android.server.pm.verify.domain.DomainVerificationService
10-14 01:23:50.528 1132 1271 D SystemServerTimingAsync: ssm.onUnlockedUser-0_com.android.server.pm.verify.domain.DomainVerificationService took to complete: 0ms
10-14 01:23:50.528 1132 1271 I SystemServerTimingAsync: ssm.onUnlockedUser-0_com.android.server.pm.PackageInstallerService$Lifecycle
10-14 01:23:50.528 1132 1271 D SystemServerTimingAsync: ssm.onUnlockedUser-0_com.android.server.pm.PackageInstallerService$Lifecycle took to complete: 0ms
10-14 01:23:50.528 1132 1271 I SystemServerTimingAsync: ssm.onUnlockedUser-0_com.android.server.pm.UserManagerService$LifeCycle
10-14 01:23:50.528 1132 1271 D SystemServerTimingAsync: ssm.onUnlockedUser-0_com.android.server.pm.UserManagerService$LifeCycle took to complete: 0ms
10-14 01:23:50.528 1132 1271 I SystemServerTimingAsync: ssm.onUnlockedUser-0_com.android.server.om.OverlayManagerService
10-14 01:23:50.528 1132 1271 D SystemServerTimingAsync: ssm.onUnlockedUser-0_com.android.server.om.OverlayManagerService took to complete: 0ms
10-14 01:23:50.528 1132 1271 I SystemServerTimingAsync: ssm.onUnlockedUser-0_com.android.server.SensorPrivacyService
10-14 01:23:50.529 1132 1271 D SystemServerTimingAsync: ssm.onUnlockedUser-0_com.android.server.SensorPrivacyService took to complete: 0ms
10-14 01:23:50.529 1132 1271 I SystemServerTimingAsync: ssm.onUnlockedUser-0_com.android.server.sensors.SensorService
10-14 01:23:50.529 1132 1271 D SystemServerTimingAsync: ssm.onUnlockedUser-0_com.android.server.sensors.SensorService took to complete: 0ms
10-14 01:23:50.529 1132 1271 I SystemServerTimingAsync: ssm.onUnlockedUser-0_com.android.server.SystemConfigService
10-14 01:23:50.529 1132 1271 D SystemServerTimingAsync: ssm.onUnlockedUser-0_com.android.server.SystemConfigService took to complete: 0ms
10-14 01:23:50.529 1132 1271 I SystemServerTimingAsync: ssm.onUnlockedUser-0_com.android.server.BatteryService
10-14 01:23:50.529 1132 1271 D SystemServerTimingAsync: ssm.onUnlockedUser-0_com.android.server.BatteryService took to complete: 0ms
10-14 01:23:50.529 1132 1271 I SystemServerTimingAsync: ssm.onUnlockedUser-0_com.android.server.usage.UsageStatsService
10-14 01:23:50.529 1132 1271 D SystemServerTimingAsync: ssm.onUnlockedUser-0_com.android.server.usage.UsageStatsService took to complete: 0ms
10-14 01:23:50.529 1132 1271 I SystemServerTimingAsync: ssm.onUnlockedUser-0_com.android.server.webkit.WebViewUpdateService
10-14 01:23:50.530 1132 1271 D SystemServerTimingAsync: ssm.onUnlockedUser-0_com.android.server.webkit.WebViewUpdateService took to complete: 0ms
10-14 01:23:50.531 1132 1721 I StorageSessionController: Creating and starting session with id: emulated;0
10-14 01:23:50.531 1132 1721 I StorageUserConnection: Binding to the ExternalStorageService for user 0
10-14 01:23:50.531 1132 1271 I SystemServerTimingAsync: ssm.onUnlockedUser-0_com.android.server.CachedDeviceStateService
10-14 01:23:50.531 1132 1271 D SystemServerTimingAsync: ssm.onUnlockedUser-0_com.android.server.CachedDeviceStateService took to complete: 0ms
10-14 01:23:50.531 1132 1271 I SystemServerTimingAsync: ssm.onUnlockedUser-0_com.android.server.BinderCallsStatsService$LifeCycle
10-14 01:23:50.531 1132 1271 D SystemServerTimingAsync: ssm.onUnlockedUser-0_com.android.server.BinderCallsStatsService$LifeCycle took to complete: 0ms
10-14 01:23:50.531 1132 1271 I SystemServerTimingAsync: ssm.onUnlockedUser-0_com.android.server.LooperStatsService$Lifecycle
10-14 01:23:50.531 1132 1271 D SystemServerTimingAsync: ssm.onUnlockedUser-0_com.android.server.LooperStatsService$Lifecycle took to complete: 0ms
10-14 01:23:50.531 1132 1271 I SystemServerTimingAsync: ssm.onUnlockedUser-0_com.android.server.rollback.RollbackManagerService
10-14 01:23:50.531 1132 1271 D SystemServerTimingAsync: ssm.onUnlockedUser-0_com.android.server.rollback.RollbackManagerService took to complete: 0ms
10-14 01:23:50.531 1132 1271 I SystemServerTimingAsync: ssm.onUnlockedUser-0_com.android.server.os.NativeTombstoneManagerService
10-14 01:23:50.531 1132 1271 D SystemServerTimingAsync: ssm.onUnlockedUser-0_com.android.server.os.NativeTombstoneManagerService took to complete: 0ms
10-14 01:23:50.531 1132 1271 I SystemServerTimingAsync: ssm.onUnlockedUser-0_com.android.server.os.BugreportManagerService
10-14 01:23:50.531 1132 1271 D SystemServerTimingAsync: ssm.onUnlockedUser-0_com.android.server.os.BugreportManagerService took to complete: 0ms
10-14 01:23:50.531 1132 1271 I SystemServerTimingAsync: ssm.onUnlockedUser-0_com.android.server.gpu.GpuService
10-14 01:23:50.532 1132 1271 D SystemServerTimingAsync: ssm.onUnlockedUser-0_com.android.server.gpu.GpuService took to complete: 0ms
10-14 01:23:50.532 1132 1271 I SystemServerTimingAsync: ssm.onUnlockedUser-0_com.android.server.security.KeyChainSystemService
10-14 01:23:50.532 1132 1271 D SystemServerTimingAsync: ssm.onUnlockedUser-0_com.android.server.security.KeyChainSystemService took to complete: 0ms
10-14 01:23:50.532 1132 1271 I SystemServerTimingAsync: ssm.onUnlockedUser-0_com.android.server.telecom.TelecomLoaderService
10-14 01:23:50.532 1132 1271 D SystemServerTimingAsync: ssm.onUnlockedUser-0_com.android.server.telecom.TelecomLoaderService took to complete: 0ms
10-14 01:23:50.532 1132 1271 I SystemServerTimingAsync: ssm.onUnlockedUser-0_com.android.server.accounts.AccountManagerService$Lifecycle
10-14 01:23:50.532 1132 1271 D SystemServerTimingAsync: ssm.onUnlockedUser-0_com.android.server.accounts.AccountManagerService$Lifecycle took to complete: 0ms
10-14 01:23:50.532 1132 1271 I SystemServerTimingAsync: ssm.onUnlockedUser-0_com.android.server.content.ContentService$Lifecycle
10-14 01:23:50.532 1132 1271 D SystemServerTimingAsync: ssm.onUnlockedUser-0_com.android.server.content.ContentService$Lifecycle took to complete: 0ms
10-14 01:23:50.532 1132 1271 I SystemServerTimingAsync: ssm.onUnlockedUser-0_com.android.server.DropBoxManagerService
10-14 01:23:50.532 1132 1271 D SystemServerTimingAsync: ssm.onUnlockedUser-0_com.android.server.DropBoxManagerService took to complete: 0ms
10-14 01:23:50.532 1132 1271 I SystemServerTimingAsync: ssm.onUnlockedUser-0_com.android.role.RoleService
10-14 01:23:50.532 1132 1271 D SystemServerTimingAsync: ssm.onUnlockedUser-0_com.android.role.RoleService took to complete: 0ms
10-14 01:23:50.532 1132 1271 I SystemServerTimingAsync: ssm.onUnlockedUser-0_com.android.server.vibrator.VibratorManagerService$Lifecycle
10-14 01:23:50.532 1132 1271 D SystemServerTimingAsync: ssm.onUnlockedUser-0_com.android.server.vibrator.VibratorManagerService$Lifecycle took to complete: 0ms
10-14 01:23:50.532 1132 1271 I SystemServerTimingAsync: ssm.onUnlockedUser-0_com.android.server.alarm.AlarmManagerService
10-14 01:23:50.532 1132 1271 D SystemServerTimingAsync: ssm.onUnlockedUser-0_com.android.server.alarm.AlarmManagerService took to complete: 0ms
10-14 01:23:50.532 1132 1271 I SystemServerTimingAsync: ssm.onUnlockedUser-0_com.android.server.devicestate.DeviceStateManagerService
10-14 01:23:50.532 1132 1271 D SystemServerTimingAsync: ssm.onUnlockedUser-0_com.android.server.devicestate.DeviceStateManagerService took to complete: 0ms
10-14 01:23:50.532 1132 1271 I SystemServerTimingAsync: ssm.onUnlockedUser-0_com.android.server.camera.CameraServiceProxy
10-14 01:23:50.532 1132 1271 D SystemServerTimingAsync: ssm.onUnlockedUser-0_com.android.server.camera.CameraServiceProxy took to complete: 0ms
10-14 01:23:50.532 1132 1271 I SystemServerTimingAsync: ssm.onUnlockedUser-0_com.android.server.BluetoothService
10-14 01:23:50.532 1132 1271 D SystemServerTimingAsync: ssm.onUnlockedUser-0_com.android.server.BluetoothService took to complete: 0ms
10-14 01:23:50.533 1132 1271 I SystemServerTimingAsync: ssm.onUnlockedUser-0_com.android.server.connectivity.IpConnectivityMetrics
10-14 01:23:50.533 1132 1271 D SystemServerTimingAsync: ssm.onUnlockedUser-0_com.android.server.connectivity.IpConnectivityMetrics took to complete: 0ms
10-14 01:23:50.533 1132 1271 I SystemServerTimingAsync: ssm.onUnlockedUser-0_com.android.server.net.watchlist.NetworkWatchlistService$Lifecycle
10-14 01:23:50.533 1132 1271 D SystemServerTimingAsync: ssm.onUnlockedUser-0_com.android.server.net.watchlist.NetworkWatchlistService$Lifecycle took to complete: 0ms
10-14 01:23:50.533 1132 1271 I SystemServerTimingAsync: ssm.onUnlockedUser-0_com.android.server.PinnerService
10-14 01:23:50.535 1132 1271 D SystemServerTimingAsync: ssm.onUnlockedUser-0_com.android.server.PinnerService took to complete: 0ms
10-14 01:23:50.543 1132 1272 W ActivityManager: Slow operation: 91ms so far, now at startProcess: returned from zygote!
10-14 01:23:50.543 1132 1272 W ActivityManager: Slow operation: 99ms so far, now at startProcess: done updating battery stats
