01-01 08:00:45.057 1132 1221 I SystemConfig: Reading permissions from /system/etc/permissions/android.software.webview.xml
01-01 08:00:45.060 1132 1221 I SystemConfig: Reading permissions from /system/etc/permissions/com.android.documentsui.xml
01-01 08:00:45.063 1132 1132 D CompatConfig: Adding: com.android.server.compat.config.Change@b93935b
01-01 08:00:45.064 1132 1132 D CompatConfig: Adding: com.android.server.compat.config.Change@81da7f8
01-01 08:00:45.048 0 0 E wlan : Loading driver v5.2.022.10G +TIMER_MANAGER +MEMORY_DEBUG +PANIC_ON_BUG; 2022-10-14T03:33:03Z; cld:; cmn:;
01-01 08:00:45.065 1132 1132 D CompatConfig: Adding: com.android.server.compat.config.Change@f9e44d1
01-01 08:00:45.066 1132 1132 D CompatConfig: Adding: com.android.server.compat.config.Change@f6e0a37
01-01 08:00:45.067 1132 1221 I SystemConfig: Reading permissions from /system/etc/permissions/android.test.runner.xml
01-01 08:00:45.067 1132 1132 D CompatConfig: Adding: com.android.server.compat.config.Change@6814ba4
01-01 08:00:45.068 1132 1221 I SystemConfig: Reading permissions from /system/etc/permissions/uimremoteserver.xml
01-01 08:00:45.068 1132 1132 D CompatConfig: Adding: com.android.server.compat.config.Change@c2cc4c2
01-01 08:00:45.070 1132 1221 I SystemConfig: Reading permissions from /system/etc/permissions/com.android.future.usb.accessory.xml
01-01 08:00:45.072 1132 1221 I SystemConfig: Reading permissions from /system/etc/permissions/android.test.mock.xml
01-01 08:00:45.073 1132 1221 I SystemConfig: Reading permissions from /system/etc/permissions/uimremoteclient.xml
01-01 08:00:45.075 1132 1221 I SystemConfig: Reading permissions from /system/etc/permissions/com.thundercomm.tcservice.xml
01-01 08:00:45.077 1132 1221 I SystemConfig: Reading permissions from /system/etc/permissions/com.android.nfc_extras.xml
01-01 08:00:45.079 1132 1221 I SystemConfig: Reading permissions from /system/etc/permissions/privapp-permissions-qti.xml
01-01 08:00:45.082 1132 1221 I SystemConfig: Reading permissions from /system/etc/permissions/com.android.media.remotedisplay.xml
01-01 08:00:45.082 1132 1132 D CompatConfig: Adding: com.android.server.compat.config.Change@7c22a1a
01-01 08:00:45.083 1132 1132 D CompatConfig: Adding: com.android.server.compat.config.Change@9c094b
01-01 08:00:45.084 1132 1221 I SystemConfig: Reading permissions from /system/etc/permissions/android.software.freeform_window_management.xml
01-01 08:00:45.084 1132 1132 D CompatConfig: Adding: com.android.server.compat.config.Change@8e90441
01-01 08:00:45.085 1132 1132 D CompatConfig: Adding: com.android.server.compat.config.Change@5c8cde6
01-01 08:00:45.085 1132 1221 I SystemConfig: Reading permissions from /system/etc/permissions/privapp-permissions-platform.xml
01-01 08:00:45.086 1132 1132 D CompatConfig: Adding: com.android.server.compat.config.Change@6a0e5d4
01-01 08:00:45.087 1132 1132 D CompatConfig: Adding: com.android.server.compat.config.Change@e80a37d
01-01 08:00:45.088 1132 1132 D CompatConfig: Adding: com.android.server.compat.config.Change@e43e272
01-01 08:00:45.089 1132 1132 D CompatConfig: Adding: com.android.server.compat.config.Change@81256c3
01-01 08:00:45.090 1132 1132 D CompatConfig: Adding: com.android.server.compat.config.Change@4108b40
01-01 08:00:45.091 1132 1132 D CompatConfig: Adding: com.android.server.compat.config.Change@8f8fa79
01-01 08:00:45.091 1132 1132 D CompatConfig: Adding: com.android.server.compat.config.Change@e9b3be
01-01 08:00:45.092 1132 1132 D CompatConfig: Adding: com.android.server.compat.config.Change@b399c1f
01-01 08:00:45.093 1132 1221 I SystemConfig: Reading permissions from /system/etc/permissions/com.android.networkstack.xml
01-01 08:00:45.094 1132 1132 D CompatConfig: Adding: com.android.server.compat.config.Change@5c535
01-01 08:00:45.095 1132 1132 D CompatConfig: Adding: com.android.server.compat.config.Change@894dca
01-01 08:00:45.095 1132 1221 I SystemConfig: Reading permissions from /system/etc/permissions/javax.obex.xml
01-01 08:00:45.096 1132 1132 D CompatConfig: Adding: com.android.server.compat.config.Change@2cc8258
01-01 08:00:45.096 1132 1132 D CompatConfig: Adding: com.android.server.compat.config.Change@8da7fb1
01-01 08:00:45.097 1132 1221 I SystemConfig: Reading permissions from /system/etc/permissions/com.android.networkstack.tethering.xml
01-01 08:00:45.098 1132 1132 D CompatConfig: Adding: com.android.server.compat.config.Change@64cf017
01-01 08:00:45.098 1132 1221 I SystemConfig: Reading permissions from /system/etc/permissions/com.android.location.provider.xml
01-01 08:00:45.099 1132 1132 D CompatConfig: Adding: com.android.server.compat.config.Change@e6665ed
01-01 08:00:45.099 1132 1221 I SystemConfig: Reading permissions from /system/etc/permissions/org.apache.http.legacy.xml
01-01 08:00:45.100 1132 1132 D CompatConfig: Adding: com.android.server.compat.config.Change@f2676b3
01-01 08:00:45.101 1132 1221 I SystemConfig: Reading permissions from /system/etc/permissions/android.test.base.xml
01-01 08:00:45.101 1132 1132 D CompatConfig: Adding: com.android.server.compat.config.Change@15073e9
01-01 08:00:45.103 1132 1221 I SystemConfig: Reading permissions from /system/etc/permissions/android.software.live_wallpaper.xml
01-01 08:00:45.104 1132 1132 D CompatConfig: Adding: com.android.server.compat.config.Change@f07cb0f
01-01 08:00:45.105 1132 1221 I SystemConfig: Reading permissions from /system/etc/permissions/com.thundercomm.mcuupgrade.xml
01-01 08:00:45.105 1132 1132 D CompatConfig: Adding: com.android.server.compat.config.Change@bb365a5
01-01 08:00:45.106 1132 1221 I SystemConfig: Reading permissions from /system/etc/permissions/platform.xml
01-01 08:00:45.107 1132 1132 D CompatConfig: Adding: com.android.server.compat.config.Change@800092b
01-01 08:00:45.109 1132 1132 D CompatConfig: Adding: com.android.server.compat.config.Change@d113188
01-01 08:00:45.100 0 0 E ipa3_uc_reg_rdyCB: 2973 bad parm. inout=0000000000000000
01-01 08:00:45.111 1132 1132 D CompatConfig: Adding: com.android.server.compat.config.Change@499b721
01-01 08:00:45.112 1132 1132 D CompatConfig: Adding: com.android.server.compat.config.Change@fc53746
01-01 08:00:45.105 0 0 I : wlan_hdd_state wlan major(477) initialized
01-01 08:00:45.112 0 0 D cnss : Start to wait for calibration to complete
01-01 08:00:45.114 1132 1221 I SystemConfig: Reading permissions from /vendor/etc/permissions/android.hardware.sensor.accelerometer.xml
01-01 08:00:45.115 1132 1221 I SystemConfig: Reading permissions from /vendor/etc/permissions/android.hardware.wifi.direct.xml
01-01 08:00:45.117 1132 1221 I SystemConfig: Reading permissions from /vendor/etc/permissions/android.hardware.sensor.ambient_temperature.xml
01-01 08:00:45.118 1132 1221 I SystemConfig: Reading permissions from /vendor/etc/permissions/android.software.ipsec_tunnels.xml
01-01 08:00:45.120 1132 1132 D CompatConfig: Adding: com.android.server.compat.config.Change@c3a72a3
01-01 08:00:45.120 1132 1221 I SystemConfig: Reading permissions from /vendor/etc/permissions/android.software.device_id_attestation.xml
01-01 08:00:45.121 1132 1132 D CompatConfig: Adding: com.android.server.compat.config.Change@1f12959
01-01 08:00:45.124 1132 1221 I SystemConfig: Reading permissions from /vendor/etc/permissions/android.hardware.vulkan.compute-0.xml
01-01 08:00:45.126 1132 1221 I SystemConfig: Reading permissions from /vendor/etc/permissions/android.hardware.sensor.barometer.xml
01-01 08:00:45.131 1132 1132 D CompatConfig: Adding: com.android.server.compat.config.Change@158bfcc
01-01 08:00:45.136 1132 1221 I SystemConfig: Reading permissions from /vendor/etc/permissions/qti_fingerprint_interface.xml
01-01 08:00:45.138 1132 1132 D CompatConfig: Adding: com.android.server.compat.config.Change@e39931b
01-01 08:00:45.139 1132 1132 D CompatConfig: Adding: com.android.server.compat.config.Change@b380cb8
01-01 08:00:45.139 1132 1221 I SystemConfig: Reading permissions from /vendor/etc/permissions/android.hardware.usb.host.xml
01-01 08:00:45.140 1132 1132 D CompatConfig: Adding: com.android.server.compat.config.Change@90daa91
01-01 08:00:45.141 1132 1132 D CompatConfig: Adding: com.android.server.compat.config.Change@1effdf6
01-01 08:00:45.141 1132 1221 I SystemConfig: Reading permissions from /vendor/etc/permissions/android.software.vulkan.deqp.level.xml
01-01 08:00:45.141 1132 1132 D CompatConfig: Adding: com.android.server.compat.config.Change@fbd3c64
01-01 08:00:45.143 1132 1221 I SystemConfig: Reading permissions from /vendor/etc/permissions/vendor-qti-hardware-sensorscalibrate.xml
01-01 08:00:45.144 1132 1132 D CompatConfig: Adding: com.android.server.compat.config.Change@e160382
01-01 08:00:45.145 1132 1221 I SystemConfig: Reading permissions from /vendor/etc/permissions/android.hardware.sensor.compass.xml
01-01 08:00:45.145 1132 1132 D CompatConfig: Adding: com.android.server.compat.config.Change@543bad0
01-01 08:00:45.146 1132 1132 D CompatConfig: Adding: com.android.server.compat.config.Change@da21ac9
01-01 08:00:45.146 1132 1221 I SystemConfig: Reading permissions from /vendor/etc/permissions/android.hardware.bluetooth.xml
01-01 08:00:45.147 1132 1132 D CompatConfig: Adding: com.android.server.compat.config.Change@4a7fcef
01-01 08:00:45.148 1132 1132 D CompatConfig: Adding: com.android.server.compat.config.Change@a71b3fc
01-01 08:00:45.148 1132 1221 I SystemConfig: Reading permissions from /vendor/etc/permissions/handheld_core_hardware.xml
01-01 08:00:45.148 1132 1132 D CompatConfig: Adding: com.android.server.compat.config.Change@3c80da
01-01 08:00:45.149 1132 1132 D CompatConfig: Adding: com.android.server.compat.config.Change@ba1790b
01-01 08:00:45.150 1132 1221 I SystemConfig: Reading permissions from /vendor/etc/permissions/android.hardware.sensor.hifi_sensors.xml
01-01 08:00:45.151 1132 1132 D CompatConfig: Adding: com.android.server.compat.config.Change@add5a01
01-01 08:00:45.151 1132 1132 D CompatConfig: Found a config file: /system/etc/compatconfig/documents-ui-compat-config.xml
01-01 08:00:45.152 1132 1221 I SystemConfig: Reading permissions from /vendor/etc/permissions/android.hardware.light.xml
01-01 08:00:45.153 1132 1132 D CompatConfig: Adding: com.android.server.compat.config.Change@61a8694
01-01 08:00:45.153 1132 1221 I SystemConfig: Reading permissions from /vendor/etc/permissions/android.hardware.vulkan.level-1.xml
01-01 08:00:45.154 1132 1221 I SystemConfig: Reading permissions from /vendor/etc/permissions/android.hardware.audio.pro.xml
01-01 08:00:45.155 1132 1221 I SystemConfig: Reading permissions from /vendor/etc/permissions/android.hardware.bluetooth_le.xml
01-01 08:00:45.157 1132 1221 I SystemConfig: Reading permissions from /vendor/etc/permissions/android.hardware.opengles.aep.xml
01-01 08:00:45.157 1132 1221 I SystemConfig: Reading permissions from /vendor/etc/permissions/android.hardware.se.omapi.uicc.xml
01-01 08:00:45.159 1132 1132 D CompatConfig: Found a config file: /system/etc/compatconfig/services-platform-compat-config.xml
01-01 08:00:45.159 1132 1221 I SystemConfig: Reading permissions from /vendor/etc/permissions/android.hardware.sensor.gyroscope.xml
01-01 08:00:45.160 1132 1221 I SystemConfig: Reading permissions from /vendor/etc/permissions/android.hardware.fingerprint.xml
01-01 08:00:45.161 1132 1132 D CompatConfig: Adding: com.android.server.compat.config.Change@51e2ef5
01-01 08:00:45.161 1132 1221 I SystemConfig: Reading permissions from /vendor/etc/permissions/android.hardware.wifi.aware.xml
01-01 08:00:45.162 1132 1132 D CompatConfig: Adding: com.android.server.compat.config.Change@686bafb
01-01 08:00:45.162 1132 1221 I SystemConfig: Reading permissions from /vendor/etc/permissions/android.hardware.touchscreen.multitouch.jazzhand.xml
01-01 08:00:45.163 1132 1132 D CompatConfig: Adding: com.android.server.compat.config.Change@66fc571
01-01 08:00:45.163 1132 1132 D CompatConfig: Adding: com.android.server.compat.config.Change@225af56
01-01 08:00:45.164 1132 1221 I SystemConfig: Reading permissions from /vendor/etc/permissions/android.software.midi.xml
01-01 08:00:45.165 1132 1221 I SystemConfig: Reading permissions from /vendor/etc/permissions/android.hardware.se.omapi.ese.xml
01-01 08:00:45.165 1132 1132 D CompatConfig: Adding: com.android.server.compat.config.Change@56a47ad
01-01 08:00:45.167 1132 1221 I SystemConfig: Reading permissions from /vendor/etc/permissions/android.software.verified_boot.xml
01-01 08:00:45.167 1132 1132 D CompatConfig: Adding: com.android.server.compat.config.Change@10b8e73
01-01 08:00:45.168 1132 1132 D CompatConfig: Adding: com.android.server.compat.config.Change@744e130
01-01 08:00:45.168 1132 1132 D CompatConfig: Adding: com.android.server.compat.config.Change@10b1a9
01-01 08:00:45.168 1132 1221 I SystemConfig: Reading permissions from /vendor/etc/permissions/android.hardware.wifi.passpoint.xml
01-01 08:00:45.169 1132 1221 I SystemConfig: Reading permissions from /vendor/etc/permissions/android.hardware.wifi.rtt.xml
01-01 08:00:45.170 1132 1132 D CompatConfig: Adding: com.android.server.compat.config.Change@4cee05c
01-01 08:00:45.172 1132 1221 I SystemConfig: Reading permissions from /vendor/etc/permissions/android.hardware.wifi.xml
01-01 08:00:45.174 1132 1221 I SystemConfig: Reading permissions from /vendor/etc/permissions/android.hardware.usb.accessory.xml
01-01 08:00:45.174 1132 1132 D CompatConfig: Adding: com.android.server.compat.config.Change@6f858eb
01-01 08:00:45.175 1132 1221 I SystemConfig: Reading permissions from /vendor/etc/permissions/vendor.qti.hardware.factory.xml
01-01 08:00:45.177 1132 1221 I SystemConfig: Reading permissions from /vendor/etc/permissions/android.hardware.audio.low_latency.xml
01-01 08:00:45.178 1132 1132 D CompatConfig: Adding: com.android.server.compat.config.Change@a69a06
01-01 08:00:45.179 1132 1132 D CompatConfig: Adding: com.android.server.compat.config.Change@8198c7
01-01 08:00:45.180 1132 1132 D CompatConfig: Adding: com.android.server.compat.config.Change@4a4def4
01-01 08:00:45.181 1132 1132 D CompatConfig: Adding: com.android.server.compat.config.Change@ad9761d
01-01 08:00:45.181 1132 1132 D CompatConfig: Adding: com.android.server.compat.config.Change@8025092
01-01 08:00:45.182 1132 1221 I SystemConfig: Reading permissions from /vendor/etc/permissions/android.hardware.sensor.relative_humidity.xml
01-01 08:00:45.183 1132 1132 D CompatConfig: Adding: com.android.server.compat.config.Change@1aaf660
01-01 08:00:45.184 1132 1221 I SystemConfig: Reading permissions from /vendor/etc/permissions/android.hardware.vulkan.version-1_1.xml
01-01 08:00:45.185 1132 1132 D CompatConfig: Adding: com.android.server.compat.config.Change@3f0e3de
01-01 08:00:45.185 0 0 I binder : 1226:1226 ioctl 40046210 ff986b48 returned -22
01-01 08:00:45.186 1132 1221 I SystemConfig: Reading permissions from /vendor/etc/permissions/android.hardware.location.gps.xml
01-01 08:00:45.188 1132 1132 D CompatConfig: Adding: com.android.server.compat.config.Change@939188c
01-01 08:00:45.189 1132 1132 D CompatConfig: Adding: com.android.server.compat.config.Change@b124bd5
01-01 08:00:45.191 1132 1132 D CompatConfig: Adding: com.android.server.compat.config.Change@5a35fea
01-01 08:00:45.196 1132 1221 I SystemConfig: Reading permissions from /product/etc/sysconfig/preinstalled-packages-platform-handheld-product.xml
01-01 08:00:45.198 1132 1221 I SystemConfig: Reading permissions from /product/etc/sysconfig/preinstalled-packages-platform-overlays.xml
01-01 08:00:45.202 0 0 I msm_vidc: err : ffffffff: .....: DBLP Set: status 0
01-01 08:00:45.198 1132 1132 D CompatConfig: Adding: com.android.server.compat.config.Change@338d051
01-01 08:00:45.200 1132 1132 D CompatConfig: Adding: com.android.server.compat.config.Change@e4f90b6
01-01 08:00:45.201 1132 1221 I SystemConfig: Reading permissions from /product/etc/permissions/com.android.settings.intelligence.xml
01-01 08:00:45.202 1132 1132 D CompatConfig: Adding: com.android.server.compat.config.Change@eb7ed24
01-01 08:00:45.204 1231 1231 I iorapd : iorapd (the prefetchening) firing up
01-01 08:00:45.205 1132 1132 D CompatConfig: Adding: com.android.server.compat.config.Change@c69208d
01-01 08:00:45.205 1132 1221 I SystemConfig: Reading permissions from /product/etc/permissions/UimService.xml
01-01 08:00:45.207 1132 1132 D CompatConfig: Adding: com.android.server.compat.config.Change@bc94253
01-01 08:00:45.208 1132 1221 I SystemConfig: Reading permissions from /product/etc/permissions/ims_ext_common.xml
01-01 08:00:45.209 1132 1221 I SystemConfig: Reading permissions from /product/etc/permissions/privapp-permissions-soundrecorder.xml
01-01 08:00:45.212 1132 1221 I SystemConfig: Reading permissions from /product/etc/permissions/telephony_product_privapp-permissions-qti.xml
01-01 08:00:45.216 1132 1132 D CompatConfig: Adding: com.android.server.compat.config.Change@e9bb0af
01-01 08:00:45.217 1231 1231 I iorapd : Opened existing database at '/data/misc/iorapd/sqlite.db'
01-01 08:00:45.217 1132 1221 I SystemConfig: Reading permissions from /product/etc/permissions/com.qti.snapdragon.sdk.display.xml
01-01 08:00:45.217 1132 1132 D CompatConfig: Adding: com.android.server.compat.config.Change@6bed445
01-01 08:00:45.218 1231 1231 W iorapd : Reconnect to package manager service: 1 times
01-01 08:00:45.219 1132 1132 D CompatConfig: Adding: com.android.server.compat.config.Change@64b979a
01-01 08:00:45.220 1132 1221 I SystemConfig: Reading permissions from /product/etc/permissions/vendor.qti.hardware.data.connection-V1.0-java.xml
01-01 08:00:45.218 0 0 I binder : 1231:1231 ioctl 40046210 7ff4321f34 returned -22
01-01 08:00:45.223 1132 1221 I SystemConfig: Reading permissions from /product/etc/permissions/vendor.qti.hardware.data.connection-V1.1-java.xml
01-01 08:00:45.224 1132 1132 D CompatConfig: Adding: com.android.server.compat.config.Change@3fd6fc1
01-01 08:00:45.225 1132 1132 D CompatConfig: Adding: com.android.server.compat.config.Change@b3b9366
01-01 08:00:45.226 1132 1132 D CompatConfig: Adding: com.android.server.compat.config.Change@62b06a7
01-01 08:00:45.228 1132 1132 D CompatConfig: Adding: com.android.server.compat.config.Change@882e754
01-01 08:00:45.229 1132 1132 D CompatConfig: Adding: com.android.server.compat.config.Change@13046fd
01-01 08:00:45.229 1132 1221 I SystemConfig: Reading permissions from /system_ext/etc/sysconfig/qti_whitelist_system_ext.xml
01-01 08:00:45.229 1132 1132 D CompatConfig: Adding: com.android.server.compat.config.Change@1776643
01-01 08:00:45.231 1132 1221 I SystemConfig: Reading permissions from /system_ext/etc/sysconfig/qti_telephony_system_packages_config.xml
01-01 08:00:45.231 1132 1132 D CompatConfig: Adding: com.android.server.compat.config.Change@dbf55f9
01-01 08:00:45.234 1132 1221 I SystemConfig: Reading permissions from /system_ext/etc/permissions/com.thundercomm.microsettings.xml
01-01 08:00:45.238 1132 1132 D CompatConfig: Adding: com.android.server.compat.config.Change@aa0239f
01-01 08:00:45.238 1132 1221 I SystemConfig: Reading permissions from /system_ext/etc/permissions/com.android.systemui.xml
01-01 08:00:45.239 1132 1132 D CompatConfig: Adding: com.android.server.compat.config.Change@d9658b5
01-01 08:00:45.240 1132 1132 D CompatConfig: Adding: com.android.server.compat.config.Change@9091b4a
01-01 08:00:45.240 1132 1132 D CompatConfig: Adding: com.android.server.compat.config.Change@46d5abb
01-01 08:00:45.241 1132 1132 D CompatConfig: Adding: com.android.server.compat.config.Change@bd6cbd8
01-01 08:00:45.242 1132 1221 I SystemConfig: Reading permissions from /system_ext/etc/permissions/wfd-system-ext-privapp-permissions-qti.xml
01-01 08:00:45.242 1132 1132 D CompatConfig: Adding: com.android.server.compat.config.Change@445a216
01-01 08:00:45.243 1132 1132 D CompatConfig: Adding: com.android.server.compat.config.Change@c0ce797
01-01 08:00:45.243 1132 1221 I SystemConfig: Reading permissions from /system_ext/etc/permissions/com.android.settings.xml
01-01 08:00:45.244 1132 1132 D CompatConfig: Adding: com.android.server.compat.config.Change@405e96d
01-01 08:00:45.245 1132 1132 D CompatConfig: Adding: com.android.server.compat.config.Change@af1c9a2
01-01 08:00:45.246 1132 1132 D CompatConfig: Adding: com.android.server.compat.config.Change@9ae6633
01-01 08:00:45.250 1132 1221 I SystemConfig: Reading permissions from /system_ext/etc/permissions/com.qualcomm.qti.imscmservice-V2.2-java.xml
01-01 08:00:45.252 1132 1221 I SystemConfig: Reading permissions from /system_ext/etc/permissions/izat.xt.srv.xml
01-01 08:00:45.253 1132 1221 I SystemConfig: Reading permissions from /system_ext/etc/permissions/vendor.qti.ims.rcsservice.xml
01-01 08:00:45.254 1132 1221 I SystemConfig: Reading permissions from /system_ext/etc/permissions/com.android.provision.xml
01-01 08:00:45.255 1132 1132 D CompatConfig: Adding: com.android.server.compat.config.Change@a491c
01-01 08:00:45.256 1132 1132 D CompatConfig: Adding: com.android.server.compat.config.Change@e4fd925
01-01 08:00:45.257 1132 1132 D CompatConfig: Adding: com.android.server.compat.config.Change@3c6eafa
01-01 08:00:45.258 1132 1132 D CompatConfig: Adding: com.android.server.compat.config.Change@ea668ab
01-01 08:00:45.259 1132 1221 I SystemConfig: Reading permissions from /system_ext/etc/permissions/com.qualcomm.qti.imscmservice.xml
01-01 08:00:45.259 1132 1132 D CompatConfig: Adding: com.android.server.compat.config.Change@349e2a1
01-01 08:00:45.260 1132 1132 D CompatConfig: Adding: com.android.server.compat.config.Change@308bcc6
01-01 08:00:45.261 1132 1221 I SystemConfig: Reading permissions from /system_ext/etc/permissions/com.android.launcher3.xml
01-01 08:00:45.261 1132 1132 D CompatConfig: Adding: com.android.server.compat.config.Change@54c9fb4
01-01 08:00:45.266 1132 1221 I SystemConfig: Reading permissions from /system_ext/etc/permissions/privapp-permissions-aptxals.xml
01-01 08:00:45.268 1132 1132 D CompatConfig: Found a config file: /system/etc/compatconfig/icu4j-platform-compat-config.xml
01-01 08:00:45.269 1132 1132 D CompatConfig: Adding: com.android.server.compat.config.Change@65d4223
01-01 08:00:45.269 1132 1221 I SystemConfig: Reading permissions from /system_ext/etc/permissions/com.nxp.nfc.nq.xml
01-01 08:00:45.270 1132 1132 D CompatConfig: Found a config file: /system/etc/compatconfig/calendar-provider-compat-config.xml
01-01 08:00:45.271 1132 1132 D CompatConfig: Adding: com.android.server.compat.config.Change@e9c9e9e
01-01 08:00:45.271 1132 1221 I SystemConfig: Reading permissions from /system_ext/etc/permissions/embms.xml
01-01 08:00:45.273 1132 1132 D CompatConfig: Found a config file: /system/system_ext/etc/compatconfig/settings-platform-compat-config.xml
01-01 08:00:45.273 1132 1221 I SystemConfig: Reading permissions from /system_ext/etc/permissions/privapp-permissions-com.qualcomm.location.xml
01-01 08:00:45.274 1132 1132 D CompatConfig: Adding: com.android.server.compat.config.Change@d3006aa
01-01 08:00:45.275 1132 1221 I SystemConfig: Reading permissions from /system_ext/etc/permissions/com.qualcomm.qmapbridge.xml
01-01 08:00:45.277 1132 1132 D CompatConfig: No directory /apex/com.android.vndk.v30/etc/compatconfig, skipping
01-01 08:00:45.277 1132 1132 D CompatConfig: No directory /apex/com.android.wifi/etc/compatconfig, skipping
01-01 08:00:45.277 1132 1132 D CompatConfig: No directory /apex/com.android.vndk.v31/etc/compatconfig, skipping
01-01 08:00:45.277 1132 1132 D CompatConfig: No directory /apex/com.android.tzdata/etc/compatconfig, skipping
01-01 08:00:45.277 1132 1132 D CompatConfig: No directory /apex/com.android.tethering/etc/compatconfig, skipping
01-01 08:00:45.278 1132 1132 D CompatConfig: No directory /apex/com.android.sdkext/etc/compatconfig, skipping
01-01 08:00:45.278 1132 1132 D CompatConfig: No directory /apex/com.android.scheduling/etc/compatconfig, skipping
01-01 08:00:45.278 1132 1132 D CompatConfig: No directory /apex/com.android.runtime/etc/compatconfig, skipping
01-01 08:00:45.278 1132 1132 D CompatConfig: No directory /apex/com.android.resolv/etc/compatconfig, skipping
01-01 08:00:45.278 1132 1132 D CompatConfig: No directory /apex/com.android.permission/etc/compatconfig, skipping
01-01 08:00:45.279 1132 1132 D CompatConfig: No directory /apex/com.android.os.statsd/etc/compatconfig, skipping
01-01 08:00:45.279 1132 1132 D CompatConfig: No directory /apex/com.android.neuralnetworks/etc/compatconfig, skipping
01-01 08:00:45.280 1132 1221 I SystemConfig: Reading permissions from /system_ext/etc/permissions/android.software.verified_boot.xml
01-01 08:00:45.280 1132 1132 D CompatConfig: Found a config file: /apex/com.android.mediaprovider/etc/compatconfig/media-provider-platform-compat-config.xml
01-01 08:00:45.281 1132 1221 I SystemConfig: Reading permissions from /system_ext/etc/permissions/audiosphere.xml
01-01 08:00:45.282 1132 1132 D CompatConfig: Adding: com.android.server.compat.config.Change@2e5fd77
01-01 08:00:45.283 1132 1221 I SystemConfig: Reading permissions from /system_ext/etc/permissions/com.android.emergency.xml
01-01 08:00:45.284 1132 1221 I SystemConfig: Reading permissions from /system_ext/etc/permissions/com.qti.dpmframework.xml
01-01 08:00:45.285 1132 1132 D CompatConfig: Adding: com.android.server.compat.config.Change@cdec102
01-01 08:00:45.286 1132 1132 D CompatConfig: Adding: com.android.server.compat.config.Change@332fa13
01-01 08:00:45.287 1132 1221 I SystemConfig: Reading permissions from /system_ext/etc/permissions/dpmapi.xml
01-01 08:00:45.288 1132 1132 D CompatConfig: Adding: com.android.server.compat.config.Change@43a1649
01-01 08:00:45.289 1132 1132 D CompatConfig: Adding: com.android.server.compat.config.Change@4fbeb4e
01-01 08:00:45.290 1132 1221 I SystemConfig: Reading permissions from /system_ext/etc/permissions/embms-noship_product_privapp_permissions_qti.xml
01-01 08:00:45.291 1132 1132 D CompatConfig: Adding: com.android.server.compat.config.Change@e18857c
01-01 08:00:45.292 1132 1132 D CompatConfig: Adding: com.android.server.compat.config.Change@304ce05
01-01 08:00:45.292 1132 1221 I SystemConfig: Reading permissions from /system_ext/etc/permissions/privapp-permissions-qti-system-ext.xml
01-01 08:00:45.293 1132 1132 D CompatConfig: No directory /apex/com.android.media.swcodec/etc/compatconfig, skipping
01-01 08:00:45.293 1132 1132 D CompatConfig: No directory /apex/com.android.media/etc/compatconfig, skipping
01-01 08:00:45.293 1132 1132 D CompatConfig: No directory /apex/com.android.ipsec/etc/compatconfig, skipping
01-01 08:00:45.293 1132 1132 D CompatConfig: No directory /apex/com.android.i18n/etc/compatconfig, skipping
01-01 08:00:45.293 1132 1132 D CompatConfig: No directory /apex/com.android.extservices/etc/compatconfig, skipping
01-01 08:00:45.293 1132 1132 D CompatConfig: No directory /apex/com.android.conscrypt/etc/compatconfig, skipping
01-01 08:00:45.294 1132 1132 D CompatConfig: Found a config file: /apex/com.android.art/etc/compatconfig/libcore-platform-compat-config.xml
01-01 08:00:45.295 1132 1132 D CompatConfig: Adding: com.android.server.compat.config.Change@9267d68
01-01 08:00:45.296 1132 1221 I SystemConfig: Reading permissions from /system_ext/etc/permissions/com.qti.location.sdk.xml
01-01 08:00:45.299 1132 1221 I SystemConfig: Reading permissions from /system_ext/etc/permissions/qti_supplicant_interface.xml
01-01 08:00:45.301 1132 1221 I SystemConfig: Reading permissions from /system_ext/etc/permissions/qti_libpermissions.xml
01-01 08:00:45.303 1132 1221 I SystemConfig: Reading permissions from /system_ext/etc/permissions/com.qualcomm.qti.imscmservice-V2.0-java.xml
01-01 08:00:45.304 1132 1221 I SystemConfig: Reading permissions from /system_ext/etc/permissions/com.qti.media.secureprocessor.xml
01-01 08:00:45.306 1132 1221 I SystemConfig: Reading permissions from /system_ext/etc/permissions/com.qualcomm.location.xml
01-01 08:00:45.308 1132 1221 I SystemConfig: Reading permissions from /system_ext/etc/permissions/com.qualcomm.qti.imscmservice-V2.1-java.xml
01-01 08:00:45.310 1132 1221 I SystemConfig: Reading permissions from /system_ext/etc/permissions/qti_permissions.xml
01-01 08:00:45.316 1132 1221 I SystemConfig: Reading permissions from /system_ext/etc/permissions/telephony_system-ext_privapp-permissions-qti.xml
01-01 08:00:45.321 1132 1132 D CompatConfig: Adding: com.android.server.compat.config.Change@7dfc3fe
01-01 08:00:45.322 1132 1132 D CompatConfig: Adding: com.android.server.compat.config.Change@c72075f
01-01 08:00:45.323 1132 1132 D CompatConfig: Adding: com.android.server.compat.config.Change@d4645ac
01-01 08:00:45.323 1132 1221 I SystemConfig: Reading permissions from /system_ext/etc/permissions/com.qualcomm.qti.izattools.xml
01-01 08:00:45.323 1132 1132 D CompatConfig: Adding: com.android.server.compat.config.Change@a70220a
01-01 08:00:45.323 0 0 I binder : 1253:1253 ioctl 40046210 7fd633e3b4 returned -22
01-01 08:00:45.325 1132 1132 D CompatConfig: No directory /apex/com.android.appsearch/etc/compatconfig, skipping
01-01 08:00:45.325 1132 1132 D CompatConfig: No directory /apex/com.android.adbd/etc/compatconfig, skipping
01-01 08:00:45.325 1132 1221 I SystemConfig: Reading permissions from /system_ext/etc/permissions/com.android.storagemanager.xml
01-01 08:00:45.332 1132 1221 I SystemConfig: Reading permissions from /apex/com.android.ipsec/etc/permissions/android.net.ipsec.ike.xml
01-01 08:00:45.332 1132 1132 D SystemServerTiming: PlatformCompat took to complete: 311ms
01-01 08:00:45.332 1132 1132 I SystemServerTiming: StartFileIntegrityService
01-01 08:00:45.333 1132 1132 I SystemServiceManager: Starting com.android.server.security.FileIntegrityService
01-01 08:00:45.338 1132 1221 D SystemConfig: readAllPermissions took to complete: 315ms
01-01 08:00:45.338 1132 1221 D SystemServerInitThreadPool: Finished executing ReadingSystemConfig
01-01 08:00:45.338 1132 1221 D SystemServerTimingAsync: InitThreadPoolExec:ReadingSystemConfig took to complete: 316ms
01-01 08:00:45.343 1132 1132 D SystemServerTiming: StartFileIntegrityService took to complete: 10ms
01-01 08:00:45.343 1132 1132 I SystemServerTiming: StartInstaller
01-01 08:00:45.343 1132 1132 I SystemServiceManager: Starting com.android.server.pm.Installer
01-01 08:00:45.344 1132 1132 W Installer: installd not found; trying again
01-01 08:00:45.350 1132 1132 D SystemServerTiming: StartInstaller took to complete: 6ms
01-01 08:00:45.350 1132 1132 I SystemServerTiming: DeviceIdentifiersPolicyService
01-01 08:00:45.350 1132 1132 I SystemServiceManager: Starting com.android.server.os.DeviceIdentifiersPolicyService
01-01 08:00:45.353 1132 1132 D SystemServerTiming: DeviceIdentifiersPolicyService took to complete: 2ms
01-01 08:00:45.353 1132 1132 I SystemServerTiming: UriGrantsManagerService
01-01 08:00:45.353 1132 1132 I SystemServiceManager: Starting com.android.server.uri.UriGrantsManagerService$Lifecycle
01-01 08:00:45.355 1132 1132 D SystemServerTiming: UriGrantsManagerService took to complete: 1ms
01-01 08:00:45.355 1132 1132 I SystemServerTiming: StartPowerStatsService
01-01 08:00:45.355 1132 1132 I SystemServiceManager: Starting com.android.server.powerstats.PowerStatsService
01-01 08:00:45.360 0 0 I binder : 1132:1132 ioctl 40046210 7fdf07a894 returned -22
01-01 08:00:45.362 1132 1132 D SystemServerTiming: StartPowerStatsService took to complete: 7ms
01-01 08:00:45.363 1132 1132 I SystemServerTiming: StartIStatsService
01-01 08:00:45.366 1132 1132 D SystemServerTiming: StartIStatsService took to complete: 2ms
01-01 08:00:45.367 1132 1132 I SystemServerTiming: MemtrackProxyService
01-01 08:00:45.372 1132 1132 D SystemServerTiming: MemtrackProxyService took to complete: 5ms
01-01 08:00:45.372 1132 1132 I SystemServerTiming: StartActivityManager
01-01 08:00:45.372 1132 1132 I SystemServiceManager: Starting com.android.server.wm.ActivityTaskManagerService$Lifecycle
01-01 08:00:45.383 1132 1132 I SystemServiceManager: Starting com.android.server.am.ActivityManagerService$Lifecycle
01-01 08:00:45.395 1132 1132 I ActivityManager: Memory class: 512
01-01 08:00:45.397 1132 1271 I Binder : Setting heavy hitter watcher config: false, 0, 0.0
01-01 08:00:45.456 1132 1132 D BatteryStatsImpl: Reading daily items from /data/system/batterystats-daily.xml
01-01 08:00:45.472 1132 1287 I KernelCpuUidFreqTimeReader: mPerClusterTimesAvailable=false
01-01 08:00:45.491 1132 1287 E KernelCpuSpeedReader: Failed to read cpu-freq: /sys/devices/system/cpu/cpu4/cpufreq/stats/time_in_state: open failed: ENOENT (No such file or directory)
01-01 08:00:45.491 1132 1287 E KernelCpuSpeedReader: Failed to read cpu-freq: /sys/devices/system/cpu/cpu0/cpufreq/stats/time_in_state: open failed: ENOENT (No such file or directory)
01-01 08:00:45.509 0 0 I binder : 1280:1280 ioctl 40046210 7fc1816734 returned -22
01-01 08:00:45.520 0 0 I binder : 1277:1277 ioctl 40046210 7ff0a31ae4 returned -22
01-01 08:00:45.541 1284 1284 I installd: installd firing up
01-01 08:00:45.553 1132 1287 W KernelMemoryBandwidthStats: No kernel memory bandwidth stats available
01-01 08:00:45.550 0 0 I binder : 1284:1284 ioctl 40046210 7fd6f22854 returned -22
01-01 08:00:45.611 0 0 I binder : 1291:1291 ioctl 40046210 7fe7d8aa44 returned -22
01-01 08:00:45.635 1132 1132 I IntentFirewall: Read new rules (A:0 B:0 S:0)
01-01 08:00:45.683 1132 1132 D AppOps : AppOpsService published
01-01 08:00:45.698 1132 1132 W SystemServiceManager: Service com.android.server.am.ActivityManagerService$Lifecycle took 56 ms in onStart
01-01 08:00:45.698 1132 1132 D SystemServerTiming: StartActivityManager took to complete: 326ms
01-01 08:00:45.698 1132 1132 I SystemServerTiming: StartDataLoaderManagerService
01-01 08:00:45.699 1132 1132 I SystemServiceManager: Starting com.android.server.pm.DataLoaderManagerService
01-01 08:00:45.720 0 0 I binder : 1302:1302 ioctl 40046210 7ff69fae84 returned -22
01-01 08:00:45.719 1302 1302 I wificond: wificond is starting up...
01-01 08:00:45.724 0 0 I binder : 1306:1306 ioctl 40046210 7fe95a1464 returned -22
01-01 08:00:45.727 0 0 E msm-dai-fe soc: qcom,msm-dai-fe: ASoC: no sink widget found for AUXPCM_DL_HL
01-01 08:00:45.735 0 0 E msm-dai-fe soc: qcom,msm-dai-fe: ASoC: Failed to add route AUXPCM_HOSTLESS Playback -> direct -> AUXPCM_DL_HL
01-01 08:00:45.738 0 0 I binder : 1302:1302 ioctl 40046210 7ff69fae04 returned -22
01-01 08:00:45.747 0 0 E msm-dai-fe soc: qcom,msm-dai-fe: ASoC: no source widget found for AUXPCM_UL_HL
01-01 08:00:45.755 0 0 E msm-dai-fe soc: qcom,msm-dai-fe: ASoC: Failed to add route AUXPCM_UL_HL -> direct -> AUXPCM_HOSTLESS Capture
01-01 08:00:45.739 1132 1132 D SystemServerTiming: StartDataLoaderManagerService took to complete: 41ms
01-01 08:00:45.739 1132 1132 I SystemServerTiming: StartIncrementalService
01-01 08:00:45.747 1132 1132 D SystemServerTiming: StartIncrementalService took to complete: 8ms
01-01 08:00:45.747 1132 1132 I SystemServerTiming: StartPowerManager
01-01 08:00:45.747 1132 1132 I SystemServiceManager: Starting com.android.server.power.PowerManagerService
01-01 08:00:45.758 1302 1302 I HidlServiceManagement: Registered android.system.wifi.keystore@1.0::IKeystore/default
01-01 08:00:45.785 0 0 E msm-auxpcm-dev soc: qcom,msm-pri-auxpcm: ASoC: no source widget found for AUX_PCM_RX
01-01 08:00:45.801 1132 1132 D SystemServerTiming: StartPowerManager took to complete: 53ms
01-01 08:00:45.801 1132 1132 I SystemServerTiming: StartThermalManager
01-01 08:00:45.801 1132 1132 I SystemServiceManager: Starting com.android.server.power.ThermalManagerService
01-01 08:00:45.801 1132 1132 D SystemServerTiming: StartThermalManager took to complete: 0ms
01-01 08:00:45.801 1132 1132 I SystemServerTiming: StartHintManager
01-01 08:00:45.801 1132 1132 I SystemServiceManager: Starting com.android.server.power.hint.HintManagerService
01-01 08:00:45.794 0 0 E msm-auxpcm-dev soc: qcom,msm-pri-auxpcm: ASoC: Failed to add route AUX_PCM_RX -> direct -> AUX PCM Playback
01-01 08:00:45.804 1132 1132 D SystemServerTiming: StartHintManager took to complete: 3ms
01-01 08:00:45.804 1132 1132 I SystemServerTiming: InitPowerManagement
01-01 08:00:45.806 0 0 E msm-auxpcm-dev soc: qcom,msm-pri-auxpcm: ASoC: no sink widget found for AUX_PCM_TX
01-01 08:00:45.808 1132 1132 D SystemServerTiming: InitPowerManagement took to complete: 3ms
01-01 08:00:45.815 0 0 E msm-auxpcm-dev soc: qcom,msm-pri-auxpcm: ASoC: Failed to add route AUX PCM Capture -> direct -> AUX_PCM_TX
01-01 08:00:45.808 1132 1132 I SystemServerTiming: StartRecoverySystemService
01-01 08:00:45.808 1132 1132 I SystemServiceManager: Starting com.android.server.recoverysystem.RecoverySystemService$Lifecycle
01-01 08:00:45.810 1132 1132 D SystemServerTiming: StartRecoverySystemService took to complete: 1ms
01-01 08:00:45.810 1132 1132 I PackageWatchdog: Syncing state, reason: added new observer
01-01 08:00:45.810 1132 1132 I PackageWatchdog: Not pruning observers, elapsed time: 0ms
01-01 08:00:45.810 1132 1132 I PackageWatchdog: Cancelling state sync, nothing to sync
01-01 08:00:45.810 1132 1263 I PackageWatchdog: Saving observer state to file
01-01 08:00:45.813 1132 1132 I SystemServerTiming: StartLightsService
01-01 08:00:45.813 1132 1132 I SystemServiceManager: Starting com.android.server.lights.LightsService
01-01 08:00:45.823 1132 1132 D SystemServerTiming: StartLightsService took to complete: 10ms
01-01 08:00:45.823 1132 1132 I SystemServerTiming: StartSidekickService
01-01 08:00:45.823 1132 1132 D SystemServerTiming: StartSidekickService took to complete: 0ms
01-01 08:00:45.823 1132 1132 I SystemServerTiming: StartDisplayManager
01-01 08:00:45.823 1132 1132 I SystemServiceManager: Starting com.android.server.display.DisplayManagerService
01-01 08:00:45.826 0 0 E msm-auxpcm-dev soc: qcom,msm-sec-auxpcm: ASoC: no source widget found for SEC_AUX_PCM_RX
01-01 08:00:45.836 0 0 E msm-auxpcm-dev soc: qcom,msm-sec-auxpcm: ASoC: Failed to add route SEC_AUX_PCM_RX -> direct -> Sec AUX PCM Playback
01-01 08:00:45.842 1132 1132 D SystemServerTiming: StartDisplayManager took to complete: 19ms
01-01 08:00:45.843 1132 1132 I SystemServerTiming: WaitForDisplay
01-01 08:00:45.843 1132 1132 I SystemServiceManager: Starting phase 100
01-01 08:00:45.843 1132 1132 I SystemServerTiming: OnBootPhase_100
01-01 08:00:45.843 1132 1132 I SystemServerTiming: OnBootPhase_100_com.android.server.security.FileIntegrityService
01-01 08:00:45.843 1132 1132 D SystemServerTiming: OnBootPhase_100_com.android.server.security.FileIntegrityService took to complete: 0ms
01-01 08:00:45.843 1132 1132 I SystemServerTiming: OnBootPhase_100_com.android.server.pm.Installer
01-01 08:00:45.843 1132 1132 D SystemServerTiming: OnBootPhase_100_com.android.server.pm.Installer took to complete: 0ms
01-01 08:00:45.843 1132 1132 I SystemServerTiming: OnBootPhase_100_com.android.server.os.DeviceIdentifiersPolicyService
01-01 08:00:45.843 1132 1132 D SystemServerTiming: OnBootPhase_100_com.android.server.os.DeviceIdentifiersPolicyService took to complete: 0ms
01-01 08:00:45.843 1132 1132 I SystemServerTiming: OnBootPhase_100_com.android.server.uri.UriGrantsManagerService$Lifecycle
01-01 08:00:45.843 1132 1132 D SystemServerTiming: OnBootPhase_100_com.android.server.uri.UriGrantsManagerService$Lifecycle took to complete: 0ms
01-01 08:00:45.843 1132 1132 I SystemServerTiming: OnBootPhase_100_com.android.server.powerstats.PowerStatsService
01-01 08:00:45.844 1132 1132 D SystemServerTiming: OnBootPhase_100_com.android.server.powerstats.PowerStatsService took to complete: 0ms
01-01 08:00:45.844 1132 1132 I SystemServerTiming: OnBootPhase_100_com.android.server.wm.ActivityTaskManagerService$Lifecycle
01-01 08:00:45.844 1132 1132 D SystemServerTiming: OnBootPhase_100_com.android.server.wm.ActivityTaskManagerService$Lifecycle took to complete: 0ms
01-01 08:00:45.844 1132 1132 I SystemServerTiming: OnBootPhase_100_com.android.server.am.ActivityManagerService$Lifecycle
01-01 08:00:45.848 1132 1132 D SystemServerTiming: OnBootPhase_100_com.android.server.am.ActivityManagerService$Lifecycle took to complete: 0ms
01-01 08:00:45.848 1132 1132 I SystemServerTiming: OnBootPhase_100_com.android.server.pm.DataLoaderManagerService
01-01 08:00:45.848 1132 1132 D SystemServerTiming: OnBootPhase_100_com.android.server.pm.DataLoaderManagerService took to complete: 0ms
01-01 08:00:45.848 1132 1132 I SystemServerTiming: OnBootPhase_100_com.android.server.power.PowerManagerService
01-01 08:00:45.848 1132 1132 D SystemServerTiming: OnBootPhase_100_com.android.server.power.PowerManagerService took to complete: 0ms
01-01 08:00:45.848 1132 1132 I SystemServerTiming: OnBootPhase_100_com.android.server.power.ThermalManagerService
01-01 08:00:45.848 1132 1132 D SystemServerTiming: OnBootPhase_100_com.android.server.power.ThermalManagerService took to complete: 0ms
01-01 08:00:45.848 1132 1132 I SystemServerTiming: OnBootPhase_100_com.android.server.power.hint.HintManagerService
01-01 08:00:45.848 1132 1132 D SystemServerTiming: OnBootPhase_100_com.android.server.power.hint.HintManagerService took to complete: 0ms
01-01 08:00:45.848 1132 1132 I SystemServerTiming: OnBootPhase_100_com.android.server.recoverysystem.RecoverySystemService$Lifecycle
01-01 08:00:45.848 1132 1132 D SystemServerTiming: OnBootPhase_100_com.android.server.recoverysystem.RecoverySystemService$Lifecycle took to complete: 0ms
01-01 08:00:45.848 1132 1132 I SystemServerTiming: OnBootPhase_100_com.android.server.lights.LightsService
01-01 08:00:45.848 1132 1132 D SystemServerTiming: OnBootPhase_100_com.android.server.lights.LightsService took to complete: 0ms
01-01 08:00:45.848 1132 1132 I SystemServerTiming: OnBootPhase_100_com.android.server.display.DisplayManagerService
01-01 08:00:45.848 0 0 E msm-auxpcm-dev soc: qcom,msm-sec-auxpcm: ASoC: no sink widget found for SEC_AUX_PCM_TX
01-01 08:00:45.858 0 0 E msm-auxpcm-dev soc: qcom,msm-sec-auxpcm: ASoC: Failed to add route Sec AUX PCM Capture -> direct -> SEC_AUX_PCM_TX
01-01 08:00:45.870 0 0 E msm-auxpcm-dev soc: qcom,msm-tert-auxpcm: ASoC: no source widget found for TERT_AUX_PCM_RX
01-01 08:00:45.886 1132 1216 I DisplayDeviceRepository: Display device added: DisplayDeviceInfo{"内置屏幕": uniqueId="local:4630946370410392961", 2380 x 1020, modeId 1, defaultModeId 1, supportedModes [{id=1, width=2380, height=1020, fps=60.000004, alternativeRefreshRates=[]}], colorMode 0, supportedColorModes [0], hdrCapabilities HdrCapabilities{mSupportedHdrTypes=[2, 3, 4], mMaxLuminance=500.0, mMaxAverageLuminance=500.0, mMinLuminance=0.0}, allmSupported false, gameContentTypeSupported false, density 240, 319.851 x 319.851 dpi, appVsyncOff 1000000, presDeadline 16666666, touch INTERNAL, rotation 0, type INTERNAL, address {port=129, model=0x40446d3026322d}, deviceProductInfo DeviceProductInfo{name=, manufacturerPnpId=QCM, productId=1, modelYear=null, manufactureDate=ManufactureDate{week=27, year=2006}, connectionToSinkType=0}, state UNKNOWN, frameRateOverride , brightnessMinimum 0.0, brightnessMaximum 1.0, brightnessDefault 1.0, FLAG_DEFAULT_DISPLAY, FLAG_ROTATES_WITH_CONTENT, FLAG_SECURE, FLAG_SUPPORTS_PROTECTED_BUFFERS}
01-01 08:00:45.889 1132 1216 I LogicalDisplayMapper: Applying layout: [{addr: {port=129, model=0x40446d3026322d}, dispId: 0(ON)}], Previous layout: null
01-01 08:00:45.880 0 0 E msm-auxpcm-dev soc: qcom,msm-tert-auxpcm: ASoC: Failed to add route TERT_AUX_PCM_RX -> direct -> Tert AUX PCM Playback
01-01 08:00:45.881 0 0 I lan743x 0001: 01:00.0 eth0: using MSIX interrupts, number of vectors = 6
01-01 08:00:45.893 0 0 E msm-auxpcm-dev soc: qcom,msm-tert-auxpcm: ASoC: no sink widget found for TERT_AUX_PCM_TX
01-01 08:00:45.902 0 0 E msm-auxpcm-dev soc: qcom,msm-tert-auxpcm: ASoC: Failed to add route Tert AUX PCM Capture -> direct -> TERT_AUX_PCM_TX
01-01 08:00:45.921 1132 1216 I LogicalDisplayMapper: Adding new display: 0: DisplayInfo{"内置屏幕", displayId 0", displayGroupId -1, FLAG_SECURE, FLAG_SUPPORTS_PROTECTED_BUFFERS, FLAG_TRUSTED, real 2380 x 1020, largest app 2380 x 1020, smallest app 2380 x 1020, appVsyncOff 1000000, presDeadline 16666666, mode 1, defaultMode 1, modes [{id=1, width=2380, height=1020, fps=60.000004, alternativeRefreshRates=[]}], hdrCapabilities HdrCapabilities{mSupportedHdrTypes=[2, 3, 4], mMaxLuminance=500.0, mMaxAverageLuminance=500.0, mMinLuminance=0.0}, userDisabledHdrTypes [], minimalPostProcessingSupported false, rotation 0, state UNKNOWN, type INTERNAL, uniqueId "local:4630946370410392961", app 2380 x 1020, density 240 (319.851 x 319.851) dpi, layerStack 0, colorMode 0, supportedColorModes [0], address {port=129, model=0x40446d3026322d}, deviceProductInfo DeviceProductInfo{name=, manufacturerPnpId=QCM, productId=1, modelYear=null, manufactureDate=ManufactureDate{week=27, year=2006}, connectionToSinkType=0}, removeMode 0, refreshRateOverride 0.0, brightnessMinimum 0.0, brightnessMaximum 1.0, brightnessDefault 1.0}
01-01 08:00:45.923 1132 1216 I LogicalDisplayMapper: Setting new display group 0 for display 0, from previous group: null
01-01 08:00:45.915 0 0 E msm-auxpcm-dev soc: qcom,msm-quat-auxpcm: ASoC: no source widget found for QUAT_AUX_PCM_RX
01-01 08:00:45.924 0 0 E msm-auxpcm-dev soc: qcom,msm-quat-auxpcm: ASoC: Failed to add route QUAT_AUX_PCM_RX -> direct -> Quat AUX PCM Playback
01-01 08:00:45.937 0 0 E msm-auxpcm-dev soc: qcom,msm-quat-auxpcm: ASoC: no sink widget found for QUAT_AUX_PCM_TX
01-01 08:00:45.943 0 0 I mv2112_config_aneg: autoneg 1
01-01 08:00:45.947 0 0 E msm-auxpcm-dev soc: qcom,msm-quat-auxpcm: ASoC: Failed to add route Quat AUX PCM Capture -> direct -> QUAT_AUX_PCM_TX
01-01 08:00:45.948 0 0 I : mv2112_restart_aneg
01-01 08:00:45.960 0 0 E msm-auxpcm-dev soc: qcom,msm-quin-auxpcm: ASoC: no source widget found for QUIN_AUX_PCM_RX
01-01 08:00:45.969 0 0 E msm-auxpcm-dev soc: qcom,msm-quin-auxpcm: ASoC: Failed to add route QUIN_AUX_PCM_RX -> direct -> Quin AUX PCM Playback
01-01 08:00:45.982 0 0 E msm-auxpcm-dev soc: qcom,msm-quin-auxpcm: ASoC: no sink widget found for QUIN_AUX_PCM_TX
01-01 08:00:45.982 0 0 D : mv2112_read_status
01-01 08:00:45.991 0 0 E msm-auxpcm-dev soc: qcom,msm-quin-auxpcm: ASoC: Failed to add route Quin AUX PCM Capture -> direct -> QUIN_AUX_PCM_TX
01-01 08:00:46.004 0 0 E msm-auxpcm-dev soc: qcom,msm-sen-auxpcm: ASoC: no source widget found for SEN_AUX_PCM_RX
01-01 08:00:46.009 0 0 I lan743x 0001: 01:00.0 eth0: successfully registered ptp clock
01-01 08:00:46.013 0 0 I binder : 1301:1301 ioctl 40046210 7ff32646d4 returned -22
01-01 08:00:46.013 0 0 E msm-auxpcm-dev soc: qcom,msm-sen-auxpcm: ASoC: Failed to add route SEN_AUX_PCM_RX -> direct -> Sen AUX PCM Playback
01-01 08:00:46.013 0 0 D mv2112_update_link: 3.0x901(1G): 0x80
01-01 08:00:45.947 1132 1216 E DisplayDeviceConfig: requesting nits when no mapping exists.
01-01 08:00:45.951 1336 1336 I imsrcsd : Uce Service HAL is starting up...
01-01 08:00:45.964 1336 1336 I imsrcsd : Uce Service HAL loading imsrcsbaseimpl
01-01 08:00:45.965 1132 1216 E DisplayDeviceConfig: requesting nits when no mapping exists.
01-01 08:00:45.969 1132 1132 W SystemServiceManager: Service com.android.server.display.DisplayManagerService took 121 ms in onBootPhase
01-01 08:00:45.969 1132 1132 D SystemServerTiming: OnBootPhase_100_com.android.server.display.DisplayManagerService took to complete: 121ms
01-01 08:00:45.969 1132 1132 D SystemServerTiming: OnBootPhase_100 took to complete: 126ms
01-01 08:00:45.969 1132 1132 D SystemServerTiming: WaitForDisplay took to complete: 126ms
01-01 08:00:45.969 1132 1132 I SystemServerTiming: StartDomainVerificationService
01-01 08:00:45.973 1132 1132 D SystemServerTiming: StartDomainVerificationService took to complete: 4ms
01-01 08:00:45.974 1132 1132 I SystemServerTiming: StartPackageManagerService
01-01 08:00:45.974 1132 1132 I Watchdog: Pausing HandlerChecker: main thread for reason: packagemanagermain. Pause count: 1
01-01 08:00:45.975 1132 1132 I PackageManagerTiming: create package manager
01-01 08:00:45.976 1132 1216 I DisplayDeviceRepository: Display device changed state: "内置屏幕", ON
01-01 08:00:45.998 1132 1132 I PackageManagerTiming: readListOfPackagesToBeDisabled
01-01 08:00:45.998 1132 1132 D PackageManagerTiming: readListOfPackagesToBeDisabled took to complete: 0ms
01-01 08:00:45.998 1132 1132 I PackageManagerTiming: createSubComponents
01-01 08:00:46.026 0 0 E msm-auxpcm-dev soc: qcom,msm-sen-auxpcm: ASoC: no sink widget found for SEN_AUX_PCM_TX
01-01 08:00:46.035 0 0 E msm-auxpcm-dev soc: qcom,msm-sen-auxpcm: ASoC: Failed to add route Sen AUX PCM Capture -> direct -> SEN_AUX_PCM_TX
01-01 08:00:46.047 0 0 W msm-dai-q6-hdmi soc: qcom,msm-dai-q6-dp: DAI driver id is not set
01-01 08:00:46.056 0 0 D mv2112_update_link: 3.0x8109(100M): 0x0
01-01 08:00:46.056 0 0 D mv2112_update_link: link 0x0
01-01 08:00:46.103 0 0 I IPv6 : ADDRCONF(NETDEV_UP): eth0: link is not ready
01-01 08:00:46.075 1132 1132 D PackageManagerTiming: createSubComponents took to complete: 77ms
01-01 08:00:46.075 1132 1132 I PackageManagerTiming: addSharedUsers
01-01 08:00:46.075 1132 1132 D PackageManagerTiming: addSharedUsers took to complete: 0ms
01-01 08:00:46.077 1132 1132 I PackageManagerTiming: get system config
01-01 08:00:46.077 1132 1132 D PackageManagerTiming: get system config took to complete: 0ms
