01-01 08:00:55.778 0 0 I : dump_backtrace+0x0/0x258
01-01 08:00:55.778 0 0 I : show_stack+0x20/0x30
01-01 08:00:55.778 0 0 I : dump_stack+0xd8/0x12c
01-01 08:00:55.778 0 0 I : register_lock_class+0x4d0/0x5c8
01-01 08:00:55.778 0 0 I : __lock_acquire+0xbc/0x1e58
01-01 08:00:55.778 0 0 I : lock_acquire+0x1cc/0x218
01-01 08:00:55.778 0 0 I : _raw_spin_lock_irqsave+0x54/0x98
01-01 08:00:55.778 0 0 I : ion_system_secure_heap_prefetch_work+0x94/0x2c0
01-01 08:00:55.778 0 0 I : process_one_work+0x38c/0x660
01-01 08:00:55.778 0 0 I : worker_thread+0x268/0x4b8
01-01 08:00:55.778 0 0 I : kthread+0x140/0x150
01-01 08:00:55.778 0 0 I : ret_from_fork+0x10/0x1c
01-01 08:00:55.778 0 0 D cnss : Received QMI WLFW request memory indication
01-01 08:00:55.778 0 0 D cnss : FW requests for memory, size: 0x5e0000, type: 1
01-01 08:00:55.778 0 0 D cnss : FW requests for memory, size: 0xd8000, type: 4
01-01 08:00:55.778 0 0 D cnss : Posting event: REQUEST_MEM(2), state: 0x11 flags: 0x0
01-01 08:00:55.778 0 0 D cnss : PM stay awake, state: 0x11, count: 1
01-01 08:00:55.778 0 0 D cnss : PM relax, state: 0x11, count: 0
01-01 08:00:55.778 0 0 D cnss : PM stay awake, state: 0x11, count: 1
01-01 08:00:55.778 0 0 D cnss : Processing driver event: REQUEST_MEM(2), state: 0x11
01-01 08:00:55.778 0 0 D cnss : Sending respond memory message, state: 0x11
01-01 08:00:55.779 0 0 D cnss : Memory for FW, va: 0xffffff8025188000, pa: 0x00000000a1000000, size: 0x5e0000, type: 1
01-01 08:00:55.779 0 0 D cnss : Memory for FW, va: 0xffffff8021ae5000, pa: 0x00000000a1600000, size: 0xd8000, type: 4
01-01 08:00:55.779 0 0 W logd : Skipping entries from slow reader, pid 1239, fd 14, from LogBuffer::Prune()
01-01 08:00:55.783 0 0 D cnss : PM relax, state: 0x11, count: 0
01-01 08:00:55.785 0 0 D cnss : Received QMI WLFW FW memory ready indication
01-01 08:00:55.785 0 0 D cnss : Posting event: FW_MEM_READY(3), state: 0x11 flags: 0x0
01-01 08:00:55.785 0 0 D cnss : PM stay awake, state: 0x11, count: 1
01-01 08:00:55.785 0 0 D cnss : PM relax, state: 0x11, count: 0
01-01 08:00:55.785 0 0 D cnss : PM stay awake, state: 0x11, count: 1
01-01 08:00:55.785 0 0 D cnss : Processing driver event: FW_MEM_READY(3), state: 0x11
01-01 08:00:55.785 0 0 D cnss : Sending target capability message, state: 0x13
01-01 08:00:55.786 0 0 E : INFO: trying to register non-static key.
01-01 08:00:55.791 0 0 E : the code is fine but needs lockdep annotation.
01-01 08:00:55.792 0 0 D cnss : Voltage for CPR: 948mV
01-01 08:00:55.796 0 0 I : CPU: 7 PID: 291 Comm: kworker/u16:8 Tainted: G S W O 4.19.157+ #1
01-01 08:00:55.796 0 0 I Hardware name: Qualcomm Technologies, Inc. kona MTP-RmPM8150b. VX1(MCE) EVT2 (DT)
01-01 08:00:55.797 0 0 I Workqueue: events_unbound ion_system_secure_heap_prefetch_work
01-01 08:00:55.797 0 0 I Call trace:
01-01 08:00:55.797 0 0 I : dump_backtrace+0x0/0x258
01-01 08:00:55.797 0 0 I : show_stack+0x20/0x30
01-01 08:00:55.797 0 0 I : dump_stack+0xd8/0x12c
01-01 08:00:55.797 0 0 I : register_lock_class+0x4d0/0x5c8
01-01 08:00:55.797 0 0 I : __lock_acquire+0xbc/0x1e58
01-01 08:00:55.797 0 0 I : lock_acquire+0x1cc/0x218
01-01 08:00:55.797 0 0 I : _raw_spin_lock_irqsave+0x54/0x98
01-01 08:00:55.797 0 0 I : ion_system_secure_heap_prefetch_work+0x94/0x2c0
01-01 08:00:55.797 0 0 I : process_one_work+0x38c/0x660
01-01 08:00:55.797 0 0 I : worker_thread+0x268/0x4b8
01-01 08:00:55.797 0 0 I : kthread+0x140/0x150
01-01 08:00:55.797 0 0 I : ret_from_fork+0x10/0x1c
01-01 08:00:55.802 0 0 D cnss : Update TCS CMD data address 0x000000000b2e5844 with voltage 950mV
01-01 08:00:55.803 0 0 D cnss : Device frequency is 24000000 HZ
01-01 08:00:55.803 0 0 D cnss : Target capability: chip_id: 0x0, chip_family: 0xb, board_id: 0xff, soc_id: 0xffffffff, fw_version: 0x101a0521, fw_build_timestamp: 2021-12-20 07:54, fw_build_id: QC_IMAGE_VERSION_STRING=WLAN.HST.1.0.1.r1-01313-QCAHSTSWPL_SILICONZ-1, otp_version: 0x0
01-01 08:00:55.803 0 0 D cnss : Sending BDF download message, state: 0x13, type: 4
01-01 08:00:55.803 0 0 D cnss : FW name added with prefix: qca6390/regdb.bin
01-01 08:00:55.803 0 0 W cnss2 b0000000.qcom,cnss-qca6390: Falling back to syfs fallback for: qca6390/regdb.bin
01-01 08:00:55.805 0 0 E : INFO: trying to register non-static key.
10-14 01:23:45.553 1890 1890 D SystemUIBootTiming: StartServicescom.android.systemui.statusbar.phone.StatusBar took to complete: 1092ms
10-14 01:23:45.560 1890 1890 D SystemUIBootTiming: StartServicescom.android.systemui.usb.StorageNotification took to complete: 7ms
01-01 08:00:55.810 0 0 E : the code is fine but needs lockdep annotation.
01-01 08:00:55.815 0 0 I : CPU: 7 PID: 291 Comm: kworker/u16:8 Tainted: G S W O 4.19.157+ #1
01-01 08:00:55.815 0 0 I Hardware name: Qualcomm Technologies, Inc. kona MTP-RmPM8150b. VX1(MCE) EVT2 (DT)
01-01 08:00:55.815 0 0 I Workqueue: events_unbound ion_system_secure_heap_prefetch_work
01-01 08:00:55.815 0 0 I Call trace:
01-01 08:00:55.815 0 0 I : dump_backtrace+0x0/0x258
01-01 08:00:55.815 0 0 I : show_stack+0x20/0x30
01-01 08:00:55.815 0 0 I : dump_stack+0xd8/0x12c
01-01 08:00:55.815 0 0 I : register_lock_class+0x4d0/0x5c8
01-01 08:00:55.815 0 0 I : __lock_acquire+0xbc/0x1e58
01-01 08:00:55.815 0 0 I : lock_acquire+0x1cc/0x218
01-01 08:00:55.815 0 0 I : _raw_spin_lock_irqsave+0x54/0x98
01-01 08:00:55.815 0 0 I : ion_system_secure_heap_prefetch_work+0x94/0x2c0
01-01 08:00:55.815 0 0 I : process_one_work+0x38c/0x660
01-01 08:00:55.815 0 0 I : worker_thread+0x268/0x4b8
01-01 08:00:55.815 0 0 I : kthread+0x140/0x150
01-01 08:00:55.815 0 0 I : ret_from_fork+0x10/0x1c
10-14 01:23:45.564 1890 2207 W ActivityThread: Failed to find provider info for com.android.contacts (user not unlocked)
01-01 08:00:55.818 0 0 I ueventd : firmware: loading 'qca6390/regdb.bin' for '/devices/platform/soc/b0000000.qcom,cnss-qca6390/firmware/qca6390!regdb.bin'
01-01 08:00:55.820 0 0 E ueventd : firmware: could not find firmware for qca6390/regdb.bin
01-01 08:00:55.821 0 0 I msm_vidc: high: 00000001: ....d: Opening video instance: ffffffeed7548000, 1
01-01 08:00:55.823 0 0 E : INFO: trying to register non-static key.
01-01 08:00:55.823 0 0 E : the code is fine but needs lockdep annotation.
01-01 08:00:55.823 0 0 I : CPU: 7 PID: 291 Comm: kworker/u16:8 Tainted: G S W O 4.19.157+ #1
01-01 08:00:55.823 0 0 I Hardware name: Qualcomm Technologies, Inc. kona MTP-RmPM8150b. VX1(MCE) EVT2 (DT)
01-01 08:00:55.823 0 0 I Workqueue: events_unbound ion_system_secure_heap_prefetch_work
01-01 08:00:55.823 0 0 I Call trace:
01-01 08:00:55.823 0 0 I : dump_backtrace+0x0/0x258
01-01 08:00:55.823 0 0 I : show_stack+0x20/0x30
01-01 08:00:55.823 0 0 I : dump_stack+0xd8/0x12c
01-01 08:00:55.823 0 0 I : register_lock_class+0x4d0/0x5c8
01-01 08:00:55.823 0 0 I : __lock_acquire+0xbc/0x1e58
01-01 08:00:55.823 0 0 I : lock_acquire+0x1cc/0x218
01-01 08:00:55.823 0 0 I : _raw_spin_lock_irqsave+0x54/0x98
01-01 08:00:55.823 0 0 I : ion_system_secure_heap_prefetch_work+0x94/0x2c0
01-01 08:00:55.823 0 0 I : process_one_work+0x38c/0x660
01-01 08:00:55.823 0 0 I : worker_thread+0x268/0x4b8
01-01 08:00:55.823 0 0 I : kthread+0x140/0x150
01-01 08:00:55.823 0 0 I : ret_from_fork+0x10/0x1c
01-01 08:00:55.825 0 0 E : INFO: trying to register non-static key.
01-01 08:00:55.825 0 0 E : the code is fine but needs lockdep annotation.
01-01 08:00:55.825 0 0 I : CPU: 7 PID: 291 Comm: kworker/u16:8 Tainted: G S W O 4.19.157+ #1
01-01 08:00:55.825 0 0 I Hardware name: Qualcomm Technologies, Inc. kona MTP-RmPM8150b. VX1(MCE) EVT2 (DT)
01-01 08:00:55.825 0 0 I Workqueue: events_unbound ion_system_secure_heap_prefetch_work
01-01 08:00:55.825 0 0 I Call trace:
01-01 08:00:55.825 0 0 I : dump_backtrace+0x0/0x258
01-01 08:00:55.825 0 0 I : show_stack+0x20/0x30
01-01 08:00:55.825 0 0 I : dump_stack+0xd8/0x12c
01-01 08:00:55.825 0 0 I : register_lock_class+0x4d0/0x5c8
01-01 08:00:55.825 0 0 I : __lock_acquire+0xbc/0x1e58
01-01 08:00:55.825 0 0 I : lock_acquire+0x1cc/0x218
01-01 08:00:55.825 0 0 I : _raw_spin_lock_irqsave+0x54/0x98
01-01 08:00:55.825 0 0 I : ion_system_secure_heap_prefetch_work+0x94/0x2c0
01-01 08:00:55.825 0 0 I : process_one_work+0x38c/0x660
01-01 08:00:55.825 0 0 I : worker_thread+0x268/0x4b8
01-01 08:00:55.825 0 0 I : kthread+0x140/0x150
01-01 08:00:55.825 0 0 I : ret_from_fork+0x10/0x1c
01-01 08:00:55.827 0 0 E ueventd : firmware: attempted /etc/firmware/qca6390/regdb.bin, open failed: No such file or directory
01-01 08:00:55.827 0 0 E ueventd : firmware: attempted /odm/firmware/qca6390/regdb.bin, open failed: No such file or directory
01-01 08:00:55.828 0 0 E : INFO: trying to register non-static key.
01-01 08:00:55.828 0 0 E : the code is fine but needs lockdep annotation.
01-01 08:00:55.828 0 0 I : CPU: 7 PID: 291 Comm: kworker/u16:8 Tainted: G S W O 4.19.157+ #1
01-01 08:00:55.828 0 0 I Hardware name: Qualcomm Technologies, Inc. kona MTP-RmPM8150b. VX1(MCE) EVT2 (DT)
01-01 08:00:55.828 0 0 I Workqueue: events_unbound ion_system_secure_heap_prefetch_work
01-01 08:00:55.828 0 0 I Call trace:
01-01 08:00:55.828 0 0 I : dump_backtrace+0x0/0x258
01-01 08:00:55.828 0 0 I : show_stack+0x20/0x30
01-01 08:00:55.828 0 0 I : dump_stack+0xd8/0x12c
01-01 08:00:55.828 0 0 I : register_lock_class+0x4d0/0x5c8
01-01 08:00:55.828 0 0 I : __lock_acquire+0xbc/0x1e58
01-01 08:00:55.828 0 0 I : lock_acquire+0x1cc/0x218
01-01 08:00:55.828 0 0 I : _raw_spin_lock_irqsave+0x54/0x98
01-01 08:00:55.828 0 0 I : ion_system_secure_heap_prefetch_work+0x94/0x2c0
01-01 08:00:55.828 0 0 I : process_one_work+0x38c/0x660
01-01 08:00:55.828 0 0 I : worker_thread+0x268/0x4b8
01-01 08:00:55.828 0 0 I : kthread+0x140/0x150
01-01 08:00:55.828 0 0 I : ret_from_fork+0x10/0x1c
01-01 08:00:55.830 0 0 E : INFO: trying to register non-static key.
01-01 08:00:55.830 0 0 E : the code is fine but needs lockdep annotation.
01-01 08:00:55.830 0 0 I : CPU: 7 PID: 291 Comm: kworker/u16:8 Tainted: G S W O 4.19.157+ #1
01-01 08:00:55.830 0 0 I Hardware name: Qualcomm Technologies, Inc. kona MTP-RmPM8150b. VX1(MCE) EVT2 (DT)
01-01 08:00:55.830 0 0 I Workqueue: events_unbound ion_system_secure_heap_prefetch_work
01-01 08:00:55.830 0 0 I Call trace:
01-01 08:00:55.830 0 0 I : dump_backtrace+0x0/0x258
01-01 08:00:55.830 0 0 I : show_stack+0x20/0x30
01-01 08:00:55.830 0 0 I : dump_stack+0xd8/0x12c
01-01 08:00:55.830 0 0 I : register_lock_class+0x4d0/0x5c8
01-01 08:00:55.830 0 0 I : __lock_acquire+0xbc/0x1e58
01-01 08:00:55.830 0 0 I : lock_acquire+0x1cc/0x218
01-01 08:00:55.830 0 0 I : _raw_spin_lock_irqsave+0x54/0x98
01-01 08:00:55.830 0 0 I : ion_system_secure_heap_prefetch_work+0x94/0x2c0
01-01 08:00:55.830 0 0 I : process_one_work+0x38c/0x660
01-01 08:00:55.830 0 0 I : worker_thread+0x268/0x4b8
01-01 08:00:55.830 0 0 I : kthread+0x140/0x150
01-01 08:00:55.830 0 0 I : ret_from_fork+0x10/0x1c
01-01 08:00:55.832 0 0 E : INFO: trying to register non-static key.
01-01 08:00:55.832 0 0 E : the code is fine but needs lockdep annotation.
01-01 08:00:55.832 0 0 I : CPU: 7 PID: 291 Comm: kworker/u16:8 Tainted: G S W O 4.19.157+ #1
01-01 08:00:55.832 0 0 I Hardware name: Qualcomm Technologies, Inc. kona MTP-RmPM8150b. VX1(MCE) EVT2 (DT)
01-01 08:00:55.832 0 0 I Workqueue: events_unbound ion_system_secure_heap_prefetch_work
01-01 08:00:55.832 0 0 I Call trace:
01-01 08:00:55.832 0 0 I : dump_backtrace+0x0/0x258
01-01 08:00:55.832 0 0 I : show_stack+0x20/0x30
01-01 08:00:55.832 0 0 I : dump_stack+0xd8/0x12c
10-14 01:23:45.585 1890 1890 D SystemUIBootTiming: StartServicescom.android.systemui.power.PowerUI took to complete: 24ms
01-01 08:00:55.832 0 0 I : register_lock_class+0x4d0/0x5c8
01-01 08:00:55.832 0 0 I : __lock_acquire+0xbc/0x1e58
01-01 08:00:55.832 0 0 I : lock_acquire+0x1cc/0x218
01-01 08:00:55.832 0 0 I : _raw_spin_lock_irqsave+0x54/0x98
01-01 08:00:55.832 0 0 I : ion_system_secure_heap_prefetch_work+0x94/0x2c0
01-01 08:00:55.832 0 0 I : process_one_work+0x38c/0x660
01-01 08:00:55.832 0 0 I : worker_thread+0x268/0x4b8
01-01 08:00:55.832 0 0 I : kthread+0x140/0x150
01-01 08:00:55.832 0 0 I : ret_from_fork+0x10/0x1c
01-01 08:00:55.834 0 0 E : INFO: trying to register non-static key.
01-01 08:00:55.839 0 0 E ueventd : firmware: attempted /vendor/firmware/qca6390/regdb.bin, open failed: No such file or directory
01-01 08:00:55.839 0 0 E : INFO: trying to register non-static key.
01-01 08:00:55.839 0 0 E : the code is fine but needs lockdep annotation.
01-01 08:00:55.839 0 0 I : CPU: 5 PID: 2529 Comm: VideoDecMsgThre Tainted: G S W O 4.19.157+ #1
01-01 08:00:55.839 0 0 I Hardware name: Qualcomm Technologies, Inc. kona MTP-RmPM8150b. VX1(MCE) EVT2 (DT)
01-01 08:00:55.839 0 0 I Call trace:
01-01 08:00:55.839 0 0 I : dump_backtrace+0x0/0x258
01-01 08:00:55.839 0 0 I : show_stack+0x20/0x30
01-01 08:00:55.839 0 0 I : dump_stack+0xd8/0x12c
01-01 08:00:55.839 0 0 I : register_lock_class+0x4d0/0x5c8
01-01 08:00:55.839 0 0 I : __lock_acquire+0xbc/0x1e58
01-01 08:00:55.839 0 0 I : lock_acquire+0x1cc/0x218
01-01 08:00:55.839 0 0 I : _raw_spin_lock_irqsave+0x54/0x98
01-01 08:00:55.839 0 0 I : __ion_system_secure_heap_resize+0x768/0x8c0
01-01 08:00:55.839 0 0 I : ion_system_secure_heap_prefetch+0x28/0x38
01-01 08:00:55.839 0 0 I : ion_walk_heaps+0x88/0xb8
01-01 08:00:55.839 0 0 I : ion_ioctl+0x1b0/0x2a8
01-01 08:00:55.839 0 0 I : __arm64_compat_sys_ioctl+0xf4/0x240
01-01 08:00:55.839 0 0 I : el0_svc_common+0xa4/0x190
01-01 08:00:55.839 0 0 I : el0_svc_compat_handler+0x28/0x38
01-01 08:00:55.839 0 0 I : el0_svc_compat+0x8/0x34
01-01 08:00:55.839 0 0 E : INFO: trying to register non-static key.
01-01 08:00:55.839 0 0 E : the code is fine but needs lockdep annotation.
01-01 08:00:55.839 0 0 I : CPU: 5 PID: 2529 Comm: VideoDecMsgThre Tainted: G S W O 4.19.157+ #1
01-01 08:00:55.839 0 0 I Hardware name: Qualcomm Technologies, Inc. kona MTP-RmPM8150b. VX1(MCE) EVT2 (DT)
01-01 08:00:55.839 0 0 I Call trace:
01-01 08:00:55.839 0 0 I : dump_backtrace+0x0/0x258
01-01 08:00:55.839 0 0 I : show_stack+0x20/0x30
01-01 08:00:55.839 0 0 I : dump_stack+0xd8/0x12c
01-01 08:00:55.839 0 0 I : register_lock_class+0x4d0/0x5c8
01-01 08:00:55.839 0 0 I : __lock_acquire+0xbc/0x1e58
01-01 08:00:55.839 0 0 I : lock_acquire+0x1cc/0x218
01-01 08:00:55.839 0 0 I : _raw_spin_lock_irqsave+0x54/0x98
10-14 01:23:45.587 1890 1890 D SystemUIBootTiming: StartServicescom.android.systemui.media.RingtonePlayer took to complete: 2ms
01-01 08:00:55.839 0 0 I : __ion_system_secure_heap_resize+0x768/0x8c0
01-01 08:00:55.839 0 0 I : ion_system_secure_heap_prefetch+0x28/0x38
01-01 08:00:55.839 0 0 I : ion_walk_heaps+0x88/0xb8
01-01 08:00:55.839 0 0 I : ion_ioctl+0x1b0/0x2a8
01-01 08:00:55.839 0 0 I : __arm64_compat_sys_ioctl+0xf4/0x240
01-01 08:00:55.839 0 0 I : el0_svc_common+0xa4/0x190
01-01 08:00:55.839 0 0 I : el0_svc_compat_handler+0x28/0x38
01-01 08:00:55.839 0 0 I : el0_svc_compat+0x8/0x34
10-14 01:23:45.588 1890 1890 D SystemUIBootTiming: StartServicescom.android.systemui.keyboard.KeyboardUI took to complete: 1ms
10-14 01:23:45.589 1890 1890 D SystemUIBootTiming: StartServicescom.android.systemui.shortcut.ShortcutKeyDispatcher took to complete: 1ms
10-14 01:23:45.589 1890 1890 D SystemUIBootTiming: StartServicescom.android.systemui.VendorServices took to complete: 0ms
10-14 01:23:45.590 1890 1890 D SystemUIBootTiming: StartServicescom.android.systemui.util.leak.GarbageMonitor$Service took to complete: 1ms
10-14 01:23:45.591 1890 1890 D SystemUIBootTiming: StartServicescom.android.systemui.LatencyTester took to complete: 1ms
01-01 08:00:55.843 0 0 E : the code is fine but needs lockdep annotation.
01-01 08:00:55.843 0 0 I : CPU: 7 PID: 291 Comm: kworker/u16:8 Tainted: G S W O 4.19.157+ #1
01-01 08:00:55.843 0 0 I Hardware name: Qualcomm Technologies, Inc. kona MTP-RmPM8150b. VX1(MCE) EVT2 (DT)
01-01 08:00:55.843 0 0 I Workqueue: events_unbound ion_system_secure_heap_prefetch_work
01-01 08:00:55.843 0 0 I Call trace:
01-01 08:00:55.843 0 0 I : dump_backtrace+0x0/0x258
01-01 08:00:55.843 0 0 I : show_stack+0x20/0x30
01-01 08:00:55.843 0 0 I : dump_stack+0xd8/0x12c
01-01 08:00:55.843 0 0 I : register_lock_class+0x4d0/0x5c8
01-01 08:00:55.843 0 0 I : __lock_acquire+0xbc/0x1e58
01-01 08:00:55.843 0 0 I : lock_acquire+0x1cc/0x218
01-01 08:00:55.843 0 0 I : _raw_spin_lock_irqsave+0x54/0x98
01-01 08:00:55.843 0 0 I : ion_system_secure_heap_prefetch_work+0x94/0x2c0
01-01 08:00:55.843 0 0 I : process_one_work+0x38c/0x660
01-01 08:00:55.843 0 0 I : worker_thread+0x268/0x4b8
01-01 08:00:55.843 0 0 I : kthread+0x140/0x150
01-01 08:00:55.843 0 0 I : ret_from_fork+0x10/0x1c
10-14 01:23:45.596 1890 1890 D SystemUIBootTiming: StartServicescom.android.systemui.globalactions.GlobalActionsComponent took to complete: 4ms
01-01 08:00:55.845 0 0 E : INFO: trying to register non-static key.
01-01 08:00:55.850 0 0 E ueventd : firmware: attempted /firmware/image/qca6390/regdb.bin, open failed: No such file or directory
01-01 08:00:55.852 0 0 E : INFO: trying to register non-static key.
01-01 08:00:55.852 0 0 E : the code is fine but needs lockdep annotation.
01-01 08:00:55.852 0 0 I : CPU: 1 PID: 2231 Comm: HwBinder:1311_3 Tainted: G S W O 4.19.157+ #1
01-01 08:00:55.852 0 0 I Hardware name: Qualcomm Technologies, Inc. kona MTP-RmPM8150b. VX1(MCE) EVT2 (DT)
01-01 08:00:55.852 0 0 I Call trace:
01-01 08:00:55.852 0 0 I : dump_backtrace+0x0/0x258
01-01 08:00:55.852 0 0 I : show_stack+0x20/0x30
01-01 08:00:55.852 0 0 I : dump_stack+0xd8/0x12c
01-01 08:00:55.852 0 0 I : register_lock_class+0x4d0/0x5c8
01-01 08:00:55.852 0 0 I : __lock_acquire+0xbc/0x1e58
01-01 08:00:55.852 0 0 I : lock_acquire+0x1cc/0x218
01-01 08:00:55.852 0 0 I : _raw_spin_lock_irqsave+0x54/0x98
01-01 08:00:55.852 0 0 I : __ion_system_secure_heap_resize+0x768/0x8c0
01-01 08:00:55.852 0 0 I : ion_system_secure_heap_drain+0x28/0x38
01-01 08:00:55.852 0 0 I : ion_walk_heaps+0x88/0xb8
01-01 08:00:55.852 0 0 I : ion_ioctl+0x1b0/0x2a8
01-01 08:00:55.852 0 0 I : __arm64_compat_sys_ioctl+0xf4/0x240
01-01 08:00:55.852 0 0 I : el0_svc_common+0xa4/0x190
01-01 08:00:55.852 0 0 I : el0_svc_compat_handler+0x28/0x38
01-01 08:00:55.852 0 0 I : el0_svc_compat+0x8/0x34
01-01 08:00:55.853 0 0 E : INFO: trying to register non-static key.
01-01 08:00:55.853 0 0 E : the code is fine but needs lockdep annotation.
01-01 08:00:55.853 0 0 I : CPU: 1 PID: 2231 Comm: HwBinder:1311_3 Tainted: G S W O 4.19.157+ #1
01-01 08:00:55.853 0 0 I Hardware name: Qualcomm Technologies, Inc. kona MTP-RmPM8150b. VX1(MCE) EVT2 (DT)
01-01 08:00:55.853 0 0 I Call trace:
01-01 08:00:55.853 0 0 I : dump_backtrace+0x0/0x258
01-01 08:00:55.853 0 0 I : show_stack+0x20/0x30
01-01 08:00:55.853 0 0 I : dump_stack+0xd8/0x12c
01-01 08:00:55.853 0 0 I : register_lock_class+0x4d0/0x5c8
01-01 08:00:55.853 0 0 I : __lock_acquire+0xbc/0x1e58
01-01 08:00:55.853 0 0 I : lock_acquire+0x1cc/0x218
01-01 08:00:55.853 0 0 I : _raw_spin_lock_irqsave+0x54/0x98
01-01 08:00:55.853 0 0 I : __ion_system_secure_heap_resize+0x768/0x8c0
01-01 08:00:55.853 0 0 I : ion_system_secure_heap_drain+0x28/0x38
01-01 08:00:55.853 0 0 I : ion_walk_heaps+0x88/0xb8
01-01 08:00:55.853 0 0 I : ion_ioctl+0x1b0/0x2a8
01-01 08:00:55.853 0 0 I : __arm64_compat_sys_ioctl+0xf4/0x240
01-01 08:00:55.853 0 0 I : el0_svc_common+0xa4/0x190
01-01 08:00:55.853 0 0 I : el0_svc_compat_handler+0x28/0x38
01-01 08:00:55.853 0 0 I : el0_svc_compat+0x8/0x34
01-01 08:00:55.856 0 0 I msm_vidc: high: 00000001: mpg2d: Closed video instance: ffffffeed7548000
10-14 01:23:45.605 1890 1890 D SystemUIBootTiming: StartServicescom.android.systemui.ScreenDecorations took to complete: 9ms
01-01 08:00:55.860 0 0 E : the code is fine but needs lockdep annotation.
01-01 08:00:55.860 0 0 I : CPU: 7 PID: 291 Comm: kworker/u16:8 Tainted: G S W O 4.19.157+ #1
01-01 08:00:55.860 0 0 I Hardware name: Qualcomm Technologies, Inc. kona MTP-RmPM8150b. VX1(MCE) EVT2 (DT)
01-01 08:00:55.860 0 0 I Workqueue: events_unbound ion_system_secure_heap_prefetch_work
01-01 08:00:55.860 0 0 I Call trace:
01-01 08:00:55.860 0 0 I : dump_backtrace+0x0/0x258
01-01 08:00:55.860 0 0 I : show_stack+0x20/0x30
01-01 08:00:55.860 0 0 I : dump_stack+0xd8/0x12c
01-01 08:00:55.860 0 0 I : register_lock_class+0x4d0/0x5c8
01-01 08:00:55.860 0 0 I : __lock_acquire+0xbc/0x1e58
01-01 08:00:55.860 0 0 I : lock_acquire+0x1cc/0x218
01-01 08:00:55.860 0 0 I : _raw_spin_lock_irqsave+0x54/0x98
01-01 08:00:55.860 0 0 I : ion_system_secure_heap_prefetch_work+0x94/0x2c0
01-01 08:00:55.860 0 0 I : process_one_work+0x38c/0x660
01-01 08:00:55.860 0 0 I : worker_thread+0x268/0x4b8
01-01 08:00:55.860 0 0 I : kthread+0x140/0x150
01-01 08:00:55.860 0 0 I : ret_from_fork+0x10/0x1c
10-14 01:23:45.612 1890 1890 D SystemUIBootTiming: StartServicescom.android.systemui.biometrics.AuthController took to complete: 7ms
10-14 01:23:45.615 1890 1890 D SystemUIBootTiming: StartServicescom.android.systemui.SliceBroadcastRelayHandler took to complete: 1ms
01-01 08:00:55.862 0 0 E : INFO: trying to register non-static key.
01-01 08:00:55.871 0 0 E ueventd : firmware: attempted /vendor/firmware_mnt/image/qca6390/regdb.bin, open failed: No such file or directory
01-01 08:00:55.875 0 0 E : the code is fine but needs lockdep annotation.
01-01 08:00:55.875 0 0 I : CPU: 7 PID: 291 Comm: kworker/u16:8 Tainted: G S W O 4.19.157+ #1
01-01 08:00:55.875 0 0 I Hardware name: Qualcomm Technologies, Inc. kona MTP-RmPM8150b. VX1(MCE) EVT2 (DT)
01-01 08:00:55.875 0 0 I Workqueue: events_unbound ion_system_secure_heap_prefetch_work
01-01 08:00:55.875 0 0 I Call trace:
01-01 08:00:55.875 0 0 I : dump_backtrace+0x0/0x258
01-01 08:00:55.875 0 0 I : show_stack+0x20/0x30
01-01 08:00:55.875 0 0 I : dump_stack+0xd8/0x12c
01-01 08:00:55.875 0 0 I : register_lock_class+0x4d0/0x5c8
01-01 08:00:55.875 0 0 I : __lock_acquire+0xbc/0x1e58
01-01 08:00:55.875 0 0 I : lock_acquire+0x1cc/0x218
01-01 08:00:55.875 0 0 I : _raw_spin_lock_irqsave+0x54/0x98
01-01 08:00:55.875 0 0 I : ion_system_secure_heap_prefetch_work+0x94/0x2c0
01-01 08:00:55.875 0 0 I : process_one_work+0x38c/0x660
01-01 08:00:55.875 0 0 I : worker_thread+0x268/0x4b8
10-14 01:23:45.623 1890 1890 D SystemUIBootTiming: StartServicescom.android.systemui.statusbar.notification.InstantAppNotifier took to complete: 7ms
01-01 08:00:55.875 0 0 I : kthread+0x140/0x150
01-01 08:00:55.875 0 0 I : ret_from_fork+0x10/0x1c
01-01 08:00:55.878 0 0 E : INFO: trying to register non-static key.
01-01 08:00:55.884 0 0 I ueventd : loading /devices/platform/soc/b0000000.qcom,cnss-qca6390/firmware/qca6390!regdb.bin took 65ms
01-01 08:00:55.886 0 0 E cnss : Failed to load BDF: qca6390/regdb.bin
01-01 08:00:55.886 0 0 D : mv2112_read_status
01-01 08:00:55.886 0 0 D cnss : Sending BDF download message, state: 0x13, type: 1
01-01 08:00:55.886 0 0 D cnss : FW name added with prefix: qca6390/bdwlan.elf
01-01 08:00:55.886 0 0 D mv2112_update_link: 3.0x901(1G): 0x4
01-01 08:00:55.886 0 0 D mv2112_update_link: 3.0x8109(100M): 0x8
01-01 08:00:55.886 0 0 D mv2112_update_link: link 0x4
01-01 08:00:55.886 0 0 D mv2112_read_status: autoneg is disabled
01-01 08:00:55.886 0 0 E : the code is fine but needs lockdep annotation.
01-01 08:00:55.886 0 0 I : CPU: 7 PID: 291 Comm: kworker/u16:8 Tainted: G S W O 4.19.157+ #1
01-01 08:00:55.886 0 0 I Hardware name: Qualcomm Technologies, Inc. kona MTP-RmPM8150b. VX1(MCE) EVT2 (DT)
01-01 08:00:55.886 0 0 I Workqueue: events_unbound ion_system_secure_heap_prefetch_work
01-01 08:00:55.886 0 0 I Call trace:
01-01 08:00:55.886 0 0 I : dump_backtrace+0x0/0x258
01-01 08:00:55.886 0 0 I : show_stack+0x20/0x30
01-01 08:00:55.886 0 0 I : dump_stack+0xd8/0x12c
01-01 08:00:55.886 0 0 I : register_lock_class+0x4d0/0x5c8
01-01 08:00:55.886 0 0 I : __lock_acquire+0xbc/0x1e58
01-01 08:00:55.886 0 0 I : lock_acquire+0x1cc/0x218
01-01 08:00:55.886 0 0 I : _raw_spin_lock_irqsave+0x54/0x98
01-01 08:00:55.886 0 0 I : ion_system_secure_heap_prefetch_work+0x94/0x2c0
01-01 08:00:55.886 0 0 I : process_one_work+0x38c/0x660
01-01 08:00:55.886 0 0 I : worker_thread+0x268/0x4b8
01-01 08:00:55.886 0 0 I : kthread+0x140/0x150
01-01 08:00:55.886 0 0 I : ret_from_fork+0x10/0x1c
01-01 08:00:55.886 0 0 W cnss2 b0000000.qcom,cnss-qca6390: Falling back to syfs fallback for: qca6390/bdwlan.elf
01-01 08:00:55.889 0 0 E : INFO: trying to register non-static key.
01-01 08:00:55.889 0 0 E : the code is fine but needs lockdep annotation.
01-01 08:00:55.889 0 0 I : CPU: 7 PID: 291 Comm: kworker/u16:8 Tainted: G S W O 4.19.157+ #1
01-01 08:00:55.889 0 0 I Hardware name: Qualcomm Technologies, Inc. kona MTP-RmPM8150b. VX1(MCE) EVT2 (DT)
01-01 08:00:55.889 0 0 I Workqueue: events_unbound ion_system_secure_heap_prefetch_work
01-01 08:00:55.889 0 0 I Call trace:
01-01 08:00:55.889 0 0 I : dump_backtrace+0x0/0x258
01-01 08:00:55.889 0 0 I : show_stack+0x20/0x30
01-01 08:00:55.889 0 0 I : dump_stack+0xd8/0x12c
01-01 08:00:55.889 0 0 I : register_lock_class+0x4d0/0x5c8
01-01 08:00:55.889 0 0 I : __lock_acquire+0xbc/0x1e58
01-01 08:00:55.889 0 0 I : lock_acquire+0x1cc/0x218
01-01 08:00:55.889 0 0 I : _raw_spin_lock_irqsave+0x54/0x98
01-01 08:00:55.889 0 0 I : ion_system_secure_heap_prefetch_work+0x94/0x2c0
01-01 08:00:55.889 0 0 I : process_one_work+0x38c/0x660
01-01 08:00:55.889 0 0 I : worker_thread+0x268/0x4b8
01-01 08:00:55.889 0 0 I : kthread+0x140/0x150
01-01 08:00:55.889 0 0 I : ret_from_fork+0x10/0x1c
01-01 08:00:55.891 0 0 E : INFO: trying to register non-static key.
01-01 08:00:55.891 0 0 E : the code is fine but needs lockdep annotation.
01-01 08:00:55.891 0 0 I : CPU: 7 PID: 291 Comm: kworker/u16:8 Tainted: G S W O 4.19.157+ #1
01-01 08:00:55.891 0 0 I Hardware name: Qualcomm Technologies, Inc. kona MTP-RmPM8150b. VX1(MCE) EVT2 (DT)
01-01 08:00:55.891 0 0 I Workqueue: events_unbound ion_system_secure_heap_prefetch_work
01-01 08:00:55.891 0 0 I Call trace:
01-01 08:00:55.891 0 0 I : dump_backtrace+0x0/0x258
01-01 08:00:55.891 0 0 I : show_stack+0x20/0x30
01-01 08:00:55.891 0 0 I : dump_stack+0xd8/0x12c
01-01 08:00:55.891 0 0 I : register_lock_class+0x4d0/0x5c8
01-01 08:00:55.891 0 0 I : __lock_acquire+0xbc/0x1e58
01-01 08:00:55.891 0 0 I : lock_acquire+0x1cc/0x218
01-01 08:00:55.891 0 0 I : _raw_spin_lock_irqsave+0x54/0x98
01-01 08:00:55.891 0 0 I : ion_system_secure_heap_prefetch_work+0x94/0x2c0
01-01 08:00:55.891 0 0 I : process_one_work+0x38c/0x660
01-01 08:00:55.891 0 0 I : worker_thread+0x268/0x4b8
01-01 08:00:55.891 0 0 I : kthread+0x140/0x150
01-01 08:00:55.891 0 0 I : ret_from_fork+0x10/0x1c
10-14 01:23:45.637 1890 1890 D SystemUIBootTiming: StartServicescom.android.systemui.theme.ThemeOverlayController took to complete: 13ms
10-14 01:23:45.638 1890 1890 D SystemUIBootTiming: StartServicescom.android.systemui.accessibility.WindowMagnification took to complete: 1ms
01-01 08:00:55.893 0 0 E : INFO: trying to register non-static key.
10-14 01:23:45.655 1890 1890 D SystemUIBootTiming: StartServicescom.android.systemui.accessibility.SystemActions took to complete: 17ms
10-14 01:23:45.655 1890 1890 D SystemUIBootTiming: StartServicescom.android.systemui.toast.ToastUI took to complete: 0ms
10-14 01:23:45.658 1890 1890 D SystemUIBootTiming: StartServicescom.android.systemui.wmshell.WMShell took to complete: 3ms
10-14 01:23:45.664 1132 1925 W AppOps : Noting op not finished: uid 10087 pkg com.android.systemui code 24 startTime of in progress event=1665681823497
01-01 08:00:55.917 0 0 I ueventd : firmware: loading 'qca6390/bdwlan.elf' for '/devices/platform/soc/b0000000.qcom,cnss-qca6390/firmware/qca6390!bdwlan.elf'
01-01 08:00:55.919 0 0 E : the code is fine but needs lockdep annotation.
01-01 08:00:55.919 0 0 I : CPU: 7 PID: 291 Comm: kworker/u16:8 Tainted: G S W O 4.19.157+ #1
10-14 01:23:45.674 1132 1925 W AppOps : Noting op not finished: uid 10087 pkg com.android.systemui code 24 startTime of in progress event=1665681823497
01-01 08:00:55.919 0 0 I Hardware name: Qualcomm Technologies, Inc. kona MTP-RmPM8150b. VX1(MCE) EVT2 (DT)
01-01 08:00:55.919 0 0 I Workqueue: events_unbound ion_system_secure_heap_prefetch_work
01-01 08:00:55.919 0 0 I Call trace:
01-01 08:00:55.919 0 0 I : dump_backtrace+0x0/0x258
01-01 08:00:55.919 0 0 I : show_stack+0x20/0x30
01-01 08:00:55.919 0 0 I : dump_stack+0xd8/0x12c
01-01 08:00:55.919 0 0 I : register_lock_class+0x4d0/0x5c8
01-01 08:00:55.919 0 0 I : __lock_acquire+0xbc/0x1e58
01-01 08:00:55.919 0 0 I : lock_acquire+0x1cc/0x218
01-01 08:00:55.919 0 0 I : _raw_spin_lock_irqsave+0x54/0x98
01-01 08:00:55.919 0 0 I : ion_system_secure_heap_prefetch_work+0x94/0x2c0
01-01 08:00:55.919 0 0 I : process_one_work+0x38c/0x660
01-01 08:00:55.919 0 0 I : worker_thread+0x268/0x4b8
01-01 08:00:55.919 0 0 I : kthread+0x140/0x150
01-01 08:00:55.919 0 0 I : ret_from_fork+0x10/0x1c
01-01 08:00:55.921 0 0 E : INFO: trying to register non-static key.
01-01 08:00:55.932 0 0 I ueventd : loading /devices/platform/soc/b0000000.qcom,cnss-qca6390/firmware/qca6390!bdwlan.elf took 15ms
01-01 08:00:55.934 0 0 D cnss : Downloading BDF: qca6390/bdwlan.elf, size: 57908
10-14 01:23:45.683 1132 1925 W AppOps : Noting op not finished: uid 10087 pkg com.android.systemui code 24 startTime of in progress event=1665681823497
01-01 08:00:55.935 0 0 E : the code is fine but needs lockdep annotation.
01-01 08:00:55.935 0 0 I : CPU: 7 PID: 291 Comm: kworker/u16:8 Tainted: G S W O 4.19.157+ #1
01-01 08:00:55.935 0 0 I Hardware name: Qualcomm Technologies, Inc. kona MTP-RmPM8150b. VX1(MCE) EVT2 (DT)
01-01 08:00:55.935 0 0 I Workqueue: events_unbound ion_system_secure_heap_prefetch_work
01-01 08:00:55.935 0 0 I Call trace:
01-01 08:00:55.935 0 0 I : dump_backtrace+0x0/0x258
01-01 08:00:55.935 0 0 I : show_stack+0x20/0x30
01-01 08:00:55.935 0 0 I : dump_stack+0xd8/0x12c
01-01 08:00:55.935 0 0 I : register_lock_class+0x4d0/0x5c8
01-01 08:00:55.935 0 0 I : __lock_acquire+0xbc/0x1e58
01-01 08:00:55.935 0 0 I : lock_acquire+0x1cc/0x218
01-01 08:00:55.935 0 0 I : _raw_spin_lock_irqsave+0x54/0x98
01-01 08:00:55.935 0 0 I : ion_system_secure_heap_prefetch_work+0x94/0x2c0
01-01 08:00:55.935 0 0 I : process_one_work+0x38c/0x660
01-01 08:00:55.935 0 0 I : worker_thread+0x268/0x4b8
01-01 08:00:55.935 0 0 I : kthread+0x140/0x150
01-01 08:00:55.935 0 0 I : ret_from_fork+0x10/0x1c
01-01 08:00:55.937 0 0 E : INFO: trying to register non-static key.
10-14 01:23:45.690 1132 1925 W AppOps : Noting op not finished: uid 10087 pkg com.android.systemui code 24 startTime of in progress event=1665681823497
10-14 01:23:45.693 1890 1890 D SystemUIBootTiming: StartServicescom.android.systemui.ShowWindowUtil took to complete: 35ms
10-14 01:23:45.721 1890 1890 D SystemUIBootTiming: StartServices took to complete: 1584ms
01-01 08:00:55.974 0 0 I msm_vidc: high: 00000001: ....d: Opening video instance: ffffffeed77b0000, 1
01-01 08:00:55.978 0 0 E : the code is fine but needs lockdep annotation.
01-01 08:00:55.978 0 0 I : CPU: 7 PID: 291 Comm: kworker/u16:8 Tainted: G S W O 4.19.157+ #1
01-01 08:00:55.978 0 0 I Hardware name: Qualcomm Technologies, Inc. kona MTP-RmPM8150b. VX1(MCE) EVT2 (DT)
01-01 08:00:55.978 0 0 I Workqueue: events_unbound ion_system_secure_heap_prefetch_work
01-01 08:00:55.978 0 0 I Call trace:
01-01 08:00:55.978 0 0 I : dump_backtrace+0x0/0x258
01-01 08:00:55.978 0 0 I : show_stack+0x20/0x30
01-01 08:00:55.978 0 0 I : dump_stack+0xd8/0x12c
01-01 08:00:55.978 0 0 I : register_lock_class+0x4d0/0x5c8
01-01 08:00:55.978 0 0 I : __lock_acquire+0xbc/0x1e58
01-01 08:00:55.978 0 0 I : lock_acquire+0x1cc/0x218
01-01 08:00:55.978 0 0 I : _raw_spin_lock_irqsave+0x54/0x98
01-01 08:00:55.978 0 0 I : ion_system_secure_heap_prefetch_work+0x94/0x2c0
01-01 08:00:55.978 0 0 I : process_one_work+0x38c/0x660
01-01 08:00:55.978 0 0 I : worker_thread+0x268/0x4b8
01-01 08:00:55.978 0 0 I : kthread+0x140/0x150
01-01 08:00:55.978 0 0 I : ret_from_fork+0x10/0x1c
01-01 08:00:55.980 0 0 E : INFO: trying to register non-static key.
01-01 08:00:55.993 0 0 D cnss : Sending M3 information message, state: 0x13
01-01 08:00:55.994 0 0 E : the code is fine but needs lockdep annotation.
01-01 08:00:55.994 0 0 I : CPU: 7 PID: 291 Comm: kworker/u16:8 Tainted: G S W O 4.19.157+ #1
01-01 08:00:55.994 0 0 I Hardware name: Qualcomm Technologies, Inc. kona MTP-RmPM8150b. VX1(MCE) EVT2 (DT)
01-01 08:00:55.994 0 0 I Workqueue: events_unbound ion_system_secure_heap_prefetch_work
01-01 08:00:55.994 0 0 I Call trace:
01-01 08:00:55.994 0 0 I : dump_backtrace+0x0/0x258
01-01 08:00:55.994 0 0 I : show_stack+0x20/0x30
01-01 08:00:55.994 0 0 I : dump_stack+0xd8/0x12c
01-01 08:00:55.994 0 0 I : register_lock_class+0x4d0/0x5c8
01-01 08:00:55.994 0 0 I : __lock_acquire+0xbc/0x1e58
01-01 08:00:55.994 0 0 I : lock_acquire+0x1cc/0x218
01-01 08:00:55.994 0 0 I : _raw_spin_lock_irqsave+0x54/0x98
01-01 08:00:55.994 0 0 I : ion_system_secure_heap_prefetch_work+0x94/0x2c0
01-01 08:00:55.994 0 0 I : process_one_work+0x38c/0x660
01-01 08:00:55.994 0 0 I : worker_thread+0x268/0x4b8
01-01 08:00:55.994 0 0 I : kthread+0x140/0x150
01-01 08:00:55.994 0 0 I : ret_from_fork+0x10/0x1c
01-01 08:00:55.997 0 0 E : INFO: trying to register non-static key.
01-01 08:00:56.006 0 0 I msm_vidc: high: 00000001: vp8d: Closed video instance: ffffffeed77b0000
01-01 08:00:56.006 0 0 D cnss : M3 memory, va: 0xffffff8021dda000, pa: 0x00000000a1800000, size: 0x411bc
01-01 08:00:56.012 0 0 E : the code is fine but needs lockdep annotation.
01-01 08:00:56.012 0 0 I : CPU: 7 PID: 291 Comm: kworker/u16:8 Tainted: G S W O 4.19.157+ #1
01-01 08:00:56.012 0 0 I Hardware name: Qualcomm Technologies, Inc. kona MTP-RmPM8150b. VX1(MCE) EVT2 (DT)
01-01 08:00:56.012 0 0 I Workqueue: events_unbound ion_system_secure_heap_prefetch_work
01-01 08:00:56.012 0 0 I Call trace:
01-01 08:00:56.012 0 0 I : dump_backtrace+0x0/0x258
01-01 08:00:56.012 0 0 I : show_stack+0x20/0x30
01-01 08:00:56.012 0 0 I : dump_stack+0xd8/0x12c
01-01 08:00:56.012 0 0 I : register_lock_class+0x4d0/0x5c8
01-01 08:00:56.012 0 0 I : __lock_acquire+0xbc/0x1e58
01-01 08:00:56.012 0 0 I : lock_acquire+0x1cc/0x218
01-01 08:00:56.012 0 0 I : _raw_spin_lock_irqsave+0x54/0x98
01-01 08:00:56.012 0 0 I : ion_system_secure_heap_prefetch_work+0x94/0x2c0
01-01 08:00:56.012 0 0 I : process_one_work+0x38c/0x660
01-01 08:00:56.012 0 0 I : worker_thread+0x268/0x4b8
01-01 08:00:56.012 0 0 I : kthread+0x140/0x150
01-01 08:00:56.012 0 0 I : ret_from_fork+0x10/0x1c
01-01 08:00:56.014 0 0 E : INFO: trying to register non-static key.
01-01 08:00:56.030 0 0 D cnss : Received QMI WLFW FW initialization done indication
01-01 08:00:56.030 0 0 D cnss : PM relax, state: 0x13, count: 0
01-01 08:00:56.033 0 0 E : the code is fine but needs lockdep annotation.
01-01 08:00:56.033 0 0 I : CPU: 7 PID: 291 Comm: kworker/u16:8 Tainted: G S W O 4.19.157+ #1
01-01 08:00:56.039 0 0 D cnss : Posting event: FW_READY(4), state: 0x13 flags: 0x0
01-01 08:00:56.044 0 0 I Hardware name: Qualcomm Technologies, Inc. kona MTP-RmPM8150b. VX1(MCE) EVT2 (DT)
01-01 08:00:56.044 0 0 I Workqueue: events_unbound ion_system_secure_heap_prefetch_work
01-01 08:00:56.044 0 0 I Call trace:
01-01 08:00:56.044 0 0 I : dump_backtrace+0x0/0x258
01-01 08:00:56.044 0 0 I : show_stack+0x20/0x30
01-01 08:00:56.044 0 0 I : dump_stack+0xd8/0x12c
01-01 08:00:56.044 0 0 I : register_lock_class+0x4d0/0x5c8
01-01 08:00:56.044 0 0 I : __lock_acquire+0xbc/0x1e58
01-01 08:00:56.044 0 0 I : lock_acquire+0x1cc/0x218
01-01 08:00:56.044 0 0 I : _raw_spin_lock_irqsave+0x54/0x98
01-01 08:00:56.044 0 0 I : ion_system_secure_heap_prefetch_work+0x94/0x2c0
01-01 08:00:56.044 0 0 I : process_one_work+0x38c/0x660
01-01 08:00:56.044 0 0 I : worker_thread+0x268/0x4b8
01-01 08:00:56.044 0 0 I : kthread+0x140/0x150
01-01 08:00:56.044 0 0 I : ret_from_fork+0x10/0x1c
01-01 08:00:56.090 0 0 I msm_vidc: high: 00000001: ....d: Opening video instance: ffffffeed7548000, 1
01-01 08:00:56.098 0 0 D cnss : PM stay awake, state: 0x13, count: 1
01-01 08:00:56.121 0 0 D cnss : PM stay awake, state: 0x13, count: 1
01-01 08:00:56.121 0 0 D cnss : Processing driver event: FW_READY(4), state: 0x13
01-01 08:00:56.121 0 0 D cnss : PCIE Gen speed not setup
01-01 08:00:56.123 0 0 D cnss : PM relax, state: 0x13, count: 0
01-01 08:00:56.129 0 0 E : INFO: trying to register non-static key.
01-01 08:00:56.134 0 0 E : the code is fine but needs lockdep annotation.
01-01 08:00:56.135 0 0 I msm_vidc: high: 00000001: vp9d: Closed video instance: ffffffeed7548000
01-01 08:00:56.140 0 0 I : CPU: 7 PID: 291 Comm: kworker/u16:8 Tainted: G S W O 4.19.157+ #1
01-01 08:00:56.140 0 0 I Hardware name: Qualcomm Technologies, Inc. kona MTP-RmPM8150b. VX1(MCE) EVT2 (DT)
01-01 08:00:56.140 0 0 I Workqueue: events_unbound ion_system_secure_heap_prefetch_work
01-01 08:00:56.140 0 0 I Call trace:
01-01 08:00:56.140 0 0 I : dump_backtrace+0x0/0x258
01-01 08:00:56.140 0 0 I : show_stack+0x20/0x30
01-01 08:00:56.140 0 0 I : dump_stack+0xd8/0x12c
01-01 08:00:56.140 0 0 I : register_lock_class+0x4d0/0x5c8
01-01 08:00:56.140 0 0 I : __lock_acquire+0xbc/0x1e58
01-01 08:00:56.140 0 0 I : lock_acquire+0x1cc/0x218
01-01 08:00:56.140 0 0 I : _raw_spin_lock_irqsave+0x54/0x98
01-01 08:00:56.140 0 0 I : ion_system_secure_heap_prefetch_work+0x94/0x2c0
01-01 08:00:56.140 0 0 I : process_one_work+0x38c/0x660
01-01 08:00:56.140 0 0 I : worker_thread+0x268/0x4b8
01-01 08:00:56.140 0 0 I : kthread+0x140/0x150
01-01 08:00:56.140 0 0 I : ret_from_fork+0x10/0x1c
01-01 08:00:56.148 0 0 E : INFO: trying to register non-static key.
01-01 08:00:56.153 0 0 E : the code is fine but needs lockdep annotation.
01-01 08:00:56.159 0 0 I : CPU: 7 PID: 291 Comm: kworker/u16:8 Tainted: G S W O 4.19.157+ #1
01-01 08:00:56.159 0 0 I Hardware name: Qualcomm Technologies, Inc. kona MTP-RmPM8150b. VX1(MCE) EVT2 (DT)
01-01 08:00:56.159 0 0 I Workqueue: events_unbound ion_system_secure_heap_prefetch_work
01-01 08:00:56.159 0 0 I Call trace:
01-01 08:00:56.159 0 0 I : dump_backtrace+0x0/0x258
01-01 08:00:56.159 0 0 I : show_stack+0x20/0x30
01-01 08:00:56.159 0 0 I : dump_stack+0xd8/0x12c
01-01 08:00:56.159 0 0 I : register_lock_class+0x4d0/0x5c8
01-01 08:00:56.159 0 0 I : __lock_acquire+0xbc/0x1e58
01-01 08:00:56.159 0 0 I : lock_acquire+0x1cc/0x218
01-01 08:00:56.159 0 0 I : _raw_spin_lock_irqsave+0x54/0x98
01-01 08:00:56.159 0 0 I : ion_system_secure_heap_prefetch_work+0x94/0x2c0
01-01 08:00:56.159 0 0 I : process_one_work+0x38c/0x660
01-01 08:00:56.159 0 0 I : worker_thread+0x268/0x4b8
01-01 08:00:56.159 0 0 I : kthread+0x140/0x150
01-01 08:00:56.159 0 0 I : ret_from_fork+0x10/0x1c
01-01 08:00:56.167 0 0 E : INFO: trying to register non-static key.
01-01 08:00:56.171 0 0 I msm_vidc: high: 00000001: ....d: Opening video instance: ffffffeed9754000, 1
01-01 08:00:56.172 0 0 E : the code is fine but needs lockdep annotation.
01-01 08:00:56.172 0 0 I : CPU: 7 PID: 291 Comm: kworker/u16:8 Tainted: G S W O 4.19.157+ #1
01-01 08:00:56.178 0 0 I Hardware name: Qualcomm Technologies, Inc. kona MTP-RmPM8150b. VX1(MCE) EVT2 (DT)
01-01 08:00:56.178 0 0 I Workqueue: events_unbound ion_system_secure_heap_prefetch_work
01-01 08:00:56.178 0 0 I Call trace:
01-01 08:00:56.178 0 0 I : dump_backtrace+0x0/0x258
01-01 08:00:56.178 0 0 I : show_stack+0x20/0x30
01-01 08:00:56.178 0 0 I : dump_stack+0xd8/0x12c
01-01 08:00:56.178 0 0 I : register_lock_class+0x4d0/0x5c8
01-01 08:00:56.178 0 0 I : __lock_acquire+0xbc/0x1e58
01-01 08:00:56.178 0 0 I : lock_acquire+0x1cc/0x218
01-01 08:00:56.178 0 0 I : _raw_spin_lock_irqsave+0x54/0x98
01-01 08:00:56.178 0 0 I : ion_system_secure_heap_prefetch_work+0x94/0x2c0
01-01 08:00:56.178 0 0 I : process_one_work+0x38c/0x660
01-01 08:00:56.178 0 0 I : worker_thread+0x268/0x4b8
01-01 08:00:56.178 0 0 I : kthread+0x140/0x150
01-01 08:00:56.178 0 0 I : ret_from_fork+0x10/0x1c
01-01 08:00:56.184 0 0 E : INFO: trying to register non-static key.
01-01 08:00:56.186 0 0 E : INFO: trying to register non-static key.
01-01 08:00:56.189 0 0 E : the code is fine but needs lockdep annotation.
01-01 08:00:56.194 0 0 E : the code is fine but needs lockdep annotation.
01-01 08:00:56.194 0 0 I : CPU: 7 PID: 291 Comm: kworker/u16:8 Tainted: G S W O 4.19.157+ #1
01-01 08:00:56.203 0 0 I binder : 1890:2058 ioctl 40046210 6db8ede1f4 returned -22
01-01 08:00:56.206 0 0 I Hardware name: Qualcomm Technologies, Inc. kona MTP-RmPM8150b. VX1(MCE) EVT2 (DT)
01-01 08:00:56.206 0 0 I Workqueue: events_unbound ion_system_secure_heap_prefetch_work
01-01 08:00:56.206 0 0 I Call trace:
01-01 08:00:56.206 0 0 I : dump_backtrace+0x0/0x258
01-01 08:00:56.206 0 0 I : show_stack+0x20/0x30
01-01 08:00:56.206 0 0 I : dump_stack+0xd8/0x12c
01-01 08:00:56.206 0 0 I : register_lock_class+0x4d0/0x5c8
01-01 08:00:56.206 0 0 I : __lock_acquire+0xbc/0x1e58
01-01 08:00:56.206 0 0 I : lock_acquire+0x1cc/0x218
01-01 08:00:56.206 0 0 I : _raw_spin_lock_irqsave+0x54/0x98
01-01 08:00:56.206 0 0 I : ion_system_secure_heap_prefetch_work+0x94/0x2c0
01-01 08:00:56.206 0 0 I : process_one_work+0x38c/0x660
01-01 08:00:56.206 0 0 I : worker_thread+0x268/0x4b8
01-01 08:00:56.206 0 0 I : kthread+0x140/0x150
01-01 08:00:56.206 0 0 I : ret_from_fork+0x10/0x1c
01-01 08:00:56.206 0 0 I : CPU: 1 PID: 2552 Comm: VideoDecMsgThre Tainted: G S W O 4.19.157+ #1
01-01 08:00:56.206 0 0 I Hardware name: Qualcomm Technologies, Inc. kona MTP-RmPM8150b. VX1(MCE) EVT2 (DT)
01-01 08:00:56.206 0 0 I Call trace:
01-01 08:00:56.206 0 0 I : dump_backtrace+0x0/0x258
01-01 08:00:56.206 0 0 I : show_stack+0x20/0x30
01-01 08:00:56.206 0 0 I : dump_stack+0xd8/0x12c
01-01 08:00:56.206 0 0 I : register_lock_class+0x4d0/0x5c8
01-01 08:00:56.206 0 0 I : __lock_acquire+0xbc/0x1e58
01-01 08:00:56.206 0 0 I : lock_acquire+0x1cc/0x218
01-01 08:00:56.206 0 0 I : _raw_spin_lock_irqsave+0x54/0x98
01-01 08:00:56.206 0 0 I : __ion_system_secure_heap_resize+0x768/0x8c0
01-01 08:00:56.206 0 0 I : ion_system_secure_heap_prefetch+0x28/0x38
01-01 08:00:56.206 0 0 I : ion_walk_heaps+0x88/0xb8
01-01 08:00:56.206 0 0 I : ion_ioctl+0x1b0/0x2a8
01-01 08:00:56.206 0 0 I : __arm64_compat_sys_ioctl+0xf4/0x240
01-01 08:00:56.206 0 0 I : el0_svc_common+0xa4/0x190
01-01 08:00:56.206 0 0 I : el0_svc_compat_handler+0x28/0x38
01-01 08:00:56.206 0 0 I : el0_svc_compat+0x8/0x34
01-01 08:00:56.209 0 0 E : INFO: trying to register non-static key.
01-01 08:00:56.214 0 0 E : the code is fine but needs lockdep annotation.
01-01 08:00:56.214 0 0 E : INFO: trying to register non-static key.
01-01 08:00:56.219 0 0 I : CPU: 4 PID: 2440 Comm: HwBinder:1311_4 Tainted: G S W O 4.19.157+ #1
01-01 08:00:56.224 0 0 I Hardware name: Qualcomm Technologies, Inc. kona MTP-RmPM8150b. VX1(MCE) EVT2 (DT)
01-01 08:00:56.224 0 0 E : the code is fine but needs lockdep annotation.
01-01 08:00:56.230 0 0 I Call trace:
01-01 08:00:56.230 0 0 I : dump_backtrace+0x0/0x258
01-01 08:00:56.230 0 0 I : show_stack+0x20/0x30
01-01 08:00:56.230 0 0 I : dump_stack+0xd8/0x12c
01-01 08:00:56.230 0 0 I : register_lock_class+0x4d0/0x5c8
01-01 08:00:56.230 0 0 I : __lock_acquire+0xbc/0x1e58
01-01 08:00:56.230 0 0 I : lock_acquire+0x1cc/0x218
01-01 08:00:56.230 0 0 I : _raw_spin_lock_irqsave+0x54/0x98
01-01 08:00:56.230 0 0 I : __ion_system_secure_heap_resize+0x768/0x8c0
01-01 08:00:56.230 0 0 I : ion_system_secure_heap_drain+0x28/0x38
01-01 08:00:56.230 0 0 I : ion_walk_heaps+0x88/0xb8
01-01 08:00:56.230 0 0 I : ion_ioctl+0x1b0/0x2a8
01-01 08:00:56.230 0 0 I : __arm64_compat_sys_ioctl+0xf4/0x240
01-01 08:00:56.230 0 0 I : el0_svc_common+0xa4/0x190
01-01 08:00:56.230 0 0 I : el0_svc_compat_handler+0x28/0x38
01-01 08:00:56.230 0 0 I : el0_svc_compat+0x8/0x34
01-01 08:00:56.230 0 0 I : CPU: 7 PID: 291 Comm: kworker/u16:8 Tainted: G S W O 4.19.157+ #1
01-01 08:00:56.230 0 0 I Hardware name: Qualcomm Technologies, Inc. kona MTP-RmPM8150b. VX1(MCE) EVT2 (DT)
01-01 08:00:56.230 0 0 I Workqueue: events_unbound ion_system_secure_heap_prefetch_work
01-01 08:00:56.230 0 0 I Call trace:
01-01 08:00:56.230 0 0 I : dump_backtrace+0x0/0x258
01-01 08:00:56.230 0 0 I : show_stack+0x20/0x30
01-01 08:00:56.230 0 0 I : dump_stack+0xd8/0x12c
01-01 08:00:56.230 0 0 I : register_lock_class+0x4d0/0x5c8
01-01 08:00:56.230 0 0 I : __lock_acquire+0xbc/0x1e58
01-01 08:00:56.230 0 0 I : lock_acquire+0x1cc/0x218
01-01 08:00:56.230 0 0 I : _raw_spin_lock_irqsave+0x54/0x98
01-01 08:00:56.230 0 0 I : ion_system_secure_heap_prefetch_work+0x94/0x2c0
01-01 08:00:56.230 0 0 I : process_one_work+0x38c/0x660
01-01 08:00:56.230 0 0 I : worker_thread+0x268/0x4b8
01-01 08:00:56.230 0 0 I : kthread+0x140/0x150
01-01 08:00:56.230 0 0 I : ret_from_fork+0x10/0x1c
01-01 08:00:56.233 0 0 I msm_vidc: high: 00000001: vp9d: Closed video instance: ffffffeed9754000
01-01 08:00:56.239 0 0 E : INFO: trying to register non-static key.
01-01 08:00:56.244 0 0 E : the code is fine but needs lockdep annotation.
01-01 08:00:56.249 0 0 I : CPU: 7 PID: 291 Comm: kworker/u16:8 Tainted: G S W O 4.19.157+ #1
01-01 08:00:56.249 0 0 I Hardware name: Qualcomm Technologies, Inc. kona MTP-RmPM8150b. VX1(MCE) EVT2 (DT)
01-01 08:00:56.249 0 0 I Workqueue: events_unbound ion_system_secure_heap_prefetch_work
01-01 08:00:56.249 0 0 I Call trace:
01-01 08:00:56.249 0 0 I : dump_backtrace+0x0/0x258
01-01 08:00:56.249 0 0 I : show_stack+0x20/0x30
01-01 08:00:56.249 0 0 I : dump_stack+0xd8/0x12c
01-01 08:00:56.249 0 0 I : register_lock_class+0x4d0/0x5c8
01-01 08:00:56.249 0 0 I : __lock_acquire+0xbc/0x1e58
01-01 08:00:56.249 0 0 I : lock_acquire+0x1cc/0x218
01-01 08:00:56.249 0 0 I : _raw_spin_lock_irqsave+0x54/0x98
01-01 08:00:56.249 0 0 I : ion_system_secure_heap_prefetch_work+0x94/0x2c0
01-01 08:00:56.249 0 0 I : process_one_work+0x38c/0x660
01-01 08:00:56.249 0 0 I : worker_thread+0x268/0x4b8
01-01 08:00:56.249 0 0 I : kthread+0x140/0x150
01-01 08:00:56.249 0 0 I : ret_from_fork+0x10/0x1c
01-01 08:00:56.258 0 0 E : INFO: trying to register non-static key.
01-01 08:00:56.259 0 0 W : (NULL device *): Falling back to syfs fallback for: wlan/qca_cld/qca6390/WCNSS_qcom_cfg.ini
01-01 08:00:56.263 0 0 E : the code is fine but needs lockdep annotation.
01-01 08:00:56.263 0 0 I : CPU: 7 PID: 291 Comm: kworker/u16:8 Tainted: G S W O 4.19.157+ #1
01-01 08:00:56.263 0 0 I Hardware name: Qualcomm Technologies, Inc. kona MTP-RmPM8150b. VX1(MCE) EVT2 (DT)
01-01 08:00:56.263 0 0 I Workqueue: events_unbound ion_system_secure_heap_prefetch_work
01-01 08:00:56.263 0 0 I Call trace:
01-01 08:00:56.263 0 0 I : dump_backtrace+0x0/0x258
01-01 08:00:56.263 0 0 I : show_stack+0x20/0x30
01-01 08:00:56.263 0 0 I : dump_stack+0xd8/0x12c
01-01 08:00:56.263 0 0 I : register_lock_class+0x4d0/0x5c8
01-01 08:00:56.263 0 0 I : __lock_acquire+0xbc/0x1e58
01-01 08:00:56.263 0 0 I : lock_acquire+0x1cc/0x218
01-01 08:00:56.263 0 0 I : _raw_spin_lock_irqsave+0x54/0x98
01-01 08:00:56.263 0 0 I : ion_system_secure_heap_prefetch_work+0x94/0x2c0
01-01 08:00:56.263 0 0 I : process_one_work+0x38c/0x660
01-01 08:00:56.263 0 0 I : worker_thread+0x268/0x4b8
01-01 08:00:56.263 0 0 I : kthread+0x140/0x150
01-01 08:00:56.263 0 0 I : ret_from_fork+0x10/0x1c
01-01 08:00:56.271 0 0 E : INFO: trying to register non-static key.
01-01 08:00:56.276 0 0 E : the code is fine but needs lockdep annotation.
01-01 08:00:56.282 0 0 I : CPU: 7 PID: 291 Comm: kworker/u16:8 Tainted: G S W O 4.19.157+ #1
01-01 08:00:56.282 0 0 I Hardware name: Qualcomm Technologies, Inc. kona MTP-RmPM8150b. VX1(MCE) EVT2 (DT)
01-01 08:00:56.282 0 0 I Workqueue: events_unbound ion_system_secure_heap_prefetch_work
01-01 08:00:56.282 0 0 I Call trace:
01-01 08:00:56.282 0 0 I : dump_backtrace+0x0/0x258
01-01 08:00:56.282 0 0 I : show_stack+0x20/0x30
01-01 08:00:56.282 0 0 I : dump_stack+0xd8/0x12c
01-01 08:00:56.282 0 0 I : register_lock_class+0x4d0/0x5c8
01-01 08:00:56.282 0 0 I : __lock_acquire+0xbc/0x1e58
01-01 08:00:56.282 0 0 I : lock_acquire+0x1cc/0x218
01-01 08:00:56.282 0 0 I : _raw_spin_lock_irqsave+0x54/0x98
01-01 08:00:56.282 0 0 I : ion_system_secure_heap_prefetch_work+0x94/0x2c0
01-01 08:00:56.282 0 0 I : process_one_work+0x38c/0x660
01-01 08:00:56.282 0 0 I : worker_thread+0x268/0x4b8
01-01 08:00:56.282 0 0 I : kthread+0x140/0x150
01-01 08:00:56.282 0 0 I : ret_from_fork+0x10/0x1c
01-01 08:00:56.289 0 0 E : INFO: trying to register non-static key.
01-01 08:00:56.294 0 0 E : the code is fine but needs lockdep annotation.
01-01 08:00:56.300 0 0 I : CPU: 7 PID: 291 Comm: kworker/u16:8 Tainted: G S W O 4.19.157+ #1
01-01 08:00:56.300 0 0 I Hardware name: Qualcomm Technologies, Inc. kona MTP-RmPM8150b. VX1(MCE) EVT2 (DT)
01-01 08:00:56.300 0 0 I Workqueue: events_unbound ion_system_secure_heap_prefetch_work
01-01 08:00:56.300 0 0 I Call trace:
01-01 08:00:56.300 0 0 I : dump_backtrace+0x0/0x258
01-01 08:00:56.300 0 0 I : show_stack+0x20/0x30
01-01 08:00:56.300 0 0 I : dump_stack+0xd8/0x12c
01-01 08:00:56.300 0 0 I : register_lock_class+0x4d0/0x5c8
01-01 08:00:56.300 0 0 I : __lock_acquire+0xbc/0x1e58
01-01 08:00:56.300 0 0 I : lock_acquire+0x1cc/0x218
01-01 08:00:56.300 0 0 I : _raw_spin_lock_irqsave+0x54/0x98
01-01 08:00:56.300 0 0 I : ion_system_secure_heap_prefetch_work+0x94/0x2c0
01-01 08:00:56.300 0 0 I : process_one_work+0x38c/0x660
01-01 08:00:56.300 0 0 I : worker_thread+0x268/0x4b8
01-01 08:00:56.300 0 0 I : kthread+0x140/0x150
01-01 08:00:56.300 0 0 I : ret_from_fork+0x10/0x1c
01-01 08:00:56.308 0 0 E : INFO: trying to register non-static key.
01-01 08:00:56.311 0 0 I [kworke][0x3ed7a57d][01:23:46.058298] wlan: [345:I:HDD] hdd_pm_qos_add_request: 9360: Set cpu_mask 0f for affine_cores
01-01 08:00:56.314 0 0 E : the code is fine but needs lockdep annotation.
01-01 08:00:56.314 0 0 I : CPU: 7 PID: 291 Comm: kworker/u16:8 Tainted: G S W O 4.19.157+ #1
01-01 08:00:56.317 0 0 I msm_vidc: high: 00000001: ....e: Opening video instance: ffffffeed66ec000, 0
01-01 08:00:56.319 0 0 I Hardware name: Qualcomm Technologies, Inc. kona MTP-RmPM8150b. VX1(MCE) EVT2 (DT)
01-01 08:00:56.319 0 0 I Workqueue: events_unbound ion_system_secure_heap_prefetch_work
01-01 08:00:56.319 0 0 I Call trace:
01-01 08:00:56.319 0 0 I : dump_backtrace+0x0/0x258
01-01 08:00:56.319 0 0 I : show_stack+0x20/0x30
01-01 08:00:56.319 0 0 I : dump_stack+0xd8/0x12c
01-01 08:00:56.319 0 0 I : register_lock_class+0x4d0/0x5c8
