10-14 01:23:42.649 1132 1132 I SystemServerTiming: OnBootPhase_600_com.android.role.RoleService
10-14 01:23:42.649 1132 1132 D SystemServerTiming: OnBootPhase_600_com.android.role.RoleService took to complete: 0ms
10-14 01:23:42.649 1132 1132 I SystemServerTiming: OnBootPhase_600_com.android.server.vibrator.VibratorManagerService$Lifecycle
10-14 01:23:42.649 1132 1132 D SystemServerTiming: OnBootPhase_600_com.android.server.vibrator.VibratorManagerService$Lifecycle took to complete: 0ms
10-14 01:23:42.649 1132 1132 I SystemServerTiming: OnBootPhase_600_com.android.server.alarm.AlarmManagerService
10-14 01:23:42.649 1132 1132 D SystemServerTiming: OnBootPhase_600_com.android.server.alarm.AlarmManagerService took to complete: 0ms
10-14 01:23:42.650 1132 1132 I SystemServerTiming: OnBootPhase_600_com.android.server.devicestate.DeviceStateManagerService
10-14 01:23:42.650 1132 1132 D SystemServerTiming: OnBootPhase_600_com.android.server.devicestate.DeviceStateManagerService took to complete: 0ms
10-14 01:23:42.650 1132 1132 I SystemServerTiming: OnBootPhase_600_com.android.server.camera.CameraServiceProxy
10-14 01:23:42.650 1132 1132 D SystemServerTiming: OnBootPhase_600_com.android.server.camera.CameraServiceProxy took to complete: 0ms
10-14 01:23:42.650 1132 1132 I SystemServerTiming: OnBootPhase_600_com.android.server.BluetoothService
10-14 01:23:42.650 1132 1132 D SystemServerTiming: OnBootPhase_600_com.android.server.BluetoothService took to complete: 0ms
10-14 01:23:42.650 1132 1132 I SystemServerTiming: OnBootPhase_600_com.android.server.connectivity.IpConnectivityMetrics
10-14 01:23:42.650 1132 1132 D SystemServerTiming: OnBootPhase_600_com.android.server.connectivity.IpConnectivityMetrics took to complete: 0ms
10-14 01:23:42.650 1132 1132 I SystemServerTiming: OnBootPhase_600_com.android.server.net.watchlist.NetworkWatchlistService$Lifecycle
10-14 01:23:42.650 1132 1132 D SystemServerTiming: OnBootPhase_600_com.android.server.net.watchlist.NetworkWatchlistService$Lifecycle took to complete: 0ms
10-14 01:23:42.650 1132 1132 I SystemServerTiming: OnBootPhase_600_com.android.server.PinnerService
10-14 01:23:42.650 1132 1132 D SystemServerTiming: OnBootPhase_600_com.android.server.PinnerService took to complete: 0ms
10-14 01:23:42.650 1132 1132 I SystemServerTiming: OnBootPhase_600_com.google.android.startop.iorap.IorapForwardingService
10-14 01:23:42.650 1132 1132 D SystemServerTiming: OnBootPhase_600_com.google.android.startop.iorap.IorapForwardingService took to complete: 0ms
10-14 01:23:42.650 1132 1132 I SystemServerTiming: OnBootPhase_600_com.android.server.ActivityTriggerService
10-14 01:23:42.650 1132 1132 D SystemServerTiming: OnBootPhase_600_com.android.server.ActivityTriggerService took to complete: 0ms
10-14 01:23:42.651 1132 1132 I SystemServerTiming: OnBootPhase_600_com.android.server.integrity.AppIntegrityManagerService
10-14 01:23:42.651 1132 1132 D SystemServerTiming: OnBootPhase_600_com.android.server.integrity.AppIntegrityManagerService took to complete: 0ms
10-14 01:23:42.651 1132 1132 I SystemServerTiming: OnBootPhase_600_com.android.server.inputmethod.InputMethodManagerService$Lifecycle
10-14 01:23:42.651 1132 1132 D SystemServerTiming: OnBootPhase_600_com.android.server.inputmethod.InputMethodManagerService$Lifecycle took to complete: 0ms
10-14 01:23:42.651 1132 1132 I SystemServerTiming: OnBootPhase_600_com.android.server.accessibility.AccessibilityManagerService$Lifecycle
10-14 01:23:42.651 1132 1132 D SystemServerTiming: OnBootPhase_600_com.android.server.accessibility.AccessibilityManagerService$Lifecycle took to complete: 0ms
10-14 01:23:42.651 1132 1132 I SystemServerTiming: OnBootPhase_600_com.android.server.StorageManagerService$Lifecycle
10-14 01:23:42.651 1132 1132 D SystemServerTiming: OnBootPhase_600_com.android.server.StorageManagerService$Lifecycle took to complete: 0ms
10-14 01:23:42.651 1132 1132 I SystemServerTiming: OnBootPhase_600_com.android.server.usage.StorageStatsService$Lifecycle
10-14 01:23:42.651 1132 1132 D SystemServerTiming: OnBootPhase_600_com.android.server.usage.StorageStatsService$Lifecycle took to complete: 0ms
10-14 01:23:42.651 1132 1132 I SystemServerTiming: OnBootPhase_600_com.android.server.UiModeManagerService
10-14 01:23:42.652 1132 1132 D SystemServerTiming: OnBootPhase_600_com.android.server.UiModeManagerService took to complete: 0ms
10-14 01:23:42.652 1132 1132 I SystemServerTiming: OnBootPhase_600_com.android.server.locksettings.LockSettingsService$Lifecycle
10-14 01:23:42.652 1132 1132 D SystemServerTiming: OnBootPhase_600_com.android.server.locksettings.LockSettingsService$Lifecycle took to complete: 0ms
10-14 01:23:42.652 1132 1132 I SystemServerTiming: OnBootPhase_600_com.android.server.PersistentDataBlockService
10-14 01:23:42.652 1132 1132 D SystemServerTiming: OnBootPhase_600_com.android.server.PersistentDataBlockService took to complete: 0ms
10-14 01:23:42.652 1132 1132 I SystemServerTiming: OnBootPhase_600_com.android.server.testharness.TestHarnessModeService
10-14 01:23:42.652 1132 1132 D SystemServerTiming: OnBootPhase_600_com.android.server.testharness.TestHarnessModeService took to complete: 0ms
10-14 01:23:42.652 1132 1132 I SystemServerTiming: OnBootPhase_600_com.android.server.oemlock.OemLockService
10-14 01:23:42.652 1132 1132 D SystemServerTiming: OnBootPhase_600_com.android.server.oemlock.OemLockService took to complete: 0ms
10-14 01:23:42.652 1132 1132 I SystemServerTiming: OnBootPhase_600_com.android.server.DeviceIdleController
10-14 01:23:42.652 1132 1132 D SystemServerTiming: OnBootPhase_600_com.android.server.DeviceIdleController took to complete: 0ms
10-14 01:23:42.652 1132 1132 I SystemServerTiming: OnBootPhase_600_com.android.server.devicepolicy.DevicePolicyManagerService$Lifecycle
10-14 01:23:42.652 1132 1132 D SystemServerTiming: OnBootPhase_600_com.android.server.devicepolicy.DevicePolicyManagerService$Lifecycle took to complete: 0ms
10-14 01:23:42.652 1132 1132 I SystemServerTiming: OnBootPhase_600_com.android.server.texttospeech.TextToSpeechManagerService
10-14 01:23:42.653 1132 1132 D SystemServerTiming: OnBootPhase_600_com.android.server.texttospeech.TextToSpeechManagerService took to complete: 1ms
10-14 01:23:42.653 1132 1132 I SystemServerTiming: OnBootPhase_600_com.android.server.speech.SpeechRecognitionManagerService
10-14 01:23:42.653 1132 1132 D SystemServerTiming: OnBootPhase_600_com.android.server.speech.SpeechRecognitionManagerService took to complete: 0ms
10-14 01:23:42.653 1132 1132 I SystemServerTiming: OnBootPhase_600_com.android.server.searchui.SearchUiManagerService
10-14 01:23:42.653 1132 1132 D SystemServerTiming: OnBootPhase_600_com.android.server.searchui.SearchUiManagerService took to complete: 0ms
10-14 01:23:42.654 1132 1132 I SystemServerTiming: OnBootPhase_600_com.android.server.smartspace.SmartspaceManagerService
10-14 01:23:42.654 1132 1132 D SystemServerTiming: OnBootPhase_600_com.android.server.smartspace.SmartspaceManagerService took to complete: 1ms
10-14 01:23:42.654 1132 1132 I SystemServerTiming: OnBootPhase_600_com.android.server.graphics.fonts.FontManagerService$Lifecycle
10-14 01:23:42.654 1132 1132 D SystemServerTiming: OnBootPhase_600_com.android.server.graphics.fonts.FontManagerService$Lifecycle took to complete: 0ms
10-14 01:23:42.654 1132 1132 I SystemServerTiming: OnBootPhase_600_com.android.server.textservices.TextServicesManagerService$Lifecycle
10-14 01:23:42.654 1132 1132 D SystemServerTiming: OnBootPhase_600_com.android.server.textservices.TextServicesManagerService$Lifecycle took to complete: 0ms
10-14 01:23:42.654 1132 1132 I SystemServerTiming: OnBootPhase_600_com.android.server.textclassifier.TextClassificationManagerService$Lifecycle
10-14 01:23:42.654 1132 1132 D SystemServerTiming: OnBootPhase_600_com.android.server.textclassifier.TextClassificationManagerService$Lifecycle took to complete: 0ms
10-14 01:23:42.654 1132 1132 I SystemServerTiming: OnBootPhase_600_com.android.server.NetworkScoreService$Lifecycle
10-14 01:23:42.654 1132 1132 D SystemServerTiming: OnBootPhase_600_com.android.server.NetworkScoreService$Lifecycle took to complete: 0ms
10-14 01:23:42.654 1132 1132 I SystemServerTiming: OnBootPhase_600_com.android.server.wifi.WifiService
10-14 01:23:42.654 1132 1132 D SystemServerTiming: OnBootPhase_600_com.android.server.wifi.WifiService took to complete: 0ms
10-14 01:23:42.655 1132 1132 I SystemServerTiming: OnBootPhase_600_com.android.server.wifi.scanner.WifiScanningService
10-14 01:23:42.655 1132 1132 D SystemServerTiming: OnBootPhase_600_com.android.server.wifi.scanner.WifiScanningService took to complete: 0ms
10-14 01:23:42.655 1132 1132 I SystemServerTiming: OnBootPhase_600_com.android.server.wifi.rtt.RttService
10-14 01:23:42.655 1132 1132 D SystemServerTiming: OnBootPhase_600_com.android.server.wifi.rtt.RttService took to complete: 0ms
10-14 01:23:42.655 1132 1132 I SystemServerTiming: OnBootPhase_600_com.android.server.wifi.aware.WifiAwareService
10-14 01:23:42.655 1132 1132 D SystemServerTiming: OnBootPhase_600_com.android.server.wifi.aware.WifiAwareService took to complete: 0ms
10-14 01:23:42.655 1132 1132 I SystemServerTiming: OnBootPhase_600_com.android.server.wifi.p2p.WifiP2pService
10-14 01:23:42.655 1132 1132 D SystemServerTiming: OnBootPhase_600_com.android.server.wifi.p2p.WifiP2pService took to complete: 0ms
10-14 01:23:42.655 1132 1132 I SystemServerTiming: OnBootPhase_600_com.android.server.ethernet.EthernetService
10-14 01:23:42.655 1132 1132 D SystemServerTiming: OnBootPhase_600_com.android.server.ethernet.EthernetService took to complete: 0ms
10-14 01:23:42.655 1132 1132 I SystemServerTiming: OnBootPhase_600_com.android.server.ConnectivityServiceInitializer
10-14 01:23:42.655 1132 1132 D SystemServerTiming: OnBootPhase_600_com.android.server.ConnectivityServiceInitializer took to complete: 0ms
10-14 01:23:42.655 1132 1132 I SystemServerTiming: OnBootPhase_600_com.android.server.notification.NotificationManagerService
10-14 01:23:42.656 1132 1272 W ActivityManager: Slow operation: 191ms so far, now at startProcess: returned from zygote!
10-14 01:23:42.657 1132 1272 W ActivityManager: Slow operation: 191ms so far, now at startProcess: done updating battery stats
10-14 01:23:42.657 1132 1272 W ActivityManager: Slow operation: 192ms so far, now at startProcess: building log message
10-14 01:23:42.657 1132 1272 I ActivityManager: Start proc 1930:WebViewLoader-armeabi-v7a/1037 [android.webkit.WebViewLibraryLoader$RelroFileCreator] for null
10-14 01:23:42.657 1132 1272 W ActivityManager: Slow operation: 192ms so far, now at startProcess: starting to update pids map
10-14 01:23:42.657 1132 1658 E NativeTombstoneManager: Tombstone's UID (1047) not an app, ignoring
10-14 01:23:42.658 1132 1272 W ActivityManager: Slow operation: 193ms so far, now at startProcess: done updating pids map
10-14 01:23:42.658 1132 1658 I DropBoxManagerService: add tag=SYSTEM_TOMBSTONE_PROTO isTagEnabled=true flags=0x4
10-14 01:23:42.658 1132 1272 W ActivityManager: Slow operation: 191ms so far, now at startProcess: asking zygote to start proc
10-14 01:23:42.672 1132 1132 D SystemServerTiming: OnBootPhase_600_com.android.server.notification.NotificationManagerService took to complete: 17ms
10-14 01:23:42.672 1132 1132 I SystemServerTiming: OnBootPhase_600_com.android.server.storage.DeviceStorageMonitorService
10-14 01:23:42.672 1132 1132 D SystemServerTiming: OnBootPhase_600_com.android.server.storage.DeviceStorageMonitorService took to complete: 0ms
10-14 01:23:42.672 1132 1132 I SystemServerTiming: OnBootPhase_600_com.android.server.location.LocationManagerService$Lifecycle
10-14 01:23:42.693 1132 1658 E NativeTombstoneManager: Tombstone's UID (1047) not an app, ignoring
10-14 01:23:42.694 1132 1658 I DropBoxManagerService: add tag=SYSTEM_TOMBSTONE_PROTO isTagEnabled=true flags=0x4
10-14 01:23:42.730 1132 1132 W SystemServiceManager: Service com.android.server.location.LocationManagerService$Lifecycle took 58 ms in onBootPhase
10-14 01:23:42.730 1132 1132 D SystemServerTiming: OnBootPhase_600_com.android.server.location.LocationManagerService$Lifecycle took to complete: 58ms
10-14 01:23:42.730 1132 1132 I SystemServerTiming: OnBootPhase_600_com.android.server.timedetector.TimeDetectorService$Lifecycle
10-14 01:23:42.730 1132 1132 D SystemServerTiming: OnBootPhase_600_com.android.server.timedetector.TimeDetectorService$Lifecycle took to complete: 0ms
10-14 01:23:42.730 1132 1132 I SystemServerTiming: OnBootPhase_600_com.android.server.timezonedetector.TimeZoneDetectorService$Lifecycle
10-14 01:23:42.730 1132 1132 D SystemServerTiming: OnBootPhase_600_com.android.server.timezonedetector.TimeZoneDetectorService$Lifecycle took to complete: 0ms
10-14 01:23:42.730 1132 1132 I SystemServerTiming: OnBootPhase_600_com.android.server.timezonedetector.location.LocationTimeZoneManagerService$Lifecycle
10-14 01:23:42.730 1132 1132 D SystemServerTiming: OnBootPhase_600_com.android.server.timezonedetector.location.LocationTimeZoneManagerService$Lifecycle took to complete: 0ms
10-14 01:23:42.730 1132 1132 I SystemServerTiming: OnBootPhase_600_com.android.server.search.SearchManagerService$Lifecycle
10-14 01:23:42.730 1132 1132 D SystemServerTiming: OnBootPhase_600_com.android.server.search.SearchManagerService$Lifecycle took to complete: 0ms
10-14 01:23:42.730 1132 1132 I SystemServerTiming: OnBootPhase_600_com.android.server.wallpaper.WallpaperManagerService$Lifecycle
10-14 01:23:42.730 1132 1132 I WallpaperManagerService: switch-user-0
10-14 01:23:42.731 1132 1132 V WallpaperManagerService: bindWallpaperComponentLocked: componentName=ComponentInfo{com.android.systemui/com.android.systemui.ImageWallpaper}
10-14 01:23:42.732 1132 1132 D WallpaperManagerService: switch-user-0 took to complete: 2ms
10-14 01:23:42.732 1132 1132 D SystemServerTiming: OnBootPhase_600_com.android.server.wallpaper.WallpaperManagerService$Lifecycle took to complete: 2ms
10-14 01:23:42.732 1132 1132 I SystemServerTiming: OnBootPhase_600_com.android.server.audio.AudioService$Lifecycle
10-14 01:23:42.732 1132 1132 D SystemServerTiming: OnBootPhase_600_com.android.server.audio.AudioService$Lifecycle took to complete: 0ms
10-14 01:23:42.732 1132 1132 I SystemServerTiming: OnBootPhase_600_com.android.server.soundtrigger_middleware.SoundTriggerMiddlewareService$Lifecycle
10-14 01:23:42.732 1132 1132 D SystemServerTiming: OnBootPhase_600_com.android.server.soundtrigger_middleware.SoundTriggerMiddlewareService$Lifecycle took to complete: 0ms
10-14 01:23:42.732 1132 1132 I SystemServerTiming: OnBootPhase_600_com.android.server.DockObserver
10-14 01:23:42.732 1132 1132 D SystemServerTiming: OnBootPhase_600_com.android.server.DockObserver took to complete: 0ms
10-14 01:23:42.732 1132 1132 I SystemServerTiming: OnBootPhase_600_com.android.server.midi.MidiService$Lifecycle
10-14 01:23:42.732 1132 1132 D SystemServerTiming: OnBootPhase_600_com.android.server.midi.MidiService$Lifecycle took to complete: 0ms
10-14 01:23:42.732 1132 1132 I SystemServerTiming: OnBootPhase_600_com.android.server.adb.AdbService$Lifecycle
10-14 01:23:42.732 1132 1132 D SystemServerTiming: OnBootPhase_600_com.android.server.adb.AdbService$Lifecycle took to complete: 0ms
10-14 01:23:42.732 1132 1132 I SystemServerTiming: OnBootPhase_600_com.android.server.usb.UsbService$Lifecycle
10-14 01:23:42.732 1132 1132 D SystemServerTiming: OnBootPhase_600_com.android.server.usb.UsbService$Lifecycle took to complete: 0ms
10-14 01:23:42.732 1132 1132 I SystemServerTiming: OnBootPhase_600_com.android.server.twilight.TwilightService
10-14 01:23:42.732 1132 1132 D SystemServerTiming: OnBootPhase_600_com.android.server.twilight.TwilightService took to complete: 0ms
10-14 01:23:42.732 1132 1132 I SystemServerTiming: OnBootPhase_600_com.android.server.display.color.ColorDisplayService
10-14 01:23:42.732 1132 1132 D SystemServerTiming: OnBootPhase_600_com.android.server.display.color.ColorDisplayService took to complete: 0ms
10-14 01:23:42.732 1132 1132 I SystemServerTiming: OnBootPhase_600_com.android.server.job.JobSchedulerService
10-14 01:23:42.742 1132 1132 D SystemServerTiming: OnBootPhase_600_com.android.server.job.JobSchedulerService took to complete: 10ms
10-14 01:23:42.742 1132 1132 I SystemServerTiming: OnBootPhase_600_com.android.server.soundtrigger.SoundTriggerService
10-14 01:23:42.742 1132 1132 D SoundTriggerService: onBootPhase: 600 : false
10-14 01:23:42.742 1132 1132 D SystemServerTiming: OnBootPhase_600_com.android.server.soundtrigger.SoundTriggerService took to complete: 0ms
10-14 01:23:42.743 1132 1132 I SystemServerTiming: OnBootPhase_600_com.android.server.trust.TrustManagerService
10-14 01:23:42.743 1132 1132 D BiometricService: Sensor ID(0), oemStrength: 15, updatedStrength: 15, modality 2, state: 0, cookie: 0, props: ID: 0, Strength: 2, Type: 1, sensorId 0, hasEnrollments: false cannot participate in Keystore operations
10-14 01:23:42.750 1132 1132 D SystemServerTiming: OnBootPhase_600_com.android.server.trust.TrustManagerService took to complete: 8ms
10-14 01:23:42.750 1132 1132 I SystemServerTiming: OnBootPhase_600_com.android.server.backup.BackupManagerService$Lifecycle
10-14 01:23:42.750 1132 1132 D SystemServerTiming: OnBootPhase_600_com.android.server.backup.BackupManagerService$Lifecycle took to complete: 0ms
10-14 01:23:42.750 1132 1132 I SystemServerTiming: OnBootPhase_600_com.android.server.appwidget.AppWidgetService
10-14 01:23:42.750 1132 1132 D SystemServerTiming: OnBootPhase_600_com.android.server.appwidget.AppWidgetService took to complete: 0ms
10-14 01:23:42.750 1132 1132 I SystemServerTiming: OnBootPhase_600_com.android.server.voiceinteraction.VoiceInteractionManagerService
10-14 01:23:42.754 1132 1132 D SystemServerTiming: OnBootPhase_600_com.android.server.voiceinteraction.VoiceInteractionManagerService took to complete: 3ms
10-14 01:23:42.754 1132 1132 I SystemServerTiming: OnBootPhase_600_com.android.server.apphibernation.AppHibernationService
10-14 01:23:42.754 1132 1132 D SystemServerTiming: OnBootPhase_600_com.android.server.apphibernation.AppHibernationService took to complete: 0ms
10-14 01:23:42.754 1132 1132 I SystemServerTiming: OnBootPhase_600_com.android.server.GestureLauncherService
10-14 01:23:42.754 1132 1658 E NativeTombstoneManager: Tombstone's UID (1047) not an app, ignoring
10-14 01:23:42.755 1132 1658 I DropBoxManagerService: add tag=SYSTEM_TOMBSTONE_PROTO isTagEnabled=true flags=0x4
10-14 01:23:42.756 1132 1132 D SystemServerTiming: OnBootPhase_600_com.android.server.GestureLauncherService took to complete: 1ms
10-14 01:23:42.756 1132 1132 I SystemServerTiming: OnBootPhase_600_com.android.server.SensorNotificationService
10-14 01:23:42.757 1132 1213 D CompatibilityChangeReporter: Compat change id reported: 168936375; UID 1000; state: ENABLED
10-14 01:23:42.758 1132 1213 D CompatibilityChangeReporter: Compat change id reported: 168936375; UID 1000; state: DISABLED
10-14 01:23:42.761 1132 1132 D SystemServerTiming: OnBootPhase_600_com.android.server.SensorNotificationService took to complete: 4ms
10-14 01:23:42.761 1132 1132 I SystemServerTiming: OnBootPhase_600_com.android.server.emergency.EmergencyAffordanceService
10-14 01:23:42.761 1132 1132 D SystemServerTiming: OnBootPhase_600_com.android.server.emergency.EmergencyAffordanceService took to complete: 0ms
10-14 01:23:42.761 1132 1132 I SystemServerTiming: OnBootPhase_600_com.android.server.blob.BlobStoreManagerService
10-14 01:23:42.762 1132 1730 W StorageManagerService: No primary storage defined yet; hacking together a stub
10-14 01:23:42.765 1132 1132 D SystemServerTiming: OnBootPhase_600_com.android.server.blob.BlobStoreManagerService took to complete: 4ms
10-14 01:23:42.766 1132 1132 I SystemServerTiming: OnBootPhase_600_com.android.server.dreams.DreamManagerService
10-14 01:23:42.767 1132 1132 D SystemServerTiming: OnBootPhase_600_com.android.server.dreams.DreamManagerService took to complete: 1ms
10-14 01:23:42.767 1132 1132 I SystemServerTiming: OnBootPhase_600_com.android.server.companion.CompanionDeviceManagerService
10-14 01:23:42.767 1132 1132 D SystemServerTiming: OnBootPhase_600_com.android.server.companion.CompanionDeviceManagerService took to complete: 0ms
10-14 01:23:42.768 1132 1132 I SystemServerTiming: OnBootPhase_600_com.android.server.restrictions.RestrictionsManagerService
10-14 01:23:42.768 1132 1132 D SystemServerTiming: OnBootPhase_600_com.android.server.restrictions.RestrictionsManagerService took to complete: 0ms
10-14 01:23:42.768 1132 1132 I SystemServerTiming: OnBootPhase_600_com.android.server.media.MediaSessionService
10-14 01:23:42.768 1132 1132 D SystemServerTiming: OnBootPhase_600_com.android.server.media.MediaSessionService took to complete: 0ms
10-14 01:23:42.768 1132 1132 I SystemServerTiming: OnBootPhase_600_com.android.server.media.MediaResourceMonitorService
10-14 01:23:42.768 1132 1132 D SystemServerTiming: OnBootPhase_600_com.android.server.media.MediaResourceMonitorService took to complete: 0ms
10-14 01:23:42.768 1132 1132 I SystemServerTiming: OnBootPhase_600_com.android.server.biometrics.sensors.fingerprint.FingerprintService
10-14 01:23:42.768 1132 1132 D SystemServerTiming: OnBootPhase_600_com.android.server.biometrics.sensors.fingerprint.FingerprintService took to complete: 0ms
10-14 01:23:42.768 1132 1132 I SystemServerTiming: OnBootPhase_600_com.android.server.biometrics.BiometricService
10-14 01:23:42.768 1132 1132 D SystemServerTiming: OnBootPhase_600_com.android.server.biometrics.BiometricService took to complete: 0ms
10-14 01:23:42.768 1132 1132 I SystemServerTiming: OnBootPhase_600_com.android.server.biometrics.AuthService
10-14 01:23:42.768 1132 1132 D SystemServerTiming: OnBootPhase_600_com.android.server.biometrics.AuthService took to complete: 0ms
10-14 01:23:42.769 1132 1132 I SystemServerTiming: OnBootPhase_600_com.android.server.pm.ShortcutService$Lifecycle
10-14 01:23:42.769 1132 1132 D SystemServerTiming: OnBootPhase_600_com.android.server.pm.ShortcutService$Lifecycle took to complete: 0ms
10-14 01:23:42.769 1132 1132 I SystemServerTiming: OnBootPhase_600_com.android.server.pm.LauncherAppsService
10-14 01:23:42.769 1132 1132 D SystemServerTiming: OnBootPhase_600_com.android.server.pm.LauncherAppsService took to complete: 0ms
10-14 01:23:42.769 1132 1132 I SystemServerTiming: OnBootPhase_600_com.android.server.pm.CrossProfileAppsService
10-14 01:23:42.769 1132 1132 D SystemServerTiming: OnBootPhase_600_com.android.server.pm.CrossProfileAppsService took to complete: 0ms
10-14 01:23:42.769 1132 1132 I SystemServerTiming: OnBootPhase_600_com.android.server.people.PeopleService
10-14 01:23:42.769 1132 1132 D SystemServerTiming: OnBootPhase_600_com.android.server.people.PeopleService took to complete: 0ms
10-14 01:23:42.769 1132 1132 I SystemServerTiming: OnBootPhase_600_com.android.server.media.metrics.MediaMetricsManagerService
10-14 01:23:42.769 1132 1132 D SystemServerTiming: OnBootPhase_600_com.android.server.media.metrics.MediaMetricsManagerService took to complete: 0ms
10-14 01:23:42.769 1132 1132 I SystemServerTiming: OnBootPhase_600_com.android.server.media.projection.MediaProjectionManagerService
10-14 01:23:42.769 1132 1132 D SystemServerTiming: OnBootPhase_600_com.android.server.media.projection.MediaProjectionManagerService took to complete: 0ms
10-14 01:23:42.770 1132 1132 I SystemServerTiming: OnBootPhase_600_com.android.server.slice.SliceManagerService$Lifecycle
10-14 01:23:42.770 1132 1132 D SystemServerTiming: OnBootPhase_600_com.android.server.slice.SliceManagerService$Lifecycle took to complete: 0ms
10-14 01:23:42.770 1132 1132 I SystemServerTiming: OnBootPhase_600_com.android.server.stats.StatsCompanion$Lifecycle
10-14 01:23:42.787 1132 1658 E NativeTombstoneManager: Tombstone's UID (1047) not an app, ignoring
10-14 01:23:42.788 1132 1658 I DropBoxManagerService: add tag=SYSTEM_TOMBSTONE_PROTO isTagEnabled=true flags=0x4
01-01 08:00:52.925 0 0 I cnss-daemon: wlfw_qmi_ind_cb: Receive Ind : 0x2a
01-01 08:00:53.049 0 0 I binder : 1930:1930 ioctl 40046210 ffd52dd8 returned -22
10-14 01:23:42.802 1132 1132 D SystemServerTiming: OnBootPhase_600_com.android.server.stats.StatsCompanion$Lifecycle took to complete: 32ms
10-14 01:23:42.802 1132 1132 I SystemServerTiming: OnBootPhase_600_com.android.server.scheduling.RebootReadinessManagerService$Lifecycle
10-14 01:23:42.802 1132 1132 D SystemServerTiming: OnBootPhase_600_com.android.server.scheduling.RebootReadinessManagerService$Lifecycle took to complete: 0ms
10-14 01:23:42.802 1132 1132 I SystemServerTiming: OnBootPhase_600_com.android.server.stats.pull.StatsPullAtomService
10-14 01:23:42.802 1132 1132 D SystemServerTiming: OnBootPhase_600_com.android.server.stats.pull.StatsPullAtomService took to complete: 0ms
10-14 01:23:42.803 1132 1263 D StatsPullAtomService: Registering NetworkStats pullers with statsd
10-14 01:23:42.803 1132 1132 I SystemServerTiming: OnBootPhase_600_com.android.server.incident.IncidentCompanionService
10-14 01:23:42.803 1132 1132 D SystemServerTiming: OnBootPhase_600_com.android.server.incident.IncidentCompanionService took to complete: 0ms
10-14 01:23:42.803 1132 1132 I SystemServerTiming: OnBootPhase_600_com.android.server.MmsServiceBroker
10-14 01:23:42.803 1132 1132 D SystemServerTiming: OnBootPhase_600_com.android.server.MmsServiceBroker took to complete: 0ms
10-14 01:23:42.803 1132 1132 I SystemServerTiming: OnBootPhase_600_com.android.server.autofill.AutofillManagerService
10-14 01:23:42.804 1132 1132 D SystemServerTiming: OnBootPhase_600_com.android.server.autofill.AutofillManagerService took to complete: 1ms
10-14 01:23:42.804 1132 1132 I SystemServerTiming: OnBootPhase_600_com.android.server.clipboard.ClipboardService
10-14 01:23:42.804 1132 1132 D SystemServerTiming: OnBootPhase_600_com.android.server.clipboard.ClipboardService took to complete: 0ms
10-14 01:23:42.804 1132 1132 I SystemServerTiming: OnBootPhase_600_com.android.server.appbinding.AppBindingService$Lifecycle
10-14 01:23:42.804 1132 1132 D SystemServerTiming: OnBootPhase_600_com.android.server.appbinding.AppBindingService$Lifecycle took to complete: 0ms
10-14 01:23:42.804 1132 1132 I SystemServerTiming: OnBootPhase_600_com.android.server.tracing.TracingServiceProxy
10-14 01:23:42.804 1132 1132 D SystemServerTiming: OnBootPhase_600_com.android.server.tracing.TracingServiceProxy took to complete: 0ms
10-14 01:23:42.804 1132 1132 I SystemServerTiming: OnBootPhase_600_com.android.server.policy.PermissionPolicyService
10-14 01:23:42.804 1132 1132 D SystemServerTiming: OnBootPhase_600_com.android.server.policy.PermissionPolicyService took to complete: 0ms
10-14 01:23:42.804 1132 1132 I SystemServerTiming: OnBootPhase_600_com.android.server.pm.StagingManager$Lifecycle
10-14 01:23:42.804 1132 1132 D SystemServerTiming: OnBootPhase_600_com.android.server.pm.StagingManager$Lifecycle took to complete: 0ms
10-14 01:23:42.804 1132 1132 I SystemServerTiming: OnBootPhase_600_com.android.server.app.GameManagerService$Lifecycle
10-14 01:23:42.805 1132 1132 D SystemServerTiming: OnBootPhase_600_com.android.server.app.GameManagerService$Lifecycle took to complete: 0ms
10-14 01:23:42.805 1132 1132 I SystemServerTiming: OnBootPhase_600_com.android.server.appsearch.AppSearchManagerService
10-14 01:23:42.805 1132 1132 D SystemServerTiming: OnBootPhase_600_com.android.server.appsearch.AppSearchManagerService took to complete: 0ms
10-14 01:23:42.805 1132 1132 I SystemServerTiming: OnBootPhase_600_com.android.server.media.MediaCommunicationService
10-14 01:23:42.805 1132 1132 D SystemServerTiming: OnBootPhase_600_com.android.server.media.MediaCommunicationService took to complete: 0ms
10-14 01:23:42.805 1132 1132 D SystemServerTiming: OnBootPhase_600 took to complete: 173ms
10-14 01:23:42.805 1132 1132 D SystemServerTiming: PhaseThirdPartyAppsCanStart took to complete: 173ms
10-14 01:23:42.805 1132 1132 I SystemServerTiming: StartNetworkStack
10-14 01:23:42.805 1132 1132 D ConnectivityModuleConnector: Starting networking module android.net.INetworkStackConnector
10-14 01:23:42.805 1132 1132 D ConnectivityModuleConnector: Starting networking module in network_stack process
10-14 01:23:42.808 1132 1132 D CompatibilityChangeReporter: Compat change id reported: 135634846; UID 1073; state: DISABLED
10-14 01:23:42.808 1132 1132 D CompatibilityChangeReporter: Compat change id reported: 177438394; UID 1073; state: DISABLED
10-14 01:23:42.808 1132 1132 D CompatibilityChangeReporter: Compat change id reported: 135772972; UID 1073; state: DISABLED
10-14 01:23:42.808 1132 1132 D CompatibilityChangeReporter: Compat change id reported: 135754954; UID 1073; state: ENABLED
10-14 01:23:42.809 1132 1132 D ConnectivityModuleConnector: Networking module service start requested
10-14 01:23:42.809 1132 1132 D SystemServerTiming: StartNetworkStack took to complete: 4ms
10-14 01:23:42.809 1132 1132 I SystemServerTiming: StartTethering
10-14 01:23:42.809 1132 1132 D ConnectivityModuleConnector: Starting networking module android.net.ITetheringConnector
10-14 01:23:42.809 1132 1132 D ConnectivityModuleConnector: Starting networking module in network_stack process
10-14 01:23:42.811 1132 1132 D ConnectivityModuleConnector: Networking module service start requested
10-14 01:23:42.811 1132 1132 D SystemServerTiming: StartTethering took to complete: 2ms
10-14 01:23:42.811 1132 1132 I SystemServerTiming: MakeCountryDetectionServiceReady
10-14 01:23:42.811 1132 1132 D SystemServerTiming: MakeCountryDetectionServiceReady took to complete: 0ms
10-14 01:23:42.811 1132 1132 I SystemServerTiming: MakeNetworkTimeUpdateReady
10-14 01:23:42.812 1132 1272 W ActivityManager: Slow operation: 345ms so far, now at startProcess: returned from zygote!
10-14 01:23:42.813 1132 1272 W ActivityManager: Slow operation: 345ms so far, now at startProcess: done updating battery stats
10-14 01:23:42.813 1132 1272 W ActivityManager: Slow operation: 346ms so far, now at startProcess: building log message
10-14 01:23:42.813 1132 1272 I ActivityManager: Start proc 1950:WebViewLoader-arm64-v8a/1037 [android.webkit.WebViewLibraryLoader$RelroFileCreator] for null
10-14 01:23:42.813 1132 1272 W ActivityManager: Slow operation: 346ms so far, now at startProcess: starting to update pids map
10-14 01:23:42.813 1132 1272 W ActivityManager: Slow operation: 346ms so far, now at startProcess: done updating pids map
10-14 01:23:42.835 1132 1132 D SystemServerTiming: MakeNetworkTimeUpdateReady took to complete: 24ms
10-14 01:23:42.835 1132 1132 I SystemServerTiming: MakeInputManagerServiceReady
10-14 01:23:42.835 1132 1658 E NativeTombstoneManager: Tombstone's UID (1047) not an app, ignoring
10-14 01:23:42.837 1132 1132 I ActivityTaskManager: Config changes=4000 {1.0 ?mcc?mnc [zh_CN] ldltr sw680dp w1586dp h608dp 240dpi lrg long hdr land finger -keyb/v/h -nav/h winConfig={ mBounds=Rect(0, 0 - 2380, 1020) mAppBounds=Rect(0, 0 - 2380, 948) mMaxBounds=Rect(0, 0 - 2380, 1020) mWindowingMode=fullscreen mDisplayWindowingMode=fullscreen mActivityType=undefined mAlwaysOnTop=undefined mRotation=ROTATION_0} s.10 fontWeightAdjustment=0}
10-14 01:23:42.837 1132 1658 I DropBoxManagerService: add tag=SYSTEM_TOMBSTONE_PROTO isTagEnabled=true flags=0x4
10-14 01:23:42.838 1132 1132 I WindowManager: Override config changes=4000 {1.0 ?mcc?mnc [zh_CN] ldltr sw680dp w1586dp h608dp 240dpi lrg long hdr land finger -keyb/v/h -nav/h winConfig={ mBounds=Rect(0, 0 - 2380, 1020) mAppBounds=Rect(0, 0 - 2380, 948) mMaxBounds=Rect(0, 0 - 2380, 1020) mWindowingMode=fullscreen mDisplayWindowingMode=fullscreen mActivityType=undefined mAlwaysOnTop=undefined mRotation=ROTATION_0} s.10 fontWeightAdjustment=0} for displayId=0
10-14 01:23:42.849 1132 1928 W PackageManager: Loading a package that does not exist for the calling user. package=null, user=0
10-14 01:23:42.866 1132 1272 W ActivityManager: Slow operation: 59ms so far, now at startProcess: returned from zygote!
10-14 01:23:42.866 1132 1272 W ActivityManager: Slow operation: 59ms so far, now at startProcess: done updating battery stats
10-14 01:23:42.867 1132 1272 W ActivityManager: Slow operation: 59ms so far, now at startProcess: building log message
10-14 01:23:42.867 1132 1272 I ActivityManager: Start proc 1953:com.android.networkstack.process/1073 for service {com.android.networkstack/com.android.server.NetworkStackService}
10-14 01:23:42.867 1132 1272 W ActivityManager: Slow operation: 60ms so far, now at startProcess: starting to update pids map
10-14 01:23:42.868 1132 1272 W ActivityManager: Slow operation: 61ms so far, now at startProcess: done updating pids map
10-14 01:23:42.872 1132 1132 D SystemServerTiming: MakeInputManagerServiceReady took to complete: 37ms
10-14 01:23:42.872 1132 1132 I SystemServerTiming: MakeTelephonyRegistryReady
10-14 01:23:42.872 1132 1132 D SystemServerTiming: MakeTelephonyRegistryReady took to complete: 0ms
10-14 01:23:42.872 1132 1132 I SystemServerTiming: MakeMediaRouterServiceReady
10-14 01:23:42.873 1132 1132 D SystemServerTiming: MakeMediaRouterServiceReady took to complete: 0ms
10-14 01:23:42.873 1132 1132 I SystemServerTiming: MakeMmsServiceReady
10-14 01:23:42.873 1132 1132 I MmsServiceBroker: Delay connecting to MmsService until an API is called
10-14 01:23:42.873 1132 1132 D SystemServerTiming: MakeMmsServiceReady took to complete: 0ms
10-14 01:23:42.873 1132 1132 I SystemServerTiming: IncidentDaemonReady
10-14 01:23:42.876 1132 1132 D SystemServerTiming: IncidentDaemonReady took to complete: 2ms
10-14 01:23:42.876 1132 1132 I SystemServerTiming: MakeIncrementalServiceReady
10-14 01:23:42.876 1132 1132 D SystemServerTiming: MakeIncrementalServiceReady took to complete: 0ms
10-14 01:23:42.876 1132 1132 I SystemServerTiming: getCurrentUser
10-14 01:23:42.876 1132 1132 I ActivityManager: Current user:0
10-14 01:23:42.876 1132 1132 D SystemServerTiming: getCurrentUser took to complete: 0ms
10-14 01:23:42.876 1132 1132 I SystemServerTiming: ActivityManagerStartApps
10-14 01:23:42.876 1132 1132 I SystemServerTiming: ssm.StartUser-0
10-14 01:23:42.876 1132 1132 I SystemServiceManager: Calling onStartUser 0
10-14 01:23:42.876 1132 1132 I SystemServerTiming: ssm.onStartUser-0_com.android.server.security.FileIntegrityService
10-14 01:23:42.876 1132 1132 D SystemServerTiming: ssm.onStartUser-0_com.android.server.security.FileIntegrityService took to complete: 0ms
10-14 01:23:42.876 1132 1132 I SystemServerTiming: ssm.onStartUser-0_com.android.server.pm.Installer
10-14 01:23:42.876 1132 1132 D SystemServerTiming: ssm.onStartUser-0_com.android.server.pm.Installer took to complete: 0ms
10-14 01:23:42.876 1132 1132 I SystemServerTiming: ssm.onStartUser-0_com.android.server.os.DeviceIdentifiersPolicyService
10-14 01:23:42.876 1132 1132 D SystemServerTiming: ssm.onStartUser-0_com.android.server.os.DeviceIdentifiersPolicyService took to complete: 0ms
10-14 01:23:42.876 1132 1132 I SystemServerTiming: ssm.onStartUser-0_com.android.server.uri.UriGrantsManagerService$Lifecycle
10-14 01:23:42.876 1132 1132 D SystemServerTiming: ssm.onStartUser-0_com.android.server.uri.UriGrantsManagerService$Lifecycle took to complete: 0ms
10-14 01:23:42.876 1132 1132 I SystemServerTiming: ssm.onStartUser-0_com.android.server.powerstats.PowerStatsService
10-14 01:23:42.876 1132 1132 D SystemServerTiming: ssm.onStartUser-0_com.android.server.powerstats.PowerStatsService took to complete: 0ms
10-14 01:23:42.876 1132 1132 I SystemServerTiming: ssm.onStartUser-0_com.android.server.wm.ActivityTaskManagerService$Lifecycle
10-14 01:23:42.877 1132 1132 D SystemServerTiming: ssm.onStartUser-0_com.android.server.wm.ActivityTaskManagerService$Lifecycle took to complete: 0ms
10-14 01:23:42.877 1132 1132 I SystemServerTiming: ssm.onStartUser-0_com.android.server.am.ActivityManagerService$Lifecycle
10-14 01:23:42.877 1132 1132 D SystemServerTiming: ssm.onStartUser-0_com.android.server.am.ActivityManagerService$Lifecycle took to complete: 0ms
10-14 01:23:42.877 1132 1132 I SystemServerTiming: ssm.onStartUser-0_com.android.server.pm.DataLoaderManagerService
10-14 01:23:42.877 1132 1132 D SystemServerTiming: ssm.onStartUser-0_com.android.server.pm.DataLoaderManagerService took to complete: 0ms
10-14 01:23:42.877 1132 1132 I SystemServerTiming: ssm.onStartUser-0_com.android.server.power.PowerManagerService
10-14 01:23:42.877 1132 1132 D SystemServerTiming: ssm.onStartUser-0_com.android.server.power.PowerManagerService took to complete: 0ms
10-14 01:23:42.877 1132 1132 I SystemServerTiming: ssm.onStartUser-0_com.android.server.power.ThermalManagerService
10-14 01:23:42.877 1132 1132 D SystemServerTiming: ssm.onStartUser-0_com.android.server.power.ThermalManagerService took to complete: 0ms
10-14 01:23:42.877 1132 1132 I SystemServerTiming: ssm.onStartUser-0_com.android.server.power.hint.HintManagerService
10-14 01:23:42.877 1132 1132 D SystemServerTiming: ssm.onStartUser-0_com.android.server.power.hint.HintManagerService took to complete: 0ms
10-14 01:23:42.877 1132 1132 I SystemServerTiming: ssm.onStartUser-0_com.android.server.recoverysystem.RecoverySystemService$Lifecycle
10-14 01:23:42.877 1132 1132 D SystemServerTiming: ssm.onStartUser-0_com.android.server.recoverysystem.RecoverySystemService$Lifecycle took to complete: 0ms
10-14 01:23:42.877 1132 1132 I SystemServerTiming: ssm.onStartUser-0_com.android.server.lights.LightsService
10-14 01:23:42.877 1132 1132 D SystemServerTiming: ssm.onStartUser-0_com.android.server.lights.LightsService took to complete: 0ms
10-14 01:23:42.877 1132 1132 I SystemServerTiming: ssm.onStartUser-0_com.android.server.display.DisplayManagerService
10-14 01:23:42.877 1132 1132 D SystemServerTiming: ssm.onStartUser-0_com.android.server.display.DisplayManagerService took to complete: 0ms
10-14 01:23:42.877 1132 1132 I SystemServerTiming: ssm.onStartUser-0_com.android.server.pm.verify.domain.DomainVerificationService
10-14 01:23:42.877 1132 1132 D SystemServerTiming: ssm.onStartUser-0_com.android.server.pm.verify.domain.DomainVerificationService took to complete: 0ms
10-14 01:23:42.877 1132 1132 I SystemServerTiming: ssm.onStartUser-0_com.android.server.pm.PackageInstallerService$Lifecycle
10-14 01:23:42.877 1132 1132 D SystemServerTiming: ssm.onStartUser-0_com.android.server.pm.PackageInstallerService$Lifecycle took to complete: 0ms
10-14 01:23:42.877 1132 1132 I SystemServerTiming: ssm.onStartUser-0_com.android.server.pm.UserManagerService$LifeCycle
10-14 01:23:42.877 1132 1132 D SystemServerTiming: ssm.onStartUser-0_com.android.server.pm.UserManagerService$LifeCycle took to complete: 0ms
10-14 01:23:42.877 1132 1132 I SystemServerTiming: ssm.onStartUser-0_com.android.server.om.OverlayManagerService
10-14 01:23:42.878 1132 1132 D SystemServerTiming: ssm.onStartUser-0_com.android.server.om.OverlayManagerService took to complete: 0ms
10-14 01:23:42.878 1132 1132 I SystemServerTiming: ssm.onStartUser-0_com.android.server.SensorPrivacyService
10-14 01:23:42.878 1132 1132 D SystemServerTiming: ssm.onStartUser-0_com.android.server.SensorPrivacyService took to complete: 1ms
10-14 01:23:42.878 1132 1132 I SystemServerTiming: ssm.onStartUser-0_com.android.server.sensors.SensorService
10-14 01:23:42.878 1132 1132 D SystemServerTiming: ssm.onStartUser-0_com.android.server.sensors.SensorService took to complete: 0ms
10-14 01:23:42.878 1132 1132 I SystemServerTiming: ssm.onStartUser-0_com.android.server.SystemConfigService
10-14 01:23:42.878 1132 1132 D SystemServerTiming: ssm.onStartUser-0_com.android.server.SystemConfigService took to complete: 0ms
10-14 01:23:42.878 1132 1132 I SystemServerTiming: ssm.onStartUser-0_com.android.server.BatteryService
10-14 01:23:42.878 1132 1132 D SystemServerTiming: ssm.onStartUser-0_com.android.server.BatteryService took to complete: 0ms
10-14 01:23:42.878 1132 1132 I SystemServerTiming: ssm.onStartUser-0_com.android.server.usage.UsageStatsService
10-14 01:23:42.878 1132 1132 D SystemServerTiming: ssm.onStartUser-0_com.android.server.usage.UsageStatsService took to complete: 0ms
10-14 01:23:42.878 1132 1132 I SystemServerTiming: ssm.onStartUser-0_com.android.server.webkit.WebViewUpdateService
10-14 01:23:42.878 1132 1132 D SystemServerTiming: ssm.onStartUser-0_com.android.server.webkit.WebViewUpdateService took to complete: 0ms
10-14 01:23:42.878 1132 1132 I SystemServerTiming: ssm.onStartUser-0_com.android.server.CachedDeviceStateService
10-14 01:23:42.878 1132 1132 D SystemServerTiming: ssm.onStartUser-0_com.android.server.CachedDeviceStateService took to complete: 0ms
10-14 01:23:42.878 1132 1132 I SystemServerTiming: ssm.onStartUser-0_com.android.server.BinderCallsStatsService$LifeCycle
10-14 01:23:42.879 1132 1132 D SystemServerTiming: ssm.onStartUser-0_com.android.server.BinderCallsStatsService$LifeCycle took to complete: 0ms
10-14 01:23:42.879 1132 1132 I SystemServerTiming: ssm.onStartUser-0_com.android.server.LooperStatsService$Lifecycle
10-14 01:23:42.879 1132 1132 D SystemServerTiming: ssm.onStartUser-0_com.android.server.LooperStatsService$Lifecycle took to complete: 0ms
10-14 01:23:42.879 1132 1132 I SystemServerTiming: ssm.onStartUser-0_com.android.server.rollback.RollbackManagerService
10-14 01:23:42.879 1132 1132 D SystemServerTiming: ssm.onStartUser-0_com.android.server.rollback.RollbackManagerService took to complete: 0ms
10-14 01:23:42.879 1132 1132 I SystemServerTiming: ssm.onStartUser-0_com.android.server.os.NativeTombstoneManagerService
10-14 01:23:42.879 1132 1132 D SystemServerTiming: ssm.onStartUser-0_com.android.server.os.NativeTombstoneManagerService took to complete: 0ms
10-14 01:23:42.879 1132 1132 I SystemServerTiming: ssm.onStartUser-0_com.android.server.os.BugreportManagerService
10-14 01:23:42.879 1132 1132 D SystemServerTiming: ssm.onStartUser-0_com.android.server.os.BugreportManagerService took to complete: 0ms
10-14 01:23:42.879 1132 1132 I SystemServerTiming: ssm.onStartUser-0_com.android.server.gpu.GpuService
10-14 01:23:42.879 1132 1132 D SystemServerTiming: ssm.onStartUser-0_com.android.server.gpu.GpuService took to complete: 0ms
10-14 01:23:42.879 1132 1132 I SystemServerTiming: ssm.onStartUser-0_com.android.server.security.KeyChainSystemService
10-14 01:23:42.879 1132 1132 D SystemServerTiming: ssm.onStartUser-0_com.android.server.security.KeyChainSystemService took to complete: 0ms
10-14 01:23:42.879 1132 1132 I SystemServerTiming: ssm.onStartUser-0_com.android.server.telecom.TelecomLoaderService
10-14 01:23:42.879 1132 1132 D SystemServerTiming: ssm.onStartUser-0_com.android.server.telecom.TelecomLoaderService took to complete: 0ms
10-14 01:23:42.879 1132 1132 I SystemServerTiming: ssm.onStartUser-0_com.android.server.accounts.AccountManagerService$Lifecycle
10-14 01:23:42.879 1132 1132 D SystemServerTiming: ssm.onStartUser-0_com.android.server.accounts.AccountManagerService$Lifecycle took to complete: 0ms
10-14 01:23:42.879 1132 1132 I SystemServerTiming: ssm.onStartUser-0_com.android.server.content.ContentService$Lifecycle
10-14 01:23:42.879 1132 1132 D SystemServerTiming: ssm.onStartUser-0_com.android.server.content.ContentService$Lifecycle took to complete: 0ms
10-14 01:23:42.879 1132 1132 I SystemServerTiming: ssm.onStartUser-0_com.android.server.DropBoxManagerService
10-14 01:23:42.879 1132 1132 D SystemServerTiming: ssm.onStartUser-0_com.android.server.DropBoxManagerService took to complete: 0ms
10-14 01:23:42.880 1132 1132 I SystemServerTiming: ssm.onStartUser-0_com.android.role.RoleService
10-14 01:23:42.891 1132 1132 D SystemServerTiming: ssm.onStartUser-0_com.android.role.RoleService took to complete: 12ms
10-14 01:23:42.892 1132 1132 I SystemServerTiming: ssm.onStartUser-0_com.android.server.vibrator.VibratorManagerService$Lifecycle
10-14 01:23:42.892 1132 1132 D SystemServerTiming: ssm.onStartUser-0_com.android.server.vibrator.VibratorManagerService$Lifecycle took to complete: 0ms
10-14 01:23:42.892 1132 1132 I SystemServerTiming: ssm.onStartUser-0_com.android.server.alarm.AlarmManagerService
10-14 01:23:42.892 1132 1132 D SystemServerTiming: ssm.onStartUser-0_com.android.server.alarm.AlarmManagerService took to complete: 0ms
10-14 01:23:42.892 1132 1132 I SystemServerTiming: ssm.onStartUser-0_com.android.server.devicestate.DeviceStateManagerService
10-14 01:23:42.892 1132 1132 D SystemServerTiming: ssm.onStartUser-0_com.android.server.devicestate.DeviceStateManagerService took to complete: 0ms
10-14 01:23:42.892 1132 1132 I SystemServerTiming: ssm.onStartUser-0_com.android.server.camera.CameraServiceProxy
10-14 01:23:42.892 1132 1658 E NativeTombstoneManager: Tombstone's UID (1047) not an app, ignoring
10-14 01:23:42.899 1132 1132 D SystemServerTiming: ssm.onStartUser-0_com.android.server.camera.CameraServiceProxy took to complete: 7ms
10-14 01:23:42.899 1132 1132 I SystemServerTiming: ssm.onStartUser-0_com.android.server.BluetoothService
10-14 01:23:42.899 1132 1132 D SystemServerTiming: ssm.onStartUser-0_com.android.server.BluetoothService took to complete: 0ms
10-14 01:23:42.899 1132 1132 I SystemServerTiming: ssm.onStartUser-0_com.android.server.connectivity.IpConnectivityMetrics
10-14 01:23:42.899 1132 1132 D SystemServerTiming: ssm.onStartUser-0_com.android.server.connectivity.IpConnectivityMetrics took to complete: 0ms
10-14 01:23:42.900 1132 1132 I SystemServerTiming: ssm.onStartUser-0_com.android.server.net.watchlist.NetworkWatchlistService$Lifecycle
10-14 01:23:42.900 1132 1132 D SystemServerTiming: ssm.onStartUser-0_com.android.server.net.watchlist.NetworkWatchlistService$Lifecycle took to complete: 0ms
10-14 01:23:42.900 1132 1132 I SystemServerTiming: ssm.onStartUser-0_com.android.server.PinnerService
10-14 01:23:42.900 1132 1132 D SystemServerTiming: ssm.onStartUser-0_com.android.server.PinnerService took to complete: 0ms
10-14 01:23:42.900 1132 1132 I SystemServerTiming: ssm.onStartUser-0_com.google.android.startop.iorap.IorapForwardingService
10-14 01:23:42.900 1132 1132 D SystemServerTiming: ssm.onStartUser-0_com.google.android.startop.iorap.IorapForwardingService took to complete: 0ms
10-14 01:23:42.900 1132 1132 I SystemServerTiming: ssm.onStartUser-0_com.android.server.ActivityTriggerService
10-14 01:23:42.900 1132 1132 D SystemServerTiming: ssm.onStartUser-0_com.android.server.ActivityTriggerService took to complete: 0ms
10-14 01:23:42.900 1132 1132 I SystemServerTiming: ssm.onStartUser-0_com.android.server.integrity.AppIntegrityManagerService
10-14 01:23:42.900 1132 1132 D SystemServerTiming: ssm.onStartUser-0_com.android.server.integrity.AppIntegrityManagerService took to complete: 0ms
10-14 01:23:42.900 1132 1132 I SystemServerTiming: ssm.onStartUser-0_com.android.server.inputmethod.InputMethodManagerService$Lifecycle
10-14 01:23:42.900 1132 1132 D SystemServerTiming: ssm.onStartUser-0_com.android.server.inputmethod.InputMethodManagerService$Lifecycle took to complete: 0ms
10-14 01:23:42.900 1132 1132 I SystemServerTiming: ssm.onStartUser-0_com.android.server.accessibility.AccessibilityManagerService$Lifecycle
10-14 01:23:42.900 1132 1132 D SystemServerTiming: ssm.onStartUser-0_com.android.server.accessibility.AccessibilityManagerService$Lifecycle took to complete: 0ms
10-14 01:23:42.901 1132 1132 I SystemServerTiming: ssm.onStartUser-0_com.android.server.StorageManagerService$Lifecycle
10-14 01:23:42.906 1132 1132 V StorageManagerService: Package com.sohu.inputmethod.sogou.car has legacy storage
10-14 01:23:42.906 1132 1132 V StorageManagerService: Package android.frameworkres.overlay does not have legacy storage
10-14 01:23:42.906 1132 1132 V StorageManagerService: Package com.android.cts.priv.ctsshim does not have legacy storage
10-14 01:23:42.906 1132 1132 V StorageManagerService: Package com.thundercomm.microservice does not have legacy storage
10-14 01:23:42.906 1132 1132 V StorageManagerService: Package com.android.dynsystem does not have legacy storage
10-14 01:23:42.906 1132 1132 V StorageManagerService: Package com.android.providers.calendar does not have legacy storage
10-14 01:23:42.906 1132 1132 V StorageManagerService: Package com.android.providers.media does not have legacy storage
10-14 01:23:42.906 1132 1132 V StorageManagerService: Package com.android.internal.systemui.navbar.gestural_wide_back does not have legacy storage
10-14 01:23:42.906 1132 1132 V StorageManagerService: Package com.android.wallpapercropper does not have legacy storage
10-14 01:23:42.906 1132 1132 V StorageManagerService: Package com.thundercomm.microsettings does not have legacy storage
10-14 01:23:42.906 1132 1132 V StorageManagerService: Package com.thundercomm.tcsetupWizard does not have legacy storage
10-14 01:23:42.906 1132 1132 V StorageManagerService: Package com.qualcomm.qti.gpudrivers.kona.api30 does not have legacy storage
10-14 01:23:42.906 1132 1132 V StorageManagerService: Package com.android.documentsui does not have legacy storage
10-14 01:23:42.907 1132 1132 V StorageManagerService: Package com.android.externalstorage does not have legacy storage
10-14 01:23:42.907 1132 1132 V StorageManagerService: Package com.qualcomm.uimremoteclient does not have legacy storage
10-14 01:23:42.907 1132 1132 V StorageManagerService: Package com.android.htmlviewer does not have legacy storage
10-14 01:23:42.907 1132 1132 V StorageManagerService: Package com.qualcomm.qti.uceShimService does not have legacy storage
10-14 01:23:42.907 1132 1132 V StorageManagerService: Package com.android.companiondevicemanager does not have legacy storage
10-14 01:23:42.907 1132 1132 V StorageManagerService: Package com.android.quicksearchbox does not have legacy storage
10-14 01:23:42.907 1132 1132 V StorageManagerService: Package com.qualcomm.qti.qms.service.connectionsecurity does not have legacy storage
10-14 01:23:42.907 1132 1132 V StorageManagerService: Package com.android.providers.downloads does not have legacy storage
10-14 01:23:42.908 1132 1132 V StorageManagerService: Package com.android.internal.systemui.onehanded.gestural does not have legacy storage
