10-14 01:24:57.930 1887 2633 D Avrcp_ext: AudioManager Player: AudioPlaybackConfiguration piid:295 deviceId:0 type:android.media.SoundPool u/pid:10087/1890 state:idle attr:AudioAttributes: usage=USAGE_ASSISTANCE_SONIFICATION content=CONTENT_TYPE_SONIFICATION flags=0x800 tags= bundle=null sessionId:0
10-14 01:24:57.930 1887 2633 D Avrcp_ext: AudioManager Player: AudioPlaybackConfiguration piid:287 deviceId:0 type:android.media.SoundPool u/pid:1000/1132 state:idle attr:AudioAttributes: usage=USAGE_ASSISTANCE_SONIFICATION content=CONTENT_TYPE_SONIFICATION flags=0x800 tags= bundle=null sessionId:0
10-14 01:24:57.930 1887 2633 D Avrcp_ext: AudioManager Player: AudioPlaybackConfiguration piid:367 deviceId:42 type:android.media.MediaPlayer u/pid:10087/1890 state:started attr:AudioAttributes: usage=USAGE_NOTIFICATION content=CONTENT_TYPE_SONIFICATION flags=0x800 tags= bundle=null sessionId:0
10-14 01:24:57.930 1887 2575 D bt_btif : bta_av_ssm_execute(): AV Sevent(0x41)=0x120b(AP_START) state=3(OPEN)
10-14 01:24:57.930 1887 2575 W bt_btm : BTM: Local device role : 0x00
10-14 01:24:57.930 1887 2575 W bt_btm : BTM: RemBdAddr: 5c:fb:7c:39:04:0d
10-14 01:24:57.930 1887 2575 W bt_btif : bta_dm_rm_cback:2, status:7
10-14 01:24:57.931 1887 2633 D Avrcp_ext: AudioManager Player in started state: com.android.systemui
10-14 01:24:57.931 1887 2633 D Avrcp_ext: AudioManager Active Player: com.android.systemui
10-14 01:24:57.931 1887 2633 D Avrcp_ext: AudioManager isPlaying: true, mAudioPlaybackIsActive = true
10-14 01:24:57.931 825 825 D vendor.qti.bluetooth@1.0-ibs_handler: SerialClockVote: vote for UART CLK ON
10-14 01:24:57.933 825 825 D vendor.qti.bluetooth@1.0-wake_lock: Acquire wakelock is acquired
10-14 01:24:57.933 825 825 I vendor.qti.bluetooth@1.0-ibs_handler: DeviceWakeUp: Writing IBS_WAKE_IND
10-14 01:24:57.934 825 2569 I vendor.qti.bluetooth@1.0-ibs_handler: ProcessIbsCmd: Received IBS_WAKE_ACK: 0xFC
10-14 01:24:57.934 825 2569 I vendor.qti.bluetooth@1.0-ibs_handler: ProcessIbsCmd: Signal wack_cond_
10-14 01:24:57.934 1132 1658 E NativeTombstoneManager: Tombstone's UID (1047) not an app, ignoring
10-14 01:24:57.934 825 825 D vendor.qti.bluetooth@1.0-ibs_handler: DeviceWakeUp: Unblocked from waiting for FC, pthread_cond_timedwait ret = 0
10-14 01:24:57.934 1132 1658 I DropBoxManagerService: add tag=SYSTEM_TOMBSTONE_PROTO isTagEnabled=true flags=0x4
10-14 01:24:57.935 825 2569 I vendor.qti.bluetooth@1.0-ibs_handler: ProcessIbsCmd: Received IBS_WAKE_IND: 0xFD
10-14 01:24:57.935 825 2569 I vendor.qti.bluetooth@1.0-ibs_handler: ProcessIbsCmd: Writing IBS_WAKE_ACK
01-01 08:02:08.182 0 0 I libprocessgroup: Successfully killed process cgroup uid 1047 pid 4241 in 11ms
01-01 08:02:08.187 0 0 I init : Untracked pid 4247 exited with status 0
10-14 01:24:58.019 825 2569 I vendor.qti.bluetooth@1.0-ibs_handler: ProcessIbsCmd: Received IBS_SLEEP_IND: 0xFE
10-14 01:24:58.105 825 2569 I vendor.qti.bluetooth@1.0-ibs_handler: ProcessIbsCmd: Received IBS_WAKE_IND: 0xFD
10-14 01:24:58.105 825 2569 I vendor.qti.bluetooth@1.0-ibs_handler: ProcessIbsCmd: Writing IBS_WAKE_ACK
10-14 01:24:58.107 1887 2575 E bt_avp : avdt_ad_tc_data_ind: type: x0, tcid: 0, ccb_idx: 0
10-14 01:24:58.107 1887 2575 D bt_btif : bta_av_ssm_execute(): AV Sevent(0x41)=0x121c(STR_START_OK) state=3(OPEN)
10-14 01:24:58.107 1887 2575 D a2dp_codec: A2DP_GetCodecType:
10-14 01:24:58.107 1887 2575 E bt_btif : bta_av_co_get_active_peer: active peer index: 0
10-14 01:24:58.107 1887 2575 W bt_btif : bta_av_start_ok: Resetting/Removing packet type limit for non-aptX codec stream
10-14 01:24:58.107 1887 2575 W bt_btm : BTM: Local device role : 0x00
10-14 01:24:58.107 1887 2575 W bt_btm : BTM: RemBdAddr: 5c:fb:7c:39:04:0d
10-14 01:24:58.107 1887 2575 I bt_bta_av: bta_av_link_role_ok hndl:x41 role:0 conn_audio:x1 bits:1 features:x8e5b
10-14 01:24:58.107 1887 2575 W bt_btif : bta_dm_rm_cback:2, status:0
10-14 01:24:58.107 1887 2575 W bt_l2cap: L2CA_SetDesireRole() new:x0, disallow_switch:0
10-14 01:24:58.108 1887 2575 V bt_stack: [VERBOSE1:btm_acl.cc(654)] BTM_SwitchRole BDA: 5c:fb:7c:39:04:0d
10-14 01:24:58.108 1887 2575 W bt_btif : bta_dm_rm_cback:2, status:7
10-14 01:24:58.108 1887 2575 I btif_av : isBATEnabled: 0
10-14 01:24:58.108 1887 2575 E bt_btif : bta_av_co_get_active_peer: active peer index: 0
10-14 01:24:58.108 1887 2575 E bt_btif : bta_av_co_get_active_peer: active peer index: 0
10-14 01:24:58.108 1887 2575 W bt_btm : BTM: Local device role : 0x00
10-14 01:24:58.108 1887 2575 W bt_btm : BTM: RemBdAddr: 5c:fb:7c:39:04:0d
10-14 01:24:58.108 1887 2073 D bt_btif : btif_av_state_opened_handler: event: BTA_AV_START_EVT, flags: 4, peer_sep: 1, index: 0 reconfig_event: 0, codec_cfg_change: 0, reconfig_pending: 0, reconfig_a2dp: 0, is_retry_reconfig: 0
10-14 01:24:58.108 1887 2073 D bt_btif : btif_av_state_opened_handler: event: BTIF_SM_EXIT_EVT, flags: 4, peer_sep: 1, index: 0 reconfig_event: 0, codec_cfg_change: 0, reconfig_pending: 0, reconfig_a2dp: 0, is_retry_reconfig: 0
10-14 01:24:58.108 1887 2073 D bt_btif : btif_av_state_started_handler: event: BTIF_SM_ENTER_EVT flags: 0 index = 0, reconfig_event: 0, codec_cfg_change: 0
10-14 01:24:58.108 1887 2073 D bt_btif : btif_av_state_started_handler update media task on DUT initiated start for index =0
10-14 01:24:58.109 1887 2073 W bt_btif : ## ON A2DP STARTED ##
10-14 01:24:58.109 1887 2073 I btif_av : isBATEnabled: 0
10-14 01:24:58.109 1887 2073 E bt_btif : bta_av_co_get_active_peer: active peer index: 0
10-14 01:24:58.109 1887 2073 E bt_btif : bta_av_co_get_active_peer: active peer index: 0
10-14 01:24:58.109 1887 2073 W bt_btif : BTHF: btif_hf_check_if_sco_connected(): No SCO connection up
10-14 01:24:58.109 1887 2073 D bt_btif : btif_dispatch_sm_event: event: 38, len: 1
10-14 01:24:58.109 1887 2073 D bt_btif : btif_dispatch_sm_event: event 38 sent
10-14 01:24:58.109 1887 2073 I BluetoothA2dpServiceJni: bta2dp_audio_state_callback
10-14 01:24:58.110 1887 2073 D A2dpNativeInterface: onAudioStateChanged: A2dpStackEvent {type:EVENT_TYPE_AUDIO_STATE_CHANGED, device:5C:FB:7C:39:04:0D, value1:STARTED}
10-14 01:24:58.110 1887 2073 D A2dpService: messageFromNative: Going to acquire mVariableLock.
10-14 01:24:58.110 1887 2073 D A2dpService: messageFromNative: Acquired mVariableLock
10-14 01:24:58.110 1887 2073 D A2dpService: messageFromNative: Released mVariableLock
10-14 01:24:58.110 1887 2073 D A2dpService: messageFromNative: Sending STACK_EVENT: A2dpStackEvent {type:EVENT_TYPE_AUDIO_STATE_CHANGED, device:5C:FB:7C:39:04:0D, value1:STARTED} to sm.
10-14 01:24:58.110 1887 2073 I btif_av : isBATEnabled: 0
10-14 01:24:58.110 1887 2073 E bt_btif : bta_av_co_get_active_peer: active peer index: 0
10-14 01:24:58.110 1887 2073 E bt_btif : bta_av_co_get_active_peer: active peer index: 0
10-14 01:24:58.110 1887 2073 D bt_btif : btif_av_state_started_handler Remote Start, Not updating current playing for index = 0
10-14 01:24:58.110 1887 2073 I btif_av : isBATEnabled: 0
10-14 01:24:58.110 1887 2073 E bt_btif : bta_av_co_get_active_peer: active peer index: 0
10-14 01:24:58.110 1887 2638 D A2dpStateMachine: handleMessage: E msg.what=101
10-14 01:24:58.111 1887 2073 E bt_btif : bta_av_co_get_active_peer: active peer index: 0
10-14 01:24:58.111 1887 2073 D bt_btif : btif_av_state_started_handler: event: BTIF_AV_OFFLOAD_START_REQ_EVT flags: 0 index = 0, reconfig_event: 0, codec_cfg_change: 0
10-14 01:24:58.111 1887 2073 E bt_btif : bta_av_co_get_active_peer: active peer index: 0
10-14 01:24:58.111 1887 2638 D A2dpStateMachine: processMsg: Connected
10-14 01:24:58.111 1887 2073 D a2dp_codec: getCodecConfigAndCapabilities: current_codec_config_ not null, getCodecConfig()
10-14 01:24:58.111 1887 2073 W bt_btif : BT controller doesn't support scrambling
10-14 01:24:58.111 1887 2073 W bt_btif : btif_av_state_started_handler:is_scrambling_enabled 0
10-14 01:24:58.111 1887 2073 W bt_btif : btif_av_state_started_handler:is_44p1kFreq_supported 1
10-14 01:24:58.111 1887 2575 D bt_btif : bta_av_ssm_execute(): AV Sevent(0x41)=0x122b(unknown) state=3(OPEN)
10-14 01:24:58.111 1887 2575 D a2dp_codec: A2DP_GetCodecType:
10-14 01:24:58.112 1887 2575 D a2dp_codec: A2DP_GetCodecType:
10-14 01:24:58.112 1887 2575 D a2dp_codec: A2DP_GetCodecType:
10-14 01:24:58.112 1887 2575 D bt_btif : bta_av_vendor_offload_start: vsc flags:-vs_configs_exchanged:0 tx_started:0 tx_start_initiated:0tx_enc_update_initiated:0 tx_stop_initiated: 0
10-14 01:24:58.116 1887 2638 D A2dpStateMachine: Connected process message(5C:FB:7C:39:04:0D): STACK_EVENT
10-14 01:24:58.116 1887 2638 D A2dpStateMachine: Connected: stack event: A2dpStackEvent {type:EVENT_TYPE_AUDIO_STATE_CHANGED, device:5C:FB:7C:39:04:0D, value1:STARTED}
10-14 01:24:58.116 1887 2638 I A2dpStateMachine: Connected: processAudioStateEvent: state: 2mIsPlaying: false
10-14 01:24:58.116 1887 2638 I A2dpStateMachine: Connected: started playing: 5C:FB:7C:39:04:0D
10-14 01:24:58.119 1887 2638 D A2dpStateMachine: A2DP Playing state : device: 5C:FB:7C:39:04:0D State:NOT_PLAYING->PLAYING
10-14 01:24:58.119 1887 2633 V Avrcp_ext: AvrcpMessageHandler: received message=18
10-14 01:24:58.119 1887 2633 V Avrcp_ext: MSG_SET_A2DP_AUDIO_STATE:10
10-14 01:24:58.119 1887 2633 V Avrcp_ext: event for device address 5C:FB:7C:39:04:0D
10-14 01:24:58.119 1887 2633 I Avrcp_ext: device found at index 0
10-14 01:24:58.120 1887 2633 D BATService: getBATService(): service is NULL
10-14 01:24:58.121 1887 2073 D bt_btif : btif_av_state_started_handler: event: BTA_AV_OFFLOAD_START_RSP_EVT flags: 0 index = 0, reconfig_event: 0, codec_cfg_change: 0
10-14 01:24:58.121 1887 2073 I btif_av : isBATEnabled: 0
10-14 01:24:58.121 1887 2073 E bt_btif : bta_av_co_get_active_peer: active peer index: 0
10-14 01:24:58.121 1887 2073 E bt_btif : bta_av_co_get_active_peer: active peer index: 0
10-14 01:24:58.121 1887 2073 I bt_stack: [INFO:a2dp_encoding.cc(2657)] ack_stream_started: result=SUCCESS_FINISHED
10-14 01:24:58.122 813 1840 I BTAudioProviderStub: streamStarted - SessionType=A2DP_HARDWARE_OFFLOAD_DATAPATH, status=SUCCESS
10-14 01:24:58.122 813 1840 I BTAudioProviderSession: ReportControlStatus - status=SUCCESS for SessionType=A2DP_HARDWARE_OFFLOAD_DATAPATH, bluetooth_audio=0x0200 started
10-14 01:24:58.122 813 1840 I btaudio_offload_qti: stack_resp_cb: status = 0
10-14 01:24:58.122 813 2880 I btaudio_offload_qti: wait_for_stack_response:ret = 0(Success)
10-14 01:24:58.122 813 2880 W btaudio_offload_qti: wait_for_stack_response: conditional wait done : ack_recvd = 1
10-14 01:24:58.122 813 2880 I btaudio_offload_qti: audio_stream_start_qti: a2dp stream started successfully
10-14 01:24:58.122 813 2880 E a2dp_offload: BT controller start return = 0
01-01 08:02:08.388 0 0 I btfm_slim_hw_init: PGD Enum Addr: 00:01:20:02:17: 02
01-01 08:02:08.388 0 0 I btfm_slim_hw_init: IFD Enum Addr: 00:00:20:02:17: 02
01-01 08:02:08.388 0 0 I btfm_slim_hw_init: chipset soc version:400a0200
01-01 08:02:08.388 0 0 I btfm_slim_hw_init: chipset is hastings 2.0, overwriting EA
01-01 08:02:08.389 0 0 I btfm_slim_hw_init: PGD Enum Addr: 00:01:20:02:17: 02
01-01 08:02:08.389 0 0 I btfm_slim_hw_init: IFD Enum Addr: 00:00:20:02:17: 02
01-01 08:02:08.389 0 0 I btfm_slim_alloc_port: chipset soc version:400a0200
10-14 01:24:58.122 813 2880 D a2dp_offload: configure_a2dp_encoder_format start
10-14 01:24:58.122 813 2880 I btaudio_offload_qti: audio_get_codec_config_qti: state = AUDIO_A2DP_STATE_STARTED
10-14 01:24:58.122 1887 2073 W bt_stack: [WARNING:a2dp_encoding.cc(189)] ResetPendingCmd 3
10-14 01:24:58.122 813 2880 I btaudio_offload_qti: a2dp_codec_parser: codec_type = 1
10-14 01:24:58.122 1887 2633 V Avrcp_ext: updateCurrentMediaState: mMediaController: MediaController (com.android.systemui@3f40d07) null
10-14 01:24:58.122 813 2880 D btaudio_offload_qti: a2dp_codec_parser: SBC: copied codec config: min_bitpool:2 max_bitpool:53
10-14 01:24:58.122 1887 2633 W Avrcp_ext: isMusicActive: false getBluetoothPlayState: 2 A2dp State: 10 mAudioPlaybackIsActive: true
10-14 01:24:58.122 813 2880 I btaudio_offload_qti: a2dp_codec_parser: SBC: bitrate:330000 i/p bitrate:330000
10-14 01:24:58.123 813 2880 I btaudio_offload_qti: a2dp_codec_parser: SBC: done copying full codec config
10-14 01:24:58.123 1887 2638 I A2dpStateMachine: state:AUDIO_STATE_STARTED
10-14 01:24:58.123 813 2880 D a2dp_offload: Received SBC encoder supported BT device
10-14 01:24:58.123 1887 2638 D A2dpStateMachine: handleMessage: X
10-14 01:24:58.124 1887 1887 D HeadsetService: Received BluetoothA2dp Play State changed
10-14 01:24:58.124 1887 1887 D HeadsetA2dpSync: updateA2DPPlayingState device: 5C:FB:7C:39:04:0D transition 11->10
10-14 01:24:58.124 813 2880 D a2dp_offload: a2dp_set_bit_format: set AFE input bit format = 16
10-14 01:24:58.124 1887 1887 D HeadsetService: isInCall false
10-14 01:24:58.124 1887 1887 D HeadsetService: isRinging false
10-14 01:24:58.124 1887 1887 D HeadsetA2dpSync: device: 5C:FB:7C:39:04:0D state = 4
10-14 01:24:58.124 813 2880 D a2dp_offload: Start playback successful to BT library
10-14 01:24:58.124 813 2880 W btaudio_offload_qti: audio_is_scrambling_enabled_qti: isSession_ready = 1 isScrambling = 0
10-14 01:24:58.124 1887 2633 W Avrcp_ext: updateCurrentMediaState: isPlaying = true
10-14 01:24:58.124 813 2880 I btaudio_offload_qti: a2dp_codec_parser: codec_type = 1
10-14 01:24:58.124 813 2880 D btaudio_offload_qti: a2dp_codec_parser: SBC: copied codec config: min_bitpool:2 max_bitpool:53
10-14 01:24:58.125 813 2880 I btaudio_offload_qti: a2dp_codec_parser: SBC: bitrate:330000 i/p bitrate:330000
10-14 01:24:58.125 813 2880 I btaudio_offload_qti: a2dp_codec_parser: SBC: done copying full codec config
10-14 01:24:58.125 813 2880 W btaudio_offload_qti: audio_is_scrambling_enabled_qti: codec_type = 520093696
10-14 01:24:58.125 813 2880 W btaudio_offload_qti: audio_is_scrambling_enabled_qti: return
10-14 01:24:58.125 813 2880 D a2dp_offload: Update tws for mono_mode on=0
10-14 01:24:58.125 813 2880 D a2dp_offload: a2dp_set_backend_cfg: set source backend sample rate =KHZ_44P1
10-14 01:24:58.126 813 2880 D a2dp_offload: a2dp_set_backend_cfg: set afe enc channels =Two
10-14 01:24:58.127 813 2880 D a2dp_offload: start A2DP playback total active sessions :1
10-14 01:24:58.127 813 2880 I soundtrigger: audio_extn_sound_trigger_update_device_status: device 0x2d of type 0 for Event 1, with Raise=0
10-14 01:24:58.127 1887 1887 D BtOppService: action : android.bluetooth.a2dp.profile.action.PLAYING_STATE_CHANGED
10-14 01:24:58.127 1887 1887 D BtOppUtils: device: 5C:FB:7C:39:04:0D newState: 10
10-14 01:24:58.127 813 2880 D audio_route: Apply path: bt-a2dp
10-14 01:24:58.127 1887 1887 D BtOppUtils: isA2DPPlaying :true
10-14 01:24:58.128 813 2880 E soundtrigger: audio_extn_sound_trigger_update_stream_status: invalid input device 0x0, for event 3
10-14 01:24:58.128 813 2880 D soundtrigger: audio_extn_sound_trigger_update_stream_status: uc_info->id 1 of type 0 for Event 3, with Raise=0
10-14 01:24:58.128 813 2880 D audio_hw_utils: audio_extn_utils_send_app_type_cfg: usecase->out_snd_device bt-a2dp
10-14 01:24:58.128 813 2880 D msm8974_platform: platform_split_snd_device: snd_device(45) num devices(0) new_snd_devices(0)
10-14 01:24:58.128 813 2880 I audio_hw_utils: audio_extn_utils_get_app_sample_rate_for_device using 44100 sample rate rate for A2DP CoPP
10-14 01:24:58.128 813 2880 D audio_hw_utils: audio_extn_btsco_get_sample_rate:Not a BT SCO device, need not update sampling rate
10-14 01:24:58.129 813 2880 I audio_hw_utils: send_app_type_cfg_for_device PLAYBACK app_type 69937, acdb_dev_id 20, sample_rate 44100, snd_device_be_idx 32
10-14 01:24:58.129 813 2880 D msm8974_platform: platform_split_snd_device: snd_device(45) num devices(1) new_snd_devices(0)
10-14 01:24:58.129 813 2880 I audio_hw_utils: audio_extn_utils_get_app_sample_rate_for_device using 44100 sample rate rate for A2DP CoPP
10-14 01:24:58.129 813 2880 D audio_hw_utils: audio_extn_btsco_get_sample_rate:Not a BT SCO device, need not update sampling rate
10-14 01:24:58.130 813 2880 D ACDB-LOADER: ACDB -> send_audio_cal, acdb_id = 20, path = 0, app id = 0x11131, sample rate = 44100, afe_sample_rate = 48000
10-14 01:24:58.130 813 2880 D ACDB-LOADER: ACDB -> send_asm_topology
10-14 01:24:58.130 813 2880 D ACDB-LOADER: ACDB -> ACDB_CMD_GET_AUDPROC_STREAM_TOPOLOGY_ID
10-14 01:24:58.130 813 2880 D ACDB-LOADER: ACDB -> send_adm_topology
10-14 01:24:58.130 813 2880 D ACDB-LOADER: ACDB -> ACDB_CMD_GET_AUDPROC_COMMON_TOPOLOGY_ID
10-14 01:24:58.130 813 2880 D ACDB-LOADER: ACDB -> send_audtable
10-14 01:24:58.130 813 2880 D ACDB-LOADER: ACDB -> ACDB_CMD_GET_AUDPROC_INSTANCE_COMMON_TABLE_SIZE
10-14 01:24:58.130 813 2880 D ACDB-LOADER: ACDB -> ACDB_CMD_GET_AUDPROC_INSTANCE_COMMON_TABLE
10-14 01:24:58.130 813 2880 D ACDB-LOADER: ACDB -> AUDIO_SET_AUDPROC_CAL cal_type[11] acdb_id[20] app_type[69937]
10-14 01:24:58.130 813 2880 D ACDB-LOADER: ACDB -> send_audvoltable
10-14 01:24:58.131 813 2880 D ACDB-LOADER: ACDB -> ACDB_CMD_GET_AUDPROC_INSTANCE_GAIN_DEP_STEP_TABLE_SIZE
10-14 01:24:58.131 813 2880 D ACDB-LOADER: ACDB -> ACDB_CMD_GET_AUDPROC_INSTANCE_GAIN_DEP_STEP_TABLE, vol index 0
10-14 01:24:58.131 813 2880 D ACDB-LOADER: ACDB -> AUDIO_SET_VOL_CAL cal type = 12
10-14 01:24:58.131 813 2880 D ACDB-LOADER: ACDB -> ACDB_CMD_GET_AUDPROC_INSTANCE_STREAM_TABLE_SIZE
10-14 01:24:58.131 813 2880 D ACDB-LOADER: ACDB -> send_audstrmtable
10-14 01:24:58.131 813 2880 D ACDB-LOADER: ACDB -> ACDB_CMD_GET_AUDPROC_INSTANCE_STREAM_TABLE
10-14 01:24:58.131 813 2880 D ACDB-LOADER: ACDB -> audstrm_cal->cal_type.cal_data.cal_size = 20
10-14 01:24:58.131 813 2880 D ACDB-LOADER: ACDB -> send_afe_topology
10-14 01:24:58.131 813 2880 D ACDB-LOADER: ACDB -> ACDB_CMD_GET_AFE_TOPOLOGY_ID
10-14 01:24:58.131 813 2880 D ACDB-LOADER: ACDB -> GET_AFE_TOPOLOGY_ID for adcd_id 20, Topology Id 112fc
10-14 01:24:58.132 813 2880 D ACDB-LOADER: ACDB -> send_afe_cal
10-14 01:24:58.132 813 2880 D ACDB-LOADER: ACDB -> ACDB_CMD_GET_AFE_INSTANCE_COMMON_TABLE_SIZE
10-14 01:24:58.132 813 2880 D android.hardware.audio.service: Failed to fetch the lookup information of the device 00000014
01-01 08:02:08.399 0 0 I btfm_slim_enable_ch: chipset soc version:400a0200
01-01 08:02:08.399 0 0 I btfm_slim_enable_ch: channel define - prot:2, dataf:0, auxf:0
01-01 08:02:08.399 0 0 I btfm_slim_enable_ch: channel define - rates:44100, baser:2, ratem:4
01-01 08:02:08.399 0 0 I btfm_slim_enable_ch: slim_connect_sink(port: 16, ch: 157)
01-01 08:02:08.399 0 0 I btfm_slim_enable_ch: port: 16, ch: 157, grp: 0, ch->grph: 0x0, ch_hdl: 0x1d
01-01 08:02:08.402 0 0 I __afe_port_start: port id: 0x400e
01-01 08:02:08.402 0 0 I afe_find_cal_topo_id_by_port: port id: 0x400e, dev_acdb_id: 20
01-01 08:02:08.402 0 0 I afe_find_cal_topo_id_by_port: top_id:112fc acdb_id:20 afe_port_id:0x400e
01-01 08:02:08.402 0 0 I afe_get_cal_topology_id: port_id = 0x400e acdb_id = 20 topology_id = 0x112fc cal_type_index=8 ret=0
01-01 08:02:08.402 0 0 I afe_send_port_topology_id: AFE set topology id 0x112fc enable for port 0x400e ret 0
01-01 08:02:08.402 0 0 I send_afe_cal_type: cal_index is 0
01-01 08:02:08.402 0 0 I send_afe_cal_type: dev_acdb_id[119] is 20
01-01 08:02:08.402 0 0 I afe_find_cal: cal_index 0 port_id 0x400e port_index 119
01-01 08:02:08.402 0 0 I afe_find_cal: acdb_id 20 dev_acdb_id 20 sample_rate 48000 afe_sample_rates 44100
01-01 08:02:08.402 0 0 I afe_find_cal: no matching cal_block found
01-01 08:02:08.402 0 0 E : send_afe_cal_type cal_block not found!!
01-01 08:02:08.408 0 0 I afe_send_hw_delay: port_id 0x400e rate 44100 delay_usec 0 status 0
10-14 01:24:58.132 813 2880 D ACDB-LOADER: Error: ACDB_CMD_GET_AFE_INSTANCE_COMMON_TABLE_SIZE Returned = -19
10-14 01:24:58.132 813 2880 D ACDB-LOADER: ACDB -> ACDB_CMD_GET_AFE_INSTANCE_COMMON_TABLE
10-14 01:24:58.132 813 2880 D android.hardware.audio.service: Failed to fetch the lookup information of the device 00000014
10-14 01:24:58.132 813 2880 D ACDB-LOADER: Error: ACDB AFE returned = -19
10-14 01:24:58.132 813 2880 D ACDB-LOADER: ACDB -> AUDIO_SET_AFE_CAL cal_type[16] acdb_id[20]
10-14 01:24:58.132 813 2880 D ACDB-LOADER: ACDB -> send_hw_delay : acdb_id = 20 path = 0
10-14 01:24:58.132 813 2880 D ACDB-LOADER: ACDB -> ACDB_AVSYNC_INFO: ACDB_CMD_GET_DEVICE_PROPERTY
10-14 01:24:58.132 813 2880 D msm8974_platform: platform_split_snd_device: snd_device(45) num devices(0) new_snd_devices(0)
10-14 01:24:58.132 813 2880 I msm8974_platform: platform_get_custom_mtmx_params: no matching param with id 0 ip_ch 2 op_ch 2 uc_id 1 snd_dev 45
10-14 01:24:58.133 813 2880 D audio_hw_primary: enable_audio_route: apply mixer and update path: low-latency-playback bt-a2dp
10-14 01:24:58.133 813 2880 D audio_route: Apply path: low-latency-playback bt-a2dp
10-14 01:24:58.134 813 2880 D audio_hw_primary: select_devices: done
10-14 01:24:58.134 1887 2633 I Avrcp_ext: device found at index 0
10-14 01:24:58.134 1887 2633 V Avrcp_ext: Media update: id -1➡-1? [MediaAttributes: none] : [MediaAttributes: none]
10-14 01:24:58.134 1887 2633 D Avrcp_ext: isPackageNameValid: browsedPackage = com.android.systemuiisValid = true
10-14 01:24:58.134 1887 2633 V Avrcp_ext: isBrowseSupported for com.android.systemui: false
10-14 01:24:58.134 1887 2633 V Avrcp_ext: updatePlaybackState, state: PlaybackState {state=3, position=-1, buffered position=0, speed=1.0, updated=120751, actions=0, custom actions=[], active item id=-1, error=null} device: 5C:FB:7C:39:04:0D
10-14 01:24:58.135 1887 2633 V Avrcp_ext: Device: JBL GO : old state: PlaybackState {state=2, position=-1, buffered position=0, speed=0.0, updated=113611, actions=0, custom actions=[], active item id=-1, error=null}
10-14 01:24:58.135 1887 2633 V Avrcp_ext: Device: no name:
10-14 01:24:58.135 1887 2633 V Avrcp_ext: Device: no name:
10-14 01:24:58.136 1887 2633 V Avrcp_ext: Device: no name:
10-14 01:24:58.136 1887 2633 V Avrcp_ext: Device: no name:
10-14 01:24:58.136 1887 2633 I Avrcp_ext: device found at index 0
10-14 01:24:58.136 1887 2633 V Avrcp_ext: old state: PlaybackState {state=2, position=-1, buffered position=0, speed=0.0, updated=113611, actions=0, custom actions=[], active item id=-1, error=null} new state: PlaybackState {state=3, position=-1, buffered position=0, speed=1.0, updated=120751, actions=0, custom actions=[], active item id=-1, error=null} device: 5C:FB:7C:39:04:0D index: 0
10-14 01:24:58.136 1887 2633 I Avrcp_ext: updatePlayStatusForDevice: device: 5C:FB:7C:39:04:0D
10-14 01:24:58.136 1887 2633 V Avrcp_ext: updatePlaybackState (0): old=PlaybackState {state=2, position=-1, buffered position=0, speed=0.0, updated=113611, actions=0, custom actions=[], active item id=-1, error=null}(2), new=PlaybackState {state=3, position=-1, buffered position=0, speed=1.0, updated=120751, actions=0, custom actions=[], active item id=-1, error=null}(1)
10-14 01:24:58.136 1887 2633 W Avrcp_ext: Sending PlayStatus CHANGED Rsp !!!
10-14 01:24:58.136 1887 2633 D bt_btif : register_notification_rsp: isShoMcastEnabled: 1
10-14 01:24:58.136 1887 2633 I Avrcp_ext: Exit updatePlayStatusForDevice
10-14 01:24:58.136 1887 2575 D bt_btif : LCB lcb=1 event=UL_MSG_EVT state=LCB_OPEN_ST
10-14 01:24:58.137 1887 2633 V Avrcp_ext: Exit updatePlaybackState
10-14 01:24:58.137 1887 2633 D Avrcp_ext: Enter sendPlayPosNotificationRsp
10-14 01:24:58.137 1887 2633 D Avrcp_ext: sendPlayPosNotificationRsp: Not registered or requesting.
10-14 01:24:58.137 1887 2633 V Avrcp_ext: Exit handleMessage
10-14 01:24:58.159 1887 2575 D bt_btif : LCB lcb=1 event=LL_MSG_EVT state=LCB_OPEN_ST
10-14 01:24:58.159 1887 2575 D bt_btif : bta_av_rc_msg_cback handle: 0 opcode=0x0
10-14 01:24:58.159 1887 2575 D bt_btif : bta_av_rc_msg_cback data_len: 9
10-14 01:24:58.159 1887 2073 D bt_btif : btif_av_state_started_handler: event: BTA_AV_META_MSG_EVT flags: 0 index = 0, reconfig_event: 0, codec_cfg_change: 0
10-14 01:24:58.159 1887 2073 D bt_btif : btif_rc_handler: event: BTA_AV_META_MSG_EVT
10-14 01:24:58.159 1887 2073 W bt_device_profile: profile_feature_fetch:profile 1
10-14 01:24:58.159 1887 2073 W bt_device_profile: profile_feature_fetch:AVRCP_COVERART_SUPPORT found 1
10-14 01:24:58.160 1887 2073 D bt_btif : btif_rc_upstreams_evt: pdu: AVRC_PDU_REGISTER_NOTIFICATION handle: 0x0 ctype: 3 label: 1 event ID: 1 ver: 104
10-14 01:24:58.160 1887 2073 V Avrcp_ext: registerNotificationRequestFromNative: eventId=1
10-14 01:24:58.160 1887 2073 V Avrcp_ext: Exit registerNotificationRequestFromNative
10-14 01:24:58.160 1887 2633 V Avrcp_ext: AvrcpMessageHandler: received message=4
10-14 01:24:58.160 1887 2633 V Avrcp_ext: MSG_NATIVE_REQ_REGISTER_NOTIFICATION:event=1 param=0
10-14 01:24:58.161 1887 2633 I Avrcp_ext: device found at index 0
10-14 01:24:58.161 1887 2633 V Avrcp_ext: Enter processRegisterNotification
10-14 01:24:58.161 1887 2633 V Avrcp_ext: processRegisterNotification: eventId1
10-14 01:24:58.161 1887 2633 D bt_btif : register_notification_rsp: isShoMcastEnabled: 1
10-14 01:24:58.161 1887 2633 D Avrcp_ext: Exit processRegisterNotification
10-14 01:24:58.161 1887 2633 V Avrcp_ext: Exit handleMessage
10-14 01:24:58.161 1887 2575 D bt_btif : LCB lcb=1 event=UL_MSG_EVT state=LCB_OPEN_ST
10-14 01:24:58.163 655 666 I mpu_uart: [MSG-P:RECV]:No message received in 1000 ms
10-14 01:24:58.190 813 2880 D msm8974_platform: platform_set_channel_map mixer_ctl_name:Playback Channel Map9
10-14 01:24:58.190 813 2880 D msm8974_platform: platform_set_channel_map: set mapping(1 2 0 0 0 0 0 0) for channel:2
10-14 01:24:58.192 813 2880 E audio_hw_extn: audio_extn_perf_lock_release: Perf lock release error
10-14 01:24:58.192 813 2880 D audio_hw_primary: start_output_stream: exit
10-14 01:24:58.210 1890 2904 W FrameTracker: Missed App frame:8
10-14 01:24:58.212 813 2880 I btaudio_offload_qti: audio_get_a2dp_sink_latency_qti: Sink Latency = 0
10-14 01:24:58.216 813 2880 I btaudio_offload_qti: audio_get_a2dp_sink_latency_qti: Sink Latency = 0
10-14 01:24:58.220 813 2880 I btaudio_offload_qti: audio_get_a2dp_sink_latency_qti: Sink Latency = 0
10-14 01:24:58.221 1297 4248 D AudioTrack: getTimestamp_l(54): device stall time corrected using current time 120848748389
10-14 01:24:58.224 813 2880 I btaudio_offload_qti: audio_get_a2dp_sink_latency_qti: Sink Latency = 0
10-14 01:24:58.228 813 2880 I btaudio_offload_qti: audio_get_a2dp_sink_latency_qti: Sink Latency = 0
10-14 01:24:58.232 813 2880 I btaudio_offload_qti: audio_get_a2dp_sink_latency_qti: Sink Latency = 0
10-14 01:24:58.236 813 2880 I btaudio_offload_qti: audio_get_a2dp_sink_latency_qti: Sink Latency = 0
10-14 01:24:58.240 813 2880 I btaudio_offload_qti: audio_get_a2dp_sink_latency_qti: Sink Latency = 0
10-14 01:24:58.244 813 2880 I btaudio_offload_qti: audio_get_a2dp_sink_latency_qti: Sink Latency = 0
10-14 01:24:58.248 813 2880 I btaudio_offload_qti: audio_get_a2dp_sink_latency_qti: Sink Latency = 0
10-14 01:24:58.249 825 2569 I vendor.qti.bluetooth@1.0-ibs_handler: ProcessIbsCmd: Received IBS_SLEEP_IND: 0xFE
10-14 01:24:58.253 813 2880 I btaudio_offload_qti: audio_get_a2dp_sink_latency_qti: Sink Latency = 0
10-14 01:24:58.256 813 2880 I btaudio_offload_qti: audio_get_a2dp_sink_latency_qti: Sink Latency = 0
10-14 01:24:58.260 813 2880 I btaudio_offload_qti: audio_get_a2dp_sink_latency_qti: Sink Latency = 0
10-14 01:24:58.264 813 2880 I btaudio_offload_qti: audio_get_a2dp_sink_latency_qti: Sink Latency = 0
10-14 01:24:58.268 813 2880 I btaudio_offload_qti: audio_get_a2dp_sink_latency_qti: Sink Latency = 0
10-14 01:24:58.271 813 2880 I btaudio_offload_qti: audio_get_a2dp_sink_latency_qti: Sink Latency = 0
10-14 01:24:58.276 813 2880 I btaudio_offload_qti: audio_get_a2dp_sink_latency_qti: Sink Latency = 0
10-14 01:24:58.279 813 2880 I btaudio_offload_qti: audio_get_a2dp_sink_latency_qti: Sink Latency = 0
10-14 01:24:58.284 813 2880 I btaudio_offload_qti: audio_get_a2dp_sink_latency_qti: Sink Latency = 0
10-14 01:24:58.288 813 2880 I btaudio_offload_qti: audio_get_a2dp_sink_latency_qti: Sink Latency = 0
10-14 01:24:58.292 813 2880 I btaudio_offload_qti: audio_get_a2dp_sink_latency_qti: Sink Latency = 0
10-14 01:24:58.295 813 2880 I btaudio_offload_qti: audio_get_a2dp_sink_latency_qti: Sink Latency = 0
10-14 01:24:58.299 813 2880 I btaudio_offload_qti: audio_get_a2dp_sink_latency_qti: Sink Latency = 0
10-14 01:24:58.304 813 2880 I btaudio_offload_qti: audio_get_a2dp_sink_latency_qti: Sink Latency = 0
10-14 01:24:58.308 813 2880 I btaudio_offload_qti: audio_get_a2dp_sink_latency_qti: Sink Latency = 0
10-14 01:24:58.311 813 2880 I btaudio_offload_qti: audio_get_a2dp_sink_latency_qti: Sink Latency = 0
10-14 01:24:58.315 813 2880 I btaudio_offload_qti: audio_get_a2dp_sink_latency_qti: Sink Latency = 0
10-14 01:24:58.319 813 2880 I btaudio_offload_qti: audio_get_a2dp_sink_latency_qti: Sink Latency = 0
10-14 01:24:58.323 813 2880 I btaudio_offload_qti: audio_get_a2dp_sink_latency_qti: Sink Latency = 0
10-14 01:24:58.327 813 2880 I btaudio_offload_qti: audio_get_a2dp_sink_latency_qti: Sink Latency = 0
10-14 01:24:58.331 813 2880 I btaudio_offload_qti: audio_get_a2dp_sink_latency_qti: Sink Latency = 0
10-14 01:24:58.335 813 2880 I btaudio_offload_qti: audio_get_a2dp_sink_latency_qti: Sink Latency = 0
01-01 08:02:08.586 0 0 D : mv2112_read_status
01-01 08:02:08.586 0 0 D mv2112_update_link: 3.0x901(1G): 0x4
01-01 08:02:08.586 0 0 D mv2112_update_link: 3.0x8109(100M): 0x8
01-01 08:02:08.586 0 0 D mv2112_update_link: link 0x4
01-01 08:02:08.586 0 0 D mv2112_read_status: autoneg is disabled
10-14 01:24:58.339 813 2880 I btaudio_offload_qti: audio_get_a2dp_sink_latency_qti: Sink Latency = 0
10-14 01:24:58.343 813 2880 I btaudio_offload_qti: audio_get_a2dp_sink_latency_qti: Sink Latency = 0
10-14 01:24:58.347 813 2880 I btaudio_offload_qti: audio_get_a2dp_sink_latency_qti: Sink Latency = 0
10-14 01:24:58.352 813 2880 I btaudio_offload_qti: audio_get_a2dp_sink_latency_qti: Sink Latency = 0
10-14 01:24:58.355 813 2880 I btaudio_offload_qti: audio_get_a2dp_sink_latency_qti: Sink Latency = 0
10-14 01:24:58.359 813 2880 I btaudio_offload_qti: audio_get_a2dp_sink_latency_qti: Sink Latency = 0
10-14 01:24:58.363 813 2880 I btaudio_offload_qti: audio_get_a2dp_sink_latency_qti: Sink Latency = 0
10-14 01:24:58.367 813 2880 I btaudio_offload_qti: audio_get_a2dp_sink_latency_qti: Sink Latency = 0
10-14 01:24:58.371 813 2880 I btaudio_offload_qti: audio_get_a2dp_sink_latency_qti: Sink Latency = 0
10-14 01:24:58.375 813 2880 I btaudio_offload_qti: audio_get_a2dp_sink_latency_qti: Sink Latency = 0
10-14 01:24:58.379 813 2880 I btaudio_offload_qti: audio_get_a2dp_sink_latency_qti: Sink Latency = 0
10-14 01:24:58.383 813 2880 I btaudio_offload_qti: audio_get_a2dp_sink_latency_qti: Sink Latency = 0
10-14 01:24:58.387 813 2880 I btaudio_offload_qti: audio_get_a2dp_sink_latency_qti: Sink Latency = 0
10-14 01:24:58.391 813 2880 I btaudio_offload_qti: audio_get_a2dp_sink_latency_qti: Sink Latency = 0
10-14 01:24:58.395 813 2880 I btaudio_offload_qti: audio_get_a2dp_sink_latency_qti: Sink Latency = 0
10-14 01:24:58.399 813 2880 I btaudio_offload_qti: audio_get_a2dp_sink_latency_qti: Sink Latency = 0
10-14 01:24:58.403 813 2880 I btaudio_offload_qti: audio_get_a2dp_sink_latency_qti: Sink Latency = 0
10-14 01:24:58.407 813 2880 I btaudio_offload_qti: audio_get_a2dp_sink_latency_qti: Sink Latency = 0
10-14 01:24:58.411 813 2880 I btaudio_offload_qti: audio_get_a2dp_sink_latency_qti: Sink Latency = 0
10-14 01:24:58.415 813 2880 I btaudio_offload_qti: audio_get_a2dp_sink_latency_qti: Sink Latency = 0
10-14 01:24:58.419 813 2880 I btaudio_offload_qti: audio_get_a2dp_sink_latency_qti: Sink Latency = 0
10-14 01:24:58.423 813 2880 I btaudio_offload_qti: audio_get_a2dp_sink_latency_qti: Sink Latency = 0
10-14 01:24:58.427 813 2880 I btaudio_offload_qti: audio_get_a2dp_sink_latency_qti: Sink Latency = 0
10-14 01:24:58.431 813 2880 I btaudio_offload_qti: audio_get_a2dp_sink_latency_qti: Sink Latency = 0
10-14 01:24:58.435 813 2880 I btaudio_offload_qti: audio_get_a2dp_sink_latency_qti: Sink Latency = 0
10-14 01:24:58.439 813 2880 I btaudio_offload_qti: audio_get_a2dp_sink_latency_qti: Sink Latency = 0
10-14 01:24:58.443 813 2880 I btaudio_offload_qti: audio_get_a2dp_sink_latency_qti: Sink Latency = 0
10-14 01:24:58.447 813 2880 I btaudio_offload_qti: audio_get_a2dp_sink_latency_qti: Sink Latency = 0
10-14 01:24:58.451 813 2880 I btaudio_offload_qti: audio_get_a2dp_sink_latency_qti: Sink Latency = 0
10-14 01:24:58.455 813 2880 I btaudio_offload_qti: audio_get_a2dp_sink_latency_qti: Sink Latency = 0
10-14 01:24:58.459 813 2880 I btaudio_offload_qti: audio_get_a2dp_sink_latency_qti: Sink Latency = 0
10-14 01:24:58.463 813 2880 I btaudio_offload_qti: audio_get_a2dp_sink_latency_qti: Sink Latency = 0
10-14 01:24:58.467 813 2880 I btaudio_offload_qti: audio_get_a2dp_sink_latency_qti: Sink Latency = 0
10-14 01:24:58.471 813 2880 I btaudio_offload_qti: audio_get_a2dp_sink_latency_qti: Sink Latency = 0
10-14 01:24:58.475 813 2880 I btaudio_offload_qti: audio_get_a2dp_sink_latency_qti: Sink Latency = 0
10-14 01:24:58.479 813 2880 I btaudio_offload_qti: audio_get_a2dp_sink_latency_qti: Sink Latency = 0
10-14 01:24:58.483 813 2880 I btaudio_offload_qti: audio_get_a2dp_sink_latency_qti: Sink Latency = 0
10-14 01:24:58.487 813 2880 I btaudio_offload_qti: audio_get_a2dp_sink_latency_qti: Sink Latency = 0
10-14 01:24:58.491 813 2880 I btaudio_offload_qti: audio_get_a2dp_sink_latency_qti: Sink Latency = 0
10-14 01:24:58.495 813 2880 I btaudio_offload_qti: audio_get_a2dp_sink_latency_qti: Sink Latency = 0
10-14 01:24:58.499 813 2880 I btaudio_offload_qti: audio_get_a2dp_sink_latency_qti: Sink Latency = 0
10-14 01:24:58.503 813 2880 I btaudio_offload_qti: audio_get_a2dp_sink_latency_qti: Sink Latency = 0
10-14 01:24:58.507 813 2880 I btaudio_offload_qti: audio_get_a2dp_sink_latency_qti: Sink Latency = 0
10-14 01:24:58.511 813 2880 I btaudio_offload_qti: audio_get_a2dp_sink_latency_qti: Sink Latency = 0
10-14 01:24:58.515 813 2880 I btaudio_offload_qti: audio_get_a2dp_sink_latency_qti: Sink Latency = 0
10-14 01:24:58.519 813 2880 I btaudio_offload_qti: audio_get_a2dp_sink_latency_qti: Sink Latency = 0
10-14 01:24:58.523 813 2880 I btaudio_offload_qti: audio_get_a2dp_sink_latency_qti: Sink Latency = 0
10-14 01:24:58.527 813 2880 I btaudio_offload_qti: audio_get_a2dp_sink_latency_qti: Sink Latency = 0
10-14 01:24:58.531 813 2880 I btaudio_offload_qti: audio_get_a2dp_sink_latency_qti: Sink Latency = 0
10-14 01:24:58.535 813 2880 I btaudio_offload_qti: audio_get_a2dp_sink_latency_qti: Sink Latency = 0
10-14 01:24:58.539 813 2880 I btaudio_offload_qti: audio_get_a2dp_sink_latency_qti: Sink Latency = 0
10-14 01:24:58.543 813 2880 I btaudio_offload_qti: audio_get_a2dp_sink_latency_qti: Sink Latency = 0
10-14 01:24:58.547 813 2880 I btaudio_offload_qti: audio_get_a2dp_sink_latency_qti: Sink Latency = 0
10-14 01:24:58.551 813 2880 I btaudio_offload_qti: audio_get_a2dp_sink_latency_qti: Sink Latency = 0
10-14 01:24:58.555 813 2880 I btaudio_offload_qti: audio_get_a2dp_sink_latency_qti: Sink Latency = 0
10-14 01:24:58.559 813 2880 I btaudio_offload_qti: audio_get_a2dp_sink_latency_qti: Sink Latency = 0
10-14 01:24:58.563 813 2880 I btaudio_offload_qti: audio_get_a2dp_sink_latency_qti: Sink Latency = 0
10-14 01:24:58.567 813 2880 I btaudio_offload_qti: audio_get_a2dp_sink_latency_qti: Sink Latency = 0
10-14 01:24:58.571 813 2880 I btaudio_offload_qti: audio_get_a2dp_sink_latency_qti: Sink Latency = 0
10-14 01:24:58.575 813 2880 I btaudio_offload_qti: audio_get_a2dp_sink_latency_qti: Sink Latency = 0
10-14 01:24:58.579 813 2880 I btaudio_offload_qti: audio_get_a2dp_sink_latency_qti: Sink Latency = 0
10-14 01:24:58.583 813 2880 I btaudio_offload_qti: audio_get_a2dp_sink_latency_qti: Sink Latency = 0
10-14 01:24:58.587 813 2880 I btaudio_offload_qti: audio_get_a2dp_sink_latency_qti: Sink Latency = 0
10-14 01:24:58.591 813 2880 I btaudio_offload_qti: audio_get_a2dp_sink_latency_qti: Sink Latency = 0
10-14 01:24:58.595 813 2880 I btaudio_offload_qti: audio_get_a2dp_sink_latency_qti: Sink Latency = 0
10-14 01:24:58.599 813 2880 I btaudio_offload_qti: audio_get_a2dp_sink_latency_qti: Sink Latency = 0
10-14 01:24:58.603 813 2880 I btaudio_offload_qti: audio_get_a2dp_sink_latency_qti: Sink Latency = 0
10-14 01:24:58.607 813 2880 I btaudio_offload_qti: audio_get_a2dp_sink_latency_qti: Sink Latency = 0
10-14 01:24:58.611 813 2880 I btaudio_offload_qti: audio_get_a2dp_sink_latency_qti: Sink Latency = 0
10-14 01:24:58.615 813 2880 I btaudio_offload_qti: audio_get_a2dp_sink_latency_qti: Sink Latency = 0
10-14 01:24:58.619 813 2880 I btaudio_offload_qti: audio_get_a2dp_sink_latency_qti: Sink Latency = 0
10-14 01:24:58.623 813 2880 I btaudio_offload_qti: audio_get_a2dp_sink_latency_qti: Sink Latency = 0
10-14 01:24:58.627 813 2880 I btaudio_offload_qti: audio_get_a2dp_sink_latency_qti: Sink Latency = 0
10-14 01:24:58.631 813 2880 I btaudio_offload_qti: audio_get_a2dp_sink_latency_qti: Sink Latency = 0
10-14 01:24:58.635 813 2880 I btaudio_offload_qti: audio_get_a2dp_sink_latency_qti: Sink Latency = 0
10-14 01:24:58.640 813 2880 I btaudio_offload_qti: audio_get_a2dp_sink_latency_qti: Sink Latency = 0
10-14 01:24:58.644 813 2880 I btaudio_offload_qti: audio_get_a2dp_sink_latency_qti: Sink Latency = 0
10-14 01:24:58.648 813 2880 I btaudio_offload_qti: audio_get_a2dp_sink_latency_qti: Sink Latency = 0
10-14 01:24:58.652 813 2880 I btaudio_offload_qti: audio_get_a2dp_sink_latency_qti: Sink Latency = 0
10-14 01:24:58.656 813 2880 I btaudio_offload_qti: audio_get_a2dp_sink_latency_qti: Sink Latency = 0
10-14 01:24:58.660 813 2880 I btaudio_offload_qti: audio_get_a2dp_sink_latency_qti: Sink Latency = 0
10-14 01:24:58.664 813 2880 I btaudio_offload_qti: audio_get_a2dp_sink_latency_qti: Sink Latency = 0
10-14 01:24:58.668 813 2880 I btaudio_offload_qti: audio_get_a2dp_sink_latency_qti: Sink Latency = 0
10-14 01:24:58.672 813 2880 I btaudio_offload_qti: audio_get_a2dp_sink_latency_qti: Sink Latency = 0
10-14 01:24:58.676 813 2880 I btaudio_offload_qti: audio_get_a2dp_sink_latency_qti: Sink Latency = 0
10-14 01:24:58.680 813 2880 I btaudio_offload_qti: audio_get_a2dp_sink_latency_qti: Sink Latency = 0
10-14 01:24:58.684 813 2880 I btaudio_offload_qti: audio_get_a2dp_sink_latency_qti: Sink Latency = 0
10-14 01:24:58.688 813 2880 I btaudio_offload_qti: audio_get_a2dp_sink_latency_qti: Sink Latency = 0
10-14 01:24:58.692 813 2880 I btaudio_offload_qti: audio_get_a2dp_sink_latency_qti: Sink Latency = 0
10-14 01:24:58.696 813 2880 I btaudio_offload_qti: audio_get_a2dp_sink_latency_qti: Sink Latency = 0
10-14 01:24:58.700 813 2880 I btaudio_offload_qti: audio_get_a2dp_sink_latency_qti: Sink Latency = 0
10-14 01:24:58.704 813 2880 I btaudio_offload_qti: audio_get_a2dp_sink_latency_qti: Sink Latency = 0
10-14 01:24:58.708 813 2880 I btaudio_offload_qti: audio_get_a2dp_sink_latency_qti: Sink Latency = 0
10-14 01:24:58.712 813 2880 I btaudio_offload_qti: audio_get_a2dp_sink_latency_qti: Sink Latency = 0
10-14 01:24:58.716 813 2880 I btaudio_offload_qti: audio_get_a2dp_sink_latency_qti: Sink Latency = 0
10-14 01:24:58.720 813 2880 I btaudio_offload_qti: audio_get_a2dp_sink_latency_qti: Sink Latency = 0
10-14 01:24:58.723 813 2880 I btaudio_offload_qti: audio_get_a2dp_sink_latency_qti: Sink Latency = 0
10-14 01:24:58.727 813 2880 I btaudio_offload_qti: audio_get_a2dp_sink_latency_qti: Sink Latency = 0
10-14 01:24:58.732 813 2880 I btaudio_offload_qti: audio_get_a2dp_sink_latency_qti: Sink Latency = 0
10-14 01:24:58.735 813 2880 I btaudio_offload_qti: audio_get_a2dp_sink_latency_qti: Sink Latency = 0
10-14 01:24:58.739 813 2880 I btaudio_offload_qti: audio_get_a2dp_sink_latency_qti: Sink Latency = 0
10-14 01:24:58.743 813 2880 I btaudio_offload_qti: audio_get_a2dp_sink_latency_qti: Sink Latency = 0
10-14 01:24:58.747 813 2880 I btaudio_offload_qti: audio_get_a2dp_sink_latency_qti: Sink Latency = 0
10-14 01:24:58.751 813 2880 I btaudio_offload_qti: audio_get_a2dp_sink_latency_qti: Sink Latency = 0
10-14 01:24:58.755 813 2880 I btaudio_offload_qti: audio_get_a2dp_sink_latency_qti: Sink Latency = 0
10-14 01:24:58.759 813 2880 I btaudio_offload_qti: audio_get_a2dp_sink_latency_qti: Sink Latency = 0
10-14 01:24:58.763 813 2880 I btaudio_offload_qti: audio_get_a2dp_sink_latency_qti: Sink Latency = 0
10-14 01:24:58.767 813 2880 I btaudio_offload_qti: audio_get_a2dp_sink_latency_qti: Sink Latency = 0
10-14 01:24:58.771 813 2880 I btaudio_offload_qti: audio_get_a2dp_sink_latency_qti: Sink Latency = 0
10-14 01:24:58.775 813 2880 I btaudio_offload_qti: audio_get_a2dp_sink_latency_qti: Sink Latency = 0
10-14 01:24:58.780 813 2880 I btaudio_offload_qti: audio_get_a2dp_sink_latency_qti: Sink Latency = 0
10-14 01:24:58.783 813 2880 I btaudio_offload_qti: audio_get_a2dp_sink_latency_qti: Sink Latency = 0
10-14 01:24:58.787 813 2880 I btaudio_offload_qti: audio_get_a2dp_sink_latency_qti: Sink Latency = 0
10-14 01:24:58.791 813 2880 I btaudio_offload_qti: audio_get_a2dp_sink_latency_qti: Sink Latency = 0
10-14 01:24:58.795 813 2880 I btaudio_offload_qti: audio_get_a2dp_sink_latency_qti: Sink Latency = 0
10-14 01:24:58.799 813 2880 I btaudio_offload_qti: audio_get_a2dp_sink_latency_qti: Sink Latency = 0
10-14 01:24:58.803 813 2880 I btaudio_offload_qti: audio_get_a2dp_sink_latency_qti: Sink Latency = 0
10-14 01:24:58.807 813 2880 I btaudio_offload_qti: audio_get_a2dp_sink_latency_qti: Sink Latency = 0
10-14 01:24:58.811 813 2880 I btaudio_offload_qti: audio_get_a2dp_sink_latency_qti: Sink Latency = 0
10-14 01:24:58.815 813 2880 I btaudio_offload_qti: audio_get_a2dp_sink_latency_qti: Sink Latency = 0
10-14 01:24:58.819 813 2880 I btaudio_offload_qti: audio_get_a2dp_sink_latency_qti: Sink Latency = 0
10-14 01:24:58.823 813 2880 I btaudio_offload_qti: audio_get_a2dp_sink_latency_qti: Sink Latency = 0
10-14 01:24:58.827 813 2880 I btaudio_offload_qti: audio_get_a2dp_sink_latency_qti: Sink Latency = 0
10-14 01:24:58.831 813 2880 I btaudio_offload_qti: audio_get_a2dp_sink_latency_qti: Sink Latency = 0
10-14 01:24:58.835 813 2880 I btaudio_offload_qti: audio_get_a2dp_sink_latency_qti: Sink Latency = 0
10-14 01:24:58.839 813 2880 I btaudio_offload_qti: audio_get_a2dp_sink_latency_qti: Sink Latency = 0
10-14 01:24:58.843 813 2880 I btaudio_offload_qti: audio_get_a2dp_sink_latency_qti: Sink Latency = 0
10-14 01:24:58.847 813 2880 I btaudio_offload_qti: audio_get_a2dp_sink_latency_qti: Sink Latency = 0
10-14 01:24:58.851 813 2880 I btaudio_offload_qti: audio_get_a2dp_sink_latency_qti: Sink Latency = 0
10-14 01:24:58.855 813 2880 I btaudio_offload_qti: audio_get_a2dp_sink_latency_qti: Sink Latency = 0
10-14 01:24:58.859 813 2880 I btaudio_offload_qti: audio_get_a2dp_sink_latency_qti: Sink Latency = 0
10-14 01:24:58.863 813 2880 I btaudio_offload_qti: audio_get_a2dp_sink_latency_qti: Sink Latency = 0
10-14 01:24:58.867 813 2880 I btaudio_offload_qti: audio_get_a2dp_sink_latency_qti: Sink Latency = 0
10-14 01:24:58.871 813 2880 I btaudio_offload_qti: audio_get_a2dp_sink_latency_qti: Sink Latency = 0
10-14 01:24:58.875 813 2880 I btaudio_offload_qti: audio_get_a2dp_sink_latency_qti: Sink Latency = 0
10-14 01:24:58.879 813 2880 I btaudio_offload_qti: audio_get_a2dp_sink_latency_qti: Sink Latency = 0
10-14 01:24:58.883 813 2880 I btaudio_offload_qti: audio_get_a2dp_sink_latency_qti: Sink Latency = 0
10-14 01:24:58.887 813 2880 I btaudio_offload_qti: audio_get_a2dp_sink_latency_qti: Sink Latency = 0
10-14 01:24:58.891 813 2880 I btaudio_offload_qti: audio_get_a2dp_sink_latency_qti: Sink Latency = 0
10-14 01:24:58.895 813 2880 I btaudio_offload_qti: audio_get_a2dp_sink_latency_qti: Sink Latency = 0
10-14 01:24:58.899 813 2880 I btaudio_offload_qti: audio_get_a2dp_sink_latency_qti: Sink Latency = 0
10-14 01:24:58.903 813 2880 I btaudio_offload_qti: audio_get_a2dp_sink_latency_qti: Sink Latency = 0
10-14 01:24:58.907 813 2880 I btaudio_offload_qti: audio_get_a2dp_sink_latency_qti: Sink Latency = 0
10-14 01:24:58.911 813 2880 I btaudio_offload_qti: audio_get_a2dp_sink_latency_qti: Sink Latency = 0
10-14 01:24:58.915 813 2880 I btaudio_offload_qti: audio_get_a2dp_sink_latency_qti: Sink Latency = 0
10-14 01:24:58.919 813 2880 I btaudio_offload_qti: audio_get_a2dp_sink_latency_qti: Sink Latency = 0
10-14 01:24:58.923 813 2880 I btaudio_offload_qti: audio_get_a2dp_sink_latency_qti: Sink Latency = 0
10-14 01:24:58.927 813 2880 I btaudio_offload_qti: audio_get_a2dp_sink_latency_qti: Sink Latency = 0
10-14 01:24:58.931 813 2880 I btaudio_offload_qti: audio_get_a2dp_sink_latency_qti: Sink Latency = 0
10-14 01:24:58.935 813 2880 I btaudio_offload_qti: audio_get_a2dp_sink_latency_qti: Sink Latency = 0
10-14 01:24:58.939 813 2880 I btaudio_offload_qti: audio_get_a2dp_sink_latency_qti: Sink Latency = 0
10-14 01:24:58.943 813 2880 I btaudio_offload_qti: audio_get_a2dp_sink_latency_qti: Sink Latency = 0
10-14 01:24:58.947 813 2880 I btaudio_offload_qti: audio_get_a2dp_sink_latency_qti: Sink Latency = 0
10-14 01:24:58.951 813 2880 I btaudio_offload_qti: audio_get_a2dp_sink_latency_qti: Sink Latency = 0
10-14 01:24:58.955 813 2880 I btaudio_offload_qti: audio_get_a2dp_sink_latency_qti: Sink Latency = 0
10-14 01:24:58.959 813 2880 I btaudio_offload_qti: audio_get_a2dp_sink_latency_qti: Sink Latency = 0
10-14 01:24:58.963 813 2880 I btaudio_offload_qti: audio_get_a2dp_sink_latency_qti: Sink Latency = 0
10-14 01:24:58.967 813 2880 I btaudio_offload_qti: audio_get_a2dp_sink_latency_qti: Sink Latency = 0
10-14 01:24:58.971 813 2880 I btaudio_offload_qti: audio_get_a2dp_sink_latency_qti: Sink Latency = 0
10-14 01:24:58.975 813 2880 I btaudio_offload_qti: audio_get_a2dp_sink_latency_qti: Sink Latency = 0
10-14 01:24:58.979 813 2880 I btaudio_offload_qti: audio_get_a2dp_sink_latency_qti: Sink Latency = 0
10-14 01:24:58.983 813 2880 I btaudio_offload_qti: audio_get_a2dp_sink_latency_qti: Sink Latency = 0
10-14 01:24:58.987 813 2880 I btaudio_offload_qti: audio_get_a2dp_sink_latency_qti: Sink Latency = 0
10-14 01:24:58.991 813 2880 I btaudio_offload_qti: audio_get_a2dp_sink_latency_qti: Sink Latency = 0
10-14 01:24:58.995 813 2880 I btaudio_offload_qti: audio_get_a2dp_sink_latency_qti: Sink Latency = 0
10-14 01:24:58.999 813 2880 I btaudio_offload_qti: audio_get_a2dp_sink_latency_qti: Sink Latency = 0
10-14 01:24:59.003 813 2880 I btaudio_offload_qti: audio_get_a2dp_sink_latency_qti: Sink Latency = 0
10-14 01:24:59.007 813 2880 I btaudio_offload_qti: audio_get_a2dp_sink_latency_qti: Sink Latency = 0
10-14 01:24:59.011 813 2880 I btaudio_offload_qti: audio_get_a2dp_sink_latency_qti: Sink Latency = 0
10-14 01:24:59.015 813 2880 I btaudio_offload_qti: audio_get_a2dp_sink_latency_qti: Sink Latency = 0
10-14 01:24:59.019 813 2880 I btaudio_offload_qti: audio_get_a2dp_sink_latency_qti: Sink Latency = 0
10-14 01:24:59.023 813 2880 I btaudio_offload_qti: audio_get_a2dp_sink_latency_qti: Sink Latency = 0
10-14 01:24:59.027 813 2880 I btaudio_offload_qti: audio_get_a2dp_sink_latency_qti: Sink Latency = 0
10-14 01:24:59.031 813 2880 I btaudio_offload_qti: audio_get_a2dp_sink_latency_qti: Sink Latency = 0
10-14 01:24:59.035 813 2880 I btaudio_offload_qti: audio_get_a2dp_sink_latency_qti: Sink Latency = 0
10-14 01:24:59.039 813 2880 I btaudio_offload_qti: audio_get_a2dp_sink_latency_qti: Sink Latency = 0
10-14 01:24:59.043 813 2880 I btaudio_offload_qti: audio_get_a2dp_sink_latency_qti: Sink Latency = 0
10-14 01:24:59.047 813 2880 I btaudio_offload_qti: audio_get_a2dp_sink_latency_qti: Sink Latency = 0
10-14 01:24:59.051 813 2880 I btaudio_offload_qti: audio_get_a2dp_sink_latency_qti: Sink Latency = 0
10-14 01:24:59.055 813 2880 I btaudio_offload_qti: audio_get_a2dp_sink_latency_qti: Sink Latency = 0
10-14 01:24:59.059 813 2880 I btaudio_offload_qti: audio_get_a2dp_sink_latency_qti: Sink Latency = 0
10-14 01:24:59.063 813 2880 I btaudio_offload_qti: audio_get_a2dp_sink_latency_qti: Sink Latency = 0
10-14 01:24:59.067 813 2880 I btaudio_offload_qti: audio_get_a2dp_sink_latency_qti: Sink Latency = 0
10-14 01:24:59.071 813 2880 I btaudio_offload_qti: audio_get_a2dp_sink_latency_qti: Sink Latency = 0
10-14 01:24:59.075 813 2880 I btaudio_offload_qti: audio_get_a2dp_sink_latency_qti: Sink Latency = 0
10-14 01:24:59.080 813 2880 I btaudio_offload_qti: audio_get_a2dp_sink_latency_qti: Sink Latency = 0
10-14 01:24:59.084 813 2880 I btaudio_offload_qti: audio_get_a2dp_sink_latency_qti: Sink Latency = 0
10-14 01:24:59.088 813 2880 I btaudio_offload_qti: audio_get_a2dp_sink_latency_qti: Sink Latency = 0
10-14 01:24:59.092 813 2880 I btaudio_offload_qti: audio_get_a2dp_sink_latency_qti: Sink Latency = 0
10-14 01:24:59.096 813 2880 I btaudio_offload_qti: audio_get_a2dp_sink_latency_qti: Sink Latency = 0
10-14 01:24:59.100 813 2880 I btaudio_offload_qti: audio_get_a2dp_sink_latency_qti: Sink Latency = 0
10-14 01:24:59.104 813 2880 I btaudio_offload_qti: audio_get_a2dp_sink_latency_qti: Sink Latency = 0
10-14 01:24:59.108 813 2880 I btaudio_offload_qti: audio_get_a2dp_sink_latency_qti: Sink Latency = 0
10-14 01:24:59.112 813 2880 I btaudio_offload_qti: audio_get_a2dp_sink_latency_qti: Sink Latency = 0
10-14 01:24:59.116 813 2880 I btaudio_offload_qti: audio_get_a2dp_sink_latency_qti: Sink Latency = 0
10-14 01:24:59.120 813 2880 I btaudio_offload_qti: audio_get_a2dp_sink_latency_qti: Sink Latency = 0
10-14 01:24:59.124 813 2880 I btaudio_offload_qti: audio_get_a2dp_sink_latency_qti: Sink Latency = 0
10-14 01:24:59.128 813 2880 I btaudio_offload_qti: audio_get_a2dp_sink_latency_qti: Sink Latency = 0
10-14 01:24:59.132 813 2880 I btaudio_offload_qti: audio_get_a2dp_sink_latency_qti: Sink Latency = 0
10-14 01:24:59.136 813 2880 I btaudio_offload_qti: audio_get_a2dp_sink_latency_qti: Sink Latency = 0
10-14 01:24:59.140 813 2880 I btaudio_offload_qti: audio_get_a2dp_sink_latency_qti: Sink Latency = 0
10-14 01:24:59.144 813 2880 I btaudio_offload_qti: audio_get_a2dp_sink_latency_qti: Sink Latency = 0
10-14 01:24:59.147 813 2880 I btaudio_offload_qti: audio_get_a2dp_sink_latency_qti: Sink Latency = 0
