10-19 06:03:11.272 I/liblog (11930): 1
10-19 06:03:11.272 I/liblog (11930): 1
10-19 06:03:11.272 I/liblog (11930): 2
10-19 06:03:11.272 I/liblog (11930): 2
10-19 06:03:11.887 I/dropbox_file_copy( 1146): [/data/tombstones/tombstone_09,98304,SYSTEM_TOMBSTONE]
10-19 06:03:11.900 I/commit_sys_config_file( 1146): [log-files,16648348]
10-19 06:03:11.925 I/commit_sys_config_file( 1146): [log-files,16648373]
10-19 06:03:16.934 I/dropbox_file_copy( 1146): [/data/tombstones/tombstone_10,98304,SYSTEM_TOMBSTONE]
10-19 06:03:16.939 I/commit_sys_config_file( 1146): [log-files,16653387]
10-19 06:03:16.955 I/commit_sys_config_file( 1146): [log-files,16653403]
10-19 06:03:22.093 I/dropbox_file_copy( 1146): [/data/tombstones/tombstone_11,98304,SYSTEM_TOMBSTONE]
10-19 06:03:22.119 I/commit_sys_config_file( 1146): [log-files,16658567]
10-19 06:03:22.141 I/commit_sys_config_file( 1146): [log-files,16658589]
10-19 06:03:24.424 I/sysui_multi_action( 1146): [757,1696,758,6,759,2]
10-19 06:03:24.436 I/am_wtf ( 1146): [0,1146,system_server,-1,DisplayDeviceConfig,requesting nits when no mapping exists.]
10-19 06:03:24.441 I/am_wtf ( 1146): [0,1146,system_server,-1,DisplayDeviceConfig,requesting nits when no mapping exists.]
10-19 06:03:24.455 I/am_wtf ( 1146): [0,1146,system_server,-1,DisplayDeviceConfig,requesting nits when no mapping exists.]
10-19 06:03:24.466 I/am_wtf ( 1146): [0,1146,system_server,-1,DisplayDeviceConfig,requesting nits when no mapping exists.]
10-19 06:03:24.470 I/am_wtf ( 1146): [0,1146,system_server,-1,DisplayDeviceConfig,requesting nits when no mapping exists.]
10-19 06:03:24.473 I/am_wtf ( 1146): [0,1146,system_server,-1,DisplayDeviceConfig,requesting nits when no mapping exists.]
10-19 06:03:24.477 I/am_wtf ( 1146): [0,1146,system_server,-1,DisplayDeviceConfig,requesting nits when no mapping exists.]
10-19 06:03:24.478 I/am_wtf ( 1146): [0,1146,system_server,-1,DisplayDeviceConfig,requesting nits when no mapping exists.]
10-19 06:03:24.489 I/am_wtf ( 1146): [0,1146,system_server,-1,DisplayDeviceConfig,requesting nits when no mapping exists.]
10-19 06:03:24.491 I/am_wtf ( 1146): [0,1146,system_server,-1,DisplayDeviceConfig,requesting nits when no mapping exists.]
10-19 06:03:24.501 I/am_wtf ( 1146): [0,1146,system_server,-1,DisplayDeviceConfig,requesting nits when no mapping exists.]
10-19 06:03:24.502 I/am_wtf ( 1146): [0,1146,system_server,-1,DisplayDeviceConfig,requesting nits when no mapping exists.]
10-19 06:03:24.513 I/am_wtf ( 1146): [0,1146,system_server,-1,DisplayDeviceConfig,requesting nits when no mapping exists.]
10-19 06:03:24.514 I/am_wtf ( 1146): [0,1146,system_server,-1,DisplayDeviceConfig,requesting nits when no mapping exists.]
10-19 06:03:24.525 I/am_wtf ( 1146): [0,1146,system_server,-1,DisplayDeviceConfig,requesting nits when no mapping exists.]
10-19 06:03:24.526 I/am_wtf ( 1146): [0,1146,system_server,-1,DisplayDeviceConfig,requesting nits when no mapping exists.]
10-19 06:03:24.542 I/am_wtf ( 1146): [0,1146,system_server,-1,DisplayDeviceConfig,requesting nits when no mapping exists.]
10-19 06:03:24.544 I/am_wtf ( 1146): [0,1146,system_server,-1,DisplayDeviceConfig,requesting nits when no mapping exists.]
10-19 06:03:24.559 I/am_wtf ( 1146): [0,1146,system_server,-1,DisplayDeviceConfig,requesting nits when no mapping exists.]
10-19 06:03:24.560 I/am_wtf ( 1146): [0,1146,system_server,-1,DisplayDeviceConfig,requesting nits when no mapping exists.]
10-19 06:03:24.571 I/service_manager_slow( 1146): [10,dropbox]
10-19 06:03:24.575 I/am_wtf ( 1146): [0,1146,system_server,-1,DisplayDeviceConfig,requesting nits when no mapping exists.]
10-19 06:03:24.576 I/am_wtf ( 1146): [0,1146,system_server,-1,DisplayDeviceConfig,requesting nits when no mapping exists.]
10-19 06:03:24.592 I/am_wtf ( 1146): [0,1146,system_server,-1,DisplayDeviceConfig,requesting nits when no mapping exists.]
10-19 06:03:24.593 I/am_wtf ( 1146): [0,1146,system_server,-1,DisplayDeviceConfig,requesting nits when no mapping exists.]
10-19 06:03:24.609 I/am_wtf ( 1146): [0,1146,system_server,-1,DisplayDeviceConfig,requesting nits when no mapping exists.]
10-19 06:03:24.610 I/am_wtf ( 1146): [0,1146,system_server,-1,DisplayDeviceConfig,requesting nits when no mapping exists.]
10-19 06:03:24.627 I/am_wtf ( 1146): [0,1146,system_server,-1,DisplayDeviceConfig,requesting nits when no mapping exists.]
10-19 06:03:24.637 I/am_wtf ( 1146): [0,1146,system_server,-1,DisplayDeviceConfig,requesting nits when no mapping exists.]
10-19 06:03:24.642 I/am_wtf ( 1146): [0,1146,system_server,-1,DisplayDeviceConfig,requesting nits when no mapping exists.]
10-19 06:03:24.643 I/am_wtf ( 1146): [0,1146,system_server,-1,DisplayDeviceConfig,requesting nits when no mapping exists.]
10-19 06:03:24.659 I/am_wtf ( 1146): [0,1146,system_server,-1,DisplayDeviceConfig,requesting nits when no mapping exists.]
10-19 06:03:24.661 I/am_wtf ( 1146): [0,1146,system_server,-1,DisplayDeviceConfig,requesting nits when no mapping exists.]
10-19 06:03:24.675 I/am_wtf ( 1146): [0,1146,system_server,-1,DisplayDeviceConfig,requesting nits when no mapping exists.]
10-19 06:03:24.677 I/am_wtf ( 1146): [0,1146,system_server,-1,DisplayDeviceConfig,requesting nits when no mapping exists.]
10-19 06:03:24.693 I/am_wtf ( 1146): [0,1146,system_server,-1,DisplayDeviceConfig,requesting nits when no mapping exists.]
10-19 06:03:24.694 I/am_wtf ( 1146): [0,1146,system_server,-1,DisplayDeviceConfig,requesting nits when no mapping exists.]
10-19 06:03:24.709 I/am_wtf ( 1146): [0,1146,system_server,-1,DisplayDeviceConfig,requesting nits when no mapping exists.]
10-19 06:03:24.710 I/am_wtf ( 1146): [0,1146,system_server,-1,DisplayDeviceConfig,requesting nits when no mapping exists.]
10-19 06:03:24.725 I/am_wtf ( 1146): [0,1146,system_server,-1,DisplayDeviceConfig,requesting nits when no mapping exists.]
10-19 06:03:24.727 I/am_wtf ( 1146): [0,1146,system_server,-1,DisplayDeviceConfig,requesting nits when no mapping exists.]
10-19 06:03:24.742 I/am_wtf ( 1146): [0,1146,system_server,-1,DisplayDeviceConfig,requesting nits when no mapping exists.]
10-19 06:03:24.744 I/am_wtf ( 1146): [0,1146,system_server,-1,DisplayDeviceConfig,requesting nits when no mapping exists.]
10-19 06:03:24.760 I/am_wtf ( 1146): [0,1146,system_server,-1,DisplayDeviceConfig,requesting nits when no mapping exists.]
10-19 06:03:24.762 I/am_wtf ( 1146): [0,1146,system_server,-1,DisplayDeviceConfig,requesting nits when no mapping exists.]
10-19 06:03:24.776 I/am_wtf ( 1146): [0,1146,system_server,-1,DisplayDeviceConfig,requesting nits when no mapping exists.]
10-19 06:03:24.777 I/am_wtf ( 1146): [0,1146,system_server,-1,DisplayDeviceConfig,requesting nits when no mapping exists.]
10-19 06:03:24.793 I/am_wtf ( 1146): [0,1146,system_server,-1,DisplayDeviceConfig,requesting nits when no mapping exists.]
10-19 06:03:24.795 I/am_wtf ( 1146): [0,1146,system_server,-1,DisplayDeviceConfig,requesting nits when no mapping exists.]
10-19 06:03:24.809 I/am_wtf ( 1146): [0,1146,system_server,-1,DisplayDeviceConfig,requesting nits when no mapping exists.]
10-19 06:03:24.812 I/am_wtf ( 1146): [0,1146,system_server,-1,DisplayDeviceConfig,requesting nits when no mapping exists.]
10-19 06:03:27.077 I/dropbox_file_copy( 1146): [/data/tombstones/tombstone_12,98304,SYSTEM_TOMBSTONE]
10-19 06:03:27.094 I/commit_sys_config_file( 1146): [log-files,16663542]
10-19 06:03:27.114 I/commit_sys_config_file( 1146): [log-files,16663562]
10-19 06:03:31.427 I/sysui_multi_action( 1146): [757,222,758,1]
10-19 06:03:31.432 I/am_uid_active( 1146): 10069
10-19 06:03:31.449 I/wm_task_created( 1146): [162,-1]
10-19 06:03:31.451 I/am_pss ( 1146): [6285,10063,com.android.soundrecorder,21450752,14450688,0,141811712,0,18,13]
10-19 06:03:31.455 I/wm_task_moved( 1146): [162,1,8]
10-19 06:03:31.455 I/wm_task_to_front( 1146): [0,162]
10-19 06:03:31.455 I/wm_create_task( 1146): [0,162]
10-19 06:03:31.455 I/wm_create_activity( 1146): [0,50002155,162,com.android.deskclock/android.service.dreams.DreamActivity,NULL,NULL,NULL,276824064]
10-19 06:03:31.455 I/wm_task_moved( 1146): [162,1,8]
10-19 06:03:31.456 I/wm_on_top_resumed_lost_called( 2903): [228154950,com.android.launcher3.uioverrides.QuickstepLauncher,topStateChangedWhenResumed]
10-19 06:03:31.458 I/wm_pause_activity( 1146): [0,228154950,com.android.launcher3/.uioverrides.QuickstepLauncher,userLeaving=true,pauseBackTasks]
10-19 06:03:31.463 I/am_pss ( 1146): [11833,10029,com.android.documentsui,12979200,9740288,0,109109248,0,19,10]
10-19 06:03:31.466 I/wm_on_paused_called( 2903): [228154950,com.android.launcher3.uioverrides.QuickstepLauncher,performPause]
10-19 06:03:31.471 I/wm_add_to_stopping( 1146): [0,228154950,com.android.launcher3/.uioverrides.QuickstepLauncher,makeInvisible]
10-19 06:03:31.472 I/wm_restart_activity( 1146): [0,50002155,162,com.android.deskclock/android.service.dreams.DreamActivity]
10-19 06:03:31.474 I/wm_set_resumed_activity( 1146): [0,com.android.deskclock/android.service.dreams.DreamActivity,minimalResumeActivityLocked]
10-19 06:03:31.485 I/wm_on_create_called( 6763): [50002155,android.service.dreams.DreamActivity,performCreate]
10-19 06:03:31.486 I/wm_on_start_called( 6763): [50002155,android.service.dreams.DreamActivity,handleStartActivity]
10-19 06:03:31.487 I/input_focus( 1146): [Focus leaving a926fae com.android.launcher3/com.android.launcher3.uioverrides.QuickstepLauncher (server),reason=NO_WINDOW]
10-19 06:03:31.487 I/wm_on_resume_called( 6763): [50002155,android.service.dreams.DreamActivity,RESUME_ACTIVITY]
10-19 06:03:31.491 I/sysui_multi_action( 1146): [757,803,799,window_time_0,802,92]
10-19 06:03:31.498 I/wm_on_top_resumed_gained_called( 6763): [50002155,android.service.dreams.DreamActivity,topStateChangedWhenResumed]
10-19 06:03:31.534 I/input_focus( 1146): [Focus request c01ba06 com.android.deskclock/android.service.dreams.DreamActivity,reason=UpdateInputWindows]
10-19 06:03:31.538 I/notification_enqueue( 1146): [10088,2269,com.android.systemui,2048,NULL,0,Notification(channel=updateNotification shortcut=null contentView=null vibrate=null sound=null defaults=0x0 flags=0x0 color=0x00000000 vis=PRIVATE),1]
10-19 06:03:31.539 I/sysui_multi_action( 2269): [757,111,758,2]
10-19 06:03:31.541 I/sysui_multi_action( 2269): [757,111,758,2]
10-19 06:03:31.556 I/liblog (11969): 179
10-19 06:03:31.567 I/sysui_multi_action( 2269): [757,111,758,1]
10-19 06:03:31.567 I/sysui_multi_action( 2269): [757,126,758,1,759,126,927,0,928,1,1593,0]
10-19 06:03:31.568 I/sysui_multi_action( 2269): [757,113,758,1,759,113,927,1,928,1,1593,0]
10-19 06:03:31.568 I/sysui_multi_action( 2269): [757,0,758,1,759,0,927,2,928,0,1593,0]
10-19 06:03:31.568 I/sysui_multi_action( 2269): [757,0,758,1,759,0,927,3,928,0,1593,0]
10-19 06:03:31.569 I/sysui_multi_action( 2269): [757,491,758,1,759,491,927,4,928,0,1311,-1,1593,0]
10-19 06:03:31.569 I/sysui_multi_action( 2269): [757,0,758,1,759,0,927,5,928,0,1593,0]
10-19 06:03:31.570 I/sysui_multi_action( 2269): [757,0,758,1,759,0,927,6,1593,0]
10-19 06:03:31.570 I/sysui_multi_action( 2269): [757,114,758,1,759,114,927,7,928,0,1593,0]
10-19 06:03:31.570 I/sysui_multi_action( 2269): [757,111,758,1]
10-19 06:03:31.571 I/sysui_multi_action( 2269): [757,126,758,1,759,126,927,0,928,1,1593,0]
10-19 06:03:31.571 I/sysui_multi_action( 2269): [757,113,758,1,759,113,927,1,928,1,1593,0]
10-19 06:03:31.571 I/sysui_multi_action( 2269): [757,0,758,1,759,0,927,2,928,0,1593,0]
10-19 06:03:31.571 I/sysui_multi_action( 2269): [757,0,758,1,759,0,927,3,928,0,1593,0]
10-19 06:03:31.586 I/sysui_multi_action( 1146): [319,129,322,127,325,16722,757,761,758,8,759,2,806,com.android.deskclock,871,android.service.dreams.DreamActivity,904,com.android.deskclock,905,0,1320,8,1321,5]
10-19 06:03:31.588 I/sysui_multi_action( 1146): [757,1696,758,6,759,3]
10-19 06:03:31.591 I/dvm_lock_sample( 1146): [system_server,1,android.display,24,WindowManagerService.java,5184,void com.android.server.wm.WindowManagerService$H.handleMessage(android.os.Message),,0,null,4]
10-19 06:03:31.592 I/wm_activity_launch_time( 1146): [0,50002155,com.android.deskclock/android.service.dreams.DreamActivity,127]
10-19 06:03:31.599 I/am_wtf ( 1146): [0,1146,system_server,-1,DisplayDeviceConfig,requesting nits when no mapping exists.]
10-19 06:03:31.600 I/input_focus( 1146): [Focus entering c01ba06 com.android.deskclock/android.service.dreams.DreamActivity (server),reason=Window became focusable. Previous reason: NOT_VISIBLE]
10-19 06:03:31.602 I/am_wtf ( 1146): [0,1146,system_server,-1,DisplayDeviceConfig,requesting nits when no mapping exists.]
10-19 06:03:31.628 I/am_wtf ( 1146): [0,1146,system_server,-1,DisplayDeviceConfig,requesting nits when no mapping exists.]
10-19 06:03:31.634 I/am_wtf ( 1146): [0,1146,system_server,-1,DisplayDeviceConfig,requesting nits when no mapping exists.]
10-19 06:03:31.661 I/am_wtf ( 1146): [0,1146,system_server,-1,DisplayDeviceConfig,requesting nits when no mapping exists.]
10-19 06:03:31.662 I/am_wtf ( 1146): [0,1146,system_server,-1,DisplayDeviceConfig,requesting nits when no mapping exists.]
10-19 06:03:31.681 I/am_wtf ( 1146): [0,1146,system_server,-1,DisplayDeviceConfig,requesting nits when no mapping exists.]
10-19 06:03:31.682 I/am_wtf ( 1146): [0,1146,system_server,-1,DisplayDeviceConfig,requesting nits when no mapping exists.]
10-19 06:03:31.714 I/am_wtf ( 1146): [0,1146,system_server,-1,DisplayDeviceConfig,requesting nits when no mapping exists.]
10-19 06:03:31.720 I/am_wtf ( 1146): [0,1146,system_server,-1,DisplayDeviceConfig,requesting nits when no mapping exists.]
10-19 06:03:31.765 I/am_wtf ( 1146): [0,1146,system_server,-1,DisplayDeviceConfig,requesting nits when no mapping exists.]
10-19 06:03:31.767 I/am_wtf ( 1146): [0,1146,system_server,-1,DisplayDeviceConfig,requesting nits when no mapping exists.]
10-19 06:03:31.800 I/am_wtf ( 1146): [0,1146,system_server,-1,DisplayDeviceConfig,requesting nits when no mapping exists.]
10-19 06:03:31.801 I/am_wtf ( 1146): [0,1146,system_server,-1,DisplayDeviceConfig,requesting nits when no mapping exists.]
10-19 06:03:31.830 I/am_wtf ( 1146): [0,1146,system_server,-1,DisplayDeviceConfig,requesting nits when no mapping exists.]
10-19 06:03:31.831 I/service_manager_stats( 1146): [100,147,94981]
10-19 06:03:31.831 I/am_wtf ( 1146): [0,1146,system_server,-1,DisplayDeviceConfig,requesting nits when no mapping exists.]
10-19 06:03:31.851 I/am_wtf ( 1146): [0,1146,system_server,-1,DisplayDeviceConfig,requesting nits when no mapping exists.]
10-19 06:03:31.852 I/am_wtf ( 1146): [0,1146,system_server,-1,DisplayDeviceConfig,requesting nits when no mapping exists.]
10-19 06:03:31.871 I/wm_stop_activity( 1146): [0,228154950,com.android.launcher3/.uioverrides.QuickstepLauncher]
10-19 06:03:31.881 I/am_wtf ( 1146): [0,1146,system_server,-1,DisplayDeviceConfig,requesting nits when no mapping exists.]
10-19 06:03:31.884 I/am_wtf ( 1146): [0,1146,system_server,-1,DisplayDeviceConfig,requesting nits when no mapping exists.]
10-19 06:03:31.905 I/wm_on_stop_called( 2903): [228154950,com.android.launcher3.uioverrides.QuickstepLauncher,STOP_ACTIVITY_ITEM]
10-19 06:03:31.916 I/am_wtf ( 1146): [0,1146,system_server,-1,DisplayDeviceConfig,requesting nits when no mapping exists.]
10-19 06:03:31.918 I/am_wtf ( 1146): [0,1146,system_server,-1,DisplayDeviceConfig,requesting nits when no mapping exists.]
10-19 06:03:31.941 I/am_wtf ( 1146): [0,1146,system_server,-1,DisplayDeviceConfig,requesting nits when no mapping exists.]
10-19 06:03:31.942 I/am_wtf ( 1146): [0,1146,system_server,-1,DisplayDeviceConfig,requesting nits when no mapping exists.]
10-19 06:03:31.958 I/am_wtf ( 1146): [0,1146,system_server,-1,DisplayDeviceConfig,requesting nits when no mapping exists.]
10-19 06:03:31.960 I/am_wtf ( 1146): [0,1146,system_server,-1,DisplayDeviceConfig,requesting nits when no mapping exists.]
10-19 06:03:31.975 I/am_wtf ( 1146): [0,1146,system_server,-1,DisplayDeviceConfig,requesting nits when no mapping exists.]
10-19 06:03:31.978 I/am_wtf ( 1146): [0,1146,system_server,-1,DisplayDeviceConfig,requesting nits when no mapping exists.]
10-19 06:03:31.989 I/am_wtf ( 1146): [0,1146,system_server,-1,DisplayDeviceConfig,requesting nits when no mapping exists.]
10-19 06:03:31.990 I/am_wtf ( 1146): [0,1146,system_server,-1,DisplayDeviceConfig,requesting nits when no mapping exists.]
10-19 06:03:32.188 I/dropbox_file_copy( 1146): [/data/tombstones/tombstone_13,98304,SYSTEM_TOMBSTONE]
10-19 06:03:32.196 I/commit_sys_config_file( 1146): [log-files,16668645]
10-19 06:03:32.219 I/commit_sys_config_file( 1146): [log-files,16668667]
10-19 06:03:32.887 I/input_interaction( 1146): Interaction with: c01ba06 com.android.deskclock/android.service.dreams.DreamActivity (server), edge-swipe (server), swipe-up (server), PointerEventDispatcher0 (server),
10-19 06:03:32.902 I/wm_finish_activity( 1146): [0,50002155,162,com.android.deskclock/android.service.dreams.DreamActivity,finish-activity]
10-19 06:03:32.902 I/wm_task_moved( 1146): [1,1,7]
10-19 06:03:32.903 I/wm_task_moved( 1146): [10,1,2147483647]
10-19 06:03:32.903 I/wm_task_to_front( 1146): [0,10]
10-19 06:03:32.903 I/wm_focused_root_task( 1146): [0,0,1,162,finish-top adjustFocusToNextFocusableTask]
10-19 06:03:32.904 I/wm_set_resumed_activity( 1146): [0,com.android.launcher3/.uioverrides.QuickstepLauncher,finish-top adjustFocusToNextFocusableTask]
10-19 06:03:32.905 I/wm_pause_activity( 1146): [0,50002155,com.android.deskclock/android.service.dreams.DreamActivity,userLeaving=false,finish]
10-19 06:03:32.921 I/wm_on_top_resumed_lost_called( 6763): [50002155,android.service.dreams.DreamActivity,topStateChangedWhenResumed]
10-19 06:03:32.922 I/wm_on_paused_called( 6763): [50002155,android.service.dreams.DreamActivity,performPause]
10-19 06:03:32.923 I/wm_add_to_stopping( 1146): [0,50002155,com.android.deskclock/android.service.dreams.DreamActivity,completeFinishing]
10-19 06:03:32.926 I/wm_set_resumed_activity( 1146): [0,com.android.launcher3/.uioverrides.QuickstepLauncher,resumeTopActivityInnerLocked]
10-19 06:03:32.928 I/wm_resume_activity( 1146): [0,228154950,10,com.android.launcher3/.uioverrides.QuickstepLauncher]
10-19 06:03:32.931 I/wm_on_restart_called( 2903): [228154950,com.android.launcher3.uioverrides.QuickstepLauncher,performRestartActivity]
10-19 06:03:32.931 I/wm_on_start_called( 2903): [228154950,com.android.launcher3.uioverrides.QuickstepLauncher,handleStartActivity]
10-19 06:03:32.932 I/wm_on_resume_called( 2903): [228154950,com.android.launcher3.uioverrides.QuickstepLauncher,RESUME_ACTIVITY]
10-19 06:03:32.932 I/wm_on_top_resumed_gained_called( 2903): [228154950,com.android.launcher3.uioverrides.QuickstepLauncher,topWhenResuming]
10-19 06:03:32.935 I/sysui_multi_action( 1146): [757,803,799,window_time_0,802,2]
10-19 06:03:32.936 I/view_enqueue_input_event( 6763): [Motion - Cancel,com.android.deskclock/android.service.dreams.DreamActivity]
10-19 06:03:32.936 I/input_focus( 1146): [Focus leaving c01ba06 com.android.deskclock/android.service.dreams.DreamActivity (server),reason=NO_WINDOW]
10-19 06:03:32.940 I/input_interaction( 1146): Interaction with: edge-swipe (server), swipe-up (server), PointerEventDispatcher0 (server),
10-19 06:03:32.948 I/sysui_multi_action( 1146): [757,803,799,window_time_0,802,0]
10-19 06:03:32.963 I/input_focus( 1146): [Focus request a926fae com.android.launcher3/com.android.launcher3.uioverrides.QuickstepLauncher,reason=UpdateInputWindows]
10-19 06:03:33.016 I/input_focus( 1146): [Focus entering a926fae com.android.launcher3/com.android.launcher3.uioverrides.QuickstepLauncher (server),reason=Window became focusable. Previous reason: NOT_VISIBLE]
10-19 06:03:33.261 I/wm_destroy_activity( 1146): [0,50002155,162,com.android.deskclock/android.service.dreams.DreamActivity,finish-imm:idle]
10-19 06:03:33.290 I/wm_on_stop_called( 6763): [50002155,android.service.dreams.DreamActivity,LIFECYCLER_STOP_ACTIVITY]
10-19 06:03:33.290 I/wm_on_destroy_called( 6763): [50002155,android.service.dreams.DreamActivity,performDestroy]
10-19 06:03:33.296 I/sysui_multi_action( 1146): [757,222,758,2]
10-19 06:03:33.296 I/sysui_multi_action( 1146): [757,804,799,dreaming_minutes,801,0,802,1]
10-19 06:03:33.309 I/wm_task_removed( 1146): [162,removeChild:removeChild last r=ActivityRecord{2faf8eb u0 com.android.deskclock/android.service.dreams.DreamActivity t-1 f}} in t=Task{a00d24 #162 type=dream A=10069:android:com.android.deskclock/dream U=0 visible=false mode=fullscreen translucent=true sz=0}]
10-19 06:03:33.309 I/wm_task_removed( 1146): [162,removeChild]
10-19 06:03:36.535 I/liblog (11980): 4
10-19 06:03:36.535 I/liblog (11980): 2
10-19 06:03:36.535 I/liblog (11980): 4
10-19 06:03:36.536 I/liblog (11980): 2
10-19 06:03:36.536 I/liblog (11980): 5
10-19 06:03:36.536 I/liblog (11980): 3
10-19 06:03:36.536 I/liblog (11980): 3
10-19 06:03:36.536 I/liblog (11980): 3
10-19 06:03:36.536 I/liblog (11980): 5
10-19 06:03:36.536 I/liblog (11980): 3
10-19 06:03:36.536 I/liblog (11980): 4
10-19 06:03:36.536 I/liblog (11980): 4
10-19 06:03:36.536 I/liblog (11980): 3
10-19 06:03:36.536 I/liblog (11980): 6
10-19 06:03:36.537 I/liblog (11980): 4
10-19 06:03:36.537 I/liblog (11980): 3
10-19 06:03:36.537 I/liblog (11980): 3
10-19 06:03:36.537 I/liblog (11980): 4
10-19 06:03:36.537 I/liblog (11980): 6
10-19 06:03:36.537 I/liblog (11980): 7
10-19 06:03:36.537 I/liblog (11980): 4
10-19 06:03:36.537 I/liblog (11980): 3
10-19 06:03:36.537 I/liblog (11980): 3
10-19 06:03:36.537 I/liblog (11980): 3
10-19 06:03:36.537 I/liblog (11980): 2
10-19 06:03:36.538 I/liblog (11980): 3
10-19 06:03:36.538 I/liblog (11980): 2
10-19 06:03:36.538 I/liblog (11980): 2
10-19 06:03:36.538 I/liblog (11980): 13
10-19 06:03:36.538 I/liblog (11980): 3
10-19 06:03:36.538 I/liblog (11980): 3
10-19 06:03:36.538 I/liblog (11980): 3
10-19 06:03:36.538 I/liblog (11980): 3
10-19 06:03:36.539 I/liblog (11980): 4
10-19 06:03:36.539 I/liblog (11980): 2
10-19 06:03:36.539 I/liblog (11980): 3
10-19 06:03:36.539 I/liblog (11980): 2
10-19 06:03:36.539 I/liblog (11980): 2
10-19 06:03:36.539 I/liblog (11980): 2
10-19 06:03:36.539 I/liblog (11980): 3
10-19 06:03:36.539 I/liblog (11980): 6
10-19 06:03:36.539 I/liblog (11980): 2
10-19 06:03:36.539 I/liblog (11980): 3
10-19 06:03:36.539 I/liblog (11980): 2
10-19 06:03:36.540 I/liblog (11980): 4
10-19 06:03:36.540 I/liblog (11980): 3
10-19 06:03:36.540 I/liblog (11980): 4
10-19 06:03:36.540 I/liblog (11980): 3
10-19 06:03:36.540 I/liblog (11980): 3
10-19 06:03:36.540 I/liblog (11980): 4
10-19 06:03:36.540 I/liblog (11980): 3
10-19 06:03:36.540 I/liblog (11980): 4
10-19 06:03:36.540 I/liblog (11980): 4
10-19 06:03:36.540 I/liblog (11980): 3
10-19 06:03:36.540 I/liblog (11980): 2
10-19 06:03:36.541 I/liblog (11980): 6
10-19 06:03:36.541 I/liblog (11980): 4
10-19 06:03:36.541 I/liblog (11980): 5
10-19 06:03:36.541 I/liblog (11980): 3
10-19 06:03:36.541 I/liblog (11980): 3
10-19 06:03:36.541 I/liblog (11980): 4
10-19 06:03:36.541 I/liblog (11980): 4
10-19 06:03:36.541 I/liblog (11980): 3
10-19 06:03:36.541 I/liblog (11980): 5
10-19 06:03:36.542 I/liblog (11980): 8
10-19 06:03:36.542 I/liblog (11980): 3
10-19 06:03:36.542 I/liblog (11980): 2
10-19 06:03:36.542 I/liblog (11980): 3
10-19 06:03:36.542 I/liblog (11980): 1
10-19 06:03:36.542 I/liblog (11980): 2
10-19 06:03:36.542 I/liblog (11980): 1
10-19 06:03:36.542 I/liblog (11980): 2
10-19 06:03:36.542 I/liblog (11980): 2
10-19 06:03:36.543 I/liblog (11980): 4
10-19 06:03:36.543 I/liblog (11980): 4
10-19 06:03:36.543 I/liblog (11980): 3
10-19 06:03:36.543 I/liblog (11980): 8
10-19 06:03:36.543 I/liblog (11980): 3
10-19 06:03:36.543 I/liblog (11980): 3
10-19 06:03:36.543 I/liblog (11980): 6
10-19 06:03:36.544 I/liblog (11980): 7
10-19 06:03:36.544 I/liblog (11980): 12
10-19 06:03:36.544 I/liblog (11980): 5
10-19 06:03:36.544 I/liblog (11980): 6
10-19 06:03:36.544 I/liblog (11980): 3
10-19 06:03:36.544 I/liblog (11980): 2
10-19 06:03:36.544 I/liblog (11980): 4
10-19 06:03:36.545 I/liblog (11980): 4
10-19 06:03:36.545 I/liblog (11980): 3
10-19 06:03:36.545 I/liblog (11980): 5
10-19 06:03:36.545 I/liblog (11980): 3
10-19 06:03:36.545 I/liblog (11980): 4
10-19 06:03:36.545 I/liblog (11980): 3
10-19 06:03:36.545 I/liblog (11980): 11
10-19 06:03:36.545 I/liblog (11980): 3
10-19 06:03:36.545 I/liblog (11980): 4
10-19 06:03:36.545 I/liblog (11980): 4
10-19 06:03:36.546 I/liblog (11980): 4
10-19 06:03:36.546 I/liblog (11980): 4
10-19 06:03:36.546 I/liblog (11980): 4
10-19 06:03:36.546 I/liblog (11980): 4
10-19 06:03:36.546 I/liblog (11980): 8
10-19 06:03:36.546 I/liblog (11980): 4
10-19 06:03:36.546 I/liblog (11980): 3
10-19 06:03:36.546 I/liblog (11980): 3
10-19 06:03:36.546 I/liblog (11980): 10
10-19 06:03:36.546 I/liblog (11980): 4
10-19 06:03:36.547 I/liblog (11980): 8
10-19 06:03:36.547 I/liblog (11980): 4
10-19 06:03:36.547 I/liblog (11980): 3
10-19 06:03:37.184 I/dropbox_file_copy( 1146): [/data/tombstones/tombstone_14,98304,SYSTEM_TOMBSTONE]
10-19 06:03:37.191 I/commit_sys_config_file( 1146): [log-files,16673640]
10-19 06:03:37.210 I/commit_sys_config_file( 1146): [log-files,16673658]
10-19 06:03:41.549 I/liblog (11989): 1
10-19 06:03:41.549 I/liblog (11989): 4
10-19 06:03:41.549 I/liblog (11989): 8
10-19 06:03:41.549 I/liblog (11989): 5
10-19 06:03:41.549 I/liblog (11989): 8
10-19 06:03:41.549 I/liblog (11989): 4
10-19 06:03:41.550 I/liblog (11989): 9
10-19 06:03:41.550 I/liblog (11989): 8
10-19 06:03:41.550 I/liblog (11989): 4
10-19 06:03:41.550 I/liblog (11989): 5
10-19 06:03:41.550 I/liblog (11989): 5
10-19 06:03:41.550 I/liblog (11989): 14
10-19 06:03:41.550 I/liblog (11989): 3
10-19 06:03:41.550 I/liblog (11989): 4
10-19 06:03:41.551 I/liblog (11989): 9
10-19 06:03:41.551 I/liblog (11989): 4
10-19 06:03:41.551 I/liblog (11989): 2
10-19 06:03:41.551 I/liblog (11989): 3
10-19 06:03:41.551 I/liblog (11989): 3
10-19 06:03:41.551 I/liblog (11989): 6
10-19 06:03:41.551 I/liblog (11989): 6
10-19 06:03:41.552 I/liblog (11989): 42
10-19 06:03:41.552 I/liblog (11989): 3
10-19 06:03:41.552 I/liblog (11989): 6
10-19 06:03:41.552 I/liblog (11989): 6
10-19 06:03:41.552 I/liblog (11989): 4
10-19 06:03:41.552 I/liblog (11989): 4
10-19 06:03:41.552 I/liblog (11989): 4
10-19 06:03:41.552 I/liblog (11989): 4
10-19 06:03:41.553 I/liblog (11989): 8
10-19 06:03:41.553 I/liblog (11989): 4
10-19 06:03:41.553 I/liblog (11989): 8
10-19 06:03:41.553 I/liblog (11989): 4
10-19 06:03:41.553 I/liblog (11989): 8
10-19 06:03:41.553 I/liblog (11989): 4
10-19 06:03:41.553 I/liblog (11989): 5
10-19 06:03:41.553 I/liblog (11989): 5
10-19 06:03:41.553 I/liblog (11989): 5
10-19 06:03:41.554 I/liblog (11989): 17
10-19 06:03:41.554 I/liblog (11989): 5
10-19 06:03:41.554 I/liblog (11989): 16
10-19 06:03:41.554 I/liblog (11989): 5
10-19 06:03:41.554 I/liblog (11989): 5
10-19 06:03:41.554 I/liblog (11989): 6
10-19 06:03:41.554 I/liblog (11989): 6
10-19 06:03:41.555 I/liblog (11989): 4
10-19 06:03:41.555 I/liblog (11989): 4
10-19 06:03:41.555 I/liblog (11989): 4
10-19 06:03:41.555 I/liblog (11989): 4
10-19 06:03:41.555 I/liblog (11989): 4
10-19 06:03:41.555 I/liblog (11989): 8
10-19 06:03:41.555 I/liblog (11989): 4
10-19 06:03:41.555 I/liblog (11989): 5
10-19 06:03:41.556 I/liblog (11989): 94
10-19 06:03:41.556 I/liblog (11989): 3
10-19 06:03:41.557 I/liblog (11989): 4
10-19 06:03:41.557 I/liblog (11989): 4
10-19 06:03:41.557 I/liblog (11989): 11
10-19 06:03:41.557 I/liblog (11989): 4
10-19 06:03:41.557 I/liblog (11989): 4
10-19 06:03:41.557 I/liblog (11989): 1
10-19 06:03:42.182 I/dropbox_file_copy( 1146): [/data/tombstones/tombstone_15,98304,SYSTEM_TOMBSTONE]
10-19 06:03:42.191 I/commit_sys_config_file( 1146): [log-files,16678639]
10-19 06:03:42.211 I/commit_sys_config_file( 1146): [log-files,16678660]
10-19 06:03:47.435 I/dropbox_file_copy( 1146): [/data/tombstones/tombstone_16,98304,SYSTEM_TOMBSTONE]
10-19 06:03:47.441 I/commit_sys_config_file( 1146): [log-files,16683890]
10-19 06:03:47.460 I/commit_sys_config_file( 1146): [log-files,16683908]
10-19 06:03:49.976 I/am_freeze( 1146): [10678,com.android.calendar]
10-19 06:03:49.986 I/am_kill ( 1146): [0,10678,com.android.calendar,945,Unable to freeze binder interface]
10-19 06:03:50.074 I/am_proc_died( 1146): [0,10678,com.android.calendar,945,19]
10-19 06:03:50.075 I/am_uid_stopped( 1146): 10071
10-19 06:03:50.085 I/am_uid_running( 1146): 10071
10-19 06:03:50.150 I/am_proc_start( 1146): [0,12008,10071,com.android.calendar,NULL,]
10-19 06:03:50.264 I/am_proc_bound( 1146): [0,12008,com.android.calendar]
10-19 06:03:51.725 I/liblog (12026): 1
10-19 06:03:51.725 I/liblog (12026): 6
10-19 06:03:51.725 I/liblog (12026): 4
10-19 06:03:51.725 I/liblog (12026): 8
10-19 06:03:51.725 I/liblog (12026): 4
10-19 06:03:51.725 I/liblog (12026): 4
10-19 06:03:51.725 I/liblog (12026): 4
10-19 06:03:51.725 I/liblog (12026): 8
10-19 06:03:51.726 I/liblog (12026): 5
10-19 06:03:51.726 I/liblog (12026): 4
10-19 06:03:51.726 I/liblog (12026): 4
10-19 06:03:51.726 I/liblog (12026): 10
10-19 06:03:51.726 I/liblog (12026): 4
10-19 06:03:51.726 I/liblog (12026): 5
10-19 06:03:51.726 I/liblog (12026): 5
10-19 06:03:51.726 I/liblog (12026): 3
10-19 06:03:51.726 I/liblog (12026): 7
10-19 06:03:51.726 I/liblog (12026): 4
10-19 06:03:51.726 I/liblog (12026): 4
10-19 06:03:51.727 I/liblog (12026): 8
10-19 06:03:51.727 I/liblog (12026): 3
10-19 06:03:51.727 I/liblog (12026): 4
10-19 06:03:51.727 I/liblog (12026): 4
10-19 06:03:51.727 I/liblog (12026): 12
10-19 06:03:51.727 I/liblog (12026): 14
10-19 06:03:51.727 I/liblog (12026): 5
10-19 06:03:51.727 I/liblog (12026): 4
10-19 06:03:51.728 I/liblog (12026): 3
10-19 06:03:51.728 I/liblog (12026): 4
10-19 06:03:51.728 I/liblog (12026): 6
10-19 06:03:51.728 I/liblog (12026): 3
10-19 06:03:51.728 I/liblog (12026): 7
10-19 06:03:51.728 I/liblog (12026): 4
10-19 06:03:51.728 I/liblog (12026): 4
10-19 06:03:51.728 I/liblog (12026): 7
10-19 06:03:51.728 I/liblog (12026): 4
10-19 06:03:51.728 I/liblog (12026): 3
10-19 06:03:51.729 I/liblog (12026): 5
10-19 06:03:51.729 I/liblog (12026): 4
10-19 06:03:51.729 I/liblog (12026): 7
10-19 06:03:51.729 I/liblog (12026): 4
10-19 06:03:51.729 I/liblog (12026): 2
10-19 06:03:51.729 I/liblog (12026): 3
10-19 06:03:51.729 I/liblog (12026): 6
10-19 06:03:51.729 I/liblog (12026): 3
10-19 06:03:51.729 I/liblog (12026): 4
10-19 06:03:51.729 I/liblog (12026): 9
10-19 06:03:51.730 I/liblog (12026): 4
10-19 06:03:51.730 I/liblog (12026): 4
10-19 06:03:51.730 I/liblog (12026): 9
10-19 06:03:51.730 I/liblog (12026): 4
10-19 06:03:51.730 I/liblog (12026): 4
10-19 06:03:51.730 I/liblog (12026): 2
10-19 06:03:51.730 I/liblog (12026): 3
10-19 06:03:51.730 I/liblog (12026): 5
10-19 06:03:51.730 I/liblog (12026): 3
10-19 06:03:51.730 I/liblog (12026): 2
10-19 06:03:51.730 I/liblog (12026): 5
10-19 06:03:51.731 I/liblog (12026): 3
10-19 06:03:51.731 I/liblog (12026): 3
10-19 06:03:51.731 I/liblog (12026): 4
10-19 06:03:51.731 I/liblog (12026): 3
10-19 06:03:51.731 I/liblog (12026): 4
10-19 06:03:51.731 I/liblog (12026): 6
10-19 06:03:51.731 I/liblog (12026): 6
10-19 06:03:51.731 I/liblog (12026): 9
10-19 06:03:51.731 I/liblog (12026): 2
10-19 06:03:51.731 I/liblog (12026): 2
10-19 06:03:51.731 I/liblog (12026): 2
10-19 06:03:51.731 I/liblog (12026): 2
10-19 06:03:51.732 I/liblog (12026): 2
10-19 06:03:51.732 I/liblog (12026): 3
10-19 06:03:51.732 I/liblog (12026): 2
10-19 06:03:51.732 I/liblog (12026): 2
10-19 06:03:51.732 I/liblog (12026): 2
10-19 06:03:51.732 I/liblog (12026): 1
10-19 06:03:51.732 I/liblog (12026): 2
10-19 06:03:51.732 I/liblog (12026): 2
10-19 06:03:51.732 I/liblog (12026): 2
10-19 06:03:51.732 I/liblog (12026): 2
10-19 06:03:51.732 I/liblog (12026): 2
10-19 06:03:51.732 I/liblog (12026): 2
10-19 06:03:51.732 I/liblog (12026): 1
10-19 06:03:51.732 I/liblog (12026): 1
10-19 06:03:51.732 I/liblog (12026): 2
10-19 06:03:51.732 I/liblog (12026): 2
10-19 06:03:51.732 I/liblog (12026): 2
10-19 06:03:51.733 I/liblog (12026): 5
10-19 06:03:51.733 I/liblog (12026): 2
10-19 06:03:51.733 I/liblog (12026): 1
10-19 06:03:51.733 I/liblog (12026): 2
10-19 06:03:51.733 I/liblog (12026): 1
10-19 06:03:51.733 I/liblog (12026): 1
10-19 06:03:51.733 I/liblog (12026): 2
10-19 06:03:51.733 I/liblog (12026): 2
10-19 06:03:51.733 I/liblog (12026): 10
10-19 06:03:51.733 I/liblog (12026): 2
10-19 06:03:52.422 I/dropbox_file_copy( 1146): [/data/tombstones/tombstone_17,98304,SYSTEM_TOMBSTONE]
10-19 06:03:52.440 I/commit_sys_config_file( 1146): [log-files,16688889]
10-19 06:03:52.460 I/commit_sys_config_file( 1146): [log-files,16688909]
10-19 06:03:56.866 I/am_freeze( 1146): [10715,com.android.gallery3d]
10-19 06:03:56.874 I/am_kill ( 1146): [0,10715,com.android.gallery3d,935,Unable to freeze binder interface]
10-19 06:03:56.963 I/am_proc_died( 1146): [0,10715,com.android.gallery3d,935,19]
10-19 06:03:56.964 I/am_uid_stopped( 1146): 10067
10-19 06:03:56.975 I/am_uid_running( 1146): 10067
10-19 06:03:56.982 I/am_pss ( 1146): [11833,10029,com.android.documentsui,13036544,9740288,0,109109248,0,19,10]
10-19 06:03:57.074 I/am_proc_start( 1146): [0,12042,10067,com.android.gallery3d,NULL,]
10-19 06:03:57.196 I/am_proc_bound( 1146): [0,12042,com.android.gallery3d]
10-19 06:03:57.458 I/dropbox_file_copy( 1146): [/data/tombstones/tombstone_18,98304,SYSTEM_TOMBSTONE]
10-19 06:03:57.464 I/commit_sys_config_file( 1146): [log-files,16693912]
10-19 06:03:57.483 I/commit_sys_config_file( 1146): [log-files,16693931]
10-19 06:04:02.367 I/dropbox_file_copy( 1146): [/data/tombstones/tombstone_19,98304,SYSTEM_TOMBSTONE]
10-19 06:04:02.372 I/commit_sys_config_file( 1146): [log-files,16698821]
10-19 06:04:02.391 I/commit_sys_config_file( 1146): [log-files,16698839]
10-19 06:04:06.895 I/liblog (12070): 38
10-19 06:04:07.584 I/dropbox_file_copy( 1146): [/data/tombstones/tombstone_20,98304,SYSTEM_TOMBSTONE]
10-19 06:04:07.609 I/commit_sys_config_file( 1146): [log-files,16704057]
10-19 06:04:07.628 I/commit_sys_config_file( 1146): [log-files,16704077]
10-19 06:04:12.557 I/dropbox_file_copy( 1146): [/data/tombstones/tombstone_21,98304,SYSTEM_TOMBSTONE]
10-19 06:04:12.573 I/commit_sys_config_file( 1146): [log-files,16709021]
10-19 06:04:12.591 I/commit_sys_config_file( 1146): [log-files,16709039]
10-19 06:04:16.912 I/liblog (12088): 3
10-19 06:04:16.913 I/liblog (12088): 6
10-19 06:04:16.913 I/liblog (12088): 4
10-19 06:04:16.913 I/liblog (12088): 4
10-19 06:04:16.913 I/liblog (12088): 4
10-19 06:04:16.913 I/liblog (12088): 6
10-19 06:04:16.913 I/liblog (12088): 4
10-19 06:04:16.913 I/liblog (12088): 4
10-19 06:04:16.913 I/liblog (12088): 3
10-19 06:04:16.913 I/liblog (12088): 3
10-19 06:04:16.913 I/liblog (12088): 5
10-19 06:04:16.914 I/liblog (12088): 7
10-19 06:04:16.914 I/liblog (12088): 3
10-19 06:04:16.914 I/liblog (12088): 4
10-19 06:04:16.914 I/liblog (12088): 3
10-19 06:04:16.914 I/liblog (12088): 4
10-19 06:04:16.914 I/liblog (12088): 6
10-19 06:04:16.914 I/liblog (12088): 4
10-19 06:04:16.914 I/liblog (12088): 4
10-19 06:04:16.914 I/liblog (12088): 4
10-19 06:04:16.914 I/liblog (12088): 4
10-19 06:04:16.914 I/liblog (12088): 4
10-19 06:04:16.914 I/liblog (12088): 4
10-19 06:04:16.914 I/liblog (12088): 4
10-19 06:04:16.915 I/liblog (12088): 3
10-19 06:04:16.915 I/liblog (12088): 4
10-19 06:04:16.915 I/liblog (12088): 4
10-19 06:04:16.915 I/liblog (12088): 4
10-19 06:04:16.915 I/liblog (12088): 4
10-19 06:04:16.915 I/liblog (12088): 4
10-19 06:04:16.915 I/liblog (12088): 4
10-19 06:04:16.915 I/liblog (12088): 6
10-19 06:04:16.915 I/liblog (12088): 3
10-19 06:04:16.915 I/liblog (12088): 7
10-19 06:04:16.915 I/liblog (12088): 3
10-19 06:04:16.915 I/liblog (12088): 4
10-19 06:04:16.916 I/liblog (12088): 3
10-19 06:04:16.916 I/liblog (12088): 4
10-19 06:04:16.916 I/liblog (12088): 10
10-19 06:04:16.916 I/liblog (12088): 4
10-19 06:04:16.916 I/liblog (12088): 4
10-19 06:04:16.916 I/liblog (12088): 4
10-19 06:04:16.916 I/liblog (12088): 4
10-19 06:04:16.916 I/liblog (12088): 4
10-19 06:04:16.916 I/liblog (12088): 15
10-19 06:04:16.916 I/liblog (12088): 5
10-19 06:04:16.917 I/liblog (12088): 3
10-19 06:04:16.917 I/liblog (12088): 4
10-19 06:04:16.917 I/liblog (12088): 4
10-19 06:04:16.917 I/liblog (12088): 4
10-19 06:04:16.917 I/liblog (12088): 4
10-19 06:04:16.917 I/liblog (12088): 9
10-19 06:04:16.917 I/liblog (12088): 6
10-19 06:04:16.917 I/liblog (12088): 6
10-19 06:04:16.917 I/liblog (12088): 2
10-19 06:04:16.917 I/liblog (12088): 3
10-19 06:04:16.918 I/liblog (12088): 7
10-19 06:04:16.918 I/liblog (12088): 3
10-19 06:04:16.918 I/liblog (12088): 3
10-19 06:04:16.918 I/liblog (12088): 3
10-19 06:04:16.918 I/liblog (12088): 3
10-19 06:04:16.918 I/liblog (12088): 4
10-19 06:04:16.918 I/liblog (12088): 3
10-19 06:04:16.919 I/liblog (12088): 59
10-19 06:04:16.919 I/liblog (12088): 11
10-19 06:04:16.920 I/liblog (12088): 29
10-19 06:04:16.920 I/liblog (12088): 4
10-19 06:04:16.920 I/liblog (12088): 3
10-19 06:04:16.920 I/liblog (12088): 6
10-19 06:04:16.920 I/liblog (12088): 4
10-19 06:04:16.920 I/liblog (12088): 6
10-19 06:04:16.920 I/liblog (12088): 4
10-19 06:04:16.920 I/liblog (12088): 3
10-19 06:04:16.921 I/liblog (12088): 4
10-19 06:04:16.921 I/liblog (12088): 3
10-19 06:04:16.921 I/liblog (12088): 3
10-19 06:04:16.921 I/liblog (12088): 4
10-19 06:04:16.921 I/liblog (12088): 3
10-19 06:04:16.921 I/liblog (12088): 4
10-19 06:04:16.921 I/liblog (12088): 3
10-19 06:04:17.518 I/dropbox_file_copy( 1146): [/data/tombstones/tombstone_22,98304,SYSTEM_TOMBSTONE]
10-19 06:04:17.537 I/commit_sys_config_file( 1146): [log-files,16713986]
10-19 06:04:17.557 I/commit_sys_config_file( 1146): [log-files,16714006]
10-19 06:04:22.774 I/dropbox_file_copy( 1146): [/data/tombstones/tombstone_23,98304,SYSTEM_TOMBSTONE]
10-19 06:04:22.780 I/commit_sys_config_file( 1146): [log-files,16719228]
10-19 06:04:22.797 I/commit_sys_config_file( 1146): [log-files,16719245]
10-19 06:04:26.033 I/sysui_multi_action( 1146): [757,1696,758,6,759,2]
10-19 06:04:26.049 I/am_wtf ( 1146): [0,1146,system_server,-1,DisplayDeviceConfig,requesting nits when no mapping exists.]
10-19 06:04:26.061 I/am_wtf ( 1146): [0,1146,system_server,-1,DisplayDeviceConfig,requesting nits when no mapping exists.]
10-19 06:04:26.067 I/am_wtf ( 1146): [0,1146,system_server,-1,DisplayDeviceConfig,requesting nits when no mapping exists.]
10-19 06:04:26.080 I/am_wtf ( 1146): [0,1146,system_server,-1,DisplayDeviceConfig,requesting nits when no mapping exists.]
10-19 06:04:26.083 I/am_wtf ( 1146): [0,1146,system_server,-1,DisplayDeviceConfig,requesting nits when no mapping exists.]
10-19 06:04:26.088 I/am_wtf ( 1146): [0,1146,system_server,-1,DisplayDeviceConfig,requesting nits when no mapping exists.]
10-19 06:04:26.092 I/am_wtf ( 1146): [0,1146,system_server,-1,DisplayDeviceConfig,requesting nits when no mapping exists.]
10-19 06:04:26.093 I/am_wtf ( 1146): [0,1146,system_server,-1,DisplayDeviceConfig,requesting nits when no mapping exists.]
10-19 06:04:26.106 I/am_wtf ( 1146): [0,1146,system_server,-1,DisplayDeviceConfig,requesting nits when no mapping exists.]
10-19 06:04:26.107 I/am_wtf ( 1146): [0,1146,system_server,-1,DisplayDeviceConfig,requesting nits when no mapping exists.]
10-19 06:04:26.123 I/am_wtf ( 1146): [0,1146,system_server,-1,DisplayDeviceConfig,requesting nits when no mapping exists.]
10-19 06:04:26.124 I/am_wtf ( 1146): [0,1146,system_server,-1,DisplayDeviceConfig,requesting nits when no mapping exists.]
10-19 06:04:26.139 I/am_wtf ( 1146): [0,1146,system_server,-1,DisplayDeviceConfig,requesting nits when no mapping exists.]
10-19 06:04:26.141 I/am_wtf ( 1146): [0,1146,system_server,-1,DisplayDeviceConfig,requesting nits when no mapping exists.]
10-19 06:04:26.157 I/am_wtf ( 1146): [0,1146,system_server,-1,DisplayDeviceConfig,requesting nits when no mapping exists.]
10-19 06:04:26.158 I/am_wtf ( 1146): [0,1146,system_server,-1,DisplayDeviceConfig,requesting nits when no mapping exists.]
10-19 06:04:26.173 I/am_wtf ( 1146): [0,1146,system_server,-1,DisplayDeviceConfig,requesting nits when no mapping exists.]
10-19 06:04:26.174 I/am_wtf ( 1146): [0,1146,system_server,-1,DisplayDeviceConfig,requesting nits when no mapping exists.]
10-19 06:04:26.190 I/am_wtf ( 1146): [0,1146,system_server,-1,DisplayDeviceConfig,requesting nits when no mapping exists.]
10-19 06:04:26.191 I/am_wtf ( 1146): [0,1146,system_server,-1,DisplayDeviceConfig,requesting nits when no mapping exists.]
10-19 06:04:26.207 I/am_wtf ( 1146): [0,1146,system_server,-1,DisplayDeviceConfig,requesting nits when no mapping exists.]
10-19 06:04:26.208 I/am_wtf ( 1146): [0,1146,system_server,-1,DisplayDeviceConfig,requesting nits when no mapping exists.]
10-19 06:04:26.223 I/am_wtf ( 1146): [0,1146,system_server,-1,DisplayDeviceConfig,requesting nits when no mapping exists.]
10-19 06:04:26.224 I/am_wtf ( 1146): [0,1146,system_server,-1,DisplayDeviceConfig,requesting nits when no mapping exists.]
10-19 06:04:26.241 I/am_wtf ( 1146): [0,1146,system_server,-1,DisplayDeviceConfig,requesting nits when no mapping exists.]
10-19 06:04:26.242 I/am_wtf ( 1146): [0,1146,system_server,-1,DisplayDeviceConfig,requesting nits when no mapping exists.]
10-19 06:04:26.256 I/am_wtf ( 1146): [0,1146,system_server,-1,DisplayDeviceConfig,requesting nits when no mapping exists.]
10-19 06:04:26.257 I/am_wtf ( 1146): [0,1146,system_server,-1,DisplayDeviceConfig,requesting nits when no mapping exists.]
10-19 06:04:26.273 I/am_wtf ( 1146): [0,1146,system_server,-1,DisplayDeviceConfig,requesting nits when no mapping exists.]
10-19 06:04:26.274 I/am_wtf ( 1146): [0,1146,system_server,-1,DisplayDeviceConfig,requesting nits when no mapping exists.]
10-19 06:04:26.290 I/am_wtf ( 1146): [0,1146,system_server,-1,DisplayDeviceConfig,requesting nits when no mapping exists.]
10-19 06:04:26.291 I/am_wtf ( 1146): [0,1146,system_server,-1,DisplayDeviceConfig,requesting nits when no mapping exists.]
10-19 06:04:26.306 I/am_wtf ( 1146): [0,1146,system_server,-1,DisplayDeviceConfig,requesting nits when no mapping exists.]
10-19 06:04:26.307 I/am_wtf ( 1146): [0,1146,system_server,-1,DisplayDeviceConfig,requesting nits when no mapping exists.]
10-19 06:04:26.325 I/am_wtf ( 1146): [0,1146,system_server,-1,DisplayDeviceConfig,requesting nits when no mapping exists.]
10-19 06:04:26.327 I/am_wtf ( 1146): [0,1146,system_server,-1,DisplayDeviceConfig,requesting nits when no mapping exists.]
10-19 06:04:26.344 I/am_wtf ( 1146): [0,1146,system_server,-1,DisplayDeviceConfig,requesting nits when no mapping exists.]
10-19 06:04:26.351 I/am_wtf ( 1146): [0,1146,system_server,-1,DisplayDeviceConfig,requesting nits when no mapping exists.]
10-19 06:04:26.358 I/am_wtf ( 1146): [0,1146,system_server,-1,DisplayDeviceConfig,requesting nits when no mapping exists.]
10-19 06:04:26.359 I/am_wtf ( 1146): [0,1146,system_server,-1,DisplayDeviceConfig,requesting nits when no mapping exists.]
10-19 06:04:26.375 I/am_wtf ( 1146): [0,1146,system_server,-1,DisplayDeviceConfig,requesting nits when no mapping exists.]
10-19 06:04:26.376 I/am_wtf ( 1146): [0,1146,system_server,-1,DisplayDeviceConfig,requesting nits when no mapping exists.]
10-19 06:04:26.389 I/am_wtf ( 1146): [0,1146,system_server,-1,DisplayDeviceConfig,requesting nits when no mapping exists.]
10-19 06:04:26.390 I/am_wtf ( 1146): [0,1146,system_server,-1,DisplayDeviceConfig,requesting nits when no mapping exists.]
10-19 06:04:26.406 I/am_wtf ( 1146): [0,1146,system_server,-1,DisplayDeviceConfig,requesting nits when no mapping exists.]
10-19 06:04:26.407 I/am_wtf ( 1146): [0,1146,system_server,-1,DisplayDeviceConfig,requesting nits when no mapping exists.]
10-19 06:04:26.423 I/am_wtf ( 1146): [0,1146,system_server,-1,DisplayDeviceConfig,requesting nits when no mapping exists.]
10-19 06:04:26.424 I/am_wtf ( 1146): [0,1146,system_server,-1,DisplayDeviceConfig,requesting nits when no mapping exists.]
10-19 06:04:27.085 I/liblog (12106): 21
10-19 06:04:27.828 I/dropbox_file_copy( 1146): [/data/tombstones/tombstone_24,98304,SYSTEM_TOMBSTONE]
10-19 06:04:27.834 I/commit_sys_config_file( 1146): [log-files,16724282]
10-19 06:04:27.850 I/commit_sys_config_file( 1146): [log-files,16724298]
10-19 06:04:32.779 I/dropbox_file_copy( 1146): [/data/tombstones/tombstone_25,98304,SYSTEM_TOMBSTONE]
10-19 06:04:32.784 I/commit_sys_config_file( 1146): [log-files,16729232]
10-19 06:04:32.805 I/commit_sys_config_file( 1146): [log-files,16729254]
10-19 06:04:33.266 I/sysui_multi_action( 1146): [757,222,758,1]
10-19 06:04:33.283 I/am_pss ( 1146): [12042,10067,com.android.gallery3d,8610816,6369280,0,93163520,0,19,11]
10-19 06:04:33.290 I/wm_task_created( 1146): [163,-1]
10-19 06:04:33.295 I/wm_task_moved( 1146): [163,1,8]
10-19 06:04:33.295 I/wm_task_to_front( 1146): [0,163]
10-19 06:04:33.296 I/wm_create_task( 1146): [0,163]
10-19 06:04:33.296 I/wm_create_activity( 1146): [0,207540829,163,com.android.deskclock/android.service.dreams.DreamActivity,NULL,NULL,NULL,276824064]
10-19 06:04:33.296 I/wm_task_moved( 1146): [163,1,8]
10-19 06:04:33.296 I/am_pss ( 1146): [12008,10071,com.android.calendar,7114752,4935680,0,91869184,0,19,10]
10-19 06:04:33.298 I/wm_pause_activity( 1146): [0,228154950,com.android.launcher3/.uioverrides.QuickstepLauncher,userLeaving=true,pauseBackTasks]
10-19 06:04:33.300 I/wm_on_top_resumed_lost_called( 2903): [228154950,com.android.launcher3.uioverrides.QuickstepLauncher,topStateChangedWhenResumed]
10-19 06:04:33.304 I/wm_on_paused_called( 2903): [228154950,com.android.launcher3.uioverrides.QuickstepLauncher,performPause]
10-19 06:04:33.311 I/wm_add_to_stopping( 1146): [0,228154950,com.android.launcher3/.uioverrides.QuickstepLauncher,makeInvisible]
10-19 06:04:33.312 I/wm_restart_activity( 1146): [0,207540829,163,com.android.deskclock/android.service.dreams.DreamActivity]
10-19 06:04:33.314 I/wm_set_resumed_activity( 1146): [0,com.android.deskclock/android.service.dreams.DreamActivity,minimalResumeActivityLocked]
10-19 06:04:33.332 I/sysui_multi_action( 1146): [757,803,799,window_time_0,802,60]
10-19 06:04:33.337 I/wm_on_create_called( 6763): [207540829,android.service.dreams.DreamActivity,performCreate]
10-19 06:04:33.338 I/wm_on_start_called( 6763): [207540829,android.service.dreams.DreamActivity,handleStartActivity]
10-19 06:04:33.340 I/wm_on_resume_called( 6763): [207540829,android.service.dreams.DreamActivity,RESUME_ACTIVITY]
10-19 06:04:33.347 I/input_focus( 1146): [Focus leaving a926fae com.android.launcher3/com.android.launcher3.uioverrides.QuickstepLauncher (server),reason=NO_WINDOW]
10-19 06:04:33.354 I/wm_on_top_resumed_gained_called( 6763): [207540829,android.service.dreams.DreamActivity,topStateChangedWhenResumed]
10-19 06:04:33.392 I/input_focus( 1146): [Focus request 73b3759 com.android.deskclock/android.service.dreams.DreamActivity,reason=UpdateInputWindows]
10-19 06:04:33.396 I/notification_enqueue( 1146): [10088,2269,com.android.systemui,2048,NULL,0,Notification(channel=updateNotification shortcut=null contentView=null vibrate=null sound=null defaults=0x0 flags=0x0 color=0x00000000 vis=PRIVATE),1]
10-19 06:04:33.397 I/sysui_multi_action( 2269): [757,111,758,2]
10-19 06:04:33.397 I/sysui_multi_action( 2269): [757,111,758,2]
10-19 06:04:33.415 I/sysui_multi_action( 2269): [757,111,758,1]
10-19 06:04:33.416 I/sysui_multi_action( 2269): [757,126,758,1,759,126,927,0,928,1,1593,0]
10-19 06:04:33.416 I/sysui_multi_action( 2269): [757,113,758,1,759,113,927,1,928,1,1593,0]
10-19 06:04:33.416 I/sysui_multi_action( 2269): [757,0,758,1,759,0,927,2,928,0,1593,0]
10-19 06:04:33.417 I/sysui_multi_action( 2269): [757,0,758,1,759,0,927,3,928,0,1593,0]
10-19 06:04:33.418 I/sysui_multi_action( 2269): [757,491,758,1,759,491,927,4,928,0,1311,-1,1593,0]
10-19 06:04:33.419 I/sysui_multi_action( 2269): [757,0,758,1,759,0,927,5,928,0,1593,0]
10-19 06:04:33.419 I/sysui_multi_action( 2269): [757,0,758,1,759,0,927,6,1593,0]
10-19 06:04:33.419 I/sysui_multi_action( 2269): [757,114,758,1,759,114,927,7,928,0,1593,0]
10-19 06:04:33.420 I/sysui_multi_action( 2269): [757,111,758,1]
10-19 06:04:33.420 I/sysui_multi_action( 2269): [757,126,758,1,759,126,927,0,928,1,1593,0]
10-19 06:04:33.420 I/sysui_multi_action( 2269): [757,113,758,1,759,113,927,1,928,1,1593,0]
10-19 06:04:33.420 I/sysui_multi_action( 2269): [757,0,758,1,759,0,927,2,928,0,1593,0]
10-19 06:04:33.421 I/sysui_multi_action( 2269): [757,0,758,1,759,0,927,3,928,0,1593,0]
10-19 06:04:33.449 I/sysui_multi_action( 1146): [757,1696,758,6,759,3]
10-19 06:04:33.457 I/sysui_multi_action( 1146): [319,149,322,142,325,16784,757,761,758,8,759,2,806,com.android.deskclock,871,android.service.dreams.DreamActivity,904,com.android.deskclock,905,0,1320,8,1321,5]
10-19 06:04:33.461 I/wm_activity_launch_time( 1146): [0,207540829,com.android.deskclock/android.service.dreams.DreamActivity,142]
10-19 06:04:33.461 I/am_wtf ( 1146): [0,1146,system_server,-1,DisplayDeviceConfig,requesting nits when no mapping exists.]
10-19 06:04:33.466 I/am_wtf ( 1146): [0,1146,system_server,-1,DisplayDeviceConfig,requesting nits when no mapping exists.]
10-19 06:04:33.466 I/input_focus( 1146): [Focus entering 73b3759 com.android.deskclock/android.service.dreams.DreamActivity (server),reason=Window became focusable. Previous reason: NOT_VISIBLE]
10-19 06:04:33.495 I/am_wtf ( 1146): [0,1146,system_server,-1,DisplayDeviceConfig,requesting nits when no mapping exists.]
10-19 06:04:33.498 I/am_wtf ( 1146): [0,1146,system_server,-1,DisplayDeviceConfig,requesting nits when no mapping exists.]
10-19 06:04:33.516 I/am_wtf ( 1146): [0,1146,system_server,-1,DisplayDeviceConfig,requesting nits when no mapping exists.]
10-19 06:04:33.521 I/am_wtf ( 1146): [0,1146,system_server,-1,DisplayDeviceConfig,requesting nits when no mapping exists.]
10-19 06:04:33.555 I/am_wtf ( 1146): [0,1146,system_server,-1,DisplayDeviceConfig,requesting nits when no mapping exists.]
10-19 06:04:33.556 I/am_wtf ( 1146): [0,1146,system_server,-1,DisplayDeviceConfig,requesting nits when no mapping exists.]
10-19 06:04:33.574 I/am_wtf ( 1146): [0,1146,system_server,-1,DisplayDeviceConfig,requesting nits when no mapping exists.]
