10-19 06:11:15.310 V/CamX (13589): [ VERB][UTILS ] camxhashmap.cpp:210 GetInPlace() Key not found
10-19 06:11:15.310 V/CamX (13589): [ VERB][UTILS ] camxhashmap.cpp:210 GetInPlace() Key not found
10-19 06:11:15.310 V/CamX (13589): [ VERB][UTILS ] camxhashmap.cpp:210 GetInPlace() Key not found
10-19 06:11:15.310 V/CamX (13589): [ VERB][UTILS ] camxhashmap.cpp:210 GetInPlace() Key not found
10-19 06:11:15.310 V/CamX (13589): [ VERB][UTILS ] camxhashmap.cpp:210 GetInPlace() Key not found
10-19 06:11:15.311 V/CamX (13589): [ VERB][UTILS ] camxhashmap.cpp:210 GetInPlace() Key not found
10-19 06:11:15.311 V/CamX (13589): [ VERB][UTILS ] camxhashmap.cpp:210 GetInPlace() Key not found
10-19 06:11:15.311 V/CamX (13589): [ VERB][UTILS ] camxhashmap.cpp:210 GetInPlace() Key not found
10-19 06:11:15.311 V/CamX (13589): [ VERB][UTILS ] camxhashmap.cpp:210 GetInPlace() Key not found
10-19 06:11:15.311 V/CamX (13589): [ VERB][UTILS ] camxhashmap.cpp:210 GetInPlace() Key not found
10-19 06:11:15.311 V/CamX (13589): [ VERB][UTILS ] camxhashmap.cpp:210 GetInPlace() Key not found
10-19 06:11:15.311 V/CamX (13589): [ VERB][UTILS ] camxhashmap.cpp:210 GetInPlace() Key not found
10-19 06:11:15.311 V/CamX (13589): [ VERB][UTILS ] camxhashmap.cpp:210 GetInPlace() Key not found
10-19 06:11:15.311 V/CamX (13589): [ VERB][UTILS ] camxhashmap.cpp:210 GetInPlace() Key not found
10-19 06:11:15.311 V/CamX (13589): [ VERB][UTILS ] camxhashmap.cpp:210 GetInPlace() Key not found
10-19 06:11:15.311 V/CamX (13589): [ VERB][UTILS ] camxhashmap.cpp:210 GetInPlace() Key not found
10-19 06:11:15.311 V/CamX (13589): [ VERB][UTILS ] camxhashmap.cpp:210 GetInPlace() Key not found
10-19 06:11:15.311 V/CamX (13589): [ VERB][UTILS ] camxhashmap.cpp:210 GetInPlace() Key not found
10-19 06:11:15.311 V/CamX (13589): [ VERB][UTILS ] camxhashmap.cpp:210 GetInPlace() Key not found
10-19 06:11:15.311 V/CamX (13589): [ VERB][UTILS ] camxhashmap.cpp:210 GetInPlace() Key not found
10-19 06:11:15.311 V/CamX (13589): [ VERB][UTILS ] camxhashmap.cpp:210 GetInPlace() Key not found
10-19 06:11:15.311 V/CamX (13589): [ VERB][UTILS ] camxhashmap.cpp:210 GetInPlace() Key not found
10-19 06:11:15.311 V/CamX (13589): [ VERB][UTILS ] camxhashmap.cpp:210 GetInPlace() Key not found
10-19 06:11:15.311 V/CamX (13589): [ VERB][UTILS ] camxhashmap.cpp:210 GetInPlace() Key not found
10-19 06:11:15.311 V/CamX (13589): [ VERB][UTILS ] camxhashmap.cpp:210 GetInPlace() Key not found
10-19 06:11:15.311 V/CamX (13589): [ VERB][UTILS ] camxhashmap.cpp:210 GetInPlace() Key not found
10-19 06:11:15.311 V/CamX (13589): [ VERB][UTILS ] camxhashmap.cpp:210 GetInPlace() Key not found
10-19 06:11:15.311 V/CamX (13589): [ VERB][UTILS ] camxhashmap.cpp:210 GetInPlace() Key not found
10-19 06:11:15.311 V/CamX (13589): [ VERB][UTILS ] camxhashmap.cpp:210 GetInPlace() Key not found
10-19 06:11:15.311 V/CamX (13589): [ VERB][UTILS ] camxhashmap.cpp:210 GetInPlace() Key not found
10-19 06:11:15.311 V/CamX (13589): [ VERB][UTILS ] camxhashmap.cpp:210 GetInPlace() Key not found
10-19 06:11:15.311 V/CamX (13589): [ VERB][UTILS ] camxhashmap.cpp:210 GetInPlace() Key not found
10-19 06:11:15.311 V/CamX (13589): [ VERB][UTILS ] camxhashmap.cpp:210 GetInPlace() Key not found
10-19 06:11:15.311 V/CamX (13589): [ VERB][UTILS ] camxhashmap.cpp:210 GetInPlace() Key not found
10-19 06:11:15.311 V/CamX (13589): [ VERB][UTILS ] camxhashmap.cpp:210 GetInPlace() Key not found
10-19 06:11:15.311 V/CamX (13589): [ VERB][UTILS ] camxhashmap.cpp:210 GetInPlace() Key not found
10-19 06:11:15.311 V/CamX (13589): [ VERB][UTILS ] camxhashmap.cpp:210 GetInPlace() Key not found
10-19 06:11:15.311 V/CamX (13589): [ VERB][UTILS ] camxhashmap.cpp:210 GetInPlace() Key not found
10-19 06:11:15.312 V/CamX (13589): [ VERB][UTILS ] camxhashmap.cpp:210 GetInPlace() Key not found
10-19 06:11:15.312 V/CamX (13589): [ VERB][UTILS ] camxhashmap.cpp:210 GetInPlace() Key not found
10-19 06:11:15.312 V/CamX (13589): [ VERB][UTILS ] camxhashmap.cpp:210 GetInPlace() Key not found
10-19 06:11:15.312 V/CamX (13589): [ VERB][UTILS ] camxhashmap.cpp:210 GetInPlace() Key not found
10-19 06:11:15.312 V/CamX (13589): [ VERB][UTILS ] camxhashmap.cpp:210 GetInPlace() Key not found
10-19 06:11:15.312 V/CamX (13589): [ VERB][UTILS ] camxhashmap.cpp:210 GetInPlace() Key not found
10-19 06:11:15.312 V/CamX (13589): [ VERB][UTILS ] camxhashmap.cpp:210 GetInPlace() Key not found
10-19 06:11:15.312 V/CamX (13589): [ VERB][UTILS ] camxhashmap.cpp:210 GetInPlace() Key not found
10-19 06:11:15.312 V/CamX (13589): [ VERB][UTILS ] camxhashmap.cpp:210 GetInPlace() Key not found
10-19 06:11:15.312 V/CamX (13589): [ VERB][UTILS ] camxhashmap.cpp:210 GetInPlace() Key not found
10-19 06:11:15.312 V/CamX (13589): [ VERB][UTILS ] camxhashmap.cpp:210 GetInPlace() Key not found
10-19 06:11:15.312 V/CamX (13589): [ VERB][UTILS ] camxhashmap.cpp:210 GetInPlace() Key not found
10-19 06:11:15.312 V/CamX (13589): [ VERB][UTILS ] camxhashmap.cpp:210 GetInPlace() Key not found
10-19 06:11:15.312 V/CamX (13589): [ VERB][UTILS ] camxhashmap.cpp:210 GetInPlace() Key not found
10-19 06:11:15.312 V/CamX (13589): [ VERB][UTILS ] camxhashmap.cpp:210 GetInPlace() Key not found
10-19 06:11:15.312 V/CamX (13589): [ VERB][UTILS ] camxhashmap.cpp:210 GetInPlace() Key not found
10-19 06:11:15.312 V/CamX (13589): [ VERB][UTILS ] camxhashmap.cpp:210 GetInPlace() Key not found
10-19 06:11:15.312 V/CamX (13589): [ VERB][UTILS ] camxhashmap.cpp:210 GetInPlace() Key not found
10-19 06:11:15.312 V/CamX (13589): [ VERB][UTILS ] camxhashmap.cpp:210 GetInPlace() Key not found
10-19 06:11:15.312 V/CamX (13589): [ VERB][UTILS ] camxhashmap.cpp:210 GetInPlace() Key not found
10-19 06:11:15.312 I/liblog (13589): 3
10-19 06:11:15.312 V/CamX (13589): [ VERB][UTILS ] camxhashmap.cpp:210 GetInPlace() Key not found
10-19 06:11:15.312 I/liblog (13589): 6
10-19 06:11:15.313 I/liblog (13589): 3
10-19 06:11:15.313 V/CamX (13589): [ VERB][UTILS ] camxhashmap.cpp:210 GetInPlace() Key not found
10-19 06:11:15.313 I/liblog (13589): 55
10-19 06:11:15.313 V/CamX (13589): [ VERB][UTILS ] camxhashmap.cpp:210 GetInPlace() Key not found
10-19 06:11:15.314 V/CamX (13589): [ VERB][UTILS ] camxhashmap.cpp:210 GetInPlace() Key not found
10-19 06:11:15.314 I/liblog (13589): 46
10-19 06:11:15.314 V/CamX (13589): [ VERB][UTILS ] camxhashmap.cpp:210 GetInPlace() Key not found
10-19 06:11:15.315 I/liblog (13589): 13
10-19 06:11:15.315 I/liblog (13589): 4
10-19 06:11:15.315 V/CamX (13589): [ VERB][UTILS ] camxhashmap.cpp:210 GetInPlace() Key not found
10-19 06:11:15.315 I/liblog (13589): 4
10-19 06:11:15.315 I/liblog (13589): 3
10-19 06:11:15.315 I/liblog (13589): 3
10-19 06:11:15.315 I/liblog (13589): 3
10-19 06:11:15.315 V/CamX (13589): [ VERB][UTILS ] camxhashmap.cpp:210 GetInPlace() Key not found
10-19 06:11:15.315 I/liblog (13589): 6
10-19 06:11:15.316 I/liblog (13589): 30
10-19 06:11:15.316 I/liblog (13589): 5
10-19 06:11:15.316 I/liblog (13589): 3
10-19 06:11:15.316 I/liblog (13589): 42
10-19 06:11:15.316 I/liblog (13589): 4
10-19 06:11:15.317 I/liblog (13589): 4
10-19 06:11:15.317 I/liblog (13589): 3
10-19 06:11:15.317 I/liblog (13589): 2
10-19 06:11:15.317 I/liblog (13589): 3
10-19 06:11:15.317 I/liblog (13589): 3
10-19 06:11:15.317 I/liblog (13589): 4
10-19 06:11:15.317 V/CamX (13589): [ VERB][UTILS ] camxhashmap.cpp:210 GetInPlace() Key not found
10-19 06:11:15.317 V/CamX (13589): [ VERB][UTILS ] camxhashmap.cpp:210 GetInPlace() Key not found
10-19 06:11:15.317 V/CamX (13589): [ VERB][UTILS ] camxhashmap.cpp:210 GetInPlace() Key not found
10-19 06:11:15.317 I/liblog (13589): 13
10-19 06:11:15.317 I/liblog (13589): 4
10-19 06:11:15.317 I/liblog (13589): 4
10-19 06:11:15.317 V/CamX (13589): [ VERB][UTILS ] camxhashmap.cpp:210 GetInPlace() Key not found
10-19 06:11:15.317 I/liblog (13589): 8
10-19 06:11:15.317 I/liblog (13589): 4
10-19 06:11:15.318 I/liblog (13589): 3
10-19 06:11:15.318 I/liblog (13589): 3
10-19 06:11:15.318 V/CamX (13589): [ VERB][UTILS ] camxhashmap.cpp:210 GetInPlace() Key not found
10-19 06:11:15.318 I/liblog (13589): 6
10-19 06:11:15.318 V/CamX (13589): [ VERB][UTILS ] camxhashmap.cpp:210 GetInPlace() Key not found
10-19 06:11:15.318 V/CamX (13589): [ VERB][UTILS ] camxhashmap.cpp:210 GetInPlace() Key not found
10-19 06:11:15.318 I/liblog (13589): 9
10-19 06:11:15.318 V/CamX (13589): [ VERB][UTILS ] camxhashmap.cpp:210 GetInPlace() Key not found
10-19 06:11:15.318 I/liblog (13589): 5
10-19 06:11:15.318 I/liblog (13589): 2
10-19 06:11:15.318 V/CamX (13589): [ VERB][UTILS ] camxhashmap.cpp:210 GetInPlace() Key not found
10-19 06:11:15.318 I/liblog (13589): 6
10-19 06:11:15.318 V/CamX (13589): [ VERB][UTILS ] camxhashmap.cpp:210 GetInPlace() Key not found
10-19 06:11:15.318 I/liblog (13589): 6
10-19 06:11:15.319 V/CamX (13589): [ VERB][UTILS ] camxhashmap.cpp:210 GetInPlace() Key not found
10-19 06:11:15.319 I/liblog (13589): 6
10-19 06:11:15.319 V/CamX (13589): [ VERB][UTILS ] camxhashmap.cpp:210 GetInPlace() Key not found
10-19 06:11:15.319 V/CamX (13589): [ VERB][UTILS ] camxhashmap.cpp:210 GetInPlace() Key not found
10-19 06:11:15.319 I/liblog (13589): 6
10-19 06:11:15.319 I/liblog (13589): 3
10-19 06:11:15.319 I/liblog (13589): 3
10-19 06:11:15.319 I/liblog (13589): 3
10-19 06:11:15.319 V/CamX (13589): [ VERB][UTILS ] camxhashmap.cpp:210 GetInPlace() Key not found
10-19 06:11:15.320 V/CamX (13589): [ VERB][UTILS ] camxhashmap.cpp:210 GetInPlace() Key not found
10-19 06:11:15.320 I/liblog (13589): 39
10-19 06:11:15.320 I/liblog (13589): 3
10-19 06:11:15.320 I/liblog (13589): 3
10-19 06:11:15.320 I/liblog (13589): 2
10-19 06:11:15.320 I/liblog (13589): 2
10-19 06:11:15.320 I/liblog (13589): 2
10-19 06:11:15.320 I/liblog (13589): 3
10-19 06:11:15.320 I/liblog (13589): 3
10-19 06:11:15.320 V/CamX (13589): [ VERB][UTILS ] camxhashmap.cpp:210 GetInPlace() Key not found
10-19 06:11:15.320 V/CamX (13589): [ VERB][UTILS ] camxhashmap.cpp:210 GetInPlace() Key not found
10-19 06:11:15.321 I/liblog (13589): 7
10-19 06:11:15.321 I/liblog (13589): 3
10-19 06:11:15.321 V/CamX (13589): [ VERB][UTILS ] camxhashmap.cpp:210 GetInPlace() Key not found
10-19 06:11:15.321 I/liblog (13589): 6
10-19 06:11:15.321 I/liblog (13589): 3
10-19 06:11:15.321 I/liblog (13589): 4
10-19 06:11:15.321 I/liblog (13589): 3
10-19 06:11:15.321 V/CamX (13589): [ VERB][UTILS ] camxhashmap.cpp:210 GetInPlace() Key not found
10-19 06:11:15.322 I/liblog (13589): 53
10-19 06:11:15.322 I/liblog (13589): 4
10-19 06:11:15.322 V/CamX (13589): [ VERB][UTILS ] camxhashmap.cpp:210 GetInPlace() Key not found
10-19 06:11:15.322 I/liblog (13589): 21
10-19 06:11:15.322 I/liblog (13589): 5
10-19 06:11:15.322 V/CamX (13589): [ VERB][UTILS ] camxhashmap.cpp:210 GetInPlace() Key not found
10-19 06:11:15.322 I/liblog (13589): 4
10-19 06:11:15.323 F/libc (13589): Fatal signal 6 (SIGABRT), code -6 (SI_TKILL) in tid 13589 (android.hardwar), pid 13589 (android.hardwar)
10-19 06:11:15.407 I/input_interaction( 1146): Interaction with: 7fe2e2a com.android.gallery3d/com.android.gallery3d.app.GalleryActivity (server), edge-swipe (server), swipe-up (server), PointerEventDispatcher0 (server),
10-19 06:11:15.409 D/DecorView(12042): onTouchEvent: interval1808
10-19 06:11:15.431 I/input_interaction( 1146): Interaction with: WindowManager (server), edge-swipe (server), swipe-up (server), PointerEventDispatcher0 (server),
10-19 06:11:15.432 I/view_enqueue_input_event(12042): [Motion - Cancel,com.android.gallery3d/com.android.gallery3d.app.GalleryActivity]
10-19 06:11:15.443 I/crash_dump64(13593): obtaining output fd from tombstoned, type: kDebuggerdTombstoneProto
10-19 06:11:15.451 I/tombstoned( 639): received crash request for pid 13589
10-19 06:11:15.453 I/crash_dump64(13593): performing dump of process 13589 (target tid = 13589)
10-19 06:11:15.465 E/DEBUG (13593): failed to read /proc/uptime: Permission denied
10-19 06:11:15.478 D/FreeFormWindowHelper( 1146): refreshTipWindow windowDragBounds:Rect(2125, 38 - 2755, 1158)
10-19 06:11:15.496 D/FreeFormWindowHelper( 1146): refreshTipWindow windowDragBounds:Rect(2123, 38 - 2753, 1158)
10-19 06:11:15.530 D/FreeFormWindowHelper( 1146): refreshTipWindow windowDragBounds:Rect(2118, 40 - 2748, 1160)
10-19 06:11:15.545 D/FreeFormWindowHelper( 1146): refreshTipWindow windowDragBounds:Rect(2116, 40 - 2746, 1160)
10-19 06:11:15.561 I/selfinstaller( 1270): operator() 413: network is not ready: 7496
10-19 06:11:15.564 D/FreeFormWindowHelper( 1146): refreshTipWindow windowDragBounds:Rect(2110, 40 - 2740, 1160)
10-19 06:11:15.578 D/FreeFormWindowHelper( 1146): refreshTipWindow windowDragBounds:Rect(2105, 40 - 2735, 1160)
10-19 06:11:15.595 D/FreeFormWindowHelper( 1146): refreshTipWindow windowDragBounds:Rect(2096, 40 - 2726, 1160)
10-19 06:11:15.612 D/FreeFormWindowHelper( 1146): refreshTipWindow windowDragBounds:Rect(2086, 40 - 2716, 1160)
10-19 06:11:15.628 D/FreeFormWindowHelper( 1146): refreshTipWindow windowDragBounds:Rect(2082, 40 - 2712, 1160)
10-19 06:11:15.646 D/FreeFormWindowHelper( 1146): refreshTipWindow windowDragBounds:Rect(2058, 38 - 2688, 1158)
10-19 06:11:15.662 D/FreeFormWindowHelper( 1146): refreshTipWindow windowDragBounds:Rect(2044, 37 - 2674, 1157)
10-19 06:11:15.678 D/FreeFormWindowHelper( 1146): refreshTipWindow windowDragBounds:Rect(2021, 37 - 2651, 1157)
10-19 06:11:15.695 D/FreeFormWindowHelper( 1146): refreshTipWindow windowDragBounds:Rect(2011, 36 - 2641, 1156)
10-19 06:11:15.703 D/FreeFormWindowHelper( 1146): refreshTipWindow windowDragBounds:Rect(1999, 37 - 2629, 1157)
10-19 06:11:15.713 D/FreeFormWindowHelper( 1146): refreshTipWindow windowDragBounds:Rect(1973, 37 - 2603, 1157)
10-19 06:11:15.729 D/FreeFormWindowHelper( 1146): refreshTipWindow windowDragBounds:Rect(1947, 37 - 2577, 1157)
10-19 06:11:15.745 D/FreeFormWindowHelper( 1146): refreshTipWindow windowDragBounds:Rect(1925, 37 - 2555, 1157)
10-19 06:11:15.764 D/FreeFormWindowHelper( 1146): refreshTipWindow windowDragBounds:Rect(1885, 37 - 2515, 1157)
01-01 12:58:40.754 I/logd ( 0): logdr: UID=1047 GID=1005 PID=13593 n tail=0 logMask=8 pid=13589 start=0ns deadline=0ns
01-01 12:58:40.769 I/logd ( 0): logdr: UID=1047 GID=1005 PID=13593 n tail=0 logMask=1 pid=13589 start=0ns deadline=0ns
10-19 06:11:15.786 D/FreeFormWindowHelper( 1146): refreshTipWindow windowDragBounds:Rect(1847, 38 - 2477, 1158)
10-19 06:11:15.796 D/FreeFormWindowHelper( 1146): refreshTipWindow windowDragBounds:Rect(1807, 38 - 2437, 1158)
10-19 06:11:15.829 D/FreeFormWindowHelper( 1146): refreshTipWindow windowDragBounds:Rect(1723, 41 - 2353, 1161)
10-19 06:11:15.845 D/FreeFormWindowHelper( 1146): refreshTipWindow windowDragBounds:Rect(1677, 42 - 2307, 1162)
10-19 06:11:15.859 I/mpu_uart( 658): [MSG-P:RECV]:No message received in 1000 ms
10-19 06:11:15.863 F/DEBUG (13593): *** *** *** *** *** *** *** *** *** *** *** *** *** *** *** ***
10-19 06:11:15.863 F/DEBUG (13593): Build fingerprint: 'TC/figure_CN/figure:12/SKQ1.220201.001/1153:userdebug/test-keys'
10-19 06:11:15.864 F/DEBUG (13593): Revision: '0'
10-19 06:11:15.864 F/DEBUG (13593): ABI: 'arm64'
10-19 06:11:15.864 F/DEBUG (13593): Timestamp: 2022-10-19 06:11:15.463124765+0800
10-19 06:11:15.864 F/DEBUG (13593): Process uptime: 0s
10-19 06:11:15.864 F/DEBUG (13593): Cmdline: /vendor/bin/hw/android.hardware.camera.provider@2.4-service_64
10-19 06:11:15.864 F/DEBUG (13593): pid: 13589, tid: 13589, name: android.hardwar >>> /vendor/bin/hw/android.hardware.camera.provider@2.4-service_64 <<<
10-19 06:11:15.864 F/DEBUG (13593): uid: 1047
10-19 06:11:15.864 F/DEBUG (13593): signal 6 (SIGABRT), code -6 (SI_TKILL), fault addr --------
10-19 06:11:15.864 F/DEBUG (13593): x0 0000000000000000 x1 0000000000003515 x2 0000000000000006 x3 8080800000000000
10-19 06:11:15.864 F/DEBUG (13593): x4 00000000000cd288 x5 00000000000cd288 x6 00000000000cd288 x7 7f7f7f7f7fff7fff
10-19 06:11:15.864 F/DEBUG (13593): x8 0000000000000083 x9 4e6ea702d72c4318 x10 0000007ff9afbf88 x11 fffffffffffffffd
10-19 06:11:15.864 F/DEBUG (13593): x12 000000763e3bf000 x13 0000000000000000 x14 0000007ff9afc710 x15 ffffffffffffffff
10-19 06:11:15.864 F/DEBUG (13593): x16 0000007959b585a0 x17 0000007959b347c0 x18 000000795c8ca000 x19 000000763ca92566
10-19 06:11:15.865 F/DEBUG (13593): x20 b400007664e18000 x21 000000795b7d7000 x22 0000007ff9afcbec x23 000000763d209aa0
10-19 06:11:15.865 F/DEBUG (13593): x24 000000763d1a9fc0 x25 000000763d153db0 x26 0000000000000060 x27 0000000000000000
10-19 06:11:15.865 F/DEBUG (13593): x28 b400007694e15808 x29 0000007ff9b29030
10-19 06:11:15.865 F/DEBUG (13593): lr 000000763d08b7dc sp 0000007ff9afcb80 pc 0000007959b347cc pst 0000000000001000
10-19 06:11:15.865 F/DEBUG (13593): backtrace:
10-19 06:11:15.865 F/DEBUG (13593): #00 pc 00000000000a17cc /apex/com.android.runtime/lib64/bionic/libc.so (tgkill+12) (BuildId: 369edc656806aeaf384cbeb8f7a347af)
10-19 06:11:15.865 F/DEBUG (13593): #01 pc 00000000006457d8 /vendor/lib64/hw/camera.qcom.so (CamX::HwEnvironment::GetInstance() (.cfi)+6368) (BuildId: 88057213b3d64cf4079a41a142d0488b)
10-19 06:11:15.866 F/DEBUG (13593): #02 pc 0000000000266a50 /vendor/lib64/hw/camera.qcom.so (CamX::HAL3Module::GetInstance()+664) (BuildId: 88057213b3d64cf4079a41a142d0488b)
10-19 06:11:15.866 F/DEBUG (13593): #03 pc 000000000025a294 /vendor/lib64/hw/camera.qcom.so (CamX::get_number_of_cameras() (.cfi)+84) (BuildId: 88057213b3d64cf4079a41a142d0488b)
10-19 06:11:15.866 F/DEBUG (13593): #04 pc 0000000000034908 /vendor/lib64/android.hardware.camera.provider@2.4-legacy.so (android::hardware::camera::common::V1_0::helper::CameraModule::init()+200) (BuildId: c456d5ffa961e6c6954debfeaac86fd5)
10-19 06:11:15.866 F/DEBUG (13593): #05 pc 0000000000026e48 /vendor/lib64/android.hardware.camera.provider@2.4-legacy.so (android::hardware::camera::provider::V2_4::implementation::LegacyCameraProviderImpl_2_4::initialize()+140) (BuildId: c456d5ffa961e6c6954debfeaac86fd5)
10-19 06:11:15.866 F/DEBUG (13593): #06 pc 0000000000026638 /vendor/lib64/android.hardware.camera.provider@2.4-legacy.so (android::hardware::camera::provider::V2_4::implementation::LegacyCameraProviderImpl_2_4::LegacyCameraProviderImpl_2_4()+160) (BuildId: c456d5ffa961e6c6954debfeaac86fd5)
10-19 06:11:15.866 F/DEBUG (13593): #07 pc 000000000000415c /vendor/lib64/hw/android.hardware.camera.provider@2.4-impl.so (android::hardware::camera::provider::V2_4::implementation::CameraProvider* android::hardware::camera::provider::V2_4::implementation::getProviderImpl() (.cfi)+64) (BuildId: 5e2f33df9f94aadf6b2d7d01985be38c)
10-19 06:11:15.866 F/DEBUG (13593): #08 pc 0000000000051d94 /apex/com.android.vndk.v30/lib64/libhidlbase.so (android::hardware::PassthroughServiceManager::get(android::hardware::hidl_string const&, android::hardware::hidl_string const&)::'lambda'(void*, std::__1::basic_string, std::__1::allocator > const&, std::__1::basic_string, std::__1::allocator > const&)::operator()(void*, std::__1::basic_string, std::__1::allocator > const&, std::__1::basic_string, std::__1::allocator > const&) const+96) (BuildId: fc3e2389a057aeefafa6557f6d78a06b)
10-19 06:11:15.866 F/DEBUG (13593): #09 pc 000000000004cdf0 /apex/com.android.vndk.v30/lib64/libhidlbase.so (android::hardware::PassthroughServiceManager::openLibs(std::__1::basic_string, std::__1::allocator > const&, std::__1::function, std::__1::allocator > const&, std::__1::basic_string, std::__1::allocator > const&)> const&)+944) (BuildId: fc3e2389a057aeefafa6557f6d78a06b)
10-19 06:11:15.866 F/DEBUG (13593): #10 pc 00000000000502a0 /apex/com.android.vndk.v30/lib64/libhidlbase.so (android::hardware::PassthroughServiceManager::get(android::hardware::hidl_string const&, android::hardware::hidl_string const&)+92) (BuildId: fc3e2389a057aeefafa6557f6d78a06b)
10-19 06:11:15.866 F/DEBUG (13593): #11 pc 000000000004dd8c /apex/com.android.vndk.v30/lib64/libhidlbase.so (android::hardware::details::getRawServiceInternal(std::__1::basic_string, std::__1::allocator > const&, std::__1::basic_string, std::__1::allocator > const&, bool, bool)+1488) (BuildId: fc3e2389a057aeefafa6557f6d78a06b)
10-19 06:11:15.866 F/DEBUG (13593): #12 pc 000000000004b91c /apex/com.android.vndk.v30/lib64/libhidlbase.so (android::hardware::details::registerPassthroughServiceImplementation(std::__1::basic_string, std::__1::allocator > const&, std::__1::basic_string, std::__1::allocator > const&, std::__1::function const&, std::__1::basic_string, std::__1::allocator > const&)>, std::__1::basic_string, std::__1::allocator > const&)+80) (BuildId: fc3e2389a057aeefafa6557f6d78a06b)
10-19 06:11:15.867 F/DEBUG (13593): #13 pc 000000000004bc9c /apex/com.android.vndk.v30/lib64/libhidlbase.so (android::hardware::registerPassthroughServiceImplementation(std::__1::basic_string, std::__1::allocator > const&, std::__1::basic_string, std::__1::allocator > const&, std::__1::basic_string, std::__1::allocator > const&)+56) (BuildId: fc3e2389a057aeefafa6557f6d78a06b)
10-19 06:11:15.867 F/DEBUG (13593): #14 pc 0000000000001130 /vendor/bin/hw/android.hardware.camera.provider@2.4-service_64 (main.cfi+196) (BuildId: a1ba6e409ca848af1f0b7c62860af7da)
10-19 06:11:15.867 F/DEBUG (13593): #15 pc 000000000004a084 /apex/com.android.runtime/lib64/bionic/libc.so (__libc_init+100) (BuildId: 369edc656806aeaf384cbeb8f7a347af)
10-19 06:11:15.872 D/FreeFormWindowHelper( 1146): refreshTipWindow windowDragBounds:Rect(1630, 44 - 2260, 1164)
10-19 06:11:15.898 D/FreeFormWindowHelper( 1146): refreshTipWindow windowDragBounds:Rect(1538, 48 - 2168, 1168)
10-19 06:11:15.912 D/FreeFormWindowHelper( 1146): refreshTipWindow windowDragBounds:Rect(1478, 50 - 2108, 1170)
10-19 06:11:15.915 W/NativeCrashListener( 1146): Couldn't find ProcessRecord for pid 13589
10-19 06:11:15.918 E/tombstoned( 639): Tombstone written to: tombstone_09
10-19 06:11:15.929 D/FreeFormWindowHelper( 1146): refreshTipWindow windowDragBounds:Rect(1426, 54 - 2056, 1174)
10-19 06:11:15.937 I/BootReceiver( 1146): Copying /data/tombstones/tombstone_09 to DropBox (SYSTEM_TOMBSTONE)
10-19 06:11:15.938 I/DropBoxManagerService( 1146): add tag=SYSTEM_TOMBSTONE isTagEnabled=true flags=0x6
10-19 06:11:15.949 D/FreeFormWindowHelper( 1146): refreshTipWindow windowDragBounds:Rect(1374, 58 - 2004, 1178)
10-19 06:11:15.954 I/dropbox_file_copy( 1146): [/data/tombstones/tombstone_09,98304,SYSTEM_TOMBSTONE]
01-01 12:58:40.934 I/init ( 0): Service 'vendor.camera-provider-2-4' (pid 13589) received signal 6
01-01 12:58:40.946 I/init ( 0): Sending signal 9 to service 'vendor.camera-provider-2-4' (pid 13589) process group...
10-19 06:11:15.965 I/commit_sys_config_file( 1146): [log-files,17132413]
10-19 06:11:15.965 D/FreeFormWindowHelper( 1146): refreshTipWindow windowDragBounds:Rect(1327, 60 - 1957, 1180)
10-19 06:11:15.966 E/NativeTombstoneManager( 1146): Tombstone's UID (1047) not an app, ignoring
10-19 06:11:15.967 I/DropBoxManagerService( 1146): add tag=SYSTEM_TOMBSTONE_PROTO isTagEnabled=true flags=0x4
10-19 06:11:15.979 D/FreeFormWindowHelper( 1146): refreshTipWindow windowDragBounds:Rect(1275, 62 - 1905, 1182)
01-01 12:58:40.970 I/libprocessgroup( 0): Successfully killed process cgroup uid 1047 pid 13589 in 13ms
10-19 06:11:15.991 I/mpu_uart( 658): [MSG-P:R]:recv sync frame timeout
10-19 06:11:15.992 I/commit_sys_config_file( 1146): [log-files,17132440]
10-19 06:11:15.996 D/FreeFormWindowHelper( 1146): refreshTipWindow windowDragBounds:Rect(1214, 65 - 1844, 1185)
01-01 12:58:40.983 I/init ( 0): Untracked pid 13593 exited with status 0
01-01 12:58:40.989 I/init ( 0): Untracked pid 13595 exited with status 0
10-19 06:11:16.012 D/FreeFormWindowHelper( 1146): refreshTipWindow windowDragBounds:Rect(1165, 65 - 1795, 1185)
10-19 06:11:16.046 D/FreeFormWindowHelper( 1146): refreshTipWindow windowDragBounds:Rect(1046, 67 - 1676, 1187)
10-19 06:11:16.060 I/OMX-VENC: venc_dev( 1306): stats: avg. fps 28.85, bitrate 1138940
10-19 06:11:16.062 D/FreeFormWindowHelper( 1146): refreshTipWindow windowDragBounds:Rect(992, 67 - 1622, 1187)
10-19 06:11:16.079 D/FreeFormWindowHelper( 1146): refreshTipWindow windowDragBounds:Rect(933, 67 - 1563, 1187)
10-19 06:11:16.113 D/FreeFormWindowHelper( 1146): refreshTipWindow windowDragBounds:Rect(807, 65 - 1437, 1185)
10-19 06:11:16.129 D/FreeFormWindowHelper( 1146): refreshTipWindow windowDragBounds:Rect(731, 66 - 1361, 1186)
10-19 06:11:16.146 D/FreeFormWindowHelper( 1146): refreshTipWindow windowDragBounds:Rect(691, 66 - 1321, 1186)
10-19 06:11:16.163 D/FreeFormWindowHelper( 1146): refreshTipWindow windowDragBounds:Rect(534, 66 - 1164, 1186)
01-01 12:58:41.222 D/ ( 0): mv2112_read_status
01-01 12:58:41.225 D/mv2112_update_link( 0): 3.0x901(1G): 0x80
10-19 06:11:16.236 W/InputManager-JNI( 1146): Input channel object 'WindowManager (client)' was disposed without first being removed with the input manager!
01-01 12:58:41.230 D/mv2112_update_link( 0): 3.0x8109(100M): 0x0
01-01 12:58:41.236 D/mv2112_update_link( 0): link 0x0
01-01 12:58:41.241 D/mv2112_read_status( 0): autoneg is disabled
10-19 06:11:16.859 I/mpu_uart( 658): [MSG-P:RECV]:No message received in 1000 ms
10-19 06:11:17.013 I/input_interaction( 1146): Interaction with: 7fe2e2a com.android.gallery3d/com.android.gallery3d.app.GalleryActivity (server), edge-swipe (server), swipe-up (server), PointerEventDispatcher0 (server),
10-19 06:11:17.016 D/DecorView(12042): onTouchEvent: interval1607
10-19 06:11:17.033 I/view_enqueue_input_event(12042): [Motion - Cancel,com.android.gallery3d/com.android.gallery3d.app.GalleryActivity]
10-19 06:11:17.044 I/input_interaction( 1146): Interaction with: WindowManager (server), edge-swipe (server), swipe-up (server), PointerEventDispatcher0 (server),
10-19 06:11:17.061 I/OMX-VENC: venc_dev( 1306): stats: avg. fps 18.97, bitrate 855633
10-19 06:11:17.098 D/FreeFormWindowHelper( 1146): refreshTipWindow windowDragBounds:Rect(0, 39 - 630, 1159)
10-19 06:11:17.115 D/FreeFormWindowHelper( 1146): refreshTipWindow windowDragBounds:Rect(1, 40 - 631, 1160)
10-19 06:11:17.132 D/FreeFormWindowHelper( 1146): refreshTipWindow windowDragBounds:Rect(5, 41 - 635, 1161)
10-19 06:11:17.149 D/FreeFormWindowHelper( 1146): refreshTipWindow windowDragBounds:Rect(13, 45 - 643, 1165)
10-19 06:11:17.165 D/FreeFormWindowHelper( 1146): refreshTipWindow windowDragBounds:Rect(21, 48 - 651, 1168)
10-19 06:11:17.182 D/FreeFormWindowHelper( 1146): refreshTipWindow windowDragBounds:Rect(33, 51 - 663, 1171)
10-19 06:11:17.199 D/FreeFormWindowHelper( 1146): refreshTipWindow windowDragBounds:Rect(43, 53 - 673, 1173)
10-19 06:11:17.216 D/FreeFormWindowHelper( 1146): refreshTipWindow windowDragBounds:Rect(65, 56 - 695, 1176)
10-19 06:11:17.232 D/FreeFormWindowHelper( 1146): refreshTipWindow windowDragBounds:Rect(87, 58 - 717, 1178)
10-19 06:11:17.249 D/FreeFormWindowHelper( 1146): refreshTipWindow windowDragBounds:Rect(111, 61 - 741, 1181)
01-01 12:58:42.246 D/ ( 0): mv2112_read_status
01-01 12:58:42.251 D/mv2112_update_link( 0): 3.0x901(1G): 0x80
01-01 12:58:42.256 D/mv2112_update_link( 0): 3.0x8109(100M): 0x0
01-01 12:58:42.262 D/mv2112_update_link( 0): link 0x0
10-19 06:11:17.272 D/FreeFormWindowHelper( 1146): refreshTipWindow windowDragBounds:Rect(136, 63 - 766, 1183)
01-01 12:58:42.266 D/mv2112_read_status( 0): autoneg is disabled
10-19 06:11:17.285 D/FreeFormWindowHelper( 1146): refreshTipWindow windowDragBounds:Rect(161, 66 - 791, 1186)
10-19 06:11:17.299 D/FreeFormWindowHelper( 1146): refreshTipWindow windowDragBounds:Rect(194, 68 - 824, 1188)
10-19 06:11:17.316 D/FreeFormWindowHelper( 1146): refreshTipWindow windowDragBounds:Rect(228, 70 - 858, 1190)
10-19 06:11:17.332 D/FreeFormWindowHelper( 1146): refreshTipWindow windowDragBounds:Rect(259, 71 - 889, 1191)
10-19 06:11:17.349 D/FreeFormWindowHelper( 1146): refreshTipWindow windowDragBounds:Rect(301, 74 - 931, 1194)
10-19 06:11:17.366 D/FreeFormWindowHelper( 1146): refreshTipWindow windowDragBounds:Rect(340, 74 - 970, 1194)
10-19 06:11:17.383 D/FreeFormWindowHelper( 1146): refreshTipWindow windowDragBounds:Rect(384, 74 - 1014, 1194)
10-19 06:11:17.399 D/FreeFormWindowHelper( 1146): refreshTipWindow windowDragBounds:Rect(430, 76 - 1060, 1196)
10-19 06:11:17.417 D/FreeFormWindowHelper( 1146): refreshTipWindow windowDragBounds:Rect(468, 76 - 1098, 1196)
10-19 06:11:17.449 D/FreeFormWindowHelper( 1146): refreshTipWindow windowDragBounds:Rect(564, 77 - 1194, 1197)
10-19 06:11:17.466 D/FreeFormWindowHelper( 1146): refreshTipWindow windowDragBounds:Rect(614, 77 - 1244, 1197)
10-19 06:11:17.483 D/FreeFormWindowHelper( 1146): refreshTipWindow windowDragBounds:Rect(661, 77 - 1291, 1197)
10-19 06:11:17.500 D/FreeFormWindowHelper( 1146): refreshTipWindow windowDragBounds:Rect(702, 77 - 1332, 1197)
10-19 06:11:17.516 D/FreeFormWindowHelper( 1146): refreshTipWindow windowDragBounds:Rect(752, 77 - 1382, 1197)
10-19 06:11:17.533 D/FreeFormWindowHelper( 1146): refreshTipWindow windowDragBounds:Rect(810, 77 - 1440, 1197)
10-19 06:11:17.550 D/FreeFormWindowHelper( 1146): refreshTipWindow windowDragBounds:Rect(870, 78 - 1500, 1198)
10-19 06:11:17.566 D/FreeFormWindowHelper( 1146): refreshTipWindow windowDragBounds:Rect(908, 78 - 1538, 1198)
10-19 06:11:17.583 D/FreeFormWindowHelper( 1146): refreshTipWindow windowDragBounds:Rect(958, 78 - 1588, 1198)
10-19 06:11:17.600 D/FreeFormWindowHelper( 1146): refreshTipWindow windowDragBounds:Rect(1025, 80 - 1655, 1200)
10-19 06:11:17.616 D/FreeFormWindowHelper( 1146): refreshTipWindow windowDragBounds:Rect(1054, 82 - 1684, 1202)
10-19 06:11:17.622 D/FreeFormWindowHelper( 1146): refreshTipWindow windowDragBounds:Rect(1085, 83 - 1715, 1203)
10-19 06:11:17.633 D/FreeFormWindowHelper( 1146): refreshTipWindow windowDragBounds:Rect(1136, 84 - 1766, 1204)
10-19 06:11:17.653 D/FreeFormWindowHelper( 1146): refreshTipWindow windowDragBounds:Rect(1191, 85 - 1821, 1205)
10-19 06:11:17.666 D/FreeFormWindowHelper( 1146): refreshTipWindow windowDragBounds:Rect(1239, 85 - 1869, 1205)
10-19 06:11:17.683 D/FreeFormWindowHelper( 1146): refreshTipWindow windowDragBounds:Rect(1309, 88 - 1939, 1208)
10-19 06:11:17.701 D/FreeFormWindowHelper( 1146): refreshTipWindow windowDragBounds:Rect(1360, 91 - 1990, 1211)
10-19 06:11:17.717 D/FreeFormWindowHelper( 1146): refreshTipWindow windowDragBounds:Rect(1408, 93 - 2038, 1213)
10-19 06:11:17.734 D/FreeFormWindowHelper( 1146): refreshTipWindow windowDragBounds:Rect(1458, 94 - 2088, 1214)
10-19 06:11:17.750 D/FreeFormWindowHelper( 1146): refreshTipWindow windowDragBounds:Rect(1520, 95 - 2150, 1215)
10-19 06:11:17.767 D/FreeFormWindowHelper( 1146): refreshTipWindow windowDragBounds:Rect(1583, 97 - 2213, 1217)
10-19 06:11:17.783 D/FreeFormWindowHelper( 1146): refreshTipWindow windowDragBounds:Rect(1639, 100 - 2269, 1220)
10-19 06:11:17.800 D/FreeFormWindowHelper( 1146): refreshTipWindow windowDragBounds:Rect(1714, 102 - 2344, 1222)
10-19 06:11:17.817 D/FreeFormWindowHelper( 1146): refreshTipWindow windowDragBounds:Rect(1782, 107 - 2412, 1227)
10-19 06:11:17.834 D/FreeFormWindowHelper( 1146): refreshTipWindow windowDragBounds:Rect(1838, 111 - 2468, 1231)
10-19 06:11:17.859 I/mpu_uart( 658): [MSG-P:RECV]:No message received in 1000 ms
10-19 06:11:17.893 W/InputManager-JNI( 1146): Input channel object 'WindowManager (client)' was disposed without first being removed with the input manager!
10-19 06:11:18.066 I/OMX-VENC: venc_dev( 1306): stats: avg. fps 34.81, bitrate 1796482
01-01 12:58:43.270 D/ ( 0): mv2112_read_status
01-01 12:58:43.273 D/mv2112_update_link( 0): 3.0x901(1G): 0x80
01-01 12:58:43.279 D/mv2112_update_link( 0): 3.0x8109(100M): 0x0
01-01 12:58:43.285 D/mv2112_update_link( 0): link 0x0
01-01 12:58:43.289 D/mv2112_read_status( 0): autoneg is disabled
10-19 06:11:18.561 I/input_interaction( 1146): Interaction with: 7fe2e2a com.android.gallery3d/com.android.gallery3d.app.GalleryActivity (server), edge-swipe (server), swipe-up (server), PointerEventDispatcher0 (server),
10-19 06:11:18.565 D/DecorView(12042): onTouchEvent: interval1549
10-19 06:11:18.589 I/view_enqueue_input_event(12042): [Motion - Cancel,com.android.gallery3d/com.android.gallery3d.app.GalleryActivity]
10-19 06:11:18.598 I/input_interaction( 1146): Interaction with: WindowManager (server), edge-swipe (server), swipe-up (server), PointerEventDispatcher0 (server),
10-19 06:11:18.619 D/FreeFormWindowHelper( 1146): refreshTipWindow windowDragBounds:Rect(2125, 36 - 2755, 1156)
10-19 06:11:18.636 D/FreeFormWindowHelper( 1146): refreshTipWindow windowDragBounds:Rect(2124, 37 - 2754, 1157)
10-19 06:11:18.669 D/FreeFormWindowHelper( 1146): refreshTipWindow windowDragBounds:Rect(2116, 40 - 2746, 1160)
10-19 06:11:18.687 D/FreeFormWindowHelper( 1146): refreshTipWindow windowDragBounds:Rect(2109, 43 - 2739, 1163)
10-19 06:11:18.703 D/FreeFormWindowHelper( 1146): refreshTipWindow windowDragBounds:Rect(2100, 45 - 2730, 1165)
10-19 06:11:18.719 D/FreeFormWindowHelper( 1146): refreshTipWindow windowDragBounds:Rect(2087, 48 - 2717, 1168)
10-19 06:11:18.736 D/FreeFormWindowHelper( 1146): refreshTipWindow windowDragBounds:Rect(2069, 48 - 2699, 1168)
10-19 06:11:18.754 D/FreeFormWindowHelper( 1146): refreshTipWindow windowDragBounds:Rect(2051, 49 - 2681, 1169)
10-19 06:11:18.769 D/FreeFormWindowHelper( 1146): refreshTipWindow windowDragBounds:Rect(2043, 49 - 2673, 1169)
10-19 06:11:18.786 D/FreeFormWindowHelper( 1146): refreshTipWindow windowDragBounds:Rect(2014, 49 - 2644, 1169)
10-19 06:11:18.805 D/FreeFormWindowHelper( 1146): refreshTipWindow windowDragBounds:Rect(1982, 47 - 2612, 1167)
10-19 06:11:18.819 D/FreeFormWindowHelper( 1146): refreshTipWindow windowDragBounds:Rect(1952, 44 - 2582, 1164)
10-19 06:11:18.836 D/FreeFormWindowHelper( 1146): refreshTipWindow windowDragBounds:Rect(1922, 42 - 2552, 1162)
10-19 06:11:18.853 D/FreeFormWindowHelper( 1146): refreshTipWindow windowDragBounds:Rect(1893, 41 - 2523, 1161)
10-19 06:11:18.860 I/mpu_uart( 658): [MSG-P:RECV]:No message received in 1000 ms
10-19 06:11:18.869 D/FreeFormWindowHelper( 1146): refreshTipWindow windowDragBounds:Rect(1863, 42 - 2493, 1162)
10-19 06:11:18.888 D/FreeFormWindowHelper( 1146): refreshTipWindow windowDragBounds:Rect(1832, 42 - 2462, 1162)
10-19 06:11:18.903 D/FreeFormWindowHelper( 1146): refreshTipWindow windowDragBounds:Rect(1803, 42 - 2433, 1162)
10-19 06:11:18.920 D/FreeFormWindowHelper( 1146): refreshTipWindow windowDragBounds:Rect(1771, 42 - 2401, 1162)
10-19 06:11:18.936 D/FreeFormWindowHelper( 1146): refreshTipWindow windowDragBounds:Rect(1746, 43 - 2376, 1163)
10-19 06:11:18.953 D/FreeFormWindowHelper( 1146): refreshTipWindow windowDragBounds:Rect(1710, 44 - 2340, 1164)
10-19 06:11:18.972 D/FreeFormWindowHelper( 1146): refreshTipWindow windowDragBounds:Rect(1671, 47 - 2301, 1167)
10-19 06:11:18.986 D/FreeFormWindowHelper( 1146): refreshTipWindow windowDragBounds:Rect(1618, 48 - 2248, 1168)
10-19 06:11:18.992 I/mpu_uart( 658): [MSG-P:R]:recv sync frame timeout
10-19 06:11:19.003 D/FreeFormWindowHelper( 1146): refreshTipWindow windowDragBounds:Rect(1578, 50 - 2208, 1170)
10-19 06:11:19.023 D/FreeFormWindowHelper( 1146): refreshTipWindow windowDragBounds:Rect(1540, 54 - 2170, 1174)
10-19 06:11:19.036 D/FreeFormWindowHelper( 1146): refreshTipWindow windowDragBounds:Rect(1478, 60 - 2108, 1180)
10-19 06:11:19.053 D/FreeFormWindowHelper( 1146): refreshTipWindow windowDragBounds:Rect(1430, 62 - 2060, 1182)
10-19 06:11:19.070 D/FreeFormWindowHelper( 1146): refreshTipWindow windowDragBounds:Rect(1407, 64 - 2037, 1184)
10-19 06:11:19.081 I/OMX-VENC: venc_dev( 1306): stats: avg. fps 23.66, bitrate 908223
10-19 06:11:19.087 D/FreeFormWindowHelper( 1146): refreshTipWindow windowDragBounds:Rect(1356, 64 - 1986, 1184)
10-19 06:11:19.105 D/FreeFormWindowHelper( 1146): refreshTipWindow windowDragBounds:Rect(1275, 68 - 1905, 1188)
10-19 06:11:19.120 D/FreeFormWindowHelper( 1146): refreshTipWindow windowDragBounds:Rect(1211, 67 - 1841, 1187)
10-19 06:11:19.137 D/FreeFormWindowHelper( 1146): refreshTipWindow windowDragBounds:Rect(1157, 67 - 1787, 1187)
10-19 06:11:19.153 D/FreeFormWindowHelper( 1146): refreshTipWindow windowDragBounds:Rect(1100, 65 - 1730, 1185)
10-19 06:11:19.170 D/FreeFormWindowHelper( 1146): refreshTipWindow windowDragBounds:Rect(1034, 66 - 1664, 1186)
10-19 06:11:19.187 D/FreeFormWindowHelper( 1146): refreshTipWindow windowDragBounds:Rect(975, 61 - 1605, 1181)
10-19 06:11:19.204 D/FreeFormWindowHelper( 1146): refreshTipWindow windowDragBounds:Rect(934, 60 - 1564, 1180)
10-19 06:11:19.220 D/FreeFormWindowHelper( 1146): refreshTipWindow windowDragBounds:Rect(848, 58 - 1478, 1178)
10-19 06:11:19.240 D/FreeFormWindowHelper( 1146): refreshTipWindow windowDragBounds:Rect(773, 57 - 1403, 1177)
10-19 06:11:19.254 D/FreeFormWindowHelper( 1146): refreshTipWindow windowDragBounds:Rect(672, 55 - 1302, 1175)
01-01 12:58:44.294 D/ ( 0): mv2112_read_status
01-01 12:58:44.298 D/mv2112_update_link( 0): 3.0x901(1G): 0x80
01-01 12:58:44.303 D/mv2112_update_link( 0): 3.0x8109(100M): 0x0
01-01 12:58:44.308 D/mv2112_update_link( 0): link 0x0
01-01 12:58:44.313 D/mv2112_read_status( 0): autoneg is disabled
10-19 06:11:19.315 W/InputManager-JNI( 1146): Input channel object 'WindowManager (client)' was disposed without first being removed with the input manager!
10-19 06:11:19.860 I/mpu_uart( 658): [MSG-P:RECV]:No message received in 1000 ms
10-19 06:11:19.972 I/input_interaction( 1146): Interaction with: 7fe2e2a com.android.gallery3d/com.android.gallery3d.app.GalleryActivity (server), edge-swipe (server), swipe-up (server), PointerEventDispatcher0 (server),
10-19 06:11:19.978 D/DecorView(12042): onTouchEvent: interval1413
10-19 06:11:19.993 I/view_enqueue_input_event(12042): [Motion - Cancel,com.android.gallery3d/com.android.gallery3d.app.GalleryActivity]
10-19 06:11:20.004 I/input_interaction( 1146): Interaction with: WindowManager (server), edge-swipe (server), swipe-up (server), PointerEventDispatcher0 (server),
10-19 06:11:20.022 D/FreeFormWindowHelper( 1146): refreshTipWindow windowDragBounds:Rect(-2, 34 - 628, 1154)
10-19 06:11:20.073 D/FreeFormWindowHelper( 1146): refreshTipWindow windowDragBounds:Rect(-5, 31 - 625, 1151)
10-19 06:11:20.100 I/OMX-VENC: venc_dev( 1306): stats: avg. fps 22.57, bitrate 1041351
01-01 12:58:45.087 I/init ( 0): starting service 'vendor.camera-provider-2-4'...
10-19 06:11:20.123 D/FreeFormWindowHelper( 1146): refreshTipWindow windowDragBounds:Rect(-4, 31 - 626, 1151)
01-01 12:58:45.124 I/init ( 0): starting service 'vendor.light-hal-2-0'...
10-19 06:11:20.173 D/FreeFormWindowHelper( 1146): refreshTipWindow windowDragBounds:Rect(-1, 31 - 629, 1151)
10-19 06:11:20.191 D/FreeFormWindowHelper( 1146): refreshTipWindow windowDragBounds:Rect(5, 31 - 635, 1151)
10-19 06:11:20.222 I/hwservicemanager( 506): getTransport: Cannot find entry android.hardware.light@2.0::ILight/default in either framework or device VINTF manifest.
10-19 06:11:20.223 D/FreeFormWindowHelper( 1146): refreshTipWindow windowDragBounds:Rect(23, 33 - 653, 1153)
10-19 06:11:20.230 E/light (13599): light_open lights keyboard failed: -22
10-19 06:11:20.231 E/light (13599): Light passthrough failed to load legacy HAL.
10-19 06:11:20.232 E/light (13599): light_open lights buttons failed: -22
10-19 06:11:20.232 E/light (13599): Light passthrough failed to load legacy HAL.
10-19 06:11:20.239 E/light (13599): light_open lights bluetooth failed: -22
10-19 06:11:20.239 E/light (13599): Light passthrough failed to load legacy HAL.
10-19 06:11:20.241 E/light (13599): light_open lights wifi failed: -22
10-19 06:11:20.241 E/light (13599): Light passthrough failed to load legacy HAL.
10-19 06:11:20.241 I/android.hardware.camera.provider@2.4-service(13598): CameraProvider@2.4 legacy service is starting.
10-19 06:11:20.243 D/FreeFormWindowHelper( 1146): refreshTipWindow windowDragBounds:Rect(37, 33 - 667, 1153)
10-19 06:11:20.249 I/hwservicemanager( 506): getTransport: Cannot find entry android.hardware.light@2.0::ILight/default in either framework or device VINTF manifest.
10-19 06:11:20.251 E/HidlServiceManagement(13599): Service android.hardware.light@2.0::ILight/default must be in VINTF manifest in order to register/get.
10-19 06:11:20.251 E/LegacySupport(13599): Could not register service android.hardware.light@2.0::ILight/default (-2147483648).
10-19 06:11:20.256 D/FreeFormWindowHelper( 1146): refreshTipWindow windowDragBounds:Rect(49, 33 - 679, 1153)
10-19 06:11:20.273 D/FreeFormWindowHelper( 1146): refreshTipWindow windowDragBounds:Rect(69, 34 - 699, 1154)
01-01 12:58:45.266 I/init ( 0): Service 'vendor.light-hal-2-0' (pid 13599) exited with status 0
01-01 12:58:45.276 I/init ( 0): Sending signal 9 to service 'vendor.light-hal-2-0' (pid 13599) process group...
01-01 12:58:45.321 D/mv2112_update_link( 0): 3.0x901(1G): 0x80
10-19 06:11:20.340 D/FreeFormWindowHelper( 1146): refreshTipWindow windowDragBounds:Rect(173, 35 - 803, 1155)
01-01 12:58:45.335 D/mv2112_update_link( 0): 3.0x8109(100M): 0x0
01-01 12:58:45.341 D/mv2112_update_link( 0): link 0x0
10-19 06:11:20.353 I/android.hardware.camera.provider@2.4-service_64(13598): vendor/qcom/proprietary/adsprpc/src/rpcmem_android.c:159: rpcmem_init_internal: opened ION device fd 7, configured heap IDs: system (0x2000000), contig (0x400000), secure (0x200), secure flags (0x80080000)
01-01 12:58:45.345 D/mv2112_read_status( 0): autoneg is disabled
10-19 06:11:20.353 I/android.hardware.camera.provider@2.4-service_64(13598): vendor/qcom/proprietary/adsprpc/src/fastrpc_apps_user.c:3087: fastrpc_apps_user_init done with default domain:3 and &fastrpc_trace:0x79a88eefa0
10-19 06:11:20.357 D/FreeFormWindowHelper( 1146): refreshTipWindow windowDragBounds:Rect(204, 35 - 834, 1155)
10-19 06:11:20.366 I/CamX (13598): [CONFIG][HAL ] camxhal3module.cpp:390 HAL3Module() ***************************************************
10-19 06:11:20.366 I/CamX (13598): [CONFIG][HAL ] camxhal3module.cpp:391 HAL3Module() SHA1: 40bd0bc197631bd71c945a4bb3aa215ee2f5c2f1
10-19 06:11:20.366 I/CamX (13598): [CONFIG][HAL ] camxhal3module.cpp:392 HAL3Module() COMMITID: Ib94c0ba8fb8c6b7a12a24776dd6d7206bd970ed8
10-19 06:11:20.366 I/CamX (13598): [CONFIG][HAL ] camxhal3module.cpp:393 HAL3Module() BUILD TS: 10/19/2022 2:13:52
10-19 06:11:20.366 I/CamX (13598): [CONFIG][HAL ] camxhal3module.cpp:394 HAL3Module() ***************************************************
10-19 06:11:20.373 D/FreeFormWindowHelper( 1146): refreshTipWindow windowDragBounds:Rect(234, 36 - 864, 1156)
10-19 06:11:20.390 D/FreeFormWindowHelper( 1146): refreshTipWindow windowDragBounds:Rect(264, 36 - 894, 1156)
10-19 06:11:20.402 V/CamX (13598): [ VERB][CORE ] camxoverridesettingsfile.cpp:385 Initialize() Could not find override settings text file at: /vendor/etc/camera/camxoverridesettings.txt
10-19 06:11:20.402 V/CamX (13598): [ VERB][CORE ] camxoverridesettingsfile.cpp:385 Initialize() Could not find override settings text file at: ./camxoverridesettings.txt
10-19 06:11:20.402 V/CamX (13598): [ VERB][UTILS ] camxhashmap.cpp:210 GetInPlace() Key not found
10-19 06:11:20.402 V/CamX (13598): [ VERB][UTILS ] camxhashmap.cpp:210 GetInPlace() Key not found
10-19 06:11:20.402 V/CamX (13598): [ VERB][UTILS ] camxhashmap.cpp:210 GetInPlace() Key not found
10-19 06:11:20.402 V/CamX (13598): [ VERB][UTILS ] camxhashmap.cpp:210 GetInPlace() Key not found
10-19 06:11:20.403 V/CamX (13598): [ VERB][UTILS ] camxhashmap.cpp:210 GetInPlace() Key not found
10-19 06:11:20.403 V/CamX (13598): [ VERB][UTILS ] camxhashmap.cpp:210 GetInPlace() Key not found
10-19 06:11:20.403 V/CamX (13598): [ VERB][UTILS ] camxhashmap.cpp:210 GetInPlace() Key not found
10-19 06:11:20.403 V/CamX (13598): [ VERB][UTILS ] camxhashmap.cpp:210 GetInPlace() Key not found
10-19 06:11:20.403 V/CamX (13598): [ VERB][UTILS ] camxhashmap.cpp:210 GetInPlace() Key not found
10-19 06:11:20.403 V/CamX (13598): [ VERB][UTILS ] camxhashmap.cpp:210 GetInPlace() Key not found
10-19 06:11:20.403 V/CamX (13598): [ VERB][UTILS ] camxhashmap.cpp:210 GetInPlace() Key not found
10-19 06:11:20.403 V/CamX (13598): [ VERB][UTILS ] camxhashmap.cpp:210 GetInPlace() Key not found
10-19 06:11:20.403 V/CamX (13598): [ VERB][UTILS ] camxhashmap.cpp:210 GetInPlace() Key not found
10-19 06:11:20.403 V/CamX (13598): [ VERB][UTILS ] camxhashmap.cpp:210 GetInPlace() Key not found
10-19 06:11:20.403 V/CamX (13598): [ VERB][UTILS ] camxhashmap.cpp:210 GetInPlace() Key not found
10-19 06:11:20.403 V/CamX (13598): [ VERB][UTILS ] camxhashmap.cpp:210 GetInPlace() Key not found
10-19 06:11:20.403 V/CamX (13598): [ VERB][UTILS ] camxhashmap.cpp:210 GetInPlace() Key not found
10-19 06:11:20.403 V/CamX (13598): [ VERB][UTILS ] camxhashmap.cpp:210 GetInPlace() Key not found
10-19 06:11:20.403 V/CamX (13598): [ VERB][UTILS ] camxhashmap.cpp:210 GetInPlace() Key not found
10-19 06:11:20.403 V/CamX (13598): [ VERB][UTILS ] camxhashmap.cpp:210 GetInPlace() Key not found
10-19 06:11:20.403 V/CamX (13598): [ VERB][UTILS ] camxhashmap.cpp:210 GetInPlace() Key not found
10-19 06:11:20.403 V/CamX (13598): [ VERB][UTILS ] camxhashmap.cpp:210 GetInPlace() Key not found
10-19 06:11:20.403 V/CamX (13598): [ VERB][UTILS ] camxhashmap.cpp:210 GetInPlace() Key not found
10-19 06:11:20.403 V/CamX (13598): [ VERB][UTILS ] camxhashmap.cpp:210 GetInPlace() Key not found
10-19 06:11:20.403 V/CamX (13598): [ VERB][UTILS ] camxhashmap.cpp:210 GetInPlace() Key not found
10-19 06:11:20.403 V/CamX (13598): [ VERB][UTILS ] camxhashmap.cpp:210 GetInPlace() Key not found
10-19 06:11:20.403 V/CamX (13598): [ VERB][UTILS ] camxhashmap.cpp:210 GetInPlace() Key not found
10-19 06:11:20.403 V/CamX (13598): [ VERB][UTILS ] camxhashmap.cpp:210 GetInPlace() Key not found
10-19 06:11:20.403 V/CamX (13598): [ VERB][UTILS ] camxhashmap.cpp:210 GetInPlace() Key not found
10-19 06:11:20.403 V/CamX (13598): [ VERB][UTILS ] camxhashmap.cpp:210 GetInPlace() Key not found
10-19 06:11:20.403 V/CamX (13598): [ VERB][UTILS ] camxhashmap.cpp:210 GetInPlace() Key not found
10-19 06:11:20.403 V/CamX (13598): [ VERB][UTILS ] camxhashmap.cpp:210 GetInPlace() Key not found
10-19 06:11:20.403 V/CamX (13598): [ VERB][UTILS ] camxhashmap.cpp:210 GetInPlace() Key not found
10-19 06:11:20.403 V/CamX (13598): [ VERB][UTILS ] camxhashmap.cpp:210 GetInPlace() Key not found
10-19 06:11:20.403 V/CamX (13598): [ VERB][UTILS ] camxhashmap.cpp:210 GetInPlace() Key not found
10-19 06:11:20.403 V/CamX (13598): [ VERB][UTILS ] camxhashmap.cpp:210 GetInPlace() Key not found
10-19 06:11:20.404 V/CamX (13598): [ VERB][UTILS ] camxhashmap.cpp:210 GetInPlace() Key not found
10-19 06:11:20.404 V/CamX (13598): [ VERB][UTILS ] camxhashmap.cpp:210 GetInPlace() Key not found
10-19 06:11:20.404 V/CamX (13598): [ VERB][UTILS ] camxhashmap.cpp:210 GetInPlace() Key not found
10-19 06:11:20.404 V/CamX (13598): [ VERB][UTILS ] camxhashmap.cpp:210 GetInPlace() Key not found
10-19 06:11:20.404 V/CamX (13598): [ VERB][UTILS ] camxhashmap.cpp:210 GetInPlace() Key not found
10-19 06:11:20.404 V/CamX (13598): [ VERB][UTILS ] camxhashmap.cpp:210 GetInPlace() Key not found
10-19 06:11:20.404 V/CamX (13598): [ VERB][UTILS ] camxhashmap.cpp:210 GetInPlace() Key not found
10-19 06:11:20.404 V/CamX (13598): [ VERB][UTILS ] camxhashmap.cpp:210 GetInPlace() Key not found
10-19 06:11:20.404 V/CamX (13598): [ VERB][UTILS ] camxhashmap.cpp:210 GetInPlace() Key not found
10-19 06:11:20.404 V/CamX (13598): [ VERB][UTILS ] camxhashmap.cpp:210 GetInPlace() Key not found
10-19 06:11:20.404 V/CamX (13598): [ VERB][UTILS ] camxhashmap.cpp:210 GetInPlace() Key not found
10-19 06:11:20.404 V/CamX (13598): [ VERB][UTILS ] camxhashmap.cpp:210 GetInPlace() Key not found
10-19 06:11:20.404 V/CamX (13598): [ VERB][UTILS ] camxhashmap.cpp:210 GetInPlace() Key not found
10-19 06:11:20.404 V/CamX (13598): [ VERB][UTILS ] camxhashmap.cpp:210 GetInPlace() Key not found
10-19 06:11:20.404 V/CamX (13598): [ VERB][UTILS ] camxhashmap.cpp:210 GetInPlace() Key not found
10-19 06:11:20.404 V/CamX (13598): [ VERB][UTILS ] camxhashmap.cpp:210 GetInPlace() Key not found
10-19 06:11:20.404 V/CamX (13598): [ VERB][UTILS ] camxhashmap.cpp:210 GetInPlace() Key not found
10-19 06:11:20.404 V/CamX (13598): [ VERB][UTILS ] camxhashmap.cpp:210 GetInPlace() Key not found
10-19 06:11:20.404 V/CamX (13598): [ VERB][UTILS ] camxhashmap.cpp:210 GetInPlace() Key not found
10-19 06:11:20.404 V/CamX (13598): [ VERB][UTILS ] camxhashmap.cpp:210 GetInPlace() Key not found
10-19 06:11:20.404 V/CamX (13598): [ VERB][UTILS ] camxhashmap.cpp:210 GetInPlace() Key not found
10-19 06:11:20.404 V/CamX (13598): [ VERB][UTILS ] camxhashmap.cpp:210 GetInPlace() Key not found
10-19 06:11:20.404 V/CamX (13598): [ VERB][UTILS ] camxhashmap.cpp:210 GetInPlace() Key not found
10-19 06:11:20.404 V/CamX (13598): [ VERB][UTILS ] camxhashmap.cpp:210 GetInPlace() Key not found
10-19 06:11:20.404 V/CamX (13598): [ VERB][UTILS ] camxhashmap.cpp:210 GetInPlace() Key not found
10-19 06:11:20.404 V/CamX (13598): [ VERB][UTILS ] camxhashmap.cpp:210 GetInPlace() Key not found
10-19 06:11:20.404 V/CamX (13598): [ VERB][UTILS ] camxhashmap.cpp:210 GetInPlace() Key not found
10-19 06:11:20.404 V/CamX (13598): [ VERB][UTILS ] camxhashmap.cpp:210 GetInPlace() Key not found
10-19 06:11:20.404 V/CamX (13598): [ VERB][UTILS ] camxhashmap.cpp:210 GetInPlace() Key not found
10-19 06:11:20.404 V/CamX (13598): [ VERB][UTILS ] camxhashmap.cpp:210 GetInPlace() Key not found
10-19 06:11:20.404 V/CamX (13598): [ VERB][UTILS ] camxhashmap.cpp:210 GetInPlace() Key not found
10-19 06:11:20.404 V/CamX (13598): [ VERB][UTILS ] camxhashmap.cpp:210 GetInPlace() Key not found
10-19 06:11:20.404 V/CamX (13598): [ VERB][UTILS ] camxhashmap.cpp:210 GetInPlace() Key not found
10-19 06:11:20.404 V/CamX (13598): [ VERB][UTILS ] camxhashmap.cpp:210 GetInPlace() Key not found
10-19 06:11:20.404 V/CamX (13598): [ VERB][UTILS ] camxhashmap.cpp:210 GetInPlace() Key not found
10-19 06:11:20.404 V/CamX (13598): [ VERB][UTILS ] camxhashmap.cpp:210 GetInPlace() Key not found
10-19 06:11:20.404 V/CamX (13598): [ VERB][UTILS ] camxhashmap.cpp:210 GetInPlace() Key not found
