10-19 06:11:10.789 F/DEBUG (13584): #08 pc 0000000000051d94 /apex/com.android.vndk.v30/lib64/libhidlbase.so (android::hardware::PassthroughServiceManager::get(android::hardware::hidl_string const&, android::hardware::hidl_string const&)::'lambda'(void*, std::__1::basic_string, std::__1::allocator > const&, std::__1::basic_string, std::__1::allocator > const&)::operator()(void*, std::__1::basic_string, std::__1::allocator > const&, std::__1::basic_string, std::__1::allocator > const&) const+96) (BuildId: fc3e2389a057aeefafa6557f6d78a06b)
10-19 06:11:10.790 F/DEBUG (13584): #09 pc 000000000004cdf0 /apex/com.android.vndk.v30/lib64/libhidlbase.so (android::hardware::PassthroughServiceManager::openLibs(std::__1::basic_string, std::__1::allocator > const&, std::__1::function, std::__1::allocator > const&, std::__1::basic_string, std::__1::allocator > const&)> const&)+944) (BuildId: fc3e2389a057aeefafa6557f6d78a06b)
10-19 06:11:10.790 F/DEBUG (13584): #10 pc 00000000000502a0 /apex/com.android.vndk.v30/lib64/libhidlbase.so (android::hardware::PassthroughServiceManager::get(android::hardware::hidl_string const&, android::hardware::hidl_string const&)+92) (BuildId: fc3e2389a057aeefafa6557f6d78a06b)
10-19 06:11:10.790 F/DEBUG (13584): #11 pc 000000000004dd8c /apex/com.android.vndk.v30/lib64/libhidlbase.so (android::hardware::details::getRawServiceInternal(std::__1::basic_string, std::__1::allocator > const&, std::__1::basic_string, std::__1::allocator > const&, bool, bool)+1488) (BuildId: fc3e2389a057aeefafa6557f6d78a06b)
10-19 06:11:10.790 F/DEBUG (13584): #12 pc 000000000004b91c /apex/com.android.vndk.v30/lib64/libhidlbase.so (android::hardware::details::registerPassthroughServiceImplementation(std::__1::basic_string, std::__1::allocator > const&, std::__1::basic_string, std::__1::allocator > const&, std::__1::function const&, std::__1::basic_string, std::__1::allocator > const&)>, std::__1::basic_string, std::__1::allocator > const&)+80) (BuildId: fc3e2389a057aeefafa6557f6d78a06b)
10-19 06:11:10.790 F/DEBUG (13584): #13 pc 000000000004bc9c /apex/com.android.vndk.v30/lib64/libhidlbase.so (android::hardware::registerPassthroughServiceImplementation(std::__1::basic_string, std::__1::allocator > const&, std::__1::basic_string, std::__1::allocator > const&, std::__1::basic_string, std::__1::allocator > const&)+56) (BuildId: fc3e2389a057aeefafa6557f6d78a06b)
10-19 06:11:10.790 F/DEBUG (13584): #14 pc 0000000000001130 /vendor/bin/hw/android.hardware.camera.provider@2.4-service_64 (main.cfi+196) (BuildId: a1ba6e409ca848af1f0b7c62860af7da)
10-19 06:11:10.790 F/DEBUG (13584): #15 pc 000000000004a084 /apex/com.android.runtime/lib64/bionic/libc.so (__libc_init+100) (BuildId: 369edc656806aeaf384cbeb8f7a347af)
10-19 06:11:10.823 W/NativeCrashListener( 1146): Couldn't find ProcessRecord for pid 13580
10-19 06:11:10.823 E/crash_dump64(13584): AM data write failed: Broken pipe
10-19 06:11:10.825 E/tombstoned( 639): Tombstone written to: tombstone_08
01-01 12:58:35.827 I/init ( 0): Untracked pid 13584 exited with status 0
10-19 06:11:10.842 I/BootReceiver( 1146): Copying /data/tombstones/tombstone_08 to DropBox (SYSTEM_TOMBSTONE)
10-19 06:11:10.844 I/DropBoxManagerService( 1146): add tag=SYSTEM_TOMBSTONE isTagEnabled=true flags=0x6
10-19 06:11:10.856 I/mpu_uart( 658): [MSG-P:RECV]:No message received in 1000 ms
10-19 06:11:10.859 I/dropbox_file_copy( 1146): [/data/tombstones/tombstone_08,98304,SYSTEM_TOMBSTONE]
10-19 06:11:10.865 I/commit_sys_config_file( 1146): [log-files,17127314]
10-19 06:11:10.866 E/NativeTombstoneManager( 1146): Tombstone's UID (1047) not an app, ignoring
10-19 06:11:10.868 I/DropBoxManagerService( 1146): add tag=SYSTEM_TOMBSTONE_PROTO isTagEnabled=true flags=0x4
01-01 12:58:35.848 I/init ( 0): Service 'vendor.camera-provider-2-4' (pid 13580) received signal 6
01-01 12:58:35.856 I/init ( 0): Sending signal 9 to service 'vendor.camera-provider-2-4' (pid 13580) process group...
10-19 06:11:10.886 I/commit_sys_config_file( 1146): [log-files,17127334]
01-01 12:58:35.873 I/libprocessgroup( 0): Successfully killed process cgroup uid 1047 pid 13580 in 6ms
01-01 12:58:35.886 I/init ( 0): Untracked pid 13586 exited with status 0
10-19 06:11:10.910 I/OMX-VENC: venc_dev( 1306): stats: avg. fps 10.49, bitrate 218577
01-01 12:58:36.038 D/ ( 0): mv2112_read_status
01-01 12:58:36.041 D/mv2112_update_link( 0): 3.0x901(1G): 0x80
01-01 12:58:36.047 D/mv2112_update_link( 0): 3.0x8109(100M): 0x0
01-01 12:58:36.052 D/mv2112_update_link( 0): link 0x0
01-01 12:58:36.057 D/mv2112_read_status( 0): autoneg is disabled
10-19 06:11:11.738 D/DecorView(12042): onTouchEvent: interval1666131071738
10-19 06:11:11.769 I/view_enqueue_input_event(12042): [Motion - Cancel,com.android.gallery3d/com.android.gallery3d.app.GalleryActivity]
10-19 06:11:11.772 I/input_interaction( 1146): Interaction with: WindowManager (server), edge-swipe (server), swipe-up (server), PointerEventDispatcher0 (server),
10-19 06:11:11.819 D/FreeFormWindowHelper( 1146): refreshTipWindow windowDragBounds:Rect(2126, 37 - 2756, 1157)
10-19 06:11:11.837 D/FreeFormWindowHelper( 1146): refreshTipWindow windowDragBounds:Rect(2125, 38 - 2755, 1158)
10-19 06:11:11.857 I/mpu_uart( 658): [MSG-P:RECV]:No message received in 1000 ms
10-19 06:11:11.869 D/FreeFormWindowHelper( 1146): refreshTipWindow windowDragBounds:Rect(2119, 39 - 2749, 1159)
10-19 06:11:11.886 D/FreeFormWindowHelper( 1146): refreshTipWindow windowDragBounds:Rect(2113, 40 - 2743, 1160)
10-19 06:11:11.903 D/FreeFormWindowHelper( 1146): refreshTipWindow windowDragBounds:Rect(2106, 42 - 2736, 1162)
10-19 06:11:11.917 I/OMX-VENC: venc_dev( 1306): stats: avg. fps 4.97, bitrate 102275
10-19 06:11:11.919 D/FreeFormWindowHelper( 1146): refreshTipWindow windowDragBounds:Rect(2095, 44 - 2725, 1164)
10-19 06:11:11.936 D/FreeFormWindowHelper( 1146): refreshTipWindow windowDragBounds:Rect(2084, 45 - 2714, 1165)
10-19 06:11:11.953 D/FreeFormWindowHelper( 1146): refreshTipWindow windowDragBounds:Rect(2068, 47 - 2698, 1167)
10-19 06:11:11.971 D/FreeFormWindowHelper( 1146): refreshTipWindow windowDragBounds:Rect(2051, 49 - 2681, 1169)
10-19 06:11:11.986 D/FreeFormWindowHelper( 1146): refreshTipWindow windowDragBounds:Rect(2034, 50 - 2664, 1170)
10-19 06:11:12.005 D/FreeFormWindowHelper( 1146): refreshTipWindow windowDragBounds:Rect(2015, 51 - 2645, 1171)
10-19 06:11:12.020 D/FreeFormWindowHelper( 1146): refreshTipWindow windowDragBounds:Rect(1996, 52 - 2626, 1172)
10-19 06:11:12.036 D/FreeFormWindowHelper( 1146): refreshTipWindow windowDragBounds:Rect(1972, 53 - 2602, 1173)
10-19 06:11:12.053 D/FreeFormWindowHelper( 1146): refreshTipWindow windowDragBounds:Rect(1949, 54 - 2579, 1174)
10-19 06:11:12.062 I/service_manager_stats( 1146): [100,128,66254]
10-19 06:11:12.072 D/FreeFormWindowHelper( 1146): refreshTipWindow windowDragBounds:Rect(1924, 54 - 2554, 1174)
01-01 12:58:37.062 D/ ( 0): mv2112_read_status
01-01 12:58:37.066 D/mv2112_update_link( 0): 3.0x901(1G): 0x80
01-01 12:58:37.073 D/mv2112_update_link( 0): 3.0x8109(100M): 0x0
01-01 12:58:37.079 D/mv2112_update_link( 0): link 0x0
10-19 06:11:12.090 D/FreeFormWindowHelper( 1146): refreshTipWindow windowDragBounds:Rect(1900, 55 - 2530, 1175)
01-01 12:58:37.086 D/mv2112_read_status( 0): autoneg is disabled
10-19 06:11:12.103 D/FreeFormWindowHelper( 1146): refreshTipWindow windowDragBounds:Rect(1874, 56 - 2504, 1176)
10-19 06:11:12.122 D/FreeFormWindowHelper( 1146): refreshTipWindow windowDragBounds:Rect(1846, 57 - 2476, 1177)
10-19 06:11:12.137 D/FreeFormWindowHelper( 1146): refreshTipWindow windowDragBounds:Rect(1819, 57 - 2449, 1177)
10-19 06:11:12.153 D/FreeFormWindowHelper( 1146): refreshTipWindow windowDragBounds:Rect(1794, 58 - 2424, 1178)
10-19 06:11:12.170 D/FreeFormWindowHelper( 1146): refreshTipWindow windowDragBounds:Rect(1762, 58 - 2392, 1178)
10-19 06:11:12.187 D/FreeFormWindowHelper( 1146): refreshTipWindow windowDragBounds:Rect(1732, 59 - 2362, 1179)
10-19 06:11:12.206 D/FreeFormWindowHelper( 1146): refreshTipWindow windowDragBounds:Rect(1703, 61 - 2333, 1181)
10-19 06:11:12.220 D/FreeFormWindowHelper( 1146): refreshTipWindow windowDragBounds:Rect(1670, 64 - 2300, 1184)
10-19 06:11:12.237 D/FreeFormWindowHelper( 1146): refreshTipWindow windowDragBounds:Rect(1637, 67 - 2267, 1187)
10-19 06:11:12.270 D/FreeFormWindowHelper( 1146): refreshTipWindow windowDragBounds:Rect(1554, 70 - 2184, 1190)
10-19 06:11:12.287 D/FreeFormWindowHelper( 1146): refreshTipWindow windowDragBounds:Rect(1513, 71 - 2143, 1191)
10-19 06:11:12.320 D/FreeFormWindowHelper( 1146): refreshTipWindow windowDragBounds:Rect(1423, 73 - 2053, 1193)
10-19 06:11:12.339 D/FreeFormWindowHelper( 1146): refreshTipWindow windowDragBounds:Rect(1376, 74 - 2006, 1194)
10-19 06:11:12.356 D/FreeFormWindowHelper( 1146): refreshTipWindow windowDragBounds:Rect(1352, 74 - 1982, 1194)
10-19 06:11:12.364 D/FreeFormWindowHelper( 1146): refreshTipWindow windowDragBounds:Rect(1331, 74 - 1961, 1194)
10-19 06:11:12.370 D/FreeFormWindowHelper( 1146): refreshTipWindow windowDragBounds:Rect(1285, 74 - 1915, 1194)
10-19 06:11:12.404 D/FreeFormWindowHelper( 1146): refreshTipWindow windowDragBounds:Rect(1202, 74 - 1832, 1194)
10-19 06:11:12.425 D/FreeFormWindowHelper( 1146): refreshTipWindow windowDragBounds:Rect(1129, 75 - 1759, 1195)
10-19 06:11:12.437 D/FreeFormWindowHelper( 1146): refreshTipWindow windowDragBounds:Rect(1078, 77 - 1708, 1197)
10-19 06:11:12.454 D/FreeFormWindowHelper( 1146): refreshTipWindow windowDragBounds:Rect(1019, 77 - 1649, 1197)
10-19 06:11:12.471 D/FreeFormWindowHelper( 1146): refreshTipWindow windowDragBounds:Rect(977, 77 - 1607, 1197)
10-19 06:11:12.487 D/FreeFormWindowHelper( 1146): refreshTipWindow windowDragBounds:Rect(901, 78 - 1531, 1198)
10-19 06:11:12.489 I/selfinstaller( 1270): operator() 413: network is not ready: 7494
10-19 06:11:12.506 D/FreeFormWindowHelper( 1146): refreshTipWindow windowDragBounds:Rect(864, 78 - 1494, 1198)
10-19 06:11:12.531 D/FreeFormWindowHelper( 1146): refreshTipWindow windowDragBounds:Rect(840, 78 - 1470, 1198)
10-19 06:11:12.538 D/FreeFormWindowHelper( 1146): refreshTipWindow windowDragBounds:Rect(739, 78 - 1369, 1198)
10-19 06:11:12.557 D/FreeFormWindowHelper( 1146): refreshTipWindow windowDragBounds:Rect(633, 78 - 1263, 1198)
10-19 06:11:12.643 W/InputManager-JNI( 1146): Input channel object 'WindowManager (client)' was disposed without first being removed with the input manager!
10-19 06:11:12.857 I/mpu_uart( 658): [MSG-P:RECV]:No message received in 1000 ms
10-19 06:11:12.938 I/OMX-VENC: venc_dev( 1306): stats: avg. fps 35.26, bitrate 1312485
10-19 06:11:12.987 I/mpu_uart( 658): [MSG-P:R]:recv sync frame timeout
01-01 12:58:38.118 D/ ( 0): mv2112_read_status
01-01 12:58:38.121 D/mv2112_update_link( 0): 3.0x901(1G): 0x80
01-01 12:58:38.127 D/mv2112_update_link( 0): 3.0x8109(100M): 0x0
01-01 12:58:38.132 D/mv2112_update_link( 0): link 0x0
01-01 12:58:38.137 D/mv2112_read_status( 0): autoneg is disabled
10-19 06:11:13.599 I/input_interaction( 1146): Interaction with: 7fe2e2a com.android.gallery3d/com.android.gallery3d.app.GalleryActivity (server), edge-swipe (server), swipe-up (server), PointerEventDispatcher0 (server),
10-19 06:11:13.601 D/DecorView(12042): onTouchEvent: interval1863
10-19 06:11:13.624 I/input_interaction( 1146): Interaction with: WindowManager (server), edge-swipe (server), swipe-up (server), PointerEventDispatcher0 (server),
10-19 06:11:13.625 I/view_enqueue_input_event(12042): [Motion - Cancel,com.android.gallery3d/com.android.gallery3d.app.GalleryActivity]
10-19 06:11:13.674 D/FreeFormWindowHelper( 1146): refreshTipWindow windowDragBounds:Rect(1, 37 - 631, 1157)
10-19 06:11:13.707 D/FreeFormWindowHelper( 1146): refreshTipWindow windowDragBounds:Rect(2, 38 - 632, 1158)
10-19 06:11:13.726 D/FreeFormWindowHelper( 1146): refreshTipWindow windowDragBounds:Rect(3, 39 - 633, 1159)
10-19 06:11:13.741 D/FreeFormWindowHelper( 1146): refreshTipWindow windowDragBounds:Rect(6, 41 - 636, 1161)
10-19 06:11:13.757 D/FreeFormWindowHelper( 1146): refreshTipWindow windowDragBounds:Rect(10, 44 - 640, 1164)
10-19 06:11:13.774 D/FreeFormWindowHelper( 1146): refreshTipWindow windowDragBounds:Rect(19, 45 - 649, 1165)
10-19 06:11:13.793 D/FreeFormWindowHelper( 1146): refreshTipWindow windowDragBounds:Rect(28, 47 - 658, 1167)
10-19 06:11:13.807 D/FreeFormWindowHelper( 1146): refreshTipWindow windowDragBounds:Rect(40, 49 - 670, 1169)
10-19 06:11:13.827 D/FreeFormWindowHelper( 1146): refreshTipWindow windowDragBounds:Rect(56, 49 - 686, 1169)
10-19 06:11:13.842 D/FreeFormWindowHelper( 1146): refreshTipWindow windowDragBounds:Rect(70, 52 - 700, 1172)
10-19 06:11:13.858 I/mpu_uart( 658): [MSG-P:RECV]:No message received in 1000 ms
10-19 06:11:13.859 D/FreeFormWindowHelper( 1146): refreshTipWindow windowDragBounds:Rect(91, 52 - 721, 1172)
10-19 06:11:13.874 D/FreeFormWindowHelper( 1146): refreshTipWindow windowDragBounds:Rect(112, 53 - 742, 1173)
10-19 06:11:13.891 D/FreeFormWindowHelper( 1146): refreshTipWindow windowDragBounds:Rect(135, 53 - 765, 1173)
10-19 06:11:13.908 D/FreeFormWindowHelper( 1146): refreshTipWindow windowDragBounds:Rect(157, 54 - 787, 1174)
10-19 06:11:13.924 D/FreeFormWindowHelper( 1146): refreshTipWindow windowDragBounds:Rect(179, 54 - 809, 1174)
10-19 06:11:13.941 D/FreeFormWindowHelper( 1146): refreshTipWindow windowDragBounds:Rect(200, 55 - 830, 1175)
10-19 06:11:13.954 I/OMX-VENC: venc_dev( 1306): stats: avg. fps 18.69, bitrate 1054859
10-19 06:11:13.958 D/FreeFormWindowHelper( 1146): refreshTipWindow windowDragBounds:Rect(237, 57 - 867, 1177)
10-19 06:11:13.974 D/FreeFormWindowHelper( 1146): refreshTipWindow windowDragBounds:Rect(263, 58 - 893, 1178)
10-19 06:11:13.991 D/FreeFormWindowHelper( 1146): refreshTipWindow windowDragBounds:Rect(291, 58 - 921, 1178)
10-19 06:11:14.008 D/FreeFormWindowHelper( 1146): refreshTipWindow windowDragBounds:Rect(325, 59 - 955, 1179)
10-19 06:11:14.025 D/FreeFormWindowHelper( 1146): refreshTipWindow windowDragBounds:Rect(353, 60 - 983, 1180)
10-19 06:11:14.041 D/FreeFormWindowHelper( 1146): refreshTipWindow windowDragBounds:Rect(369, 60 - 999, 1180)
10-19 06:11:14.058 D/FreeFormWindowHelper( 1146): refreshTipWindow windowDragBounds:Rect(430, 61 - 1060, 1181)
10-19 06:11:14.075 D/FreeFormWindowHelper( 1146): refreshTipWindow windowDragBounds:Rect(470, 62 - 1100, 1182)
10-19 06:11:14.091 D/FreeFormWindowHelper( 1146): refreshTipWindow windowDragBounds:Rect(511, 63 - 1141, 1183)
10-19 06:11:14.108 D/FreeFormWindowHelper( 1146): refreshTipWindow windowDragBounds:Rect(552, 64 - 1182, 1184)
10-19 06:11:14.125 D/FreeFormWindowHelper( 1146): refreshTipWindow windowDragBounds:Rect(592, 64 - 1222, 1184)
10-19 06:11:14.141 D/FreeFormWindowHelper( 1146): refreshTipWindow windowDragBounds:Rect(632, 65 - 1262, 1185)
01-01 12:58:39.142 D/ ( 0): mv2112_read_status
01-01 12:58:39.145 D/mv2112_update_link( 0): 3.0x901(1G): 0x80
10-19 06:11:14.161 D/FreeFormWindowHelper( 1146): refreshTipWindow windowDragBounds:Rect(685, 66 - 1315, 1186)
01-01 12:58:39.155 D/mv2112_update_link( 0): 3.0x8109(100M): 0x0
01-01 12:58:39.160 D/mv2112_update_link( 0): link 0x0
10-19 06:11:14.177 D/FreeFormWindowHelper( 1146): refreshTipWindow windowDragBounds:Rect(734, 67 - 1364, 1187)
01-01 12:58:39.165 D/mv2112_read_status( 0): autoneg is disabled
10-19 06:11:14.192 D/FreeFormWindowHelper( 1146): refreshTipWindow windowDragBounds:Rect(782, 69 - 1412, 1189)
10-19 06:11:14.225 D/FreeFormWindowHelper( 1146): refreshTipWindow windowDragBounds:Rect(880, 73 - 1510, 1193)
10-19 06:11:14.244 D/FreeFormWindowHelper( 1146): refreshTipWindow windowDragBounds:Rect(923, 74 - 1553, 1194)
10-19 06:11:14.259 D/FreeFormWindowHelper( 1146): refreshTipWindow windowDragBounds:Rect(965, 77 - 1595, 1197)
10-19 06:11:14.275 D/FreeFormWindowHelper( 1146): refreshTipWindow windowDragBounds:Rect(1011, 78 - 1641, 1198)
10-19 06:11:14.294 D/FreeFormWindowHelper( 1146): refreshTipWindow windowDragBounds:Rect(1059, 81 - 1689, 1201)
10-19 06:11:14.309 D/FreeFormWindowHelper( 1146): refreshTipWindow windowDragBounds:Rect(1099, 83 - 1729, 1203)
10-19 06:11:14.325 D/FreeFormWindowHelper( 1146): refreshTipWindow windowDragBounds:Rect(1123, 85 - 1753, 1205)
10-19 06:11:14.335 D/FreeFormWindowHelper( 1146): refreshTipWindow windowDragBounds:Rect(1146, 86 - 1776, 1206)
10-19 06:11:14.362 D/FreeFormWindowHelper( 1146): refreshTipWindow windowDragBounds:Rect(1230, 90 - 1860, 1210)
10-19 06:11:14.375 D/FreeFormWindowHelper( 1146): refreshTipWindow windowDragBounds:Rect(1266, 91 - 1896, 1211)
10-19 06:11:14.392 D/FreeFormWindowHelper( 1146): refreshTipWindow windowDragBounds:Rect(1312, 91 - 1942, 1211)
10-19 06:11:14.411 D/FreeFormWindowHelper( 1146): refreshTipWindow windowDragBounds:Rect(1353, 92 - 1983, 1212)
10-19 06:11:14.442 D/FreeFormWindowHelper( 1146): refreshTipWindow windowDragBounds:Rect(1423, 94 - 2053, 1214)
10-19 06:11:14.461 D/FreeFormWindowHelper( 1146): refreshTipWindow windowDragBounds:Rect(1457, 94 - 2087, 1214)
10-19 06:11:14.475 D/FreeFormWindowHelper( 1146): refreshTipWindow windowDragBounds:Rect(1499, 94 - 2129, 1214)
10-19 06:11:14.492 D/FreeFormWindowHelper( 1146): refreshTipWindow windowDragBounds:Rect(1535, 92 - 2165, 1212)
10-19 06:11:14.509 D/FreeFormWindowHelper( 1146): refreshTipWindow windowDragBounds:Rect(1570, 91 - 2200, 1211)
10-19 06:11:14.526 D/FreeFormWindowHelper( 1146): refreshTipWindow windowDragBounds:Rect(1609, 89 - 2239, 1209)
10-19 06:11:14.544 D/FreeFormWindowHelper( 1146): refreshTipWindow windowDragBounds:Rect(1663, 85 - 2293, 1205)
10-19 06:11:14.559 D/FreeFormWindowHelper( 1146): refreshTipWindow windowDragBounds:Rect(1712, 82 - 2342, 1202)
10-19 06:11:14.592 D/FreeFormWindowHelper( 1146): refreshTipWindow windowDragBounds:Rect(1837, 78 - 2467, 1198)
10-19 06:11:14.645 W/InputManager-JNI( 1146): Input channel object 'WindowManager (client)' was disposed without first being removed with the input manager!
10-19 06:11:14.858 I/mpu_uart( 658): [MSG-P:RECV]:No message received in 1000 ms
01-01 12:58:40.041 I/init ( 0): starting service 'vendor.camera-provider-2-4'...
10-19 06:11:15.054 I/OMX-VENC: venc_dev( 1306): stats: avg. fps 32.73, bitrate 1394701
01-01 12:58:40.096 I/init ( 0): starting service 'vendor.light-hal-2-0'...
10-19 06:11:15.171 I/android.hardware.camera.provider@2.4-service(13589): CameraProvider@2.4 legacy service is starting.
10-19 06:11:15.202 I/hwservicemanager( 506): getTransport: Cannot find entry android.hardware.light@2.0::ILight/default in either framework or device VINTF manifest.
01-01 12:58:40.198 D/ ( 0): mv2112_read_status
01-01 12:58:40.201 D/mv2112_update_link( 0): 3.0x901(1G): 0x80
10-19 06:11:15.211 E/light (13590): light_open lights keyboard failed: -22
10-19 06:11:15.212 E/light (13590): Light passthrough failed to load legacy HAL.
10-19 06:11:15.214 E/light (13590): light_open lights buttons failed: -22
10-19 06:11:15.214 E/light (13590): Light passthrough failed to load legacy HAL.
01-01 12:58:40.208 D/mv2112_update_link( 0): 3.0x8109(100M): 0x0
10-19 06:11:15.221 E/light (13590): light_open lights bluetooth failed: -22
10-19 06:11:15.221 E/light (13590): Light passthrough failed to load legacy HAL.
01-01 12:58:40.213 D/mv2112_update_link( 0): link 0x0
10-19 06:11:15.223 E/light (13590): light_open lights wifi failed: -22
10-19 06:11:15.223 E/light (13590): Light passthrough failed to load legacy HAL.
10-19 06:11:15.225 I/hwservicemanager( 506): getTransport: Cannot find entry android.hardware.light@2.0::ILight/default in either framework or device VINTF manifest.
10-19 06:11:15.225 E/HidlServiceManagement(13590): Service android.hardware.light@2.0::ILight/default must be in VINTF manifest in order to register/get.
10-19 06:11:15.225 E/LegacySupport(13590): Could not register service android.hardware.light@2.0::ILight/default (-2147483648).
01-01 12:58:40.218 D/mv2112_read_status( 0): autoneg is disabled
10-19 06:11:15.230 I/am_uid_idle( 1146): 10069
01-01 12:58:40.229 I/init ( 0): Service 'vendor.light-hal-2-0' (pid 13590) exited with status 0
01-01 12:58:40.237 I/init ( 0): Sending signal 9 to service 'vendor.light-hal-2-0' (pid 13590) process group...
10-19 06:11:15.261 I/android.hardware.camera.provider@2.4-service_64(13589): vendor/qcom/proprietary/adsprpc/src/rpcmem_android.c:159: rpcmem_init_internal: opened ION device fd 7, configured heap IDs: system (0x2000000), contig (0x400000), secure (0x200), secure flags (0x80080000)
10-19 06:11:15.261 I/android.hardware.camera.provider@2.4-service_64(13589): vendor/qcom/proprietary/adsprpc/src/fastrpc_apps_user.c:3087: fastrpc_apps_user_init done with default domain:3 and &fastrpc_trace:0x7637ee5fa0
01-01 12:58:40.247 I/libprocessgroup( 0): Successfully killed process cgroup uid 1000 pid 13590 in 0ms
10-19 06:11:15.272 I/CamX (13589): [CONFIG][HAL ] camxhal3module.cpp:390 HAL3Module() ***************************************************
10-19 06:11:15.272 I/CamX (13589): [CONFIG][HAL ] camxhal3module.cpp:391 HAL3Module() SHA1: 40bd0bc197631bd71c945a4bb3aa215ee2f5c2f1
10-19 06:11:15.272 I/CamX (13589): [CONFIG][HAL ] camxhal3module.cpp:392 HAL3Module() COMMITID: Ib94c0ba8fb8c6b7a12a24776dd6d7206bd970ed8
10-19 06:11:15.272 I/CamX (13589): [CONFIG][HAL ] camxhal3module.cpp:393 HAL3Module() BUILD TS: 10/19/2022 2:13:52
10-19 06:11:15.272 I/CamX (13589): [CONFIG][HAL ] camxhal3module.cpp:394 HAL3Module() ***************************************************
10-19 06:11:15.301 V/CamX (13589): [ VERB][CORE ] camxoverridesettingsfile.cpp:385 Initialize() Could not find override settings text file at: /vendor/etc/camera/camxoverridesettings.txt
10-19 06:11:15.301 V/CamX (13589): [ VERB][CORE ] camxoverridesettingsfile.cpp:385 Initialize() Could not find override settings text file at: ./camxoverridesettings.txt
10-19 06:11:15.302 V/CamX (13589): [ VERB][UTILS ] camxhashmap.cpp:210 GetInPlace() Key not found
10-19 06:11:15.302 V/CamX (13589): [ VERB][UTILS ] camxhashmap.cpp:210 GetInPlace() Key not found
10-19 06:11:15.302 V/CamX (13589): [ VERB][UTILS ] camxhashmap.cpp:210 GetInPlace() Key not found
10-19 06:11:15.302 V/CamX (13589): [ VERB][UTILS ] camxhashmap.cpp:210 GetInPlace() Key not found
10-19 06:11:15.302 V/CamX (13589): [ VERB][UTILS ] camxhashmap.cpp:210 GetInPlace() Key not found
10-19 06:11:15.302 V/CamX (13589): [ VERB][UTILS ] camxhashmap.cpp:210 GetInPlace() Key not found
10-19 06:11:15.302 V/CamX (13589): [ VERB][UTILS ] camxhashmap.cpp:210 GetInPlace() Key not found
10-19 06:11:15.302 V/CamX (13589): [ VERB][UTILS ] camxhashmap.cpp:210 GetInPlace() Key not found
10-19 06:11:15.302 V/CamX (13589): [ VERB][UTILS ] camxhashmap.cpp:210 GetInPlace() Key not found
10-19 06:11:15.302 V/CamX (13589): [ VERB][UTILS ] camxhashmap.cpp:210 GetInPlace() Key not found
10-19 06:11:15.302 V/CamX (13589): [ VERB][UTILS ] camxhashmap.cpp:210 GetInPlace() Key not found
10-19 06:11:15.302 V/CamX (13589): [ VERB][UTILS ] camxhashmap.cpp:210 GetInPlace() Key not found
10-19 06:11:15.302 V/CamX (13589): [ VERB][UTILS ] camxhashmap.cpp:210 GetInPlace() Key not found
10-19 06:11:15.302 V/CamX (13589): [ VERB][UTILS ] camxhashmap.cpp:210 GetInPlace() Key not found
10-19 06:11:15.302 V/CamX (13589): [ VERB][UTILS ] camxhashmap.cpp:210 GetInPlace() Key not found
10-19 06:11:15.302 V/CamX (13589): [ VERB][UTILS ] camxhashmap.cpp:210 GetInPlace() Key not found
10-19 06:11:15.302 V/CamX (13589): [ VERB][UTILS ] camxhashmap.cpp:210 GetInPlace() Key not found
10-19 06:11:15.302 V/CamX (13589): [ VERB][UTILS ] camxhashmap.cpp:210 GetInPlace() Key not found
10-19 06:11:15.302 V/CamX (13589): [ VERB][UTILS ] camxhashmap.cpp:210 GetInPlace() Key not found
10-19 06:11:15.302 V/CamX (13589): [ VERB][UTILS ] camxhashmap.cpp:210 GetInPlace() Key not found
10-19 06:11:15.302 V/CamX (13589): [ VERB][UTILS ] camxhashmap.cpp:210 GetInPlace() Key not found
10-19 06:11:15.302 V/CamX (13589): [ VERB][UTILS ] camxhashmap.cpp:210 GetInPlace() Key not found
10-19 06:11:15.302 V/CamX (13589): [ VERB][UTILS ] camxhashmap.cpp:210 GetInPlace() Key not found
10-19 06:11:15.302 V/CamX (13589): [ VERB][UTILS ] camxhashmap.cpp:210 GetInPlace() Key not found
10-19 06:11:15.302 V/CamX (13589): [ VERB][UTILS ] camxhashmap.cpp:210 GetInPlace() Key not found
10-19 06:11:15.303 V/CamX (13589): [ VERB][UTILS ] camxhashmap.cpp:210 GetInPlace() Key not found
10-19 06:11:15.303 V/CamX (13589): [ VERB][UTILS ] camxhashmap.cpp:210 GetInPlace() Key not found
10-19 06:11:15.303 V/CamX (13589): [ VERB][UTILS ] camxhashmap.cpp:210 GetInPlace() Key not found
10-19 06:11:15.303 V/CamX (13589): [ VERB][UTILS ] camxhashmap.cpp:210 GetInPlace() Key not found
10-19 06:11:15.303 V/CamX (13589): [ VERB][UTILS ] camxhashmap.cpp:210 GetInPlace() Key not found
10-19 06:11:15.303 V/CamX (13589): [ VERB][UTILS ] camxhashmap.cpp:210 GetInPlace() Key not found
10-19 06:11:15.303 V/CamX (13589): [ VERB][UTILS ] camxhashmap.cpp:210 GetInPlace() Key not found
10-19 06:11:15.303 V/CamX (13589): [ VERB][UTILS ] camxhashmap.cpp:210 GetInPlace() Key not found
10-19 06:11:15.303 V/CamX (13589): [ VERB][UTILS ] camxhashmap.cpp:210 GetInPlace() Key not found
10-19 06:11:15.303 V/CamX (13589): [ VERB][UTILS ] camxhashmap.cpp:210 GetInPlace() Key not found
10-19 06:11:15.303 V/CamX (13589): [ VERB][UTILS ] camxhashmap.cpp:210 GetInPlace() Key not found
10-19 06:11:15.303 V/CamX (13589): [ VERB][UTILS ] camxhashmap.cpp:210 GetInPlace() Key not found
10-19 06:11:15.303 V/CamX (13589): [ VERB][UTILS ] camxhashmap.cpp:210 GetInPlace() Key not found
10-19 06:11:15.303 V/CamX (13589): [ VERB][UTILS ] camxhashmap.cpp:210 GetInPlace() Key not found
10-19 06:11:15.303 V/CamX (13589): [ VERB][UTILS ] camxhashmap.cpp:210 GetInPlace() Key not found
10-19 06:11:15.303 V/CamX (13589): [ VERB][UTILS ] camxhashmap.cpp:210 GetInPlace() Key not found
10-19 06:11:15.303 V/CamX (13589): [ VERB][UTILS ] camxhashmap.cpp:210 GetInPlace() Key not found
10-19 06:11:15.303 V/CamX (13589): [ VERB][UTILS ] camxhashmap.cpp:210 GetInPlace() Key not found
10-19 06:11:15.303 V/CamX (13589): [ VERB][UTILS ] camxhashmap.cpp:210 GetInPlace() Key not found
10-19 06:11:15.303 V/CamX (13589): [ VERB][UTILS ] camxhashmap.cpp:210 GetInPlace() Key not found
10-19 06:11:15.303 V/CamX (13589): [ VERB][UTILS ] camxhashmap.cpp:210 GetInPlace() Key not found
10-19 06:11:15.303 V/CamX (13589): [ VERB][UTILS ] camxhashmap.cpp:210 GetInPlace() Key not found
10-19 06:11:15.303 V/CamX (13589): [ VERB][UTILS ] camxhashmap.cpp:210 GetInPlace() Key not found
10-19 06:11:15.303 V/CamX (13589): [ VERB][UTILS ] camxhashmap.cpp:210 GetInPlace() Key not found
10-19 06:11:15.303 V/CamX (13589): [ VERB][UTILS ] camxhashmap.cpp:210 GetInPlace() Key not found
10-19 06:11:15.303 V/CamX (13589): [ VERB][UTILS ] camxhashmap.cpp:210 GetInPlace() Key not found
10-19 06:11:15.303 V/CamX (13589): [ VERB][UTILS ] camxhashmap.cpp:210 GetInPlace() Key not found
10-19 06:11:15.303 V/CamX (13589): [ VERB][UTILS ] camxhashmap.cpp:210 GetInPlace() Key not found
10-19 06:11:15.303 V/CamX (13589): [ VERB][UTILS ] camxhashmap.cpp:210 GetInPlace() Key not found
10-19 06:11:15.303 V/CamX (13589): [ VERB][UTILS ] camxhashmap.cpp:210 GetInPlace() Key not found
10-19 06:11:15.304 V/CamX (13589): [ VERB][UTILS ] camxhashmap.cpp:210 GetInPlace() Key not found
10-19 06:11:15.304 V/CamX (13589): [ VERB][UTILS ] camxhashmap.cpp:210 GetInPlace() Key not found
10-19 06:11:15.304 V/CamX (13589): [ VERB][UTILS ] camxhashmap.cpp:210 GetInPlace() Key not found
10-19 06:11:15.304 V/CamX (13589): [ VERB][UTILS ] camxhashmap.cpp:210 GetInPlace() Key not found
10-19 06:11:15.304 V/CamX (13589): [ VERB][UTILS ] camxhashmap.cpp:210 GetInPlace() Key not found
10-19 06:11:15.304 V/CamX (13589): [ VERB][UTILS ] camxhashmap.cpp:210 GetInPlace() Key not found
10-19 06:11:15.304 V/CamX (13589): [ VERB][UTILS ] camxhashmap.cpp:210 GetInPlace() Key not found
10-19 06:11:15.304 V/CamX (13589): [ VERB][UTILS ] camxhashmap.cpp:210 GetInPlace() Key not found
10-19 06:11:15.304 V/CamX (13589): [ VERB][UTILS ] camxhashmap.cpp:210 GetInPlace() Key not found
10-19 06:11:15.304 V/CamX (13589): [ VERB][UTILS ] camxhashmap.cpp:210 GetInPlace() Key not found
10-19 06:11:15.304 V/CamX (13589): [ VERB][UTILS ] camxhashmap.cpp:210 GetInPlace() Key not found
10-19 06:11:15.304 V/CamX (13589): [ VERB][UTILS ] camxhashmap.cpp:210 GetInPlace() Key not found
10-19 06:11:15.304 V/CamX (13589): [ VERB][UTILS ] camxhashmap.cpp:210 GetInPlace() Key not found
10-19 06:11:15.304 V/CamX (13589): [ VERB][UTILS ] camxhashmap.cpp:210 GetInPlace() Key not found
10-19 06:11:15.304 V/CamX (13589): [ VERB][UTILS ] camxhashmap.cpp:210 GetInPlace() Key not found
10-19 06:11:15.304 V/CamX (13589): [ VERB][UTILS ] camxhashmap.cpp:210 GetInPlace() Key not found
10-19 06:11:15.304 V/CamX (13589): [ VERB][UTILS ] camxhashmap.cpp:210 GetInPlace() Key not found
10-19 06:11:15.304 V/CamX (13589): [ VERB][UTILS ] camxhashmap.cpp:210 GetInPlace() Key not found
10-19 06:11:15.304 V/CamX (13589): [ VERB][UTILS ] camxhashmap.cpp:210 GetInPlace() Key not found
10-19 06:11:15.304 V/CamX (13589): [ VERB][UTILS ] camxhashmap.cpp:210 GetInPlace() Key not found
10-19 06:11:15.304 V/CamX (13589): [ VERB][UTILS ] camxhashmap.cpp:210 GetInPlace() Key not found
10-19 06:11:15.304 V/CamX (13589): [ VERB][UTILS ] camxhashmap.cpp:210 GetInPlace() Key not found
10-19 06:11:15.304 V/CamX (13589): [ VERB][UTILS ] camxhashmap.cpp:210 GetInPlace() Key not found
10-19 06:11:15.304 V/CamX (13589): [ VERB][UTILS ] camxhashmap.cpp:210 GetInPlace() Key not found
10-19 06:11:15.304 V/CamX (13589): [ VERB][UTILS ] camxhashmap.cpp:210 GetInPlace() Key not found
10-19 06:11:15.304 V/CamX (13589): [ VERB][UTILS ] camxhashmap.cpp:210 GetInPlace() Key not found
10-19 06:11:15.304 V/CamX (13589): [ VERB][UTILS ] camxhashmap.cpp:210 GetInPlace() Key not found
10-19 06:11:15.304 V/CamX (13589): [ VERB][UTILS ] camxhashmap.cpp:210 GetInPlace() Key not found
10-19 06:11:15.304 V/CamX (13589): [ VERB][UTILS ] camxhashmap.cpp:210 GetInPlace() Key not found
10-19 06:11:15.304 V/CamX (13589): [ VERB][UTILS ] camxhashmap.cpp:210 GetInPlace() Key not found
10-19 06:11:15.304 V/CamX (13589): [ VERB][UTILS ] camxhashmap.cpp:210 GetInPlace() Key not found
10-19 06:11:15.304 V/CamX (13589): [ VERB][UTILS ] camxhashmap.cpp:210 GetInPlace() Key not found
10-19 06:11:15.304 V/CamX (13589): [ VERB][UTILS ] camxhashmap.cpp:210 GetInPlace() Key not found
10-19 06:11:15.304 V/CamX (13589): [ VERB][UTILS ] camxhashmap.cpp:210 GetInPlace() Key not found
10-19 06:11:15.304 V/CamX (13589): [ VERB][UTILS ] camxhashmap.cpp:210 GetInPlace() Key not found
10-19 06:11:15.304 V/CamX (13589): [ VERB][UTILS ] camxhashmap.cpp:210 GetInPlace() Key not found
10-19 06:11:15.305 V/CamX (13589): [ VERB][UTILS ] camxhashmap.cpp:210 GetInPlace() Key not found
10-19 06:11:15.305 V/CamX (13589): [ VERB][UTILS ] camxhashmap.cpp:210 GetInPlace() Key not found
10-19 06:11:15.305 V/CamX (13589): [ VERB][UTILS ] camxhashmap.cpp:210 GetInPlace() Key not found
10-19 06:11:15.305 V/CamX (13589): [ VERB][UTILS ] camxhashmap.cpp:210 GetInPlace() Key not found
10-19 06:11:15.305 V/CamX (13589): [ VERB][UTILS ] camxhashmap.cpp:210 GetInPlace() Key not found
10-19 06:11:15.305 V/CamX (13589): [ VERB][UTILS ] camxhashmap.cpp:210 GetInPlace() Key not found
10-19 06:11:15.305 V/CamX (13589): [ VERB][UTILS ] camxhashmap.cpp:210 GetInPlace() Key not found
10-19 06:11:15.305 V/CamX (13589): [ VERB][UTILS ] camxhashmap.cpp:210 GetInPlace() Key not found
10-19 06:11:15.305 V/CamX (13589): [ VERB][UTILS ] camxhashmap.cpp:210 GetInPlace() Key not found
10-19 06:11:15.305 V/CamX (13589): [ VERB][UTILS ] camxhashmap.cpp:210 GetInPlace() Key not found
10-19 06:11:15.305 V/CamX (13589): [ VERB][UTILS ] camxhashmap.cpp:210 GetInPlace() Key not found
10-19 06:11:15.305 V/CamX (13589): [ VERB][UTILS ] camxhashmap.cpp:210 GetInPlace() Key not found
10-19 06:11:15.305 V/CamX (13589): [ VERB][UTILS ] camxhashmap.cpp:210 GetInPlace() Key not found
10-19 06:11:15.305 V/CamX (13589): [ VERB][UTILS ] camxhashmap.cpp:210 GetInPlace() Key not found
10-19 06:11:15.305 V/CamX (13589): [ VERB][UTILS ] camxhashmap.cpp:210 GetInPlace() Key not found
10-19 06:11:15.305 V/CamX (13589): [ VERB][UTILS ] camxhashmap.cpp:210 GetInPlace() Key not found
10-19 06:11:15.305 V/CamX (13589): [ VERB][UTILS ] camxhashmap.cpp:210 GetInPlace() Key not found
10-19 06:11:15.305 V/CamX (13589): [ VERB][UTILS ] camxhashmap.cpp:210 GetInPlace() Key not found
10-19 06:11:15.305 V/CamX (13589): [ VERB][UTILS ] camxhashmap.cpp:210 GetInPlace() Key not found
10-19 06:11:15.305 V/CamX (13589): [ VERB][UTILS ] camxhashmap.cpp:210 GetInPlace() Key not found
10-19 06:11:15.305 V/CamX (13589): [ VERB][UTILS ] camxhashmap.cpp:210 GetInPlace() Key not found
10-19 06:11:15.305 V/CamX (13589): [ VERB][UTILS ] camxhashmap.cpp:210 GetInPlace() Key not found
10-19 06:11:15.305 V/CamX (13589): [ VERB][UTILS ] camxhashmap.cpp:210 GetInPlace() Key not found
10-19 06:11:15.305 V/CamX (13589): [ VERB][UTILS ] camxhashmap.cpp:210 GetInPlace() Key not found
10-19 06:11:15.305 V/CamX (13589): [ VERB][UTILS ] camxhashmap.cpp:210 GetInPlace() Key not found
10-19 06:11:15.305 V/CamX (13589): [ VERB][UTILS ] camxhashmap.cpp:210 GetInPlace() Key not found
10-19 06:11:15.305 V/CamX (13589): [ VERB][UTILS ] camxhashmap.cpp:210 GetInPlace() Key not found
10-19 06:11:15.305 V/CamX (13589): [ VERB][UTILS ] camxhashmap.cpp:210 GetInPlace() Key not found
10-19 06:11:15.305 V/CamX (13589): [ VERB][UTILS ] camxhashmap.cpp:210 GetInPlace() Key not found
10-19 06:11:15.305 V/CamX (13589): [ VERB][UTILS ] camxhashmap.cpp:210 GetInPlace() Key not found
10-19 06:11:15.306 V/CamX (13589): [ VERB][UTILS ] camxhashmap.cpp:210 GetInPlace() Key not found
10-19 06:11:15.306 V/CamX (13589): [ VERB][UTILS ] camxhashmap.cpp:210 GetInPlace() Key not found
10-19 06:11:15.306 V/CamX (13589): [ VERB][UTILS ] camxhashmap.cpp:210 GetInPlace() Key not found
10-19 06:11:15.306 V/CamX (13589): [ VERB][UTILS ] camxhashmap.cpp:210 GetInPlace() Key not found
10-19 06:11:15.306 V/CamX (13589): [ VERB][UTILS ] camxhashmap.cpp:210 GetInPlace() Key not found
10-19 06:11:15.306 V/CamX (13589): [ VERB][UTILS ] camxhashmap.cpp:210 GetInPlace() Key not found
10-19 06:11:15.306 V/CamX (13589): [ VERB][UTILS ] camxhashmap.cpp:210 GetInPlace() Key not found
10-19 06:11:15.306 V/CamX (13589): [ VERB][UTILS ] camxhashmap.cpp:210 GetInPlace() Key not found
10-19 06:11:15.306 V/CamX (13589): [ VERB][UTILS ] camxhashmap.cpp:210 GetInPlace() Key not found
10-19 06:11:15.306 V/CamX (13589): [ VERB][UTILS ] camxhashmap.cpp:210 GetInPlace() Key not found
10-19 06:11:15.306 V/CamX (13589): [ VERB][UTILS ] camxhashmap.cpp:210 GetInPlace() Key not found
10-19 06:11:15.306 V/CamX (13589): [ VERB][UTILS ] camxhashmap.cpp:210 GetInPlace() Key not found
10-19 06:11:15.306 V/CamX (13589): [ VERB][UTILS ] camxhashmap.cpp:210 GetInPlace() Key not found
10-19 06:11:15.306 V/CamX (13589): [ VERB][UTILS ] camxhashmap.cpp:210 GetInPlace() Key not found
10-19 06:11:15.306 V/CamX (13589): [ VERB][UTILS ] camxhashmap.cpp:210 GetInPlace() Key not found
10-19 06:11:15.306 V/CamX (13589): [ VERB][UTILS ] camxhashmap.cpp:210 GetInPlace() Key not found
10-19 06:11:15.306 V/CamX (13589): [ VERB][UTILS ] camxhashmap.cpp:210 GetInPlace() Key not found
10-19 06:11:15.306 V/CamX (13589): [ VERB][UTILS ] camxhashmap.cpp:210 GetInPlace() Key not found
10-19 06:11:15.306 V/CamX (13589): [ VERB][UTILS ] camxhashmap.cpp:210 GetInPlace() Key not found
10-19 06:11:15.306 V/CamX (13589): [ VERB][UTILS ] camxhashmap.cpp:210 GetInPlace() Key not found
10-19 06:11:15.306 V/CamX (13589): [ VERB][UTILS ] camxhashmap.cpp:210 GetInPlace() Key not found
10-19 06:11:15.306 V/CamX (13589): [ VERB][UTILS ] camxhashmap.cpp:210 GetInPlace() Key not found
10-19 06:11:15.306 V/CamX (13589): [ VERB][UTILS ] camxhashmap.cpp:210 GetInPlace() Key not found
10-19 06:11:15.306 V/CamX (13589): [ VERB][UTILS ] camxhashmap.cpp:210 GetInPlace() Key not found
10-19 06:11:15.306 V/CamX (13589): [ VERB][UTILS ] camxhashmap.cpp:210 GetInPlace() Key not found
10-19 06:11:15.306 V/CamX (13589): [ VERB][UTILS ] camxhashmap.cpp:210 GetInPlace() Key not found
10-19 06:11:15.306 V/CamX (13589): [ VERB][UTILS ] camxhashmap.cpp:210 GetInPlace() Key not found
10-19 06:11:15.306 V/CamX (13589): [ VERB][UTILS ] camxhashmap.cpp:210 GetInPlace() Key not found
10-19 06:11:15.306 V/CamX (13589): [ VERB][UTILS ] camxhashmap.cpp:210 GetInPlace() Key not found
10-19 06:11:15.306 V/CamX (13589): [ VERB][UTILS ] camxhashmap.cpp:210 GetInPlace() Key not found
10-19 06:11:15.306 V/CamX (13589): [ VERB][UTILS ] camxhashmap.cpp:210 GetInPlace() Key not found
10-19 06:11:15.306 V/CamX (13589): [ VERB][UTILS ] camxhashmap.cpp:210 GetInPlace() Key not found
10-19 06:11:15.306 V/CamX (13589): [ VERB][UTILS ] camxhashmap.cpp:210 GetInPlace() Key not found
10-19 06:11:15.306 V/CamX (13589): [ VERB][UTILS ] camxhashmap.cpp:210 GetInPlace() Key not found
10-19 06:11:15.306 V/CamX (13589): [ VERB][UTILS ] camxhashmap.cpp:210 GetInPlace() Key not found
10-19 06:11:15.307 V/CamX (13589): [ VERB][UTILS ] camxhashmap.cpp:210 GetInPlace() Key not found
10-19 06:11:15.307 V/CamX (13589): [ VERB][UTILS ] camxhashmap.cpp:210 GetInPlace() Key not found
10-19 06:11:15.307 V/CamX (13589): [ VERB][UTILS ] camxhashmap.cpp:210 GetInPlace() Key not found
10-19 06:11:15.307 V/CamX (13589): [ VERB][UTILS ] camxhashmap.cpp:210 GetInPlace() Key not found
10-19 06:11:15.307 V/CamX (13589): [ VERB][UTILS ] camxhashmap.cpp:210 GetInPlace() Key not found
10-19 06:11:15.307 V/CamX (13589): [ VERB][UTILS ] camxhashmap.cpp:210 GetInPlace() Key not found
10-19 06:11:15.307 V/CamX (13589): [ VERB][UTILS ] camxhashmap.cpp:210 GetInPlace() Key not found
10-19 06:11:15.307 V/CamX (13589): [ VERB][UTILS ] camxhashmap.cpp:210 GetInPlace() Key not found
10-19 06:11:15.307 V/CamX (13589): [ VERB][UTILS ] camxhashmap.cpp:210 GetInPlace() Key not found
10-19 06:11:15.307 V/CamX (13589): [ VERB][UTILS ] camxhashmap.cpp:210 GetInPlace() Key not found
10-19 06:11:15.307 V/CamX (13589): [ VERB][UTILS ] camxhashmap.cpp:210 GetInPlace() Key not found
10-19 06:11:15.307 V/CamX (13589): [ VERB][UTILS ] camxhashmap.cpp:210 GetInPlace() Key not found
10-19 06:11:15.307 V/CamX (13589): [ VERB][UTILS ] camxhashmap.cpp:210 GetInPlace() Key not found
10-19 06:11:15.307 V/CamX (13589): [ VERB][UTILS ] camxhashmap.cpp:210 GetInPlace() Key not found
10-19 06:11:15.307 V/CamX (13589): [ VERB][UTILS ] camxhashmap.cpp:210 GetInPlace() Key not found
10-19 06:11:15.307 V/CamX (13589): [ VERB][UTILS ] camxhashmap.cpp:210 GetInPlace() Key not found
10-19 06:11:15.307 V/CamX (13589): [ VERB][UTILS ] camxhashmap.cpp:210 GetInPlace() Key not found
10-19 06:11:15.307 V/CamX (13589): [ VERB][UTILS ] camxhashmap.cpp:210 GetInPlace() Key not found
10-19 06:11:15.307 V/CamX (13589): [ VERB][UTILS ] camxhashmap.cpp:210 GetInPlace() Key not found
10-19 06:11:15.307 V/CamX (13589): [ VERB][UTILS ] camxhashmap.cpp:210 GetInPlace() Key not found
10-19 06:11:15.307 V/CamX (13589): [ VERB][UTILS ] camxhashmap.cpp:210 GetInPlace() Key not found
10-19 06:11:15.307 V/CamX (13589): [ VERB][UTILS ] camxhashmap.cpp:210 GetInPlace() Key not found
10-19 06:11:15.307 V/CamX (13589): [ VERB][UTILS ] camxhashmap.cpp:210 GetInPlace() Key not found
10-19 06:11:15.307 V/CamX (13589): [ VERB][UTILS ] camxhashmap.cpp:210 GetInPlace() Key not found
10-19 06:11:15.307 V/CamX (13589): [ VERB][UTILS ] camxhashmap.cpp:210 GetInPlace() Key not found
10-19 06:11:15.307 V/CamX (13589): [ VERB][UTILS ] camxhashmap.cpp:210 GetInPlace() Key not found
10-19 06:11:15.307 V/CamX (13589): [ VERB][UTILS ] camxhashmap.cpp:210 GetInPlace() Key not found
10-19 06:11:15.307 V/CamX (13589): [ VERB][UTILS ] camxhashmap.cpp:210 GetInPlace() Key not found
10-19 06:11:15.307 V/CamX (13589): [ VERB][UTILS ] camxhashmap.cpp:210 GetInPlace() Key not found
10-19 06:11:15.308 V/CamX (13589): [ VERB][UTILS ] camxhashmap.cpp:210 GetInPlace() Key not found
10-19 06:11:15.308 V/CamX (13589): [ VERB][UTILS ] camxhashmap.cpp:210 GetInPlace() Key not found
10-19 06:11:15.308 V/CamX (13589): [ VERB][UTILS ] camxhashmap.cpp:210 GetInPlace() Key not found
10-19 06:11:15.308 V/CamX (13589): [ VERB][UTILS ] camxhashmap.cpp:210 GetInPlace() Key not found
10-19 06:11:15.308 V/CamX (13589): [ VERB][UTILS ] camxhashmap.cpp:210 GetInPlace() Key not found
10-19 06:11:15.308 V/CamX (13589): [ VERB][UTILS ] camxhashmap.cpp:210 GetInPlace() Key not found
10-19 06:11:15.308 V/CamX (13589): [ VERB][UTILS ] camxhashmap.cpp:210 GetInPlace() Key not found
10-19 06:11:15.308 V/CamX (13589): [ VERB][UTILS ] camxhashmap.cpp:210 GetInPlace() Key not found
10-19 06:11:15.308 V/CamX (13589): [ VERB][UTILS ] camxhashmap.cpp:210 GetInPlace() Key not found
10-19 06:11:15.308 V/CamX (13589): [ VERB][UTILS ] camxhashmap.cpp:210 GetInPlace() Key not found
10-19 06:11:15.308 V/CamX (13589): [ VERB][UTILS ] camxhashmap.cpp:210 GetInPlace() Key not found
10-19 06:11:15.308 V/CamX (13589): [ VERB][UTILS ] camxhashmap.cpp:210 GetInPlace() Key not found
10-19 06:11:15.308 V/CamX (13589): [ VERB][UTILS ] camxhashmap.cpp:210 GetInPlace() Key not found
10-19 06:11:15.308 V/CamX (13589): [ VERB][UTILS ] camxhashmap.cpp:210 GetInPlace() Key not found
10-19 06:11:15.308 V/CamX (13589): [ VERB][UTILS ] camxhashmap.cpp:210 GetInPlace() Key not found
10-19 06:11:15.308 V/CamX (13589): [ VERB][UTILS ] camxhashmap.cpp:210 GetInPlace() Key not found
10-19 06:11:15.308 V/CamX (13589): [ VERB][UTILS ] camxhashmap.cpp:210 GetInPlace() Key not found
10-19 06:11:15.308 V/CamX (13589): [ VERB][UTILS ] camxhashmap.cpp:210 GetInPlace() Key not found
10-19 06:11:15.308 V/CamX (13589): [ VERB][UTILS ] camxhashmap.cpp:210 GetInPlace() Key not found
10-19 06:11:15.308 V/CamX (13589): [ VERB][UTILS ] camxhashmap.cpp:210 GetInPlace() Key not found
10-19 06:11:15.308 V/CamX (13589): [ VERB][UTILS ] camxhashmap.cpp:210 GetInPlace() Key not found
10-19 06:11:15.308 V/CamX (13589): [ VERB][UTILS ] camxhashmap.cpp:210 GetInPlace() Key not found
10-19 06:11:15.308 V/CamX (13589): [ VERB][UTILS ] camxhashmap.cpp:210 GetInPlace() Key not found
10-19 06:11:15.308 V/CamX (13589): [ VERB][UTILS ] camxhashmap.cpp:210 GetInPlace() Key not found
10-19 06:11:15.308 V/CamX (13589): [ VERB][UTILS ] camxhashmap.cpp:210 GetInPlace() Key not found
10-19 06:11:15.308 V/CamX (13589): [ VERB][UTILS ] camxhashmap.cpp:210 GetInPlace() Key not found
10-19 06:11:15.308 V/CamX (13589): [ VERB][UTILS ] camxhashmap.cpp:210 GetInPlace() Key not found
10-19 06:11:15.308 V/CamX (13589): [ VERB][UTILS ] camxhashmap.cpp:210 GetInPlace() Key not found
10-19 06:11:15.308 V/CamX (13589): [ VERB][UTILS ] camxhashmap.cpp:210 GetInPlace() Key not found
10-19 06:11:15.308 V/CamX (13589): [ VERB][UTILS ] camxhashmap.cpp:210 GetInPlace() Key not found
10-19 06:11:15.308 V/CamX (13589): [ VERB][UTILS ] camxhashmap.cpp:210 GetInPlace() Key not found
10-19 06:11:15.308 V/CamX (13589): [ VERB][UTILS ] camxhashmap.cpp:210 GetInPlace() Key not found
10-19 06:11:15.308 V/CamX (13589): [ VERB][UTILS ] camxhashmap.cpp:210 GetInPlace() Key not found
10-19 06:11:15.308 V/CamX (13589): [ VERB][UTILS ] camxhashmap.cpp:210 GetInPlace() Key not found
10-19 06:11:15.308 V/CamX (13589): [ VERB][UTILS ] camxhashmap.cpp:210 GetInPlace() Key not found
10-19 06:11:15.308 V/CamX (13589): [ VERB][UTILS ] camxhashmap.cpp:210 GetInPlace() Key not found
10-19 06:11:15.308 V/CamX (13589): [ VERB][UTILS ] camxhashmap.cpp:210 GetInPlace() Key not found
10-19 06:11:15.308 V/CamX (13589): [ VERB][UTILS ] camxhashmap.cpp:210 GetInPlace() Key not found
10-19 06:11:15.308 V/CamX (13589): [ VERB][UTILS ] camxhashmap.cpp:210 GetInPlace() Key not found
10-19 06:11:15.308 V/CamX (13589): [ VERB][UTILS ] camxhashmap.cpp:210 GetInPlace() Key not found
10-19 06:11:15.309 V/CamX (13589): [ VERB][UTILS ] camxhashmap.cpp:210 GetInPlace() Key not found
10-19 06:11:15.309 V/CamX (13589): [ VERB][UTILS ] camxhashmap.cpp:210 GetInPlace() Key not found
10-19 06:11:15.309 V/CamX (13589): [ VERB][UTILS ] camxhashmap.cpp:210 GetInPlace() Key not found
10-19 06:11:15.309 V/CamX (13589): [ VERB][UTILS ] camxhashmap.cpp:210 GetInPlace() Key not found
10-19 06:11:15.309 V/CamX (13589): [ VERB][UTILS ] camxhashmap.cpp:210 GetInPlace() Key not found
10-19 06:11:15.309 V/CamX (13589): [ VERB][UTILS ] camxhashmap.cpp:210 GetInPlace() Key not found
10-19 06:11:15.309 V/CamX (13589): [ VERB][UTILS ] camxhashmap.cpp:210 GetInPlace() Key not found
10-19 06:11:15.309 V/CamX (13589): [ VERB][UTILS ] camxhashmap.cpp:210 GetInPlace() Key not found
10-19 06:11:15.309 V/CamX (13589): [ VERB][UTILS ] camxhashmap.cpp:210 GetInPlace() Key not found
10-19 06:11:15.309 V/CamX (13589): [ VERB][UTILS ] camxhashmap.cpp:210 GetInPlace() Key not found
10-19 06:11:15.309 V/CamX (13589): [ VERB][UTILS ] camxhashmap.cpp:210 GetInPlace() Key not found
10-19 06:11:15.309 V/CamX (13589): [ VERB][UTILS ] camxhashmap.cpp:210 GetInPlace() Key not found
10-19 06:11:15.309 V/CamX (13589): [ VERB][UTILS ] camxhashmap.cpp:210 GetInPlace() Key not found
10-19 06:11:15.309 V/CamX (13589): [ VERB][UTILS ] camxhashmap.cpp:210 GetInPlace() Key not found
10-19 06:11:15.309 V/CamX (13589): [ VERB][UTILS ] camxhashmap.cpp:210 GetInPlace() Key not found
10-19 06:11:15.309 V/CamX (13589): [ VERB][UTILS ] camxhashmap.cpp:210 GetInPlace() Key not found
10-19 06:11:15.309 V/CamX (13589): [ VERB][UTILS ] camxhashmap.cpp:210 GetInPlace() Key not found
10-19 06:11:15.309 V/CamX (13589): [ VERB][UTILS ] camxhashmap.cpp:210 GetInPlace() Key not found
10-19 06:11:15.309 V/CamX (13589): [ VERB][UTILS ] camxhashmap.cpp:210 GetInPlace() Key not found
10-19 06:11:15.309 V/CamX (13589): [ VERB][UTILS ] camxhashmap.cpp:210 GetInPlace() Key not found
10-19 06:11:15.309 V/CamX (13589): [ VERB][UTILS ] camxhashmap.cpp:210 GetInPlace() Key not found
10-19 06:11:15.309 V/CamX (13589): [ VERB][UTILS ] camxhashmap.cpp:210 GetInPlace() Key not found
10-19 06:11:15.309 V/CamX (13589): [ VERB][UTILS ] camxhashmap.cpp:210 GetInPlace() Key not found
10-19 06:11:15.309 V/CamX (13589): [ VERB][UTILS ] camxhashmap.cpp:210 GetInPlace() Key not found
10-19 06:11:15.309 V/CamX (13589): [ VERB][UTILS ] camxhashmap.cpp:210 GetInPlace() Key not found
10-19 06:11:15.309 V/CamX (13589): [ VERB][UTILS ] camxhashmap.cpp:210 GetInPlace() Key not found
10-19 06:11:15.309 V/CamX (13589): [ VERB][UTILS ] camxhashmap.cpp:210 GetInPlace() Key not found
10-19 06:11:15.309 V/CamX (13589): [ VERB][UTILS ] camxhashmap.cpp:210 GetInPlace() Key not found
10-19 06:11:15.309 V/CamX (13589): [ VERB][UTILS ] camxhashmap.cpp:210 GetInPlace() Key not found
10-19 06:11:15.310 V/CamX (13589): [ VERB][UTILS ] camxhashmap.cpp:210 GetInPlace() Key not found
10-19 06:11:15.310 V/CamX (13589): [ VERB][UTILS ] camxhashmap.cpp:210 GetInPlace() Key not found
10-19 06:11:15.310 V/CamX (13589): [ VERB][UTILS ] camxhashmap.cpp:210 GetInPlace() Key not found
10-19 06:11:15.310 V/CamX (13589): [ VERB][UTILS ] camxhashmap.cpp:210 GetInPlace() Key not found
10-19 06:11:15.310 V/CamX (13589): [ VERB][UTILS ] camxhashmap.cpp:210 GetInPlace() Key not found
10-19 06:11:15.310 V/CamX (13589): [ VERB][UTILS ] camxhashmap.cpp:210 GetInPlace() Key not found
10-19 06:11:15.310 V/CamX (13589): [ VERB][UTILS ] camxhashmap.cpp:210 GetInPlace() Key not found
10-19 06:11:15.310 V/CamX (13589): [ VERB][UTILS ] camxhashmap.cpp:210 GetInPlace() Key not found
10-19 06:11:15.310 V/CamX (13589): [ VERB][UTILS ] camxhashmap.cpp:210 GetInPlace() Key not found
10-19 06:11:15.310 V/CamX (13589): [ VERB][UTILS ] camxhashmap.cpp:210 GetInPlace() Key not found
10-19 06:11:15.310 V/CamX (13589): [ VERB][UTILS ] camxhashmap.cpp:210 GetInPlace() Key not found
10-19 06:11:15.310 V/CamX (13589): [ VERB][UTILS ] camxhashmap.cpp:210 GetInPlace() Key not found
10-19 06:11:15.310 V/CamX (13589): [ VERB][UTILS ] camxhashmap.cpp:210 GetInPlace() Key not found
10-19 06:11:15.310 V/CamX (13589): [ VERB][UTILS ] camxhashmap.cpp:210 GetInPlace() Key not found
10-19 06:11:15.310 V/CamX (13589): [ VERB][UTILS ] camxhashmap.cpp:210 GetInPlace() Key not found
10-19 06:11:15.310 V/CamX (13589): [ VERB][UTILS ] camxhashmap.cpp:210 GetInPlace() Key not found
10-19 06:11:15.310 V/CamX (13589): [ VERB][UTILS ] camxhashmap.cpp:210 GetInPlace() Key not found
10-19 06:11:15.310 V/CamX (13589): [ VERB][UTILS ] camxhashmap.cpp:210 GetInPlace() Key not found
10-19 06:11:15.310 V/CamX (13589): [ VERB][UTILS ] camxhashmap.cpp:210 GetInPlace() Key not found
10-19 06:11:15.310 V/CamX (13589): [ VERB][UTILS ] camxhashmap.cpp:210 GetInPlace() Key not found
10-19 06:11:15.310 V/CamX (13589): [ VERB][UTILS ] camxhashmap.cpp:210 GetInPlace() Key not found
10-19 06:11:15.310 V/CamX (13589): [ VERB][UTILS ] camxhashmap.cpp:210 GetInPlace() Key not found
10-19 06:11:15.310 V/CamX (13589): [ VERB][UTILS ] camxhashmap.cpp:210 GetInPlace() Key not found
10-19 06:11:15.310 V/CamX (13589): [ VERB][UTILS ] camxhashmap.cpp:210 GetInPlace() Key not found
10-19 06:11:15.310 V/CamX (13589): [ VERB][UTILS ] camxhashmap.cpp:210 GetInPlace() Key not found
10-19 06:11:15.310 V/CamX (13589): [ VERB][UTILS ] camxhashmap.cpp:210 GetInPlace() Key not found
10-19 06:11:15.310 V/CamX (13589): [ VERB][UTILS ] camxhashmap.cpp:210 GetInPlace() Key not found
10-19 06:11:15.310 V/CamX (13589): [ VERB][UTILS ] camxhashmap.cpp:210 GetInPlace() Key not found
10-19 06:11:15.310 V/CamX (13589): [ VERB][UTILS ] camxhashmap.cpp:210 GetInPlace() Key not found
10-19 06:11:15.310 V/CamX (13589): [ VERB][UTILS ] camxhashmap.cpp:210 GetInPlace() Key not found
10-19 06:11:15.310 V/CamX (13589): [ VERB][UTILS ] camxhashmap.cpp:210 GetInPlace() Key not found
10-19 06:11:15.310 V/CamX (13589): [ VERB][UTILS ] camxhashmap.cpp:210 GetInPlace() Key not found
10-19 06:11:15.310 V/CamX (13589): [ VERB][UTILS ] camxhashmap.cpp:210 GetInPlace() Key not found
10-19 06:11:15.310 V/CamX (13589): [ VERB][UTILS ] camxhashmap.cpp:210 GetInPlace() Key not found
