10-19 06:11:20.420 V/CamX (13598): [ VERB][UTILS ] camxhashmap.cpp:210 GetInPlace() Key not found
10-19 06:11:20.420 V/CamX (13598): [ VERB][UTILS ] camxhashmap.cpp:210 GetInPlace() Key not found
10-19 06:11:20.420 V/CamX (13598): [ VERB][UTILS ] camxhashmap.cpp:210 GetInPlace() Key not found
10-19 06:11:20.420 V/CamX (13598): [ VERB][UTILS ] camxhashmap.cpp:210 GetInPlace() Key not found
10-19 06:11:20.420 V/CamX (13598): [ VERB][UTILS ] camxhashmap.cpp:210 GetInPlace() Key not found
10-19 06:11:20.420 V/CamX (13598): [ VERB][UTILS ] camxhashmap.cpp:210 GetInPlace() Key not found
10-19 06:11:20.420 V/CamX (13598): [ VERB][UTILS ] camxhashmap.cpp:210 GetInPlace() Key not found
10-19 06:11:20.420 V/CamX (13598): [ VERB][UTILS ] camxhashmap.cpp:210 GetInPlace() Key not found
10-19 06:11:20.420 V/CamX (13598): [ VERB][UTILS ] camxhashmap.cpp:210 GetInPlace() Key not found
10-19 06:11:20.420 V/CamX (13598): [ VERB][UTILS ] camxhashmap.cpp:210 GetInPlace() Key not found
10-19 06:11:20.421 V/CamX (13598): [ VERB][UTILS ] camxhashmap.cpp:210 GetInPlace() Key not found
10-19 06:11:20.421 V/CamX (13598): [ VERB][UTILS ] camxhashmap.cpp:210 GetInPlace() Key not found
10-19 06:11:20.421 V/CamX (13598): [ VERB][UTILS ] camxhashmap.cpp:210 GetInPlace() Key not found
10-19 06:11:20.421 V/CamX (13598): [ VERB][UTILS ] camxhashmap.cpp:210 GetInPlace() Key not found
10-19 06:11:20.421 V/CamX (13598): [ VERB][UTILS ] camxhashmap.cpp:210 GetInPlace() Key not found
10-19 06:11:20.421 V/CamX (13598): [ VERB][UTILS ] camxhashmap.cpp:210 GetInPlace() Key not found
10-19 06:11:20.421 V/CamX (13598): [ VERB][UTILS ] camxhashmap.cpp:210 GetInPlace() Key not found
10-19 06:11:20.421 V/CamX (13598): [ VERB][UTILS ] camxhashmap.cpp:210 GetInPlace() Key not found
10-19 06:11:20.421 V/CamX (13598): [ VERB][UTILS ] camxhashmap.cpp:210 GetInPlace() Key not found
10-19 06:11:20.421 V/CamX (13598): [ VERB][UTILS ] camxhashmap.cpp:210 GetInPlace() Key not found
10-19 06:11:20.421 V/CamX (13598): [ VERB][UTILS ] camxhashmap.cpp:210 GetInPlace() Key not found
10-19 06:11:20.421 V/CamX (13598): [ VERB][UTILS ] camxhashmap.cpp:210 GetInPlace() Key not found
10-19 06:11:20.421 V/CamX (13598): [ VERB][UTILS ] camxhashmap.cpp:210 GetInPlace() Key not found
10-19 06:11:20.421 V/CamX (13598): [ VERB][UTILS ] camxhashmap.cpp:210 GetInPlace() Key not found
10-19 06:11:20.421 V/CamX (13598): [ VERB][UTILS ] camxhashmap.cpp:210 GetInPlace() Key not found
10-19 06:11:20.421 V/CamX (13598): [ VERB][UTILS ] camxhashmap.cpp:210 GetInPlace() Key not found
10-19 06:11:20.421 V/CamX (13598): [ VERB][UTILS ] camxhashmap.cpp:210 GetInPlace() Key not found
10-19 06:11:20.421 V/CamX (13598): [ VERB][UTILS ] camxhashmap.cpp:210 GetInPlace() Key not found
10-19 06:11:20.421 V/CamX (13598): [ VERB][UTILS ] camxhashmap.cpp:210 GetInPlace() Key not found
10-19 06:11:20.421 V/CamX (13598): [ VERB][UTILS ] camxhashmap.cpp:210 GetInPlace() Key not found
10-19 06:11:20.421 V/CamX (13598): [ VERB][UTILS ] camxhashmap.cpp:210 GetInPlace() Key not found
10-19 06:11:20.421 V/CamX (13598): [ VERB][UTILS ] camxhashmap.cpp:210 GetInPlace() Key not found
10-19 06:11:20.421 V/CamX (13598): [ VERB][UTILS ] camxhashmap.cpp:210 GetInPlace() Key not found
10-19 06:11:20.421 V/CamX (13598): [ VERB][UTILS ] camxhashmap.cpp:210 GetInPlace() Key not found
10-19 06:11:20.421 V/CamX (13598): [ VERB][UTILS ] camxhashmap.cpp:210 GetInPlace() Key not found
10-19 06:11:20.421 V/CamX (13598): [ VERB][UTILS ] camxhashmap.cpp:210 GetInPlace() Key not found
10-19 06:11:20.421 V/CamX (13598): [ VERB][UTILS ] camxhashmap.cpp:210 GetInPlace() Key not found
10-19 06:11:20.421 V/CamX (13598): [ VERB][UTILS ] camxhashmap.cpp:210 GetInPlace() Key not found
10-19 06:11:20.421 V/CamX (13598): [ VERB][UTILS ] camxhashmap.cpp:210 GetInPlace() Key not found
10-19 06:11:20.421 V/CamX (13598): [ VERB][UTILS ] camxhashmap.cpp:210 GetInPlace() Key not found
10-19 06:11:20.421 V/CamX (13598): [ VERB][UTILS ] camxhashmap.cpp:210 GetInPlace() Key not found
10-19 06:11:20.421 V/CamX (13598): [ VERB][UTILS ] camxhashmap.cpp:210 GetInPlace() Key not found
10-19 06:11:20.421 V/CamX (13598): [ VERB][UTILS ] camxhashmap.cpp:210 GetInPlace() Key not found
10-19 06:11:20.421 V/CamX (13598): [ VERB][UTILS ] camxhashmap.cpp:210 GetInPlace() Key not found
10-19 06:11:20.421 V/CamX (13598): [ VERB][UTILS ] camxhashmap.cpp:210 GetInPlace() Key not found
10-19 06:11:20.421 V/CamX (13598): [ VERB][UTILS ] camxhashmap.cpp:210 GetInPlace() Key not found
10-19 06:11:20.421 V/CamX (13598): [ VERB][UTILS ] camxhashmap.cpp:210 GetInPlace() Key not found
10-19 06:11:20.421 V/CamX (13598): [ VERB][UTILS ] camxhashmap.cpp:210 GetInPlace() Key not found
10-19 06:11:20.421 V/CamX (13598): [ VERB][UTILS ] camxhashmap.cpp:210 GetInPlace() Key not found
10-19 06:11:20.421 V/CamX (13598): [ VERB][UTILS ] camxhashmap.cpp:210 GetInPlace() Key not found
10-19 06:11:20.422 V/CamX (13598): [ VERB][UTILS ] camxhashmap.cpp:210 GetInPlace() Key not found
10-19 06:11:20.422 V/CamX (13598): [ VERB][UTILS ] camxhashmap.cpp:210 GetInPlace() Key not found
10-19 06:11:20.422 V/CamX (13598): [ VERB][UTILS ] camxhashmap.cpp:210 GetInPlace() Key not found
10-19 06:11:20.422 V/CamX (13598): [ VERB][UTILS ] camxhashmap.cpp:210 GetInPlace() Key not found
10-19 06:11:20.422 V/CamX (13598): [ VERB][UTILS ] camxhashmap.cpp:210 GetInPlace() Key not found
10-19 06:11:20.422 V/CamX (13598): [ VERB][UTILS ] camxhashmap.cpp:210 GetInPlace() Key not found
10-19 06:11:20.422 V/CamX (13598): [ VERB][UTILS ] camxhashmap.cpp:210 GetInPlace() Key not found
10-19 06:11:20.422 V/CamX (13598): [ VERB][UTILS ] camxhashmap.cpp:210 GetInPlace() Key not found
10-19 06:11:20.422 V/CamX (13598): [ VERB][UTILS ] camxhashmap.cpp:210 GetInPlace() Key not found
10-19 06:11:20.422 V/CamX (13598): [ VERB][UTILS ] camxhashmap.cpp:210 GetInPlace() Key not found
10-19 06:11:20.422 V/CamX (13598): [ VERB][UTILS ] camxhashmap.cpp:210 GetInPlace() Key not found
10-19 06:11:20.422 V/CamX (13598): [ VERB][UTILS ] camxhashmap.cpp:210 GetInPlace() Key not found
10-19 06:11:20.422 V/CamX (13598): [ VERB][UTILS ] camxhashmap.cpp:210 GetInPlace() Key not found
10-19 06:11:20.422 V/CamX (13598): [ VERB][UTILS ] camxhashmap.cpp:210 GetInPlace() Key not found
10-19 06:11:20.422 V/CamX (13598): [ VERB][UTILS ] camxhashmap.cpp:210 GetInPlace() Key not found
10-19 06:11:20.422 V/CamX (13598): [ VERB][UTILS ] camxhashmap.cpp:210 GetInPlace() Key not found
10-19 06:11:20.422 V/CamX (13598): [ VERB][UTILS ] camxhashmap.cpp:210 GetInPlace() Key not found
10-19 06:11:20.422 V/CamX (13598): [ VERB][UTILS ] camxhashmap.cpp:210 GetInPlace() Key not found
10-19 06:11:20.422 V/CamX (13598): [ VERB][UTILS ] camxhashmap.cpp:210 GetInPlace() Key not found
10-19 06:11:20.422 V/CamX (13598): [ VERB][UTILS ] camxhashmap.cpp:210 GetInPlace() Key not found
10-19 06:11:20.422 V/CamX (13598): [ VERB][UTILS ] camxhashmap.cpp:210 GetInPlace() Key not found
10-19 06:11:20.422 V/CamX (13598): [ VERB][UTILS ] camxhashmap.cpp:210 GetInPlace() Key not found
10-19 06:11:20.422 V/CamX (13598): [ VERB][UTILS ] camxhashmap.cpp:210 GetInPlace() Key not found
10-19 06:11:20.422 V/CamX (13598): [ VERB][UTILS ] camxhashmap.cpp:210 GetInPlace() Key not found
10-19 06:11:20.422 V/CamX (13598): [ VERB][UTILS ] camxhashmap.cpp:210 GetInPlace() Key not found
10-19 06:11:20.422 V/CamX (13598): [ VERB][UTILS ] camxhashmap.cpp:210 GetInPlace() Key not found
10-19 06:11:20.422 V/CamX (13598): [ VERB][UTILS ] camxhashmap.cpp:210 GetInPlace() Key not found
10-19 06:11:20.422 V/CamX (13598): [ VERB][UTILS ] camxhashmap.cpp:210 GetInPlace() Key not found
10-19 06:11:20.422 V/CamX (13598): [ VERB][UTILS ] camxhashmap.cpp:210 GetInPlace() Key not found
10-19 06:11:20.422 V/CamX (13598): [ VERB][UTILS ] camxhashmap.cpp:210 GetInPlace() Key not found
10-19 06:11:20.422 V/CamX (13598): [ VERB][UTILS ] camxhashmap.cpp:210 GetInPlace() Key not found
10-19 06:11:20.422 V/CamX (13598): [ VERB][UTILS ] camxhashmap.cpp:210 GetInPlace() Key not found
10-19 06:11:20.422 V/CamX (13598): [ VERB][UTILS ] camxhashmap.cpp:210 GetInPlace() Key not found
10-19 06:11:20.423 V/CamX (13598): [ VERB][UTILS ] camxhashmap.cpp:210 GetInPlace() Key not found
10-19 06:11:20.423 V/CamX (13598): [ VERB][UTILS ] camxhashmap.cpp:210 GetInPlace() Key not found
10-19 06:11:20.423 V/CamX (13598): [ VERB][UTILS ] camxhashmap.cpp:210 GetInPlace() Key not found
10-19 06:11:20.423 V/CamX (13598): [ VERB][UTILS ] camxhashmap.cpp:210 GetInPlace() Key not found
10-19 06:11:20.423 V/CamX (13598): [ VERB][UTILS ] camxhashmap.cpp:210 GetInPlace() Key not found
10-19 06:11:20.423 V/CamX (13598): [ VERB][UTILS ] camxhashmap.cpp:210 GetInPlace() Key not found
10-19 06:11:20.423 V/CamX (13598): [ VERB][UTILS ] camxhashmap.cpp:210 GetInPlace() Key not found
10-19 06:11:20.423 V/CamX (13598): [ VERB][UTILS ] camxhashmap.cpp:210 GetInPlace() Key not found
10-19 06:11:20.423 V/CamX (13598): [ VERB][UTILS ] camxhashmap.cpp:210 GetInPlace() Key not found
10-19 06:11:20.423 V/CamX (13598): [ VERB][UTILS ] camxhashmap.cpp:210 GetInPlace() Key not found
10-19 06:11:20.423 V/CamX (13598): [ VERB][UTILS ] camxhashmap.cpp:210 GetInPlace() Key not found
10-19 06:11:20.423 V/CamX (13598): [ VERB][UTILS ] camxhashmap.cpp:210 GetInPlace() Key not found
10-19 06:11:20.423 V/CamX (13598): [ VERB][UTILS ] camxhashmap.cpp:210 GetInPlace() Key not found
10-19 06:11:20.423 V/CamX (13598): [ VERB][UTILS ] camxhashmap.cpp:210 GetInPlace() Key not found
10-19 06:11:20.423 V/CamX (13598): [ VERB][UTILS ] camxhashmap.cpp:210 GetInPlace() Key not found
10-19 06:11:20.423 V/CamX (13598): [ VERB][UTILS ] camxhashmap.cpp:210 GetInPlace() Key not found
10-19 06:11:20.423 V/CamX (13598): [ VERB][UTILS ] camxhashmap.cpp:210 GetInPlace() Key not found
10-19 06:11:20.423 V/CamX (13598): [ VERB][UTILS ] camxhashmap.cpp:210 GetInPlace() Key not found
10-19 06:11:20.423 V/CamX (13598): [ VERB][UTILS ] camxhashmap.cpp:210 GetInPlace() Key not found
10-19 06:11:20.423 V/CamX (13598): [ VERB][UTILS ] camxhashmap.cpp:210 GetInPlace() Key not found
10-19 06:11:20.423 V/CamX (13598): [ VERB][UTILS ] camxhashmap.cpp:210 GetInPlace() Key not found
10-19 06:11:20.423 V/CamX (13598): [ VERB][UTILS ] camxhashmap.cpp:210 GetInPlace() Key not found
10-19 06:11:20.423 V/CamX (13598): [ VERB][UTILS ] camxhashmap.cpp:210 GetInPlace() Key not found
10-19 06:11:20.423 V/CamX (13598): [ VERB][UTILS ] camxhashmap.cpp:210 GetInPlace() Key not found
10-19 06:11:20.423 V/CamX (13598): [ VERB][UTILS ] camxhashmap.cpp:210 GetInPlace() Key not found
10-19 06:11:20.423 V/CamX (13598): [ VERB][UTILS ] camxhashmap.cpp:210 GetInPlace() Key not found
10-19 06:11:20.423 V/CamX (13598): [ VERB][UTILS ] camxhashmap.cpp:210 GetInPlace() Key not found
10-19 06:11:20.423 V/CamX (13598): [ VERB][UTILS ] camxhashmap.cpp:210 GetInPlace() Key not found
10-19 06:11:20.423 V/CamX (13598): [ VERB][UTILS ] camxhashmap.cpp:210 GetInPlace() Key not found
10-19 06:11:20.423 V/CamX (13598): [ VERB][UTILS ] camxhashmap.cpp:210 GetInPlace() Key not found
10-19 06:11:20.423 V/CamX (13598): [ VERB][UTILS ] camxhashmap.cpp:210 GetInPlace() Key not found
10-19 06:11:20.423 V/CamX (13598): [ VERB][UTILS ] camxhashmap.cpp:210 GetInPlace() Key not found
10-19 06:11:20.423 V/CamX (13598): [ VERB][UTILS ] camxhashmap.cpp:210 GetInPlace() Key not found
10-19 06:11:20.423 V/CamX (13598): [ VERB][UTILS ] camxhashmap.cpp:210 GetInPlace() Key not found
10-19 06:11:20.423 V/CamX (13598): [ VERB][UTILS ] camxhashmap.cpp:210 GetInPlace() Key not found
10-19 06:11:20.423 V/CamX (13598): [ VERB][UTILS ] camxhashmap.cpp:210 GetInPlace() Key not found
10-19 06:11:20.423 V/CamX (13598): [ VERB][UTILS ] camxhashmap.cpp:210 GetInPlace() Key not found
10-19 06:11:20.423 V/CamX (13598): [ VERB][UTILS ] camxhashmap.cpp:210 GetInPlace() Key not found
10-19 06:11:20.424 V/CamX (13598): [ VERB][UTILS ] camxhashmap.cpp:210 GetInPlace() Key not found
10-19 06:11:20.424 V/CamX (13598): [ VERB][UTILS ] camxhashmap.cpp:210 GetInPlace() Key not found
10-19 06:11:20.424 V/CamX (13598): [ VERB][UTILS ] camxhashmap.cpp:210 GetInPlace() Key not found
10-19 06:11:20.424 V/CamX (13598): [ VERB][UTILS ] camxhashmap.cpp:210 GetInPlace() Key not found
10-19 06:11:20.424 V/CamX (13598): [ VERB][UTILS ] camxhashmap.cpp:210 GetInPlace() Key not found
10-19 06:11:20.424 V/CamX (13598): [ VERB][UTILS ] camxhashmap.cpp:210 GetInPlace() Key not found
10-19 06:11:20.424 V/CamX (13598): [ VERB][UTILS ] camxhashmap.cpp:210 GetInPlace() Key not found
10-19 06:11:20.424 V/CamX (13598): [ VERB][UTILS ] camxhashmap.cpp:210 GetInPlace() Key not found
10-19 06:11:20.424 V/CamX (13598): [ VERB][UTILS ] camxhashmap.cpp:210 GetInPlace() Key not found
10-19 06:11:20.424 V/CamX (13598): [ VERB][UTILS ] camxhashmap.cpp:210 GetInPlace() Key not found
10-19 06:11:20.424 V/CamX (13598): [ VERB][UTILS ] camxhashmap.cpp:210 GetInPlace() Key not found
10-19 06:11:20.424 V/CamX (13598): [ VERB][UTILS ] camxhashmap.cpp:210 GetInPlace() Key not found
10-19 06:11:20.424 V/CamX (13598): [ VERB][UTILS ] camxhashmap.cpp:210 GetInPlace() Key not found
10-19 06:11:20.424 V/CamX (13598): [ VERB][UTILS ] camxhashmap.cpp:210 GetInPlace() Key not found
10-19 06:11:20.424 V/CamX (13598): [ VERB][UTILS ] camxhashmap.cpp:210 GetInPlace() Key not found
10-19 06:11:20.424 V/CamX (13598): [ VERB][UTILS ] camxhashmap.cpp:210 GetInPlace() Key not found
10-19 06:11:20.424 V/CamX (13598): [ VERB][UTILS ] camxhashmap.cpp:210 GetInPlace() Key not found
10-19 06:11:20.424 V/CamX (13598): [ VERB][UTILS ] camxhashmap.cpp:210 GetInPlace() Key not found
10-19 06:11:20.424 V/CamX (13598): [ VERB][UTILS ] camxhashmap.cpp:210 GetInPlace() Key not found
10-19 06:11:20.424 V/CamX (13598): [ VERB][UTILS ] camxhashmap.cpp:210 GetInPlace() Key not found
10-19 06:11:20.424 V/CamX (13598): [ VERB][UTILS ] camxhashmap.cpp:210 GetInPlace() Key not found
10-19 06:11:20.424 V/CamX (13598): [ VERB][UTILS ] camxhashmap.cpp:210 GetInPlace() Key not found
10-19 06:11:20.424 V/CamX (13598): [ VERB][UTILS ] camxhashmap.cpp:210 GetInPlace() Key not found
10-19 06:11:20.424 V/CamX (13598): [ VERB][UTILS ] camxhashmap.cpp:210 GetInPlace() Key not found
10-19 06:11:20.424 V/CamX (13598): [ VERB][UTILS ] camxhashmap.cpp:210 GetInPlace() Key not found
10-19 06:11:20.424 V/CamX (13598): [ VERB][UTILS ] camxhashmap.cpp:210 GetInPlace() Key not found
10-19 06:11:20.424 V/CamX (13598): [ VERB][UTILS ] camxhashmap.cpp:210 GetInPlace() Key not found
10-19 06:11:20.424 V/CamX (13598): [ VERB][UTILS ] camxhashmap.cpp:210 GetInPlace() Key not found
10-19 06:11:20.424 V/CamX (13598): [ VERB][UTILS ] camxhashmap.cpp:210 GetInPlace() Key not found
10-19 06:11:20.424 V/CamX (13598): [ VERB][UTILS ] camxhashmap.cpp:210 GetInPlace() Key not found
10-19 06:11:20.424 V/CamX (13598): [ VERB][UTILS ] camxhashmap.cpp:210 GetInPlace() Key not found
10-19 06:11:20.424 V/CamX (13598): [ VERB][UTILS ] camxhashmap.cpp:210 GetInPlace() Key not found
10-19 06:11:20.424 V/CamX (13598): [ VERB][UTILS ] camxhashmap.cpp:210 GetInPlace() Key not found
10-19 06:11:20.424 V/CamX (13598): [ VERB][UTILS ] camxhashmap.cpp:210 GetInPlace() Key not found
10-19 06:11:20.424 V/CamX (13598): [ VERB][UTILS ] camxhashmap.cpp:210 GetInPlace() Key not found
10-19 06:11:20.424 V/CamX (13598): [ VERB][UTILS ] camxhashmap.cpp:210 GetInPlace() Key not found
10-19 06:11:20.424 V/CamX (13598): [ VERB][UTILS ] camxhashmap.cpp:210 GetInPlace() Key not found
10-19 06:11:20.424 V/CamX (13598): [ VERB][UTILS ] camxhashmap.cpp:210 GetInPlace() Key not found
10-19 06:11:20.424 V/CamX (13598): [ VERB][UTILS ] camxhashmap.cpp:210 GetInPlace() Key not found
10-19 06:11:20.425 V/CamX (13598): [ VERB][UTILS ] camxhashmap.cpp:210 GetInPlace() Key not found
10-19 06:11:20.425 V/CamX (13598): [ VERB][UTILS ] camxhashmap.cpp:210 GetInPlace() Key not found
10-19 06:11:20.425 V/CamX (13598): [ VERB][UTILS ] camxhashmap.cpp:210 GetInPlace() Key not found
10-19 06:11:20.425 V/CamX (13598): [ VERB][UTILS ] camxhashmap.cpp:210 GetInPlace() Key not found
10-19 06:11:20.425 V/CamX (13598): [ VERB][UTILS ] camxhashmap.cpp:210 GetInPlace() Key not found
10-19 06:11:20.425 V/CamX (13598): [ VERB][UTILS ] camxhashmap.cpp:210 GetInPlace() Key not found
10-19 06:11:20.425 V/CamX (13598): [ VERB][UTILS ] camxhashmap.cpp:210 GetInPlace() Key not found
10-19 06:11:20.425 V/CamX (13598): [ VERB][UTILS ] camxhashmap.cpp:210 GetInPlace() Key not found
10-19 06:11:20.425 V/CamX (13598): [ VERB][UTILS ] camxhashmap.cpp:210 GetInPlace() Key not found
10-19 06:11:20.425 V/CamX (13598): [ VERB][UTILS ] camxhashmap.cpp:210 GetInPlace() Key not found
10-19 06:11:20.425 V/CamX (13598): [ VERB][UTILS ] camxhashmap.cpp:210 GetInPlace() Key not found
10-19 06:11:20.425 V/CamX (13598): [ VERB][UTILS ] camxhashmap.cpp:210 GetInPlace() Key not found
10-19 06:11:20.425 V/CamX (13598): [ VERB][UTILS ] camxhashmap.cpp:210 GetInPlace() Key not found
10-19 06:11:20.425 V/CamX (13598): [ VERB][UTILS ] camxhashmap.cpp:210 GetInPlace() Key not found
10-19 06:11:20.425 I/liblog (13598): 20
10-19 06:11:20.425 I/liblog (13598): 1
10-19 06:11:20.425 I/liblog (13598): 1
10-19 06:11:20.425 V/CamX (13598): [ VERB][UTILS ] camxhashmap.cpp:210 GetInPlace() Key not found
10-19 06:11:20.426 I/liblog (13598): 21
10-19 06:11:20.426 I/liblog (13598): 1
10-19 06:11:20.426 I/liblog (13598): 1
10-19 06:11:20.426 I/liblog (13598): 1
10-19 06:11:20.426 I/liblog (13598): 1
10-19 06:11:20.426 I/liblog (13598): 1
10-19 06:11:20.426 I/liblog (13598): 1
10-19 06:11:20.426 V/CamX (13598): [ VERB][UTILS ] camxhashmap.cpp:210 GetInPlace() Key not found
10-19 06:11:20.426 V/CamX (13598): [ VERB][UTILS ] camxhashmap.cpp:210 GetInPlace() Key not found
10-19 06:11:20.426 I/liblog (13598): 1
10-19 06:11:20.426 V/CamX (13598): [ VERB][UTILS ] camxhashmap.cpp:210 GetInPlace() Key not found
10-19 06:11:20.426 I/liblog (13598): 1
10-19 06:11:20.428 F/libc (13598): Fatal signal 6 (SIGABRT), code -6 (SI_TKILL) in tid 13598 (android.hardwar), pid 13598 (android.hardwar)
10-19 06:11:20.440 D/FreeFormWindowHelper( 1146): refreshTipWindow windowDragBounds:Rect(368, 36 - 998, 1156)
10-19 06:11:20.456 D/FreeFormWindowHelper( 1146): refreshTipWindow windowDragBounds:Rect(420, 36 - 1050, 1156)
10-19 06:11:20.477 D/FreeFormWindowHelper( 1146): refreshTipWindow windowDragBounds:Rect(482, 34 - 1112, 1154)
10-19 06:11:20.492 D/FreeFormWindowHelper( 1146): refreshTipWindow windowDragBounds:Rect(517, 33 - 1147, 1153)
10-19 06:11:20.506 D/FreeFormWindowHelper( 1146): refreshTipWindow windowDragBounds:Rect(577, 32 - 1207, 1152)
10-19 06:11:20.525 D/FreeFormWindowHelper( 1146): refreshTipWindow windowDragBounds:Rect(617, 33 - 1247, 1153)
10-19 06:11:20.547 I/crash_dump64(13602): obtaining output fd from tombstoned, type: kDebuggerdTombstoneProto
10-19 06:11:20.549 I/tombstoned( 639): received crash request for pid 13598
10-19 06:11:20.551 I/crash_dump64(13602): performing dump of process 13598 (target tid = 13598)
10-19 06:11:20.557 D/FreeFormWindowHelper( 1146): refreshTipWindow windowDragBounds:Rect(730, 32 - 1360, 1152)
10-19 06:11:20.561 E/DEBUG (13602): failed to read /proc/uptime: Permission denied
10-19 06:11:20.578 D/FreeFormWindowHelper( 1146): refreshTipWindow windowDragBounds:Rect(785, 31 - 1415, 1151)
10-19 06:11:20.609 D/FreeFormWindowHelper( 1146): refreshTipWindow windowDragBounds:Rect(893, 30 - 1523, 1150)
10-19 06:11:20.624 D/FreeFormWindowHelper( 1146): refreshTipWindow windowDragBounds:Rect(961, 28 - 1591, 1148)
10-19 06:11:20.640 D/FreeFormWindowHelper( 1146): refreshTipWindow windowDragBounds:Rect(997, 26 - 1627, 1146)
10-19 06:11:20.657 D/FreeFormWindowHelper( 1146): refreshTipWindow windowDragBounds:Rect(1074, 24 - 1704, 1144)
10-19 06:11:20.678 D/FreeFormWindowHelper( 1146): refreshTipWindow windowDragBounds:Rect(1129, 25 - 1759, 1145)
10-19 06:11:20.690 D/FreeFormWindowHelper( 1146): refreshTipWindow windowDragBounds:Rect(1191, 23 - 1821, 1143)
10-19 06:11:20.707 D/FreeFormWindowHelper( 1146): refreshTipWindow windowDragBounds:Rect(1268, 20 - 1898, 1140)
10-19 06:11:20.724 D/FreeFormWindowHelper( 1146): refreshTipWindow windowDragBounds:Rect(1341, 20 - 1971, 1140)
10-19 06:11:20.741 D/FreeFormWindowHelper( 1146): refreshTipWindow windowDragBounds:Rect(1433, 20 - 2063, 1140)
10-19 06:11:20.757 D/FreeFormWindowHelper( 1146): refreshTipWindow windowDragBounds:Rect(1520, 20 - 2150, 1140)
01-01 12:58:45.784 I/logd ( 0): logdr: UID=1047 GID=1005 PID=13602 n tail=0 logMask=8 pid=13598 start=0ns deadline=0ns
01-01 12:58:45.801 I/logd ( 0): logdr: UID=1047 GID=1005 PID=13602 n tail=0 logMask=1 pid=13598 start=0ns deadline=0ns
10-19 06:11:20.827 W/InputManager-JNI( 1146): Input channel object 'WindowManager (client)' was disposed without first being removed with the input manager!
10-19 06:11:20.861 I/mpu_uart( 658): [MSG-P:RECV]:No message received in 1000 ms
10-19 06:11:20.917 F/DEBUG (13602): *** *** *** *** *** *** *** *** *** *** *** *** *** *** *** ***
10-19 06:11:20.917 F/DEBUG (13602): Build fingerprint: 'TC/figure_CN/figure:12/SKQ1.220201.001/1153:userdebug/test-keys'
10-19 06:11:20.917 F/DEBUG (13602): Revision: '0'
10-19 06:11:20.917 F/DEBUG (13602): ABI: 'arm64'
10-19 06:11:20.918 F/DEBUG (13602): Timestamp: 2022-10-19 06:11:20.559515908+0800
10-19 06:11:20.918 F/DEBUG (13602): Process uptime: 0s
10-19 06:11:20.918 F/DEBUG (13602): Cmdline: /vendor/bin/hw/android.hardware.camera.provider@2.4-service_64
10-19 06:11:20.918 F/DEBUG (13602): pid: 13598, tid: 13598, name: android.hardwar >>> /vendor/bin/hw/android.hardware.camera.provider@2.4-service_64 <<<
10-19 06:11:20.918 F/DEBUG (13602): uid: 1047
10-19 06:11:20.918 F/DEBUG (13602): signal 6 (SIGABRT), code -6 (SI_TKILL), fault addr --------
10-19 06:11:20.918 F/DEBUG (13602): x0 0000000000000000 x1 000000000000351e x2 0000000000000006 x3 8080800000000000
10-19 06:11:20.918 F/DEBUG (13602): x4 00000000000cd288 x5 00000000000cd288 x6 00000000000cd288 x7 7f7f7f7fffff7fff
10-19 06:11:20.918 F/DEBUG (13602): x8 0000000000000083 x9 25b877578ea75ef3 x10 0000007ffa1235a8 x11 fffffffffffffffd
10-19 06:11:20.918 F/DEBUG (13602): x12 00000079a51e0000 x13 0000000000000000 x14 0000007ffa123d30 x15 ffffffffffffffff
10-19 06:11:20.918 F/DEBUG (13602): x16 0000007cbc7395a0 x17 0000007cbc7157c0 x18 0000007cc3120000 x19 00000079a38b3566
10-19 06:11:20.919 F/DEBUG (13602): x20 b4000079cc67cdf0 x21 0000007cc2a12000 x22 0000007ffa12420c x23 00000079a402aaa0
10-19 06:11:20.919 F/DEBUG (13602): x24 00000079a3fcafc0 x25 00000079a3f74db0 x26 0000000000000060 x27 0000000000000000
10-19 06:11:20.919 F/DEBUG (13602): x28 b4000079fc680e08 x29 0000007ffa150650
10-19 06:11:20.919 F/DEBUG (13602): lr 00000079a3eac7dc sp 0000007ffa1241a0 pc 0000007cbc7157cc pst 0000000000001000
10-19 06:11:20.919 F/DEBUG (13602): backtrace:
10-19 06:11:20.919 F/DEBUG (13602): #00 pc 00000000000a17cc /apex/com.android.runtime/lib64/bionic/libc.so (tgkill+12) (BuildId: 369edc656806aeaf384cbeb8f7a347af)
10-19 06:11:20.919 F/DEBUG (13602): #01 pc 00000000006457d8 /vendor/lib64/hw/camera.qcom.so (CamX::HwEnvironment::GetInstance() (.cfi)+6368) (BuildId: 88057213b3d64cf4079a41a142d0488b)
10-19 06:11:20.919 F/DEBUG (13602): #02 pc 0000000000266a50 /vendor/lib64/hw/camera.qcom.so (CamX::HAL3Module::GetInstance()+664) (BuildId: 88057213b3d64cf4079a41a142d0488b)
10-19 06:11:20.919 F/DEBUG (13602): #03 pc 000000000025a294 /vendor/lib64/hw/camera.qcom.so (CamX::get_number_of_cameras() (.cfi)+84) (BuildId: 88057213b3d64cf4079a41a142d0488b)
10-19 06:11:20.919 F/DEBUG (13602): #04 pc 0000000000034908 /vendor/lib64/android.hardware.camera.provider@2.4-legacy.so (android::hardware::camera::common::V1_0::helper::CameraModule::init()+200) (BuildId: c456d5ffa961e6c6954debfeaac86fd5)
10-19 06:11:20.920 F/DEBUG (13602): #05 pc 0000000000026e48 /vendor/lib64/android.hardware.camera.provider@2.4-legacy.so (android::hardware::camera::provider::V2_4::implementation::LegacyCameraProviderImpl_2_4::initialize()+140) (BuildId: c456d5ffa961e6c6954debfeaac86fd5)
10-19 06:11:20.920 F/DEBUG (13602): #06 pc 0000000000026638 /vendor/lib64/android.hardware.camera.provider@2.4-legacy.so (android::hardware::camera::provider::V2_4::implementation::LegacyCameraProviderImpl_2_4::LegacyCameraProviderImpl_2_4()+160) (BuildId: c456d5ffa961e6c6954debfeaac86fd5)
10-19 06:11:20.920 F/DEBUG (13602): #07 pc 000000000000415c /vendor/lib64/hw/android.hardware.camera.provider@2.4-impl.so (android::hardware::camera::provider::V2_4::implementation::CameraProvider* android::hardware::camera::provider::V2_4::implementation::getProviderImpl() (.cfi)+64) (BuildId: 5e2f33df9f94aadf6b2d7d01985be38c)
10-19 06:11:20.920 F/DEBUG (13602): #08 pc 0000000000051d94 /apex/com.android.vndk.v30/lib64/libhidlbase.so (android::hardware::PassthroughServiceManager::get(android::hardware::hidl_string const&, android::hardware::hidl_string const&)::'lambda'(void*, std::__1::basic_string, std::__1::allocator > const&, std::__1::basic_string, std::__1::allocator > const&)::operator()(void*, std::__1::basic_string, std::__1::allocator > const&, std::__1::basic_string, std::__1::allocator > const&) const+96) (BuildId: fc3e2389a057aeefafa6557f6d78a06b)
10-19 06:11:20.920 F/DEBUG (13602): #09 pc 000000000004cdf0 /apex/com.android.vndk.v30/lib64/libhidlbase.so (android::hardware::PassthroughServiceManager::openLibs(std::__1::basic_string, std::__1::allocator > const&, std::__1::function, std::__1::allocator > const&, std::__1::basic_string, std::__1::allocator > const&)> const&)+944) (BuildId: fc3e2389a057aeefafa6557f6d78a06b)
10-19 06:11:20.920 F/DEBUG (13602): #10 pc 00000000000502a0 /apex/com.android.vndk.v30/lib64/libhidlbase.so (android::hardware::PassthroughServiceManager::get(android::hardware::hidl_string const&, android::hardware::hidl_string const&)+92) (BuildId: fc3e2389a057aeefafa6557f6d78a06b)
10-19 06:11:20.920 F/DEBUG (13602): #11 pc 000000000004dd8c /apex/com.android.vndk.v30/lib64/libhidlbase.so (android::hardware::details::getRawServiceInternal(std::__1::basic_string, std::__1::allocator > const&, std::__1::basic_string, std::__1::allocator > const&, bool, bool)+1488) (BuildId: fc3e2389a057aeefafa6557f6d78a06b)
10-19 06:11:20.920 F/DEBUG (13602): #12 pc 000000000004b91c /apex/com.android.vndk.v30/lib64/libhidlbase.so (android::hardware::details::registerPassthroughServiceImplementation(std::__1::basic_string, std::__1::allocator > const&, std::__1::basic_string, std::__1::allocator > const&, std::__1::function const&, std::__1::basic_string, std::__1::allocator > const&)>, std::__1::basic_string, std::__1::allocator > const&)+80) (BuildId: fc3e2389a057aeefafa6557f6d78a06b)
10-19 06:11:20.920 F/DEBUG (13602): #13 pc 000000000004bc9c /apex/com.android.vndk.v30/lib64/libhidlbase.so (android::hardware::registerPassthroughServiceImplementation(std::__1::basic_string, std::__1::allocator > const&, std::__1::basic_string, std::__1::allocator > const&, std::__1::basic_string, std::__1::allocator > const&)+56) (BuildId: fc3e2389a057aeefafa6557f6d78a06b)
10-19 06:11:20.920 F/DEBUG (13602): #14 pc 0000000000001130 /vendor/bin/hw/android.hardware.camera.provider@2.4-service_64 (main.cfi+196) (BuildId: a1ba6e409ca848af1f0b7c62860af7da)
10-19 06:11:20.920 F/DEBUG (13602): #15 pc 000000000004a084 /apex/com.android.runtime/lib64/bionic/libc.so (__libc_init+100) (BuildId: 369edc656806aeaf384cbeb8f7a347af)
10-19 06:11:20.962 W/NativeCrashListener( 1146): Couldn't find ProcessRecord for pid 13598
10-19 06:11:20.963 E/crash_dump64(13602): AM data write failed: Broken pipe
10-19 06:11:20.966 E/tombstoned( 639): Tombstone written to: tombstone_10
01-01 12:58:45.968 I/init ( 0): Untracked pid 13602 exited with status 0
01-01 12:58:45.978 I/init ( 0): Service 'vendor.camera-provider-2-4' (pid 13598) received signal 6
01-01 12:58:45.987 I/init ( 0): Sending signal 9 to service 'vendor.camera-provider-2-4' (pid 13598) process group...
10-19 06:11:20.994 I/BootReceiver( 1146): Copying /data/tombstones/tombstone_10 to DropBox (SYSTEM_TOMBSTONE)
10-19 06:11:20.995 I/DropBoxManagerService( 1146): add tag=SYSTEM_TOMBSTONE isTagEnabled=true flags=0x6
10-19 06:11:21.006 I/dropbox_file_copy( 1146): [/data/tombstones/tombstone_10,98304,SYSTEM_TOMBSTONE]
10-19 06:11:21.014 I/commit_sys_config_file( 1146): [log-files,17137462]
10-19 06:11:21.015 E/NativeTombstoneManager( 1146): Tombstone's UID (1047) not an app, ignoring
01-01 12:58:45.998 I/libprocessgroup( 0): Successfully killed process cgroup uid 1047 pid 13598 in 0ms
10-19 06:11:21.017 I/DropBoxManagerService( 1146): add tag=SYSTEM_TOMBSTONE_PROTO isTagEnabled=true flags=0x4
01-01 12:58:46.011 I/init ( 0): Untracked pid 13604 exited with status 0
10-19 06:11:21.036 I/commit_sys_config_file( 1146): [log-files,17137484]
10-19 06:11:21.192 I/OMX-VENC: venc_dev( 1306): stats: avg. fps 32.04, bitrate 1454656
01-01 12:58:46.374 D/ ( 0): mv2112_read_status
01-01 12:58:46.377 D/mv2112_update_link( 0): 3.0x901(1G): 0x80
01-01 12:58:46.384 D/mv2112_update_link( 0): 3.0x8109(100M): 0x0
01-01 12:58:46.391 D/mv2112_update_link( 0): link 0x0
01-01 12:58:46.395 D/mv2112_read_status( 0): autoneg is disabled
10-19 06:11:21.481 I/input_interaction( 1146): Interaction with: 7fe2e2a com.android.gallery3d/com.android.gallery3d.app.GalleryActivity (server), edge-swipe (server), swipe-up (server), PointerEventDispatcher0 (server),
10-19 06:11:21.484 D/DecorView(12042): onTouchEvent: interval1506
10-19 06:11:21.514 I/view_enqueue_input_event(12042): [Motion - Cancel,com.android.gallery3d/com.android.gallery3d.app.GalleryActivity]
10-19 06:11:21.517 I/input_interaction( 1146): Interaction with: WindowManager (server), edge-swipe (server), swipe-up (server), PointerEventDispatcher0 (server),
10-19 06:11:21.526 D/FreeFormWindowHelper( 1146): refreshTipWindow windowDragBounds:Rect(2124, 37 - 2754, 1157)
10-19 06:11:21.544 D/FreeFormWindowHelper( 1146): refreshTipWindow windowDragBounds:Rect(2117, 39 - 2747, 1159)
10-19 06:11:21.560 D/FreeFormWindowHelper( 1146): refreshTipWindow windowDragBounds:Rect(2105, 45 - 2735, 1165)
10-19 06:11:21.576 D/FreeFormWindowHelper( 1146): refreshTipWindow windowDragBounds:Rect(2089, 51 - 2719, 1171)
10-19 06:11:21.600 D/FreeFormWindowHelper( 1146): refreshTipWindow windowDragBounds:Rect(2063, 59 - 2693, 1179)
10-19 06:11:21.626 D/FreeFormWindowHelper( 1146): refreshTipWindow windowDragBounds:Rect(1991, 73 - 2621, 1193)
10-19 06:11:21.641 I/selfinstaller( 1270): operator() 413: network is not ready: 7498
10-19 06:11:21.643 D/FreeFormWindowHelper( 1146): refreshTipWindow windowDragBounds:Rect(1945, 76 - 2575, 1196)
10-19 06:11:21.660 D/FreeFormWindowHelper( 1146): refreshTipWindow windowDragBounds:Rect(1854, 78 - 2484, 1198)
10-19 06:11:21.679 D/FreeFormWindowHelper( 1146): refreshTipWindow windowDragBounds:Rect(1767, 79 - 2397, 1199)
10-19 06:11:21.693 D/FreeFormWindowHelper( 1146): refreshTipWindow windowDragBounds:Rect(1673, 76 - 2303, 1196)
10-19 06:11:21.710 D/FreeFormWindowHelper( 1146): refreshTipWindow windowDragBounds:Rect(1562, 71 - 2192, 1191)
10-19 06:11:21.762 W/InputManager-JNI( 1146): Input channel object 'WindowManager (client)' was disposed without first being removed with the input manager!
10-19 06:11:21.861 I/mpu_uart( 658): [MSG-P:RECV]:No message received in 1000 ms
10-19 06:11:21.995 I/mpu_uart( 658): [MSG-P:R]:recv sync frame timeout
10-19 06:11:22.230 I/OMX-VENC: venc_dev( 1306): stats: avg. fps 18.30, bitrate 776350
01-01 12:58:47.398 D/ ( 0): mv2112_read_status
01-01 12:58:47.401 D/mv2112_update_link( 0): 3.0x901(1G): 0x80
01-01 12:58:47.407 D/mv2112_update_link( 0): 3.0x8109(100M): 0x0
01-01 12:58:47.413 D/mv2112_update_link( 0): link 0x0
01-01 12:58:47.417 D/mv2112_read_status( 0): autoneg is disabled
10-19 06:11:22.604 I/input_interaction( 1146): Interaction with: 7fe2e2a com.android.gallery3d/com.android.gallery3d.app.GalleryActivity (server), edge-swipe (server), swipe-up (server), PointerEventDispatcher0 (server),
10-19 06:11:22.607 D/DecorView(12042): onTouchEvent: interval1123
10-19 06:11:22.631 I/view_enqueue_input_event(12042): [Motion - Cancel,com.android.gallery3d/com.android.gallery3d.app.GalleryActivity]
10-19 06:11:22.644 I/input_interaction( 1146): Interaction with: WindowManager (server), edge-swipe (server), swipe-up (server), PointerEventDispatcher0 (server),
10-19 06:11:22.661 D/FreeFormWindowHelper( 1146): refreshTipWindow windowDragBounds:Rect(2121, 38 - 2751, 1158)
10-19 06:11:22.682 D/FreeFormWindowHelper( 1146): refreshTipWindow windowDragBounds:Rect(2114, 39 - 2744, 1159)
10-19 06:11:22.697 D/FreeFormWindowHelper( 1146): refreshTipWindow windowDragBounds:Rect(2106, 40 - 2736, 1160)
10-19 06:11:22.712 D/FreeFormWindowHelper( 1146): refreshTipWindow windowDragBounds:Rect(2095, 41 - 2725, 1161)
10-19 06:11:22.729 D/FreeFormWindowHelper( 1146): refreshTipWindow windowDragBounds:Rect(2070, 42 - 2700, 1162)
10-19 06:11:22.745 D/FreeFormWindowHelper( 1146): refreshTipWindow windowDragBounds:Rect(2035, 43 - 2665, 1163)
10-19 06:11:22.762 D/FreeFormWindowHelper( 1146): refreshTipWindow windowDragBounds:Rect(1995, 43 - 2625, 1163)
10-19 06:11:22.781 D/FreeFormWindowHelper( 1146): refreshTipWindow windowDragBounds:Rect(1930, 39 - 2560, 1159)
10-19 06:11:22.797 D/FreeFormWindowHelper( 1146): refreshTipWindow windowDragBounds:Rect(1856, 36 - 2486, 1156)
10-19 06:11:22.812 D/FreeFormWindowHelper( 1146): refreshTipWindow windowDragBounds:Rect(1775, 32 - 2405, 1152)
10-19 06:11:22.829 D/FreeFormWindowHelper( 1146): refreshTipWindow windowDragBounds:Rect(1681, 31 - 2311, 1151)
10-19 06:11:22.847 D/FreeFormWindowHelper( 1146): refreshTipWindow windowDragBounds:Rect(1562, 32 - 2192, 1152)
10-19 06:11:22.861 I/mpu_uart( 658): [MSG-P:RECV]:No message received in 1000 ms
10-19 06:11:22.918 W/InputManager-JNI( 1146): Input channel object 'WindowManager (client)' was disposed without first being removed with the input manager!
10-19 06:11:23.273 I/OMX-VENC: venc_dev( 1306): stats: avg. fps 19.19, bitrate 786849
01-01 12:58:48.422 D/ ( 0): mv2112_read_status
01-01 12:58:48.425 D/mv2112_update_link( 0): 3.0x901(1G): 0x80
01-01 12:58:48.431 D/mv2112_update_link( 0): 3.0x8109(100M): 0x0
01-01 12:58:48.438 D/mv2112_update_link( 0): link 0x0
01-01 12:58:48.443 D/mv2112_read_status( 0): autoneg is disabled
10-19 06:11:23.550 I/input_interaction( 1146): Interaction with: 7fe2e2a com.android.gallery3d/com.android.gallery3d.app.GalleryActivity (server), edge-swipe (server), swipe-up (server), PointerEventDispatcher0 (server),
10-19 06:11:23.552 D/DecorView(12042): onTouchEvent: interval945
10-19 06:11:23.572 I/BpBinder( 1052): onLastStrongRef automatically unlinking death recipients:
10-19 06:11:23.587 I/view_enqueue_input_event(12042): [Motion - Cancel,com.android.gallery3d/com.android.gallery3d.app.GalleryActivity]
10-19 06:11:23.593 I/input_interaction( 1146): Interaction with: WindowManager (server), edge-swipe (server), swipe-up (server), PointerEventDispatcher0 (server),
10-19 06:11:23.597 D/FreeFormWindowHelper( 1146): refreshTipWindow windowDragBounds:Rect(2127, 36 - 2757, 1156)
10-19 06:11:23.614 D/FreeFormWindowHelper( 1146): refreshTipWindow windowDragBounds:Rect(2125, 36 - 2755, 1156)
10-19 06:11:23.633 D/FreeFormWindowHelper( 1146): refreshTipWindow windowDragBounds:Rect(2123, 36 - 2753, 1156)
10-19 06:11:23.648 D/FreeFormWindowHelper( 1146): refreshTipWindow windowDragBounds:Rect(2119, 36 - 2749, 1156)
10-19 06:11:23.656 I/InputDispatcher( 1146): Monitor edge-swipe (server) is stealing touch from [WindowManager (server), ]
10-19 06:11:23.667 I/input_interaction( 1146): Interaction with: edge-swipe (server), swipe-up (server), PointerEventDispatcher0 (server),
10-19 06:11:23.683 W/InputManager-JNI( 1146): Input channel object 'WindowManager (client)' was disposed without first being removed with the input manager!
10-19 06:11:23.694 I/BpBinder( 1052): onLastStrongRef automatically unlinking death recipients:
10-19 06:11:23.713 D/vendor.qti.vibrator( 993): Vibrator perform effect 2
10-19 06:11:23.714 D/vendor.qti.vibrator( 993): QTI Vibrator off
10-19 06:11:23.723 I/BpBinder( 1052): onLastStrongRef automatically unlinking death recipients:
10-19 06:11:23.728 I/BpBinder( 1052): onLastStrongRef automatically unlinking death recipients:
10-19 06:11:23.743 I/BpBinder( 1052): onLastStrongRef automatically unlinking death recipients:
10-19 06:11:23.760 I/BpBinder( 1052): onLastStrongRef automatically unlinking death recipients:
10-19 06:11:23.778 I/BpBinder( 1052): onLastStrongRef automatically unlinking death recipients:
10-19 06:11:23.794 I/BpBinder( 1052): onLastStrongRef automatically unlinking death recipients:
10-19 06:11:23.811 I/BpBinder( 1052): onLastStrongRef automatically unlinking death recipients:
10-19 06:11:23.827 I/BpBinder( 1052): onLastStrongRef automatically unlinking death recipients:
10-19 06:11:23.844 I/BpBinder( 1052): onLastStrongRef automatically unlinking death recipients:
10-19 06:11:23.861 I/BpBinder( 1052): onLastStrongRef automatically unlinking death recipients:
10-19 06:11:23.862 I/mpu_uart( 658): [MSG-P:RECV]:No message received in 1000 ms
10-19 06:11:23.877 I/BpBinder( 1052): onLastStrongRef automatically unlinking death recipients:
10-19 06:11:23.894 I/BpBinder( 1052): onLastStrongRef automatically unlinking death recipients:
10-19 06:11:23.911 I/BpBinder( 1052): onLastStrongRef automatically unlinking death recipients:
10-19 06:11:23.928 I/BpBinder( 1052): onLastStrongRef automatically unlinking death recipients:
10-19 06:11:23.944 I/BpBinder( 1052): onLastStrongRef automatically unlinking death recipients:
10-19 06:11:23.961 I/BpBinder( 1052): onLastStrongRef automatically unlinking death recipients:
10-19 06:11:24.003 I/sysui_multi_action( 1146): [757,803,799,key_back_press,802,1]
10-19 06:11:24.004 D/AutofillManagerService( 1146): onBackKeyPressed()
10-19 06:11:24.006 I/BpBinder( 1052): onLastStrongRef automatically unlinking death recipients:
10-19 06:11:24.009 I/input_interaction( 1146): Interaction with: 7fe2e2a com.android.gallery3d/com.android.gallery3d.app.GalleryActivity (server), PointerEventDispatcher0 (server),
10-19 06:11:24.015 I/wm_finish_activity( 1146): [0,124405408,173,com.android.gallery3d/.app.GalleryActivity,app-request]
10-19 06:11:24.015 I/wm_task_moved( 1146): [1,1,6]
10-19 06:11:24.017 I/wm_set_resumed_activity( 1146): [0,com.android.launcher3/.uioverrides.QuickstepLauncher,positionChildAt]
10-19 06:11:24.017 I/wm_task_moved( 1146): [10,1,2147483647]
10-19 06:11:24.018 I/wm_task_to_front( 1146): [0,10]
10-19 06:11:24.018 I/wm_focused_root_task( 1146): [0,0,1,-1,finish-top adjustFocusToNextFocusableTask]
10-19 06:11:24.018 I/wm_set_resumed_activity( 1146): [0,com.android.launcher3/.uioverrides.QuickstepLauncher,finish-top]
10-19 06:11:24.034 D/ActivityTrigger( 1146): ActivityTrigger activityPauseTrigger
10-19 06:11:24.035 I/wm_pause_activity( 1146): [0,124405408,com.android.gallery3d/.app.GalleryActivity,userLeaving=false,finish]
10-19 06:11:24.040 I/input_focus( 1146): [Focus request a926fae com.android.launcher3/com.android.launcher3.uioverrides.QuickstepLauncher,reason=UpdateInputWindows]
10-19 06:11:24.040 V/StateManager(12042): no more state, finish activity
10-19 06:11:24.040 V/StateManager(12042): finishState com.android.gallery3d.app.AlbumSetPage@8ac5638
10-19 06:11:24.041 I/wm_on_top_resumed_lost_called(12042): [124405408,com.android.gallery3d.app.GalleryActivity,topStateChangedWhenResumed]
10-19 06:11:24.043 W/OrientationEventListener(12042): Cannot detect sensors. Invalid disable
10-19 06:11:24.043 I/wm_on_top_resumed_gained_called( 2903): [228154950,com.android.launcher3.uioverrides.QuickstepLauncher,topStateChangedWhenResumed]
10-19 06:11:24.069 I/input_focus( 1146): [Focus leaving 7fe2e2a com.android.gallery3d/com.android.gallery3d.app.GalleryActivity (server),reason=NO_WINDOW]
10-19 06:11:24.069 I/input_focus( 1146): [Focus entering a926fae com.android.launcher3/com.android.launcher3.uioverrides.QuickstepLauncher (server),reason=setFocusedWindow]
10-19 06:11:24.072 D/Sogou ( 3545): onUnbindInput finish
10-19 06:11:24.074 D/Sogou ( 3545): onFinishInput:
10-19 06:11:24.080 I/wm_on_paused_called(12042): [124405408,com.android.gallery3d.app.GalleryActivity,performPause]
10-19 06:11:24.082 I/ActivityTaskManager( 1146): FOREGROUND_APPLICATION_CHANGED to com.android.launcher3.uioverrides.QuickstepLauncher
10-19 06:11:24.083 I/wm_destroy_activity( 1146): [0,124405408,173,com.android.gallery3d/.app.GalleryActivity,finish-imm:completePausedLocked]
10-19 06:11:24.098 I/sysui_multi_action( 1146): [757,803,799,window_time_0,802,70]
10-19 06:11:24.120 I/wm_on_stop_called(12042): [124405408,com.android.gallery3d.app.GalleryActivity,LIFECYCLER_STOP_ACTIVITY]
10-19 06:11:24.121 V/StateManager(12042): destroy
10-19 06:11:24.130 I/wm_on_destroy_called(12042): [124405408,com.android.gallery3d.app.GalleryActivity,performDestroy]
10-19 06:11:24.141 W/InputManager-JNI( 1146): Input channel object '7fe2e2a com.android.gallery3d/com.android.gallery3d.app.GalleryActivity (client)' was disposed without first being removed with the input manager!
10-19 06:11:24.275 I/OMX-VENC: venc_dev( 1306): stats: avg. fps 35.91, bitrate 973929
10-19 06:11:24.381 I/wm_task_removed( 1146): [173,removeChild:removeChild last r=ActivityRecord{76a46a0 u0 com.android.gallery3d/.app.GalleryActivity t-1 f}} in t=Task{711ed5d #173 type=standard A=10067:com.android.gallery3d U=0 visible=false mode=freeform translucent=true sz=0}]
10-19 06:11:24.381 I/wm_task_removed( 1146): [173,removeChild]
10-19 06:11:24.381 D/FreeFormWindowHelper( 1146): Remove freefrom task=Task{711ed5d #173 type=standard A=10067:com.android.gallery3d U=0 visible=false mode=freeform translucent=true sz=0}
01-01 12:58:49.446 D/ ( 0): mv2112_read_status
01-01 12:58:49.450 D/mv2112_update_link( 0): 3.0x901(1G): 0x80
01-01 12:58:49.455 D/mv2112_update_link( 0): 3.0x8109(100M): 0x0
01-01 12:58:49.461 D/mv2112_update_link( 0): link 0x0
01-01 12:58:49.465 D/mv2112_read_status( 0): autoneg is disabled
10-19 06:11:24.714 I/selfinstaller( 1270): operator() 413: network is not ready: 7500
10-19 06:11:24.862 I/mpu_uart( 658): [MSG-P:RECV]:No message received in 1000 ms
10-19 06:11:24.999 I/mpu_uart( 658): [MSG-P:R]:recv sync frame timeout
01-01 12:58:50.111 I/init ( 0): starting service 'vendor.camera-provider-2-4'...
01-01 12:58:50.154 I/init ( 0): starting service 'vendor.light-hal-2-0'...
10-19 06:11:25.250 I/android.hardware.camera.provider@2.4-service(13609): CameraProvider@2.4 legacy service is starting.
10-19 06:11:25.261 I/hwservicemanager( 506): getTransport: Cannot find entry android.hardware.light@2.0::ILight/default in either framework or device VINTF manifest.
10-19 06:11:25.268 E/light (13610): light_open lights keyboard failed: -22
10-19 06:11:25.268 E/light (13610): Light passthrough failed to load legacy HAL.
10-19 06:11:25.270 E/light (13610): light_open lights buttons failed: -22
10-19 06:11:25.270 E/light (13610): Light passthrough failed to load legacy HAL.
10-19 06:11:25.275 E/light (13610): light_open lights bluetooth failed: -22
10-19 06:11:25.275 E/light (13610): Light passthrough failed to load legacy HAL.
10-19 06:11:25.276 E/light (13610): light_open lights wifi failed: -22
10-19 06:11:25.276 E/light (13610): Light passthrough failed to load legacy HAL.
10-19 06:11:25.278 I/hwservicemanager( 506): getTransport: Cannot find entry android.hardware.light@2.0::ILight/default in either framework or device VINTF manifest.
10-19 06:11:25.279 E/HidlServiceManagement(13610): Service android.hardware.light@2.0::ILight/default must be in VINTF manifest in order to register/get.
10-19 06:11:25.279 E/LegacySupport(13610): Could not register service android.hardware.light@2.0::ILight/default (-2147483648).
01-01 12:58:50.279 I/init ( 0): Service 'vendor.light-hal-2-0' (pid 13610) exited with status 0
01-01 12:58:50.288 I/init ( 0): Sending signal 9 to service 'vendor.light-hal-2-0' (pid 13610) process group...
01-01 12:58:50.299 I/libprocessgroup( 0): Successfully killed process cgroup uid 1000 pid 13610 in 0ms
10-19 06:11:25.332 I/android.hardware.camera.provider@2.4-service_64(13609): vendor/qcom/proprietary/adsprpc/src/rpcmem_android.c:159: rpcmem_init_internal: opened ION device fd 7, configured heap IDs: system (0x2000000), contig (0x400000), secure (0x200), secure flags (0x80080000)
10-19 06:11:25.332 I/android.hardware.camera.provider@2.4-service_64(13609): vendor/qcom/proprietary/adsprpc/src/fastrpc_apps_user.c:3087: fastrpc_apps_user_init done with default domain:3 and &fastrpc_trace:0x743db1afa0
10-19 06:11:25.344 I/OMX-VENC: venc_dev( 1306): stats: avg. fps 14.97, bitrate 600075
10-19 06:11:25.346 I/CamX (13609): [CONFIG][HAL ] camxhal3module.cpp:390 HAL3Module() ***************************************************
10-19 06:11:25.347 I/CamX (13609): [CONFIG][HAL ] camxhal3module.cpp:391 HAL3Module() SHA1: 40bd0bc197631bd71c945a4bb3aa215ee2f5c2f1
10-19 06:11:25.347 I/CamX (13609): [CONFIG][HAL ] camxhal3module.cpp:392 HAL3Module() COMMITID: Ib94c0ba8fb8c6b7a12a24776dd6d7206bd970ed8
10-19 06:11:25.347 I/CamX (13609): [CONFIG][HAL ] camxhal3module.cpp:393 HAL3Module() BUILD TS: 10/19/2022 2:13:52
10-19 06:11:25.347 I/CamX (13609): [CONFIG][HAL ] camxhal3module.cpp:394 HAL3Module() ***************************************************
10-19 06:11:25.376 V/CamX (13609): [ VERB][CORE ] camxoverridesettingsfile.cpp:385 Initialize() Could not find override settings text file at: /vendor/etc/camera/camxoverridesettings.txt
10-19 06:11:25.376 V/CamX (13609): [ VERB][CORE ] camxoverridesettingsfile.cpp:385 Initialize() Could not find override settings text file at: ./camxoverridesettings.txt
10-19 06:11:25.376 V/CamX (13609): [ VERB][UTILS ] camxhashmap.cpp:210 GetInPlace() Key not found
10-19 06:11:25.376 V/CamX (13609): [ VERB][UTILS ] camxhashmap.cpp:210 GetInPlace() Key not found
10-19 06:11:25.376 V/CamX (13609): [ VERB][UTILS ] camxhashmap.cpp:210 GetInPlace() Key not found
10-19 06:11:25.377 V/CamX (13609): [ VERB][UTILS ] camxhashmap.cpp:210 GetInPlace() Key not found
10-19 06:11:25.377 V/CamX (13609): [ VERB][UTILS ] camxhashmap.cpp:210 GetInPlace() Key not found
10-19 06:11:25.377 V/CamX (13609): [ VERB][UTILS ] camxhashmap.cpp:210 GetInPlace() Key not found
10-19 06:11:25.377 V/CamX (13609): [ VERB][UTILS ] camxhashmap.cpp:210 GetInPlace() Key not found
10-19 06:11:25.377 V/CamX (13609): [ VERB][UTILS ] camxhashmap.cpp:210 GetInPlace() Key not found
10-19 06:11:25.377 V/CamX (13609): [ VERB][UTILS ] camxhashmap.cpp:210 GetInPlace() Key not found
10-19 06:11:25.377 V/CamX (13609): [ VERB][UTILS ] camxhashmap.cpp:210 GetInPlace() Key not found
10-19 06:11:25.377 V/CamX (13609): [ VERB][UTILS ] camxhashmap.cpp:210 GetInPlace() Key not found
10-19 06:11:25.377 V/CamX (13609): [ VERB][UTILS ] camxhashmap.cpp:210 GetInPlace() Key not found
10-19 06:11:25.377 V/CamX (13609): [ VERB][UTILS ] camxhashmap.cpp:210 GetInPlace() Key not found
10-19 06:11:25.377 V/CamX (13609): [ VERB][UTILS ] camxhashmap.cpp:210 GetInPlace() Key not found
10-19 06:11:25.377 V/CamX (13609): [ VERB][UTILS ] camxhashmap.cpp:210 GetInPlace() Key not found
10-19 06:11:25.377 V/CamX (13609): [ VERB][UTILS ] camxhashmap.cpp:210 GetInPlace() Key not found
10-19 06:11:25.377 V/CamX (13609): [ VERB][UTILS ] camxhashmap.cpp:210 GetInPlace() Key not found
10-19 06:11:25.377 V/CamX (13609): [ VERB][UTILS ] camxhashmap.cpp:210 GetInPlace() Key not found
10-19 06:11:25.377 V/CamX (13609): [ VERB][UTILS ] camxhashmap.cpp:210 GetInPlace() Key not found
10-19 06:11:25.377 V/CamX (13609): [ VERB][UTILS ] camxhashmap.cpp:210 GetInPlace() Key not found
10-19 06:11:25.377 V/CamX (13609): [ VERB][UTILS ] camxhashmap.cpp:210 GetInPlace() Key not found
10-19 06:11:25.377 V/CamX (13609): [ VERB][UTILS ] camxhashmap.cpp:210 GetInPlace() Key not found
10-19 06:11:25.377 V/CamX (13609): [ VERB][UTILS ] camxhashmap.cpp:210 GetInPlace() Key not found
10-19 06:11:25.377 V/CamX (13609): [ VERB][UTILS ] camxhashmap.cpp:210 GetInPlace() Key not found
10-19 06:11:25.377 V/CamX (13609): [ VERB][UTILS ] camxhashmap.cpp:210 GetInPlace() Key not found
10-19 06:11:25.377 V/CamX (13609): [ VERB][UTILS ] camxhashmap.cpp:210 GetInPlace() Key not found
10-19 06:11:25.377 V/CamX (13609): [ VERB][UTILS ] camxhashmap.cpp:210 GetInPlace() Key not found
10-19 06:11:25.377 V/CamX (13609): [ VERB][UTILS ] camxhashmap.cpp:210 GetInPlace() Key not found
10-19 06:11:25.377 V/CamX (13609): [ VERB][UTILS ] camxhashmap.cpp:210 GetInPlace() Key not found
10-19 06:11:25.377 V/CamX (13609): [ VERB][UTILS ] camxhashmap.cpp:210 GetInPlace() Key not found
10-19 06:11:25.377 V/CamX (13609): [ VERB][UTILS ] camxhashmap.cpp:210 GetInPlace() Key not found
10-19 06:11:25.377 V/CamX (13609): [ VERB][UTILS ] camxhashmap.cpp:210 GetInPlace() Key not found
10-19 06:11:25.377 V/CamX (13609): [ VERB][UTILS ] camxhashmap.cpp:210 GetInPlace() Key not found
10-19 06:11:25.377 V/CamX (13609): [ VERB][UTILS ] camxhashmap.cpp:210 GetInPlace() Key not found
10-19 06:11:25.378 V/CamX (13609): [ VERB][UTILS ] camxhashmap.cpp:210 GetInPlace() Key not found
10-19 06:11:25.378 V/CamX (13609): [ VERB][UTILS ] camxhashmap.cpp:210 GetInPlace() Key not found
10-19 06:11:25.378 V/CamX (13609): [ VERB][UTILS ] camxhashmap.cpp:210 GetInPlace() Key not found
10-19 06:11:25.378 V/CamX (13609): [ VERB][UTILS ] camxhashmap.cpp:210 GetInPlace() Key not found
10-19 06:11:25.378 V/CamX (13609): [ VERB][UTILS ] camxhashmap.cpp:210 GetInPlace() Key not found
10-19 06:11:25.378 V/CamX (13609): [ VERB][UTILS ] camxhashmap.cpp:210 GetInPlace() Key not found
10-19 06:11:25.378 V/CamX (13609): [ VERB][UTILS ] camxhashmap.cpp:210 GetInPlace() Key not found
10-19 06:11:25.378 V/CamX (13609): [ VERB][UTILS ] camxhashmap.cpp:210 GetInPlace() Key not found
10-19 06:11:25.378 V/CamX (13609): [ VERB][UTILS ] camxhashmap.cpp:210 GetInPlace() Key not found
