10-19 06:04:33.575 I/am_wtf ( 1146): [0,1146,system_server,-1,DisplayDeviceConfig,requesting nits when no mapping exists.]
10-19 06:04:33.593 I/am_wtf ( 1146): [0,1146,system_server,-1,DisplayDeviceConfig,requesting nits when no mapping exists.]
10-19 06:04:33.594 I/am_wtf ( 1146): [0,1146,system_server,-1,DisplayDeviceConfig,requesting nits when no mapping exists.]
10-19 06:04:33.630 I/am_wtf ( 1146): [0,1146,system_server,-1,DisplayDeviceConfig,requesting nits when no mapping exists.]
10-19 06:04:33.631 I/am_wtf ( 1146): [0,1146,system_server,-1,DisplayDeviceConfig,requesting nits when no mapping exists.]
10-19 06:04:33.656 I/am_wtf ( 1146): [0,1146,system_server,-1,DisplayDeviceConfig,requesting nits when no mapping exists.]
10-19 06:04:33.658 I/am_wtf ( 1146): [0,1146,system_server,-1,DisplayDeviceConfig,requesting nits when no mapping exists.]
10-19 06:04:33.674 I/am_wtf ( 1146): [0,1146,system_server,-1,DisplayDeviceConfig,requesting nits when no mapping exists.]
10-19 06:04:33.679 I/am_wtf ( 1146): [0,1146,system_server,-1,DisplayDeviceConfig,requesting nits when no mapping exists.]
10-19 06:04:33.693 I/am_wtf ( 1146): [0,1146,system_server,-1,DisplayDeviceConfig,requesting nits when no mapping exists.]
10-19 06:04:33.694 I/am_wtf ( 1146): [0,1146,system_server,-1,DisplayDeviceConfig,requesting nits when no mapping exists.]
10-19 06:04:33.733 I/am_wtf ( 1146): [0,1146,system_server,-1,DisplayDeviceConfig,requesting nits when no mapping exists.]
10-19 06:04:33.734 I/am_wtf ( 1146): [0,1146,system_server,-1,DisplayDeviceConfig,requesting nits when no mapping exists.]
10-19 06:04:33.737 I/wm_stop_activity( 1146): [0,228154950,com.android.launcher3/.uioverrides.QuickstepLauncher]
10-19 06:04:33.751 I/am_wtf ( 1146): [0,1146,system_server,-1,DisplayDeviceConfig,requesting nits when no mapping exists.]
10-19 06:04:33.753 I/am_wtf ( 1146): [0,1146,system_server,-1,DisplayDeviceConfig,requesting nits when no mapping exists.]
10-19 06:04:33.765 I/wm_on_stop_called( 2903): [228154950,com.android.launcher3.uioverrides.QuickstepLauncher,STOP_ACTIVITY_ITEM]
10-19 06:04:33.776 I/am_wtf ( 1146): [0,1146,system_server,-1,DisplayDeviceConfig,requesting nits when no mapping exists.]
10-19 06:04:33.780 I/am_wtf ( 1146): [0,1146,system_server,-1,DisplayDeviceConfig,requesting nits when no mapping exists.]
10-19 06:04:33.806 I/am_wtf ( 1146): [0,1146,system_server,-1,DisplayDeviceConfig,requesting nits when no mapping exists.]
10-19 06:04:33.807 I/am_wtf ( 1146): [0,1146,system_server,-1,DisplayDeviceConfig,requesting nits when no mapping exists.]
10-19 06:04:33.820 I/am_wtf ( 1146): [0,1146,system_server,-1,DisplayDeviceConfig,requesting nits when no mapping exists.]
10-19 06:04:33.822 I/am_wtf ( 1146): [0,1146,system_server,-1,DisplayDeviceConfig,requesting nits when no mapping exists.]
10-19 06:04:33.840 I/am_wtf ( 1146): [0,1146,system_server,-1,DisplayDeviceConfig,requesting nits when no mapping exists.]
10-19 06:04:33.841 I/service_manager_stats( 1146): [100,106,62010]
10-19 06:04:33.841 I/am_wtf ( 1146): [0,1146,system_server,-1,DisplayDeviceConfig,requesting nits when no mapping exists.]
10-19 06:04:33.853 I/am_wtf ( 1146): [0,1146,system_server,-1,DisplayDeviceConfig,requesting nits when no mapping exists.]
10-19 06:04:33.855 I/am_wtf ( 1146): [0,1146,system_server,-1,DisplayDeviceConfig,requesting nits when no mapping exists.]
10-19 06:04:37.745 I/dropbox_file_copy( 1146): [/data/tombstones/tombstone_26,98304,SYSTEM_TOMBSTONE]
10-19 06:04:37.750 I/commit_sys_config_file( 1146): [log-files,16734198]
10-19 06:04:37.771 I/commit_sys_config_file( 1146): [log-files,16734219]
10-19 06:04:42.050 I/liblog (12135): 1
10-19 06:04:42.051 I/liblog (12135): 12
10-19 06:04:42.051 I/liblog (12135): 14
10-19 06:04:42.051 I/liblog (12135): 14
10-19 06:04:42.051 I/liblog (12135): 8
10-19 06:04:42.051 I/liblog (12135): 7
10-19 06:04:42.051 I/liblog (12135): 8
10-19 06:04:42.051 I/liblog (12135): 33
10-19 06:04:42.051 I/liblog (12135): 4
10-19 06:04:42.051 I/liblog (12135): 4
10-19 06:04:42.052 I/liblog (12135): 7
10-19 06:04:42.052 I/liblog (12135): 4
10-19 06:04:42.052 I/liblog (12135): 4
10-19 06:04:42.052 I/liblog (12135): 3
10-19 06:04:42.052 I/liblog (12135): 4
10-19 06:04:42.052 I/liblog (12135): 4
10-19 06:04:42.052 I/liblog (12135): 5
10-19 06:04:42.052 I/liblog (12135): 5
10-19 06:04:42.052 I/liblog (12135): 4
10-19 06:04:42.052 I/liblog (12135): 4
10-19 06:04:42.052 I/liblog (12135): 4
10-19 06:04:42.052 I/liblog (12135): 4
10-19 06:04:42.052 I/liblog (12135): 4
10-19 06:04:42.052 I/liblog (12135): 4
10-19 06:04:42.052 I/liblog (12135): 10
10-19 06:04:42.052 I/liblog (12135): 4
10-19 06:04:42.052 I/liblog (12135): 4
10-19 06:04:42.052 I/liblog (12135): 4
10-19 06:04:42.052 I/liblog (12135): 3
10-19 06:04:42.052 I/liblog (12135): 9
10-19 06:04:42.053 I/liblog (12135): 4
10-19 06:04:42.053 I/liblog (12135): 4
10-19 06:04:42.053 I/liblog (12135): 4
10-19 06:04:42.053 I/liblog (12135): 4
10-19 06:04:42.053 I/liblog (12135): 4
10-19 06:04:42.053 I/liblog (12135): 4
10-19 06:04:42.053 I/liblog (12135): 4
10-19 06:04:42.053 I/liblog (12135): 4
10-19 06:04:42.053 I/liblog (12135): 3
10-19 06:04:42.053 I/liblog (12135): 6
10-19 06:04:42.053 I/liblog (12135): 4
10-19 06:04:42.053 I/liblog (12135): 9
10-19 06:04:42.053 I/liblog (12135): 4
10-19 06:04:42.053 I/liblog (12135): 7
10-19 06:04:42.053 I/liblog (12135): 4
10-19 06:04:42.053 I/liblog (12135): 4
10-19 06:04:42.053 I/liblog (12135): 4
10-19 06:04:42.053 I/liblog (12135): 4
10-19 06:04:42.053 I/liblog (12135): 5
10-19 06:04:42.053 I/liblog (12135): 4
10-19 06:04:42.054 I/liblog (12135): 3
10-19 06:04:42.054 I/liblog (12135): 4
10-19 06:04:42.054 I/liblog (12135): 6
10-19 06:04:42.054 I/liblog (12135): 9
10-19 06:04:42.054 I/liblog (12135): 4
10-19 06:04:42.054 I/liblog (12135): 4
10-19 06:04:42.054 I/liblog (12135): 4
10-19 06:04:42.054 I/liblog (12135): 4
10-19 06:04:42.054 I/liblog (12135): 9
10-19 06:04:42.054 I/liblog (12135): 4
10-19 06:04:42.054 I/liblog (12135): 4
10-19 06:04:42.054 I/liblog (12135): 3
10-19 06:04:42.054 I/liblog (12135): 4
10-19 06:04:42.054 I/liblog (12135): 3
10-19 06:04:42.054 I/liblog (12135): 4
10-19 06:04:42.054 I/liblog (12135): 4
10-19 06:04:42.054 I/liblog (12135): 6
10-19 06:04:42.054 I/liblog (12135): 4
10-19 06:04:42.054 I/liblog (12135): 4
10-19 06:04:42.055 I/liblog (12135): 6
10-19 06:04:42.055 I/liblog (12135): 4
10-19 06:04:42.055 I/liblog (12135): 4
10-19 06:04:42.055 I/liblog (12135): 7
10-19 06:04:42.055 I/liblog (12135): 4
10-19 06:04:42.055 I/liblog (12135): 4
10-19 06:04:42.055 I/liblog (12135): 4
10-19 06:04:42.055 I/liblog (12135): 4
10-19 06:04:42.055 I/liblog (12135): 4
10-19 06:04:42.055 I/liblog (12135): 7
10-19 06:04:42.055 I/liblog (12135): 4
10-19 06:04:42.055 I/liblog (12135): 3
10-19 06:04:42.055 I/liblog (12135): 2
10-19 06:04:42.055 I/liblog (12135): 3
10-19 06:04:42.055 I/liblog (12135): 19
10-19 06:04:42.056 I/liblog (12135): 61
10-19 06:04:42.637 I/dropbox_file_copy( 1146): [/data/tombstones/tombstone_27,98304,SYSTEM_TOMBSTONE]
10-19 06:04:42.653 I/commit_sys_config_file( 1146): [log-files,16739102]
10-19 06:04:42.679 I/commit_sys_config_file( 1146): [log-files,16739127]
10-19 06:04:47.090 I/liblog (12145): 4
10-19 06:04:47.090 I/liblog (12145): 23
10-19 06:04:47.090 I/liblog (12145): 9
10-19 06:04:47.091 I/liblog (12145): 11
10-19 06:04:47.091 I/liblog (12145): 11
10-19 06:04:47.091 I/liblog (12145): 44
10-19 06:04:47.091 I/liblog (12145): 30
10-19 06:04:47.093 I/liblog (12145): 308
10-19 06:04:47.093 I/liblog (12145): 9
10-19 06:04:47.093 I/liblog (12145): 20
10-19 06:04:47.093 I/liblog (12145): 10
10-19 06:04:47.093 I/liblog (12145): 20
10-19 06:04:47.093 I/liblog (12145): 10
10-19 06:04:47.093 I/liblog (12145): 10
10-19 06:04:47.093 I/liblog (12145): 10
10-19 06:04:47.094 I/liblog (12145): 26
10-19 06:04:47.627 I/dropbox_file_copy( 1146): [/data/tombstones/tombstone_28,98304,SYSTEM_TOMBSTONE]
10-19 06:04:47.633 I/commit_sys_config_file( 1146): [log-files,16744081]
10-19 06:04:47.653 I/commit_sys_config_file( 1146): [log-files,16744101]
10-19 06:04:48.986 I/input_interaction( 1146): Interaction with: 73b3759 com.android.deskclock/android.service.dreams.DreamActivity (server), edge-swipe (server), swipe-up (server), PointerEventDispatcher0 (server),
10-19 06:04:48.992 I/wm_finish_activity( 1146): [0,207540829,163,com.android.deskclock/android.service.dreams.DreamActivity,finish-activity]
10-19 06:04:48.992 I/wm_task_moved( 1146): [1,1,7]
10-19 06:04:48.993 I/wm_task_moved( 1146): [10,1,2147483647]
10-19 06:04:48.993 I/wm_task_to_front( 1146): [0,10]
10-19 06:04:48.993 I/wm_focused_root_task( 1146): [0,0,1,163,finish-top adjustFocusToNextFocusableTask]
10-19 06:04:48.994 I/wm_set_resumed_activity( 1146): [0,com.android.launcher3/.uioverrides.QuickstepLauncher,finish-top adjustFocusToNextFocusableTask]
10-19 06:04:48.995 I/wm_pause_activity( 1146): [0,207540829,com.android.deskclock/android.service.dreams.DreamActivity,userLeaving=false,finish]
10-19 06:04:49.005 I/wm_on_top_resumed_lost_called( 6763): [207540829,android.service.dreams.DreamActivity,topStateChangedWhenResumed]
10-19 06:04:49.007 I/sysui_multi_action( 1146): [757,803,799,window_time_0,802,16]
10-19 06:04:49.007 I/wm_on_paused_called( 6763): [207540829,android.service.dreams.DreamActivity,performPause]
10-19 06:04:49.010 I/wm_add_to_stopping( 1146): [0,207540829,com.android.deskclock/android.service.dreams.DreamActivity,completeFinishing]
10-19 06:04:49.014 I/wm_set_resumed_activity( 1146): [0,com.android.launcher3/.uioverrides.QuickstepLauncher,resumeTopActivityInnerLocked]
10-19 06:04:49.016 I/wm_resume_activity( 1146): [0,228154950,10,com.android.launcher3/.uioverrides.QuickstepLauncher]
10-19 06:04:49.028 I/sysui_multi_action( 1146): [757,803,799,window_time_0,802,0]
10-19 06:04:49.031 I/input_focus( 1146): [Focus leaving 73b3759 com.android.deskclock/android.service.dreams.DreamActivity (server),reason=NO_WINDOW]
10-19 06:04:49.032 I/view_enqueue_input_event( 6763): [Motion - Cancel,com.android.deskclock/android.service.dreams.DreamActivity]
10-19 06:04:49.033 I/wm_on_restart_called( 2903): [228154950,com.android.launcher3.uioverrides.QuickstepLauncher,performRestartActivity]
10-19 06:04:49.034 I/wm_on_start_called( 2903): [228154950,com.android.launcher3.uioverrides.QuickstepLauncher,handleStartActivity]
10-19 06:04:49.034 I/wm_on_resume_called( 2903): [228154950,com.android.launcher3.uioverrides.QuickstepLauncher,RESUME_ACTIVITY]
10-19 06:04:49.035 I/wm_on_top_resumed_gained_called( 2903): [228154950,com.android.launcher3.uioverrides.QuickstepLauncher,topWhenResuming]
10-19 06:04:49.036 I/input_interaction( 1146): Interaction with: edge-swipe (server), swipe-up (server), PointerEventDispatcher0 (server),
10-19 06:04:49.046 I/input_focus( 1146): [Focus request a926fae com.android.launcher3/com.android.launcher3.uioverrides.QuickstepLauncher,reason=UpdateInputWindows]
10-19 06:04:49.099 I/input_focus( 1146): [Focus entering a926fae com.android.launcher3/com.android.launcher3.uioverrides.QuickstepLauncher (server),reason=Window became focusable. Previous reason: NOT_VISIBLE]
10-19 06:04:49.324 I/wm_destroy_activity( 1146): [0,207540829,163,com.android.deskclock/android.service.dreams.DreamActivity,finish-imm:idle]
10-19 06:04:49.342 I/wm_on_stop_called( 6763): [207540829,android.service.dreams.DreamActivity,LIFECYCLER_STOP_ACTIVITY]
10-19 06:04:49.343 I/wm_on_destroy_called( 6763): [207540829,android.service.dreams.DreamActivity,performDestroy]
10-19 06:04:49.350 I/sysui_multi_action( 1146): [757,222,758,2]
10-19 06:04:49.350 I/sysui_multi_action( 1146): [757,804,799,dreaming_minutes,801,0,802,1]
10-19 06:04:49.373 I/wm_task_removed( 1146): [163,removeChild:removeChild last r=ActivityRecord{c5ed25d u0 com.android.deskclock/android.service.dreams.DreamActivity t-1 f}} in t=Task{55a4bce #163 type=dream A=10069:android:com.android.deskclock/dream U=0 visible=false mode=fullscreen translucent=true sz=0}]
10-19 06:04:49.373 I/wm_task_removed( 1146): [163,removeChild]
10-19 06:04:50.248 I/input_interaction( 1146): Interaction with: a926fae com.android.launcher3/com.android.launcher3.uioverrides.QuickstepLauncher (server), 1c10e44 com.android.systemui.ImageWallpaper (server), edge-swipe (server), swipe-up (server), PointerEventDispatcher0 (server),
10-19 06:04:51.741 I/wm_task_created( 1146): [164,-1]
10-19 06:04:51.753 I/wm_task_moved( 1146): [164,1,8]
10-19 06:04:51.753 I/wm_task_to_front( 1146): [0,164]
10-19 06:04:51.754 I/wm_create_task( 1146): [0,164]
10-19 06:04:51.754 I/wm_create_activity( 1146): [0,241830614,164,com.android.soundrecorder/.SoundRecorder,NULL,NULL,NULL,268468224]
10-19 06:04:51.754 I/wm_task_moved( 1146): [164,1,8]
10-19 06:04:51.757 I/wm_restart_activity( 1146): [0,241830614,164,com.android.soundrecorder/.SoundRecorder]
10-19 06:04:51.759 I/wm_set_resumed_activity( 1146): [0,com.android.soundrecorder/.SoundRecorder,minimalResumeActivityLocked]
10-19 06:04:51.766 I/am_uid_active( 1146): 10063
10-19 06:04:51.767 I/wm_on_top_resumed_lost_called( 2903): [228154950,com.android.launcher3.uioverrides.QuickstepLauncher,topStateChangedWhenResumed]
10-19 06:04:51.818 I/wm_on_create_called( 6285): [241830614,com.android.soundrecorder.SoundRecorder,performCreate]
10-19 06:04:51.819 I/wm_on_start_called( 6285): [241830614,com.android.soundrecorder.SoundRecorder,handleStartActivity]
10-19 06:04:51.821 I/wm_on_resume_called( 6285): [241830614,com.android.soundrecorder.SoundRecorder,RESUME_ACTIVITY]
10-19 06:04:51.830 I/wm_on_top_resumed_gained_called( 6285): [241830614,com.android.soundrecorder.SoundRecorder,topStateChangedWhenResumed]
10-19 06:04:51.847 I/input_focus( 1146): [Focus request d6d95c8 com.android.soundrecorder/com.android.soundrecorder.SoundRecorder,reason=UpdateInputWindows]
10-19 06:04:51.873 I/input_focus( 1146): [Focus leaving a926fae com.android.launcher3/com.android.launcher3.uioverrides.QuickstepLauncher (server),reason=Waiting for window because NOT_VISIBLE]
10-19 06:04:51.886 I/sysui_multi_action( 1146): [319,145,322,144,325,16802,757,761,758,8,759,2,806,com.android.soundrecorder,871,com.android.soundrecorder.SoundRecorder,904,com.android.launcher3,905,0,1320,4,1321,1]
10-19 06:04:51.891 I/wm_activity_launch_time( 1146): [0,241830614,com.android.soundrecorder/.SoundRecorder,144]
10-19 06:04:51.894 I/input_focus( 1146): [Focus entering d6d95c8 com.android.soundrecorder/com.android.soundrecorder.SoundRecorder (server),reason=Window became focusable. Previous reason: NOT_VISIBLE]
10-19 06:04:52.235 I/liblog (12163): 395
10-19 06:04:52.235 I/liblog (12163): 3
10-19 06:04:52.235 I/liblog (12163): 4
10-19 06:04:52.235 I/liblog (12163): 2
10-19 06:04:52.235 I/liblog (12163): 3
10-19 06:04:52.235 I/liblog (12163): 9
10-19 06:04:52.236 I/liblog (12163): 8
10-19 06:04:52.236 I/liblog (12163): 2
10-19 06:04:52.236 I/liblog (12163): 6
10-19 06:04:52.236 I/liblog (12163): 4
10-19 06:04:52.236 I/liblog (12163): 4
10-19 06:04:52.236 I/liblog (12163): 3
10-19 06:04:52.236 I/liblog (12163): 3
10-19 06:04:52.236 I/liblog (12163): 3
10-19 06:04:52.236 I/liblog (12163): 6
10-19 06:04:52.236 I/liblog (12163): 6
10-19 06:04:52.236 I/liblog (12163): 7
10-19 06:04:52.237 I/liblog (12163): 6
10-19 06:04:52.237 I/liblog (12163): 8
10-19 06:04:52.237 I/liblog (12163): 4
10-19 06:04:52.237 I/liblog (12163): 8
10-19 06:04:52.237 I/liblog (12163): 4
10-19 06:04:52.237 I/liblog (12163): 7
10-19 06:04:52.237 I/liblog (12163): 8
10-19 06:04:52.237 I/liblog (12163): 4
10-19 06:04:52.237 I/liblog (12163): 4
10-19 06:04:52.237 I/liblog (12163): 3
10-19 06:04:52.237 I/liblog (12163): 2
10-19 06:04:52.238 I/liblog (12163): 5
10-19 06:04:52.238 I/liblog (12163): 3
10-19 06:04:52.238 I/liblog (12163): 3
10-19 06:04:52.238 I/liblog (12163): 3
10-19 06:04:52.238 I/liblog (12163): 2
10-19 06:04:52.238 I/liblog (12163): 2
10-19 06:04:52.238 I/liblog (12163): 3
10-19 06:04:52.238 I/liblog (12163): 3
10-19 06:04:52.239 I/liblog (12163): 3
10-19 06:04:52.839 I/dropbox_file_copy( 1146): [/data/tombstones/tombstone_29,98304,SYSTEM_TOMBSTONE]
10-19 06:04:52.845 I/commit_sys_config_file( 1146): [log-files,16749294]
10-19 06:04:52.864 I/commit_sys_config_file( 1146): [log-files,16749312]
10-19 06:04:52.983 I/input_interaction( 1146): Interaction with: d6d95c8 com.android.soundrecorder/com.android.soundrecorder.SoundRecorder (server), edge-swipe (server), swipe-up (server), PointerEventDispatcher0 (server),
10-19 06:04:53.227 I/view_enqueue_input_event( 6285): [Motion - Cancel,com.android.soundrecorder/com.android.soundrecorder.SoundRecorder]
10-19 06:04:53.239 I/input_interaction( 1146): Interaction with: WindowManager (server), edge-swipe (server), swipe-up (server), PointerEventDispatcher0 (server),
10-19 06:04:57.286 I/liblog (12172): 2
10-19 06:04:57.286 I/liblog (12172): 9
10-19 06:04:57.286 I/liblog (12172): 4
10-19 06:04:57.286 I/liblog (12172): 4
10-19 06:04:57.286 I/liblog (12172): 6
10-19 06:04:57.286 I/liblog (12172): 4
10-19 06:04:57.286 I/liblog (12172): 4
10-19 06:04:57.287 I/liblog (12172): 4
10-19 06:04:57.287 I/liblog (12172): 4
10-19 06:04:57.287 I/liblog (12172): 3
10-19 06:04:57.287 I/liblog (12172): 3
10-19 06:04:57.287 I/liblog (12172): 4
10-19 06:04:57.287 I/liblog (12172): 4
10-19 06:04:57.287 I/liblog (12172): 4
10-19 06:04:57.287 I/liblog (12172): 9
10-19 06:04:57.287 I/liblog (12172): 9
10-19 06:04:57.287 I/liblog (12172): 4
10-19 06:04:57.287 I/liblog (12172): 5
10-19 06:04:57.288 I/liblog (12172): 4
10-19 06:04:57.288 I/liblog (12172): 5
10-19 06:04:57.288 I/liblog (12172): 5
10-19 06:04:57.288 I/liblog (12172): 4
10-19 06:04:57.288 I/liblog (12172): 6
10-19 06:04:57.288 I/liblog (12172): 3
10-19 06:04:57.288 I/liblog (12172): 2
10-19 06:04:57.288 I/liblog (12172): 3
10-19 06:04:57.288 I/liblog (12172): 2
10-19 06:04:57.288 I/liblog (12172): 3
10-19 06:04:57.288 I/liblog (12172): 4
10-19 06:04:57.288 I/liblog (12172): 3
10-19 06:04:57.289 I/liblog (12172): 3
10-19 06:04:57.289 I/liblog (12172): 3
10-19 06:04:57.289 I/liblog (12172): 3
10-19 06:04:57.289 I/liblog (12172): 3
10-19 06:04:57.289 I/liblog (12172): 3
10-19 06:04:57.289 I/liblog (12172): 11
10-19 06:04:57.289 I/liblog (12172): 3
10-19 06:04:57.289 I/liblog (12172): 3
10-19 06:04:57.289 I/liblog (12172): 6
10-19 06:04:57.290 I/liblog (12172): 3
10-19 06:04:57.290 I/liblog (12172): 8
10-19 06:04:57.290 I/liblog (12172): 3
10-19 06:04:57.290 I/liblog (12172): 10
10-19 06:04:57.290 I/liblog (12172): 2
10-19 06:04:57.290 I/liblog (12172): 4
10-19 06:04:57.290 I/liblog (12172): 4
10-19 06:04:57.291 I/liblog (12172): 2
10-19 06:04:57.291 I/liblog (12172): 3
10-19 06:04:57.291 I/liblog (12172): 4
10-19 06:04:57.291 I/liblog (12172): 3
10-19 06:04:57.291 I/liblog (12172): 3
10-19 06:04:57.291 I/liblog (12172): 3
10-19 06:04:57.291 I/liblog (12172): 3
10-19 06:04:57.291 I/liblog (12172): 9
10-19 06:04:57.291 I/liblog (12172): 2
10-19 06:04:57.291 I/liblog (12172): 1
10-19 06:04:57.291 I/liblog (12172): 1
10-19 06:04:57.291 I/liblog (12172): 1
10-19 06:04:57.291 I/liblog (12172): 2
10-19 06:04:57.292 I/liblog (12172): 2
10-19 06:04:57.292 I/liblog (12172): 4
10-19 06:04:57.292 I/liblog (12172): 2
10-19 06:04:57.292 I/liblog (12172): 1
10-19 06:04:57.292 I/liblog (12172): 2
10-19 06:04:57.292 I/liblog (12172): 1
10-19 06:04:57.292 I/liblog (12172): 2
10-19 06:04:57.292 I/liblog (12172): 2
10-19 06:04:57.292 I/liblog (12172): 2
10-19 06:04:57.292 I/liblog (12172): 2
10-19 06:04:57.292 I/liblog (12172): 2
10-19 06:04:57.292 I/liblog (12172): 1
10-19 06:04:57.292 I/liblog (12172): 1
10-19 06:04:57.293 I/liblog (12172): 1
10-19 06:04:57.293 I/liblog (12172): 1
10-19 06:04:57.293 I/liblog (12172): 1
10-19 06:04:57.293 I/liblog (12172): 1
10-19 06:04:57.293 I/liblog (12172): 1
10-19 06:04:57.293 I/liblog (12172): 2
10-19 06:04:57.293 I/liblog (12172): 1
10-19 06:04:57.293 I/liblog (12172): 2
10-19 06:04:57.293 I/liblog (12172): 2
10-19 06:04:57.293 I/liblog (12172): 2
10-19 06:04:57.293 I/liblog (12172): 2
10-19 06:04:57.489 I/input_interaction( 1146): Interaction with: d6d95c8 com.android.soundrecorder/com.android.soundrecorder.SoundRecorder (server), edge-swipe (server), swipe-up (server), PointerEventDispatcher0 (server),
10-19 06:04:57.520 I/view_enqueue_input_event( 6285): [Motion - Cancel,com.android.soundrecorder/com.android.soundrecorder.SoundRecorder]
10-19 06:04:57.530 I/input_interaction( 1146): Interaction with: WindowManager (server), edge-swipe (server), swipe-up (server), PointerEventDispatcher0 (server),
10-19 06:04:57.907 I/dropbox_file_copy( 1146): [/data/tombstones/tombstone_30,98304,SYSTEM_TOMBSTONE]
10-19 06:04:57.912 I/commit_sys_config_file( 1146): [log-files,16754361]
10-19 06:04:57.931 I/commit_sys_config_file( 1146): [log-files,16754379]
10-19 06:04:58.173 I/input_interaction( 1146): Interaction with: d6d95c8 com.android.soundrecorder/com.android.soundrecorder.SoundRecorder (server), edge-swipe (server), swipe-up (server), PointerEventDispatcher0 (server),
10-19 06:04:58.192 I/view_enqueue_input_event( 6285): [Motion - Cancel,com.android.soundrecorder/com.android.soundrecorder.SoundRecorder]
10-19 06:04:58.197 I/input_interaction( 1146): Interaction with: WindowManager (server), edge-swipe (server), swipe-up (server), PointerEventDispatcher0 (server),
10-19 06:04:58.888 I/input_interaction( 1146): Interaction with: d6d95c8 com.android.soundrecorder/com.android.soundrecorder.SoundRecorder (server), edge-swipe (server), swipe-up (server), PointerEventDispatcher0 (server),
10-19 06:04:58.910 I/input_interaction( 1146): Interaction with: WindowManager (server), edge-swipe (server), swipe-up (server), PointerEventDispatcher0 (server),
10-19 06:04:58.910 I/view_enqueue_input_event( 6285): [Motion - Cancel,com.android.soundrecorder/com.android.soundrecorder.SoundRecorder]
10-19 06:05:00.791 I/input_interaction( 1146): Interaction with: d6d95c8 com.android.soundrecorder/com.android.soundrecorder.SoundRecorder (server), edge-swipe (server), swipe-up (server), PointerEventDispatcher0 (server),
10-19 06:05:00.816 I/view_enqueue_input_event( 6285): [Motion - Cancel,com.android.soundrecorder/com.android.soundrecorder.SoundRecorder]
10-19 06:05:00.831 I/input_interaction( 1146): Interaction with: WindowManager (server), edge-swipe (server), swipe-up (server), PointerEventDispatcher0 (server),
10-19 06:05:02.913 I/input_interaction( 1146): Interaction with: d6d95c8 com.android.soundrecorder/com.android.soundrecorder.SoundRecorder (server), edge-swipe (server), swipe-up (server), PointerEventDispatcher0 (server),
10-19 06:05:02.934 I/view_enqueue_input_event( 6285): [Motion - Cancel,com.android.soundrecorder/com.android.soundrecorder.SoundRecorder]
10-19 06:05:02.934 I/dropbox_file_copy( 1146): [/data/tombstones/tombstone_31,98304,SYSTEM_TOMBSTONE]
10-19 06:05:02.937 I/input_interaction( 1146): Interaction with: WindowManager (server), edge-swipe (server), swipe-up (server), PointerEventDispatcher0 (server),
10-19 06:05:02.946 I/commit_sys_config_file( 1146): [log-files,16759394]
10-19 06:05:02.967 I/commit_sys_config_file( 1146): [log-files,16759415]
10-19 06:05:05.202 I/input_interaction( 1146): Interaction with: d6d95c8 com.android.soundrecorder/com.android.soundrecorder.SoundRecorder (server), edge-swipe (server), swipe-up (server), PointerEventDispatcher0 (server),
10-19 06:05:05.242 I/view_enqueue_input_event( 6285): [Motion - Cancel,com.android.soundrecorder/com.android.soundrecorder.SoundRecorder]
10-19 06:05:05.252 I/input_interaction( 1146): Interaction with: WindowManager (server), edge-swipe (server), swipe-up (server), PointerEventDispatcher0 (server),
10-19 06:05:05.309 I/input_interaction( 1146): Interaction with: edge-swipe (server), swipe-up (server), PointerEventDispatcher0 (server),
10-19 06:05:05.900 I/sysui_multi_action( 1146): [757,803,799,key_back_press,802,1]
10-19 06:05:05.908 I/input_interaction( 1146): Interaction with: d6d95c8 com.android.soundrecorder/com.android.soundrecorder.SoundRecorder (server), PointerEventDispatcher0 (server),
10-19 06:05:05.913 I/wm_task_moved( 1146): [164,0,0]
10-19 06:05:05.918 I/wm_focused_root_task( 1146): [0,0,1,164,moveTaskToBackLocked]
10-19 06:05:05.920 I/wm_on_top_resumed_lost_called( 6285): [241830614,com.android.soundrecorder.SoundRecorder,topStateChangedWhenResumed]
10-19 06:05:05.921 I/input_focus( 1146): [Focus request a926fae com.android.launcher3/com.android.launcher3.uioverrides.QuickstepLauncher,reason=UpdateInputWindows]
10-19 06:05:05.925 I/input_focus( 1146): [Focus leaving d6d95c8 com.android.soundrecorder/com.android.soundrecorder.SoundRecorder (server),reason=setFocusedWindow]
10-19 06:05:05.925 I/input_focus( 1146): [Focus entering a926fae com.android.launcher3/com.android.launcher3.uioverrides.QuickstepLauncher (server),reason=setFocusedWindow]
10-19 06:05:05.934 I/wm_on_top_resumed_gained_called( 2903): [228154950,com.android.launcher3.uioverrides.QuickstepLauncher,topStateChangedWhenResumed]
10-19 06:05:07.123 I/input_interaction( 1146): Interaction with: d6d95c8 com.android.soundrecorder/com.android.soundrecorder.SoundRecorder (server), edge-swipe (server), swipe-up (server), PointerEventDispatcher0 (server),
10-19 06:05:07.126 I/wm_task_moved( 1146): [164,1,8]
10-19 06:05:07.126 I/wm_task_to_front( 1146): [0,164]
10-19 06:05:07.133 I/wm_set_resumed_activity( 1146): [0,com.android.soundrecorder/.SoundRecorder,positionChildAt]
10-19 06:05:07.133 I/wm_focused_root_task( 1146): [0,0,164,1,setFocusedTask]
10-19 06:05:07.133 I/wm_set_resumed_activity( 1146): [0,com.android.soundrecorder/.SoundRecorder,setFocusedTask]
10-19 06:05:07.134 I/input_focus( 1146): [Focus request d6d95c8 com.android.soundrecorder/com.android.soundrecorder.SoundRecorder,reason=UpdateInputWindows]
10-19 06:05:07.134 I/wm_on_top_resumed_lost_called( 2903): [228154950,com.android.launcher3.uioverrides.QuickstepLauncher,topStateChangedWhenResumed]
10-19 06:05:07.147 I/view_enqueue_input_event( 6285): [Motion - Cancel,com.android.soundrecorder/com.android.soundrecorder.SoundRecorder]
10-19 06:05:07.148 I/wm_on_top_resumed_gained_called( 6285): [241830614,com.android.soundrecorder.SoundRecorder,topStateChangedWhenResumed]
10-19 06:05:07.154 I/input_interaction( 1146): Interaction with: WindowManager (server), edge-swipe (server), swipe-up (server), PointerEventDispatcher0 (server),
10-19 06:05:07.162 I/input_focus( 1146): [Focus leaving a926fae com.android.launcher3/com.android.launcher3.uioverrides.QuickstepLauncher (server),reason=setFocusedWindow]
10-19 06:05:07.162 I/input_focus( 1146): [Focus entering d6d95c8 com.android.soundrecorder/com.android.soundrecorder.SoundRecorder (server),reason=setFocusedWindow]
10-19 06:05:08.043 I/dropbox_file_copy( 1146): [/data/tombstones/tombstone_00,98304,SYSTEM_TOMBSTONE]
10-19 06:05:08.052 I/commit_sys_config_file( 1146): [log-files,16764501]
10-19 06:05:08.077 I/commit_sys_config_file( 1146): [log-files,16764526]
10-19 06:05:09.266 I/input_interaction( 1146): Interaction with: d6d95c8 com.android.soundrecorder/com.android.soundrecorder.SoundRecorder (server), edge-swipe (server), swipe-up (server), PointerEventDispatcher0 (server),
10-19 06:05:09.299 I/view_enqueue_input_event( 6285): [Motion - Cancel,com.android.soundrecorder/com.android.soundrecorder.SoundRecorder]
10-19 06:05:09.303 I/input_interaction( 1146): Interaction with: WindowManager (server), edge-swipe (server), swipe-up (server), PointerEventDispatcher0 (server),
10-19 06:05:09.489 I/service_manager_stats( 1146): [100,112,35648]
10-19 06:05:10.782 I/input_interaction( 1146): Interaction with: d6d95c8 com.android.soundrecorder/com.android.soundrecorder.SoundRecorder (server), edge-swipe (server), swipe-up (server), PointerEventDispatcher0 (server),
10-19 06:05:10.805 I/view_enqueue_input_event( 6285): [Motion - Cancel,com.android.soundrecorder/com.android.soundrecorder.SoundRecorder]
10-19 06:05:10.815 I/input_interaction( 1146): Interaction with: WindowManager (server), edge-swipe (server), swipe-up (server), PointerEventDispatcher0 (server),
10-19 06:05:12.400 I/input_interaction( 1146): Interaction with: d6d95c8 com.android.soundrecorder/com.android.soundrecorder.SoundRecorder (server), edge-swipe (server), swipe-up (server), PointerEventDispatcher0 (server),
10-19 06:05:12.426 I/input_interaction( 1146): Interaction with: WindowManager (server), edge-swipe (server), swipe-up (server), PointerEventDispatcher0 (server),
10-19 06:05:12.430 I/view_enqueue_input_event( 6285): [Motion - Cancel,com.android.soundrecorder/com.android.soundrecorder.SoundRecorder]
10-19 06:05:12.466 I/liblog (12203): 6
10-19 06:05:12.506 I/input_interaction( 1146): Interaction with: edge-swipe (server), swipe-up (server), PointerEventDispatcher0 (server),
10-19 06:05:13.038 I/dropbox_file_copy( 1146): [/data/tombstones/tombstone_01,98304,SYSTEM_TOMBSTONE]
10-19 06:05:13.048 I/sysui_multi_action( 1146): [757,803,799,key_back_press,802,1]
10-19 06:05:13.066 I/commit_sys_config_file( 1146): [log-files,16769514]
10-19 06:05:13.075 I/input_interaction( 1146): Interaction with: d6d95c8 com.android.soundrecorder/com.android.soundrecorder.SoundRecorder (server), PointerEventDispatcher0 (server),
10-19 06:05:13.082 I/wm_task_moved( 1146): [164,0,0]
10-19 06:05:13.093 I/wm_focused_root_task( 1146): [0,0,1,164,moveTaskToBackLocked]
10-19 06:05:13.093 I/wm_on_top_resumed_lost_called( 6285): [241830614,com.android.soundrecorder.SoundRecorder,topStateChangedWhenResumed]
10-19 06:05:13.094 I/wm_on_top_resumed_gained_called( 2903): [228154950,com.android.launcher3.uioverrides.QuickstepLauncher,topStateChangedWhenResumed]
10-19 06:05:13.095 I/input_focus( 1146): [Focus request a926fae com.android.launcher3/com.android.launcher3.uioverrides.QuickstepLauncher,reason=UpdateInputWindows]
10-19 06:05:13.107 I/commit_sys_config_file( 1146): [log-files,16769556]
10-19 06:05:13.109 I/input_focus( 1146): [Focus leaving d6d95c8 com.android.soundrecorder/com.android.soundrecorder.SoundRecorder (server),reason=setFocusedWindow]
10-19 06:05:13.110 I/input_focus( 1146): [Focus entering a926fae com.android.launcher3/com.android.launcher3.uioverrides.QuickstepLauncher (server),reason=setFocusedWindow]
10-19 06:05:13.577 I/input_interaction( 1146): Interaction with: d6d95c8 com.android.soundrecorder/com.android.soundrecorder.SoundRecorder (server), edge-swipe (server), swipe-up (server), PointerEventDispatcher0 (server),
10-19 06:05:13.579 I/wm_task_moved( 1146): [164,1,8]
10-19 06:05:13.579 I/wm_task_to_front( 1146): [0,164]
10-19 06:05:13.586 I/wm_set_resumed_activity( 1146): [0,com.android.soundrecorder/.SoundRecorder,positionChildAt]
10-19 06:05:13.586 I/wm_on_top_resumed_lost_called( 2903): [228154950,com.android.launcher3.uioverrides.QuickstepLauncher,topStateChangedWhenResumed]
10-19 06:05:13.586 I/wm_focused_root_task( 1146): [0,0,164,1,setFocusedTask]
10-19 06:05:13.586 I/wm_set_resumed_activity( 1146): [0,com.android.soundrecorder/.SoundRecorder,setFocusedTask]
10-19 06:05:13.588 I/input_focus( 1146): [Focus request d6d95c8 com.android.soundrecorder/com.android.soundrecorder.SoundRecorder,reason=UpdateInputWindows]
10-19 06:05:13.594 I/view_enqueue_input_event( 6285): [Motion - Cancel,com.android.soundrecorder/com.android.soundrecorder.SoundRecorder]
10-19 06:05:13.594 I/wm_on_top_resumed_gained_called( 6285): [241830614,com.android.soundrecorder.SoundRecorder,topStateChangedWhenResumed]
10-19 06:05:13.599 I/input_interaction( 1146): Interaction with: WindowManager (server), edge-swipe (server), swipe-up (server), PointerEventDispatcher0 (server),
10-19 06:05:13.614 I/input_focus( 1146): [Focus leaving a926fae com.android.launcher3/com.android.launcher3.uioverrides.QuickstepLauncher (server),reason=setFocusedWindow]
10-19 06:05:13.614 I/input_focus( 1146): [Focus entering d6d95c8 com.android.soundrecorder/com.android.soundrecorder.SoundRecorder (server),reason=setFocusedWindow]
10-19 06:05:15.089 I/input_interaction( 1146): Interaction with: d6d95c8 com.android.soundrecorder/com.android.soundrecorder.SoundRecorder (server), edge-swipe (server), swipe-up (server), PointerEventDispatcher0 (server),
10-19 06:05:15.115 I/view_enqueue_input_event( 6285): [Motion - Cancel,com.android.soundrecorder/com.android.soundrecorder.SoundRecorder]
10-19 06:05:15.129 I/input_interaction( 1146): Interaction with: WindowManager (server), edge-swipe (server), swipe-up (server), PointerEventDispatcher0 (server),
10-19 06:05:16.308 I/input_interaction( 1146): Interaction with: d6d95c8 com.android.soundrecorder/com.android.soundrecorder.SoundRecorder (server), edge-swipe (server), swipe-up (server), PointerEventDispatcher0 (server),
10-19 06:05:16.335 I/view_enqueue_input_event( 6285): [Motion - Cancel,com.android.soundrecorder/com.android.soundrecorder.SoundRecorder]
10-19 06:05:16.344 I/input_interaction( 1146): Interaction with: WindowManager (server), edge-swipe (server), swipe-up (server), PointerEventDispatcher0 (server),
10-19 06:05:17.446 I/input_interaction( 1146): Interaction with: d6d95c8 com.android.soundrecorder/com.android.soundrecorder.SoundRecorder (server), edge-swipe (server), swipe-up (server), PointerEventDispatcher0 (server),
10-19 06:05:17.469 I/view_enqueue_input_event( 6285): [Motion - Cancel,com.android.soundrecorder/com.android.soundrecorder.SoundRecorder]
10-19 06:05:17.471 I/input_interaction( 1146): Interaction with: WindowManager (server), edge-swipe (server), swipe-up (server), PointerEventDispatcher0 (server),
10-19 06:05:17.532 I/liblog (12216): 51
10-19 06:05:17.532 I/liblog (12216): 1
10-19 06:05:17.532 I/liblog (12216): 4
10-19 06:05:17.532 I/liblog (12216): 1
10-19 06:05:17.532 I/liblog (12216): 1
10-19 06:05:17.532 I/liblog (12216): 16
10-19 06:05:17.533 I/liblog (12216): 1
10-19 06:05:17.533 I/liblog (12216): 1
10-19 06:05:17.533 I/liblog (12216): 1
10-19 06:05:17.533 I/liblog (12216): 1
10-19 06:05:17.533 I/liblog (12216): 1
10-19 06:05:17.533 I/liblog (12216): 1
10-19 06:05:17.533 I/liblog (12216): 1
10-19 06:05:17.533 I/liblog (12216): 1
10-19 06:05:17.533 I/liblog (12216): 1
10-19 06:05:17.533 I/liblog (12216): 1
10-19 06:05:17.533 I/liblog (12216): 1
10-19 06:05:17.533 I/liblog (12216): 27
10-19 06:05:17.533 I/liblog (12216): 1
10-19 06:05:17.534 I/liblog (12216): 1
10-19 06:05:17.534 I/liblog (12216): 11
10-19 06:05:17.534 I/liblog (12216): 10
10-19 06:05:17.534 I/liblog (12216): 1
10-19 06:05:17.534 I/liblog (12216): 1
10-19 06:05:17.534 I/liblog (12216): 1
10-19 06:05:17.534 I/liblog (12216): 1
10-19 06:05:17.534 I/liblog (12216): 1
10-19 06:05:17.534 I/liblog (12216): 1
10-19 06:05:17.534 I/liblog (12216): 1
10-19 06:05:17.534 I/liblog (12216): 1
10-19 06:05:17.535 I/liblog (12216): 1
10-19 06:05:17.535 I/liblog (12216): 1
10-19 06:05:17.536 I/liblog (12216): 32
10-19 06:05:17.537 I/liblog (12216): 1
10-19 06:05:17.537 I/liblog (12216): 1
10-19 06:05:17.537 I/liblog (12216): 1
10-19 06:05:17.537 I/liblog (12216): 1
10-19 06:05:17.537 I/liblog (12216): 1
10-19 06:05:17.537 I/liblog (12216): 1
10-19 06:05:17.537 I/liblog (12216): 1
10-19 06:05:17.538 I/liblog (12216): 1
10-19 06:05:17.538 I/liblog (12216): 28
10-19 06:05:17.538 I/liblog (12216): 2
10-19 06:05:17.538 I/liblog (12216): 1
10-19 06:05:17.538 I/liblog (12216): 1
10-19 06:05:17.538 I/liblog (12216): 1
10-19 06:05:17.561 I/input_interaction( 1146): Interaction with: edge-swipe (server), swipe-up (server), PointerEventDispatcher0 (server),
10-19 06:05:17.925 I/sysui_multi_action( 1146): [757,803,799,key_back_press,802,1]
10-19 06:05:17.945 I/input_interaction( 1146): Interaction with: d6d95c8 com.android.soundrecorder/com.android.soundrecorder.SoundRecorder (server), PointerEventDispatcher0 (server),
10-19 06:05:17.953 I/wm_task_moved( 1146): [164,0,0]
10-19 06:05:17.958 I/wm_focused_root_task( 1146): [0,0,1,164,moveTaskToBackLocked]
10-19 06:05:17.958 I/wm_on_top_resumed_lost_called( 6285): [241830614,com.android.soundrecorder.SoundRecorder,topStateChangedWhenResumed]
10-19 06:05:17.959 I/input_focus( 1146): [Focus request a926fae com.android.launcher3/com.android.launcher3.uioverrides.QuickstepLauncher,reason=UpdateInputWindows]
10-19 06:05:17.967 I/wm_on_top_resumed_gained_called( 2903): [228154950,com.android.launcher3.uioverrides.QuickstepLauncher,topStateChangedWhenResumed]
10-19 06:05:17.972 I/input_focus( 1146): [Focus leaving d6d95c8 com.android.soundrecorder/com.android.soundrecorder.SoundRecorder (server),reason=setFocusedWindow]
10-19 06:05:17.973 I/input_focus( 1146): [Focus entering a926fae com.android.launcher3/com.android.launcher3.uioverrides.QuickstepLauncher (server),reason=setFocusedWindow]
10-19 06:05:18.115 I/dropbox_file_copy( 1146): [/data/tombstones/tombstone_02,98304,SYSTEM_TOMBSTONE]
10-19 06:05:18.120 I/commit_sys_config_file( 1146): [log-files,16774568]
10-19 06:05:18.154 I/commit_sys_config_file( 1146): [log-files,16774602]
10-19 06:05:18.637 I/input_interaction( 1146): Interaction with: d6d95c8 com.android.soundrecorder/com.android.soundrecorder.SoundRecorder (server), edge-swipe (server), swipe-up (server), PointerEventDispatcher0 (server),
10-19 06:05:18.640 I/wm_task_moved( 1146): [164,1,8]
10-19 06:05:18.640 I/wm_task_to_front( 1146): [0,164]
10-19 06:05:18.646 I/wm_set_resumed_activity( 1146): [0,com.android.soundrecorder/.SoundRecorder,positionChildAt]
10-19 06:05:18.647 I/wm_focused_root_task( 1146): [0,0,164,1,setFocusedTask]
10-19 06:05:18.647 I/wm_on_top_resumed_lost_called( 2903): [228154950,com.android.launcher3.uioverrides.QuickstepLauncher,topStateChangedWhenResumed]
10-19 06:05:18.647 I/wm_set_resumed_activity( 1146): [0,com.android.soundrecorder/.SoundRecorder,setFocusedTask]
10-19 06:05:18.647 I/input_focus( 1146): [Focus request d6d95c8 com.android.soundrecorder/com.android.soundrecorder.SoundRecorder,reason=UpdateInputWindows]
10-19 06:05:18.658 I/view_enqueue_input_event( 6285): [Motion - Cancel,com.android.soundrecorder/com.android.soundrecorder.SoundRecorder]
10-19 06:05:18.669 I/dvm_lock_sample( 1146): [system_server,1,Binder:1146_13,19,ActivityClientController.java,187,void com.android.server.wm.ActivityClientController.activityTopResumedStateLost(),,0,null,3]
10-19 06:05:18.671 I/wm_on_top_resumed_gained_called( 6285): [241830614,com.android.soundrecorder.SoundRecorder,topStateChangedWhenResumed]
10-19 06:05:18.673 I/input_interaction( 1146): Interaction with: WindowManager (server), edge-swipe (server), swipe-up (server), PointerEventDispatcher0 (server),
10-19 06:05:18.676 I/input_focus( 1146): [Focus leaving a926fae com.android.launcher3/com.android.launcher3.uioverrides.QuickstepLauncher (server),reason=setFocusedWindow]
10-19 06:05:18.677 I/input_focus( 1146): [Focus entering d6d95c8 com.android.soundrecorder/com.android.soundrecorder.SoundRecorder (server),reason=setFocusedWindow]
10-19 06:05:19.923 I/input_interaction( 1146): Interaction with: d6d95c8 com.android.soundrecorder/com.android.soundrecorder.SoundRecorder (server), edge-swipe (server), swipe-up (server), PointerEventDispatcher0 (server),
10-19 06:05:19.943 I/view_enqueue_input_event( 6285): [Motion - Cancel,com.android.soundrecorder/com.android.soundrecorder.SoundRecorder]
10-19 06:05:19.946 I/input_interaction( 1146): Interaction with: WindowManager (server), edge-swipe (server), swipe-up (server), PointerEventDispatcher0 (server),
10-19 06:05:21.389 I/input_interaction( 1146): Interaction with: d6d95c8 com.android.soundrecorder/com.android.soundrecorder.SoundRecorder (server), edge-swipe (server), swipe-up (server), PointerEventDispatcher0 (server),
10-19 06:05:21.412 I/view_enqueue_input_event( 6285): [Motion - Cancel,com.android.soundrecorder/com.android.soundrecorder.SoundRecorder]
10-19 06:05:21.422 I/input_interaction( 1146): Interaction with: WindowManager (server), edge-swipe (server), swipe-up (server), PointerEventDispatcher0 (server),
10-19 06:05:22.574 I/liblog (12227): 1
10-19 06:05:22.574 I/liblog (12227): 3
10-19 06:05:22.574 I/liblog (12227): 3
10-19 06:05:22.574 I/liblog (12227): 4
10-19 06:05:22.574 I/liblog (12227): 4
10-19 06:05:22.574 I/liblog (12227): 6
10-19 06:05:22.574 I/liblog (12227): 5
10-19 06:05:22.574 I/liblog (12227): 3
10-19 06:05:22.574 I/liblog (12227): 4
10-19 06:05:22.575 I/liblog (12227): 4
10-19 06:05:22.575 I/liblog (12227): 3
10-19 06:05:22.575 I/liblog (12227): 3
10-19 06:05:22.575 I/liblog (12227): 4
10-19 06:05:22.575 I/liblog (12227): 4
10-19 06:05:22.575 I/liblog (12227): 4
10-19 06:05:22.575 I/liblog (12227): 4
10-19 06:05:22.575 I/liblog (12227): 3
10-19 06:05:22.575 I/liblog (12227): 21
10-19 06:05:22.576 I/liblog (12227): 3
10-19 06:05:22.576 I/liblog (12227): 3
10-19 06:05:22.576 I/liblog (12227): 14
10-19 06:05:22.576 I/liblog (12227): 2
10-19 06:05:22.576 I/liblog (12227): 6
10-19 06:05:22.576 I/liblog (12227): 3
10-19 06:05:22.576 I/liblog (12227): 3
10-19 06:05:22.576 I/liblog (12227): 2
10-19 06:05:22.576 I/liblog (12227): 4
10-19 06:05:22.577 I/liblog (12227): 5
10-19 06:05:22.577 I/liblog (12227): 3
10-19 06:05:22.577 I/liblog (12227): 7
10-19 06:05:22.577 I/liblog (12227): 2
10-19 06:05:22.577 I/liblog (12227): 4
10-19 06:05:22.577 I/liblog (12227): 6
10-19 06:05:22.577 I/liblog (12227): 5
10-19 06:05:22.577 I/liblog (12227): 4
10-19 06:05:22.577 I/liblog (12227): 4
10-19 06:05:22.577 I/liblog (12227): 4
10-19 06:05:22.577 I/liblog (12227): 4
10-19 06:05:22.578 I/liblog (12227): 12
10-19 06:05:22.578 I/liblog (12227): 16
10-19 06:05:22.578 I/liblog (12227): 3
10-19 06:05:22.578 I/liblog (12227): 6
10-19 06:05:22.578 I/liblog (12227): 3
10-19 06:05:22.578 I/liblog (12227): 3
10-19 06:05:22.579 I/liblog (12227): 6
10-19 06:05:22.579 I/liblog (12227): 1
10-19 06:05:22.579 I/liblog (12227): 2
10-19 06:05:22.579 I/liblog (12227): 6
10-19 06:05:22.579 I/liblog (12227): 2
10-19 06:05:22.579 I/liblog (12227): 15
10-19 06:05:22.580 I/liblog (12227): 4
10-19 06:05:22.580 I/liblog (12227): 2
10-19 06:05:22.580 I/liblog (12227): 2
10-19 06:05:22.580 I/liblog (12227): 2
10-19 06:05:22.580 I/liblog (12227): 8
10-19 06:05:22.580 I/liblog (12227): 6
10-19 06:05:22.580 I/liblog (12227): 3
10-19 06:05:22.580 I/liblog (12227): 3
10-19 06:05:22.580 I/liblog (12227): 3
10-19 06:05:22.581 I/liblog (12227): 6
10-19 06:05:22.581 I/liblog (12227): 8
10-19 06:05:22.581 I/liblog (12227): 4
10-19 06:05:22.581 I/liblog (12227): 2
10-19 06:05:22.581 I/liblog (12227): 3
10-19 06:05:22.581 I/liblog (12227): 5
10-19 06:05:22.581 I/liblog (12227): 3
10-19 06:05:22.581 I/liblog (12227): 3
10-19 06:05:22.581 I/liblog (12227): 3
10-19 06:05:22.582 I/liblog (12227): 3
10-19 06:05:22.582 I/liblog (12227): 3
10-19 06:05:22.582 I/liblog (12227): 3
10-19 06:05:22.582 I/liblog (12227): 3
10-19 06:05:22.582 I/liblog (12227): 5
10-19 06:05:22.582 I/liblog (12227): 3
10-19 06:05:22.582 I/liblog (12227): 3
10-19 06:05:22.582 I/liblog (12227): 3
10-19 06:05:22.582 I/liblog (12227): 3
10-19 06:05:22.582 I/liblog (12227): 2
10-19 06:05:22.582 I/liblog (12227): 2
10-19 06:05:22.582 I/liblog (12227): 2
10-19 06:05:22.582 I/liblog (12227): 2
10-19 06:05:22.583 I/liblog (12227): 3
10-19 06:05:22.583 I/liblog (12227): 4
10-19 06:05:22.583 I/liblog (12227): 2
10-19 06:05:22.583 I/liblog (12227): 3
10-19 06:05:22.583 I/liblog (12227): 6
10-19 06:05:22.584 I/liblog (12227): 2
10-19 06:05:22.584 I/liblog (12227): 1
10-19 06:05:22.756 I/input_interaction( 1146): Interaction with: d6d95c8 com.android.soundrecorder/com.android.soundrecorder.SoundRecorder (server), edge-swipe (server), swipe-up (server), PointerEventDispatcher0 (server),
10-19 06:05:22.801 I/view_enqueue_input_event( 6285): [Motion - Cancel,com.android.soundrecorder/com.android.soundrecorder.SoundRecorder]
10-19 06:05:22.811 I/input_interaction( 1146): Interaction with: WindowManager (server), edge-swipe (server), swipe-up (server), PointerEventDispatcher0 (server),
10-19 06:05:23.284 I/dropbox_file_copy( 1146): [/data/tombstones/tombstone_03,98304,SYSTEM_TOMBSTONE]
10-19 06:05:23.293 I/commit_sys_config_file( 1146): [log-files,16779741]
10-19 06:05:23.333 I/commit_sys_config_file( 1146): [log-files,16779781]
10-19 06:05:24.522 I/input_interaction( 1146): Interaction with: d6d95c8 com.android.soundrecorder/com.android.soundrecorder.SoundRecorder (server), edge-swipe (server), swipe-up (server), PointerEventDispatcher0 (server),
10-19 06:05:24.552 I/view_enqueue_input_event( 6285): [Motion - Cancel,com.android.soundrecorder/com.android.soundrecorder.SoundRecorder]
10-19 06:05:24.560 I/input_interaction( 1146): Interaction with: WindowManager (server), edge-swipe (server), swipe-up (server), PointerEventDispatcher0 (server),
10-19 06:05:25.712 I/input_interaction( 1146): Interaction with: d6d95c8 com.android.soundrecorder/com.android.soundrecorder.SoundRecorder (server), edge-swipe (server), swipe-up (server), PointerEventDispatcher0 (server),
10-19 06:05:25.740 I/view_enqueue_input_event( 6285): [Motion - Cancel,com.android.soundrecorder/com.android.soundrecorder.SoundRecorder]
10-19 06:05:25.749 I/input_interaction( 1146): Interaction with: WindowManager (server), edge-swipe (server), swipe-up (server), PointerEventDispatcher0 (server),
10-19 06:05:26.945 I/input_interaction( 1146): Interaction with: d6d95c8 com.android.soundrecorder/com.android.soundrecorder.SoundRecorder (server), edge-swipe (server), swipe-up (server), PointerEventDispatcher0 (server),
10-19 06:05:26.976 I/view_enqueue_input_event( 6285): [Motion - Cancel,com.android.soundrecorder/com.android.soundrecorder.SoundRecorder]
10-19 06:05:26.981 I/input_interaction( 1146): Interaction with: WindowManager (server), edge-swipe (server), swipe-up (server), PointerEventDispatcher0 (server),
10-19 06:05:28.155 I/input_interaction( 1146): Interaction with: d6d95c8 com.android.soundrecorder/com.android.soundrecorder.SoundRecorder (server), edge-swipe (server), swipe-up (server), PointerEventDispatcher0 (server),
10-19 06:05:28.179 I/view_enqueue_input_event( 6285): [Motion - Cancel,com.android.soundrecorder/com.android.soundrecorder.SoundRecorder]
10-19 06:05:28.182 I/input_interaction( 1146): Interaction with: WindowManager (server), edge-swipe (server), swipe-up (server), PointerEventDispatcher0 (server),
10-19 06:05:28.262 I/dropbox_file_copy( 1146): [/data/tombstones/tombstone_04,98304,SYSTEM_TOMBSTONE]
10-19 06:05:28.277 I/commit_sys_config_file( 1146): [log-files,16784725]
10-19 06:05:28.309 I/commit_sys_config_file( 1146): [log-files,16784757]
10-19 06:05:28.978 I/input_interaction( 1146): Interaction with: d6d95c8 com.android.soundrecorder/com.android.soundrecorder.SoundRecorder (server), edge-swipe (server), swipe-up (server), PointerEventDispatcher0 (server),
10-19 06:05:28.999 I/view_enqueue_input_event( 6285): [Motion - Cancel,com.android.soundrecorder/com.android.soundrecorder.SoundRecorder]
10-19 06:05:29.000 I/input_interaction( 1146): Interaction with: WindowManager (server), edge-swipe (server), swipe-up (server), PointerEventDispatcher0 (server),
10-19 06:05:29.757 I/dvm_lock_sample( 1146): [system_server,1,android.ui,19,ActivityTaskManagerService.java,2224,java.util.List com.android.server.wm.ActivityTaskManagerService.getTasks(int, boolean, boolean),TaskPositioningController.java,217,void com.android.server.wm.TaskPositioningController.lambda$finishTaskPositioning$1$TaskPositioningController(),3]
10-19 06:05:30.757 I/input_interaction( 1146): Interaction with: d6d95c8 com.android.soundrecorder/com.android.soundrecorder.SoundRecorder (server), edge-swipe (server), swipe-up (server), PointerEventDispatcher0 (server),
10-19 06:05:30.784 I/view_enqueue_input_event( 6285): [Motion - Cancel,com.android.soundrecorder/com.android.soundrecorder.SoundRecorder]
10-19 06:05:30.785 I/input_interaction( 1146): Interaction with: WindowManager (server), edge-swipe (server), swipe-up (server), PointerEventDispatcher0 (server),
10-19 06:05:30.847 I/input_interaction( 1146): Interaction with: edge-swipe (server), swipe-up (server), PointerEventDispatcher0 (server),
10-19 06:05:31.016 I/input_interaction( 1146): Interaction with: a926fae com.android.launcher3/com.android.launcher3.uioverrides.QuickstepLauncher (server), edge-swipe (server), swipe-up (server), PointerEventDispatcher0 (server),
10-19 06:05:31.075 I/sysui_multi_action( 1146): [757,803,799,key_back_press,802,1]
10-19 06:05:31.078 I/input_interaction( 1146): Interaction with: d6d95c8 com.android.soundrecorder/com.android.soundrecorder.SoundRecorder (server), PointerEventDispatcher0 (server),
10-19 06:05:31.093 I/wm_task_moved( 1146): [164,0,0]
10-19 06:05:31.103 I/wm_focused_root_task( 1146): [0,0,1,164,moveTaskToBackLocked]
10-19 06:05:31.104 I/wm_on_top_resumed_lost_called( 6285): [241830614,com.android.soundrecorder.SoundRecorder,topStateChangedWhenResumed]
10-19 06:05:31.109 I/input_focus( 1146): [Focus request a926fae com.android.launcher3/com.android.launcher3.uioverrides.QuickstepLauncher,reason=UpdateInputWindows]
10-19 06:05:31.120 I/wm_task_created( 1146): [165,-1]
10-19 06:05:31.126 I/wm_task_moved( 1146): [165,1,9]
10-19 06:05:31.127 I/wm_task_to_front( 1146): [0,165]
10-19 06:05:31.127 I/wm_create_task( 1146): [0,165]
10-19 06:05:31.127 I/wm_create_activity( 1146): [0,27719153,165,com.tc.logclient/.LogClientActivity,android.intent.action.MAIN,NULL,NULL,278921216]
10-19 06:05:31.127 I/wm_task_moved( 1146): [165,1,9]
10-19 06:05:31.134 I/wm_pause_activity( 1146): [0,228154950,com.android.launcher3/.uioverrides.QuickstepLauncher,userLeaving=true,pauseBackTasks]
10-19 06:05:31.141 I/input_focus( 1146): [Focus leaving d6d95c8 com.android.soundrecorder/com.android.soundrecorder.SoundRecorder (server),reason=setFocusedWindow]
10-19 06:05:31.142 I/input_focus( 1146): [Focus entering a926fae com.android.launcher3/com.android.launcher3.uioverrides.QuickstepLauncher (server),reason=setFocusedWindow]
10-19 06:05:31.157 I/wm_on_top_resumed_gained_called( 2903): [228154950,com.android.launcher3.uioverrides.QuickstepLauncher,topStateChangedWhenResumed]
