10-19 06:01:21.837 I/notification_enqueue( 1146): [10088,2269,com.android.systemui,2048,NULL,0,Notification(channel=updateNotification shortcut=null contentView=null vibrate=null sound=null defaults=0x0 flags=0x0 color=0x00000000 vis=PRIVATE),1]
10-19 06:01:21.840 I/sysui_multi_action( 2269): [757,111,758,1]
10-19 06:01:21.840 I/sysui_multi_action( 2269): [757,126,758,1,759,126,927,0,928,1,1593,0]
10-19 06:01:21.840 I/sysui_multi_action( 2269): [757,113,758,1,759,113,927,1,928,1,1593,1]
10-19 06:01:21.840 I/sysui_multi_action( 2269): [757,0,758,1,759,0,927,2,928,0,1593,1]
10-19 06:01:21.840 I/sysui_multi_action( 2269): [757,0,758,1,759,0,927,3,928,0,1593,1]
10-19 06:01:21.840 I/sysui_multi_action( 2269): [757,491,758,1,759,491,927,4,928,0,1311,-1,1593,0]
10-19 06:01:21.841 I/sysui_multi_action( 2269): [757,0,758,1,759,0,927,5,928,0,1593,0]
10-19 06:01:21.841 I/sysui_multi_action( 2269): [757,0,758,1,759,0,927,6,1593,0]
10-19 06:01:21.841 I/sysui_multi_action( 2269): [757,114,758,1,759,114,927,7,928,0,1593,0]
10-19 06:01:21.841 I/sysui_multi_action( 2269): [757,111,758,1]
10-19 06:01:21.841 I/sysui_multi_action( 2269): [757,126,758,1,759,126,927,0,928,1,1593,1]
10-19 06:01:21.841 I/sysui_multi_action( 2269): [757,113,758,1,759,113,927,1,928,1,1593,1]
10-19 06:01:21.841 I/sysui_multi_action( 2269): [757,0,758,1,759,0,927,2,928,0,1593,1]
10-19 06:01:21.841 I/sysui_multi_action( 2269): [757,0,758,1,759,0,927,3,928,0,1593,1]
10-19 06:01:21.850 I/sysui_multi_action( 2269): [757,111,758,2]
10-19 06:01:21.850 I/notification_enqueue( 1146): [10088,2269,com.android.systemui,2048,NULL,0,Notification(channel=updateNotification shortcut=null contentView=null vibrate=null sound=null defaults=0x0 flags=0x0 color=0x00000000 vis=PRIVATE),1]
10-19 06:01:21.850 I/sysui_multi_action( 2269): [757,111,758,2]
10-19 06:01:21.853 I/sysui_multi_action( 2269): [757,111,758,1]
10-19 06:01:21.853 I/sysui_multi_action( 2269): [757,126,758,1,759,126,927,0,928,1,1593,0]
10-19 06:01:21.853 I/sysui_multi_action( 2269): [757,113,758,1,759,113,927,1,928,1,1593,0]
10-19 06:01:21.853 I/sysui_multi_action( 2269): [757,0,758,1,759,0,927,2,928,0,1593,0]
10-19 06:01:21.853 I/sysui_multi_action( 2269): [757,0,758,1,759,0,927,3,928,0,1593,0]
10-19 06:01:21.854 I/sysui_multi_action( 2269): [757,491,758,1,759,491,927,4,928,0,1311,-1,1593,0]
10-19 06:01:21.854 I/sysui_multi_action( 2269): [757,0,758,1,759,0,927,5,928,0,1593,0]
10-19 06:01:21.854 I/sysui_multi_action( 2269): [757,0,758,1,759,0,927,6,1593,0]
10-19 06:01:21.854 I/sysui_multi_action( 2269): [757,114,758,1,759,114,927,7,928,0,1593,0]
10-19 06:01:21.854 I/sysui_multi_action( 2269): [757,111,758,1]
10-19 06:01:21.854 I/sysui_multi_action( 2269): [757,126,758,1,759,126,927,0,928,1,1593,0]
10-19 06:01:21.854 I/sysui_multi_action( 2269): [757,113,758,1,759,113,927,1,928,1,1593,0]
10-19 06:01:21.854 I/sysui_multi_action( 2269): [757,0,758,1,759,0,927,2,928,0,1593,0]
10-19 06:01:21.854 I/sysui_multi_action( 2269): [757,0,758,1,759,0,927,3,928,0,1593,1]
10-19 06:01:21.865 I/sysui_multi_action( 2269): [757,111,758,2]
10-19 06:01:21.865 I/notification_enqueue( 1146): [10088,2269,com.android.systemui,2048,NULL,0,Notification(channel=updateNotification shortcut=null contentView=null vibrate=null sound=null defaults=0x0 flags=0x0 color=0x00000000 vis=PRIVATE),1]
10-19 06:01:21.866 I/sysui_multi_action( 2269): [757,111,758,2]
10-19 06:01:21.868 I/sysui_multi_action( 2269): [757,111,758,1]
10-19 06:01:21.869 I/sysui_multi_action( 2269): [757,126,758,1,759,126,927,0,928,1,1593,0]
10-19 06:01:21.869 I/sysui_multi_action( 2269): [757,113,758,1,759,113,927,1,928,1,1593,1]
10-19 06:01:21.869 I/sysui_multi_action( 2269): [757,0,758,1,759,0,927,2,928,0,1593,1]
10-19 06:01:21.869 I/sysui_multi_action( 2269): [757,0,758,1,759,0,927,3,928,0,1593,1]
10-19 06:01:21.869 I/sysui_multi_action( 2269): [757,491,758,1,759,491,927,4,928,0,1311,-1,1593,0]
10-19 06:01:21.870 I/sysui_multi_action( 2269): [757,0,758,1,759,0,927,5,928,0,1593,0]
10-19 06:01:21.870 I/sysui_multi_action( 2269): [757,0,758,1,759,0,927,6,1593,0]
10-19 06:01:21.870 I/sysui_multi_action( 2269): [757,114,758,1,759,114,927,7,928,0,1593,0]
10-19 06:01:21.870 I/sysui_multi_action( 2269): [757,111,758,1]
10-19 06:01:21.870 I/sysui_multi_action( 2269): [757,126,758,1,759,126,927,0,928,1,1593,1]
10-19 06:01:21.870 I/sysui_multi_action( 2269): [757,113,758,1,759,113,927,1,928,1,1593,1]
10-19 06:01:21.870 I/sysui_multi_action( 2269): [757,0,758,1,759,0,927,2,928,0,1593,1]
10-19 06:01:21.870 I/sysui_multi_action( 2269): [757,0,758,1,759,0,927,3,928,0,1593,1]
10-19 06:01:21.882 I/sysui_multi_action( 2269): [757,111,758,2]
10-19 06:01:21.882 I/notification_enqueue( 1146): [10088,2269,com.android.systemui,2048,NULL,0,Notification(channel=updateNotification shortcut=null contentView=null vibrate=null sound=null defaults=0x0 flags=0x0 color=0x00000000 vis=PRIVATE),1]
10-19 06:01:21.882 I/sysui_multi_action( 2269): [757,111,758,2]
10-19 06:01:21.885 I/sysui_multi_action( 2269): [757,111,758,1]
10-19 06:01:21.885 I/sysui_multi_action( 2269): [757,126,758,1,759,126,927,0,928,1,1593,0]
10-19 06:01:21.885 I/sysui_multi_action( 2269): [757,113,758,1,759,113,927,1,928,1,1593,1]
10-19 06:01:21.885 I/sysui_multi_action( 2269): [757,0,758,1,759,0,927,2,928,0,1593,1]
10-19 06:01:21.885 I/sysui_multi_action( 2269): [757,0,758,1,759,0,927,3,928,0,1593,1]
10-19 06:01:21.886 I/sysui_multi_action( 2269): [757,491,758,1,759,491,927,4,928,0,1311,-1,1593,0]
10-19 06:01:21.886 I/sysui_multi_action( 2269): [757,0,758,1,759,0,927,5,928,0,1593,0]
10-19 06:01:21.886 I/sysui_multi_action( 2269): [757,0,758,1,759,0,927,6,1593,0]
10-19 06:01:21.886 I/sysui_multi_action( 2269): [757,114,758,1,759,114,927,7,928,0,1593,0]
10-19 06:01:21.886 I/sysui_multi_action( 2269): [757,111,758,1]
10-19 06:01:21.886 I/sysui_multi_action( 2269): [757,126,758,1,759,126,927,0,928,1,1593,1]
10-19 06:01:21.886 I/sysui_multi_action( 2269): [757,113,758,1,759,113,927,1,928,1,1593,1]
10-19 06:01:21.887 I/sysui_multi_action( 2269): [757,0,758,1,759,0,927,2,928,0,1593,1]
10-19 06:01:21.887 I/sysui_multi_action( 2269): [757,0,758,1,759,0,927,3,928,0,1593,1]
10-19 06:01:22.164 I/sysui_multi_action( 1146): [757,128,758,1,793,16526981,794,0,795,16526981,796,26,798,0,806,android,857,DEVELOPER_IMPORTANT,858,4,947,0,1395,5,1500,16526981,1688,1]
10-19 06:01:22.164 I/sysui_multi_action( 1146): [757,804,799,note_freshness,801,16526981,802,1]
10-19 06:01:22.164 I/notification_visibility( 1146): [-1|android|26|null|1000,1,16526981,16526981,0,0]
10-19 06:01:22.165 I/sysui_multi_action( 1146): [757,128,758,1,793,5543914,794,0,795,1054346,796,17303299,797,com.android.wifi,798,2,806,android,857,NETWORK_AVAILABLE,858,2,947,0,1395,5,1500,1054143,1688,1]
10-19 06:01:22.165 I/sysui_multi_action( 1146): [757,1501,758,1,793,5543914,794,0,795,1054346,796,17303299,797,com.android.wifi,806,android,857,NETWORK_AVAILABLE,858,2,947,0,1500,0,1688,1]
10-19 06:01:22.165 I/sysui_multi_action( 1146): [757,804,799,note_interruptive,801,0,802,1]
10-19 06:01:22.166 I/sysui_multi_action( 1146): [757,804,799,note_freshness,801,1054346,802,1]
10-19 06:01:22.166 I/notification_visibility( 1146): [0|android|17303299|com.android.wifi|1000,1,5543914,1054346,0,2]
10-19 06:01:22.166 I/sysui_multi_action( 1146): [757,128,758,1,793,2676339,794,0,795,2676339,796,4273,798,1,806,com.android.systemui,857,screen_record,858,3,947,0,1395,5,1500,2676137,1688,1,1745,680407814]
10-19 06:01:22.167 I/sysui_multi_action( 1146): [757,804,799,note_freshness,801,2676339,802,1]
10-19 06:01:22.167 I/notification_visibility( 1146): [0|com.android.systemui|4273|null|10088,1,2676339,2676339,0,1]
10-19 06:01:22.171 I/sysui_multi_action( 1146): [757,128,758,1,793,16526893,794,0,795,16526893,796,55,798,3,806,android,857,DEVELOPER,858,2,947,0,1395,5,1500,16526893,1688,1]
10-19 06:01:22.171 I/sysui_multi_action( 1146): [757,804,799,note_freshness,801,16526893,802,1]
10-19 06:01:22.171 I/notification_visibility( 1146): [-1|android|55|null|1000,1,16526893,16526893,0,3]
10-19 06:01:22.181 I/sysui_multi_action( 1146): [757,128,758,1,793,16528148,794,0,795,16528148,796,32,798,4,806,android,857,USB,858,1,947,0,1395,5,1500,16527412,1688,1]
10-19 06:01:22.235 I/sysui_multi_action( 1146): [757,804,799,note_freshness,801,16528148,802,1]
10-19 06:01:22.235 I/notification_visibility( 1146): [-1|android|32|null|1000,1,16528148,16528148,0,4]
10-19 06:01:23.045 I/input_interaction( 1146): Interaction with: f3a6fce NotificationShade (server), edge-swipe (server), swipe-up (server), PointerEventDispatcher0 (server),
10-19 06:01:24.438 I/view_enqueue_input_event( 2269): [Motion - Cancel,NotificationShade]
10-19 06:01:24.449 I/input_interaction( 1146): Interaction with: edge-swipe (server), swipe-up (server), PointerEventDispatcher0 (server),
10-19 06:01:24.730 I/wm_task_moved( 1146): [1,1,8]
10-19 06:01:24.731 I/wm_set_resumed_activity( 1146): [0,com.android.launcher3/.uioverrides.QuickstepLauncher,positionChildAt]
10-19 06:01:24.731 I/wm_task_moved( 1146): [10,1,2147483647]
10-19 06:01:24.731 I/wm_task_to_front( 1146): [0,10]
10-19 06:01:24.731 I/wm_focused_root_task( 1146): [0,0,1,161,bringingFoundTaskToFront]
10-19 06:01:24.731 I/wm_set_resumed_activity( 1146): [0,com.android.launcher3/.uioverrides.QuickstepLauncher,bringingFoundTaskToFront]
10-19 06:01:24.732 I/wm_on_top_resumed_lost_called( 6285): [5467501,com.android.soundrecorder.SoundRecorder,topStateChangedWhenResumed]
10-19 06:01:24.733 I/wm_new_intent( 1146): [0,228154950,10,com.android.launcher3/.uioverrides.QuickstepLauncher,android.intent.action.MAIN,NULL,NULL,268435712]
10-19 06:01:24.733 I/wm_task_moved( 1146): [1,1,8]
10-19 06:01:24.733 I/wm_set_resumed_activity( 1146): [0,com.android.launcher3/.uioverrides.QuickstepLauncher,positionChildAt]
10-19 06:01:24.746 I/wm_on_paused_called( 2903): [228154950,com.android.launcher3.uioverrides.QuickstepLauncher,performPause]
10-19 06:01:24.748 I/wm_on_resume_called( 2903): [228154950,com.android.launcher3.uioverrides.QuickstepLauncher,LIFECYCLER_RESUME_ACTIVITY]
10-19 06:01:24.750 I/wm_on_top_resumed_gained_called( 2903): [228154950,com.android.launcher3.uioverrides.QuickstepLauncher,topStateChangedWhenResumed]
10-19 06:01:24.776 I/input_focus( 1146): [Focus request a926fae com.android.launcher3/com.android.launcher3.uioverrides.QuickstepLauncher,reason=UpdateInputWindows]
10-19 06:01:24.794 I/input_focus( 1146): [Focus leaving f3a6fce NotificationShade (server),reason=NOT_FOCUSABLE]
10-19 06:01:24.795 I/input_focus( 1146): [Focus entering a926fae com.android.launcher3/com.android.launcher3.uioverrides.QuickstepLauncher (server),reason=setFocusedWindow]
10-19 06:01:25.008 I/sysui_multi_action( 2269): [757,111,758,2]
10-19 06:01:25.009 I/sysui_multi_action( 2269): [757,111,758,2]
10-19 06:01:25.012 I/notification_enqueue( 1146): [10088,2269,com.android.systemui,2048,NULL,0,Notification(channel=updateNotification shortcut=null contentView=null vibrate=null sound=null defaults=0x0 flags=0x0 color=0x00000000 vis=PRIVATE),1]
10-19 06:01:25.015 I/sysui_multi_action( 2269): [757,111,758,1]
10-19 06:01:25.016 I/sysui_multi_action( 2269): [757,126,758,1,759,126,927,0,928,1,1593,0]
10-19 06:01:25.016 I/sysui_multi_action( 2269): [757,113,758,1,759,113,927,1,928,1,1593,0]
10-19 06:01:25.017 I/sysui_multi_action( 2269): [757,0,758,1,759,0,927,2,928,0,1593,0]
10-19 06:01:25.017 I/sysui_multi_action( 2269): [757,0,758,1,759,0,927,3,928,0,1593,0]
10-19 06:01:25.018 I/sysui_multi_action( 2269): [757,491,758,1,759,491,927,4,928,0,1311,-1,1593,0]
10-19 06:01:25.019 I/sysui_multi_action( 2269): [757,0,758,1,759,0,927,5,928,0,1593,0]
10-19 06:01:25.019 I/sysui_multi_action( 2269): [757,0,758,1,759,0,927,6,1593,0]
10-19 06:01:25.019 I/sysui_multi_action( 2269): [757,114,758,1,759,114,927,7,928,0,1593,0]
10-19 06:01:25.020 I/sysui_multi_action( 2269): [757,111,758,1]
10-19 06:01:25.020 I/sysui_multi_action( 2269): [757,126,758,1,759,126,927,0,928,1,1593,1]
10-19 06:01:25.020 I/sysui_multi_action( 2269): [757,113,758,1,759,113,927,1,928,1,1593,1]
10-19 06:01:25.021 I/sysui_multi_action( 2269): [757,0,758,1,759,0,927,2,928,0,1593,1]
10-19 06:01:25.021 I/sysui_multi_action( 2269): [757,0,758,1,759,0,927,3,928,0,1593,1]
10-19 06:01:25.036 I/notification_enqueue( 1146): [10088,2269,com.android.systemui,2048,NULL,0,Notification(channel=updateNotification shortcut=null contentView=null vibrate=null sound=null defaults=0x0 flags=0x0 color=0x00000000 vis=PRIVATE),1]
10-19 06:01:25.036 I/sysui_multi_action( 2269): [757,111,758,2]
10-19 06:01:25.036 I/sysui_multi_action( 2269): [757,111,758,2]
10-19 06:01:25.042 I/sysui_multi_action( 2269): [757,111,758,1]
10-19 06:01:25.043 I/sysui_multi_action( 2269): [757,126,758,1,759,126,927,0,928,1,1593,0]
10-19 06:01:25.043 I/sysui_multi_action( 2269): [757,113,758,1,759,113,927,1,928,1,1593,0]
10-19 06:01:25.043 I/sysui_multi_action( 2269): [757,0,758,1,759,0,927,2,928,0,1593,0]
10-19 06:01:25.044 I/sysui_multi_action( 2269): [757,0,758,1,759,0,927,3,928,0,1593,0]
10-19 06:01:25.045 I/sysui_multi_action( 2269): [757,491,758,1,759,491,927,4,928,0,1311,-1,1593,0]
10-19 06:01:25.045 I/sysui_multi_action( 2269): [757,0,758,1,759,0,927,5,928,0,1593,0]
10-19 06:01:25.045 I/sysui_multi_action( 2269): [757,0,758,1,759,0,927,6,1593,0]
10-19 06:01:25.046 I/sysui_multi_action( 2269): [757,114,758,1,759,114,927,7,928,0,1593,0]
10-19 06:01:25.046 I/sysui_multi_action( 2269): [757,111,758,1]
10-19 06:01:25.046 I/sysui_multi_action( 2269): [757,126,758,1,759,126,927,0,928,1,1593,1]
10-19 06:01:25.047 I/sysui_multi_action( 2269): [757,113,758,1,759,113,927,1,928,1,1593,1]
10-19 06:01:25.047 I/sysui_multi_action( 2269): [757,0,758,1,759,0,927,2,928,0,1593,1]
10-19 06:01:25.047 I/sysui_multi_action( 2269): [757,0,758,1,759,0,927,3,928,0,1593,1]
10-19 06:01:25.065 I/sysui_multi_action( 2269): [757,111,758,2]
10-19 06:01:25.065 I/sysui_multi_action( 2269): [757,111,758,2]
10-19 06:01:25.065 I/notification_enqueue( 1146): [10088,2269,com.android.systemui,2048,NULL,0,Notification(channel=updateNotification shortcut=null contentView=null vibrate=null sound=null defaults=0x0 flags=0x0 color=0x00000000 vis=PRIVATE),1]
10-19 06:01:25.072 I/sysui_multi_action( 2269): [757,111,758,1]
10-19 06:01:25.073 I/sysui_multi_action( 2269): [757,126,758,1,759,126,927,0,928,1,1593,0]
10-19 06:01:25.073 I/sysui_multi_action( 2269): [757,113,758,1,759,113,927,1,928,1,1593,0]
10-19 06:01:25.073 I/sysui_multi_action( 2269): [757,0,758,1,759,0,927,2,928,0,1593,0]
10-19 06:01:25.074 I/sysui_multi_action( 2269): [757,0,758,1,759,0,927,3,928,0,1593,0]
10-19 06:01:25.076 I/sysui_multi_action( 2269): [757,491,758,1,759,491,927,4,928,0,1311,-1,1593,0]
10-19 06:01:25.076 I/sysui_multi_action( 2269): [757,0,758,1,759,0,927,5,928,0,1593,0]
10-19 06:01:25.076 I/sysui_multi_action( 2269): [757,0,758,1,759,0,927,6,1593,0]
10-19 06:01:25.077 I/sysui_multi_action( 2269): [757,114,758,1,759,114,927,7,928,0,1593,0]
10-19 06:01:25.077 I/sysui_multi_action( 2269): [757,111,758,1]
10-19 06:01:25.077 I/sysui_multi_action( 2269): [757,126,758,1,759,126,927,0,928,1,1593,0]
10-19 06:01:25.077 I/sysui_multi_action( 2269): [757,113,758,1,759,113,927,1,928,1,1593,0]
10-19 06:01:25.078 I/sysui_multi_action( 2269): [757,0,758,1,759,0,927,2,928,0,1593,0]
10-19 06:01:25.078 I/sysui_multi_action( 2269): [757,0,758,1,759,0,927,3,928,0,1593,0]
10-19 06:01:25.100 I/sysui_multi_action( 2269): [757,111,758,2]
10-19 06:01:25.100 I/notification_enqueue( 1146): [10088,2269,com.android.systemui,2048,NULL,0,Notification(channel=updateNotification shortcut=null contentView=null vibrate=null sound=null defaults=0x0 flags=0x0 color=0x00000000 vis=PRIVATE),1]
10-19 06:01:25.100 I/sysui_multi_action( 2269): [757,111,758,2]
10-19 06:01:25.107 I/sysui_multi_action( 2269): [757,111,758,1]
10-19 06:01:25.108 I/sysui_multi_action( 2269): [757,126,758,1,759,126,927,0,928,1,1593,0]
10-19 06:01:25.108 I/sysui_multi_action( 2269): [757,113,758,1,759,113,927,1,928,1,1593,0]
10-19 06:01:25.108 I/sysui_multi_action( 2269): [757,0,758,1,759,0,927,2,928,0,1593,0]
10-19 06:01:25.111 I/sysui_multi_action( 2269): [757,0,758,1,759,0,927,3,928,0,1593,0]
10-19 06:01:25.112 I/sysui_multi_action( 2269): [757,491,758,1,759,491,927,4,928,0,1311,-1,1593,0]
10-19 06:01:25.113 I/sysui_multi_action( 2269): [757,0,758,1,759,0,927,5,928,0,1593,0]
10-19 06:01:25.113 I/sysui_multi_action( 2269): [757,0,758,1,759,0,927,6,1593,0]
10-19 06:01:25.113 I/sysui_multi_action( 2269): [757,114,758,1,759,114,927,7,928,0,1593,0]
10-19 06:01:25.114 I/sysui_multi_action( 2269): [757,111,758,1]
10-19 06:01:25.114 I/sysui_multi_action( 2269): [757,126,758,1,759,126,927,0,928,1,1593,0]
10-19 06:01:25.114 I/sysui_multi_action( 2269): [757,113,758,1,759,113,927,1,928,1,1593,0]
10-19 06:01:25.115 I/sysui_multi_action( 2269): [757,0,758,1,759,0,927,2,928,0,1593,0]
10-19 06:01:25.115 I/sysui_multi_action( 2269): [757,0,758,1,759,0,927,3,928,0,1593,0]
10-19 06:01:25.133 I/sysui_multi_action( 2269): [757,111,758,2]
10-19 06:01:25.133 I/sysui_multi_action( 2269): [757,111,758,2]
10-19 06:01:25.133 I/notification_enqueue( 1146): [10088,2269,com.android.systemui,2048,NULL,0,Notification(channel=updateNotification shortcut=null contentView=null vibrate=null sound=null defaults=0x0 flags=0x0 color=0x00000000 vis=PRIVATE),1]
10-19 06:01:25.139 I/sysui_multi_action( 2269): [757,111,758,1]
10-19 06:01:25.140 I/sysui_multi_action( 2269): [757,126,758,1,759,126,927,0,928,1,1593,0]
10-19 06:01:25.140 I/sysui_multi_action( 2269): [757,113,758,1,759,113,927,1,928,1,1593,0]
10-19 06:01:25.140 I/sysui_multi_action( 2269): [757,0,758,1,759,0,927,2,928,0,1593,0]
10-19 06:01:25.140 I/sysui_multi_action( 2269): [757,0,758,1,759,0,927,3,928,0,1593,0]
10-19 06:01:25.141 I/sysui_multi_action( 2269): [757,491,758,1,759,491,927,4,928,0,1311,-1,1593,0]
10-19 06:01:25.142 I/sysui_multi_action( 2269): [757,0,758,1,759,0,927,5,928,0,1593,0]
10-19 06:01:25.142 I/sysui_multi_action( 2269): [757,0,758,1,759,0,927,6,1593,0]
10-19 06:01:25.144 I/sysui_multi_action( 2269): [757,114,758,1,759,114,927,7,928,0,1593,0]
10-19 06:01:25.144 I/sysui_multi_action( 2269): [757,111,758,1]
10-19 06:01:25.147 I/sysui_multi_action( 2269): [757,126,758,1,759,126,927,0,928,1,1593,0]
10-19 06:01:25.147 I/sysui_multi_action( 2269): [757,113,758,1,759,113,927,1,928,1,1593,0]
10-19 06:01:25.147 I/sysui_multi_action( 2269): [757,0,758,1,759,0,927,2,928,0,1593,0]
10-19 06:01:25.148 I/sysui_multi_action( 2269): [757,0,758,1,759,0,927,3,928,0,1593,0]
10-19 06:01:25.170 I/sysui_multi_action( 2269): [757,111,758,2]
10-19 06:01:25.170 I/sysui_multi_action( 2269): [757,111,758,2]
10-19 06:01:25.171 I/notification_enqueue( 1146): [10088,2269,com.android.systemui,2048,NULL,0,Notification(channel=updateNotification shortcut=null contentView=null vibrate=null sound=null defaults=0x0 flags=0x0 color=0x00000000 vis=PRIVATE),1]
10-19 06:01:25.178 I/sysui_multi_action( 2269): [757,111,758,1]
10-19 06:01:25.178 I/sysui_multi_action( 2269): [757,126,758,1,759,126,927,0,928,1,1593,1]
10-19 06:01:25.179 I/sysui_multi_action( 2269): [757,113,758,1,759,113,927,1,928,1,1593,1]
10-19 06:01:25.179 I/sysui_multi_action( 2269): [757,0,758,1,759,0,927,2,928,0,1593,1]
10-19 06:01:25.181 I/sysui_multi_action( 2269): [757,0,758,1,759,0,927,3,928,0,1593,1]
10-19 06:01:25.182 I/sysui_multi_action( 2269): [757,491,758,1,759,491,927,4,928,0,1311,-1,1593,1]
10-19 06:01:25.182 I/sysui_multi_action( 2269): [757,0,758,1,759,0,927,5,928,0,1593,1]
10-19 06:01:25.182 I/sysui_multi_action( 2269): [757,0,758,1,759,0,927,6,1593,1]
10-19 06:01:25.183 I/sysui_multi_action( 2269): [757,114,758,1,759,114,927,7,928,0,1593,1]
10-19 06:01:25.183 I/sysui_multi_action( 2269): [757,111,758,1]
10-19 06:01:25.184 I/sysui_multi_action( 2269): [757,126,758,1,759,126,927,0,928,1,1593,1]
10-19 06:01:25.184 I/sysui_multi_action( 2269): [757,113,758,1,759,113,927,1,928,1,1593,1]
10-19 06:01:25.184 I/sysui_multi_action( 2269): [757,0,758,1,759,0,927,2,928,0,1593,1]
10-19 06:01:25.184 I/sysui_multi_action( 2269): [757,0,758,1,759,0,927,3,928,0,1593,1]
10-19 06:01:25.200 I/sysui_multi_action( 2269): [757,111,758,2]
10-19 06:01:25.201 I/sysui_multi_action( 2269): [757,111,758,2]
10-19 06:01:25.201 I/notification_enqueue( 1146): [10088,2269,com.android.systemui,2048,NULL,0,Notification(channel=updateNotification shortcut=null contentView=null vibrate=null sound=null defaults=0x0 flags=0x0 color=0x00000000 vis=PRIVATE),1]
10-19 06:01:25.208 I/sysui_multi_action( 2269): [757,111,758,1]
10-19 06:01:25.209 I/sysui_multi_action( 2269): [757,126,758,1,759,126,927,0,928,1,1593,1]
10-19 06:01:25.210 I/sysui_multi_action( 2269): [757,113,758,1,759,113,927,1,928,1,1593,1]
10-19 06:01:25.211 I/sysui_multi_action( 2269): [757,0,758,1,759,0,927,2,928,0,1593,1]
10-19 06:01:25.211 I/sysui_multi_action( 2269): [757,0,758,1,759,0,927,3,928,0,1593,1]
10-19 06:01:25.212 I/sysui_multi_action( 2269): [757,491,758,1,759,491,927,4,928,0,1311,-1,1593,1]
10-19 06:01:25.212 I/sysui_multi_action( 2269): [757,0,758,1,759,0,927,5,928,0,1593,1]
10-19 06:01:25.213 I/sysui_multi_action( 2269): [757,0,758,1,759,0,927,6,1593,1]
10-19 06:01:25.213 I/sysui_multi_action( 2269): [757,114,758,1,759,114,927,7,928,0,1593,1]
10-19 06:01:25.213 I/sysui_multi_action( 2269): [757,111,758,1]
10-19 06:01:25.214 I/sysui_multi_action( 2269): [757,126,758,1,759,126,927,0,928,1,1593,1]
10-19 06:01:25.214 I/sysui_multi_action( 2269): [757,113,758,1,759,113,927,1,928,1,1593,1]
10-19 06:01:25.214 I/sysui_multi_action( 2269): [757,0,758,1,759,0,927,2,928,0,1593,1]
10-19 06:01:25.214 I/sysui_multi_action( 2269): [757,0,758,1,759,0,927,3,928,0,1593,1]
10-19 06:01:25.236 I/notification_enqueue( 1146): [10088,2269,com.android.systemui,2048,NULL,0,Notification(channel=updateNotification shortcut=null contentView=null vibrate=null sound=null defaults=0x0 flags=0x0 color=0x00000000 vis=PRIVATE),1]
10-19 06:01:25.236 I/sysui_multi_action( 2269): [757,111,758,2]
10-19 06:01:25.236 I/sysui_multi_action( 2269): [757,111,758,2]
10-19 06:01:25.247 I/sysui_multi_action( 2269): [757,111,758,1]
10-19 06:01:25.247 I/sysui_multi_action( 2269): [757,126,758,1,759,126,927,0,928,1,1593,1]
10-19 06:01:25.248 I/sysui_multi_action( 2269): [757,113,758,1,759,113,927,1,928,1,1593,1]
10-19 06:01:25.248 I/sysui_multi_action( 2269): [757,0,758,1,759,0,927,2,928,0,1593,1]
10-19 06:01:25.248 I/sysui_multi_action( 2269): [757,0,758,1,759,0,927,3,928,0,1593,1]
10-19 06:01:25.249 I/sysui_multi_action( 2269): [757,491,758,1,759,491,927,4,928,0,1311,-1,1593,1]
10-19 06:01:25.249 I/sysui_multi_action( 2269): [757,0,758,1,759,0,927,5,928,0,1593,1]
10-19 06:01:25.249 I/sysui_multi_action( 2269): [757,0,758,1,759,0,927,6,1593,1]
10-19 06:01:25.249 I/sysui_multi_action( 2269): [757,114,758,1,759,114,927,7,928,0,1593,1]
10-19 06:01:25.249 I/sysui_multi_action( 2269): [757,111,758,1]
10-19 06:01:25.249 I/sysui_multi_action( 2269): [757,126,758,1,759,126,927,0,928,1,1593,1]
10-19 06:01:25.249 I/sysui_multi_action( 2269): [757,113,758,1,759,113,927,1,928,1,1593,1]
10-19 06:01:25.250 I/sysui_multi_action( 2269): [757,0,758,1,759,0,927,2,928,0,1593,1]
10-19 06:01:25.250 I/sysui_multi_action( 2269): [757,0,758,1,759,0,927,3,928,0,1593,1]
10-19 06:01:25.276 I/notification_enqueue( 1146): [10088,2269,com.android.systemui,2048,NULL,0,Notification(channel=updateNotification shortcut=null contentView=null vibrate=null sound=null defaults=0x0 flags=0x0 color=0x00000000 vis=PRIVATE),1]
10-19 06:01:25.276 I/sysui_multi_action( 2269): [757,111,758,2]
10-19 06:01:25.277 I/sysui_multi_action( 2269): [757,111,758,2]
10-19 06:01:25.299 I/sysui_multi_action( 2269): [757,111,758,1]
10-19 06:01:25.299 I/sysui_multi_action( 2269): [757,126,758,1,759,126,927,0,928,1,1593,0]
10-19 06:01:25.300 I/sysui_multi_action( 2269): [757,113,758,1,759,113,927,1,928,1,1593,0]
10-19 06:01:25.300 I/sysui_multi_action( 2269): [757,0,758,1,759,0,927,2,928,0,1593,0]
10-19 06:01:25.300 I/sysui_multi_action( 2269): [757,0,758,1,759,0,927,3,928,0,1593,0]
10-19 06:01:25.301 I/sysui_multi_action( 2269): [757,491,758,1,759,491,927,4,928,0,1311,-1,1593,0]
10-19 06:01:25.302 I/sysui_multi_action( 2269): [757,0,758,1,759,0,927,5,928,0,1593,0]
10-19 06:01:25.302 I/sysui_multi_action( 2269): [757,0,758,1,759,0,927,6,1593,0]
10-19 06:01:25.302 I/sysui_multi_action( 2269): [757,114,758,1,759,114,927,7,928,0,1593,0]
10-19 06:01:25.302 I/sysui_multi_action( 2269): [757,111,758,1]
10-19 06:01:25.302 I/sysui_multi_action( 2269): [757,126,758,1,759,126,927,0,928,1,1593,1]
10-19 06:01:25.302 I/sysui_multi_action( 2269): [757,113,758,1,759,113,927,1,928,1,1593,1]
10-19 06:01:25.303 I/sysui_multi_action( 2269): [757,0,758,1,759,0,927,2,928,0,1593,1]
10-19 06:01:25.303 I/sysui_multi_action( 2269): [757,0,758,1,759,0,927,3,928,0,1593,1]
10-19 06:01:25.370 I/notification_enqueue( 1146): [10088,2269,com.android.systemui,2048,NULL,0,Notification(channel=updateNotification shortcut=null contentView=null vibrate=null sound=null defaults=0x0 flags=0x0 color=0x00000000 vis=PRIVATE),1]
10-19 06:01:25.371 I/sysui_multi_action( 2269): [757,111,758,2]
10-19 06:01:25.371 I/sysui_multi_action( 2269): [757,111,758,2]
10-19 06:01:25.382 I/sysui_multi_action( 1146): [757,128,758,2,793,16530200,794,3219,795,16530200,796,26,798,0,806,android,857,DEVELOPER_IMPORTANT,858,4,947,0,1395,5,1500,16530200,1688,1]
10-19 06:01:25.382 I/notification_visibility( 1146): [-1|android|26|null|1000,0,16530200,16530200,0,0]
10-19 06:01:25.383 I/sysui_multi_action( 1146): [757,128,758,2,793,5547132,794,3218,795,1057564,796,17303299,797,com.android.wifi,798,2,806,android,857,NETWORK_AVAILABLE,858,2,947,0,1395,5,1500,3218,1688,1]
10-19 06:01:25.383 I/notification_visibility( 1146): [0|android|17303299|com.android.wifi|1000,0,5547132,1057564,0,2]
10-19 06:01:25.383 I/sysui_multi_action( 1146): [757,128,758,2,793,2679556,794,3217,795,2679556,796,4273,798,1,806,com.android.systemui,857,screen_record,858,3,947,0,1395,5,1500,2679354,1688,1,1745,680407814]
10-19 06:01:25.383 I/notification_visibility( 1146): [0|com.android.systemui|4273|null|10088,0,2679556,2679556,0,1]
10-19 06:01:25.384 I/sysui_multi_action( 1146): [757,128,758,2,793,16530106,794,3213,795,16530106,796,55,798,3,806,android,857,DEVELOPER,858,2,947,0,1395,5,1500,16530106,1688,1]
10-19 06:01:25.384 I/notification_visibility( 1146): [-1|android|55|null|1000,0,16530106,16530106,0,3]
10-19 06:01:25.384 I/sysui_multi_action( 1146): [757,128,758,2,793,16531360,794,3212,795,16531360,796,32,798,4,806,android,857,USB,858,1,947,0,1395,5,1500,16530624,1688,1]
10-19 06:01:25.384 I/notification_visibility( 1146): [-1|android|32|null|1000,0,16531360,16531360,0,4]
10-19 06:01:25.385 I/sysui_multi_action( 1146): [757,127,758,2]
10-19 06:01:25.385 I/notification_panel_hidden( 1146):
10-19 06:01:25.415 I/liblog (11694): 68
10-19 06:01:25.415 I/liblog (11694): 1
10-19 06:01:25.415 I/liblog (11694): 1
10-19 06:01:25.416 I/liblog (11694): 1
10-19 06:01:25.416 I/liblog (11694): 1
10-19 06:01:25.416 I/liblog (11694): 1
10-19 06:01:25.416 I/liblog (11694): 1
10-19 06:01:25.416 I/liblog (11694): 1
10-19 06:01:25.416 I/liblog (11694): 1
10-19 06:01:25.416 I/liblog (11694): 2
10-19 06:01:25.416 I/liblog (11694): 1
10-19 06:01:25.416 I/liblog (11694): 2
10-19 06:01:25.416 I/liblog (11694): 1
10-19 06:01:25.416 I/liblog (11694): 2
10-19 06:01:25.416 I/liblog (11694): 1
10-19 06:01:25.416 I/liblog (11694): 1
10-19 06:01:25.416 I/liblog (11694): 1
10-19 06:01:25.416 I/liblog (11694): 1
10-19 06:01:25.416 I/liblog (11694): 1
10-19 06:01:25.416 I/liblog (11694): 1
10-19 06:01:25.416 I/liblog (11694): 1
10-19 06:01:25.416 I/liblog (11694): 1
10-19 06:01:25.416 I/liblog (11694): 1
10-19 06:01:25.417 I/liblog (11694): 1
10-19 06:01:25.417 I/liblog (11694): 1
10-19 06:01:25.417 I/liblog (11694): 1
10-19 06:01:25.417 I/liblog (11694): 1
10-19 06:01:25.417 I/liblog (11694): 1
10-19 06:01:25.417 I/liblog (11694): 1
10-19 06:01:25.417 I/liblog (11694): 1
10-19 06:01:25.417 I/liblog (11694): 1
10-19 06:01:25.417 I/liblog (11694): 1
10-19 06:01:25.417 I/liblog (11694): 1
10-19 06:01:25.417 I/liblog (11694): 1
10-19 06:01:25.417 I/liblog (11694): 1
10-19 06:01:25.417 I/liblog (11694): 1
10-19 06:01:25.417 I/liblog (11694): 1
10-19 06:01:25.417 I/liblog (11694): 1
10-19 06:01:25.418 I/liblog (11694): 1
10-19 06:01:25.418 I/liblog (11694): 1
10-19 06:01:25.418 I/liblog (11694): 1
10-19 06:01:25.418 I/liblog (11694): 1
10-19 06:01:25.418 I/liblog (11694): 1
10-19 06:01:25.431 I/sysui_multi_action( 2269): [757,111,758,1]
10-19 06:01:25.432 I/sysui_multi_action( 2269): [757,126,758,1,759,126,927,0,928,1,1593,0]
10-19 06:01:25.432 I/sysui_multi_action( 2269): [757,113,758,1,759,113,927,1,928,1,1593,0]
10-19 06:01:25.433 I/sysui_multi_action( 2269): [757,0,758,1,759,0,927,2,928,0,1593,0]
10-19 06:01:25.433 I/sysui_multi_action( 2269): [757,0,758,1,759,0,927,3,928,0,1593,0]
10-19 06:01:25.436 I/sysui_multi_action( 2269): [757,491,758,1,759,491,927,4,928,0,1311,-1,1593,0]
10-19 06:01:25.436 I/sysui_multi_action( 2269): [757,0,758,1,759,0,927,5,928,0,1593,0]
10-19 06:01:25.436 I/sysui_multi_action( 2269): [757,0,758,1,759,0,927,6,1593,0]
10-19 06:01:25.436 I/sysui_multi_action( 2269): [757,114,758,1,759,114,927,7,928,0,1593,0]
10-19 06:01:25.437 I/sysui_multi_action( 2269): [757,111,758,1]
10-19 06:01:25.437 I/sysui_multi_action( 2269): [757,126,758,1,759,126,927,0,928,1,1593,0]
10-19 06:01:25.437 I/sysui_multi_action( 2269): [757,113,758,1,759,113,927,1,928,1,1593,0]
10-19 06:01:25.437 I/sysui_multi_action( 2269): [757,0,758,1,759,0,927,2,928,0,1593,0]
10-19 06:01:25.437 I/sysui_multi_action( 2269): [757,0,758,1,759,0,927,3,928,0,1593,0]
10-19 06:01:26.044 I/dropbox_file_copy( 1146): [/data/tombstones/tombstone_20,98304,SYSTEM_TOMBSTONE]
10-19 06:01:26.055 I/commit_sys_config_file( 1146): [log-files,16542503]
10-19 06:01:26.077 I/commit_sys_config_file( 1146): [log-files,16542526]
10-19 06:01:26.235 I/input_interaction( 1146): Interaction with: 19a417f com.android.soundrecorder/com.android.soundrecorder.SoundRecorder (server), edge-swipe (server), swipe-up (server), PointerEventDispatcher0 (server),
10-19 06:01:26.237 I/wm_task_moved( 1146): [161,1,8]
10-19 06:01:26.238 I/wm_task_to_front( 1146): [0,161]
10-19 06:01:26.246 I/wm_set_resumed_activity( 1146): [0,com.android.soundrecorder/.SoundRecorder,positionChildAt]
10-19 06:01:26.247 I/wm_focused_root_task( 1146): [0,0,161,1,setFocusedTask]
10-19 06:01:26.247 I/wm_set_resumed_activity( 1146): [0,com.android.soundrecorder/.SoundRecorder,setFocusedTask]
10-19 06:01:26.249 I/wm_on_top_resumed_lost_called( 2903): [228154950,com.android.launcher3.uioverrides.QuickstepLauncher,topStateChangedWhenResumed]
10-19 06:01:26.266 I/input_focus( 1146): [Focus request 19a417f com.android.soundrecorder/com.android.soundrecorder.SoundRecorder,reason=UpdateInputWindows]
10-19 06:01:26.272 I/view_enqueue_input_event( 6285): [Motion - Cancel,com.android.soundrecorder/com.android.soundrecorder.SoundRecorder]
10-19 06:01:26.273 I/wm_on_top_resumed_gained_called( 6285): [5467501,com.android.soundrecorder.SoundRecorder,topStateChangedWhenResumed]
10-19 06:01:26.279 I/input_focus( 1146): [Focus leaving a926fae com.android.launcher3/com.android.launcher3.uioverrides.QuickstepLauncher (server),reason=setFocusedWindow]
10-19 06:01:26.279 I/input_focus( 1146): [Focus entering 19a417f com.android.soundrecorder/com.android.soundrecorder.SoundRecorder (server),reason=setFocusedWindow]
10-19 06:01:26.281 I/input_interaction( 1146): Interaction with: WindowManager (server), edge-swipe (server), swipe-up (server), PointerEventDispatcher0 (server),
10-19 06:01:26.949 I/input_interaction( 1146): Interaction with: 19a417f com.android.soundrecorder/com.android.soundrecorder.SoundRecorder (server), edge-swipe (server), swipe-up (server), PointerEventDispatcher0 (server),
10-19 06:01:26.968 I/view_enqueue_input_event( 6285): [Motion - Cancel,com.android.soundrecorder/com.android.soundrecorder.SoundRecorder]
10-19 06:01:26.971 I/input_interaction( 1146): Interaction with: WindowManager (server), edge-swipe (server), swipe-up (server), PointerEventDispatcher0 (server),
10-19 06:01:27.495 I/input_interaction( 1146): Interaction with: 19a417f com.android.soundrecorder/com.android.soundrecorder.SoundRecorder (server), edge-swipe (server), swipe-up (server), PointerEventDispatcher0 (server),
10-19 06:01:27.518 I/view_enqueue_input_event( 6285): [Motion - Cancel,com.android.soundrecorder/com.android.soundrecorder.SoundRecorder]
10-19 06:01:27.526 I/input_interaction( 1146): Interaction with: WindowManager (server), edge-swipe (server), swipe-up (server), PointerEventDispatcher0 (server),
10-19 06:01:28.016 I/input_interaction( 1146): Interaction with: 19a417f com.android.soundrecorder/com.android.soundrecorder.SoundRecorder (server), edge-swipe (server), swipe-up (server), PointerEventDispatcher0 (server),
10-19 06:01:28.036 I/view_enqueue_input_event( 6285): [Motion - Cancel,com.android.soundrecorder/com.android.soundrecorder.SoundRecorder]
10-19 06:01:28.039 I/input_interaction( 1146): Interaction with: WindowManager (server), edge-swipe (server), swipe-up (server), PointerEventDispatcher0 (server),
10-19 06:01:28.193 I/input_interaction( 1146): Interaction with: 19a417f com.android.soundrecorder/com.android.soundrecorder.SoundRecorder (server), edge-swipe (server), swipe-up (server), PointerEventDispatcher0 (server),
10-19 06:01:28.220 I/view_enqueue_input_event( 6285): [Motion - Cancel,com.android.soundrecorder/com.android.soundrecorder.SoundRecorder]
10-19 06:01:28.234 I/input_interaction( 1146): Interaction with: WindowManager (server), edge-swipe (server), swipe-up (server), PointerEventDispatcher0 (server),
10-19 06:01:28.715 I/input_interaction( 1146): Interaction with: 19a417f com.android.soundrecorder/com.android.soundrecorder.SoundRecorder (server), edge-swipe (server), swipe-up (server), PointerEventDispatcher0 (server),
10-19 06:01:28.738 I/input_interaction( 1146): Interaction with: WindowManager (server), edge-swipe (server), swipe-up (server), PointerEventDispatcher0 (server),
10-19 06:01:28.739 I/view_enqueue_input_event( 6285): [Motion - Cancel,com.android.soundrecorder/com.android.soundrecorder.SoundRecorder]
10-19 06:01:28.892 I/input_interaction( 1146): Interaction with: 19a417f com.android.soundrecorder/com.android.soundrecorder.SoundRecorder (server), edge-swipe (server), swipe-up (server), PointerEventDispatcher0 (server),
10-19 06:01:28.922 I/view_enqueue_input_event( 6285): [Motion - Cancel,com.android.soundrecorder/com.android.soundrecorder.SoundRecorder]
10-19 06:01:28.930 I/input_interaction( 1146): Interaction with: WindowManager (server), edge-swipe (server), swipe-up (server), PointerEventDispatcher0 (server),
10-19 06:01:29.504 I/input_interaction( 1146): Interaction with: 19a417f com.android.soundrecorder/com.android.soundrecorder.SoundRecorder (server), edge-swipe (server), swipe-up (server), PointerEventDispatcher0 (server),
10-19 06:01:29.541 I/view_enqueue_input_event( 6285): [Motion - Cancel,com.android.soundrecorder/com.android.soundrecorder.SoundRecorder]
10-19 06:01:29.693 I/view_enqueue_input_event( 6285): [Motion - Cancel,com.android.soundrecorder/com.android.soundrecorder.SoundRecorder]
10-19 06:01:29.699 I/input_interaction( 1146): Interaction with: WindowManager (server), edge-swipe (server), swipe-up (server), PointerEventDispatcher0 (server),
10-19 06:01:30.264 I/input_interaction( 1146): Interaction with: 19a417f com.android.soundrecorder/com.android.soundrecorder.SoundRecorder (server), edge-swipe (server), swipe-up (server), PointerEventDispatcher0 (server),
10-19 06:01:30.300 I/view_enqueue_input_event( 6285): [Motion - Cancel,com.android.soundrecorder/com.android.soundrecorder.SoundRecorder]
10-19 06:01:30.304 I/input_interaction( 1146): Interaction with: WindowManager (server), edge-swipe (server), swipe-up (server), PointerEventDispatcher0 (server),
10-19 06:01:30.474 I/liblog (11707): 202
10-19 06:01:30.474 I/liblog (11707): 4
10-19 06:01:30.474 I/liblog (11707): 3
10-19 06:01:30.474 I/liblog (11707): 4
10-19 06:01:30.474 I/liblog (11707): 3
10-19 06:01:30.474 I/liblog (11707): 6
10-19 06:01:30.475 I/liblog (11707): 3
10-19 06:01:30.475 I/liblog (11707): 3
10-19 06:01:30.475 I/liblog (11707): 10
10-19 06:01:30.475 I/liblog (11707): 3
10-19 06:01:30.475 I/liblog (11707): 3
10-19 06:01:30.475 I/liblog (11707): 6
10-19 06:01:30.475 I/liblog (11707): 3
10-19 06:01:30.475 I/liblog (11707): 4
10-19 06:01:30.476 I/liblog (11707): 10
10-19 06:01:30.476 I/liblog (11707): 1
10-19 06:01:30.476 I/liblog (11707): 1
10-19 06:01:30.476 I/liblog (11707): 1
10-19 06:01:30.476 I/liblog (11707): 2
10-19 06:01:30.476 I/liblog (11707): 2
10-19 06:01:30.476 I/liblog (11707): 2
10-19 06:01:30.476 I/liblog (11707): 2
10-19 06:01:30.476 I/liblog (11707): 4
10-19 06:01:30.476 I/liblog (11707): 2
10-19 06:01:30.477 I/liblog (11707): 4
10-19 06:01:30.477 I/liblog (11707): 4
10-19 06:01:30.477 I/liblog (11707): 2
10-19 06:01:30.477 I/liblog (11707): 4
10-19 06:01:30.477 I/liblog (11707): 3
10-19 06:01:30.477 I/liblog (11707): 2
10-19 06:01:30.477 I/liblog (11707): 1
10-19 06:01:30.477 I/liblog (11707): 2
10-19 06:01:30.477 I/liblog (11707): 2
10-19 06:01:30.477 I/liblog (11707): 4
10-19 06:01:30.477 I/liblog (11707): 3
10-19 06:01:30.477 I/liblog (11707): 3
10-19 06:01:30.478 I/liblog (11707): 4
10-19 06:01:30.478 I/liblog (11707): 7
10-19 06:01:30.478 I/liblog (11707): 4
10-19 06:01:30.478 I/liblog (11707): 3
10-19 06:01:30.478 I/liblog (11707): 3
10-19 06:01:30.478 I/liblog (11707): 3
10-19 06:01:30.478 I/liblog (11707): 6
10-19 06:01:30.478 I/liblog (11707): 3
10-19 06:01:30.478 I/liblog (11707): 6
10-19 06:01:30.478 I/liblog (11707): 3
10-19 06:01:30.479 I/liblog (11707): 2
10-19 06:01:30.479 I/liblog (11707): 5
10-19 06:01:30.479 I/liblog (11707): 4
10-19 06:01:30.479 I/liblog (11707): 2
10-19 06:01:30.479 I/liblog (11707): 2
10-19 06:01:30.479 I/liblog (11707): 4
10-19 06:01:30.479 I/liblog (11707): 1
10-19 06:01:30.480 I/liblog (11707): 6
10-19 06:01:30.480 I/liblog (11707): 4
10-19 06:01:30.480 I/liblog (11707): 3
10-19 06:01:30.480 I/liblog (11707): 3
10-19 06:01:30.480 I/liblog (11707): 5
10-19 06:01:30.480 I/liblog (11707): 6
10-19 06:01:30.480 I/liblog (11707): 5
10-19 06:01:30.480 I/liblog (11707): 4
10-19 06:01:30.480 I/liblog (11707): 3
10-19 06:01:30.480 I/liblog (11707): 4
10-19 06:01:30.480 I/liblog (11707): 3
10-19 06:01:30.481 I/liblog (11707): 3
10-19 06:01:30.481 I/liblog (11707): 1
10-19 06:01:30.481 I/liblog (11707): 2
10-19 06:01:30.481 I/liblog (11707): 2
10-19 06:01:30.481 I/liblog (11707): 2
10-19 06:01:30.481 I/liblog (11707): 4
10-19 06:01:30.481 I/liblog (11707): 2
10-19 06:01:30.481 I/liblog (11707): 4
10-19 06:01:30.481 I/liblog (11707): 3
10-19 06:01:30.481 I/liblog (11707): 3
10-19 06:01:30.481 I/liblog (11707): 2
10-19 06:01:30.481 I/liblog (11707): 2
10-19 06:01:30.481 I/liblog (11707): 3
10-19 06:01:30.482 I/liblog (11707): 6
10-19 06:01:30.482 I/liblog (11707): 2
10-19 06:01:30.482 I/liblog (11707): 2
10-19 06:01:30.482 I/liblog (11707): 2
10-19 06:01:30.482 I/liblog (11707): 2
10-19 06:01:30.482 I/liblog (11707): 3
10-19 06:01:30.482 I/liblog (11707): 1
10-19 06:01:30.482 I/liblog (11707): 2
10-19 06:01:30.482 I/liblog (11707): 1
10-19 06:01:30.483 I/liblog (11707): 1
10-19 06:01:30.483 I/liblog (11707): 2
10-19 06:01:30.483 I/liblog (11707): 4
10-19 06:01:30.483 I/liblog (11707): 4
10-19 06:01:30.483 I/liblog (11707): 3
10-19 06:01:30.483 I/liblog (11707): 3
10-19 06:01:30.483 I/liblog (11707): 4
10-19 06:01:30.483 I/liblog (11707): 3
10-19 06:01:30.484 I/liblog (11707): 45
10-19 06:01:30.484 I/liblog (11707): 2
10-19 06:01:30.484 I/liblog (11707): 2
10-19 06:01:30.485 I/liblog (11707): 2
10-19 06:01:30.497 I/input_interaction( 1146): Interaction with: 19a417f com.android.soundrecorder/com.android.soundrecorder.SoundRecorder (server), edge-swipe (server), swipe-up (server), PointerEventDispatcher0 (server),
10-19 06:01:30.543 I/view_enqueue_input_event( 6285): [Motion - Cancel,com.android.soundrecorder/com.android.soundrecorder.SoundRecorder]
10-19 06:01:30.551 I/input_interaction( 1146): Interaction with: WindowManager (server), edge-swipe (server), swipe-up (server), PointerEventDispatcher0 (server),
10-19 06:01:31.047 I/dropbox_file_copy( 1146): [/data/tombstones/tombstone_21,98304,SYSTEM_TOMBSTONE]
10-19 06:01:31.054 I/commit_sys_config_file( 1146): [log-files,16547503]
10-19 06:01:31.066 I/input_interaction( 1146): Interaction with: 19a417f com.android.soundrecorder/com.android.soundrecorder.SoundRecorder (server), edge-swipe (server), swipe-up (server), PointerEventDispatcher0 (server),
10-19 06:01:31.075 I/commit_sys_config_file( 1146): [log-files,16547523]
10-19 06:01:31.110 I/view_enqueue_input_event( 6285): [Motion - Cancel,com.android.soundrecorder/com.android.soundrecorder.SoundRecorder]
10-19 06:01:31.228 I/view_enqueue_input_event( 6285): [Motion - Cancel,com.android.soundrecorder/com.android.soundrecorder.SoundRecorder]
10-19 06:01:31.233 I/input_interaction( 1146): Interaction with: WindowManager (server), edge-swipe (server), swipe-up (server), PointerEventDispatcher0 (server),
10-19 06:01:31.739 I/input_interaction( 1146): Interaction with: 19a417f com.android.soundrecorder/com.android.soundrecorder.SoundRecorder (server), edge-swipe (server), swipe-up (server), PointerEventDispatcher0 (server),
10-19 06:01:31.763 I/view_enqueue_input_event( 6285): [Motion - Cancel,com.android.soundrecorder/com.android.soundrecorder.SoundRecorder]
10-19 06:01:31.966 I/view_enqueue_input_event( 6285): [Motion - Cancel,com.android.soundrecorder/com.android.soundrecorder.SoundRecorder]
10-19 06:01:32.264 I/view_enqueue_input_event( 6285): [Motion - Cancel,com.android.soundrecorder/com.android.soundrecorder.SoundRecorder]
10-19 06:01:32.413 I/view_enqueue_input_event( 6285): [Motion - Cancel,com.android.soundrecorder/com.android.soundrecorder.SoundRecorder]
10-19 06:01:32.418 I/input_interaction( 1146): Interaction with: WindowManager (server), edge-swipe (server), swipe-up (server), PointerEventDispatcher0 (server),
10-19 06:01:32.710 I/input_interaction( 1146): Interaction with: 19a417f com.android.soundrecorder/com.android.soundrecorder.SoundRecorder (server), edge-swipe (server), swipe-up (server), PointerEventDispatcher0 (server),
10-19 06:01:32.898 I/input_interaction( 1146): Interaction with: WindowManager (server), edge-swipe (server), swipe-up (server), PointerEventDispatcher0 (server),
10-19 06:01:32.899 I/view_enqueue_input_event( 6285): [Motion - Cancel,com.android.soundrecorder/com.android.soundrecorder.SoundRecorder]
10-19 06:01:33.101 I/wm_relaunch_resume_activity( 1146): [0,5467501,161,com.android.soundrecorder/.SoundRecorder]
10-19 06:01:33.102 I/wm_add_to_stopping( 1146): [0,228154950,com.android.launcher3/.uioverrides.QuickstepLauncher,makeInvisible]
10-19 06:01:33.109 I/dvm_lock_sample( 1146): [system_server,1,android.display,61,ActivityTaskSupervisor.java,2557,void com.android.server.wm.ActivityTaskSupervisor$ActivityTaskSupervisorHandler.handleMessage(android.os.Message),TaskSnapshotCache.java,68,android.window.TaskSnapshot com.android.server.wm.TaskSnapshotCache.getSnapshot(int, int, boolean, boolean),12]
10-19 06:01:33.114 I/wm_on_top_resumed_lost_called( 6285): [5467501,com.android.soundrecorder.SoundRecorder,pausing]
10-19 06:01:33.131 I/wm_on_paused_called( 6285): [5467501,com.android.soundrecorder.SoundRecorder,performPause]
10-19 06:01:33.147 I/wm_on_stop_called( 6285): [5467501,com.android.soundrecorder.SoundRecorder,handleRelaunchActivity]
10-19 06:01:33.147 I/input_interaction( 1146): Interaction with: edge-swipe (server), swipe-up (server), PointerEventDispatcher0 (server),
10-19 06:01:33.149 I/wm_on_destroy_called( 6285): [5467501,com.android.soundrecorder.SoundRecorder,performDestroy]
10-19 06:01:33.173 I/wm_on_create_called( 6285): [5467501,com.android.soundrecorder.SoundRecorder,performCreate]
10-19 06:01:33.173 I/wm_on_start_called( 6285): [5467501,com.android.soundrecorder.SoundRecorder,handleStartActivity]
10-19 06:01:33.174 I/wm_on_resume_called( 6285): [5467501,com.android.soundrecorder.SoundRecorder,RESUME_ACTIVITY]
10-19 06:01:33.174 I/wm_on_top_resumed_gained_called( 6285): [5467501,com.android.soundrecorder.SoundRecorder,topWhenResuming]
10-19 06:01:33.547 I/wm_stop_activity( 1146): [0,228154950,com.android.launcher3/.uioverrides.QuickstepLauncher]
10-19 06:01:33.550 I/wm_on_paused_called( 2903): [228154950,com.android.launcher3.uioverrides.QuickstepLauncher,performPause]
10-19 06:01:33.563 I/wm_on_stop_called( 2903): [228154950,com.android.launcher3.uioverrides.QuickstepLauncher,STOP_ACTIVITY_ITEM]
10-19 06:01:34.988 I/input_interaction( 1146): Interaction with: 19a417f com.android.soundrecorder/com.android.soundrecorder.SoundRecorder (server), edge-swipe (server), swipe-up (server), PointerEventDispatcher0 (server),
10-19 06:01:35.483 I/liblog (11718): 1
10-19 06:01:35.483 I/liblog (11718): 3
10-19 06:01:35.483 I/liblog (11718): 6
10-19 06:01:35.483 I/liblog (11718): 4
10-19 06:01:35.483 I/liblog (11718): 4
10-19 06:01:35.483 I/liblog (11718): 4
10-19 06:01:35.483 I/liblog (11718): 4
10-19 06:01:35.483 I/liblog (11718): 20
10-19 06:01:35.484 I/liblog (11718): 7
10-19 06:01:35.488 I/liblog (11718): 332
10-19 06:01:35.488 I/liblog (11718): 6
10-19 06:01:35.488 I/liblog (11718): 3
10-19 06:01:35.488 I/liblog (11718): 3
10-19 06:01:35.489 I/liblog (11718): 3
10-19 06:01:35.489 I/liblog (11718): 3
10-19 06:01:35.489 I/liblog (11718): 8
10-19 06:01:35.489 I/liblog (11718): 3
10-19 06:01:35.489 I/liblog (11718): 6
10-19 06:01:35.489 I/liblog (11718): 3
10-19 06:01:35.489 I/liblog (11718): 3
10-19 06:01:35.489 I/liblog (11718): 4
10-19 06:01:35.490 I/liblog (11718): 7
10-19 06:01:36.124 I/dropbox_file_copy( 1146): [/data/tombstones/tombstone_22,98304,SYSTEM_TOMBSTONE]
10-19 06:01:36.132 I/commit_sys_config_file( 1146): [log-files,16552580]
10-19 06:01:36.153 I/commit_sys_config_file( 1146): [log-files,16552601]
10-19 06:01:36.219 I/view_enqueue_input_event( 6285): [Motion - Cancel,com.android.soundrecorder/com.android.soundrecorder.SoundRecorder]
10-19 06:01:36.230 I/input_interaction( 1146): Interaction with: edge-swipe (server), swipe-up (server), PointerEventDispatcher0 (server),
10-19 06:01:36.364 I/sysui_multi_action( 1146): [757,803,799,key_back_press,802,1]
10-19 06:01:36.386 I/input_interaction( 1146): Interaction with: 19a417f com.android.soundrecorder/com.android.soundrecorder.SoundRecorder (server), PointerEventDispatcher0 (server),
10-19 06:01:36.392 I/wm_task_moved( 1146): [161,0,0]
10-19 06:01:36.396 I/wm_focused_root_task( 1146): [0,0,1,161,moveTaskToBackLocked]
10-19 06:01:36.396 I/wm_add_to_stopping( 1146): [0,5467501,com.android.soundrecorder/.SoundRecorder,makeInvisible]
10-19 06:01:36.397 I/wm_on_top_resumed_lost_called( 6285): [5467501,com.android.soundrecorder.SoundRecorder,topStateChangedWhenResumed]
10-19 06:01:36.398 I/wm_pause_activity( 1146): [0,5467501,com.android.soundrecorder/.SoundRecorder,userLeaving=false,pauseBackTasks]
10-19 06:01:36.402 I/wm_set_resumed_activity( 1146): [0,com.android.launcher3/.uioverrides.QuickstepLauncher,resumeTopActivityInnerLocked]
10-19 06:01:36.403 I/wm_resume_activity( 1146): [0,228154950,10,com.android.launcher3/.uioverrides.QuickstepLauncher]
10-19 06:01:36.419 I/sysui_multi_action( 1146): [757,803,799,window_time_2,802,20]
10-19 06:01:36.421 I/input_focus( 1146): [Focus leaving 19a417f com.android.soundrecorder/com.android.soundrecorder.SoundRecorder (server),reason=NO_WINDOW]
10-19 06:01:36.422 I/wm_on_restart_called( 2903): [228154950,com.android.launcher3.uioverrides.QuickstepLauncher,performRestartActivity]
10-19 06:01:36.423 I/wm_on_start_called( 2903): [228154950,com.android.launcher3.uioverrides.QuickstepLauncher,handleStartActivity]
10-19 06:01:36.424 I/wm_on_resume_called( 2903): [228154950,com.android.launcher3.uioverrides.QuickstepLauncher,RESUME_ACTIVITY]
10-19 06:01:36.425 I/wm_on_top_resumed_gained_called( 2903): [228154950,com.android.launcher3.uioverrides.QuickstepLauncher,topStateChangedWhenResumed]
10-19 06:01:36.428 I/wm_on_paused_called( 6285): [5467501,com.android.soundrecorder.SoundRecorder,performPause]
10-19 06:01:36.445 I/input_focus( 1146): [Focus request a926fae com.android.launcher3/com.android.launcher3.uioverrides.QuickstepLauncher,reason=UpdateInputWindows]
10-19 06:01:36.515 I/input_focus( 1146): [Focus entering a926fae com.android.launcher3/com.android.launcher3.uioverrides.QuickstepLauncher (server),reason=Window became focusable. Previous reason: NOT_VISIBLE]
10-19 06:01:36.865 I/wm_stop_activity( 1146): [0,5467501,com.android.soundrecorder/.SoundRecorder]
10-19 06:01:36.903 I/wm_on_stop_called( 6285): [5467501,com.android.soundrecorder.SoundRecorder,STOP_ACTIVITY_ITEM]
10-19 06:01:37.408 I/input_interaction( 1146): Interaction with: a926fae com.android.launcher3/com.android.launcher3.uioverrides.QuickstepLauncher (server), 1c10e44 com.android.systemui.ImageWallpaper (server), edge-swipe (server), swipe-up (server), PointerEventDispatcher0 (server),
10-19 06:01:38.662 I/wm_task_moved( 1146): [161,1,8]
10-19 06:01:38.662 I/wm_task_to_front( 1146): [0,161]
10-19 06:01:38.663 I/wm_focused_root_task( 1146): [0,0,161,1,bringingFoundTaskToFront]
10-19 06:01:38.664 I/wm_set_resumed_activity( 1146): [0,com.android.soundrecorder/.SoundRecorder,bringingFoundTaskToFront]
10-19 06:01:38.666 I/wm_relaunch_resume_activity( 1146): [0,5467501,161,com.android.soundrecorder/.SoundRecorder]
10-19 06:01:38.668 I/wm_set_resumed_activity( 1146): [0,com.android.soundrecorder/.SoundRecorder,resumeTopActivityInnerLocked]
10-19 06:01:38.675 I/wm_resume_activity( 1146): [0,5467501,161,com.android.soundrecorder/.SoundRecorder]
10-19 06:01:38.677 I/wm_finish_activity( 1146): [0,5467501,161,com.android.soundrecorder/.SoundRecorder,clear-task-all]
