10-19 05:59:38.201 I/input_interaction( 1146): Interaction with: edge-swipe (server), swipe-up (server), PointerEventDispatcher0 (server),
10-19 05:59:38.312 I/sysui_multi_action( 1146): [757,803,799,key_back_press,802,1]
10-19 05:59:38.317 I/input_interaction( 1146): Interaction with: 85bfadb com.android.soundrecorder/com.android.soundrecorder.SoundRecorder (server), PointerEventDispatcher0 (server),
10-19 05:59:38.323 I/wm_task_moved( 1146): [158,0,0]
10-19 05:59:38.326 I/wm_focused_root_task( 1146): [0,0,1,158,moveTaskToBackLocked]
10-19 05:59:38.326 I/wm_on_top_resumed_lost_called( 6285): [148584051,com.android.soundrecorder.SoundRecorder,topStateChangedWhenResumed]
10-19 05:59:38.326 I/wm_add_to_stopping( 1146): [0,148584051,com.android.soundrecorder/.SoundRecorder,makeInvisible]
10-19 05:59:38.328 I/wm_pause_activity( 1146): [0,148584051,com.android.soundrecorder/.SoundRecorder,userLeaving=false,pauseBackTasks]
10-19 05:59:38.331 I/wm_set_resumed_activity( 1146): [0,com.android.launcher3/.uioverrides.QuickstepLauncher,resumeTopActivityInnerLocked]
10-19 05:59:38.332 I/wm_resume_activity( 1146): [0,228154950,10,com.android.launcher3/.uioverrides.QuickstepLauncher]
10-19 05:59:38.339 I/wm_on_paused_called( 6285): [148584051,com.android.soundrecorder.SoundRecorder,performPause]
10-19 05:59:38.346 I/sysui_multi_action( 1146): [757,803,799,window_time_0,802,3]
10-19 05:59:38.347 I/wm_on_restart_called( 2903): [228154950,com.android.launcher3.uioverrides.QuickstepLauncher,performRestartActivity]
10-19 05:59:38.347 I/wm_on_start_called( 2903): [228154950,com.android.launcher3.uioverrides.QuickstepLauncher,handleStartActivity]
10-19 05:59:38.348 I/wm_on_resume_called( 2903): [228154950,com.android.launcher3.uioverrides.QuickstepLauncher,RESUME_ACTIVITY]
10-19 05:59:38.349 I/wm_on_top_resumed_gained_called( 2903): [228154950,com.android.launcher3.uioverrides.QuickstepLauncher,topStateChangedWhenResumed]
10-19 05:59:38.356 I/input_focus( 1146): [Focus leaving 85bfadb com.android.soundrecorder/com.android.soundrecorder.SoundRecorder (server),reason=NO_WINDOW]
10-19 05:59:38.370 I/input_focus( 1146): [Focus request a926fae com.android.launcher3/com.android.launcher3.uioverrides.QuickstepLauncher,reason=UpdateInputWindows]
10-19 05:59:38.427 I/input_focus( 1146): [Focus entering a926fae com.android.launcher3/com.android.launcher3.uioverrides.QuickstepLauncher (server),reason=Window became focusable. Previous reason: NOT_VISIBLE]
10-19 05:59:38.779 I/wm_stop_activity( 1146): [0,148584051,com.android.soundrecorder/.SoundRecorder]
10-19 05:59:38.838 I/wm_on_stop_called( 6285): [148584051,com.android.soundrecorder.SoundRecorder,STOP_ACTIVITY_ITEM]
10-19 05:59:39.160 I/input_interaction( 1146): Interaction with: a926fae com.android.launcher3/com.android.launcher3.uioverrides.QuickstepLauncher (server), 1c10e44 com.android.systemui.ImageWallpaper (server), edge-swipe (server), swipe-up (server), PointerEventDispatcher0 (server),
10-19 05:59:40.122 I/dropbox_file_copy( 1146): [/data/tombstones/tombstone_31,98304,SYSTEM_TOMBSTONE]
10-19 05:59:40.128 I/commit_sys_config_file( 1146): [log-files,16436576]
10-19 05:59:40.153 I/commit_sys_config_file( 1146): [log-files,16436601]
10-19 05:59:40.439 I/wm_task_moved( 1146): [158,1,8]
10-19 05:59:40.439 I/wm_task_to_front( 1146): [0,158]
10-19 05:59:40.440 I/wm_focused_root_task( 1146): [0,0,158,1,bringingFoundTaskToFront]
10-19 05:59:40.441 I/wm_set_resumed_activity( 1146): [0,com.android.soundrecorder/.SoundRecorder,bringingFoundTaskToFront]
10-19 05:59:40.456 I/wm_set_resumed_activity( 1146): [0,com.android.soundrecorder/.SoundRecorder,resumeTopActivityInnerLocked]
10-19 05:59:40.457 I/wm_resume_activity( 1146): [0,148584051,158,com.android.soundrecorder/.SoundRecorder]
10-19 05:59:40.459 I/wm_finish_activity( 1146): [0,148584051,158,com.android.soundrecorder/.SoundRecorder,clear-task-all]
10-19 05:59:40.460 I/wm_pause_activity( 1146): [0,148584051,com.android.soundrecorder/.SoundRecorder,userLeaving=false,finish]
10-19 05:59:40.464 I/wm_task_moved( 1146): [158,1,8]
10-19 05:59:40.464 I/wm_create_activity( 1146): [0,196389719,158,com.android.soundrecorder/.SoundRecorder,NULL,NULL,NULL,272662528]
10-19 05:59:40.475 I/wm_on_top_resumed_lost_called( 2903): [228154950,com.android.launcher3.uioverrides.QuickstepLauncher,topStateChangedWhenResumed]
10-19 05:59:40.484 I/wm_on_restart_called( 6285): [148584051,com.android.soundrecorder.SoundRecorder,performRestartActivity]
10-19 05:59:40.485 I/wm_on_start_called( 6285): [148584051,com.android.soundrecorder.SoundRecorder,handleStartActivity]
10-19 05:59:40.486 I/wm_on_resume_called( 6285): [148584051,com.android.soundrecorder.SoundRecorder,RESUME_ACTIVITY]
10-19 05:59:40.492 I/wm_on_paused_called( 6285): [148584051,com.android.soundrecorder.SoundRecorder,performPause]
10-19 05:59:40.493 I/wm_add_to_stopping( 1146): [0,148584051,com.android.soundrecorder/.SoundRecorder,completeFinishing]
10-19 05:59:40.497 I/wm_restart_activity( 1146): [0,196389719,158,com.android.soundrecorder/.SoundRecorder]
10-19 05:59:40.499 I/wm_set_resumed_activity( 1146): [0,com.android.soundrecorder/.SoundRecorder,minimalResumeActivityLocked]
10-19 05:59:40.504 I/sysui_multi_action( 1146): [757,803,799,window_time_0,802,2]
10-19 05:59:40.574 I/wm_on_create_called( 6285): [196389719,com.android.soundrecorder.SoundRecorder,performCreate]
10-19 05:59:40.575 I/wm_on_start_called( 6285): [196389719,com.android.soundrecorder.SoundRecorder,handleStartActivity]
10-19 05:59:40.577 I/wm_on_resume_called( 6285): [196389719,com.android.soundrecorder.SoundRecorder,RESUME_ACTIVITY]
10-19 05:59:40.586 I/wm_on_top_resumed_gained_called( 6285): [196389719,com.android.soundrecorder.SoundRecorder,topStateChangedWhenResumed]
10-19 05:59:40.628 I/input_focus( 1146): [Focus request 10057c8 com.android.soundrecorder/com.android.soundrecorder.SoundRecorder,reason=UpdateInputWindows]
10-19 05:59:40.644 I/input_focus( 1146): [Focus leaving a926fae com.android.launcher3/com.android.launcher3.uioverrides.QuickstepLauncher (server),reason=Waiting for window because NOT_VISIBLE]
10-19 05:59:40.656 I/wm_activity_launch_time( 1146): [0,196389719,com.android.soundrecorder/.SoundRecorder,223]
10-19 05:59:40.664 I/input_focus( 1146): [Focus entering 10057c8 com.android.soundrecorder/com.android.soundrecorder.SoundRecorder (server),reason=Window became focusable. Previous reason: NOT_VISIBLE]
10-19 05:59:40.720 I/am_pss ( 1146): [11125,10094,com.android.music,6679552,4341760,0,90185728,0,19,10]
10-19 05:59:40.735 I/am_pss ( 1146): [11124,1000,com.android.settings,27379712,25276416,0,111636480,0,19,11]
10-19 05:59:40.948 I/wm_destroy_activity( 1146): [0,148584051,158,com.android.soundrecorder/.SoundRecorder,finish-imm:idle]
10-19 05:59:40.965 I/wm_on_stop_called( 6285): [148584051,com.android.soundrecorder.SoundRecorder,LIFECYCLER_STOP_ACTIVITY]
10-19 05:59:40.968 I/wm_on_destroy_called( 6285): [148584051,com.android.soundrecorder.SoundRecorder,performDestroy]
10-19 05:59:43.438 I/input_interaction( 1146): Interaction with: 10057c8 com.android.soundrecorder/com.android.soundrecorder.SoundRecorder (server), edge-swipe (server), swipe-up (server), PointerEventDispatcher0 (server),
10-19 05:59:43.600 I/wm_finish_activity( 1146): [0,196389719,158,com.android.soundrecorder/.SoundRecorder,finish-activity]
10-19 05:59:43.600 I/wm_task_moved( 1146): [1,1,8]
10-19 05:59:43.603 I/wm_set_resumed_activity( 1146): [0,com.android.launcher3/.uioverrides.QuickstepLauncher,positionChildAt]
10-19 05:59:43.603 I/wm_task_moved( 1146): [10,1,2147483647]
10-19 05:59:43.603 I/wm_task_to_front( 1146): [0,10]
10-19 05:59:43.603 I/wm_focused_root_task( 1146): [0,0,1,-1,finish-top adjustFocusToNextFocusableTask]
10-19 05:59:43.603 I/wm_set_resumed_activity( 1146): [0,com.android.launcher3/.uioverrides.QuickstepLauncher,finish-top]
10-19 05:59:43.620 I/wm_pause_activity( 1146): [0,196389719,com.android.soundrecorder/.SoundRecorder,userLeaving=false,finish]
10-19 05:59:43.625 I/wm_on_top_resumed_lost_called( 6285): [196389719,com.android.soundrecorder.SoundRecorder,topStateChangedWhenResumed]
10-19 05:59:43.626 I/input_focus( 1146): [Focus request a926fae com.android.launcher3/com.android.launcher3.uioverrides.QuickstepLauncher,reason=UpdateInputWindows]
10-19 05:59:43.630 I/wm_on_top_resumed_gained_called( 2903): [228154950,com.android.launcher3.uioverrides.QuickstepLauncher,topStateChangedWhenResumed]
10-19 05:59:43.635 I/wm_on_paused_called( 6285): [196389719,com.android.soundrecorder.SoundRecorder,performPause]
10-19 05:59:43.638 I/wm_destroy_activity( 1146): [0,196389719,158,com.android.soundrecorder/.SoundRecorder,finish-imm:completePausedLocked]
10-19 05:59:43.647 I/input_focus( 1146): [Focus leaving 10057c8 com.android.soundrecorder/com.android.soundrecorder.SoundRecorder (server),reason=NO_WINDOW]
10-19 05:59:43.650 I/input_focus( 1146): [Focus entering a926fae com.android.launcher3/com.android.launcher3.uioverrides.QuickstepLauncher (server),reason=setFocusedWindow]
10-19 05:59:43.653 I/sysui_multi_action( 1146): [757,803,799,window_time_2,802,3]
10-19 05:59:43.662 I/sysui_multi_action( 1146): [757,803,799,window_time_0,802,0]
10-19 05:59:43.685 I/wm_on_stop_called( 6285): [196389719,com.android.soundrecorder.SoundRecorder,LIFECYCLER_STOP_ACTIVITY]
10-19 05:59:43.687 I/wm_on_destroy_called( 6285): [196389719,com.android.soundrecorder.SoundRecorder,performDestroy]
10-19 05:59:43.948 I/wm_task_removed( 1146): [158,removeChild:removeChild last r=ActivityRecord{bb4ab57 u0 com.android.soundrecorder/.SoundRecorder t-1 f}} in t=Task{9f77e60 #158 type=standard A=10063:com.android.soundrecorder U=0 visible=false mode=freeform translucent=true sz=0}]
10-19 05:59:43.948 I/wm_task_removed( 1146): [158,removeChild]
10-19 05:59:45.285 I/dropbox_file_copy( 1146): [/data/tombstones/tombstone_00,98304,SYSTEM_TOMBSTONE]
10-19 05:59:45.303 I/commit_sys_config_file( 1146): [log-files,16441751]
10-19 05:59:45.327 I/commit_sys_config_file( 1146): [log-files,16441775]
10-19 05:59:46.310 I/input_interaction( 1146): Interaction with: a926fae com.android.launcher3/com.android.launcher3.uioverrides.QuickstepLauncher (server), 1c10e44 com.android.systemui.ImageWallpaper (server), edge-swipe (server), swipe-up (server), PointerEventDispatcher0 (server),
10-19 05:59:47.595 I/wm_task_created( 1146): [159,-1]
10-19 05:59:47.604 I/wm_task_moved( 1146): [159,1,8]
10-19 05:59:47.604 I/wm_task_to_front( 1146): [0,159]
10-19 05:59:47.604 I/wm_create_task( 1146): [0,159]
10-19 05:59:47.604 I/wm_create_activity( 1146): [0,238488712,159,com.android.soundrecorder/.SoundRecorder,NULL,NULL,NULL,268468224]
10-19 05:59:47.604 I/wm_task_moved( 1146): [159,1,8]
10-19 05:59:47.610 I/wm_restart_activity( 1146): [0,238488712,159,com.android.soundrecorder/.SoundRecorder]
10-19 05:59:47.612 I/wm_set_resumed_activity( 1146): [0,com.android.soundrecorder/.SoundRecorder,minimalResumeActivityLocked]
10-19 05:59:47.646 I/wm_on_top_resumed_lost_called( 2903): [228154950,com.android.launcher3.uioverrides.QuickstepLauncher,topStateChangedWhenResumed]
10-19 05:59:47.655 I/wm_on_create_called( 6285): [238488712,com.android.soundrecorder.SoundRecorder,performCreate]
10-19 05:59:47.656 I/wm_on_start_called( 6285): [238488712,com.android.soundrecorder.SoundRecorder,handleStartActivity]
10-19 05:59:47.657 I/wm_on_resume_called( 6285): [238488712,com.android.soundrecorder.SoundRecorder,RESUME_ACTIVITY]
10-19 05:59:47.664 I/wm_on_top_resumed_gained_called( 6285): [238488712,com.android.soundrecorder.SoundRecorder,topStateChangedWhenResumed]
10-19 05:59:47.683 I/input_focus( 1146): [Focus request 3a7aacc com.android.soundrecorder/com.android.soundrecorder.SoundRecorder,reason=UpdateInputWindows]
10-19 05:59:47.710 I/input_focus( 1146): [Focus leaving a926fae com.android.launcher3/com.android.launcher3.uioverrides.QuickstepLauncher (server),reason=Waiting for window because NOT_VISIBLE]
10-19 05:59:47.718 I/sysui_multi_action( 1146): [319,122,322,120,325,16498,757,761,758,8,759,2,806,com.android.soundrecorder,871,com.android.soundrecorder.SoundRecorder,904,com.android.launcher3,905,0,1320,4,1321,1]
10-19 05:59:47.720 I/wm_activity_launch_time( 1146): [0,238488712,com.android.soundrecorder/.SoundRecorder,120]
10-19 05:59:47.730 I/input_focus( 1146): [Focus entering 3a7aacc com.android.soundrecorder/com.android.soundrecorder.SoundRecorder (server),reason=Window became focusable. Previous reason: NOT_VISIBLE]
10-19 05:59:48.584 I/input_interaction( 1146): Interaction with: 3a7aacc com.android.soundrecorder/com.android.soundrecorder.SoundRecorder (server), edge-swipe (server), swipe-up (server), PointerEventDispatcher0 (server),
10-19 05:59:48.760 I/wm_relaunch_resume_activity( 1146): [0,238488712,159,com.android.soundrecorder/.SoundRecorder]
10-19 05:59:48.761 I/wm_add_to_stopping( 1146): [0,228154950,com.android.launcher3/.uioverrides.QuickstepLauncher,makeInvisible]
10-19 05:59:48.769 I/wm_on_top_resumed_lost_called( 6285): [238488712,com.android.soundrecorder.SoundRecorder,pausing]
10-19 05:59:48.780 I/wm_on_paused_called( 6285): [238488712,com.android.soundrecorder.SoundRecorder,performPause]
10-19 05:59:48.796 I/wm_on_stop_called( 6285): [238488712,com.android.soundrecorder.SoundRecorder,handleRelaunchActivity]
10-19 05:59:48.798 I/wm_on_destroy_called( 6285): [238488712,com.android.soundrecorder.SoundRecorder,performDestroy]
10-19 05:59:48.819 I/wm_on_create_called( 6285): [238488712,com.android.soundrecorder.SoundRecorder,performCreate]
10-19 05:59:48.820 I/wm_on_start_called( 6285): [238488712,com.android.soundrecorder.SoundRecorder,handleStartActivity]
10-19 05:59:48.820 I/wm_on_resume_called( 6285): [238488712,com.android.soundrecorder.SoundRecorder,RESUME_ACTIVITY]
10-19 05:59:48.821 I/wm_on_top_resumed_gained_called( 6285): [238488712,com.android.soundrecorder.SoundRecorder,topWhenResuming]
10-19 05:59:49.214 I/wm_stop_activity( 1146): [0,228154950,com.android.launcher3/.uioverrides.QuickstepLauncher]
10-19 05:59:49.258 I/wm_on_paused_called( 2903): [228154950,com.android.launcher3.uioverrides.QuickstepLauncher,performPause]
10-19 05:59:49.262 I/wm_on_stop_called( 2903): [228154950,com.android.launcher3.uioverrides.QuickstepLauncher,STOP_ACTIVITY_ITEM]
10-19 05:59:49.649 I/liblog (11439): 17
10-19 05:59:49.649 I/liblog (11439): 4
10-19 05:59:49.649 I/liblog (11439): 2
10-19 05:59:49.649 I/liblog (11439): 2
10-19 05:59:49.649 I/liblog (11439): 3
10-19 05:59:49.649 I/liblog (11439): 2
10-19 05:59:49.650 I/liblog (11439): 2
10-19 05:59:49.650 I/liblog (11439): 2
10-19 05:59:49.650 I/liblog (11439): 2
10-19 05:59:49.650 I/liblog (11439): 2
10-19 05:59:49.650 I/liblog (11439): 2
10-19 05:59:49.650 I/liblog (11439): 2
10-19 05:59:49.650 I/liblog (11439): 2
10-19 05:59:49.650 I/liblog (11439): 2
10-19 05:59:49.998 I/view_enqueue_input_event( 6285): [Motion - Cancel,com.android.soundrecorder/com.android.soundrecorder.SoundRecorder]
10-19 05:59:50.001 I/input_interaction( 1146): Interaction with: edge-swipe (server), swipe-up (server), PointerEventDispatcher0 (server),
10-19 05:59:50.171 I/sysui_multi_action( 1146): [757,803,799,key_back_press,802,1]
10-19 05:59:50.185 I/input_interaction( 1146): Interaction with: 3a7aacc com.android.soundrecorder/com.android.soundrecorder.SoundRecorder (server), PointerEventDispatcher0 (server),
10-19 05:59:50.197 I/wm_task_moved( 1146): [159,0,0]
10-19 05:59:50.203 I/wm_focused_root_task( 1146): [0,0,1,159,moveTaskToBackLocked]
10-19 05:59:50.203 I/wm_on_top_resumed_lost_called( 6285): [238488712,com.android.soundrecorder.SoundRecorder,topStateChangedWhenResumed]
10-19 05:59:50.204 I/wm_add_to_stopping( 1146): [0,238488712,com.android.soundrecorder/.SoundRecorder,makeInvisible]
10-19 05:59:50.206 I/wm_pause_activity( 1146): [0,238488712,com.android.soundrecorder/.SoundRecorder,userLeaving=false,pauseBackTasks]
10-19 05:59:50.210 I/wm_set_resumed_activity( 1146): [0,com.android.launcher3/.uioverrides.QuickstepLauncher,resumeTopActivityInnerLocked]
10-19 05:59:50.213 I/wm_resume_activity( 1146): [0,228154950,10,com.android.launcher3/.uioverrides.QuickstepLauncher]
10-19 05:59:50.223 I/wm_on_restart_called( 2903): [228154950,com.android.launcher3.uioverrides.QuickstepLauncher,performRestartActivity]
10-19 05:59:50.224 I/wm_on_start_called( 2903): [228154950,com.android.launcher3.uioverrides.QuickstepLauncher,handleStartActivity]
10-19 05:59:50.224 I/wm_on_paused_called( 6285): [238488712,com.android.soundrecorder.SoundRecorder,performPause]
10-19 05:59:50.225 I/wm_on_resume_called( 2903): [228154950,com.android.launcher3.uioverrides.QuickstepLauncher,RESUME_ACTIVITY]
10-19 05:59:50.233 I/wm_on_top_resumed_gained_called( 2903): [228154950,com.android.launcher3.uioverrides.QuickstepLauncher,topStateChangedWhenResumed]
10-19 05:59:50.238 I/dropbox_file_copy( 1146): [/data/tombstones/tombstone_01,98304,SYSTEM_TOMBSTONE]
10-19 05:59:50.249 I/sysui_multi_action( 1146): [757,803,799,window_time_0,802,7]
10-19 05:59:50.256 I/commit_sys_config_file( 1146): [log-files,16446704]
10-19 05:59:50.262 I/input_focus( 1146): [Focus request a926fae com.android.launcher3/com.android.launcher3.uioverrides.QuickstepLauncher,reason=UpdateInputWindows]
10-19 05:59:50.266 I/input_focus( 1146): [Focus leaving 3a7aacc com.android.soundrecorder/com.android.soundrecorder.SoundRecorder (server),reason=NO_WINDOW]
10-19 05:59:50.279 I/commit_sys_config_file( 1146): [log-files,16446727]
10-19 05:59:50.341 I/input_focus( 1146): [Focus entering a926fae com.android.launcher3/com.android.launcher3.uioverrides.QuickstepLauncher (server),reason=Window became focusable. Previous reason: NOT_VISIBLE]
10-19 05:59:50.691 I/wm_stop_activity( 1146): [0,238488712,com.android.soundrecorder/.SoundRecorder]
10-19 05:59:50.738 I/wm_on_stop_called( 6285): [238488712,com.android.soundrecorder.SoundRecorder,STOP_ACTIVITY_ITEM]
10-19 05:59:51.044 I/input_interaction( 1146): Interaction with: a926fae com.android.launcher3/com.android.launcher3.uioverrides.QuickstepLauncher (server), 1c10e44 com.android.systemui.ImageWallpaper (server), edge-swipe (server), swipe-up (server), PointerEventDispatcher0 (server),
10-19 05:59:52.302 I/wm_task_moved( 1146): [159,1,8]
10-19 05:59:52.302 I/wm_task_to_front( 1146): [0,159]
10-19 05:59:52.303 I/wm_focused_root_task( 1146): [0,0,159,1,bringingFoundTaskToFront]
10-19 05:59:52.304 I/wm_set_resumed_activity( 1146): [0,com.android.soundrecorder/.SoundRecorder,bringingFoundTaskToFront]
10-19 05:59:52.306 I/wm_relaunch_resume_activity( 1146): [0,238488712,159,com.android.soundrecorder/.SoundRecorder]
10-19 05:59:52.308 I/wm_set_resumed_activity( 1146): [0,com.android.soundrecorder/.SoundRecorder,resumeTopActivityInnerLocked]
10-19 05:59:52.309 I/wm_resume_activity( 1146): [0,238488712,159,com.android.soundrecorder/.SoundRecorder]
10-19 05:59:52.311 I/wm_finish_activity( 1146): [0,238488712,159,com.android.soundrecorder/.SoundRecorder,clear-task-all]
10-19 05:59:52.312 I/wm_pause_activity( 1146): [0,238488712,com.android.soundrecorder/.SoundRecorder,userLeaving=false,finish]
10-19 05:59:52.315 I/wm_task_moved( 1146): [159,1,8]
10-19 05:59:52.316 I/wm_create_activity( 1146): [0,223343188,159,com.android.soundrecorder/.SoundRecorder,NULL,NULL,NULL,272662528]
10-19 05:59:52.319 I/wm_on_destroy_called( 6285): [238488712,com.android.soundrecorder.SoundRecorder,performDestroy]
10-19 05:59:52.333 I/wm_on_top_resumed_lost_called( 2903): [228154950,com.android.launcher3.uioverrides.QuickstepLauncher,topStateChangedWhenResumed]
10-19 05:59:52.363 I/wm_on_create_called( 6285): [238488712,com.android.soundrecorder.SoundRecorder,performCreate]
10-19 05:59:52.364 I/wm_on_start_called( 6285): [238488712,com.android.soundrecorder.SoundRecorder,handleStartActivity]
10-19 05:59:52.366 I/wm_on_resume_called( 6285): [238488712,com.android.soundrecorder.SoundRecorder,RESUME_ACTIVITY]
10-19 05:59:52.403 I/wm_on_paused_called( 6285): [238488712,com.android.soundrecorder.SoundRecorder,performPause]
10-19 05:59:52.405 I/wm_add_to_stopping( 1146): [0,238488712,com.android.soundrecorder/.SoundRecorder,completeFinishing]
10-19 05:59:52.409 I/wm_restart_activity( 1146): [0,223343188,159,com.android.soundrecorder/.SoundRecorder]
10-19 05:59:52.411 I/wm_set_resumed_activity( 1146): [0,com.android.soundrecorder/.SoundRecorder,minimalResumeActivityLocked]
10-19 05:59:52.414 I/sysui_multi_action( 1146): [757,803,799,window_time_0,802,2]
10-19 05:59:52.456 I/wm_on_create_called( 6285): [223343188,com.android.soundrecorder.SoundRecorder,performCreate]
10-19 05:59:52.457 I/wm_on_start_called( 6285): [223343188,com.android.soundrecorder.SoundRecorder,handleStartActivity]
10-19 05:59:52.459 I/wm_on_resume_called( 6285): [223343188,com.android.soundrecorder.SoundRecorder,RESUME_ACTIVITY]
10-19 05:59:52.468 I/wm_on_top_resumed_gained_called( 6285): [223343188,com.android.soundrecorder.SoundRecorder,topStateChangedWhenResumed]
10-19 05:59:52.493 I/input_focus( 1146): [Focus request 18650ee com.android.soundrecorder/com.android.soundrecorder.SoundRecorder,reason=UpdateInputWindows]
10-19 05:59:52.512 I/input_focus( 1146): [Focus leaving a926fae com.android.launcher3/com.android.launcher3.uioverrides.QuickstepLauncher (server),reason=Waiting for window because NOT_VISIBLE]
10-19 05:59:52.523 I/wm_activity_launch_time( 1146): [0,223343188,com.android.soundrecorder/.SoundRecorder,219]
10-19 05:59:52.543 I/input_focus( 1146): [Focus entering 18650ee com.android.soundrecorder/com.android.soundrecorder.SoundRecorder (server),reason=Window became focusable. Previous reason: NOT_VISIBLE]
10-19 05:59:52.810 I/wm_destroy_activity( 1146): [0,238488712,159,com.android.soundrecorder/.SoundRecorder,finish-imm:idle]
10-19 05:59:52.832 I/wm_on_stop_called( 6285): [238488712,com.android.soundrecorder.SoundRecorder,LIFECYCLER_STOP_ACTIVITY]
10-19 05:59:52.834 I/wm_on_destroy_called( 6285): [238488712,com.android.soundrecorder.SoundRecorder,performDestroy]
10-19 05:59:53.172 I/input_interaction( 1146): Interaction with: 18650ee com.android.soundrecorder/com.android.soundrecorder.SoundRecorder (server), edge-swipe (server), swipe-up (server), PointerEventDispatcher0 (server),
10-19 05:59:55.392 I/view_enqueue_input_event( 6285): [Motion - Cancel,com.android.soundrecorder/com.android.soundrecorder.SoundRecorder]
10-19 05:59:55.392 I/input_interaction( 1146): Interaction with: WindowManager (server), edge-swipe (server), swipe-up (server), PointerEventDispatcher0 (server),
10-19 05:59:55.423 I/dropbox_file_copy( 1146): [/data/tombstones/tombstone_02,98304,SYSTEM_TOMBSTONE]
10-19 05:59:55.436 I/commit_sys_config_file( 1146): [log-files,16451884]
10-19 05:59:55.459 I/commit_sys_config_file( 1146): [log-files,16451908]
10-19 05:59:55.710 I/service_manager_stats( 1146): [100,130,429800]
10-19 05:59:56.628 I/input_interaction( 1146): Interaction with: 18650ee com.android.soundrecorder/com.android.soundrecorder.SoundRecorder (server), edge-swipe (server), swipe-up (server), PointerEventDispatcher0 (server),
10-19 05:59:56.648 I/view_enqueue_input_event( 6285): [Motion - Cancel,com.android.soundrecorder/com.android.soundrecorder.SoundRecorder]
10-19 05:59:56.651 I/input_interaction( 1146): Interaction with: WindowManager (server), edge-swipe (server), swipe-up (server), PointerEventDispatcher0 (server),
10-19 05:59:58.502 I/input_interaction( 1146): Interaction with: 18650ee com.android.soundrecorder/com.android.soundrecorder.SoundRecorder (server), edge-swipe (server), swipe-up (server), PointerEventDispatcher0 (server),
10-19 05:59:58.535 I/view_enqueue_input_event( 6285): [Motion - Cancel,com.android.soundrecorder/com.android.soundrecorder.SoundRecorder]
10-19 05:59:58.539 I/input_interaction( 1146): Interaction with: WindowManager (server), edge-swipe (server), swipe-up (server), PointerEventDispatcher0 (server),
10-19 06:00:00.201 I/input_interaction( 1146): Interaction with: 18650ee com.android.soundrecorder/com.android.soundrecorder.SoundRecorder (server), edge-swipe (server), swipe-up (server), PointerEventDispatcher0 (server),
10-19 06:00:00.224 I/view_enqueue_input_event( 6285): [Motion - Cancel,com.android.soundrecorder/com.android.soundrecorder.SoundRecorder]
10-19 06:00:00.226 I/input_interaction( 1146): Interaction with: WindowManager (server), edge-swipe (server), swipe-up (server), PointerEventDispatcher0 (server),
10-19 06:00:00.371 I/dropbox_file_copy( 1146): [/data/tombstones/tombstone_03,98304,SYSTEM_TOMBSTONE]
10-19 06:00:00.389 I/commit_sys_config_file( 1146): [log-files,16456837]
10-19 06:00:00.413 I/commit_sys_config_file( 1146): [log-files,16456862]
10-19 06:00:00.560 I/wm_finish_activity( 1146): [0,223343188,159,com.android.soundrecorder/.SoundRecorder,app-request]
10-19 06:00:00.560 I/wm_task_moved( 1146): [1,1,8]
10-19 06:00:00.562 I/wm_set_resumed_activity( 1146): [0,com.android.launcher3/.uioverrides.QuickstepLauncher,positionChildAt]
10-19 06:00:00.562 I/wm_on_top_resumed_lost_called( 6285): [223343188,com.android.soundrecorder.SoundRecorder,topStateChangedWhenResumed]
10-19 06:00:00.562 I/wm_task_moved( 1146): [10,1,2147483647]
10-19 06:00:00.563 I/wm_task_to_front( 1146): [0,10]
10-19 06:00:00.563 I/wm_focused_root_task( 1146): [0,0,1,-1,finish-top adjustFocusToNextFocusableTask]
10-19 06:00:00.563 I/wm_set_resumed_activity( 1146): [0,com.android.launcher3/.uioverrides.QuickstepLauncher,finish-top]
10-19 06:00:00.581 I/wm_pause_activity( 1146): [0,223343188,com.android.soundrecorder/.SoundRecorder,userLeaving=false,finish]
10-19 06:00:00.590 I/wm_on_top_resumed_gained_called( 2903): [228154950,com.android.launcher3.uioverrides.QuickstepLauncher,topStateChangedWhenResumed]
10-19 06:00:00.596 I/input_focus( 1146): [Focus request a926fae com.android.launcher3/com.android.launcher3.uioverrides.QuickstepLauncher,reason=UpdateInputWindows]
10-19 06:00:00.598 I/wm_on_paused_called( 6285): [223343188,com.android.soundrecorder.SoundRecorder,performPause]
10-19 06:00:00.609 I/input_focus( 1146): [Focus leaving 18650ee com.android.soundrecorder/com.android.soundrecorder.SoundRecorder (server),reason=NO_WINDOW]
10-19 06:00:00.609 I/input_focus( 1146): [Focus entering a926fae com.android.launcher3/com.android.launcher3.uioverrides.QuickstepLauncher (server),reason=setFocusedWindow]
10-19 06:00:00.612 I/wm_destroy_activity( 1146): [0,223343188,159,com.android.soundrecorder/.SoundRecorder,finish-imm:completePausedLocked]
10-19 06:00:00.639 I/sysui_multi_action( 1146): [757,803,799,window_time_2,802,8]
10-19 06:00:00.665 I/wm_on_stop_called( 6285): [223343188,com.android.soundrecorder.SoundRecorder,LIFECYCLER_STOP_ACTIVITY]
10-19 06:00:00.668 I/wm_on_destroy_called( 6285): [223343188,com.android.soundrecorder.SoundRecorder,performDestroy]
10-19 06:00:00.921 I/wm_task_removed( 1146): [159,removeChild:removeChild last r=ActivityRecord{d4ff254 u0 com.android.soundrecorder/.SoundRecorder t-1 f}} in t=Task{ef8702b #159 type=standard A=10063:com.android.soundrecorder U=0 visible=false mode=freeform translucent=true sz=0}]
10-19 06:00:00.922 I/wm_task_removed( 1146): [159,removeChild]
10-19 06:00:02.829 I/input_interaction( 1146): Interaction with: a926fae com.android.launcher3/com.android.launcher3.uioverrides.QuickstepLauncher (server), 1c10e44 com.android.systemui.ImageWallpaper (server), edge-swipe (server), swipe-up (server), PointerEventDispatcher0 (server),
10-19 06:00:04.114 I/wm_task_created( 1146): [160,-1]
10-19 06:00:04.136 I/wm_task_moved( 1146): [160,1,8]
10-19 06:00:04.136 I/wm_task_to_front( 1146): [0,160]
10-19 06:00:04.137 I/wm_create_task( 1146): [0,160]
10-19 06:00:04.137 I/wm_create_activity( 1146): [0,229560426,160,com.android.soundrecorder/.SoundRecorder,NULL,NULL,NULL,268468224]
10-19 06:00:04.137 I/wm_task_moved( 1146): [160,1,8]
10-19 06:00:04.143 I/wm_restart_activity( 1146): [0,229560426,160,com.android.soundrecorder/.SoundRecorder]
10-19 06:00:04.145 I/wm_set_resumed_activity( 1146): [0,com.android.soundrecorder/.SoundRecorder,minimalResumeActivityLocked]
10-19 06:00:04.164 I/wm_on_top_resumed_lost_called( 2903): [228154950,com.android.launcher3.uioverrides.QuickstepLauncher,topStateChangedWhenResumed]
10-19 06:00:04.185 I/wm_on_create_called( 6285): [229560426,com.android.soundrecorder.SoundRecorder,performCreate]
10-19 06:00:04.186 I/wm_on_start_called( 6285): [229560426,com.android.soundrecorder.SoundRecorder,handleStartActivity]
10-19 06:00:04.187 I/wm_on_resume_called( 6285): [229560426,com.android.soundrecorder.SoundRecorder,RESUME_ACTIVITY]
10-19 06:00:04.194 I/wm_on_top_resumed_gained_called( 6285): [229560426,com.android.soundrecorder.SoundRecorder,topStateChangedWhenResumed]
10-19 06:00:04.205 I/input_focus( 1146): [Focus request 454890e com.android.soundrecorder/com.android.soundrecorder.SoundRecorder,reason=UpdateInputWindows]
10-19 06:00:04.234 I/input_focus( 1146): [Focus leaving a926fae com.android.launcher3/com.android.launcher3.uioverrides.QuickstepLauncher (server),reason=Waiting for window because NOT_VISIBLE]
10-19 06:00:04.235 I/sysui_multi_action( 1146): [319,128,322,126,325,16515,757,761,758,8,759,2,806,com.android.soundrecorder,871,com.android.soundrecorder.SoundRecorder,904,com.android.launcher3,905,0,1320,4,1321,1]
10-19 06:00:04.238 I/wm_activity_launch_time( 1146): [0,229560426,com.android.soundrecorder/.SoundRecorder,126]
10-19 06:00:04.252 I/input_focus( 1146): [Focus entering 454890e com.android.soundrecorder/com.android.soundrecorder.SoundRecorder (server),reason=Window became focusable. Previous reason: NOT_VISIBLE]
10-19 06:00:04.746 I/liblog (11486): 2
10-19 06:00:04.746 I/liblog (11486): 3
10-19 06:00:04.746 I/liblog (11486): 35
10-19 06:00:04.747 I/liblog (11486): 3
10-19 06:00:04.747 I/liblog (11486): 9
10-19 06:00:04.747 I/liblog (11486): 3
10-19 06:00:04.747 I/liblog (11486): 5
10-19 06:00:04.747 I/liblog (11486): 6
10-19 06:00:04.747 I/liblog (11486): 3
10-19 06:00:04.747 I/liblog (11486): 3
10-19 06:00:04.747 I/liblog (11486): 10
10-19 06:00:04.747 I/liblog (11486): 4
10-19 06:00:04.748 I/liblog (11486): 3
10-19 06:00:04.748 I/liblog (11486): 3
10-19 06:00:04.748 I/liblog (11486): 4
10-19 06:00:04.748 I/liblog (11486): 7
10-19 06:00:04.748 I/liblog (11486): 5
10-19 06:00:04.748 I/liblog (11486): 6
10-19 06:00:04.748 I/liblog (11486): 6
10-19 06:00:04.749 I/liblog (11486): 10
10-19 06:00:04.749 I/liblog (11486): 3
10-19 06:00:04.749 I/liblog (11486): 3
10-19 06:00:04.749 I/liblog (11486): 5
10-19 06:00:04.749 I/liblog (11486): 3
10-19 06:00:04.749 I/liblog (11486): 2
10-19 06:00:04.749 I/liblog (11486): 6
10-19 06:00:04.749 I/liblog (11486): 4
10-19 06:00:04.750 I/liblog (11486): 9
10-19 06:00:04.750 I/liblog (11486): 3
10-19 06:00:04.750 I/liblog (11486): 4
10-19 06:00:04.750 I/liblog (11486): 3
10-19 06:00:04.750 I/liblog (11486): 11
10-19 06:00:04.750 I/liblog (11486): 3
10-19 06:00:04.750 I/liblog (11486): 4
10-19 06:00:04.750 I/liblog (11486): 3
10-19 06:00:04.750 I/liblog (11486): 3
10-19 06:00:04.750 I/liblog (11486): 4
10-19 06:00:04.751 I/liblog (11486): 4
10-19 06:00:04.751 I/liblog (11486): 4
10-19 06:00:04.751 I/liblog (11486): 4
10-19 06:00:04.751 I/liblog (11486): 8
10-19 06:00:04.751 I/liblog (11486): 4
10-19 06:00:04.751 I/liblog (11486): 5
10-19 06:00:04.751 I/liblog (11486): 4
10-19 06:00:04.751 I/liblog (11486): 2
10-19 06:00:04.751 I/liblog (11486): 6
10-19 06:00:04.751 I/liblog (11486): 4
10-19 06:00:04.752 I/liblog (11486): 4
10-19 06:00:04.752 I/liblog (11486): 3
10-19 06:00:04.752 I/liblog (11486): 3
10-19 06:00:04.752 I/liblog (11486): 3
10-19 06:00:04.752 I/liblog (11486): 1
10-19 06:00:04.752 I/liblog (11486): 7
10-19 06:00:04.752 I/liblog (11486): 2
10-19 06:00:04.752 I/liblog (11486): 3
10-19 06:00:04.752 I/liblog (11486): 3
10-19 06:00:04.752 I/liblog (11486): 4
10-19 06:00:04.753 I/liblog (11486): 2
10-19 06:00:04.753 I/liblog (11486): 3
10-19 06:00:04.753 I/liblog (11486): 2
10-19 06:00:04.753 I/liblog (11486): 3
10-19 06:00:04.753 I/liblog (11486): 4
10-19 06:00:04.753 I/liblog (11486): 3
10-19 06:00:04.753 I/liblog (11486): 6
10-19 06:00:04.753 I/liblog (11486): 4
10-19 06:00:04.753 I/liblog (11486): 5
10-19 06:00:04.753 I/liblog (11486): 4
10-19 06:00:04.753 I/liblog (11486): 3
10-19 06:00:04.754 I/liblog (11486): 6
10-19 06:00:04.754 I/liblog (11486): 4
10-19 06:00:04.754 I/liblog (11486): 4
10-19 06:00:04.754 I/liblog (11486): 4
10-19 06:00:04.754 I/liblog (11486): 4
10-19 06:00:04.754 I/liblog (11486): 4
10-19 06:00:04.754 I/liblog (11486): 4
10-19 06:00:04.754 I/liblog (11486): 4
10-19 06:00:04.754 I/liblog (11486): 4
10-19 06:00:04.754 I/liblog (11486): 4
10-19 06:00:04.754 I/liblog (11486): 8
10-19 06:00:04.755 I/liblog (11486): 12
10-19 06:00:04.755 I/liblog (11486): 3
10-19 06:00:04.755 I/liblog (11486): 3
10-19 06:00:04.755 I/liblog (11486): 3
10-19 06:00:04.755 I/liblog (11486): 3
10-19 06:00:04.755 I/liblog (11486): 13
10-19 06:00:04.755 I/liblog (11486): 3
10-19 06:00:04.755 I/liblog (11486): 3
10-19 06:00:04.756 I/liblog (11486): 12
10-19 06:00:04.756 I/liblog (11486): 2
10-19 06:00:04.756 I/liblog (11486): 6
10-19 06:00:05.352 I/dropbox_file_copy( 1146): [/data/tombstones/tombstone_04,98304,SYSTEM_TOMBSTONE]
10-19 06:00:05.357 I/commit_sys_config_file( 1146): [log-files,16461805]
10-19 06:00:05.376 I/commit_sys_config_file( 1146): [log-files,16461824]
10-19 06:00:10.615 I/dropbox_file_copy( 1146): [/data/tombstones/tombstone_05,98304,SYSTEM_TOMBSTONE]
10-19 06:00:10.620 I/commit_sys_config_file( 1146): [log-files,16467068]
10-19 06:00:10.645 I/commit_sys_config_file( 1146): [log-files,16467093]
10-19 06:00:10.689 I/input_interaction( 1146): Interaction with: 454890e com.android.soundrecorder/com.android.soundrecorder.SoundRecorder (server), edge-swipe (server), swipe-up (server), PointerEventDispatcher0 (server),
10-19 06:00:10.897 I/wm_relaunch_resume_activity( 1146): [0,229560426,160,com.android.soundrecorder/.SoundRecorder]
10-19 06:00:10.898 I/wm_add_to_stopping( 1146): [0,228154950,com.android.launcher3/.uioverrides.QuickstepLauncher,makeInvisible]
10-19 06:00:10.903 I/dvm_lock_sample( 1146): [system_server,1,android.anim,88,WindowAnimator.java,103,void com.android.server.wm.WindowAnimator.lambda$new$1$WindowAnimator(long),TaskSnapshotCache.java,68,android.window.TaskSnapshot com.android.server.wm.TaskSnapshotCache.getSnapshot(int, int, boolean, boolean),17]
10-19 06:00:10.906 I/wm_on_top_resumed_lost_called( 6285): [229560426,com.android.soundrecorder.SoundRecorder,pausing]
10-19 06:00:10.917 I/wm_on_paused_called( 6285): [229560426,com.android.soundrecorder.SoundRecorder,performPause]
10-19 06:00:10.936 I/wm_on_stop_called( 6285): [229560426,com.android.soundrecorder.SoundRecorder,handleRelaunchActivity]
10-19 06:00:10.938 I/wm_on_destroy_called( 6285): [229560426,com.android.soundrecorder.SoundRecorder,performDestroy]
10-19 06:00:10.960 I/wm_on_create_called( 6285): [229560426,com.android.soundrecorder.SoundRecorder,performCreate]
10-19 06:00:10.961 I/wm_on_start_called( 6285): [229560426,com.android.soundrecorder.SoundRecorder,handleStartActivity]
10-19 06:00:10.963 I/wm_on_resume_called( 6285): [229560426,com.android.soundrecorder.SoundRecorder,RESUME_ACTIVITY]
10-19 06:00:10.963 I/wm_on_top_resumed_gained_called( 6285): [229560426,com.android.soundrecorder.SoundRecorder,topWhenResuming]
10-19 06:00:11.349 I/wm_stop_activity( 1146): [0,228154950,com.android.launcher3/.uioverrides.QuickstepLauncher]
10-19 06:00:11.351 I/wm_on_paused_called( 2903): [228154950,com.android.launcher3.uioverrides.QuickstepLauncher,performPause]
10-19 06:00:11.357 I/wm_on_stop_called( 2903): [228154950,com.android.launcher3.uioverrides.QuickstepLauncher,STOP_ACTIVITY_ITEM]
10-19 06:00:12.465 I/view_enqueue_input_event( 6285): [Motion - Cancel,com.android.soundrecorder/com.android.soundrecorder.SoundRecorder]
10-19 06:00:12.475 I/input_interaction( 1146): Interaction with: edge-swipe (server), swipe-up (server), PointerEventDispatcher0 (server),
10-19 06:00:13.026 I/sysui_multi_action( 1146): [757,803,799,key_back_press,802,1]
10-19 06:00:13.034 I/input_interaction( 1146): Interaction with: 454890e com.android.soundrecorder/com.android.soundrecorder.SoundRecorder (server), PointerEventDispatcher0 (server),
10-19 06:00:13.047 I/wm_task_moved( 1146): [160,0,0]
10-19 06:00:13.050 I/wm_focused_root_task( 1146): [0,0,1,160,moveTaskToBackLocked]
10-19 06:00:13.050 I/wm_on_top_resumed_lost_called( 6285): [229560426,com.android.soundrecorder.SoundRecorder,topStateChangedWhenResumed]
10-19 06:00:13.051 I/wm_add_to_stopping( 1146): [0,229560426,com.android.soundrecorder/.SoundRecorder,makeInvisible]
10-19 06:00:13.055 I/wm_pause_activity( 1146): [0,229560426,com.android.soundrecorder/.SoundRecorder,userLeaving=false,pauseBackTasks]
10-19 06:00:13.059 I/wm_set_resumed_activity( 1146): [0,com.android.launcher3/.uioverrides.QuickstepLauncher,resumeTopActivityInnerLocked]
10-19 06:00:13.060 I/wm_resume_activity( 1146): [0,228154950,10,com.android.launcher3/.uioverrides.QuickstepLauncher]
10-19 06:00:13.069 I/wm_on_paused_called( 6285): [229560426,com.android.soundrecorder.SoundRecorder,performPause]
10-19 06:00:13.085 I/input_focus( 1146): [Focus leaving 454890e com.android.soundrecorder/com.android.soundrecorder.SoundRecorder (server),reason=NO_WINDOW]
10-19 06:00:13.088 I/sysui_multi_action( 1146): [757,803,799,window_time_0,802,13]
10-19 06:00:13.094 I/wm_on_restart_called( 2903): [228154950,com.android.launcher3.uioverrides.QuickstepLauncher,performRestartActivity]
10-19 06:00:13.095 I/wm_on_start_called( 2903): [228154950,com.android.launcher3.uioverrides.QuickstepLauncher,handleStartActivity]
10-19 06:00:13.095 I/wm_on_resume_called( 2903): [228154950,com.android.launcher3.uioverrides.QuickstepLauncher,RESUME_ACTIVITY]
10-19 06:00:13.096 I/wm_on_top_resumed_gained_called( 2903): [228154950,com.android.launcher3.uioverrides.QuickstepLauncher,topStateChangedWhenResumed]
10-19 06:00:13.111 I/input_focus( 1146): [Focus request a926fae com.android.launcher3/com.android.launcher3.uioverrides.QuickstepLauncher,reason=UpdateInputWindows]
10-19 06:00:13.176 I/input_focus( 1146): [Focus entering a926fae com.android.launcher3/com.android.launcher3.uioverrides.QuickstepLauncher (server),reason=Window became focusable. Previous reason: NOT_VISIBLE]
10-19 06:00:13.538 I/wm_stop_activity( 1146): [0,229560426,com.android.soundrecorder/.SoundRecorder]
10-19 06:00:13.587 I/wm_on_stop_called( 6285): [229560426,com.android.soundrecorder.SoundRecorder,STOP_ACTIVITY_ITEM]
10-19 06:00:14.248 I/input_interaction( 1146): Interaction with: a926fae com.android.launcher3/com.android.launcher3.uioverrides.QuickstepLauncher (server), 1c10e44 com.android.systemui.ImageWallpaper (server), edge-swipe (server), swipe-up (server), PointerEventDispatcher0 (server),
10-19 06:00:14.833 I/liblog (11511): 285
10-19 06:00:14.833 I/liblog (11511): 1
10-19 06:00:14.834 I/liblog (11511): 1
10-19 06:00:14.834 I/liblog (11511): 1
10-19 06:00:14.834 I/liblog (11511): 1
10-19 06:00:14.834 I/liblog (11511): 1
10-19 06:00:14.834 I/liblog (11511): 2
10-19 06:00:14.834 I/liblog (11511): 1
10-19 06:00:14.834 I/liblog (11511): 1
10-19 06:00:14.834 I/liblog (11511): 1
10-19 06:00:14.834 I/liblog (11511): 1
10-19 06:00:14.834 I/liblog (11511): 1
10-19 06:00:14.834 I/liblog (11511): 1
10-19 06:00:14.834 I/liblog (11511): 1
10-19 06:00:14.836 I/liblog (11511): 12
10-19 06:00:14.836 I/liblog (11511): 1
10-19 06:00:14.836 I/liblog (11511): 1
10-19 06:00:14.836 I/liblog (11511): 1
10-19 06:00:14.837 I/liblog (11511): 1
10-19 06:00:14.837 I/liblog (11511): 1
10-19 06:00:14.837 I/liblog (11511): 34
10-19 06:00:14.837 I/liblog (11511): 2
10-19 06:00:14.837 I/liblog (11511): 2
10-19 06:00:14.837 I/liblog (11511): 1
10-19 06:00:14.837 I/liblog (11511): 1
10-19 06:00:14.837 I/liblog (11511): 1
10-19 06:00:14.839 I/liblog (11511): 79
10-19 06:00:14.839 I/liblog (11511): 1
10-19 06:00:14.839 I/liblog (11511): 1
10-19 06:00:14.839 I/liblog (11511): 1
10-19 06:00:14.839 I/liblog (11511): 1
10-19 06:00:14.839 I/liblog (11511): 1
10-19 06:00:14.839 I/liblog (11511): 1
10-19 06:00:14.839 I/liblog (11511): 1
10-19 06:00:14.840 I/liblog (11511): 18
10-19 06:00:14.840 I/liblog (11511): 2
10-19 06:00:14.841 I/liblog (11511): 2
10-19 06:00:15.428 I/dropbox_file_copy( 1146): [/data/tombstones/tombstone_06,98304,SYSTEM_TOMBSTONE]
10-19 06:00:15.439 I/commit_sys_config_file( 1146): [log-files,16471887]
10-19 06:00:15.457 I/commit_sys_config_file( 1146): [log-files,16471905]
10-19 06:00:15.698 I/wm_task_moved( 1146): [160,1,8]
10-19 06:00:15.698 I/wm_task_to_front( 1146): [0,160]
10-19 06:00:15.699 I/wm_focused_root_task( 1146): [0,0,160,1,bringingFoundTaskToFront]
10-19 06:00:15.700 I/wm_set_resumed_activity( 1146): [0,com.android.soundrecorder/.SoundRecorder,bringingFoundTaskToFront]
10-19 06:00:15.704 I/wm_relaunch_resume_activity( 1146): [0,229560426,160,com.android.soundrecorder/.SoundRecorder]
10-19 06:00:15.706 I/wm_set_resumed_activity( 1146): [0,com.android.soundrecorder/.SoundRecorder,resumeTopActivityInnerLocked]
10-19 06:00:15.708 I/wm_resume_activity( 1146): [0,229560426,160,com.android.soundrecorder/.SoundRecorder]
10-19 06:00:15.711 I/wm_finish_activity( 1146): [0,229560426,160,com.android.soundrecorder/.SoundRecorder,clear-task-all]
10-19 06:00:15.713 I/wm_pause_activity( 1146): [0,229560426,com.android.soundrecorder/.SoundRecorder,userLeaving=false,finish]
10-19 06:00:15.717 I/wm_task_moved( 1146): [160,1,8]
10-19 06:00:15.718 I/wm_create_activity( 1146): [0,200177327,160,com.android.soundrecorder/.SoundRecorder,NULL,NULL,NULL,272662528]
10-19 06:00:15.724 I/wm_on_top_resumed_lost_called( 2903): [228154950,com.android.launcher3.uioverrides.QuickstepLauncher,topStateChangedWhenResumed]
10-19 06:00:15.740 I/wm_on_destroy_called( 6285): [229560426,com.android.soundrecorder.SoundRecorder,performDestroy]
10-19 06:00:15.766 I/wm_on_create_called( 6285): [229560426,com.android.soundrecorder.SoundRecorder,performCreate]
10-19 06:00:15.767 I/wm_on_start_called( 6285): [229560426,com.android.soundrecorder.SoundRecorder,handleStartActivity]
10-19 06:00:15.772 I/wm_on_resume_called( 6285): [229560426,com.android.soundrecorder.SoundRecorder,RESUME_ACTIVITY]
10-19 06:00:15.779 I/wm_on_paused_called( 6285): [229560426,com.android.soundrecorder.SoundRecorder,performPause]
10-19 06:00:15.780 I/wm_add_to_stopping( 1146): [0,229560426,com.android.soundrecorder/.SoundRecorder,completeFinishing]
10-19 06:00:15.784 I/wm_restart_activity( 1146): [0,200177327,160,com.android.soundrecorder/.SoundRecorder]
10-19 06:00:15.790 I/wm_set_resumed_activity( 1146): [0,com.android.soundrecorder/.SoundRecorder,minimalResumeActivityLocked]
10-19 06:00:15.794 I/sysui_multi_action( 1146): [757,803,799,window_time_0,802,2]
10-19 06:00:15.847 I/wm_on_create_called( 6285): [200177327,com.android.soundrecorder.SoundRecorder,performCreate]
10-19 06:00:15.848 I/wm_on_start_called( 6285): [200177327,com.android.soundrecorder.SoundRecorder,handleStartActivity]
10-19 06:00:15.849 I/wm_on_resume_called( 6285): [200177327,com.android.soundrecorder.SoundRecorder,RESUME_ACTIVITY]
10-19 06:00:15.858 I/wm_on_top_resumed_gained_called( 6285): [200177327,com.android.soundrecorder.SoundRecorder,topStateChangedWhenResumed]
10-19 06:00:15.885 I/input_focus( 1146): [Focus request bbee131 com.android.soundrecorder/com.android.soundrecorder.SoundRecorder,reason=UpdateInputWindows]
10-19 06:00:15.911 I/input_focus( 1146): [Focus leaving a926fae com.android.launcher3/com.android.launcher3.uioverrides.QuickstepLauncher (server),reason=Waiting for window because NOT_VISIBLE]
10-19 06:00:15.915 I/wm_activity_launch_time( 1146): [0,200177327,com.android.soundrecorder/.SoundRecorder,218]
10-19 06:00:15.927 I/input_focus( 1146): [Focus entering bbee131 com.android.soundrecorder/com.android.soundrecorder.SoundRecorder (server),reason=Window became focusable. Previous reason: NOT_VISIBLE]
10-19 06:00:16.199 I/wm_destroy_activity( 1146): [0,229560426,160,com.android.soundrecorder/.SoundRecorder,finish-imm:idle]
10-19 06:00:16.217 I/wm_on_stop_called( 6285): [229560426,com.android.soundrecorder.SoundRecorder,LIFECYCLER_STOP_ACTIVITY]
10-19 06:00:16.219 I/wm_on_destroy_called( 6285): [229560426,com.android.soundrecorder.SoundRecorder,performDestroy]
10-19 06:00:18.271 I/input_interaction( 1146): Interaction with: bbee131 com.android.soundrecorder/com.android.soundrecorder.SoundRecorder (server), edge-swipe (server), swipe-up (server), PointerEventDispatcher0 (server),
10-19 06:00:18.476 I/wm_relaunch_resume_activity( 1146): [0,200177327,160,com.android.soundrecorder/.SoundRecorder]
10-19 06:00:18.477 I/wm_add_to_stopping( 1146): [0,228154950,com.android.launcher3/.uioverrides.QuickstepLauncher,makeInvisible]
10-19 06:00:18.485 I/wm_on_top_resumed_lost_called( 6285): [200177327,com.android.soundrecorder.SoundRecorder,pausing]
10-19 06:00:18.490 I/wm_on_paused_called( 6285): [200177327,com.android.soundrecorder.SoundRecorder,performPause]
10-19 06:00:18.505 I/wm_on_stop_called( 6285): [200177327,com.android.soundrecorder.SoundRecorder,handleRelaunchActivity]
10-19 06:00:18.506 I/wm_on_destroy_called( 6285): [200177327,com.android.soundrecorder.SoundRecorder,performDestroy]
10-19 06:00:18.525 I/wm_on_create_called( 6285): [200177327,com.android.soundrecorder.SoundRecorder,performCreate]
10-19 06:00:18.526 I/wm_on_start_called( 6285): [200177327,com.android.soundrecorder.SoundRecorder,handleStartActivity]
10-19 06:00:18.527 I/wm_on_resume_called( 6285): [200177327,com.android.soundrecorder.SoundRecorder,RESUME_ACTIVITY]
10-19 06:00:18.527 I/wm_on_top_resumed_gained_called( 6285): [200177327,com.android.soundrecorder.SoundRecorder,topWhenResuming]
10-19 06:00:18.903 I/wm_stop_activity( 1146): [0,228154950,com.android.launcher3/.uioverrides.QuickstepLauncher]
10-19 06:00:18.938 I/wm_on_paused_called( 2903): [228154950,com.android.launcher3.uioverrides.QuickstepLauncher,performPause]
10-19 06:00:18.947 I/wm_on_stop_called( 2903): [228154950,com.android.launcher3.uioverrides.QuickstepLauncher,STOP_ACTIVITY_ITEM]
10-19 06:00:19.268 I/am_uid_idle( 1146): 10069
10-19 06:00:19.309 I/view_enqueue_input_event( 6285): [Motion - Cancel,com.android.soundrecorder/com.android.soundrecorder.SoundRecorder]
10-19 06:00:19.319 I/input_interaction( 1146): Interaction with: edge-swipe (server), swipe-up (server), PointerEventDispatcher0 (server),
10-19 06:00:19.457 I/input_interaction( 1146): Interaction with: bbee131 com.android.soundrecorder/com.android.soundrecorder.SoundRecorder (server), edge-swipe (server), swipe-up (server), PointerEventDispatcher0 (server),
10-19 06:00:19.539 I/sysui_multi_action( 1146): [757,803,799,key_back_press,802,1]
10-19 06:00:19.545 I/input_interaction( 1146): Interaction with: bbee131 com.android.soundrecorder/com.android.soundrecorder.SoundRecorder (server), PointerEventDispatcher0 (server),
10-19 06:00:19.559 I/wm_task_moved( 1146): [160,0,0]
10-19 06:00:19.564 I/wm_focused_root_task( 1146): [0,0,1,160,moveTaskToBackLocked]
10-19 06:00:19.564 I/wm_on_top_resumed_lost_called( 6285): [200177327,com.android.soundrecorder.SoundRecorder,topStateChangedWhenResumed]
10-19 06:00:19.564 I/wm_add_to_stopping( 1146): [0,200177327,com.android.soundrecorder/.SoundRecorder,makeInvisible]
10-19 06:00:19.566 I/wm_pause_activity( 1146): [0,200177327,com.android.soundrecorder/.SoundRecorder,userLeaving=false,pauseBackTasks]
10-19 06:00:19.571 I/wm_set_resumed_activity( 1146): [0,com.android.launcher3/.uioverrides.QuickstepLauncher,resumeTopActivityInnerLocked]
10-19 06:00:19.572 I/wm_resume_activity( 1146): [0,228154950,10,com.android.launcher3/.uioverrides.QuickstepLauncher]
10-19 06:00:19.581 I/wm_on_paused_called( 6285): [200177327,com.android.soundrecorder.SoundRecorder,performPause]
10-19 06:00:19.587 I/input_focus( 1146): [Focus leaving bbee131 com.android.soundrecorder/com.android.soundrecorder.SoundRecorder (server),reason=NO_WINDOW]
10-19 06:00:19.589 I/sysui_multi_action( 1146): [757,803,799,window_time_2,802,4]
10-19 06:00:19.591 I/wm_on_restart_called( 2903): [228154950,com.android.launcher3.uioverrides.QuickstepLauncher,performRestartActivity]
10-19 06:00:19.592 I/wm_on_start_called( 2903): [228154950,com.android.launcher3.uioverrides.QuickstepLauncher,handleStartActivity]
10-19 06:00:19.592 I/wm_on_resume_called( 2903): [228154950,com.android.launcher3.uioverrides.QuickstepLauncher,RESUME_ACTIVITY]
10-19 06:00:19.593 I/wm_on_top_resumed_gained_called( 2903): [228154950,com.android.launcher3.uioverrides.QuickstepLauncher,topStateChangedWhenResumed]
10-19 06:00:19.619 I/input_focus( 1146): [Focus request a926fae com.android.launcher3/com.android.launcher3.uioverrides.QuickstepLauncher,reason=UpdateInputWindows]
10-19 06:00:19.702 I/input_focus( 1146): [Focus entering a926fae com.android.launcher3/com.android.launcher3.uioverrides.QuickstepLauncher (server),reason=Window became focusable. Previous reason: NOT_VISIBLE]
10-19 06:00:20.062 I/wm_stop_activity( 1146): [0,200177327,com.android.soundrecorder/.SoundRecorder]
10-19 06:00:20.120 I/wm_on_stop_called( 6285): [200177327,com.android.soundrecorder.SoundRecorder,STOP_ACTIVITY_ITEM]
10-19 06:00:20.296 I/input_interaction( 1146): Interaction with: a926fae com.android.launcher3/com.android.launcher3.uioverrides.QuickstepLauncher (server), 1c10e44 com.android.systemui.ImageWallpaper (server), edge-swipe (server), swipe-up (server), PointerEventDispatcher0 (server),
10-19 06:00:20.485 I/dropbox_file_copy( 1146): [/data/tombstones/tombstone_07,98304,SYSTEM_TOMBSTONE]
10-19 06:00:20.494 I/commit_sys_config_file( 1146): [log-files,16476943]
10-19 06:00:20.517 I/commit_sys_config_file( 1146): [log-files,16476965]
10-19 06:00:22.203 I/wm_task_moved( 1146): [160,1,8]
10-19 06:00:22.203 I/wm_task_to_front( 1146): [0,160]
10-19 06:00:22.208 I/wm_focused_root_task( 1146): [0,0,160,1,bringingFoundTaskToFront]
10-19 06:00:22.208 I/wm_set_resumed_activity( 1146): [0,com.android.soundrecorder/.SoundRecorder,bringingFoundTaskToFront]
