10-19 06:11:05.211 V/CamX (13562): [ VERB][UTILS ] camxhashmap.cpp:210 GetInPlace() Key not found
10-19 06:11:05.211 V/CamX (13562): [ VERB][UTILS ] camxhashmap.cpp:210 GetInPlace() Key not found
10-19 06:11:05.211 V/CamX (13562): [ VERB][UTILS ] camxhashmap.cpp:210 GetInPlace() Key not found
10-19 06:11:05.211 V/CamX (13562): [ VERB][UTILS ] camxhashmap.cpp:210 GetInPlace() Key not found
10-19 06:11:05.211 V/CamX (13562): [ VERB][UTILS ] camxhashmap.cpp:210 GetInPlace() Key not found
10-19 06:11:05.211 V/CamX (13562): [ VERB][UTILS ] camxhashmap.cpp:210 GetInPlace() Key not found
10-19 06:11:05.211 V/CamX (13562): [ VERB][UTILS ] camxhashmap.cpp:210 GetInPlace() Key not found
10-19 06:11:05.211 V/CamX (13562): [ VERB][UTILS ] camxhashmap.cpp:210 GetInPlace() Key not found
10-19 06:11:05.211 V/CamX (13562): [ VERB][UTILS ] camxhashmap.cpp:210 GetInPlace() Key not found
10-19 06:11:05.211 V/CamX (13562): [ VERB][UTILS ] camxhashmap.cpp:210 GetInPlace() Key not found
10-19 06:11:05.211 V/CamX (13562): [ VERB][UTILS ] camxhashmap.cpp:210 GetInPlace() Key not found
10-19 06:11:05.211 V/CamX (13562): [ VERB][UTILS ] camxhashmap.cpp:210 GetInPlace() Key not found
10-19 06:11:05.211 V/CamX (13562): [ VERB][UTILS ] camxhashmap.cpp:210 GetInPlace() Key not found
10-19 06:11:05.211 V/CamX (13562): [ VERB][UTILS ] camxhashmap.cpp:210 GetInPlace() Key not found
10-19 06:11:05.212 V/CamX (13562): [ VERB][UTILS ] camxhashmap.cpp:210 GetInPlace() Key not found
10-19 06:11:05.212 V/CamX (13562): [ VERB][UTILS ] camxhashmap.cpp:210 GetInPlace() Key not found
10-19 06:11:05.212 V/CamX (13562): [ VERB][UTILS ] camxhashmap.cpp:210 GetInPlace() Key not found
10-19 06:11:05.212 V/CamX (13562): [ VERB][UTILS ] camxhashmap.cpp:210 GetInPlace() Key not found
10-19 06:11:05.212 V/CamX (13562): [ VERB][UTILS ] camxhashmap.cpp:210 GetInPlace() Key not found
10-19 06:11:05.212 V/CamX (13562): [ VERB][UTILS ] camxhashmap.cpp:210 GetInPlace() Key not found
10-19 06:11:05.212 V/CamX (13562): [ VERB][UTILS ] camxhashmap.cpp:210 GetInPlace() Key not found
10-19 06:11:05.212 V/CamX (13562): [ VERB][UTILS ] camxhashmap.cpp:210 GetInPlace() Key not found
10-19 06:11:05.212 V/CamX (13562): [ VERB][UTILS ] camxhashmap.cpp:210 GetInPlace() Key not found
10-19 06:11:05.212 V/CamX (13562): [ VERB][UTILS ] camxhashmap.cpp:210 GetInPlace() Key not found
10-19 06:11:05.212 V/CamX (13562): [ VERB][UTILS ] camxhashmap.cpp:210 GetInPlace() Key not found
10-19 06:11:05.212 V/CamX (13562): [ VERB][UTILS ] camxhashmap.cpp:210 GetInPlace() Key not found
10-19 06:11:05.212 V/CamX (13562): [ VERB][UTILS ] camxhashmap.cpp:210 GetInPlace() Key not found
10-19 06:11:05.212 V/CamX (13562): [ VERB][UTILS ] camxhashmap.cpp:210 GetInPlace() Key not found
10-19 06:11:05.212 V/CamX (13562): [ VERB][UTILS ] camxhashmap.cpp:210 GetInPlace() Key not found
10-19 06:11:05.212 V/CamX (13562): [ VERB][UTILS ] camxhashmap.cpp:210 GetInPlace() Key not found
10-19 06:11:05.212 V/CamX (13562): [ VERB][UTILS ] camxhashmap.cpp:210 GetInPlace() Key not found
10-19 06:11:05.212 V/CamX (13562): [ VERB][UTILS ] camxhashmap.cpp:210 GetInPlace() Key not found
10-19 06:11:05.212 V/CamX (13562): [ VERB][UTILS ] camxhashmap.cpp:210 GetInPlace() Key not found
10-19 06:11:05.212 V/CamX (13562): [ VERB][UTILS ] camxhashmap.cpp:210 GetInPlace() Key not found
10-19 06:11:05.212 V/CamX (13562): [ VERB][UTILS ] camxhashmap.cpp:210 GetInPlace() Key not found
10-19 06:11:05.212 V/CamX (13562): [ VERB][UTILS ] camxhashmap.cpp:210 GetInPlace() Key not found
10-19 06:11:05.212 V/CamX (13562): [ VERB][UTILS ] camxhashmap.cpp:210 GetInPlace() Key not found
10-19 06:11:05.212 V/CamX (13562): [ VERB][UTILS ] camxhashmap.cpp:210 GetInPlace() Key not found
10-19 06:11:05.212 V/CamX (13562): [ VERB][UTILS ] camxhashmap.cpp:210 GetInPlace() Key not found
10-19 06:11:05.212 V/CamX (13562): [ VERB][UTILS ] camxhashmap.cpp:210 GetInPlace() Key not found
10-19 06:11:05.212 V/CamX (13562): [ VERB][UTILS ] camxhashmap.cpp:210 GetInPlace() Key not found
10-19 06:11:05.212 V/CamX (13562): [ VERB][UTILS ] camxhashmap.cpp:210 GetInPlace() Key not found
10-19 06:11:05.212 V/CamX (13562): [ VERB][UTILS ] camxhashmap.cpp:210 GetInPlace() Key not found
10-19 06:11:05.212 V/CamX (13562): [ VERB][UTILS ] camxhashmap.cpp:210 GetInPlace() Key not found
10-19 06:11:05.212 V/CamX (13562): [ VERB][UTILS ] camxhashmap.cpp:210 GetInPlace() Key not found
10-19 06:11:05.213 V/CamX (13562): [ VERB][UTILS ] camxhashmap.cpp:210 GetInPlace() Key not found
10-19 06:11:05.213 V/CamX (13562): [ VERB][UTILS ] camxhashmap.cpp:210 GetInPlace() Key not found
10-19 06:11:05.213 V/CamX (13562): [ VERB][UTILS ] camxhashmap.cpp:210 GetInPlace() Key not found
10-19 06:11:05.213 V/CamX (13562): [ VERB][UTILS ] camxhashmap.cpp:210 GetInPlace() Key not found
10-19 06:11:05.213 V/CamX (13562): [ VERB][UTILS ] camxhashmap.cpp:210 GetInPlace() Key not found
10-19 06:11:05.213 V/CamX (13562): [ VERB][UTILS ] camxhashmap.cpp:210 GetInPlace() Key not found
10-19 06:11:05.213 V/CamX (13562): [ VERB][UTILS ] camxhashmap.cpp:210 GetInPlace() Key not found
10-19 06:11:05.213 V/CamX (13562): [ VERB][UTILS ] camxhashmap.cpp:210 GetInPlace() Key not found
10-19 06:11:05.213 V/CamX (13562): [ VERB][UTILS ] camxhashmap.cpp:210 GetInPlace() Key not found
10-19 06:11:05.213 V/CamX (13562): [ VERB][UTILS ] camxhashmap.cpp:210 GetInPlace() Key not found
10-19 06:11:05.213 V/CamX (13562): [ VERB][UTILS ] camxhashmap.cpp:210 GetInPlace() Key not found
10-19 06:11:05.213 V/CamX (13562): [ VERB][UTILS ] camxhashmap.cpp:210 GetInPlace() Key not found
10-19 06:11:05.213 V/CamX (13562): [ VERB][UTILS ] camxhashmap.cpp:210 GetInPlace() Key not found
10-19 06:11:05.213 V/CamX (13562): [ VERB][UTILS ] camxhashmap.cpp:210 GetInPlace() Key not found
10-19 06:11:05.213 V/CamX (13562): [ VERB][UTILS ] camxhashmap.cpp:210 GetInPlace() Key not found
10-19 06:11:05.213 V/CamX (13562): [ VERB][UTILS ] camxhashmap.cpp:210 GetInPlace() Key not found
10-19 06:11:05.213 V/CamX (13562): [ VERB][UTILS ] camxhashmap.cpp:210 GetInPlace() Key not found
10-19 06:11:05.213 V/CamX (13562): [ VERB][UTILS ] camxhashmap.cpp:210 GetInPlace() Key not found
10-19 06:11:05.213 V/CamX (13562): [ VERB][UTILS ] camxhashmap.cpp:210 GetInPlace() Key not found
10-19 06:11:05.213 V/CamX (13562): [ VERB][UTILS ] camxhashmap.cpp:210 GetInPlace() Key not found
10-19 06:11:05.213 V/CamX (13562): [ VERB][UTILS ] camxhashmap.cpp:210 GetInPlace() Key not found
10-19 06:11:05.213 V/CamX (13562): [ VERB][UTILS ] camxhashmap.cpp:210 GetInPlace() Key not found
10-19 06:11:05.213 V/CamX (13562): [ VERB][UTILS ] camxhashmap.cpp:210 GetInPlace() Key not found
10-19 06:11:05.213 V/CamX (13562): [ VERB][UTILS ] camxhashmap.cpp:210 GetInPlace() Key not found
10-19 06:11:05.213 V/CamX (13562): [ VERB][UTILS ] camxhashmap.cpp:210 GetInPlace() Key not found
10-19 06:11:05.213 V/CamX (13562): [ VERB][UTILS ] camxhashmap.cpp:210 GetInPlace() Key not found
10-19 06:11:05.218 I/liblog (13562): 318
10-19 06:11:05.218 I/liblog (13562): 4
10-19 06:11:05.218 I/liblog (13562): 4
10-19 06:11:05.218 I/liblog (13562): 3
10-19 06:11:05.218 V/CamX (13562): [ VERB][UTILS ] camxhashmap.cpp:210 GetInPlace() Key not found
10-19 06:11:05.218 I/liblog (13562): 6
10-19 06:11:05.218 I/liblog (13562): 4
10-19 06:11:05.218 V/CamX (13562): [ VERB][UTILS ] camxhashmap.cpp:210 GetInPlace() Key not found
10-19 06:11:05.218 V/CamX (13562): [ VERB][UTILS ] camxhashmap.cpp:210 GetInPlace() Key not found
10-19 06:11:05.218 V/CamX (13562): [ VERB][UTILS ] camxhashmap.cpp:210 GetInPlace() Key not found
10-19 06:11:05.218 I/liblog (13562): 12
10-19 06:11:05.218 I/liblog (13562): 3
10-19 06:11:05.218 I/liblog (13562): 4
10-19 06:11:05.219 V/CamX (13562): [ VERB][UTILS ] camxhashmap.cpp:210 GetInPlace() Key not found
10-19 06:11:05.219 V/CamX (13562): [ VERB][UTILS ] camxhashmap.cpp:210 GetInPlace() Key not found
10-19 06:11:05.219 V/CamX (13562): [ VERB][UTILS ] camxhashmap.cpp:210 GetInPlace() Key not found
10-19 06:11:05.219 I/liblog (13562): 13
10-19 06:11:05.220 I/liblog (13562): 61
10-19 06:11:05.220 I/liblog (13562): 5
10-19 06:11:05.220 I/liblog (13562): 4
10-19 06:11:05.220 I/liblog (13562): 4
10-19 06:11:05.220 I/liblog (13562): 4
10-19 06:11:05.220 I/liblog (13562): 18
10-19 06:11:05.220 I/liblog (13562): 7
10-19 06:11:05.220 I/liblog (13562): 19
10-19 06:11:05.221 I/liblog (13562): 45
10-19 06:11:05.221 E/CamX (13562): [ERROR][CSL ] camxcslhw.cpp:97 CSLInitializeHW() Failed to acquire requestManager invalid
10-19 06:11:05.222 F/libc (13562): Fatal signal 6 (SIGABRT), code -6 (SI_TKILL) in tid 13562 (android.hardwar), pid 13562 (android.hardwar)
10-19 06:11:05.280 I/OMX-VENC: venc_dev( 1306): stats: avg. fps 30.80, bitrate 3201086
10-19 06:11:05.358 I/crash_dump64(13566): obtaining output fd from tombstoned, type: kDebuggerdTombstoneProto
10-19 06:11:05.361 I/tombstoned( 639): received crash request for pid 13562
10-19 06:11:05.364 I/crash_dump64(13566): performing dump of process 13562 (target tid = 13562)
10-19 06:11:05.375 E/DEBUG (13566): failed to read /proc/uptime: Permission denied
01-01 12:58:30.589 I/logd ( 0): logdr: UID=1047 GID=1005 PID=13566 n tail=0 logMask=8 pid=13562 start=0ns deadline=0ns
01-01 12:58:30.604 I/logd ( 0): logdr: UID=1047 GID=1005 PID=13566 n tail=0 logMask=1 pid=13562 start=0ns deadline=0ns
10-19 06:11:05.687 F/DEBUG (13566): *** *** *** *** *** *** *** *** *** *** *** *** *** *** *** ***
10-19 06:11:05.688 F/DEBUG (13566): Build fingerprint: 'TC/figure_CN/figure:12/SKQ1.220201.001/1153:userdebug/test-keys'
10-19 06:11:05.688 F/DEBUG (13566): Revision: '0'
10-19 06:11:05.688 F/DEBUG (13566): ABI: 'arm64'
10-19 06:11:05.688 F/DEBUG (13566): Timestamp: 2022-10-19 06:11:05.373619039+0800
10-19 06:11:05.688 F/DEBUG (13566): Process uptime: 0s
10-19 06:11:05.688 F/DEBUG (13566): Cmdline: /vendor/bin/hw/android.hardware.camera.provider@2.4-service_64
10-19 06:11:05.688 F/DEBUG (13566): pid: 13562, tid: 13562, name: android.hardwar >>> /vendor/bin/hw/android.hardware.camera.provider@2.4-service_64 <<<
10-19 06:11:05.689 F/DEBUG (13566): uid: 1047
10-19 06:11:05.689 F/DEBUG (13566): signal 6 (SIGABRT), code -6 (SI_TKILL), fault addr --------
10-19 06:11:05.689 F/DEBUG (13566): x0 0000000000000000 x1 00000000000034fa x2 0000000000000006 x3 0000000000000000
10-19 06:11:05.689 F/DEBUG (13566): x4 00000000000cd288 x5 00000000000cd288 x6 00000000000cd288 x7 7f7f7f7f7f7f7f7f
10-19 06:11:05.689 F/DEBUG (13566): x8 0000000000000083 x9 6c5e1272e4d09cef x10 0000007fc946ec28 x11 fffffffffffffffd
10-19 06:11:05.689 F/DEBUG (13566): x12 0000007b25989000 x13 0000000000000000 x14 0000007fc946f3b0 x15 0000000034155555
10-19 06:11:05.689 F/DEBUG (13566): x16 0000007e485df5a0 x17 0000007e485bb7c0 x18 0000007e4bc18000 x19 0000007b2405c566
10-19 06:11:05.689 F/DEBUG (13566): x20 b400007b555edf10 x21 0000007e4ae6e000 x22 0000007fc946f88c x23 0000007b247d3aa0
10-19 06:11:05.689 F/DEBUG (13566): x24 0000007b24773fc0 x25 0000007b2471ddb0 x26 0000000000000060 x27 0000000000000000
10-19 06:11:05.689 F/DEBUG (13566): x28 b400007b855e8168 x29 0000007fc949bcd0
10-19 06:11:05.690 F/DEBUG (13566): lr 0000007b246557dc sp 0000007fc946f820 pc 0000007e485bb7cc pst 0000000000001000
10-19 06:11:05.690 F/DEBUG (13566): backtrace:
10-19 06:11:05.690 F/DEBUG (13566): #00 pc 00000000000a17cc /apex/com.android.runtime/lib64/bionic/libc.so (tgkill+12) (BuildId: 369edc656806aeaf384cbeb8f7a347af)
10-19 06:11:05.690 F/DEBUG (13566): #01 pc 00000000006457d8 /vendor/lib64/hw/camera.qcom.so (CamX::HwEnvironment::GetInstance() (.cfi)+6368) (BuildId: 88057213b3d64cf4079a41a142d0488b)
10-19 06:11:05.690 F/DEBUG (13566): #02 pc 0000000000266a50 /vendor/lib64/hw/camera.qcom.so (CamX::HAL3Module::GetInstance()+664) (BuildId: 88057213b3d64cf4079a41a142d0488b)
10-19 06:11:05.690 F/DEBUG (13566): #03 pc 000000000025a294 /vendor/lib64/hw/camera.qcom.so (CamX::get_number_of_cameras() (.cfi)+84) (BuildId: 88057213b3d64cf4079a41a142d0488b)
10-19 06:11:05.690 F/DEBUG (13566): #04 pc 0000000000034908 /vendor/lib64/android.hardware.camera.provider@2.4-legacy.so (android::hardware::camera::common::V1_0::helper::CameraModule::init()+200) (BuildId: c456d5ffa961e6c6954debfeaac86fd5)
10-19 06:11:05.691 F/DEBUG (13566): #05 pc 0000000000026e48 /vendor/lib64/android.hardware.camera.provider@2.4-legacy.so (android::hardware::camera::provider::V2_4::implementation::LegacyCameraProviderImpl_2_4::initialize()+140) (BuildId: c456d5ffa961e6c6954debfeaac86fd5)
10-19 06:11:05.691 F/DEBUG (13566): #06 pc 0000000000026638 /vendor/lib64/android.hardware.camera.provider@2.4-legacy.so (android::hardware::camera::provider::V2_4::implementation::LegacyCameraProviderImpl_2_4::LegacyCameraProviderImpl_2_4()+160) (BuildId: c456d5ffa961e6c6954debfeaac86fd5)
10-19 06:11:05.691 F/DEBUG (13566): #07 pc 000000000000415c /vendor/lib64/hw/android.hardware.camera.provider@2.4-impl.so (android::hardware::camera::provider::V2_4::implementation::CameraProvider* android::hardware::camera::provider::V2_4::implementation::getProviderImpl() (.cfi)+64) (BuildId: 5e2f33df9f94aadf6b2d7d01985be38c)
10-19 06:11:05.691 F/DEBUG (13566): #08 pc 0000000000051d94 /apex/com.android.vndk.v30/lib64/libhidlbase.so (android::hardware::PassthroughServiceManager::get(android::hardware::hidl_string const&, android::hardware::hidl_string const&)::'lambda'(void*, std::__1::basic_string, std::__1::allocator > const&, std::__1::basic_string, std::__1::allocator > const&)::operator()(void*, std::__1::basic_string, std::__1::allocator > const&, std::__1::basic_string, std::__1::allocator > const&) const+96) (BuildId: fc3e2389a057aeefafa6557f6d78a06b)
10-19 06:11:05.691 F/DEBUG (13566): #09 pc 000000000004cdf0 /apex/com.android.vndk.v30/lib64/libhidlbase.so (android::hardware::PassthroughServiceManager::openLibs(std::__1::basic_string, std::__1::allocator > const&, std::__1::function, std::__1::allocator > const&, std::__1::basic_string, std::__1::allocator > const&)> const&)+944) (BuildId: fc3e2389a057aeefafa6557f6d78a06b)
10-19 06:11:05.691 F/DEBUG (13566): #10 pc 00000000000502a0 /apex/com.android.vndk.v30/lib64/libhidlbase.so (android::hardware::PassthroughServiceManager::get(android::hardware::hidl_string const&, android::hardware::hidl_string const&)+92) (BuildId: fc3e2389a057aeefafa6557f6d78a06b)
10-19 06:11:05.691 F/DEBUG (13566): #11 pc 000000000004dd8c /apex/com.android.vndk.v30/lib64/libhidlbase.so (android::hardware::details::getRawServiceInternal(std::__1::basic_string, std::__1::allocator > const&, std::__1::basic_string, std::__1::allocator > const&, bool, bool)+1488) (BuildId: fc3e2389a057aeefafa6557f6d78a06b)
10-19 06:11:05.692 F/DEBUG (13566): #12 pc 000000000004b91c /apex/com.android.vndk.v30/lib64/libhidlbase.so (android::hardware::details::registerPassthroughServiceImplementation(std::__1::basic_string, std::__1::allocator > const&, std::__1::basic_string, std::__1::allocator > const&, std::__1::function const&, std::__1::basic_string, std::__1::allocator > const&)>, std::__1::basic_string, std::__1::allocator > const&)+80) (BuildId: fc3e2389a057aeefafa6557f6d78a06b)
10-19 06:11:05.692 F/DEBUG (13566): #13 pc 000000000004bc9c /apex/com.android.vndk.v30/lib64/libhidlbase.so (android::hardware::registerPassthroughServiceImplementation(std::__1::basic_string, std::__1::allocator > const&, std::__1::basic_string, std::__1::allocator > const&, std::__1::basic_string, std::__1::allocator > const&)+56) (BuildId: fc3e2389a057aeefafa6557f6d78a06b)
10-19 06:11:05.692 F/DEBUG (13566): #14 pc 0000000000001130 /vendor/bin/hw/android.hardware.camera.provider@2.4-service_64 (main.cfi+196) (BuildId: a1ba6e409ca848af1f0b7c62860af7da)
10-19 06:11:05.692 F/DEBUG (13566): #15 pc 000000000004a084 /apex/com.android.runtime/lib64/bionic/libc.so (__libc_init+100) (BuildId: 369edc656806aeaf384cbeb8f7a347af)
10-19 06:11:05.727 W/NativeCrashListener( 1146): Couldn't find ProcessRecord for pid 13562
10-19 06:11:05.728 E/crash_dump64(13566): AM data write failed: Broken pipe
10-19 06:11:05.731 E/tombstoned( 639): Tombstone written to: tombstone_07
01-01 12:58:30.732 I/init ( 0): Untracked pid 13566 exited with status 0
10-19 06:11:05.747 I/BootReceiver( 1146): Copying /data/tombstones/tombstone_07 to DropBox (SYSTEM_TOMBSTONE)
10-19 06:11:05.748 I/DropBoxManagerService( 1146): add tag=SYSTEM_TOMBSTONE isTagEnabled=true flags=0x6
10-19 06:11:05.761 I/dropbox_file_copy( 1146): [/data/tombstones/tombstone_07,98304,SYSTEM_TOMBSTONE]
01-01 12:58:30.749 I/init ( 0): Service 'vendor.camera-provider-2-4' (pid 13562) received signal 6
01-01 12:58:30.758 I/init ( 0): Sending signal 9 to service 'vendor.camera-provider-2-4' (pid 13562) process group...
10-19 06:11:05.776 I/commit_sys_config_file( 1146): [log-files,17122224]
10-19 06:11:05.777 E/NativeTombstoneManager( 1146): Tombstone's UID (1047) not an app, ignoring
10-19 06:11:05.778 I/DropBoxManagerService( 1146): add tag=SYSTEM_TOMBSTONE_PROTO isTagEnabled=true flags=0x4
01-01 12:58:30.779 I/libprocessgroup( 0): Successfully killed process cgroup uid 1047 pid 13562 in 11ms
10-19 06:11:05.797 I/commit_sys_config_file( 1146): [log-files,17122245]
01-01 12:58:30.793 I/init ( 0): Untracked pid 13568 exited with status 0
10-19 06:11:05.837 D/audio_hw_primary( 818): out_set_parameters: enter: usecase(1: low-latency-playback) kvpairs: suspend_playback=false
10-19 06:11:05.838 D/audio_hw_extn( 818): audio_extn_fm_set_parameters: Enter
10-19 06:11:05.839 W/audio_hw_primary( 818): out_write: underrun(910) frames_by_time(48385) > out->last_fifo_frames_remaining(384)
10-19 06:11:05.854 I/mpu_uart( 658): [MSG-P:RECV]:No message received in 1000 ms
01-01 12:58:30.854 D/ ( 0): mv2112_read_status
01-01 12:58:30.858 D/mv2112_update_link( 0): 3.0x901(1G): 0x80
01-01 12:58:30.864 D/mv2112_update_link( 0): 3.0x8109(100M): 0x0
01-01 12:58:30.870 D/mv2112_update_link( 0): link 0x0
10-19 06:11:05.883 D/audio_hw_primary( 818): out_set_parameters: enter: usecase(1: low-latency-playback) kvpairs: suspend_playback=true
10-19 06:11:05.883 D/audio_hw_extn( 818): audio_extn_fm_set_parameters: Enter
01-01 12:58:30.874 D/mv2112_read_status( 0): autoneg is disabled
10-19 06:11:06.258 E/FrameEvents( 2903): updateAcquireFence: Did not find frame.
10-19 06:11:06.287 D/vendor.qti.vibrator( 993): Vibrator perform effect 5
10-19 06:11:06.290 D/vendor.qti.vibrator( 993): Vibrator on for timeoutMs: 1
10-19 06:11:06.293 D/vendor.qti.vibrator( 993): QTI Vibrator off
10-19 06:11:06.294 D/vendor.qti.vibrator( 993): Starting on on another thread
10-19 06:11:06.295 D/vendor.qti.vibrator( 993): Notifying on complete
10-19 06:11:06.308 I/OMX-VENC: venc_dev( 1306): stats: avg. fps 21.41, bitrate 816403
10-19 06:11:06.309 D/vendor.qti.vibrator( 993): Vibrator on for timeoutMs: 21
10-19 06:11:06.312 D/vendor.qti.vibrator( 993): Starting on on another thread
10-19 06:11:06.333 D/vendor.qti.vibrator( 993): Notifying on complete
10-19 06:11:06.334 D/vendor.qti.vibrator( 993): QTI Vibrator off
10-19 06:11:06.343 I/selfinstaller( 1270): IsNetworkReady 467: enter IsNetworkReady
10-19 06:11:06.343 I/selfinstaller( 1270): IsNetworkReady 487: 192.168.0.2 60022
10-19 06:11:06.344 I/selfinstaller( 1270): IsNetworkReady 504: socket handle: 12
10-19 06:11:06.407 I/selfinstaller( 1270): IsNetworkReady 511: socket error: 2 1 6
10-19 06:11:06.407 I/selfinstaller( 1270): IsNetworkReady 512: connect failed: No route to host 113
10-19 06:11:06.407 I/selfinstaller( 1270): create socket failed: No route to host 113
10-19 06:11:06.409 I/selfinstaller( 1270): IsNetworkReady 527: leave IsNetworkReady: false
10-19 06:11:06.409 I/selfinstaller( 1270): operator() 413: network is not ready: 7492
10-19 06:11:06.730 D/FlingToDeleteHelper( 2903): isFlingToDelete = false
10-19 06:11:06.838 D/HotseatController( 2903): adjustPadding: height=732,size=4
10-19 06:11:06.855 I/mpu_uart( 658): [MSG-P:RECV]:No message received in 1000 ms
10-19 06:11:06.884 D/audio_hw_primary( 818): out_set_parameters: enter: usecase(1: low-latency-playback) kvpairs: suspend_playback=false
10-19 06:11:06.885 D/audio_hw_extn( 818): audio_extn_fm_set_parameters: Enter
10-19 06:11:06.885 D/audio_hw_primary( 818): out_standby: enter: stream (0xe6540010) usecase(1: low-latency-playback)
01-01 12:58:31.878 D/ ( 0): mv2112_read_status
01-01 12:58:31.881 D/mv2112_update_link( 0): 3.0x901(1G): 0x80
10-19 06:11:06.893 E/TaskPersister( 1146): File error accessing recents directory (directory doesn't exist?).
01-01 12:58:31.888 D/mv2112_update_link( 0): 3.0x8109(100M): 0x0
01-01 12:58:31.892 I/afe_close( 0): port_id = 0x9000
01-01 12:58:31.894 D/mv2112_update_link( 0): link 0x0
10-19 06:11:06.910 D/audio_hw_primary( 818): disable_audio_route: reset and update mixer path: low-latency-playback
10-19 06:11:06.910 E/soundtrigger( 818): audio_extn_sound_trigger_update_stream_status: invalid input device 0x0, for event 2
10-19 06:11:06.911 D/soundtrigger( 818): audio_extn_sound_trigger_update_stream_status: uc_info->id 1 of type 0 for Event 2, with Raise=0
10-19 06:11:06.911 D/msm8974_platform( 818): platform_split_snd_device: snd_device(2) num devices(0) new_snd_devices(0)
10-19 06:11:06.911 I/msm8974_platform( 818): platform_get_custom_mtmx_params: no matching param with id 0 ip_ch 2 op_ch 2 uc_id 1 snd_dev 2
10-19 06:11:06.911 D/hardware_info( 818): hw_info_append_hw_type : device_name = speaker
10-19 06:11:06.911 D/audio_hw_primary( 818): disable_snd_device: snd_device(2: speaker)
10-19 06:11:06.911 D/msm8974_platform( 818): platform_split_snd_device: snd_device(2) num devices(0) new_snd_devices(0)
10-19 06:11:06.911 I/soundtrigger( 818): audio_extn_sound_trigger_update_device_status: device 0x2 of type 0 for Event 0, with Raise=0
10-19 06:11:06.911 D/audio_hw_primary( 818): out_standby: exit
01-01 12:58:31.901 D/mv2112_read_status( 0): autoneg is disabled
10-19 06:11:06.981 I/mpu_uart( 658): [MSG-P:R]:recv sync frame timeout
10-19 06:11:07.286 I/ActivityTaskManager( 1146): START u0 {flg=0x10008000 cmp=com.android.gallery3d/.app.GalleryActivity} from uid 10082
10-19 06:11:07.287 I/EventSequenceValidator( 1146): inc AccIntentStartedEvents to 2
10-19 06:11:07.294 D/audio_hw_primary( 818): start_output_stream: enter: stream(0xe6540010)usecase(1: low-latency-playback) devices(0x2) is_haptic_usecase(0)
10-19 06:11:07.295 E/ANDR-PERF-TARGET( 972): Error: Invalid logical cluster id 0
10-19 06:11:07.295 E/ANDR-PERF-REQUEST( 972): invalid request
10-19 06:11:07.295 E/ANDR-PERF-MPCTL( 972): invalid request, no optimizations performed
10-19 06:11:07.296 E/audio_hw_extn( 818): audio_extn_perf_lock_acquire: Failed to acquire perf lock, err: -1
10-19 06:11:07.296 E/ANDR-PERF-JNI( 1146): com_qualcomm_qtiperformance_native_perf_io_prefetch_start
10-19 06:11:07.296 D/audio_hw_primary( 818): select_devices for use case (low-latency-playback)
10-19 06:11:07.296 I/msm8974_platform( 818): platform_check_and_set_codec_backend_cfg:becf: afe: bitwidth 16, samplerate 48000 channels 2, backend_idx 0 usecase = 1 device (speaker)
10-19 06:11:07.296 D/msm8974_platform( 818): platform_split_snd_device: snd_device(2) num devices(1) new_snd_devices(0)
10-19 06:11:07.296 I/msm8974_platform( 818): platform_check_and_set_codec_backend_cfg: new_snd_devices[0] is 2
10-19 06:11:07.296 I/msm8974_platform( 818): platform_check_codec_backend_cfg:becf: afe: bitwidth 16, samplerate 48000 channels 2, backend_idx 0 usecase = 1 device (speaker)
10-19 06:11:07.297 I/wm_task_created( 1146): [173,-1]
10-19 06:11:07.298 W/ActivityTaskManager( 1146): Can't find TaskDisplayArea to determine support for multi window. Task id=173 attached=false
10-19 06:11:07.298 D/audio_hw_extn( 818): audio_extn_enable_hifi_filter: mixer_value set 0
10-19 06:11:07.298 D/msm8974_platform( 818): platform_check_codec_backend_cfg:becf: updated afe: bitwidth 16, samplerate 48000 channels 2,backend_idx 0 usecase = 1 device (speaker)
10-19 06:11:07.298 D/msm8974_platform( 818): platform_check_codec_backend_cfg:becf: afe: playback on codec device not supporting native playback set default Sample Rate(48k)
01-01 12:58:32.305 I/afe_find_cal_topo_id_by_port( 0): port id: 0x9000, dev_acdb_id: 0
01-01 12:58:32.312 I/afe_find_cal_topo_id_by_port( 0): top_id:112fc acdb_id:15 afe_port:0x9000
01-01 12:58:32.320 I/afe_get_cal_topology_id( 0): port_id = 0x9000 acdb_id = 15 topology_id = 0x112fc cal_type_index=8 ret=0
01-01 12:58:32.331 I/afe_send_port_topology_id( 0): AFE set topology id 0x112fc enable for port 0x9000 ret 0
01-01 12:58:32.340 I/send_afe_cal_type( 0): cal_index is 0
01-01 12:58:32.344 I/send_afe_cal_type( 0): dev_acdb_id[55] is 0
10-19 06:11:07.298 I/msm8974_platform( 818): platform_check_codec_backend_cfg:becf: afe: Codec selected backend: 0 updated bit width: 16 and sample rate: 48000
10-19 06:11:07.298 D/audio_hw_primary( 818): check_usecases_codec_backend:becf: force routing 0
10-19 06:11:07.298 E/msm8974_platform( 818): platform_check_backends_match: Invalid snd_device =
10-19 06:11:07.298 D/audio_hw_primary( 818): check_usecases_codec_backend:becf: (78) check_usecases curr device: speaker, usecase device: backends match 0
10-19 06:11:07.298 D/audio_hw_primary( 818): check_usecases_codec_backend:becf: check_usecases num.of Usecases to switch 0
10-19 06:11:07.298 D/hardware_info( 818): hw_info_append_hw_type : device_name = speaker
10-19 06:11:07.298 D/msm8974_platform( 818): platform_split_snd_device: snd_device(2) num devices(0) new_snd_devices(0)
10-19 06:11:07.298 D/audio_hw_primary( 818): enable_snd_device: snd_device(2: speaker)
10-19 06:11:07.298 D/msm8974_platform( 818): platform_get_island_cfg_on_device:island cfg status on snd_device = (speaker 0)
10-19 06:11:07.298 I/soundtrigger( 818): audio_extn_sound_trigger_update_device_status: device 0x2 of type 0 for Event 1, with Raise=0
10-19 06:11:07.298 D/audio_route( 818): Apply path: speaker
10-19 06:11:07.298 I/audio_hw_utils( 818): audio_extn_utils_update_stream_output_app_type_cfg Allowing 24 and above bits playback on speaker ONLY at default sampling rate
10-19 06:11:07.299 E/soundtrigger( 818): audio_extn_sound_trigger_update_stream_status: invalid input device 0x0, for event 3
10-19 06:11:07.299 D/soundtrigger( 818): audio_extn_sound_trigger_update_stream_status: uc_info->id 1 of type 0 for Event 3, with Raise=0
10-19 06:11:07.299 D/audio_hw_utils( 818): audio_extn_utils_send_app_type_cfg: usecase->out_snd_device speaker
10-19 06:11:07.299 D/msm8974_platform( 818): platform_split_snd_device: snd_device(2) num devices(0) new_snd_devices(0)
10-19 06:11:07.299 D/audio_hw_utils( 818): audio_extn_btsco_get_sample_rate:Not a BT SCO device, need not update sampling rate
10-19 06:11:07.299 I/audio_hw_utils( 818): send_app_type_cfg_for_device PLAYBACK app_type 69937, acdb_dev_id 15, sample_rate 48000, snd_device_be_idx 179
10-19 06:11:07.299 D/FreeFormWindowHelper( 1146): Add freeform task=Task{711ed5d #173 type=standard ?? U=0 visible=false mode=freeform translucent=true sz=0}
10-19 06:11:07.300 D/msm8974_platform( 818): platform_split_snd_device: snd_device(2) num devices(1) new_snd_devices(0)
10-19 06:11:07.300 D/audio_hw_utils( 818): audio_extn_btsco_get_sample_rate:Not a BT SCO device, need not update sampling rate
10-19 06:11:07.300 D/ACDB-LOADER( 818): ACDB -> send_audio_cal, acdb_id = 15, path = 0, app id = 0x11131, sample rate = 48000, afe_sample_rate = 48000
10-19 06:11:07.300 D/ACDB-LOADER( 818): ACDB -> send_asm_topology
10-19 06:11:07.300 D/ACDB-LOADER( 818): ACDB -> ACDB_CMD_GET_AUDPROC_STREAM_TOPOLOGY_ID
10-19 06:11:07.300 D/ACDB-LOADER( 818): ACDB -> send_adm_topology
10-19 06:11:07.300 D/ACDB-LOADER( 818): ACDB -> ACDB_CMD_GET_AUDPROC_COMMON_TOPOLOGY_ID
10-19 06:11:07.300 D/ACDB-LOADER( 818): ACDB -> send_audtable
10-19 06:11:07.300 D/ACDB-LOADER( 818): ACDB -> ACDB_CMD_GET_AUDPROC_INSTANCE_COMMON_TABLE_SIZE
10-19 06:11:07.300 D/ACDB-LOADER( 818): ACDB -> ACDB_CMD_GET_AUDPROC_INSTANCE_COMMON_TABLE
10-19 06:11:07.300 D/ACDB-LOADER( 818): ACDB -> AUDIO_SET_AUDPROC_CAL cal_type[11] acdb_id[15] app_type[69937]
10-19 06:11:07.301 D/ACDB-LOADER( 818): ACDB -> send_audvoltable
10-19 06:11:07.301 D/ACDB-LOADER( 818): ACDB -> ACDB_CMD_GET_AUDPROC_INSTANCE_GAIN_DEP_STEP_TABLE_SIZE
10-19 06:11:07.301 D/ACDB-LOADER( 818): ACDB -> ACDB_CMD_GET_AUDPROC_INSTANCE_GAIN_DEP_STEP_TABLE, vol index 0
10-19 06:11:07.301 D/ACDB-LOADER( 818): ACDB -> AUDIO_SET_VOL_CAL cal type = 12
10-19 06:11:07.301 D/ACDB-LOADER( 818): ACDB -> ACDB_CMD_GET_AUDPROC_INSTANCE_STREAM_TABLE_SIZE
10-19 06:11:07.301 D/ACDB-LOADER( 818): ACDB -> send_audstrmtable
10-19 06:11:07.301 D/ACDB-LOADER( 818): ACDB -> ACDB_CMD_GET_AUDPROC_INSTANCE_STREAM_TABLE
10-19 06:11:07.301 D/ACDB-LOADER( 818): ACDB -> audstrm_cal->cal_type.cal_data.cal_size = 20
10-19 06:11:07.301 D/ACDB-LOADER( 818): ACDB -> send_afe_topology
10-19 06:11:07.301 D/ACDB-LOADER( 818): ACDB -> ACDB_CMD_GET_AFE_TOPOLOGY_ID
10-19 06:11:07.301 D/ACDB-LOADER( 818): ACDB -> GET_AFE_TOPOLOGY_ID for adcd_id 15, Topology Id 112fc
10-19 06:11:07.301 D/ACDB-LOADER( 818): ACDB -> send_afe_cal
10-19 06:11:07.301 D/ACDB-LOADER( 818): ACDB -> ACDB_CMD_GET_AFE_INSTANCE_COMMON_TABLE_SIZE
10-19 06:11:07.301 D/android.hardware.audio.service( 818): Failed to fetch the lookup information of the device 0000000F
10-19 06:11:07.301 D/ACDB-LOADER( 818): Error: ACDB_CMD_GET_AFE_INSTANCE_COMMON_TABLE_SIZE Returned = -19
10-19 06:11:07.302 D/ACDB-LOADER( 818): ACDB -> ACDB_CMD_GET_AFE_INSTANCE_COMMON_TABLE
10-19 06:11:07.302 D/android.hardware.audio.service( 818): Failed to fetch the lookup information of the device 0000000F
10-19 06:11:07.302 D/ACDB-LOADER( 818): Error: ACDB AFE returned = -19
10-19 06:11:07.302 D/ACDB-LOADER( 818): ACDB -> AUDIO_SET_AFE_CAL cal_type[16] acdb_id[15]
10-19 06:11:07.302 D/ACDB-LOADER( 818): ACDB -> send_hw_delay : acdb_id = 15 path = 0
10-19 06:11:07.302 D/ACDB-LOADER( 818): ACDB -> ACDB_AVSYNC_INFO: ACDB_CMD_GET_DEVICE_PROPERTY
10-19 06:11:07.302 D/msm8974_platform( 818): platform_split_snd_device: snd_device(2) num devices(0) new_snd_devices(0)
10-19 06:11:07.302 I/msm8974_platform( 818): platform_get_custom_mtmx_params: no matching param with id 0 ip_ch 2 op_ch 2 uc_id 1 snd_dev 2
10-19 06:11:07.302 D/audio_hw_primary( 818): enable_audio_route: apply mixer and update path: low-latency-playback
10-19 06:11:07.302 D/audio_route( 818): Apply path: low-latency-playback
10-19 06:11:07.304 D/audio_hw_primary( 818): select_devices: done
10-19 06:11:07.313 I/wm_task_moved( 1146): [173,1,6]
10-19 06:11:07.313 I/wm_task_to_front( 1146): [0,173]
10-19 06:11:07.314 I/wm_create_task( 1146): [0,173]
10-19 06:11:07.314 I/wm_create_activity( 1146): [0,124405408,173,com.android.gallery3d/.app.GalleryActivity,NULL,NULL,NULL,268468224]
10-19 06:11:07.314 I/wm_task_moved( 1146): [173,1,6]
10-19 06:11:07.315 D/CompatibilityInfo( 1146): mCompatibilityFlags - 4
10-19 06:11:07.315 D/CompatibilityInfo( 1146): applicationDensity - 240
10-19 06:11:07.315 D/CompatibilityInfo( 1146): applicationScale - 1.0
10-19 06:11:07.315 V/SplashScreenExceptionList( 1146): SplashScreen checking exception for package com.android.gallery3d (target sdk:29) -> false
10-19 06:11:07.316 I/ActivityTaskManager( 1146): FOREGROUND_APPLICATION_CHANGED to com.android.gallery3d.app.GalleryActivity
10-19 06:11:07.316 I/ActivityTaskManager( 1146): The Process com.android.gallery3d Already Exists in BG. So sending its PID: 12042
10-19 06:11:07.317 W/ActivityTaskManager( 1146): Tried to set launchTime (0) < mLastActivityLaunchTime (17025918)
10-19 06:11:07.318 E/ANDR-IOP( 968): io prefetch is disabled
10-19 06:11:07.318 I/wm_restart_activity( 1146): [0,124405408,173,com.android.gallery3d/.app.GalleryActivity]
10-19 06:11:07.319 D/CompatibilityInfo( 1146): mCompatibilityFlags - 4
10-19 06:11:07.319 D/CompatibilityInfo( 1146): applicationDensity - 240
10-19 06:11:07.319 D/CompatibilityInfo( 1146): applicationScale - 1.0
10-19 06:11:07.319 I/OMX-VENC: venc_dev( 1306): stats: avg. fps 43.51, bitrate 1139123
10-19 06:11:07.320 I/wm_set_resumed_activity( 1146): [0,com.android.gallery3d/.app.GalleryActivity,minimalResumeActivityLocked]
10-19 06:11:07.325 I/dvm_lock_sample( 1146): [system_server,1,android.display,25,TaskChangeNotificationController.java,320,void com.android.server.wm.TaskChangeNotificationController.forAllRemoteListeners(com.android.server.wm.TaskChangeNotificationController$TaskStackConsumer, android.os.Message),ActivityStarter.java,706,int com.android.server.wm.ActivityStarter.execute(),5]
10-19 06:11:07.328 D/StateManager( 2903): goToState: Normal
10-19 06:11:07.331 I/am_uid_active( 1146): 10067
10-19 06:11:07.331 I/wm_on_top_resumed_lost_called( 2903): [228154950,com.android.launcher3.uioverrides.QuickstepLauncher,topStateChangedWhenResumed]
10-19 06:11:07.348 D/CompatibilityInfo( 1146): mCompatibilityFlags - 4
10-19 06:11:07.348 D/CompatibilityInfo( 1146): applicationDensity - 240
10-19 06:11:07.348 D/CompatibilityInfo( 1146): applicationScale - 1.0
01-01 12:58:32.350 I/send_afe_cal_type( 0): Sending cal_index cal 0
01-01 12:58:32.355 E/send_afe_cal_type( 0): No cal sent for cal_index 0, port_id = 0x9000! ret -22
01-01 12:58:32.364 I/afe_send_hw_delay( 0): port_id 0x9000 rate 48000 delay_usec 474 status 0
10-19 06:11:07.378 V/StateManager(12042): startState class com.android.gallery3d.app.AlbumSetPage
10-19 06:11:07.380 I/wm_on_create_called(12042): [124405408,com.android.gallery3d.app.GalleryActivity,performCreate]
10-19 06:11:07.384 I/wm_on_start_called(12042): [124405408,com.android.gallery3d.app.GalleryActivity,handleStartActivity]
10-19 06:11:07.388 D/Gallery.MultiSetSync(12042): onSyncDone: 本地相册 #pending=1
10-19 06:11:07.388 D/Gallery.MultiSetSync(12042): request sync: 本地相册
10-19 06:11:07.388 D/Gallery.MultiSetSync(12042): onSyncDone: picasa #pending=0
10-19 06:11:07.388 D/Gallery.MultiSetSync(12042): request sync: picasa
10-19 06:11:07.392 W/OrientationEventListener(12042): Cannot detect sensors. Not enabled
10-19 06:11:07.392 I/wm_on_resume_called(12042): [124405408,com.android.gallery3d.app.GalleryActivity,RESUME_ACTIVITY]
10-19 06:11:07.400 I/wm_on_top_resumed_gained_called(12042): [124405408,com.android.gallery3d.app.GalleryActivity,topStateChangedWhenResumed]
10-19 06:11:07.400 D/msm8974_platform( 818): platform_set_channel_map mixer_ctl_name:Playback Channel Map9
10-19 06:11:07.401 D/msm8974_platform( 818): platform_set_channel_map: set mapping(1 2 0 0 0 0 0 0) for channel:2
10-19 06:11:07.402 E/audio_hw_extn( 818): audio_extn_perf_lock_release: Perf lock release error
10-19 06:11:07.402 D/audio_hw_primary( 818): start_output_stream: exit
10-19 06:11:07.421 I/input_focus( 1146): [Focus request 7fe2e2a com.android.gallery3d/com.android.gallery3d.app.GalleryActivity,reason=UpdateInputWindows]
10-19 06:11:07.432 I/input_focus( 1146): [Focus leaving a926fae com.android.launcher3/com.android.launcher3.uioverrides.QuickstepLauncher (server),reason=Waiting for window because NOT_VISIBLE]
10-19 06:11:07.453 I/GLRootView(12042): onSurfaceChanged: 630x1120, gl10: com.google.android.gles_jni.GLImpl@20dbe0c
10-19 06:11:07.453 I/GLRootView(12042): layout content pane 630x1120 (compensation 0)
10-19 06:11:07.475 I/GLRootView(12042): onSurfaceChanged: 630x1056, gl10: com.google.android.gles_jni.GLImpl@20dbe0c
10-19 06:11:07.475 I/GLRootView(12042): layout content pane 630x1056 (compensation 0)
10-19 06:11:07.507 I/EventSequenceValidator( 1146): dec AccIntentStartedEvents to 1
10-19 06:11:07.509 I/input_focus( 1146): [Focus entering 7fe2e2a com.android.gallery3d/com.android.gallery3d.app.GalleryActivity (server),reason=Window became focusable. Previous reason: NOT_VISIBLE]
10-19 06:11:07.513 I/sysui_multi_action( 1146): [319,214,322,212,325,17178,757,761,758,8,759,2,806,com.android.gallery3d,871,com.android.gallery3d.app.GalleryActivity,904,com.android.launcher3,905,0,1320,8,1321,5]
10-19 06:11:07.515 I/wm_activity_launch_time( 1146): [0,124405408,com.android.gallery3d/.app.GalleryActivity,212]
10-19 06:11:07.519 I/ActivityTaskManager( 1146): Displayed com.android.gallery3d/.app.GalleryActivity: +212ms
10-19 06:11:07.526 D/Sogou ( 3545): onUnbindInput finish
10-19 06:11:07.529 W/MediaProvider( 3666): Recovered abusive '0,64' from 'content://media/external/images/media?limit=0%2C64'
10-19 06:11:07.532 D/Sogou ( 3545): onFinishInput:
10-19 06:11:07.547 W/MediaProvider( 3666): Recovered abusive '0,64' from 'content://media/external/video/media?limit=0%2C64'
10-19 06:11:07.587 W/MediaProvider( 3666): Recovered abusive '0,64' from 'content://media/external/images/media?limit=0%2C64'
10-19 06:11:07.595 D/audio_hw_primary( 818): out_set_parameters: enter: usecase(1: low-latency-playback) kvpairs: suspend_playback=true
10-19 06:11:07.595 D/audio_hw_extn( 818): audio_extn_fm_set_parameters: Enter
10-19 06:11:07.613 W/MediaProvider( 3666): Recovered abusive '0,64' from 'content://media/external/video/media?limit=0%2C64'
10-19 06:11:07.855 I/mpu_uart( 658): [MSG-P:RECV]:No message received in 1000 ms
01-01 12:58:32.936 D/ ( 0): mv2112_read_status
01-01 12:58:32.940 D/mv2112_update_link( 0): 3.0x901(1G): 0x80
01-01 12:58:32.946 D/mv2112_update_link( 0): 3.0x8109(100M): 0x0
01-01 12:58:32.952 D/mv2112_update_link( 0): link 0x0
01-01 12:58:32.956 D/mv2112_read_status( 0): autoneg is disabled
10-19 06:11:08.328 I/OMX-VENC: venc_dev( 1306): stats: avg. fps 35.67, bitrate 1226068
10-19 06:11:08.596 D/audio_hw_primary( 818): out_set_parameters: enter: usecase(1: low-latency-playback) kvpairs: suspend_playback=false
10-19 06:11:08.596 D/audio_hw_extn( 818): audio_extn_fm_set_parameters: Enter
10-19 06:11:08.596 W/audio_hw_primary( 818): out_write: underrun(911) frames_by_time(48160) > out->last_fifo_frames_remaining(384)
10-19 06:11:08.638 D/audio_hw_primary( 818): out_set_parameters: enter: usecase(1: low-latency-playback) kvpairs: suspend_playback=true
10-19 06:11:08.638 D/audio_hw_extn( 818): audio_extn_fm_set_parameters: Enter
10-19 06:11:08.855 I/mpu_uart( 658): [MSG-P:RECV]:No message received in 1000 ms
01-01 12:58:33.958 D/ ( 0): mv2112_read_status
01-01 12:58:33.961 D/mv2112_update_link( 0): 3.0x901(1G): 0x80
01-01 12:58:33.967 D/mv2112_update_link( 0): 3.0x8109(100M): 0x0
01-01 12:58:33.972 D/mv2112_update_link( 0): link 0x0
01-01 12:58:33.976 D/mv2112_read_status( 0): autoneg is disabled
10-19 06:11:09.639 D/audio_hw_primary( 818): out_set_parameters: enter: usecase(1: low-latency-playback) kvpairs: suspend_playback=false
10-19 06:11:09.640 D/audio_hw_extn( 818): audio_extn_fm_set_parameters: Enter
10-19 06:11:09.641 W/audio_hw_primary( 818): out_write: underrun(912) frames_by_time(48329) > out->last_fifo_frames_remaining(384)
10-19 06:11:09.679 I/input_interaction( 1146): Interaction with: 7fe2e2a com.android.gallery3d/com.android.gallery3d.app.GalleryActivity (server), edge-swipe (server), swipe-up (server), PointerEventDispatcher0 (server),
10-19 06:11:09.684 D/audio_hw_primary( 818): out_set_parameters: enter: usecase(1: low-latency-playback) kvpairs: suspend_playback=true
10-19 06:11:09.684 D/audio_hw_extn( 818): audio_extn_fm_set_parameters: Enter
10-19 06:11:09.856 I/mpu_uart( 658): [MSG-P:RECV]:No message received in 1000 ms
10-19 06:11:09.862 I/OMX-VENC: venc_dev( 1306): stats: avg. fps 5.87, bitrate 189193
10-19 06:11:09.984 I/mpu_uart( 658): [MSG-P:R]:recv sync frame timeout
01-01 12:58:34.982 D/ ( 0): mv2112_read_status
01-01 12:58:34.987 D/mv2112_update_link( 0): 3.0x901(1G): 0x80
01-01 12:58:34.994 D/mv2112_update_link( 0): 3.0x8109(100M): 0x0
01-01 12:58:34.994 I/init ( 0): starting service 'vendor.camera-provider-2-4'...
01-01 12:58:34.999 D/mv2112_update_link( 0): link 0x0
01-01 12:58:35.010 D/mv2112_read_status( 0): autoneg is disabled
01-01 12:58:35.049 I/init ( 0): starting service 'vendor.light-hal-2-0'...
10-19 06:11:10.153 I/hwservicemanager( 506): getTransport: Cannot find entry android.hardware.light@2.0::ILight/default in either framework or device VINTF manifest.
10-19 06:11:10.160 I/android.hardware.camera.provider@2.4-service(13580): CameraProvider@2.4 legacy service is starting.
10-19 06:11:10.162 E/light (13581): light_open lights keyboard failed: -22
10-19 06:11:10.163 E/light (13581): Light passthrough failed to load legacy HAL.
10-19 06:11:10.165 E/light (13581): light_open lights buttons failed: -22
10-19 06:11:10.165 E/light (13581): Light passthrough failed to load legacy HAL.
10-19 06:11:10.171 E/light (13581): light_open lights bluetooth failed: -22
10-19 06:11:10.171 E/light (13581): Light passthrough failed to load legacy HAL.
10-19 06:11:10.173 E/light (13581): light_open lights wifi failed: -22
10-19 06:11:10.173 E/light (13581): Light passthrough failed to load legacy HAL.
10-19 06:11:10.174 I/hwservicemanager( 506): getTransport: Cannot find entry android.hardware.light@2.0::ILight/default in either framework or device VINTF manifest.
10-19 06:11:10.175 E/HidlServiceManagement(13581): Service android.hardware.light@2.0::ILight/default must be in VINTF manifest in order to register/get.
10-19 06:11:10.175 E/LegacySupport(13581): Could not register service android.hardware.light@2.0::ILight/default (-2147483648).
01-01 12:58:35.177 I/init ( 0): Service 'vendor.light-hal-2-0' (pid 13581) exited with status 0
01-01 12:58:35.185 I/init ( 0): Sending signal 9 to service 'vendor.light-hal-2-0' (pid 13581) process group...
01-01 12:58:35.195 I/libprocessgroup( 0): Successfully killed process cgroup uid 1000 pid 13581 in 0ms
10-19 06:11:10.257 I/android.hardware.camera.provider@2.4-service_64(13580): vendor/qcom/proprietary/adsprpc/src/rpcmem_android.c:159: rpcmem_init_internal: opened ION device fd 7, configured heap IDs: system (0x2000000), contig (0x400000), secure (0x200), secure flags (0x80080000)
10-19 06:11:10.257 I/android.hardware.camera.provider@2.4-service_64(13580): vendor/qcom/proprietary/adsprpc/src/fastrpc_apps_user.c:3087: fastrpc_apps_user_init done with default domain:3 and &fastrpc_trace:0x71292d4fa0
10-19 06:11:10.269 I/CamX (13580): [CONFIG][HAL ] camxhal3module.cpp:390 HAL3Module() ***************************************************
10-19 06:11:10.269 I/CamX (13580): [CONFIG][HAL ] camxhal3module.cpp:391 HAL3Module() SHA1: 40bd0bc197631bd71c945a4bb3aa215ee2f5c2f1
10-19 06:11:10.269 I/CamX (13580): [CONFIG][HAL ] camxhal3module.cpp:392 HAL3Module() COMMITID: Ib94c0ba8fb8c6b7a12a24776dd6d7206bd970ed8
10-19 06:11:10.269 I/CamX (13580): [CONFIG][HAL ] camxhal3module.cpp:393 HAL3Module() BUILD TS: 10/19/2022 2:13:52
10-19 06:11:10.269 I/CamX (13580): [CONFIG][HAL ] camxhal3module.cpp:394 HAL3Module() ***************************************************
10-19 06:11:10.301 V/CamX (13580): [ VERB][CORE ] camxoverridesettingsfile.cpp:385 Initialize() Could not find override settings text file at: /vendor/etc/camera/camxoverridesettings.txt
10-19 06:11:10.301 V/CamX (13580): [ VERB][CORE ] camxoverridesettingsfile.cpp:385 Initialize() Could not find override settings text file at: ./camxoverridesettings.txt
10-19 06:11:10.301 V/CamX (13580): [ VERB][UTILS ] camxhashmap.cpp:210 GetInPlace() Key not found
10-19 06:11:10.301 V/CamX (13580): [ VERB][UTILS ] camxhashmap.cpp:210 GetInPlace() Key not found
10-19 06:11:10.301 V/CamX (13580): [ VERB][UTILS ] camxhashmap.cpp:210 GetInPlace() Key not found
10-19 06:11:10.301 V/CamX (13580): [ VERB][UTILS ] camxhashmap.cpp:210 GetInPlace() Key not found
10-19 06:11:10.301 V/CamX (13580): [ VERB][UTILS ] camxhashmap.cpp:210 GetInPlace() Key not found
10-19 06:11:10.301 V/CamX (13580): [ VERB][UTILS ] camxhashmap.cpp:210 GetInPlace() Key not found
10-19 06:11:10.302 V/CamX (13580): [ VERB][UTILS ] camxhashmap.cpp:210 GetInPlace() Key not found
10-19 06:11:10.302 V/CamX (13580): [ VERB][UTILS ] camxhashmap.cpp:210 GetInPlace() Key not found
10-19 06:11:10.302 V/CamX (13580): [ VERB][UTILS ] camxhashmap.cpp:210 GetInPlace() Key not found
10-19 06:11:10.302 V/CamX (13580): [ VERB][UTILS ] camxhashmap.cpp:210 GetInPlace() Key not found
10-19 06:11:10.302 V/CamX (13580): [ VERB][UTILS ] camxhashmap.cpp:210 GetInPlace() Key not found
10-19 06:11:10.302 V/CamX (13580): [ VERB][UTILS ] camxhashmap.cpp:210 GetInPlace() Key not found
10-19 06:11:10.302 V/CamX (13580): [ VERB][UTILS ] camxhashmap.cpp:210 GetInPlace() Key not found
10-19 06:11:10.302 V/CamX (13580): [ VERB][UTILS ] camxhashmap.cpp:210 GetInPlace() Key not found
10-19 06:11:10.302 V/CamX (13580): [ VERB][UTILS ] camxhashmap.cpp:210 GetInPlace() Key not found
10-19 06:11:10.302 V/CamX (13580): [ VERB][UTILS ] camxhashmap.cpp:210 GetInPlace() Key not found
10-19 06:11:10.302 V/CamX (13580): [ VERB][UTILS ] camxhashmap.cpp:210 GetInPlace() Key not found
10-19 06:11:10.302 V/CamX (13580): [ VERB][UTILS ] camxhashmap.cpp:210 GetInPlace() Key not found
10-19 06:11:10.302 V/CamX (13580): [ VERB][UTILS ] camxhashmap.cpp:210 GetInPlace() Key not found
10-19 06:11:10.302 V/CamX (13580): [ VERB][UTILS ] camxhashmap.cpp:210 GetInPlace() Key not found
10-19 06:11:10.302 V/CamX (13580): [ VERB][UTILS ] camxhashmap.cpp:210 GetInPlace() Key not found
10-19 06:11:10.302 V/CamX (13580): [ VERB][UTILS ] camxhashmap.cpp:210 GetInPlace() Key not found
10-19 06:11:10.302 V/CamX (13580): [ VERB][UTILS ] camxhashmap.cpp:210 GetInPlace() Key not found
10-19 06:11:10.302 V/CamX (13580): [ VERB][UTILS ] camxhashmap.cpp:210 GetInPlace() Key not found
10-19 06:11:10.302 V/CamX (13580): [ VERB][UTILS ] camxhashmap.cpp:210 GetInPlace() Key not found
10-19 06:11:10.302 V/CamX (13580): [ VERB][UTILS ] camxhashmap.cpp:210 GetInPlace() Key not found
10-19 06:11:10.302 V/CamX (13580): [ VERB][UTILS ] camxhashmap.cpp:210 GetInPlace() Key not found
10-19 06:11:10.302 V/CamX (13580): [ VERB][UTILS ] camxhashmap.cpp:210 GetInPlace() Key not found
10-19 06:11:10.302 V/CamX (13580): [ VERB][UTILS ] camxhashmap.cpp:210 GetInPlace() Key not found
10-19 06:11:10.302 V/CamX (13580): [ VERB][UTILS ] camxhashmap.cpp:210 GetInPlace() Key not found
10-19 06:11:10.302 V/CamX (13580): [ VERB][UTILS ] camxhashmap.cpp:210 GetInPlace() Key not found
10-19 06:11:10.302 V/CamX (13580): [ VERB][UTILS ] camxhashmap.cpp:210 GetInPlace() Key not found
10-19 06:11:10.302 V/CamX (13580): [ VERB][UTILS ] camxhashmap.cpp:210 GetInPlace() Key not found
10-19 06:11:10.302 V/CamX (13580): [ VERB][UTILS ] camxhashmap.cpp:210 GetInPlace() Key not found
10-19 06:11:10.302 V/CamX (13580): [ VERB][UTILS ] camxhashmap.cpp:210 GetInPlace() Key not found
10-19 06:11:10.302 V/CamX (13580): [ VERB][UTILS ] camxhashmap.cpp:210 GetInPlace() Key not found
10-19 06:11:10.302 V/CamX (13580): [ VERB][UTILS ] camxhashmap.cpp:210 GetInPlace() Key not found
10-19 06:11:10.302 V/CamX (13580): [ VERB][UTILS ] camxhashmap.cpp:210 GetInPlace() Key not found
10-19 06:11:10.302 V/CamX (13580): [ VERB][UTILS ] camxhashmap.cpp:210 GetInPlace() Key not found
10-19 06:11:10.302 V/CamX (13580): [ VERB][UTILS ] camxhashmap.cpp:210 GetInPlace() Key not found
10-19 06:11:10.303 V/CamX (13580): [ VERB][UTILS ] camxhashmap.cpp:210 GetInPlace() Key not found
10-19 06:11:10.303 V/CamX (13580): [ VERB][UTILS ] camxhashmap.cpp:210 GetInPlace() Key not found
10-19 06:11:10.303 V/CamX (13580): [ VERB][UTILS ] camxhashmap.cpp:210 GetInPlace() Key not found
10-19 06:11:10.303 V/CamX (13580): [ VERB][UTILS ] camxhashmap.cpp:210 GetInPlace() Key not found
10-19 06:11:10.303 V/CamX (13580): [ VERB][UTILS ] camxhashmap.cpp:210 GetInPlace() Key not found
10-19 06:11:10.303 V/CamX (13580): [ VERB][UTILS ] camxhashmap.cpp:210 GetInPlace() Key not found
10-19 06:11:10.303 V/CamX (13580): [ VERB][UTILS ] camxhashmap.cpp:210 GetInPlace() Key not found
10-19 06:11:10.303 V/CamX (13580): [ VERB][UTILS ] camxhashmap.cpp:210 GetInPlace() Key not found
10-19 06:11:10.303 V/CamX (13580): [ VERB][UTILS ] camxhashmap.cpp:210 GetInPlace() Key not found
10-19 06:11:10.303 V/CamX (13580): [ VERB][UTILS ] camxhashmap.cpp:210 GetInPlace() Key not found
10-19 06:11:10.303 V/CamX (13580): [ VERB][UTILS ] camxhashmap.cpp:210 GetInPlace() Key not found
10-19 06:11:10.303 V/CamX (13580): [ VERB][UTILS ] camxhashmap.cpp:210 GetInPlace() Key not found
10-19 06:11:10.303 V/CamX (13580): [ VERB][UTILS ] camxhashmap.cpp:210 GetInPlace() Key not found
10-19 06:11:10.303 V/CamX (13580): [ VERB][UTILS ] camxhashmap.cpp:210 GetInPlace() Key not found
10-19 06:11:10.303 V/CamX (13580): [ VERB][UTILS ] camxhashmap.cpp:210 GetInPlace() Key not found
10-19 06:11:10.303 V/CamX (13580): [ VERB][UTILS ] camxhashmap.cpp:210 GetInPlace() Key not found
10-19 06:11:10.303 V/CamX (13580): [ VERB][UTILS ] camxhashmap.cpp:210 GetInPlace() Key not found
10-19 06:11:10.303 V/CamX (13580): [ VERB][UTILS ] camxhashmap.cpp:210 GetInPlace() Key not found
10-19 06:11:10.303 V/CamX (13580): [ VERB][UTILS ] camxhashmap.cpp:210 GetInPlace() Key not found
10-19 06:11:10.303 V/CamX (13580): [ VERB][UTILS ] camxhashmap.cpp:210 GetInPlace() Key not found
10-19 06:11:10.303 V/CamX (13580): [ VERB][UTILS ] camxhashmap.cpp:210 GetInPlace() Key not found
10-19 06:11:10.303 V/CamX (13580): [ VERB][UTILS ] camxhashmap.cpp:210 GetInPlace() Key not found
10-19 06:11:10.303 V/CamX (13580): [ VERB][UTILS ] camxhashmap.cpp:210 GetInPlace() Key not found
10-19 06:11:10.303 V/CamX (13580): [ VERB][UTILS ] camxhashmap.cpp:210 GetInPlace() Key not found
10-19 06:11:10.303 V/CamX (13580): [ VERB][UTILS ] camxhashmap.cpp:210 GetInPlace() Key not found
10-19 06:11:10.303 V/CamX (13580): [ VERB][UTILS ] camxhashmap.cpp:210 GetInPlace() Key not found
10-19 06:11:10.303 V/CamX (13580): [ VERB][UTILS ] camxhashmap.cpp:210 GetInPlace() Key not found
10-19 06:11:10.303 V/CamX (13580): [ VERB][UTILS ] camxhashmap.cpp:210 GetInPlace() Key not found
10-19 06:11:10.303 V/CamX (13580): [ VERB][UTILS ] camxhashmap.cpp:210 GetInPlace() Key not found
10-19 06:11:10.303 V/CamX (13580): [ VERB][UTILS ] camxhashmap.cpp:210 GetInPlace() Key not found
10-19 06:11:10.303 V/CamX (13580): [ VERB][UTILS ] camxhashmap.cpp:210 GetInPlace() Key not found
10-19 06:11:10.304 V/CamX (13580): [ VERB][UTILS ] camxhashmap.cpp:210 GetInPlace() Key not found
