10-19 06:11:03.045 D/LOWI-9.0.0.87.a( 1418): [LOWI-Scan] BSS 18:6f:2d:81:0d:93 FREQ: 5320, cFreq1[40:80:160] = [5320:0:0] cFreq2 = 0 Country Code = CN
10-19 06:11:03.045 D/LOWI-9.0.0.87.a( 1418): [LOWI-Scan] BSS 18:6f:2d:81:0d:93 (wlan0) ASSO: NO AddInfo: 0x1, TSF 0, 04:46:13.796, RSSI: -180, CPL: 127, AGE: 296, SSID Fanya, TSFDelta: 0x3638af57, TXRate: 0
10-19 06:11:03.045 D/LOWI-9.0.0.87.a( 1418): [LOWI-Scan]
10-19 06:11:03.045 D/LOWI-9.0.0.87.a( 1418): [LOWI-Scan] print_bss_handler: Report beacon TSF 17173796600 as it greater than probe TSF 17173796600
10-19 06:11:03.045 D/LOWI-9.0.0.87.a( 1418): [LOWI-Scan] decode_rsn_wpa_ie: LOWI_ENCRYPTION_TYPE_WPA_PSK
10-19 06:11:03.045 D/LOWI-9.0.0.87.a( 1418): [LOWI-Scan] is_qcom_ie, bss_age: 0
10-19 06:11:03.045 D/LOWI-9.0.0.87.a( 1418): [LOWI-Scan] BSS 18:6f:2d:81:0d:94 LOWI_PHY_MODE_11AC_VHT20(8), Beacon Interval: 100, LOWI_ENCRYPTION_TYPE_WPA_PSK 11mcRanging: No, ANQP: No, LCI: No, Civic: No, capability(0x0111): ESS Privacy SpectrumMgmt
10-19 06:11:03.045 D/LOWI-9.0.0.87.a( 1418): [LOWI-Scan] BSS 18:6f:2d:81:0d:94 FREQ: 5320, cFreq1[40:80:160] = [5320:0:0] cFreq2 = 0 Country Code = CN
10-19 06:11:03.045 D/LOWI-9.0.0.87.a( 1418): [LOWI-Scan] BSS 18:6f:2d:81:0d:94 (wlan0) ASSO: NO AddInfo: 0x1, TSF 0, 04:46:13.796, RSSI: -178, CPL: 127, AGE: 296, SSID ThunderSoft, TSFDelta: 0x363b2674, TXRate: 0
10-19 06:11:03.046 D/LOWI-9.0.0.87.a( 1418): [LOWI-Scan]
10-19 06:11:03.046 D/LOWI-9.0.0.87.a( 1418): [LOWI-Scan] print_bss_handler: Report Probe TSF 17173814664 as it greater than Beacon TSF 0
10-19 06:11:03.046 D/LOWI-9.0.0.87.a( 1418): [LOWI-Scan] decode_rsn_wpa_ie: LOWI_ENCRYPTION_TYPE_WPA_PSK
10-19 06:11:03.046 D/LOWI-9.0.0.87.a( 1418): [LOWI-Scan] is_qcom_ie, bss_age: 0
10-19 06:11:03.046 D/LOWI-9.0.0.87.a( 1418): [LOWI-Scan] BSS 18:6f:2d:25:0e:60 LOWI_PHY_MODE_11G(1), Beacon Interval: 100, LOWI_ENCRYPTION_TYPE_WPA_PSK 11mcRanging: No, ANQP: No, LCI: No, Civic: No, capability(0x0531): ESS Privacy ShortPreamble SpectrumMgmt ShortSlotTime
10-19 06:11:03.046 D/LOWI-9.0.0.87.a( 1418): [LOWI-Scan] BSS 18:6f:2d:25:0e:60 FREQ: 2462, cFreq1[40:80:160] = [0:0:0] cFreq2 = 0 Country Code = CN
10-19 06:11:03.046 D/LOWI-9.0.0.87.a( 1418): [LOWI-Scan] BSS 18:6f:2d:25:0e:60 (wlan0) ASSO: NO AddInfo: 0x0, TSF 0, 04:46:13.814, RSSI: -150, CPL: 127, AGE: 280, SSID Testing , TSFDelta: 0x309308c8, TXRate: 0
10-19 06:11:03.046 D/LOWI-9.0.0.87.a( 1418): [LOWI-Scan]
10-19 06:11:03.046 D/LOWI-9.0.0.87.a( 1418): [LOWI-Scan] print_bss_handler: Report Probe TSF 17173818356 as it greater than Beacon TSF 0
10-19 06:11:03.046 D/LOWI-9.0.0.87.a( 1418): [LOWI-Scan] decode_rsn_wpa_ie: LOWI_ENCRYPTION_TYPE_WPA_PSK
10-19 06:11:03.046 D/LOWI-9.0.0.87.a( 1418): [LOWI-Scan] is_qcom_ie, bss_age: 0
10-19 06:11:03.047 D/LOWI-9.0.0.87.a( 1418): [LOWI-Scan] BSS 44:f9:71:c8:27:97 LOWI_PHY_MODE_11NG_HT20(5), Beacon Interval: 100, LOWI_ENCRYPTION_TYPE_WPA_PSK 11mcRanging: No, ANQP: No, LCI: No, Civic: No, capability(0x0411): ESS Privacy ShortSlotTime
10-19 06:11:03.047 D/LOWI-9.0.0.87.a( 1418): [LOWI-Scan] BSS 44:f9:71:c8:27:97 FREQ: 2462, cFreq1[40:80:160] = [0:0:0] cFreq2 = 0 Country Code = CN
10-19 06:11:03.047 D/LOWI-9.0.0.87.a( 1418): [LOWI-Scan] BSS 44:f9:71:c8:27:97 (wlan0) ASSO: NO AddInfo: 0x0, TSF 0, 04:46:13.818, RSSI: -140, CPL: 127, AGE: 276, SSID zzzzzz, TSFDelta: 0xce6589ca, TXRate: 0
10-19 06:11:03.047 D/LOWI-9.0.0.87.a( 1418): [LOWI-Scan]
10-19 06:11:03.047 D/LOWI-9.0.0.87.a( 1418): [LOWI-Scan] print_bss_handler: Report Probe TSF 17173840870 as it greater than Beacon TSF 0
10-19 06:11:03.047 D/LOWI-9.0.0.87.a( 1418): [LOWI-Scan] decode_rsn_wpa_ie: LOWI_ENCRYPTION_TYPE_WPA_PSK
10-19 06:11:03.047 D/LOWI-9.0.0.87.a( 1418): [LOWI-Scan] is_qcom_ie, bss_age: 0
10-19 06:11:03.047 D/LOWI-9.0.0.87.a( 1418): [LOWI-Scan] BSS 18:6f:2d:25:0e:64 LOWI_PHY_MODE_11G(1), Beacon Interval: 100, LOWI_ENCRYPTION_TYPE_WPA_PSK 11mcRanging: No, ANQP: No, LCI: No, Civic: No, capability(0x0531): ESS Privacy ShortPreamble SpectrumMgmt ShortSlotTime
10-19 06:11:03.047 D/LOWI-9.0.0.87.a( 1418): [LOWI-Scan] BSS 18:6f:2d:25:0e:64 FREQ: 2462, cFreq1[40:80:160] = [0:0:0] cFreq2 = 0 Country Code = CN
10-19 06:11:03.047 D/LOWI-9.0.0.87.a( 1418): [LOWI-Scan] BSS 18:6f:2d:25:0e:64 (wlan0) ASSO: NO AddInfo: 0x0, TSF 0, 04:46:13.840, RSSI: -144, CPL: 127, AGE: 252, SSID Fanya, TSFDelta: 0x31483876, TXRate: 0
10-19 06:11:03.048 D/LOWI-9.0.0.87.a( 1418): [LOWI-Scan]
10-19 06:11:03.048 D/LOWI-9.0.0.87.a( 1418): [LOWI-Scan] print_bss_handler: Report Probe TSF 17173845171 as it greater than Beacon TSF 0
10-19 06:11:03.048 D/LOWI-9.0.0.87.a( 1418): [LOWI-Scan] is_qcom_ie, bss_age: 0
10-19 06:11:03.048 D/LOWI-9.0.0.87.a( 1418): [LOWI-Scan] BSS 18:6f:2d:25:0e:65 LOWI_PHY_MODE_11G(1), Beacon Interval: 100, LOWI_ENCRYPTION_TYPE_OPEN 11mcRanging: No, ANQP: No, LCI: No, Civic: No, capability(0x0521): ESS ShortPreamble SpectrumMgmt ShortSlotTime
10-19 06:11:03.048 D/LOWI-9.0.0.87.a( 1418): [LOWI-Scan] BSS 18:6f:2d:25:0e:65 FREQ: 2462, cFreq1[40:80:160] = [0:0:0] cFreq2 = 0 Country Code = CN
10-19 06:11:03.048 D/LOWI-9.0.0.87.a( 1418): [LOWI-Scan] BSS 18:6f:2d:25:0e:65 (wlan0) ASSO: NO AddInfo: 0x0, TSF 0, 04:46:13.845, RSSI: -150, CPL: 127, AGE: 248, SSID IT, TSFDelta: 0x31714801, TXRate: 0
10-19 06:11:03.048 D/LOWI-9.0.0.87.a( 1418): [LOWI-Scan]
10-19 06:11:03.048 D/LOWI-9.0.0.87.a( 1418): [LOWI-Scan] print_bss_handler: Report beacon TSF 17173851282 as it greater than probe TSF 17173851282
10-19 06:11:03.048 D/LOWI-9.0.0.87.a( 1418): [LOWI-Scan] decode_rsn_wpa_ie: LOWI_ENCRYPTION_TYPE_WPA_PSK
10-19 06:11:03.048 D/LOWI-9.0.0.87.a( 1418): [LOWI-Scan] is_qcom_ie, bss_age: 0
10-19 06:11:03.048 D/LOWI-9.0.0.87.a( 1418): [LOWI-Scan] BSS c2:9e:83:38:e6:b5 LOWI_PHY_MODE_11AC_VHT20_2G(11), Beacon Interval: 100, LOWI_ENCRYPTION_TYPE_WPA_PSK 11mcRanging: No, ANQP: No, LCI: No, Civic: No, capability(0x1431): ESS Privacy ShortPreamble ShortSlotTime
10-19 06:11:03.048 D/LOWI-9.0.0.87.a( 1418): [LOWI-Scan] BSS c2:9e:83:38:e6:b5 FREQ: 2462, cFreq1[40:80:160] = [2462:0:0] cFreq2 = 0 Country Code =
10-19 06:11:03.048 D/LOWI-9.0.0.87.a( 1418): [LOWI-Scan] BSS c2:9e:83:38:e6:b5 (wlan0) ASSO: NO AddInfo: 0x1, TSF 0, 04:46:13.851, RSSI: -122, CPL: 127, AGE: 244, SSID Redmi K30 5G, TSFDelta: 0x83921a90, TXRate: 0
10-19 06:11:03.048 D/LOWI-9.0.0.87.a( 1418): [LOWIDiagLog] Log: lowiMeasResult->request: invalid null argument
10-19 06:11:03.048 I/LOWI-9.0.0.87.a( 1418): [LOWI-Scan] lowi_close_record:Scan done in 6127328ms, 75 APs in scan results
10-19 06:11:03.048 D/LOWI-9.0.0.87.a( 1418): [LOWI-Scan] WipsScanUsingNL: passive scan cached 0, took 279977 ms, err 0
10-19 06:11:03.048 D/LOWI-9.0.0.87.a( 1418): [LOWI-Scan] lowi_proc_req_passive_scan_with_live_meas - No WLAN Frames to be parsed
10-19 06:11:03.049 D/LOWI-9.0.0.87.a( 1418): [LOWIScanResultReceiver] Send scan meas to listener
10-19 06:11:03.049 D/LOWI-9.0.0.87.a( 1418): [LOWIScanResultReceiver] Enter passive listening mode
10-19 06:11:03.049 D/LOWI-9.0.0.87.a( 1418): [LOWIWifiDriverInterface] getMeasurements - Passive listening mode
10-19 06:11:03.049 D/LOWI-9.0.0.87.a( 1418): [LOWI-Scan] WipsScanUsingNL:wait -1 sec for netlink message
10-19 06:11:03.049 D/LOWI-9.0.0.87.a( 1418): [LOWIEventReceiver] handleEvent:FROM:NA, TO:NA, REQ:NA, IREQ:NA, REQ_ID:0, RESP:NA, INFO:NA
10-19 06:11:03.049 D/LOWI-9.0.0.87.a( 1418): [LOWIBackgroundScanMgr] isRspForBgScanMgr: evt(LOWI_NO_EVT) - not handled
10-19 06:11:03.049 D/LOWI-9.0.0.87.a( 1418): [LOWIScheduler] manageMsg: NULL results or NULL request in results
10-19 06:11:03.049 D/LOWI-9.0.0.87.a( 1418): [LOWIController] Measurements received
10-19 06:11:03.049 D/LOWI-9.0.0.87.a( 1418): [LOWICacheManager] putInCache:Num of Meas to add: 75
10-19 06:11:03.052 D/LOWI-9.0.0.87.a( 1418): [LOWIController] processMeasurementResults: No current Request. Cache measurements
10-19 06:11:03.052 D/LOWI-9.0.0.87.a( 1418): [LOWIControllerExtn] sendLOWILpDiscoveryScanResponse: Not a discovery scan response
10-19 06:11:03.189 I/OMX-VENC: venc_dev( 1306): stats: avg. fps 34.60, bitrate 3083454
10-19 06:11:03.334 I/input_interaction( 1146): Interaction with: a926fae com.android.launcher3/com.android.launcher3.uioverrides.QuickstepLauncher (server), 1c10e44 com.android.systemui.ImageWallpaper (server), edge-swipe (server), swipe-up (server), PointerEventDispatcher0 (server),
10-19 06:11:03.342 I/selfinstaller( 1270): operator() 413: network is not ready: 7490
10-19 06:11:03.491 D/audio_hw_primary( 818): start_output_stream: enter: stream(0xe6540010)usecase(1: low-latency-playback) devices(0x2) is_haptic_usecase(0)
10-19 06:11:03.492 E/ANDR-PERF-TARGET( 972): Error: Invalid logical cluster id 0
10-19 06:11:03.492 E/ANDR-PERF-REQUEST( 972): invalid request
10-19 06:11:03.492 E/ANDR-PERF-MPCTL( 972): invalid request, no optimizations performed
10-19 06:11:03.492 E/audio_hw_extn( 818): audio_extn_perf_lock_acquire: Failed to acquire perf lock, err: -1
10-19 06:11:03.492 D/audio_hw_primary( 818): select_devices for use case (low-latency-playback)
10-19 06:11:03.492 I/msm8974_platform( 818): platform_check_and_set_codec_backend_cfg:becf: afe: bitwidth 16, samplerate 48000 channels 2, backend_idx 0 usecase = 1 device (speaker)
10-19 06:11:03.492 D/msm8974_platform( 818): platform_split_snd_device: snd_device(2) num devices(1) new_snd_devices(0)
10-19 06:11:03.493 I/msm8974_platform( 818): platform_check_and_set_codec_backend_cfg: new_snd_devices[0] is 2
10-19 06:11:03.493 I/msm8974_platform( 818): platform_check_codec_backend_cfg:becf: afe: bitwidth 16, samplerate 48000 channels 2, backend_idx 0 usecase = 1 device (speaker)
10-19 06:11:03.495 D/audio_hw_extn( 818): audio_extn_enable_hifi_filter: mixer_value set 0
10-19 06:11:03.495 D/msm8974_platform( 818): platform_check_codec_backend_cfg:becf: updated afe: bitwidth 16, samplerate 48000 channels 2,backend_idx 0 usecase = 1 device (speaker)
10-19 06:11:03.495 D/msm8974_platform( 818): platform_check_codec_backend_cfg:becf: afe: playback on codec device not supporting native playback set default Sample Rate(48k)
10-19 06:11:03.495 I/msm8974_platform( 818): platform_check_codec_backend_cfg:becf: afe: Codec selected backend: 0 updated bit width: 16 and sample rate: 48000
10-19 06:11:03.495 D/audio_hw_primary( 818): check_usecases_codec_backend:becf: force routing 0
10-19 06:11:03.495 E/msm8974_platform( 818): platform_check_backends_match: Invalid snd_device =
10-19 06:11:03.495 D/audio_hw_primary( 818): check_usecases_codec_backend:becf: (78) check_usecases curr device: speaker, usecase device: backends match 0
10-19 06:11:03.495 D/audio_hw_primary( 818): check_usecases_codec_backend:becf: check_usecases num.of Usecases to switch 0
10-19 06:11:03.495 D/hardware_info( 818): hw_info_append_hw_type : device_name = speaker
10-19 06:11:03.495 D/msm8974_platform( 818): platform_split_snd_device: snd_device(2) num devices(0) new_snd_devices(0)
10-19 06:11:03.495 D/audio_hw_primary( 818): enable_snd_device: snd_device(2: speaker)
10-19 06:11:03.495 D/msm8974_platform( 818): platform_get_island_cfg_on_device:island cfg status on snd_device = (speaker 0)
10-19 06:11:03.495 I/soundtrigger( 818): audio_extn_sound_trigger_update_device_status: device 0x2 of type 0 for Event 1, with Raise=0
10-19 06:11:03.496 D/audio_route( 818): Apply path: speaker
10-19 06:11:03.496 I/audio_hw_utils( 818): audio_extn_utils_update_stream_output_app_type_cfg Allowing 24 and above bits playback on speaker ONLY at default sampling rate
10-19 06:11:03.496 E/soundtrigger( 818): audio_extn_sound_trigger_update_stream_status: invalid input device 0x0, for event 3
10-19 06:11:03.496 D/soundtrigger( 818): audio_extn_sound_trigger_update_stream_status: uc_info->id 1 of type 0 for Event 3, with Raise=0
10-19 06:11:03.496 D/audio_hw_utils( 818): audio_extn_utils_send_app_type_cfg: usecase->out_snd_device speaker
10-19 06:11:03.496 D/msm8974_platform( 818): platform_split_snd_device: snd_device(2) num devices(0) new_snd_devices(0)
10-19 06:11:03.496 D/audio_hw_utils( 818): audio_extn_btsco_get_sample_rate:Not a BT SCO device, need not update sampling rate
10-19 06:11:03.496 I/audio_hw_utils( 818): send_app_type_cfg_for_device PLAYBACK app_type 69937, acdb_dev_id 15, sample_rate 48000, snd_device_be_idx 179
10-19 06:11:03.497 D/msm8974_platform( 818): platform_split_snd_device: snd_device(2) num devices(1) new_snd_devices(0)
10-19 06:11:03.497 D/audio_hw_utils( 818): audio_extn_btsco_get_sample_rate:Not a BT SCO device, need not update sampling rate
10-19 06:11:03.497 D/ACDB-LOADER( 818): ACDB -> send_audio_cal, acdb_id = 15, path = 0, app id = 0x11131, sample rate = 48000, afe_sample_rate = 48000
10-19 06:11:03.497 D/ACDB-LOADER( 818): ACDB -> send_asm_topology
10-19 06:11:03.497 D/ACDB-LOADER( 818): ACDB -> ACDB_CMD_GET_AUDPROC_STREAM_TOPOLOGY_ID
10-19 06:11:03.497 D/ACDB-LOADER( 818): ACDB -> send_adm_topology
10-19 06:11:03.497 D/ACDB-LOADER( 818): ACDB -> ACDB_CMD_GET_AUDPROC_COMMON_TOPOLOGY_ID
10-19 06:11:03.498 D/ACDB-LOADER( 818): ACDB -> send_audtable
10-19 06:11:03.498 D/ACDB-LOADER( 818): ACDB -> ACDB_CMD_GET_AUDPROC_INSTANCE_COMMON_TABLE_SIZE
10-19 06:11:03.498 D/ACDB-LOADER( 818): ACDB -> ACDB_CMD_GET_AUDPROC_INSTANCE_COMMON_TABLE
10-19 06:11:03.498 D/ACDB-LOADER( 818): ACDB -> AUDIO_SET_AUDPROC_CAL cal_type[11] acdb_id[15] app_type[69937]
10-19 06:11:03.498 D/ACDB-LOADER( 818): ACDB -> send_audvoltable
10-19 06:11:03.498 D/ACDB-LOADER( 818): ACDB -> ACDB_CMD_GET_AUDPROC_INSTANCE_GAIN_DEP_STEP_TABLE_SIZE
10-19 06:11:03.498 D/ACDB-LOADER( 818): ACDB -> ACDB_CMD_GET_AUDPROC_INSTANCE_GAIN_DEP_STEP_TABLE, vol index 0
10-19 06:11:03.498 D/ACDB-LOADER( 818): ACDB -> AUDIO_SET_VOL_CAL cal type = 12
10-19 06:11:03.498 D/ACDB-LOADER( 818): ACDB -> ACDB_CMD_GET_AUDPROC_INSTANCE_STREAM_TABLE_SIZE
10-19 06:11:03.498 D/ACDB-LOADER( 818): ACDB -> send_audstrmtable
10-19 06:11:03.498 D/ACDB-LOADER( 818): ACDB -> ACDB_CMD_GET_AUDPROC_INSTANCE_STREAM_TABLE
10-19 06:11:03.498 D/ACDB-LOADER( 818): ACDB -> audstrm_cal->cal_type.cal_data.cal_size = 20
10-19 06:11:03.498 D/ACDB-LOADER( 818): ACDB -> send_afe_topology
10-19 06:11:03.498 D/ACDB-LOADER( 818): ACDB -> ACDB_CMD_GET_AFE_TOPOLOGY_ID
10-19 06:11:03.499 D/ACDB-LOADER( 818): ACDB -> GET_AFE_TOPOLOGY_ID for adcd_id 15, Topology Id 112fc
10-19 06:11:03.499 D/ACDB-LOADER( 818): ACDB -> send_afe_cal
10-19 06:11:03.499 D/ACDB-LOADER( 818): ACDB -> ACDB_CMD_GET_AFE_INSTANCE_COMMON_TABLE_SIZE
10-19 06:11:03.499 D/android.hardware.audio.service( 818): Failed to fetch the lookup information of the device 0000000F
10-19 06:11:03.499 D/ACDB-LOADER( 818): Error: ACDB_CMD_GET_AFE_INSTANCE_COMMON_TABLE_SIZE Returned = -19
10-19 06:11:03.499 D/ACDB-LOADER( 818): ACDB -> ACDB_CMD_GET_AFE_INSTANCE_COMMON_TABLE
10-19 06:11:03.499 D/android.hardware.audio.service( 818): Failed to fetch the lookup information of the device 0000000F
10-19 06:11:03.499 D/ACDB-LOADER( 818): Error: ACDB AFE returned = -19
10-19 06:11:03.499 D/ACDB-LOADER( 818): ACDB -> AUDIO_SET_AFE_CAL cal_type[16] acdb_id[15]
10-19 06:11:03.499 D/ACDB-LOADER( 818): ACDB -> send_hw_delay : acdb_id = 15 path = 0
10-19 06:11:03.499 D/ACDB-LOADER( 818): ACDB -> ACDB_AVSYNC_INFO: ACDB_CMD_GET_DEVICE_PROPERTY
10-19 06:11:03.499 D/msm8974_platform( 818): platform_split_snd_device: snd_device(2) num devices(0) new_snd_devices(0)
10-19 06:11:03.499 I/msm8974_platform( 818): platform_get_custom_mtmx_params: no matching param with id 0 ip_ch 2 op_ch 2 uc_id 1 snd_dev 2
10-19 06:11:03.499 D/audio_hw_primary( 818): enable_audio_route: apply mixer and update path: low-latency-playback
10-19 06:11:03.499 D/audio_route( 818): Apply path: low-latency-playback
10-19 06:11:03.501 D/audio_hw_primary( 818): select_devices: done
01-01 12:58:28.500 I/afe_find_cal_topo_id_by_port( 0): port id: 0x9000, dev_acdb_id: 0
01-01 12:58:28.508 I/afe_find_cal_topo_id_by_port( 0): top_id:112fc acdb_id:15 afe_port:0x9000
01-01 12:58:28.516 I/afe_get_cal_topology_id( 0): port_id = 0x9000 acdb_id = 15 topology_id = 0x112fc cal_type_index=8 ret=0
01-01 12:58:28.526 I/afe_send_port_topology_id( 0): AFE set topology id 0x112fc enable for port 0x9000 ret 0
01-01 12:58:28.536 I/send_afe_cal_type( 0): cal_index is 0
01-01 12:58:28.540 I/send_afe_cal_type( 0): dev_acdb_id[55] is 0
01-01 12:58:28.545 I/send_afe_cal_type( 0): Sending cal_index cal 0
01-01 12:58:28.551 E/send_afe_cal_type( 0): No cal sent for cal_index 0, port_id = 0x9000! ret -22
01-01 12:58:28.560 I/afe_send_hw_delay( 0): port_id 0x9000 rate 48000 delay_usec 474 status 0
10-19 06:11:03.596 D/msm8974_platform( 818): platform_set_channel_map mixer_ctl_name:Playback Channel Map9
10-19 06:11:03.597 D/msm8974_platform( 818): platform_set_channel_map: set mapping(1 2 0 0 0 0 0 0) for channel:2
10-19 06:11:03.598 E/audio_hw_extn( 818): audio_extn_perf_lock_release: Perf lock release error
10-19 06:11:03.598 D/audio_hw_primary( 818): start_output_stream: exit
10-19 06:11:03.694 I/system_server( 1146): Background concurrent copying GC freed 131381(5213KB) AllocSpace objects, 82(8744KB) LOS objects, 49% free, 13MB/27MB, paused 144us,113us total 217.242ms
01-01 12:58:28.774 D/ ( 0): mv2112_read_status
01-01 12:58:28.778 D/mv2112_update_link( 0): 3.0x901(1G): 0x80
01-01 12:58:28.786 D/mv2112_update_link( 0): 3.0x8109(100M): 0x0
10-19 06:11:03.794 D/audio_hw_primary( 818): out_set_parameters: enter: usecase(1: low-latency-playback) kvpairs: suspend_playback=true
10-19 06:11:03.794 D/audio_hw_extn( 818): audio_extn_fm_set_parameters: Enter
01-01 12:58:28.792 D/mv2112_update_link( 0): link 0x0
01-01 12:58:28.796 D/mv2112_read_status( 0): autoneg is disabled
10-19 06:11:03.854 I/mpu_uart( 658): [MSG-P:RECV]:No message received in 1000 ms
10-19 06:11:03.882 W/ActivityTaskManager( 1146): Request to remove task ignored for non-existent task 171
10-19 06:11:03.978 I/mpu_uart( 658): [MSG-P:R]:recv sync frame timeout
10-19 06:11:04.242 I/OMX-VENC: venc_dev( 1306): stats: avg. fps 16.15, bitrate 238154
10-19 06:11:04.484 D/StateManager( 2903): goToState: Normal
10-19 06:11:04.487 D/EditModeHelper( 2903): setHotseatVisibility: 0
10-19 06:11:04.796 D/audio_hw_primary( 818): out_set_parameters: enter: usecase(1: low-latency-playback) kvpairs: suspend_playback=false
10-19 06:11:04.796 D/audio_hw_extn( 818): audio_extn_fm_set_parameters: Enter
10-19 06:11:04.797 W/audio_hw_primary( 818): out_write: underrun(909) frames_by_time(48504) > out->last_fifo_frames_remaining(384)
01-01 12:58:29.798 D/ ( 0): mv2112_read_status
01-01 12:58:29.802 D/mv2112_update_link( 0): 3.0x901(1G): 0x80
01-01 12:58:29.808 D/mv2112_update_link( 0): 3.0x8109(100M): 0x0
01-01 12:58:29.817 D/mv2112_update_link( 0): link 0x0
01-01 12:58:29.822 D/mv2112_read_status( 0): autoneg is disabled
10-19 06:11:04.835 D/audio_hw_primary( 818): out_set_parameters: enter: usecase(1: low-latency-playback) kvpairs: suspend_playback=true
10-19 06:11:04.836 D/audio_hw_extn( 818): audio_extn_fm_set_parameters: Enter
10-19 06:11:04.854 I/mpu_uart( 658): [MSG-P:RECV]:No message received in 1000 ms
10-19 06:11:04.949 W/HWComposer( 1052): Ignoring duplicate VSYNC event from HWC for display 4630946370410392961 (t=17176017626000)
10-19 06:11:04.966 W/HWComposer( 1052): Ignoring duplicate VSYNC event from HWC for display 4630946370410392961 (t=17176034330000)
01-01 12:58:29.962 I/init ( 0): starting service 'vendor.camera-provider-2-4'...
10-19 06:11:04.983 W/HWComposer( 1052): Ignoring duplicate VSYNC event from HWC for display 4630946370410392961 (t=17176050982000)
10-19 06:11:04.999 W/HWComposer( 1052): Ignoring duplicate VSYNC event from HWC for display 4630946370410392961 (t=17176067700000)
01-01 12:58:30.003 I/init ( 0): starting service 'vendor.light-hal-2-0'...
10-19 06:11:05.016 W/HWComposer( 1052): Ignoring duplicate VSYNC event from HWC for display 4630946370410392961 (t=17176084399000)
10-19 06:11:05.034 W/HWComposer( 1052): Ignoring duplicate VSYNC event from HWC for display 4630946370410392961 (t=17176101124000)
10-19 06:11:05.078 I/android.hardware.camera.provider@2.4-service(13562): CameraProvider@2.4 legacy service is starting.
10-19 06:11:05.095 I/hwservicemanager( 506): getTransport: Cannot find entry android.hardware.light@2.0::ILight/default in either framework or device VINTF manifest.
10-19 06:11:05.102 E/light (13563): light_open lights keyboard failed: -22
10-19 06:11:05.102 E/light (13563): Light passthrough failed to load legacy HAL.
10-19 06:11:05.104 E/light (13563): light_open lights buttons failed: -22
10-19 06:11:05.104 E/light (13563): Light passthrough failed to load legacy HAL.
10-19 06:11:05.108 E/light (13563): light_open lights bluetooth failed: -22
10-19 06:11:05.108 E/light (13563): Light passthrough failed to load legacy HAL.
10-19 06:11:05.110 E/light (13563): light_open lights wifi failed: -22
10-19 06:11:05.110 E/light (13563): Light passthrough failed to load legacy HAL.
10-19 06:11:05.112 I/hwservicemanager( 506): getTransport: Cannot find entry android.hardware.light@2.0::ILight/default in either framework or device VINTF manifest.
10-19 06:11:05.112 E/HidlServiceManagement(13563): Service android.hardware.light@2.0::ILight/default must be in VINTF manifest in order to register/get.
10-19 06:11:05.112 E/LegacySupport(13563): Could not register service android.hardware.light@2.0::ILight/default (-2147483648).
01-01 12:58:30.115 I/init ( 0): Service 'vendor.light-hal-2-0' (pid 13563) exited with status 0
01-01 12:58:30.123 I/init ( 0): Sending signal 9 to service 'vendor.light-hal-2-0' (pid 13563) process group...
01-01 12:58:30.133 I/libprocessgroup( 0): Successfully killed process cgroup uid 1000 pid 13563 in 0ms
10-19 06:11:05.161 I/android.hardware.camera.provider@2.4-service_64(13562): vendor/qcom/proprietary/adsprpc/src/rpcmem_android.c:159: rpcmem_init_internal: opened ION device fd 7, configured heap IDs: system (0x2000000), contig (0x400000), secure (0x200), secure flags (0x80080000)
10-19 06:11:05.161 I/android.hardware.camera.provider@2.4-service_64(13562): vendor/qcom/proprietary/adsprpc/src/fastrpc_apps_user.c:3087: fastrpc_apps_user_init done with default domain:3 and &fastrpc_trace:0x7b22b21fa0
10-19 06:11:05.173 I/CamX (13562): [CONFIG][HAL ] camxhal3module.cpp:390 HAL3Module() ***************************************************
10-19 06:11:05.173 I/CamX (13562): [CONFIG][HAL ] camxhal3module.cpp:391 HAL3Module() SHA1: 40bd0bc197631bd71c945a4bb3aa215ee2f5c2f1
10-19 06:11:05.173 I/CamX (13562): [CONFIG][HAL ] camxhal3module.cpp:392 HAL3Module() COMMITID: Ib94c0ba8fb8c6b7a12a24776dd6d7206bd970ed8
10-19 06:11:05.173 I/CamX (13562): [CONFIG][HAL ] camxhal3module.cpp:393 HAL3Module() BUILD TS: 10/19/2022 2:13:52
10-19 06:11:05.173 I/CamX (13562): [CONFIG][HAL ] camxhal3module.cpp:394 HAL3Module() ***************************************************
10-19 06:11:05.203 V/CamX (13562): [ VERB][CORE ] camxoverridesettingsfile.cpp:385 Initialize() Could not find override settings text file at: /vendor/etc/camera/camxoverridesettings.txt
10-19 06:11:05.203 V/CamX (13562): [ VERB][CORE ] camxoverridesettingsfile.cpp:385 Initialize() Could not find override settings text file at: ./camxoverridesettings.txt
10-19 06:11:05.203 V/CamX (13562): [ VERB][UTILS ] camxhashmap.cpp:210 GetInPlace() Key not found
10-19 06:11:05.203 V/CamX (13562): [ VERB][UTILS ] camxhashmap.cpp:210 GetInPlace() Key not found
10-19 06:11:05.203 V/CamX (13562): [ VERB][UTILS ] camxhashmap.cpp:210 GetInPlace() Key not found
10-19 06:11:05.203 V/CamX (13562): [ VERB][UTILS ] camxhashmap.cpp:210 GetInPlace() Key not found
10-19 06:11:05.203 V/CamX (13562): [ VERB][UTILS ] camxhashmap.cpp:210 GetInPlace() Key not found
10-19 06:11:05.203 V/CamX (13562): [ VERB][UTILS ] camxhashmap.cpp:210 GetInPlace() Key not found
10-19 06:11:05.204 V/CamX (13562): [ VERB][UTILS ] camxhashmap.cpp:210 GetInPlace() Key not found
10-19 06:11:05.204 V/CamX (13562): [ VERB][UTILS ] camxhashmap.cpp:210 GetInPlace() Key not found
10-19 06:11:05.204 V/CamX (13562): [ VERB][UTILS ] camxhashmap.cpp:210 GetInPlace() Key not found
10-19 06:11:05.204 V/CamX (13562): [ VERB][UTILS ] camxhashmap.cpp:210 GetInPlace() Key not found
10-19 06:11:05.204 V/CamX (13562): [ VERB][UTILS ] camxhashmap.cpp:210 GetInPlace() Key not found
10-19 06:11:05.204 V/CamX (13562): [ VERB][UTILS ] camxhashmap.cpp:210 GetInPlace() Key not found
10-19 06:11:05.204 V/CamX (13562): [ VERB][UTILS ] camxhashmap.cpp:210 GetInPlace() Key not found
10-19 06:11:05.204 V/CamX (13562): [ VERB][UTILS ] camxhashmap.cpp:210 GetInPlace() Key not found
10-19 06:11:05.204 V/CamX (13562): [ VERB][UTILS ] camxhashmap.cpp:210 GetInPlace() Key not found
10-19 06:11:05.204 V/CamX (13562): [ VERB][UTILS ] camxhashmap.cpp:210 GetInPlace() Key not found
10-19 06:11:05.204 V/CamX (13562): [ VERB][UTILS ] camxhashmap.cpp:210 GetInPlace() Key not found
10-19 06:11:05.204 V/CamX (13562): [ VERB][UTILS ] camxhashmap.cpp:210 GetInPlace() Key not found
10-19 06:11:05.204 V/CamX (13562): [ VERB][UTILS ] camxhashmap.cpp:210 GetInPlace() Key not found
10-19 06:11:05.204 V/CamX (13562): [ VERB][UTILS ] camxhashmap.cpp:210 GetInPlace() Key not found
10-19 06:11:05.204 V/CamX (13562): [ VERB][UTILS ] camxhashmap.cpp:210 GetInPlace() Key not found
10-19 06:11:05.204 V/CamX (13562): [ VERB][UTILS ] camxhashmap.cpp:210 GetInPlace() Key not found
10-19 06:11:05.204 V/CamX (13562): [ VERB][UTILS ] camxhashmap.cpp:210 GetInPlace() Key not found
10-19 06:11:05.204 V/CamX (13562): [ VERB][UTILS ] camxhashmap.cpp:210 GetInPlace() Key not found
10-19 06:11:05.204 V/CamX (13562): [ VERB][UTILS ] camxhashmap.cpp:210 GetInPlace() Key not found
10-19 06:11:05.204 V/CamX (13562): [ VERB][UTILS ] camxhashmap.cpp:210 GetInPlace() Key not found
10-19 06:11:05.204 V/CamX (13562): [ VERB][UTILS ] camxhashmap.cpp:210 GetInPlace() Key not found
10-19 06:11:05.204 V/CamX (13562): [ VERB][UTILS ] camxhashmap.cpp:210 GetInPlace() Key not found
10-19 06:11:05.204 V/CamX (13562): [ VERB][UTILS ] camxhashmap.cpp:210 GetInPlace() Key not found
10-19 06:11:05.204 V/CamX (13562): [ VERB][UTILS ] camxhashmap.cpp:210 GetInPlace() Key not found
10-19 06:11:05.204 V/CamX (13562): [ VERB][UTILS ] camxhashmap.cpp:210 GetInPlace() Key not found
10-19 06:11:05.204 V/CamX (13562): [ VERB][UTILS ] camxhashmap.cpp:210 GetInPlace() Key not found
10-19 06:11:05.204 V/CamX (13562): [ VERB][UTILS ] camxhashmap.cpp:210 GetInPlace() Key not found
10-19 06:11:05.204 V/CamX (13562): [ VERB][UTILS ] camxhashmap.cpp:210 GetInPlace() Key not found
10-19 06:11:05.204 V/CamX (13562): [ VERB][UTILS ] camxhashmap.cpp:210 GetInPlace() Key not found
10-19 06:11:05.204 V/CamX (13562): [ VERB][UTILS ] camxhashmap.cpp:210 GetInPlace() Key not found
10-19 06:11:05.204 V/CamX (13562): [ VERB][UTILS ] camxhashmap.cpp:210 GetInPlace() Key not found
10-19 06:11:05.204 V/CamX (13562): [ VERB][UTILS ] camxhashmap.cpp:210 GetInPlace() Key not found
10-19 06:11:05.205 V/CamX (13562): [ VERB][UTILS ] camxhashmap.cpp:210 GetInPlace() Key not found
10-19 06:11:05.205 V/CamX (13562): [ VERB][UTILS ] camxhashmap.cpp:210 GetInPlace() Key not found
10-19 06:11:05.205 V/CamX (13562): [ VERB][UTILS ] camxhashmap.cpp:210 GetInPlace() Key not found
10-19 06:11:05.205 V/CamX (13562): [ VERB][UTILS ] camxhashmap.cpp:210 GetInPlace() Key not found
10-19 06:11:05.205 V/CamX (13562): [ VERB][UTILS ] camxhashmap.cpp:210 GetInPlace() Key not found
10-19 06:11:05.205 V/CamX (13562): [ VERB][UTILS ] camxhashmap.cpp:210 GetInPlace() Key not found
10-19 06:11:05.205 V/CamX (13562): [ VERB][UTILS ] camxhashmap.cpp:210 GetInPlace() Key not found
10-19 06:11:05.205 V/CamX (13562): [ VERB][UTILS ] camxhashmap.cpp:210 GetInPlace() Key not found
10-19 06:11:05.205 V/CamX (13562): [ VERB][UTILS ] camxhashmap.cpp:210 GetInPlace() Key not found
10-19 06:11:05.205 V/CamX (13562): [ VERB][UTILS ] camxhashmap.cpp:210 GetInPlace() Key not found
10-19 06:11:05.205 V/CamX (13562): [ VERB][UTILS ] camxhashmap.cpp:210 GetInPlace() Key not found
10-19 06:11:05.205 V/CamX (13562): [ VERB][UTILS ] camxhashmap.cpp:210 GetInPlace() Key not found
10-19 06:11:05.205 V/CamX (13562): [ VERB][UTILS ] camxhashmap.cpp:210 GetInPlace() Key not found
10-19 06:11:05.205 V/CamX (13562): [ VERB][UTILS ] camxhashmap.cpp:210 GetInPlace() Key not found
10-19 06:11:05.205 V/CamX (13562): [ VERB][UTILS ] camxhashmap.cpp:210 GetInPlace() Key not found
10-19 06:11:05.205 V/CamX (13562): [ VERB][UTILS ] camxhashmap.cpp:210 GetInPlace() Key not found
10-19 06:11:05.205 V/CamX (13562): [ VERB][UTILS ] camxhashmap.cpp:210 GetInPlace() Key not found
10-19 06:11:05.205 V/CamX (13562): [ VERB][UTILS ] camxhashmap.cpp:210 GetInPlace() Key not found
10-19 06:11:05.205 V/CamX (13562): [ VERB][UTILS ] camxhashmap.cpp:210 GetInPlace() Key not found
10-19 06:11:05.205 V/CamX (13562): [ VERB][UTILS ] camxhashmap.cpp:210 GetInPlace() Key not found
10-19 06:11:05.205 V/CamX (13562): [ VERB][UTILS ] camxhashmap.cpp:210 GetInPlace() Key not found
10-19 06:11:05.205 V/CamX (13562): [ VERB][UTILS ] camxhashmap.cpp:210 GetInPlace() Key not found
10-19 06:11:05.205 V/CamX (13562): [ VERB][UTILS ] camxhashmap.cpp:210 GetInPlace() Key not found
10-19 06:11:05.205 V/CamX (13562): [ VERB][UTILS ] camxhashmap.cpp:210 GetInPlace() Key not found
10-19 06:11:05.205 V/CamX (13562): [ VERB][UTILS ] camxhashmap.cpp:210 GetInPlace() Key not found
10-19 06:11:05.205 V/CamX (13562): [ VERB][UTILS ] camxhashmap.cpp:210 GetInPlace() Key not found
10-19 06:11:05.205 V/CamX (13562): [ VERB][UTILS ] camxhashmap.cpp:210 GetInPlace() Key not found
10-19 06:11:05.205 V/CamX (13562): [ VERB][UTILS ] camxhashmap.cpp:210 GetInPlace() Key not found
10-19 06:11:05.205 V/CamX (13562): [ VERB][UTILS ] camxhashmap.cpp:210 GetInPlace() Key not found
10-19 06:11:05.205 V/CamX (13562): [ VERB][UTILS ] camxhashmap.cpp:210 GetInPlace() Key not found
10-19 06:11:05.205 V/CamX (13562): [ VERB][UTILS ] camxhashmap.cpp:210 GetInPlace() Key not found
10-19 06:11:05.205 V/CamX (13562): [ VERB][UTILS ] camxhashmap.cpp:210 GetInPlace() Key not found
10-19 06:11:05.205 V/CamX (13562): [ VERB][UTILS ] camxhashmap.cpp:210 GetInPlace() Key not found
10-19 06:11:05.205 V/CamX (13562): [ VERB][UTILS ] camxhashmap.cpp:210 GetInPlace() Key not found
10-19 06:11:05.205 V/CamX (13562): [ VERB][UTILS ] camxhashmap.cpp:210 GetInPlace() Key not found
10-19 06:11:05.205 V/CamX (13562): [ VERB][UTILS ] camxhashmap.cpp:210 GetInPlace() Key not found
10-19 06:11:05.205 V/CamX (13562): [ VERB][UTILS ] camxhashmap.cpp:210 GetInPlace() Key not found
10-19 06:11:05.205 V/CamX (13562): [ VERB][UTILS ] camxhashmap.cpp:210 GetInPlace() Key not found
10-19 06:11:05.205 V/CamX (13562): [ VERB][UTILS ] camxhashmap.cpp:210 GetInPlace() Key not found
10-19 06:11:05.205 V/CamX (13562): [ VERB][UTILS ] camxhashmap.cpp:210 GetInPlace() Key not found
10-19 06:11:05.205 V/CamX (13562): [ VERB][UTILS ] camxhashmap.cpp:210 GetInPlace() Key not found
10-19 06:11:05.205 V/CamX (13562): [ VERB][UTILS ] camxhashmap.cpp:210 GetInPlace() Key not found
10-19 06:11:05.205 V/CamX (13562): [ VERB][UTILS ] camxhashmap.cpp:210 GetInPlace() Key not found
10-19 06:11:05.205 V/CamX (13562): [ VERB][UTILS ] camxhashmap.cpp:210 GetInPlace() Key not found
10-19 06:11:05.206 V/CamX (13562): [ VERB][UTILS ] camxhashmap.cpp:210 GetInPlace() Key not found
10-19 06:11:05.206 V/CamX (13562): [ VERB][UTILS ] camxhashmap.cpp:210 GetInPlace() Key not found
10-19 06:11:05.206 V/CamX (13562): [ VERB][UTILS ] camxhashmap.cpp:210 GetInPlace() Key not found
10-19 06:11:05.206 V/CamX (13562): [ VERB][UTILS ] camxhashmap.cpp:210 GetInPlace() Key not found
10-19 06:11:05.206 V/CamX (13562): [ VERB][UTILS ] camxhashmap.cpp:210 GetInPlace() Key not found
10-19 06:11:05.206 V/CamX (13562): [ VERB][UTILS ] camxhashmap.cpp:210 GetInPlace() Key not found
10-19 06:11:05.206 V/CamX (13562): [ VERB][UTILS ] camxhashmap.cpp:210 GetInPlace() Key not found
10-19 06:11:05.206 V/CamX (13562): [ VERB][UTILS ] camxhashmap.cpp:210 GetInPlace() Key not found
10-19 06:11:05.206 V/CamX (13562): [ VERB][UTILS ] camxhashmap.cpp:210 GetInPlace() Key not found
10-19 06:11:05.206 V/CamX (13562): [ VERB][UTILS ] camxhashmap.cpp:210 GetInPlace() Key not found
10-19 06:11:05.206 V/CamX (13562): [ VERB][UTILS ] camxhashmap.cpp:210 GetInPlace() Key not found
10-19 06:11:05.206 V/CamX (13562): [ VERB][UTILS ] camxhashmap.cpp:210 GetInPlace() Key not found
10-19 06:11:05.206 V/CamX (13562): [ VERB][UTILS ] camxhashmap.cpp:210 GetInPlace() Key not found
10-19 06:11:05.206 V/CamX (13562): [ VERB][UTILS ] camxhashmap.cpp:210 GetInPlace() Key not found
10-19 06:11:05.206 V/CamX (13562): [ VERB][UTILS ] camxhashmap.cpp:210 GetInPlace() Key not found
10-19 06:11:05.206 V/CamX (13562): [ VERB][UTILS ] camxhashmap.cpp:210 GetInPlace() Key not found
10-19 06:11:05.206 V/CamX (13562): [ VERB][UTILS ] camxhashmap.cpp:210 GetInPlace() Key not found
10-19 06:11:05.206 V/CamX (13562): [ VERB][UTILS ] camxhashmap.cpp:210 GetInPlace() Key not found
10-19 06:11:05.206 V/CamX (13562): [ VERB][UTILS ] camxhashmap.cpp:210 GetInPlace() Key not found
10-19 06:11:05.206 V/CamX (13562): [ VERB][UTILS ] camxhashmap.cpp:210 GetInPlace() Key not found
10-19 06:11:05.206 V/CamX (13562): [ VERB][UTILS ] camxhashmap.cpp:210 GetInPlace() Key not found
10-19 06:11:05.206 V/CamX (13562): [ VERB][UTILS ] camxhashmap.cpp:210 GetInPlace() Key not found
10-19 06:11:05.206 V/CamX (13562): [ VERB][UTILS ] camxhashmap.cpp:210 GetInPlace() Key not found
10-19 06:11:05.206 V/CamX (13562): [ VERB][UTILS ] camxhashmap.cpp:210 GetInPlace() Key not found
10-19 06:11:05.206 V/CamX (13562): [ VERB][UTILS ] camxhashmap.cpp:210 GetInPlace() Key not found
10-19 06:11:05.206 V/CamX (13562): [ VERB][UTILS ] camxhashmap.cpp:210 GetInPlace() Key not found
10-19 06:11:05.206 V/CamX (13562): [ VERB][UTILS ] camxhashmap.cpp:210 GetInPlace() Key not found
10-19 06:11:05.206 V/CamX (13562): [ VERB][UTILS ] camxhashmap.cpp:210 GetInPlace() Key not found
10-19 06:11:05.206 V/CamX (13562): [ VERB][UTILS ] camxhashmap.cpp:210 GetInPlace() Key not found
10-19 06:11:05.206 V/CamX (13562): [ VERB][UTILS ] camxhashmap.cpp:210 GetInPlace() Key not found
10-19 06:11:05.206 V/CamX (13562): [ VERB][UTILS ] camxhashmap.cpp:210 GetInPlace() Key not found
10-19 06:11:05.206 V/CamX (13562): [ VERB][UTILS ] camxhashmap.cpp:210 GetInPlace() Key not found
10-19 06:11:05.206 V/CamX (13562): [ VERB][UTILS ] camxhashmap.cpp:210 GetInPlace() Key not found
10-19 06:11:05.206 V/CamX (13562): [ VERB][UTILS ] camxhashmap.cpp:210 GetInPlace() Key not found
10-19 06:11:05.206 V/CamX (13562): [ VERB][UTILS ] camxhashmap.cpp:210 GetInPlace() Key not found
10-19 06:11:05.206 V/CamX (13562): [ VERB][UTILS ] camxhashmap.cpp:210 GetInPlace() Key not found
10-19 06:11:05.206 V/CamX (13562): [ VERB][UTILS ] camxhashmap.cpp:210 GetInPlace() Key not found
10-19 06:11:05.206 V/CamX (13562): [ VERB][UTILS ] camxhashmap.cpp:210 GetInPlace() Key not found
10-19 06:11:05.206 V/CamX (13562): [ VERB][UTILS ] camxhashmap.cpp:210 GetInPlace() Key not found
10-19 06:11:05.206 V/CamX (13562): [ VERB][UTILS ] camxhashmap.cpp:210 GetInPlace() Key not found
10-19 06:11:05.206 V/CamX (13562): [ VERB][UTILS ] camxhashmap.cpp:210 GetInPlace() Key not found
10-19 06:11:05.206 V/CamX (13562): [ VERB][UTILS ] camxhashmap.cpp:210 GetInPlace() Key not found
10-19 06:11:05.206 V/CamX (13562): [ VERB][UTILS ] camxhashmap.cpp:210 GetInPlace() Key not found
10-19 06:11:05.207 V/CamX (13562): [ VERB][UTILS ] camxhashmap.cpp:210 GetInPlace() Key not found
10-19 06:11:05.207 V/CamX (13562): [ VERB][UTILS ] camxhashmap.cpp:210 GetInPlace() Key not found
10-19 06:11:05.207 V/CamX (13562): [ VERB][UTILS ] camxhashmap.cpp:210 GetInPlace() Key not found
10-19 06:11:05.207 V/CamX (13562): [ VERB][UTILS ] camxhashmap.cpp:210 GetInPlace() Key not found
10-19 06:11:05.207 V/CamX (13562): [ VERB][UTILS ] camxhashmap.cpp:210 GetInPlace() Key not found
10-19 06:11:05.207 V/CamX (13562): [ VERB][UTILS ] camxhashmap.cpp:210 GetInPlace() Key not found
10-19 06:11:05.207 V/CamX (13562): [ VERB][UTILS ] camxhashmap.cpp:210 GetInPlace() Key not found
10-19 06:11:05.207 V/CamX (13562): [ VERB][UTILS ] camxhashmap.cpp:210 GetInPlace() Key not found
10-19 06:11:05.207 V/CamX (13562): [ VERB][UTILS ] camxhashmap.cpp:210 GetInPlace() Key not found
10-19 06:11:05.207 V/CamX (13562): [ VERB][UTILS ] camxhashmap.cpp:210 GetInPlace() Key not found
10-19 06:11:05.207 V/CamX (13562): [ VERB][UTILS ] camxhashmap.cpp:210 GetInPlace() Key not found
10-19 06:11:05.207 V/CamX (13562): [ VERB][UTILS ] camxhashmap.cpp:210 GetInPlace() Key not found
10-19 06:11:05.207 V/CamX (13562): [ VERB][UTILS ] camxhashmap.cpp:210 GetInPlace() Key not found
10-19 06:11:05.207 V/CamX (13562): [ VERB][UTILS ] camxhashmap.cpp:210 GetInPlace() Key not found
10-19 06:11:05.207 V/CamX (13562): [ VERB][UTILS ] camxhashmap.cpp:210 GetInPlace() Key not found
10-19 06:11:05.207 V/CamX (13562): [ VERB][UTILS ] camxhashmap.cpp:210 GetInPlace() Key not found
10-19 06:11:05.207 V/CamX (13562): [ VERB][UTILS ] camxhashmap.cpp:210 GetInPlace() Key not found
10-19 06:11:05.207 V/CamX (13562): [ VERB][UTILS ] camxhashmap.cpp:210 GetInPlace() Key not found
10-19 06:11:05.207 V/CamX (13562): [ VERB][UTILS ] camxhashmap.cpp:210 GetInPlace() Key not found
10-19 06:11:05.207 V/CamX (13562): [ VERB][UTILS ] camxhashmap.cpp:210 GetInPlace() Key not found
10-19 06:11:05.207 V/CamX (13562): [ VERB][UTILS ] camxhashmap.cpp:210 GetInPlace() Key not found
10-19 06:11:05.207 V/CamX (13562): [ VERB][UTILS ] camxhashmap.cpp:210 GetInPlace() Key not found
10-19 06:11:05.207 V/CamX (13562): [ VERB][UTILS ] camxhashmap.cpp:210 GetInPlace() Key not found
10-19 06:11:05.207 V/CamX (13562): [ VERB][UTILS ] camxhashmap.cpp:210 GetInPlace() Key not found
10-19 06:11:05.207 V/CamX (13562): [ VERB][UTILS ] camxhashmap.cpp:210 GetInPlace() Key not found
10-19 06:11:05.207 V/CamX (13562): [ VERB][UTILS ] camxhashmap.cpp:210 GetInPlace() Key not found
10-19 06:11:05.207 V/CamX (13562): [ VERB][UTILS ] camxhashmap.cpp:210 GetInPlace() Key not found
10-19 06:11:05.207 V/CamX (13562): [ VERB][UTILS ] camxhashmap.cpp:210 GetInPlace() Key not found
10-19 06:11:05.207 V/CamX (13562): [ VERB][UTILS ] camxhashmap.cpp:210 GetInPlace() Key not found
10-19 06:11:05.207 V/CamX (13562): [ VERB][UTILS ] camxhashmap.cpp:210 GetInPlace() Key not found
10-19 06:11:05.207 V/CamX (13562): [ VERB][UTILS ] camxhashmap.cpp:210 GetInPlace() Key not found
10-19 06:11:05.207 V/CamX (13562): [ VERB][UTILS ] camxhashmap.cpp:210 GetInPlace() Key not found
10-19 06:11:05.207 V/CamX (13562): [ VERB][UTILS ] camxhashmap.cpp:210 GetInPlace() Key not found
10-19 06:11:05.207 V/CamX (13562): [ VERB][UTILS ] camxhashmap.cpp:210 GetInPlace() Key not found
10-19 06:11:05.207 V/CamX (13562): [ VERB][UTILS ] camxhashmap.cpp:210 GetInPlace() Key not found
10-19 06:11:05.208 V/CamX (13562): [ VERB][UTILS ] camxhashmap.cpp:210 GetInPlace() Key not found
10-19 06:11:05.208 V/CamX (13562): [ VERB][UTILS ] camxhashmap.cpp:210 GetInPlace() Key not found
10-19 06:11:05.208 V/CamX (13562): [ VERB][UTILS ] camxhashmap.cpp:210 GetInPlace() Key not found
10-19 06:11:05.208 V/CamX (13562): [ VERB][UTILS ] camxhashmap.cpp:210 GetInPlace() Key not found
10-19 06:11:05.208 V/CamX (13562): [ VERB][UTILS ] camxhashmap.cpp:210 GetInPlace() Key not found
10-19 06:11:05.208 V/CamX (13562): [ VERB][UTILS ] camxhashmap.cpp:210 GetInPlace() Key not found
10-19 06:11:05.208 V/CamX (13562): [ VERB][UTILS ] camxhashmap.cpp:210 GetInPlace() Key not found
10-19 06:11:05.208 V/CamX (13562): [ VERB][UTILS ] camxhashmap.cpp:210 GetInPlace() Key not found
10-19 06:11:05.208 V/CamX (13562): [ VERB][UTILS ] camxhashmap.cpp:210 GetInPlace() Key not found
10-19 06:11:05.208 V/CamX (13562): [ VERB][UTILS ] camxhashmap.cpp:210 GetInPlace() Key not found
10-19 06:11:05.208 V/CamX (13562): [ VERB][UTILS ] camxhashmap.cpp:210 GetInPlace() Key not found
10-19 06:11:05.208 V/CamX (13562): [ VERB][UTILS ] camxhashmap.cpp:210 GetInPlace() Key not found
10-19 06:11:05.208 V/CamX (13562): [ VERB][UTILS ] camxhashmap.cpp:210 GetInPlace() Key not found
10-19 06:11:05.208 V/CamX (13562): [ VERB][UTILS ] camxhashmap.cpp:210 GetInPlace() Key not found
10-19 06:11:05.208 V/CamX (13562): [ VERB][UTILS ] camxhashmap.cpp:210 GetInPlace() Key not found
10-19 06:11:05.208 V/CamX (13562): [ VERB][UTILS ] camxhashmap.cpp:210 GetInPlace() Key not found
10-19 06:11:05.208 V/CamX (13562): [ VERB][UTILS ] camxhashmap.cpp:210 GetInPlace() Key not found
10-19 06:11:05.208 V/CamX (13562): [ VERB][UTILS ] camxhashmap.cpp:210 GetInPlace() Key not found
10-19 06:11:05.208 V/CamX (13562): [ VERB][UTILS ] camxhashmap.cpp:210 GetInPlace() Key not found
10-19 06:11:05.208 V/CamX (13562): [ VERB][UTILS ] camxhashmap.cpp:210 GetInPlace() Key not found
10-19 06:11:05.208 V/CamX (13562): [ VERB][UTILS ] camxhashmap.cpp:210 GetInPlace() Key not found
10-19 06:11:05.208 V/CamX (13562): [ VERB][UTILS ] camxhashmap.cpp:210 GetInPlace() Key not found
10-19 06:11:05.208 V/CamX (13562): [ VERB][UTILS ] camxhashmap.cpp:210 GetInPlace() Key not found
10-19 06:11:05.208 V/CamX (13562): [ VERB][UTILS ] camxhashmap.cpp:210 GetInPlace() Key not found
10-19 06:11:05.208 V/CamX (13562): [ VERB][UTILS ] camxhashmap.cpp:210 GetInPlace() Key not found
10-19 06:11:05.208 V/CamX (13562): [ VERB][UTILS ] camxhashmap.cpp:210 GetInPlace() Key not found
10-19 06:11:05.208 V/CamX (13562): [ VERB][UTILS ] camxhashmap.cpp:210 GetInPlace() Key not found
10-19 06:11:05.208 V/CamX (13562): [ VERB][UTILS ] camxhashmap.cpp:210 GetInPlace() Key not found
10-19 06:11:05.208 V/CamX (13562): [ VERB][UTILS ] camxhashmap.cpp:210 GetInPlace() Key not found
10-19 06:11:05.208 V/CamX (13562): [ VERB][UTILS ] camxhashmap.cpp:210 GetInPlace() Key not found
10-19 06:11:05.208 V/CamX (13562): [ VERB][UTILS ] camxhashmap.cpp:210 GetInPlace() Key not found
10-19 06:11:05.209 V/CamX (13562): [ VERB][UTILS ] camxhashmap.cpp:210 GetInPlace() Key not found
10-19 06:11:05.209 V/CamX (13562): [ VERB][UTILS ] camxhashmap.cpp:210 GetInPlace() Key not found
10-19 06:11:05.209 V/CamX (13562): [ VERB][UTILS ] camxhashmap.cpp:210 GetInPlace() Key not found
10-19 06:11:05.209 V/CamX (13562): [ VERB][UTILS ] camxhashmap.cpp:210 GetInPlace() Key not found
10-19 06:11:05.209 V/CamX (13562): [ VERB][UTILS ] camxhashmap.cpp:210 GetInPlace() Key not found
10-19 06:11:05.209 V/CamX (13562): [ VERB][UTILS ] camxhashmap.cpp:210 GetInPlace() Key not found
10-19 06:11:05.209 V/CamX (13562): [ VERB][UTILS ] camxhashmap.cpp:210 GetInPlace() Key not found
10-19 06:11:05.209 V/CamX (13562): [ VERB][UTILS ] camxhashmap.cpp:210 GetInPlace() Key not found
10-19 06:11:05.209 V/CamX (13562): [ VERB][UTILS ] camxhashmap.cpp:210 GetInPlace() Key not found
10-19 06:11:05.209 V/CamX (13562): [ VERB][UTILS ] camxhashmap.cpp:210 GetInPlace() Key not found
10-19 06:11:05.209 V/CamX (13562): [ VERB][UTILS ] camxhashmap.cpp:210 GetInPlace() Key not found
10-19 06:11:05.209 V/CamX (13562): [ VERB][UTILS ] camxhashmap.cpp:210 GetInPlace() Key not found
10-19 06:11:05.209 V/CamX (13562): [ VERB][UTILS ] camxhashmap.cpp:210 GetInPlace() Key not found
10-19 06:11:05.209 V/CamX (13562): [ VERB][UTILS ] camxhashmap.cpp:210 GetInPlace() Key not found
10-19 06:11:05.209 V/CamX (13562): [ VERB][UTILS ] camxhashmap.cpp:210 GetInPlace() Key not found
10-19 06:11:05.209 V/CamX (13562): [ VERB][UTILS ] camxhashmap.cpp:210 GetInPlace() Key not found
10-19 06:11:05.209 V/CamX (13562): [ VERB][UTILS ] camxhashmap.cpp:210 GetInPlace() Key not found
10-19 06:11:05.209 V/CamX (13562): [ VERB][UTILS ] camxhashmap.cpp:210 GetInPlace() Key not found
10-19 06:11:05.209 V/CamX (13562): [ VERB][UTILS ] camxhashmap.cpp:210 GetInPlace() Key not found
10-19 06:11:05.209 V/CamX (13562): [ VERB][UTILS ] camxhashmap.cpp:210 GetInPlace() Key not found
10-19 06:11:05.209 V/CamX (13562): [ VERB][UTILS ] camxhashmap.cpp:210 GetInPlace() Key not found
10-19 06:11:05.209 V/CamX (13562): [ VERB][UTILS ] camxhashmap.cpp:210 GetInPlace() Key not found
10-19 06:11:05.209 V/CamX (13562): [ VERB][UTILS ] camxhashmap.cpp:210 GetInPlace() Key not found
10-19 06:11:05.209 V/CamX (13562): [ VERB][UTILS ] camxhashmap.cpp:210 GetInPlace() Key not found
10-19 06:11:05.209 V/CamX (13562): [ VERB][UTILS ] camxhashmap.cpp:210 GetInPlace() Key not found
10-19 06:11:05.209 V/CamX (13562): [ VERB][UTILS ] camxhashmap.cpp:210 GetInPlace() Key not found
10-19 06:11:05.209 V/CamX (13562): [ VERB][UTILS ] camxhashmap.cpp:210 GetInPlace() Key not found
10-19 06:11:05.209 V/CamX (13562): [ VERB][UTILS ] camxhashmap.cpp:210 GetInPlace() Key not found
10-19 06:11:05.209 V/CamX (13562): [ VERB][UTILS ] camxhashmap.cpp:210 GetInPlace() Key not found
10-19 06:11:05.209 V/CamX (13562): [ VERB][UTILS ] camxhashmap.cpp:210 GetInPlace() Key not found
10-19 06:11:05.209 V/CamX (13562): [ VERB][UTILS ] camxhashmap.cpp:210 GetInPlace() Key not found
10-19 06:11:05.210 V/CamX (13562): [ VERB][UTILS ] camxhashmap.cpp:210 GetInPlace() Key not found
10-19 06:11:05.210 V/CamX (13562): [ VERB][UTILS ] camxhashmap.cpp:210 GetInPlace() Key not found
10-19 06:11:05.210 V/CamX (13562): [ VERB][UTILS ] camxhashmap.cpp:210 GetInPlace() Key not found
10-19 06:11:05.210 V/CamX (13562): [ VERB][UTILS ] camxhashmap.cpp:210 GetInPlace() Key not found
10-19 06:11:05.210 V/CamX (13562): [ VERB][UTILS ] camxhashmap.cpp:210 GetInPlace() Key not found
10-19 06:11:05.210 V/CamX (13562): [ VERB][UTILS ] camxhashmap.cpp:210 GetInPlace() Key not found
10-19 06:11:05.210 V/CamX (13562): [ VERB][UTILS ] camxhashmap.cpp:210 GetInPlace() Key not found
10-19 06:11:05.210 V/CamX (13562): [ VERB][UTILS ] camxhashmap.cpp:210 GetInPlace() Key not found
10-19 06:11:05.210 V/CamX (13562): [ VERB][UTILS ] camxhashmap.cpp:210 GetInPlace() Key not found
10-19 06:11:05.210 V/CamX (13562): [ VERB][UTILS ] camxhashmap.cpp:210 GetInPlace() Key not found
10-19 06:11:05.210 V/CamX (13562): [ VERB][UTILS ] camxhashmap.cpp:210 GetInPlace() Key not found
10-19 06:11:05.210 V/CamX (13562): [ VERB][UTILS ] camxhashmap.cpp:210 GetInPlace() Key not found
10-19 06:11:05.210 V/CamX (13562): [ VERB][UTILS ] camxhashmap.cpp:210 GetInPlace() Key not found
10-19 06:11:05.210 V/CamX (13562): [ VERB][UTILS ] camxhashmap.cpp:210 GetInPlace() Key not found
10-19 06:11:05.210 V/CamX (13562): [ VERB][UTILS ] camxhashmap.cpp:210 GetInPlace() Key not found
10-19 06:11:05.210 V/CamX (13562): [ VERB][UTILS ] camxhashmap.cpp:210 GetInPlace() Key not found
10-19 06:11:05.210 V/CamX (13562): [ VERB][UTILS ] camxhashmap.cpp:210 GetInPlace() Key not found
10-19 06:11:05.210 V/CamX (13562): [ VERB][UTILS ] camxhashmap.cpp:210 GetInPlace() Key not found
10-19 06:11:05.210 V/CamX (13562): [ VERB][UTILS ] camxhashmap.cpp:210 GetInPlace() Key not found
10-19 06:11:05.210 V/CamX (13562): [ VERB][UTILS ] camxhashmap.cpp:210 GetInPlace() Key not found
10-19 06:11:05.210 V/CamX (13562): [ VERB][UTILS ] camxhashmap.cpp:210 GetInPlace() Key not found
10-19 06:11:05.210 V/CamX (13562): [ VERB][UTILS ] camxhashmap.cpp:210 GetInPlace() Key not found
10-19 06:11:05.210 V/CamX (13562): [ VERB][UTILS ] camxhashmap.cpp:210 GetInPlace() Key not found
10-19 06:11:05.210 V/CamX (13562): [ VERB][UTILS ] camxhashmap.cpp:210 GetInPlace() Key not found
10-19 06:11:05.210 V/CamX (13562): [ VERB][UTILS ] camxhashmap.cpp:210 GetInPlace() Key not found
10-19 06:11:05.210 V/CamX (13562): [ VERB][UTILS ] camxhashmap.cpp:210 GetInPlace() Key not found
10-19 06:11:05.210 V/CamX (13562): [ VERB][UTILS ] camxhashmap.cpp:210 GetInPlace() Key not found
10-19 06:11:05.210 V/CamX (13562): [ VERB][UTILS ] camxhashmap.cpp:210 GetInPlace() Key not found
10-19 06:11:05.210 V/CamX (13562): [ VERB][UTILS ] camxhashmap.cpp:210 GetInPlace() Key not found
10-19 06:11:05.210 V/CamX (13562): [ VERB][UTILS ] camxhashmap.cpp:210 GetInPlace() Key not found
10-19 06:11:05.210 V/CamX (13562): [ VERB][UTILS ] camxhashmap.cpp:210 GetInPlace() Key not found
10-19 06:11:05.210 V/CamX (13562): [ VERB][UTILS ] camxhashmap.cpp:210 GetInPlace() Key not found
10-19 06:11:05.210 V/CamX (13562): [ VERB][UTILS ] camxhashmap.cpp:210 GetInPlace() Key not found
10-19 06:11:05.210 V/CamX (13562): [ VERB][UTILS ] camxhashmap.cpp:210 GetInPlace() Key not found
10-19 06:11:05.210 V/CamX (13562): [ VERB][UTILS ] camxhashmap.cpp:210 GetInPlace() Key not found
10-19 06:11:05.210 V/CamX (13562): [ VERB][UTILS ] camxhashmap.cpp:210 GetInPlace() Key not found
10-19 06:11:05.210 V/CamX (13562): [ VERB][UTILS ] camxhashmap.cpp:210 GetInPlace() Key not found
10-19 06:11:05.210 V/CamX (13562): [ VERB][UTILS ] camxhashmap.cpp:210 GetInPlace() Key not found
10-19 06:11:05.211 V/CamX (13562): [ VERB][UTILS ] camxhashmap.cpp:210 GetInPlace() Key not found
10-19 06:11:05.211 V/CamX (13562): [ VERB][UTILS ] camxhashmap.cpp:210 GetInPlace() Key not found
10-19 06:11:05.211 V/CamX (13562): [ VERB][UTILS ] camxhashmap.cpp:210 GetInPlace() Key not found
10-19 06:11:05.211 V/CamX (13562): [ VERB][UTILS ] camxhashmap.cpp:210 GetInPlace() Key not found
10-19 06:11:05.211 V/CamX (13562): [ VERB][UTILS ] camxhashmap.cpp:210 GetInPlace() Key not found
10-19 06:11:05.211 V/CamX (13562): [ VERB][UTILS ] camxhashmap.cpp:210 GetInPlace() Key not found
10-19 06:11:05.211 V/CamX (13562): [ VERB][UTILS ] camxhashmap.cpp:210 GetInPlace() Key not found
10-19 06:11:05.211 V/CamX (13562): [ VERB][UTILS ] camxhashmap.cpp:210 GetInPlace() Key not found
10-19 06:11:05.211 V/CamX (13562): [ VERB][UTILS ] camxhashmap.cpp:210 GetInPlace() Key not found
10-19 06:11:05.211 V/CamX (13562): [ VERB][UTILS ] camxhashmap.cpp:210 GetInPlace() Key not found
10-19 06:11:05.211 V/CamX (13562): [ VERB][UTILS ] camxhashmap.cpp:210 GetInPlace() Key not found
10-19 06:11:05.211 V/CamX (13562): [ VERB][UTILS ] camxhashmap.cpp:210 GetInPlace() Key not found
10-19 06:11:05.211 V/CamX (13562): [ VERB][UTILS ] camxhashmap.cpp:210 GetInPlace() Key not found
10-19 06:11:05.211 V/CamX (13562): [ VERB][UTILS ] camxhashmap.cpp:210 GetInPlace() Key not found
