10-19 05:48:05.909 I/dvm_lock_sample( 1146): [system_server,1,android.display,14,RootWindowContainer.java,3809,void com.android.server.wm.RootWindowContainer$RankTaskLayersRunnable.run(),TaskChangeNotificationController.java,342,void com.android.server.wm.TaskChangeNotificationController.forAllLocalListeners(com.android.server.wm.TaskChangeNotificationController$TaskStackConsumer, android.os.Message),2]
10-19 05:48:05.921 I/wm_on_paused_called( 6285): [213278038,com.android.soundrecorder.SoundRecorder,performPause]
10-19 05:48:05.924 I/sysui_multi_action( 1146): [757,803,799,window_time_2,802,9]
10-19 05:48:05.938 I/input_focus( 1146): [Focus leaving fd1b460 com.android.soundrecorder/com.android.soundrecorder.SoundRecorder (server),reason=NO_WINDOW]
10-19 05:48:05.951 I/wm_on_restart_called( 2903): [228154950,com.android.launcher3.uioverrides.QuickstepLauncher,performRestartActivity]
10-19 05:48:05.951 I/wm_on_start_called( 2903): [228154950,com.android.launcher3.uioverrides.QuickstepLauncher,handleStartActivity]
10-19 05:48:05.952 I/wm_on_resume_called( 2903): [228154950,com.android.launcher3.uioverrides.QuickstepLauncher,RESUME_ACTIVITY]
10-19 05:48:05.953 I/wm_on_top_resumed_gained_called( 2903): [228154950,com.android.launcher3.uioverrides.QuickstepLauncher,topStateChangedWhenResumed]
10-19 05:48:05.965 I/input_focus( 1146): [Focus request a926fae com.android.launcher3/com.android.launcher3.uioverrides.QuickstepLauncher,reason=UpdateInputWindows]
10-19 05:48:06.008 I/dvm_lock_sample( 1146): [system_server,0,Binder:1146_1C,26,ActivityClientController.java,144,void com.android.server.wm.ActivityClientController.activityIdle(android.os.IBinder, android.content.res.Configuration, boolean),TaskChangeNotificationController.java,342,void com.android.server.wm.TaskChangeNotificationController.forAllLocalListeners(com.android.server.wm.TaskChangeNotificationController$TaskStackConsumer, android.os.Message),5]
10-19 05:48:06.023 I/input_focus( 1146): [Focus entering a926fae com.android.launcher3/com.android.launcher3.uioverrides.QuickstepLauncher (server),reason=Window became focusable. Previous reason: NOT_VISIBLE]
10-19 05:48:06.365 I/wm_stop_activity( 1146): [0,213278038,com.android.soundrecorder/.SoundRecorder]
10-19 05:48:06.413 I/wm_on_stop_called( 6285): [213278038,com.android.soundrecorder.SoundRecorder,STOP_ACTIVITY_ITEM]
10-19 05:48:06.831 I/input_interaction( 1146): Interaction with: a926fae com.android.launcher3/com.android.launcher3.uioverrides.QuickstepLauncher (server), 1c10e44 com.android.systemui.ImageWallpaper (server), edge-swipe (server), swipe-up (server), PointerEventDispatcher0 (server),
10-19 05:48:08.843 I/wm_task_moved( 1146): [154,1,7]
10-19 05:48:08.843 I/wm_task_to_front( 1146): [0,154]
10-19 05:48:08.844 I/wm_focused_root_task( 1146): [0,0,154,1,bringingFoundTaskToFront]
10-19 05:48:08.844 I/wm_set_resumed_activity( 1146): [0,com.android.soundrecorder/.SoundRecorder,bringingFoundTaskToFront]
10-19 05:48:08.851 I/wm_relaunch_resume_activity( 1146): [0,213278038,154,com.android.soundrecorder/.SoundRecorder]
10-19 05:48:08.853 I/wm_set_resumed_activity( 1146): [0,com.android.soundrecorder/.SoundRecorder,resumeTopActivityInnerLocked]
10-19 05:48:08.854 I/wm_resume_activity( 1146): [0,213278038,154,com.android.soundrecorder/.SoundRecorder]
10-19 05:48:08.855 I/wm_finish_activity( 1146): [0,213278038,154,com.android.soundrecorder/.SoundRecorder,clear-task-all]
10-19 05:48:08.856 I/wm_pause_activity( 1146): [0,213278038,com.android.soundrecorder/.SoundRecorder,userLeaving=false,finish]
10-19 05:48:08.862 I/wm_on_destroy_called( 6285): [213278038,com.android.soundrecorder.SoundRecorder,performDestroy]
10-19 05:48:08.864 I/wm_task_moved( 1146): [154,1,7]
10-19 05:48:08.864 I/wm_create_activity( 1146): [0,53188784,154,com.android.soundrecorder/.SoundRecorder,NULL,NULL,NULL,272662528]
10-19 05:48:08.876 I/wm_on_top_resumed_lost_called( 2903): [228154950,com.android.launcher3.uioverrides.QuickstepLauncher,topStateChangedWhenResumed]
10-19 05:48:08.901 I/wm_on_create_called( 6285): [213278038,com.android.soundrecorder.SoundRecorder,performCreate]
10-19 05:48:08.902 I/wm_on_start_called( 6285): [213278038,com.android.soundrecorder.SoundRecorder,handleStartActivity]
10-19 05:48:08.904 I/wm_on_resume_called( 6285): [213278038,com.android.soundrecorder.SoundRecorder,RESUME_ACTIVITY]
10-19 05:48:08.945 I/wm_on_paused_called( 6285): [213278038,com.android.soundrecorder.SoundRecorder,performPause]
10-19 05:48:08.946 I/wm_add_to_stopping( 1146): [0,213278038,com.android.soundrecorder/.SoundRecorder,completeFinishing]
10-19 05:48:08.950 I/wm_restart_activity( 1146): [0,53188784,154,com.android.soundrecorder/.SoundRecorder]
10-19 05:48:08.952 I/wm_set_resumed_activity( 1146): [0,com.android.soundrecorder/.SoundRecorder,minimalResumeActivityLocked]
10-19 05:48:08.955 I/sysui_multi_action( 1146): [757,803,799,window_time_0,802,4]
10-19 05:48:09.001 I/wm_on_create_called( 6285): [53188784,com.android.soundrecorder.SoundRecorder,performCreate]
10-19 05:48:09.001 I/wm_on_start_called( 6285): [53188784,com.android.soundrecorder.SoundRecorder,handleStartActivity]
10-19 05:48:09.002 I/wm_on_resume_called( 6285): [53188784,com.android.soundrecorder.SoundRecorder,RESUME_ACTIVITY]
10-19 05:48:09.010 I/wm_on_top_resumed_gained_called( 6285): [53188784,com.android.soundrecorder.SoundRecorder,topStateChangedWhenResumed]
10-19 05:48:09.028 I/input_focus( 1146): [Focus request 25e3b6a com.android.soundrecorder/com.android.soundrecorder.SoundRecorder,reason=UpdateInputWindows]
10-19 05:48:09.049 I/input_focus( 1146): [Focus leaving a926fae com.android.launcher3/com.android.launcher3.uioverrides.QuickstepLauncher (server),reason=Waiting for window because NOT_VISIBLE]
10-19 05:48:09.061 I/wm_activity_launch_time( 1146): [0,53188784,com.android.soundrecorder/.SoundRecorder,218]
10-19 05:48:09.079 I/input_focus( 1146): [Focus entering 25e3b6a com.android.soundrecorder/com.android.soundrecorder.SoundRecorder (server),reason=Window became focusable. Previous reason: NOT_VISIBLE]
10-19 05:48:09.266 I/dropbox_file_copy( 1146): [/data/tombstones/tombstone_22,98304,SYSTEM_TOMBSTONE]
10-19 05:48:09.271 I/commit_sys_config_file( 1146): [log-files,15745719]
10-19 05:48:09.301 I/commit_sys_config_file( 1146): [log-files,15745749]
10-19 05:48:09.353 I/wm_destroy_activity( 1146): [0,213278038,154,com.android.soundrecorder/.SoundRecorder,finish-imm:idle]
10-19 05:48:09.371 I/wm_on_stop_called( 6285): [213278038,com.android.soundrecorder.SoundRecorder,LIFECYCLER_STOP_ACTIVITY]
10-19 05:48:09.373 I/wm_on_destroy_called( 6285): [213278038,com.android.soundrecorder.SoundRecorder,performDestroy]
10-19 05:48:09.976 I/input_interaction( 1146): Interaction with: 25e3b6a com.android.soundrecorder/com.android.soundrecorder.SoundRecorder (server), edge-swipe (server), swipe-up (server), PointerEventDispatcher0 (server),
10-19 05:48:10.016 I/view_enqueue_input_event( 6285): [Motion - Cancel,com.android.soundrecorder/com.android.soundrecorder.SoundRecorder]
10-19 05:48:10.028 I/input_interaction( 1146): Interaction with: WindowManager (server), edge-swipe (server), swipe-up (server), PointerEventDispatcher0 (server),
10-19 05:48:12.225 I/input_interaction( 1146): Interaction with: 25e3b6a com.android.soundrecorder/com.android.soundrecorder.SoundRecorder (server), edge-swipe (server), swipe-up (server), PointerEventDispatcher0 (server),
10-19 05:48:12.249 I/view_enqueue_input_event( 6285): [Motion - Cancel,com.android.soundrecorder/com.android.soundrecorder.SoundRecorder]
10-19 05:48:12.250 I/input_interaction( 1146): Interaction with: WindowManager (server), edge-swipe (server), swipe-up (server), PointerEventDispatcher0 (server),
10-19 05:48:12.351 I/service_manager_stats( 1146): [100,125,45328]
10-19 05:48:13.092 I/input_interaction( 1146): Interaction with: 25e3b6a com.android.soundrecorder/com.android.soundrecorder.SoundRecorder (server), edge-swipe (server), swipe-up (server), PointerEventDispatcher0 (server),
10-19 05:48:13.124 I/view_enqueue_input_event( 6285): [Motion - Cancel,com.android.soundrecorder/com.android.soundrecorder.SoundRecorder]
10-19 05:48:13.128 I/input_interaction( 1146): Interaction with: WindowManager (server), edge-swipe (server), swipe-up (server), PointerEventDispatcher0 (server),
10-19 05:48:13.777 I/liblog ( 9943): 2
10-19 05:48:13.777 I/liblog ( 9943): 4
10-19 05:48:13.777 I/liblog ( 9943): 4
10-19 05:48:13.777 I/liblog ( 9943): 3
10-19 05:48:13.777 I/liblog ( 9943): 4
10-19 05:48:13.777 I/liblog ( 9943): 3
10-19 05:48:13.777 I/liblog ( 9943): 4
10-19 05:48:13.777 I/liblog ( 9943): 4
10-19 05:48:13.777 I/liblog ( 9943): 6
10-19 05:48:13.777 I/liblog ( 9943): 2
10-19 05:48:13.778 I/liblog ( 9943): 3
10-19 05:48:13.778 I/liblog ( 9943): 8
10-19 05:48:13.778 I/liblog ( 9943): 3
10-19 05:48:13.778 I/liblog ( 9943): 3
10-19 05:48:13.778 I/liblog ( 9943): 4
10-19 05:48:13.778 I/liblog ( 9943): 3
10-19 05:48:13.778 I/liblog ( 9943): 3
10-19 05:48:13.778 I/liblog ( 9943): 3
10-19 05:48:13.779 I/liblog ( 9943): 8
10-19 05:48:13.779 I/liblog ( 9943): 3
10-19 05:48:13.779 I/liblog ( 9943): 3
10-19 05:48:13.779 I/liblog ( 9943): 20
10-19 05:48:13.779 I/liblog ( 9943): 21
10-19 05:48:13.780 I/liblog ( 9943): 5
10-19 05:48:13.780 I/liblog ( 9943): 8
10-19 05:48:13.780 I/liblog ( 9943): 12
10-19 05:48:13.780 I/liblog ( 9943): 4
10-19 05:48:13.780 I/liblog ( 9943): 4
10-19 05:48:13.780 I/liblog ( 9943): 4
10-19 05:48:13.780 I/liblog ( 9943): 4
10-19 05:48:13.780 I/liblog ( 9943): 4
10-19 05:48:13.780 I/liblog ( 9943): 10
10-19 05:48:13.780 I/liblog ( 9943): 3
10-19 05:48:13.781 I/liblog ( 9943): 4
10-19 05:48:13.781 I/liblog ( 9943): 4
10-19 05:48:13.781 I/liblog ( 9943): 4
10-19 05:48:13.781 I/liblog ( 9943): 4
10-19 05:48:13.781 I/liblog ( 9943): 4
10-19 05:48:13.781 I/liblog ( 9943): 6
10-19 05:48:13.781 I/liblog ( 9943): 6
10-19 05:48:13.781 I/liblog ( 9943): 4
10-19 05:48:13.781 I/liblog ( 9943): 4
10-19 05:48:13.781 I/liblog ( 9943): 6
10-19 05:48:13.781 I/liblog ( 9943): 4
10-19 05:48:13.782 I/liblog ( 9943): 6
10-19 05:48:13.861 I/input_interaction( 1146): Interaction with: 25e3b6a com.android.soundrecorder/com.android.soundrecorder.SoundRecorder (server), edge-swipe (server), swipe-up (server), PointerEventDispatcher0 (server),
10-19 05:48:13.895 I/view_enqueue_input_event( 6285): [Motion - Cancel,com.android.soundrecorder/com.android.soundrecorder.SoundRecorder]
10-19 05:48:13.900 I/input_interaction( 1146): Interaction with: WindowManager (server), edge-swipe (server), swipe-up (server), PointerEventDispatcher0 (server),
10-19 05:48:14.393 I/dropbox_file_copy( 1146): [/data/tombstones/tombstone_23,98304,SYSTEM_TOMBSTONE]
10-19 05:48:14.399 I/commit_sys_config_file( 1146): [log-files,15750847]
10-19 05:48:14.420 I/commit_sys_config_file( 1146): [log-files,15750869]
10-19 05:48:14.699 I/input_interaction( 1146): Interaction with: 25e3b6a com.android.soundrecorder/com.android.soundrecorder.SoundRecorder (server), edge-swipe (server), swipe-up (server), PointerEventDispatcher0 (server),
10-19 05:48:14.727 I/view_enqueue_input_event( 6285): [Motion - Cancel,com.android.soundrecorder/com.android.soundrecorder.SoundRecorder]
10-19 05:48:14.734 I/input_interaction( 1146): Interaction with: WindowManager (server), edge-swipe (server), swipe-up (server), PointerEventDispatcher0 (server),
10-19 05:48:16.118 I/input_interaction( 1146): Interaction with: 25e3b6a com.android.soundrecorder/com.android.soundrecorder.SoundRecorder (server), edge-swipe (server), swipe-up (server), PointerEventDispatcher0 (server),
10-19 05:48:16.144 I/view_enqueue_input_event( 6285): [Motion - Cancel,com.android.soundrecorder/com.android.soundrecorder.SoundRecorder]
10-19 05:48:16.153 I/input_interaction( 1146): Interaction with: WindowManager (server), edge-swipe (server), swipe-up (server), PointerEventDispatcher0 (server),
10-19 05:48:16.748 I/input_interaction( 1146): Interaction with: 25e3b6a com.android.soundrecorder/com.android.soundrecorder.SoundRecorder (server), edge-swipe (server), swipe-up (server), PointerEventDispatcher0 (server),
10-19 05:48:16.765 I/view_enqueue_input_event( 6285): [Motion - Cancel,com.android.soundrecorder/com.android.soundrecorder.SoundRecorder]
10-19 05:48:16.770 I/input_interaction( 1146): Interaction with: WindowManager (server), edge-swipe (server), swipe-up (server), PointerEventDispatcher0 (server),
10-19 05:48:17.601 I/input_interaction( 1146): Interaction with: 25e3b6a com.android.soundrecorder/com.android.soundrecorder.SoundRecorder (server), edge-swipe (server), swipe-up (server), PointerEventDispatcher0 (server),
10-19 05:48:17.634 I/view_enqueue_input_event( 6285): [Motion - Cancel,com.android.soundrecorder/com.android.soundrecorder.SoundRecorder]
10-19 05:48:17.645 I/input_interaction( 1146): Interaction with: WindowManager (server), edge-swipe (server), swipe-up (server), PointerEventDispatcher0 (server),
10-19 05:48:18.109 I/input_interaction( 1146): Interaction with: 25e3b6a com.android.soundrecorder/com.android.soundrecorder.SoundRecorder (server), edge-swipe (server), swipe-up (server), PointerEventDispatcher0 (server),
10-19 05:48:18.135 I/input_interaction( 1146): Interaction with: WindowManager (server), edge-swipe (server), swipe-up (server), PointerEventDispatcher0 (server),
10-19 05:48:18.135 I/view_enqueue_input_event( 6285): [Motion - Cancel,com.android.soundrecorder/com.android.soundrecorder.SoundRecorder]
10-19 05:48:18.574 I/input_interaction( 1146): Interaction with: 25e3b6a com.android.soundrecorder/com.android.soundrecorder.SoundRecorder (server), edge-swipe (server), swipe-up (server), PointerEventDispatcher0 (server),
10-19 05:48:18.620 I/view_enqueue_input_event( 6285): [Motion - Cancel,com.android.soundrecorder/com.android.soundrecorder.SoundRecorder]
10-19 05:48:18.626 I/input_interaction( 1146): Interaction with: WindowManager (server), edge-swipe (server), swipe-up (server), PointerEventDispatcher0 (server),
10-19 05:48:18.804 I/liblog ( 9953): 6
10-19 05:48:18.804 I/liblog ( 9953): 6
10-19 05:48:18.804 I/liblog ( 9953): 3
10-19 05:48:18.804 I/liblog ( 9953): 6
10-19 05:48:18.804 I/liblog ( 9953): 4
10-19 05:48:18.804 I/liblog ( 9953): 4
10-19 05:48:18.804 I/liblog ( 9953): 4
10-19 05:48:18.804 I/liblog ( 9953): 6
10-19 05:48:18.804 I/liblog ( 9953): 4
10-19 05:48:18.805 I/liblog ( 9953): 6
10-19 05:48:18.805 I/liblog ( 9953): 4
10-19 05:48:18.805 I/liblog ( 9953): 6
10-19 05:48:18.805 I/liblog ( 9953): 4
10-19 05:48:18.805 I/liblog ( 9953): 3
10-19 05:48:18.805 I/liblog ( 9953): 6
10-19 05:48:18.805 I/liblog ( 9953): 2
10-19 05:48:18.805 I/liblog ( 9953): 4
10-19 05:48:18.805 I/liblog ( 9953): 3
10-19 05:48:18.805 I/liblog ( 9953): 4
10-19 05:48:18.805 I/liblog ( 9953): 3
10-19 05:48:18.806 I/liblog ( 9953): 5
10-19 05:48:18.806 I/liblog ( 9953): 3
10-19 05:48:18.806 I/liblog ( 9953): 3
10-19 05:48:18.806 I/liblog ( 9953): 3
10-19 05:48:18.806 I/liblog ( 9953): 3
10-19 05:48:18.806 I/liblog ( 9953): 12
10-19 05:48:18.806 I/liblog ( 9953): 3
10-19 05:48:18.806 I/liblog ( 9953): 3
10-19 05:48:18.806 I/liblog ( 9953): 3
10-19 05:48:18.807 I/liblog ( 9953): 2
10-19 05:48:18.807 I/liblog ( 9953): 3
10-19 05:48:18.807 I/liblog ( 9953): 3
10-19 05:48:18.807 I/liblog ( 9953): 11
10-19 05:48:18.807 I/liblog ( 9953): 4
10-19 05:48:18.807 I/liblog ( 9953): 6
10-19 05:48:18.808 I/liblog ( 9953): 21
10-19 05:48:18.808 I/liblog ( 9953): 6
10-19 05:48:18.808 I/liblog ( 9953): 4
10-19 05:48:18.808 I/liblog ( 9953): 5
10-19 05:48:18.808 I/liblog ( 9953): 15
10-19 05:48:18.808 I/liblog ( 9953): 4
10-19 05:48:18.808 I/liblog ( 9953): 6
10-19 05:48:18.808 I/liblog ( 9953): 4
10-19 05:48:18.808 I/liblog ( 9953): 4
10-19 05:48:18.809 I/liblog ( 9953): 4
10-19 05:48:18.809 I/liblog ( 9953): 4
10-19 05:48:18.809 I/liblog ( 9953): 6
10-19 05:48:18.809 I/liblog ( 9953): 4
10-19 05:48:18.809 I/liblog ( 9953): 6
10-19 05:48:18.809 I/liblog ( 9953): 4
10-19 05:48:18.809 I/liblog ( 9953): 7
10-19 05:48:18.809 I/liblog ( 9953): 3
10-19 05:48:18.809 I/liblog ( 9953): 7
10-19 05:48:18.809 I/liblog ( 9953): 4
10-19 05:48:18.810 I/liblog ( 9953): 4
10-19 05:48:18.810 I/liblog ( 9953): 4
10-19 05:48:18.810 I/liblog ( 9953): 4
10-19 05:48:18.810 I/liblog ( 9953): 4
10-19 05:48:18.810 I/liblog ( 9953): 4
10-19 05:48:18.810 I/liblog ( 9953): 3
10-19 05:48:18.810 I/liblog ( 9953): 6
10-19 05:48:18.810 I/liblog ( 9953): 10
10-19 05:48:18.810 I/liblog ( 9953): 4
10-19 05:48:18.811 I/liblog ( 9953): 4
10-19 05:48:18.811 I/liblog ( 9953): 3
10-19 05:48:18.811 I/liblog ( 9953): 5
10-19 05:48:18.811 I/liblog ( 9953): 6
10-19 05:48:18.811 I/liblog ( 9953): 4
10-19 05:48:18.811 I/liblog ( 9953): 4
10-19 05:48:18.811 I/liblog ( 9953): 4
10-19 05:48:18.811 I/liblog ( 9953): 11
10-19 05:48:18.811 I/liblog ( 9953): 2
10-19 05:48:18.811 I/liblog ( 9953): 2
10-19 05:48:18.811 I/liblog ( 9953): 2
10-19 05:48:18.812 I/liblog ( 9953): 1
10-19 05:48:18.812 I/liblog ( 9953): 1
10-19 05:48:18.812 I/liblog ( 9953): 2
10-19 05:48:18.812 I/liblog ( 9953): 3
10-19 05:48:18.812 I/liblog ( 9953): 1
10-19 05:48:18.999 I/input_interaction( 1146): Interaction with: 25e3b6a com.android.soundrecorder/com.android.soundrecorder.SoundRecorder (server), edge-swipe (server), swipe-up (server), PointerEventDispatcher0 (server),
10-19 05:48:19.021 I/view_enqueue_input_event( 6285): [Motion - Cancel,com.android.soundrecorder/com.android.soundrecorder.SoundRecorder]
10-19 05:48:19.024 I/input_interaction( 1146): Interaction with: WindowManager (server), edge-swipe (server), swipe-up (server), PointerEventDispatcher0 (server),
10-19 05:48:19.390 I/dropbox_file_copy( 1146): [/data/tombstones/tombstone_24,98304,SYSTEM_TOMBSTONE]
10-19 05:48:19.397 I/commit_sys_config_file( 1146): [log-files,15755846]
10-19 05:48:19.416 I/commit_sys_config_file( 1146): [log-files,15755865]
10-19 05:48:19.637 I/input_interaction( 1146): Interaction with: 25e3b6a com.android.soundrecorder/com.android.soundrecorder.SoundRecorder (server), edge-swipe (server), swipe-up (server), PointerEventDispatcher0 (server),
10-19 05:48:19.656 I/view_enqueue_input_event( 6285): [Motion - Cancel,com.android.soundrecorder/com.android.soundrecorder.SoundRecorder]
10-19 05:48:19.659 I/input_interaction( 1146): Interaction with: WindowManager (server), edge-swipe (server), swipe-up (server), PointerEventDispatcher0 (server),
10-19 05:48:20.089 I/input_interaction( 1146): Interaction with: 25e3b6a com.android.soundrecorder/com.android.soundrecorder.SoundRecorder (server), edge-swipe (server), swipe-up (server), PointerEventDispatcher0 (server),
10-19 05:48:20.106 I/view_enqueue_input_event( 6285): [Motion - Cancel,com.android.soundrecorder/com.android.soundrecorder.SoundRecorder]
10-19 05:48:20.111 I/input_interaction( 1146): Interaction with: WindowManager (server), edge-swipe (server), swipe-up (server), PointerEventDispatcher0 (server),
10-19 05:48:20.596 I/input_interaction( 1146): Interaction with: 25e3b6a com.android.soundrecorder/com.android.soundrecorder.SoundRecorder (server), edge-swipe (server), swipe-up (server), PointerEventDispatcher0 (server),
10-19 05:48:20.625 I/view_enqueue_input_event( 6285): [Motion - Cancel,com.android.soundrecorder/com.android.soundrecorder.SoundRecorder]
10-19 05:48:20.631 I/input_interaction( 1146): Interaction with: WindowManager (server), edge-swipe (server), swipe-up (server), PointerEventDispatcher0 (server),
10-19 05:48:23.864 I/liblog ( 9963): 1
10-19 05:48:23.864 I/liblog ( 9963): 3
10-19 05:48:23.864 I/liblog ( 9963): 2
10-19 05:48:23.864 I/liblog ( 9963): 2
10-19 05:48:23.864 I/liblog ( 9963): 4
10-19 05:48:23.864 I/liblog ( 9963): 2
10-19 05:48:23.864 I/liblog ( 9963): 6
10-19 05:48:23.865 I/liblog ( 9963): 2
10-19 05:48:23.865 I/liblog ( 9963): 4
10-19 05:48:23.865 I/liblog ( 9963): 2
10-19 05:48:23.865 I/liblog ( 9963): 4
10-19 05:48:23.865 I/liblog ( 9963): 2
10-19 05:48:23.865 I/liblog ( 9963): 2
10-19 05:48:23.865 I/liblog ( 9963): 2
10-19 05:48:23.865 I/liblog ( 9963): 4
10-19 05:48:23.865 I/liblog ( 9963): 4
10-19 05:48:23.865 I/liblog ( 9963): 2
10-19 05:48:23.865 I/liblog ( 9963): 2
10-19 05:48:23.866 I/liblog ( 9963): 2
10-19 05:48:23.866 I/liblog ( 9963): 2
10-19 05:48:23.866 I/liblog ( 9963): 2
10-19 05:48:23.866 I/liblog ( 9963): 2
10-19 05:48:23.866 I/liblog ( 9963): 2
10-19 05:48:23.866 I/liblog ( 9963): 7
10-19 05:48:23.868 I/liblog ( 9963): 79
10-19 05:48:23.868 I/liblog ( 9963): 3
10-19 05:48:23.868 I/liblog ( 9963): 3
10-19 05:48:23.868 I/liblog ( 9963): 2
10-19 05:48:23.868 I/liblog ( 9963): 3
10-19 05:48:23.868 I/liblog ( 9963): 2
10-19 05:48:23.868 I/liblog ( 9963): 4
10-19 05:48:23.868 I/liblog ( 9963): 2
10-19 05:48:23.868 I/liblog ( 9963): 4
10-19 05:48:23.868 I/liblog ( 9963): 4
10-19 05:48:23.868 I/liblog ( 9963): 3
10-19 05:48:23.869 I/liblog ( 9963): 4
10-19 05:48:23.869 I/liblog ( 9963): 3
10-19 05:48:23.869 I/liblog ( 9963): 3
10-19 05:48:23.869 I/liblog ( 9963): 2
10-19 05:48:23.869 I/liblog ( 9963): 3
10-19 05:48:24.622 I/dropbox_file_copy( 1146): [/data/tombstones/tombstone_25,98304,SYSTEM_TOMBSTONE]
10-19 05:48:24.637 I/commit_sys_config_file( 1146): [log-files,15761085]
10-19 05:48:24.656 I/commit_sys_config_file( 1146): [log-files,15761104]
10-19 05:48:28.950 I/liblog ( 9972): 29
10-19 05:48:28.951 I/liblog ( 9972): 3
10-19 05:48:28.951 I/liblog ( 9972): 5
10-19 05:48:28.951 I/liblog ( 9972): 5
10-19 05:48:28.951 I/liblog ( 9972): 5
10-19 05:48:28.951 I/liblog ( 9972): 9
10-19 05:48:28.951 I/liblog ( 9972): 1
10-19 05:48:29.629 I/dropbox_file_copy( 1146): [/data/tombstones/tombstone_26,98304,SYSTEM_TOMBSTONE]
10-19 05:48:29.636 I/commit_sys_config_file( 1146): [log-files,15766084]
10-19 05:48:29.657 I/commit_sys_config_file( 1146): [log-files,15766105]
10-19 05:48:34.704 I/dropbox_file_copy( 1146): [/data/tombstones/tombstone_27,98304,SYSTEM_TOMBSTONE]
10-19 05:48:34.722 I/commit_sys_config_file( 1146): [log-files,15771171]
10-19 05:48:34.758 I/commit_sys_config_file( 1146): [log-files,15771206]
10-19 05:48:38.976 I/liblog ( 9991): 1
10-19 05:48:38.976 I/liblog ( 9991): 1
10-19 05:48:38.976 I/liblog ( 9991): 1
10-19 05:48:38.976 I/liblog ( 9991): 1
10-19 05:48:38.976 I/liblog ( 9991): 1
10-19 05:48:38.976 I/liblog ( 9991): 1
10-19 05:48:38.977 I/liblog ( 9991): 1
10-19 05:48:38.977 I/liblog ( 9991): 1
10-19 05:48:38.977 I/liblog ( 9991): 1
10-19 05:48:38.977 I/liblog ( 9991): 1
10-19 05:48:38.977 I/liblog ( 9991): 1
10-19 05:48:38.977 I/liblog ( 9991): 1
10-19 05:48:38.977 I/liblog ( 9991): 1
10-19 05:48:38.977 I/liblog ( 9991): 2
10-19 05:48:38.977 I/liblog ( 9991): 1
10-19 05:48:38.977 I/liblog ( 9991): 1
10-19 05:48:38.977 I/liblog ( 9991): 2
10-19 05:48:38.978 I/liblog ( 9991): 2
10-19 05:48:38.978 I/liblog ( 9991): 1
10-19 05:48:38.978 I/liblog ( 9991): 1
10-19 05:48:38.978 I/liblog ( 9991): 1
10-19 05:48:38.978 I/liblog ( 9991): 2
10-19 05:48:38.978 I/liblog ( 9991): 1
10-19 05:48:38.978 I/liblog ( 9991): 1
10-19 05:48:38.978 I/liblog ( 9991): 1
10-19 05:48:38.979 I/liblog ( 9991): 1
10-19 05:48:38.979 I/liblog ( 9991): 4
10-19 05:48:38.979 I/liblog ( 9991): 1
10-19 05:48:38.979 I/liblog ( 9991): 1
10-19 05:48:38.980 I/liblog ( 9991): 1
10-19 05:48:38.980 I/liblog ( 9991): 2
10-19 05:48:38.980 I/liblog ( 9991): 1
10-19 05:48:38.980 I/liblog ( 9991): 2
10-19 05:48:38.980 I/liblog ( 9991): 1
10-19 05:48:38.980 I/liblog ( 9991): 1
10-19 05:48:38.980 I/liblog ( 9991): 1
10-19 05:48:38.980 I/liblog ( 9991): 1
10-19 05:48:38.980 I/liblog ( 9991): 1
10-19 05:48:38.980 I/liblog ( 9991): 1
10-19 05:48:38.980 I/liblog ( 9991): 1
10-19 05:48:38.980 I/liblog ( 9991): 1
10-19 05:48:38.980 I/liblog ( 9991): 1
10-19 05:48:38.980 I/liblog ( 9991): 2
10-19 05:48:38.980 I/liblog ( 9991): 1
10-19 05:48:38.980 I/liblog ( 9991): 1
10-19 05:48:38.980 I/liblog ( 9991): 1
10-19 05:48:38.981 I/liblog ( 9991): 2
10-19 05:48:38.981 I/liblog ( 9991): 1
10-19 05:48:38.981 I/liblog ( 9991): 1
10-19 05:48:38.981 I/liblog ( 9991): 2
10-19 05:48:38.981 I/liblog ( 9991): 1
10-19 05:48:38.981 I/liblog ( 9991): 2
10-19 05:48:38.981 I/liblog ( 9991): 1
10-19 05:48:38.981 I/liblog ( 9991): 2
10-19 05:48:38.981 I/liblog ( 9991): 2
10-19 05:48:38.981 I/liblog ( 9991): 1
10-19 05:48:38.981 I/liblog ( 9991): 2
10-19 05:48:38.981 I/liblog ( 9991): 2
10-19 05:48:38.981 I/liblog ( 9991): 2
10-19 05:48:38.981 I/liblog ( 9991): 2
10-19 05:48:38.981 I/liblog ( 9991): 1
10-19 05:48:38.981 I/liblog ( 9991): 1
10-19 05:48:38.982 I/liblog ( 9991): 2
10-19 05:48:38.982 I/liblog ( 9991): 1
10-19 05:48:38.982 I/liblog ( 9991): 2
10-19 05:48:38.982 I/liblog ( 9991): 1
10-19 05:48:38.982 I/liblog ( 9991): 2
10-19 05:48:38.982 I/liblog ( 9991): 2
10-19 05:48:38.982 I/liblog ( 9991): 2
10-19 05:48:38.982 I/liblog ( 9991): 1
10-19 05:48:38.982 I/liblog ( 9991): 1
10-19 05:48:38.982 I/liblog ( 9991): 1
10-19 05:48:38.982 I/liblog ( 9991): 1
10-19 05:48:38.982 I/liblog ( 9991): 1
10-19 05:48:38.982 I/liblog ( 9991): 1
10-19 05:48:38.982 I/liblog ( 9991): 1
10-19 05:48:38.982 I/liblog ( 9991): 1
10-19 05:48:38.982 I/liblog ( 9991): 1
10-19 05:48:38.982 I/liblog ( 9991): 1
10-19 05:48:38.983 I/liblog ( 9991): 1
10-19 05:48:39.737 I/dropbox_file_copy( 1146): [/data/tombstones/tombstone_28,98304,SYSTEM_TOMBSTONE]
10-19 05:48:39.750 I/commit_sys_config_file( 1146): [log-files,15776198]
10-19 05:48:39.768 I/commit_sys_config_file( 1146): [log-files,15776217]
10-19 05:48:44.757 I/dropbox_file_copy( 1146): [/data/tombstones/tombstone_29,98304,SYSTEM_TOMBSTONE]
10-19 05:48:44.784 I/commit_sys_config_file( 1146): [log-files,15781232]
10-19 05:48:44.804 I/commit_sys_config_file( 1146): [log-files,15781252]
10-19 05:48:49.887 I/dropbox_file_copy( 1146): [/data/tombstones/tombstone_30,98304,SYSTEM_TOMBSTONE]
10-19 05:48:49.894 I/commit_sys_config_file( 1146): [log-files,15786343]
10-19 05:48:49.914 I/commit_sys_config_file( 1146): [log-files,15786362]
10-19 05:48:54.891 I/dropbox_file_copy( 1146): [/data/tombstones/tombstone_31,98304,SYSTEM_TOMBSTONE]
10-19 05:48:54.901 I/commit_sys_config_file( 1146): [log-files,15791349]
10-19 05:48:54.915 I/commit_sys_config_file( 1146): [log-files,15791364]
10-19 05:48:59.956 I/dropbox_file_copy( 1146): [/data/tombstones/tombstone_00,98304,SYSTEM_TOMBSTONE]
10-19 05:48:59.970 I/commit_sys_config_file( 1146): [log-files,15796418]
10-19 05:48:59.991 I/commit_sys_config_file( 1146): [log-files,15796439]
10-19 05:49:04.149 I/liblog (10036): 449
10-19 05:49:04.149 I/liblog (10036): 4
10-19 05:49:04.149 I/liblog (10036): 3
10-19 05:49:04.149 I/liblog (10036): 4
10-19 05:49:04.149 I/liblog (10036): 6
10-19 05:49:04.150 I/liblog (10036): 9
10-19 05:49:04.150 I/liblog (10036): 4
10-19 05:49:04.150 I/liblog (10036): 4
10-19 05:49:04.150 I/liblog (10036): 4
10-19 05:49:04.150 I/liblog (10036): 6
10-19 05:49:04.150 I/liblog (10036): 3
10-19 05:49:04.150 I/liblog (10036): 6
10-19 05:49:04.150 I/liblog (10036): 4
10-19 05:49:04.150 I/liblog (10036): 6
10-19 05:49:04.150 I/liblog (10036): 6
10-19 05:49:04.151 I/liblog (10036): 4
10-19 05:49:04.151 I/liblog (10036): 4
10-19 05:49:04.151 I/liblog (10036): 4
10-19 05:49:04.151 I/liblog (10036): 4
10-19 05:49:04.151 I/liblog (10036): 4
10-19 05:49:04.151 I/liblog (10036): 3
10-19 05:49:04.151 I/liblog (10036): 4
10-19 05:49:04.151 I/liblog (10036): 4
10-19 05:49:04.151 I/liblog (10036): 6
10-19 05:49:04.152 I/liblog (10036): 6
10-19 05:49:04.780 I/dropbox_file_copy( 1146): [/data/tombstones/tombstone_01,98304,SYSTEM_TOMBSTONE]
10-19 05:49:04.787 I/commit_sys_config_file( 1146): [log-files,15801235]
10-19 05:49:04.806 I/commit_sys_config_file( 1146): [log-files,15801254]
10-19 05:49:09.239 I/liblog (10045): 2
10-19 05:49:09.239 I/liblog (10045): 4
10-19 05:49:09.239 I/liblog (10045): 4
10-19 05:49:09.239 I/liblog (10045): 13
10-19 05:49:09.239 I/liblog (10045): 4
10-19 05:49:09.239 I/liblog (10045): 2
10-19 05:49:09.240 I/liblog (10045): 5
10-19 05:49:09.240 I/liblog (10045): 3
10-19 05:49:09.240 I/liblog (10045): 8
10-19 05:49:09.240 I/liblog (10045): 7
10-19 05:49:09.240 I/liblog (10045): 3
10-19 05:49:09.240 I/liblog (10045): 3
10-19 05:49:09.240 I/liblog (10045): 2
10-19 05:49:09.240 I/liblog (10045): 4
10-19 05:49:09.240 I/liblog (10045): 3
10-19 05:49:09.240 I/liblog (10045): 3
10-19 05:49:09.241 I/liblog (10045): 10
10-19 05:49:09.241 I/liblog (10045): 4
10-19 05:49:09.241 I/liblog (10045): 4
10-19 05:49:09.241 I/liblog (10045): 6
10-19 05:49:09.241 I/liblog (10045): 3
10-19 05:49:09.241 I/liblog (10045): 3
10-19 05:49:09.241 I/liblog (10045): 3
10-19 05:49:09.241 I/liblog (10045): 3
10-19 05:49:09.242 I/liblog (10045): 5
10-19 05:49:09.242 I/liblog (10045): 3
10-19 05:49:09.242 I/liblog (10045): 4
10-19 05:49:09.242 I/liblog (10045): 3
10-19 05:49:09.242 I/liblog (10045): 9
10-19 05:49:09.242 I/liblog (10045): 3
10-19 05:49:09.242 I/liblog (10045): 3
10-19 05:49:09.242 I/liblog (10045): 3
10-19 05:49:09.243 I/liblog (10045): 7
10-19 05:49:09.243 I/liblog (10045): 9
10-19 05:49:09.243 I/liblog (10045): 3
10-19 05:49:09.243 I/liblog (10045): 6
10-19 05:49:09.243 I/liblog (10045): 9
10-19 05:49:09.243 I/liblog (10045): 4
10-19 05:49:09.243 I/liblog (10045): 4
10-19 05:49:09.244 I/liblog (10045): 5
10-19 05:49:09.244 I/liblog (10045): 3
10-19 05:49:09.244 I/liblog (10045): 4
10-19 05:49:09.244 I/liblog (10045): 13
10-19 05:49:09.244 I/liblog (10045): 4
10-19 05:49:09.244 I/liblog (10045): 3
10-19 05:49:09.244 I/liblog (10045): 3
10-19 05:49:09.244 I/liblog (10045): 4
10-19 05:49:09.244 I/liblog (10045): 4
10-19 05:49:09.244 I/liblog (10045): 4
10-19 05:49:09.244 I/liblog (10045): 4
10-19 05:49:09.245 I/liblog (10045): 13
10-19 05:49:09.245 I/liblog (10045): 4
10-19 05:49:09.245 I/liblog (10045): 4
10-19 05:49:09.245 I/liblog (10045): 5
10-19 05:49:09.245 I/liblog (10045): 17
10-19 05:49:09.245 I/liblog (10045): 5
10-19 05:49:09.245 I/liblog (10045): 5
10-19 05:49:09.245 I/liblog (10045): 7
10-19 05:49:09.245 I/liblog (10045): 4
10-19 05:49:09.246 I/liblog (10045): 4
10-19 05:49:09.246 I/liblog (10045): 7
10-19 05:49:09.246 I/liblog (10045): 8
10-19 05:49:09.246 I/liblog (10045): 10
10-19 05:49:09.246 I/liblog (10045): 4
10-19 05:49:09.246 I/liblog (10045): 17
10-19 05:49:09.247 I/liblog (10045): 6
10-19 05:49:09.247 I/liblog (10045): 5
10-19 05:49:09.247 I/liblog (10045): 8
10-19 05:49:09.247 I/liblog (10045): 4
10-19 05:49:09.247 I/liblog (10045): 4
10-19 05:49:09.247 I/liblog (10045): 4
10-19 05:49:09.247 I/liblog (10045): 4
10-19 05:49:09.247 I/liblog (10045): 4
10-19 05:49:09.247 I/liblog (10045): 11
10-19 05:49:09.247 I/liblog (10045): 4
10-19 05:49:09.866 I/dropbox_file_copy( 1146): [/data/tombstones/tombstone_02,98304,SYSTEM_TOMBSTONE]
10-19 05:49:09.874 I/commit_sys_config_file( 1146): [log-files,15806322]
10-19 05:49:09.893 I/commit_sys_config_file( 1146): [log-files,15806341]
10-19 05:49:13.611 I/sysui_multi_action( 1146): [757,1696,758,6,759,2]
10-19 05:49:13.622 I/am_wtf ( 1146): [0,1146,system_server,-1,DisplayDeviceConfig,requesting nits when no mapping exists.]
10-19 05:49:13.636 I/am_wtf ( 1146): [0,1146,system_server,-1,DisplayDeviceConfig,requesting nits when no mapping exists.]
10-19 05:49:13.641 I/am_wtf ( 1146): [0,1146,system_server,-1,DisplayDeviceConfig,requesting nits when no mapping exists.]
10-19 05:49:13.644 I/am_wtf ( 1146): [0,1146,system_server,-1,DisplayDeviceConfig,requesting nits when no mapping exists.]
10-19 05:49:13.651 I/am_wtf ( 1146): [0,1146,system_server,-1,DisplayDeviceConfig,requesting nits when no mapping exists.]
10-19 05:49:13.654 I/am_wtf ( 1146): [0,1146,system_server,-1,DisplayDeviceConfig,requesting nits when no mapping exists.]
10-19 05:49:13.665 I/am_wtf ( 1146): [0,1146,system_server,-1,DisplayDeviceConfig,requesting nits when no mapping exists.]
10-19 05:49:13.666 I/am_wtf ( 1146): [0,1146,system_server,-1,DisplayDeviceConfig,requesting nits when no mapping exists.]
10-19 05:49:13.683 I/am_wtf ( 1146): [0,1146,system_server,-1,DisplayDeviceConfig,requesting nits when no mapping exists.]
10-19 05:49:13.684 I/am_wtf ( 1146): [0,1146,system_server,-1,DisplayDeviceConfig,requesting nits when no mapping exists.]
10-19 05:49:13.707 I/am_wtf ( 1146): [0,1146,system_server,-1,DisplayDeviceConfig,requesting nits when no mapping exists.]
10-19 05:49:13.709 I/am_wtf ( 1146): [0,1146,system_server,-1,DisplayDeviceConfig,requesting nits when no mapping exists.]
10-19 05:49:13.722 I/am_wtf ( 1146): [0,1146,system_server,-1,DisplayDeviceConfig,requesting nits when no mapping exists.]
10-19 05:49:13.723 I/am_wtf ( 1146): [0,1146,system_server,-1,DisplayDeviceConfig,requesting nits when no mapping exists.]
10-19 05:49:13.735 I/am_wtf ( 1146): [0,1146,system_server,-1,DisplayDeviceConfig,requesting nits when no mapping exists.]
10-19 05:49:13.736 I/am_wtf ( 1146): [0,1146,system_server,-1,DisplayDeviceConfig,requesting nits when no mapping exists.]
10-19 05:49:13.749 I/am_wtf ( 1146): [0,1146,system_server,-1,DisplayDeviceConfig,requesting nits when no mapping exists.]
10-19 05:49:13.750 I/am_wtf ( 1146): [0,1146,system_server,-1,DisplayDeviceConfig,requesting nits when no mapping exists.]
10-19 05:49:13.766 I/am_wtf ( 1146): [0,1146,system_server,-1,DisplayDeviceConfig,requesting nits when no mapping exists.]
10-19 05:49:13.767 I/am_wtf ( 1146): [0,1146,system_server,-1,DisplayDeviceConfig,requesting nits when no mapping exists.]
10-19 05:49:13.783 I/am_wtf ( 1146): [0,1146,system_server,-1,DisplayDeviceConfig,requesting nits when no mapping exists.]
10-19 05:49:13.784 I/am_wtf ( 1146): [0,1146,system_server,-1,DisplayDeviceConfig,requesting nits when no mapping exists.]
10-19 05:49:13.799 I/am_wtf ( 1146): [0,1146,system_server,-1,DisplayDeviceConfig,requesting nits when no mapping exists.]
10-19 05:49:13.800 I/am_wtf ( 1146): [0,1146,system_server,-1,DisplayDeviceConfig,requesting nits when no mapping exists.]
10-19 05:49:13.817 I/am_wtf ( 1146): [0,1146,system_server,-1,DisplayDeviceConfig,requesting nits when no mapping exists.]
10-19 05:49:13.818 I/am_wtf ( 1146): [0,1146,system_server,-1,DisplayDeviceConfig,requesting nits when no mapping exists.]
10-19 05:49:13.833 I/am_wtf ( 1146): [0,1146,system_server,-1,DisplayDeviceConfig,requesting nits when no mapping exists.]
10-19 05:49:13.834 I/am_wtf ( 1146): [0,1146,system_server,-1,DisplayDeviceConfig,requesting nits when no mapping exists.]
10-19 05:49:13.849 I/am_wtf ( 1146): [0,1146,system_server,-1,DisplayDeviceConfig,requesting nits when no mapping exists.]
10-19 05:49:13.850 I/am_wtf ( 1146): [0,1146,system_server,-1,DisplayDeviceConfig,requesting nits when no mapping exists.]
10-19 05:49:13.866 I/am_wtf ( 1146): [0,1146,system_server,-1,DisplayDeviceConfig,requesting nits when no mapping exists.]
10-19 05:49:13.867 I/am_wtf ( 1146): [0,1146,system_server,-1,DisplayDeviceConfig,requesting nits when no mapping exists.]
10-19 05:49:13.883 I/am_wtf ( 1146): [0,1146,system_server,-1,DisplayDeviceConfig,requesting nits when no mapping exists.]
10-19 05:49:13.885 I/am_wtf ( 1146): [0,1146,system_server,-1,DisplayDeviceConfig,requesting nits when no mapping exists.]
10-19 05:49:13.899 I/am_wtf ( 1146): [0,1146,system_server,-1,DisplayDeviceConfig,requesting nits when no mapping exists.]
10-19 05:49:13.901 I/am_wtf ( 1146): [0,1146,system_server,-1,DisplayDeviceConfig,requesting nits when no mapping exists.]
10-19 05:49:13.917 I/am_wtf ( 1146): [0,1146,system_server,-1,DisplayDeviceConfig,requesting nits when no mapping exists.]
10-19 05:49:13.918 I/am_wtf ( 1146): [0,1146,system_server,-1,DisplayDeviceConfig,requesting nits when no mapping exists.]
10-19 05:49:13.934 I/am_wtf ( 1146): [0,1146,system_server,-1,DisplayDeviceConfig,requesting nits when no mapping exists.]
10-19 05:49:13.936 I/am_wtf ( 1146): [0,1146,system_server,-1,DisplayDeviceConfig,requesting nits when no mapping exists.]
10-19 05:49:13.950 I/am_wtf ( 1146): [0,1146,system_server,-1,DisplayDeviceConfig,requesting nits when no mapping exists.]
10-19 05:49:13.951 I/am_wtf ( 1146): [0,1146,system_server,-1,DisplayDeviceConfig,requesting nits when no mapping exists.]
10-19 05:49:13.966 I/am_wtf ( 1146): [0,1146,system_server,-1,DisplayDeviceConfig,requesting nits when no mapping exists.]
10-19 05:49:13.967 I/am_wtf ( 1146): [0,1146,system_server,-1,DisplayDeviceConfig,requesting nits when no mapping exists.]
10-19 05:49:13.985 I/am_wtf ( 1146): [0,1146,system_server,-1,DisplayDeviceConfig,requesting nits when no mapping exists.]
10-19 05:49:13.986 I/am_wtf ( 1146): [0,1146,system_server,-1,DisplayDeviceConfig,requesting nits when no mapping exists.]
10-19 05:49:14.000 I/am_wtf ( 1146): [0,1146,system_server,-1,DisplayDeviceConfig,requesting nits when no mapping exists.]
10-19 05:49:14.001 I/am_wtf ( 1146): [0,1146,system_server,-1,DisplayDeviceConfig,requesting nits when no mapping exists.]
10-19 05:49:14.185 I/liblog (10054): 5
10-19 05:49:14.185 I/liblog (10054): 3
10-19 05:49:14.185 I/liblog (10054): 4
10-19 05:49:14.186 I/liblog (10054): 4
10-19 05:49:14.186 I/liblog (10054): 4
10-19 05:49:14.186 I/liblog (10054): 4
10-19 05:49:14.186 I/liblog (10054): 8
10-19 05:49:14.186 I/liblog (10054): 4
10-19 05:49:14.186 I/liblog (10054): 4
10-19 05:49:14.186 I/liblog (10054): 4
10-19 05:49:14.186 I/liblog (10054): 8
10-19 05:49:14.186 I/liblog (10054): 17
10-19 05:49:14.187 I/liblog (10054): 13
10-19 05:49:14.187 I/liblog (10054): 9
10-19 05:49:14.187 I/liblog (10054): 5
10-19 05:49:14.187 I/liblog (10054): 5
10-19 05:49:14.187 I/liblog (10054): 5
10-19 05:49:14.187 I/liblog (10054): 6
10-19 05:49:14.187 I/liblog (10054): 18
10-19 05:49:14.187 I/liblog (10054): 6
10-19 05:49:14.188 I/liblog (10054): 10
10-19 05:49:14.188 I/liblog (10054): 30
10-19 05:49:14.188 I/liblog (10054): 7
10-19 05:49:14.188 I/liblog (10054): 6
10-19 05:49:14.188 I/liblog (10054): 7
10-19 05:49:14.188 I/liblog (10054): 7
10-19 05:49:14.188 I/liblog (10054): 6
10-19 05:49:14.188 I/liblog (10054): 15
10-19 05:49:14.189 I/liblog (10054): 10
10-19 05:49:14.189 I/liblog (10054): 12
10-19 05:49:14.189 I/liblog (10054): 4
10-19 05:49:14.189 I/liblog (10054): 25
10-19 05:49:14.189 I/liblog (10054): 11
10-19 05:49:14.189 I/liblog (10054): 9
10-19 05:49:14.189 I/liblog (10054): 6
10-19 05:49:14.190 I/liblog (10054): 9
10-19 05:49:14.190 I/liblog (10054): 4
10-19 05:49:14.190 I/liblog (10054): 5
10-19 05:49:14.190 I/liblog (10054): 5
10-19 05:49:14.190 I/liblog (10054): 5
10-19 05:49:14.190 I/liblog (10054): 5
10-19 05:49:14.190 I/liblog (10054): 8
10-19 05:49:14.190 I/liblog (10054): 10
10-19 05:49:14.190 I/liblog (10054): 5
10-19 05:49:14.190 I/liblog (10054): 5
10-19 05:49:14.190 I/liblog (10054): 5
10-19 05:49:14.191 I/liblog (10054): 6
10-19 05:49:14.191 I/liblog (10054): 5
10-19 05:49:14.191 I/liblog (10054): 5
10-19 05:49:14.191 I/liblog (10054): 5
10-19 05:49:14.191 I/liblog (10054): 5
10-19 05:49:14.191 I/liblog (10054): 5
10-19 05:49:14.191 I/liblog (10054): 5
10-19 05:49:14.191 I/liblog (10054): 5
10-19 05:49:14.191 I/liblog (10054): 5
10-19 05:49:14.191 I/liblog (10054): 22
10-19 05:49:14.192 I/liblog (10054): 5
10-19 05:49:14.192 I/liblog (10054): 5
10-19 05:49:14.192 I/liblog (10054): 5
10-19 05:49:14.192 I/liblog (10054): 10
10-19 05:49:14.192 I/liblog (10054): 6
10-19 05:49:14.192 I/liblog (10054): 3
10-19 05:49:14.835 I/dropbox_file_copy( 1146): [/data/tombstones/tombstone_03,98304,SYSTEM_TOMBSTONE]
10-19 05:49:14.856 I/commit_sys_config_file( 1146): [log-files,15811304]
10-19 05:49:14.876 I/commit_sys_config_file( 1146): [log-files,15811324]
10-19 05:49:20.082 I/dropbox_file_copy( 1146): [/data/tombstones/tombstone_04,98304,SYSTEM_TOMBSTONE]
10-19 05:49:20.089 I/commit_sys_config_file( 1146): [log-files,15816538]
10-19 05:49:20.109 I/commit_sys_config_file( 1146): [log-files,15816557]
10-19 05:49:20.612 I/sysui_multi_action( 1146): [757,222,758,1]
10-19 05:49:20.615 I/am_uid_active( 1146): 10069
10-19 05:49:20.640 I/am_pss ( 1146): [6285,10063,com.android.soundrecorder,28816384,23650304,0,148430848,0,2,18]
10-19 05:49:20.648 I/wm_task_created( 1146): [155,-1]
10-19 05:49:20.653 I/wm_task_moved( 1146): [155,1,8]
10-19 05:49:20.653 I/wm_task_to_front( 1146): [0,155]
10-19 05:49:20.654 I/wm_create_task( 1146): [0,155]
10-19 05:49:20.654 I/wm_create_activity( 1146): [0,15510009,155,com.android.deskclock/android.service.dreams.DreamActivity,NULL,NULL,NULL,276824064]
10-19 05:49:20.654 I/wm_task_moved( 1146): [155,1,8]
10-19 05:49:20.654 I/wm_on_top_resumed_lost_called( 6285): [53188784,com.android.soundrecorder.SoundRecorder,topStateChangedWhenResumed]
10-19 05:49:20.656 I/wm_pause_activity( 1146): [0,228154950,com.android.launcher3/.uioverrides.QuickstepLauncher,userLeaving=true,pauseBackTasks]
10-19 05:49:20.657 I/wm_on_paused_called( 2903): [228154950,com.android.launcher3.uioverrides.QuickstepLauncher,performPause]
10-19 05:49:20.665 I/wm_add_to_stopping( 1146): [0,228154950,com.android.launcher3/.uioverrides.QuickstepLauncher,makeInvisible]
10-19 05:49:20.666 I/wm_restart_activity( 1146): [0,15510009,155,com.android.deskclock/android.service.dreams.DreamActivity]
10-19 05:49:20.670 I/wm_set_resumed_activity( 1146): [0,com.android.deskclock/android.service.dreams.DreamActivity,minimalResumeActivityLocked]
10-19 05:49:20.691 I/sysui_multi_action( 1146): [757,803,799,window_time_2,802,71]
10-19 05:49:20.691 I/wm_on_create_called( 6763): [15510009,android.service.dreams.DreamActivity,performCreate]
10-19 05:49:20.693 I/wm_on_start_called( 6763): [15510009,android.service.dreams.DreamActivity,handleStartActivity]
10-19 05:49:20.694 I/wm_on_resume_called( 6763): [15510009,android.service.dreams.DreamActivity,RESUME_ACTIVITY]
10-19 05:49:20.704 I/wm_on_top_resumed_gained_called( 6763): [15510009,android.service.dreams.DreamActivity,topStateChangedWhenResumed]
10-19 05:49:20.748 I/input_focus( 1146): [Focus request 3100ebb com.android.deskclock/android.service.dreams.DreamActivity,reason=UpdateInputWindows]
10-19 05:49:20.753 I/sysui_multi_action( 2269): [757,111,758,2]
10-19 05:49:20.754 I/sysui_multi_action( 2269): [757,111,758,2]
10-19 05:49:20.758 I/notification_enqueue( 1146): [10088,2269,com.android.systemui,2048,NULL,0,Notification(channel=updateNotification shortcut=null contentView=null vibrate=null sound=null defaults=0x0 flags=0x0 color=0x00000000 vis=PRIVATE),1]
10-19 05:49:20.768 I/sysui_multi_action( 2269): [757,111,758,1]
10-19 05:49:20.770 I/sysui_multi_action( 2269): [757,126,758,1,759,126,927,0,928,1,1593,1]
10-19 05:49:20.770 I/sysui_multi_action( 2269): [757,113,758,1,759,113,927,1,928,1,1593,1]
10-19 05:49:20.771 I/sysui_multi_action( 2269): [757,0,758,1,759,0,927,2,928,0,1593,1]
10-19 05:49:20.771 I/sysui_multi_action( 2269): [757,0,758,1,759,0,927,3,928,0,1593,1]
10-19 05:49:20.772 I/sysui_multi_action( 2269): [757,491,758,1,759,491,927,4,928,0,1311,-1,1593,0]
10-19 05:49:20.772 I/sysui_multi_action( 2269): [757,0,758,1,759,0,927,5,928,0,1593,0]
10-19 05:49:20.773 I/sysui_multi_action( 2269): [757,0,758,1,759,0,927,6,1593,0]
10-19 05:49:20.773 I/sysui_multi_action( 2269): [757,114,758,1,759,114,927,7,928,0,1593,0]
10-19 05:49:20.773 I/sysui_multi_action( 2269): [757,111,758,1]
10-19 05:49:20.774 I/sysui_multi_action( 2269): [757,126,758,1,759,126,927,0,928,1,1593,1]
10-19 05:49:20.774 I/sysui_multi_action( 2269): [757,113,758,1,759,113,927,1,928,1,1593,1]
10-19 05:49:20.775 I/sysui_multi_action( 2269): [757,0,758,1,759,0,927,2,928,0,1593,1]
10-19 05:49:20.775 I/sysui_multi_action( 2269): [757,0,758,1,759,0,927,3,928,0,1593,1]
10-19 05:49:20.785 I/input_focus( 1146): [Focus leaving 25e3b6a com.android.soundrecorder/com.android.soundrecorder.SoundRecorder (server),reason=Waiting for window because NOT_VISIBLE]
10-19 05:49:20.799 I/sysui_multi_action( 1146): [757,1696,758,6,759,3]
10-19 05:49:20.801 I/am_wtf ( 1146): [0,1146,system_server,-1,DisplayDeviceConfig,requesting nits when no mapping exists.]
10-19 05:49:20.803 I/am_wtf ( 1146): [0,1146,system_server,-1,DisplayDeviceConfig,requesting nits when no mapping exists.]
10-19 05:49:20.805 I/sysui_multi_action( 1146): [319,152,322,143,325,15871,757,761,758,8,759,2,806,com.android.deskclock,871,android.service.dreams.DreamActivity,904,com.android.deskclock,905,0,1320,8,1321,5]
10-19 05:49:20.807 I/wm_activity_launch_time( 1146): [0,15510009,com.android.deskclock/android.service.dreams.DreamActivity,143]
10-19 05:49:20.827 I/am_wtf ( 1146): [0,1146,system_server,-1,DisplayDeviceConfig,requesting nits when no mapping exists.]
10-19 05:49:20.829 I/am_wtf ( 1146): [0,1146,system_server,-1,DisplayDeviceConfig,requesting nits when no mapping exists.]
10-19 05:49:20.829 I/input_focus( 1146): [Focus entering 3100ebb com.android.deskclock/android.service.dreams.DreamActivity (server),reason=Window became focusable. Previous reason: NOT_VISIBLE]
10-19 05:49:20.851 I/am_wtf ( 1146): [0,1146,system_server,-1,DisplayDeviceConfig,requesting nits when no mapping exists.]
10-19 05:49:20.852 I/am_wtf ( 1146): [0,1146,system_server,-1,DisplayDeviceConfig,requesting nits when no mapping exists.]
10-19 05:49:20.878 I/am_wtf ( 1146): [0,1146,system_server,-1,DisplayDeviceConfig,requesting nits when no mapping exists.]
10-19 05:49:20.880 I/am_wtf ( 1146): [0,1146,system_server,-1,DisplayDeviceConfig,requesting nits when no mapping exists.]
10-19 05:49:20.906 I/am_wtf ( 1146): [0,1146,system_server,-1,DisplayDeviceConfig,requesting nits when no mapping exists.]
10-19 05:49:20.908 I/am_wtf ( 1146): [0,1146,system_server,-1,DisplayDeviceConfig,requesting nits when no mapping exists.]
10-19 05:49:20.935 I/am_wtf ( 1146): [0,1146,system_server,-1,DisplayDeviceConfig,requesting nits when no mapping exists.]
10-19 05:49:20.936 I/am_wtf ( 1146): [0,1146,system_server,-1,DisplayDeviceConfig,requesting nits when no mapping exists.]
10-19 05:49:20.960 I/am_wtf ( 1146): [0,1146,system_server,-1,DisplayDeviceConfig,requesting nits when no mapping exists.]
10-19 05:49:20.961 I/am_wtf ( 1146): [0,1146,system_server,-1,DisplayDeviceConfig,requesting nits when no mapping exists.]
10-19 05:49:20.977 I/am_wtf ( 1146): [0,1146,system_server,-1,DisplayDeviceConfig,requesting nits when no mapping exists.]
10-19 05:49:20.980 I/am_wtf ( 1146): [0,1146,system_server,-1,DisplayDeviceConfig,requesting nits when no mapping exists.]
10-19 05:49:20.997 I/am_wtf ( 1146): [0,1146,system_server,-1,DisplayDeviceConfig,requesting nits when no mapping exists.]
10-19 05:49:21.002 I/am_wtf ( 1146): [0,1146,system_server,-1,DisplayDeviceConfig,requesting nits when no mapping exists.]
10-19 05:49:21.011 I/am_wtf ( 1146): [0,1146,system_server,-1,DisplayDeviceConfig,requesting nits when no mapping exists.]
10-19 05:49:21.013 I/am_wtf ( 1146): [0,1146,system_server,-1,DisplayDeviceConfig,requesting nits when no mapping exists.]
10-19 05:49:21.023 I/am_wtf ( 1146): [0,1146,system_server,-1,DisplayDeviceConfig,requesting nits when no mapping exists.]
10-19 05:49:21.028 I/am_wtf ( 1146): [0,1146,system_server,-1,DisplayDeviceConfig,requesting nits when no mapping exists.]
10-19 05:49:21.039 I/am_wtf ( 1146): [0,1146,system_server,-1,DisplayDeviceConfig,requesting nits when no mapping exists.]
10-19 05:49:21.041 I/am_wtf ( 1146): [0,1146,system_server,-1,DisplayDeviceConfig,requesting nits when no mapping exists.]
10-19 05:49:21.062 I/am_wtf ( 1146): [0,1146,system_server,-1,DisplayDeviceConfig,requesting nits when no mapping exists.]
10-19 05:49:21.064 I/service_manager_stats( 1146): [100,101,68713]
10-19 05:49:21.064 I/am_wtf ( 1146): [0,1146,system_server,-1,DisplayDeviceConfig,requesting nits when no mapping exists.]
10-19 05:49:21.074 I/am_wtf ( 1146): [0,1146,system_server,-1,DisplayDeviceConfig,requesting nits when no mapping exists.]
10-19 05:49:21.075 I/am_wtf ( 1146): [0,1146,system_server,-1,DisplayDeviceConfig,requesting nits when no mapping exists.]
10-19 05:49:21.090 I/am_wtf ( 1146): [0,1146,system_server,-1,DisplayDeviceConfig,requesting nits when no mapping exists.]
10-19 05:49:21.093 I/am_wtf ( 1146): [0,1146,system_server,-1,DisplayDeviceConfig,requesting nits when no mapping exists.]
10-19 05:49:21.102 I/wm_stop_activity( 1146): [0,228154950,com.android.launcher3/.uioverrides.QuickstepLauncher]
10-19 05:49:21.118 I/am_wtf ( 1146): [0,1146,system_server,-1,DisplayDeviceConfig,requesting nits when no mapping exists.]
10-19 05:49:21.119 I/am_wtf ( 1146): [0,1146,system_server,-1,DisplayDeviceConfig,requesting nits when no mapping exists.]
10-19 05:49:21.125 I/wm_on_stop_called( 2903): [228154950,com.android.launcher3.uioverrides.QuickstepLauncher,STOP_ACTIVITY_ITEM]
10-19 05:49:21.142 I/am_wtf ( 1146): [0,1146,system_server,-1,DisplayDeviceConfig,requesting nits when no mapping exists.]
10-19 05:49:21.144 I/am_wtf ( 1146): [0,1146,system_server,-1,DisplayDeviceConfig,requesting nits when no mapping exists.]
10-19 05:49:21.154 I/am_wtf ( 1146): [0,1146,system_server,-1,DisplayDeviceConfig,requesting nits when no mapping exists.]
10-19 05:49:21.155 I/am_wtf ( 1146): [0,1146,system_server,-1,DisplayDeviceConfig,requesting nits when no mapping exists.]
10-19 05:49:21.179 I/am_wtf ( 1146): [0,1146,system_server,-1,DisplayDeviceConfig,requesting nits when no mapping exists.]
10-19 05:49:21.181 I/am_wtf ( 1146): [0,1146,system_server,-1,DisplayDeviceConfig,requesting nits when no mapping exists.]
10-19 05:49:21.193 I/am_wtf ( 1146): [0,1146,system_server,-1,DisplayDeviceConfig,requesting nits when no mapping exists.]
10-19 05:49:21.195 I/am_wtf ( 1146): [0,1146,system_server,-1,DisplayDeviceConfig,requesting nits when no mapping exists.]
10-19 05:49:24.331 I/liblog (10075): 13
10-19 05:49:24.331 I/liblog (10075): 4
10-19 05:49:24.331 I/liblog (10075): 4
10-19 05:49:24.332 I/liblog (10075): 8
10-19 05:49:24.332 I/liblog (10075): 6
10-19 05:49:24.332 I/liblog (10075): 5
10-19 05:49:24.332 I/liblog (10075): 6
10-19 05:49:24.332 I/liblog (10075): 6
10-19 05:49:24.332 I/liblog (10075): 8
10-19 05:49:24.332 I/liblog (10075): 5
10-19 05:49:24.332 I/liblog (10075): 5
10-19 05:49:24.332 I/liblog (10075): 4
10-19 05:49:24.332 I/liblog (10075): 5
10-19 05:49:24.332 I/liblog (10075): 4
