10-19 06:08:12.158 I/sysui_multi_action( 2269): [757,0,758,1,759,0,927,5,928,0,1593,0]
10-19 06:08:12.158 I/sysui_multi_action( 2269): [757,0,758,1,759,0,927,6,1593,0]
10-19 06:08:12.158 I/sysui_multi_action( 2269): [757,114,758,1,759,114,927,7,928,0,1593,0]
10-19 06:08:12.159 I/sysui_multi_action( 2269): [757,111,758,1]
10-19 06:08:12.159 I/sysui_multi_action( 2269): [757,126,758,1,759,126,927,0,928,1,1593,0]
10-19 06:08:12.159 I/sysui_multi_action( 2269): [757,113,758,1,759,113,927,1,928,1,1593,0]
10-19 06:08:12.159 I/sysui_multi_action( 2269): [757,0,758,1,759,0,927,2,928,0,1593,0]
10-19 06:08:12.159 I/sysui_multi_action( 2269): [757,0,758,1,759,0,927,3,928,0,1593,0]
10-19 06:08:12.174 I/notification_enqueue( 1146): [10088,2269,com.android.systemui,2048,NULL,0,Notification(channel=updateNotification shortcut=null contentView=null vibrate=null sound=null defaults=0x0 flags=0x0 color=0x00000000 vis=PRIVATE),1]
10-19 06:08:12.175 I/sysui_multi_action( 2269): [757,111,758,2]
10-19 06:08:12.175 I/sysui_multi_action( 2269): [757,111,758,2]
10-19 06:08:12.186 I/sysui_multi_action( 2269): [757,111,758,1]
10-19 06:08:12.187 I/sysui_multi_action( 2269): [757,126,758,1,759,126,927,0,928,1,1593,0]
10-19 06:08:12.187 I/sysui_multi_action( 2269): [757,113,758,1,759,113,927,1,928,1,1593,0]
10-19 06:08:12.187 I/sysui_multi_action( 2269): [757,0,758,1,759,0,927,2,928,0,1593,0]
10-19 06:08:12.188 I/sysui_multi_action( 2269): [757,0,758,1,759,0,927,3,928,0,1593,0]
10-19 06:08:12.189 I/sysui_multi_action( 2269): [757,491,758,1,759,491,927,4,928,0,1311,-1,1593,0]
10-19 06:08:12.189 I/sysui_multi_action( 2269): [757,0,758,1,759,0,927,5,928,0,1593,0]
10-19 06:08:12.189 I/sysui_multi_action( 2269): [757,0,758,1,759,0,927,6,1593,0]
10-19 06:08:12.189 I/sysui_multi_action( 2269): [757,114,758,1,759,114,927,7,928,0,1593,0]
10-19 06:08:12.189 I/sysui_multi_action( 2269): [757,111,758,1]
10-19 06:08:12.190 I/sysui_multi_action( 2269): [757,126,758,1,759,126,927,0,928,1,1593,0]
10-19 06:08:12.190 I/sysui_multi_action( 2269): [757,113,758,1,759,113,927,1,928,1,1593,0]
10-19 06:08:12.190 I/sysui_multi_action( 2269): [757,0,758,1,759,0,927,2,928,0,1593,0]
10-19 06:08:12.190 I/sysui_multi_action( 2269): [757,0,758,1,759,0,927,3,928,0,1593,0]
10-19 06:08:12.221 I/notification_enqueue( 1146): [10088,2269,com.android.systemui,2048,NULL,0,Notification(channel=updateNotification shortcut=null contentView=null vibrate=null sound=null defaults=0x0 flags=0x0 color=0x00000000 vis=PRIVATE),1]
10-19 06:08:12.222 I/sysui_multi_action( 2269): [757,111,758,2]
10-19 06:08:12.222 I/sysui_multi_action( 2269): [757,111,758,2]
10-19 06:08:12.231 I/sysui_multi_action( 2269): [757,111,758,1]
10-19 06:08:12.232 I/sysui_multi_action( 2269): [757,126,758,1,759,126,927,0,928,1,1593,0]
10-19 06:08:12.232 I/sysui_multi_action( 2269): [757,113,758,1,759,113,927,1,928,1,1593,0]
10-19 06:08:12.232 I/sysui_multi_action( 2269): [757,0,758,1,759,0,927,2,928,0,1593,0]
10-19 06:08:12.232 I/sysui_multi_action( 2269): [757,0,758,1,759,0,927,3,928,0,1593,0]
10-19 06:08:12.233 I/sysui_multi_action( 2269): [757,491,758,1,759,491,927,4,928,0,1311,-1,1593,0]
10-19 06:08:12.233 I/sysui_multi_action( 2269): [757,0,758,1,759,0,927,5,928,0,1593,0]
10-19 06:08:12.233 I/sysui_multi_action( 2269): [757,0,758,1,759,0,927,6,1593,0]
10-19 06:08:12.234 I/sysui_multi_action( 2269): [757,114,758,1,759,114,927,7,928,0,1593,0]
10-19 06:08:12.234 I/sysui_multi_action( 2269): [757,111,758,1]
10-19 06:08:12.234 I/sysui_multi_action( 2269): [757,126,758,1,759,126,927,0,928,1,1593,0]
10-19 06:08:12.235 I/sysui_multi_action( 2269): [757,113,758,1,759,113,927,1,928,1,1593,0]
10-19 06:08:12.235 I/sysui_multi_action( 2269): [757,0,758,1,759,0,927,2,928,0,1593,0]
10-19 06:08:12.235 I/sysui_multi_action( 2269): [757,0,758,1,759,0,927,3,928,0,1593,0]
10-19 06:08:12.251 I/notification_enqueue( 1146): [10088,2269,com.android.systemui,2048,NULL,0,Notification(channel=updateNotification shortcut=null contentView=null vibrate=null sound=null defaults=0x0 flags=0x0 color=0x00000000 vis=PRIVATE),1]
10-19 06:08:12.251 I/sysui_multi_action( 2269): [757,111,758,2]
10-19 06:08:12.251 I/sysui_multi_action( 2269): [757,111,758,2]
10-19 06:08:12.261 I/sysui_multi_action( 2269): [757,111,758,1]
10-19 06:08:12.261 I/sysui_multi_action( 2269): [757,126,758,1,759,126,927,0,928,1,1593,0]
10-19 06:08:12.261 I/sysui_multi_action( 2269): [757,113,758,1,759,113,927,1,928,1,1593,0]
10-19 06:08:12.262 I/sysui_multi_action( 2269): [757,0,758,1,759,0,927,2,928,0,1593,0]
10-19 06:08:12.262 I/sysui_multi_action( 2269): [757,0,758,1,759,0,927,3,928,0,1593,0]
10-19 06:08:12.262 I/sysui_multi_action( 2269): [757,491,758,1,759,491,927,4,928,0,1311,-1,1593,0]
10-19 06:08:12.263 I/sysui_multi_action( 2269): [757,0,758,1,759,0,927,5,928,0,1593,0]
10-19 06:08:12.263 I/sysui_multi_action( 2269): [757,0,758,1,759,0,927,6,1593,0]
10-19 06:08:12.263 I/sysui_multi_action( 2269): [757,114,758,1,759,114,927,7,928,0,1593,0]
10-19 06:08:12.264 I/sysui_multi_action( 2269): [757,111,758,1]
10-19 06:08:12.264 I/sysui_multi_action( 2269): [757,126,758,1,759,126,927,0,928,1,1593,0]
10-19 06:08:12.264 I/sysui_multi_action( 2269): [757,113,758,1,759,113,927,1,928,1,1593,0]
10-19 06:08:12.264 I/sysui_multi_action( 2269): [757,0,758,1,759,0,927,2,928,0,1593,0]
10-19 06:08:12.264 I/sysui_multi_action( 2269): [757,0,758,1,759,0,927,3,928,0,1593,0]
10-19 06:08:12.295 I/notification_enqueue( 1146): [10088,2269,com.android.systemui,2048,NULL,0,Notification(channel=updateNotification shortcut=null contentView=null vibrate=null sound=null defaults=0x0 flags=0x0 color=0x00000000 vis=PRIVATE),1]
10-19 06:08:12.296 I/sysui_multi_action( 2269): [757,111,758,2]
10-19 06:08:12.296 I/sysui_multi_action( 2269): [757,111,758,2]
10-19 06:08:12.306 I/sysui_multi_action( 2269): [757,111,758,1]
10-19 06:08:12.307 I/sysui_multi_action( 2269): [757,126,758,1,759,126,927,0,928,1,1593,0]
10-19 06:08:12.307 I/sysui_multi_action( 2269): [757,113,758,1,759,113,927,1,928,1,1593,0]
10-19 06:08:12.307 I/sysui_multi_action( 2269): [757,0,758,1,759,0,927,2,928,0,1593,0]
10-19 06:08:12.307 I/sysui_multi_action( 2269): [757,0,758,1,759,0,927,3,928,0,1593,0]
10-19 06:08:12.308 I/sysui_multi_action( 2269): [757,491,758,1,759,491,927,4,928,0,1311,-1,1593,0]
10-19 06:08:12.308 I/sysui_multi_action( 2269): [757,0,758,1,759,0,927,5,928,0,1593,0]
10-19 06:08:12.308 I/sysui_multi_action( 2269): [757,0,758,1,759,0,927,6,1593,0]
10-19 06:08:12.309 I/sysui_multi_action( 2269): [757,114,758,1,759,114,927,7,928,0,1593,0]
10-19 06:08:12.309 I/sysui_multi_action( 2269): [757,111,758,1]
10-19 06:08:12.309 I/sysui_multi_action( 2269): [757,126,758,1,759,126,927,0,928,1,1593,0]
10-19 06:08:12.309 I/sysui_multi_action( 2269): [757,113,758,1,759,113,927,1,928,1,1593,0]
10-19 06:08:12.309 I/sysui_multi_action( 2269): [757,0,758,1,759,0,927,2,928,0,1593,0]
10-19 06:08:12.309 I/sysui_multi_action( 2269): [757,0,758,1,759,0,927,3,928,0,1593,0]
10-19 06:08:12.342 I/notification_enqueue( 1146): [10088,2269,com.android.systemui,2048,NULL,0,Notification(channel=updateNotification shortcut=null contentView=null vibrate=null sound=null defaults=0x0 flags=0x0 color=0x00000000 vis=PRIVATE),1]
10-19 06:08:12.343 I/sysui_multi_action( 2269): [757,111,758,2]
10-19 06:08:12.343 I/sysui_multi_action( 2269): [757,111,758,2]
10-19 06:08:12.350 I/sysui_multi_action( 2269): [757,111,758,1]
10-19 06:08:12.350 I/sysui_multi_action( 2269): [757,126,758,1,759,126,927,0,928,1,1593,0]
10-19 06:08:12.351 I/sysui_multi_action( 2269): [757,113,758,1,759,113,927,1,928,1,1593,0]
10-19 06:08:12.351 I/sysui_multi_action( 2269): [757,0,758,1,759,0,927,2,928,0,1593,0]
10-19 06:08:12.351 I/sysui_multi_action( 2269): [757,0,758,1,759,0,927,3,928,0,1593,0]
10-19 06:08:12.352 I/sysui_multi_action( 2269): [757,491,758,1,759,491,927,4,928,0,1311,-1,1593,0]
10-19 06:08:12.352 I/sysui_multi_action( 2269): [757,0,758,1,759,0,927,5,928,0,1593,0]
10-19 06:08:12.353 I/sysui_multi_action( 2269): [757,0,758,1,759,0,927,6,1593,0]
10-19 06:08:12.353 I/sysui_multi_action( 2269): [757,114,758,1,759,114,927,7,928,0,1593,0]
10-19 06:08:12.353 I/sysui_multi_action( 2269): [757,111,758,1]
10-19 06:08:12.354 I/sysui_multi_action( 2269): [757,126,758,1,759,126,927,0,928,1,1593,0]
10-19 06:08:12.354 I/sysui_multi_action( 2269): [757,113,758,1,759,113,927,1,928,1,1593,0]
10-19 06:08:12.354 I/sysui_multi_action( 2269): [757,0,758,1,759,0,927,2,928,0,1593,0]
10-19 06:08:12.354 I/sysui_multi_action( 2269): [757,0,758,1,759,0,927,3,928,0,1593,0]
10-19 06:08:12.390 I/notification_enqueue( 1146): [10088,2269,com.android.systemui,2048,NULL,0,Notification(channel=updateNotification shortcut=null contentView=null vibrate=null sound=null defaults=0x0 flags=0x0 color=0x00000000 vis=PRIVATE),1]
10-19 06:08:12.390 I/sysui_multi_action( 2269): [757,111,758,2]
10-19 06:08:12.390 I/sysui_multi_action( 2269): [757,111,758,2]
10-19 06:08:12.398 I/sysui_multi_action( 2269): [757,111,758,1]
10-19 06:08:12.398 I/sysui_multi_action( 2269): [757,126,758,1,759,126,927,0,928,1,1593,0]
10-19 06:08:12.398 I/sysui_multi_action( 2269): [757,113,758,1,759,113,927,1,928,1,1593,0]
10-19 06:08:12.399 I/sysui_multi_action( 2269): [757,0,758,1,759,0,927,2,928,0,1593,0]
10-19 06:08:12.399 I/sysui_multi_action( 2269): [757,0,758,1,759,0,927,3,928,0,1593,0]
10-19 06:08:12.400 I/sysui_multi_action( 2269): [757,491,758,1,759,491,927,4,928,0,1311,-1,1593,0]
10-19 06:08:12.401 I/sysui_multi_action( 2269): [757,0,758,1,759,0,927,5,928,0,1593,0]
10-19 06:08:12.401 I/sysui_multi_action( 2269): [757,0,758,1,759,0,927,6,1593,0]
10-19 06:08:12.402 I/sysui_multi_action( 2269): [757,114,758,1,759,114,927,7,928,0,1593,0]
10-19 06:08:12.402 I/sysui_multi_action( 2269): [757,111,758,1]
10-19 06:08:12.403 I/sysui_multi_action( 2269): [757,126,758,1,759,126,927,0,928,1,1593,0]
10-19 06:08:12.403 I/sysui_multi_action( 2269): [757,113,758,1,759,113,927,1,928,1,1593,0]
10-19 06:08:12.403 I/sysui_multi_action( 2269): [757,0,758,1,759,0,927,2,928,0,1593,0]
10-19 06:08:12.403 I/sysui_multi_action( 2269): [757,0,758,1,759,0,927,3,928,0,1593,0]
10-19 06:08:12.436 I/sysui_multi_action( 2269): [757,111,758,2]
10-19 06:08:12.436 I/notification_enqueue( 1146): [10088,2269,com.android.systemui,2048,NULL,0,Notification(channel=updateNotification shortcut=null contentView=null vibrate=null sound=null defaults=0x0 flags=0x0 color=0x00000000 vis=PRIVATE),1]
10-19 06:08:12.436 I/sysui_multi_action( 2269): [757,111,758,2]
10-19 06:08:12.442 I/sysui_multi_action( 2269): [757,111,758,1]
10-19 06:08:12.442 I/sysui_multi_action( 2269): [757,126,758,1,759,126,927,0,928,1,1593,0]
10-19 06:08:12.442 I/sysui_multi_action( 2269): [757,113,758,1,759,113,927,1,928,1,1593,0]
10-19 06:08:12.443 I/sysui_multi_action( 2269): [757,0,758,1,759,0,927,2,928,0,1593,0]
10-19 06:08:12.443 I/sysui_multi_action( 2269): [757,0,758,1,759,0,927,3,928,0,1593,0]
10-19 06:08:12.444 I/sysui_multi_action( 2269): [757,491,758,1,759,491,927,4,928,0,1311,-1,1593,0]
10-19 06:08:12.444 I/sysui_multi_action( 2269): [757,0,758,1,759,0,927,5,928,0,1593,0]
10-19 06:08:12.445 I/sysui_multi_action( 2269): [757,0,758,1,759,0,927,6,1593,0]
10-19 06:08:12.445 I/sysui_multi_action( 2269): [757,114,758,1,759,114,927,7,928,0,1593,0]
10-19 06:08:12.445 I/sysui_multi_action( 2269): [757,111,758,1]
10-19 06:08:12.445 I/sysui_multi_action( 2269): [757,126,758,1,759,126,927,0,928,1,1593,0]
10-19 06:08:12.445 I/sysui_multi_action( 2269): [757,113,758,1,759,113,927,1,928,1,1593,0]
10-19 06:08:12.446 I/sysui_multi_action( 2269): [757,0,758,1,759,0,927,2,928,0,1593,0]
10-19 06:08:12.446 I/sysui_multi_action( 2269): [757,0,758,1,759,0,927,3,928,0,1593,0]
10-19 06:08:12.481 I/notification_enqueue( 1146): [10088,2269,com.android.systemui,2048,NULL,0,Notification(channel=updateNotification shortcut=null contentView=null vibrate=null sound=null defaults=0x0 flags=0x0 color=0x00000000 vis=PRIVATE),1]
10-19 06:08:12.481 I/sysui_multi_action( 2269): [757,111,758,2]
10-19 06:08:12.481 I/sysui_multi_action( 2269): [757,111,758,2]
10-19 06:08:12.512 I/sysui_multi_action( 2269): [757,111,758,1]
10-19 06:08:12.512 I/sysui_multi_action( 2269): [757,126,758,1,759,126,927,0,928,1,1593,0]
10-19 06:08:12.513 I/sysui_multi_action( 2269): [757,113,758,1,759,113,927,1,928,1,1593,0]
10-19 06:08:12.513 I/sysui_multi_action( 2269): [757,0,758,1,759,0,927,2,928,0,1593,0]
10-19 06:08:12.513 I/sysui_multi_action( 2269): [757,0,758,1,759,0,927,3,928,0,1593,0]
10-19 06:08:12.514 I/sysui_multi_action( 2269): [757,491,758,1,759,491,927,4,928,0,1311,-1,1593,0]
10-19 06:08:12.514 I/sysui_multi_action( 2269): [757,0,758,1,759,0,927,5,928,0,1593,0]
10-19 06:08:12.515 I/sysui_multi_action( 2269): [757,0,758,1,759,0,927,6,1593,0]
10-19 06:08:12.515 I/sysui_multi_action( 2269): [757,114,758,1,759,114,927,7,928,0,1593,0]
10-19 06:08:12.516 I/sysui_multi_action( 2269): [757,111,758,1]
10-19 06:08:12.516 I/sysui_multi_action( 2269): [757,126,758,1,759,126,927,0,928,1,1593,0]
10-19 06:08:12.516 I/sysui_multi_action( 2269): [757,113,758,1,759,113,927,1,928,1,1593,0]
10-19 06:08:12.517 I/sysui_multi_action( 2269): [757,0,758,1,759,0,927,2,928,0,1593,0]
10-19 06:08:12.517 I/sysui_multi_action( 2269): [757,0,758,1,759,0,927,3,928,0,1593,0]
10-19 06:08:12.546 I/sysui_multi_action( 2269): [757,111,758,2]
10-19 06:08:12.547 I/sysui_multi_action( 2269): [757,111,758,2]
10-19 06:08:12.548 I/notification_enqueue( 1146): [10088,2269,com.android.systemui,2048,NULL,0,Notification(channel=updateNotification shortcut=null contentView=null vibrate=null sound=null defaults=0x0 flags=0x0 color=0x00000000 vis=PRIVATE),1]
10-19 06:08:12.556 I/sysui_multi_action( 2269): [757,111,758,1]
10-19 06:08:12.556 I/sysui_multi_action( 2269): [757,126,758,1,759,126,927,0,928,1,1593,0]
10-19 06:08:12.556 I/sysui_multi_action( 2269): [757,113,758,1,759,113,927,1,928,1,1593,0]
10-19 06:08:12.557 I/sysui_multi_action( 2269): [757,0,758,1,759,0,927,2,928,0,1593,0]
10-19 06:08:12.557 I/sysui_multi_action( 2269): [757,0,758,1,759,0,927,3,928,0,1593,0]
10-19 06:08:12.558 I/sysui_multi_action( 2269): [757,491,758,1,759,491,927,4,928,0,1311,-1,1593,0]
10-19 06:08:12.559 I/sysui_multi_action( 2269): [757,0,758,1,759,0,927,5,928,0,1593,0]
10-19 06:08:12.559 I/sysui_multi_action( 2269): [757,0,758,1,759,0,927,6,1593,0]
10-19 06:08:12.559 I/sysui_multi_action( 2269): [757,114,758,1,759,114,927,7,928,0,1593,0]
10-19 06:08:12.559 I/sysui_multi_action( 2269): [757,111,758,1]
10-19 06:08:12.560 I/sysui_multi_action( 2269): [757,126,758,1,759,126,927,0,928,1,1593,0]
10-19 06:08:12.560 I/sysui_multi_action( 2269): [757,113,758,1,759,113,927,1,928,1,1593,0]
10-19 06:08:12.560 I/sysui_multi_action( 2269): [757,0,758,1,759,0,927,2,928,0,1593,0]
10-19 06:08:12.561 I/sysui_multi_action( 2269): [757,0,758,1,759,0,927,3,928,0,1593,0]
10-19 06:08:12.587 I/notification_enqueue( 1146): [10088,2269,com.android.systemui,2048,NULL,0,Notification(channel=updateNotification shortcut=null contentView=null vibrate=null sound=null defaults=0x0 flags=0x0 color=0x00000000 vis=PRIVATE),1]
10-19 06:08:12.587 I/sysui_multi_action( 2269): [757,111,758,2]
10-19 06:08:12.588 I/sysui_multi_action( 2269): [757,111,758,2]
10-19 06:08:12.614 I/input_focus( 1146): [Focus request 6b54261 com.android.gallery3d/com.android.gallery3d.app.GalleryActivity,reason=UpdateInputWindows]
10-19 06:08:12.621 I/sysui_multi_action( 2269): [757,111,758,1]
10-19 06:08:12.621 I/sysui_multi_action( 2269): [757,126,758,1,759,126,927,0,928,1,1593,0]
10-19 06:08:12.622 I/sysui_multi_action( 2269): [757,113,758,1,759,113,927,1,928,1,1593,0]
10-19 06:08:12.622 I/sysui_multi_action( 2269): [757,0,758,1,759,0,927,2,928,0,1593,0]
10-19 06:08:12.622 I/sysui_multi_action( 2269): [757,0,758,1,759,0,927,3,928,0,1593,0]
10-19 06:08:12.623 I/sysui_multi_action( 2269): [757,491,758,1,759,491,927,4,928,0,1311,-1,1593,0]
10-19 06:08:12.624 I/sysui_multi_action( 2269): [757,0,758,1,759,0,927,5,928,0,1593,0]
10-19 06:08:12.624 I/sysui_multi_action( 2269): [757,0,758,1,759,0,927,6,1593,0]
10-19 06:08:12.625 I/sysui_multi_action( 2269): [757,114,758,1,759,114,927,7,928,0,1593,0]
10-19 06:08:12.626 I/sysui_multi_action( 2269): [757,111,758,1]
10-19 06:08:12.626 I/sysui_multi_action( 2269): [757,126,758,1,759,126,927,0,928,1,1593,0]
10-19 06:08:12.626 I/sysui_multi_action( 2269): [757,113,758,1,759,113,927,1,928,1,1593,0]
10-19 06:08:12.627 I/sysui_multi_action( 2269): [757,0,758,1,759,0,927,2,928,0,1593,0]
10-19 06:08:12.627 I/sysui_multi_action( 2269): [757,0,758,1,759,0,927,3,928,0,1593,0]
10-19 06:08:12.641 I/input_focus( 1146): [Focus leaving f3a6fce NotificationShade (server),reason=NOT_FOCUSABLE]
10-19 06:08:12.642 I/input_focus( 1146): [Focus entering 6b54261 com.android.gallery3d/com.android.gallery3d.app.GalleryActivity (server),reason=setFocusedWindow]
10-19 06:08:12.680 I/sysui_multi_action( 2269): [757,111,758,2]
10-19 06:08:12.680 I/notification_enqueue( 1146): [10088,2269,com.android.systemui,2048,NULL,0,Notification(channel=updateNotification shortcut=null contentView=null vibrate=null sound=null defaults=0x0 flags=0x0 color=0x00000000 vis=PRIVATE),1]
10-19 06:08:12.680 I/sysui_multi_action( 2269): [757,111,758,2]
10-19 06:08:12.684 I/sysui_multi_action( 1146): [757,127,758,2]
10-19 06:08:12.684 I/notification_panel_hidden( 1146):
10-19 06:08:12.754 I/sysui_multi_action( 2269): [757,111,758,1]
10-19 06:08:12.755 I/sysui_multi_action( 2269): [757,126,758,1,759,126,927,0,928,1,1593,0]
10-19 06:08:12.755 I/sysui_multi_action( 2269): [757,113,758,1,759,113,927,1,928,1,1593,0]
10-19 06:08:12.756 I/sysui_multi_action( 2269): [757,0,758,1,759,0,927,2,928,0,1593,0]
10-19 06:08:12.756 I/sysui_multi_action( 2269): [757,0,758,1,759,0,927,3,928,0,1593,0]
10-19 06:08:12.758 I/sysui_multi_action( 2269): [757,491,758,1,759,491,927,4,928,0,1311,-1,1593,0]
10-19 06:08:12.759 I/sysui_multi_action( 2269): [757,0,758,1,759,0,927,5,928,0,1593,0]
10-19 06:08:12.760 I/sysui_multi_action( 2269): [757,0,758,1,759,0,927,6,1593,0]
10-19 06:08:12.760 I/sysui_multi_action( 2269): [757,114,758,1,759,114,927,7,928,0,1593,0]
10-19 06:08:12.761 I/sysui_multi_action( 2269): [757,111,758,1]
10-19 06:08:12.761 I/sysui_multi_action( 2269): [757,126,758,1,759,126,927,0,928,1,1593,0]
10-19 06:08:12.762 I/sysui_multi_action( 2269): [757,113,758,1,759,113,927,1,928,1,1593,0]
10-19 06:08:12.762 I/sysui_multi_action( 2269): [757,0,758,1,759,0,927,2,928,0,1593,0]
10-19 06:08:12.762 I/sysui_multi_action( 2269): [757,0,758,1,759,0,927,3,928,0,1593,0]
10-19 06:08:13.516 I/sysui_multi_action( 2269): [757,803,799,panel_open,802,1]
10-19 06:08:13.519 I/sysui_multi_action( 2269): [757,1328,758,4,1326,90,1327,3,1329,0]
10-19 06:08:13.876 I/liblog (13202): 2
10-19 06:08:13.876 I/liblog (13202): 3
10-19 06:08:13.876 I/liblog (13202): 2
10-19 06:08:13.876 I/liblog (13202): 2
10-19 06:08:13.876 I/liblog (13202): 2
10-19 06:08:13.876 I/liblog (13202): 2
10-19 06:08:13.876 I/liblog (13202): 2
10-19 06:08:13.876 I/liblog (13202): 2
10-19 06:08:13.877 I/liblog (13202): 2
10-19 06:08:13.877 I/liblog (13202): 3
10-19 06:08:13.877 I/liblog (13202): 3
10-19 06:08:13.877 I/liblog (13202): 2
10-19 06:08:13.877 I/liblog (13202): 2
10-19 06:08:13.877 I/liblog (13202): 5
10-19 06:08:13.877 I/liblog (13202): 2
10-19 06:08:13.878 I/liblog (13202): 13
10-19 06:08:13.878 I/liblog (13202): 4
10-19 06:08:13.878 I/liblog (13202): 2
10-19 06:08:13.878 I/liblog (13202): 3
10-19 06:08:13.878 I/liblog (13202): 2
10-19 06:08:13.878 I/liblog (13202): 3
10-19 06:08:13.878 I/liblog (13202): 4
10-19 06:08:13.878 I/liblog (13202): 4
10-19 06:08:13.878 I/liblog (13202): 2
10-19 06:08:13.878 I/liblog (13202): 2
10-19 06:08:13.878 I/liblog (13202): 2
10-19 06:08:13.879 I/liblog (13202): 2
10-19 06:08:13.879 I/liblog (13202): 3
10-19 06:08:13.879 I/liblog (13202): 6
10-19 06:08:13.879 I/liblog (13202): 3
10-19 06:08:13.879 I/liblog (13202): 3
10-19 06:08:13.879 I/liblog (13202): 4
10-19 06:08:13.879 I/liblog (13202): 3
10-19 06:08:13.879 I/liblog (13202): 7
10-19 06:08:13.879 I/liblog (13202): 6
10-19 06:08:13.880 I/liblog (13202): 6
10-19 06:08:13.880 I/liblog (13202): 4
10-19 06:08:13.880 I/liblog (13202): 6
10-19 06:08:13.880 I/liblog (13202): 3
10-19 06:08:13.880 I/liblog (13202): 5
10-19 06:08:13.880 I/liblog (13202): 10
10-19 06:08:13.880 I/liblog (13202): 3
10-19 06:08:13.880 I/liblog (13202): 6
10-19 06:08:13.880 I/liblog (13202): 3
10-19 06:08:13.881 I/liblog (13202): 4
10-19 06:08:13.881 I/liblog (13202): 9
10-19 06:08:13.881 I/liblog (13202): 7
10-19 06:08:13.881 I/liblog (13202): 4
10-19 06:08:13.881 I/liblog (13202): 3
10-19 06:08:13.881 I/liblog (13202): 2
10-19 06:08:13.881 I/liblog (13202): 2
10-19 06:08:13.881 I/liblog (13202): 4
10-19 06:08:13.881 I/liblog (13202): 3
10-19 06:08:13.882 I/liblog (13202): 4
10-19 06:08:13.882 I/liblog (13202): 3
10-19 06:08:13.882 I/liblog (13202): 2
10-19 06:08:13.882 I/liblog (13202): 5
10-19 06:08:13.882 I/liblog (13202): 7
10-19 06:08:13.882 I/liblog (13202): 3
10-19 06:08:13.882 I/liblog (13202): 3
10-19 06:08:13.882 I/liblog (13202): 6
10-19 06:08:13.882 I/liblog (13202): 3
10-19 06:08:13.882 I/liblog (13202): 3
10-19 06:08:13.883 I/liblog (13202): 3
10-19 06:08:13.883 I/liblog (13202): 2
10-19 06:08:13.883 I/liblog (13202): 1
10-19 06:08:13.883 I/liblog (13202): 1
10-19 06:08:13.883 I/liblog (13202): 1
10-19 06:08:13.883 I/liblog (13202): 1
10-19 06:08:13.883 I/liblog (13202): 1
10-19 06:08:13.883 I/liblog (13202): 1
10-19 06:08:13.883 I/liblog (13202): 1
10-19 06:08:13.883 I/liblog (13202): 1
10-19 06:08:13.883 I/liblog (13202): 2
10-19 06:08:13.883 I/liblog (13202): 2
10-19 06:08:13.883 I/liblog (13202): 2
10-19 06:08:13.883 I/liblog (13202): 9
10-19 06:08:13.883 I/liblog (13202): 1
10-19 06:08:13.883 I/liblog (13202): 1
10-19 06:08:13.884 I/liblog (13202): 1
10-19 06:08:13.884 I/liblog (13202): 1
10-19 06:08:13.884 I/liblog (13202): 1
10-19 06:08:13.884 I/liblog (13202): 1
10-19 06:08:13.884 I/liblog (13202): 1
10-19 06:08:13.884 I/liblog (13202): 2
10-19 06:08:13.884 I/liblog (13202): 1
10-19 06:08:13.884 I/liblog (13202): 1
10-19 06:08:13.885 I/liblog (13202): 1
10-19 06:08:13.885 I/liblog (13202): 1
10-19 06:08:13.885 I/liblog (13202): 1
10-19 06:08:13.885 I/liblog (13202): 1
10-19 06:08:13.885 I/liblog (13202): 1
10-19 06:08:13.885 I/liblog (13202): 1
10-19 06:08:13.885 I/liblog (13202): 14
10-19 06:08:13.885 I/liblog (13202): 8
10-19 06:08:13.885 I/liblog (13202): 1
10-19 06:08:13.886 I/liblog (13202): 1
10-19 06:08:13.886 I/liblog (13202): 1
10-19 06:08:13.886 I/liblog (13202): 1
10-19 06:08:13.886 I/liblog (13202): 1
10-19 06:08:13.886 I/liblog (13202): 1
10-19 06:08:13.886 I/liblog (13202): 1
10-19 06:08:13.886 I/liblog (13202): 1
10-19 06:08:13.886 I/liblog (13202): 1
10-19 06:08:13.886 I/liblog (13202): 1
10-19 06:08:13.886 I/liblog (13202): 1
10-19 06:08:13.886 I/liblog (13202): 1
10-19 06:08:13.886 I/liblog (13202): 1
10-19 06:08:13.886 I/liblog (13202): 1
10-19 06:08:13.887 I/liblog (13202): 1
10-19 06:08:13.887 I/liblog (13202): 1
10-19 06:08:13.887 I/liblog (13202): 1
10-19 06:08:13.887 I/liblog (13202): 1
10-19 06:08:13.887 I/liblog (13202): 1
10-19 06:08:13.887 I/liblog (13202): 1
10-19 06:08:13.887 I/liblog (13202): 1
10-19 06:08:13.887 I/liblog (13202): 8
10-19 06:08:13.887 I/liblog (13202): 2
10-19 06:08:13.888 I/liblog (13202): 2
10-19 06:08:14.338 I/sysui_multi_action( 1146): [757,127,758,1]
10-19 06:08:14.339 I/sysui_multi_action( 1146): [757,804,799,note_load,801,5,802,1]
10-19 06:08:14.340 I/notification_panel_revealed( 1146): 5
10-19 06:08:14.342 I/notification_enqueue( 1146): [10088,2269,com.android.systemui,2048,NULL,0,Notification(channel=updateNotification shortcut=null contentView=null vibrate=null sound=null defaults=0x0 flags=0x0 color=0x00000000 vis=PRIVATE),1]
10-19 06:08:14.342 I/sysui_multi_action( 2269): [757,111,758,2]
10-19 06:08:14.343 I/sysui_multi_action( 2269): [757,111,758,2]
10-19 06:08:14.364 I/input_focus( 1146): [Focus request f3a6fce NotificationShade,reason=UpdateInputWindows]
10-19 06:08:14.376 I/sysui_multi_action( 2269): [757,111,758,1]
10-19 06:08:14.377 I/sysui_multi_action( 2269): [757,126,758,1,759,126,927,0,928,1,1593,0]
10-19 06:08:14.377 I/sysui_multi_action( 2269): [757,113,758,1,759,113,927,1,928,1,1593,0]
10-19 06:08:14.377 I/sysui_multi_action( 2269): [757,0,758,1,759,0,927,2,928,0,1593,0]
10-19 06:08:14.378 I/sysui_multi_action( 2269): [757,0,758,1,759,0,927,3,928,0,1593,0]
10-19 06:08:14.378 I/sysui_multi_action( 2269): [757,491,758,1,759,491,927,4,928,0,1311,-1,1593,0]
10-19 06:08:14.379 I/sysui_multi_action( 2269): [757,0,758,1,759,0,927,5,928,0,1593,0]
10-19 06:08:14.379 I/sysui_multi_action( 2269): [757,0,758,1,759,0,927,6,1593,0]
10-19 06:08:14.379 I/sysui_multi_action( 2269): [757,114,758,1,759,114,927,7,928,0,1593,0]
10-19 06:08:14.380 I/sysui_multi_action( 2269): [757,111,758,1]
10-19 06:08:14.381 I/input_focus( 1146): [Focus leaving 6b54261 com.android.gallery3d/com.android.gallery3d.app.GalleryActivity (server),reason=Waiting for window because NOT_VISIBLE]
10-19 06:08:14.381 I/sysui_multi_action( 2269): [757,126,758,1,759,126,927,0,928,1,1593,0]
10-19 06:08:14.381 I/sysui_multi_action( 2269): [757,113,758,1,759,113,927,1,928,1,1593,0]
10-19 06:08:14.381 I/sysui_multi_action( 2269): [757,0,758,1,759,0,927,2,928,0,1593,0]
10-19 06:08:14.381 I/sysui_multi_action( 2269): [757,0,758,1,759,0,927,3,928,0,1593,0]
10-19 06:08:14.401 I/notification_enqueue( 1146): [10088,2269,com.android.systemui,2048,NULL,0,Notification(channel=updateNotification shortcut=null contentView=null vibrate=null sound=null defaults=0x0 flags=0x0 color=0x00000000 vis=PRIVATE),1]
10-19 06:08:14.401 I/sysui_multi_action( 2269): [757,111,758,2]
10-19 06:08:14.401 I/sysui_multi_action( 2269): [757,111,758,2]
10-19 06:08:14.408 I/sysui_multi_action( 2269): [757,111,758,1]
10-19 06:08:14.409 I/sysui_multi_action( 2269): [757,126,758,1,759,126,927,0,928,1,1593,0]
10-19 06:08:14.409 I/sysui_multi_action( 2269): [757,113,758,1,759,113,927,1,928,1,1593,0]
10-19 06:08:14.409 I/sysui_multi_action( 2269): [757,0,758,1,759,0,927,2,928,0,1593,0]
10-19 06:08:14.409 I/sysui_multi_action( 2269): [757,0,758,1,759,0,927,3,928,0,1593,0]
10-19 06:08:14.410 I/sysui_multi_action( 2269): [757,491,758,1,759,491,927,4,928,0,1311,-1,1593,0]
10-19 06:08:14.410 I/sysui_multi_action( 2269): [757,0,758,1,759,0,927,5,928,0,1593,0]
10-19 06:08:14.411 I/sysui_multi_action( 2269): [757,0,758,1,759,0,927,6,1593,0]
10-19 06:08:14.411 I/sysui_multi_action( 2269): [757,114,758,1,759,114,927,7,928,0,1593,0]
10-19 06:08:14.411 I/sysui_multi_action( 2269): [757,111,758,1]
10-19 06:08:14.411 I/sysui_multi_action( 2269): [757,126,758,1,759,126,927,0,928,1,1593,0]
10-19 06:08:14.411 I/sysui_multi_action( 2269): [757,113,758,1,759,113,927,1,928,1,1593,0]
10-19 06:08:14.411 I/input_focus( 1146): [Focus entering f3a6fce NotificationShade (server),reason=Window became focusable. Previous reason: NOT_VISIBLE]
10-19 06:08:14.411 I/sysui_multi_action( 2269): [757,0,758,1,759,0,927,2,928,0,1593,0]
10-19 06:08:14.412 I/sysui_multi_action( 2269): [757,0,758,1,759,0,927,3,928,0,1593,0]
10-19 06:08:14.446 I/notification_enqueue( 1146): [10088,2269,com.android.systemui,2048,NULL,0,Notification(channel=updateNotification shortcut=null contentView=null vibrate=null sound=null defaults=0x0 flags=0x0 color=0x00000000 vis=PRIVATE),1]
10-19 06:08:14.447 I/sysui_multi_action( 2269): [757,111,758,2]
10-19 06:08:14.447 I/sysui_multi_action( 2269): [757,111,758,2]
10-19 06:08:14.457 I/sysui_multi_action( 2269): [757,111,758,1]
10-19 06:08:14.457 I/sysui_multi_action( 2269): [757,126,758,1,759,126,927,0,928,1,1593,0]
10-19 06:08:14.458 I/sysui_multi_action( 2269): [757,113,758,1,759,113,927,1,928,1,1593,0]
10-19 06:08:14.458 I/sysui_multi_action( 2269): [757,0,758,1,759,0,927,2,928,0,1593,0]
10-19 06:08:14.458 I/sysui_multi_action( 2269): [757,0,758,1,759,0,927,3,928,0,1593,0]
10-19 06:08:14.460 I/sysui_multi_action( 2269): [757,491,758,1,759,491,927,4,928,0,1311,-1,1593,0]
10-19 06:08:14.460 I/sysui_multi_action( 2269): [757,0,758,1,759,0,927,5,928,0,1593,0]
10-19 06:08:14.461 I/sysui_multi_action( 2269): [757,0,758,1,759,0,927,6,1593,0]
10-19 06:08:14.461 I/sysui_multi_action( 2269): [757,114,758,1,759,114,927,7,928,0,1593,0]
10-19 06:08:14.461 I/sysui_multi_action( 2269): [757,111,758,1]
10-19 06:08:14.462 I/sysui_multi_action( 2269): [757,126,758,1,759,126,927,0,928,1,1593,0]
10-19 06:08:14.462 I/sysui_multi_action( 2269): [757,113,758,1,759,113,927,1,928,1,1593,0]
10-19 06:08:14.462 I/sysui_multi_action( 2269): [757,0,758,1,759,0,927,2,928,0,1593,0]
10-19 06:08:14.462 I/sysui_multi_action( 2269): [757,0,758,1,759,0,927,3,928,0,1593,0]
10-19 06:08:14.479 I/notification_enqueue( 1146): [10088,2269,com.android.systemui,2048,NULL,0,Notification(channel=updateNotification shortcut=null contentView=null vibrate=null sound=null defaults=0x0 flags=0x0 color=0x00000000 vis=PRIVATE),1]
10-19 06:08:14.479 I/sysui_multi_action( 2269): [757,111,758,2]
10-19 06:08:14.479 I/sysui_multi_action( 2269): [757,111,758,2]
10-19 06:08:14.486 I/sysui_multi_action( 2269): [757,111,758,1]
10-19 06:08:14.486 I/sysui_multi_action( 2269): [757,126,758,1,759,126,927,0,928,1,1593,0]
10-19 06:08:14.486 I/sysui_multi_action( 2269): [757,113,758,1,759,113,927,1,928,1,1593,0]
10-19 06:08:14.487 I/sysui_multi_action( 2269): [757,0,758,1,759,0,927,2,928,0,1593,0]
10-19 06:08:14.487 I/sysui_multi_action( 2269): [757,0,758,1,759,0,927,3,928,0,1593,0]
10-19 06:08:14.488 I/sysui_multi_action( 2269): [757,491,758,1,759,491,927,4,928,0,1311,-1,1593,0]
10-19 06:08:14.488 I/sysui_multi_action( 2269): [757,0,758,1,759,0,927,5,928,0,1593,0]
10-19 06:08:14.488 I/sysui_multi_action( 2269): [757,0,758,1,759,0,927,6,1593,0]
10-19 06:08:14.489 I/sysui_multi_action( 2269): [757,114,758,1,759,114,927,7,928,0,1593,0]
10-19 06:08:14.489 I/sysui_multi_action( 2269): [757,111,758,1]
10-19 06:08:14.490 I/sysui_multi_action( 2269): [757,126,758,1,759,126,927,0,928,1,1593,0]
10-19 06:08:14.490 I/sysui_multi_action( 2269): [757,113,758,1,759,113,927,1,928,1,1593,0]
10-19 06:08:14.490 I/sysui_multi_action( 2269): [757,0,758,1,759,0,927,2,928,0,1593,0]
10-19 06:08:14.490 I/sysui_multi_action( 2269): [757,0,758,1,759,0,927,3,928,0,1593,0]
10-19 06:08:14.518 I/dropbox_file_copy( 1146): [/data/tombstones/tombstone_05,98304,SYSTEM_TOMBSTONE]
10-19 06:08:14.524 I/commit_sys_config_file( 1146): [log-files,16950972]
10-19 06:08:14.538 I/notification_enqueue( 1146): [10088,2269,com.android.systemui,2048,NULL,0,Notification(channel=updateNotification shortcut=null contentView=null vibrate=null sound=null defaults=0x0 flags=0x0 color=0x00000000 vis=PRIVATE),1]
10-19 06:08:14.538 I/sysui_multi_action( 2269): [757,111,758,2]
10-19 06:08:14.538 I/sysui_multi_action( 2269): [757,111,758,2]
10-19 06:08:14.545 I/sysui_multi_action( 2269): [757,111,758,1]
10-19 06:08:14.546 I/sysui_multi_action( 2269): [757,126,758,1,759,126,927,0,928,1,1593,0]
10-19 06:08:14.546 I/sysui_multi_action( 2269): [757,113,758,1,759,113,927,1,928,1,1593,0]
10-19 06:08:14.546 I/sysui_multi_action( 2269): [757,0,758,1,759,0,927,2,928,0,1593,0]
10-19 06:08:14.547 I/sysui_multi_action( 2269): [757,0,758,1,759,0,927,3,928,0,1593,0]
10-19 06:08:14.548 I/sysui_multi_action( 2269): [757,491,758,1,759,491,927,4,928,0,1311,-1,1593,0]
10-19 06:08:14.548 I/sysui_multi_action( 2269): [757,0,758,1,759,0,927,5,928,0,1593,0]
10-19 06:08:14.548 I/sysui_multi_action( 2269): [757,0,758,1,759,0,927,6,1593,0]
10-19 06:08:14.549 I/sysui_multi_action( 2269): [757,114,758,1,759,114,927,7,928,0,1593,0]
10-19 06:08:14.549 I/sysui_multi_action( 2269): [757,111,758,1]
10-19 06:08:14.549 I/commit_sys_config_file( 1146): [log-files,16950997]
10-19 06:08:14.549 I/sysui_multi_action( 2269): [757,126,758,1,759,126,927,0,928,1,1593,0]
10-19 06:08:14.550 I/sysui_multi_action( 2269): [757,113,758,1,759,113,927,1,928,1,1593,0]
10-19 06:08:14.550 I/sysui_multi_action( 2269): [757,0,758,1,759,0,927,2,928,0,1593,0]
10-19 06:08:14.550 I/sysui_multi_action( 2269): [757,0,758,1,759,0,927,3,928,0,1593,0]
10-19 06:08:14.564 I/notification_enqueue( 1146): [10088,2269,com.android.systemui,2048,NULL,0,Notification(channel=updateNotification shortcut=null contentView=null vibrate=null sound=null defaults=0x0 flags=0x0 color=0x00000000 vis=PRIVATE),1]
10-19 06:08:14.564 I/sysui_multi_action( 2269): [757,111,758,2]
10-19 06:08:14.565 I/sysui_multi_action( 2269): [757,111,758,2]
10-19 06:08:14.571 I/sysui_multi_action( 2269): [757,111,758,1]
10-19 06:08:14.571 I/sysui_multi_action( 2269): [757,126,758,1,759,126,927,0,928,1,1593,0]
10-19 06:08:14.571 I/sysui_multi_action( 2269): [757,113,758,1,759,113,927,1,928,1,1593,0]
10-19 06:08:14.571 I/sysui_multi_action( 2269): [757,0,758,1,759,0,927,2,928,0,1593,0]
10-19 06:08:14.572 I/sysui_multi_action( 2269): [757,0,758,1,759,0,927,3,928,0,1593,0]
10-19 06:08:14.573 I/sysui_multi_action( 2269): [757,491,758,1,759,491,927,4,928,0,1311,-1,1593,0]
10-19 06:08:14.573 I/sysui_multi_action( 2269): [757,0,758,1,759,0,927,5,928,0,1593,0]
10-19 06:08:14.573 I/sysui_multi_action( 2269): [757,0,758,1,759,0,927,6,1593,0]
10-19 06:08:14.573 I/sysui_multi_action( 2269): [757,114,758,1,759,114,927,7,928,0,1593,0]
10-19 06:08:14.573 I/sysui_multi_action( 2269): [757,111,758,1]
10-19 06:08:14.574 I/sysui_multi_action( 2269): [757,126,758,1,759,126,927,0,928,1,1593,0]
10-19 06:08:14.574 I/sysui_multi_action( 2269): [757,113,758,1,759,113,927,1,928,1,1593,0]
10-19 06:08:14.574 I/sysui_multi_action( 2269): [757,0,758,1,759,0,927,2,928,0,1593,0]
10-19 06:08:14.574 I/sysui_multi_action( 2269): [757,0,758,1,759,0,927,3,928,0,1593,0]
10-19 06:08:14.605 I/sysui_multi_action( 2269): [757,111,758,2]
10-19 06:08:14.605 I/sysui_multi_action( 2269): [757,111,758,2]
10-19 06:08:14.605 I/notification_enqueue( 1146): [10088,2269,com.android.systemui,2048,NULL,0,Notification(channel=updateNotification shortcut=null contentView=null vibrate=null sound=null defaults=0x0 flags=0x0 color=0x00000000 vis=PRIVATE),1]
10-19 06:08:14.614 I/sysui_multi_action( 2269): [757,111,758,1]
10-19 06:08:14.615 I/sysui_multi_action( 2269): [757,126,758,1,759,126,927,0,928,1,1593,0]
10-19 06:08:14.615 I/sysui_multi_action( 2269): [757,113,758,1,759,113,927,1,928,1,1593,0]
10-19 06:08:14.615 I/sysui_multi_action( 2269): [757,0,758,1,759,0,927,2,928,0,1593,0]
10-19 06:08:14.616 I/sysui_multi_action( 2269): [757,0,758,1,759,0,927,3,928,0,1593,0]
10-19 06:08:14.617 I/sysui_multi_action( 2269): [757,491,758,1,759,491,927,4,928,0,1311,-1,1593,0]
10-19 06:08:14.617 I/sysui_multi_action( 2269): [757,0,758,1,759,0,927,5,928,0,1593,0]
10-19 06:08:14.617 I/sysui_multi_action( 2269): [757,0,758,1,759,0,927,6,1593,0]
10-19 06:08:14.618 I/sysui_multi_action( 2269): [757,114,758,1,759,114,927,7,928,0,1593,0]
10-19 06:08:14.618 I/sysui_multi_action( 2269): [757,111,758,1]
10-19 06:08:14.618 I/sysui_multi_action( 2269): [757,126,758,1,759,126,927,0,928,1,1593,0]
10-19 06:08:14.619 I/sysui_multi_action( 2269): [757,113,758,1,759,113,927,1,928,1,1593,0]
10-19 06:08:14.619 I/sysui_multi_action( 2269): [757,0,758,1,759,0,927,2,928,0,1593,0]
10-19 06:08:14.619 I/sysui_multi_action( 2269): [757,0,758,1,759,0,927,3,928,0,1593,0]
10-19 06:08:14.633 I/notification_enqueue( 1146): [10088,2269,com.android.systemui,2048,NULL,0,Notification(channel=updateNotification shortcut=null contentView=null vibrate=null sound=null defaults=0x0 flags=0x0 color=0x00000000 vis=PRIVATE),1]
10-19 06:08:14.633 I/sysui_multi_action( 2269): [757,111,758,2]
10-19 06:08:14.633 I/sysui_multi_action( 2269): [757,111,758,2]
10-19 06:08:14.641 I/sysui_multi_action( 2269): [757,111,758,1]
10-19 06:08:14.642 I/sysui_multi_action( 2269): [757,126,758,1,759,126,927,0,928,1,1593,0]
10-19 06:08:14.642 I/sysui_multi_action( 2269): [757,113,758,1,759,113,927,1,928,1,1593,0]
10-19 06:08:14.643 I/sysui_multi_action( 2269): [757,0,758,1,759,0,927,2,928,0,1593,0]
10-19 06:08:14.643 I/sysui_multi_action( 2269): [757,0,758,1,759,0,927,3,928,0,1593,0]
10-19 06:08:14.644 I/sysui_multi_action( 2269): [757,491,758,1,759,491,927,4,928,0,1311,-1,1593,0]
10-19 06:08:14.644 I/sysui_multi_action( 2269): [757,0,758,1,759,0,927,5,928,0,1593,0]
10-19 06:08:14.645 I/sysui_multi_action( 2269): [757,0,758,1,759,0,927,6,1593,0]
10-19 06:08:14.645 I/sysui_multi_action( 2269): [757,114,758,1,759,114,927,7,928,0,1593,0]
10-19 06:08:14.646 I/sysui_multi_action( 2269): [757,111,758,1]
10-19 06:08:14.646 I/sysui_multi_action( 2269): [757,126,758,1,759,126,927,0,928,1,1593,0]
10-19 06:08:14.646 I/sysui_multi_action( 2269): [757,113,758,1,759,113,927,1,928,1,1593,0]
10-19 06:08:14.647 I/sysui_multi_action( 2269): [757,0,758,1,759,0,927,2,928,0,1593,0]
10-19 06:08:14.647 I/sysui_multi_action( 2269): [757,0,758,1,759,0,927,3,928,0,1593,0]
10-19 06:08:14.676 I/notification_enqueue( 1146): [10088,2269,com.android.systemui,2048,NULL,0,Notification(channel=updateNotification shortcut=null contentView=null vibrate=null sound=null defaults=0x0 flags=0x0 color=0x00000000 vis=PRIVATE),1]
10-19 06:08:14.677 I/sysui_multi_action( 2269): [757,111,758,2]
10-19 06:08:14.677 I/sysui_multi_action( 2269): [757,111,758,2]
10-19 06:08:14.686 I/sysui_multi_action( 2269): [757,111,758,1]
10-19 06:08:14.687 I/sysui_multi_action( 2269): [757,126,758,1,759,126,927,0,928,1,1593,0]
10-19 06:08:14.687 I/sysui_multi_action( 2269): [757,113,758,1,759,113,927,1,928,1,1593,0]
10-19 06:08:14.687 I/sysui_multi_action( 2269): [757,0,758,1,759,0,927,2,928,0,1593,0]
10-19 06:08:14.688 I/sysui_multi_action( 2269): [757,0,758,1,759,0,927,3,928,0,1593,0]
10-19 06:08:14.689 I/sysui_multi_action( 2269): [757,491,758,1,759,491,927,4,928,0,1311,-1,1593,0]
10-19 06:08:14.689 I/sysui_multi_action( 2269): [757,0,758,1,759,0,927,5,928,0,1593,0]
10-19 06:08:14.690 I/sysui_multi_action( 2269): [757,0,758,1,759,0,927,6,1593,0]
10-19 06:08:14.690 I/sysui_multi_action( 2269): [757,114,758,1,759,114,927,7,928,0,1593,0]
10-19 06:08:14.690 I/sysui_multi_action( 2269): [757,111,758,1]
10-19 06:08:14.691 I/sysui_multi_action( 2269): [757,126,758,1,759,126,927,0,928,1,1593,0]
10-19 06:08:14.691 I/sysui_multi_action( 2269): [757,113,758,1,759,113,927,1,928,1,1593,0]
10-19 06:08:14.692 I/sysui_multi_action( 2269): [757,0,758,1,759,0,927,2,928,0,1593,0]
10-19 06:08:14.692 I/sysui_multi_action( 2269): [757,0,758,1,759,0,927,3,928,0,1593,0]
10-19 06:08:14.707 I/notification_enqueue( 1146): [10088,2269,com.android.systemui,2048,NULL,0,Notification(channel=updateNotification shortcut=null contentView=null vibrate=null sound=null defaults=0x0 flags=0x0 color=0x00000000 vis=PRIVATE),1]
10-19 06:08:14.709 I/sysui_multi_action( 2269): [757,111,758,2]
10-19 06:08:14.710 I/sysui_multi_action( 2269): [757,111,758,2]
10-19 06:08:14.716 I/sysui_multi_action( 2269): [757,111,758,1]
10-19 06:08:14.716 I/sysui_multi_action( 2269): [757,126,758,1,759,126,927,0,928,1,1593,0]
10-19 06:08:14.717 I/sysui_multi_action( 2269): [757,113,758,1,759,113,927,1,928,1,1593,0]
10-19 06:08:14.717 I/sysui_multi_action( 2269): [757,0,758,1,759,0,927,2,928,0,1593,0]
10-19 06:08:14.717 I/sysui_multi_action( 2269): [757,0,758,1,759,0,927,3,928,0,1593,0]
10-19 06:08:14.718 I/sysui_multi_action( 2269): [757,491,758,1,759,491,927,4,928,0,1311,-1,1593,0]
10-19 06:08:14.718 I/sysui_multi_action( 2269): [757,0,758,1,759,0,927,5,928,0,1593,0]
10-19 06:08:14.719 I/sysui_multi_action( 2269): [757,0,758,1,759,0,927,6,1593,0]
10-19 06:08:14.719 I/sysui_multi_action( 2269): [757,114,758,1,759,114,927,7,928,0,1593,0]
10-19 06:08:14.719 I/sysui_multi_action( 2269): [757,111,758,1]
10-19 06:08:14.720 I/sysui_multi_action( 2269): [757,126,758,1,759,126,927,0,928,1,1593,0]
10-19 06:08:14.720 I/sysui_multi_action( 2269): [757,113,758,1,759,113,927,1,928,1,1593,0]
10-19 06:08:14.720 I/sysui_multi_action( 2269): [757,0,758,1,759,0,927,2,928,0,1593,0]
10-19 06:08:14.721 I/sysui_multi_action( 2269): [757,0,758,1,759,0,927,3,928,0,1593,0]
10-19 06:08:14.922 I/sysui_multi_action( 1146): [757,128,758,1,793,16939740,794,0,795,16939740,796,26,798,0,806,android,857,DEVELOPER_IMPORTANT,858,4,947,0,1395,5,1500,16939740,1688,1]
10-19 06:08:14.922 I/sysui_multi_action( 1146): [757,804,799,note_freshness,801,16939740,802,1]
10-19 06:08:14.923 I/notification_visibility( 1146): [-1|android|26|null|1000,1,16939740,16939740,0,0]
10-19 06:08:14.924 I/sysui_multi_action( 1146): [757,128,758,1,793,5956672,794,0,795,111835,796,17303299,797,com.android.wifi,798,2,806,android,857,NETWORK_AVAILABLE,858,2,947,0,1395,5,1500,111633,1688,1]
10-19 06:08:14.924 I/sysui_multi_action( 1146): [757,1501,758,1,793,5956673,794,1,795,111836,796,17303299,797,com.android.wifi,806,android,857,NETWORK_AVAILABLE,858,2,947,0,1500,0,1688,1]
10-19 06:08:14.924 I/sysui_multi_action( 1146): [757,804,799,note_interruptive,801,0,802,1]
10-19 06:08:14.924 I/sysui_multi_action( 1146): [757,804,799,note_freshness,801,111835,802,1]
10-19 06:08:14.925 I/notification_visibility( 1146): [0|android|17303299|com.android.wifi|1000,1,5956672,111835,0,2]
10-19 06:08:14.925 I/sysui_multi_action( 1146): [757,128,758,1,793,3089098,794,0,795,3089098,796,4273,798,1,806,com.android.systemui,857,screen_record,858,3,947,0,1395,5,1500,3088896,1688,1,1745,680407814]
10-19 06:08:14.926 I/sysui_multi_action( 1146): [757,804,799,note_freshness,801,3089098,802,1]
10-19 06:08:14.926 I/notification_visibility( 1146): [0|com.android.systemui|4273|null|10088,1,3089098,3089098,0,1]
10-19 06:08:14.927 I/sysui_multi_action( 1146): [757,128,758,1,793,16939648,794,0,795,16939648,796,55,798,3,806,android,857,DEVELOPER,858,2,947,0,1395,5,1500,16939648,1688,1]
10-19 06:08:14.927 I/sysui_multi_action( 1146): [757,804,799,note_freshness,801,16939648,802,1]
10-19 06:08:14.927 I/notification_visibility( 1146): [-1|android|55|null|1000,1,16939648,16939648,0,3]
10-19 06:08:14.928 I/sysui_multi_action( 1146): [757,128,758,1,793,16940904,794,0,795,16940904,796,32,798,4,806,android,857,USB,858,1,947,0,1395,5,1500,16940168,1688,1]
10-19 06:08:14.928 I/sysui_multi_action( 1146): [757,804,799,note_freshness,801,16940904,802,1]
10-19 06:08:14.928 I/notification_visibility( 1146): [-1|android|32|null|1000,1,16940904,16940904,0,4]
10-19 06:08:14.929 I/input_interaction( 1146): Interaction with: f3a6fce NotificationShade (server), edge-swipe (server), swipe-up (server), PointerEventDispatcher0 (server),
10-19 06:08:14.992 I/view_enqueue_input_event( 2269): [Motion - Cancel,NotificationShade]
10-19 06:08:14.997 I/input_interaction( 1146): Interaction with: edge-swipe (server), swipe-up (server), PointerEventDispatcher0 (server),
10-19 06:08:15.422 I/sysui_multi_action( 1146): [757,803,799,key_back_press,802,1]
10-19 06:08:15.449 I/input_interaction( 1146): Interaction with: f3a6fce NotificationShade (server), PointerEventDispatcher0 (server),
10-19 06:08:15.473 I/input_focus( 1146): [Focus request 6b54261 com.android.gallery3d/com.android.gallery3d.app.GalleryActivity,reason=UpdateInputWindows]
10-19 06:08:15.498 I/input_focus( 1146): [Focus leaving f3a6fce NotificationShade (server),reason=NOT_FOCUSABLE]
10-19 06:08:15.499 I/input_focus( 1146): [Focus entering 6b54261 com.android.gallery3d/com.android.gallery3d.app.GalleryActivity (server),reason=setFocusedWindow]
10-19 06:08:15.704 I/notification_enqueue( 1146): [10088,2269,com.android.systemui,2048,NULL,0,Notification(channel=updateNotification shortcut=null contentView=null vibrate=null sound=null defaults=0x0 flags=0x0 color=0x00000000 vis=PRIVATE),1]
10-19 06:08:15.704 I/sysui_multi_action( 2269): [757,111,758,2]
10-19 06:08:15.704 I/sysui_multi_action( 2269): [757,111,758,2]
10-19 06:08:15.711 I/sysui_multi_action( 2269): [757,111,758,1]
10-19 06:08:15.712 I/sysui_multi_action( 2269): [757,126,758,1,759,126,927,0,928,1,1593,0]
10-19 06:08:15.712 I/sysui_multi_action( 2269): [757,113,758,1,759,113,927,1,928,1,1593,0]
10-19 06:08:15.712 I/sysui_multi_action( 2269): [757,0,758,1,759,0,927,2,928,0,1593,0]
10-19 06:08:15.713 I/sysui_multi_action( 2269): [757,0,758,1,759,0,927,3,928,0,1593,0]
10-19 06:08:15.714 I/sysui_multi_action( 2269): [757,491,758,1,759,491,927,4,928,0,1311,-1,1593,0]
10-19 06:08:15.714 I/sysui_multi_action( 2269): [757,0,758,1,759,0,927,5,928,0,1593,0]
10-19 06:08:15.715 I/sysui_multi_action( 2269): [757,0,758,1,759,0,927,6,1593,0]
10-19 06:08:15.715 I/sysui_multi_action( 2269): [757,114,758,1,759,114,927,7,928,0,1593,0]
10-19 06:08:15.715 I/sysui_multi_action( 2269): [757,111,758,1]
10-19 06:08:15.716 I/sysui_multi_action( 2269): [757,126,758,1,759,126,927,0,928,1,1593,0]
10-19 06:08:15.716 I/sysui_multi_action( 2269): [757,113,758,1,759,113,927,1,928,1,1593,0]
10-19 06:08:15.716 I/sysui_multi_action( 2269): [757,0,758,1,759,0,927,2,928,0,1593,0]
10-19 06:08:15.716 I/sysui_multi_action( 2269): [757,0,758,1,759,0,927,3,928,0,1593,0]
10-19 06:08:15.734 I/notification_enqueue( 1146): [10088,2269,com.android.systemui,2048,NULL,0,Notification(channel=updateNotification shortcut=null contentView=null vibrate=null sound=null defaults=0x0 flags=0x0 color=0x00000000 vis=PRIVATE),1]
10-19 06:08:15.734 I/sysui_multi_action( 2269): [757,111,758,2]
10-19 06:08:15.735 I/sysui_multi_action( 2269): [757,111,758,2]
10-19 06:08:15.742 I/sysui_multi_action( 2269): [757,111,758,1]
10-19 06:08:15.742 I/sysui_multi_action( 2269): [757,126,758,1,759,126,927,0,928,1,1593,0]
10-19 06:08:15.743 I/sysui_multi_action( 2269): [757,113,758,1,759,113,927,1,928,1,1593,0]
10-19 06:08:15.743 I/sysui_multi_action( 2269): [757,0,758,1,759,0,927,2,928,0,1593,0]
10-19 06:08:15.743 I/sysui_multi_action( 2269): [757,0,758,1,759,0,927,3,928,0,1593,0]
10-19 06:08:15.744 I/sysui_multi_action( 2269): [757,491,758,1,759,491,927,4,928,0,1311,-1,1593,0]
10-19 06:08:15.745 I/sysui_multi_action( 2269): [757,0,758,1,759,0,927,5,928,0,1593,0]
10-19 06:08:15.745 I/sysui_multi_action( 2269): [757,0,758,1,759,0,927,6,1593,0]
10-19 06:08:15.745 I/sysui_multi_action( 2269): [757,114,758,1,759,114,927,7,928,0,1593,0]
10-19 06:08:15.746 I/sysui_multi_action( 2269): [757,111,758,1]
10-19 06:08:15.746 I/sysui_multi_action( 2269): [757,126,758,1,759,126,927,0,928,1,1593,0]
10-19 06:08:15.746 I/sysui_multi_action( 2269): [757,113,758,1,759,113,927,1,928,1,1593,0]
10-19 06:08:15.747 I/sysui_multi_action( 2269): [757,0,758,1,759,0,927,2,928,0,1593,0]
10-19 06:08:15.747 I/sysui_multi_action( 2269): [757,0,758,1,759,0,927,3,928,0,1593,0]
10-19 06:08:15.767 I/sysui_multi_action( 2269): [757,111,758,2]
10-19 06:08:15.767 I/notification_enqueue( 1146): [10088,2269,com.android.systemui,2048,NULL,0,Notification(channel=updateNotification shortcut=null contentView=null vibrate=null sound=null defaults=0x0 flags=0x0 color=0x00000000 vis=PRIVATE),1]
10-19 06:08:15.768 I/sysui_multi_action( 2269): [757,111,758,2]
10-19 06:08:15.776 I/sysui_multi_action( 2269): [757,111,758,1]
10-19 06:08:15.777 I/sysui_multi_action( 2269): [757,126,758,1,759,126,927,0,928,1,1593,0]
10-19 06:08:15.777 I/sysui_multi_action( 2269): [757,113,758,1,759,113,927,1,928,1,1593,0]
10-19 06:08:15.778 I/sysui_multi_action( 2269): [757,0,758,1,759,0,927,2,928,0,1593,0]
10-19 06:08:15.778 I/sysui_multi_action( 2269): [757,0,758,1,759,0,927,3,928,0,1593,0]
10-19 06:08:15.779 I/sysui_multi_action( 2269): [757,491,758,1,759,491,927,4,928,0,1311,-1,1593,0]
10-19 06:08:15.779 I/sysui_multi_action( 2269): [757,0,758,1,759,0,927,5,928,0,1593,0]
10-19 06:08:15.779 I/sysui_multi_action( 2269): [757,0,758,1,759,0,927,6,1593,0]
10-19 06:08:15.780 I/sysui_multi_action( 2269): [757,114,758,1,759,114,927,7,928,0,1593,0]
10-19 06:08:15.780 I/sysui_multi_action( 2269): [757,111,758,1]
10-19 06:08:15.781 I/sysui_multi_action( 2269): [757,126,758,1,759,126,927,0,928,1,1593,0]
10-19 06:08:15.781 I/sysui_multi_action( 2269): [757,113,758,1,759,113,927,1,928,1,1593,0]
10-19 06:08:15.781 I/sysui_multi_action( 2269): [757,0,758,1,759,0,927,2,928,0,1593,0]
10-19 06:08:15.781 I/sysui_multi_action( 2269): [757,0,758,1,759,0,927,3,928,0,1593,0]
10-19 06:08:15.798 I/notification_enqueue( 1146): [10088,2269,com.android.systemui,2048,NULL,0,Notification(channel=updateNotification shortcut=null contentView=null vibrate=null sound=null defaults=0x0 flags=0x0 color=0x00000000 vis=PRIVATE),1]
10-19 06:08:15.801 I/sysui_multi_action( 2269): [757,111,758,2]
10-19 06:08:15.802 I/sysui_multi_action( 2269): [757,111,758,2]
10-19 06:08:15.810 I/sysui_multi_action( 2269): [757,111,758,1]
10-19 06:08:15.811 I/sysui_multi_action( 2269): [757,126,758,1,759,126,927,0,928,1,1593,0]
10-19 06:08:15.811 I/sysui_multi_action( 2269): [757,113,758,1,759,113,927,1,928,1,1593,0]
10-19 06:08:15.812 I/sysui_multi_action( 2269): [757,0,758,1,759,0,927,2,928,0,1593,0]
10-19 06:08:15.812 I/sysui_multi_action( 2269): [757,0,758,1,759,0,927,3,928,0,1593,0]
10-19 06:08:15.813 I/sysui_multi_action( 2269): [757,491,758,1,759,491,927,4,928,0,1311,-1,1593,0]
10-19 06:08:15.813 I/sysui_multi_action( 2269): [757,0,758,1,759,0,927,5,928,0,1593,0]
10-19 06:08:15.813 I/sysui_multi_action( 2269): [757,0,758,1,759,0,927,6,1593,0]
10-19 06:08:15.814 I/sysui_multi_action( 2269): [757,114,758,1,759,114,927,7,928,0,1593,0]
10-19 06:08:15.814 I/sysui_multi_action( 2269): [757,111,758,1]
10-19 06:08:15.814 I/sysui_multi_action( 2269): [757,126,758,1,759,126,927,0,928,1,1593,0]
10-19 06:08:15.814 I/sysui_multi_action( 2269): [757,113,758,1,759,113,927,1,928,1,1593,0]
10-19 06:08:15.815 I/sysui_multi_action( 2269): [757,0,758,1,759,0,927,2,928,0,1593,0]
10-19 06:08:15.815 I/sysui_multi_action( 2269): [757,0,758,1,759,0,927,3,928,0,1593,0]
10-19 06:08:15.830 I/notification_enqueue( 1146): [10088,2269,com.android.systemui,2048,NULL,0,Notification(channel=updateNotification shortcut=null contentView=null vibrate=null sound=null defaults=0x0 flags=0x0 color=0x00000000 vis=PRIVATE),1]
10-19 06:08:15.830 I/sysui_multi_action( 2269): [757,111,758,2]
10-19 06:08:15.831 I/sysui_multi_action( 2269): [757,111,758,2]
10-19 06:08:15.838 I/sysui_multi_action( 2269): [757,111,758,1]
