10-19 06:11:30.913 F/DEBUG (13622): #12 pc 000000000004b91c /apex/com.android.vndk.v30/lib64/libhidlbase.so (android::hardware::details::registerPassthroughServiceImplementation(std::__1::basic_string, std::__1::allocator > const&, std::__1::basic_string, std::__1::allocator > const&, std::__1::function const&, std::__1::basic_string, std::__1::allocator > const&)>, std::__1::basic_string, std::__1::allocator > const&)+80) (BuildId: fc3e2389a057aeefafa6557f6d78a06b)
10-19 06:11:30.913 F/DEBUG (13622): #13 pc 000000000004bc9c /apex/com.android.vndk.v30/lib64/libhidlbase.so (android::hardware::registerPassthroughServiceImplementation(std::__1::basic_string, std::__1::allocator > const&, std::__1::basic_string, std::__1::allocator > const&, std::__1::basic_string, std::__1::allocator > const&)+56) (BuildId: fc3e2389a057aeefafa6557f6d78a06b)
10-19 06:11:30.913 F/DEBUG (13622): #14 pc 0000000000001130 /vendor/bin/hw/android.hardware.camera.provider@2.4-service_64 (main.cfi+196) (BuildId: a1ba6e409ca848af1f0b7c62860af7da)
10-19 06:11:30.913 F/DEBUG (13622): #15 pc 000000000004a084 /apex/com.android.runtime/lib64/bionic/libc.so (__libc_init+100) (BuildId: 369edc656806aeaf384cbeb8f7a347af)
10-19 06:11:30.972 W/NativeCrashListener( 1146): Couldn't find ProcessRecord for pid 13618
10-19 06:11:30.974 E/tombstoned( 639): Tombstone written to: tombstone_12
10-19 06:11:30.986 I/BootReceiver( 1146): Copying /data/tombstones/tombstone_12 to DropBox (SYSTEM_TOMBSTONE)
10-19 06:11:30.986 I/DropBoxManagerService( 1146): add tag=SYSTEM_TOMBSTONE isTagEnabled=true flags=0x6
10-19 06:11:30.998 I/dropbox_file_copy( 1146): [/data/tombstones/tombstone_12,98304,SYSTEM_TOMBSTONE]
10-19 06:11:31.006 I/commit_sys_config_file( 1146): [log-files,17147455]
10-19 06:11:31.007 E/NativeTombstoneManager( 1146): Tombstone's UID (1047) not an app, ignoring
10-19 06:11:31.008 I/mpu_uart( 658): [MSG-P:R]:recv sync frame timeout
10-19 06:11:31.009 I/DropBoxManagerService( 1146): add tag=SYSTEM_TOMBSTONE_PROTO isTagEnabled=true flags=0x4
01-01 12:58:55.997 I/init ( 0): Untracked pid 13622 exited with status 0
01-01 12:58:56.004 I/init ( 0): Service 'vendor.camera-provider-2-4' (pid 13618) received signal 6
01-01 12:58:56.013 I/init ( 0): Sending signal 9 to service 'vendor.camera-provider-2-4' (pid 13618) process group...
10-19 06:11:31.034 I/commit_sys_config_file( 1146): [log-files,17147483]
01-01 12:58:56.046 I/libprocessgroup( 0): Successfully killed process cgroup uid 1047 pid 13618 in 22ms
01-01 12:58:56.059 I/init ( 0): Untracked pid 13624 exited with status 0
10-19 06:11:31.283 I/input_interaction( 1146): Interaction with: 30b6ce7 StatusBar (server), edge-swipe (server), swipe-up (server), PointerEventDispatcher0 (server),
10-19 06:11:31.296 I/sysui_multi_action( 2269): [757,803,799,panel_open,802,1]
10-19 06:11:31.299 I/sysui_multi_action( 2269): [757,1328,758,4,1326,49,1327,2,1329,0]
10-19 06:11:31.340 D/StatusBar( 2269): disable disable2
10-19 06:11:31.340 I/sysui_multi_action( 1146): [757,127,758,1]
10-19 06:11:31.341 I/sysui_multi_action( 1146): [757,804,799,note_load,801,5,802,1]
10-19 06:11:31.341 I/notification_panel_revealed( 1146): 5
10-19 06:11:31.347 I/notification_enqueue( 1146): [10088,2269,com.android.systemui,2048,NULL,0,Notification(channel=updateNotification shortcut=null contentView=null vibrate=null sound=null defaults=0x0 flags=0x0 color=0x00000000 vis=PRIVATE),1]
10-19 06:11:31.347 I/sysui_multi_action( 2269): [757,111,758,2]
10-19 06:11:31.348 I/sysui_multi_action( 2269): [757,111,758,2]
10-19 06:11:31.381 I/input_focus( 1146): [Focus request f3a6fce NotificationShade,reason=UpdateInputWindows]
10-19 06:11:31.388 I/sysui_multi_action( 2269): [757,111,758,1]
10-19 06:11:31.388 I/sysui_multi_action( 2269): [757,126,758,1,759,126,927,0,928,1,1593,0]
10-19 06:11:31.389 I/sysui_multi_action( 2269): [757,113,758,1,759,113,927,1,928,1,1593,0]
10-19 06:11:31.389 I/sysui_multi_action( 2269): [757,0,758,1,759,0,927,2,928,0,1593,0]
10-19 06:11:31.389 I/sysui_multi_action( 2269): [757,0,758,1,759,0,927,3,928,0,1593,0]
10-19 06:11:31.391 I/sysui_multi_action( 2269): [757,491,758,1,759,491,927,4,928,0,1311,-1,1593,0]
10-19 06:11:31.391 I/sysui_multi_action( 2269): [757,0,758,1,759,0,927,5,928,0,1593,0]
10-19 06:11:31.391 I/sysui_multi_action( 2269): [757,0,758,1,759,0,927,6,1593,0]
10-19 06:11:31.391 I/sysui_multi_action( 2269): [757,114,758,1,759,114,927,7,928,0,1593,0]
10-19 06:11:31.392 I/sysui_multi_action( 2269): [757,111,758,1]
10-19 06:11:31.392 I/sysui_multi_action( 2269): [757,126,758,1,759,126,927,0,928,1,1593,0]
10-19 06:11:31.392 I/sysui_multi_action( 2269): [757,113,758,1,759,113,927,1,928,1,1593,0]
10-19 06:11:31.392 I/sysui_multi_action( 2269): [757,0,758,1,759,0,927,2,928,0,1593,0]
10-19 06:11:31.393 I/sysui_multi_action( 2269): [757,0,758,1,759,0,927,3,928,0,1593,0]
10-19 06:11:31.413 I/input_focus( 1146): [Focus leaving a926fae com.android.launcher3/com.android.launcher3.uioverrides.QuickstepLauncher (server),reason=Waiting for window because NOT_VISIBLE]
10-19 06:11:31.416 I/sysui_multi_action( 2269): [757,111,758,2]
10-19 06:11:31.415 I/notification_enqueue( 1146): [10088,2269,com.android.systemui,2048,NULL,0,Notification(channel=updateNotification shortcut=null contentView=null vibrate=null sound=null defaults=0x0 flags=0x0 color=0x00000000 vis=PRIVATE),1]
10-19 06:11:31.416 I/sysui_multi_action( 2269): [757,111,758,2]
10-19 06:11:31.422 I/sysui_multi_action( 2269): [757,111,758,1]
10-19 06:11:31.422 I/OMX-VENC: venc_dev( 1306): stats: avg. fps 0.49, bitrate 22404
10-19 06:11:31.423 I/sysui_multi_action( 2269): [757,126,758,1,759,126,927,0,928,1,1593,0]
10-19 06:11:31.423 I/sysui_multi_action( 2269): [757,113,758,1,759,113,927,1,928,1,1593,0]
10-19 06:11:31.423 I/sysui_multi_action( 2269): [757,0,758,1,759,0,927,2,928,0,1593,0]
10-19 06:11:31.423 I/sysui_multi_action( 2269): [757,0,758,1,759,0,927,3,928,0,1593,0]
10-19 06:11:31.424 I/sysui_multi_action( 2269): [757,491,758,1,759,491,927,4,928,0,1311,-1,1593,0]
10-19 06:11:31.425 I/sysui_multi_action( 2269): [757,0,758,1,759,0,927,5,928,0,1593,0]
10-19 06:11:31.425 I/sysui_multi_action( 2269): [757,0,758,1,759,0,927,6,1593,0]
10-19 06:11:31.425 I/sysui_multi_action( 2269): [757,114,758,1,759,114,927,7,928,0,1593,0]
10-19 06:11:31.425 I/sysui_multi_action( 2269): [757,111,758,1]
10-19 06:11:31.426 I/sysui_multi_action( 2269): [757,126,758,1,759,126,927,0,928,1,1593,0]
10-19 06:11:31.426 I/sysui_multi_action( 2269): [757,113,758,1,759,113,927,1,928,1,1593,0]
10-19 06:11:31.426 I/sysui_multi_action( 2269): [757,0,758,1,759,0,927,2,928,0,1593,0]
10-19 06:11:31.427 I/sysui_multi_action( 2269): [757,0,758,1,759,0,927,3,928,0,1593,0]
10-19 06:11:31.435 I/input_focus( 1146): [Focus entering f3a6fce NotificationShade (server),reason=Window became focusable. Previous reason: NOT_VISIBLE]
10-19 06:11:31.455 I/sysui_multi_action( 2269): [757,111,758,2]
10-19 06:11:31.455 I/notification_enqueue( 1146): [10088,2269,com.android.systemui,2048,NULL,0,Notification(channel=updateNotification shortcut=null contentView=null vibrate=null sound=null defaults=0x0 flags=0x0 color=0x00000000 vis=PRIVATE),1]
10-19 06:11:31.456 I/sysui_multi_action( 2269): [757,111,758,2]
10-19 06:11:31.475 I/sysui_multi_action( 2269): [757,111,758,1]
10-19 06:11:31.476 I/sysui_multi_action( 2269): [757,126,758,1,759,126,927,0,928,1,1593,0]
10-19 06:11:31.476 I/sysui_multi_action( 2269): [757,113,758,1,759,113,927,1,928,1,1593,0]
10-19 06:11:31.476 I/sysui_multi_action( 2269): [757,0,758,1,759,0,927,2,928,0,1593,0]
10-19 06:11:31.476 I/sysui_multi_action( 2269): [757,0,758,1,759,0,927,3,928,0,1593,0]
10-19 06:11:31.478 I/sysui_multi_action( 2269): [757,491,758,1,759,491,927,4,928,0,1311,-1,1593,0]
10-19 06:11:31.478 I/sysui_multi_action( 2269): [757,0,758,1,759,0,927,5,928,0,1593,0]
10-19 06:11:31.478 I/sysui_multi_action( 2269): [757,0,758,1,759,0,927,6,1593,0]
10-19 06:11:31.479 I/sysui_multi_action( 2269): [757,114,758,1,759,114,927,7,928,0,1593,0]
10-19 06:11:31.479 I/sysui_multi_action( 2269): [757,111,758,1]
10-19 06:11:31.480 I/sysui_multi_action( 2269): [757,126,758,1,759,126,927,0,928,1,1593,0]
10-19 06:11:31.480 I/sysui_multi_action( 2269): [757,113,758,1,759,113,927,1,928,1,1593,0]
10-19 06:11:31.481 I/sysui_multi_action( 2269): [757,0,758,1,759,0,927,2,928,0,1593,0]
10-19 06:11:31.481 I/sysui_multi_action( 2269): [757,0,758,1,759,0,927,3,928,0,1593,0]
10-19 06:11:31.608 D/InterruptionStateProvider( 2269): No bubble up: not allowed to bubble: 0|com.android.systemui|2048|null|10088
10-19 06:11:31.609 D/InterruptionStateProvider( 2269): No heads up: unimportant notification: 0|com.android.systemui|2048|null|10088
10-19 06:11:31.621 D/PeopleSpaceWidgetMgr( 2269): Sbn doesn't contain valid PeopleTileKey: null/0/com.android.systemui
01-01 12:58:56.615 D/ ( 0): mv2112_read_status
01-01 12:58:56.619 D/mv2112_update_link( 0): 3.0x901(1G): 0x80
01-01 12:58:56.626 D/mv2112_update_link( 0): 3.0x8109(100M): 0x0
10-19 06:11:31.643 D/InterruptionStateProvider( 2269): No bubble up: not allowed to bubble: 0|com.android.systemui|2048|null|10088
01-01 12:58:56.631 D/mv2112_update_link( 0): link 0x0
01-01 12:58:56.635 D/mv2112_read_status( 0): autoneg is disabled
10-19 06:11:31.644 D/InterruptionStateProvider( 2269): No heads up: unimportant notification: 0|com.android.systemui|2048|null|10088
10-19 06:11:31.653 D/PeopleSpaceWidgetMgr( 2269): Sbn doesn't contain valid PeopleTileKey: null/0/com.android.systemui
10-19 06:11:31.665 D/InterruptionStateProvider( 2269): No bubble up: not allowed to bubble: 0|com.android.systemui|2048|null|10088
10-19 06:11:31.667 D/InterruptionStateProvider( 2269): No heads up: unimportant notification: 0|com.android.systemui|2048|null|10088
10-19 06:11:31.678 D/PeopleSpaceWidgetMgr( 2269): Sbn doesn't contain valid PeopleTileKey: null/0/com.android.systemui
10-19 06:11:31.724 V/NotificationMediaManager( 2269): DEBUG_MEDIA: updating album art for notification null metadata=null metaDataChanged=false state=0
10-19 06:11:31.726 V/NotificationMediaManager( 2269): DEBUG_MEDIA: updating album art for notification null metadata=null metaDataChanged=false state=0
10-19 06:11:31.727 V/NotificationMediaManager( 2269): DEBUG_MEDIA: updating album art for notification null metadata=null metaDataChanged=false state=0
10-19 06:11:31.866 I/mpu_uart( 658): [MSG-P:RECV]:No message received in 1000 ms
10-19 06:11:31.926 I/sysui_multi_action( 1146): [757,128,758,1,793,17136744,794,0,795,17136744,796,26,798,0,806,android,857,DEVELOPER_IMPORTANT,858,4,947,0,1395,5,1500,17136744,1688,1]
10-19 06:11:31.926 I/sysui_multi_action( 1146): [757,804,799,note_freshness,801,17136744,802,1]
10-19 06:11:31.926 I/notification_visibility( 1146): [-1|android|26|null|1000,1,17136744,17136744,0,0]
10-19 06:11:31.927 I/sysui_multi_action( 1146): [757,128,758,1,793,6153676,794,0,795,308839,796,17303299,797,com.android.wifi,798,2,806,android,857,NETWORK_AVAILABLE,858,2,947,0,1395,5,1500,69914,1688,1]
10-19 06:11:31.927 I/sysui_multi_action( 1146): [757,1501,758,1,793,6153676,794,0,795,308839,796,17303299,797,com.android.wifi,806,android,857,NETWORK_AVAILABLE,858,2,947,0,1500,0,1688,1]
10-19 06:11:31.928 I/sysui_multi_action( 1146): [757,804,799,note_interruptive,801,0,802,1]
10-19 06:11:31.928 I/sysui_multi_action( 1146): [757,804,799,note_freshness,801,308839,802,1]
10-19 06:11:31.928 I/notification_visibility( 1146): [0|android|17303299|com.android.wifi|1000,1,6153676,308839,0,2]
10-19 06:11:31.929 I/sysui_multi_action( 1146): [757,128,758,1,793,3286102,794,0,795,3286102,796,4273,798,1,806,com.android.systemui,857,screen_record,858,3,947,0,1395,5,1500,3285900,1688,1,1745,680407814]
10-19 06:11:31.929 I/sysui_multi_action( 1146): [757,804,799,note_freshness,801,3286102,802,1]
10-19 06:11:31.929 I/notification_visibility( 1146): [0|com.android.systemui|4273|null|10088,1,3286102,3286102,0,1]
10-19 06:11:31.930 I/sysui_multi_action( 1146): [757,128,758,1,793,17136652,794,0,795,17136652,796,55,798,3,806,android,857,DEVELOPER,858,2,947,0,1395,5,1500,17136652,1688,1]
10-19 06:11:31.930 I/sysui_multi_action( 1146): [757,804,799,note_freshness,801,17136652,802,1]
10-19 06:11:31.930 I/notification_visibility( 1146): [-1|android|55|null|1000,1,17136652,17136652,0,3]
10-19 06:11:31.930 I/sysui_multi_action( 1146): [757,128,758,1,793,17137906,794,0,795,17137906,796,32,798,4,806,android,857,USB,858,1,947,0,1395,5,1500,17137170,1688,1]
10-19 06:11:31.931 I/sysui_multi_action( 1146): [757,804,799,note_freshness,801,17137906,802,1]
10-19 06:11:31.931 I/notification_visibility( 1146): [-1|android|32|null|1000,1,17137906,17137906,0,4]
10-19 06:11:32.437 I/OMX-VENC: venc_dev( 1306): stats: avg. fps 50.28, bitrate 4153754
10-19 06:11:32.539 W/FrameTracker( 2269): Missed App frame:74
10-19 06:11:32.539 W/FrameTracker( 2269): Missed SF frame:74
10-19 06:11:32.539 W/FrameTracker( 2269): Missed App frame:72
10-19 06:11:32.539 W/FrameTracker( 2269): Missed SF frame:66
10-19 06:11:32.539 W/FrameTracker( 2269): Missed SF frame:66
10-19 06:11:32.539 W/FrameTracker( 2269): Missed App frame:10
10-19 06:11:32.539 W/FrameTracker( 2269): Missed SF frame:10
10-19 06:11:32.539 W/FrameTracker( 2269): Missed SF frame:66
10-19 06:11:32.539 W/FrameTracker( 2269): Missed App frame:8
10-19 06:11:32.539 W/FrameTracker( 2269): Missed SF frame:66
10-19 06:11:32.539 W/FrameTracker( 2269): Missed SF frame:66
10-19 06:11:32.539 W/FrameTracker( 2269): Missed SF frame:66
10-19 06:11:32.539 W/FrameTracker( 2269): Missed SF frame:66
10-19 06:11:32.540 V/PerfettoTrigger( 2269): Triggering /system/bin/trigger_perfetto com.android.telemetry.interaction-jank-monitor-0
01-01 12:58:57.638 D/ ( 0): mv2112_read_status
01-01 12:58:57.642 D/mv2112_update_link( 0): 3.0x901(1G): 0x80
01-01 12:58:57.648 D/mv2112_update_link( 0): 3.0x8109(100M): 0x0
01-01 12:58:57.655 D/mv2112_update_link( 0): link 0x0
01-01 12:58:57.659 D/mv2112_read_status( 0): autoneg is disabled
10-19 06:11:32.783 W/HWComposer( 1052): Ignoring duplicate VSYNC event from HWC for display 4630946370410392961 (t=17203851205000)
10-19 06:11:32.800 W/HWComposer( 1052): Ignoring duplicate VSYNC event from HWC for display 4630946370410392961 (t=17203867913000)
10-19 06:11:32.816 W/HWComposer( 1052): Ignoring duplicate VSYNC event from HWC for display 4630946370410392961 (t=17203884631000)
10-19 06:11:32.833 W/HWComposer( 1052): Ignoring duplicate VSYNC event from HWC for display 4630946370410392961 (t=17203901309000)
10-19 06:11:32.850 W/HWComposer( 1052): Ignoring duplicate VSYNC event from HWC for display 4630946370410392961 (t=17203918034000)
10-19 06:11:32.866 I/mpu_uart( 658): [MSG-P:RECV]:No message received in 1000 ms
10-19 06:11:32.866 W/HWComposer( 1052): Ignoring duplicate VSYNC event from HWC for display 4630946370410392961 (t=17203934730000)
10-19 06:11:32.883 W/HWComposer( 1052): Ignoring duplicate VSYNC event from HWC for display 4630946370410392961 (t=17203951458000)
10-19 06:11:32.884 W/HWComposer( 1052): Ignoring duplicate VSYNC event from HWC for display 4630946370410392961 (t=17203951458000)
10-19 06:11:32.900 W/HWComposer( 1052): Ignoring duplicate VSYNC event from HWC for display 4630946370410392961 (t=17203968144000)
10-19 06:11:32.917 W/HWComposer( 1052): Ignoring duplicate VSYNC event from HWC for display 4630946370410392961 (t=17203984849000)
10-19 06:11:32.933 W/HWComposer( 1052): Ignoring duplicate VSYNC event from HWC for display 4630946370410392961 (t=17204001519000)
10-19 06:11:32.950 W/HWComposer( 1052): Ignoring duplicate VSYNC event from HWC for display 4630946370410392961 (t=17204018267000)
10-19 06:11:32.967 W/HWComposer( 1052): Ignoring duplicate VSYNC event from HWC for display 4630946370410392961 (t=17204034938000)
10-19 06:11:33.453 I/OMX-VENC: venc_dev( 1306): stats: avg. fps 37.37, bitrate 736216
01-01 12:58:58.662 D/ ( 0): mv2112_read_status
01-01 12:58:58.666 D/mv2112_update_link( 0): 3.0x901(1G): 0x80
01-01 12:58:58.671 D/mv2112_update_link( 0): 3.0x8109(100M): 0x0
01-01 12:58:58.676 D/mv2112_update_link( 0): link 0x0
01-01 12:58:58.681 D/mv2112_read_status( 0): autoneg is disabled
10-19 06:11:33.847 I/input_interaction( 1146): Interaction with: f3a6fce NotificationShade (server), edge-swipe (server), swipe-up (server), PointerEventDispatcher0 (server),
10-19 06:11:33.862 I/selfinstaller( 1270): operator() 413: network is not ready: 7504
10-19 06:11:33.866 I/mpu_uart( 658): [MSG-P:RECV]:No message received in 1000 ms
10-19 06:11:34.007 I/sysui_multi_action( 2269): [757,925,758,4,759,0,927,3,928,0,1592,0,1593,1]
10-19 06:11:34.012 I/mpu_uart( 658): [MSG-P:R]:recv sync frame timeout
10-19 06:11:34.017 D/audio_hw_primary( 818): start_output_stream: enter: stream(0xe6540010)usecase(1: low-latency-playback) devices(0x2) is_haptic_usecase(0)
10-19 06:11:34.018 E/ANDR-PERF-TARGET( 972): Error: Invalid logical cluster id 0
10-19 06:11:34.018 E/ANDR-PERF-REQUEST( 972): invalid request
10-19 06:11:34.018 E/ANDR-PERF-MPCTL( 972): invalid request, no optimizations performed
10-19 06:11:34.018 E/audio_hw_extn( 818): audio_extn_perf_lock_acquire: Failed to acquire perf lock, err: -1
10-19 06:11:34.018 D/audio_hw_primary( 818): select_devices for use case (low-latency-playback)
10-19 06:11:34.018 I/msm8974_platform( 818): platform_check_and_set_codec_backend_cfg:becf: afe: bitwidth 16, samplerate 48000 channels 2, backend_idx 0 usecase = 1 device (speaker)
10-19 06:11:34.018 D/msm8974_platform( 818): platform_split_snd_device: snd_device(2) num devices(1) new_snd_devices(0)
10-19 06:11:34.018 I/msm8974_platform( 818): platform_check_and_set_codec_backend_cfg: new_snd_devices[0] is 2
10-19 06:11:34.018 I/msm8974_platform( 818): platform_check_codec_backend_cfg:becf: afe: bitwidth 16, samplerate 48000 channels 2, backend_idx 0 usecase = 1 device (speaker)
10-19 06:11:34.021 D/audio_hw_extn( 818): audio_extn_enable_hifi_filter: mixer_value set 0
10-19 06:11:34.021 D/msm8974_platform( 818): platform_check_codec_backend_cfg:becf: updated afe: bitwidth 16, samplerate 48000 channels 2,backend_idx 0 usecase = 1 device (speaker)
10-19 06:11:34.021 D/msm8974_platform( 818): platform_check_codec_backend_cfg:becf: afe: playback on codec device not supporting native playback set default Sample Rate(48k)
10-19 06:11:34.021 I/msm8974_platform( 818): platform_check_codec_backend_cfg:becf: afe: Codec selected backend: 0 updated bit width: 16 and sample rate: 48000
10-19 06:11:34.021 D/audio_hw_primary( 818): check_usecases_codec_backend:becf: force routing 0
10-19 06:11:34.021 E/msm8974_platform( 818): platform_check_backends_match: Invalid snd_device =
10-19 06:11:34.021 D/audio_hw_primary( 818): check_usecases_codec_backend:becf: (78) check_usecases curr device: speaker, usecase device: backends match 0
10-19 06:11:34.021 D/audio_hw_primary( 818): check_usecases_codec_backend:becf: check_usecases num.of Usecases to switch 0
10-19 06:11:34.021 D/hardware_info( 818): hw_info_append_hw_type : device_name = speaker
10-19 06:11:34.021 D/msm8974_platform( 818): platform_split_snd_device: snd_device(2) num devices(0) new_snd_devices(0)
10-19 06:11:34.021 D/audio_hw_primary( 818): enable_snd_device: snd_device(2: speaker)
10-19 06:11:34.021 D/msm8974_platform( 818): platform_get_island_cfg_on_device:island cfg status on snd_device = (speaker 0)
10-19 06:11:34.021 I/soundtrigger( 818): audio_extn_sound_trigger_update_device_status: device 0x2 of type 0 for Event 1, with Raise=0
10-19 06:11:34.021 D/audio_route( 818): Apply path: speaker
10-19 06:11:34.022 I/audio_hw_utils( 818): audio_extn_utils_update_stream_output_app_type_cfg Allowing 24 and above bits playback on speaker ONLY at default sampling rate
10-19 06:11:34.022 E/soundtrigger( 818): audio_extn_sound_trigger_update_stream_status: invalid input device 0x0, for event 3
10-19 06:11:34.022 D/soundtrigger( 818): audio_extn_sound_trigger_update_stream_status: uc_info->id 1 of type 0 for Event 3, with Raise=0
10-19 06:11:34.022 D/audio_hw_utils( 818): audio_extn_utils_send_app_type_cfg: usecase->out_snd_device speaker
10-19 06:11:34.022 D/msm8974_platform( 818): platform_split_snd_device: snd_device(2) num devices(0) new_snd_devices(0)
10-19 06:11:34.022 D/audio_hw_utils( 818): audio_extn_btsco_get_sample_rate:Not a BT SCO device, need not update sampling rate
10-19 06:11:34.022 I/audio_hw_utils( 818): send_app_type_cfg_for_device PLAYBACK app_type 69937, acdb_dev_id 15, sample_rate 48000, snd_device_be_idx 179
10-19 06:11:34.023 D/msm8974_platform( 818): platform_split_snd_device: snd_device(2) num devices(1) new_snd_devices(0)
10-19 06:11:34.023 D/audio_hw_utils( 818): audio_extn_btsco_get_sample_rate:Not a BT SCO device, need not update sampling rate
10-19 06:11:34.023 D/ACDB-LOADER( 818): ACDB -> send_audio_cal, acdb_id = 15, path = 0, app id = 0x11131, sample rate = 48000, afe_sample_rate = 48000
10-19 06:11:34.023 D/ACDB-LOADER( 818): ACDB -> send_asm_topology
10-19 06:11:34.023 D/ACDB-LOADER( 818): ACDB -> ACDB_CMD_GET_AUDPROC_STREAM_TOPOLOGY_ID
10-19 06:11:34.023 D/ACDB-LOADER( 818): ACDB -> send_adm_topology
10-19 06:11:34.023 D/ACDB-LOADER( 818): ACDB -> ACDB_CMD_GET_AUDPROC_COMMON_TOPOLOGY_ID
10-19 06:11:34.024 D/ACDB-LOADER( 818): ACDB -> send_audtable
10-19 06:11:34.024 D/ACDB-LOADER( 818): ACDB -> ACDB_CMD_GET_AUDPROC_INSTANCE_COMMON_TABLE_SIZE
10-19 06:11:34.024 D/ACDB-LOADER( 818): ACDB -> ACDB_CMD_GET_AUDPROC_INSTANCE_COMMON_TABLE
10-19 06:11:34.024 D/ACDB-LOADER( 818): ACDB -> AUDIO_SET_AUDPROC_CAL cal_type[11] acdb_id[15] app_type[69937]
10-19 06:11:34.024 D/ACDB-LOADER( 818): ACDB -> send_audvoltable
10-19 06:11:34.024 D/ACDB-LOADER( 818): ACDB -> ACDB_CMD_GET_AUDPROC_INSTANCE_GAIN_DEP_STEP_TABLE_SIZE
10-19 06:11:34.024 D/ACDB-LOADER( 818): ACDB -> ACDB_CMD_GET_AUDPROC_INSTANCE_GAIN_DEP_STEP_TABLE, vol index 0
10-19 06:11:34.024 D/ACDB-LOADER( 818): ACDB -> AUDIO_SET_VOL_CAL cal type = 12
10-19 06:11:34.024 D/ACDB-LOADER( 818): ACDB -> ACDB_CMD_GET_AUDPROC_INSTANCE_STREAM_TABLE_SIZE
10-19 06:11:34.024 D/ACDB-LOADER( 818): ACDB -> send_audstrmtable
10-19 06:11:34.024 D/ACDB-LOADER( 818): ACDB -> ACDB_CMD_GET_AUDPROC_INSTANCE_STREAM_TABLE
10-19 06:11:34.024 D/ACDB-LOADER( 818): ACDB -> audstrm_cal->cal_type.cal_data.cal_size = 20
10-19 06:11:34.024 D/ACDB-LOADER( 818): ACDB -> send_afe_topology
10-19 06:11:34.024 D/ACDB-LOADER( 818): ACDB -> ACDB_CMD_GET_AFE_TOPOLOGY_ID
10-19 06:11:34.025 D/ACDB-LOADER( 818): ACDB -> GET_AFE_TOPOLOGY_ID for adcd_id 15, Topology Id 112fc
10-19 06:11:34.025 D/ACDB-LOADER( 818): ACDB -> send_afe_cal
10-19 06:11:34.025 D/ACDB-LOADER( 818): ACDB -> ACDB_CMD_GET_AFE_INSTANCE_COMMON_TABLE_SIZE
10-19 06:11:34.025 D/android.hardware.audio.service( 818): Failed to fetch the lookup information of the device 0000000F
10-19 06:11:34.025 D/ACDB-LOADER( 818): Error: ACDB_CMD_GET_AFE_INSTANCE_COMMON_TABLE_SIZE Returned = -19
10-19 06:11:34.025 D/ACDB-LOADER( 818): ACDB -> ACDB_CMD_GET_AFE_INSTANCE_COMMON_TABLE
10-19 06:11:34.025 D/android.hardware.audio.service( 818): Failed to fetch the lookup information of the device 0000000F
10-19 06:11:34.025 D/ACDB-LOADER( 818): Error: ACDB AFE returned = -19
10-19 06:11:34.025 D/ACDB-LOADER( 818): ACDB -> AUDIO_SET_AFE_CAL cal_type[16] acdb_id[15]
10-19 06:11:34.025 D/ACDB-LOADER( 818): ACDB -> send_hw_delay : acdb_id = 15 path = 0
10-19 06:11:34.025 D/ACDB-LOADER( 818): ACDB -> ACDB_AVSYNC_INFO: ACDB_CMD_GET_DEVICE_PROPERTY
10-19 06:11:34.025 D/msm8974_platform( 818): platform_split_snd_device: snd_device(2) num devices(0) new_snd_devices(0)
10-19 06:11:34.025 I/msm8974_platform( 818): platform_get_custom_mtmx_params: no matching param with id 0 ip_ch 2 op_ch 2 uc_id 1 snd_dev 2
10-19 06:11:34.025 D/audio_hw_primary( 818): enable_audio_route: apply mixer and update path: low-latency-playback
10-19 06:11:34.025 D/audio_route( 818): Apply path: low-latency-playback
10-19 06:11:34.027 D/audio_hw_primary( 818): select_devices: done
10-19 06:11:34.041 W/ActivityTaskManager( 1146): Launch timeout has expired, giving up wake lock!
10-19 06:11:34.046 I/ActivityTaskManager( 1146): START u0 {flg=0x10000000 cmp=com.android.systemui/.screenrecord.ScreenRecordDialog} from uid 10088
10-19 06:11:34.047 I/EventSequenceValidator( 1146): inc AccIntentStartedEvents to 2
01-01 12:58:59.027 I/afe_find_cal_topo_id_by_port( 0): port id: 0x9000, dev_acdb_id: 0
01-01 12:58:59.034 I/afe_find_cal_topo_id_by_port( 0): top_id:112fc acdb_id:15 afe_port:0x9000
01-01 12:58:59.042 I/afe_get_cal_topology_id( 0): port_id = 0x9000 acdb_id = 15 topology_id = 0x112fc cal_type_index=8 ret=0
10-19 06:11:34.052 E/ANDR-PERF-JNI( 1146): com_qualcomm_qtiperformance_native_perf_io_prefetch_start
10-19 06:11:34.054 I/wm_task_created( 1146): [174,-1]
01-01 12:58:59.053 I/afe_send_port_topology_id( 0): AFE set topology id 0x112fc enable for port 0x9000 ret 0
10-19 06:11:34.054 W/ActivityTaskManager( 1146): Can't find TaskDisplayArea to determine support for multi window. Task id=174 attached=false
10-19 06:11:34.063 E/ANDR-IOP( 968): io prefetch is disabled
10-19 06:11:34.066 I/wm_task_moved( 1146): [174,1,6]
10-19 06:11:34.066 I/wm_task_to_front( 1146): [0,174]
10-19 06:11:34.067 I/wm_create_task( 1146): [0,174]
10-19 06:11:34.067 I/wm_create_activity( 1146): [0,235670137,174,com.android.systemui/.screenrecord.ScreenRecordDialog,NULL,NULL,NULL,276824064]
10-19 06:11:34.067 I/wm_task_moved( 1146): [174,1,6]
10-19 06:11:34.067 I/wm_on_top_resumed_lost_called( 2903): [228154950,com.android.launcher3.uioverrides.QuickstepLauncher,topStateChangedWhenResumed]
10-19 06:11:34.071 D/CompatibilityInfo( 1146): mCompatibilityFlags - 4
10-19 06:11:34.071 D/CompatibilityInfo( 1146): applicationDensity - 240
10-19 06:11:34.071 D/CompatibilityInfo( 1146): applicationScale - 1.0
10-19 06:11:34.072 D/ActivityTrigger( 1146): ActivityTrigger activityPauseTrigger
10-19 06:11:34.073 I/wm_pause_activity( 1146): [0,228154950,com.android.launcher3/.uioverrides.QuickstepLauncher,userLeaving=true,pauseBackTasks]
01-01 12:58:59.062 I/send_afe_cal_type( 0): cal_index is 0
01-01 12:58:59.067 I/send_afe_cal_type( 0): dev_acdb_id[55] is 0
10-19 06:11:34.080 I/wm_on_paused_called( 2903): [228154950,com.android.launcher3.uioverrides.QuickstepLauncher,performPause]
10-19 06:11:34.081 V/ShadeControllerImpl( 2269): NotificationShadeWindow: com.android.systemui.statusbar.phone.NotificationShadeWindowView{303a90 V.E...... ........ 0,0-2380,1020} canPanelBeCollapsed(): true
10-19 06:11:34.082 I/ActivityTaskManager( 1146): FOREGROUND_APPLICATION_CHANGED to com.android.systemui.screenrecord.ScreenRecordDialog
10-19 06:11:34.083 I/ActivityTaskManager( 1146): The Process com.android.systemui Already Exists in BG. So sending its PID: 2269
01-01 12:58:59.072 I/send_afe_cal_type( 0): Sending cal_index cal 0
01-01 12:58:59.077 E/send_afe_cal_type( 0): No cal sent for cal_index 0, port_id = 0x9000! ret -22
10-19 06:11:34.083 W/ActivityTaskManager( 1146): Tried to set launchTime (0) < mLastActivityLaunchTime (13865644)
10-19 06:11:34.085 I/wm_restart_activity( 1146): [0,235670137,174,com.android.systemui/.screenrecord.ScreenRecordDialog]
10-19 06:11:34.085 D/CompatibilityInfo( 1146): mCompatibilityFlags - 4
10-19 06:11:34.085 D/CompatibilityInfo( 1146): applicationDensity - 240
10-19 06:11:34.085 D/CompatibilityInfo( 1146): applicationScale - 1.0
10-19 06:11:34.087 I/wm_set_resumed_activity( 1146): [0,com.android.systemui/.screenrecord.ScreenRecordDialog,minimalResumeActivityLocked]
01-01 12:58:59.086 I/afe_send_hw_delay( 0): port_id 0x9000 rate 48000 delay_usec 474 status 0
10-19 06:11:34.118 I/sysui_multi_action( 1146): [757,803,799,window_time_0,802,10]
10-19 06:11:34.123 D/msm8974_platform( 818): platform_set_channel_map mixer_ctl_name:Playback Channel Map9
10-19 06:11:34.124 D/msm8974_platform( 818): platform_set_channel_map: set mapping(1 2 0 0 0 0 0 0) for channel:2
10-19 06:11:34.125 E/audio_hw_extn( 818): audio_extn_perf_lock_release: Perf lock release error
10-19 06:11:34.125 D/audio_hw_primary( 818): start_output_stream: exit
10-19 06:11:34.128 I/input_focus( 1146): [Focus leaving f3a6fce NotificationShade (server),reason=NOT_FOCUSABLE]
10-19 06:11:34.167 I/wm_on_create_called( 2269): [235670137,com.android.systemui.screenrecord.ScreenRecordDialog,performCreate]
10-19 06:11:34.170 I/wm_on_start_called( 2269): [235670137,com.android.systemui.screenrecord.ScreenRecordDialog,handleStartActivity]
10-19 06:11:34.171 I/wm_on_resume_called( 2269): [235670137,com.android.systemui.screenrecord.ScreenRecordDialog,RESUME_ACTIVITY]
10-19 06:11:34.178 D/KeyguardViewMediator( 2269): setOccluded true
10-19 06:11:34.180 I/wm_on_top_resumed_gained_called( 2269): [235670137,com.android.systemui.screenrecord.ScreenRecordDialog,topStateChangedWhenResumed]
10-19 06:11:34.215 D/KeyguardViewMediator( 2269): setOccluded false
10-19 06:11:34.225 I/input_focus( 1146): [Focus request b3f8fb1 com.android.systemui/com.android.systemui.screenrecord.ScreenRecordDialog,reason=UpdateInputWindows]
10-19 06:11:34.265 I/sysui_multi_action( 1146): [319,205,322,204,325,17205,757,761,758,8,759,2,806,com.android.systemui,871,com.android.systemui.screenrecord.ScreenRecordDialog,904,com.android.systemui,905,0,1320,8,1321,5]
10-19 06:11:34.266 I/EventSequenceValidator( 1146): dec AccIntentStartedEvents to 1
10-19 06:11:34.268 I/wm_activity_launch_time( 1146): [0,235670137,com.android.systemui/.screenrecord.ScreenRecordDialog,204]
10-19 06:11:34.270 I/ActivityTaskManager( 1146): Displayed com.android.systemui/.screenrecord.ScreenRecordDialog: +204ms
10-19 06:11:34.315 D/audio_hw_primary( 818): out_set_parameters: enter: usecase(1: low-latency-playback) kvpairs: suspend_playback=true
10-19 06:11:34.315 D/audio_hw_extn( 818): audio_extn_fm_set_parameters: Enter
10-19 06:11:34.324 I/input_focus( 1146): [Focus entering b3f8fb1 com.android.systemui/com.android.systemui.screenrecord.ScreenRecordDialog (server),reason=Window became focusable. Previous reason: NOT_VISIBLE]
10-19 06:11:34.332 I/notification_enqueue( 1146): [10088,2269,com.android.systemui,2048,NULL,0,Notification(channel=updateNotification shortcut=null contentView=null vibrate=null sound=null defaults=0x0 flags=0x0 color=0x00000000 vis=PRIVATE),1]
10-19 06:11:34.333 I/sysui_multi_action( 2269): [757,111,758,2]
10-19 06:11:34.333 I/sysui_multi_action( 2269): [757,111,758,2]
10-19 06:11:34.339 I/sysui_multi_action( 2269): [757,111,758,1]
10-19 06:11:34.339 I/sysui_multi_action( 2269): [757,126,758,1,759,126,927,0,928,1,1593,0]
10-19 06:11:34.340 I/sysui_multi_action( 2269): [757,113,758,1,759,113,927,1,928,1,1593,0]
10-19 06:11:34.340 I/sysui_multi_action( 2269): [757,0,758,1,759,0,927,2,928,0,1593,0]
10-19 06:11:34.340 I/sysui_multi_action( 2269): [757,0,758,1,759,0,927,3,928,0,1593,0]
10-19 06:11:34.341 I/sysui_multi_action( 2269): [757,491,758,1,759,491,927,4,928,0,1311,-1,1593,0]
10-19 06:11:34.342 I/sysui_multi_action( 2269): [757,0,758,1,759,0,927,5,928,0,1593,0]
10-19 06:11:34.342 I/sysui_multi_action( 2269): [757,0,758,1,759,0,927,6,1593,0]
10-19 06:11:34.342 I/sysui_multi_action( 2269): [757,114,758,1,759,114,927,7,928,0,1593,0]
10-19 06:11:34.342 I/sysui_multi_action( 2269): [757,111,758,1]
10-19 06:11:34.343 I/sysui_multi_action( 2269): [757,126,758,1,759,126,927,0,928,1,1593,0]
10-19 06:11:34.343 I/sysui_multi_action( 2269): [757,113,758,1,759,113,927,1,928,1,1593,0]
10-19 06:11:34.343 I/sysui_multi_action( 2269): [757,0,758,1,759,0,927,2,928,0,1593,0]
10-19 06:11:34.343 I/sysui_multi_action( 2269): [757,0,758,1,759,0,927,3,928,0,1593,0]
10-19 06:11:34.359 D/Sogou ( 3545): onUnbindInput finish
10-19 06:11:34.362 D/Sogou ( 3545): onFinishInput:
10-19 06:11:34.366 I/notification_enqueue( 1146): [10088,2269,com.android.systemui,2048,NULL,0,Notification(channel=updateNotification shortcut=null contentView=null vibrate=null sound=null defaults=0x0 flags=0x0 color=0x00000000 vis=PRIVATE),1]
10-19 06:11:34.367 I/sysui_multi_action( 2269): [757,111,758,2]
10-19 06:11:34.368 I/sysui_multi_action( 2269): [757,111,758,2]
10-19 06:11:34.380 I/sysui_multi_action( 2269): [757,111,758,1]
10-19 06:11:34.381 I/sysui_multi_action( 2269): [757,126,758,1,759,126,927,0,928,1,1593,1]
10-19 06:11:34.381 I/sysui_multi_action( 2269): [757,113,758,1,759,113,927,1,928,1,1593,1]
10-19 06:11:34.381 I/sysui_multi_action( 2269): [757,0,758,1,759,0,927,2,928,0,1593,1]
10-19 06:11:34.381 I/sysui_multi_action( 2269): [757,0,758,1,759,0,927,3,928,0,1593,1]
10-19 06:11:34.381 I/sysui_multi_action( 2269): [757,491,758,1,759,491,927,4,928,0,1311,-1,1593,0]
10-19 06:11:34.382 I/sysui_multi_action( 2269): [757,0,758,1,759,0,927,5,928,0,1593,0]
10-19 06:11:34.382 I/sysui_multi_action( 2269): [757,0,758,1,759,0,927,6,1593,0]
10-19 06:11:34.382 I/sysui_multi_action( 2269): [757,114,758,1,759,114,927,7,928,0,1593,0]
10-19 06:11:34.382 I/sysui_multi_action( 2269): [757,111,758,1]
10-19 06:11:34.382 I/sysui_multi_action( 2269): [757,126,758,1,759,126,927,0,928,1,1593,1]
10-19 06:11:34.382 I/sysui_multi_action( 2269): [757,113,758,1,759,113,927,1,928,1,1593,1]
10-19 06:11:34.383 I/sysui_multi_action( 2269): [757,0,758,1,759,0,927,2,928,0,1593,1]
10-19 06:11:34.383 I/sysui_multi_action( 2269): [757,0,758,1,759,0,927,3,928,0,1593,1]
10-19 06:11:34.427 I/sysui_multi_action( 2269): [757,111,758,2]
10-19 06:11:34.427 I/notification_enqueue( 1146): [10088,2269,com.android.systemui,2048,NULL,0,Notification(channel=updateNotification shortcut=null contentView=null vibrate=null sound=null defaults=0x0 flags=0x0 color=0x00000000 vis=PRIVATE),1]
10-19 06:11:34.428 I/sysui_multi_action( 2269): [757,111,758,2]
10-19 06:11:34.435 I/sysui_multi_action( 2269): [757,111,758,1]
10-19 06:11:34.436 I/sysui_multi_action( 2269): [757,126,758,1,759,126,927,0,928,1,1593,1]
10-19 06:11:34.436 I/sysui_multi_action( 2269): [757,113,758,1,759,113,927,1,928,1,1593,1]
10-19 06:11:34.437 I/sysui_multi_action( 2269): [757,0,758,1,759,0,927,2,928,0,1593,1]
10-19 06:11:34.437 I/sysui_multi_action( 2269): [757,0,758,1,759,0,927,3,928,0,1593,1]
10-19 06:11:34.438 I/sysui_multi_action( 2269): [757,491,758,1,759,491,927,4,928,0,1311,-1,1593,0]
10-19 06:11:34.439 I/sysui_multi_action( 2269): [757,0,758,1,759,0,927,5,928,0,1593,0]
10-19 06:11:34.439 I/sysui_multi_action( 2269): [757,0,758,1,759,0,927,6,1593,0]
10-19 06:11:34.439 I/sysui_multi_action( 2269): [757,114,758,1,759,114,927,7,928,0,1593,0]
10-19 06:11:34.440 I/sysui_multi_action( 2269): [757,111,758,1]
10-19 06:11:34.440 I/sysui_multi_action( 2269): [757,126,758,1,759,126,927,0,928,1,1593,1]
10-19 06:11:34.440 I/sysui_multi_action( 2269): [757,113,758,1,759,113,927,1,928,1,1593,1]
10-19 06:11:34.440 I/sysui_multi_action( 2269): [757,0,758,1,759,0,927,2,928,0,1593,1]
10-19 06:11:34.441 I/sysui_multi_action( 2269): [757,0,758,1,759,0,927,3,928,0,1593,1]
10-19 06:11:34.464 I/OMX-VENC: venc_dev( 1306): stats: avg. fps 27.71, bitrate 1053190
10-19 06:11:34.496 I/notification_enqueue( 1146): [10088,2269,com.android.systemui,2048,NULL,0,Notification(channel=updateNotification shortcut=null contentView=null vibrate=null sound=null defaults=0x0 flags=0x0 color=0x00000000 vis=PRIVATE),1]
10-19 06:11:34.497 I/sysui_multi_action( 2269): [757,111,758,2]
10-19 06:11:34.497 I/sysui_multi_action( 2269): [757,111,758,2]
10-19 06:11:34.504 I/sysui_multi_action( 2269): [757,111,758,1]
10-19 06:11:34.505 I/sysui_multi_action( 2269): [757,126,758,1,759,126,927,0,928,1,1593,0]
10-19 06:11:34.505 I/sysui_multi_action( 2269): [757,113,758,1,759,113,927,1,928,1,1593,0]
10-19 06:11:34.505 I/sysui_multi_action( 2269): [757,0,758,1,759,0,927,2,928,0,1593,0]
10-19 06:11:34.506 I/sysui_multi_action( 2269): [757,0,758,1,759,0,927,3,928,0,1593,1]
10-19 06:11:34.507 I/sysui_multi_action( 2269): [757,491,758,1,759,491,927,4,928,0,1311,-1,1593,0]
10-19 06:11:34.507 I/sysui_multi_action( 2269): [757,0,758,1,759,0,927,5,928,0,1593,0]
10-19 06:11:34.507 I/sysui_multi_action( 2269): [757,0,758,1,759,0,927,6,1593,0]
10-19 06:11:34.508 I/sysui_multi_action( 2269): [757,114,758,1,759,114,927,7,928,0,1593,0]
10-19 06:11:34.508 I/sysui_multi_action( 2269): [757,111,758,1]
10-19 06:11:34.508 I/sysui_multi_action( 2269): [757,126,758,1,759,126,927,0,928,1,1593,1]
10-19 06:11:34.509 I/sysui_multi_action( 2269): [757,113,758,1,759,113,927,1,928,1,1593,1]
10-19 06:11:34.509 I/sysui_multi_action( 2269): [757,0,758,1,759,0,927,2,928,0,1593,1]
10-19 06:11:34.509 I/sysui_multi_action( 2269): [757,0,758,1,759,0,927,3,928,0,1593,1]
10-19 06:11:34.529 I/notification_enqueue( 1146): [10088,2269,com.android.systemui,2048,NULL,0,Notification(channel=updateNotification shortcut=null contentView=null vibrate=null sound=null defaults=0x0 flags=0x0 color=0x00000000 vis=PRIVATE),1]
10-19 06:11:34.529 I/sysui_multi_action( 2269): [757,111,758,2]
10-19 06:11:34.529 I/sysui_multi_action( 2269): [757,111,758,2]
10-19 06:11:34.537 I/sysui_multi_action( 2269): [757,111,758,1]
10-19 06:11:34.537 I/sysui_multi_action( 2269): [757,126,758,1,759,126,927,0,928,1,1593,0]
10-19 06:11:34.537 I/sysui_multi_action( 2269): [757,113,758,1,759,113,927,1,928,1,1593,0]
10-19 06:11:34.537 I/sysui_multi_action( 2269): [757,0,758,1,759,0,927,2,928,0,1593,0]
10-19 06:11:34.538 I/sysui_multi_action( 2269): [757,0,758,1,759,0,927,3,928,0,1593,0]
10-19 06:11:34.540 I/sysui_multi_action( 2269): [757,491,758,1,759,491,927,4,928,0,1311,-1,1593,0]
10-19 06:11:34.540 I/sysui_multi_action( 2269): [757,0,758,1,759,0,927,5,928,0,1593,0]
10-19 06:11:34.540 I/sysui_multi_action( 2269): [757,0,758,1,759,0,927,6,1593,0]
10-19 06:11:34.540 I/sysui_multi_action( 2269): [757,114,758,1,759,114,927,7,928,0,1593,0]
10-19 06:11:34.541 I/sysui_multi_action( 2269): [757,111,758,1]
10-19 06:11:34.541 I/sysui_multi_action( 2269): [757,126,758,1,759,126,927,0,928,1,1593,0]
10-19 06:11:34.541 I/sysui_multi_action( 2269): [757,113,758,1,759,113,927,1,928,1,1593,0]
10-19 06:11:34.542 I/sysui_multi_action( 2269): [757,0,758,1,759,0,927,2,928,0,1593,0]
10-19 06:11:34.542 I/sysui_multi_action( 2269): [757,0,758,1,759,0,927,3,928,0,1593,0]
10-19 06:11:34.563 I/sysui_multi_action( 2269): [757,111,758,2]
10-19 06:11:34.564 I/sysui_multi_action( 2269): [757,111,758,2]
10-19 06:11:34.570 I/notification_enqueue( 1146): [10088,2269,com.android.systemui,2048,NULL,0,Notification(channel=updateNotification shortcut=null contentView=null vibrate=null sound=null defaults=0x0 flags=0x0 color=0x00000000 vis=PRIVATE),1]
10-19 06:11:34.573 I/sysui_multi_action( 2269): [757,111,758,1]
10-19 06:11:34.574 I/sysui_multi_action( 2269): [757,126,758,1,759,126,927,0,928,1,1593,1]
10-19 06:11:34.574 I/sysui_multi_action( 2269): [757,113,758,1,759,113,927,1,928,1,1593,1]
10-19 06:11:34.574 I/sysui_multi_action( 2269): [757,0,758,1,759,0,927,2,928,0,1593,1]
10-19 06:11:34.575 I/sysui_multi_action( 2269): [757,0,758,1,759,0,927,3,928,0,1593,1]
10-19 06:11:34.576 I/sysui_multi_action( 2269): [757,491,758,1,759,491,927,4,928,0,1311,-1,1593,0]
10-19 06:11:34.576 I/sysui_multi_action( 2269): [757,0,758,1,759,0,927,5,928,0,1593,0]
10-19 06:11:34.576 I/sysui_multi_action( 2269): [757,0,758,1,759,0,927,6,1593,0]
10-19 06:11:34.577 I/sysui_multi_action( 2269): [757,114,758,1,759,114,927,7,928,0,1593,0]
10-19 06:11:34.577 I/sysui_multi_action( 2269): [757,111,758,1]
10-19 06:11:34.577 I/sysui_multi_action( 2269): [757,126,758,1,759,126,927,0,928,1,1593,1]
10-19 06:11:34.577 I/sysui_multi_action( 2269): [757,113,758,1,759,113,927,1,928,1,1593,1]
10-19 06:11:34.578 I/sysui_multi_action( 2269): [757,0,758,1,759,0,927,2,928,0,1593,1]
10-19 06:11:34.578 I/sysui_multi_action( 2269): [757,0,758,1,759,0,927,3,928,0,1593,1]
10-19 06:11:34.599 I/sysui_multi_action( 2269): [757,111,758,2]
10-19 06:11:34.599 I/notification_enqueue( 1146): [10088,2269,com.android.systemui,2048,NULL,0,Notification(channel=updateNotification shortcut=null contentView=null vibrate=null sound=null defaults=0x0 flags=0x0 color=0x00000000 vis=PRIVATE),1]
10-19 06:11:34.599 I/sysui_multi_action( 2269): [757,111,758,2]
10-19 06:11:34.620 I/sysui_multi_action( 2269): [757,111,758,1]
10-19 06:11:34.621 I/sysui_multi_action( 2269): [757,126,758,1,759,126,927,0,928,1,1593,1]
10-19 06:11:34.621 I/sysui_multi_action( 2269): [757,113,758,1,759,113,927,1,928,1,1593,1]
10-19 06:11:34.621 I/sysui_multi_action( 2269): [757,0,758,1,759,0,927,2,928,0,1593,1]
10-19 06:11:34.621 I/sysui_multi_action( 2269): [757,0,758,1,759,0,927,3,928,0,1593,1]
10-19 06:11:34.623 I/sysui_multi_action( 2269): [757,491,758,1,759,491,927,4,928,0,1311,-1,1593,0]
10-19 06:11:34.623 I/sysui_multi_action( 2269): [757,0,758,1,759,0,927,5,928,0,1593,0]
10-19 06:11:34.623 I/sysui_multi_action( 2269): [757,0,758,1,759,0,927,6,1593,0]
10-19 06:11:34.624 I/sysui_multi_action( 2269): [757,114,758,1,759,114,927,7,928,0,1593,0]
10-19 06:11:34.624 I/sysui_multi_action( 2269): [757,111,758,1]
10-19 06:11:34.625 I/sysui_multi_action( 2269): [757,126,758,1,759,126,927,0,928,1,1593,1]
10-19 06:11:34.625 I/sysui_multi_action( 2269): [757,113,758,1,759,113,927,1,928,1,1593,1]
10-19 06:11:34.625 I/sysui_multi_action( 2269): [757,0,758,1,759,0,927,2,928,0,1593,1]
10-19 06:11:34.625 I/sysui_multi_action( 2269): [757,0,758,1,759,0,927,3,928,0,1593,1]
10-19 06:11:34.644 D/InterruptionStateProvider( 2269): No bubble up: not allowed to bubble: 0|com.android.systemui|2048|null|10088
10-19 06:11:34.645 D/InterruptionStateProvider( 2269): No heads up: unimportant notification: 0|com.android.systemui|2048|null|10088
10-19 06:11:34.657 D/PeopleSpaceWidgetMgr( 2269): Sbn doesn't contain valid PeopleTileKey: null/0/com.android.systemui
10-19 06:11:34.661 W/FrameTracker( 2269): Missed SF frame:32
10-19 06:11:34.662 W/FrameTracker( 2269): Missed App frame:72
10-19 06:11:34.662 W/FrameTracker( 2269): Missed App frame:74
10-19 06:11:34.662 W/FrameTracker( 2269): Missed SF frame:74
10-19 06:11:34.662 W/FrameTracker( 2269): Missed SF frame:66
10-19 06:11:34.662 W/FrameTracker( 2269): Missed App frame:328
10-19 06:11:34.662 W/FrameTracker( 2269): Missed App frame:72
10-19 06:11:34.662 W/FrameTracker( 2269): Missed App frame:328
10-19 06:11:34.662 W/FrameTracker( 2269): Missed App frame:72
10-19 06:11:34.663 V/PerfettoTrigger( 2269): Not triggering com.android.telemetry.interaction-jank-monitor-0 - not enough time since last trigger
10-19 06:11:34.690 I/notification_enqueue( 1146): [10088,2269,com.android.systemui,2048,NULL,0,Notification(channel=updateNotification shortcut=null contentView=null vibrate=null sound=null defaults=0x0 flags=0x0 color=0x00000000 vis=PRIVATE),1]
10-19 06:11:34.690 I/sysui_multi_action( 2269): [757,111,758,2]
10-19 06:11:34.691 I/sysui_multi_action( 2269): [757,111,758,2]
01-01 12:58:59.686 D/ ( 0): mv2112_read_status
01-01 12:58:59.689 D/mv2112_update_link( 0): 3.0x901(1G): 0x80
10-19 06:11:34.699 I/sysui_multi_action( 1146): [757,128,758,2,793,17139517,794,2773,795,17139517,796,26,798,0,806,android,857,DEVELOPER_IMPORTANT,858,4,947,0,1395,5,1500,17139517,1688,1]
10-19 06:11:34.700 I/notification_visibility( 1146): [-1|android|26|null|1000,0,17139517,17139517,0,0]
10-19 06:11:34.700 I/sysui_multi_action( 1146): [757,128,758,2,793,6156449,794,2773,795,311612,796,17303299,797,com.android.wifi,798,2,806,android,857,NETWORK_AVAILABLE,858,2,947,0,1395,5,1500,2773,1688,1]
10-19 06:11:34.700 I/notification_visibility( 1146): [0|android|17303299|com.android.wifi|1000,0,6156449,311612,0,2]
10-19 06:11:34.701 I/sysui_multi_action( 1146): [757,128,758,2,793,3288874,794,2772,795,3288874,796,4273,798,1,806,com.android.systemui,857,screen_record,858,3,947,0,1395,5,1500,3288672,1688,1,1745,680407814]
10-19 06:11:34.701 I/notification_visibility( 1146): [0|com.android.systemui|4273|null|10088,0,3288874,3288874,0,1]
10-19 06:11:34.702 I/sysui_multi_action( 1146): [757,128,758,2,793,17139424,794,2772,795,17139424,796,55,798,3,806,android,857,DEVELOPER,858,2,947,0,1395,5,1500,17139424,1688,1]
10-19 06:11:34.702 I/notification_visibility( 1146): [-1|android|55|null|1000,0,17139424,17139424,0,3]
10-19 06:11:34.702 D/StatusBar( 2269): disable disable2
01-01 12:58:59.695 D/mv2112_update_link( 0): 3.0x8109(100M): 0x0
10-19 06:11:34.708 I/sysui_multi_action( 1146): [757,128,758,2,793,17140683,794,2777,795,17140683,796,32,798,4,806,android,857,USB,858,1,947,0,1395,5,1500,17139947,1688,1]
10-19 06:11:34.708 I/notification_visibility( 1146): [-1|android|32|null|1000,0,17140683,17140683,0,4]
10-19 06:11:34.710 I/sysui_multi_action( 1146): [757,127,758,2]
10-19 06:11:34.710 I/notification_panel_hidden( 1146):
10-19 06:11:34.717 D/InterruptionStateProvider( 2269): No bubble up: not allowed to bubble: 0|com.android.systemui|2048|null|10088
10-19 06:11:34.717 D/InterruptionStateProvider( 2269): No heads up: unimportant notification: 0|com.android.systemui|2048|null|10088
10-19 06:11:34.727 D/PeopleSpaceWidgetMgr( 2269): Sbn doesn't contain valid PeopleTileKey: null/0/com.android.systemui
01-01 12:58:59.725 D/mv2112_update_link( 0): link 0x0
01-01 12:58:59.729 D/mv2112_read_status( 0): autoneg is disabled
10-19 06:11:34.748 I/sysui_multi_action( 2269): [757,111,758,1]
10-19 06:11:34.748 I/sysui_multi_action( 2269): [757,126,758,1,759,126,927,0,928,1,1593,0]
10-19 06:11:34.748 I/sysui_multi_action( 2269): [757,113,758,1,759,113,927,1,928,1,1593,0]
10-19 06:11:34.749 I/sysui_multi_action( 2269): [757,0,758,1,759,0,927,2,928,0,1593,0]
10-19 06:11:34.749 I/sysui_multi_action( 2269): [757,0,758,1,759,0,927,3,928,0,1593,0]
10-19 06:11:34.750 I/sysui_multi_action( 2269): [757,491,758,1,759,491,927,4,928,0,1311,-1,1593,0]
10-19 06:11:34.750 I/sysui_multi_action( 2269): [757,0,758,1,759,0,927,5,928,0,1593,0]
10-19 06:11:34.751 I/sysui_multi_action( 2269): [757,0,758,1,759,0,927,6,1593,0]
10-19 06:11:34.751 I/sysui_multi_action( 2269): [757,114,758,1,759,114,927,7,928,0,1593,0]
10-19 06:11:34.751 I/sysui_multi_action( 2269): [757,111,758,1]
10-19 06:11:34.752 I/sysui_multi_action( 2269): [757,126,758,1,759,126,927,0,928,1,1593,0]
10-19 06:11:34.752 I/sysui_multi_action( 2269): [757,113,758,1,759,113,927,1,928,1,1593,0]
10-19 06:11:34.752 I/sysui_multi_action( 2269): [757,0,758,1,759,0,927,2,928,0,1593,0]
10-19 06:11:34.753 I/sysui_multi_action( 2269): [757,0,758,1,759,0,927,3,928,0,1593,0]
10-19 06:11:34.763 D/InterruptionStateProvider( 2269): No bubble up: not allowed to bubble: 0|com.android.systemui|2048|null|10088
10-19 06:11:34.764 D/InterruptionStateProvider( 2269): No heads up: unimportant notification: 0|com.android.systemui|2048|null|10088
10-19 06:11:34.774 D/PeopleSpaceWidgetMgr( 2269): Sbn doesn't contain valid PeopleTileKey: null/0/com.android.systemui
10-19 06:11:34.779 V/KeyguardUpdateMonitor( 2269): *** unregister callback for com.android.keyguard.CarrierTextManager$2@fd531d8
10-19 06:11:34.786 D/InterruptionStateProvider( 2269): No bubble up: not allowed to bubble: 0|com.android.systemui|2048|null|10088
10-19 06:11:34.787 D/InterruptionStateProvider( 2269): No heads up: unimportant notification: 0|com.android.systemui|2048|null|10088
10-19 06:11:34.797 D/PeopleSpaceWidgetMgr( 2269): Sbn doesn't contain valid PeopleTileKey: null/0/com.android.systemui
10-19 06:11:34.801 D/InterruptionStateProvider( 2269): No bubble up: not allowed to bubble: 0|com.android.systemui|2048|null|10088
10-19 06:11:34.803 D/InterruptionStateProvider( 2269): No heads up: unimportant notification: 0|com.android.systemui|2048|null|10088
10-19 06:11:34.812 D/PeopleSpaceWidgetMgr( 2269): Sbn doesn't contain valid PeopleTileKey: null/0/com.android.systemui
10-19 06:11:34.821 D/InterruptionStateProvider( 2269): No bubble up: not allowed to bubble: 0|com.android.systemui|2048|null|10088
10-19 06:11:34.822 D/InterruptionStateProvider( 2269): No heads up: unimportant notification: 0|com.android.systemui|2048|null|10088
10-19 06:11:34.832 D/PeopleSpaceWidgetMgr( 2269): Sbn doesn't contain valid PeopleTileKey: null/0/com.android.systemui
10-19 06:11:34.835 D/InterruptionStateProvider( 2269): No bubble up: not allowed to bubble: 0|com.android.systemui|2048|null|10088
10-19 06:11:34.836 D/InterruptionStateProvider( 2269): No heads up: unimportant notification: 0|com.android.systemui|2048|null|10088
10-19 06:11:34.842 D/PeopleSpaceWidgetMgr( 2269): Sbn doesn't contain valid PeopleTileKey: null/0/com.android.systemui
10-19 06:11:34.862 V/NotificationMediaManager( 2269): DEBUG_MEDIA: updating album art for notification null metadata=null metaDataChanged=false state=0
10-19 06:11:34.864 V/NotificationMediaManager( 2269): DEBUG_MEDIA: updating album art for notification null metadata=null metaDataChanged=false state=0
10-19 06:11:34.865 V/NotificationMediaManager( 2269): DEBUG_MEDIA: updating album art for notification null metadata=null metaDataChanged=false state=0
10-19 06:11:34.866 V/NotificationMediaManager( 2269): DEBUG_MEDIA: updating album art for notification null metadata=null metaDataChanged=false state=0
10-19 06:11:34.867 I/mpu_uart( 658): [MSG-P:RECV]:No message received in 1000 ms
10-19 06:11:34.867 V/NotificationMediaManager( 2269): DEBUG_MEDIA: updating album art for notification null metadata=null metaDataChanged=false state=0
10-19 06:11:34.869 V/NotificationMediaManager( 2269): DEBUG_MEDIA: updating album art for notification null metadata=null metaDataChanged=false state=0
10-19 06:11:34.870 V/NotificationMediaManager( 2269): DEBUG_MEDIA: updating album art for notification null metadata=null metaDataChanged=false state=0
10-19 06:11:34.901 D/InterruptionStateProvider( 2269): No bubble up: not allowed to bubble: 0|com.android.systemui|2048|null|10088
10-19 06:11:34.903 D/InterruptionStateProvider( 2269): No heads up: unimportant notification: 0|com.android.systemui|2048|null|10088
10-19 06:11:34.914 D/PeopleSpaceWidgetMgr( 2269): Sbn doesn't contain valid PeopleTileKey: null/0/com.android.systemui
10-19 06:11:34.930 V/NotificationMediaManager( 2269): DEBUG_MEDIA: updating album art for notification null metadata=null metaDataChanged=false state=0
01-01 12:59:00.174 I/init ( 0): starting service 'vendor.camera-provider-2-4'...
