10-19 06:05:50.204 I/auditd ( 505): avc: denied { find } for pid=12426 uid=90001 name=content_capture scontext=u:r:isolated_app:s0:c512,c768 tcontext=u:object_r:content_capture_service:s0 tclass=service_manager permissive=0
10-19 06:05:50.249 I/am_proc_bound( 1146): [0,12453,com.microsoft.emmx:sandboxed_process0:org.chromium.content.app.SandboxedProcessService0:9]
10-19 06:05:50.252 I/am_uid_active( 1146): 90002
10-19 06:05:50.327 I/auditd ( 505): avc: denied { find } for pid=12453 uid=90002 name=content_capture scontext=u:r:isolated_app:s0:c512,c768 tcontext=u:object_r:content_capture_service:s0 tclass=service_manager permissive=0
10-19 06:05:50.607 I/am_kill ( 1146): [0,12426,com.microsoft.emmx:sandboxed_process0:org.chromium.content.app.SandboxedProcessService0:8,0,isolated not needed]
10-19 06:05:50.697 I/input_focus( 1146): [Focus entering 9f04087 com.microsoft.emmx/com.microsoft.ruby.Main (server),reason=Window became focusable. Previous reason: NOT_VISIBLE]
10-19 06:05:50.710 I/sysui_multi_action( 1146): [319,1658,322,1657,325,16860,757,761,758,8,759,2,806,com.microsoft.emmx,871,com.microsoft.ruby.Main,904,com.android.launcher3,905,0,1320,4,1321,2]
10-19 06:05:50.712 I/wm_activity_launch_time( 1146): [0,194899478,com.microsoft.emmx/com.microsoft.ruby.Main,1657]
10-19 06:05:50.761 I/am_proc_died( 1146): [0,12426,com.microsoft.emmx:sandboxed_process0:org.chromium.content.app.SandboxedProcessService0:8,0,10]
10-19 06:05:50.762 I/am_uid_stopped( 1146): 90001
10-19 06:05:50.972 I/wm_destroy_activity( 1146): [0,241830614,164,com.android.soundrecorder/.SoundRecorder,finish-imm:idle]
10-19 06:05:51.007 I/wm_on_stop_called( 6285): [241830614,com.android.soundrecorder.SoundRecorder,LIFECYCLER_STOP_ACTIVITY]
10-19 06:05:51.010 I/wm_on_destroy_called( 6285): [241830614,com.android.soundrecorder.SoundRecorder,performDestroy]
10-19 06:05:51.022 I/wm_task_removed( 1146): [164,removeChild:removeChild last r=ActivityRecord{e6a0ad6 u0 com.android.soundrecorder/.SoundRecorder t-1 f}} in t=Task{ce65ef1 #164 type=standard A=10063:com.android.soundrecorder U=0 visible=false mode=freeform translucent=true sz=0}]
10-19 06:05:51.022 I/wm_task_removed( 1146): [164,removeChild]
10-19 06:05:52.772 I/liblog (12512): 1
10-19 06:05:52.772 I/liblog (12512): 2
10-19 06:05:52.772 I/liblog (12512): 3
10-19 06:05:52.773 I/liblog (12512): 4
10-19 06:05:52.773 I/liblog (12512): 3
10-19 06:05:52.773 I/liblog (12512): 3
10-19 06:05:52.773 I/liblog (12512): 6
10-19 06:05:52.773 I/liblog (12512): 4
10-19 06:05:52.773 I/liblog (12512): 6
10-19 06:05:52.773 I/liblog (12512): 4
10-19 06:05:52.773 I/liblog (12512): 4
10-19 06:05:52.773 I/liblog (12512): 5
10-19 06:05:52.773 I/liblog (12512): 8
10-19 06:05:52.773 I/liblog (12512): 4
10-19 06:05:52.773 I/liblog (12512): 4
10-19 06:05:52.774 I/liblog (12512): 8
10-19 06:05:52.774 I/liblog (12512): 4
10-19 06:05:52.774 I/liblog (12512): 4
10-19 06:05:52.774 I/liblog (12512): 4
10-19 06:05:52.774 I/liblog (12512): 4
10-19 06:05:52.774 I/liblog (12512): 4
10-19 06:05:52.774 I/liblog (12512): 4
10-19 06:05:52.774 I/liblog (12512): 5
10-19 06:05:52.774 I/liblog (12512): 8
10-19 06:05:52.774 I/liblog (12512): 4
10-19 06:05:52.774 I/liblog (12512): 4
10-19 06:05:52.774 I/liblog (12512): 4
10-19 06:05:52.775 I/liblog (12512): 4
10-19 06:05:52.775 I/liblog (12512): 7
10-19 06:05:52.775 I/liblog (12512): 4
10-19 06:05:52.775 I/liblog (12512): 1
10-19 06:05:52.775 I/liblog (12512): 3
10-19 06:05:52.775 I/liblog (12512): 3
10-19 06:05:52.775 I/liblog (12512): 3
10-19 06:05:52.775 I/liblog (12512): 3
10-19 06:05:52.776 I/liblog (12512): 27
10-19 06:05:52.776 I/liblog (12512): 5
10-19 06:05:52.776 I/liblog (12512): 3
10-19 06:05:52.776 I/liblog (12512): 4
10-19 06:05:52.776 I/liblog (12512): 6
10-19 06:05:52.776 I/liblog (12512): 3
10-19 06:05:52.776 I/liblog (12512): 6
10-19 06:05:52.776 I/liblog (12512): 4
10-19 06:05:52.777 I/liblog (12512): 6
10-19 06:05:52.777 I/liblog (12512): 4
10-19 06:05:52.777 I/liblog (12512): 4
10-19 06:05:52.777 I/liblog (12512): 4
10-19 06:05:52.777 I/liblog (12512): 5
10-19 06:05:52.777 I/liblog (12512): 5
10-19 06:05:52.777 I/liblog (12512): 3
10-19 06:05:52.777 I/liblog (12512): 3
10-19 06:05:52.777 I/liblog (12512): 3
10-19 06:05:52.777 I/liblog (12512): 2
10-19 06:05:52.778 I/liblog (12512): 4
10-19 06:05:52.778 I/liblog (12512): 1
10-19 06:05:52.778 I/liblog (12512): 2
10-19 06:05:52.778 I/liblog (12512): 8
10-19 06:05:52.778 I/liblog (12512): 3
10-19 06:05:52.778 I/liblog (12512): 3
10-19 06:05:52.778 I/liblog (12512): 3
10-19 06:05:52.778 I/liblog (12512): 6
10-19 06:05:52.778 I/liblog (12512): 3
10-19 06:05:52.778 I/liblog (12512): 3
10-19 06:05:52.778 I/liblog (12512): 2
10-19 06:05:52.779 I/liblog (12512): 4
10-19 06:05:52.779 I/liblog (12512): 4
10-19 06:05:52.779 I/liblog (12512): 4
10-19 06:05:52.779 I/liblog (12512): 4
10-19 06:05:52.779 I/liblog (12512): 3
10-19 06:05:52.780 I/liblog (12512): 18
10-19 06:05:52.780 I/liblog (12512): 2
10-19 06:05:52.780 I/liblog (12512): 2
10-19 06:05:52.780 I/liblog (12512): 3
10-19 06:05:52.780 I/liblog (12512): 3
10-19 06:05:52.780 I/liblog (12512): 2
10-19 06:05:52.780 I/liblog (12512): 3
10-19 06:05:52.780 I/liblog (12512): 3
10-19 06:05:52.780 I/liblog (12512): 6
10-19 06:05:52.780 I/liblog (12512): 4
10-19 06:05:52.780 I/liblog (12512): 3
10-19 06:05:52.780 I/liblog (12512): 6
10-19 06:05:52.781 I/liblog (12512): 4
10-19 06:05:52.781 I/liblog (12512): 3
10-19 06:05:52.781 I/liblog (12512): 3
10-19 06:05:52.781 I/liblog (12512): 4
10-19 06:05:52.781 I/liblog (12512): 4
10-19 06:05:52.781 I/liblog (12512): 6
10-19 06:05:52.781 I/liblog (12512): 7
10-19 06:05:52.781 I/liblog (12512): 4
10-19 06:05:52.781 I/liblog (12512): 4
10-19 06:05:53.345 I/sysui_multi_action( 1146): [757,1717,758,1,759,0]
10-19 06:05:53.346 I/sysui_multi_action( 1146): [757,1717,758,2,759,0]
10-19 06:05:53.347 I/sysui_multi_action( 1146): [757,1717,758,3,759,0]
10-19 06:05:53.386 I/input_interaction( 1146): Interaction with: 9f04087 com.microsoft.emmx/com.microsoft.ruby.Main (server), edge-swipe (server), swipe-up (server), PointerEventDispatcher0 (server),
10-19 06:05:53.427 I/dropbox_file_copy( 1146): [/data/tombstones/tombstone_09,98304,SYSTEM_TOMBSTONE]
10-19 06:05:53.436 I/commit_sys_config_file( 1146): [log-files,16809884]
10-19 06:05:53.463 I/commit_sys_config_file( 1146): [log-files,16809911]
10-19 06:05:54.460 I/view_enqueue_input_event( 8230): [Motion - Cancel,com.microsoft.emmx/com.microsoft.ruby.Main]
10-19 06:05:54.465 I/input_interaction( 1146): Interaction with: WindowManager (server), edge-swipe (server), swipe-up (server), PointerEventDispatcher0 (server),
10-19 06:05:55.799 I/input_interaction( 1146): Interaction with: 9f04087 com.microsoft.emmx/com.microsoft.ruby.Main (server), edge-swipe (server), swipe-up (server), PointerEventDispatcher0 (server),
10-19 06:05:55.830 I/view_enqueue_input_event( 8230): [Motion - Cancel,com.microsoft.emmx/com.microsoft.ruby.Main]
10-19 06:05:55.834 I/input_interaction( 1146): Interaction with: WindowManager (server), edge-swipe (server), swipe-up (server), PointerEventDispatcher0 (server),
10-19 06:05:57.523 I/input_interaction( 1146): Interaction with: 9f04087 com.microsoft.emmx/com.microsoft.ruby.Main (server), edge-swipe (server), swipe-up (server), PointerEventDispatcher0 (server),
10-19 06:05:57.555 I/input_interaction( 1146): Interaction with: WindowManager (server), edge-swipe (server), swipe-up (server), PointerEventDispatcher0 (server),
10-19 06:05:57.564 I/view_enqueue_input_event( 8230): [Motion - Cancel,com.microsoft.emmx/com.microsoft.ruby.Main]
10-19 06:05:57.795 I/liblog (12574): 32
10-19 06:05:57.795 I/liblog (12574): 1
10-19 06:05:57.795 I/liblog (12574): 1
10-19 06:05:57.795 I/liblog (12574): 1
10-19 06:05:57.795 I/liblog (12574): 1
10-19 06:05:57.795 I/liblog (12574): 1
10-19 06:05:57.795 I/liblog (12574): 1
10-19 06:05:57.795 I/liblog (12574): 1
10-19 06:05:57.795 I/liblog (12574): 1
10-19 06:05:57.795 I/liblog (12574): 1
10-19 06:05:57.795 I/liblog (12574): 1
10-19 06:05:57.796 I/liblog (12574): 17
10-19 06:05:57.796 I/liblog (12574): 1
10-19 06:05:57.796 I/liblog (12574): 1
10-19 06:05:57.796 I/liblog (12574): 1
10-19 06:05:57.796 I/liblog (12574): 1
10-19 06:05:57.796 I/liblog (12574): 1
10-19 06:05:57.796 I/liblog (12574): 1
10-19 06:05:57.796 I/liblog (12574): 1
10-19 06:05:57.796 I/liblog (12574): 1
10-19 06:05:57.796 I/liblog (12574): 1
10-19 06:05:57.796 I/liblog (12574): 1
10-19 06:05:57.796 I/liblog (12574): 1
10-19 06:05:57.796 I/liblog (12574): 1
10-19 06:05:57.796 I/liblog (12574): 1
10-19 06:05:57.796 I/liblog (12574): 1
10-19 06:05:57.796 I/liblog (12574): 1
10-19 06:05:57.796 I/liblog (12574): 2
10-19 06:05:57.796 I/liblog (12574): 1
10-19 06:05:57.797 I/liblog (12574): 1
10-19 06:05:57.797 I/liblog (12574): 1
10-19 06:05:57.797 I/liblog (12574): 1
10-19 06:05:57.797 I/liblog (12574): 1
10-19 06:05:57.797 I/liblog (12574): 1
10-19 06:05:57.797 I/liblog (12574): 1
10-19 06:05:57.797 I/liblog (12574): 1
10-19 06:05:57.797 I/liblog (12574): 1
10-19 06:05:57.797 I/liblog (12574): 1
10-19 06:05:57.797 I/liblog (12574): 1
10-19 06:05:57.797 I/liblog (12574): 1
10-19 06:05:57.798 I/liblog (12574): 1
10-19 06:05:57.798 I/liblog (12574): 1
10-19 06:05:57.798 I/liblog (12574): 2
10-19 06:05:57.798 I/liblog (12574): 1
10-19 06:05:58.370 I/dropbox_file_copy( 1146): [/data/tombstones/tombstone_10,98304,SYSTEM_TOMBSTONE]
10-19 06:05:58.378 I/commit_sys_config_file( 1146): [log-files,16814826]
10-19 06:05:58.397 I/commit_sys_config_file( 1146): [log-files,16814845]
10-19 06:05:58.825 I/input_interaction( 1146): Interaction with: 9f04087 com.microsoft.emmx/com.microsoft.ruby.Main (server), edge-swipe (server), swipe-up (server), PointerEventDispatcher0 (server),
10-19 06:05:58.852 I/view_enqueue_input_event( 8230): [Motion - Cancel,com.microsoft.emmx/com.microsoft.ruby.Main]
10-19 06:05:58.861 I/input_interaction( 1146): Interaction with: WindowManager (server), edge-swipe (server), swipe-up (server), PointerEventDispatcher0 (server),
10-19 06:05:59.154 I/service_manager_stats( 1146): [100,111,26432]
10-19 06:06:00.264 I/input_interaction( 1146): Interaction with: 9f04087 com.microsoft.emmx/com.microsoft.ruby.Main (server), edge-swipe (server), swipe-up (server), PointerEventDispatcher0 (server),
10-19 06:06:00.291 I/view_enqueue_input_event( 8230): [Motion - Cancel,com.microsoft.emmx/com.microsoft.ruby.Main]
10-19 06:06:00.300 I/input_interaction( 1146): Interaction with: WindowManager (server), edge-swipe (server), swipe-up (server), PointerEventDispatcher0 (server),
10-19 06:06:01.480 I/input_interaction( 1146): Interaction with: 9f04087 com.microsoft.emmx/com.microsoft.ruby.Main (server), edge-swipe (server), swipe-up (server), PointerEventDispatcher0 (server),
10-19 06:06:01.527 I/view_enqueue_input_event( 8230): [Motion - Cancel,com.microsoft.emmx/com.microsoft.ruby.Main]
10-19 06:06:01.532 I/input_interaction( 1146): Interaction with: WindowManager (server), edge-swipe (server), swipe-up (server), PointerEventDispatcher0 (server),
10-19 06:06:02.724 I/input_interaction( 1146): Interaction with: 9f04087 com.microsoft.emmx/com.microsoft.ruby.Main (server), edge-swipe (server), swipe-up (server), PointerEventDispatcher0 (server),
10-19 06:06:02.746 I/view_enqueue_input_event( 8230): [Motion - Cancel,com.microsoft.emmx/com.microsoft.ruby.Main]
10-19 06:06:02.756 I/input_interaction( 1146): Interaction with: WindowManager (server), edge-swipe (server), swipe-up (server), PointerEventDispatcher0 (server),
10-19 06:06:02.869 I/liblog (12690): 15
10-19 06:06:02.870 I/liblog (12690): 1
10-19 06:06:02.871 I/liblog (12690): 1
10-19 06:06:02.871 I/liblog (12690): 1
10-19 06:06:02.871 I/liblog (12690): 2
10-19 06:06:02.871 I/liblog (12690): 1
10-19 06:06:02.871 I/liblog (12690): 1
10-19 06:06:02.871 I/liblog (12690): 1
10-19 06:06:02.871 I/liblog (12690): 1
10-19 06:06:02.871 I/liblog (12690): 1
10-19 06:06:02.871 I/liblog (12690): 1
10-19 06:06:02.871 I/liblog (12690): 4
10-19 06:06:02.871 I/liblog (12690): 1
10-19 06:06:02.871 I/liblog (12690): 1
10-19 06:06:02.871 I/liblog (12690): 1
10-19 06:06:02.871 I/liblog (12690): 1
10-19 06:06:02.871 I/liblog (12690): 1
10-19 06:06:02.871 I/liblog (12690): 2
10-19 06:06:02.872 I/liblog (12690): 1
10-19 06:06:02.872 I/liblog (12690): 1
10-19 06:06:02.872 I/liblog (12690): 1
10-19 06:06:02.872 I/liblog (12690): 1
10-19 06:06:02.872 I/liblog (12690): 1
10-19 06:06:02.872 I/liblog (12690): 1
10-19 06:06:02.872 I/liblog (12690): 1
10-19 06:06:02.872 I/liblog (12690): 2
10-19 06:06:02.872 I/liblog (12690): 2
10-19 06:06:02.872 I/liblog (12690): 1
10-19 06:06:02.872 I/liblog (12690): 1
10-19 06:06:02.872 I/liblog (12690): 1
10-19 06:06:02.872 I/liblog (12690): 1
10-19 06:06:02.872 I/liblog (12690): 1
10-19 06:06:02.872 I/liblog (12690): 1
10-19 06:06:02.872 I/liblog (12690): 1
10-19 06:06:02.872 I/liblog (12690): 1
10-19 06:06:02.872 I/liblog (12690): 1
10-19 06:06:02.873 I/liblog (12690): 2
10-19 06:06:02.873 I/liblog (12690): 2
10-19 06:06:02.873 I/liblog (12690): 1
10-19 06:06:02.873 I/liblog (12690): 1
10-19 06:06:02.873 I/liblog (12690): 1
10-19 06:06:02.873 I/liblog (12690): 1
10-19 06:06:02.873 I/liblog (12690): 2
10-19 06:06:02.873 I/liblog (12690): 1
10-19 06:06:02.873 I/liblog (12690): 2
10-19 06:06:03.525 I/dropbox_file_copy( 1146): [/data/tombstones/tombstone_11,98304,SYSTEM_TOMBSTONE]
10-19 06:06:03.540 I/commit_sys_config_file( 1146): [log-files,16819988]
10-19 06:06:03.558 I/commit_sys_config_file( 1146): [log-files,16820007]
10-19 06:06:03.911 I/input_interaction( 1146): Interaction with: 9f04087 com.microsoft.emmx/com.microsoft.ruby.Main (server), edge-swipe (server), swipe-up (server), PointerEventDispatcher0 (server),
10-19 06:06:03.944 I/view_enqueue_input_event( 8230): [Motion - Cancel,com.microsoft.emmx/com.microsoft.ruby.Main]
10-19 06:06:03.948 I/input_interaction( 1146): Interaction with: WindowManager (server), edge-swipe (server), swipe-up (server), PointerEventDispatcher0 (server),
10-19 06:06:05.478 I/input_interaction( 1146): Interaction with: 9f04087 com.microsoft.emmx/com.microsoft.ruby.Main (server), edge-swipe (server), swipe-up (server), PointerEventDispatcher0 (server),
10-19 06:06:05.503 I/view_enqueue_input_event( 8230): [Motion - Cancel,com.microsoft.emmx/com.microsoft.ruby.Main]
10-19 06:06:05.512 I/input_interaction( 1146): Interaction with: WindowManager (server), edge-swipe (server), swipe-up (server), PointerEventDispatcher0 (server),
10-19 06:06:06.656 I/input_interaction( 1146): Interaction with: 9f04087 com.microsoft.emmx/com.microsoft.ruby.Main (server), edge-swipe (server), swipe-up (server), PointerEventDispatcher0 (server),
10-19 06:06:06.674 I/view_enqueue_input_event( 8230): [Motion - Cancel,com.microsoft.emmx/com.microsoft.ruby.Main]
10-19 06:06:06.684 I/input_interaction( 1146): Interaction with: WindowManager (server), edge-swipe (server), swipe-up (server), PointerEventDispatcher0 (server),
10-19 06:06:07.868 I/liblog (12816): 2
10-19 06:06:07.868 I/liblog (12816): 2
10-19 06:06:07.868 I/liblog (12816): 2
10-19 06:06:07.868 I/liblog (12816): 2
10-19 06:06:07.868 I/liblog (12816): 2
10-19 06:06:07.868 I/liblog (12816): 3
10-19 06:06:07.868 I/liblog (12816): 4
10-19 06:06:07.869 I/liblog (12816): 3
10-19 06:06:07.869 I/liblog (12816): 4
10-19 06:06:07.869 I/liblog (12816): 2
10-19 06:06:07.869 I/liblog (12816): 2
10-19 06:06:07.869 I/liblog (12816): 3
10-19 06:06:07.869 I/liblog (12816): 2
10-19 06:06:07.869 I/liblog (12816): 2
10-19 06:06:07.869 I/liblog (12816): 3
10-19 06:06:07.869 I/liblog (12816): 3
10-19 06:06:07.869 I/liblog (12816): 2
10-19 06:06:07.869 I/liblog (12816): 2
10-19 06:06:07.869 I/liblog (12816): 2
10-19 06:06:07.870 I/liblog (12816): 13
10-19 06:06:07.870 I/liblog (12816): 3
10-19 06:06:07.870 I/liblog (12816): 4
10-19 06:06:07.870 I/liblog (12816): 2
10-19 06:06:07.870 I/liblog (12816): 2
10-19 06:06:07.870 I/liblog (12816): 3
10-19 06:06:07.870 I/liblog (12816): 2
10-19 06:06:07.870 I/liblog (12816): 2
10-19 06:06:07.870 I/liblog (12816): 2
10-19 06:06:07.870 I/liblog (12816): 2
10-19 06:06:07.870 I/liblog (12816): 5
10-19 06:06:07.870 I/liblog (12816): 4
10-19 06:06:07.870 I/liblog (12816): 3
10-19 06:06:07.870 I/liblog (12816): 4
10-19 06:06:07.870 I/liblog (12816): 3
10-19 06:06:07.870 I/liblog (12816): 4
10-19 06:06:07.871 I/liblog (12816): 2
10-19 06:06:07.871 I/liblog (12816): 3
10-19 06:06:07.871 I/liblog (12816): 2
10-19 06:06:07.871 I/liblog (12816): 2
10-19 06:06:07.871 I/liblog (12816): 2
10-19 06:06:07.871 I/liblog (12816): 3
10-19 06:06:07.871 I/liblog (12816): 4
10-19 06:06:07.871 I/liblog (12816): 2
10-19 06:06:07.871 I/liblog (12816): 5
10-19 06:06:07.871 I/liblog (12816): 2
10-19 06:06:07.871 I/liblog (12816): 5
10-19 06:06:07.930 I/input_interaction( 1146): Interaction with: 9f04087 com.microsoft.emmx/com.microsoft.ruby.Main (server), edge-swipe (server), swipe-up (server), PointerEventDispatcher0 (server),
10-19 06:06:07.959 I/view_enqueue_input_event( 8230): [Motion - Cancel,com.microsoft.emmx/com.microsoft.ruby.Main]
10-19 06:06:07.968 I/input_interaction( 1146): Interaction with: WindowManager (server), edge-swipe (server), swipe-up (server), PointerEventDispatcher0 (server),
10-19 06:06:08.476 I/dropbox_file_copy( 1146): [/data/tombstones/tombstone_12,98304,SYSTEM_TOMBSTONE]
10-19 06:06:08.484 I/commit_sys_config_file( 1146): [log-files,16824933]
10-19 06:06:08.505 I/commit_sys_config_file( 1146): [log-files,16824953]
10-19 06:06:08.520 I/wm_finish_activity( 1146): [0,194899478,166,com.microsoft.emmx/com.microsoft.ruby.Main,app-request]
10-19 06:06:08.520 I/wm_task_moved( 1146): [1,1,8]
10-19 06:06:08.522 I/wm_set_resumed_activity( 1146): [0,com.android.launcher3/.uioverrides.QuickstepLauncher,positionChildAt]
10-19 06:06:08.522 I/wm_task_moved( 1146): [10,1,2147483647]
10-19 06:06:08.522 I/wm_task_to_front( 1146): [0,10]
10-19 06:06:08.522 I/wm_focused_root_task( 1146): [0,0,1,-1,finish-top adjustFocusToNextFocusableTask]
10-19 06:06:08.522 I/wm_set_resumed_activity( 1146): [0,com.android.launcher3/.uioverrides.QuickstepLauncher,finish-top]
10-19 06:06:08.522 I/wm_on_top_resumed_lost_called( 8230): [194899478,com.microsoft.ruby.Main,topStateChangedWhenResumed]
10-19 06:06:08.534 I/wm_pause_activity( 1146): [0,194899478,com.microsoft.emmx/com.microsoft.ruby.Main,userLeaving=false,finish]
10-19 06:06:08.540 I/input_focus( 1146): [Focus request a926fae com.android.launcher3/com.android.launcher3.uioverrides.QuickstepLauncher,reason=UpdateInputWindows]
10-19 06:06:08.543 I/wm_on_top_resumed_gained_called( 2903): [228154950,com.android.launcher3.uioverrides.QuickstepLauncher,topStateChangedWhenResumed]
10-19 06:06:08.563 I/input_focus( 1146): [Focus leaving 9f04087 com.microsoft.emmx/com.microsoft.ruby.Main (server),reason=NO_WINDOW]
10-19 06:06:08.563 I/input_focus( 1146): [Focus entering a926fae com.android.launcher3/com.android.launcher3.uioverrides.QuickstepLauncher (server),reason=setFocusedWindow]
10-19 06:06:08.565 I/dvm_lock_sample( 1146): [system_server,1,android.display,44,RootWindowContainer.java,3809,void com.android.server.wm.RootWindowContainer$RankTaskLayersRunnable.run(),TaskChangeNotificationController.java,342,void com.android.server.wm.TaskChangeNotificationController.forAllLocalListeners(com.android.server.wm.TaskChangeNotificationController$TaskStackConsumer, android.os.Message),8]
10-19 06:06:08.570 I/wm_on_paused_called( 8230): [194899478,com.microsoft.ruby.Main,performPause]
10-19 06:06:08.571 I/wm_destroy_activity( 1146): [0,194899478,166,com.microsoft.emmx/com.microsoft.ruby.Main,finish-imm:completePausedLocked]
10-19 06:06:08.603 I/sysui_multi_action( 1146): [757,803,799,window_time_2,802,18]
10-19 06:06:08.739 I/wm_on_stop_called( 8230): [194899478,com.microsoft.ruby.Main,LIFECYCLER_STOP_ACTIVITY]
10-19 06:06:08.800 I/am_kill ( 1146): [0,12453,com.microsoft.emmx:sandboxed_process0:org.chromium.content.app.SandboxedProcessService0:9,0,isolated not needed]
10-19 06:06:08.822 I/am_kill ( 1146): [0,12390,com.microsoft.emmx:sandboxed_process0:org.chromium.content.app.SandboxedProcessService0:7,0,isolated not needed]
10-19 06:06:08.867 I/wm_on_destroy_called( 8230): [194899478,com.microsoft.ruby.Main,performDestroy]
10-19 06:06:08.887 I/wm_task_removed( 1146): [166,removeChild:removeChild last r=ActivityRecord{b9dee16 u0 com.microsoft.emmx/com.microsoft.ruby.Main t-1 f}} in t=Task{d3ac731 #166 type=standard A=10033:com.microsoft.emmx U=0 visible=false mode=freeform translucent=true sz=0}]
10-19 06:06:08.888 I/wm_task_removed( 1146): [166,removeChild]
10-19 06:06:09.060 I/am_proc_died( 1146): [0,12390,com.microsoft.emmx:sandboxed_process0:org.chromium.content.app.SandboxedProcessService0:7,0,10]
10-19 06:06:09.061 I/am_uid_stopped( 1146): 90000
10-19 06:06:09.066 I/am_proc_died( 1146): [0,12453,com.microsoft.emmx:sandboxed_process0:org.chromium.content.app.SandboxedProcessService0:9,0,10]
10-19 06:06:09.067 I/am_uid_stopped( 1146): 90002
10-19 06:06:09.083 I/am_pss ( 1146): [12255,1000,com.tc.logclient,19445760,13475840,0,138928128,0,19,12]
10-19 06:06:10.581 I/input_interaction( 1146): Interaction with: a926fae com.android.launcher3/com.android.launcher3.uioverrides.QuickstepLauncher (server), 1c10e44 com.android.systemui.ImageWallpaper (server), edge-swipe (server), swipe-up (server), PointerEventDispatcher0 (server),
10-19 06:06:10.715 I/input_interaction( 1146): Interaction with: edge-swipe (server), swipe-up (server), PointerEventDispatcher0 (server),
10-19 06:06:10.716 I/view_enqueue_input_event( 2903): [Motion - Cancel,com.android.launcher3/com.android.launcher3.uioverrides.QuickstepLauncher]
10-19 06:06:10.902 I/commit_sys_config_file( 1146): [settings-1-0,22]
10-19 06:06:11.421 I/commit_sys_config_file( 1146): [settings-1-0,9]
10-19 06:06:12.132 I/input_interaction( 1146): Interaction with: a926fae com.android.launcher3/com.android.launcher3.uioverrides.QuickstepLauncher (server), 1c10e44 com.android.systemui.ImageWallpaper (server), edge-swipe (server), swipe-up (server), PointerEventDispatcher0 (server),
10-19 06:06:12.730 I/wm_finish_activity( 1146): [0,114177724,145,com.android.settings/.homepage.SettingsHomepageActivity,recent-task-trimmed]
10-19 06:06:12.732 I/wm_destroy_activity( 1146): [0,114177724,145,com.android.settings/.homepage.SettingsHomepageActivity,finish-imm:finishIfPossible]
10-19 06:06:12.733 I/wm_task_removed( 1146): [145,removeChild:removeChild last r=ActivityRecord{6ce36bc u0 com.android.settings/.homepage.SettingsHomepageActivity t-1 f}} in t=Task{ddec9f2 #145 type=standard A=1000:com.android.settings.root U=0 visible=false mode=fullscreen translucent=true sz=0}]
10-19 06:06:12.733 I/wm_task_removed( 1146): [145,removeChild]
10-19 06:06:12.741 I/wm_finish_activity( 1146): [0,179357553,156,com.android.deskclock/.DeskClock,recent-task-trimmed]
10-19 06:06:12.743 I/wm_destroy_activity( 1146): [0,179357553,156,com.android.deskclock/.DeskClock,finish-imm:finishIfPossible]
10-19 06:06:12.760 I/am_kill ( 1146): [0,11124,com.android.settings,965,remove task]
10-19 06:06:12.765 I/sysui_multi_action( 1146): [757,803,799,window_time_0,802,4]
10-19 06:06:12.769 I/wm_on_destroy_called( 6763): [179357553,com.android.deskclock.DeskClock,performDestroy]
10-19 06:06:12.774 I/am_kill ( 1146): [0,6763,com.android.deskclock,920,remove task]
10-19 06:06:12.777 I/sysui_multi_action( 1146): [757,803,799,window_time_0,802,0]
10-19 06:06:12.875 I/am_proc_died( 1146): [0,11124,com.android.settings,965,19]
10-19 06:06:12.892 I/am_uid_stopped( 1146): 10069
10-19 06:06:12.892 I/am_uid_running( 1146): 10069
10-19 06:06:12.976 I/am_proc_died( 1146): [0,6763,com.android.deskclock,920,19]
10-19 06:06:12.983 I/wm_task_removed( 1146): [156,removeChild:removeChild last r=ActivityRecord{ab0c771 u0 com.android.deskclock/.DeskClock t-1 f}} in t=Task{72ff3a9 #156 type=standard A=10069:com.android.deskclock U=0 visible=false mode=fullscreen translucent=true sz=0}]
10-19 06:06:12.984 I/wm_task_removed( 1146): [156,removeChild]
10-19 06:06:12.989 I/am_proc_start( 1146): [0,12882,1000,com.android.settings,NULL,]
10-19 06:06:13.061 I/am_proc_start( 1146): [0,12893,10069,com.android.deskclock,NULL,]
10-19 06:06:13.085 I/am_proc_bound( 1146): [0,12882,com.android.settings]
10-19 06:06:13.161 I/am_proc_bound( 1146): [0,12893,com.android.deskclock]
10-19 06:06:13.517 I/dropbox_file_copy( 1146): [/data/tombstones/tombstone_13,98304,SYSTEM_TOMBSTONE]
10-19 06:06:13.523 I/commit_sys_config_file( 1146): [log-files,16829971]
10-19 06:06:13.541 I/commit_sys_config_file( 1146): [log-files,16829990]
10-19 06:06:14.063 I/auditd ( 1146): type=1400 audit(0.0:1725): avc: denied { getpgid } for comm="ActivityManager" scontext=u:r:system_server:s0 tcontext=u:r:app_zygote:s0:c512,c768 tclass=process permissive=0
10-19 06:06:14.063 I/auditd ( 1146): type=1400 audit(0.0:1726): avc: denied { getpgid } for comm="ActivityManager" scontext=u:r:system_server:s0 tcontext=u:r:app_zygote:s0:c512,c768 tclass=process permissive=0
10-19 06:06:14.083 I/auditd ( 1146): type=1400 audit(0.0:1727): avc: denied { getpgid } for comm="ActivityManager" scontext=u:r:system_server:s0 tcontext=u:r:app_zygote:s0:c512,c768 tclass=process permissive=0
10-19 06:06:14.083 I/auditd ( 1146): type=1400 audit(0.0:1728): avc: denied { getpgid } for comm="ActivityManager" scontext=u:r:system_server:s0 tcontext=u:r:app_zygote:s0:c512,c768 tclass=process permissive=0
10-19 06:06:14.103 I/auditd ( 1146): type=1400 audit(0.0:1729): avc: denied { getpgid } for comm="ActivityManager" scontext=u:r:system_server:s0 tcontext=u:r:app_zygote:s0:c512,c768 tclass=process permissive=0
10-19 06:06:14.103 I/auditd ( 1146): type=1400 audit(0.0:1730): avc: denied { getpgid } for comm="ActivityManager" scontext=u:r:system_server:s0 tcontext=u:r:app_zygote:s0:c512,c768 tclass=process permissive=0
10-19 06:06:14.107 I/auditd ( 1146): type=1400 audit(0.0:1731): avc: denied { getpgid } for comm="ActivityManager" scontext=u:r:system_server:s0 tcontext=u:r:app_zygote:s0:c512,c768 tclass=process permissive=0
10-19 06:06:14.107 I/auditd ( 1146): type=1400 audit(0.0:1732): avc: denied { getpgid } for comm="ActivityManager" scontext=u:r:system_server:s0 tcontext=u:r:app_zygote:s0:c512,c768 tclass=process permissive=0
10-19 06:06:14.115 I/auditd ( 1146): type=1400 audit(0.0:1733): avc: denied { getpgid } for comm="ActivityManager" scontext=u:r:system_server:s0 tcontext=u:r:app_zygote:s0:c512,c768 tclass=process permissive=0
10-19 06:06:17.971 I/liblog (12926): 10
10-19 06:06:17.971 I/liblog (12926): 3
10-19 06:06:17.972 I/liblog (12926): 12
10-19 06:06:17.972 I/liblog (12926): 3
10-19 06:06:17.972 I/liblog (12926): 3
10-19 06:06:17.972 I/liblog (12926): 4
10-19 06:06:17.972 I/liblog (12926): 4
10-19 06:06:17.972 I/liblog (12926): 4
10-19 06:06:17.972 I/liblog (12926): 3
10-19 06:06:17.972 I/liblog (12926): 2
10-19 06:06:17.973 I/liblog (12926): 3
10-19 06:06:17.973 I/liblog (12926): 3
10-19 06:06:17.973 I/liblog (12926): 4
10-19 06:06:17.973 I/liblog (12926): 2
10-19 06:06:17.973 I/liblog (12926): 4
10-19 06:06:17.973 I/liblog (12926): 2
10-19 06:06:17.973 I/liblog (12926): 4
10-19 06:06:17.973 I/liblog (12926): 2
10-19 06:06:17.973 I/liblog (12926): 4
10-19 06:06:17.974 I/liblog (12926): 4
10-19 06:06:17.974 I/liblog (12926): 4
10-19 06:06:17.974 I/liblog (12926): 3
10-19 06:06:17.974 I/liblog (12926): 2
10-19 06:06:17.974 I/liblog (12926): 4
10-19 06:06:17.974 I/liblog (12926): 4
10-19 06:06:17.974 I/liblog (12926): 3
10-19 06:06:17.974 I/liblog (12926): 2
10-19 06:06:17.974 I/liblog (12926): 3
10-19 06:06:17.974 I/liblog (12926): 2
10-19 06:06:17.975 I/liblog (12926): 4
10-19 06:06:17.975 I/liblog (12926): 1
10-19 06:06:17.975 I/liblog (12926): 2
10-19 06:06:17.975 I/liblog (12926): 2
10-19 06:06:17.975 I/liblog (12926): 4
10-19 06:06:17.975 I/liblog (12926): 2
10-19 06:06:17.976 I/liblog (12926): 11
10-19 06:06:17.976 I/liblog (12926): 2
10-19 06:06:17.976 I/liblog (12926): 2
10-19 06:06:17.976 I/liblog (12926): 2
10-19 06:06:17.976 I/liblog (12926): 1
10-19 06:06:17.976 I/liblog (12926): 2
10-19 06:06:17.976 I/liblog (12926): 2
10-19 06:06:17.976 I/liblog (12926): 2
10-19 06:06:17.976 I/liblog (12926): 2
10-19 06:06:17.976 I/liblog (12926): 2
10-19 06:06:17.976 I/liblog (12926): 4
10-19 06:06:17.977 I/liblog (12926): 4
10-19 06:06:17.977 I/liblog (12926): 3
10-19 06:06:17.977 I/liblog (12926): 4
10-19 06:06:17.977 I/liblog (12926): 3
10-19 06:06:17.977 I/liblog (12926): 3
10-19 06:06:17.977 I/liblog (12926): 2
10-19 06:06:17.977 I/liblog (12926): 3
10-19 06:06:17.977 I/liblog (12926): 3
10-19 06:06:17.977 I/liblog (12926): 3
10-19 06:06:17.977 I/liblog (12926): 3
10-19 06:06:17.977 I/liblog (12926): 3
10-19 06:06:17.977 I/liblog (12926): 3
10-19 06:06:17.977 I/liblog (12926): 4
10-19 06:06:17.978 I/liblog (12926): 3
10-19 06:06:17.978 I/liblog (12926): 3
10-19 06:06:17.978 I/liblog (12926): 3
10-19 06:06:17.978 I/liblog (12926): 3
10-19 06:06:17.978 I/liblog (12926): 3
10-19 06:06:17.978 I/liblog (12926): 3
10-19 06:06:17.978 I/liblog (12926): 2
10-19 06:06:17.978 I/liblog (12926): 4
10-19 06:06:17.978 I/liblog (12926): 3
10-19 06:06:17.978 I/liblog (12926): 2
10-19 06:06:17.978 I/liblog (12926): 3
10-19 06:06:17.978 I/liblog (12926): 4
10-19 06:06:17.979 I/liblog (12926): 4
10-19 06:06:17.979 I/liblog (12926): 2
10-19 06:06:17.979 I/liblog (12926): 3
10-19 06:06:17.979 I/liblog (12926): 3
10-19 06:06:17.979 I/liblog (12926): 3
10-19 06:06:17.979 I/liblog (12926): 3
10-19 06:06:17.979 I/liblog (12926): 2
10-19 06:06:17.979 I/liblog (12926): 2
10-19 06:06:17.979 I/liblog (12926): 7
10-19 06:06:17.980 I/liblog (12926): 2
10-19 06:06:17.980 I/liblog (12926): 2
10-19 06:06:17.980 I/liblog (12926): 2
10-19 06:06:17.980 I/liblog (12926): 2
10-19 06:06:17.980 I/liblog (12926): 2
10-19 06:06:17.980 I/liblog (12926): 1
10-19 06:06:17.980 I/liblog (12926): 2
10-19 06:06:17.980 I/liblog (12926): 2
10-19 06:06:17.980 I/liblog (12926): 2
10-19 06:06:17.980 I/liblog (12926): 2
10-19 06:06:17.980 I/liblog (12926): 2
10-19 06:06:17.980 I/liblog (12926): 2
10-19 06:06:17.980 I/liblog (12926): 2
10-19 06:06:17.980 I/liblog (12926): 2
10-19 06:06:17.980 I/liblog (12926): 1
10-19 06:06:17.981 I/liblog (12926): 1
10-19 06:06:17.981 I/liblog (12926): 1
10-19 06:06:17.981 I/liblog (12926): 1
10-19 06:06:17.981 I/liblog (12926): 1
10-19 06:06:17.981 I/liblog (12926): 1
10-19 06:06:17.981 I/liblog (12926): 1
10-19 06:06:17.981 I/liblog (12926): 1
10-19 06:06:18.341 I/wm_task_created( 1146): [167,-1]
10-19 06:06:18.363 I/wm_task_moved( 1146): [167,1,6]
10-19 06:06:18.363 I/wm_task_to_front( 1146): [0,167]
10-19 06:06:18.364 I/wm_create_task( 1146): [0,167]
10-19 06:06:18.364 I/wm_create_activity( 1146): [0,179134753,167,com.android.gallery3d/.app.GalleryActivity,NULL,NULL,NULL,268468224]
10-19 06:06:18.364 I/wm_task_moved( 1146): [167,1,6]
10-19 06:06:18.373 I/wm_restart_activity( 1146): [0,179134753,167,com.android.gallery3d/.app.GalleryActivity]
10-19 06:06:18.376 I/wm_set_resumed_activity( 1146): [0,com.android.gallery3d/.app.GalleryActivity,minimalResumeActivityLocked]
10-19 06:06:18.383 I/am_uid_active( 1146): 10067
10-19 06:06:18.404 I/wm_on_top_resumed_lost_called( 2903): [228154950,com.android.launcher3.uioverrides.QuickstepLauncher,topStateChangedWhenResumed]
10-19 06:06:18.460 I/wm_on_create_called(12042): [179134753,com.android.gallery3d.app.GalleryActivity,performCreate]
10-19 06:06:18.463 I/wm_on_start_called(12042): [179134753,com.android.gallery3d.app.GalleryActivity,handleStartActivity]
10-19 06:06:18.472 I/wm_on_resume_called(12042): [179134753,com.android.gallery3d.app.GalleryActivity,RESUME_ACTIVITY]
10-19 06:06:18.489 I/wm_on_top_resumed_gained_called(12042): [179134753,com.android.gallery3d.app.GalleryActivity,topStateChangedWhenResumed]
10-19 06:06:18.507 I/input_focus( 1146): [Focus request ecb7ff7 com.android.gallery3d/com.android.gallery3d.app.GalleryActivity,reason=UpdateInputWindows]
10-19 06:06:18.532 I/input_focus( 1146): [Focus leaving a926fae com.android.launcher3/com.android.launcher3.uioverrides.QuickstepLauncher (server),reason=Waiting for window because NOT_VISIBLE]
10-19 06:06:18.555 I/dropbox_file_copy( 1146): [/data/tombstones/tombstone_14,98304,SYSTEM_TOMBSTONE]
10-19 06:06:18.576 I/commit_sys_config_file( 1146): [log-files,16835024]
10-19 06:06:18.601 I/commit_sys_config_file( 1146): [log-files,16835050]
10-19 06:06:18.669 I/input_focus( 1146): [Focus entering ecb7ff7 com.android.gallery3d/com.android.gallery3d.app.GalleryActivity (server),reason=Window became focusable. Previous reason: NOT_VISIBLE]
10-19 06:06:18.670 I/sysui_multi_action( 1146): [319,337,322,335,325,16889,757,761,758,8,759,2,806,com.android.gallery3d,871,com.android.gallery3d.app.GalleryActivity,904,com.android.launcher3,905,0,1320,8,1321,5]
10-19 06:06:18.674 I/wm_activity_launch_time( 1146): [0,179134753,com.android.gallery3d/.app.GalleryActivity,335]
10-19 06:06:19.785 I/input_interaction( 1146): Interaction with: ecb7ff7 com.android.gallery3d/com.android.gallery3d.app.GalleryActivity (server), edge-swipe (server), swipe-up (server), PointerEventDispatcher0 (server),
10-19 06:06:21.488 I/view_enqueue_input_event(12042): [Motion - Cancel,com.android.gallery3d/com.android.gallery3d.app.GalleryActivity]
10-19 06:06:21.495 I/input_interaction( 1146): Interaction with: WindowManager (server), edge-swipe (server), swipe-up (server), PointerEventDispatcher0 (server),
10-19 06:06:21.866 I/dvm_lock_sample( 1146): [system_server,1,Binder:1146_10,9,ActivityClientController.java,575,boolean com.android.server.wm.ActivityClientController.getMiniState(android.os.IBinder),ActivityTaskManagerService.java,1071,android.content.res.Configuration com.android.server.wm.ActivityTaskManagerService.getGlobalConfigurationForPid(int),1]
10-19 06:06:22.983 I/liblog (12954): 176
10-19 06:06:22.983 I/liblog (12954): 4
10-19 06:06:22.983 I/liblog (12954): 19
10-19 06:06:22.984 I/liblog (12954): 12
10-19 06:06:22.984 I/liblog (12954): 7
10-19 06:06:22.984 I/liblog (12954): 15
10-19 06:06:22.985 I/liblog (12954): 13
10-19 06:06:22.985 I/liblog (12954): 3
10-19 06:06:22.985 I/liblog (12954): 6
10-19 06:06:22.985 I/liblog (12954): 15
10-19 06:06:22.985 I/liblog (12954): 3
10-19 06:06:22.985 I/liblog (12954): 4
10-19 06:06:22.985 I/liblog (12954): 3
10-19 06:06:22.985 I/liblog (12954): 3
10-19 06:06:22.985 I/liblog (12954): 3
10-19 06:06:22.985 I/liblog (12954): 3
10-19 06:06:22.985 I/liblog (12954): 4
10-19 06:06:22.985 I/liblog (12954): 3
10-19 06:06:22.986 I/liblog (12954): 2
10-19 06:06:22.986 I/liblog (12954): 3
10-19 06:06:22.986 I/liblog (12954): 3
10-19 06:06:22.986 I/liblog (12954): 2
10-19 06:06:22.986 I/liblog (12954): 2
10-19 06:06:22.986 I/liblog (12954): 2
10-19 06:06:22.986 I/liblog (12954): 2
10-19 06:06:22.986 I/liblog (12954): 2
10-19 06:06:22.986 I/liblog (12954): 3
10-19 06:06:22.986 I/liblog (12954): 27
10-19 06:06:22.988 I/liblog (12954): 98
10-19 06:06:22.988 I/liblog (12954): 3
10-19 06:06:22.988 I/liblog (12954): 2
10-19 06:06:22.988 I/liblog (12954): 1
10-19 06:06:22.988 I/liblog (12954): 2
10-19 06:06:22.988 I/liblog (12954): 2
10-19 06:06:22.988 I/liblog (12954): 2
10-19 06:06:22.988 I/liblog (12954): 2
10-19 06:06:22.988 I/liblog (12954): 2
10-19 06:06:23.025 I/liblog ( 1418): 13
10-19 06:06:23.025 I/liblog ( 1418): 2
10-19 06:06:23.026 I/liblog ( 1418): 19
10-19 06:06:23.028 I/liblog ( 1418): 2
10-19 06:06:23.089 I/notification_enqueue( 1146): [1000,1146,android,17303299,com.android.wifi,0,Notification(channel=NETWORK_AVAILABLE shortcut=null contentView=null vibrate=null sound=null tick defaults=0x0 flags=0x100 color=0x00000000 actions=2 vis=PRIVATE),1]
10-19 06:06:23.154 I/input_interaction( 1146): Interaction with: ecb7ff7 com.android.gallery3d/com.android.gallery3d.app.GalleryActivity (server), edge-swipe (server), swipe-up (server), PointerEventDispatcher0 (server),
10-19 06:06:23.179 I/view_enqueue_input_event(12042): [Motion - Cancel,com.android.gallery3d/com.android.gallery3d.app.GalleryActivity]
10-19 06:06:23.192 I/input_interaction( 1146): Interaction with: WindowManager (server), edge-swipe (server), swipe-up (server), PointerEventDispatcher0 (server),
10-19 06:06:23.291 I/sysui_multi_action( 1146): [757,1501,758,1,793,5845039,794,301125,795,202,796,17303299,797,com.android.wifi,806,android,857,NETWORK_AVAILABLE,858,2,947,0,1500,0,1688,1]
10-19 06:06:23.291 I/sysui_multi_action( 1146): [757,804,799,note_interruptive,801,0,802,1]
10-19 06:06:23.571 I/dropbox_file_copy( 1146): [/data/tombstones/tombstone_15,98304,SYSTEM_TOMBSTONE]
10-19 06:06:23.587 I/commit_sys_config_file( 1146): [log-files,16840035]
10-19 06:06:23.606 I/commit_sys_config_file( 1146): [log-files,16840054]
10-19 06:06:25.032 I/input_interaction( 1146): Interaction with: ecb7ff7 com.android.gallery3d/com.android.gallery3d.app.GalleryActivity (server), edge-swipe (server), swipe-up (server), PointerEventDispatcher0 (server),
10-19 06:06:25.065 I/view_enqueue_input_event(12042): [Motion - Cancel,com.android.gallery3d/com.android.gallery3d.app.GalleryActivity]
10-19 06:06:25.072 I/input_interaction( 1146): Interaction with: WindowManager (server), edge-swipe (server), swipe-up (server), PointerEventDispatcher0 (server),
10-19 06:06:25.623 I/wm_finish_activity( 1146): [0,179134753,167,com.android.gallery3d/.app.GalleryActivity,app-request]
10-19 06:06:25.623 I/wm_task_moved( 1146): [1,1,6]
10-19 06:06:25.625 I/wm_set_resumed_activity( 1146): [0,com.android.launcher3/.uioverrides.QuickstepLauncher,positionChildAt]
10-19 06:06:25.625 I/wm_on_top_resumed_lost_called(12042): [179134753,com.android.gallery3d.app.GalleryActivity,topStateChangedWhenResumed]
10-19 06:06:25.625 I/wm_task_moved( 1146): [10,1,2147483647]
10-19 06:06:25.625 I/wm_task_to_front( 1146): [0,10]
10-19 06:06:25.626 I/wm_focused_root_task( 1146): [0,0,1,-1,finish-top adjustFocusToNextFocusableTask]
10-19 06:06:25.626 I/wm_set_resumed_activity( 1146): [0,com.android.launcher3/.uioverrides.QuickstepLauncher,finish-top]
10-19 06:06:25.634 I/wm_pause_activity( 1146): [0,179134753,com.android.gallery3d/.app.GalleryActivity,userLeaving=false,finish]
10-19 06:06:25.643 I/input_focus( 1146): [Focus request a926fae com.android.launcher3/com.android.launcher3.uioverrides.QuickstepLauncher,reason=UpdateInputWindows]
10-19 06:06:25.656 I/input_focus( 1146): [Focus leaving ecb7ff7 com.android.gallery3d/com.android.gallery3d.app.GalleryActivity (server),reason=NO_WINDOW]
10-19 06:06:25.657 I/input_focus( 1146): [Focus entering a926fae com.android.launcher3/com.android.launcher3.uioverrides.QuickstepLauncher (server),reason=setFocusedWindow]
10-19 06:06:25.669 I/wm_on_top_resumed_gained_called( 2903): [228154950,com.android.launcher3.uioverrides.QuickstepLauncher,topStateChangedWhenResumed]
10-19 06:06:25.675 I/wm_on_paused_called(12042): [179134753,com.android.gallery3d.app.GalleryActivity,performPause]
10-19 06:06:25.678 I/wm_destroy_activity( 1146): [0,179134753,167,com.android.gallery3d/.app.GalleryActivity,finish-imm:completePausedLocked]
10-19 06:06:25.698 I/sysui_multi_action( 1146): [757,803,799,window_time_0,802,13]
10-19 06:06:25.707 I/wm_on_stop_called(12042): [179134753,com.android.gallery3d.app.GalleryActivity,LIFECYCLER_STOP_ACTIVITY]
10-19 06:06:25.718 I/wm_on_destroy_called(12042): [179134753,com.android.gallery3d.app.GalleryActivity,performDestroy]
10-19 06:06:25.980 I/wm_task_removed( 1146): [167,removeChild:removeChild last r=ActivityRecord{aad6121 u0 com.android.gallery3d/.app.GalleryActivity t-1 f}} in t=Task{9e14388 #167 type=standard A=10067:com.android.gallery3d U=0 visible=false mode=freeform translucent=true sz=0}]
10-19 06:06:25.980 I/wm_task_removed( 1146): [167,removeChild]
10-19 06:06:28.108 I/liblog (12965): 332
10-19 06:06:28.820 I/dropbox_file_copy( 1146): [/data/tombstones/tombstone_16,98304,SYSTEM_TOMBSTONE]
10-19 06:06:28.828 I/commit_sys_config_file( 1146): [log-files,16845276]
10-19 06:06:28.847 I/commit_sys_config_file( 1146): [log-files,16845295]
10-19 06:06:33.811 I/dropbox_file_copy( 1146): [/data/tombstones/tombstone_17,98304,SYSTEM_TOMBSTONE]
10-19 06:06:33.821 I/commit_sys_config_file( 1146): [log-files,16850269]
10-19 06:06:33.837 I/commit_sys_config_file( 1146): [log-files,16850285]
10-19 06:06:37.717 I/input_interaction( 1146): Interaction with: a926fae com.android.launcher3/com.android.launcher3.uioverrides.QuickstepLauncher (server), 1c10e44 com.android.systemui.ImageWallpaper (server), edge-swipe (server), swipe-up (server), PointerEventDispatcher0 (server),
10-19 06:06:38.760 I/dropbox_file_copy( 1146): [/data/tombstones/tombstone_18,98304,SYSTEM_TOMBSTONE]
10-19 06:06:38.783 I/commit_sys_config_file( 1146): [log-files,16855231]
10-19 06:06:38.806 I/commit_sys_config_file( 1146): [log-files,16855254]
10-19 06:06:39.485 I/wm_task_created( 1146): [168,-1]
10-19 06:06:39.496 I/wm_task_moved( 1146): [168,1,6]
10-19 06:06:39.496 I/wm_task_to_front( 1146): [0,168]
10-19 06:06:39.497 I/wm_create_task( 1146): [0,168]
10-19 06:06:39.497 I/wm_create_activity( 1146): [0,90887977,168,com.android.gallery3d/.app.GalleryActivity,NULL,NULL,NULL,268468224]
10-19 06:06:39.497 I/wm_task_moved( 1146): [168,1,6]
10-19 06:06:39.504 I/wm_restart_activity( 1146): [0,90887977,168,com.android.gallery3d/.app.GalleryActivity]
10-19 06:06:39.506 I/wm_set_resumed_activity( 1146): [0,com.android.gallery3d/.app.GalleryActivity,minimalResumeActivityLocked]
10-19 06:06:39.533 I/wm_on_top_resumed_lost_called( 2903): [228154950,com.android.launcher3.uioverrides.QuickstepLauncher,topStateChangedWhenResumed]
10-19 06:06:39.570 I/wm_on_create_called(12042): [90887977,com.android.gallery3d.app.GalleryActivity,performCreate]
10-19 06:06:39.574 I/wm_on_start_called(12042): [90887977,com.android.gallery3d.app.GalleryActivity,handleStartActivity]
10-19 06:06:39.581 I/wm_on_resume_called(12042): [90887977,com.android.gallery3d.app.GalleryActivity,RESUME_ACTIVITY]
10-19 06:06:39.593 I/wm_on_top_resumed_gained_called(12042): [90887977,com.android.gallery3d.app.GalleryActivity,topStateChangedWhenResumed]
10-19 06:06:39.605 I/input_focus( 1146): [Focus request 6b54261 com.android.gallery3d/com.android.gallery3d.app.GalleryActivity,reason=UpdateInputWindows]
10-19 06:06:39.634 I/input_focus( 1146): [Focus leaving a926fae com.android.launcher3/com.android.launcher3.uioverrides.QuickstepLauncher (server),reason=Waiting for window because NOT_VISIBLE]
10-19 06:06:39.717 I/input_focus( 1146): [Focus entering 6b54261 com.android.gallery3d/com.android.gallery3d.app.GalleryActivity (server),reason=Window became focusable. Previous reason: NOT_VISIBLE]
10-19 06:06:39.719 I/sysui_multi_action( 1146): [319,232,322,229,325,16910,757,761,758,8,759,2,806,com.android.gallery3d,871,com.android.gallery3d.app.GalleryActivity,904,com.android.launcher3,905,0,1320,8,1321,5]
10-19 06:06:39.721 I/wm_activity_launch_time( 1146): [0,90887977,com.android.gallery3d/.app.GalleryActivity,229]
10-19 06:06:39.775 I/am_pss ( 1146): [12405,10033,com.microsoft.emmx:privileged_process1,60303360,24690688,0,199077888,0,19,14]
10-19 06:06:39.789 I/am_pss ( 1146): [12893,10069,com.android.deskclock,9326592,6246400,0,95952896,0,19,10]
10-19 06:06:39.803 I/am_pss ( 1146): [12882,1000,com.android.settings,27527168,25452544,0,111816704,0,19,12]
10-19 06:06:39.819 I/am_pss ( 1146): [12255,1000,com.tc.logclient,19784704,13475840,0,138928128,0,19,12]
10-19 06:06:41.525 I/input_interaction( 1146): Interaction with: 6b54261 com.android.gallery3d/com.android.gallery3d.app.GalleryActivity (server), edge-swipe (server), swipe-up (server), PointerEventDispatcher0 (server),
10-19 06:06:42.740 I/view_enqueue_input_event(12042): [Motion - Cancel,com.android.gallery3d/com.android.gallery3d.app.GalleryActivity]
10-19 06:06:42.748 I/input_interaction( 1146): Interaction with: WindowManager (server), edge-swipe (server), swipe-up (server), PointerEventDispatcher0 (server),
10-19 06:06:42.823 I/service_manager_stats( 1146): [100,120,43669]
10-19 06:06:43.632 I/dropbox_file_copy( 1146): [/data/tombstones/tombstone_19,98304,SYSTEM_TOMBSTONE]
10-19 06:06:43.640 I/commit_sys_config_file( 1146): [log-files,16860089]
10-19 06:06:43.657 I/commit_sys_config_file( 1146): [log-files,16860105]
10-19 06:06:44.906 I/input_interaction( 1146): Interaction with: 6b54261 com.android.gallery3d/com.android.gallery3d.app.GalleryActivity (server), edge-swipe (server), swipe-up (server), PointerEventDispatcher0 (server),
10-19 06:06:44.928 I/view_enqueue_input_event(12042): [Motion - Cancel,com.android.gallery3d/com.android.gallery3d.app.GalleryActivity]
10-19 06:06:44.937 I/input_interaction( 1146): Interaction with: WindowManager (server), edge-swipe (server), swipe-up (server), PointerEventDispatcher0 (server),
10-19 06:06:47.558 I/input_interaction( 1146): Interaction with: 6b54261 com.android.gallery3d/com.android.gallery3d.app.GalleryActivity (server), edge-swipe (server), swipe-up (server), PointerEventDispatcher0 (server),
10-19 06:06:47.583 I/view_enqueue_input_event(12042): [Motion - Cancel,com.android.gallery3d/com.android.gallery3d.app.GalleryActivity]
10-19 06:06:47.596 I/input_interaction( 1146): Interaction with: WindowManager (server), edge-swipe (server), swipe-up (server), PointerEventDispatcher0 (server),
10-19 06:06:48.757 I/dropbox_file_copy( 1146): [/data/tombstones/tombstone_20,98304,SYSTEM_TOMBSTONE]
10-19 06:06:48.766 I/commit_sys_config_file( 1146): [log-files,16865215]
10-19 06:06:48.788 I/commit_sys_config_file( 1146): [log-files,16865236]
10-19 06:06:49.188 I/am_uid_idle( 1146): 10063
10-19 06:06:49.200 I/input_interaction( 1146): Interaction with: 6b54261 com.android.gallery3d/com.android.gallery3d.app.GalleryActivity (server), edge-swipe (server), swipe-up (server), PointerEventDispatcher0 (server),
10-19 06:06:49.222 I/view_enqueue_input_event(12042): [Motion - Cancel,com.android.gallery3d/com.android.gallery3d.app.GalleryActivity]
10-19 06:06:49.235 I/input_interaction( 1146): Interaction with: WindowManager (server), edge-swipe (server), swipe-up (server), PointerEventDispatcher0 (server),
10-19 06:06:51.006 I/input_interaction( 1146): Interaction with: 6b54261 com.android.gallery3d/com.android.gallery3d.app.GalleryActivity (server), edge-swipe (server), swipe-up (server), PointerEventDispatcher0 (server),
10-19 06:06:51.027 I/view_enqueue_input_event(12042): [Motion - Cancel,com.android.gallery3d/com.android.gallery3d.app.GalleryActivity]
10-19 06:06:51.030 I/input_interaction( 1146): Interaction with: WindowManager (server), edge-swipe (server), swipe-up (server), PointerEventDispatcher0 (server),
10-19 06:06:53.177 I/liblog (13020): 35
10-19 06:06:53.177 I/liblog (13020): 4
10-19 06:06:53.177 I/liblog (13020): 4
10-19 06:06:53.177 I/liblog (13020): 4
10-19 06:06:53.177 I/liblog (13020): 7
10-19 06:06:53.177 I/liblog (13020): 4
10-19 06:06:53.177 I/liblog (13020): 3
10-19 06:06:53.177 I/liblog (13020): 8
10-19 06:06:53.177 I/liblog (13020): 5
10-19 06:06:53.177 I/liblog (13020): 4
10-19 06:06:53.178 I/liblog (13020): 13
10-19 06:06:53.178 I/liblog (13020): 4
10-19 06:06:53.178 I/liblog (13020): 4
10-19 06:06:53.178 I/liblog (13020): 5
10-19 06:06:53.178 I/liblog (13020): 7
10-19 06:06:53.178 I/liblog (13020): 3
10-19 06:06:53.178 I/liblog (13020): 2
10-19 06:06:53.178 I/liblog (13020): 4
10-19 06:06:53.179 I/liblog (13020): 6
10-19 06:06:53.179 I/liblog (13020): 9
10-19 06:06:53.179 I/liblog (13020): 5
10-19 06:06:53.179 I/liblog (13020): 3
10-19 06:06:53.179 I/liblog (13020): 2
10-19 06:06:53.179 I/liblog (13020): 3
10-19 06:06:53.179 I/liblog (13020): 10
10-19 06:06:53.179 I/liblog (13020): 3
10-19 06:06:53.179 I/liblog (13020): 3
10-19 06:06:53.180 I/liblog (13020): 5
10-19 06:06:53.180 I/liblog (13020): 6
10-19 06:06:53.180 I/liblog (13020): 3
10-19 06:06:53.180 I/liblog (13020): 6
10-19 06:06:53.180 I/liblog (13020): 4
10-19 06:06:53.180 I/liblog (13020): 4
10-19 06:06:53.180 I/liblog (13020): 4
10-19 06:06:53.180 I/liblog (13020): 4
10-19 06:06:53.180 I/liblog (13020): 4
10-19 06:06:53.180 I/liblog (13020): 3
10-19 06:06:53.181 I/liblog (13020): 6
10-19 06:06:53.181 I/liblog (13020): 4
10-19 06:06:53.181 I/liblog (13020): 6
10-19 06:06:53.181 I/liblog (13020): 3
10-19 06:06:53.181 I/liblog (13020): 4
10-19 06:06:53.181 I/liblog (13020): 6
10-19 06:06:53.181 I/liblog (13020): 4
10-19 06:06:53.181 I/liblog (13020): 6
10-19 06:06:53.181 I/liblog (13020): 4
10-19 06:06:53.181 I/liblog (13020): 3
10-19 06:06:53.182 I/liblog (13020): 4
10-19 06:06:53.182 I/liblog (13020): 4
10-19 06:06:53.182 I/liblog (13020): 4
10-19 06:06:53.182 I/liblog (13020): 4
10-19 06:06:53.182 I/liblog (13020): 4
10-19 06:06:53.182 I/liblog (13020): 5
10-19 06:06:53.182 I/liblog (13020): 3
10-19 06:06:53.182 I/liblog (13020): 3
10-19 06:06:53.182 I/liblog (13020): 3
10-19 06:06:53.182 I/liblog (13020): 4
10-19 06:06:53.182 I/liblog (13020): 3
10-19 06:06:53.182 I/liblog (13020): 4
10-19 06:06:53.182 I/liblog (13020): 4
10-19 06:06:53.183 I/liblog (13020): 5
10-19 06:06:53.183 I/liblog (13020): 3
10-19 06:06:53.183 I/liblog (13020): 3
10-19 06:06:53.183 I/liblog (13020): 3
10-19 06:06:53.183 I/liblog (13020): 3
10-19 06:06:53.183 I/liblog (13020): 3
10-19 06:06:53.183 I/liblog (13020): 2
10-19 06:06:53.183 I/liblog (13020): 13
10-19 06:06:53.183 I/liblog (13020): 4
10-19 06:06:53.184 I/liblog (13020): 23
10-19 06:06:53.184 I/liblog (13020): 4
10-19 06:06:53.184 I/liblog (13020): 4
10-19 06:06:53.184 I/liblog (13020): 6
10-19 06:06:53.184 I/liblog (13020): 14
10-19 06:06:53.185 I/liblog (13020): 10
10-19 06:06:53.185 I/liblog (13020): 3
10-19 06:06:53.185 I/liblog (13020): 2
10-19 06:06:53.185 I/liblog (13020): 4
10-19 06:06:53.185 I/liblog (13020): 6
10-19 06:06:53.185 I/liblog (13020): 5
10-19 06:06:53.185 I/liblog (13020): 6
10-19 06:06:53.185 I/liblog (13020): 1
10-19 06:06:53.791 I/dropbox_file_copy( 1146): [/data/tombstones/tombstone_21,98304,SYSTEM_TOMBSTONE]
