10-19 06:08:15.839 I/sysui_multi_action( 2269): [757,126,758,1,759,126,927,0,928,1,1593,0]
10-19 06:08:15.839 I/sysui_multi_action( 2269): [757,113,758,1,759,113,927,1,928,1,1593,0]
10-19 06:08:15.839 I/sysui_multi_action( 2269): [757,0,758,1,759,0,927,2,928,0,1593,0]
10-19 06:08:15.839 I/sysui_multi_action( 2269): [757,0,758,1,759,0,927,3,928,0,1593,0]
10-19 06:08:15.841 I/sysui_multi_action( 2269): [757,491,758,1,759,491,927,4,928,0,1311,-1,1593,0]
10-19 06:08:15.841 I/sysui_multi_action( 2269): [757,0,758,1,759,0,927,5,928,0,1593,0]
10-19 06:08:15.841 I/sysui_multi_action( 2269): [757,0,758,1,759,0,927,6,1593,0]
10-19 06:08:15.841 I/sysui_multi_action( 2269): [757,114,758,1,759,114,927,7,928,0,1593,0]
10-19 06:08:15.842 I/sysui_multi_action( 2269): [757,111,758,1]
10-19 06:08:15.842 I/sysui_multi_action( 2269): [757,126,758,1,759,126,927,0,928,1,1593,0]
10-19 06:08:15.842 I/sysui_multi_action( 2269): [757,113,758,1,759,113,927,1,928,1,1593,0]
10-19 06:08:15.842 I/sysui_multi_action( 2269): [757,0,758,1,759,0,927,2,928,0,1593,0]
10-19 06:08:15.843 I/sysui_multi_action( 2269): [757,0,758,1,759,0,927,3,928,0,1593,0]
10-19 06:08:15.864 I/sysui_multi_action( 2269): [757,111,758,2]
10-19 06:08:15.864 I/notification_enqueue( 1146): [10088,2269,com.android.systemui,2048,NULL,0,Notification(channel=updateNotification shortcut=null contentView=null vibrate=null sound=null defaults=0x0 flags=0x0 color=0x00000000 vis=PRIVATE),1]
10-19 06:08:15.865 I/sysui_multi_action( 2269): [757,111,758,2]
10-19 06:08:15.872 I/sysui_multi_action( 2269): [757,111,758,1]
10-19 06:08:15.873 I/sysui_multi_action( 2269): [757,126,758,1,759,126,927,0,928,1,1593,0]
10-19 06:08:15.873 I/sysui_multi_action( 2269): [757,113,758,1,759,113,927,1,928,1,1593,0]
10-19 06:08:15.873 I/sysui_multi_action( 2269): [757,0,758,1,759,0,927,2,928,0,1593,0]
10-19 06:08:15.873 I/sysui_multi_action( 2269): [757,0,758,1,759,0,927,3,928,0,1593,0]
10-19 06:08:15.874 I/sysui_multi_action( 2269): [757,491,758,1,759,491,927,4,928,0,1311,-1,1593,0]
10-19 06:08:15.874 I/sysui_multi_action( 2269): [757,0,758,1,759,0,927,5,928,0,1593,0]
10-19 06:08:15.875 I/sysui_multi_action( 2269): [757,0,758,1,759,0,927,6,1593,0]
10-19 06:08:15.875 I/sysui_multi_action( 2269): [757,114,758,1,759,114,927,7,928,0,1593,0]
10-19 06:08:15.875 I/sysui_multi_action( 2269): [757,111,758,1]
10-19 06:08:15.876 I/sysui_multi_action( 2269): [757,126,758,1,759,126,927,0,928,1,1593,0]
10-19 06:08:15.876 I/sysui_multi_action( 2269): [757,113,758,1,759,113,927,1,928,1,1593,0]
10-19 06:08:15.876 I/sysui_multi_action( 2269): [757,0,758,1,759,0,927,2,928,0,1593,0]
10-19 06:08:15.876 I/sysui_multi_action( 2269): [757,0,758,1,759,0,927,3,928,0,1593,0]
10-19 06:08:15.892 I/notification_enqueue( 1146): [10088,2269,com.android.systemui,2048,NULL,0,Notification(channel=updateNotification shortcut=null contentView=null vibrate=null sound=null defaults=0x0 flags=0x0 color=0x00000000 vis=PRIVATE),1]
10-19 06:08:15.894 I/sysui_multi_action( 2269): [757,111,758,2]
10-19 06:08:15.896 I/sysui_multi_action( 2269): [757,111,758,2]
10-19 06:08:15.905 I/sysui_multi_action( 2269): [757,111,758,1]
10-19 06:08:15.906 I/sysui_multi_action( 2269): [757,126,758,1,759,126,927,0,928,1,1593,0]
10-19 06:08:15.906 I/sysui_multi_action( 2269): [757,113,758,1,759,113,927,1,928,1,1593,0]
10-19 06:08:15.907 I/sysui_multi_action( 2269): [757,0,758,1,759,0,927,2,928,0,1593,0]
10-19 06:08:15.907 I/sysui_multi_action( 2269): [757,0,758,1,759,0,927,3,928,0,1593,0]
10-19 06:08:15.908 I/sysui_multi_action( 2269): [757,491,758,1,759,491,927,4,928,0,1311,-1,1593,0]
10-19 06:08:15.908 I/sysui_multi_action( 2269): [757,0,758,1,759,0,927,5,928,0,1593,0]
10-19 06:08:15.908 I/sysui_multi_action( 2269): [757,0,758,1,759,0,927,6,1593,0]
10-19 06:08:15.909 I/sysui_multi_action( 2269): [757,114,758,1,759,114,927,7,928,0,1593,0]
10-19 06:08:15.909 I/sysui_multi_action( 2269): [757,111,758,1]
10-19 06:08:15.910 I/sysui_multi_action( 2269): [757,126,758,1,759,126,927,0,928,1,1593,0]
10-19 06:08:15.910 I/sysui_multi_action( 2269): [757,113,758,1,759,113,927,1,928,1,1593,0]
10-19 06:08:15.911 I/sysui_multi_action( 2269): [757,0,758,1,759,0,927,2,928,0,1593,0]
10-19 06:08:15.911 I/sysui_multi_action( 2269): [757,0,758,1,759,0,927,3,928,0,1593,0]
10-19 06:08:15.929 I/notification_enqueue( 1146): [10088,2269,com.android.systemui,2048,NULL,0,Notification(channel=updateNotification shortcut=null contentView=null vibrate=null sound=null defaults=0x0 flags=0x0 color=0x00000000 vis=PRIVATE),1]
10-19 06:08:15.929 I/sysui_multi_action( 2269): [757,111,758,2]
10-19 06:08:15.930 I/sysui_multi_action( 2269): [757,111,758,2]
10-19 06:08:15.937 I/sysui_multi_action( 2269): [757,111,758,1]
10-19 06:08:15.937 I/sysui_multi_action( 2269): [757,126,758,1,759,126,927,0,928,1,1593,0]
10-19 06:08:15.938 I/sysui_multi_action( 2269): [757,113,758,1,759,113,927,1,928,1,1593,0]
10-19 06:08:15.939 I/sysui_multi_action( 2269): [757,0,758,1,759,0,927,2,928,0,1593,0]
10-19 06:08:15.940 I/sysui_multi_action( 2269): [757,0,758,1,759,0,927,3,928,0,1593,0]
10-19 06:08:15.940 I/sysui_multi_action( 2269): [757,491,758,1,759,491,927,4,928,0,1311,-1,1593,0]
10-19 06:08:15.941 I/sysui_multi_action( 2269): [757,0,758,1,759,0,927,5,928,0,1593,0]
10-19 06:08:15.941 I/sysui_multi_action( 2269): [757,0,758,1,759,0,927,6,1593,0]
10-19 06:08:15.941 I/sysui_multi_action( 2269): [757,114,758,1,759,114,927,7,928,0,1593,0]
10-19 06:08:15.942 I/sysui_multi_action( 2269): [757,111,758,1]
10-19 06:08:15.942 I/sysui_multi_action( 2269): [757,126,758,1,759,126,927,0,928,1,1593,0]
10-19 06:08:15.942 I/sysui_multi_action( 2269): [757,113,758,1,759,113,927,1,928,1,1593,0]
10-19 06:08:15.942 I/sysui_multi_action( 2269): [757,0,758,1,759,0,927,2,928,0,1593,0]
10-19 06:08:15.943 I/sysui_multi_action( 2269): [757,0,758,1,759,0,927,3,928,0,1593,0]
10-19 06:08:15.958 I/notification_enqueue( 1146): [10088,2269,com.android.systemui,2048,NULL,0,Notification(channel=updateNotification shortcut=null contentView=null vibrate=null sound=null defaults=0x0 flags=0x0 color=0x00000000 vis=PRIVATE),1]
10-19 06:08:15.958 I/sysui_multi_action( 2269): [757,111,758,2]
10-19 06:08:15.958 I/sysui_multi_action( 2269): [757,111,758,2]
10-19 06:08:15.966 I/sysui_multi_action( 2269): [757,111,758,1]
10-19 06:08:15.967 I/sysui_multi_action( 2269): [757,126,758,1,759,126,927,0,928,1,1593,0]
10-19 06:08:15.967 I/sysui_multi_action( 2269): [757,113,758,1,759,113,927,1,928,1,1593,0]
10-19 06:08:15.967 I/sysui_multi_action( 2269): [757,0,758,1,759,0,927,2,928,0,1593,0]
10-19 06:08:15.968 I/sysui_multi_action( 2269): [757,0,758,1,759,0,927,3,928,0,1593,0]
10-19 06:08:15.969 I/sysui_multi_action( 2269): [757,491,758,1,759,491,927,4,928,0,1311,-1,1593,0]
10-19 06:08:15.969 I/sysui_multi_action( 2269): [757,0,758,1,759,0,927,5,928,0,1593,0]
10-19 06:08:15.969 I/sysui_multi_action( 2269): [757,0,758,1,759,0,927,6,1593,0]
10-19 06:08:15.969 I/sysui_multi_action( 2269): [757,114,758,1,759,114,927,7,928,0,1593,0]
10-19 06:08:15.970 I/sysui_multi_action( 2269): [757,111,758,1]
10-19 06:08:15.970 I/sysui_multi_action( 2269): [757,126,758,1,759,126,927,0,928,1,1593,0]
10-19 06:08:15.971 I/sysui_multi_action( 2269): [757,113,758,1,759,113,927,1,928,1,1593,0]
10-19 06:08:15.972 I/sysui_multi_action( 2269): [757,0,758,1,759,0,927,2,928,0,1593,0]
10-19 06:08:15.972 I/sysui_multi_action( 2269): [757,0,758,1,759,0,927,3,928,0,1593,0]
10-19 06:08:16.006 I/sysui_multi_action( 1146): [757,128,758,2,793,16940824,794,1084,795,16940824,796,26,798,0,806,android,857,DEVELOPER_IMPORTANT,858,4,947,0,1395,5,1500,16940824,1688,1]
10-19 06:08:16.006 I/notification_visibility( 1146): [-1|android|26|null|1000,0,16940824,16940824,0,0]
10-19 06:08:16.006 I/sysui_multi_action( 1146): [757,128,758,2,793,5957755,794,1083,795,112918,796,17303299,797,com.android.wifi,798,2,806,android,857,NETWORK_AVAILABLE,858,2,947,0,1395,5,1500,1082,1688,1]
10-19 06:08:16.006 I/notification_visibility( 1146): [0|android|17303299|com.android.wifi|1000,0,5957755,112918,0,2]
10-19 06:08:16.007 I/sysui_multi_action( 1146): [757,128,758,2,793,3090180,794,1082,795,3090180,796,4273,798,1,806,com.android.systemui,857,screen_record,858,3,947,0,1395,5,1500,3089978,1688,1,1745,680407814]
10-19 06:08:16.007 I/notification_visibility( 1146): [0|com.android.systemui|4273|null|10088,0,3090180,3090180,0,1]
10-19 06:08:16.007 I/sysui_multi_action( 1146): [757,128,758,2,793,16940729,794,1081,795,16940729,796,55,798,3,806,android,857,DEVELOPER,858,2,947,0,1395,5,1500,16940729,1688,1]
10-19 06:08:16.007 I/notification_visibility( 1146): [-1|android|55|null|1000,0,16940729,16940729,0,3]
10-19 06:08:16.008 I/sysui_multi_action( 1146): [757,128,758,2,793,16941984,794,1080,795,16941984,796,32,798,4,806,android,857,USB,858,1,947,0,1395,5,1500,16941248,1688,1]
10-19 06:08:16.008 I/notification_visibility( 1146): [-1|android|32|null|1000,0,16941984,16941984,0,4]
10-19 06:08:16.015 I/sysui_multi_action( 2269): [757,111,758,2]
10-19 06:08:16.016 I/sysui_multi_action( 2269): [757,111,758,2]
10-19 06:08:16.016 I/notification_enqueue( 1146): [10088,2269,com.android.systemui,2048,NULL,0,Notification(channel=updateNotification shortcut=null contentView=null vibrate=null sound=null defaults=0x0 flags=0x0 color=0x00000000 vis=PRIVATE),1]
10-19 06:08:16.044 I/sysui_multi_action( 2269): [757,111,758,1]
10-19 06:08:16.044 I/sysui_multi_action( 2269): [757,126,758,1,759,126,927,0,928,1,1593,0]
10-19 06:08:16.045 I/sysui_multi_action( 2269): [757,113,758,1,759,113,927,1,928,1,1593,0]
10-19 06:08:16.045 I/sysui_multi_action( 2269): [757,0,758,1,759,0,927,2,928,0,1593,0]
10-19 06:08:16.045 I/sysui_multi_action( 2269): [757,0,758,1,759,0,927,3,928,0,1593,0]
10-19 06:08:16.046 I/sysui_multi_action( 2269): [757,491,758,1,759,491,927,4,928,0,1311,-1,1593,0]
10-19 06:08:16.047 I/sysui_multi_action( 2269): [757,0,758,1,759,0,927,5,928,0,1593,0]
10-19 06:08:16.047 I/sysui_multi_action( 2269): [757,0,758,1,759,0,927,6,1593,0]
10-19 06:08:16.047 I/sysui_multi_action( 2269): [757,114,758,1,759,114,927,7,928,0,1593,0]
10-19 06:08:16.047 I/sysui_multi_action( 2269): [757,111,758,1]
10-19 06:08:16.047 I/sysui_multi_action( 2269): [757,126,758,1,759,126,927,0,928,1,1593,0]
10-19 06:08:16.047 I/sysui_multi_action( 2269): [757,113,758,1,759,113,927,1,928,1,1593,0]
10-19 06:08:16.048 I/sysui_multi_action( 2269): [757,0,758,1,759,0,927,2,928,0,1593,0]
10-19 06:08:16.048 I/sysui_multi_action( 2269): [757,0,758,1,759,0,927,3,928,0,1593,0]
10-19 06:08:16.092 I/notification_enqueue( 1146): [10088,2269,com.android.systemui,2048,NULL,0,Notification(channel=updateNotification shortcut=null contentView=null vibrate=null sound=null defaults=0x0 flags=0x0 color=0x00000000 vis=PRIVATE),1]
10-19 06:08:16.093 I/sysui_multi_action( 2269): [757,111,758,2]
10-19 06:08:16.093 I/sysui_multi_action( 2269): [757,111,758,2]
10-19 06:08:16.099 I/sysui_multi_action( 1146): [757,127,758,2]
10-19 06:08:16.099 I/notification_panel_hidden( 1146):
10-19 06:08:16.142 I/sysui_multi_action( 2269): [757,111,758,1]
10-19 06:08:16.143 I/sysui_multi_action( 2269): [757,126,758,1,759,126,927,0,928,1,1593,0]
10-19 06:08:16.144 I/sysui_multi_action( 2269): [757,113,758,1,759,113,927,1,928,1,1593,0]
10-19 06:08:16.144 I/sysui_multi_action( 2269): [757,0,758,1,759,0,927,2,928,0,1593,0]
10-19 06:08:16.145 I/sysui_multi_action( 2269): [757,0,758,1,759,0,927,3,928,0,1593,0]
10-19 06:08:16.146 I/sysui_multi_action( 2269): [757,491,758,1,759,491,927,4,928,0,1311,-1,1593,0]
10-19 06:08:16.146 I/sysui_multi_action( 2269): [757,0,758,1,759,0,927,5,928,0,1593,0]
10-19 06:08:16.148 I/sysui_multi_action( 2269): [757,0,758,1,759,0,927,6,1593,0]
10-19 06:08:16.148 I/sysui_multi_action( 2269): [757,114,758,1,759,114,927,7,928,0,1593,0]
10-19 06:08:16.148 I/sysui_multi_action( 2269): [757,111,758,1]
10-19 06:08:16.149 I/sysui_multi_action( 2269): [757,126,758,1,759,126,927,0,928,1,1593,0]
10-19 06:08:16.149 I/sysui_multi_action( 2269): [757,113,758,1,759,113,927,1,928,1,1593,0]
10-19 06:08:16.150 I/sysui_multi_action( 2269): [757,0,758,1,759,0,927,2,928,0,1593,0]
10-19 06:08:16.150 I/sysui_multi_action( 2269): [757,0,758,1,759,0,927,3,928,0,1593,0]
10-19 06:08:16.574 I/input_interaction( 1146): Interaction with: 30b6ce7 StatusBar (server), edge-swipe (server), swipe-up (server), PointerEventDispatcher0 (server),
10-19 06:08:16.585 I/sysui_multi_action( 2269): [757,803,799,panel_open,802,1]
10-19 06:08:16.587 I/sysui_multi_action( 2269): [757,1328,758,4,1326,99,1327,2,1329,0]
10-19 06:08:16.638 I/view_enqueue_input_event( 2269): [Motion - Cancel,StatusBar]
10-19 06:08:16.645 I/input_interaction( 1146): Interaction with: edge-swipe (server), swipe-up (server), PointerEventDispatcher0 (server),
10-19 06:08:16.971 I/sysui_multi_action( 1146): [757,803,799,key_back_press,802,1]
10-19 06:08:16.978 I/input_interaction( 1146): Interaction with: 6b54261 com.android.gallery3d/com.android.gallery3d.app.GalleryActivity (server), PointerEventDispatcher0 (server),
10-19 06:08:16.982 I/wm_finish_activity( 1146): [0,90887977,168,com.android.gallery3d/.app.GalleryActivity,app-request]
10-19 06:08:16.982 I/wm_task_moved( 1146): [1,1,6]
10-19 06:08:16.984 I/wm_set_resumed_activity( 1146): [0,com.android.launcher3/.uioverrides.QuickstepLauncher,positionChildAt]
10-19 06:08:16.984 I/wm_task_moved( 1146): [10,1,2147483647]
10-19 06:08:16.984 I/wm_task_to_front( 1146): [0,10]
10-19 06:08:16.984 I/wm_focused_root_task( 1146): [0,0,1,-1,finish-top adjustFocusToNextFocusableTask]
10-19 06:08:16.984 I/wm_set_resumed_activity( 1146): [0,com.android.launcher3/.uioverrides.QuickstepLauncher,finish-top]
10-19 06:08:17.002 I/wm_pause_activity( 1146): [0,90887977,com.android.gallery3d/.app.GalleryActivity,userLeaving=false,finish]
10-19 06:08:17.006 I/input_focus( 1146): [Focus request a926fae com.android.launcher3/com.android.launcher3.uioverrides.QuickstepLauncher,reason=UpdateInputWindows]
10-19 06:08:17.008 I/wm_on_top_resumed_lost_called(12042): [90887977,com.android.gallery3d.app.GalleryActivity,topStateChangedWhenResumed]
10-19 06:08:17.020 I/wm_on_top_resumed_gained_called( 2903): [228154950,com.android.launcher3.uioverrides.QuickstepLauncher,topStateChangedWhenResumed]
10-19 06:08:17.036 I/wm_on_paused_called(12042): [90887977,com.android.gallery3d.app.GalleryActivity,performPause]
10-19 06:08:17.039 I/wm_destroy_activity( 1146): [0,90887977,168,com.android.gallery3d/.app.GalleryActivity,finish-imm:completePausedLocked]
10-19 06:08:17.043 I/input_focus( 1146): [Focus leaving 6b54261 com.android.gallery3d/com.android.gallery3d.app.GalleryActivity (server),reason=NO_WINDOW]
10-19 06:08:17.047 I/input_focus( 1146): [Focus entering a926fae com.android.launcher3/com.android.launcher3.uioverrides.QuickstepLauncher (server),reason=setFocusedWindow]
10-19 06:08:17.052 I/sysui_multi_action( 1146): [757,803,799,window_time_2,802,24]
10-19 06:08:17.069 I/wm_on_stop_called(12042): [90887977,com.android.gallery3d.app.GalleryActivity,LIFECYCLER_STOP_ACTIVITY]
10-19 06:08:17.085 I/wm_on_destroy_called(12042): [90887977,com.android.gallery3d.app.GalleryActivity,performDestroy]
10-19 06:08:17.348 I/wm_task_removed( 1146): [168,removeChild:removeChild last r=ActivityRecord{56ad729 u0 com.android.gallery3d/.app.GalleryActivity t-1 f}} in t=Task{dc22cb0 #168 type=standard A=10067:com.android.gallery3d U=0 visible=false mode=freeform translucent=true sz=0}]
10-19 06:08:17.348 I/wm_task_removed( 1146): [168,removeChild]
10-19 06:08:17.661 I/input_interaction( 1146): Interaction with: 30b6ce7 StatusBar (server), edge-swipe (server), swipe-up (server), PointerEventDispatcher0 (server),
10-19 06:08:17.679 I/sysui_multi_action( 2269): [757,803,799,panel_open,802,1]
10-19 06:08:17.683 I/sysui_multi_action( 2269): [757,1328,758,4,1326,96,1327,1,1329,0]
10-19 06:08:17.794 I/sysui_multi_action( 1146): [757,127,758,1]
10-19 06:08:17.794 I/sysui_multi_action( 1146): [757,804,799,note_load,801,5,802,1]
10-19 06:08:17.795 I/notification_panel_revealed( 1146): 5
10-19 06:08:17.800 I/notification_enqueue( 1146): [10088,2269,com.android.systemui,2048,NULL,0,Notification(channel=updateNotification shortcut=null contentView=null vibrate=null sound=null defaults=0x0 flags=0x0 color=0x00000000 vis=PRIVATE),1]
10-19 06:08:17.801 I/sysui_multi_action( 2269): [757,111,758,2]
10-19 06:08:17.802 I/sysui_multi_action( 2269): [757,111,758,2]
10-19 06:08:17.828 I/input_focus( 1146): [Focus request f3a6fce NotificationShade,reason=UpdateInputWindows]
10-19 06:08:17.837 I/sysui_multi_action( 2269): [757,111,758,1]
10-19 06:08:17.838 I/sysui_multi_action( 2269): [757,126,758,1,759,126,927,0,928,1,1593,0]
10-19 06:08:17.838 I/sysui_multi_action( 2269): [757,113,758,1,759,113,927,1,928,1,1593,0]
10-19 06:08:17.839 I/sysui_multi_action( 2269): [757,0,758,1,759,0,927,2,928,0,1593,0]
10-19 06:08:17.839 I/sysui_multi_action( 2269): [757,0,758,1,759,0,927,3,928,0,1593,0]
10-19 06:08:17.840 I/sysui_multi_action( 2269): [757,491,758,1,759,491,927,4,928,0,1311,-1,1593,0]
10-19 06:08:17.840 I/sysui_multi_action( 2269): [757,0,758,1,759,0,927,5,928,0,1593,0]
10-19 06:08:17.841 I/sysui_multi_action( 2269): [757,0,758,1,759,0,927,6,1593,0]
10-19 06:08:17.841 I/sysui_multi_action( 2269): [757,114,758,1,759,114,927,7,928,0,1593,0]
10-19 06:08:17.841 I/sysui_multi_action( 2269): [757,111,758,1]
10-19 06:08:17.842 I/sysui_multi_action( 2269): [757,126,758,1,759,126,927,0,928,1,1593,0]
10-19 06:08:17.842 I/sysui_multi_action( 2269): [757,113,758,1,759,113,927,1,928,1,1593,0]
10-19 06:08:17.842 I/sysui_multi_action( 2269): [757,0,758,1,759,0,927,2,928,0,1593,0]
10-19 06:08:17.843 I/sysui_multi_action( 2269): [757,0,758,1,759,0,927,3,928,0,1593,0]
10-19 06:08:17.854 I/input_focus( 1146): [Focus leaving a926fae com.android.launcher3/com.android.launcher3.uioverrides.QuickstepLauncher (server),reason=Waiting for window because NOT_VISIBLE]
10-19 06:08:17.865 I/notification_enqueue( 1146): [10088,2269,com.android.systemui,2048,NULL,0,Notification(channel=updateNotification shortcut=null contentView=null vibrate=null sound=null defaults=0x0 flags=0x0 color=0x00000000 vis=PRIVATE),1]
10-19 06:08:17.865 I/sysui_multi_action( 2269): [757,111,758,2]
10-19 06:08:17.865 I/sysui_multi_action( 2269): [757,111,758,2]
10-19 06:08:17.872 I/input_focus( 1146): [Focus entering f3a6fce NotificationShade (server),reason=Window became focusable. Previous reason: NOT_VISIBLE]
10-19 06:08:17.874 I/sysui_multi_action( 2269): [757,111,758,1]
10-19 06:08:17.875 I/sysui_multi_action( 2269): [757,126,758,1,759,126,927,0,928,1,1593,0]
10-19 06:08:17.875 I/sysui_multi_action( 2269): [757,113,758,1,759,113,927,1,928,1,1593,0]
10-19 06:08:17.875 I/sysui_multi_action( 2269): [757,0,758,1,759,0,927,2,928,0,1593,0]
10-19 06:08:17.875 I/sysui_multi_action( 2269): [757,0,758,1,759,0,927,3,928,0,1593,0]
10-19 06:08:17.876 I/sysui_multi_action( 2269): [757,491,758,1,759,491,927,4,928,0,1311,-1,1593,0]
10-19 06:08:17.877 I/sysui_multi_action( 2269): [757,0,758,1,759,0,927,5,928,0,1593,0]
10-19 06:08:17.877 I/sysui_multi_action( 2269): [757,0,758,1,759,0,927,6,1593,0]
10-19 06:08:17.877 I/sysui_multi_action( 2269): [757,114,758,1,759,114,927,7,928,0,1593,0]
10-19 06:08:17.877 I/sysui_multi_action( 2269): [757,111,758,1]
10-19 06:08:17.877 I/sysui_multi_action( 2269): [757,126,758,1,759,126,927,0,928,1,1593,0]
10-19 06:08:17.877 I/sysui_multi_action( 2269): [757,113,758,1,759,113,927,1,928,1,1593,0]
10-19 06:08:17.877 I/sysui_multi_action( 2269): [757,0,758,1,759,0,927,2,928,0,1593,0]
10-19 06:08:17.878 I/sysui_multi_action( 2269): [757,0,758,1,759,0,927,3,928,0,1593,0]
10-19 06:08:17.906 I/notification_enqueue( 1146): [10088,2269,com.android.systemui,2048,NULL,0,Notification(channel=updateNotification shortcut=null contentView=null vibrate=null sound=null defaults=0x0 flags=0x0 color=0x00000000 vis=PRIVATE),1]
10-19 06:08:17.907 I/sysui_multi_action( 2269): [757,111,758,2]
10-19 06:08:17.907 I/sysui_multi_action( 2269): [757,111,758,2]
10-19 06:08:17.921 I/sysui_multi_action( 2269): [757,111,758,1]
10-19 06:08:17.921 I/sysui_multi_action( 2269): [757,126,758,1,759,126,927,0,928,1,1593,0]
10-19 06:08:17.921 I/sysui_multi_action( 2269): [757,113,758,1,759,113,927,1,928,1,1593,0]
10-19 06:08:17.922 I/sysui_multi_action( 2269): [757,0,758,1,759,0,927,2,928,0,1593,0]
10-19 06:08:17.922 I/sysui_multi_action( 2269): [757,0,758,1,759,0,927,3,928,0,1593,0]
10-19 06:08:17.922 I/sysui_multi_action( 2269): [757,491,758,1,759,491,927,4,928,0,1311,-1,1593,0]
10-19 06:08:17.922 I/sysui_multi_action( 2269): [757,0,758,1,759,0,927,5,928,0,1593,0]
10-19 06:08:17.923 I/sysui_multi_action( 2269): [757,0,758,1,759,0,927,6,1593,0]
10-19 06:08:17.923 I/sysui_multi_action( 2269): [757,114,758,1,759,114,927,7,928,0,1593,0]
10-19 06:08:17.923 I/sysui_multi_action( 2269): [757,111,758,1]
10-19 06:08:17.923 I/sysui_multi_action( 2269): [757,126,758,1,759,126,927,0,928,1,1593,0]
10-19 06:08:17.923 I/sysui_multi_action( 2269): [757,113,758,1,759,113,927,1,928,1,1593,0]
10-19 06:08:17.923 I/sysui_multi_action( 2269): [757,0,758,1,759,0,927,2,928,0,1593,0]
10-19 06:08:17.923 I/sysui_multi_action( 2269): [757,0,758,1,759,0,927,3,928,0,1593,0]
10-19 06:08:17.942 I/sysui_multi_action( 2269): [757,111,758,2]
10-19 06:08:17.942 I/notification_enqueue( 1146): [10088,2269,com.android.systemui,2048,NULL,0,Notification(channel=updateNotification shortcut=null contentView=null vibrate=null sound=null defaults=0x0 flags=0x0 color=0x00000000 vis=PRIVATE),1]
10-19 06:08:17.942 I/sysui_multi_action( 2269): [757,111,758,2]
10-19 06:08:17.949 I/sysui_multi_action( 2269): [757,111,758,1]
10-19 06:08:17.950 I/sysui_multi_action( 2269): [757,126,758,1,759,126,927,0,928,1,1593,0]
10-19 06:08:17.950 I/sysui_multi_action( 2269): [757,113,758,1,759,113,927,1,928,1,1593,0]
10-19 06:08:17.950 I/sysui_multi_action( 2269): [757,0,758,1,759,0,927,2,928,0,1593,0]
10-19 06:08:17.951 I/sysui_multi_action( 2269): [757,0,758,1,759,0,927,3,928,0,1593,0]
10-19 06:08:17.952 I/sysui_multi_action( 2269): [757,491,758,1,759,491,927,4,928,0,1311,-1,1593,0]
10-19 06:08:17.952 I/sysui_multi_action( 2269): [757,0,758,1,759,0,927,5,928,0,1593,0]
10-19 06:08:17.953 I/sysui_multi_action( 2269): [757,0,758,1,759,0,927,6,1593,0]
10-19 06:08:17.953 I/sysui_multi_action( 2269): [757,114,758,1,759,114,927,7,928,0,1593,0]
10-19 06:08:17.953 I/sysui_multi_action( 2269): [757,111,758,1]
10-19 06:08:17.954 I/sysui_multi_action( 2269): [757,126,758,1,759,126,927,0,928,1,1593,0]
10-19 06:08:17.954 I/sysui_multi_action( 2269): [757,113,758,1,759,113,927,1,928,1,1593,0]
10-19 06:08:17.954 I/sysui_multi_action( 2269): [757,0,758,1,759,0,927,2,928,0,1593,0]
10-19 06:08:17.954 I/sysui_multi_action( 2269): [757,0,758,1,759,0,927,3,928,0,1593,0]
10-19 06:08:17.969 I/notification_enqueue( 1146): [10088,2269,com.android.systemui,2048,NULL,0,Notification(channel=updateNotification shortcut=null contentView=null vibrate=null sound=null defaults=0x0 flags=0x0 color=0x00000000 vis=PRIVATE),1]
10-19 06:08:17.969 I/sysui_multi_action( 2269): [757,111,758,2]
10-19 06:08:17.970 I/sysui_multi_action( 2269): [757,111,758,2]
10-19 06:08:17.982 I/sysui_multi_action( 2269): [757,111,758,1]
10-19 06:08:17.983 I/sysui_multi_action( 2269): [757,126,758,1,759,126,927,0,928,1,1593,0]
10-19 06:08:17.983 I/sysui_multi_action( 2269): [757,113,758,1,759,113,927,1,928,1,1593,0]
10-19 06:08:17.983 I/sysui_multi_action( 2269): [757,0,758,1,759,0,927,2,928,0,1593,0]
10-19 06:08:17.984 I/sysui_multi_action( 2269): [757,0,758,1,759,0,927,3,928,0,1593,0]
10-19 06:08:17.984 I/sysui_multi_action( 2269): [757,491,758,1,759,491,927,4,928,0,1311,-1,1593,0]
10-19 06:08:17.984 I/sysui_multi_action( 2269): [757,0,758,1,759,0,927,5,928,0,1593,0]
10-19 06:08:17.985 I/sysui_multi_action( 2269): [757,0,758,1,759,0,927,6,1593,0]
10-19 06:08:17.985 I/sysui_multi_action( 2269): [757,114,758,1,759,114,927,7,928,0,1593,0]
10-19 06:08:17.985 I/sysui_multi_action( 2269): [757,111,758,1]
10-19 06:08:17.985 I/sysui_multi_action( 2269): [757,126,758,1,759,126,927,0,928,1,1593,0]
10-19 06:08:17.985 I/sysui_multi_action( 2269): [757,113,758,1,759,113,927,1,928,1,1593,0]
10-19 06:08:17.986 I/sysui_multi_action( 2269): [757,0,758,1,759,0,927,2,928,0,1593,0]
10-19 06:08:17.986 I/sysui_multi_action( 2269): [757,0,758,1,759,0,927,3,928,0,1593,0]
10-19 06:08:18.001 I/sysui_multi_action( 2269): [757,111,758,2]
10-19 06:08:18.002 I/notification_enqueue( 1146): [10088,2269,com.android.systemui,2048,NULL,0,Notification(channel=updateNotification shortcut=null contentView=null vibrate=null sound=null defaults=0x0 flags=0x0 color=0x00000000 vis=PRIVATE),1]
10-19 06:08:18.002 I/sysui_multi_action( 2269): [757,111,758,2]
10-19 06:08:18.008 I/sysui_multi_action( 2269): [757,111,758,1]
10-19 06:08:18.008 I/sysui_multi_action( 2269): [757,126,758,1,759,126,927,0,928,1,1593,0]
10-19 06:08:18.008 I/sysui_multi_action( 2269): [757,113,758,1,759,113,927,1,928,1,1593,0]
10-19 06:08:18.009 I/sysui_multi_action( 2269): [757,0,758,1,759,0,927,2,928,0,1593,0]
10-19 06:08:18.009 I/sysui_multi_action( 2269): [757,0,758,1,759,0,927,3,928,0,1593,0]
10-19 06:08:18.010 I/sysui_multi_action( 2269): [757,491,758,1,759,491,927,4,928,0,1311,-1,1593,0]
10-19 06:08:18.010 I/sysui_multi_action( 2269): [757,0,758,1,759,0,927,5,928,0,1593,0]
10-19 06:08:18.011 I/sysui_multi_action( 2269): [757,0,758,1,759,0,927,6,1593,0]
10-19 06:08:18.011 I/sysui_multi_action( 2269): [757,114,758,1,759,114,927,7,928,0,1593,0]
10-19 06:08:18.011 I/sysui_multi_action( 2269): [757,111,758,1]
10-19 06:08:18.012 I/sysui_multi_action( 2269): [757,126,758,1,759,126,927,0,928,1,1593,0]
10-19 06:08:18.012 I/sysui_multi_action( 2269): [757,113,758,1,759,113,927,1,928,1,1593,0]
10-19 06:08:18.012 I/sysui_multi_action( 2269): [757,0,758,1,759,0,927,2,928,0,1593,0]
10-19 06:08:18.013 I/sysui_multi_action( 2269): [757,0,758,1,759,0,927,3,928,0,1593,0]
10-19 06:08:18.030 I/notification_enqueue( 1146): [10088,2269,com.android.systemui,2048,NULL,0,Notification(channel=updateNotification shortcut=null contentView=null vibrate=null sound=null defaults=0x0 flags=0x0 color=0x00000000 vis=PRIVATE),1]
10-19 06:08:18.030 I/sysui_multi_action( 2269): [757,111,758,2]
10-19 06:08:18.030 I/sysui_multi_action( 2269): [757,111,758,2]
10-19 06:08:18.038 I/sysui_multi_action( 2269): [757,111,758,1]
10-19 06:08:18.039 I/sysui_multi_action( 2269): [757,126,758,1,759,126,927,0,928,1,1593,0]
10-19 06:08:18.039 I/sysui_multi_action( 2269): [757,113,758,1,759,113,927,1,928,1,1593,0]
10-19 06:08:18.039 I/sysui_multi_action( 2269): [757,0,758,1,759,0,927,2,928,0,1593,0]
10-19 06:08:18.039 I/sysui_multi_action( 2269): [757,0,758,1,759,0,927,3,928,0,1593,0]
10-19 06:08:18.040 I/sysui_multi_action( 2269): [757,491,758,1,759,491,927,4,928,0,1311,-1,1593,0]
10-19 06:08:18.040 I/sysui_multi_action( 2269): [757,0,758,1,759,0,927,5,928,0,1593,0]
10-19 06:08:18.040 I/sysui_multi_action( 2269): [757,0,758,1,759,0,927,6,1593,0]
10-19 06:08:18.040 I/sysui_multi_action( 2269): [757,114,758,1,759,114,927,7,928,0,1593,0]
10-19 06:08:18.041 I/sysui_multi_action( 2269): [757,111,758,1]
10-19 06:08:18.041 I/sysui_multi_action( 2269): [757,126,758,1,759,126,927,0,928,1,1593,0]
10-19 06:08:18.041 I/sysui_multi_action( 2269): [757,113,758,1,759,113,927,1,928,1,1593,0]
10-19 06:08:18.041 I/sysui_multi_action( 2269): [757,0,758,1,759,0,927,2,928,0,1593,0]
10-19 06:08:18.041 I/sysui_multi_action( 2269): [757,0,758,1,759,0,927,3,928,0,1593,0]
10-19 06:08:18.059 I/notification_enqueue( 1146): [10088,2269,com.android.systemui,2048,NULL,0,Notification(channel=updateNotification shortcut=null contentView=null vibrate=null sound=null defaults=0x0 flags=0x0 color=0x00000000 vis=PRIVATE),1]
10-19 06:08:18.059 I/sysui_multi_action( 2269): [757,111,758,2]
10-19 06:08:18.060 I/sysui_multi_action( 2269): [757,111,758,2]
10-19 06:08:18.066 I/sysui_multi_action( 2269): [757,111,758,1]
10-19 06:08:18.067 I/sysui_multi_action( 2269): [757,126,758,1,759,126,927,0,928,1,1593,0]
10-19 06:08:18.067 I/sysui_multi_action( 2269): [757,113,758,1,759,113,927,1,928,1,1593,0]
10-19 06:08:18.067 I/sysui_multi_action( 2269): [757,0,758,1,759,0,927,2,928,0,1593,0]
10-19 06:08:18.068 I/sysui_multi_action( 2269): [757,0,758,1,759,0,927,3,928,0,1593,0]
10-19 06:08:18.070 I/sysui_multi_action( 2269): [757,491,758,1,759,491,927,4,928,0,1311,-1,1593,0]
10-19 06:08:18.071 I/sysui_multi_action( 2269): [757,0,758,1,759,0,927,5,928,0,1593,0]
10-19 06:08:18.071 I/sysui_multi_action( 2269): [757,0,758,1,759,0,927,6,1593,0]
10-19 06:08:18.071 I/sysui_multi_action( 2269): [757,114,758,1,759,114,927,7,928,0,1593,0]
10-19 06:08:18.072 I/sysui_multi_action( 2269): [757,111,758,1]
10-19 06:08:18.072 I/sysui_multi_action( 2269): [757,126,758,1,759,126,927,0,928,1,1593,0]
10-19 06:08:18.072 I/sysui_multi_action( 2269): [757,113,758,1,759,113,927,1,928,1,1593,0]
10-19 06:08:18.072 I/sysui_multi_action( 2269): [757,0,758,1,759,0,927,2,928,0,1593,0]
10-19 06:08:18.073 I/sysui_multi_action( 2269): [757,0,758,1,759,0,927,3,928,0,1593,0]
10-19 06:08:18.105 I/notification_enqueue( 1146): [10088,2269,com.android.systemui,2048,NULL,0,Notification(channel=updateNotification shortcut=null contentView=null vibrate=null sound=null defaults=0x0 flags=0x0 color=0x00000000 vis=PRIVATE),1]
10-19 06:08:18.106 I/sysui_multi_action( 2269): [757,111,758,2]
10-19 06:08:18.106 I/sysui_multi_action( 2269): [757,111,758,2]
10-19 06:08:18.115 I/sysui_multi_action( 2269): [757,111,758,1]
10-19 06:08:18.116 I/sysui_multi_action( 2269): [757,126,758,1,759,126,927,0,928,1,1593,0]
10-19 06:08:18.116 I/sysui_multi_action( 2269): [757,113,758,1,759,113,927,1,928,1,1593,0]
10-19 06:08:18.116 I/sysui_multi_action( 2269): [757,0,758,1,759,0,927,2,928,0,1593,0]
10-19 06:08:18.117 I/sysui_multi_action( 2269): [757,0,758,1,759,0,927,3,928,0,1593,0]
10-19 06:08:18.118 I/sysui_multi_action( 2269): [757,491,758,1,759,491,927,4,928,0,1311,-1,1593,0]
10-19 06:08:18.118 I/sysui_multi_action( 2269): [757,0,758,1,759,0,927,5,928,0,1593,0]
10-19 06:08:18.118 I/sysui_multi_action( 2269): [757,0,758,1,759,0,927,6,1593,0]
10-19 06:08:18.118 I/sysui_multi_action( 2269): [757,114,758,1,759,114,927,7,928,0,1593,0]
10-19 06:08:18.119 I/sysui_multi_action( 2269): [757,111,758,1]
10-19 06:08:18.119 I/sysui_multi_action( 2269): [757,126,758,1,759,126,927,0,928,1,1593,0]
10-19 06:08:18.120 I/sysui_multi_action( 2269): [757,113,758,1,759,113,927,1,928,1,1593,0]
10-19 06:08:18.120 I/sysui_multi_action( 2269): [757,0,758,1,759,0,927,2,928,0,1593,0]
10-19 06:08:18.120 I/sysui_multi_action( 2269): [757,0,758,1,759,0,927,3,928,0,1593,0]
10-19 06:08:18.413 I/sysui_multi_action( 1146): [757,128,758,1,793,16943230,794,0,795,16943230,796,26,798,0,806,android,857,DEVELOPER_IMPORTANT,858,4,947,0,1395,5,1500,16943230,1688,1]
10-19 06:08:18.413 I/sysui_multi_action( 1146): [757,804,799,note_freshness,801,16943230,802,1]
10-19 06:08:18.413 I/notification_visibility( 1146): [-1|android|26|null|1000,1,16943230,16943230,0,0]
10-19 06:08:18.414 I/sysui_multi_action( 1146): [757,128,758,1,793,5960162,794,0,795,115325,796,17303299,797,com.android.wifi,798,2,806,android,857,NETWORK_AVAILABLE,858,2,947,0,1395,5,1500,3489,1688,1]
10-19 06:08:18.414 I/sysui_multi_action( 1146): [757,1501,758,1,793,5960163,794,1,795,115326,796,17303299,797,com.android.wifi,806,android,857,NETWORK_AVAILABLE,858,2,947,0,1500,0,1688,1]
10-19 06:08:18.414 I/sysui_multi_action( 1146): [757,804,799,note_interruptive,801,0,802,1]
10-19 06:08:18.414 I/sysui_multi_action( 1146): [757,804,799,note_freshness,801,115325,802,1]
10-19 06:08:18.414 I/notification_visibility( 1146): [0|android|17303299|com.android.wifi|1000,1,5960162,115325,0,2]
10-19 06:08:18.415 I/sysui_multi_action( 1146): [757,128,758,1,793,3092588,794,0,795,3092588,796,4273,798,1,806,com.android.systemui,857,screen_record,858,3,947,0,1395,5,1500,3092386,1688,1,1745,680407814]
10-19 06:08:18.415 I/sysui_multi_action( 1146): [757,804,799,note_freshness,801,3092588,802,1]
10-19 06:08:18.415 I/notification_visibility( 1146): [0|com.android.systemui|4273|null|10088,1,3092588,3092588,0,1]
10-19 06:08:18.415 I/sysui_multi_action( 1146): [757,128,758,1,793,16943137,794,0,795,16943137,796,55,798,3,806,android,857,DEVELOPER,858,2,947,0,1395,5,1500,16943137,1688,1]
10-19 06:08:18.415 I/sysui_multi_action( 1146): [757,804,799,note_freshness,801,16943137,802,1]
10-19 06:08:18.416 I/notification_visibility( 1146): [-1|android|55|null|1000,1,16943137,16943137,0,3]
10-19 06:08:18.416 I/sysui_multi_action( 1146): [757,128,758,1,793,16944392,794,0,795,16944392,796,32,798,4,806,android,857,USB,858,1,947,0,1395,5,1500,16943656,1688,1]
10-19 06:08:18.416 I/sysui_multi_action( 1146): [757,804,799,note_freshness,801,16944392,802,1]
10-19 06:08:18.416 I/notification_visibility( 1146): [-1|android|32|null|1000,1,16944392,16944392,0,4]
10-19 06:08:18.939 I/input_interaction( 1146): Interaction with: f3a6fce NotificationShade (server), edge-swipe (server), swipe-up (server), PointerEventDispatcher0 (server),
10-19 06:08:18.942 I/liblog (13217): 9
10-19 06:08:18.942 I/liblog (13217): 1
10-19 06:08:18.942 I/liblog (13217): 2
10-19 06:08:18.942 I/liblog (13217): 1
10-19 06:08:18.942 I/liblog (13217): 2
10-19 06:08:18.942 I/liblog (13217): 1
10-19 06:08:18.942 I/liblog (13217): 1
10-19 06:08:18.942 I/liblog (13217): 1
10-19 06:08:18.942 I/liblog (13217): 1
10-19 06:08:18.942 I/liblog (13217): 1
10-19 06:08:18.942 I/liblog (13217): 1
10-19 06:08:18.942 I/liblog (13217): 1
10-19 06:08:18.943 I/liblog (13217): 11
10-19 06:08:18.943 I/liblog (13217): 1
10-19 06:08:18.943 I/liblog (13217): 1
10-19 06:08:18.943 I/liblog (13217): 1
10-19 06:08:18.943 I/liblog (13217): 1
10-19 06:08:18.943 I/liblog (13217): 1
10-19 06:08:18.943 I/liblog (13217): 1
10-19 06:08:18.943 I/liblog (13217): 2
10-19 06:08:18.943 I/liblog (13217): 2
10-19 06:08:18.943 I/liblog (13217): 4
10-19 06:08:18.943 I/liblog (13217): 14
10-19 06:08:18.944 I/liblog (13217): 1
10-19 06:08:18.944 I/liblog (13217): 1
10-19 06:08:18.944 I/liblog (13217): 1
10-19 06:08:18.944 I/liblog (13217): 1
10-19 06:08:18.944 I/liblog (13217): 1
10-19 06:08:18.944 I/liblog (13217): 10
10-19 06:08:18.944 I/liblog (13217): 15
10-19 06:08:18.945 I/liblog (13217): 43
10-19 06:08:18.945 I/liblog (13217): 1
10-19 06:08:18.946 I/liblog (13217): 96
10-19 06:08:18.947 I/liblog (13217): 1
10-19 06:08:18.947 I/liblog (13217): 1
10-19 06:08:18.947 I/liblog (13217): 1
10-19 06:08:19.533 I/dropbox_file_copy( 1146): [/data/tombstones/tombstone_06,98304,SYSTEM_TOMBSTONE]
10-19 06:08:19.542 I/commit_sys_config_file( 1146): [log-files,16955991]
10-19 06:08:19.562 I/commit_sys_config_file( 1146): [log-files,16956010]
10-19 06:08:22.353 I/view_enqueue_input_event( 2269): [Motion - Cancel,NotificationShade]
10-19 06:08:22.353 I/input_interaction( 1146): Interaction with: edge-swipe (server), swipe-up (server), PointerEventDispatcher0 (server),
10-19 06:08:22.555 I/sysui_multi_action( 1146): [757,803,799,key_back_press,802,1]
10-19 06:08:22.557 I/input_interaction( 1146): Interaction with: f3a6fce NotificationShade (server), PointerEventDispatcher0 (server),
10-19 06:08:22.588 I/input_focus( 1146): [Focus request a926fae com.android.launcher3/com.android.launcher3.uioverrides.QuickstepLauncher,reason=UpdateInputWindows]
10-19 06:08:22.615 I/input_focus( 1146): [Focus leaving f3a6fce NotificationShade (server),reason=NOT_FOCUSABLE]
10-19 06:08:22.615 I/input_focus( 1146): [Focus entering a926fae com.android.launcher3/com.android.launcher3.uioverrides.QuickstepLauncher (server),reason=setFocusedWindow]
10-19 06:08:22.812 I/notification_enqueue( 1146): [10088,2269,com.android.systemui,2048,NULL,0,Notification(channel=updateNotification shortcut=null contentView=null vibrate=null sound=null defaults=0x0 flags=0x0 color=0x00000000 vis=PRIVATE),1]
10-19 06:08:22.812 I/sysui_multi_action( 2269): [757,111,758,2]
10-19 06:08:22.813 I/sysui_multi_action( 2269): [757,111,758,2]
10-19 06:08:22.819 I/sysui_multi_action( 2269): [757,111,758,1]
10-19 06:08:22.820 I/sysui_multi_action( 2269): [757,126,758,1,759,126,927,0,928,1,1593,1]
10-19 06:08:22.820 I/sysui_multi_action( 2269): [757,113,758,1,759,113,927,1,928,1,1593,1]
10-19 06:08:22.821 I/sysui_multi_action( 2269): [757,0,758,1,759,0,927,2,928,0,1593,1]
10-19 06:08:22.821 I/sysui_multi_action( 2269): [757,0,758,1,759,0,927,3,928,0,1593,1]
10-19 06:08:22.822 I/sysui_multi_action( 2269): [757,491,758,1,759,491,927,4,928,0,1311,-1,1593,0]
10-19 06:08:22.822 I/sysui_multi_action( 2269): [757,0,758,1,759,0,927,5,928,0,1593,0]
10-19 06:08:22.823 I/sysui_multi_action( 2269): [757,0,758,1,759,0,927,6,1593,0]
10-19 06:08:22.823 I/sysui_multi_action( 2269): [757,114,758,1,759,114,927,7,928,0,1593,0]
10-19 06:08:22.823 I/sysui_multi_action( 2269): [757,111,758,1]
10-19 06:08:22.824 I/sysui_multi_action( 2269): [757,126,758,1,759,126,927,0,928,1,1593,1]
10-19 06:08:22.824 I/sysui_multi_action( 2269): [757,113,758,1,759,113,927,1,928,1,1593,1]
10-19 06:08:22.824 I/sysui_multi_action( 2269): [757,0,758,1,759,0,927,2,928,0,1593,1]
10-19 06:08:22.825 I/sysui_multi_action( 2269): [757,0,758,1,759,0,927,3,928,0,1593,1]
10-19 06:08:22.840 I/notification_enqueue( 1146): [10088,2269,com.android.systemui,2048,NULL,0,Notification(channel=updateNotification shortcut=null contentView=null vibrate=null sound=null defaults=0x0 flags=0x0 color=0x00000000 vis=PRIVATE),1]
10-19 06:08:22.840 I/sysui_multi_action( 2269): [757,111,758,2]
10-19 06:08:22.841 I/sysui_multi_action( 2269): [757,111,758,2]
10-19 06:08:22.849 I/sysui_multi_action( 2269): [757,111,758,1]
10-19 06:08:22.849 I/sysui_multi_action( 2269): [757,126,758,1,759,126,927,0,928,1,1593,1]
10-19 06:08:22.850 I/sysui_multi_action( 2269): [757,113,758,1,759,113,927,1,928,1,1593,1]
10-19 06:08:22.850 I/sysui_multi_action( 2269): [757,0,758,1,759,0,927,2,928,0,1593,1]
10-19 06:08:22.850 I/sysui_multi_action( 2269): [757,0,758,1,759,0,927,3,928,0,1593,1]
10-19 06:08:22.851 I/sysui_multi_action( 2269): [757,491,758,1,759,491,927,4,928,0,1311,-1,1593,0]
10-19 06:08:22.852 I/sysui_multi_action( 2269): [757,0,758,1,759,0,927,5,928,0,1593,0]
10-19 06:08:22.852 I/sysui_multi_action( 2269): [757,0,758,1,759,0,927,6,1593,0]
10-19 06:08:22.853 I/sysui_multi_action( 2269): [757,114,758,1,759,114,927,7,928,0,1593,0]
10-19 06:08:22.853 I/sysui_multi_action( 2269): [757,111,758,1]
10-19 06:08:22.853 I/sysui_multi_action( 2269): [757,126,758,1,759,126,927,0,928,1,1593,1]
10-19 06:08:22.853 I/sysui_multi_action( 2269): [757,113,758,1,759,113,927,1,928,1,1593,1]
10-19 06:08:22.853 I/sysui_multi_action( 2269): [757,0,758,1,759,0,927,2,928,0,1593,1]
10-19 06:08:22.853 I/sysui_multi_action( 2269): [757,0,758,1,759,0,927,3,928,0,1593,1]
10-19 06:08:22.864 I/sysui_multi_action( 2269): [757,111,758,2]
10-19 06:08:22.865 I/sysui_multi_action( 2269): [757,111,758,2]
10-19 06:08:22.865 I/notification_enqueue( 1146): [10088,2269,com.android.systemui,2048,NULL,0,Notification(channel=updateNotification shortcut=null contentView=null vibrate=null sound=null defaults=0x0 flags=0x0 color=0x00000000 vis=PRIVATE),1]
10-19 06:08:22.870 I/sysui_multi_action( 2269): [757,111,758,1]
10-19 06:08:22.870 I/sysui_multi_action( 2269): [757,126,758,1,759,126,927,0,928,1,1593,0]
10-19 06:08:22.871 I/sysui_multi_action( 2269): [757,113,758,1,759,113,927,1,928,1,1593,0]
10-19 06:08:22.871 I/sysui_multi_action( 2269): [757,0,758,1,759,0,927,2,928,0,1593,0]
10-19 06:08:22.871 I/sysui_multi_action( 2269): [757,0,758,1,759,0,927,3,928,0,1593,0]
10-19 06:08:22.872 I/sysui_multi_action( 2269): [757,491,758,1,759,491,927,4,928,0,1311,-1,1593,0]
10-19 06:08:22.872 I/sysui_multi_action( 2269): [757,0,758,1,759,0,927,5,928,0,1593,0]
10-19 06:08:22.873 I/sysui_multi_action( 2269): [757,0,758,1,759,0,927,6,1593,0]
10-19 06:08:22.873 I/sysui_multi_action( 2269): [757,114,758,1,759,114,927,7,928,0,1593,0]
10-19 06:08:22.873 I/sysui_multi_action( 2269): [757,111,758,1]
10-19 06:08:22.873 I/sysui_multi_action( 2269): [757,126,758,1,759,126,927,0,928,1,1593,0]
10-19 06:08:22.874 I/sysui_multi_action( 2269): [757,113,758,1,759,113,927,1,928,1,1593,0]
10-19 06:08:22.874 I/sysui_multi_action( 2269): [757,0,758,1,759,0,927,2,928,0,1593,0]
10-19 06:08:22.874 I/sysui_multi_action( 2269): [757,0,758,1,759,0,927,3,928,0,1593,0]
10-19 06:08:22.890 I/sysui_multi_action( 2269): [757,111,758,2]
10-19 06:08:22.890 I/notification_enqueue( 1146): [10088,2269,com.android.systemui,2048,NULL,0,Notification(channel=updateNotification shortcut=null contentView=null vibrate=null sound=null defaults=0x0 flags=0x0 color=0x00000000 vis=PRIVATE),1]
10-19 06:08:22.891 I/sysui_multi_action( 2269): [757,111,758,2]
10-19 06:08:22.896 I/sysui_multi_action( 2269): [757,111,758,1]
10-19 06:08:22.897 I/sysui_multi_action( 2269): [757,126,758,1,759,126,927,0,928,1,1593,1]
10-19 06:08:22.897 I/sysui_multi_action( 2269): [757,113,758,1,759,113,927,1,928,1,1593,1]
10-19 06:08:22.897 I/sysui_multi_action( 2269): [757,0,758,1,759,0,927,2,928,0,1593,1]
10-19 06:08:22.897 I/sysui_multi_action( 2269): [757,0,758,1,759,0,927,3,928,0,1593,0]
10-19 06:08:22.898 I/sysui_multi_action( 2269): [757,491,758,1,759,491,927,4,928,0,1311,-1,1593,1]
10-19 06:08:22.898 I/sysui_multi_action( 2269): [757,0,758,1,759,0,927,5,928,0,1593,0]
10-19 06:08:22.898 I/sysui_multi_action( 2269): [757,0,758,1,759,0,927,6,1593,1]
10-19 06:08:22.899 I/sysui_multi_action( 2269): [757,114,758,1,759,114,927,7,928,0,1593,0]
10-19 06:08:22.899 I/sysui_multi_action( 2269): [757,111,758,1]
10-19 06:08:22.899 I/sysui_multi_action( 2269): [757,126,758,1,759,126,927,0,928,1,1593,0]
10-19 06:08:22.899 I/sysui_multi_action( 2269): [757,113,758,1,759,113,927,1,928,1,1593,0]
10-19 06:08:22.899 I/sysui_multi_action( 2269): [757,0,758,1,759,0,927,2,928,0,1593,0]
10-19 06:08:22.900 I/sysui_multi_action( 2269): [757,0,758,1,759,0,927,3,928,0,1593,0]
10-19 06:08:22.911 I/sysui_multi_action( 2269): [757,111,758,2]
10-19 06:08:22.911 I/notification_enqueue( 1146): [10088,2269,com.android.systemui,2048,NULL,0,Notification(channel=updateNotification shortcut=null contentView=null vibrate=null sound=null defaults=0x0 flags=0x0 color=0x00000000 vis=PRIVATE),1]
10-19 06:08:22.912 I/sysui_multi_action( 2269): [757,111,758,2]
10-19 06:08:22.919 I/sysui_multi_action( 2269): [757,111,758,1]
10-19 06:08:22.920 I/sysui_multi_action( 2269): [757,126,758,1,759,126,927,0,928,1,1593,1]
10-19 06:08:22.920 I/sysui_multi_action( 2269): [757,113,758,1,759,113,927,1,928,1,1593,1]
10-19 06:08:22.920 I/sysui_multi_action( 2269): [757,0,758,1,759,0,927,2,928,0,1593,1]
10-19 06:08:22.921 I/sysui_multi_action( 2269): [757,0,758,1,759,0,927,3,928,0,1593,1]
10-19 06:08:22.922 I/sysui_multi_action( 2269): [757,491,758,1,759,491,927,4,928,0,1311,-1,1593,1]
10-19 06:08:22.922 I/sysui_multi_action( 2269): [757,0,758,1,759,0,927,5,928,0,1593,1]
10-19 06:08:22.922 I/sysui_multi_action( 2269): [757,0,758,1,759,0,927,6,1593,1]
10-19 06:08:22.922 I/sysui_multi_action( 2269): [757,114,758,1,759,114,927,7,928,0,1593,1]
10-19 06:08:22.923 I/sysui_multi_action( 2269): [757,111,758,1]
10-19 06:08:22.923 I/sysui_multi_action( 2269): [757,126,758,1,759,126,927,0,928,1,1593,1]
10-19 06:08:22.923 I/sysui_multi_action( 2269): [757,113,758,1,759,113,927,1,928,1,1593,1]
10-19 06:08:22.923 I/sysui_multi_action( 2269): [757,0,758,1,759,0,927,2,928,0,1593,1]
10-19 06:08:22.923 I/sysui_multi_action( 2269): [757,0,758,1,759,0,927,3,928,0,1593,1]
10-19 06:08:22.942 I/notification_enqueue( 1146): [10088,2269,com.android.systemui,2048,NULL,0,Notification(channel=updateNotification shortcut=null contentView=null vibrate=null sound=null defaults=0x0 flags=0x0 color=0x00000000 vis=PRIVATE),1]
10-19 06:08:22.942 I/sysui_multi_action( 2269): [757,111,758,2]
10-19 06:08:22.943 I/sysui_multi_action( 2269): [757,111,758,2]
10-19 06:08:22.948 I/sysui_multi_action( 2269): [757,111,758,1]
10-19 06:08:22.949 I/sysui_multi_action( 2269): [757,126,758,1,759,126,927,0,928,1,1593,1]
10-19 06:08:22.949 I/sysui_multi_action( 2269): [757,113,758,1,759,113,927,1,928,1,1593,1]
10-19 06:08:22.949 I/sysui_multi_action( 2269): [757,0,758,1,759,0,927,2,928,0,1593,1]
10-19 06:08:22.950 I/sysui_multi_action( 2269): [757,0,758,1,759,0,927,3,928,0,1593,1]
10-19 06:08:22.951 I/sysui_multi_action( 2269): [757,491,758,1,759,491,927,4,928,0,1311,-1,1593,1]
10-19 06:08:22.951 I/sysui_multi_action( 2269): [757,0,758,1,759,0,927,5,928,0,1593,1]
10-19 06:08:22.951 I/sysui_multi_action( 2269): [757,0,758,1,759,0,927,6,1593,1]
10-19 06:08:22.952 I/sysui_multi_action( 2269): [757,114,758,1,759,114,927,7,928,0,1593,1]
10-19 06:08:22.952 I/sysui_multi_action( 2269): [757,111,758,1]
10-19 06:08:22.952 I/sysui_multi_action( 2269): [757,126,758,1,759,126,927,0,928,1,1593,1]
10-19 06:08:22.952 I/sysui_multi_action( 2269): [757,113,758,1,759,113,927,1,928,1,1593,0]
10-19 06:08:22.952 I/sysui_multi_action( 2269): [757,0,758,1,759,0,927,2,928,0,1593,0]
10-19 06:08:22.953 I/sysui_multi_action( 2269): [757,0,758,1,759,0,927,3,928,0,1593,0]
10-19 06:08:22.968 I/sysui_multi_action( 2269): [757,111,758,2]
10-19 06:08:22.969 I/sysui_multi_action( 2269): [757,111,758,2]
10-19 06:08:22.969 I/notification_enqueue( 1146): [10088,2269,com.android.systemui,2048,NULL,0,Notification(channel=updateNotification shortcut=null contentView=null vibrate=null sound=null defaults=0x0 flags=0x0 color=0x00000000 vis=PRIVATE),1]
10-19 06:08:22.974 I/sysui_multi_action( 2269): [757,111,758,1]
10-19 06:08:22.974 I/sysui_multi_action( 2269): [757,126,758,1,759,126,927,0,928,1,1593,1]
10-19 06:08:22.975 I/sysui_multi_action( 2269): [757,113,758,1,759,113,927,1,928,1,1593,1]
10-19 06:08:22.975 I/sysui_multi_action( 2269): [757,0,758,1,759,0,927,2,928,0,1593,1]
10-19 06:08:22.975 I/sysui_multi_action( 2269): [757,0,758,1,759,0,927,3,928,0,1593,1]
10-19 06:08:22.976 I/sysui_multi_action( 2269): [757,491,758,1,759,491,927,4,928,0,1311,-1,1593,1]
10-19 06:08:22.977 I/sysui_multi_action( 2269): [757,0,758,1,759,0,927,5,928,0,1593,1]
10-19 06:08:22.977 I/sysui_multi_action( 2269): [757,0,758,1,759,0,927,6,1593,1]
10-19 06:08:22.977 I/sysui_multi_action( 2269): [757,114,758,1,759,114,927,7,928,0,1593,1]
10-19 06:08:22.977 I/sysui_multi_action( 2269): [757,111,758,1]
10-19 06:08:22.977 I/sysui_multi_action( 2269): [757,126,758,1,759,126,927,0,928,1,1593,1]
10-19 06:08:22.978 I/sysui_multi_action( 2269): [757,113,758,1,759,113,927,1,928,1,1593,1]
10-19 06:08:22.978 I/sysui_multi_action( 2269): [757,0,758,1,759,0,927,2,928,0,1593,1]
10-19 06:08:22.978 I/sysui_multi_action( 2269): [757,0,758,1,759,0,927,3,928,0,1593,1]
10-19 06:08:22.994 I/notification_enqueue( 1146): [10088,2269,com.android.systemui,2048,NULL,0,Notification(channel=updateNotification shortcut=null contentView=null vibrate=null sound=null defaults=0x0 flags=0x0 color=0x00000000 vis=PRIVATE),1]
10-19 06:08:22.995 I/sysui_multi_action( 2269): [757,111,758,2]
10-19 06:08:22.995 I/sysui_multi_action( 2269): [757,111,758,2]
10-19 06:08:23.003 I/sysui_multi_action( 2269): [757,111,758,1]
10-19 06:08:23.003 I/sysui_multi_action( 2269): [757,126,758,1,759,126,927,0,928,1,1593,1]
10-19 06:08:23.004 I/sysui_multi_action( 2269): [757,113,758,1,759,113,927,1,928,1,1593,1]
10-19 06:08:23.004 I/sysui_multi_action( 2269): [757,0,758,1,759,0,927,2,928,0,1593,1]
10-19 06:08:23.005 I/sysui_multi_action( 2269): [757,0,758,1,759,0,927,3,928,0,1593,1]
10-19 06:08:23.006 I/sysui_multi_action( 2269): [757,491,758,1,759,491,927,4,928,0,1311,-1,1593,1]
10-19 06:08:23.006 I/sysui_multi_action( 2269): [757,0,758,1,759,0,927,5,928,0,1593,1]
10-19 06:08:23.006 I/sysui_multi_action( 2269): [757,0,758,1,759,0,927,6,1593,1]
10-19 06:08:23.007 I/sysui_multi_action( 2269): [757,114,758,1,759,114,927,7,928,0,1593,1]
10-19 06:08:23.007 I/sysui_multi_action( 2269): [757,111,758,1]
10-19 06:08:23.008 I/sysui_multi_action( 2269): [757,126,758,1,759,126,927,0,928,1,1593,1]
10-19 06:08:23.008 I/sysui_multi_action( 2269): [757,113,758,1,759,113,927,1,928,1,1593,1]
10-19 06:08:23.008 I/sysui_multi_action( 2269): [757,0,758,1,759,0,927,2,928,0,1593,1]
10-19 06:08:23.008 I/sysui_multi_action( 2269): [757,0,758,1,759,0,927,3,928,0,1593,1]
10-19 06:08:23.025 I/notification_enqueue( 1146): [10088,2269,com.android.systemui,2048,NULL,0,Notification(channel=updateNotification shortcut=null contentView=null vibrate=null sound=null defaults=0x0 flags=0x0 color=0x00000000 vis=PRIVATE),1]
10-19 06:08:23.025 I/sysui_multi_action( 2269): [757,111,758,2]
10-19 06:08:23.025 I/sysui_multi_action( 2269): [757,111,758,2]
10-19 06:08:23.032 I/sysui_multi_action( 2269): [757,111,758,1]
10-19 06:08:23.033 I/sysui_multi_action( 2269): [757,126,758,1,759,126,927,0,928,1,1593,1]
10-19 06:08:23.033 I/sysui_multi_action( 2269): [757,113,758,1,759,113,927,1,928,1,1593,1]
10-19 06:08:23.033 I/sysui_multi_action( 2269): [757,0,758,1,759,0,927,2,928,0,1593,1]
10-19 06:08:23.034 I/sysui_multi_action( 2269): [757,0,758,1,759,0,927,3,928,0,1593,1]
10-19 06:08:23.034 I/sysui_multi_action( 2269): [757,491,758,1,759,491,927,4,928,0,1311,-1,1593,1]
10-19 06:08:23.035 I/sysui_multi_action( 2269): [757,0,758,1,759,0,927,5,928,0,1593,1]
10-19 06:08:23.035 I/sysui_multi_action( 2269): [757,0,758,1,759,0,927,6,1593,1]
10-19 06:08:23.035 I/sysui_multi_action( 2269): [757,114,758,1,759,114,927,7,928,0,1593,1]
10-19 06:08:23.036 I/sysui_multi_action( 2269): [757,111,758,1]
10-19 06:08:23.036 I/sysui_multi_action( 2269): [757,126,758,1,759,126,927,0,928,1,1593,1]
10-19 06:08:23.036 I/sysui_multi_action( 2269): [757,113,758,1,759,113,927,1,928,1,1593,1]
10-19 06:08:23.036 I/sysui_multi_action( 2269): [757,0,758,1,759,0,927,2,928,0,1593,1]
10-19 06:08:23.037 I/sysui_multi_action( 2269): [757,0,758,1,759,0,927,3,928,0,1593,1]
10-19 06:08:23.061 I/notification_enqueue( 1146): [10088,2269,com.android.systemui,2048,NULL,0,Notification(channel=updateNotification shortcut=null contentView=null vibrate=null sound=null defaults=0x0 flags=0x0 color=0x00000000 vis=PRIVATE),1]
