10-19 06:11:25.895 F/DEBUG (13613): #09 pc 000000000004cdf0 /apex/com.android.vndk.v30/lib64/libhidlbase.so (android::hardware::PassthroughServiceManager::openLibs(std::__1::basic_string, std::__1::allocator > const&, std::__1::function, std::__1::allocator > const&, std::__1::basic_string, std::__1::allocator > const&)> const&)+944) (BuildId: fc3e2389a057aeefafa6557f6d78a06b)
10-19 06:11:25.895 F/DEBUG (13613): #10 pc 00000000000502a0 /apex/com.android.vndk.v30/lib64/libhidlbase.so (android::hardware::PassthroughServiceManager::get(android::hardware::hidl_string const&, android::hardware::hidl_string const&)+92) (BuildId: fc3e2389a057aeefafa6557f6d78a06b)
10-19 06:11:25.895 F/DEBUG (13613): #11 pc 000000000004dd8c /apex/com.android.vndk.v30/lib64/libhidlbase.so (android::hardware::details::getRawServiceInternal(std::__1::basic_string, std::__1::allocator > const&, std::__1::basic_string, std::__1::allocator > const&, bool, bool)+1488) (BuildId: fc3e2389a057aeefafa6557f6d78a06b)
10-19 06:11:25.896 F/DEBUG (13613): #12 pc 000000000004b91c /apex/com.android.vndk.v30/lib64/libhidlbase.so (android::hardware::details::registerPassthroughServiceImplementation(std::__1::basic_string, std::__1::allocator > const&, std::__1::basic_string, std::__1::allocator > const&, std::__1::function const&, std::__1::basic_string, std::__1::allocator > const&)>, std::__1::basic_string, std::__1::allocator > const&)+80) (BuildId: fc3e2389a057aeefafa6557f6d78a06b)
10-19 06:11:25.896 F/DEBUG (13613): #13 pc 000000000004bc9c /apex/com.android.vndk.v30/lib64/libhidlbase.so (android::hardware::registerPassthroughServiceImplementation(std::__1::basic_string, std::__1::allocator > const&, std::__1::basic_string, std::__1::allocator > const&, std::__1::basic_string, std::__1::allocator > const&)+56) (BuildId: fc3e2389a057aeefafa6557f6d78a06b)
10-19 06:11:25.896 F/DEBUG (13613): #14 pc 0000000000001130 /vendor/bin/hw/android.hardware.camera.provider@2.4-service_64 (main.cfi+196) (BuildId: a1ba6e409ca848af1f0b7c62860af7da)
10-19 06:11:25.896 F/DEBUG (13613): #15 pc 000000000004a084 /apex/com.android.runtime/lib64/bionic/libc.so (__libc_init+100) (BuildId: 369edc656806aeaf384cbeb8f7a347af)
10-19 06:11:25.945 W/NativeCrashListener( 1146): Couldn't find ProcessRecord for pid 13609
10-19 06:11:25.945 E/crash_dump64(13613): AM data write failed: Broken pipe
10-19 06:11:25.948 E/tombstoned( 639): Tombstone written to: tombstone_11
10-19 06:11:25.960 I/BootReceiver( 1146): Copying /data/tombstones/tombstone_11 to DropBox (SYSTEM_TOMBSTONE)
10-19 06:11:25.961 I/DropBoxManagerService( 1146): add tag=SYSTEM_TOMBSTONE isTagEnabled=true flags=0x6
10-19 06:11:25.972 I/dropbox_file_copy( 1146): [/data/tombstones/tombstone_11,98304,SYSTEM_TOMBSTONE]
01-01 12:58:50.968 I/init ( 0): Untracked pid 13613 exited with status 0
01-01 12:58:50.974 I/init ( 0): Service 'vendor.camera-provider-2-4' (pid 13609) received signal 6
01-01 12:58:50.982 I/init ( 0): Sending signal 9 to service 'vendor.camera-provider-2-4' (pid 13609) process group...
10-19 06:11:26.002 I/commit_sys_config_file( 1146): [log-files,17142451]
10-19 06:11:26.004 E/NativeTombstoneManager( 1146): Tombstone's UID (1047) not an app, ignoring
10-19 06:11:26.005 I/DropBoxManagerService( 1146): add tag=SYSTEM_TOMBSTONE_PROTO isTagEnabled=true flags=0x4
01-01 12:58:51.004 I/libprocessgroup( 0): Successfully killed process cgroup uid 1047 pid 13609 in 11ms
10-19 06:11:26.025 I/commit_sys_config_file( 1146): [log-files,17142474]
01-01 12:58:51.017 I/init ( 0): Untracked pid 13615 exited with status 0
01-01 12:58:51.494 D/ ( 0): mv2112_read_status
01-01 12:58:51.497 D/mv2112_update_link( 0): 3.0x901(1G): 0x80
01-01 12:58:51.503 D/mv2112_update_link( 0): 3.0x8109(100M): 0x0
01-01 12:58:51.508 D/mv2112_update_link( 0): link 0x0
01-01 12:58:51.512 D/mv2112_read_status( 0): autoneg is disabled
10-19 06:11:26.863 I/mpu_uart( 658): [MSG-P:RECV]:No message received in 1000 ms
01-01 12:58:51.945 I/msm_vidc( 0): err : ffffffff: .....: DBLP Set: status 0
10-19 06:11:27.406 E/TaskPersister( 1146): File error accessing recents directory (directory doesn't exist?).
01-01 12:58:52.518 D/ ( 0): mv2112_read_status
01-01 12:58:52.521 D/mv2112_update_link( 0): 3.0x901(1G): 0x80
01-01 12:58:52.527 D/mv2112_update_link( 0): 3.0x8109(100M): 0x0
01-01 12:58:52.532 D/mv2112_update_link( 0): link 0x0
01-01 12:58:52.536 D/mv2112_read_status( 0): autoneg is disabled
10-19 06:11:27.716 I/selfinstaller( 1270): IsNetworkReady 467: enter IsNetworkReady
10-19 06:11:27.717 I/selfinstaller( 1270): IsNetworkReady 487: 192.168.0.2 60022
10-19 06:11:27.718 I/selfinstaller( 1270): IsNetworkReady 504: socket handle: 12
10-19 06:11:27.864 I/mpu_uart( 658): [MSG-P:RECV]:No message received in 1000 ms
10-19 06:11:28.000 I/mpu_uart( 658): [MSG-P:R]:recv sync frame timeout
01-01 12:58:53.542 D/ ( 0): mv2112_read_status
01-01 12:58:53.545 D/mv2112_update_link( 0): 3.0x901(1G): 0x80
01-01 12:58:53.551 D/mv2112_update_link( 0): 3.0x8109(100M): 0x0
01-01 12:58:53.556 D/mv2112_update_link( 0): link 0x0
01-01 12:58:53.560 D/mv2112_read_status( 0): autoneg is disabled
10-19 06:11:28.864 I/mpu_uart( 658): [MSG-P:RECV]:No message received in 1000 ms
01-01 12:58:54.566 D/ ( 0): mv2112_read_status
01-01 12:58:54.569 D/mv2112_update_link( 0): 3.0x901(1G): 0x80
01-01 12:58:54.574 D/mv2112_update_link( 0): 3.0x8109(100M): 0x0
01-01 12:58:54.580 D/mv2112_update_link( 0): link 0x0
01-01 12:58:54.584 D/mv2112_read_status( 0): autoneg is disabled
10-19 06:11:29.864 I/mpu_uart( 658): [MSG-P:RECV]:No message received in 1000 ms
01-01 12:58:55.147 I/init ( 0): starting service 'vendor.camera-provider-2-4'...
01-01 12:58:55.181 I/init ( 0): starting service 'vendor.light-hal-2-0'...
10-19 06:11:30.275 I/hwservicemanager( 506): getTransport: Cannot find entry android.hardware.light@2.0::ILight/default in either framework or device VINTF manifest.
10-19 06:11:30.284 I/android.hardware.camera.provider@2.4-service(13618): CameraProvider@2.4 legacy service is starting.
10-19 06:11:30.285 E/light (13619): light_open lights keyboard failed: -22
10-19 06:11:30.285 E/light (13619): Light passthrough failed to load legacy HAL.
10-19 06:11:30.287 E/light (13619): light_open lights buttons failed: -22
10-19 06:11:30.287 E/light (13619): Light passthrough failed to load legacy HAL.
10-19 06:11:30.293 E/light (13619): light_open lights bluetooth failed: -22
10-19 06:11:30.294 E/light (13619): Light passthrough failed to load legacy HAL.
10-19 06:11:30.296 E/light (13619): light_open lights wifi failed: -22
10-19 06:11:30.296 E/light (13619): Light passthrough failed to load legacy HAL.
10-19 06:11:30.304 I/hwservicemanager( 506): getTransport: Cannot find entry android.hardware.light@2.0::ILight/default in either framework or device VINTF manifest.
10-19 06:11:30.304 E/HidlServiceManagement(13619): Service android.hardware.light@2.0::ILight/default must be in VINTF manifest in order to register/get.
10-19 06:11:30.304 E/LegacySupport(13619): Could not register service android.hardware.light@2.0::ILight/default (-2147483648).
01-01 12:58:55.310 I/init ( 0): Service 'vendor.light-hal-2-0' (pid 13619) exited with status 0
01-01 12:58:55.318 I/init ( 0): Sending signal 9 to service 'vendor.light-hal-2-0' (pid 13619) process group...
01-01 12:58:55.329 I/libprocessgroup( 0): Successfully killed process cgroup uid 1000 pid 13619 in 0ms
10-19 06:11:30.380 I/android.hardware.camera.provider@2.4-service_64(13618): vendor/qcom/proprietary/adsprpc/src/rpcmem_android.c:159: rpcmem_init_internal: opened ION device fd 7, configured heap IDs: system (0x2000000), contig (0x400000), secure (0x200), secure flags (0x80080000)
10-19 06:11:30.380 I/android.hardware.camera.provider@2.4-service_64(13618): vendor/qcom/proprietary/adsprpc/src/fastrpc_apps_user.c:3087: fastrpc_apps_user_init done with default domain:3 and &fastrpc_trace:0x79da32dfa0
10-19 06:11:30.393 I/CamX (13618): [CONFIG][HAL ] camxhal3module.cpp:390 HAL3Module() ***************************************************
10-19 06:11:30.393 I/CamX (13618): [CONFIG][HAL ] camxhal3module.cpp:391 HAL3Module() SHA1: 40bd0bc197631bd71c945a4bb3aa215ee2f5c2f1
10-19 06:11:30.393 I/CamX (13618): [CONFIG][HAL ] camxhal3module.cpp:392 HAL3Module() COMMITID: Ib94c0ba8fb8c6b7a12a24776dd6d7206bd970ed8
10-19 06:11:30.393 I/CamX (13618): [CONFIG][HAL ] camxhal3module.cpp:393 HAL3Module() BUILD TS: 10/19/2022 2:13:52
10-19 06:11:30.393 I/CamX (13618): [CONFIG][HAL ] camxhal3module.cpp:394 HAL3Module() ***************************************************
10-19 06:11:30.426 V/CamX (13618): [ VERB][CORE ] camxoverridesettingsfile.cpp:385 Initialize() Could not find override settings text file at: /vendor/etc/camera/camxoverridesettings.txt
10-19 06:11:30.426 V/CamX (13618): [ VERB][CORE ] camxoverridesettingsfile.cpp:385 Initialize() Could not find override settings text file at: ./camxoverridesettings.txt
10-19 06:11:30.426 V/CamX (13618): [ VERB][UTILS ] camxhashmap.cpp:210 GetInPlace() Key not found
10-19 06:11:30.426 V/CamX (13618): [ VERB][UTILS ] camxhashmap.cpp:210 GetInPlace() Key not found
10-19 06:11:30.426 V/CamX (13618): [ VERB][UTILS ] camxhashmap.cpp:210 GetInPlace() Key not found
10-19 06:11:30.426 V/CamX (13618): [ VERB][UTILS ] camxhashmap.cpp:210 GetInPlace() Key not found
10-19 06:11:30.426 V/CamX (13618): [ VERB][UTILS ] camxhashmap.cpp:210 GetInPlace() Key not found
10-19 06:11:30.426 V/CamX (13618): [ VERB][UTILS ] camxhashmap.cpp:210 GetInPlace() Key not found
10-19 06:11:30.426 V/CamX (13618): [ VERB][UTILS ] camxhashmap.cpp:210 GetInPlace() Key not found
10-19 06:11:30.426 V/CamX (13618): [ VERB][UTILS ] camxhashmap.cpp:210 GetInPlace() Key not found
10-19 06:11:30.426 V/CamX (13618): [ VERB][UTILS ] camxhashmap.cpp:210 GetInPlace() Key not found
10-19 06:11:30.426 V/CamX (13618): [ VERB][UTILS ] camxhashmap.cpp:210 GetInPlace() Key not found
10-19 06:11:30.426 V/CamX (13618): [ VERB][UTILS ] camxhashmap.cpp:210 GetInPlace() Key not found
10-19 06:11:30.426 V/CamX (13618): [ VERB][UTILS ] camxhashmap.cpp:210 GetInPlace() Key not found
10-19 06:11:30.426 V/CamX (13618): [ VERB][UTILS ] camxhashmap.cpp:210 GetInPlace() Key not found
10-19 06:11:30.427 V/CamX (13618): [ VERB][UTILS ] camxhashmap.cpp:210 GetInPlace() Key not found
10-19 06:11:30.427 V/CamX (13618): [ VERB][UTILS ] camxhashmap.cpp:210 GetInPlace() Key not found
10-19 06:11:30.427 V/CamX (13618): [ VERB][UTILS ] camxhashmap.cpp:210 GetInPlace() Key not found
10-19 06:11:30.427 V/CamX (13618): [ VERB][UTILS ] camxhashmap.cpp:210 GetInPlace() Key not found
10-19 06:11:30.427 V/CamX (13618): [ VERB][UTILS ] camxhashmap.cpp:210 GetInPlace() Key not found
10-19 06:11:30.427 V/CamX (13618): [ VERB][UTILS ] camxhashmap.cpp:210 GetInPlace() Key not found
10-19 06:11:30.427 V/CamX (13618): [ VERB][UTILS ] camxhashmap.cpp:210 GetInPlace() Key not found
10-19 06:11:30.427 V/CamX (13618): [ VERB][UTILS ] camxhashmap.cpp:210 GetInPlace() Key not found
10-19 06:11:30.427 V/CamX (13618): [ VERB][UTILS ] camxhashmap.cpp:210 GetInPlace() Key not found
10-19 06:11:30.427 V/CamX (13618): [ VERB][UTILS ] camxhashmap.cpp:210 GetInPlace() Key not found
10-19 06:11:30.427 V/CamX (13618): [ VERB][UTILS ] camxhashmap.cpp:210 GetInPlace() Key not found
10-19 06:11:30.427 V/CamX (13618): [ VERB][UTILS ] camxhashmap.cpp:210 GetInPlace() Key not found
10-19 06:11:30.427 V/CamX (13618): [ VERB][UTILS ] camxhashmap.cpp:210 GetInPlace() Key not found
10-19 06:11:30.427 V/CamX (13618): [ VERB][UTILS ] camxhashmap.cpp:210 GetInPlace() Key not found
10-19 06:11:30.427 V/CamX (13618): [ VERB][UTILS ] camxhashmap.cpp:210 GetInPlace() Key not found
10-19 06:11:30.427 V/CamX (13618): [ VERB][UTILS ] camxhashmap.cpp:210 GetInPlace() Key not found
10-19 06:11:30.427 V/CamX (13618): [ VERB][UTILS ] camxhashmap.cpp:210 GetInPlace() Key not found
10-19 06:11:30.427 V/CamX (13618): [ VERB][UTILS ] camxhashmap.cpp:210 GetInPlace() Key not found
10-19 06:11:30.427 V/CamX (13618): [ VERB][UTILS ] camxhashmap.cpp:210 GetInPlace() Key not found
10-19 06:11:30.427 V/CamX (13618): [ VERB][UTILS ] camxhashmap.cpp:210 GetInPlace() Key not found
10-19 06:11:30.427 V/CamX (13618): [ VERB][UTILS ] camxhashmap.cpp:210 GetInPlace() Key not found
10-19 06:11:30.427 V/CamX (13618): [ VERB][UTILS ] camxhashmap.cpp:210 GetInPlace() Key not found
10-19 06:11:30.427 V/CamX (13618): [ VERB][UTILS ] camxhashmap.cpp:210 GetInPlace() Key not found
10-19 06:11:30.427 V/CamX (13618): [ VERB][UTILS ] camxhashmap.cpp:210 GetInPlace() Key not found
10-19 06:11:30.427 V/CamX (13618): [ VERB][UTILS ] camxhashmap.cpp:210 GetInPlace() Key not found
10-19 06:11:30.427 V/CamX (13618): [ VERB][UTILS ] camxhashmap.cpp:210 GetInPlace() Key not found
10-19 06:11:30.428 V/CamX (13618): [ VERB][UTILS ] camxhashmap.cpp:210 GetInPlace() Key not found
10-19 06:11:30.428 V/CamX (13618): [ VERB][UTILS ] camxhashmap.cpp:210 GetInPlace() Key not found
10-19 06:11:30.428 V/CamX (13618): [ VERB][UTILS ] camxhashmap.cpp:210 GetInPlace() Key not found
10-19 06:11:30.428 V/CamX (13618): [ VERB][UTILS ] camxhashmap.cpp:210 GetInPlace() Key not found
10-19 06:11:30.428 V/CamX (13618): [ VERB][UTILS ] camxhashmap.cpp:210 GetInPlace() Key not found
10-19 06:11:30.428 V/CamX (13618): [ VERB][UTILS ] camxhashmap.cpp:210 GetInPlace() Key not found
10-19 06:11:30.428 V/CamX (13618): [ VERB][UTILS ] camxhashmap.cpp:210 GetInPlace() Key not found
10-19 06:11:30.428 V/CamX (13618): [ VERB][UTILS ] camxhashmap.cpp:210 GetInPlace() Key not found
10-19 06:11:30.428 V/CamX (13618): [ VERB][UTILS ] camxhashmap.cpp:210 GetInPlace() Key not found
10-19 06:11:30.428 V/CamX (13618): [ VERB][UTILS ] camxhashmap.cpp:210 GetInPlace() Key not found
10-19 06:11:30.428 V/CamX (13618): [ VERB][UTILS ] camxhashmap.cpp:210 GetInPlace() Key not found
10-19 06:11:30.428 V/CamX (13618): [ VERB][UTILS ] camxhashmap.cpp:210 GetInPlace() Key not found
10-19 06:11:30.428 V/CamX (13618): [ VERB][UTILS ] camxhashmap.cpp:210 GetInPlace() Key not found
10-19 06:11:30.428 V/CamX (13618): [ VERB][UTILS ] camxhashmap.cpp:210 GetInPlace() Key not found
10-19 06:11:30.428 V/CamX (13618): [ VERB][UTILS ] camxhashmap.cpp:210 GetInPlace() Key not found
10-19 06:11:30.428 V/CamX (13618): [ VERB][UTILS ] camxhashmap.cpp:210 GetInPlace() Key not found
10-19 06:11:30.428 V/CamX (13618): [ VERB][UTILS ] camxhashmap.cpp:210 GetInPlace() Key not found
10-19 06:11:30.428 V/CamX (13618): [ VERB][UTILS ] camxhashmap.cpp:210 GetInPlace() Key not found
10-19 06:11:30.428 V/CamX (13618): [ VERB][UTILS ] camxhashmap.cpp:210 GetInPlace() Key not found
10-19 06:11:30.428 V/CamX (13618): [ VERB][UTILS ] camxhashmap.cpp:210 GetInPlace() Key not found
10-19 06:11:30.428 V/CamX (13618): [ VERB][UTILS ] camxhashmap.cpp:210 GetInPlace() Key not found
10-19 06:11:30.428 V/CamX (13618): [ VERB][UTILS ] camxhashmap.cpp:210 GetInPlace() Key not found
10-19 06:11:30.428 V/CamX (13618): [ VERB][UTILS ] camxhashmap.cpp:210 GetInPlace() Key not found
10-19 06:11:30.428 V/CamX (13618): [ VERB][UTILS ] camxhashmap.cpp:210 GetInPlace() Key not found
10-19 06:11:30.428 V/CamX (13618): [ VERB][UTILS ] camxhashmap.cpp:210 GetInPlace() Key not found
10-19 06:11:30.428 V/CamX (13618): [ VERB][UTILS ] camxhashmap.cpp:210 GetInPlace() Key not found
10-19 06:11:30.428 V/CamX (13618): [ VERB][UTILS ] camxhashmap.cpp:210 GetInPlace() Key not found
10-19 06:11:30.429 V/CamX (13618): [ VERB][UTILS ] camxhashmap.cpp:210 GetInPlace() Key not found
10-19 06:11:30.429 V/CamX (13618): [ VERB][UTILS ] camxhashmap.cpp:210 GetInPlace() Key not found
10-19 06:11:30.429 V/CamX (13618): [ VERB][UTILS ] camxhashmap.cpp:210 GetInPlace() Key not found
10-19 06:11:30.429 V/CamX (13618): [ VERB][UTILS ] camxhashmap.cpp:210 GetInPlace() Key not found
10-19 06:11:30.429 V/CamX (13618): [ VERB][UTILS ] camxhashmap.cpp:210 GetInPlace() Key not found
10-19 06:11:30.429 V/CamX (13618): [ VERB][UTILS ] camxhashmap.cpp:210 GetInPlace() Key not found
10-19 06:11:30.429 V/CamX (13618): [ VERB][UTILS ] camxhashmap.cpp:210 GetInPlace() Key not found
10-19 06:11:30.429 V/CamX (13618): [ VERB][UTILS ] camxhashmap.cpp:210 GetInPlace() Key not found
10-19 06:11:30.429 V/CamX (13618): [ VERB][UTILS ] camxhashmap.cpp:210 GetInPlace() Key not found
10-19 06:11:30.429 V/CamX (13618): [ VERB][UTILS ] camxhashmap.cpp:210 GetInPlace() Key not found
10-19 06:11:30.429 V/CamX (13618): [ VERB][UTILS ] camxhashmap.cpp:210 GetInPlace() Key not found
10-19 06:11:30.429 V/CamX (13618): [ VERB][UTILS ] camxhashmap.cpp:210 GetInPlace() Key not found
10-19 06:11:30.429 V/CamX (13618): [ VERB][UTILS ] camxhashmap.cpp:210 GetInPlace() Key not found
10-19 06:11:30.429 V/CamX (13618): [ VERB][UTILS ] camxhashmap.cpp:210 GetInPlace() Key not found
10-19 06:11:30.429 V/CamX (13618): [ VERB][UTILS ] camxhashmap.cpp:210 GetInPlace() Key not found
10-19 06:11:30.429 V/CamX (13618): [ VERB][UTILS ] camxhashmap.cpp:210 GetInPlace() Key not found
10-19 06:11:30.429 V/CamX (13618): [ VERB][UTILS ] camxhashmap.cpp:210 GetInPlace() Key not found
10-19 06:11:30.429 V/CamX (13618): [ VERB][UTILS ] camxhashmap.cpp:210 GetInPlace() Key not found
10-19 06:11:30.429 V/CamX (13618): [ VERB][UTILS ] camxhashmap.cpp:210 GetInPlace() Key not found
10-19 06:11:30.429 V/CamX (13618): [ VERB][UTILS ] camxhashmap.cpp:210 GetInPlace() Key not found
10-19 06:11:30.429 V/CamX (13618): [ VERB][UTILS ] camxhashmap.cpp:210 GetInPlace() Key not found
10-19 06:11:30.429 V/CamX (13618): [ VERB][UTILS ] camxhashmap.cpp:210 GetInPlace() Key not found
10-19 06:11:30.429 V/CamX (13618): [ VERB][UTILS ] camxhashmap.cpp:210 GetInPlace() Key not found
10-19 06:11:30.429 V/CamX (13618): [ VERB][UTILS ] camxhashmap.cpp:210 GetInPlace() Key not found
10-19 06:11:30.429 V/CamX (13618): [ VERB][UTILS ] camxhashmap.cpp:210 GetInPlace() Key not found
10-19 06:11:30.429 V/CamX (13618): [ VERB][UTILS ] camxhashmap.cpp:210 GetInPlace() Key not found
10-19 06:11:30.429 V/CamX (13618): [ VERB][UTILS ] camxhashmap.cpp:210 GetInPlace() Key not found
10-19 06:11:30.429 V/CamX (13618): [ VERB][UTILS ] camxhashmap.cpp:210 GetInPlace() Key not found
10-19 06:11:30.429 V/CamX (13618): [ VERB][UTILS ] camxhashmap.cpp:210 GetInPlace() Key not found
10-19 06:11:30.429 V/CamX (13618): [ VERB][UTILS ] camxhashmap.cpp:210 GetInPlace() Key not found
10-19 06:11:30.429 V/CamX (13618): [ VERB][UTILS ] camxhashmap.cpp:210 GetInPlace() Key not found
10-19 06:11:30.429 V/CamX (13618): [ VERB][UTILS ] camxhashmap.cpp:210 GetInPlace() Key not found
10-19 06:11:30.429 V/CamX (13618): [ VERB][UTILS ] camxhashmap.cpp:210 GetInPlace() Key not found
10-19 06:11:30.429 V/CamX (13618): [ VERB][UTILS ] camxhashmap.cpp:210 GetInPlace() Key not found
10-19 06:11:30.429 V/CamX (13618): [ VERB][UTILS ] camxhashmap.cpp:210 GetInPlace() Key not found
10-19 06:11:30.429 V/CamX (13618): [ VERB][UTILS ] camxhashmap.cpp:210 GetInPlace() Key not found
10-19 06:11:30.430 V/CamX (13618): [ VERB][UTILS ] camxhashmap.cpp:210 GetInPlace() Key not found
10-19 06:11:30.430 V/CamX (13618): [ VERB][UTILS ] camxhashmap.cpp:210 GetInPlace() Key not found
10-19 06:11:30.430 V/CamX (13618): [ VERB][UTILS ] camxhashmap.cpp:210 GetInPlace() Key not found
10-19 06:11:30.430 V/CamX (13618): [ VERB][UTILS ] camxhashmap.cpp:210 GetInPlace() Key not found
10-19 06:11:30.430 V/CamX (13618): [ VERB][UTILS ] camxhashmap.cpp:210 GetInPlace() Key not found
10-19 06:11:30.430 V/CamX (13618): [ VERB][UTILS ] camxhashmap.cpp:210 GetInPlace() Key not found
10-19 06:11:30.430 V/CamX (13618): [ VERB][UTILS ] camxhashmap.cpp:210 GetInPlace() Key not found
10-19 06:11:30.430 V/CamX (13618): [ VERB][UTILS ] camxhashmap.cpp:210 GetInPlace() Key not found
10-19 06:11:30.430 V/CamX (13618): [ VERB][UTILS ] camxhashmap.cpp:210 GetInPlace() Key not found
10-19 06:11:30.430 V/CamX (13618): [ VERB][UTILS ] camxhashmap.cpp:210 GetInPlace() Key not found
10-19 06:11:30.430 V/CamX (13618): [ VERB][UTILS ] camxhashmap.cpp:210 GetInPlace() Key not found
10-19 06:11:30.430 V/CamX (13618): [ VERB][UTILS ] camxhashmap.cpp:210 GetInPlace() Key not found
10-19 06:11:30.430 V/CamX (13618): [ VERB][UTILS ] camxhashmap.cpp:210 GetInPlace() Key not found
10-19 06:11:30.430 V/CamX (13618): [ VERB][UTILS ] camxhashmap.cpp:210 GetInPlace() Key not found
10-19 06:11:30.430 V/CamX (13618): [ VERB][UTILS ] camxhashmap.cpp:210 GetInPlace() Key not found
10-19 06:11:30.430 V/CamX (13618): [ VERB][UTILS ] camxhashmap.cpp:210 GetInPlace() Key not found
10-19 06:11:30.430 V/CamX (13618): [ VERB][UTILS ] camxhashmap.cpp:210 GetInPlace() Key not found
10-19 06:11:30.430 V/CamX (13618): [ VERB][UTILS ] camxhashmap.cpp:210 GetInPlace() Key not found
10-19 06:11:30.430 V/CamX (13618): [ VERB][UTILS ] camxhashmap.cpp:210 GetInPlace() Key not found
10-19 06:11:30.431 V/CamX (13618): [ VERB][UTILS ] camxhashmap.cpp:210 GetInPlace() Key not found
10-19 06:11:30.431 V/CamX (13618): [ VERB][UTILS ] camxhashmap.cpp:210 GetInPlace() Key not found
10-19 06:11:30.431 V/CamX (13618): [ VERB][UTILS ] camxhashmap.cpp:210 GetInPlace() Key not found
10-19 06:11:30.431 V/CamX (13618): [ VERB][UTILS ] camxhashmap.cpp:210 GetInPlace() Key not found
10-19 06:11:30.431 V/CamX (13618): [ VERB][UTILS ] camxhashmap.cpp:210 GetInPlace() Key not found
10-19 06:11:30.431 V/CamX (13618): [ VERB][UTILS ] camxhashmap.cpp:210 GetInPlace() Key not found
10-19 06:11:30.431 V/CamX (13618): [ VERB][UTILS ] camxhashmap.cpp:210 GetInPlace() Key not found
10-19 06:11:30.431 V/CamX (13618): [ VERB][UTILS ] camxhashmap.cpp:210 GetInPlace() Key not found
10-19 06:11:30.431 V/CamX (13618): [ VERB][UTILS ] camxhashmap.cpp:210 GetInPlace() Key not found
10-19 06:11:30.431 V/CamX (13618): [ VERB][UTILS ] camxhashmap.cpp:210 GetInPlace() Key not found
10-19 06:11:30.431 V/CamX (13618): [ VERB][UTILS ] camxhashmap.cpp:210 GetInPlace() Key not found
10-19 06:11:30.431 V/CamX (13618): [ VERB][UTILS ] camxhashmap.cpp:210 GetInPlace() Key not found
10-19 06:11:30.431 V/CamX (13618): [ VERB][UTILS ] camxhashmap.cpp:210 GetInPlace() Key not found
10-19 06:11:30.431 V/CamX (13618): [ VERB][UTILS ] camxhashmap.cpp:210 GetInPlace() Key not found
10-19 06:11:30.431 V/CamX (13618): [ VERB][UTILS ] camxhashmap.cpp:210 GetInPlace() Key not found
10-19 06:11:30.431 V/CamX (13618): [ VERB][UTILS ] camxhashmap.cpp:210 GetInPlace() Key not found
10-19 06:11:30.431 V/CamX (13618): [ VERB][UTILS ] camxhashmap.cpp:210 GetInPlace() Key not found
10-19 06:11:30.431 V/CamX (13618): [ VERB][UTILS ] camxhashmap.cpp:210 GetInPlace() Key not found
10-19 06:11:30.431 V/CamX (13618): [ VERB][UTILS ] camxhashmap.cpp:210 GetInPlace() Key not found
10-19 06:11:30.432 V/CamX (13618): [ VERB][UTILS ] camxhashmap.cpp:210 GetInPlace() Key not found
10-19 06:11:30.432 V/CamX (13618): [ VERB][UTILS ] camxhashmap.cpp:210 GetInPlace() Key not found
10-19 06:11:30.432 V/CamX (13618): [ VERB][UTILS ] camxhashmap.cpp:210 GetInPlace() Key not found
10-19 06:11:30.432 V/CamX (13618): [ VERB][UTILS ] camxhashmap.cpp:210 GetInPlace() Key not found
10-19 06:11:30.432 V/CamX (13618): [ VERB][UTILS ] camxhashmap.cpp:210 GetInPlace() Key not found
10-19 06:11:30.432 V/CamX (13618): [ VERB][UTILS ] camxhashmap.cpp:210 GetInPlace() Key not found
10-19 06:11:30.432 V/CamX (13618): [ VERB][UTILS ] camxhashmap.cpp:210 GetInPlace() Key not found
10-19 06:11:30.432 V/CamX (13618): [ VERB][UTILS ] camxhashmap.cpp:210 GetInPlace() Key not found
10-19 06:11:30.432 V/CamX (13618): [ VERB][UTILS ] camxhashmap.cpp:210 GetInPlace() Key not found
10-19 06:11:30.432 V/CamX (13618): [ VERB][UTILS ] camxhashmap.cpp:210 GetInPlace() Key not found
10-19 06:11:30.432 V/CamX (13618): [ VERB][UTILS ] camxhashmap.cpp:210 GetInPlace() Key not found
10-19 06:11:30.432 V/CamX (13618): [ VERB][UTILS ] camxhashmap.cpp:210 GetInPlace() Key not found
10-19 06:11:30.432 V/CamX (13618): [ VERB][UTILS ] camxhashmap.cpp:210 GetInPlace() Key not found
10-19 06:11:30.432 V/CamX (13618): [ VERB][UTILS ] camxhashmap.cpp:210 GetInPlace() Key not found
10-19 06:11:30.432 V/CamX (13618): [ VERB][UTILS ] camxhashmap.cpp:210 GetInPlace() Key not found
10-19 06:11:30.432 V/CamX (13618): [ VERB][UTILS ] camxhashmap.cpp:210 GetInPlace() Key not found
10-19 06:11:30.432 V/CamX (13618): [ VERB][UTILS ] camxhashmap.cpp:210 GetInPlace() Key not found
10-19 06:11:30.432 V/CamX (13618): [ VERB][UTILS ] camxhashmap.cpp:210 GetInPlace() Key not found
10-19 06:11:30.432 V/CamX (13618): [ VERB][UTILS ] camxhashmap.cpp:210 GetInPlace() Key not found
10-19 06:11:30.432 V/CamX (13618): [ VERB][UTILS ] camxhashmap.cpp:210 GetInPlace() Key not found
10-19 06:11:30.432 V/CamX (13618): [ VERB][UTILS ] camxhashmap.cpp:210 GetInPlace() Key not found
10-19 06:11:30.432 V/CamX (13618): [ VERB][UTILS ] camxhashmap.cpp:210 GetInPlace() Key not found
10-19 06:11:30.432 V/CamX (13618): [ VERB][UTILS ] camxhashmap.cpp:210 GetInPlace() Key not found
10-19 06:11:30.432 V/CamX (13618): [ VERB][UTILS ] camxhashmap.cpp:210 GetInPlace() Key not found
10-19 06:11:30.432 V/CamX (13618): [ VERB][UTILS ] camxhashmap.cpp:210 GetInPlace() Key not found
10-19 06:11:30.433 V/CamX (13618): [ VERB][UTILS ] camxhashmap.cpp:210 GetInPlace() Key not found
10-19 06:11:30.433 V/CamX (13618): [ VERB][UTILS ] camxhashmap.cpp:210 GetInPlace() Key not found
10-19 06:11:30.433 V/CamX (13618): [ VERB][UTILS ] camxhashmap.cpp:210 GetInPlace() Key not found
10-19 06:11:30.433 V/CamX (13618): [ VERB][UTILS ] camxhashmap.cpp:210 GetInPlace() Key not found
10-19 06:11:30.433 V/CamX (13618): [ VERB][UTILS ] camxhashmap.cpp:210 GetInPlace() Key not found
10-19 06:11:30.433 V/CamX (13618): [ VERB][UTILS ] camxhashmap.cpp:210 GetInPlace() Key not found
10-19 06:11:30.433 V/CamX (13618): [ VERB][UTILS ] camxhashmap.cpp:210 GetInPlace() Key not found
10-19 06:11:30.433 V/CamX (13618): [ VERB][UTILS ] camxhashmap.cpp:210 GetInPlace() Key not found
10-19 06:11:30.433 V/CamX (13618): [ VERB][UTILS ] camxhashmap.cpp:210 GetInPlace() Key not found
10-19 06:11:30.433 V/CamX (13618): [ VERB][UTILS ] camxhashmap.cpp:210 GetInPlace() Key not found
10-19 06:11:30.433 V/CamX (13618): [ VERB][UTILS ] camxhashmap.cpp:210 GetInPlace() Key not found
10-19 06:11:30.433 V/CamX (13618): [ VERB][UTILS ] camxhashmap.cpp:210 GetInPlace() Key not found
10-19 06:11:30.433 V/CamX (13618): [ VERB][UTILS ] camxhashmap.cpp:210 GetInPlace() Key not found
10-19 06:11:30.433 V/CamX (13618): [ VERB][UTILS ] camxhashmap.cpp:210 GetInPlace() Key not found
10-19 06:11:30.433 V/CamX (13618): [ VERB][UTILS ] camxhashmap.cpp:210 GetInPlace() Key not found
10-19 06:11:30.433 V/CamX (13618): [ VERB][UTILS ] camxhashmap.cpp:210 GetInPlace() Key not found
10-19 06:11:30.433 V/CamX (13618): [ VERB][UTILS ] camxhashmap.cpp:210 GetInPlace() Key not found
10-19 06:11:30.433 V/CamX (13618): [ VERB][UTILS ] camxhashmap.cpp:210 GetInPlace() Key not found
10-19 06:11:30.433 V/CamX (13618): [ VERB][UTILS ] camxhashmap.cpp:210 GetInPlace() Key not found
10-19 06:11:30.433 V/CamX (13618): [ VERB][UTILS ] camxhashmap.cpp:210 GetInPlace() Key not found
10-19 06:11:30.433 V/CamX (13618): [ VERB][UTILS ] camxhashmap.cpp:210 GetInPlace() Key not found
10-19 06:11:30.433 V/CamX (13618): [ VERB][UTILS ] camxhashmap.cpp:210 GetInPlace() Key not found
10-19 06:11:30.433 V/CamX (13618): [ VERB][UTILS ] camxhashmap.cpp:210 GetInPlace() Key not found
10-19 06:11:30.433 V/CamX (13618): [ VERB][UTILS ] camxhashmap.cpp:210 GetInPlace() Key not found
10-19 06:11:30.433 V/CamX (13618): [ VERB][UTILS ] camxhashmap.cpp:210 GetInPlace() Key not found
10-19 06:11:30.433 V/CamX (13618): [ VERB][UTILS ] camxhashmap.cpp:210 GetInPlace() Key not found
10-19 06:11:30.433 V/CamX (13618): [ VERB][UTILS ] camxhashmap.cpp:210 GetInPlace() Key not found
10-19 06:11:30.433 V/CamX (13618): [ VERB][UTILS ] camxhashmap.cpp:210 GetInPlace() Key not found
10-19 06:11:30.433 V/CamX (13618): [ VERB][UTILS ] camxhashmap.cpp:210 GetInPlace() Key not found
10-19 06:11:30.433 V/CamX (13618): [ VERB][UTILS ] camxhashmap.cpp:210 GetInPlace() Key not found
10-19 06:11:30.433 V/CamX (13618): [ VERB][UTILS ] camxhashmap.cpp:210 GetInPlace() Key not found
10-19 06:11:30.433 V/CamX (13618): [ VERB][UTILS ] camxhashmap.cpp:210 GetInPlace() Key not found
10-19 06:11:30.434 V/CamX (13618): [ VERB][UTILS ] camxhashmap.cpp:210 GetInPlace() Key not found
10-19 06:11:30.434 V/CamX (13618): [ VERB][UTILS ] camxhashmap.cpp:210 GetInPlace() Key not found
10-19 06:11:30.434 V/CamX (13618): [ VERB][UTILS ] camxhashmap.cpp:210 GetInPlace() Key not found
10-19 06:11:30.434 V/CamX (13618): [ VERB][UTILS ] camxhashmap.cpp:210 GetInPlace() Key not found
10-19 06:11:30.434 V/CamX (13618): [ VERB][UTILS ] camxhashmap.cpp:210 GetInPlace() Key not found
10-19 06:11:30.434 V/CamX (13618): [ VERB][UTILS ] camxhashmap.cpp:210 GetInPlace() Key not found
10-19 06:11:30.434 V/CamX (13618): [ VERB][UTILS ] camxhashmap.cpp:210 GetInPlace() Key not found
10-19 06:11:30.434 V/CamX (13618): [ VERB][UTILS ] camxhashmap.cpp:210 GetInPlace() Key not found
10-19 06:11:30.434 V/CamX (13618): [ VERB][UTILS ] camxhashmap.cpp:210 GetInPlace() Key not found
10-19 06:11:30.434 V/CamX (13618): [ VERB][UTILS ] camxhashmap.cpp:210 GetInPlace() Key not found
10-19 06:11:30.434 V/CamX (13618): [ VERB][UTILS ] camxhashmap.cpp:210 GetInPlace() Key not found
10-19 06:11:30.434 V/CamX (13618): [ VERB][UTILS ] camxhashmap.cpp:210 GetInPlace() Key not found
10-19 06:11:30.434 V/CamX (13618): [ VERB][UTILS ] camxhashmap.cpp:210 GetInPlace() Key not found
10-19 06:11:30.434 V/CamX (13618): [ VERB][UTILS ] camxhashmap.cpp:210 GetInPlace() Key not found
10-19 06:11:30.434 V/CamX (13618): [ VERB][UTILS ] camxhashmap.cpp:210 GetInPlace() Key not found
10-19 06:11:30.434 V/CamX (13618): [ VERB][UTILS ] camxhashmap.cpp:210 GetInPlace() Key not found
10-19 06:11:30.434 V/CamX (13618): [ VERB][UTILS ] camxhashmap.cpp:210 GetInPlace() Key not found
10-19 06:11:30.434 V/CamX (13618): [ VERB][UTILS ] camxhashmap.cpp:210 GetInPlace() Key not found
10-19 06:11:30.434 V/CamX (13618): [ VERB][UTILS ] camxhashmap.cpp:210 GetInPlace() Key not found
10-19 06:11:30.434 V/CamX (13618): [ VERB][UTILS ] camxhashmap.cpp:210 GetInPlace() Key not found
10-19 06:11:30.434 V/CamX (13618): [ VERB][UTILS ] camxhashmap.cpp:210 GetInPlace() Key not found
10-19 06:11:30.434 V/CamX (13618): [ VERB][UTILS ] camxhashmap.cpp:210 GetInPlace() Key not found
10-19 06:11:30.434 V/CamX (13618): [ VERB][UTILS ] camxhashmap.cpp:210 GetInPlace() Key not found
10-19 06:11:30.434 V/CamX (13618): [ VERB][UTILS ] camxhashmap.cpp:210 GetInPlace() Key not found
10-19 06:11:30.434 V/CamX (13618): [ VERB][UTILS ] camxhashmap.cpp:210 GetInPlace() Key not found
10-19 06:11:30.434 V/CamX (13618): [ VERB][UTILS ] camxhashmap.cpp:210 GetInPlace() Key not found
10-19 06:11:30.434 V/CamX (13618): [ VERB][UTILS ] camxhashmap.cpp:210 GetInPlace() Key not found
10-19 06:11:30.435 V/CamX (13618): [ VERB][UTILS ] camxhashmap.cpp:210 GetInPlace() Key not found
10-19 06:11:30.435 V/CamX (13618): [ VERB][UTILS ] camxhashmap.cpp:210 GetInPlace() Key not found
10-19 06:11:30.435 V/CamX (13618): [ VERB][UTILS ] camxhashmap.cpp:210 GetInPlace() Key not found
10-19 06:11:30.435 V/CamX (13618): [ VERB][UTILS ] camxhashmap.cpp:210 GetInPlace() Key not found
10-19 06:11:30.435 V/CamX (13618): [ VERB][UTILS ] camxhashmap.cpp:210 GetInPlace() Key not found
10-19 06:11:30.435 V/CamX (13618): [ VERB][UTILS ] camxhashmap.cpp:210 GetInPlace() Key not found
10-19 06:11:30.435 V/CamX (13618): [ VERB][UTILS ] camxhashmap.cpp:210 GetInPlace() Key not found
10-19 06:11:30.435 V/CamX (13618): [ VERB][UTILS ] camxhashmap.cpp:210 GetInPlace() Key not found
10-19 06:11:30.435 V/CamX (13618): [ VERB][UTILS ] camxhashmap.cpp:210 GetInPlace() Key not found
10-19 06:11:30.435 V/CamX (13618): [ VERB][UTILS ] camxhashmap.cpp:210 GetInPlace() Key not found
10-19 06:11:30.435 V/CamX (13618): [ VERB][UTILS ] camxhashmap.cpp:210 GetInPlace() Key not found
10-19 06:11:30.435 V/CamX (13618): [ VERB][UTILS ] camxhashmap.cpp:210 GetInPlace() Key not found
10-19 06:11:30.435 V/CamX (13618): [ VERB][UTILS ] camxhashmap.cpp:210 GetInPlace() Key not found
10-19 06:11:30.435 V/CamX (13618): [ VERB][UTILS ] camxhashmap.cpp:210 GetInPlace() Key not found
10-19 06:11:30.435 V/CamX (13618): [ VERB][UTILS ] camxhashmap.cpp:210 GetInPlace() Key not found
10-19 06:11:30.435 V/CamX (13618): [ VERB][UTILS ] camxhashmap.cpp:210 GetInPlace() Key not found
10-19 06:11:30.435 V/CamX (13618): [ VERB][UTILS ] camxhashmap.cpp:210 GetInPlace() Key not found
10-19 06:11:30.435 V/CamX (13618): [ VERB][UTILS ] camxhashmap.cpp:210 GetInPlace() Key not found
10-19 06:11:30.435 V/CamX (13618): [ VERB][UTILS ] camxhashmap.cpp:210 GetInPlace() Key not found
10-19 06:11:30.435 V/CamX (13618): [ VERB][UTILS ] camxhashmap.cpp:210 GetInPlace() Key not found
10-19 06:11:30.435 V/CamX (13618): [ VERB][UTILS ] camxhashmap.cpp:210 GetInPlace() Key not found
10-19 06:11:30.435 V/CamX (13618): [ VERB][UTILS ] camxhashmap.cpp:210 GetInPlace() Key not found
10-19 06:11:30.435 V/CamX (13618): [ VERB][UTILS ] camxhashmap.cpp:210 GetInPlace() Key not found
10-19 06:11:30.435 V/CamX (13618): [ VERB][UTILS ] camxhashmap.cpp:210 GetInPlace() Key not found
10-19 06:11:30.435 V/CamX (13618): [ VERB][UTILS ] camxhashmap.cpp:210 GetInPlace() Key not found
10-19 06:11:30.435 V/CamX (13618): [ VERB][UTILS ] camxhashmap.cpp:210 GetInPlace() Key not found
10-19 06:11:30.435 V/CamX (13618): [ VERB][UTILS ] camxhashmap.cpp:210 GetInPlace() Key not found
10-19 06:11:30.435 V/CamX (13618): [ VERB][UTILS ] camxhashmap.cpp:210 GetInPlace() Key not found
10-19 06:11:30.436 V/CamX (13618): [ VERB][UTILS ] camxhashmap.cpp:210 GetInPlace() Key not found
10-19 06:11:30.436 V/CamX (13618): [ VERB][UTILS ] camxhashmap.cpp:210 GetInPlace() Key not found
10-19 06:11:30.436 V/CamX (13618): [ VERB][UTILS ] camxhashmap.cpp:210 GetInPlace() Key not found
10-19 06:11:30.436 V/CamX (13618): [ VERB][UTILS ] camxhashmap.cpp:210 GetInPlace() Key not found
10-19 06:11:30.436 V/CamX (13618): [ VERB][UTILS ] camxhashmap.cpp:210 GetInPlace() Key not found
10-19 06:11:30.436 V/CamX (13618): [ VERB][UTILS ] camxhashmap.cpp:210 GetInPlace() Key not found
10-19 06:11:30.436 V/CamX (13618): [ VERB][UTILS ] camxhashmap.cpp:210 GetInPlace() Key not found
10-19 06:11:30.436 V/CamX (13618): [ VERB][UTILS ] camxhashmap.cpp:210 GetInPlace() Key not found
10-19 06:11:30.436 V/CamX (13618): [ VERB][UTILS ] camxhashmap.cpp:210 GetInPlace() Key not found
10-19 06:11:30.436 V/CamX (13618): [ VERB][UTILS ] camxhashmap.cpp:210 GetInPlace() Key not found
10-19 06:11:30.436 V/CamX (13618): [ VERB][UTILS ] camxhashmap.cpp:210 GetInPlace() Key not found
10-19 06:11:30.436 V/CamX (13618): [ VERB][UTILS ] camxhashmap.cpp:210 GetInPlace() Key not found
10-19 06:11:30.436 V/CamX (13618): [ VERB][UTILS ] camxhashmap.cpp:210 GetInPlace() Key not found
10-19 06:11:30.436 V/CamX (13618): [ VERB][UTILS ] camxhashmap.cpp:210 GetInPlace() Key not found
10-19 06:11:30.436 V/CamX (13618): [ VERB][UTILS ] camxhashmap.cpp:210 GetInPlace() Key not found
10-19 06:11:30.436 V/CamX (13618): [ VERB][UTILS ] camxhashmap.cpp:210 GetInPlace() Key not found
10-19 06:11:30.436 V/CamX (13618): [ VERB][UTILS ] camxhashmap.cpp:210 GetInPlace() Key not found
10-19 06:11:30.436 V/CamX (13618): [ VERB][UTILS ] camxhashmap.cpp:210 GetInPlace() Key not found
10-19 06:11:30.436 V/CamX (13618): [ VERB][UTILS ] camxhashmap.cpp:210 GetInPlace() Key not found
10-19 06:11:30.436 V/CamX (13618): [ VERB][UTILS ] camxhashmap.cpp:210 GetInPlace() Key not found
10-19 06:11:30.436 V/CamX (13618): [ VERB][UTILS ] camxhashmap.cpp:210 GetInPlace() Key not found
10-19 06:11:30.436 V/CamX (13618): [ VERB][UTILS ] camxhashmap.cpp:210 GetInPlace() Key not found
10-19 06:11:30.436 V/CamX (13618): [ VERB][UTILS ] camxhashmap.cpp:210 GetInPlace() Key not found
10-19 06:11:30.436 V/CamX (13618): [ VERB][UTILS ] camxhashmap.cpp:210 GetInPlace() Key not found
10-19 06:11:30.436 V/CamX (13618): [ VERB][UTILS ] camxhashmap.cpp:210 GetInPlace() Key not found
10-19 06:11:30.436 V/CamX (13618): [ VERB][UTILS ] camxhashmap.cpp:210 GetInPlace() Key not found
10-19 06:11:30.436 V/CamX (13618): [ VERB][UTILS ] camxhashmap.cpp:210 GetInPlace() Key not found
10-19 06:11:30.436 V/CamX (13618): [ VERB][UTILS ] camxhashmap.cpp:210 GetInPlace() Key not found
10-19 06:11:30.436 V/CamX (13618): [ VERB][UTILS ] camxhashmap.cpp:210 GetInPlace() Key not found
10-19 06:11:30.436 V/CamX (13618): [ VERB][UTILS ] camxhashmap.cpp:210 GetInPlace() Key not found
10-19 06:11:30.436 V/CamX (13618): [ VERB][UTILS ] camxhashmap.cpp:210 GetInPlace() Key not found
10-19 06:11:30.436 V/CamX (13618): [ VERB][UTILS ] camxhashmap.cpp:210 GetInPlace() Key not found
10-19 06:11:30.436 V/CamX (13618): [ VERB][UTILS ] camxhashmap.cpp:210 GetInPlace() Key not found
10-19 06:11:30.436 V/CamX (13618): [ VERB][UTILS ] camxhashmap.cpp:210 GetInPlace() Key not found
10-19 06:11:30.436 V/CamX (13618): [ VERB][UTILS ] camxhashmap.cpp:210 GetInPlace() Key not found
10-19 06:11:30.436 V/CamX (13618): [ VERB][UTILS ] camxhashmap.cpp:210 GetInPlace() Key not found
10-19 06:11:30.436 V/CamX (13618): [ VERB][UTILS ] camxhashmap.cpp:210 GetInPlace() Key not found
10-19 06:11:30.437 V/CamX (13618): [ VERB][UTILS ] camxhashmap.cpp:210 GetInPlace() Key not found
10-19 06:11:30.437 V/CamX (13618): [ VERB][UTILS ] camxhashmap.cpp:210 GetInPlace() Key not found
10-19 06:11:30.437 V/CamX (13618): [ VERB][UTILS ] camxhashmap.cpp:210 GetInPlace() Key not found
10-19 06:11:30.437 V/CamX (13618): [ VERB][UTILS ] camxhashmap.cpp:210 GetInPlace() Key not found
10-19 06:11:30.437 V/CamX (13618): [ VERB][UTILS ] camxhashmap.cpp:210 GetInPlace() Key not found
10-19 06:11:30.437 V/CamX (13618): [ VERB][UTILS ] camxhashmap.cpp:210 GetInPlace() Key not found
10-19 06:11:30.437 V/CamX (13618): [ VERB][UTILS ] camxhashmap.cpp:210 GetInPlace() Key not found
10-19 06:11:30.437 V/CamX (13618): [ VERB][UTILS ] camxhashmap.cpp:210 GetInPlace() Key not found
10-19 06:11:30.437 V/CamX (13618): [ VERB][UTILS ] camxhashmap.cpp:210 GetInPlace() Key not found
10-19 06:11:30.437 V/CamX (13618): [ VERB][UTILS ] camxhashmap.cpp:210 GetInPlace() Key not found
10-19 06:11:30.437 V/CamX (13618): [ VERB][UTILS ] camxhashmap.cpp:210 GetInPlace() Key not found
10-19 06:11:30.437 V/CamX (13618): [ VERB][UTILS ] camxhashmap.cpp:210 GetInPlace() Key not found
10-19 06:11:30.437 V/CamX (13618): [ VERB][UTILS ] camxhashmap.cpp:210 GetInPlace() Key not found
10-19 06:11:30.437 V/CamX (13618): [ VERB][UTILS ] camxhashmap.cpp:210 GetInPlace() Key not found
10-19 06:11:30.437 V/CamX (13618): [ VERB][UTILS ] camxhashmap.cpp:210 GetInPlace() Key not found
10-19 06:11:30.437 V/CamX (13618): [ VERB][UTILS ] camxhashmap.cpp:210 GetInPlace() Key not found
10-19 06:11:30.437 V/CamX (13618): [ VERB][UTILS ] camxhashmap.cpp:210 GetInPlace() Key not found
10-19 06:11:30.437 V/CamX (13618): [ VERB][UTILS ] camxhashmap.cpp:210 GetInPlace() Key not found
10-19 06:11:30.437 V/CamX (13618): [ VERB][UTILS ] camxhashmap.cpp:210 GetInPlace() Key not found
10-19 06:11:30.437 V/CamX (13618): [ VERB][UTILS ] camxhashmap.cpp:210 GetInPlace() Key not found
10-19 06:11:30.437 V/CamX (13618): [ VERB][UTILS ] camxhashmap.cpp:210 GetInPlace() Key not found
10-19 06:11:30.437 V/CamX (13618): [ VERB][UTILS ] camxhashmap.cpp:210 GetInPlace() Key not found
10-19 06:11:30.437 V/CamX (13618): [ VERB][UTILS ] camxhashmap.cpp:210 GetInPlace() Key not found
10-19 06:11:30.437 V/CamX (13618): [ VERB][UTILS ] camxhashmap.cpp:210 GetInPlace() Key not found
10-19 06:11:30.437 V/CamX (13618): [ VERB][UTILS ] camxhashmap.cpp:210 GetInPlace() Key not found
10-19 06:11:30.437 V/CamX (13618): [ VERB][UTILS ] camxhashmap.cpp:210 GetInPlace() Key not found
10-19 06:11:30.437 V/CamX (13618): [ VERB][UTILS ] camxhashmap.cpp:210 GetInPlace() Key not found
10-19 06:11:30.437 V/CamX (13618): [ VERB][UTILS ] camxhashmap.cpp:210 GetInPlace() Key not found
10-19 06:11:30.437 V/CamX (13618): [ VERB][UTILS ] camxhashmap.cpp:210 GetInPlace() Key not found
10-19 06:11:30.437 V/CamX (13618): [ VERB][UTILS ] camxhashmap.cpp:210 GetInPlace() Key not found
10-19 06:11:30.437 V/CamX (13618): [ VERB][UTILS ] camxhashmap.cpp:210 GetInPlace() Key not found
10-19 06:11:30.437 V/CamX (13618): [ VERB][UTILS ] camxhashmap.cpp:210 GetInPlace() Key not found
10-19 06:11:30.437 V/CamX (13618): [ VERB][UTILS ] camxhashmap.cpp:210 GetInPlace() Key not found
10-19 06:11:30.437 V/CamX (13618): [ VERB][UTILS ] camxhashmap.cpp:210 GetInPlace() Key not found
10-19 06:11:30.437 V/CamX (13618): [ VERB][UTILS ] camxhashmap.cpp:210 GetInPlace() Key not found
10-19 06:11:30.437 V/CamX (13618): [ VERB][UTILS ] camxhashmap.cpp:210 GetInPlace() Key not found
10-19 06:11:30.437 V/CamX (13618): [ VERB][UTILS ] camxhashmap.cpp:210 GetInPlace() Key not found
10-19 06:11:30.437 V/CamX (13618): [ VERB][UTILS ] camxhashmap.cpp:210 GetInPlace() Key not found
10-19 06:11:30.437 V/CamX (13618): [ VERB][UTILS ] camxhashmap.cpp:210 GetInPlace() Key not found
10-19 06:11:30.438 V/CamX (13618): [ VERB][UTILS ] camxhashmap.cpp:210 GetInPlace() Key not found
10-19 06:11:30.438 V/CamX (13618): [ VERB][UTILS ] camxhashmap.cpp:210 GetInPlace() Key not found
10-19 06:11:30.438 V/CamX (13618): [ VERB][UTILS ] camxhashmap.cpp:210 GetInPlace() Key not found
10-19 06:11:30.438 V/CamX (13618): [ VERB][UTILS ] camxhashmap.cpp:210 GetInPlace() Key not found
10-19 06:11:30.438 V/CamX (13618): [ VERB][UTILS ] camxhashmap.cpp:210 GetInPlace() Key not found
10-19 06:11:30.438 V/CamX (13618): [ VERB][UTILS ] camxhashmap.cpp:210 GetInPlace() Key not found
10-19 06:11:30.438 V/CamX (13618): [ VERB][UTILS ] camxhashmap.cpp:210 GetInPlace() Key not found
10-19 06:11:30.438 V/CamX (13618): [ VERB][UTILS ] camxhashmap.cpp:210 GetInPlace() Key not found
10-19 06:11:30.438 V/CamX (13618): [ VERB][UTILS ] camxhashmap.cpp:210 GetInPlace() Key not found
10-19 06:11:30.438 V/CamX (13618): [ VERB][UTILS ] camxhashmap.cpp:210 GetInPlace() Key not found
10-19 06:11:30.438 V/CamX (13618): [ VERB][UTILS ] camxhashmap.cpp:210 GetInPlace() Key not found
10-19 06:11:30.438 V/CamX (13618): [ VERB][UTILS ] camxhashmap.cpp:210 GetInPlace() Key not found
10-19 06:11:30.438 V/CamX (13618): [ VERB][UTILS ] camxhashmap.cpp:210 GetInPlace() Key not found
10-19 06:11:30.438 V/CamX (13618): [ VERB][UTILS ] camxhashmap.cpp:210 GetInPlace() Key not found
10-19 06:11:30.438 V/CamX (13618): [ VERB][UTILS ] camxhashmap.cpp:210 GetInPlace() Key not found
10-19 06:11:30.438 V/CamX (13618): [ VERB][UTILS ] camxhashmap.cpp:210 GetInPlace() Key not found
10-19 06:11:30.438 V/CamX (13618): [ VERB][UTILS ] camxhashmap.cpp:210 GetInPlace() Key not found
10-19 06:11:30.438 V/CamX (13618): [ VERB][UTILS ] camxhashmap.cpp:210 GetInPlace() Key not found
10-19 06:11:30.438 V/CamX (13618): [ VERB][UTILS ] camxhashmap.cpp:210 GetInPlace() Key not found
10-19 06:11:30.438 V/CamX (13618): [ VERB][UTILS ] camxhashmap.cpp:210 GetInPlace() Key not found
10-19 06:11:30.438 V/CamX (13618): [ VERB][UTILS ] camxhashmap.cpp:210 GetInPlace() Key not found
10-19 06:11:30.438 V/CamX (13618): [ VERB][UTILS ] camxhashmap.cpp:210 GetInPlace() Key not found
10-19 06:11:30.438 V/CamX (13618): [ VERB][UTILS ] camxhashmap.cpp:210 GetInPlace() Key not found
10-19 06:11:30.438 V/CamX (13618): [ VERB][UTILS ] camxhashmap.cpp:210 GetInPlace() Key not found
10-19 06:11:30.438 V/CamX (13618): [ VERB][UTILS ] camxhashmap.cpp:210 GetInPlace() Key not found
10-19 06:11:30.438 V/CamX (13618): [ VERB][UTILS ] camxhashmap.cpp:210 GetInPlace() Key not found
10-19 06:11:30.438 V/CamX (13618): [ VERB][UTILS ] camxhashmap.cpp:210 GetInPlace() Key not found
10-19 06:11:30.438 V/CamX (13618): [ VERB][UTILS ] camxhashmap.cpp:210 GetInPlace() Key not found
10-19 06:11:30.438 V/CamX (13618): [ VERB][UTILS ] camxhashmap.cpp:210 GetInPlace() Key not found
10-19 06:11:30.438 V/CamX (13618): [ VERB][UTILS ] camxhashmap.cpp:210 GetInPlace() Key not found
10-19 06:11:30.438 V/CamX (13618): [ VERB][UTILS ] camxhashmap.cpp:210 GetInPlace() Key not found
10-19 06:11:30.438 V/CamX (13618): [ VERB][UTILS ] camxhashmap.cpp:210 GetInPlace() Key not found
10-19 06:11:30.438 V/CamX (13618): [ VERB][UTILS ] camxhashmap.cpp:210 GetInPlace() Key not found
10-19 06:11:30.438 V/CamX (13618): [ VERB][UTILS ] camxhashmap.cpp:210 GetInPlace() Key not found
10-19 06:11:30.439 V/CamX (13618): [ VERB][UTILS ] camxhashmap.cpp:210 GetInPlace() Key not found
10-19 06:11:30.439 V/CamX (13618): [ VERB][UTILS ] camxhashmap.cpp:210 GetInPlace() Key not found
10-19 06:11:30.439 V/CamX (13618): [ VERB][UTILS ] camxhashmap.cpp:210 GetInPlace() Key not found
10-19 06:11:30.439 V/CamX (13618): [ VERB][UTILS ] camxhashmap.cpp:210 GetInPlace() Key not found
10-19 06:11:30.439 V/CamX (13618): [ VERB][UTILS ] camxhashmap.cpp:210 GetInPlace() Key not found
10-19 06:11:30.439 V/CamX (13618): [ VERB][UTILS ] camxhashmap.cpp:210 GetInPlace() Key not found
10-19 06:11:30.439 V/CamX (13618): [ VERB][UTILS ] camxhashmap.cpp:210 GetInPlace() Key not found
10-19 06:11:30.439 V/CamX (13618): [ VERB][UTILS ] camxhashmap.cpp:210 GetInPlace() Key not found
10-19 06:11:30.439 V/CamX (13618): [ VERB][UTILS ] camxhashmap.cpp:210 GetInPlace() Key not found
10-19 06:11:30.439 V/CamX (13618): [ VERB][UTILS ] camxhashmap.cpp:210 GetInPlace() Key not found
10-19 06:11:30.439 V/CamX (13618): [ VERB][UTILS ] camxhashmap.cpp:210 GetInPlace() Key not found
10-19 06:11:30.439 V/CamX (13618): [ VERB][UTILS ] camxhashmap.cpp:210 GetInPlace() Key not found
10-19 06:11:30.439 V/CamX (13618): [ VERB][UTILS ] camxhashmap.cpp:210 GetInPlace() Key not found
10-19 06:11:30.439 V/CamX (13618): [ VERB][UTILS ] camxhashmap.cpp:210 GetInPlace() Key not found
10-19 06:11:30.439 V/CamX (13618): [ VERB][UTILS ] camxhashmap.cpp:210 GetInPlace() Key not found
10-19 06:11:30.439 V/CamX (13618): [ VERB][UTILS ] camxhashmap.cpp:210 GetInPlace() Key not found
10-19 06:11:30.439 V/CamX (13618): [ VERB][UTILS ] camxhashmap.cpp:210 GetInPlace() Key not found
10-19 06:11:30.439 V/CamX (13618): [ VERB][UTILS ] camxhashmap.cpp:210 GetInPlace() Key not found
10-19 06:11:30.439 V/CamX (13618): [ VERB][UTILS ] camxhashmap.cpp:210 GetInPlace() Key not found
10-19 06:11:30.439 V/CamX (13618): [ VERB][UTILS ] camxhashmap.cpp:210 GetInPlace() Key not found
10-19 06:11:30.439 V/CamX (13618): [ VERB][UTILS ] camxhashmap.cpp:210 GetInPlace() Key not found
10-19 06:11:30.439 V/CamX (13618): [ VERB][UTILS ] camxhashmap.cpp:210 GetInPlace() Key not found
10-19 06:11:30.439 V/CamX (13618): [ VERB][UTILS ] camxhashmap.cpp:210 GetInPlace() Key not found
10-19 06:11:30.439 V/CamX (13618): [ VERB][UTILS ] camxhashmap.cpp:210 GetInPlace() Key not found
10-19 06:11:30.439 V/CamX (13618): [ VERB][UTILS ] camxhashmap.cpp:210 GetInPlace() Key not found
10-19 06:11:30.439 V/CamX (13618): [ VERB][UTILS ] camxhashmap.cpp:210 GetInPlace() Key not found
10-19 06:11:30.440 V/CamX (13618): [ VERB][UTILS ] camxhashmap.cpp:210 GetInPlace() Key not found
10-19 06:11:30.440 V/CamX (13618): [ VERB][UTILS ] camxhashmap.cpp:210 GetInPlace() Key not found
10-19 06:11:30.440 V/CamX (13618): [ VERB][UTILS ] camxhashmap.cpp:210 GetInPlace() Key not found
10-19 06:11:30.440 V/CamX (13618): [ VERB][UTILS ] camxhashmap.cpp:210 GetInPlace() Key not found
10-19 06:11:30.440 V/CamX (13618): [ VERB][UTILS ] camxhashmap.cpp:210 GetInPlace() Key not found
10-19 06:11:30.440 V/CamX (13618): [ VERB][UTILS ] camxhashmap.cpp:210 GetInPlace() Key not found
10-19 06:11:30.440 V/CamX (13618): [ VERB][UTILS ] camxhashmap.cpp:210 GetInPlace() Key not found
10-19 06:11:30.440 V/CamX (13618): [ VERB][UTILS ] camxhashmap.cpp:210 GetInPlace() Key not found
10-19 06:11:30.440 V/CamX (13618): [ VERB][UTILS ] camxhashmap.cpp:210 GetInPlace() Key not found
10-19 06:11:30.440 V/CamX (13618): [ VERB][UTILS ] camxhashmap.cpp:210 GetInPlace() Key not found
10-19 06:11:30.440 V/CamX (13618): [ VERB][UTILS ] camxhashmap.cpp:210 GetInPlace() Key not found
10-19 06:11:30.440 V/CamX (13618): [ VERB][UTILS ] camxhashmap.cpp:210 GetInPlace() Key not found
10-19 06:11:30.440 V/CamX (13618): [ VERB][UTILS ] camxhashmap.cpp:210 GetInPlace() Key not found
10-19 06:11:30.440 V/CamX (13618): [ VERB][UTILS ] camxhashmap.cpp:210 GetInPlace() Key not found
10-19 06:11:30.440 V/CamX (13618): [ VERB][UTILS ] camxhashmap.cpp:210 GetInPlace() Key not found
10-19 06:11:30.440 V/CamX (13618): [ VERB][UTILS ] camxhashmap.cpp:210 GetInPlace() Key not found
10-19 06:11:30.440 V/CamX (13618): [ VERB][UTILS ] camxhashmap.cpp:210 GetInPlace() Key not found
10-19 06:11:30.440 V/CamX (13618): [ VERB][UTILS ] camxhashmap.cpp:210 GetInPlace() Key not found
10-19 06:11:30.440 V/CamX (13618): [ VERB][UTILS ] camxhashmap.cpp:210 GetInPlace() Key not found
10-19 06:11:30.440 V/CamX (13618): [ VERB][UTILS ] camxhashmap.cpp:210 GetInPlace() Key not found
10-19 06:11:30.440 V/CamX (13618): [ VERB][UTILS ] camxhashmap.cpp:210 GetInPlace() Key not found
10-19 06:11:30.440 V/CamX (13618): [ VERB][UTILS ] camxhashmap.cpp:210 GetInPlace() Key not found
10-19 06:11:30.440 V/CamX (13618): [ VERB][UTILS ] camxhashmap.cpp:210 GetInPlace() Key not found
10-19 06:11:30.440 V/CamX (13618): [ VERB][UTILS ] camxhashmap.cpp:210 GetInPlace() Key not found
10-19 06:11:30.440 V/CamX (13618): [ VERB][UTILS ] camxhashmap.cpp:210 GetInPlace() Key not found
10-19 06:11:30.440 V/CamX (13618): [ VERB][UTILS ] camxhashmap.cpp:210 GetInPlace() Key not found
10-19 06:11:30.440 V/CamX (13618): [ VERB][UTILS ] camxhashmap.cpp:210 GetInPlace() Key not found
10-19 06:11:30.440 V/CamX (13618): [ VERB][UTILS ] camxhashmap.cpp:210 GetInPlace() Key not found
10-19 06:11:30.440 V/CamX (13618): [ VERB][UTILS ] camxhashmap.cpp:210 GetInPlace() Key not found
10-19 06:11:30.440 V/CamX (13618): [ VERB][UTILS ] camxhashmap.cpp:210 GetInPlace() Key not found
10-19 06:11:30.440 V/CamX (13618): [ VERB][UTILS ] camxhashmap.cpp:210 GetInPlace() Key not found
