10-19 06:00:22.213 I/wm_relaunch_resume_activity( 1146): [0,200177327,160,com.android.soundrecorder/.SoundRecorder]
10-19 06:00:22.216 I/wm_set_resumed_activity( 1146): [0,com.android.soundrecorder/.SoundRecorder,resumeTopActivityInnerLocked]
10-19 06:00:22.218 I/wm_resume_activity( 1146): [0,200177327,160,com.android.soundrecorder/.SoundRecorder]
10-19 06:00:22.220 I/wm_finish_activity( 1146): [0,200177327,160,com.android.soundrecorder/.SoundRecorder,clear-task-all]
10-19 06:00:22.221 I/wm_pause_activity( 1146): [0,200177327,com.android.soundrecorder/.SoundRecorder,userLeaving=false,finish]
10-19 06:00:22.225 I/wm_on_destroy_called( 6285): [200177327,com.android.soundrecorder.SoundRecorder,performDestroy]
10-19 06:00:22.226 I/wm_task_moved( 1146): [160,1,8]
10-19 06:00:22.226 I/wm_create_activity( 1146): [0,247053792,160,com.android.soundrecorder/.SoundRecorder,NULL,NULL,NULL,272662528]
10-19 06:00:22.242 I/wm_on_top_resumed_lost_called( 2903): [228154950,com.android.launcher3.uioverrides.QuickstepLauncher,topStateChangedWhenResumed]
10-19 06:00:22.282 I/wm_on_create_called( 6285): [200177327,com.android.soundrecorder.SoundRecorder,performCreate]
10-19 06:00:22.283 I/wm_on_start_called( 6285): [200177327,com.android.soundrecorder.SoundRecorder,handleStartActivity]
10-19 06:00:22.285 I/wm_on_resume_called( 6285): [200177327,com.android.soundrecorder.SoundRecorder,RESUME_ACTIVITY]
10-19 06:00:22.292 I/wm_on_paused_called( 6285): [200177327,com.android.soundrecorder.SoundRecorder,performPause]
10-19 06:00:22.294 I/wm_add_to_stopping( 1146): [0,200177327,com.android.soundrecorder/.SoundRecorder,completeFinishing]
10-19 06:00:22.300 I/wm_restart_activity( 1146): [0,247053792,160,com.android.soundrecorder/.SoundRecorder]
10-19 06:00:22.302 I/wm_set_resumed_activity( 1146): [0,com.android.soundrecorder/.SoundRecorder,minimalResumeActivityLocked]
10-19 06:00:22.305 I/sysui_multi_action( 1146): [757,803,799,window_time_0,802,3]
10-19 06:00:22.354 I/wm_on_create_called( 6285): [247053792,com.android.soundrecorder.SoundRecorder,performCreate]
10-19 06:00:22.355 I/wm_on_start_called( 6285): [247053792,com.android.soundrecorder.SoundRecorder,handleStartActivity]
10-19 06:00:22.356 I/wm_on_resume_called( 6285): [247053792,com.android.soundrecorder.SoundRecorder,RESUME_ACTIVITY]
10-19 06:00:22.364 I/wm_on_top_resumed_gained_called( 6285): [247053792,com.android.soundrecorder.SoundRecorder,topStateChangedWhenResumed]
10-19 06:00:22.388 I/input_focus( 1146): [Focus request 172031a com.android.soundrecorder/com.android.soundrecorder.SoundRecorder,reason=UpdateInputWindows]
10-19 06:00:22.396 I/input_focus( 1146): [Focus leaving a926fae com.android.launcher3/com.android.launcher3.uioverrides.QuickstepLauncher (server),reason=Waiting for window because NOT_VISIBLE]
10-19 06:00:22.422 I/wm_activity_launch_time( 1146): [0,247053792,com.android.soundrecorder/.SoundRecorder,217]
10-19 06:00:22.449 I/input_focus( 1146): [Focus entering 172031a com.android.soundrecorder/com.android.soundrecorder.SoundRecorder (server),reason=Window became focusable. Previous reason: NOT_VISIBLE]
10-19 06:00:22.699 I/wm_destroy_activity( 1146): [0,200177327,160,com.android.soundrecorder/.SoundRecorder,finish-imm:idle]
10-19 06:00:22.717 I/wm_on_stop_called( 6285): [200177327,com.android.soundrecorder.SoundRecorder,LIFECYCLER_STOP_ACTIVITY]
10-19 06:00:22.720 I/wm_on_destroy_called( 6285): [200177327,com.android.soundrecorder.SoundRecorder,performDestroy]
10-19 06:00:23.443 I/input_interaction( 1146): Interaction with: 172031a com.android.soundrecorder/com.android.soundrecorder.SoundRecorder (server), edge-swipe (server), swipe-up (server), PointerEventDispatcher0 (server),
10-19 06:00:25.548 I/view_enqueue_input_event( 6285): [Motion - Cancel,com.android.soundrecorder/com.android.soundrecorder.SoundRecorder]
10-19 06:00:25.548 I/input_interaction( 1146): Interaction with: WindowManager (server), edge-swipe (server), swipe-up (server), PointerEventDispatcher0 (server),
10-19 06:00:25.643 I/service_manager_slow( 1146): [11,phone]
10-19 06:00:25.803 I/dropbox_file_copy( 1146): [/data/tombstones/tombstone_08,98304,SYSTEM_TOMBSTONE]
10-19 06:00:25.810 I/commit_sys_config_file( 1146): [log-files,16482259]
10-19 06:00:25.832 I/commit_sys_config_file( 1146): [log-files,16482280]
10-19 06:00:29.969 I/liblog (11561): 2
10-19 06:00:29.970 I/liblog (11561): 14
10-19 06:00:29.970 I/liblog (11561): 3
10-19 06:00:29.970 I/liblog (11561): 4
10-19 06:00:29.970 I/liblog (11561): 3
10-19 06:00:29.970 I/liblog (11561): 4
10-19 06:00:29.970 I/liblog (11561): 4
10-19 06:00:29.970 I/liblog (11561): 4
10-19 06:00:29.970 I/liblog (11561): 4
10-19 06:00:29.970 I/liblog (11561): 4
10-19 06:00:29.970 I/liblog (11561): 6
10-19 06:00:29.970 I/liblog (11561): 4
10-19 06:00:29.971 I/liblog (11561): 6
10-19 06:00:29.971 I/liblog (11561): 4
10-19 06:00:29.971 I/liblog (11561): 4
10-19 06:00:29.971 I/liblog (11561): 3
10-19 06:00:29.971 I/liblog (11561): 3
10-19 06:00:29.971 I/liblog (11561): 4
10-19 06:00:29.971 I/liblog (11561): 4
10-19 06:00:29.971 I/liblog (11561): 2
10-19 06:00:29.971 I/liblog (11561): 4
10-19 06:00:29.971 I/liblog (11561): 7
10-19 06:00:29.971 I/liblog (11561): 4
10-19 06:00:29.971 I/liblog (11561): 4
10-19 06:00:29.972 I/liblog (11561): 3
10-19 06:00:29.972 I/liblog (11561): 4
10-19 06:00:29.972 I/liblog (11561): 3
10-19 06:00:29.972 I/liblog (11561): 6
10-19 06:00:29.972 I/liblog (11561): 6
10-19 06:00:29.972 I/liblog (11561): 4
10-19 06:00:29.972 I/liblog (11561): 12
10-19 06:00:29.972 I/liblog (11561): 3
10-19 06:00:29.973 I/liblog (11561): 6
10-19 06:00:29.973 I/liblog (11561): 4
10-19 06:00:29.973 I/liblog (11561): 6
10-19 06:00:29.973 I/liblog (11561): 18
10-19 06:00:29.973 I/liblog (11561): 3
10-19 06:00:29.973 I/liblog (11561): 3
10-19 06:00:29.974 I/liblog (11561): 8
10-19 06:00:29.974 I/liblog (11561): 7
10-19 06:00:29.974 I/liblog (11561): 3
10-19 06:00:29.974 I/liblog (11561): 6
10-19 06:00:29.974 I/liblog (11561): 6
10-19 06:00:29.974 I/liblog (11561): 4
10-19 06:00:29.974 I/liblog (11561): 4
10-19 06:00:29.974 I/liblog (11561): 4
10-19 06:00:29.974 I/liblog (11561): 4
10-19 06:00:29.974 I/liblog (11561): 4
10-19 06:00:29.975 I/liblog (11561): 7
10-19 06:00:29.975 I/liblog (11561): 2
10-19 06:00:29.975 I/liblog (11561): 2
10-19 06:00:29.975 I/liblog (11561): 4
10-19 06:00:29.975 I/liblog (11561): 4
10-19 06:00:29.975 I/liblog (11561): 3
10-19 06:00:29.975 I/liblog (11561): 3
10-19 06:00:29.976 I/liblog (11561): 40
10-19 06:00:29.976 I/liblog (11561): 3
10-19 06:00:29.976 I/liblog (11561): 3
10-19 06:00:29.976 I/liblog (11561): 4
10-19 06:00:29.976 I/liblog (11561): 6
10-19 06:00:29.976 I/liblog (11561): 3
10-19 06:00:29.977 I/liblog (11561): 5
10-19 06:00:29.977 I/liblog (11561): 3
10-19 06:00:29.977 I/liblog (11561): 18
10-19 06:00:29.977 I/liblog (11561): 3
10-19 06:00:29.977 I/liblog (11561): 6
10-19 06:00:29.978 I/liblog (11561): 3
10-19 06:00:29.978 I/liblog (11561): 3
10-19 06:00:29.978 I/liblog (11561): 6
10-19 06:00:29.978 I/liblog (11561): 3
10-19 06:00:29.978 I/liblog (11561): 6
10-19 06:00:29.978 I/liblog (11561): 3
10-19 06:00:29.978 I/liblog (11561): 4
10-19 06:00:30.660 I/dropbox_file_copy( 1146): [/data/tombstones/tombstone_09,98304,SYSTEM_TOMBSTONE]
10-19 06:00:30.681 I/commit_sys_config_file( 1146): [log-files,16487123]
10-19 06:00:30.709 I/commit_sys_config_file( 1146): [log-files,16487157]
10-19 06:00:30.869 I/input_interaction( 1146): Interaction with: 172031a com.android.soundrecorder/com.android.soundrecorder.SoundRecorder (server), edge-swipe (server), swipe-up (server), PointerEventDispatcher0 (server),
10-19 06:00:30.897 I/view_enqueue_input_event( 6285): [Motion - Cancel,com.android.soundrecorder/com.android.soundrecorder.SoundRecorder]
10-19 06:00:30.907 I/input_interaction( 1146): Interaction with: edge-swipe (server), swipe-up (server), PointerEventDispatcher0 (server),
10-19 06:00:31.012 I/sysui_multi_action( 1146): [757,803,799,key_back_press,802,1]
10-19 06:00:31.017 I/input_interaction( 1146): Interaction with: 172031a com.android.soundrecorder/com.android.soundrecorder.SoundRecorder (server), PointerEventDispatcher0 (server),
10-19 06:00:31.023 I/wm_task_moved( 1146): [160,0,0]
10-19 06:00:31.027 I/wm_focused_root_task( 1146): [0,0,1,160,moveTaskToBackLocked]
10-19 06:00:31.027 I/wm_on_top_resumed_lost_called( 6285): [247053792,com.android.soundrecorder.SoundRecorder,topStateChangedWhenResumed]
10-19 06:00:31.028 I/input_focus( 1146): [Focus request a926fae com.android.launcher3/com.android.launcher3.uioverrides.QuickstepLauncher,reason=UpdateInputWindows]
10-19 06:00:31.029 I/wm_on_top_resumed_gained_called( 2903): [228154950,com.android.launcher3.uioverrides.QuickstepLauncher,topStateChangedWhenResumed]
10-19 06:00:31.040 I/input_focus( 1146): [Focus leaving 172031a com.android.soundrecorder/com.android.soundrecorder.SoundRecorder (server),reason=setFocusedWindow]
10-19 06:00:31.040 I/input_focus( 1146): [Focus entering a926fae com.android.launcher3/com.android.launcher3.uioverrides.QuickstepLauncher (server),reason=setFocusedWindow]
10-19 06:00:31.682 I/input_interaction( 1146): Interaction with: 172031a com.android.soundrecorder/com.android.soundrecorder.SoundRecorder (server), edge-swipe (server), swipe-up (server), PointerEventDispatcher0 (server),
10-19 06:00:31.686 I/wm_task_moved( 1146): [160,1,8]
10-19 06:00:31.686 I/wm_task_to_front( 1146): [0,160]
10-19 06:00:31.693 I/wm_set_resumed_activity( 1146): [0,com.android.soundrecorder/.SoundRecorder,positionChildAt]
10-19 06:00:31.693 I/wm_focused_root_task( 1146): [0,0,160,1,setFocusedTask]
10-19 06:00:31.693 I/wm_set_resumed_activity( 1146): [0,com.android.soundrecorder/.SoundRecorder,setFocusedTask]
10-19 06:00:31.694 I/wm_on_top_resumed_lost_called( 2903): [228154950,com.android.launcher3.uioverrides.QuickstepLauncher,topStateChangedWhenResumed]
10-19 06:00:31.701 I/input_focus( 1146): [Focus request 172031a com.android.soundrecorder/com.android.soundrecorder.SoundRecorder,reason=UpdateInputWindows]
10-19 06:00:31.703 I/view_enqueue_input_event( 6285): [Motion - Cancel,com.android.soundrecorder/com.android.soundrecorder.SoundRecorder]
10-19 06:00:31.704 I/wm_on_top_resumed_gained_called( 6285): [247053792,com.android.soundrecorder.SoundRecorder,topStateChangedWhenResumed]
10-19 06:00:31.706 I/input_interaction( 1146): Interaction with: WindowManager (server), edge-swipe (server), swipe-up (server), PointerEventDispatcher0 (server),
10-19 06:00:31.725 I/input_focus( 1146): [Focus leaving a926fae com.android.launcher3/com.android.launcher3.uioverrides.QuickstepLauncher (server),reason=setFocusedWindow]
10-19 06:00:31.725 I/input_focus( 1146): [Focus entering 172031a com.android.soundrecorder/com.android.soundrecorder.SoundRecorder (server),reason=setFocusedWindow]
10-19 06:00:33.578 I/input_interaction( 1146): Interaction with: 172031a com.android.soundrecorder/com.android.soundrecorder.SoundRecorder (server), edge-swipe (server), swipe-up (server), PointerEventDispatcher0 (server),
10-19 06:00:33.602 I/view_enqueue_input_event( 6285): [Motion - Cancel,com.android.soundrecorder/com.android.soundrecorder.SoundRecorder]
10-19 06:00:33.613 I/input_interaction( 1146): Interaction with: WindowManager (server), edge-swipe (server), swipe-up (server), PointerEventDispatcher0 (server),
10-19 06:00:33.794 I/service_manager_stats( 1146): [100,137,38083]
10-19 06:00:35.011 I/liblog (11572): 1
10-19 06:00:35.011 I/liblog (11572): 9
10-19 06:00:35.011 I/liblog (11572): 6
10-19 06:00:35.012 I/liblog (11572): 4
10-19 06:00:35.012 I/liblog (11572): 3
10-19 06:00:35.012 I/liblog (11572): 3
10-19 06:00:35.012 I/liblog (11572): 4
10-19 06:00:35.012 I/liblog (11572): 6
10-19 06:00:35.012 I/liblog (11572): 4
10-19 06:00:35.012 I/liblog (11572): 8
10-19 06:00:35.012 I/liblog (11572): 10
10-19 06:00:35.012 I/liblog (11572): 4
10-19 06:00:35.013 I/liblog (11572): 11
10-19 06:00:35.013 I/liblog (11572): 4
10-19 06:00:35.013 I/liblog (11572): 6
10-19 06:00:35.013 I/liblog (11572): 5
10-19 06:00:35.013 I/liblog (11572): 3
10-19 06:00:35.013 I/liblog (11572): 3
10-19 06:00:35.013 I/liblog (11572): 4
10-19 06:00:35.013 I/liblog (11572): 3
10-19 06:00:35.013 I/liblog (11572): 4
10-19 06:00:35.013 I/liblog (11572): 3
10-19 06:00:35.013 I/liblog (11572): 4
10-19 06:00:35.014 I/liblog (11572): 8
10-19 06:00:35.014 I/liblog (11572): 5
10-19 06:00:35.014 I/liblog (11572): 4
10-19 06:00:35.014 I/liblog (11572): 3
10-19 06:00:35.014 I/liblog (11572): 3
10-19 06:00:35.014 I/liblog (11572): 4
10-19 06:00:35.014 I/liblog (11572): 3
10-19 06:00:35.014 I/liblog (11572): 2
10-19 06:00:35.014 I/liblog (11572): 3
10-19 06:00:35.015 I/liblog (11572): 5
10-19 06:00:35.015 I/liblog (11572): 6
10-19 06:00:35.015 I/liblog (11572): 6
10-19 06:00:35.015 I/liblog (11572): 3
10-19 06:00:35.015 I/liblog (11572): 4
10-19 06:00:35.015 I/liblog (11572): 6
10-19 06:00:35.015 I/liblog (11572): 8
10-19 06:00:35.015 I/liblog (11572): 4
10-19 06:00:35.015 I/liblog (11572): 4
10-19 06:00:35.016 I/liblog (11572): 4
10-19 06:00:35.016 I/liblog (11572): 4
10-19 06:00:35.016 I/liblog (11572): 3
10-19 06:00:35.016 I/liblog (11572): 4
10-19 06:00:35.016 I/liblog (11572): 3
10-19 06:00:35.016 I/liblog (11572): 6
10-19 06:00:35.016 I/liblog (11572): 6
10-19 06:00:35.016 I/liblog (11572): 4
10-19 06:00:35.016 I/liblog (11572): 4
10-19 06:00:35.016 I/liblog (11572): 8
10-19 06:00:35.016 I/liblog (11572): 8
10-19 06:00:35.017 I/liblog (11572): 12
10-19 06:00:35.017 I/liblog (11572): 4
10-19 06:00:35.017 I/liblog (11572): 10
10-19 06:00:35.017 I/liblog (11572): 4
10-19 06:00:35.017 I/liblog (11572): 13
10-19 06:00:35.017 I/liblog (11572): 4
10-19 06:00:35.017 I/liblog (11572): 4
10-19 06:00:35.018 I/liblog (11572): 8
10-19 06:00:35.018 I/liblog (11572): 4
10-19 06:00:35.018 I/liblog (11572): 8
10-19 06:00:35.018 I/liblog (11572): 3
10-19 06:00:35.018 I/liblog (11572): 3
10-19 06:00:35.018 I/liblog (11572): 4
10-19 06:00:35.018 I/liblog (11572): 3
10-19 06:00:35.018 I/liblog (11572): 4
10-19 06:00:35.018 I/liblog (11572): 6
10-19 06:00:35.018 I/liblog (11572): 6
10-19 06:00:35.019 I/liblog (11572): 4
10-19 06:00:35.019 I/liblog (11572): 4
10-19 06:00:35.019 I/liblog (11572): 3
10-19 06:00:35.019 I/liblog (11572): 4
10-19 06:00:35.019 I/liblog (11572): 6
10-19 06:00:35.019 I/liblog (11572): 3
10-19 06:00:35.019 I/liblog (11572): 3
10-19 06:00:35.019 I/liblog (11572): 17
10-19 06:00:35.019 I/liblog (11572): 4
10-19 06:00:35.585 I/dropbox_file_copy( 1146): [/data/tombstones/tombstone_10,98304,SYSTEM_TOMBSTONE]
10-19 06:00:35.593 I/commit_sys_config_file( 1146): [log-files,16492041]
10-19 06:00:35.612 I/commit_sys_config_file( 1146): [log-files,16492060]
10-19 06:00:36.199 I/input_interaction( 1146): Interaction with: 172031a com.android.soundrecorder/com.android.soundrecorder.SoundRecorder (server), edge-swipe (server), swipe-up (server), PointerEventDispatcher0 (server),
10-19 06:00:36.225 I/view_enqueue_input_event( 6285): [Motion - Cancel,com.android.soundrecorder/com.android.soundrecorder.SoundRecorder]
10-19 06:00:36.226 I/input_interaction( 1146): Interaction with: WindowManager (server), edge-swipe (server), swipe-up (server), PointerEventDispatcher0 (server),
10-19 06:00:37.917 I/input_interaction( 1146): Interaction with: 172031a com.android.soundrecorder/com.android.soundrecorder.SoundRecorder (server), edge-swipe (server), swipe-up (server), PointerEventDispatcher0 (server),
10-19 06:00:37.933 I/view_enqueue_input_event( 6285): [Motion - Cancel,com.android.soundrecorder/com.android.soundrecorder.SoundRecorder]
10-19 06:00:37.936 I/input_interaction( 1146): Interaction with: WindowManager (server), edge-swipe (server), swipe-up (server), PointerEventDispatcher0 (server),
10-19 06:00:39.287 I/input_interaction( 1146): Interaction with: 172031a com.android.soundrecorder/com.android.soundrecorder.SoundRecorder (server), edge-swipe (server), swipe-up (server), PointerEventDispatcher0 (server),
10-19 06:00:39.319 I/view_enqueue_input_event( 6285): [Motion - Cancel,com.android.soundrecorder/com.android.soundrecorder.SoundRecorder]
10-19 06:00:39.323 I/input_interaction( 1146): Interaction with: WindowManager (server), edge-swipe (server), swipe-up (server), PointerEventDispatcher0 (server),
10-19 06:00:39.971 I/input_interaction( 1146): Interaction with: 172031a com.android.soundrecorder/com.android.soundrecorder.SoundRecorder (server), edge-swipe (server), swipe-up (server), PointerEventDispatcher0 (server),
10-19 06:00:40.005 I/view_enqueue_input_event( 6285): [Motion - Cancel,com.android.soundrecorder/com.android.soundrecorder.SoundRecorder]
10-19 06:00:40.005 I/input_interaction( 1146): Interaction with: WindowManager (server), edge-swipe (server), swipe-up (server), PointerEventDispatcher0 (server),
10-19 06:00:40.497 I/input_interaction( 1146): Interaction with: 172031a com.android.soundrecorder/com.android.soundrecorder.SoundRecorder (server), edge-swipe (server), swipe-up (server), PointerEventDispatcher0 (server),
10-19 06:00:40.539 I/view_enqueue_input_event( 6285): [Motion - Cancel,com.android.soundrecorder/com.android.soundrecorder.SoundRecorder]
10-19 06:00:40.547 I/input_interaction( 1146): Interaction with: WindowManager (server), edge-swipe (server), swipe-up (server), PointerEventDispatcher0 (server),
10-19 06:00:40.651 I/dropbox_file_copy( 1146): [/data/tombstones/tombstone_11,98304,SYSTEM_TOMBSTONE]
10-19 06:00:40.660 I/commit_sys_config_file( 1146): [log-files,16497109]
10-19 06:00:40.681 I/commit_sys_config_file( 1146): [log-files,16497130]
10-19 06:00:40.922 I/input_interaction( 1146): Interaction with: 172031a com.android.soundrecorder/com.android.soundrecorder.SoundRecorder (server), edge-swipe (server), swipe-up (server), PointerEventDispatcher0 (server),
10-19 06:00:40.940 I/view_enqueue_input_event( 6285): [Motion - Cancel,com.android.soundrecorder/com.android.soundrecorder.SoundRecorder]
10-19 06:00:40.944 I/input_interaction( 1146): Interaction with: WindowManager (server), edge-swipe (server), swipe-up (server), PointerEventDispatcher0 (server),
10-19 06:00:41.418 I/input_interaction( 1146): Interaction with: 172031a com.android.soundrecorder/com.android.soundrecorder.SoundRecorder (server), edge-swipe (server), swipe-up (server), PointerEventDispatcher0 (server),
10-19 06:00:41.441 I/view_enqueue_input_event( 6285): [Motion - Cancel,com.android.soundrecorder/com.android.soundrecorder.SoundRecorder]
10-19 06:00:41.455 I/input_interaction( 1146): Interaction with: WindowManager (server), edge-swipe (server), swipe-up (server), PointerEventDispatcher0 (server),
10-19 06:00:41.866 I/input_interaction( 1146): Interaction with: 172031a com.android.soundrecorder/com.android.soundrecorder.SoundRecorder (server), edge-swipe (server), swipe-up (server), PointerEventDispatcher0 (server),
10-19 06:00:41.910 I/view_enqueue_input_event( 6285): [Motion - Cancel,com.android.soundrecorder/com.android.soundrecorder.SoundRecorder]
10-19 06:00:41.931 I/input_interaction( 1146): Interaction with: WindowManager (server), edge-swipe (server), swipe-up (server), PointerEventDispatcher0 (server),
10-19 06:00:42.318 I/input_interaction( 1146): Interaction with: 172031a com.android.soundrecorder/com.android.soundrecorder.SoundRecorder (server), edge-swipe (server), swipe-up (server), PointerEventDispatcher0 (server),
10-19 06:00:42.343 I/view_enqueue_input_event( 6285): [Motion - Cancel,com.android.soundrecorder/com.android.soundrecorder.SoundRecorder]
10-19 06:00:42.355 I/input_interaction( 1146): Interaction with: WindowManager (server), edge-swipe (server), swipe-up (server), PointerEventDispatcher0 (server),
10-19 06:00:43.667 I/am_freeze( 1146): [5715,com.android.permissioncontroller]
10-19 06:00:43.676 I/am_kill ( 1146): [0,5715,com.android.permissioncontroller,955,Unable to freeze binder interface]
10-19 06:00:43.818 I/am_proc_died( 1146): [0,5715,com.android.permissioncontroller,955,19]
10-19 06:00:43.819 I/am_uid_stopped( 1146): 10100
10-19 06:00:44.746 I/input_interaction( 1146): Interaction with: 172031a com.android.soundrecorder/com.android.soundrecorder.SoundRecorder (server), edge-swipe (server), swipe-up (server), PointerEventDispatcher0 (server),
10-19 06:00:44.780 I/view_enqueue_input_event( 6285): [Motion - Cancel,com.android.soundrecorder/com.android.soundrecorder.SoundRecorder]
10-19 06:00:44.783 I/input_interaction( 1146): Interaction with: WindowManager (server), edge-swipe (server), swipe-up (server), PointerEventDispatcher0 (server),
10-19 06:00:45.792 I/dropbox_file_copy( 1146): [/data/tombstones/tombstone_12,98304,SYSTEM_TOMBSTONE]
10-19 06:00:45.802 I/commit_sys_config_file( 1146): [log-files,16502250]
10-19 06:00:45.821 I/commit_sys_config_file( 1146): [log-files,16502269]
10-19 06:00:50.138 I/input_interaction( 1146): Interaction with: a926fae com.android.launcher3/com.android.launcher3.uioverrides.QuickstepLauncher (server), 1c10e44 com.android.systemui.ImageWallpaper (server), edge-swipe (server), swipe-up (server), PointerEventDispatcher0 (server),
10-19 06:00:50.184 I/liblog (11601): 245
10-19 06:00:50.184 I/liblog (11601): 1
10-19 06:00:50.184 I/liblog (11601): 1
10-19 06:00:50.184 I/liblog (11601): 1
10-19 06:00:50.184 I/liblog (11601): 1
10-19 06:00:50.184 I/liblog (11601): 1
10-19 06:00:50.184 I/liblog (11601): 2
10-19 06:00:50.184 I/liblog (11601): 1
10-19 06:00:50.185 I/liblog (11601): 2
10-19 06:00:50.185 I/liblog (11601): 2
10-19 06:00:50.185 I/liblog (11601): 2
10-19 06:00:50.185 I/liblog (11601): 2
10-19 06:00:50.185 I/liblog (11601): 1
10-19 06:00:50.185 I/liblog (11601): 2
10-19 06:00:50.185 I/liblog (11601): 1
10-19 06:00:50.185 I/liblog (11601): 2
10-19 06:00:50.185 I/liblog (11601): 1
10-19 06:00:50.185 I/liblog (11601): 1
10-19 06:00:50.254 I/view_enqueue_input_event( 2903): [Motion - Cancel,com.android.launcher3/com.android.launcher3.uioverrides.QuickstepLauncher]
10-19 06:00:50.258 I/input_interaction( 1146): Interaction with: edge-swipe (server), swipe-up (server), PointerEventDispatcher0 (server),
10-19 06:00:50.755 I/wm_task_moved( 1146): [1,1,8]
10-19 06:00:50.757 I/wm_set_resumed_activity( 1146): [0,com.android.launcher3/.uioverrides.QuickstepLauncher,positionChildAt]
10-19 06:00:50.757 I/wm_task_moved( 1146): [10,1,2147483647]
10-19 06:00:50.757 I/wm_task_to_front( 1146): [0,10]
10-19 06:00:50.757 I/wm_on_top_resumed_lost_called( 6285): [247053792,com.android.soundrecorder.SoundRecorder,topStateChangedWhenResumed]
10-19 06:00:50.757 I/wm_focused_root_task( 1146): [0,0,1,160,bringingFoundTaskToFront]
10-19 06:00:50.757 I/wm_set_resumed_activity( 1146): [0,com.android.launcher3/.uioverrides.QuickstepLauncher,bringingFoundTaskToFront]
10-19 06:00:50.758 I/wm_new_intent( 1146): [0,228154950,10,com.android.launcher3/.uioverrides.QuickstepLauncher,android.intent.action.MAIN,NULL,NULL,268435712]
10-19 06:00:50.759 I/wm_task_moved( 1146): [1,1,8]
10-19 06:00:50.759 I/wm_set_resumed_activity( 1146): [0,com.android.launcher3/.uioverrides.QuickstepLauncher,positionChildAt]
10-19 06:00:50.766 I/input_focus( 1146): [Focus request a926fae com.android.launcher3/com.android.launcher3.uioverrides.QuickstepLauncher,reason=UpdateInputWindows]
10-19 06:00:50.767 I/wm_on_paused_called( 2903): [228154950,com.android.launcher3.uioverrides.QuickstepLauncher,performPause]
10-19 06:00:50.768 I/wm_on_resume_called( 2903): [228154950,com.android.launcher3.uioverrides.QuickstepLauncher,LIFECYCLER_RESUME_ACTIVITY]
10-19 06:00:50.769 I/wm_on_top_resumed_gained_called( 2903): [228154950,com.android.launcher3.uioverrides.QuickstepLauncher,topStateChangedWhenResumed]
10-19 06:00:50.780 I/dvm_lock_sample( 1146): [system_server,1,Binder:1146_12,5,ActivityTaskManagerService.java,2935,boolean com.android.server.wm.ActivityTaskManagerService.checkCanCloseSystemDialogs(int, int, java.lang.String),,0,null,1]
10-19 06:00:50.802 I/input_focus( 1146): [Focus leaving 172031a com.android.soundrecorder/com.android.soundrecorder.SoundRecorder (server),reason=setFocusedWindow]
10-19 06:00:50.802 I/input_focus( 1146): [Focus entering a926fae com.android.launcher3/com.android.launcher3.uioverrides.QuickstepLauncher (server),reason=setFocusedWindow]
10-19 06:00:50.832 I/am_pss ( 1146): [8230,10033,com.microsoft.emmx,197781504,186023936,0,334151680,0,18,21]
10-19 06:00:50.932 I/dropbox_file_copy( 1146): [/data/tombstones/tombstone_13,98304,SYSTEM_TOMBSTONE]
10-19 06:00:50.941 I/commit_sys_config_file( 1146): [log-files,16507389]
10-19 06:00:50.959 I/commit_sys_config_file( 1146): [log-files,16507408]
10-19 06:00:51.235 I/input_interaction( 1146): Interaction with: a926fae com.android.launcher3/com.android.launcher3.uioverrides.QuickstepLauncher (server), 1c10e44 com.android.systemui.ImageWallpaper (server), edge-swipe (server), swipe-up (server), PointerEventDispatcher0 (server),
10-19 06:00:55.020 I/commit_sys_config_file( 1146): [settings-1-0,14]
10-19 06:00:55.182 I/liblog (11610): 197
10-19 06:00:55.182 I/liblog (11610): 1
10-19 06:00:55.816 I/dropbox_file_copy( 1146): [/data/tombstones/tombstone_14,98304,SYSTEM_TOMBSTONE]
10-19 06:00:55.833 I/commit_sys_config_file( 1146): [log-files,16512281]
10-19 06:00:55.862 I/commit_sys_config_file( 1146): [log-files,16512311]
10-19 06:00:56.874 I/service_manager_stats( 1146): [100,107,23080]
10-19 06:00:57.599 I/input_interaction( 1146): Interaction with: edge-swipe (server), swipe-up (server), PointerEventDispatcher0 (server),
10-19 06:00:57.604 I/view_enqueue_input_event( 2903): [Motion - Cancel,com.android.launcher3/com.android.launcher3.uioverrides.QuickstepLauncher]
10-19 06:00:57.783 I/commit_sys_config_file( 1146): [settings-1-0,9]
10-19 06:00:57.949 I/wm_finish_activity( 1146): [0,247053792,160,com.android.soundrecorder/.SoundRecorder,app-request]
10-19 06:00:57.964 I/wm_pause_activity( 1146): [0,247053792,com.android.soundrecorder/.SoundRecorder,userLeaving=false,finish]
10-19 06:00:57.973 I/wm_on_paused_called( 6285): [247053792,com.android.soundrecorder.SoundRecorder,performPause]
10-19 06:00:57.977 I/wm_destroy_activity( 1146): [0,247053792,160,com.android.soundrecorder/.SoundRecorder,finish-imm:completePausedLocked]
10-19 06:00:57.994 I/sysui_multi_action( 1146): [757,803,799,window_time_2,802,36]
10-19 06:00:58.023 I/wm_on_stop_called( 6285): [247053792,com.android.soundrecorder.SoundRecorder,LIFECYCLER_STOP_ACTIVITY]
10-19 06:00:58.025 I/wm_on_destroy_called( 6285): [247053792,com.android.soundrecorder.SoundRecorder,performDestroy]
10-19 06:00:58.165 I/commit_sys_config_file( 1146): [settings-1-0,20]
10-19 06:00:58.276 I/wm_task_removed( 1146): [160,removeChild:removeChild last r=ActivityRecord{eb9bde0 u0 com.android.soundrecorder/.SoundRecorder t-1 f}} in t=Task{74f583f #160 type=standard A=10063:com.android.soundrecorder U=0 visible=false mode=freeform translucent=true sz=0}]
10-19 06:00:58.276 I/wm_task_removed( 1146): [160,removeChild]
10-19 06:01:00.225 I/liblog (11626): 9
10-19 06:01:00.225 I/liblog (11626): 4
10-19 06:01:00.225 I/liblog (11626): 2
10-19 06:01:00.225 I/liblog (11626): 8
10-19 06:01:00.225 I/liblog (11626): 4
10-19 06:01:00.225 I/liblog (11626): 6
10-19 06:01:00.225 I/liblog (11626): 4
10-19 06:01:00.225 I/liblog (11626): 6
10-19 06:01:00.226 I/liblog (11626): 3
10-19 06:01:00.226 I/liblog (11626): 4
10-19 06:01:00.226 I/liblog (11626): 4
10-19 06:01:00.226 I/liblog (11626): 4
10-19 06:01:00.226 I/liblog (11626): 5
10-19 06:01:00.226 I/liblog (11626): 4
10-19 06:01:00.226 I/liblog (11626): 4
10-19 06:01:00.226 I/liblog (11626): 4
10-19 06:01:00.226 I/liblog (11626): 5
10-19 06:01:00.226 I/liblog (11626): 8
10-19 06:01:00.226 I/liblog (11626): 8
10-19 06:01:00.226 I/liblog (11626): 4
10-19 06:01:00.227 I/liblog (11626): 4
10-19 06:01:00.227 I/liblog (11626): 11
10-19 06:01:00.227 I/liblog (11626): 9
10-19 06:01:00.227 I/liblog (11626): 4
10-19 06:01:00.227 I/liblog (11626): 4
10-19 06:01:00.227 I/liblog (11626): 4
10-19 06:01:00.227 I/liblog (11626): 7
10-19 06:01:00.227 I/liblog (11626): 4
10-19 06:01:00.228 I/liblog (11626): 6
10-19 06:01:00.228 I/liblog (11626): 6
10-19 06:01:00.228 I/liblog (11626): 9
10-19 06:01:00.228 I/liblog (11626): 5
10-19 06:01:00.228 I/liblog (11626): 5
10-19 06:01:00.228 I/liblog (11626): 4
10-19 06:01:00.228 I/liblog (11626): 8
10-19 06:01:00.228 I/liblog (11626): 4
10-19 06:01:00.228 I/liblog (11626): 4
10-19 06:01:00.228 I/liblog (11626): 3
10-19 06:01:00.229 I/liblog (11626): 12
10-19 06:01:00.229 I/liblog (11626): 4
10-19 06:01:00.229 I/liblog (11626): 9
10-19 06:01:00.229 I/liblog (11626): 5
10-19 06:01:00.229 I/liblog (11626): 3
10-19 06:01:00.229 I/liblog (11626): 3
10-19 06:01:00.229 I/liblog (11626): 4
10-19 06:01:00.229 I/liblog (11626): 8
10-19 06:01:00.229 I/liblog (11626): 4
10-19 06:01:00.856 I/dropbox_file_copy( 1146): [/data/tombstones/tombstone_15,98304,SYSTEM_TOMBSTONE]
10-19 06:01:00.869 I/commit_sys_config_file( 1146): [log-files,16517317]
10-19 06:01:00.888 I/commit_sys_config_file( 1146): [log-files,16517337]
10-19 06:01:05.081 I/input_interaction( 1146): Interaction with: a926fae com.android.launcher3/com.android.launcher3.uioverrides.QuickstepLauncher (server), 1c10e44 com.android.systemui.ImageWallpaper (server), edge-swipe (server), swipe-up (server), PointerEventDispatcher0 (server),
10-19 06:01:05.210 I/wm_task_created( 1146): [161,-1]
10-19 06:01:05.221 I/wm_task_moved( 1146): [161,1,8]
10-19 06:01:05.222 I/wm_task_to_front( 1146): [0,161]
10-19 06:01:05.222 I/wm_create_task( 1146): [0,161]
10-19 06:01:05.222 I/wm_create_activity( 1146): [0,26552254,161,com.android.soundrecorder/.SoundRecorder,NULL,NULL,NULL,268468224]
10-19 06:01:05.222 I/wm_task_moved( 1146): [161,1,8]
10-19 06:01:05.228 I/wm_restart_activity( 1146): [0,26552254,161,com.android.soundrecorder/.SoundRecorder]
10-19 06:01:05.230 I/wm_set_resumed_activity( 1146): [0,com.android.soundrecorder/.SoundRecorder,minimalResumeActivityLocked]
10-19 06:01:05.243 I/wm_on_top_resumed_lost_called( 2903): [228154950,com.android.launcher3.uioverrides.QuickstepLauncher,topStateChangedWhenResumed]
10-19 06:01:05.262 I/dvm_lock_sample( 1146): [system_server,0,main,6,ActivityManagerService.java,8669,int com.android.server.am.ActivityManagerService.getMemoryTrimLevel(),ProcessRecord.java,1283,void com.android.server.am.ProcessRecord.updateProcessInfo(boolean, boolean, boolean),1]
10-19 06:01:05.301 I/wm_on_create_called( 6285): [26552254,com.android.soundrecorder.SoundRecorder,performCreate]
10-19 06:01:05.301 I/wm_on_start_called( 6285): [26552254,com.android.soundrecorder.SoundRecorder,handleStartActivity]
10-19 06:01:05.302 I/wm_on_resume_called( 6285): [26552254,com.android.soundrecorder.SoundRecorder,RESUME_ACTIVITY]
10-19 06:01:05.311 I/wm_on_top_resumed_gained_called( 6285): [26552254,com.android.soundrecorder.SoundRecorder,topStateChangedWhenResumed]
10-19 06:01:05.323 I/input_focus( 1146): [Focus request 9870022 com.android.soundrecorder/com.android.soundrecorder.SoundRecorder,reason=UpdateInputWindows]
10-19 06:01:05.332 I/input_focus( 1146): [Focus leaving a926fae com.android.launcher3/com.android.launcher3.uioverrides.QuickstepLauncher (server),reason=Waiting for window because NOT_VISIBLE]
10-19 06:01:05.360 I/sysui_multi_action( 1146): [319,156,322,154,325,16576,757,761,758,8,759,2,806,com.android.soundrecorder,871,com.android.soundrecorder.SoundRecorder,904,android,905,0,1320,4,1321,1]
10-19 06:01:05.363 I/wm_activity_launch_time( 1146): [0,26552254,com.android.soundrecorder/.SoundRecorder,154]
10-19 06:01:05.366 I/input_focus( 1146): [Focus entering 9870022 com.android.soundrecorder/com.android.soundrecorder.SoundRecorder (server),reason=Window became focusable. Previous reason: NOT_VISIBLE]
10-19 06:01:05.815 I/dropbox_file_copy( 1146): [/data/tombstones/tombstone_16,98304,SYSTEM_TOMBSTONE]
10-19 06:01:05.827 I/commit_sys_config_file( 1146): [log-files,16522275]
10-19 06:01:05.845 I/commit_sys_config_file( 1146): [log-files,16522293]
10-19 06:01:10.398 I/liblog (11648): 5
10-19 06:01:10.959 I/dropbox_file_copy( 1146): [/data/tombstones/tombstone_17,98304,SYSTEM_TOMBSTONE]
10-19 06:01:10.973 I/commit_sys_config_file( 1146): [log-files,16527422]
10-19 06:01:10.993 I/commit_sys_config_file( 1146): [log-files,16527441]
10-19 06:01:11.002 I/input_interaction( 1146): Interaction with: 9870022 com.android.soundrecorder/com.android.soundrecorder.SoundRecorder (server), edge-swipe (server), swipe-up (server), PointerEventDispatcher0 (server),
10-19 06:01:11.185 I/wm_relaunch_resume_activity( 1146): [0,26552254,161,com.android.soundrecorder/.SoundRecorder]
10-19 06:01:11.186 I/wm_add_to_stopping( 1146): [0,228154950,com.android.launcher3/.uioverrides.QuickstepLauncher,makeInvisible]
10-19 06:01:11.190 I/wm_on_top_resumed_lost_called( 6285): [26552254,com.android.soundrecorder.SoundRecorder,pausing]
10-19 06:01:11.195 I/wm_on_paused_called( 6285): [26552254,com.android.soundrecorder.SoundRecorder,performPause]
10-19 06:01:11.206 I/wm_on_stop_called( 6285): [26552254,com.android.soundrecorder.SoundRecorder,handleRelaunchActivity]
10-19 06:01:11.210 I/wm_on_destroy_called( 6285): [26552254,com.android.soundrecorder.SoundRecorder,performDestroy]
10-19 06:01:11.234 I/wm_on_create_called( 6285): [26552254,com.android.soundrecorder.SoundRecorder,performCreate]
10-19 06:01:11.235 I/wm_on_start_called( 6285): [26552254,com.android.soundrecorder.SoundRecorder,handleStartActivity]
10-19 06:01:11.236 I/wm_on_resume_called( 6285): [26552254,com.android.soundrecorder.SoundRecorder,RESUME_ACTIVITY]
10-19 06:01:11.237 I/wm_on_top_resumed_gained_called( 6285): [26552254,com.android.soundrecorder.SoundRecorder,topWhenResuming]
10-19 06:01:11.632 I/wm_stop_activity( 1146): [0,228154950,com.android.launcher3/.uioverrides.QuickstepLauncher]
10-19 06:01:11.665 I/wm_on_paused_called( 2903): [228154950,com.android.launcher3.uioverrides.QuickstepLauncher,performPause]
10-19 06:01:11.669 I/wm_on_stop_called( 2903): [228154950,com.android.launcher3.uioverrides.QuickstepLauncher,STOP_ACTIVITY_ITEM]
10-19 06:01:12.404 I/view_enqueue_input_event( 6285): [Motion - Cancel,com.android.soundrecorder/com.android.soundrecorder.SoundRecorder]
10-19 06:01:12.410 I/input_interaction( 1146): Interaction with: edge-swipe (server), swipe-up (server), PointerEventDispatcher0 (server),
10-19 06:01:12.718 I/sysui_multi_action( 1146): [757,803,799,key_back_press,802,1]
10-19 06:01:12.723 I/input_interaction( 1146): Interaction with: 9870022 com.android.soundrecorder/com.android.soundrecorder.SoundRecorder (server), PointerEventDispatcher0 (server),
10-19 06:01:12.732 I/wm_task_moved( 1146): [161,0,0]
10-19 06:01:12.735 I/wm_focused_root_task( 1146): [0,0,1,161,moveTaskToBackLocked]
10-19 06:01:12.735 I/wm_on_top_resumed_lost_called( 6285): [26552254,com.android.soundrecorder.SoundRecorder,topStateChangedWhenResumed]
10-19 06:01:12.736 I/wm_add_to_stopping( 1146): [0,26552254,com.android.soundrecorder/.SoundRecorder,makeInvisible]
10-19 06:01:12.737 I/wm_pause_activity( 1146): [0,26552254,com.android.soundrecorder/.SoundRecorder,userLeaving=false,pauseBackTasks]
10-19 06:01:12.741 I/wm_on_restart_called( 2903): [228154950,com.android.launcher3.uioverrides.QuickstepLauncher,performRestartActivity]
10-19 06:01:12.741 I/wm_on_start_called( 2903): [228154950,com.android.launcher3.uioverrides.QuickstepLauncher,handleStartActivity]
10-19 06:01:12.744 I/wm_set_resumed_activity( 1146): [0,com.android.launcher3/.uioverrides.QuickstepLauncher,resumeTopActivityInnerLocked]
10-19 06:01:12.745 I/wm_resume_activity( 1146): [0,228154950,10,com.android.launcher3/.uioverrides.QuickstepLauncher]
10-19 06:01:12.757 I/wm_on_paused_called( 6285): [26552254,com.android.soundrecorder.SoundRecorder,performPause]
10-19 06:01:12.769 I/sysui_multi_action( 1146): [757,803,799,window_time_0,802,14]
10-19 06:01:12.770 I/wm_on_resume_called( 2903): [228154950,com.android.launcher3.uioverrides.QuickstepLauncher,RESUME_ACTIVITY]
10-19 06:01:12.772 I/wm_on_top_resumed_gained_called( 2903): [228154950,com.android.launcher3.uioverrides.QuickstepLauncher,topStateChangedWhenResumed]
10-19 06:01:12.779 I/input_focus( 1146): [Focus leaving 9870022 com.android.soundrecorder/com.android.soundrecorder.SoundRecorder (server),reason=NO_WINDOW]
10-19 06:01:12.791 I/input_focus( 1146): [Focus request a926fae com.android.launcher3/com.android.launcher3.uioverrides.QuickstepLauncher,reason=UpdateInputWindows]
10-19 06:01:12.846 I/input_focus( 1146): [Focus entering a926fae com.android.launcher3/com.android.launcher3.uioverrides.QuickstepLauncher (server),reason=Window became focusable. Previous reason: NOT_VISIBLE]
10-19 06:01:13.225 I/wm_stop_activity( 1146): [0,26552254,com.android.soundrecorder/.SoundRecorder]
10-19 06:01:13.286 I/wm_on_stop_called( 6285): [26552254,com.android.soundrecorder.SoundRecorder,STOP_ACTIVITY_ITEM]
10-19 06:01:14.702 I/input_interaction( 1146): Interaction with: a926fae com.android.launcher3/com.android.launcher3.uioverrides.QuickstepLauncher (server), 1c10e44 com.android.systemui.ImageWallpaper (server), edge-swipe (server), swipe-up (server), PointerEventDispatcher0 (server),
10-19 06:01:15.933 I/dropbox_file_copy( 1146): [/data/tombstones/tombstone_18,98304,SYSTEM_TOMBSTONE]
10-19 06:01:15.941 I/commit_sys_config_file( 1146): [log-files,16532389]
10-19 06:01:15.964 I/commit_sys_config_file( 1146): [log-files,16532412]
10-19 06:01:16.216 I/wm_task_moved( 1146): [161,1,8]
10-19 06:01:16.216 I/wm_task_to_front( 1146): [0,161]
10-19 06:01:16.217 I/wm_focused_root_task( 1146): [0,0,161,1,bringingFoundTaskToFront]
10-19 06:01:16.218 I/wm_set_resumed_activity( 1146): [0,com.android.soundrecorder/.SoundRecorder,bringingFoundTaskToFront]
10-19 06:01:16.232 I/wm_relaunch_resume_activity( 1146): [0,26552254,161,com.android.soundrecorder/.SoundRecorder]
10-19 06:01:16.234 I/wm_set_resumed_activity( 1146): [0,com.android.soundrecorder/.SoundRecorder,resumeTopActivityInnerLocked]
10-19 06:01:16.236 I/wm_resume_activity( 1146): [0,26552254,161,com.android.soundrecorder/.SoundRecorder]
10-19 06:01:16.239 I/wm_finish_activity( 1146): [0,26552254,161,com.android.soundrecorder/.SoundRecorder,clear-task-all]
10-19 06:01:16.240 I/wm_pause_activity( 1146): [0,26552254,com.android.soundrecorder/.SoundRecorder,userLeaving=false,finish]
10-19 06:01:16.245 I/wm_task_moved( 1146): [161,1,8]
10-19 06:01:16.245 I/wm_on_destroy_called( 6285): [26552254,com.android.soundrecorder.SoundRecorder,performDestroy]
10-19 06:01:16.245 I/wm_create_activity( 1146): [0,5467501,161,com.android.soundrecorder/.SoundRecorder,NULL,NULL,NULL,272662528]
10-19 06:01:16.253 I/wm_on_top_resumed_lost_called( 2903): [228154950,com.android.launcher3.uioverrides.QuickstepLauncher,topStateChangedWhenResumed]
10-19 06:01:16.300 I/wm_on_create_called( 6285): [26552254,com.android.soundrecorder.SoundRecorder,performCreate]
10-19 06:01:16.301 I/wm_on_start_called( 6285): [26552254,com.android.soundrecorder.SoundRecorder,handleStartActivity]
10-19 06:01:16.303 I/wm_on_resume_called( 6285): [26552254,com.android.soundrecorder.SoundRecorder,RESUME_ACTIVITY]
10-19 06:01:16.341 I/wm_on_paused_called( 6285): [26552254,com.android.soundrecorder.SoundRecorder,performPause]
10-19 06:01:16.342 I/wm_add_to_stopping( 1146): [0,26552254,com.android.soundrecorder/.SoundRecorder,completeFinishing]
10-19 06:01:16.347 I/wm_restart_activity( 1146): [0,5467501,161,com.android.soundrecorder/.SoundRecorder]
10-19 06:01:16.349 I/wm_set_resumed_activity( 1146): [0,com.android.soundrecorder/.SoundRecorder,minimalResumeActivityLocked]
10-19 06:01:16.354 I/sysui_multi_action( 1146): [757,803,799,window_time_0,802,4]
10-19 06:01:16.399 I/wm_on_create_called( 6285): [5467501,com.android.soundrecorder.SoundRecorder,performCreate]
10-19 06:01:16.400 I/wm_on_start_called( 6285): [5467501,com.android.soundrecorder.SoundRecorder,handleStartActivity]
10-19 06:01:16.401 I/wm_on_resume_called( 6285): [5467501,com.android.soundrecorder.SoundRecorder,RESUME_ACTIVITY]
10-19 06:01:16.409 I/wm_on_top_resumed_gained_called( 6285): [5467501,com.android.soundrecorder.SoundRecorder,topStateChangedWhenResumed]
10-19 06:01:16.429 I/input_focus( 1146): [Focus request 19a417f com.android.soundrecorder/com.android.soundrecorder.SoundRecorder,reason=UpdateInputWindows]
10-19 06:01:16.456 I/input_focus( 1146): [Focus leaving a926fae com.android.launcher3/com.android.launcher3.uioverrides.QuickstepLauncher (server),reason=Waiting for window because NOT_VISIBLE]
10-19 06:01:16.462 I/wm_activity_launch_time( 1146): [0,5467501,com.android.soundrecorder/.SoundRecorder,247]
10-19 06:01:16.474 I/input_focus( 1146): [Focus entering 19a417f com.android.soundrecorder/com.android.soundrecorder.SoundRecorder (server),reason=Window became focusable. Previous reason: NOT_VISIBLE]
10-19 06:01:16.740 I/wm_destroy_activity( 1146): [0,26552254,161,com.android.soundrecorder/.SoundRecorder,finish-imm:idle]
10-19 06:01:16.759 I/wm_on_stop_called( 6285): [26552254,com.android.soundrecorder.SoundRecorder,LIFECYCLER_STOP_ACTIVITY]
10-19 06:01:16.762 I/wm_on_destroy_called( 6285): [26552254,com.android.soundrecorder.SoundRecorder,performDestroy]
10-19 06:01:17.827 I/input_interaction( 1146): Interaction with: 19a417f com.android.soundrecorder/com.android.soundrecorder.SoundRecorder (server), edge-swipe (server), swipe-up (server), PointerEventDispatcher0 (server),
10-19 06:01:21.015 I/dropbox_file_copy( 1146): [/data/tombstones/tombstone_19,98304,SYSTEM_TOMBSTONE]
10-19 06:01:21.020 I/commit_sys_config_file( 1146): [log-files,16537468]
10-19 06:01:21.042 I/commit_sys_config_file( 1146): [log-files,16537490]
10-19 06:01:21.503 I/input_interaction( 1146): Interaction with: a926fae com.android.launcher3/com.android.launcher3.uioverrides.QuickstepLauncher (server), 1c10e44 com.android.systemui.ImageWallpaper (server), edge-swipe (server), swipe-up (server), PointerEventDispatcher0 (server),
10-19 06:01:21.589 I/sysui_multi_action( 1146): [757,127,758,1]
10-19 06:01:21.590 I/sysui_multi_action( 1146): [757,804,799,note_load,801,5,802,1]
10-19 06:01:21.590 I/notification_panel_revealed( 1146): 5
10-19 06:01:21.612 I/input_focus( 1146): [Focus request f3a6fce NotificationShade,reason=UpdateInputWindows]
10-19 06:01:21.643 I/input_focus( 1146): [Focus leaving 19a417f com.android.soundrecorder/com.android.soundrecorder.SoundRecorder (server),reason=setFocusedWindow]
10-19 06:01:21.644 I/input_focus( 1146): [Focus entering f3a6fce NotificationShade (server),reason=setFocusedWindow]
10-19 06:01:21.652 I/input_interaction( 1146): Interaction with: a926fae com.android.launcher3/com.android.launcher3.uioverrides.QuickstepLauncher (server), 1c10e44 com.android.systemui.ImageWallpaper (server), f3a6fce NotificationShade (server), edge-swipe (server), swipe-up (server), PointerEventDispatcher0 (server),
10-19 06:01:21.652 I/view_enqueue_input_event( 2903): [Motion - Cancel,com.android.launcher3/com.android.launcher3.uioverrides.QuickstepLauncher]
10-19 06:01:21.662 I/sysui_multi_action( 2269): [757,803,799,panel_open,802,1]
10-19 06:01:21.663 I/input_interaction( 1146): Interaction with: 1c10e44 com.android.systemui.ImageWallpaper (server), f3a6fce NotificationShade (server), edge-swipe (server), swipe-up (server), PointerEventDispatcher0 (server),
10-19 06:01:21.664 I/sysui_multi_action( 2269): [757,1328,758,4,1326,9,1327,69,1329,0]
10-19 06:01:21.693 I/notification_enqueue( 1146): [10088,2269,com.android.systemui,2048,NULL,0,Notification(channel=updateNotification shortcut=null contentView=null vibrate=null sound=null defaults=0x0 flags=0x0 color=0x00000000 vis=PRIVATE),1]
10-19 06:01:21.694 I/sysui_multi_action( 2269): [757,111,758,2]
10-19 06:01:21.694 I/sysui_multi_action( 2269): [757,111,758,2]
10-19 06:01:21.709 I/sysui_multi_action( 2269): [757,111,758,1]
10-19 06:01:21.710 I/sysui_multi_action( 2269): [757,126,758,1,759,126,927,0,928,1,1593,0]
10-19 06:01:21.710 I/sysui_multi_action( 2269): [757,113,758,1,759,113,927,1,928,1,1593,0]
10-19 06:01:21.710 I/sysui_multi_action( 2269): [757,0,758,1,759,0,927,2,928,0,1593,0]
10-19 06:01:21.711 I/sysui_multi_action( 2269): [757,0,758,1,759,0,927,3,928,0,1593,0]
10-19 06:01:21.712 I/sysui_multi_action( 2269): [757,491,758,1,759,491,927,4,928,0,1311,-1,1593,0]
10-19 06:01:21.712 I/sysui_multi_action( 2269): [757,0,758,1,759,0,927,5,928,0,1593,0]
10-19 06:01:21.712 I/sysui_multi_action( 2269): [757,0,758,1,759,0,927,6,1593,0]
10-19 06:01:21.713 I/sysui_multi_action( 2269): [757,114,758,1,759,114,927,7,928,0,1593,0]
10-19 06:01:21.713 I/sysui_multi_action( 2269): [757,111,758,1]
10-19 06:01:21.713 I/sysui_multi_action( 2269): [757,126,758,1,759,126,927,0,928,1,1593,1]
10-19 06:01:21.713 I/sysui_multi_action( 2269): [757,113,758,1,759,113,927,1,928,1,1593,1]
10-19 06:01:21.714 I/sysui_multi_action( 2269): [757,0,758,1,759,0,927,2,928,0,1593,1]
10-19 06:01:21.714 I/sysui_multi_action( 2269): [757,0,758,1,759,0,927,3,928,0,1593,1]
10-19 06:01:21.733 I/notification_enqueue( 1146): [10088,2269,com.android.systemui,2048,NULL,0,Notification(channel=updateNotification shortcut=null contentView=null vibrate=null sound=null defaults=0x0 flags=0x0 color=0x00000000 vis=PRIVATE),1]
10-19 06:01:21.737 I/sysui_multi_action( 2269): [757,111,758,2]
10-19 06:01:21.737 I/sysui_multi_action( 2269): [757,111,758,2]
10-19 06:01:21.748 I/sysui_multi_action( 2269): [757,111,758,1]
10-19 06:01:21.749 I/sysui_multi_action( 2269): [757,126,758,1,759,126,927,0,928,1,1593,1]
10-19 06:01:21.749 I/sysui_multi_action( 2269): [757,113,758,1,759,113,927,1,928,1,1593,1]
10-19 06:01:21.749 I/sysui_multi_action( 2269): [757,0,758,1,759,0,927,2,928,0,1593,1]
10-19 06:01:21.749 I/sysui_multi_action( 2269): [757,0,758,1,759,0,927,3,928,0,1593,1]
10-19 06:01:21.750 I/sysui_multi_action( 2269): [757,491,758,1,759,491,927,4,928,0,1311,-1,1593,0]
10-19 06:01:21.751 I/sysui_multi_action( 2269): [757,0,758,1,759,0,927,5,928,0,1593,0]
10-19 06:01:21.751 I/sysui_multi_action( 2269): [757,0,758,1,759,0,927,6,1593,0]
10-19 06:01:21.751 I/sysui_multi_action( 2269): [757,114,758,1,759,114,927,7,928,0,1593,0]
10-19 06:01:21.752 I/sysui_multi_action( 2269): [757,111,758,1]
10-19 06:01:21.752 I/sysui_multi_action( 2269): [757,126,758,1,759,126,927,0,928,1,1593,1]
10-19 06:01:21.753 I/sysui_multi_action( 2269): [757,113,758,1,759,113,927,1,928,1,1593,1]
10-19 06:01:21.753 I/sysui_multi_action( 2269): [757,0,758,1,759,0,927,2,928,0,1593,1]
10-19 06:01:21.753 I/sysui_multi_action( 2269): [757,0,758,1,759,0,927,3,928,0,1593,1]
10-19 06:01:21.766 I/sysui_latency( 2269): [0,185]
10-19 06:01:21.776 I/sysui_multi_action( 2269): [757,111,758,2]
10-19 06:01:21.776 I/notification_enqueue( 1146): [10088,2269,com.android.systemui,2048,NULL,0,Notification(channel=updateNotification shortcut=null contentView=null vibrate=null sound=null defaults=0x0 flags=0x0 color=0x00000000 vis=PRIVATE),1]
10-19 06:01:21.777 I/sysui_multi_action( 2269): [757,111,758,2]
10-19 06:01:21.783 I/sysui_multi_action( 2269): [757,111,758,1]
10-19 06:01:21.783 I/sysui_multi_action( 2269): [757,126,758,1,759,126,927,0,928,1,1593,1]
10-19 06:01:21.784 I/sysui_multi_action( 2269): [757,113,758,1,759,113,927,1,928,1,1593,1]
10-19 06:01:21.784 I/sysui_multi_action( 2269): [757,0,758,1,759,0,927,2,928,0,1593,1]
10-19 06:01:21.784 I/sysui_multi_action( 2269): [757,0,758,1,759,0,927,3,928,0,1593,1]
10-19 06:01:21.787 I/sysui_multi_action( 2269): [757,491,758,1,759,491,927,4,928,0,1311,-1,1593,0]
10-19 06:01:21.787 I/sysui_multi_action( 2269): [757,0,758,1,759,0,927,5,928,0,1593,1]
10-19 06:01:21.788 I/sysui_multi_action( 2269): [757,0,758,1,759,0,927,6,1593,1]
10-19 06:01:21.788 I/sysui_multi_action( 2269): [757,114,758,1,759,114,927,7,928,0,1593,1]
10-19 06:01:21.788 I/sysui_multi_action( 2269): [757,111,758,1]
10-19 06:01:21.789 I/sysui_multi_action( 2269): [757,126,758,1,759,126,927,0,928,1,1593,1]
10-19 06:01:21.789 I/sysui_multi_action( 2269): [757,113,758,1,759,113,927,1,928,1,1593,1]
10-19 06:01:21.789 I/sysui_multi_action( 2269): [757,0,758,1,759,0,927,2,928,0,1593,1]
10-19 06:01:21.789 I/sysui_multi_action( 2269): [757,0,758,1,759,0,927,3,928,0,1593,1]
10-19 06:01:21.814 I/notification_enqueue( 1146): [10088,2269,com.android.systemui,2048,NULL,0,Notification(channel=updateNotification shortcut=null contentView=null vibrate=null sound=null defaults=0x0 flags=0x0 color=0x00000000 vis=PRIVATE),1]
10-19 06:01:21.814 I/sysui_multi_action( 2269): [757,111,758,2]
10-19 06:01:21.814 I/sysui_multi_action( 2269): [757,111,758,2]
10-19 06:01:21.818 I/sysui_multi_action( 2269): [757,111,758,1]
10-19 06:01:21.818 I/sysui_multi_action( 2269): [757,126,758,1,759,126,927,0,928,1,1593,0]
10-19 06:01:21.819 I/sysui_multi_action( 2269): [757,113,758,1,759,113,927,1,928,1,1593,0]
10-19 06:01:21.819 I/sysui_multi_action( 2269): [757,0,758,1,759,0,927,2,928,0,1593,0]
10-19 06:01:21.819 I/sysui_multi_action( 2269): [757,0,758,1,759,0,927,3,928,0,1593,0]
10-19 06:01:21.820 I/sysui_multi_action( 2269): [757,491,758,1,759,491,927,4,928,0,1311,-1,1593,0]
10-19 06:01:21.820 I/sysui_multi_action( 2269): [757,0,758,1,759,0,927,5,928,0,1593,0]
10-19 06:01:21.821 I/sysui_multi_action( 2269): [757,0,758,1,759,0,927,6,1593,0]
10-19 06:01:21.821 I/sysui_multi_action( 2269): [757,114,758,1,759,114,927,7,928,0,1593,0]
10-19 06:01:21.821 I/sysui_multi_action( 2269): [757,111,758,1]
10-19 06:01:21.822 I/sysui_multi_action( 2269): [757,126,758,1,759,126,927,0,928,1,1593,1]
10-19 06:01:21.822 I/sysui_multi_action( 2269): [757,113,758,1,759,113,927,1,928,1,1593,1]
10-19 06:01:21.823 I/sysui_multi_action( 2269): [757,0,758,1,759,0,927,2,928,0,1593,1]
10-19 06:01:21.823 I/sysui_multi_action( 2269): [757,0,758,1,759,0,927,3,928,0,1593,1]
10-19 06:01:21.836 I/sysui_multi_action( 2269): [757,111,758,2]
10-19 06:01:21.836 I/sysui_multi_action( 2269): [757,111,758,2]
