--------- beginning of radio
10-19 01:25:49.493 D/TelephonyRegistry( 1146): listen oscl: mHasNotifySubscriptionInfoChangedOccurred==false no callback
10-19 01:25:50.873 D/TelephonyRegistry( 1146): listen oscl: mHasNotifySubscriptionInfoChangedOccurred==false no callback
10-19 01:25:51.011 D/TelephonyRegistry( 1146): listen oscl: mHasNotifySubscriptionInfoChangedOccurred==false no callback
10-19 01:25:51.023 D/TelephonyRegistry( 1146): listen oscl: mHasNotifySubscriptionInfoChangedOccurred==false no callback
10-19 01:25:51.054 D/TelephonyRegistry( 1146): listen oscl: mHasNotifySubscriptionInfoChangedOccurred==false no callback
10-19 01:25:51.113 D/TelephonyRegistry( 1146): listen oscl: mHasNotifySubscriptionInfoChangedOccurred==false no callback
10-19 01:25:51.165 W/CarrierConfigManager( 1146): Error getting config for subId -1 ICarrierConfigLoader is null
10-19 01:25:51.379 D/TelephonyRegistry( 1146): systemRunning register for intents
10-19 01:25:52.187 D/TelephonyRegistry( 1146): listen oscl: mHasNotifySubscriptionInfoChangedOccurred==false no callback
10-19 01:25:52.426 W/CarrierConfigManager( 2269): Error getting config for subId -1 ICarrierConfigLoader is null
10-19 01:25:52.468 D/TelephonyRegistry( 1146): listen oscl: mHasNotifySubscriptionInfoChangedOccurred==false no callback
10-19 01:25:54.360 D/TelephonyRegistry( 1146): listen oscl: mHasNotifySubscriptionInfoChangedOccurred==false no callback
10-19 01:25:54.369 W/CarrierConfigManager( 1146): Error getting config for subId -1 ICarrierConfigLoader is null
10-19 01:25:54.747 D/TelephonyRegistry( 1146): notifyCellLocationForSubscriber: subId=2147483647 cellIdentity=null
10-19 01:25:56.746 D/TelephonyRegistry( 1146): listen oscl: mHasNotifySubscriptionInfoChangedOccurred==false no callback
10-19 01:26:00.801 W/CarrierConfigManager( 1146): Error getting config for subId -1 ICarrierConfigLoader is null
10-19 01:26:00.815 W/CarrierConfigManager( 1146): Error getting config for subId -1 ICarrierConfigLoader is null
10-19 01:26:01.794 D/TelephonyRegistry( 1146): listen oscl: mHasNotifySubscriptionInfoChangedOccurred==false no callback
10-19 01:26:14.426 D/TelephonyRegistry( 1146): listen oscl: mHasNotifySubscriptionInfoChangedOccurred==false no callback
10-19 01:26:17.369 D/CAT ( 4363): BootCompletedReceiver: [ACTION_BOOT_COMPLETED]
10-19 01:26:17.373 D/CAT ( 4363): StkAppService: onCreate()+
10-19 01:26:17.374 D/CAT ( 4363): StkAppService: simCount: 1
10-19 01:26:17.375 D/CAT ( 4363): StkAppService: slotId: 0
10-19 01:26:17.377 D/CAT ( 4363): StkAppService: onStart sim id: 0, op: 5, *****
10-19 01:26:17.377 D/CAT ( 4363): StkAppService: mStkService is: -1
10-19 01:26:17.390 D/CAT ( 4363): StkAppInstaller: SIM Toolkit is disabled
10-19 01:26:17.393 D/CAT ( 4363): StkAppService: onDestroy()
10-19 01:26:21.973 W/CarrierConfigManager( 2971): Error getting config for subId -1 ICarrierConfigLoader is null
10-19 01:26:22.047 D/TelephonyRegistry( 1146): listen oscl: mHasNotifySubscriptionInfoChangedOccurred==false no callback
10-19 01:26:22.055 D/TelephonyRegistry( 1146): listen oscl: mHasNotifySubscriptionInfoChangedOccurred==false no callback
10-19 01:26:26.163 W/FeatureConnector( 2971): [ImsConnector, 0] connect: not supported.
10-19 01:27:08.123 W/FeatureConnector( 2971): [ImsConnector, 0] connect: not supported.
10-19 01:33:01.235 W/CarrierConfigManager( 5784): Error getting config for subId -1 ICarrierConfigLoader is null
10-19 01:33:01.310 D/TelephonyRegistry( 1146): listen oscl: mHasNotifySubscriptionInfoChangedOccurred==false no callback
10-19 01:33:01.318 D/TelephonyRegistry( 1146): listen oscl: mHasNotifySubscriptionInfoChangedOccurred==false no callback
10-19 01:33:13.507 D/TelephonyRegistry( 1146): listen oscl: mHasNotifySubscriptionInfoChangedOccurred==false no callback
10-19 01:33:13.517 D/TelephonyRegistry( 1146): listen oscl: mHasNotifySubscriptionInfoChangedOccurred==false no callback
10-19 01:33:55.084 D/TelephonyRegistry( 1146): listen oscl: mHasNotifySubscriptionInfoChangedOccurred==false no callback
10-19 01:33:55.089 D/TelephonyRegistry( 1146): listen oscl: mHasNotifySubscriptionInfoChangedOccurred==false no callback
10-19 01:34:40.566 D/TelephonyRegistry( 1146): listen oscl: mHasNotifySubscriptionInfoChangedOccurred==false no callback
10-19 02:06:51.201 W/CarrierConfigManager(10156): Error getting config for subId -1 ICarrierConfigLoader is null
10-19 02:06:51.261 D/TelephonyRegistry( 1146): listen oscl: mHasNotifySubscriptionInfoChangedOccurred==false no callback
10-19 02:06:51.268 D/TelephonyRegistry( 1146): listen oscl: mHasNotifySubscriptionInfoChangedOccurred==false no callback
10-19 02:06:51.288 W/CarrierConfigManager(10156): Error getting config for subId -1 ICarrierConfigLoader is null
10-19 02:06:51.344 D/TelephonyRegistry( 1146): listen oscl: mHasNotifySubscriptionInfoChangedOccurred==false no callback
10-19 02:06:51.352 D/TelephonyRegistry( 1146): listen oscl: mHasNotifySubscriptionInfoChangedOccurred==false no callback
10-19 02:06:52.243 D/TelephonyRegistry( 1146): listen oscl: mHasNotifySubscriptionInfoChangedOccurred==false no callback
10-19 02:06:52.248 D/TelephonyRegistry( 1146): listen oscl: mHasNotifySubscriptionInfoChangedOccurred==false no callback
10-19 02:14:25.966 W/CarrierConfigManager(11705): Error getting config for subId -1 ICarrierConfigLoader is null
10-19 02:14:26.020 D/TelephonyRegistry( 1146): listen oscl: mHasNotifySubscriptionInfoChangedOccurred==false no callback
10-19 02:14:26.024 D/TelephonyRegistry( 1146): listen oscl: mHasNotifySubscriptionInfoChangedOccurred==false no callback
10-19 02:15:35.430 W/CarrierConfigManager(11894): Error getting config for subId -1 ICarrierConfigLoader is null
10-19 02:15:35.505 D/TelephonyRegistry( 1146): listen oscl: mHasNotifySubscriptionInfoChangedOccurred==false no callback
10-19 02:15:35.515 D/TelephonyRegistry( 1146): listen oscl: mHasNotifySubscriptionInfoChangedOccurred==false no callback
10-19 02:15:54.986 D/TelephonyRegistry( 1146): listen oscl: mHasNotifySubscriptionInfoChangedOccurred==false no callback
10-19 02:15:54.992 D/TelephonyRegistry( 1146): listen oscl: mHasNotifySubscriptionInfoChangedOccurred==false no callback
10-19 02:19:44.066 W/CarrierConfigManager(11894): Error getting config for subId -1 ICarrierConfigLoader is null
10-19 02:19:44.114 D/TelephonyRegistry( 1146): listen oscl: mHasNotifySubscriptionInfoChangedOccurred==false no callback
10-19 02:19:44.120 D/TelephonyRegistry( 1146): listen oscl: mHasNotifySubscriptionInfoChangedOccurred==false no callback
10-19 02:22:30.188 W/FeatureConnector(11894): [ImsConnector, 0] connect: not supported.
10-19 02:31:24.993 W/CarrierConfigManager(14026): Error getting config for subId -1 ICarrierConfigLoader is null
10-19 02:31:25.052 D/TelephonyRegistry( 1146): listen oscl: mHasNotifySubscriptionInfoChangedOccurred==false no callback
10-19 02:31:25.056 D/TelephonyRegistry( 1146): listen oscl: mHasNotifySubscriptionInfoChangedOccurred==false no callback
10-19 04:23:58.229 W/CarrierConfigManager(27666): Error getting config for subId -1 ICarrierConfigLoader is null
10-19 04:23:58.283 D/TelephonyRegistry( 1146): listen oscl: mHasNotifySubscriptionInfoChangedOccurred==false no callback
10-19 04:23:58.292 D/TelephonyRegistry( 1146): listen oscl: mHasNotifySubscriptionInfoChangedOccurred==false no callback
10-19 04:27:46.354 W/CarrierConfigManager(27666): Error getting config for subId -1 ICarrierConfigLoader is null
10-19 04:27:46.444 D/TelephonyRegistry( 1146): listen oscl: mHasNotifySubscriptionInfoChangedOccurred==false no callback
10-19 04:27:46.452 D/TelephonyRegistry( 1146): listen oscl: mHasNotifySubscriptionInfoChangedOccurred==false no callback
10-19 04:28:32.326 W/FeatureConnector(27666): [ImsConnector, 0] connect: not supported.
10-19 04:28:46.757 W/CarrierConfigManager(27666): Error getting config for subId -1 ICarrierConfigLoader is null
10-19 04:28:46.839 D/TelephonyRegistry( 1146): listen oscl: mHasNotifySubscriptionInfoChangedOccurred==false no callback
10-19 04:28:46.848 D/TelephonyRegistry( 1146): listen oscl: mHasNotifySubscriptionInfoChangedOccurred==false no callback
10-19 04:29:13.932 D/TelephonyRegistry( 1146): listen oscl: mHasNotifySubscriptionInfoChangedOccurred==false no callback
10-19 04:30:04.326 W/FeatureConnector(27666): [ImsConnector, 0] connect: not supported.
10-19 04:32:17.905 W/FeatureConnector(27666): [ImsConnector, 0] connect: not supported.
10-19 04:32:24.595 W/FeatureConnector(27666): [ImsConnector, 0] connect: not supported.
10-19 05:41:29.218 W/CarrierConfigManager( 7089): Error getting config for subId -1 ICarrierConfigLoader is null
10-19 05:41:29.297 D/TelephonyRegistry( 1146): listen oscl: mHasNotifySubscriptionInfoChangedOccurred==false no callback
10-19 05:41:29.314 D/TelephonyRegistry( 1146): listen oscl: mHasNotifySubscriptionInfoChangedOccurred==false no callback
10-19 05:42:17.976 D/TelephonyRegistry( 1146): listen oscl: mHasNotifySubscriptionInfoChangedOccurred==false no callback
10-19 05:42:17.984 D/TelephonyRegistry( 1146): listen oscl: mHasNotifySubscriptionInfoChangedOccurred==false no callback
10-19 05:43:09.735 W/CarrierConfigManager( 8212): Error getting config for subId -1 ICarrierConfigLoader is null
10-19 05:43:09.830 D/TelephonyRegistry( 1146): listen oscl: mHasNotifySubscriptionInfoChangedOccurred==false no callback
10-19 05:43:09.838 D/TelephonyRegistry( 1146): listen oscl: mHasNotifySubscriptionInfoChangedOccurred==false no callback
10-19 05:43:26.409 D/TelephonyRegistry( 1146): listen oscl: mHasNotifySubscriptionInfoChangedOccurred==false no callback
10-19 05:43:26.414 D/TelephonyRegistry( 1146): listen oscl: mHasNotifySubscriptionInfoChangedOccurred==false no callback
10-19 05:44:01.439 D/TelephonyRegistry( 1146): listen oscl: mHasNotifySubscriptionInfoChangedOccurred==false no callback
10-19 05:44:01.450 D/TelephonyRegistry( 1146): listen oscl: mHasNotifySubscriptionInfoChangedOccurred==false no callback --------- beginning of events
10-19 05:47:33.429 I/liblog ( 9830): 14
10-19 05:47:33.429 I/liblog ( 9830): 2
10-19 05:47:33.429 I/liblog ( 9830): 2
10-19 05:47:33.429 I/liblog ( 9830): 2
10-19 05:47:33.429 I/liblog ( 9830): 2
10-19 05:47:33.429 I/liblog ( 9830): 2
10-19 05:47:33.429 I/liblog ( 9830): 4
10-19 05:47:33.429 I/liblog ( 9830): 2
10-19 05:47:33.430 I/liblog ( 9830): 4
10-19 05:47:33.430 I/liblog ( 9830): 2
10-19 05:47:33.430 I/liblog ( 9830): 4
10-19 05:47:33.430 I/liblog ( 9830): 2
10-19 05:47:33.430 I/liblog ( 9830): 2
10-19 05:47:33.430 I/liblog ( 9830): 2
10-19 05:47:33.430 I/liblog ( 9830): 2
10-19 05:47:33.430 I/liblog ( 9830): 4
10-19 05:47:33.430 I/liblog ( 9830): 2
10-19 05:47:33.430 I/liblog ( 9830): 4
10-19 05:47:33.430 I/liblog ( 9830): 3
10-19 05:47:33.430 I/liblog ( 9830): 4
10-19 05:47:33.430 I/liblog ( 9830): 3
10-19 05:47:33.430 I/liblog ( 9830): 3
10-19 05:47:33.430 I/liblog ( 9830): 2
10-19 05:47:33.430 I/liblog ( 9830): 2
10-19 05:47:33.430 I/liblog ( 9830): 2
10-19 05:47:33.431 I/liblog ( 9830): 1
10-19 05:47:33.431 I/liblog ( 9830): 2
10-19 05:47:33.431 I/liblog ( 9830): 2
10-19 05:47:33.431 I/liblog ( 9830): 2
10-19 05:47:33.431 I/liblog ( 9830): 2
10-19 05:47:33.431 I/liblog ( 9830): 2
10-19 05:47:33.431 I/liblog ( 9830): 6
10-19 05:47:33.431 I/liblog ( 9830): 2
10-19 05:47:34.033 I/dropbox_file_copy( 1146): [/data/tombstones/tombstone_15,98304,SYSTEM_TOMBSTONE]
10-19 05:47:34.036 I/input_interaction( 1146): Interaction with: a926fae com.android.launcher3/com.android.launcher3.uioverrides.QuickstepLauncher (server), 1c10e44 com.android.systemui.ImageWallpaper (server), edge-swipe (server), swipe-up (server), PointerEventDispatcher0 (server),
10-19 05:47:34.048 I/commit_sys_config_file( 1146): [log-files,15710496]
10-19 05:47:34.067 I/commit_sys_config_file( 1146): [log-files,15710515]
10-19 05:47:35.572 I/wm_task_moved( 1146): [154,1,7]
10-19 05:47:35.572 I/wm_task_to_front( 1146): [0,154]
10-19 05:47:35.573 I/wm_focused_root_task( 1146): [0,0,154,1,bringingFoundTaskToFront]
10-19 05:47:35.574 I/wm_set_resumed_activity( 1146): [0,com.android.soundrecorder/.SoundRecorder,bringingFoundTaskToFront]
10-19 05:47:35.577 I/wm_relaunch_resume_activity( 1146): [0,268034068,154,com.android.soundrecorder/.SoundRecorder]
10-19 05:47:35.579 I/wm_set_resumed_activity( 1146): [0,com.android.soundrecorder/.SoundRecorder,resumeTopActivityInnerLocked]
10-19 05:47:35.581 I/wm_on_destroy_called( 6285): [268034068,com.android.soundrecorder.SoundRecorder,performDestroy]
10-19 05:47:35.586 I/wm_resume_activity( 1146): [0,268034068,154,com.android.soundrecorder/.SoundRecorder]
10-19 05:47:35.589 I/wm_finish_activity( 1146): [0,268034068,154,com.android.soundrecorder/.SoundRecorder,clear-task-all]
10-19 05:47:35.590 I/wm_pause_activity( 1146): [0,268034068,com.android.soundrecorder/.SoundRecorder,userLeaving=false,finish]
10-19 05:47:35.594 I/wm_task_moved( 1146): [154,1,7]
10-19 05:47:35.595 I/wm_create_activity( 1146): [0,194407847,154,com.android.soundrecorder/.SoundRecorder,NULL,NULL,NULL,272662528]
10-19 05:47:35.602 I/wm_on_top_resumed_lost_called( 2903): [228154950,com.android.launcher3.uioverrides.QuickstepLauncher,topStateChangedWhenResumed]
10-19 05:47:35.647 I/wm_on_create_called( 6285): [268034068,com.android.soundrecorder.SoundRecorder,performCreate]
10-19 05:47:35.648 I/wm_on_start_called( 6285): [268034068,com.android.soundrecorder.SoundRecorder,handleStartActivity]
10-19 05:47:35.650 I/wm_on_resume_called( 6285): [268034068,com.android.soundrecorder.SoundRecorder,RESUME_ACTIVITY]
10-19 05:47:35.676 I/wm_on_paused_called( 6285): [268034068,com.android.soundrecorder.SoundRecorder,performPause]
10-19 05:47:35.677 I/wm_add_to_stopping( 1146): [0,268034068,com.android.soundrecorder/.SoundRecorder,completeFinishing]
10-19 05:47:35.683 I/wm_restart_activity( 1146): [0,194407847,154,com.android.soundrecorder/.SoundRecorder]
10-19 05:47:35.685 I/wm_set_resumed_activity( 1146): [0,com.android.soundrecorder/.SoundRecorder,minimalResumeActivityLocked]
10-19 05:47:35.694 I/sysui_multi_action( 1146): [757,803,799,window_time_0,802,4]
10-19 05:47:35.735 I/wm_on_create_called( 6285): [194407847,com.android.soundrecorder.SoundRecorder,performCreate]
10-19 05:47:35.736 I/wm_on_start_called( 6285): [194407847,com.android.soundrecorder.SoundRecorder,handleStartActivity]
10-19 05:47:35.737 I/wm_on_resume_called( 6285): [194407847,com.android.soundrecorder.SoundRecorder,RESUME_ACTIVITY]
10-19 05:47:35.748 I/wm_on_top_resumed_gained_called( 6285): [194407847,com.android.soundrecorder.SoundRecorder,topStateChangedWhenResumed]
10-19 05:47:35.772 I/input_focus( 1146): [Focus request 3869e69 com.android.soundrecorder/com.android.soundrecorder.SoundRecorder,reason=UpdateInputWindows]
10-19 05:47:35.794 I/wm_activity_launch_time( 1146): [0,194407847,com.android.soundrecorder/.SoundRecorder,223]
10-19 05:47:35.800 I/input_focus( 1146): [Focus leaving a926fae com.android.launcher3/com.android.launcher3.uioverrides.QuickstepLauncher (server),reason=Waiting for window because NOT_VISIBLE]
10-19 05:47:35.815 I/input_focus( 1146): [Focus entering 3869e69 com.android.soundrecorder/com.android.soundrecorder.SoundRecorder (server),reason=Window became focusable. Previous reason: NOT_VISIBLE]
10-19 05:47:36.073 I/wm_destroy_activity( 1146): [0,268034068,154,com.android.soundrecorder/.SoundRecorder,finish-imm:idle]
10-19 05:47:36.092 I/wm_on_stop_called( 6285): [268034068,com.android.soundrecorder.SoundRecorder,LIFECYCLER_STOP_ACTIVITY]
10-19 05:47:36.095 I/wm_on_destroy_called( 6285): [268034068,com.android.soundrecorder.SoundRecorder,performDestroy]
10-19 05:47:37.351 I/input_interaction( 1146): Interaction with: 3869e69 com.android.soundrecorder/com.android.soundrecorder.SoundRecorder (server), edge-swipe (server), swipe-up (server), PointerEventDispatcher0 (server),
10-19 05:47:37.370 I/view_enqueue_input_event( 6285): [Motion - Cancel,com.android.soundrecorder/com.android.soundrecorder.SoundRecorder]
10-19 05:47:37.376 I/input_interaction( 1146): Interaction with: WindowManager (server), edge-swipe (server), swipe-up (server), PointerEventDispatcher0 (server),
10-19 05:47:37.501 I/input_interaction( 1146): Interaction with: 3869e69 com.android.soundrecorder/com.android.soundrecorder.SoundRecorder (server), edge-swipe (server), swipe-up (server), PointerEventDispatcher0 (server),
10-19 05:47:37.520 I/view_enqueue_input_event( 6285): [Motion - Cancel,com.android.soundrecorder/com.android.soundrecorder.SoundRecorder]
10-19 05:47:37.524 I/input_interaction( 1146): Interaction with: WindowManager (server), edge-swipe (server), swipe-up (server), PointerEventDispatcher0 (server),
10-19 05:47:38.113 I/input_interaction( 1146): Interaction with: 3869e69 com.android.soundrecorder/com.android.soundrecorder.SoundRecorder (server), edge-swipe (server), swipe-up (server), PointerEventDispatcher0 (server),
10-19 05:47:38.140 I/view_enqueue_input_event( 6285): [Motion - Cancel,com.android.soundrecorder/com.android.soundrecorder.SoundRecorder]
10-19 05:47:38.154 I/input_interaction( 1146): Interaction with: WindowManager (server), edge-swipe (server), swipe-up (server), PointerEventDispatcher0 (server),
10-19 05:47:38.302 I/input_interaction( 1146): Interaction with: 3869e69 com.android.soundrecorder/com.android.soundrecorder.SoundRecorder (server), edge-swipe (server), swipe-up (server), PointerEventDispatcher0 (server),
10-19 05:47:38.356 I/view_enqueue_input_event( 6285): [Motion - Cancel,com.android.soundrecorder/com.android.soundrecorder.SoundRecorder]
10-19 05:47:38.457 I/view_enqueue_input_event( 6285): [Motion - Cancel,com.android.soundrecorder/com.android.soundrecorder.SoundRecorder]
10-19 05:47:38.891 I/view_enqueue_input_event( 6285): [Motion - Cancel,com.android.soundrecorder/com.android.soundrecorder.SoundRecorder]
10-19 05:47:38.899 I/input_interaction( 1146): Interaction with: WindowManager (server), edge-swipe (server), swipe-up (server), PointerEventDispatcher0 (server),
10-19 05:47:39.016 I/input_interaction( 1146): Interaction with: 3869e69 com.android.soundrecorder/com.android.soundrecorder.SoundRecorder (server), edge-swipe (server), swipe-up (server), PointerEventDispatcher0 (server),
10-19 05:47:39.042 I/view_enqueue_input_event( 6285): [Motion - Cancel,com.android.soundrecorder/com.android.soundrecorder.SoundRecorder]
10-19 05:47:39.045 I/input_interaction( 1146): Interaction with: WindowManager (server), edge-swipe (server), swipe-up (server), PointerEventDispatcher0 (server),
10-19 05:47:39.071 I/dropbox_file_copy( 1146): [/data/tombstones/tombstone_16,98304,SYSTEM_TOMBSTONE]
10-19 05:47:39.076 I/commit_sys_config_file( 1146): [log-files,15715525]
10-19 05:47:39.100 I/commit_sys_config_file( 1146): [log-files,15715549]
10-19 05:47:39.166 I/input_interaction( 1146): Interaction with: 3869e69 com.android.soundrecorder/com.android.soundrecorder.SoundRecorder (server), edge-swipe (server), swipe-up (server), PointerEventDispatcher0 (server),
10-19 05:47:39.193 I/view_enqueue_input_event( 6285): [Motion - Cancel,com.android.soundrecorder/com.android.soundrecorder.SoundRecorder]
10-19 05:47:39.611 I/view_enqueue_input_event( 6285): [Motion - Cancel,com.android.soundrecorder/com.android.soundrecorder.SoundRecorder]
10-19 05:47:39.615 I/input_interaction( 1146): Interaction with: WindowManager (server), edge-swipe (server), swipe-up (server), PointerEventDispatcher0 (server),
10-19 05:47:39.729 I/input_interaction( 1146): Interaction with: 3869e69 com.android.soundrecorder/com.android.soundrecorder.SoundRecorder (server), edge-swipe (server), swipe-up (server), PointerEventDispatcher0 (server),
10-19 05:47:39.760 I/view_enqueue_input_event( 6285): [Motion - Cancel,com.android.soundrecorder/com.android.soundrecorder.SoundRecorder]
10-19 05:47:39.765 I/input_interaction( 1146): Interaction with: WindowManager (server), edge-swipe (server), swipe-up (server), PointerEventDispatcher0 (server),
10-19 05:47:40.545 I/input_interaction( 1146): Interaction with: 3869e69 com.android.soundrecorder/com.android.soundrecorder.SoundRecorder (server), edge-swipe (server), swipe-up (server), PointerEventDispatcher0 (server),
10-19 05:47:40.562 I/view_enqueue_input_event( 6285): [Motion - Cancel,com.android.soundrecorder/com.android.soundrecorder.SoundRecorder]
10-19 05:47:40.567 I/input_interaction( 1146): Interaction with: WindowManager (server), edge-swipe (server), swipe-up (server), PointerEventDispatcher0 (server),
10-19 05:47:40.708 I/input_interaction( 1146): Interaction with: 3869e69 com.android.soundrecorder/com.android.soundrecorder.SoundRecorder (server), edge-swipe (server), swipe-up (server), PointerEventDispatcher0 (server),
10-19 05:47:40.728 I/view_enqueue_input_event( 6285): [Motion - Cancel,com.android.soundrecorder/com.android.soundrecorder.SoundRecorder]
10-19 05:47:40.731 I/input_interaction( 1146): Interaction with: WindowManager (server), edge-swipe (server), swipe-up (server), PointerEventDispatcher0 (server),
10-19 05:47:41.284 I/input_interaction( 1146): Interaction with: 3869e69 com.android.soundrecorder/com.android.soundrecorder.SoundRecorder (server), edge-swipe (server), swipe-up (server), PointerEventDispatcher0 (server),
10-19 05:47:41.313 I/view_enqueue_input_event( 6285): [Motion - Cancel,com.android.soundrecorder/com.android.soundrecorder.SoundRecorder]
10-19 05:47:41.320 I/input_interaction( 1146): Interaction with: WindowManager (server), edge-swipe (server), swipe-up (server), PointerEventDispatcher0 (server),
10-19 05:47:41.434 I/input_interaction( 1146): Interaction with: 3869e69 com.android.soundrecorder/com.android.soundrecorder.SoundRecorder (server), edge-swipe (server), swipe-up (server), PointerEventDispatcher0 (server),
10-19 05:47:41.463 I/view_enqueue_input_event( 6285): [Motion - Cancel,com.android.soundrecorder/com.android.soundrecorder.SoundRecorder]
10-19 05:47:41.471 I/input_interaction( 1146): Interaction with: WindowManager (server), edge-swipe (server), swipe-up (server), PointerEventDispatcher0 (server),
10-19 05:47:41.885 I/input_interaction( 1146): Interaction with: 3869e69 com.android.soundrecorder/com.android.soundrecorder.SoundRecorder (server), edge-swipe (server), swipe-up (server), PointerEventDispatcher0 (server),
10-19 05:47:41.918 I/view_enqueue_input_event( 6285): [Motion - Cancel,com.android.soundrecorder/com.android.soundrecorder.SoundRecorder]
10-19 05:47:41.925 I/input_interaction( 1146): Interaction with: edge-swipe (server), swipe-up (server), PointerEventDispatcher0 (server),
10-19 05:47:42.051 I/sysui_multi_action( 1146): [757,803,799,key_back_press,802,1]
10-19 05:47:42.056 I/input_interaction( 1146): Interaction with: 3869e69 com.android.soundrecorder/com.android.soundrecorder.SoundRecorder (server), PointerEventDispatcher0 (server),
10-19 05:47:42.062 I/wm_task_moved( 1146): [154,0,0]
10-19 05:47:42.069 I/wm_focused_root_task( 1146): [0,0,1,154,moveTaskToBackLocked]
10-19 05:47:42.070 I/input_focus( 1146): [Focus request a926fae com.android.launcher3/com.android.launcher3.uioverrides.QuickstepLauncher,reason=UpdateInputWindows]
10-19 05:47:42.072 I/wm_on_top_resumed_lost_called( 6285): [194407847,com.android.soundrecorder.SoundRecorder,topStateChangedWhenResumed]
10-19 05:47:42.075 I/wm_on_top_resumed_gained_called( 2903): [228154950,com.android.launcher3.uioverrides.QuickstepLauncher,topStateChangedWhenResumed]
10-19 05:47:42.080 I/input_focus( 1146): [Focus leaving 3869e69 com.android.soundrecorder/com.android.soundrecorder.SoundRecorder (server),reason=setFocusedWindow]
10-19 05:47:42.080 I/input_focus( 1146): [Focus entering a926fae com.android.launcher3/com.android.launcher3.uioverrides.QuickstepLauncher (server),reason=setFocusedWindow]
10-19 05:47:43.319 I/input_interaction( 1146): Interaction with: 3869e69 com.android.soundrecorder/com.android.soundrecorder.SoundRecorder (server), edge-swipe (server), swipe-up (server), PointerEventDispatcher0 (server),
10-19 05:47:43.321 I/wm_task_moved( 1146): [154,1,7]
10-19 05:47:43.321 I/wm_task_to_front( 1146): [0,154]
10-19 05:47:43.328 I/wm_set_resumed_activity( 1146): [0,com.android.soundrecorder/.SoundRecorder,positionChildAt]
10-19 05:47:43.328 I/wm_focused_root_task( 1146): [0,0,154,1,setFocusedTask]
10-19 05:47:43.328 I/wm_set_resumed_activity( 1146): [0,com.android.soundrecorder/.SoundRecorder,setFocusedTask]
10-19 05:47:43.329 I/wm_on_top_resumed_lost_called( 2903): [228154950,com.android.launcher3.uioverrides.QuickstepLauncher,topStateChangedWhenResumed]
10-19 05:47:43.331 I/input_focus( 1146): [Focus request 3869e69 com.android.soundrecorder/com.android.soundrecorder.SoundRecorder,reason=UpdateInputWindows]
10-19 05:47:43.331 I/wm_on_top_resumed_gained_called( 6285): [194407847,com.android.soundrecorder.SoundRecorder,topStateChangedWhenResumed]
10-19 05:47:43.365 I/input_focus( 1146): [Focus leaving a926fae com.android.launcher3/com.android.launcher3.uioverrides.QuickstepLauncher (server),reason=setFocusedWindow]
10-19 05:47:43.365 I/input_focus( 1146): [Focus entering 3869e69 com.android.soundrecorder/com.android.soundrecorder.SoundRecorder (server),reason=setFocusedWindow]
10-19 05:47:43.367 I/view_enqueue_input_event( 6285): [Motion - Cancel,com.android.soundrecorder/com.android.soundrecorder.SoundRecorder]
10-19 05:47:43.503 I/view_enqueue_input_event( 6285): [Motion - Cancel,com.android.soundrecorder/com.android.soundrecorder.SoundRecorder]
10-19 05:47:43.507 I/input_interaction( 1146): Interaction with: WindowManager (server), edge-swipe (server), swipe-up (server), PointerEventDispatcher0 (server),
10-19 05:47:43.963 I/input_interaction( 1146): Interaction with: 3869e69 com.android.soundrecorder/com.android.soundrecorder.SoundRecorder (server), edge-swipe (server), swipe-up (server), PointerEventDispatcher0 (server),
10-19 05:47:44.004 I/view_enqueue_input_event( 6285): [Motion - Cancel,com.android.soundrecorder/com.android.soundrecorder.SoundRecorder]
10-19 05:47:44.154 I/dropbox_file_copy( 1146): [/data/tombstones/tombstone_17,98304,SYSTEM_TOMBSTONE]
10-19 05:47:44.164 I/commit_sys_config_file( 1146): [log-files,15720613]
10-19 05:47:44.187 I/view_enqueue_input_event( 6285): [Motion - Cancel,com.android.soundrecorder/com.android.soundrecorder.SoundRecorder]
10-19 05:47:44.187 I/commit_sys_config_file( 1146): [log-files,15720635]
10-19 05:47:44.192 I/input_interaction( 1146): Interaction with: WindowManager (server), edge-swipe (server), swipe-up (server), PointerEventDispatcher0 (server),
10-19 05:47:44.361 I/input_interaction( 1146): Interaction with: 3869e69 com.android.soundrecorder/com.android.soundrecorder.SoundRecorder (server), edge-swipe (server), swipe-up (server), PointerEventDispatcher0 (server),
10-19 05:47:44.388 I/view_enqueue_input_event( 6285): [Motion - Cancel,com.android.soundrecorder/com.android.soundrecorder.SoundRecorder]
10-19 05:47:44.398 I/input_interaction( 1146): Interaction with: WindowManager (server), edge-swipe (server), swipe-up (server), PointerEventDispatcher0 (server),
10-19 05:47:44.551 I/input_interaction( 1146): Interaction with: 3869e69 com.android.soundrecorder/com.android.soundrecorder.SoundRecorder (server), edge-swipe (server), swipe-up (server), PointerEventDispatcher0 (server),
10-19 05:47:44.588 I/view_enqueue_input_event( 6285): [Motion - Cancel,com.android.soundrecorder/com.android.soundrecorder.SoundRecorder]
10-19 05:47:44.600 I/input_interaction( 1146): Interaction with: WindowManager (server), edge-swipe (server), swipe-up (server), PointerEventDispatcher0 (server),
10-19 05:47:44.964 I/input_interaction( 1146): Interaction with: 3869e69 com.android.soundrecorder/com.android.soundrecorder.SoundRecorder (server), edge-swipe (server), swipe-up (server), PointerEventDispatcher0 (server),
10-19 05:47:44.989 I/input_interaction( 1146): Interaction with: WindowManager (server), edge-swipe (server), swipe-up (server), PointerEventDispatcher0 (server),
10-19 05:47:44.989 I/view_enqueue_input_event( 6285): [Motion - Cancel,com.android.soundrecorder/com.android.soundrecorder.SoundRecorder]
10-19 05:47:45.168 I/input_interaction( 1146): Interaction with: 3869e69 com.android.soundrecorder/com.android.soundrecorder.SoundRecorder (server), edge-swipe (server), swipe-up (server), PointerEventDispatcher0 (server),
10-19 05:47:45.206 I/view_enqueue_input_event( 6285): [Motion - Cancel,com.android.soundrecorder/com.android.soundrecorder.SoundRecorder]
10-19 05:47:45.390 I/view_enqueue_input_event( 6285): [Motion - Cancel,com.android.soundrecorder/com.android.soundrecorder.SoundRecorder]
10-19 05:47:46.357 I/view_enqueue_input_event( 6285): [Motion - Cancel,com.android.soundrecorder/com.android.soundrecorder.SoundRecorder]
10-19 05:47:46.358 I/input_interaction( 1146): Interaction with: WindowManager (server), edge-swipe (server), swipe-up (server), PointerEventDispatcher0 (server),
10-19 05:47:46.898 I/input_interaction( 1146): Interaction with: 3869e69 com.android.soundrecorder/com.android.soundrecorder.SoundRecorder (server), edge-swipe (server), swipe-up (server), PointerEventDispatcher0 (server),
10-19 05:47:46.943 I/view_enqueue_input_event( 6285): [Motion - Cancel,com.android.soundrecorder/com.android.soundrecorder.SoundRecorder]
10-19 05:47:47.110 I/view_enqueue_input_event( 6285): [Motion - Cancel,com.android.soundrecorder/com.android.soundrecorder.SoundRecorder]
10-19 05:47:47.120 I/input_interaction( 1146): Interaction with: WindowManager (server), edge-swipe (server), swipe-up (server), PointerEventDispatcher0 (server),
10-19 05:47:47.871 I/input_interaction( 1146): Interaction with: 3869e69 com.android.soundrecorder/com.android.soundrecorder.SoundRecorder (server), edge-swipe (server), swipe-up (server), PointerEventDispatcher0 (server),
10-19 05:47:48.015 I/view_enqueue_input_event( 6285): [Motion - Cancel,com.android.soundrecorder/com.android.soundrecorder.SoundRecorder]
10-19 05:47:48.018 I/input_interaction( 1146): Interaction with: WindowManager (server), edge-swipe (server), swipe-up (server), PointerEventDispatcher0 (server),
10-19 05:47:48.251 I/wm_relaunch_resume_activity( 1146): [0,194407847,154,com.android.soundrecorder/.SoundRecorder]
10-19 05:47:48.252 I/wm_add_to_stopping( 1146): [0,228154950,com.android.launcher3/.uioverrides.QuickstepLauncher,makeInvisible]
10-19 05:47:48.258 I/wm_on_top_resumed_lost_called( 6285): [194407847,com.android.soundrecorder.SoundRecorder,pausing]
10-19 05:47:48.265 I/wm_on_paused_called( 6285): [194407847,com.android.soundrecorder.SoundRecorder,performPause]
10-19 05:47:48.276 I/wm_on_stop_called( 6285): [194407847,com.android.soundrecorder.SoundRecorder,handleRelaunchActivity]
10-19 05:47:48.278 I/wm_on_destroy_called( 6285): [194407847,com.android.soundrecorder.SoundRecorder,performDestroy]
10-19 05:47:48.304 I/wm_on_create_called( 6285): [194407847,com.android.soundrecorder.SoundRecorder,performCreate]
10-19 05:47:48.305 I/wm_on_start_called( 6285): [194407847,com.android.soundrecorder.SoundRecorder,handleStartActivity]
10-19 05:47:48.306 I/wm_on_resume_called( 6285): [194407847,com.android.soundrecorder.SoundRecorder,RESUME_ACTIVITY]
10-19 05:47:48.306 I/wm_on_top_resumed_gained_called( 6285): [194407847,com.android.soundrecorder.SoundRecorder,topWhenResuming]
10-19 05:47:48.519 I/liblog ( 9871): 3
10-19 05:47:48.533 I/input_interaction( 1146): Interaction with: edge-swipe (server), swipe-up (server), PointerEventDispatcher0 (server),
10-19 05:47:48.681 I/wm_stop_activity( 1146): [0,228154950,com.android.launcher3/.uioverrides.QuickstepLauncher]
10-19 05:47:48.715 I/wm_on_paused_called( 2903): [228154950,com.android.launcher3.uioverrides.QuickstepLauncher,performPause]
10-19 05:47:48.723 I/wm_on_stop_called( 2903): [228154950,com.android.launcher3.uioverrides.QuickstepLauncher,STOP_ACTIVITY_ITEM]
10-19 05:47:49.023 I/dropbox_file_copy( 1146): [/data/tombstones/tombstone_18,98304,SYSTEM_TOMBSTONE]
10-19 05:47:49.039 I/commit_sys_config_file( 1146): [log-files,15725487]
10-19 05:47:49.067 I/commit_sys_config_file( 1146): [log-files,15725515]
10-19 05:47:52.482 I/input_interaction( 1146): Interaction with: 3869e69 com.android.soundrecorder/com.android.soundrecorder.SoundRecorder (server), edge-swipe (server), swipe-up (server), PointerEventDispatcher0 (server),
10-19 05:47:52.587 I/view_enqueue_input_event( 6285): [Motion - Cancel,com.android.soundrecorder/com.android.soundrecorder.SoundRecorder]
10-19 05:47:52.600 I/input_interaction( 1146): Interaction with: edge-swipe (server), swipe-up (server), PointerEventDispatcher0 (server),
10-19 05:47:53.165 I/sysui_multi_action( 1146): [757,803,799,key_back_press,802,1]
10-19 05:47:53.173 I/input_interaction( 1146): Interaction with: 3869e69 com.android.soundrecorder/com.android.soundrecorder.SoundRecorder (server), PointerEventDispatcher0 (server),
10-19 05:47:53.184 I/wm_task_moved( 1146): [154,0,0]
10-19 05:47:53.187 I/wm_focused_root_task( 1146): [0,0,1,154,moveTaskToBackLocked]
10-19 05:47:53.188 I/wm_on_top_resumed_lost_called( 6285): [194407847,com.android.soundrecorder.SoundRecorder,topStateChangedWhenResumed]
10-19 05:47:53.189 I/wm_add_to_stopping( 1146): [0,194407847,com.android.soundrecorder/.SoundRecorder,makeInvisible]
10-19 05:47:53.190 I/wm_pause_activity( 1146): [0,194407847,com.android.soundrecorder/.SoundRecorder,userLeaving=false,pauseBackTasks]
10-19 05:47:53.194 I/wm_set_resumed_activity( 1146): [0,com.android.launcher3/.uioverrides.QuickstepLauncher,resumeTopActivityInnerLocked]
10-19 05:47:53.195 I/wm_resume_activity( 1146): [0,228154950,10,com.android.launcher3/.uioverrides.QuickstepLauncher]
10-19 05:47:53.206 I/input_focus( 1146): [Focus leaving 3869e69 com.android.soundrecorder/com.android.soundrecorder.SoundRecorder (server),reason=NO_WINDOW]
10-19 05:47:53.207 I/wm_on_paused_called( 6285): [194407847,com.android.soundrecorder.SoundRecorder,performPause]
10-19 05:47:53.214 I/sysui_multi_action( 1146): [757,803,799,window_time_2,802,18]
10-19 05:47:53.216 I/wm_on_restart_called( 2903): [228154950,com.android.launcher3.uioverrides.QuickstepLauncher,performRestartActivity]
10-19 05:47:53.216 I/wm_on_start_called( 2903): [228154950,com.android.launcher3.uioverrides.QuickstepLauncher,handleStartActivity]
10-19 05:47:53.217 I/wm_on_resume_called( 2903): [228154950,com.android.launcher3.uioverrides.QuickstepLauncher,RESUME_ACTIVITY]
10-19 05:47:53.218 I/wm_on_top_resumed_gained_called( 2903): [228154950,com.android.launcher3.uioverrides.QuickstepLauncher,topStateChangedWhenResumed]
10-19 05:47:53.233 I/input_focus( 1146): [Focus request a926fae com.android.launcher3/com.android.launcher3.uioverrides.QuickstepLauncher,reason=UpdateInputWindows]
10-19 05:47:53.292 I/input_focus( 1146): [Focus entering a926fae com.android.launcher3/com.android.launcher3.uioverrides.QuickstepLauncher (server),reason=Window became focusable. Previous reason: NOT_VISIBLE]
10-19 05:47:53.549 I/liblog ( 9884): 1
10-19 05:47:53.550 I/liblog ( 9884): 2
10-19 05:47:53.550 I/liblog ( 9884): 6
10-19 05:47:53.550 I/liblog ( 9884): 4
10-19 05:47:53.550 I/liblog ( 9884): 2
10-19 05:47:53.550 I/liblog ( 9884): 3
10-19 05:47:53.550 I/liblog ( 9884): 5
10-19 05:47:53.550 I/liblog ( 9884): 3
10-19 05:47:53.550 I/liblog ( 9884): 4
10-19 05:47:53.550 I/liblog ( 9884): 3
10-19 05:47:53.550 I/liblog ( 9884): 2
10-19 05:47:53.550 I/liblog ( 9884): 3
10-19 05:47:53.550 I/liblog ( 9884): 4
10-19 05:47:53.550 I/liblog ( 9884): 3
10-19 05:47:53.550 I/liblog ( 9884): 3
10-19 05:47:53.550 I/liblog ( 9884): 4
10-19 05:47:53.551 I/liblog ( 9884): 4
10-19 05:47:53.551 I/liblog ( 9884): 2
10-19 05:47:53.551 I/liblog ( 9884): 3
10-19 05:47:53.551 I/liblog ( 9884): 2
10-19 05:47:53.551 I/liblog ( 9884): 4
10-19 05:47:53.551 I/liblog ( 9884): 3
10-19 05:47:53.551 I/liblog ( 9884): 2
10-19 05:47:53.551 I/liblog ( 9884): 4
10-19 05:47:53.551 I/liblog ( 9884): 4
10-19 05:47:53.551 I/liblog ( 9884): 4
10-19 05:47:53.551 I/liblog ( 9884): 3
10-19 05:47:53.551 I/liblog ( 9884): 2
10-19 05:47:53.551 I/liblog ( 9884): 8
10-19 05:47:53.551 I/liblog ( 9884): 2
10-19 05:47:53.551 I/liblog ( 9884): 4
10-19 05:47:53.551 I/liblog ( 9884): 2
10-19 05:47:53.552 I/liblog ( 9884): 3
10-19 05:47:53.552 I/liblog ( 9884): 2
10-19 05:47:53.552 I/liblog ( 9884): 4
10-19 05:47:53.552 I/liblog ( 9884): 2
10-19 05:47:53.552 I/liblog ( 9884): 4
10-19 05:47:53.552 I/liblog ( 9884): 2
10-19 05:47:53.552 I/liblog ( 9884): 2
10-19 05:47:53.552 I/liblog ( 9884): 2
10-19 05:47:53.661 I/wm_stop_activity( 1146): [0,194407847,com.android.soundrecorder/.SoundRecorder]
10-19 05:47:53.711 I/wm_on_stop_called( 6285): [194407847,com.android.soundrecorder.SoundRecorder,STOP_ACTIVITY_ITEM]
10-19 05:47:54.115 I/dropbox_file_copy( 1146): [/data/tombstones/tombstone_19,98304,SYSTEM_TOMBSTONE]
10-19 05:47:54.122 I/commit_sys_config_file( 1146): [log-files,15730570]
10-19 05:47:54.142 I/commit_sys_config_file( 1146): [log-files,15730591]
10-19 05:47:54.597 I/input_interaction( 1146): Interaction with: a926fae com.android.launcher3/com.android.launcher3.uioverrides.QuickstepLauncher (server), 1c10e44 com.android.systemui.ImageWallpaper (server), edge-swipe (server), swipe-up (server), PointerEventDispatcher0 (server),
10-19 05:47:55.907 I/wm_task_moved( 1146): [154,1,7]
10-19 05:47:55.907 I/wm_task_to_front( 1146): [0,154]
10-19 05:47:55.909 I/wm_focused_root_task( 1146): [0,0,154,1,bringingFoundTaskToFront]
10-19 05:47:55.913 I/wm_set_resumed_activity( 1146): [0,com.android.soundrecorder/.SoundRecorder,bringingFoundTaskToFront]
10-19 05:47:55.915 I/wm_relaunch_resume_activity( 1146): [0,194407847,154,com.android.soundrecorder/.SoundRecorder]
10-19 05:47:55.918 I/wm_set_resumed_activity( 1146): [0,com.android.soundrecorder/.SoundRecorder,resumeTopActivityInnerLocked]
10-19 05:47:55.919 I/wm_resume_activity( 1146): [0,194407847,154,com.android.soundrecorder/.SoundRecorder]
10-19 05:47:55.921 I/wm_finish_activity( 1146): [0,194407847,154,com.android.soundrecorder/.SoundRecorder,clear-task-all]
10-19 05:47:55.922 I/wm_pause_activity( 1146): [0,194407847,com.android.soundrecorder/.SoundRecorder,userLeaving=false,finish]
10-19 05:47:55.928 I/wm_on_destroy_called( 6285): [194407847,com.android.soundrecorder.SoundRecorder,performDestroy]
10-19 05:47:55.931 I/wm_task_moved( 1146): [154,1,7]
10-19 05:47:55.931 I/wm_create_activity( 1146): [0,213278038,154,com.android.soundrecorder/.SoundRecorder,NULL,NULL,NULL,272662528]
10-19 05:47:55.937 I/wm_on_top_resumed_lost_called( 2903): [228154950,com.android.launcher3.uioverrides.QuickstepLauncher,topStateChangedWhenResumed]
10-19 05:47:55.976 I/wm_on_create_called( 6285): [194407847,com.android.soundrecorder.SoundRecorder,performCreate]
10-19 05:47:55.977 I/wm_on_start_called( 6285): [194407847,com.android.soundrecorder.SoundRecorder,handleStartActivity]
10-19 05:47:55.979 I/wm_on_resume_called( 6285): [194407847,com.android.soundrecorder.SoundRecorder,RESUME_ACTIVITY]
10-19 05:47:55.983 I/wm_on_paused_called( 6285): [194407847,com.android.soundrecorder.SoundRecorder,performPause]
10-19 05:47:55.984 I/wm_add_to_stopping( 1146): [0,194407847,com.android.soundrecorder/.SoundRecorder,completeFinishing]
10-19 05:47:55.988 I/wm_restart_activity( 1146): [0,213278038,154,com.android.soundrecorder/.SoundRecorder]
10-19 05:47:55.990 I/wm_set_resumed_activity( 1146): [0,com.android.soundrecorder/.SoundRecorder,minimalResumeActivityLocked]
10-19 05:47:55.993 I/sysui_multi_action( 1146): [757,803,799,window_time_0,802,3]
10-19 05:47:56.044 I/wm_on_create_called( 6285): [213278038,com.android.soundrecorder.SoundRecorder,performCreate]
10-19 05:47:56.046 I/wm_on_start_called( 6285): [213278038,com.android.soundrecorder.SoundRecorder,handleStartActivity]
10-19 05:47:56.047 I/wm_on_resume_called( 6285): [213278038,com.android.soundrecorder.SoundRecorder,RESUME_ACTIVITY]
10-19 05:47:56.059 I/wm_on_top_resumed_gained_called( 6285): [213278038,com.android.soundrecorder.SoundRecorder,topStateChangedWhenResumed]
10-19 05:47:56.082 I/input_focus( 1146): [Focus request fd1b460 com.android.soundrecorder/com.android.soundrecorder.SoundRecorder,reason=UpdateInputWindows]
10-19 05:47:56.098 I/input_focus( 1146): [Focus leaving a926fae com.android.launcher3/com.android.launcher3.uioverrides.QuickstepLauncher (server),reason=Waiting for window because NOT_VISIBLE]
10-19 05:47:56.106 I/wm_activity_launch_time( 1146): [0,213278038,com.android.soundrecorder/.SoundRecorder,200]
10-19 05:47:56.114 I/input_focus( 1146): [Focus entering fd1b460 com.android.soundrecorder/com.android.soundrecorder.SoundRecorder (server),reason=Window became focusable. Previous reason: NOT_VISIBLE]
10-19 05:47:56.388 I/wm_destroy_activity( 1146): [0,194407847,154,com.android.soundrecorder/.SoundRecorder,finish-imm:idle]
10-19 05:47:56.408 I/wm_on_stop_called( 6285): [194407847,com.android.soundrecorder.SoundRecorder,LIFECYCLER_STOP_ACTIVITY]
10-19 05:47:56.410 I/wm_on_destroy_called( 6285): [194407847,com.android.soundrecorder.SoundRecorder,performDestroy]
10-19 05:47:58.671 I/liblog ( 9902): 2
10-19 05:47:58.671 I/liblog ( 9902): 4
10-19 05:47:58.672 I/liblog ( 9902): 4
10-19 05:47:58.672 I/liblog ( 9902): 4
10-19 05:47:58.672 I/liblog ( 9902): 4
10-19 05:47:58.672 I/liblog ( 9902): 4
10-19 05:47:58.672 I/liblog ( 9902): 4
10-19 05:47:58.672 I/liblog ( 9902): 4
10-19 05:47:58.672 I/liblog ( 9902): 4
10-19 05:47:58.672 I/liblog ( 9902): 4
10-19 05:47:58.672 I/liblog ( 9902): 4
10-19 05:47:58.672 I/liblog ( 9902): 6
10-19 05:47:58.672 I/liblog ( 9902): 4
10-19 05:47:58.672 I/liblog ( 9902): 4
10-19 05:47:58.672 I/liblog ( 9902): 4
10-19 05:47:58.673 I/liblog ( 9902): 4
10-19 05:47:58.673 I/liblog ( 9902): 4
10-19 05:47:58.673 I/liblog ( 9902): 4
10-19 05:47:58.673 I/liblog ( 9902): 4
10-19 05:47:58.673 I/liblog ( 9902): 8
10-19 05:47:58.673 I/liblog ( 9902): 10
10-19 05:47:58.673 I/liblog ( 9902): 4
10-19 05:47:58.673 I/liblog ( 9902): 4
10-19 05:47:58.673 I/liblog ( 9902): 4
10-19 05:47:58.673 I/liblog ( 9902): 4
10-19 05:47:58.673 I/liblog ( 9902): 4
10-19 05:47:58.674 I/liblog ( 9902): 4
10-19 05:47:58.674 I/liblog ( 9902): 4
10-19 05:47:58.674 I/liblog ( 9902): 4
10-19 05:47:58.674 I/liblog ( 9902): 3
10-19 05:47:58.674 I/liblog ( 9902): 9
10-19 05:47:58.674 I/liblog ( 9902): 4
10-19 05:47:58.674 I/liblog ( 9902): 4
10-19 05:47:58.674 I/liblog ( 9902): 4
10-19 05:47:58.675 I/liblog ( 9902): 34
10-19 05:47:58.675 I/liblog ( 9902): 17
10-19 05:47:58.676 I/liblog ( 9902): 13
10-19 05:47:58.676 I/liblog ( 9902): 3
10-19 05:47:58.676 I/liblog ( 9902): 4
10-19 05:47:58.676 I/liblog ( 9902): 8
10-19 05:47:58.676 I/liblog ( 9902): 4
10-19 05:47:58.676 I/liblog ( 9902): 8
10-19 05:47:59.344 I/dropbox_file_copy( 1146): [/data/tombstones/tombstone_20,98304,SYSTEM_TOMBSTONE]
10-19 05:47:59.372 I/commit_sys_config_file( 1146): [log-files,15735820]
10-19 05:47:59.397 I/commit_sys_config_file( 1146): [log-files,15735845]
10-19 05:48:01.953 I/input_interaction( 1146): Interaction with: fd1b460 com.android.soundrecorder/com.android.soundrecorder.SoundRecorder (server), edge-swipe (server), swipe-up (server), PointerEventDispatcher0 (server),
10-19 05:48:01.997 I/view_enqueue_input_event( 6285): [Motion - Cancel,com.android.soundrecorder/com.android.soundrecorder.SoundRecorder]
10-19 05:48:02.146 I/view_enqueue_input_event( 6285): [Motion - Cancel,com.android.soundrecorder/com.android.soundrecorder.SoundRecorder]
10-19 05:48:02.153 I/input_interaction( 1146): Interaction with: WindowManager (server), edge-swipe (server), swipe-up (server), PointerEventDispatcher0 (server),
10-19 05:48:02.731 I/input_interaction( 1146): Interaction with: fd1b460 com.android.soundrecorder/com.android.soundrecorder.SoundRecorder (server), edge-swipe (server), swipe-up (server), PointerEventDispatcher0 (server),
10-19 05:48:02.748 I/view_enqueue_input_event( 6285): [Motion - Cancel,com.android.soundrecorder/com.android.soundrecorder.SoundRecorder]
10-19 05:48:02.753 I/input_interaction( 1146): Interaction with: WindowManager (server), edge-swipe (server), swipe-up (server), PointerEventDispatcher0 (server),
10-19 05:48:02.923 I/input_interaction( 1146): Interaction with: fd1b460 com.android.soundrecorder/com.android.soundrecorder.SoundRecorder (server), edge-swipe (server), swipe-up (server), PointerEventDispatcher0 (server),
10-19 05:48:02.948 I/input_interaction( 1146): Interaction with: WindowManager (server), edge-swipe (server), swipe-up (server), PointerEventDispatcher0 (server),
10-19 05:48:02.948 I/view_enqueue_input_event( 6285): [Motion - Cancel,com.android.soundrecorder/com.android.soundrecorder.SoundRecorder]
10-19 05:48:03.558 I/input_interaction( 1146): Interaction with: fd1b460 com.android.soundrecorder/com.android.soundrecorder.SoundRecorder (server), edge-swipe (server), swipe-up (server), PointerEventDispatcher0 (server),
10-19 05:48:03.584 I/input_interaction( 1146): Interaction with: WindowManager (server), edge-swipe (server), swipe-up (server), PointerEventDispatcher0 (server),
10-19 05:48:03.584 I/view_enqueue_input_event( 6285): [Motion - Cancel,com.android.soundrecorder/com.android.soundrecorder.SoundRecorder]
10-19 05:48:03.710 I/liblog ( 9911): 206
10-19 05:48:03.710 I/liblog ( 9911): 1
10-19 05:48:03.711 I/liblog ( 9911): 1
10-19 05:48:03.711 I/liblog ( 9911): 1
10-19 05:48:03.711 I/liblog ( 9911): 1
10-19 05:48:03.711 I/liblog ( 9911): 1
10-19 05:48:03.711 I/liblog ( 9911): 1
10-19 05:48:03.711 I/liblog ( 9911): 1
10-19 05:48:03.711 I/liblog ( 9911): 1
10-19 05:48:03.711 I/liblog ( 9911): 1
10-19 05:48:03.711 I/liblog ( 9911): 1
10-19 05:48:03.711 I/liblog ( 9911): 3
10-19 05:48:03.711 I/liblog ( 9911): 1
10-19 05:48:03.711 I/liblog ( 9911): 1
10-19 05:48:03.712 I/liblog ( 9911): 1
10-19 05:48:03.712 I/liblog ( 9911): 1
10-19 05:48:03.712 I/liblog ( 9911): 1
10-19 05:48:03.712 I/liblog ( 9911): 1
10-19 05:48:03.712 I/liblog ( 9911): 1
10-19 05:48:03.712 I/liblog ( 9911): 1
10-19 05:48:03.722 I/input_interaction( 1146): Interaction with: fd1b460 com.android.soundrecorder/com.android.soundrecorder.SoundRecorder (server), edge-swipe (server), swipe-up (server), PointerEventDispatcher0 (server),
10-19 05:48:04.076 I/wm_relaunch_resume_activity( 1146): [0,213278038,154,com.android.soundrecorder/.SoundRecorder]
10-19 05:48:04.076 I/wm_add_to_stopping( 1146): [0,228154950,com.android.launcher3/.uioverrides.QuickstepLauncher,makeInvisible]
10-19 05:48:04.081 I/wm_on_top_resumed_lost_called( 6285): [213278038,com.android.soundrecorder.SoundRecorder,pausing]
10-19 05:48:04.088 I/wm_on_paused_called( 6285): [213278038,com.android.soundrecorder.SoundRecorder,performPause]
10-19 05:48:04.103 I/wm_on_stop_called( 6285): [213278038,com.android.soundrecorder.SoundRecorder,handleRelaunchActivity]
10-19 05:48:04.105 I/wm_on_destroy_called( 6285): [213278038,com.android.soundrecorder.SoundRecorder,performDestroy]
10-19 05:48:04.130 I/wm_on_create_called( 6285): [213278038,com.android.soundrecorder.SoundRecorder,performCreate]
10-19 05:48:04.131 I/wm_on_start_called( 6285): [213278038,com.android.soundrecorder.SoundRecorder,handleStartActivity]
10-19 05:48:04.132 I/wm_on_resume_called( 6285): [213278038,com.android.soundrecorder.SoundRecorder,RESUME_ACTIVITY]
10-19 05:48:04.132 I/wm_on_top_resumed_gained_called( 6285): [213278038,com.android.soundrecorder.SoundRecorder,topWhenResuming]
10-19 05:48:04.271 I/input_interaction( 1146): Interaction with: edge-swipe (server), swipe-up (server), PointerEventDispatcher0 (server),
10-19 05:48:04.316 I/dropbox_file_copy( 1146): [/data/tombstones/tombstone_21,98304,SYSTEM_TOMBSTONE]
10-19 05:48:04.331 I/commit_sys_config_file( 1146): [log-files,15740779]
10-19 05:48:04.356 I/commit_sys_config_file( 1146): [log-files,15740804]
10-19 05:48:04.519 I/wm_stop_activity( 1146): [0,228154950,com.android.launcher3/.uioverrides.QuickstepLauncher]
10-19 05:48:04.551 I/wm_on_paused_called( 2903): [228154950,com.android.launcher3.uioverrides.QuickstepLauncher,performPause]
10-19 05:48:04.557 I/wm_on_stop_called( 2903): [228154950,com.android.launcher3.uioverrides.QuickstepLauncher,STOP_ACTIVITY_ITEM]
10-19 05:48:05.606 I/input_interaction( 1146): Interaction with: fd1b460 com.android.soundrecorder/com.android.soundrecorder.SoundRecorder (server), edge-swipe (server), swipe-up (server), PointerEventDispatcher0 (server),
10-19 05:48:05.642 I/view_enqueue_input_event( 6285): [Motion - Cancel,com.android.soundrecorder/com.android.soundrecorder.SoundRecorder]
10-19 05:48:05.644 I/input_interaction( 1146): Interaction with: edge-swipe (server), swipe-up (server), PointerEventDispatcher0 (server),
10-19 05:48:05.879 I/sysui_multi_action( 1146): [757,803,799,key_back_press,802,1]
10-19 05:48:05.889 I/input_interaction( 1146): Interaction with: fd1b460 com.android.soundrecorder/com.android.soundrecorder.SoundRecorder (server), PointerEventDispatcher0 (server),
10-19 05:48:05.894 I/wm_task_moved( 1146): [154,0,0]
10-19 05:48:05.897 I/wm_focused_root_task( 1146): [0,0,1,154,moveTaskToBackLocked]
10-19 05:48:05.897 I/wm_on_top_resumed_lost_called( 6285): [213278038,com.android.soundrecorder.SoundRecorder,topStateChangedWhenResumed]
10-19 05:48:05.898 I/wm_add_to_stopping( 1146): [0,213278038,com.android.soundrecorder/.SoundRecorder,makeInvisible]
10-19 05:48:05.899 I/wm_pause_activity( 1146): [0,213278038,com.android.soundrecorder/.SoundRecorder,userLeaving=false,pauseBackTasks]
10-19 05:48:05.904 I/wm_set_resumed_activity( 1146): [0,com.android.launcher3/.uioverrides.QuickstepLauncher,resumeTopActivityInnerLocked]
10-19 05:48:05.906 I/wm_resume_activity( 1146): [0,228154950,10,com.android.launcher3/.uioverrides.QuickstepLauncher]
