10-19 06:06:53.803 I/commit_sys_config_file( 1146): [log-files,16870252]
10-19 06:06:53.828 I/commit_sys_config_file( 1146): [log-files,16870276]
10-19 06:06:58.910 I/dropbox_file_copy( 1146): [/data/tombstones/tombstone_22,98304,SYSTEM_TOMBSTONE]
10-19 06:06:58.917 I/commit_sys_config_file( 1146): [log-files,16875366]
10-19 06:06:58.937 I/commit_sys_config_file( 1146): [log-files,16875386]
10-19 06:07:03.292 I/liblog (13039): 7
10-19 06:07:03.292 I/liblog (13039): 4
10-19 06:07:03.292 I/liblog (13039): 15
10-19 06:07:03.292 I/liblog (13039): 3
10-19 06:07:03.292 I/liblog (13039): 3
10-19 06:07:03.292 I/liblog (13039): 5
10-19 06:07:03.293 I/liblog (13039): 3
10-19 06:07:03.293 I/liblog (13039): 6
10-19 06:07:03.293 I/liblog (13039): 6
10-19 06:07:03.293 I/liblog (13039): 4
10-19 06:07:03.293 I/liblog (13039): 4
10-19 06:07:03.293 I/liblog (13039): 8
10-19 06:07:03.293 I/liblog (13039): 3
10-19 06:07:03.293 I/liblog (13039): 4
10-19 06:07:03.293 I/liblog (13039): 4
10-19 06:07:03.293 I/liblog (13039): 4
10-19 06:07:03.294 I/liblog (13039): 4
10-19 06:07:03.294 I/liblog (13039): 4
10-19 06:07:03.294 I/liblog (13039): 8
10-19 06:07:03.294 I/liblog (13039): 4
10-19 06:07:03.294 I/liblog (13039): 4
10-19 06:07:03.294 I/liblog (13039): 4
10-19 06:07:03.294 I/liblog (13039): 4
10-19 06:07:03.294 I/liblog (13039): 4
10-19 06:07:03.294 I/liblog (13039): 2
10-19 06:07:03.953 I/dropbox_file_copy( 1146): [/data/tombstones/tombstone_23,98304,SYSTEM_TOMBSTONE]
10-19 06:07:03.965 I/commit_sys_config_file( 1146): [log-files,16880413]
10-19 06:07:03.988 I/commit_sys_config_file( 1146): [log-files,16880436]
10-19 06:07:08.607 I/am_uid_idle( 1146): 10033
10-19 06:07:09.009 I/dropbox_file_copy( 1146): [/data/tombstones/tombstone_24,98304,SYSTEM_TOMBSTONE]
10-19 06:07:09.027 I/commit_sys_config_file( 1146): [log-files,16885475]
10-19 06:07:09.049 I/commit_sys_config_file( 1146): [log-files,16885498]
10-19 06:07:14.102 I/dropbox_file_copy( 1146): [/data/tombstones/tombstone_25,98304,SYSTEM_TOMBSTONE]
10-19 06:07:14.110 I/commit_sys_config_file( 1146): [log-files,16890558]
10-19 06:07:14.130 I/commit_sys_config_file( 1146): [log-files,16890578]
10-19 06:07:19.116 I/dropbox_file_copy( 1146): [/data/tombstones/tombstone_26,98304,SYSTEM_TOMBSTONE]
10-19 06:07:19.123 I/commit_sys_config_file( 1146): [log-files,16895571]
10-19 06:07:19.142 I/commit_sys_config_file( 1146): [log-files,16895590]
10-19 06:07:24.141 I/dropbox_file_copy( 1146): [/data/tombstones/tombstone_27,98304,SYSTEM_TOMBSTONE]
10-19 06:07:24.164 I/commit_sys_config_file( 1146): [log-files,16900613]
10-19 06:07:24.190 I/commit_sys_config_file( 1146): [log-files,16900638]
10-19 06:07:28.408 I/liblog (13084): 82
10-19 06:07:28.408 I/liblog (13084): 2
10-19 06:07:28.408 I/liblog (13084): 2
10-19 06:07:28.408 I/liblog (13084): 2
10-19 06:07:28.409 I/liblog (13084): 1
10-19 06:07:28.409 I/liblog (13084): 1
10-19 06:07:28.409 I/liblog (13084): 2
10-19 06:07:28.409 I/liblog (13084): 1
10-19 06:07:28.409 I/liblog (13084): 2
10-19 06:07:28.409 I/liblog (13084): 1
10-19 06:07:28.409 I/liblog (13084): 2
10-19 06:07:28.409 I/liblog (13084): 2
10-19 06:07:28.409 I/liblog (13084): 2
10-19 06:07:28.409 I/liblog (13084): 2
10-19 06:07:28.409 I/liblog (13084): 2
10-19 06:07:28.409 I/liblog (13084): 1
10-19 06:07:28.409 I/liblog (13084): 2
10-19 06:07:28.409 I/liblog (13084): 1
10-19 06:07:28.409 I/liblog (13084): 1
10-19 06:07:28.409 I/liblog (13084): 1
10-19 06:07:28.409 I/liblog (13084): 1
10-19 06:07:28.409 I/liblog (13084): 1
10-19 06:07:28.409 I/liblog (13084): 1
10-19 06:07:28.409 I/liblog (13084): 2
10-19 06:07:28.409 I/liblog (13084): 3
10-19 06:07:28.410 I/liblog (13084): 1
10-19 06:07:28.410 I/liblog (13084): 1
10-19 06:07:28.410 I/liblog (13084): 1
10-19 06:07:28.410 I/liblog (13084): 1
10-19 06:07:28.410 I/liblog (13084): 1
10-19 06:07:28.410 I/liblog (13084): 1
10-19 06:07:28.410 I/liblog (13084): 1
10-19 06:07:28.410 I/liblog (13084): 1
10-19 06:07:28.410 I/liblog (13084): 1
10-19 06:07:28.410 I/liblog (13084): 1
10-19 06:07:28.410 I/liblog (13084): 1
10-19 06:07:28.410 I/liblog (13084): 1
10-19 06:07:28.410 I/liblog (13084): 2
10-19 06:07:28.410 I/liblog (13084): 2
10-19 06:07:28.410 I/liblog (13084): 1
10-19 06:07:28.410 I/liblog (13084): 2
10-19 06:07:28.410 I/liblog (13084): 1
10-19 06:07:28.410 I/liblog (13084): 2
10-19 06:07:28.410 I/liblog (13084): 1
10-19 06:07:28.410 I/liblog (13084): 1
10-19 06:07:28.410 I/liblog (13084): 2
10-19 06:07:28.410 I/liblog (13084): 1
10-19 06:07:28.410 I/liblog (13084): 1
10-19 06:07:28.410 I/liblog (13084): 1
10-19 06:07:28.410 I/liblog (13084): 2
10-19 06:07:28.410 I/liblog (13084): 1
10-19 06:07:28.410 I/liblog (13084): 1
10-19 06:07:28.410 I/liblog (13084): 1
10-19 06:07:28.410 I/liblog (13084): 1
10-19 06:07:28.410 I/liblog (13084): 2
10-19 06:07:28.411 I/liblog (13084): 1
10-19 06:07:28.411 I/liblog (13084): 1
10-19 06:07:28.411 I/liblog (13084): 1
10-19 06:07:28.411 I/liblog (13084): 1
10-19 06:07:28.411 I/liblog (13084): 1
10-19 06:07:28.411 I/liblog (13084): 2
10-19 06:07:28.411 I/liblog (13084): 2
10-19 06:07:28.411 I/liblog (13084): 2
10-19 06:07:28.411 I/liblog (13084): 2
10-19 06:07:28.411 I/liblog (13084): 2
10-19 06:07:28.411 I/liblog (13084): 2
10-19 06:07:28.411 I/liblog (13084): 3
10-19 06:07:28.411 I/liblog (13084): 2
10-19 06:07:28.411 I/liblog (13084): 2
10-19 06:07:28.411 I/liblog (13084): 2
10-19 06:07:28.411 I/liblog (13084): 2
10-19 06:07:28.411 I/liblog (13084): 7
10-19 06:07:28.411 I/liblog (13084): 1
10-19 06:07:28.411 I/liblog (13084): 2
10-19 06:07:28.411 I/liblog (13084): 1
10-19 06:07:28.411 I/liblog (13084): 2
10-19 06:07:28.412 I/liblog (13084): 1
10-19 06:07:28.412 I/liblog (13084): 1
10-19 06:07:28.412 I/liblog (13084): 1
10-19 06:07:28.412 I/liblog (13084): 2
10-19 06:07:28.412 I/liblog (13084): 1
10-19 06:07:28.412 I/liblog (13084): 2
10-19 06:07:28.412 I/liblog (13084): 1
10-19 06:07:28.412 I/liblog (13084): 1
10-19 06:07:28.412 I/liblog (13084): 1
10-19 06:07:28.412 I/liblog (13084): 1
10-19 06:07:28.412 I/liblog (13084): 1
10-19 06:07:28.412 I/liblog (13084): 1
10-19 06:07:28.412 I/liblog (13084): 2
10-19 06:07:28.412 I/liblog (13084): 2
10-19 06:07:28.412 I/liblog (13084): 2
10-19 06:07:28.412 I/liblog (13084): 2
10-19 06:07:28.412 I/liblog (13084): 1
10-19 06:07:28.412 I/liblog (13084): 1
10-19 06:07:28.412 I/liblog (13084): 2
10-19 06:07:28.412 I/liblog (13084): 2
10-19 06:07:28.412 I/liblog (13084): 2
10-19 06:07:28.412 I/liblog (13084): 2
10-19 06:07:28.412 I/liblog (13084): 2
10-19 06:07:28.412 I/liblog (13084): 2
10-19 06:07:28.412 I/liblog (13084): 1
10-19 06:07:28.413 I/liblog (13084): 2
10-19 06:07:28.413 I/liblog (13084): 2
10-19 06:07:28.413 I/liblog (13084): 2
10-19 06:07:28.413 I/liblog (13084): 2
10-19 06:07:28.413 I/liblog (13084): 2
10-19 06:07:28.413 I/liblog (13084): 3
10-19 06:07:28.413 I/liblog (13084): 4
10-19 06:07:28.413 I/liblog (13084): 2
10-19 06:07:28.413 I/liblog (13084): 2
10-19 06:07:28.413 I/liblog (13084): 2
10-19 06:07:28.413 I/liblog (13084): 1
10-19 06:07:28.413 I/liblog (13084): 1
10-19 06:07:28.413 I/liblog (13084): 1
10-19 06:07:28.413 I/liblog (13084): 1
10-19 06:07:28.413 I/liblog (13084): 1
10-19 06:07:28.413 I/liblog (13084): 2
10-19 06:07:28.413 I/liblog (13084): 2
10-19 06:07:28.413 I/liblog (13084): 2
10-19 06:07:28.413 I/liblog (13084): 2
10-19 06:07:28.413 I/liblog (13084): 4
10-19 06:07:28.413 I/liblog (13084): 1
10-19 06:07:28.413 I/liblog (13084): 2
10-19 06:07:28.413 I/liblog (13084): 2
10-19 06:07:28.413 I/liblog (13084): 2
10-19 06:07:28.413 I/liblog (13084): 2
10-19 06:07:28.414 I/liblog (13084): 3
10-19 06:07:28.414 I/liblog (13084): 2
10-19 06:07:28.414 I/liblog (13084): 5
10-19 06:07:28.414 I/liblog (13084): 2
10-19 06:07:28.414 I/liblog (13084): 1
10-19 06:07:28.414 I/liblog (13084): 1
10-19 06:07:28.414 I/liblog (13084): 2
10-19 06:07:28.414 I/liblog (13084): 2
10-19 06:07:28.414 I/liblog (13084): 3
10-19 06:07:28.414 I/liblog (13084): 2
10-19 06:07:28.414 I/liblog (13084): 2
10-19 06:07:28.414 I/liblog (13084): 2
10-19 06:07:28.414 I/liblog (13084): 2
10-19 06:07:28.414 I/liblog (13084): 2
10-19 06:07:28.414 I/liblog (13084): 2
10-19 06:07:28.414 I/liblog (13084): 2
10-19 06:07:28.414 I/liblog (13084): 3
10-19 06:07:28.414 I/liblog (13084): 2
10-19 06:07:28.414 I/liblog (13084): 2
10-19 06:07:28.414 I/liblog (13084): 2
10-19 06:07:28.414 I/liblog (13084): 2
10-19 06:07:28.414 I/liblog (13084): 1
10-19 06:07:28.414 I/liblog (13084): 1
10-19 06:07:28.414 I/liblog (13084): 2
10-19 06:07:28.414 I/liblog (13084): 2
10-19 06:07:28.414 I/liblog (13084): 2
10-19 06:07:28.414 I/liblog (13084): 2
10-19 06:07:28.415 I/liblog (13084): 2
10-19 06:07:28.895 I/dropbox_file_copy( 1146): [/data/tombstones/tombstone_28,98304,SYSTEM_TOMBSTONE]
10-19 06:07:28.903 I/commit_sys_config_file( 1146): [log-files,16905351]
10-19 06:07:28.923 I/commit_sys_config_file( 1146): [log-files,16905371]
10-19 06:07:32.807 I/am_freeze( 1146): [11125,com.android.music]
10-19 06:07:32.816 I/am_kill ( 1146): [0,11125,com.android.music,945,Unable to freeze binder interface]
10-19 06:07:32.901 I/am_proc_died( 1146): [0,11125,com.android.music,945,19]
10-19 06:07:32.902 I/am_uid_stopped( 1146): 10094
10-19 06:07:32.926 I/am_pss ( 1146): [12042,10067,com.android.gallery3d,60930048,54841344,0,178221056,0,2,13]
10-19 06:07:32.942 I/am_pss ( 1146): [12405,10033,com.microsoft.emmx:privileged_process1,60487680,24666112,0,199376896,0,19,13]
10-19 06:07:32.953 I/am_pss ( 1146): [12893,10069,com.android.deskclock,9376768,6246400,0,95952896,0,19,10]
10-19 06:07:32.965 I/am_pss ( 1146): [12882,1000,com.android.settings,27577344,25452544,0,111816704,0,19,10]
10-19 06:07:33.610 I/liblog (13093): 1
10-19 06:07:33.610 I/liblog (13093): 2
10-19 06:07:33.610 I/liblog (13093): 4
10-19 06:07:33.610 I/liblog (13093): 2
10-19 06:07:33.610 I/liblog (13093): 6
10-19 06:07:33.610 I/liblog (13093): 2
10-19 06:07:33.610 I/liblog (13093): 4
10-19 06:07:33.610 I/liblog (13093): 2
10-19 06:07:33.611 I/liblog (13093): 3
10-19 06:07:33.611 I/liblog (13093): 2
10-19 06:07:33.611 I/liblog (13093): 2
10-19 06:07:33.611 I/liblog (13093): 2
10-19 06:07:33.611 I/liblog (13093): 2
10-19 06:07:33.611 I/liblog (13093): 2
10-19 06:07:33.611 I/liblog (13093): 1
10-19 06:07:33.611 I/liblog (13093): 2
10-19 06:07:33.611 I/liblog (13093): 7
10-19 06:07:33.611 I/liblog (13093): 3
10-19 06:07:33.611 I/liblog (13093): 1
10-19 06:07:33.612 I/liblog (13093): 1
10-19 06:07:33.612 I/liblog (13093): 1
10-19 06:07:33.612 I/liblog (13093): 2
10-19 06:07:33.612 I/liblog (13093): 1
10-19 06:07:33.612 I/liblog (13093): 1
10-19 06:07:33.612 I/liblog (13093): 1
10-19 06:07:33.612 I/liblog (13093): 1
10-19 06:07:33.613 I/liblog (13093): 1
10-19 06:07:33.613 I/liblog (13093): 1
10-19 06:07:33.613 I/liblog (13093): 1
10-19 06:07:33.613 I/liblog (13093): 1
10-19 06:07:33.613 I/liblog (13093): 1
10-19 06:07:33.613 I/liblog (13093): 1
10-19 06:07:33.613 I/liblog (13093): 2
10-19 06:07:33.613 I/liblog (13093): 1
10-19 06:07:33.613 I/liblog (13093): 2
10-19 06:07:33.613 I/liblog (13093): 1
10-19 06:07:33.613 I/liblog (13093): 1
10-19 06:07:33.613 I/liblog (13093): 1
10-19 06:07:33.613 I/liblog (13093): 2
10-19 06:07:33.613 I/liblog (13093): 1
10-19 06:07:33.613 I/liblog (13093): 2
10-19 06:07:33.613 I/liblog (13093): 2
10-19 06:07:33.613 I/liblog (13093): 2
10-19 06:07:33.614 I/liblog (13093): 2
10-19 06:07:33.614 I/liblog (13093): 2
10-19 06:07:33.614 I/liblog (13093): 2
10-19 06:07:33.614 I/liblog (13093): 1
10-19 06:07:33.614 I/liblog (13093): 2
10-19 06:07:33.614 I/liblog (13093): 1
10-19 06:07:33.614 I/liblog (13093): 2
10-19 06:07:33.614 I/liblog (13093): 2
10-19 06:07:33.614 I/liblog (13093): 2
10-19 06:07:33.614 I/liblog (13093): 2
10-19 06:07:33.614 I/liblog (13093): 2
10-19 06:07:34.308 I/dropbox_file_copy( 1146): [/data/tombstones/tombstone_29,98304,SYSTEM_TOMBSTONE]
10-19 06:07:34.317 I/commit_sys_config_file( 1146): [log-files,16910765]
10-19 06:07:34.342 I/commit_sys_config_file( 1146): [log-files,16910790]
10-19 06:07:39.358 I/dropbox_file_copy( 1146): [/data/tombstones/tombstone_30,98304,SYSTEM_TOMBSTONE]
10-19 06:07:39.366 I/commit_sys_config_file( 1146): [log-files,16915814]
10-19 06:07:39.384 I/commit_sys_config_file( 1146): [log-files,16915833]
10-19 06:07:44.471 I/dropbox_file_copy( 1146): [/data/tombstones/tombstone_31,98304,SYSTEM_TOMBSTONE]
10-19 06:07:44.480 I/commit_sys_config_file( 1146): [log-files,16920928]
10-19 06:07:44.508 I/commit_sys_config_file( 1146): [log-files,16920956]
10-19 06:07:44.779 I/sysui_multi_action( 1146): [757,1696,758,6,759,2]
10-19 06:07:44.796 I/am_wtf ( 1146): [0,1146,system_server,-1,DisplayDeviceConfig,requesting nits when no mapping exists.]
10-19 06:07:44.809 I/am_wtf ( 1146): [0,1146,system_server,-1,DisplayDeviceConfig,requesting nits when no mapping exists.]
10-19 06:07:44.817 I/am_wtf ( 1146): [0,1146,system_server,-1,DisplayDeviceConfig,requesting nits when no mapping exists.]
10-19 06:07:44.822 I/am_wtf ( 1146): [0,1146,system_server,-1,DisplayDeviceConfig,requesting nits when no mapping exists.]
10-19 06:07:44.827 I/am_wtf ( 1146): [0,1146,system_server,-1,DisplayDeviceConfig,requesting nits when no mapping exists.]
10-19 06:07:44.832 I/am_wtf ( 1146): [0,1146,system_server,-1,DisplayDeviceConfig,requesting nits when no mapping exists.]
10-19 06:07:44.839 I/am_wtf ( 1146): [0,1146,system_server,-1,DisplayDeviceConfig,requesting nits when no mapping exists.]
10-19 06:07:44.840 I/am_wtf ( 1146): [0,1146,system_server,-1,DisplayDeviceConfig,requesting nits when no mapping exists.]
10-19 06:07:44.851 I/am_wtf ( 1146): [0,1146,system_server,-1,DisplayDeviceConfig,requesting nits when no mapping exists.]
10-19 06:07:44.853 I/am_wtf ( 1146): [0,1146,system_server,-1,DisplayDeviceConfig,requesting nits when no mapping exists.]
10-19 06:07:44.867 I/am_wtf ( 1146): [0,1146,system_server,-1,DisplayDeviceConfig,requesting nits when no mapping exists.]
10-19 06:07:44.869 I/am_wtf ( 1146): [0,1146,system_server,-1,DisplayDeviceConfig,requesting nits when no mapping exists.]
10-19 06:07:44.885 I/am_wtf ( 1146): [0,1146,system_server,-1,DisplayDeviceConfig,requesting nits when no mapping exists.]
10-19 06:07:44.886 I/am_wtf ( 1146): [0,1146,system_server,-1,DisplayDeviceConfig,requesting nits when no mapping exists.]
10-19 06:07:44.901 I/am_wtf ( 1146): [0,1146,system_server,-1,DisplayDeviceConfig,requesting nits when no mapping exists.]
10-19 06:07:44.902 I/am_wtf ( 1146): [0,1146,system_server,-1,DisplayDeviceConfig,requesting nits when no mapping exists.]
10-19 06:07:44.917 I/am_wtf ( 1146): [0,1146,system_server,-1,DisplayDeviceConfig,requesting nits when no mapping exists.]
10-19 06:07:44.918 I/am_wtf ( 1146): [0,1146,system_server,-1,DisplayDeviceConfig,requesting nits when no mapping exists.]
10-19 06:07:44.934 I/am_wtf ( 1146): [0,1146,system_server,-1,DisplayDeviceConfig,requesting nits when no mapping exists.]
10-19 06:07:44.935 I/am_wtf ( 1146): [0,1146,system_server,-1,DisplayDeviceConfig,requesting nits when no mapping exists.]
10-19 06:07:44.951 I/am_wtf ( 1146): [0,1146,system_server,-1,DisplayDeviceConfig,requesting nits when no mapping exists.]
10-19 06:07:44.952 I/am_wtf ( 1146): [0,1146,system_server,-1,DisplayDeviceConfig,requesting nits when no mapping exists.]
10-19 06:07:44.968 I/am_wtf ( 1146): [0,1146,system_server,-1,DisplayDeviceConfig,requesting nits when no mapping exists.]
10-19 06:07:44.969 I/am_wtf ( 1146): [0,1146,system_server,-1,DisplayDeviceConfig,requesting nits when no mapping exists.]
10-19 06:07:44.985 I/am_wtf ( 1146): [0,1146,system_server,-1,DisplayDeviceConfig,requesting nits when no mapping exists.]
10-19 06:07:44.986 I/am_wtf ( 1146): [0,1146,system_server,-1,DisplayDeviceConfig,requesting nits when no mapping exists.]
10-19 06:07:45.002 I/am_wtf ( 1146): [0,1146,system_server,-1,DisplayDeviceConfig,requesting nits when no mapping exists.]
10-19 06:07:45.003 I/am_wtf ( 1146): [0,1146,system_server,-1,DisplayDeviceConfig,requesting nits when no mapping exists.]
10-19 06:07:45.018 I/am_wtf ( 1146): [0,1146,system_server,-1,DisplayDeviceConfig,requesting nits when no mapping exists.]
10-19 06:07:45.018 I/am_wtf ( 1146): [0,1146,system_server,-1,DisplayDeviceConfig,requesting nits when no mapping exists.]
10-19 06:07:45.035 I/am_wtf ( 1146): [0,1146,system_server,-1,DisplayDeviceConfig,requesting nits when no mapping exists.]
10-19 06:07:45.036 I/am_wtf ( 1146): [0,1146,system_server,-1,DisplayDeviceConfig,requesting nits when no mapping exists.]
10-19 06:07:45.051 I/am_wtf ( 1146): [0,1146,system_server,-1,DisplayDeviceConfig,requesting nits when no mapping exists.]
10-19 06:07:45.052 I/am_wtf ( 1146): [0,1146,system_server,-1,DisplayDeviceConfig,requesting nits when no mapping exists.]
10-19 06:07:45.072 I/am_wtf ( 1146): [0,1146,system_server,-1,DisplayDeviceConfig,requesting nits when no mapping exists.]
10-19 06:07:45.073 I/am_wtf ( 1146): [0,1146,system_server,-1,DisplayDeviceConfig,requesting nits when no mapping exists.]
10-19 06:07:45.092 I/am_wtf ( 1146): [0,1146,system_server,-1,DisplayDeviceConfig,requesting nits when no mapping exists.]
10-19 06:07:45.093 I/am_wtf ( 1146): [0,1146,system_server,-1,DisplayDeviceConfig,requesting nits when no mapping exists.]
10-19 06:07:45.105 I/am_wtf ( 1146): [0,1146,system_server,-1,DisplayDeviceConfig,requesting nits when no mapping exists.]
10-19 06:07:45.106 I/am_wtf ( 1146): [0,1146,system_server,-1,DisplayDeviceConfig,requesting nits when no mapping exists.]
10-19 06:07:45.118 I/am_wtf ( 1146): [0,1146,system_server,-1,DisplayDeviceConfig,requesting nits when no mapping exists.]
10-19 06:07:45.119 I/am_wtf ( 1146): [0,1146,system_server,-1,DisplayDeviceConfig,requesting nits when no mapping exists.]
10-19 06:07:45.135 I/am_wtf ( 1146): [0,1146,system_server,-1,DisplayDeviceConfig,requesting nits when no mapping exists.]
10-19 06:07:45.136 I/am_wtf ( 1146): [0,1146,system_server,-1,DisplayDeviceConfig,requesting nits when no mapping exists.]
10-19 06:07:45.152 I/am_wtf ( 1146): [0,1146,system_server,-1,DisplayDeviceConfig,requesting nits when no mapping exists.]
10-19 06:07:45.153 I/am_wtf ( 1146): [0,1146,system_server,-1,DisplayDeviceConfig,requesting nits when no mapping exists.]
10-19 06:07:45.169 I/am_wtf ( 1146): [0,1146,system_server,-1,DisplayDeviceConfig,requesting nits when no mapping exists.]
10-19 06:07:45.170 I/am_wtf ( 1146): [0,1146,system_server,-1,DisplayDeviceConfig,requesting nits when no mapping exists.]
10-19 06:07:48.716 I/liblog (13120): 8
10-19 06:07:49.510 I/dropbox_file_copy( 1146): [/data/tombstones/tombstone_00,98304,SYSTEM_TOMBSTONE]
10-19 06:07:49.516 I/commit_sys_config_file( 1146): [log-files,16925964]
10-19 06:07:49.534 I/commit_sys_config_file( 1146): [log-files,16925982]
10-19 06:07:51.786 I/sysui_multi_action( 1146): [757,222,758,1]
10-19 06:07:51.790 I/am_uid_active( 1146): 10069
10-19 06:07:51.809 I/am_pss ( 1146): [12042,10067,com.android.gallery3d,60930048,54841344,0,178221056,0,2,15]
10-19 06:07:51.822 I/wm_task_created( 1146): [169,-1]
10-19 06:07:51.827 I/wm_task_moved( 1146): [169,1,7]
10-19 06:07:51.827 I/wm_task_to_front( 1146): [0,169]
10-19 06:07:51.828 I/wm_create_task( 1146): [0,169]
10-19 06:07:51.828 I/wm_create_activity( 1146): [0,89466961,169,com.android.deskclock/android.service.dreams.DreamActivity,NULL,NULL,NULL,276824064]
10-19 06:07:51.828 I/wm_task_moved( 1146): [169,1,7]
10-19 06:07:51.828 I/wm_on_top_resumed_lost_called(12042): [90887977,com.android.gallery3d.app.GalleryActivity,topStateChangedWhenResumed]
10-19 06:07:51.830 I/wm_pause_activity( 1146): [0,228154950,com.android.launcher3/.uioverrides.QuickstepLauncher,userLeaving=true,pauseBackTasks]
10-19 06:07:51.831 I/wm_on_paused_called( 2903): [228154950,com.android.launcher3.uioverrides.QuickstepLauncher,performPause]
10-19 06:07:51.838 I/wm_add_to_stopping( 1146): [0,228154950,com.android.launcher3/.uioverrides.QuickstepLauncher,makeInvisible]
10-19 06:07:51.839 I/wm_restart_activity( 1146): [0,89466961,169,com.android.deskclock/android.service.dreams.DreamActivity]
10-19 06:07:51.843 I/wm_set_resumed_activity( 1146): [0,com.android.deskclock/android.service.dreams.DreamActivity,minimalResumeActivityLocked]
10-19 06:07:51.861 I/sysui_multi_action( 1146): [757,803,799,window_time_0,802,86]
10-19 06:07:51.883 I/wm_on_create_called(12893): [89466961,android.service.dreams.DreamActivity,performCreate]
10-19 06:07:51.884 I/wm_on_start_called(12893): [89466961,android.service.dreams.DreamActivity,handleStartActivity]
10-19 06:07:51.886 I/wm_on_resume_called(12893): [89466961,android.service.dreams.DreamActivity,RESUME_ACTIVITY]
10-19 06:07:51.912 I/wm_on_top_resumed_gained_called(12893): [89466961,android.service.dreams.DreamActivity,topStateChangedWhenResumed]
10-19 06:07:51.985 I/input_focus( 1146): [Focus request 932f4bc com.android.deskclock/android.service.dreams.DreamActivity,reason=UpdateInputWindows]
10-19 06:07:51.989 I/notification_enqueue( 1146): [10088,2269,com.android.systemui,2048,NULL,0,Notification(channel=updateNotification shortcut=null contentView=null vibrate=null sound=null defaults=0x0 flags=0x0 color=0x00000000 vis=PRIVATE),1]
10-19 06:07:51.989 I/sysui_multi_action( 2269): [757,111,758,2]
10-19 06:07:51.990 I/sysui_multi_action( 2269): [757,111,758,2]
10-19 06:07:52.003 I/sysui_multi_action( 2269): [757,111,758,1]
10-19 06:07:52.004 I/sysui_multi_action( 2269): [757,126,758,1,759,126,927,0,928,1,1593,0]
10-19 06:07:52.004 I/sysui_multi_action( 2269): [757,113,758,1,759,113,927,1,928,1,1593,0]
10-19 06:07:52.005 I/sysui_multi_action( 2269): [757,0,758,1,759,0,927,2,928,0,1593,0]
10-19 06:07:52.005 I/sysui_multi_action( 2269): [757,0,758,1,759,0,927,3,928,0,1593,0]
10-19 06:07:52.007 I/sysui_multi_action( 2269): [757,491,758,1,759,491,927,4,928,0,1311,-1,1593,0]
10-19 06:07:52.007 I/sysui_multi_action( 2269): [757,0,758,1,759,0,927,5,928,0,1593,0]
10-19 06:07:52.008 I/sysui_multi_action( 2269): [757,0,758,1,759,0,927,6,1593,0]
10-19 06:07:52.008 I/sysui_multi_action( 2269): [757,114,758,1,759,114,927,7,928,0,1593,0]
10-19 06:07:52.009 I/sysui_multi_action( 2269): [757,111,758,1]
10-19 06:07:52.009 I/sysui_multi_action( 2269): [757,126,758,1,759,126,927,0,928,1,1593,0]
10-19 06:07:52.010 I/sysui_multi_action( 2269): [757,113,758,1,759,113,927,1,928,1,1593,0]
10-19 06:07:52.010 I/sysui_multi_action( 2269): [757,0,758,1,759,0,927,2,928,0,1593,0]
10-19 06:07:52.010 I/sysui_multi_action( 2269): [757,0,758,1,759,0,927,3,928,0,1593,0]
10-19 06:07:52.023 I/input_focus( 1146): [Focus leaving 6b54261 com.android.gallery3d/com.android.gallery3d.app.GalleryActivity (server),reason=Waiting for window because NOT_VISIBLE]
10-19 06:07:52.140 I/sysui_multi_action( 1146): [319,315,322,312,325,16982,757,761,758,8,759,2,806,com.android.deskclock,871,android.service.dreams.DreamActivity,904,com.android.deskclock,905,0,1320,8,1321,5]
10-19 06:07:52.141 I/sysui_multi_action( 1146): [757,1696,758,6,759,3]
10-19 06:07:52.142 I/am_wtf ( 1146): [0,1146,system_server,-1,DisplayDeviceConfig,requesting nits when no mapping exists.]
10-19 06:07:52.144 I/am_wtf ( 1146): [0,1146,system_server,-1,DisplayDeviceConfig,requesting nits when no mapping exists.]
10-19 06:07:52.144 I/wm_activity_launch_time( 1146): [0,89466961,com.android.deskclock/android.service.dreams.DreamActivity,312]
10-19 06:07:52.175 I/am_wtf ( 1146): [0,1146,system_server,-1,DisplayDeviceConfig,requesting nits when no mapping exists.]
10-19 06:07:52.177 I/am_wtf ( 1146): [0,1146,system_server,-1,DisplayDeviceConfig,requesting nits when no mapping exists.]
10-19 06:07:52.178 I/input_focus( 1146): [Focus entering 932f4bc com.android.deskclock/android.service.dreams.DreamActivity (server),reason=Window became focusable. Previous reason: NOT_VISIBLE]
10-19 06:07:52.209 I/am_wtf ( 1146): [0,1146,system_server,-1,DisplayDeviceConfig,requesting nits when no mapping exists.]
10-19 06:07:52.210 I/am_wtf ( 1146): [0,1146,system_server,-1,DisplayDeviceConfig,requesting nits when no mapping exists.]
10-19 06:07:52.221 I/service_manager_slow( 1146): [10,dropbox]
10-19 06:07:52.247 I/am_wtf ( 1146): [0,1146,system_server,-1,DisplayDeviceConfig,requesting nits when no mapping exists.]
10-19 06:07:52.249 I/am_wtf ( 1146): [0,1146,system_server,-1,DisplayDeviceConfig,requesting nits when no mapping exists.]
10-19 06:07:52.250 I/service_manager_stats( 1146): [100,93,69427]
10-19 06:07:52.264 I/am_wtf ( 1146): [0,1146,system_server,-1,DisplayDeviceConfig,requesting nits when no mapping exists.]
10-19 06:07:52.266 I/am_wtf ( 1146): [0,1146,system_server,-1,DisplayDeviceConfig,requesting nits when no mapping exists.]
10-19 06:07:52.307 I/am_wtf ( 1146): [0,1146,system_server,-1,DisplayDeviceConfig,requesting nits when no mapping exists.]
10-19 06:07:52.311 I/am_wtf ( 1146): [0,1146,system_server,-1,DisplayDeviceConfig,requesting nits when no mapping exists.]
10-19 06:07:52.325 I/am_wtf ( 1146): [0,1146,system_server,-1,DisplayDeviceConfig,requesting nits when no mapping exists.]
10-19 06:07:52.326 I/am_wtf ( 1146): [0,1146,system_server,-1,DisplayDeviceConfig,requesting nits when no mapping exists.]
10-19 06:07:52.358 I/am_wtf ( 1146): [0,1146,system_server,-1,DisplayDeviceConfig,requesting nits when no mapping exists.]
10-19 06:07:52.363 I/am_wtf ( 1146): [0,1146,system_server,-1,DisplayDeviceConfig,requesting nits when no mapping exists.]
10-19 06:07:52.393 I/am_wtf ( 1146): [0,1146,system_server,-1,DisplayDeviceConfig,requesting nits when no mapping exists.]
10-19 06:07:52.395 I/am_wtf ( 1146): [0,1146,system_server,-1,DisplayDeviceConfig,requesting nits when no mapping exists.]
10-19 06:07:52.427 I/am_wtf ( 1146): [0,1146,system_server,-1,DisplayDeviceConfig,requesting nits when no mapping exists.]
10-19 06:07:52.431 I/am_wtf ( 1146): [0,1146,system_server,-1,DisplayDeviceConfig,requesting nits when no mapping exists.]
10-19 06:07:52.432 I/wm_stop_activity( 1146): [0,228154950,com.android.launcher3/.uioverrides.QuickstepLauncher]
10-19 06:07:52.462 I/wm_on_stop_called( 2903): [228154950,com.android.launcher3.uioverrides.QuickstepLauncher,STOP_ACTIVITY_ITEM]
10-19 06:07:52.472 I/am_wtf ( 1146): [0,1146,system_server,-1,DisplayDeviceConfig,requesting nits when no mapping exists.]
10-19 06:07:52.474 I/am_wtf ( 1146): [0,1146,system_server,-1,DisplayDeviceConfig,requesting nits when no mapping exists.]
10-19 06:07:52.496 I/am_wtf ( 1146): [0,1146,system_server,-1,DisplayDeviceConfig,requesting nits when no mapping exists.]
10-19 06:07:52.497 I/am_wtf ( 1146): [0,1146,system_server,-1,DisplayDeviceConfig,requesting nits when no mapping exists.]
10-19 06:07:52.527 I/am_wtf ( 1146): [0,1146,system_server,-1,DisplayDeviceConfig,requesting nits when no mapping exists.]
10-19 06:07:52.530 I/am_wtf ( 1146): [0,1146,system_server,-1,DisplayDeviceConfig,requesting nits when no mapping exists.]
10-19 06:07:53.646 I/input_interaction( 1146): Interaction with: 932f4bc com.android.deskclock/android.service.dreams.DreamActivity (server), edge-swipe (server), swipe-up (server), PointerEventDispatcher0 (server),
10-19 06:07:53.669 I/wm_finish_activity( 1146): [0,89466961,169,com.android.deskclock/android.service.dreams.DreamActivity,finish-activity]
10-19 06:07:53.670 I/wm_task_moved( 1146): [168,1,6]
10-19 06:07:53.670 I/wm_task_to_front( 1146): [0,168]
10-19 06:07:53.672 I/wm_set_resumed_activity( 1146): [0,com.android.gallery3d/.app.GalleryActivity,positionChildAt]
10-19 06:07:53.672 I/wm_focused_root_task( 1146): [0,0,168,169,finish-top adjustFocusToNextFocusableTask]
10-19 06:07:53.672 I/wm_set_resumed_activity( 1146): [0,com.android.gallery3d/.app.GalleryActivity,finish-top]
10-19 06:07:53.675 I/wm_pause_activity( 1146): [0,89466961,com.android.deskclock/android.service.dreams.DreamActivity,userLeaving=false,finish]
10-19 06:07:53.686 I/liblog (13138): 2
10-19 06:07:53.686 I/liblog (13138): 1
10-19 06:07:53.686 I/liblog (13138): 1
10-19 06:07:53.686 I/liblog (13138): 1
10-19 06:07:53.686 I/liblog (13138): 1
10-19 06:07:53.686 I/liblog (13138): 2
10-19 06:07:53.686 I/liblog (13138): 10
10-19 06:07:53.687 I/liblog (13138): 10
10-19 06:07:53.687 I/liblog (13138): 1
10-19 06:07:53.687 I/liblog (13138): 1
10-19 06:07:53.687 I/liblog (13138): 1
10-19 06:07:53.687 I/liblog (13138): 14
10-19 06:07:53.687 I/liblog (13138): 1
10-19 06:07:53.688 I/liblog (13138): 1
10-19 06:07:53.688 I/liblog (13138): 1
10-19 06:07:53.688 I/liblog (13138): 3
10-19 06:07:53.688 I/liblog (13138): 1
10-19 06:07:53.688 I/liblog (13138): 1
10-19 06:07:53.688 I/liblog (13138): 40
10-19 06:07:53.691 I/liblog (13138): 154
10-19 06:07:53.691 I/liblog (13138): 9
10-19 06:07:53.691 I/liblog (13138): 6
10-19 06:07:53.692 I/liblog (13138): 3
10-19 06:07:53.692 I/liblog (13138): 1
10-19 06:07:53.692 I/liblog (13138): 1
10-19 06:07:53.692 I/liblog (13138): 1
10-19 06:07:53.692 I/liblog (13138): 1
10-19 06:07:53.692 I/liblog (13138): 3
10-19 06:07:53.692 I/liblog (13138): 1
10-19 06:07:53.692 I/liblog (13138): 1
10-19 06:07:53.692 I/liblog (13138): 1
10-19 06:07:53.692 I/liblog (13138): 1
10-19 06:07:53.692 I/liblog (13138): 1
10-19 06:07:53.692 I/liblog (13138): 3
10-19 06:07:53.692 I/liblog (13138): 1
10-19 06:07:53.693 I/liblog (13138): 1
10-19 06:07:53.693 I/liblog (13138): 1
10-19 06:07:53.693 I/liblog (13138): 2
10-19 06:07:53.693 I/liblog (13138): 1
10-19 06:07:53.693 I/liblog (13138): 1
10-19 06:07:53.695 I/sysui_multi_action( 1146): [757,803,799,window_time_0,802,2]
10-19 06:07:53.697 I/liblog (13138): 1
10-19 06:07:53.697 I/liblog (13138): 1
10-19 06:07:53.698 I/liblog (13138): 1
10-19 06:07:53.698 I/liblog (13138): 1
10-19 06:07:53.698 I/liblog (13138): 1
10-19 06:07:53.698 I/liblog (13138): 1
10-19 06:07:53.698 I/liblog (13138): 1
10-19 06:07:53.698 I/liblog (13138): 1
10-19 06:07:53.698 I/liblog (13138): 1
10-19 06:07:53.698 I/liblog (13138): 1
10-19 06:07:53.698 I/liblog (13138): 1
10-19 06:07:53.698 I/liblog (13138): 1
10-19 06:07:53.698 I/liblog (13138): 2
10-19 06:07:53.698 I/liblog (13138): 1
10-19 06:07:53.698 I/liblog (13138): 2
10-19 06:07:53.698 I/liblog (13138): 1
10-19 06:07:53.698 I/liblog (13138): 1
10-19 06:07:53.699 I/liblog (13138): 1
10-19 06:07:53.699 I/liblog (13138): 1
10-19 06:07:53.699 I/liblog (13138): 2
10-19 06:07:53.699 I/liblog (13138): 1
10-19 06:07:53.699 I/liblog (13138): 1
10-19 06:07:53.699 I/liblog (13138): 1
10-19 06:07:53.699 I/liblog (13138): 1
10-19 06:07:53.699 I/liblog (13138): 1
10-19 06:07:53.699 I/liblog (13138): 1
10-19 06:07:53.700 I/wm_on_top_resumed_lost_called(12893): [89466961,android.service.dreams.DreamActivity,topStateChangedWhenResumed]
10-19 06:07:53.702 I/wm_on_top_resumed_gained_called(12042): [90887977,com.android.gallery3d.app.GalleryActivity,topStateChangedWhenResumed]
10-19 06:07:53.702 I/wm_on_paused_called(12893): [89466961,android.service.dreams.DreamActivity,performPause]
10-19 06:07:53.711 I/input_focus( 1146): [Focus leaving 932f4bc com.android.deskclock/android.service.dreams.DreamActivity (server),reason=NO_WINDOW]
10-19 06:07:53.719 I/wm_resume_activity( 1146): [0,228154950,10,com.android.launcher3/.uioverrides.QuickstepLauncher]
10-19 06:07:53.735 I/view_enqueue_input_event(12893): [Motion - Cancel,com.android.deskclock/android.service.dreams.DreamActivity]
10-19 06:07:53.741 I/sysui_multi_action( 1146): [757,803,799,window_time_2,802,0]
10-19 06:07:53.746 I/wm_on_restart_called( 2903): [228154950,com.android.launcher3.uioverrides.QuickstepLauncher,performRestartActivity]
10-19 06:07:53.747 I/wm_on_start_called( 2903): [228154950,com.android.launcher3.uioverrides.QuickstepLauncher,handleStartActivity]
10-19 06:07:53.747 I/wm_on_resume_called( 2903): [228154950,com.android.launcher3.uioverrides.QuickstepLauncher,RESUME_ACTIVITY]
10-19 06:07:53.751 I/input_focus( 1146): [Focus request 6b54261 com.android.gallery3d/com.android.gallery3d.app.GalleryActivity,reason=UpdateInputWindows]
10-19 06:07:53.756 I/am_uid_running( 1146): 10094
10-19 06:07:53.765 I/input_focus( 1146): [Focus entering 6b54261 com.android.gallery3d/com.android.gallery3d.app.GalleryActivity (server),reason=setFocusedWindow]
10-19 06:07:53.810 I/wm_destroy_activity( 1146): [0,89466961,169,com.android.deskclock/android.service.dreams.DreamActivity,finish-idle]
10-19 06:07:53.833 I/wm_on_stop_called(12893): [89466961,android.service.dreams.DreamActivity,LIFECYCLER_STOP_ACTIVITY]
10-19 06:07:53.836 I/wm_on_destroy_called(12893): [89466961,android.service.dreams.DreamActivity,performDestroy]
10-19 06:07:53.843 I/am_proc_start( 1146): [0,13146,10094,com.android.music,NULL,]
10-19 06:07:53.852 I/sysui_multi_action( 1146): [757,222,758,2]
10-19 06:07:53.853 I/sysui_multi_action( 1146): [757,804,799,dreaming_minutes,801,0,802,1]
10-19 06:07:53.942 I/am_proc_bound( 1146): [0,13146,com.android.music]
10-19 06:07:54.058 I/wm_task_removed( 1146): [169,removeChild:removeChild last r=ActivityRecord{5552851 u0 com.android.deskclock/android.service.dreams.DreamActivity t-1 f}} in t=Task{47b04ec #169 type=dream A=10069:android:com.android.deskclock/dream U=0 visible=false mode=fullscreen translucent=true sz=0}]
10-19 06:07:54.058 I/wm_task_removed( 1146): [169,removeChild]
10-19 06:07:54.317 I/dropbox_file_copy( 1146): [/data/tombstones/tombstone_01,98304,SYSTEM_TOMBSTONE]
10-19 06:07:54.326 I/commit_sys_config_file( 1146): [log-files,16930774]
10-19 06:07:54.350 I/commit_sys_config_file( 1146): [log-files,16930798]
10-19 06:07:59.500 I/dropbox_file_copy( 1146): [/data/tombstones/tombstone_02,98304,SYSTEM_TOMBSTONE]
10-19 06:07:59.507 I/commit_sys_config_file( 1146): [log-files,16935955]
10-19 06:07:59.526 I/commit_sys_config_file( 1146): [log-files,16935974]
10-19 06:08:03.764 I/liblog (13176): 2
10-19 06:08:03.765 I/liblog (13176): 15
10-19 06:08:03.765 I/liblog (13176): 8
10-19 06:08:03.765 I/liblog (13176): 8
10-19 06:08:03.765 I/liblog (13176): 5
10-19 06:08:03.765 I/liblog (13176): 12
10-19 06:08:03.765 I/liblog (13176): 3
10-19 06:08:03.765 I/liblog (13176): 8
10-19 06:08:03.766 I/liblog (13176): 5
10-19 06:08:03.766 I/liblog (13176): 9
10-19 06:08:03.766 I/liblog (13176): 4
10-19 06:08:03.766 I/liblog (13176): 6
10-19 06:08:03.766 I/liblog (13176): 5
10-19 06:08:03.766 I/liblog (13176): 5
10-19 06:08:03.766 I/liblog (13176): 4
10-19 06:08:03.766 I/liblog (13176): 5
10-19 06:08:03.766 I/liblog (13176): 4
10-19 06:08:03.766 I/liblog (13176): 3
10-19 06:08:03.767 I/liblog (13176): 5
10-19 06:08:03.767 I/liblog (13176): 3
10-19 06:08:03.767 I/liblog (13176): 3
10-19 06:08:03.767 I/liblog (13176): 3
10-19 06:08:03.767 I/liblog (13176): 4
10-19 06:08:03.767 I/liblog (13176): 3
10-19 06:08:03.767 I/liblog (13176): 2
10-19 06:08:03.767 I/liblog (13176): 3
10-19 06:08:03.767 I/liblog (13176): 6
10-19 06:08:03.767 I/liblog (13176): 7
10-19 06:08:03.767 I/liblog (13176): 4
10-19 06:08:03.767 I/liblog (13176): 4
10-19 06:08:03.768 I/liblog (13176): 3
10-19 06:08:03.768 I/liblog (13176): 3
10-19 06:08:03.768 I/liblog (13176): 3
10-19 06:08:03.768 I/liblog (13176): 3
10-19 06:08:03.768 I/liblog (13176): 3
10-19 06:08:03.768 I/liblog (13176): 4
10-19 06:08:03.768 I/liblog (13176): 4
10-19 06:08:03.768 I/liblog (13176): 5
10-19 06:08:03.768 I/liblog (13176): 3
10-19 06:08:03.768 I/liblog (13176): 3
10-19 06:08:03.768 I/liblog (13176): 4
10-19 06:08:03.768 I/liblog (13176): 4
10-19 06:08:03.769 I/liblog (13176): 8
10-19 06:08:03.769 I/liblog (13176): 8
10-19 06:08:03.769 I/liblog (13176): 4
10-19 06:08:03.769 I/liblog (13176): 8
10-19 06:08:03.769 I/liblog (13176): 5
10-19 06:08:03.769 I/liblog (13176): 12
10-19 06:08:03.769 I/liblog (13176): 5
10-19 06:08:03.769 I/liblog (13176): 10
10-19 06:08:03.770 I/liblog (13176): 4
10-19 06:08:03.770 I/liblog (13176): 4
10-19 06:08:03.770 I/liblog (13176): 3
10-19 06:08:03.770 I/liblog (13176): 6
10-19 06:08:03.770 I/liblog (13176): 8
10-19 06:08:03.770 I/liblog (13176): 20
10-19 06:08:03.770 I/liblog (13176): 3
10-19 06:08:03.770 I/liblog (13176): 6
10-19 06:08:03.771 I/liblog (13176): 4
10-19 06:08:03.771 I/liblog (13176): 5
10-19 06:08:03.771 I/liblog (13176): 3
10-19 06:08:03.771 I/liblog (13176): 5
10-19 06:08:03.771 I/liblog (13176): 6
10-19 06:08:03.771 I/liblog (13176): 5
10-19 06:08:03.771 I/liblog (13176): 8
10-19 06:08:04.319 I/dropbox_file_copy( 1146): [/data/tombstones/tombstone_03,98304,SYSTEM_TOMBSTONE]
10-19 06:08:04.328 I/commit_sys_config_file( 1146): [log-files,16940777]
10-19 06:08:04.352 I/commit_sys_config_file( 1146): [log-files,16940800]
10-19 06:08:05.737 I/input_interaction( 1146): Interaction with: 6b54261 com.android.gallery3d/com.android.gallery3d.app.GalleryActivity (server), edge-swipe (server), swipe-up (server), PointerEventDispatcher0 (server),
10-19 06:08:05.767 I/view_enqueue_input_event(12042): [Motion - Cancel,com.android.gallery3d/com.android.gallery3d.app.GalleryActivity]
10-19 06:08:05.774 I/input_interaction( 1146): Interaction with: WindowManager (server), edge-swipe (server), swipe-up (server), PointerEventDispatcher0 (server),
10-19 06:08:07.113 I/input_interaction( 1146): Interaction with: 30b6ce7 StatusBar (server), edge-swipe (server), swipe-up (server), PointerEventDispatcher0 (server),
10-19 06:08:07.131 I/sysui_multi_action( 2269): [757,803,799,panel_open,802,1]
10-19 06:08:07.135 I/sysui_multi_action( 2269): [757,1328,758,4,1326,96,1327,2,1329,0]
10-19 06:08:07.234 I/sysui_multi_action( 1146): [757,127,758,1]
10-19 06:08:07.235 I/sysui_multi_action( 1146): [757,804,799,note_load,801,5,802,1]
10-19 06:08:07.236 I/notification_panel_revealed( 1146): 5
10-19 06:08:07.236 I/notification_enqueue( 1146): [10088,2269,com.android.systemui,2048,NULL,0,Notification(channel=updateNotification shortcut=null contentView=null vibrate=null sound=null defaults=0x0 flags=0x0 color=0x00000000 vis=PRIVATE),1]
10-19 06:08:07.236 I/sysui_multi_action( 2269): [757,111,758,2]
10-19 06:08:07.236 I/sysui_multi_action( 2269): [757,111,758,2]
10-19 06:08:07.258 I/input_focus( 1146): [Focus request f3a6fce NotificationShade,reason=UpdateInputWindows]
10-19 06:08:07.273 I/sysui_multi_action( 2269): [757,111,758,1]
10-19 06:08:07.273 I/sysui_multi_action( 2269): [757,126,758,1,759,126,927,0,928,1,1593,0]
10-19 06:08:07.273 I/sysui_multi_action( 2269): [757,113,758,1,759,113,927,1,928,1,1593,0]
10-19 06:08:07.274 I/sysui_multi_action( 2269): [757,0,758,1,759,0,927,2,928,0,1593,0]
10-19 06:08:07.274 I/sysui_multi_action( 2269): [757,0,758,1,759,0,927,3,928,0,1593,0]
10-19 06:08:07.275 I/sysui_multi_action( 2269): [757,491,758,1,759,491,927,4,928,0,1311,-1,1593,0]
10-19 06:08:07.276 I/sysui_multi_action( 2269): [757,0,758,1,759,0,927,5,928,0,1593,0]
10-19 06:08:07.276 I/sysui_multi_action( 2269): [757,0,758,1,759,0,927,6,1593,0]
10-19 06:08:07.277 I/sysui_multi_action( 2269): [757,114,758,1,759,114,927,7,928,0,1593,0]
10-19 06:08:07.277 I/sysui_multi_action( 2269): [757,111,758,1]
10-19 06:08:07.277 I/sysui_multi_action( 2269): [757,126,758,1,759,126,927,0,928,1,1593,0]
10-19 06:08:07.278 I/sysui_multi_action( 2269): [757,113,758,1,759,113,927,1,928,1,1593,0]
10-19 06:08:07.278 I/sysui_multi_action( 2269): [757,0,758,1,759,0,927,2,928,0,1593,0]
10-19 06:08:07.278 I/sysui_multi_action( 2269): [757,0,758,1,759,0,927,3,928,0,1593,0]
10-19 06:08:07.281 I/input_focus( 1146): [Focus leaving 6b54261 com.android.gallery3d/com.android.gallery3d.app.GalleryActivity (server),reason=Waiting for window because NOT_VISIBLE]
10-19 06:08:07.298 I/notification_enqueue( 1146): [10088,2269,com.android.systemui,2048,NULL,0,Notification(channel=updateNotification shortcut=null contentView=null vibrate=null sound=null defaults=0x0 flags=0x0 color=0x00000000 vis=PRIVATE),1]
10-19 06:08:07.298 I/sysui_multi_action( 2269): [757,111,758,2]
10-19 06:08:07.299 I/sysui_multi_action( 2269): [757,111,758,2]
10-19 06:08:07.299 I/input_focus( 1146): [Focus entering f3a6fce NotificationShade (server),reason=Window became focusable. Previous reason: NOT_VISIBLE]
10-19 06:08:07.306 I/sysui_multi_action( 2269): [757,111,758,1]
10-19 06:08:07.306 I/sysui_multi_action( 2269): [757,126,758,1,759,126,927,0,928,1,1593,0]
10-19 06:08:07.306 I/sysui_multi_action( 2269): [757,113,758,1,759,113,927,1,928,1,1593,0]
10-19 06:08:07.307 I/sysui_multi_action( 2269): [757,0,758,1,759,0,927,2,928,0,1593,0]
10-19 06:08:07.307 I/sysui_multi_action( 2269): [757,0,758,1,759,0,927,3,928,0,1593,0]
10-19 06:08:07.308 I/sysui_multi_action( 2269): [757,491,758,1,759,491,927,4,928,0,1311,-1,1593,0]
10-19 06:08:07.308 I/sysui_multi_action( 2269): [757,0,758,1,759,0,927,5,928,0,1593,0]
10-19 06:08:07.309 I/sysui_multi_action( 2269): [757,0,758,1,759,0,927,6,1593,0]
10-19 06:08:07.309 I/sysui_multi_action( 2269): [757,114,758,1,759,114,927,7,928,0,1593,0]
10-19 06:08:07.309 I/sysui_multi_action( 2269): [757,111,758,1]
10-19 06:08:07.310 I/sysui_multi_action( 2269): [757,126,758,1,759,126,927,0,928,1,1593,0]
10-19 06:08:07.310 I/sysui_multi_action( 2269): [757,113,758,1,759,113,927,1,928,1,1593,0]
10-19 06:08:07.310 I/sysui_multi_action( 2269): [757,0,758,1,759,0,927,2,928,0,1593,0]
10-19 06:08:07.311 I/sysui_multi_action( 2269): [757,0,758,1,759,0,927,3,928,0,1593,0]
10-19 06:08:07.338 I/sysui_multi_action( 2269): [757,111,758,2]
10-19 06:08:07.339 I/sysui_multi_action( 2269): [757,111,758,2]
10-19 06:08:07.339 I/notification_enqueue( 1146): [10088,2269,com.android.systemui,2048,NULL,0,Notification(channel=updateNotification shortcut=null contentView=null vibrate=null sound=null defaults=0x0 flags=0x0 color=0x00000000 vis=PRIVATE),1]
10-19 06:08:07.350 I/sysui_multi_action( 2269): [757,111,758,1]
10-19 06:08:07.350 I/sysui_multi_action( 2269): [757,126,758,1,759,126,927,0,928,1,1593,0]
10-19 06:08:07.351 I/sysui_multi_action( 2269): [757,113,758,1,759,113,927,1,928,1,1593,0]
10-19 06:08:07.351 I/sysui_multi_action( 2269): [757,0,758,1,759,0,927,2,928,0,1593,0]
10-19 06:08:07.351 I/sysui_multi_action( 2269): [757,0,758,1,759,0,927,3,928,0,1593,0]
10-19 06:08:07.353 I/sysui_multi_action( 2269): [757,491,758,1,759,491,927,4,928,0,1311,-1,1593,0]
10-19 06:08:07.353 I/sysui_multi_action( 2269): [757,0,758,1,759,0,927,5,928,0,1593,0]
10-19 06:08:07.353 I/sysui_multi_action( 2269): [757,0,758,1,759,0,927,6,1593,0]
10-19 06:08:07.354 I/sysui_multi_action( 2269): [757,114,758,1,759,114,927,7,928,0,1593,0]
10-19 06:08:07.354 I/sysui_multi_action( 2269): [757,111,758,1]
10-19 06:08:07.354 I/sysui_multi_action( 2269): [757,126,758,1,759,126,927,0,928,1,1593,0]
10-19 06:08:07.355 I/sysui_multi_action( 2269): [757,113,758,1,759,113,927,1,928,1,1593,0]
10-19 06:08:07.355 I/sysui_multi_action( 2269): [757,0,758,1,759,0,927,2,928,0,1593,0]
10-19 06:08:07.356 I/sysui_multi_action( 2269): [757,0,758,1,759,0,927,3,928,0,1593,0]
10-19 06:08:07.379 I/notification_enqueue( 1146): [10088,2269,com.android.systemui,2048,NULL,0,Notification(channel=updateNotification shortcut=null contentView=null vibrate=null sound=null defaults=0x0 flags=0x0 color=0x00000000 vis=PRIVATE),1]
10-19 06:08:07.381 I/sysui_multi_action( 2269): [757,111,758,2]
10-19 06:08:07.381 I/sysui_multi_action( 2269): [757,111,758,2]
10-19 06:08:07.390 I/sysui_multi_action( 2269): [757,111,758,1]
10-19 06:08:07.390 I/sysui_multi_action( 2269): [757,126,758,1,759,126,927,0,928,1,1593,0]
10-19 06:08:07.391 I/sysui_multi_action( 2269): [757,113,758,1,759,113,927,1,928,1,1593,0]
10-19 06:08:07.391 I/sysui_multi_action( 2269): [757,0,758,1,759,0,927,2,928,0,1593,0]
10-19 06:08:07.391 I/sysui_multi_action( 2269): [757,0,758,1,759,0,927,3,928,0,1593,0]
10-19 06:08:07.392 I/sysui_multi_action( 2269): [757,491,758,1,759,491,927,4,928,0,1311,-1,1593,0]
10-19 06:08:07.392 I/sysui_multi_action( 2269): [757,0,758,1,759,0,927,5,928,0,1593,0]
10-19 06:08:07.392 I/sysui_multi_action( 2269): [757,0,758,1,759,0,927,6,1593,0]
10-19 06:08:07.393 I/sysui_multi_action( 2269): [757,114,758,1,759,114,927,7,928,0,1593,0]
10-19 06:08:07.393 I/sysui_multi_action( 2269): [757,111,758,1]
10-19 06:08:07.393 I/sysui_multi_action( 2269): [757,126,758,1,759,126,927,0,928,1,1593,0]
10-19 06:08:07.393 I/sysui_multi_action( 2269): [757,113,758,1,759,113,927,1,928,1,1593,0]
10-19 06:08:07.393 I/sysui_multi_action( 2269): [757,0,758,1,759,0,927,2,928,0,1593,0]
10-19 06:08:07.394 I/sysui_multi_action( 2269): [757,0,758,1,759,0,927,3,928,0,1593,0]
10-19 06:08:07.410 I/sysui_multi_action( 2269): [757,111,758,2]
10-19 06:08:07.410 I/sysui_multi_action( 2269): [757,111,758,2]
10-19 06:08:07.413 I/notification_enqueue( 1146): [10088,2269,com.android.systemui,2048,NULL,0,Notification(channel=updateNotification shortcut=null contentView=null vibrate=null sound=null defaults=0x0 flags=0x0 color=0x00000000 vis=PRIVATE),1]
10-19 06:08:07.418 I/sysui_multi_action( 2269): [757,111,758,1]
10-19 06:08:07.418 I/sysui_multi_action( 2269): [757,126,758,1,759,126,927,0,928,1,1593,0]
10-19 06:08:07.418 I/sysui_multi_action( 2269): [757,113,758,1,759,113,927,1,928,1,1593,0]
10-19 06:08:07.418 I/sysui_multi_action( 2269): [757,0,758,1,759,0,927,2,928,0,1593,0]
10-19 06:08:07.419 I/sysui_multi_action( 2269): [757,0,758,1,759,0,927,3,928,0,1593,0]
10-19 06:08:07.420 I/sysui_multi_action( 2269): [757,491,758,1,759,491,927,4,928,0,1311,-1,1593,0]
10-19 06:08:07.420 I/sysui_multi_action( 2269): [757,0,758,1,759,0,927,5,928,0,1593,0]
10-19 06:08:07.420 I/sysui_multi_action( 2269): [757,0,758,1,759,0,927,6,1593,0]
10-19 06:08:07.420 I/sysui_multi_action( 2269): [757,114,758,1,759,114,927,7,928,0,1593,0]
10-19 06:08:07.421 I/sysui_multi_action( 2269): [757,111,758,1]
10-19 06:08:07.421 I/sysui_multi_action( 2269): [757,126,758,1,759,126,927,0,928,1,1593,0]
10-19 06:08:07.421 I/sysui_multi_action( 2269): [757,113,758,1,759,113,927,1,928,1,1593,0]
10-19 06:08:07.421 I/sysui_multi_action( 2269): [757,0,758,1,759,0,927,2,928,0,1593,0]
10-19 06:08:07.421 I/sysui_multi_action( 2269): [757,0,758,1,759,0,927,3,928,0,1593,0]
10-19 06:08:07.446 I/notification_enqueue( 1146): [10088,2269,com.android.systemui,2048,NULL,0,Notification(channel=updateNotification shortcut=null contentView=null vibrate=null sound=null defaults=0x0 flags=0x0 color=0x00000000 vis=PRIVATE),1]
10-19 06:08:07.446 I/sysui_multi_action( 2269): [757,111,758,2]
10-19 06:08:07.446 I/sysui_multi_action( 2269): [757,111,758,2]
10-19 06:08:07.453 I/sysui_multi_action( 2269): [757,111,758,1]
10-19 06:08:07.454 I/sysui_multi_action( 2269): [757,126,758,1,759,126,927,0,928,1,1593,0]
10-19 06:08:07.454 I/sysui_multi_action( 2269): [757,113,758,1,759,113,927,1,928,1,1593,0]
10-19 06:08:07.454 I/sysui_multi_action( 2269): [757,0,758,1,759,0,927,2,928,0,1593,0]
10-19 06:08:07.454 I/sysui_multi_action( 2269): [757,0,758,1,759,0,927,3,928,0,1593,0]
10-19 06:08:07.455 I/sysui_multi_action( 2269): [757,491,758,1,759,491,927,4,928,0,1311,-1,1593,0]
10-19 06:08:07.456 I/sysui_multi_action( 2269): [757,0,758,1,759,0,927,5,928,0,1593,0]
10-19 06:08:07.456 I/sysui_multi_action( 2269): [757,0,758,1,759,0,927,6,1593,0]
10-19 06:08:07.456 I/sysui_multi_action( 2269): [757,114,758,1,759,114,927,7,928,0,1593,0]
10-19 06:08:07.456 I/sysui_multi_action( 2269): [757,111,758,1]
10-19 06:08:07.457 I/sysui_multi_action( 2269): [757,126,758,1,759,126,927,0,928,1,1593,0]
10-19 06:08:07.457 I/sysui_multi_action( 2269): [757,113,758,1,759,113,927,1,928,1,1593,0]
10-19 06:08:07.457 I/sysui_multi_action( 2269): [757,0,758,1,759,0,927,2,928,0,1593,0]
10-19 06:08:07.458 I/sysui_multi_action( 2269): [757,0,758,1,759,0,927,3,928,0,1593,0]
10-19 06:08:07.479 I/notification_enqueue( 1146): [10088,2269,com.android.systemui,2048,NULL,0,Notification(channel=updateNotification shortcut=null contentView=null vibrate=null sound=null defaults=0x0 flags=0x0 color=0x00000000 vis=PRIVATE),1]
10-19 06:08:07.481 I/sysui_multi_action( 2269): [757,111,758,2]
10-19 06:08:07.482 I/sysui_multi_action( 2269): [757,111,758,2]
10-19 06:08:07.492 I/sysui_multi_action( 2269): [757,111,758,1]
10-19 06:08:07.492 I/sysui_multi_action( 2269): [757,126,758,1,759,126,927,0,928,1,1593,0]
10-19 06:08:07.493 I/sysui_multi_action( 2269): [757,113,758,1,759,113,927,1,928,1,1593,0]
10-19 06:08:07.493 I/sysui_multi_action( 2269): [757,0,758,1,759,0,927,2,928,0,1593,0]
10-19 06:08:07.493 I/sysui_multi_action( 2269): [757,0,758,1,759,0,927,3,928,0,1593,0]
10-19 06:08:07.494 I/sysui_multi_action( 2269): [757,491,758,1,759,491,927,4,928,0,1311,-1,1593,0]
10-19 06:08:07.495 I/sysui_multi_action( 2269): [757,0,758,1,759,0,927,5,928,0,1593,0]
10-19 06:08:07.495 I/sysui_multi_action( 2269): [757,0,758,1,759,0,927,6,1593,0]
10-19 06:08:07.495 I/sysui_multi_action( 2269): [757,114,758,1,759,114,927,7,928,0,1593,0]
10-19 06:08:07.496 I/sysui_multi_action( 2269): [757,111,758,1]
10-19 06:08:07.496 I/sysui_multi_action( 2269): [757,126,758,1,759,126,927,0,928,1,1593,0]
10-19 06:08:07.497 I/sysui_multi_action( 2269): [757,113,758,1,759,113,927,1,928,1,1593,0]
10-19 06:08:07.497 I/sysui_multi_action( 2269): [757,0,758,1,759,0,927,2,928,0,1593,0]
10-19 06:08:07.497 I/sysui_multi_action( 2269): [757,0,758,1,759,0,927,3,928,0,1593,0]
10-19 06:08:07.532 I/notification_enqueue( 1146): [10088,2269,com.android.systemui,2048,NULL,0,Notification(channel=updateNotification shortcut=null contentView=null vibrate=null sound=null defaults=0x0 flags=0x0 color=0x00000000 vis=PRIVATE),1]
10-19 06:08:07.533 I/sysui_multi_action( 2269): [757,111,758,2]
10-19 06:08:07.533 I/sysui_multi_action( 2269): [757,111,758,2]
10-19 06:08:07.539 I/sysui_multi_action( 2269): [757,111,758,1]
10-19 06:08:07.540 I/sysui_multi_action( 2269): [757,126,758,1,759,126,927,0,928,1,1593,0]
10-19 06:08:07.540 I/sysui_multi_action( 2269): [757,113,758,1,759,113,927,1,928,1,1593,0]
10-19 06:08:07.540 I/sysui_multi_action( 2269): [757,0,758,1,759,0,927,2,928,0,1593,0]
10-19 06:08:07.541 I/sysui_multi_action( 2269): [757,0,758,1,759,0,927,3,928,0,1593,0]
10-19 06:08:07.542 I/sysui_multi_action( 2269): [757,491,758,1,759,491,927,4,928,0,1311,-1,1593,0]
10-19 06:08:07.542 I/sysui_multi_action( 2269): [757,0,758,1,759,0,927,5,928,0,1593,0]
