10-19 06:10:14.827 I/liblog (13454): 1
10-19 06:10:14.827 I/liblog (13454): 1
10-19 06:10:14.827 I/liblog (13454): 1
10-19 06:10:14.827 I/liblog (13454): 2
10-19 06:10:14.827 I/liblog (13454): 1
10-19 06:10:14.827 I/liblog (13454): 1
10-19 06:10:14.827 I/liblog (13454): 1
10-19 06:10:14.828 I/liblog (13454): 2
10-19 06:10:14.828 I/liblog (13454): 1
10-19 06:10:14.828 I/liblog (13454): 1
10-19 06:10:14.828 I/liblog (13454): 1
10-19 06:10:14.828 I/liblog (13454): 2
10-19 06:10:14.828 I/liblog (13454): 1
10-19 06:10:14.828 I/liblog (13454): 1
10-19 06:10:14.828 I/liblog (13454): 1
10-19 06:10:14.828 I/liblog (13454): 1
10-19 06:10:14.828 I/liblog (13454): 1
10-19 06:10:14.828 I/liblog (13454): 1
10-19 06:10:14.828 I/liblog (13454): 1
10-19 06:10:14.828 I/liblog (13454): 1
10-19 06:10:14.828 I/liblog (13454): 1
10-19 06:10:14.828 I/liblog (13454): 1
10-19 06:10:14.828 I/liblog (13454): 1
10-19 06:10:14.833 I/wm_on_restart_called( 2903): [228154950,com.android.launcher3.uioverrides.QuickstepLauncher,performRestartActivity]
10-19 06:10:14.833 I/wm_on_start_called( 2903): [228154950,com.android.launcher3.uioverrides.QuickstepLauncher,handleStartActivity]
10-19 06:10:14.834 I/wm_on_resume_called( 2903): [228154950,com.android.launcher3.uioverrides.QuickstepLauncher,RESUME_ACTIVITY]
10-19 06:10:14.834 I/wm_on_top_resumed_gained_called( 2903): [228154950,com.android.launcher3.uioverrides.QuickstepLauncher,topWhenResuming]
10-19 06:10:14.858 I/input_focus( 1146): [Focus request a926fae com.android.launcher3/com.android.launcher3.uioverrides.QuickstepLauncher,reason=UpdateInputWindows]
10-19 06:10:14.904 I/dvm_lock_sample( 1146): [system_server,1,android.display,15,WindowManagerService.java,5184,void com.android.server.wm.WindowManagerService$H.handleMessage(android.os.Message),ActivityTaskManagerService.java,5276,void com.android.server.wm.ActivityTaskManagerService$LocalService.notifyKeyguardFlagsChanged(java.lang.Runnable, int),3]
10-19 06:10:14.919 I/input_focus( 1146): [Focus entering a926fae com.android.launcher3/com.android.launcher3.uioverrides.QuickstepLauncher (server),reason=Window became focusable. Previous reason: NOT_VISIBLE]
10-19 06:10:15.143 I/wm_destroy_activity( 1146): [0,34864093,172,com.android.deskclock/android.service.dreams.DreamActivity,finish-imm:idle]
10-19 06:10:15.204 I/wm_on_stop_called(12893): [34864093,android.service.dreams.DreamActivity,LIFECYCLER_STOP_ACTIVITY]
10-19 06:10:15.205 I/wm_on_destroy_called(12893): [34864093,android.service.dreams.DreamActivity,performDestroy]
10-19 06:10:15.210 I/sysui_multi_action( 1146): [757,222,758,2]
10-19 06:10:15.210 I/sysui_multi_action( 1146): [757,804,799,dreaming_minutes,801,0,802,1]
10-19 06:10:15.232 I/wm_task_removed( 1146): [172,removeChild:removeChild last r=ActivityRecord{213fbdd u0 com.android.deskclock/android.service.dreams.DreamActivity t-1 f}} in t=Task{9f10f4e #172 type=dream A=10069:android:com.android.deskclock/dream U=0 visible=false mode=fullscreen translucent=true sz=0}]
10-19 06:10:15.232 I/wm_task_removed( 1146): [172,removeChild]
10-19 06:10:15.446 I/dropbox_file_copy( 1146): [/data/tombstones/tombstone_29,98304,SYSTEM_TOMBSTONE]
10-19 06:10:15.465 I/commit_sys_config_file( 1146): [log-files,17071913]
10-19 06:10:15.487 I/commit_sys_config_file( 1146): [log-files,17071935]
10-19 06:10:15.871 I/input_interaction( 1146): Interaction with: a926fae com.android.launcher3/com.android.launcher3.uioverrides.QuickstepLauncher (server), 1c10e44 com.android.systemui.ImageWallpaper (server), edge-swipe (server), swipe-up (server), PointerEventDispatcher0 (server),
10-19 06:10:19.901 I/liblog (13465): 3
10-19 06:10:19.901 I/liblog (13465): 12
10-19 06:10:19.901 I/liblog (13465): 4
10-19 06:10:19.901 I/liblog (13465): 4
10-19 06:10:19.901 I/liblog (13465): 4
10-19 06:10:19.902 I/liblog (13465): 7
10-19 06:10:19.902 I/liblog (13465): 7
10-19 06:10:19.902 I/liblog (13465): 8
10-19 06:10:19.902 I/liblog (13465): 6
10-19 06:10:19.902 I/liblog (13465): 6
10-19 06:10:19.902 I/liblog (13465): 3
10-19 06:10:19.902 I/liblog (13465): 6
10-19 06:10:19.903 I/liblog (13465): 6
10-19 06:10:19.903 I/liblog (13465): 4
10-19 06:10:19.903 I/liblog (13465): 4
10-19 06:10:19.903 I/liblog (13465): 4
10-19 06:10:19.903 I/liblog (13465): 4
10-19 06:10:19.903 I/liblog (13465): 4
10-19 06:10:19.903 I/liblog (13465): 3
10-19 06:10:19.903 I/liblog (13465): 17
10-19 06:10:19.903 I/liblog (13465): 3
10-19 06:10:19.904 I/liblog (13465): 5
10-19 06:10:19.904 I/liblog (13465): 8
10-19 06:10:19.904 I/liblog (13465): 6
10-19 06:10:19.904 I/liblog (13465): 4
10-19 06:10:19.904 I/liblog (13465): 5
10-19 06:10:19.904 I/liblog (13465): 2
10-19 06:10:19.904 I/liblog (13465): 3
10-19 06:10:19.904 I/liblog (13465): 3
10-19 06:10:19.904 I/liblog (13465): 3
10-19 06:10:19.904 I/liblog (13465): 3
10-19 06:10:19.905 I/liblog (13465): 5
10-19 06:10:19.905 I/liblog (13465): 3
10-19 06:10:19.905 I/liblog (13465): 4
10-19 06:10:19.905 I/liblog (13465): 3
10-19 06:10:19.905 I/liblog (13465): 1
10-19 06:10:19.905 I/liblog (13465): 2
10-19 06:10:19.905 I/liblog (13465): 3
10-19 06:10:19.905 I/liblog (13465): 3
10-19 06:10:19.905 I/liblog (13465): 4
10-19 06:10:19.905 I/liblog (13465): 3
10-19 06:10:19.905 I/liblog (13465): 4
10-19 06:10:19.905 I/liblog (13465): 4
10-19 06:10:19.905 I/liblog (13465): 4
10-19 06:10:19.906 I/liblog (13465): 6
10-19 06:10:19.906 I/liblog (13465): 4
10-19 06:10:19.906 I/liblog (13465): 3
10-19 06:10:19.906 I/liblog (13465): 6
10-19 06:10:19.906 I/liblog (13465): 6
10-19 06:10:19.906 I/liblog (13465): 6
10-19 06:10:19.906 I/liblog (13465): 4
10-19 06:10:19.906 I/liblog (13465): 6
10-19 06:10:19.906 I/liblog (13465): 3
10-19 06:10:19.906 I/liblog (13465): 3
10-19 06:10:19.907 I/liblog (13465): 5
10-19 06:10:19.907 I/liblog (13465): 4
10-19 06:10:19.907 I/liblog (13465): 4
10-19 06:10:19.907 I/liblog (13465): 4
10-19 06:10:19.907 I/liblog (13465): 4
10-19 06:10:19.907 I/liblog (13465): 4
10-19 06:10:19.907 I/liblog (13465): 6
10-19 06:10:19.907 I/liblog (13465): 3
10-19 06:10:19.907 I/liblog (13465): 10
10-19 06:10:19.907 I/liblog (13465): 3
10-19 06:10:19.908 I/liblog (13465): 3
10-19 06:10:19.908 I/liblog (13465): 3
10-19 06:10:19.908 I/liblog (13465): 4
10-19 06:10:19.908 I/liblog (13465): 4
10-19 06:10:19.908 I/liblog (13465): 3
10-19 06:10:19.908 I/liblog (13465): 4
10-19 06:10:19.908 I/liblog (13465): 4
10-19 06:10:19.908 I/liblog (13465): 2
10-19 06:10:19.908 I/liblog (13465): 3
10-19 06:10:19.908 I/liblog (13465): 4
10-19 06:10:19.908 I/liblog (13465): 3
10-19 06:10:19.908 I/liblog (13465): 3
10-19 06:10:19.909 I/liblog (13465): 6
10-19 06:10:19.909 I/liblog (13465): 3
10-19 06:10:19.909 I/liblog (13465): 2
10-19 06:10:19.909 I/liblog (13465): 2
10-19 06:10:19.909 I/liblog (13465): 4
10-19 06:10:19.909 I/liblog (13465): 4
10-19 06:10:19.909 I/liblog (13465): 6
10-19 06:10:19.909 I/liblog (13465): 3
10-19 06:10:19.909 I/liblog (13465): 3
10-19 06:10:19.909 I/liblog (13465): 3
10-19 06:10:19.910 I/liblog (13465): 3
10-19 06:10:19.910 I/liblog (13465): 6
10-19 06:10:19.910 I/liblog (13465): 3
10-19 06:10:19.910 I/liblog (13465): 3
10-19 06:10:19.910 I/liblog (13465): 8
10-19 06:10:19.910 I/liblog (13465): 3
10-19 06:10:20.505 I/dropbox_file_copy( 1146): [/data/tombstones/tombstone_30,98304,SYSTEM_TOMBSTONE]
10-19 06:10:20.535 I/commit_sys_config_file( 1146): [log-files,17076983]
10-19 06:10:20.565 I/commit_sys_config_file( 1146): [log-files,17077013]
10-19 06:10:21.457 I/sysui_multi_action( 1146): [757,127,758,1]
10-19 06:10:21.457 I/sysui_multi_action( 1146): [757,804,799,note_load,801,5,802,1]
10-19 06:10:21.458 I/notification_panel_revealed( 1146): 5
10-19 06:10:21.478 I/input_focus( 1146): [Focus request f3a6fce NotificationShade,reason=UpdateInputWindows]
10-19 06:10:21.501 I/input_focus( 1146): [Focus leaving a926fae com.android.launcher3/com.android.launcher3.uioverrides.QuickstepLauncher (server),reason=setFocusedWindow]
10-19 06:10:21.502 I/input_focus( 1146): [Focus entering f3a6fce NotificationShade (server),reason=setFocusedWindow]
10-19 06:10:21.504 I/input_interaction( 1146): Interaction with: a926fae com.android.launcher3/com.android.launcher3.uioverrides.QuickstepLauncher (server), 1c10e44 com.android.systemui.ImageWallpaper (server), f3a6fce NotificationShade (server), edge-swipe (server), swipe-up (server), PointerEventDispatcher0 (server),
10-19 06:10:21.504 I/view_enqueue_input_event( 2903): [Motion - Cancel,com.android.launcher3/com.android.launcher3.uioverrides.QuickstepLauncher]
10-19 06:10:21.510 I/sysui_multi_action( 2269): [757,803,799,panel_open,802,1]
10-19 06:10:21.511 I/sysui_multi_action( 2269): [757,1328,758,4,1326,41,1327,25,1329,0]
10-19 06:10:21.518 I/input_interaction( 1146): Interaction with: 1c10e44 com.android.systemui.ImageWallpaper (server), f3a6fce NotificationShade (server), edge-swipe (server), swipe-up (server), PointerEventDispatcher0 (server),
10-19 06:10:21.532 I/sysui_multi_action( 2269): [757,111,758,2]
10-19 06:10:21.533 I/sysui_multi_action( 2269): [757,111,758,2]
10-19 06:10:21.534 I/notification_enqueue( 1146): [10088,2269,com.android.systemui,2048,NULL,0,Notification(channel=updateNotification shortcut=null contentView=null vibrate=null sound=null defaults=0x0 flags=0x0 color=0x00000000 vis=PRIVATE),1]
10-19 06:10:21.541 I/sysui_multi_action( 2269): [757,111,758,1]
10-19 06:10:21.541 I/sysui_multi_action( 2269): [757,126,758,1,759,126,927,0,928,1,1593,0]
10-19 06:10:21.542 I/sysui_multi_action( 2269): [757,113,758,1,759,113,927,1,928,1,1593,0]
10-19 06:10:21.542 I/sysui_multi_action( 2269): [757,0,758,1,759,0,927,2,928,0,1593,0]
10-19 06:10:21.542 I/sysui_multi_action( 2269): [757,0,758,1,759,0,927,3,928,0,1593,0]
10-19 06:10:21.543 I/sysui_multi_action( 2269): [757,491,758,1,759,491,927,4,928,0,1311,-1,1593,0]
10-19 06:10:21.544 I/sysui_multi_action( 2269): [757,0,758,1,759,0,927,5,928,0,1593,0]
10-19 06:10:21.544 I/sysui_multi_action( 2269): [757,0,758,1,759,0,927,6,1593,0]
10-19 06:10:21.545 I/sysui_multi_action( 2269): [757,114,758,1,759,114,927,7,928,0,1593,0]
10-19 06:10:21.545 I/sysui_multi_action( 2269): [757,111,758,1]
10-19 06:10:21.546 I/sysui_multi_action( 2269): [757,126,758,1,759,126,927,0,928,1,1593,0]
10-19 06:10:21.546 I/sysui_multi_action( 2269): [757,113,758,1,759,113,927,1,928,1,1593,0]
10-19 06:10:21.546 I/sysui_multi_action( 2269): [757,0,758,1,759,0,927,2,928,0,1593,0]
10-19 06:10:21.546 I/sysui_multi_action( 2269): [757,0,758,1,759,0,927,3,928,0,1593,0]
10-19 06:10:21.560 I/sysui_latency( 2269): [0,115]
10-19 06:10:21.569 I/notification_enqueue( 1146): [10088,2269,com.android.systemui,2048,NULL,0,Notification(channel=updateNotification shortcut=null contentView=null vibrate=null sound=null defaults=0x0 flags=0x0 color=0x00000000 vis=PRIVATE),1]
10-19 06:10:21.569 I/sysui_multi_action( 2269): [757,111,758,2]
10-19 06:10:21.570 I/sysui_multi_action( 2269): [757,111,758,2]
10-19 06:10:21.579 I/sysui_multi_action( 2269): [757,111,758,1]
10-19 06:10:21.579 I/sysui_multi_action( 2269): [757,126,758,1,759,126,927,0,928,1,1593,0]
10-19 06:10:21.579 I/sysui_multi_action( 2269): [757,113,758,1,759,113,927,1,928,1,1593,0]
10-19 06:10:21.580 I/sysui_multi_action( 2269): [757,0,758,1,759,0,927,2,928,0,1593,0]
10-19 06:10:21.580 I/sysui_multi_action( 2269): [757,0,758,1,759,0,927,3,928,0,1593,0]
10-19 06:10:21.580 I/sysui_multi_action( 2269): [757,491,758,1,759,491,927,4,928,0,1311,-1,1593,0]
10-19 06:10:21.581 I/sysui_multi_action( 2269): [757,0,758,1,759,0,927,5,928,0,1593,0]
10-19 06:10:21.581 I/sysui_multi_action( 2269): [757,0,758,1,759,0,927,6,1593,0]
10-19 06:10:21.581 I/sysui_multi_action( 2269): [757,114,758,1,759,114,927,7,928,0,1593,0]
10-19 06:10:21.581 I/sysui_multi_action( 2269): [757,111,758,1]
10-19 06:10:21.581 I/sysui_multi_action( 2269): [757,126,758,1,759,126,927,0,928,1,1593,0]
10-19 06:10:21.581 I/sysui_multi_action( 2269): [757,113,758,1,759,113,927,1,928,1,1593,0]
10-19 06:10:21.582 I/sysui_multi_action( 2269): [757,0,758,1,759,0,927,2,928,0,1593,0]
10-19 06:10:21.582 I/sysui_multi_action( 2269): [757,0,758,1,759,0,927,3,928,0,1593,0]
10-19 06:10:21.601 I/sysui_multi_action( 2269): [757,111,758,2]
10-19 06:10:21.601 I/sysui_multi_action( 2269): [757,111,758,2]
10-19 06:10:21.608 I/notification_enqueue( 1146): [10088,2269,com.android.systemui,2048,NULL,0,Notification(channel=updateNotification shortcut=null contentView=null vibrate=null sound=null defaults=0x0 flags=0x0 color=0x00000000 vis=PRIVATE),1]
10-19 06:10:21.609 I/sysui_multi_action( 2269): [757,111,758,1]
10-19 06:10:21.609 I/sysui_multi_action( 2269): [757,126,758,1,759,126,927,0,928,1,1593,0]
10-19 06:10:21.609 I/sysui_multi_action( 2269): [757,113,758,1,759,113,927,1,928,1,1593,0]
10-19 06:10:21.610 I/sysui_multi_action( 2269): [757,0,758,1,759,0,927,2,928,0,1593,0]
10-19 06:10:21.610 I/sysui_multi_action( 2269): [757,0,758,1,759,0,927,3,928,0,1593,0]
10-19 06:10:21.610 I/sysui_multi_action( 2269): [757,491,758,1,759,491,927,4,928,0,1311,-1,1593,0]
10-19 06:10:21.610 I/sysui_multi_action( 2269): [757,0,758,1,759,0,927,5,928,0,1593,0]
10-19 06:10:21.611 I/sysui_multi_action( 2269): [757,0,758,1,759,0,927,6,1593,0]
10-19 06:10:21.611 I/sysui_multi_action( 2269): [757,114,758,1,759,114,927,7,928,0,1593,0]
10-19 06:10:21.611 I/sysui_multi_action( 2269): [757,111,758,1]
10-19 06:10:21.611 I/sysui_multi_action( 2269): [757,126,758,1,759,126,927,0,928,1,1593,0]
10-19 06:10:21.611 I/sysui_multi_action( 2269): [757,113,758,1,759,113,927,1,928,1,1593,0]
10-19 06:10:21.612 I/sysui_multi_action( 2269): [757,0,758,1,759,0,927,2,928,0,1593,0]
10-19 06:10:21.612 I/sysui_multi_action( 2269): [757,0,758,1,759,0,927,3,928,0,1593,0]
10-19 06:10:22.011 I/sysui_multi_action( 1146): [757,128,758,1,793,17066829,794,0,795,17066829,796,26,798,0,806,android,857,DEVELOPER_IMPORTANT,858,4,947,0,1395,5,1500,17066829,1688,1]
10-19 06:10:22.011 I/sysui_multi_action( 1146): [757,804,799,note_freshness,801,17066829,802,1]
10-19 06:10:22.012 I/notification_visibility( 1146): [-1|android|26|null|1000,1,17066829,17066829,0,0]
10-19 06:10:22.012 I/sysui_multi_action( 1146): [757,128,758,1,793,6083761,794,0,795,238924,796,17303299,797,com.android.wifi,798,2,806,android,857,NETWORK_AVAILABLE,858,2,947,0,1395,5,1500,123598,1688,1]
10-19 06:10:22.013 I/sysui_multi_action( 1146): [757,1501,758,1,793,6083762,794,1,795,238925,796,17303299,797,com.android.wifi,806,android,857,NETWORK_AVAILABLE,858,2,947,0,1500,0,1688,1]
10-19 06:10:22.013 I/sysui_multi_action( 1146): [757,804,799,note_interruptive,801,0,802,1]
10-19 06:10:22.013 I/sysui_multi_action( 1146): [757,804,799,note_freshness,801,238924,802,1]
10-19 06:10:22.013 I/notification_visibility( 1146): [0|android|17303299|com.android.wifi|1000,1,6083761,238924,0,2]
10-19 06:10:22.014 I/sysui_multi_action( 1146): [757,128,758,1,793,3216187,794,0,795,3216187,796,4273,798,1,806,com.android.systemui,857,screen_record,858,3,947,0,1395,5,1500,3215985,1688,1,1745,680407814]
10-19 06:10:22.014 I/sysui_multi_action( 1146): [757,804,799,note_freshness,801,3216187,802,1]
10-19 06:10:22.014 I/notification_visibility( 1146): [0|com.android.systemui|4273|null|10088,1,3216187,3216187,0,1]
10-19 06:10:22.015 I/sysui_multi_action( 1146): [757,128,758,1,793,17066737,794,0,795,17066737,796,55,798,3,806,android,857,DEVELOPER,858,2,947,0,1395,5,1500,17066737,1688,1]
10-19 06:10:22.015 I/sysui_multi_action( 1146): [757,804,799,note_freshness,801,17066737,802,1]
10-19 06:10:22.016 I/notification_visibility( 1146): [-1|android|55|null|1000,1,17066737,17066737,0,3]
10-19 06:10:22.016 I/sysui_multi_action( 1146): [757,128,758,1,793,17067992,794,0,795,17067992,796,32,798,4,806,android,857,USB,858,1,947,0,1395,5,1500,17067256,1688,1]
10-19 06:10:22.016 I/sysui_multi_action( 1146): [757,804,799,note_freshness,801,17067992,802,1]
10-19 06:10:22.017 I/notification_visibility( 1146): [-1|android|32|null|1000,1,17067992,17067992,0,4]
10-19 06:10:23.291 I/input_interaction( 1146): Interaction with: f3a6fce NotificationShade (server), edge-swipe (server), swipe-up (server), PointerEventDispatcher0 (server),
10-19 06:10:24.920 I/liblog (13477): 84
10-19 06:10:24.920 I/liblog (13477): 3
10-19 06:10:24.920 I/liblog (13477): 3
10-19 06:10:24.920 I/liblog (13477): 3
10-19 06:10:24.920 I/liblog (13477): 4
10-19 06:10:24.920 I/liblog (13477): 3
10-19 06:10:24.920 I/liblog (13477): 3
10-19 06:10:24.920 I/liblog (13477): 3
10-19 06:10:24.921 I/liblog (13477): 4
10-19 06:10:24.921 I/liblog (13477): 2
10-19 06:10:24.921 I/liblog (13477): 4
10-19 06:10:24.921 I/liblog (13477): 2
10-19 06:10:24.921 I/liblog (13477): 2
10-19 06:10:24.921 I/liblog (13477): 4
10-19 06:10:24.921 I/liblog (13477): 2
10-19 06:10:24.921 I/liblog (13477): 4
10-19 06:10:24.921 I/liblog (13477): 2
10-19 06:10:24.921 I/liblog (13477): 3
10-19 06:10:24.922 I/liblog (13477): 2
10-19 06:10:24.922 I/liblog (13477): 2
10-19 06:10:24.922 I/liblog (13477): 9
10-19 06:10:24.922 I/liblog (13477): 2
10-19 06:10:24.922 I/liblog (13477): 2
10-19 06:10:24.922 I/liblog (13477): 2
10-19 06:10:24.923 I/liblog (13477): 1
10-19 06:10:24.923 I/liblog (13477): 2
10-19 06:10:24.923 I/liblog (13477): 2
10-19 06:10:24.923 I/liblog (13477): 2
10-19 06:10:24.923 I/liblog (13477): 1
10-19 06:10:24.923 I/liblog (13477): 2
10-19 06:10:24.923 I/liblog (13477): 2
10-19 06:10:24.923 I/liblog (13477): 3
10-19 06:10:24.923 I/liblog (13477): 1
10-19 06:10:24.923 I/liblog (13477): 1
10-19 06:10:24.924 I/liblog (13477): 2
10-19 06:10:24.924 I/liblog (13477): 2
10-19 06:10:24.924 I/liblog (13477): 2
10-19 06:10:24.924 I/liblog (13477): 2
10-19 06:10:24.924 I/liblog (13477): 2
10-19 06:10:24.924 I/liblog (13477): 13
10-19 06:10:24.924 I/liblog (13477): 2
10-19 06:10:24.924 I/liblog (13477): 3
10-19 06:10:24.924 I/liblog (13477): 2
10-19 06:10:24.925 I/liblog (13477): 2
10-19 06:10:24.925 I/liblog (13477): 3
10-19 06:10:24.925 I/liblog (13477): 2
10-19 06:10:24.925 I/liblog (13477): 5
10-19 06:10:24.925 I/liblog (13477): 3
10-19 06:10:24.925 I/liblog (13477): 4
10-19 06:10:24.925 I/liblog (13477): 3
10-19 06:10:24.925 I/liblog (13477): 3
10-19 06:10:24.925 I/liblog (13477): 6
10-19 06:10:24.925 I/liblog (13477): 2
10-19 06:10:24.926 I/liblog (13477): 3
10-19 06:10:24.926 I/liblog (13477): 2
10-19 06:10:24.926 I/liblog (13477): 1
10-19 06:10:24.926 I/liblog (13477): 2
10-19 06:10:24.926 I/liblog (13477): 2
10-19 06:10:24.926 I/liblog (13477): 4
10-19 06:10:24.926 I/liblog (13477): 2
10-19 06:10:24.926 I/liblog (13477): 3
10-19 06:10:24.926 I/liblog (13477): 2
10-19 06:10:24.926 I/liblog (13477): 3
10-19 06:10:24.926 I/liblog (13477): 2
10-19 06:10:24.926 I/liblog (13477): 4
10-19 06:10:24.927 I/liblog (13477): 4
10-19 06:10:24.927 I/liblog (13477): 5
10-19 06:10:24.927 I/liblog (13477): 2
10-19 06:10:24.927 I/liblog (13477): 3
10-19 06:10:24.927 I/liblog (13477): 2
10-19 06:10:24.927 I/liblog (13477): 2
10-19 06:10:24.927 I/liblog (13477): 7
10-19 06:10:24.927 I/liblog (13477): 3
10-19 06:10:24.927 I/liblog (13477): 3
10-19 06:10:24.928 I/liblog (13477): 20
10-19 06:10:24.928 I/liblog (13477): 3
10-19 06:10:24.928 I/liblog (13477): 3
10-19 06:10:24.928 I/liblog (13477): 3
10-19 06:10:24.928 I/liblog (13477): 2
10-19 06:10:24.928 I/liblog (13477): 3
10-19 06:10:24.929 I/liblog (13477): 4
10-19 06:10:24.929 I/liblog (13477): 2
10-19 06:10:24.929 I/liblog (13477): 2
10-19 06:10:24.929 I/liblog (13477): 2
10-19 06:10:24.929 I/liblog (13477): 4
10-19 06:10:24.929 I/liblog (13477): 2
10-19 06:10:24.929 I/liblog (13477): 4
10-19 06:10:24.929 I/liblog (13477): 2
10-19 06:10:24.929 I/liblog (13477): 2
10-19 06:10:24.929 I/liblog (13477): 2
10-19 06:10:24.929 I/liblog (13477): 3
10-19 06:10:24.929 I/liblog (13477): 2
10-19 06:10:24.930 I/liblog (13477): 2
10-19 06:10:24.930 I/liblog (13477): 2
10-19 06:10:24.930 I/liblog (13477): 4
10-19 06:10:24.930 I/liblog (13477): 2
10-19 06:10:24.930 I/liblog (13477): 4
10-19 06:10:24.930 I/liblog (13477): 3
10-19 06:10:24.930 I/liblog (13477): 4
10-19 06:10:24.930 I/liblog (13477): 3
10-19 06:10:24.930 I/liblog (13477): 3
10-19 06:10:24.930 I/liblog (13477): 4
10-19 06:10:24.931 I/liblog (13477): 2
10-19 06:10:24.931 I/liblog (13477): 4
10-19 06:10:24.931 I/liblog (13477): 2
10-19 06:10:24.931 I/liblog (13477): 3
10-19 06:10:24.931 I/liblog (13477): 2
10-19 06:10:24.931 I/liblog (13477): 3
10-19 06:10:25.234 I/view_enqueue_input_event( 2269): [Motion - Cancel,NotificationShade]
10-19 06:10:25.241 I/input_interaction( 1146): Interaction with: edge-swipe (server), swipe-up (server), PointerEventDispatcher0 (server),
10-19 06:10:25.380 I/sysui_multi_action( 1146): [757,803,799,key_back_press,802,1]
10-19 06:10:25.386 I/input_interaction( 1146): Interaction with: f3a6fce NotificationShade (server), PointerEventDispatcher0 (server),
10-19 06:10:25.416 I/input_focus( 1146): [Focus request a926fae com.android.launcher3/com.android.launcher3.uioverrides.QuickstepLauncher,reason=UpdateInputWindows]
10-19 06:10:25.445 I/input_focus( 1146): [Focus leaving f3a6fce NotificationShade (server),reason=NOT_FOCUSABLE]
10-19 06:10:25.445 I/input_focus( 1146): [Focus entering a926fae com.android.launcher3/com.android.launcher3.uioverrides.QuickstepLauncher (server),reason=setFocusedWindow]
10-19 06:10:25.548 I/dropbox_file_copy( 1146): [/data/tombstones/tombstone_31,98304,SYSTEM_TOMBSTONE]
10-19 06:10:25.573 I/commit_sys_config_file( 1146): [log-files,17082021]
10-19 06:10:25.608 I/commit_sys_config_file( 1146): [log-files,17082056]
10-19 06:10:25.646 I/notification_enqueue( 1146): [10088,2269,com.android.systemui,2048,NULL,0,Notification(channel=updateNotification shortcut=null contentView=null vibrate=null sound=null defaults=0x0 flags=0x0 color=0x00000000 vis=PRIVATE),1]
10-19 06:10:25.646 I/sysui_multi_action( 2269): [757,111,758,2]
10-19 06:10:25.647 I/sysui_multi_action( 2269): [757,111,758,2]
10-19 06:10:25.653 I/sysui_multi_action( 2269): [757,111,758,1]
10-19 06:10:25.653 I/sysui_multi_action( 2269): [757,126,758,1,759,126,927,0,928,1,1593,0]
10-19 06:10:25.653 I/sysui_multi_action( 2269): [757,113,758,1,759,113,927,1,928,1,1593,0]
10-19 06:10:25.653 I/sysui_multi_action( 2269): [757,0,758,1,759,0,927,2,928,0,1593,0]
10-19 06:10:25.654 I/sysui_multi_action( 2269): [757,0,758,1,759,0,927,3,928,0,1593,0]
10-19 06:10:25.655 I/sysui_multi_action( 2269): [757,491,758,1,759,491,927,4,928,0,1311,-1,1593,0]
10-19 06:10:25.655 I/sysui_multi_action( 2269): [757,0,758,1,759,0,927,5,928,0,1593,0]
10-19 06:10:25.655 I/sysui_multi_action( 2269): [757,0,758,1,759,0,927,6,1593,0]
10-19 06:10:25.655 I/sysui_multi_action( 2269): [757,114,758,1,759,114,927,7,928,0,1593,0]
10-19 06:10:25.656 I/sysui_multi_action( 2269): [757,111,758,1]
10-19 06:10:25.656 I/sysui_multi_action( 2269): [757,126,758,1,759,126,927,0,928,1,1593,1]
10-19 06:10:25.657 I/sysui_multi_action( 2269): [757,113,758,1,759,113,927,1,928,1,1593,1]
10-19 06:10:25.657 I/sysui_multi_action( 2269): [757,0,758,1,759,0,927,2,928,0,1593,1]
10-19 06:10:25.657 I/sysui_multi_action( 2269): [757,0,758,1,759,0,927,3,928,0,1593,1]
10-19 06:10:25.669 I/notification_enqueue( 1146): [10088,2269,com.android.systemui,2048,NULL,0,Notification(channel=updateNotification shortcut=null contentView=null vibrate=null sound=null defaults=0x0 flags=0x0 color=0x00000000 vis=PRIVATE),1]
10-19 06:10:25.669 I/sysui_multi_action( 2269): [757,111,758,2]
10-19 06:10:25.670 I/sysui_multi_action( 2269): [757,111,758,2]
10-19 06:10:25.678 I/sysui_multi_action( 2269): [757,111,758,1]
10-19 06:10:25.679 I/sysui_multi_action( 2269): [757,126,758,1,759,126,927,0,928,1,1593,1]
10-19 06:10:25.679 I/sysui_multi_action( 2269): [757,113,758,1,759,113,927,1,928,1,1593,1]
10-19 06:10:25.679 I/sysui_multi_action( 2269): [757,0,758,1,759,0,927,2,928,0,1593,1]
10-19 06:10:25.680 I/sysui_multi_action( 2269): [757,0,758,1,759,0,927,3,928,0,1593,1]
10-19 06:10:25.680 I/sysui_multi_action( 2269): [757,491,758,1,759,491,927,4,928,0,1311,-1,1593,1]
10-19 06:10:25.681 I/sysui_multi_action( 2269): [757,0,758,1,759,0,927,5,928,0,1593,1]
10-19 06:10:25.681 I/sysui_multi_action( 2269): [757,0,758,1,759,0,927,6,1593,1]
10-19 06:10:25.681 I/sysui_multi_action( 2269): [757,114,758,1,759,114,927,7,928,0,1593,1]
10-19 06:10:25.682 I/sysui_multi_action( 2269): [757,111,758,1]
10-19 06:10:25.682 I/sysui_multi_action( 2269): [757,126,758,1,759,126,927,0,928,1,1593,1]
10-19 06:10:25.682 I/sysui_multi_action( 2269): [757,113,758,1,759,113,927,1,928,1,1593,1]
10-19 06:10:25.682 I/sysui_multi_action( 2269): [757,0,758,1,759,0,927,2,928,0,1593,1]
10-19 06:10:25.683 I/sysui_multi_action( 2269): [757,0,758,1,759,0,927,3,928,0,1593,1]
10-19 06:10:25.703 I/notification_enqueue( 1146): [10088,2269,com.android.systemui,2048,NULL,0,Notification(channel=updateNotification shortcut=null contentView=null vibrate=null sound=null defaults=0x0 flags=0x0 color=0x00000000 vis=PRIVATE),1]
10-19 06:10:25.703 I/sysui_multi_action( 2269): [757,111,758,2]
10-19 06:10:25.704 I/sysui_multi_action( 2269): [757,111,758,2]
10-19 06:10:25.714 I/sysui_multi_action( 2269): [757,111,758,1]
10-19 06:10:25.715 I/sysui_multi_action( 2269): [757,126,758,1,759,126,927,0,928,1,1593,1]
10-19 06:10:25.716 I/sysui_multi_action( 2269): [757,113,758,1,759,113,927,1,928,1,1593,1]
10-19 06:10:25.716 I/sysui_multi_action( 2269): [757,0,758,1,759,0,927,2,928,0,1593,1]
10-19 06:10:25.717 I/sysui_multi_action( 2269): [757,0,758,1,759,0,927,3,928,0,1593,1]
10-19 06:10:25.718 I/sysui_multi_action( 2269): [757,491,758,1,759,491,927,4,928,0,1311,-1,1593,1]
10-19 06:10:25.718 I/sysui_multi_action( 2269): [757,0,758,1,759,0,927,5,928,0,1593,1]
10-19 06:10:25.718 I/sysui_multi_action( 2269): [757,0,758,1,759,0,927,6,1593,1]
10-19 06:10:25.719 I/sysui_multi_action( 2269): [757,114,758,1,759,114,927,7,928,0,1593,1]
10-19 06:10:25.719 I/sysui_multi_action( 2269): [757,111,758,1]
10-19 06:10:25.720 I/sysui_multi_action( 2269): [757,126,758,1,759,126,927,0,928,1,1593,1]
10-19 06:10:25.720 I/sysui_multi_action( 2269): [757,113,758,1,759,113,927,1,928,1,1593,1]
10-19 06:10:25.720 I/sysui_multi_action( 2269): [757,0,758,1,759,0,927,2,928,0,1593,1]
10-19 06:10:25.721 I/sysui_multi_action( 2269): [757,0,758,1,759,0,927,3,928,0,1593,1]
10-19 06:10:25.743 I/notification_enqueue( 1146): [10088,2269,com.android.systemui,2048,NULL,0,Notification(channel=updateNotification shortcut=null contentView=null vibrate=null sound=null defaults=0x0 flags=0x0 color=0x00000000 vis=PRIVATE),1]
10-19 06:10:25.743 I/sysui_multi_action( 2269): [757,111,758,2]
10-19 06:10:25.744 I/sysui_multi_action( 2269): [757,111,758,2]
10-19 06:10:25.751 I/sysui_multi_action( 2269): [757,111,758,1]
10-19 06:10:25.751 I/sysui_multi_action( 2269): [757,126,758,1,759,126,927,0,928,1,1593,1]
10-19 06:10:25.752 I/sysui_multi_action( 2269): [757,113,758,1,759,113,927,1,928,1,1593,1]
10-19 06:10:25.752 I/sysui_multi_action( 2269): [757,0,758,1,759,0,927,2,928,0,1593,1]
10-19 06:10:25.752 I/sysui_multi_action( 2269): [757,0,758,1,759,0,927,3,928,0,1593,1]
10-19 06:10:25.753 I/sysui_multi_action( 2269): [757,491,758,1,759,491,927,4,928,0,1311,-1,1593,1]
10-19 06:10:25.753 I/sysui_multi_action( 2269): [757,0,758,1,759,0,927,5,928,0,1593,1]
10-19 06:10:25.754 I/sysui_multi_action( 2269): [757,0,758,1,759,0,927,6,1593,1]
10-19 06:10:25.754 I/sysui_multi_action( 2269): [757,114,758,1,759,114,927,7,928,0,1593,1]
10-19 06:10:25.754 I/sysui_multi_action( 2269): [757,111,758,1]
10-19 06:10:25.754 I/sysui_multi_action( 2269): [757,126,758,1,759,126,927,0,928,1,1593,1]
10-19 06:10:25.755 I/sysui_multi_action( 2269): [757,113,758,1,759,113,927,1,928,1,1593,1]
10-19 06:10:25.755 I/sysui_multi_action( 2269): [757,0,758,1,759,0,927,2,928,0,1593,1]
10-19 06:10:25.755 I/sysui_multi_action( 2269): [757,0,758,1,759,0,927,3,928,0,1593,1]
10-19 06:10:25.771 I/notification_enqueue( 1146): [10088,2269,com.android.systemui,2048,NULL,0,Notification(channel=updateNotification shortcut=null contentView=null vibrate=null sound=null defaults=0x0 flags=0x0 color=0x00000000 vis=PRIVATE),1]
10-19 06:10:25.772 I/sysui_multi_action( 2269): [757,111,758,2]
10-19 06:10:25.772 I/sysui_multi_action( 2269): [757,111,758,2]
10-19 06:10:25.779 I/sysui_multi_action( 2269): [757,111,758,1]
10-19 06:10:25.779 I/sysui_multi_action( 2269): [757,126,758,1,759,126,927,0,928,1,1593,1]
10-19 06:10:25.779 I/sysui_multi_action( 2269): [757,113,758,1,759,113,927,1,928,1,1593,1]
10-19 06:10:25.780 I/sysui_multi_action( 2269): [757,0,758,1,759,0,927,2,928,0,1593,1]
10-19 06:10:25.780 I/sysui_multi_action( 2269): [757,0,758,1,759,0,927,3,928,0,1593,1]
10-19 06:10:25.781 I/sysui_multi_action( 2269): [757,491,758,1,759,491,927,4,928,0,1311,-1,1593,1]
10-19 06:10:25.781 I/sysui_multi_action( 2269): [757,0,758,1,759,0,927,5,928,0,1593,1]
10-19 06:10:25.782 I/sysui_multi_action( 2269): [757,0,758,1,759,0,927,6,1593,1]
10-19 06:10:25.782 I/sysui_multi_action( 2269): [757,114,758,1,759,114,927,7,928,0,1593,1]
10-19 06:10:25.782 I/sysui_multi_action( 2269): [757,111,758,1]
10-19 06:10:25.783 I/sysui_multi_action( 2269): [757,126,758,1,759,126,927,0,928,1,1593,1]
10-19 06:10:25.783 I/sysui_multi_action( 2269): [757,113,758,1,759,113,927,1,928,1,1593,1]
10-19 06:10:25.783 I/sysui_multi_action( 2269): [757,0,758,1,759,0,927,2,928,0,1593,1]
10-19 06:10:25.784 I/sysui_multi_action( 2269): [757,0,758,1,759,0,927,3,928,0,1593,1]
10-19 06:10:25.801 I/notification_enqueue( 1146): [10088,2269,com.android.systemui,2048,NULL,0,Notification(channel=updateNotification shortcut=null contentView=null vibrate=null sound=null defaults=0x0 flags=0x0 color=0x00000000 vis=PRIVATE),1]
10-19 06:10:25.801 I/sysui_multi_action( 2269): [757,111,758,2]
10-19 06:10:25.802 I/sysui_multi_action( 2269): [757,111,758,2]
10-19 06:10:25.812 I/sysui_multi_action( 2269): [757,111,758,1]
10-19 06:10:25.813 I/sysui_multi_action( 2269): [757,126,758,1,759,126,927,0,928,1,1593,1]
10-19 06:10:25.813 I/sysui_multi_action( 2269): [757,113,758,1,759,113,927,1,928,1,1593,1]
10-19 06:10:25.813 I/sysui_multi_action( 2269): [757,0,758,1,759,0,927,2,928,0,1593,1]
10-19 06:10:25.814 I/sysui_multi_action( 2269): [757,0,758,1,759,0,927,3,928,0,1593,1]
10-19 06:10:25.815 I/sysui_multi_action( 2269): [757,491,758,1,759,491,927,4,928,0,1311,-1,1593,1]
10-19 06:10:25.815 I/sysui_multi_action( 2269): [757,0,758,1,759,0,927,5,928,0,1593,1]
10-19 06:10:25.815 I/sysui_multi_action( 2269): [757,0,758,1,759,0,927,6,1593,1]
10-19 06:10:25.816 I/sysui_multi_action( 2269): [757,114,758,1,759,114,927,7,928,0,1593,1]
10-19 06:10:25.816 I/sysui_multi_action( 2269): [757,111,758,1]
10-19 06:10:25.816 I/sysui_multi_action( 2269): [757,126,758,1,759,126,927,0,928,1,1593,1]
10-19 06:10:25.817 I/sysui_multi_action( 2269): [757,113,758,1,759,113,927,1,928,1,1593,0]
10-19 06:10:25.817 I/sysui_multi_action( 2269): [757,0,758,1,759,0,927,2,928,0,1593,0]
10-19 06:10:25.817 I/sysui_multi_action( 2269): [757,0,758,1,759,0,927,3,928,0,1593,0]
10-19 06:10:25.835 I/sysui_multi_action( 2269): [757,111,758,2]
10-19 06:10:25.836 I/notification_enqueue( 1146): [10088,2269,com.android.systemui,2048,NULL,0,Notification(channel=updateNotification shortcut=null contentView=null vibrate=null sound=null defaults=0x0 flags=0x0 color=0x00000000 vis=PRIVATE),1]
10-19 06:10:25.836 I/sysui_multi_action( 2269): [757,111,758,2]
10-19 06:10:25.844 I/sysui_multi_action( 2269): [757,111,758,1]
10-19 06:10:25.844 I/sysui_multi_action( 2269): [757,126,758,1,759,126,927,0,928,1,1593,1]
10-19 06:10:25.844 I/sysui_multi_action( 2269): [757,113,758,1,759,113,927,1,928,1,1593,1]
10-19 06:10:25.845 I/sysui_multi_action( 2269): [757,0,758,1,759,0,927,2,928,0,1593,1]
10-19 06:10:25.845 I/sysui_multi_action( 2269): [757,0,758,1,759,0,927,3,928,0,1593,1]
10-19 06:10:25.846 I/sysui_multi_action( 2269): [757,491,758,1,759,491,927,4,928,0,1311,-1,1593,1]
10-19 06:10:25.846 I/sysui_multi_action( 2269): [757,0,758,1,759,0,927,5,928,0,1593,1]
10-19 06:10:25.846 I/sysui_multi_action( 2269): [757,0,758,1,759,0,927,6,1593,1]
10-19 06:10:25.847 I/sysui_multi_action( 2269): [757,114,758,1,759,114,927,7,928,0,1593,1]
10-19 06:10:25.847 I/sysui_multi_action( 2269): [757,111,758,1]
10-19 06:10:25.847 I/sysui_multi_action( 2269): [757,126,758,1,759,126,927,0,928,1,1593,1]
10-19 06:10:25.848 I/sysui_multi_action( 2269): [757,113,758,1,759,113,927,1,928,1,1593,1]
10-19 06:10:25.848 I/sysui_multi_action( 2269): [757,0,758,1,759,0,927,2,928,0,1593,1]
10-19 06:10:25.848 I/sysui_multi_action( 2269): [757,0,758,1,759,0,927,3,928,0,1593,1]
10-19 06:10:25.865 I/notification_enqueue( 1146): [10088,2269,com.android.systemui,2048,NULL,0,Notification(channel=updateNotification shortcut=null contentView=null vibrate=null sound=null defaults=0x0 flags=0x0 color=0x00000000 vis=PRIVATE),1]
10-19 06:10:25.866 I/sysui_multi_action( 2269): [757,111,758,2]
10-19 06:10:25.866 I/sysui_multi_action( 2269): [757,111,758,2]
10-19 06:10:25.873 I/sysui_multi_action( 2269): [757,111,758,1]
10-19 06:10:25.874 I/sysui_multi_action( 2269): [757,126,758,1,759,126,927,0,928,1,1593,1]
10-19 06:10:25.874 I/sysui_multi_action( 2269): [757,113,758,1,759,113,927,1,928,1,1593,1]
10-19 06:10:25.874 I/sysui_multi_action( 2269): [757,0,758,1,759,0,927,2,928,0,1593,1]
10-19 06:10:25.874 I/sysui_multi_action( 2269): [757,0,758,1,759,0,927,3,928,0,1593,1]
10-19 06:10:25.877 I/sysui_multi_action( 2269): [757,491,758,1,759,491,927,4,928,0,1311,-1,1593,1]
10-19 06:10:25.877 I/sysui_multi_action( 2269): [757,0,758,1,759,0,927,5,928,0,1593,0]
10-19 06:10:25.877 I/sysui_multi_action( 2269): [757,0,758,1,759,0,927,6,1593,0]
10-19 06:10:25.878 I/sysui_multi_action( 2269): [757,114,758,1,759,114,927,7,928,0,1593,0]
10-19 06:10:25.878 I/sysui_multi_action( 2269): [757,111,758,1]
10-19 06:10:25.878 I/sysui_multi_action( 2269): [757,126,758,1,759,126,927,0,928,1,1593,0]
10-19 06:10:25.879 I/sysui_multi_action( 2269): [757,113,758,1,759,113,927,1,928,1,1593,0]
10-19 06:10:25.879 I/sysui_multi_action( 2269): [757,0,758,1,759,0,927,2,928,0,1593,0]
10-19 06:10:25.879 I/sysui_multi_action( 2269): [757,0,758,1,759,0,927,3,928,0,1593,0]
10-19 06:10:25.897 I/sysui_multi_action( 2269): [757,111,758,2]
10-19 06:10:25.897 I/notification_enqueue( 1146): [10088,2269,com.android.systemui,2048,NULL,0,Notification(channel=updateNotification shortcut=null contentView=null vibrate=null sound=null defaults=0x0 flags=0x0 color=0x00000000 vis=PRIVATE),1]
10-19 06:10:25.898 I/sysui_multi_action( 2269): [757,111,758,2]
10-19 06:10:25.905 I/sysui_multi_action( 2269): [757,111,758,1]
10-19 06:10:25.905 I/sysui_multi_action( 2269): [757,126,758,1,759,126,927,0,928,1,1593,1]
10-19 06:10:25.905 I/sysui_multi_action( 2269): [757,113,758,1,759,113,927,1,928,1,1593,1]
10-19 06:10:25.906 I/sysui_multi_action( 2269): [757,0,758,1,759,0,927,2,928,0,1593,1]
10-19 06:10:25.906 I/sysui_multi_action( 2269): [757,0,758,1,759,0,927,3,928,0,1593,1]
10-19 06:10:25.907 I/sysui_multi_action( 2269): [757,491,758,1,759,491,927,4,928,0,1311,-1,1593,1]
10-19 06:10:25.908 I/sysui_multi_action( 2269): [757,0,758,1,759,0,927,5,928,0,1593,1]
10-19 06:10:25.908 I/sysui_multi_action( 2269): [757,0,758,1,759,0,927,6,1593,1]
10-19 06:10:25.908 I/sysui_multi_action( 2269): [757,114,758,1,759,114,927,7,928,0,1593,1]
10-19 06:10:25.909 I/sysui_multi_action( 2269): [757,111,758,1]
10-19 06:10:25.909 I/sysui_multi_action( 2269): [757,126,758,1,759,126,927,0,928,1,1593,0]
10-19 06:10:25.909 I/sysui_multi_action( 2269): [757,113,758,1,759,113,927,1,928,1,1593,0]
10-19 06:10:25.910 I/sysui_multi_action( 2269): [757,0,758,1,759,0,927,2,928,0,1593,0]
10-19 06:10:25.910 I/sysui_multi_action( 2269): [757,0,758,1,759,0,927,3,928,0,1593,0]
10-19 06:10:25.941 I/notification_enqueue( 1146): [10088,2269,com.android.systemui,2048,NULL,0,Notification(channel=updateNotification shortcut=null contentView=null vibrate=null sound=null defaults=0x0 flags=0x0 color=0x00000000 vis=PRIVATE),1]
10-19 06:10:25.941 I/sysui_multi_action( 2269): [757,111,758,2]
10-19 06:10:25.942 I/sysui_multi_action( 2269): [757,111,758,2]
10-19 06:10:25.968 I/sysui_multi_action( 2269): [757,111,758,1]
10-19 06:10:25.969 I/sysui_multi_action( 2269): [757,126,758,1,759,126,927,0,928,1,1593,1]
10-19 06:10:25.969 I/sysui_multi_action( 2269): [757,113,758,1,759,113,927,1,928,1,1593,1]
10-19 06:10:25.969 I/sysui_multi_action( 2269): [757,0,758,1,759,0,927,2,928,0,1593,1]
10-19 06:10:25.970 I/sysui_multi_action( 2269): [757,0,758,1,759,0,927,3,928,0,1593,1]
10-19 06:10:25.971 I/sysui_multi_action( 2269): [757,491,758,1,759,491,927,4,928,0,1311,-1,1593,0]
10-19 06:10:25.971 I/sysui_multi_action( 2269): [757,0,758,1,759,0,927,5,928,0,1593,0]
10-19 06:10:25.971 I/sysui_multi_action( 2269): [757,0,758,1,759,0,927,6,1593,0]
10-19 06:10:25.972 I/sysui_multi_action( 2269): [757,114,758,1,759,114,927,7,928,0,1593,0]
10-19 06:10:25.972 I/sysui_multi_action( 2269): [757,111,758,1]
10-19 06:10:25.972 I/sysui_multi_action( 2269): [757,126,758,1,759,126,927,0,928,1,1593,1]
10-19 06:10:25.973 I/sysui_multi_action( 2269): [757,113,758,1,759,113,927,1,928,1,1593,1]
10-19 06:10:25.973 I/sysui_multi_action( 2269): [757,0,758,1,759,0,927,2,928,0,1593,1]
10-19 06:10:25.973 I/sysui_multi_action( 2269): [757,0,758,1,759,0,927,3,928,0,1593,1]
10-19 06:10:26.009 I/sysui_multi_action( 1146): [757,128,758,2,793,17070826,794,3997,795,17070826,796,26,798,0,806,android,857,DEVELOPER_IMPORTANT,858,4,947,0,1395,5,1500,17070826,1688,1]
10-19 06:10:26.009 I/notification_visibility( 1146): [-1|android|26|null|1000,0,17070826,17070826,0,0]
10-19 06:10:26.010 I/sysui_multi_action( 1146): [757,128,758,2,793,6087758,794,3997,795,242921,796,17303299,797,com.android.wifi,798,2,806,android,857,NETWORK_AVAILABLE,858,2,947,0,1395,5,1500,3996,1688,1]
10-19 06:10:26.010 I/notification_visibility( 1146): [0|android|17303299|com.android.wifi|1000,0,6087758,242921,0,2]
10-19 06:10:26.010 I/sysui_multi_action( 1146): [757,128,758,2,793,3220183,794,3996,795,3220183,796,4273,798,1,806,com.android.systemui,857,screen_record,858,3,947,0,1395,5,1500,3219981,1688,1,1745,680407814]
10-19 06:10:26.011 I/notification_visibility( 1146): [0|com.android.systemui|4273|null|10088,0,3220183,3220183,0,1]
10-19 06:10:26.011 I/sysui_multi_action( 1146): [757,128,758,2,793,17070733,794,3996,795,17070733,796,55,798,3,806,android,857,DEVELOPER,858,2,947,0,1395,5,1500,17070733,1688,1]
10-19 06:10:26.012 I/notification_visibility( 1146): [-1|android|55|null|1000,0,17070733,17070733,0,3]
10-19 06:10:26.012 I/sysui_multi_action( 1146): [757,128,758,2,793,17071988,794,3996,795,17071988,796,32,798,4,806,android,857,USB,858,1,947,0,1395,5,1500,17071252,1688,1]
10-19 06:10:26.012 I/notification_visibility( 1146): [-1|android|32|null|1000,0,17071988,17071988,0,4]
10-19 06:10:26.023 I/notification_enqueue( 1146): [10088,2269,com.android.systemui,2048,NULL,0,Notification(channel=updateNotification shortcut=null contentView=null vibrate=null sound=null defaults=0x0 flags=0x0 color=0x00000000 vis=PRIVATE),1]
10-19 06:10:26.023 I/sysui_multi_action( 2269): [757,111,758,2]
10-19 06:10:26.024 I/sysui_multi_action( 2269): [757,111,758,2]
10-19 06:10:26.029 I/sysui_multi_action( 1146): [757,127,758,2]
10-19 06:10:26.030 I/notification_panel_hidden( 1146):
10-19 06:10:26.085 I/sysui_multi_action( 2269): [757,111,758,1]
10-19 06:10:26.086 I/sysui_multi_action( 2269): [757,126,758,1,759,126,927,0,928,1,1593,0]
10-19 06:10:26.086 I/sysui_multi_action( 2269): [757,113,758,1,759,113,927,1,928,1,1593,0]
10-19 06:10:26.087 I/sysui_multi_action( 2269): [757,0,758,1,759,0,927,2,928,0,1593,0]
10-19 06:10:26.087 I/sysui_multi_action( 2269): [757,0,758,1,759,0,927,3,928,0,1593,0]
10-19 06:10:26.088 I/sysui_multi_action( 2269): [757,491,758,1,759,491,927,4,928,0,1311,-1,1593,0]
10-19 06:10:26.088 I/sysui_multi_action( 2269): [757,0,758,1,759,0,927,5,928,0,1593,0]
10-19 06:10:26.089 I/sysui_multi_action( 2269): [757,0,758,1,759,0,927,6,1593,0]
10-19 06:10:26.089 I/sysui_multi_action( 2269): [757,114,758,1,759,114,927,7,928,0,1593,0]
10-19 06:10:26.089 I/sysui_multi_action( 2269): [757,111,758,1]
10-19 06:10:26.090 I/sysui_multi_action( 2269): [757,126,758,1,759,126,927,0,928,1,1593,0]
10-19 06:10:26.090 I/sysui_multi_action( 2269): [757,113,758,1,759,113,927,1,928,1,1593,0]
10-19 06:10:26.090 I/sysui_multi_action( 2269): [757,0,758,1,759,0,927,2,928,0,1593,0]
10-19 06:10:26.090 I/sysui_multi_action( 2269): [757,0,758,1,759,0,927,3,928,0,1593,0]
10-19 06:10:30.762 I/dropbox_file_copy( 1146): [/data/tombstones/tombstone_00,98304,SYSTEM_TOMBSTONE]
10-19 06:10:30.786 I/commit_sys_config_file( 1146): [log-files,17087235]
10-19 06:10:30.806 I/commit_sys_config_file( 1146): [log-files,17087254]
10-19 06:10:35.810 I/dropbox_file_copy( 1146): [/data/tombstones/tombstone_01,98304,SYSTEM_TOMBSTONE]
10-19 06:10:35.816 I/commit_sys_config_file( 1146): [log-files,17092264]
10-19 06:10:35.842 I/commit_sys_config_file( 1146): [log-files,17092290]
10-19 06:10:40.114 I/liblog (13507): 365
10-19 06:10:40.824 I/dropbox_file_copy( 1146): [/data/tombstones/tombstone_02,98304,SYSTEM_TOMBSTONE]
10-19 06:10:40.849 I/commit_sys_config_file( 1146): [log-files,17097297]
10-19 06:10:40.867 I/commit_sys_config_file( 1146): [log-files,17097315]
10-19 06:10:45.838 I/dropbox_file_copy( 1146): [/data/tombstones/tombstone_03,98304,SYSTEM_TOMBSTONE]
10-19 06:10:45.855 I/commit_sys_config_file( 1146): [log-files,17102303]
10-19 06:10:45.876 I/commit_sys_config_file( 1146): [log-files,17102324]
10-19 06:10:50.122 I/liblog (13525): 3
10-19 06:10:50.122 I/liblog (13525): 9
10-19 06:10:50.122 I/liblog (13525): 15
10-19 06:10:50.122 I/liblog (13525): 7
10-19 06:10:50.122 I/liblog (13525): 4
10-19 06:10:50.122 I/liblog (13525): 8
10-19 06:10:50.123 I/liblog (13525): 5
10-19 06:10:50.123 I/liblog (13525): 4
10-19 06:10:50.123 I/liblog (13525): 4
10-19 06:10:50.123 I/liblog (13525): 3
10-19 06:10:50.123 I/liblog (13525): 3
10-19 06:10:50.123 I/liblog (13525): 3
10-19 06:10:50.123 I/liblog (13525): 3
10-19 06:10:50.123 I/liblog (13525): 3
10-19 06:10:50.123 I/liblog (13525): 7
10-19 06:10:50.123 I/liblog (13525): 2
10-19 06:10:50.123 I/liblog (13525): 2
10-19 06:10:50.124 I/liblog (13525): 2
10-19 06:10:50.124 I/liblog (13525): 2
10-19 06:10:50.124 I/liblog (13525): 3
10-19 06:10:50.124 I/liblog (13525): 8
10-19 06:10:50.124 I/liblog (13525): 4
10-19 06:10:50.124 I/liblog (13525): 3
10-19 06:10:50.124 I/liblog (13525): 3
10-19 06:10:50.124 I/liblog (13525): 3
10-19 06:10:50.124 I/liblog (13525): 8
10-19 06:10:50.124 I/liblog (13525): 3
10-19 06:10:50.125 I/liblog (13525): 6
10-19 06:10:50.125 I/liblog (13525): 9
10-19 06:10:50.125 I/liblog (13525): 3
10-19 06:10:50.125 I/liblog (13525): 3
10-19 06:10:50.125 I/liblog (13525): 3
10-19 06:10:50.125 I/liblog (13525): 2
10-19 06:10:50.125 I/liblog (13525): 4
10-19 06:10:50.125 I/liblog (13525): 4
10-19 06:10:50.125 I/liblog (13525): 7
10-19 06:10:50.125 I/liblog (13525): 4
10-19 06:10:50.126 I/liblog (13525): 4
10-19 06:10:50.126 I/liblog (13525): 4
10-19 06:10:50.126 I/liblog (13525): 4
10-19 06:10:50.126 I/liblog (13525): 7
10-19 06:10:50.126 I/liblog (13525): 2
10-19 06:10:50.127 I/liblog (13525): 57
10-19 06:10:50.127 I/liblog (13525): 3
10-19 06:10:50.127 I/liblog (13525): 3
10-19 06:10:50.127 I/liblog (13525): 2
10-19 06:10:50.127 I/liblog (13525): 3
10-19 06:10:50.127 I/liblog (13525): 3
10-19 06:10:50.127 I/liblog (13525): 7
10-19 06:10:50.127 I/liblog (13525): 6
10-19 06:10:50.127 I/liblog (13525): 4
10-19 06:10:50.128 I/liblog (13525): 19
10-19 06:10:50.128 I/liblog (13525): 6
10-19 06:10:50.128 I/liblog (13525): 3
10-19 06:10:50.128 I/liblog (13525): 3
10-19 06:10:50.128 I/liblog (13525): 3
10-19 06:10:50.128 I/liblog (13525): 6
10-19 06:10:50.128 I/liblog (13525): 3
10-19 06:10:50.128 I/liblog (13525): 2
10-19 06:10:50.129 I/liblog (13525): 6
10-19 06:10:50.129 I/liblog (13525): 2
10-19 06:10:50.129 I/liblog (13525): 5
10-19 06:10:50.129 I/liblog (13525): 3
10-19 06:10:50.129 I/liblog (13525): 2
10-19 06:10:50.129 I/liblog (13525): 3
10-19 06:10:50.129 I/liblog (13525): 6
10-19 06:10:50.130 I/liblog (13525): 17
10-19 06:10:50.130 I/liblog (13525): 8
10-19 06:10:50.130 I/liblog (13525): 3
10-19 06:10:50.130 I/liblog (13525): 11
10-19 06:10:50.130 I/liblog (13525): 4
10-19 06:10:50.131 I/liblog (13525): 9
10-19 06:10:50.761 I/dropbox_file_copy( 1146): [/data/tombstones/tombstone_04,98304,SYSTEM_TOMBSTONE]
10-19 06:10:50.772 I/commit_sys_config_file( 1146): [log-files,17107221]
10-19 06:10:50.790 I/commit_sys_config_file( 1146): [log-files,17107239] --------- beginning of kernel
01-01 12:58:17.446 D/ ( 0): mv2112_read_status
01-01 12:58:17.449 D/mv2112_update_link( 0): 3.0x901(1G): 0x80
01-01 12:58:17.455 D/mv2112_update_link( 0): 3.0x8109(100M): 0x0
01-01 12:58:17.460 D/mv2112_update_link( 0): link 0x0
01-01 12:58:17.465 D/mv2112_read_status( 0): autoneg is disabled --------- beginning of main
10-19 06:10:52.846 I/mpu_uart( 658): [MSG-P:RECV]:No message received in 1000 ms
01-01 12:58:18.470 D/ ( 0): mv2112_read_status
01-01 12:58:18.473 D/mv2112_update_link( 0): 3.0x901(1G): 0x80
01-01 12:58:18.479 D/mv2112_update_link( 0): 3.0x8109(100M): 0x0
01-01 12:58:18.484 D/mv2112_update_link( 0): link 0x0
01-01 12:58:18.488 D/mv2112_read_status( 0): autoneg is disabled
10-19 06:10:53.846 I/mpu_uart( 658): [MSG-P:RECV]:No message received in 1000 ms
10-19 06:10:54.187 I/selfinstaller( 1270): operator() 413: network is not ready: 7486
01-01 12:58:19.494 D/ ( 0): mv2112_read_status
01-01 12:58:19.497 D/mv2112_update_link( 0): 3.0x901(1G): 0x80
01-01 12:58:19.503 D/mv2112_update_link( 0): 3.0x8109(100M): 0x0
01-01 12:58:19.508 D/mv2112_update_link( 0): link 0x0
01-01 12:58:19.512 D/mv2112_read_status( 0): autoneg is disabled
10-19 06:10:54.847 I/mpu_uart( 658): [MSG-P:RECV]:No message received in 1000 ms
01-01 12:58:19.899 I/init ( 0): starting service 'vendor.camera-provider-2-4'...
01-01 12:58:19.950 I/init ( 0): starting service 'vendor.light-hal-2-0'...
10-19 06:10:54.967 I/mpu_uart( 658): [MSG-P:R]:recv sync frame timeout
10-19 06:10:55.031 I/android.hardware.camera.provider@2.4-service(13537): CameraProvider@2.4 legacy service is starting.
10-19 06:10:55.043 I/hwservicemanager( 506): getTransport: Cannot find entry android.hardware.light@2.0::ILight/default in either framework or device VINTF manifest.
10-19 06:10:55.053 E/light (13538): light_open lights keyboard failed: -22
10-19 06:10:55.054 E/light (13538): Light passthrough failed to load legacy HAL.
10-19 06:10:55.056 E/light (13538): light_open lights buttons failed: -22
10-19 06:10:55.056 E/light (13538): Light passthrough failed to load legacy HAL.
10-19 06:10:55.062 E/light (13538): light_open lights bluetooth failed: -22
10-19 06:10:55.063 E/light (13538): Light passthrough failed to load legacy HAL.
10-19 06:10:55.064 E/light (13538): light_open lights wifi failed: -22
10-19 06:10:55.064 E/light (13538): Light passthrough failed to load legacy HAL.
10-19 06:10:55.065 I/hwservicemanager( 506): getTransport: Cannot find entry android.hardware.light@2.0::ILight/default in either framework or device VINTF manifest.
10-19 06:10:55.066 E/HidlServiceManagement(13538): Service android.hardware.light@2.0::ILight/default must be in VINTF manifest in order to register/get.
10-19 06:10:55.066 E/LegacySupport(13538): Could not register service android.hardware.light@2.0::ILight/default (-2147483648).
01-01 12:58:20.069 I/init ( 0): Service 'vendor.light-hal-2-0' (pid 13538) exited with status 0
01-01 12:58:20.082 I/init ( 0): Sending signal 9 to service 'vendor.light-hal-2-0' (pid 13538) process group...
01-01 12:58:20.092 I/libprocessgroup( 0): Successfully killed process cgroup uid 1000 pid 13538 in 0ms
10-19 06:10:55.141 I/android.hardware.camera.provider@2.4-service_64(13537): vendor/qcom/proprietary/adsprpc/src/rpcmem_android.c:159: rpcmem_init_internal: opened ION device fd 7, configured heap IDs: system (0x2000000), contig (0x400000), secure (0x200), secure flags (0x80080000)
10-19 06:10:55.141 I/android.hardware.camera.provider@2.4-service_64(13537): vendor/qcom/proprietary/adsprpc/src/fastrpc_apps_user.c:3087: fastrpc_apps_user_init done with default domain:3 and &fastrpc_trace:0x79026a3fa0
10-19 06:10:55.154 I/CamX (13537): [CONFIG][HAL ] camxhal3module.cpp:390 HAL3Module() ***************************************************
10-19 06:10:55.155 I/CamX (13537): [CONFIG][HAL ] camxhal3module.cpp:391 HAL3Module() SHA1: 40bd0bc197631bd71c945a4bb3aa215ee2f5c2f1
10-19 06:10:55.155 I/CamX (13537): [CONFIG][HAL ] camxhal3module.cpp:392 HAL3Module() COMMITID: Ib94c0ba8fb8c6b7a12a24776dd6d7206bd970ed8
10-19 06:10:55.155 I/CamX (13537): [CONFIG][HAL ] camxhal3module.cpp:393 HAL3Module() BUILD TS: 10/19/2022 2:13:52
10-19 06:10:55.155 I/CamX (13537): [CONFIG][HAL ] camxhal3module.cpp:394 HAL3Module() ***************************************************
10-19 06:10:55.185 V/CamX (13537): [ VERB][CORE ] camxoverridesettingsfile.cpp:385 Initialize() Could not find override settings text file at: /vendor/etc/camera/camxoverridesettings.txt
10-19 06:10:55.185 V/CamX (13537): [ VERB][CORE ] camxoverridesettingsfile.cpp:385 Initialize() Could not find override settings text file at: ./camxoverridesettings.txt
10-19 06:10:55.185 V/CamX (13537): [ VERB][UTILS ] camxhashmap.cpp:210 GetInPlace() Key not found
10-19 06:10:55.185 V/CamX (13537): [ VERB][UTILS ] camxhashmap.cpp:210 GetInPlace() Key not found
10-19 06:10:55.185 V/CamX (13537): [ VERB][UTILS ] camxhashmap.cpp:210 GetInPlace() Key not found
10-19 06:10:55.185 V/CamX (13537): [ VERB][UTILS ] camxhashmap.cpp:210 GetInPlace() Key not found
10-19 06:10:55.185 V/CamX (13537): [ VERB][UTILS ] camxhashmap.cpp:210 GetInPlace() Key not found
10-19 06:10:55.185 V/CamX (13537): [ VERB][UTILS ] camxhashmap.cpp:210 GetInPlace() Key not found
10-19 06:10:55.185 V/CamX (13537): [ VERB][UTILS ] camxhashmap.cpp:210 GetInPlace() Key not found
10-19 06:10:55.185 V/CamX (13537): [ VERB][UTILS ] camxhashmap.cpp:210 GetInPlace() Key not found
