10-14 01:23:40.551 1151 1151 I SystemServiceManager: Starting com.android.server.soundtrigger_middleware.SoundTriggerMiddlewareService$Lifecycle
10-14 01:23:40.562 1151 1151 D SystemServerTiming: StartSoundTriggerMiddlewareService took to complete: 11ms
10-14 01:23:40.562 1151 1151 I SystemServerTiming: StartDockObserver
10-14 01:23:40.563 1151 1151 I SystemServiceManager: Starting com.android.server.DockObserver
10-14 01:23:40.563 1151 1151 W DockObserver: This kernel does not have dock station support
10-14 01:23:40.564 1151 1151 D SystemServerTiming: StartDockObserver took to complete: 2ms
10-14 01:23:40.564 1151 1151 I SystemServerTiming: StartWiredAccessoryManager
10-14 01:23:40.566 1151 1151 W WiredAccessoryManager: This kernel does not have usb audio support
10-14 01:23:40.566 1151 1151 W WiredAccessoryManager: This kernel does not have HDMI audio support
10-14 01:23:40.567 1151 1151 E WiredAccessoryManager: file /sys/devices/platform/soc/soc:qcom,msm-ext-disp/extcon/extcon3/name not found
10-14 01:23:40.567 1151 1151 W WiredAccessoryManager: Conn soc:qcom,msm-ext-disp/3/0 does not have DP audio support
10-14 01:23:40.568 1151 1151 E WiredAccessoryManager: file /sys/devices/platform/soc/soc:qcom,msm-ext-disp/extcon/extcon2/name not found
10-14 01:23:40.568 1151 1151 W WiredAccessoryManager: Conn soc:qcom,msm-ext-disp/2/0 does not have DP audio support
10-14 01:23:40.570 1151 1151 E WiredAccessoryManager: set dev_index 1
10-14 01:23:40.571 1151 1151 W WiredAccessoryManager: checkCableIndex set cable 0
10-14 01:23:40.572 1151 1151 E WiredAccessoryManager: set dev_index 0
10-14 01:23:40.573 1151 1151 W WiredAccessoryManager: checkCableIndex set cable 0
10-14 01:23:40.573 1151 1151 D SystemServerTiming: StartWiredAccessoryManager took to complete: 8ms
10-14 01:23:40.573 1151 1151 I SystemServerTiming: StartMidiManager
10-14 01:23:40.573 1151 1151 I SystemServiceManager: Starting com.android.server.midi.MidiService$Lifecycle
10-14 01:23:40.574 1151 1151 D SystemServerTiming: StartMidiManager took to complete: 2ms
10-14 01:23:40.575 1151 1151 I SystemServerTiming: StartAdbService
10-14 01:23:40.575 1151 1151 I SystemServiceManager: Starting com.android.server.adb.AdbService$Lifecycle
10-14 01:23:40.577 1151 1151 D SystemServerTiming: StartAdbService took to complete: 2ms
10-14 01:23:40.577 1151 1151 I SystemServerTiming: StartUsbService
10-14 01:23:40.577 1151 1151 I SystemServiceManager: Starting com.android.server.usb.UsbService$Lifecycle
10-14 01:23:40.577 1151 1151 D SystemServerTiming: StartUsbService took to complete: 1ms
10-14 01:23:40.577 1151 1322 I SystemServerTimingAsync: InitThreadPoolExec:UsbService$Lifecycle#onStart
10-14 01:23:40.577 1151 1322 D SystemServerInitThreadPool: Started executing UsbService$Lifecycle#onStart
10-14 01:23:40.578 1151 1151 I SystemServerTiming: StartSerialService
10-14 01:23:40.579 1151 1322 E UsbDeviceManager: failed to write to /sys/class/android_usb/android0/f_rndis/ethaddr
10-14 01:23:40.580 1151 1151 D SystemServerTiming: StartSerialService took to complete: 2ms
10-14 01:23:40.580 1151 1151 I SystemServerTiming: StartHardwarePropertiesManagerService
10-14 01:23:40.581 1151 1322 I UsbDeviceManager: USB GADGET HAL not present in the device
10-14 01:23:40.581 1151 1322 I UsbDeviceManager: java.util.NoSuchElementException
10-14 01:23:40.581 1151 1322 I UsbDeviceManager: at android.os.HwBinder.getService(Native Method)
10-14 01:23:40.581 1151 1322 I UsbDeviceManager: at android.hardware.usb.gadget.V1_0.IUsbGadget.getService(IUsbGadget.java:57)
10-14 01:23:40.581 1151 1322 I UsbDeviceManager: at android.hardware.usb.gadget.V1_0.IUsbGadget.getService(IUsbGadget.java:64)
10-14 01:23:40.581 1151 1322 I UsbDeviceManager: at com.android.server.usb.UsbDeviceManager.(UsbDeviceManager.java:293)
10-14 01:23:40.581 1151 1322 I UsbDeviceManager: at com.android.server.usb.UsbService.(UsbService.java:178)
10-14 01:23:40.581 1151 1322 I UsbDeviceManager: at com.android.server.usb.UsbService$Lifecycle.lambda$onStart$0$UsbService$Lifecycle(UsbService.java:92)
10-14 01:23:40.581 1151 1322 I UsbDeviceManager: at com.android.server.usb.UsbService$Lifecycle$$ExternalSyntheticLambda1.run(Unknown Source:2)
10-14 01:23:40.581 1151 1322 I UsbDeviceManager: at com.android.server.SystemServerInitThreadPool.lambda$submitTask$0$SystemServerInitThreadPool(SystemServerInitThreadPool.java:105)
10-14 01:23:40.581 1151 1322 I UsbDeviceManager: at com.android.server.SystemServerInitThreadPool$$ExternalSyntheticLambda0.run(Unknown Source:6)
10-14 01:23:40.581 1151 1322 I UsbDeviceManager: at java.util.concurrent.Executors$RunnableAdapter.call(Executors.java:462)
10-14 01:23:40.581 1151 1322 I UsbDeviceManager: at java.util.concurrent.FutureTask.run(FutureTask.java:266)
10-14 01:23:40.581 1151 1322 I UsbDeviceManager: at java.util.concurrent.ThreadPoolExecutor.runWorker(ThreadPoolExecutor.java:1167)
10-14 01:23:40.581 1151 1322 I UsbDeviceManager: at java.util.concurrent.ThreadPoolExecutor$Worker.run(ThreadPoolExecutor.java:641)
10-14 01:23:40.581 1151 1322 I UsbDeviceManager: at com.android.internal.util.ConcurrentUtils$1$1.run(ConcurrentUtils.java:65)
10-14 01:23:40.581 1151 1322 E UsbDeviceManager: Failed to open control for mtp
10-14 01:23:40.581 1151 1322 E UsbDeviceManager: Failed to open control for ptp
10-14 01:23:40.584 1151 1151 D SystemServerTiming: StartHardwarePropertiesManagerService took to complete: 4ms
10-14 01:23:40.584 1151 1151 I SystemServerTiming: StartTwilightService
10-14 01:23:40.584 1151 1151 I SystemServiceManager: Starting com.android.server.twilight.TwilightService
10-14 01:23:40.585 1151 1151 D SystemServerTiming: StartTwilightService took to complete: 1ms
10-14 01:23:40.585 1151 1151 I SystemServerTiming: StartColorDisplay
10-14 01:23:40.585 1151 1322 W StorageManagerService: No primary storage defined yet; hacking together a stub
10-14 01:23:40.585 1151 1151 I SystemServiceManager: Starting com.android.server.display.color.ColorDisplayService
10-14 01:23:40.587 1151 1151 D SystemServerTiming: StartColorDisplay took to complete: 3ms
10-14 01:23:40.588 1151 1151 I SystemServerTiming: StartJobScheduler
10-14 01:23:40.588 1151 1151 I SystemServiceManager: Starting com.android.server.job.JobSchedulerService
01-01 08:00:58.622 0 0 I : acc_open
01-01 08:00:58.622 0 0 I : acc_release
10-14 01:23:40.597 1151 1346 I UsbPortManager: Usb hal service started android.hardware.usb@1.0::IUsb default
10-14 01:23:40.598 1151 1151 D JobStore: Start tag: job-info
10-14 01:23:40.598 1151 1151 W JobStore: Periodic job for uid='10099' persisted run-time is too big [360:01:33, 720:01:33]. Clamping to [360:00:51,720:00:51]
10-14 01:23:40.602 1151 1151 W JobStore: Periodic job for uid='1000' persisted run-time is too big [24:01:08, 48:01:08]. Clamping to [24:00:51,48:00:51]
10-14 01:23:40.603 1151 1151 W JobStore: Periodic job for uid='1000' persisted run-time is too big [24:01:34, 48:01:34]. Clamping to [24:00:51,48:00:51]
10-14 01:23:40.604 1151 1151 W JobStore: Periodic job for uid='1000' persisted run-time is too big [24:01:34, 48:01:34]. Clamping to [24:00:51,48:00:51]
10-14 01:23:40.604 1151 1151 I JobStore: Read 5 jobs
10-14 01:23:40.608 1151 1346 I UsbPortManager: USB HAL version: 12
10-14 01:23:40.612 1151 1322 D SystemServerInitThreadPool: Finished executing UsbService$Lifecycle#onStart
10-14 01:23:40.612 1151 1322 D SystemServerTimingAsync: InitThreadPoolExec:UsbService$Lifecycle#onStart took to complete: 35ms
10-14 01:23:40.613 1151 1151 V HistoricalRegistry: Interaction before persistence initialized
10-14 01:23:40.613 1151 1151 V HistoricalRegistry: Interaction before persistence initialized
10-14 01:23:40.613 1151 1151 W JobScheduler: !!! RTC not yet good; tracking time updates for job scheduling
10-14 01:23:40.616 1151 1151 D SystemServerTiming: StartJobScheduler took to complete: 29ms
10-14 01:23:40.616 1151 1151 I SystemServerTiming: StartSoundTrigger
10-14 01:23:40.617 1151 1151 I SystemServiceManager: Starting com.android.server.soundtrigger.SoundTriggerService
10-14 01:23:40.620 1151 1151 D SystemServerTiming: StartSoundTrigger took to complete: 2ms
10-14 01:23:40.620 1249 1249 I iorapd : iorapd (the prefetchening) readied up
10-14 01:23:40.620 1151 1151 I SystemServerTiming: StartTrustManager
10-14 01:23:40.620 1151 1151 I SystemServiceManager: Starting com.android.server.trust.TrustManagerService
10-14 01:23:40.622 1151 1151 D SystemServerTiming: StartTrustManager took to complete: 3ms
10-14 01:23:40.623 1151 1151 I SystemServerTiming: StartBackupManager
10-14 01:23:40.623 1151 1151 I SystemServiceManager: Starting com.android.server.backup.BackupManagerService$Lifecycle
10-14 01:23:40.625 1151 1151 D SystemServerTiming: StartBackupManager took to complete: 2ms
10-14 01:23:40.625 1151 1151 I SystemServerTiming: StartAppWidgetService
10-14 01:23:40.625 1151 1151 I SystemServiceManager: Starting com.android.server.appwidget.AppWidgetService
10-14 01:23:40.629 1151 1151 D SystemServerTiming: StartAppWidgetService took to complete: 4ms
10-14 01:23:40.629 1151 1151 I SystemServerTiming: StartVoiceRecognitionManager
10-14 01:23:40.630 1151 1151 I SystemServiceManager: Starting com.android.server.voiceinteraction.VoiceInteractionManagerService
10-14 01:23:40.638 1151 1151 D SystemServerTiming: StartVoiceRecognitionManager took to complete: 8ms
10-14 01:23:40.638 1151 1151 I SystemServerTiming: StartAppHibernationService
10-14 01:23:40.638 1151 1151 I SystemServiceManager: Starting com.android.server.apphibernation.AppHibernationService
10-14 01:23:40.641 1151 1151 D SystemServerTiming: StartAppHibernationService took to complete: 3ms
10-14 01:23:40.641 1151 1151 I SystemServerTiming: StartGestureLauncher
10-14 01:23:40.641 1151 1151 I SystemServiceManager: Starting com.android.server.GestureLauncherService
10-14 01:23:40.641 1151 1151 D SystemServerTiming: StartGestureLauncher took to complete: 0ms
10-14 01:23:40.641 1151 1151 I SystemServerTiming: StartSensorNotification
10-14 01:23:40.641 1151 1151 I SystemServiceManager: Starting com.android.server.SensorNotificationService
10-14 01:23:40.641 1151 1151 D SystemServerTiming: StartSensorNotification took to complete: 0ms
10-14 01:23:40.641 1151 1151 I SystemServerTiming: StartDiskStatsService
10-14 01:23:40.646 1151 1151 D SystemServerTiming: StartDiskStatsService took to complete: 4ms
10-14 01:23:40.646 1151 1151 I SystemServerTiming: RuntimeService
10-14 01:23:40.648 1151 1151 D SystemServerTiming: RuntimeService took to complete: 2ms
10-14 01:23:40.648 1151 1151 I SystemServerTiming: StartNetworkTimeUpdateService
01-01 08:00:58.681 0 0 I cnss-daemon: DMS thread joined succesfully
01-01 08:00:58.681 0 0 I cnss-daemon: wlfw_stop: Stop done: 0
01-01 08:00:58.682 0 0 I cnss-daemon: wlfw_start: Starting
10-14 01:23:40.643 1151 1151 I auditd : type=1400 audit(0.0:108): avc: denied { read } for comm="system_server" name="u:object_r:vendor_default_prop:s0" dev="tmpfs" ino=28803 scontext=u:r:system_server:s0 tcontext=u:object_r:vendor_default_prop:s0 tclass=file permissive=0
10-14 01:23:40.655 1151 1151 D SystemServerTiming: StartNetworkTimeUpdateService took to complete: 6ms
10-14 01:23:40.655 1151 1151 I SystemServerTiming: CertBlacklister
10-14 01:23:40.657 1151 1151 D SystemServerTiming: CertBlacklister took to complete: 3ms
10-14 01:23:40.657 1151 1151 I SystemServerTiming: StartEmergencyAffordanceService
10-14 01:23:40.658 1151 1151 I SystemServiceManager: Starting com.android.server.emergency.EmergencyAffordanceService
10-14 01:23:40.659 1151 1151 D SystemServerTiming: StartEmergencyAffordanceService took to complete: 2ms
10-14 01:23:40.659 1151 1151 I SystemServerTiming: startBlobStoreManagerService
10-14 01:23:40.660 1151 1151 I SystemServiceManager: Starting com.android.server.blob.BlobStoreManagerService
01-01 08:00:58.683 0 0 I cnss-daemon: wlfw_service_request: Start the pthread: 0x0K
01-01 08:00:58.695 0 0 I cnss-daemon: ro.baseband : [apq]
10-14 01:23:40.664 1151 1151 D SystemServerTiming: startBlobStoreManagerService took to complete: 4ms
10-14 01:23:40.664 1151 1151 I SystemServerTiming: StartDreamManager
10-14 01:23:40.664 1151 1151 I SystemServiceManager: Starting com.android.server.dreams.DreamManagerService
10-14 01:23:40.666 1151 1151 D SystemServerTiming: StartDreamManager took to complete: 2ms
10-14 01:23:40.666 1151 1151 I SystemServerTiming: AddGraphicsStatsService
10-14 01:23:40.677 1151 1151 D SystemServerTiming: AddGraphicsStatsService took to complete: 11ms
10-14 01:23:40.677 1151 1151 I SystemServerTiming: StartCompanionDeviceManager
10-14 01:23:40.678 1151 1151 I SystemServiceManager: Starting com.android.server.companion.CompanionDeviceManagerService
10-14 01:23:40.681 1151 1151 D SystemServerTiming: StartCompanionDeviceManager took to complete: 3ms
10-14 01:23:40.681 1151 1151 I SystemServerTiming: StartRestrictionManager
10-14 01:23:40.681 1151 1151 I SystemServiceManager: Starting com.android.server.restrictions.RestrictionsManagerService
10-14 01:23:40.686 1151 1315 I commit_sys_config_file: [notification-policy,8]
10-14 01:23:40.689 1151 1151 D SystemServerTiming: StartRestrictionManager took to complete: 7ms
10-14 01:23:40.689 1151 1151 I SystemServerTiming: StartMediaSessionService
10-14 01:23:40.689 1151 1151 I SystemServiceManager: Starting com.android.server.media.MediaSessionService
10-14 01:23:40.695 1151 1151 D SystemServerTiming: StartMediaSessionService took to complete: 6ms
10-14 01:23:40.695 1151 1151 I SystemServerTiming: StartMediaResourceMonitor
10-14 01:23:40.695 1151 1151 I SystemServiceManager: Starting com.android.server.media.MediaResourceMonitorService
10-14 01:23:40.696 1151 1151 D SystemServerTiming: StartMediaResourceMonitor took to complete: 2ms
10-14 01:23:40.696 1151 1151 I SystemServerTiming: StartMediaRouterService
10-14 01:23:40.696 1151 1151 V HistoricalRegistry: Interaction before persistence initialized
10-14 01:23:40.700 1151 1151 D SystemServerTiming: StartMediaRouterService took to complete: 3ms
10-14 01:23:40.700 1151 1151 I SystemServerTiming: StartFingerprintSensor
10-14 01:23:40.700 1151 1151 I SystemServiceManager: Starting com.android.server.biometrics.sensors.fingerprint.FingerprintService
10-14 01:23:40.701 1151 1151 D SystemServerTiming: StartFingerprintSensor took to complete: 2ms
10-14 01:23:40.701 1151 1151 I SystemServerTiming: StartBiometricService
10-14 01:23:40.702 1151 1151 I SystemServiceManager: Starting com.android.server.biometrics.BiometricService
10-14 01:23:40.707 1151 1151 D SystemServerTiming: StartBiometricService took to complete: 5ms
10-14 01:23:40.707 1151 1151 I SystemServerTiming: StartAuthService
10-14 01:23:40.708 1151 1151 I SystemServiceManager: Starting com.android.server.biometrics.AuthService
10-14 01:23:40.708 1151 1151 D AuthService: Registering HIDL ID: 0 Modality: 2 Strength: 15
10-14 01:23:40.709 1151 1151 D AuthService: Registering HIDL ID: 1 Modality: 8 Strength: 15
10-14 01:23:40.713 1151 1151 E AuthService: HIDL face configuration exists, but FaceService is null.
10-14 01:23:40.717 1151 1151 D SystemServerTiming: StartAuthService took to complete: 10ms
10-14 01:23:40.718 1151 1151 I SystemServerTiming: StartBackgroundDexOptService
10-14 01:23:40.718 1151 1151 W BackgroundDexOptService: SysProp pm.dexopt.downgrade_after_inactive_days not set
10-14 01:23:40.719 1151 1151 D SystemServerTiming: StartBackgroundDexOptService took to complete: 1ms
10-14 01:23:40.719 1151 1151 I SystemServerTiming: StartDynamicCodeLoggingService
10-14 01:23:40.721 1151 1887 D BiometricService: Registering ID: 0 Modality: 2 Strength: 15
10-14 01:23:40.722 1151 1151 D SystemServerTiming: StartDynamicCodeLoggingService took to complete: 3ms
10-14 01:23:40.722 1151 1151 I SystemServerTiming: StartPruneInstantAppsJobService
10-14 01:23:40.722 1151 1887 D BiometricStrengthController: updateStrengths: revert sensorId=0 to oemStrength=15
10-14 01:23:40.722 1151 1887 D BiometricService/Sensor: updateStrength: Before(ID(0), oemStrength: 15, updatedStrength: 15, modality 2, state: 0, cookie: 0, props: ID: 0, Strength: 2, Type: 1) After(ID(0), oemStrength: 15, updatedStrength: 15, modality 2, state: 0, cookie: 0, props: ID: 0, Strength: 2, Type: 1)
10-14 01:23:40.722 1151 1151 D SystemServerTiming: StartPruneInstantAppsJobService took to complete: 1ms
10-14 01:23:40.723 1151 1151 I SystemServerTiming: StartShortcutServiceLifecycle
10-14 01:23:40.723 1151 1151 I SystemServiceManager: Starting com.android.server.pm.ShortcutService$Lifecycle
10-14 01:23:40.724 1151 1151 V HistoricalRegistry: Interaction before persistence initialized
10-14 01:23:40.726 1151 1151 D SystemServerTiming: StartShortcutServiceLifecycle took to complete: 4ms
10-14 01:23:40.726 1151 1151 I SystemServerTiming: StartLauncherAppsService
10-14 01:23:40.726 1151 1151 I SystemServiceManager: Starting com.android.server.pm.LauncherAppsService
10-14 01:23:40.729 1151 1151 D SystemServerTiming: StartLauncherAppsService took to complete: 2ms
10-14 01:23:40.729 1151 1151 I SystemServerTiming: StartCrossProfileAppsService
10-14 01:23:40.729 1151 1151 I SystemServiceManager: Starting com.android.server.pm.CrossProfileAppsService
01-01 08:00:58.695 0 0 I cnss-daemon: Hardware supports external modem
01-01 08:00:58.764 0 0 I cnss-daemon: pm_release_vote: pm_handle is NULL
01-01 08:00:58.764 0 0 I cnss-daemon: pm_release_vote: pm_handle is NULL
10-14 01:23:40.731 1151 1151 D SystemServerTiming: StartCrossProfileAppsService took to complete: 2ms
10-14 01:23:40.731 1151 1151 I SystemServerTiming: StartPeopleService
10-14 01:23:40.731 1151 1151 I SystemServiceManager: Starting com.android.server.people.PeopleService
10-14 01:23:40.733 1151 1151 D SystemServerTiming: StartPeopleService took to complete: 3ms
10-14 01:23:40.733 1151 1151 I SystemServerTiming: StartMediaMetricsManager
10-14 01:23:40.734 1151 1151 I SystemServiceManager: Starting com.android.server.media.metrics.MediaMetricsManagerService
10-14 01:23:40.737 1151 1151 D SystemServerTiming: StartMediaMetricsManager took to complete: 3ms
10-14 01:23:40.737 1151 1151 I SystemServerTiming: StartMediaProjectionManager
10-14 01:23:40.737 1151 1151 I SystemServiceManager: Starting com.android.server.media.projection.MediaProjectionManagerService
01-01 08:00:58.764 0 0 I cnss-daemon: wlfw_build_cal_table: not read /data/vendor/wifi/wlfw_cal_00.bin
10-14 01:23:40.743 1151 1151 D SystemServerTiming: StartMediaProjectionManager took to complete: 5ms
10-14 01:23:40.743 1151 1151 I SystemServerTiming: StartSliceManagerService
10-14 01:23:40.743 1151 1151 I SystemServiceManager: Starting com.android.server.slice.SliceManagerService$Lifecycle
01-01 08:00:58.773 0 0 I cnss-daemon: wlfw_build_cal_table: not read /data/vendor/wifi/wlfw_cal_02.bin
01-01 08:00:58.781 0 0 D cnss : Received QMI WLFW request memory indication
01-01 08:00:58.781 0 0 D cnss : FW requests for memory, size: 0x5e0000, type: 1
01-01 08:00:58.781 0 0 D cnss : FW requests for memory, size: 0xd8000, type: 4
01-01 08:00:58.781 0 0 D cnss : Posting event: REQUEST_MEM(2), state: 0x11 flags: 0x0
01-01 08:00:58.781 0 0 D cnss : PM stay awake, state: 0x11, count: 1
01-01 08:00:58.781 0 0 D cnss : Processing driver event: REQUEST_MEM(2), state: 0x11
01-01 08:00:58.781 0 0 D cnss : Sending respond memory message, state: 0x11
01-01 08:00:58.781 0 0 D cnss : Memory for FW, va: 0xffffff802494a000, pa: 0x00000000a1000000, size: 0x5e0000, type: 1
01-01 08:00:58.781 0 0 D cnss : Memory for FW, va: 0xffffff801c71d000, pa: 0x00000000a1600000, size: 0xd8000, type: 4
01-01 08:00:58.785 0 0 D cnss : PM relax, state: 0x11, count: 0
01-01 08:00:58.788 0 0 D cnss : Received QMI WLFW FW memory ready indication
01-01 08:00:58.788 0 0 D cnss : Posting event: FW_MEM_READY(3), state: 0x11 flags: 0x0
01-01 08:00:58.788 0 0 D cnss : PM stay awake, state: 0x11, count: 1
01-01 08:00:58.788 0 0 D cnss : PM stay awake, state: 0x11, count: 1
01-01 08:00:58.788 0 0 D cnss : Processing driver event: FW_MEM_READY(3), state: 0x11
01-01 08:00:58.788 0 0 D cnss : Sending target capability message, state: 0x13
01-01 08:00:58.789 0 0 D cnss : PM relax, state: 0x11, count: 0
10-14 01:23:40.754 1151 1151 D SystemServerTiming: StartSliceManagerService took to complete: 11ms
10-14 01:23:40.754 1151 1151 I SystemServerTiming: StartStatsCompanion
01-01 08:00:58.801 0 0 D cnss : Voltage for CPR: 948mV
01-01 08:00:58.801 0 0 D cnss : Update TCS CMD data address 0x000000000b2e5844 with voltage 950mV
01-01 08:00:58.801 0 0 D cnss : Device frequency is 24000000 HZ
01-01 08:00:58.801 0 0 D cnss : Target capability: chip_id: 0x0, chip_family: 0xb, board_id: 0xff, soc_id: 0xffffffff, fw_version: 0x101a0521, fw_build_timestamp: 2021-12-20 07:54, fw_build_id: QC_IMAGE_VERSION_STRING=WLAN.HST.1.0.1.r1-01313-QCAHSTSWPL_SILICONZ-1, otp_version: 0x480020
01-01 08:00:58.801 0 0 D cnss : Sending BDF download message, state: 0x13, type: 4
01-01 08:00:58.801 0 0 D cnss : FW name added with prefix: qca6390/regdb.bin
01-01 08:00:58.802 0 0 W cnss2 b0000000.qcom,cnss-qca6390: Falling back to syfs fallback for: qca6390/regdb.bin
01-01 08:00:58.820 0 0 I ueventd : firmware: loading 'qca6390/regdb.bin' for '/devices/platform/soc/b0000000.qcom,cnss-qca6390/firmware/qca6390!regdb.bin'
10-14 01:23:40.789 1151 1151 I SystemServiceManager: Starting com.android.server.stats.StatsCompanion$Lifecycle
10-14 01:23:40.796 1151 1151 D SystemServerTiming: StartStatsCompanion took to complete: 43ms
10-14 01:23:40.797 1151 1151 I SystemServerTiming: StartRebootReadinessManagerService
10-14 01:23:40.805 1850 1850 F libc : Fatal signal 6 (SIGABRT), code -6 (SI_TKILL) in tid 1850 (android.hardwar), pid 1850 (android.hardwar)
01-01 08:00:58.823 0 0 E ueventd : firmware: could not find firmware for qca6390/regdb.bin
01-01 08:00:58.831 0 0 E ueventd : firmware: attempted /etc/firmware/qca6390/regdb.bin, open failed: No such file or directory
01-01 08:00:58.842 0 0 E ueventd : firmware: attempted /odm/firmware/qca6390/regdb.bin, open failed: No such file or directory
10-14 01:23:40.828 1151 1151 I SystemServiceManager: Starting com.android.server.scheduling.RebootReadinessManagerService$Lifecycle
01-01 08:00:58.853 0 0 E ueventd : firmware: attempted /vendor/firmware/qca6390/regdb.bin, open failed: No such file or directory
01-01 08:00:58.863 0 0 E ueventd : firmware: attempted /firmware/image/qca6390/regdb.bin, open failed: No such file or directory
10-14 01:23:40.837 1151 1151 D SystemServerTiming: StartRebootReadinessManagerService took to complete: 41ms
10-14 01:23:40.838 1151 1151 I SystemServerTiming: StartStatsPullAtomService
10-14 01:23:40.838 1151 1151 I SystemServiceManager: Starting com.android.server.stats.pull.StatsPullAtomService
10-14 01:23:40.838 1151 1151 D SystemServerTiming: StartStatsPullAtomService took to complete: 1ms
10-14 01:23:40.839 1151 1151 I SystemServerTiming: StartIncidentCompanionService
10-14 01:23:40.839 1151 1151 I SystemServiceManager: Starting com.android.server.incident.IncidentCompanionService
10-14 01:23:40.843 1151 1151 D SystemServerTiming: StartIncidentCompanionService took to complete: 4ms
10-14 01:23:40.843 1151 1151 I SystemServerTiming: StartMmsService
10-14 01:23:40.843 1151 1151 I SystemServiceManager: Starting com.android.server.MmsServiceBroker
10-14 01:23:40.844 1151 1151 D SystemServerTiming: StartMmsService took to complete: 2ms
10-14 01:23:40.844 1151 1151 I SystemServerTiming: StartAutoFillService
10-14 01:23:40.845 1151 1151 I SystemServiceManager: Starting com.android.server.autofill.AutofillManagerService
10-14 01:23:40.846 1151 1151 D AutofillManagerService: setLogLevelFromSettings(): level=2, debug=true, verbose=false
10-14 01:23:40.847 1151 1151 D AutofillManagerService: setMaxPartitionsFromSettings(): 10
10-14 01:23:40.847 1151 1151 D AutofillManagerService: setMaxVisibleDatasetsFromSettings(): 0
10-14 01:23:40.848 1151 1313 D AutofillUI: destroySaveUiUiThread(): already destroyed
10-14 01:23:40.848 1151 1151 D AutofillManagerServiceImpl: Reset component for user 0:
10-14 01:23:40.850 1151 1151 D SystemServerTiming: StartAutoFillService took to complete: 6ms
10-14 01:23:40.850 1151 1151 D SystemServer: TranslationService not defined by OEM
10-14 01:23:40.850 1151 1151 I SystemServerTiming: StartClipboardService
10-14 01:23:40.850 1151 1151 I SystemServiceManager: Starting com.android.server.clipboard.ClipboardService
01-01 08:00:58.874 0 0 E ueventd : firmware: attempted /vendor/firmware_mnt/image/qca6390/regdb.bin, open failed: No such file or directory
01-01 08:00:58.887 0 0 I ueventd : loading /devices/platform/soc/b0000000.qcom,cnss-qca6390/firmware/qca6390!regdb.bin took 66ms
10-14 01:23:40.857 1151 1151 D SystemServerTiming: StartClipboardService took to complete: 7ms
10-14 01:23:40.857 1151 1151 I SystemServerTiming: AppServiceManager
10-14 01:23:40.858 1151 1151 I SystemServiceManager: Starting com.android.server.appbinding.AppBindingService$Lifecycle
01-01 08:00:58.889 0 0 E cnss : Failed to load BDF: qca6390/regdb.bin
01-01 08:00:58.895 0 0 D cnss : Sending BDF download message, state: 0x13, type: 1
01-01 08:00:58.895 0 0 D cnss : FW name added with prefix: qca6390/bdwlan.elf
01-01 08:00:58.896 0 0 W cnss2 b0000000.qcom,cnss-qca6390: Falling back to syfs fallback for: qca6390/bdwlan.elf
10-14 01:23:40.860 1151 1151 D SystemServerTiming: AppServiceManager took to complete: 2ms
10-14 01:23:40.860 1151 1151 I SystemServerTiming: startTracingServiceProxy
10-14 01:23:40.860 1151 1151 I SystemServiceManager: Starting com.android.server.tracing.TracingServiceProxy
10-14 01:23:40.861 1151 1151 D SystemServerTiming: startTracingServiceProxy took to complete: 1ms
10-14 01:23:40.861 1151 1151 I SystemServerTiming: MakeLockSettingsServiceReady
10-14 01:23:40.875 1151 1151 I SyntheticPasswordManager: Device does not support weaver
10-14 01:23:40.877 1151 1151 I LockSettingsService: Device doesn't implement AuthSecret HAL
10-14 01:23:40.879 1151 1151 D SystemServerTiming: MakeLockSettingsServiceReady took to complete: 18ms
10-14 01:23:40.879 1151 1151 I SystemServerTiming: StartBootPhaseLockSettingsReady
10-14 01:23:40.879 1151 1151 I SystemServiceManager: Starting phase 480
10-14 01:23:40.879 1151 1151 I SystemServerTiming: OnBootPhase_480
10-14 01:23:40.879 1151 1151 I SystemServerTiming: OnBootPhase_480_com.android.server.security.FileIntegrityService
10-14 01:23:40.879 1151 1151 D SystemServerTiming: OnBootPhase_480_com.android.server.security.FileIntegrityService took to complete: 0ms
10-14 01:23:40.879 1151 1151 I SystemServerTiming: OnBootPhase_480_com.android.server.pm.Installer
10-14 01:23:40.879 1151 1151 D SystemServerTiming: OnBootPhase_480_com.android.server.pm.Installer took to complete: 0ms
10-14 01:23:40.879 1151 1151 I SystemServerTiming: OnBootPhase_480_com.android.server.os.DeviceIdentifiersPolicyService
10-14 01:23:40.879 1151 1151 D SystemServerTiming: OnBootPhase_480_com.android.server.os.DeviceIdentifiersPolicyService took to complete: 0ms
10-14 01:23:40.879 1151 1151 I SystemServerTiming: OnBootPhase_480_com.android.server.uri.UriGrantsManagerService$Lifecycle
10-14 01:23:40.879 1151 1151 D SystemServerTiming: OnBootPhase_480_com.android.server.uri.UriGrantsManagerService$Lifecycle took to complete: 0ms
10-14 01:23:40.879 1151 1151 I SystemServerTiming: OnBootPhase_480_com.android.server.powerstats.PowerStatsService
10-14 01:23:40.880 1151 1151 D SystemServerTiming: OnBootPhase_480_com.android.server.powerstats.PowerStatsService took to complete: 0ms
10-14 01:23:40.880 1151 1151 I SystemServerTiming: OnBootPhase_480_com.android.server.wm.ActivityTaskManagerService$Lifecycle
10-14 01:23:40.880 1151 1151 D SystemServerTiming: OnBootPhase_480_com.android.server.wm.ActivityTaskManagerService$Lifecycle took to complete: 0ms
10-14 01:23:40.880 1151 1151 I SystemServerTiming: OnBootPhase_480_com.android.server.am.ActivityManagerService$Lifecycle
10-14 01:23:40.880 1151 1151 D SystemServerTiming: OnBootPhase_480_com.android.server.am.ActivityManagerService$Lifecycle took to complete: 0ms
10-14 01:23:40.880 1151 1151 I SystemServerTiming: OnBootPhase_480_com.android.server.pm.DataLoaderManagerService
10-14 01:23:40.880 1151 1151 D SystemServerTiming: OnBootPhase_480_com.android.server.pm.DataLoaderManagerService took to complete: 0ms
10-14 01:23:40.880 1151 1151 I SystemServerTiming: OnBootPhase_480_com.android.server.power.PowerManagerService
10-14 01:23:40.880 1151 1151 D SystemServerTiming: OnBootPhase_480_com.android.server.power.PowerManagerService took to complete: 0ms
10-14 01:23:40.880 1151 1151 I SystemServerTiming: OnBootPhase_480_com.android.server.power.ThermalManagerService
10-14 01:23:40.880 1151 1151 D SystemServerTiming: OnBootPhase_480_com.android.server.power.ThermalManagerService took to complete: 0ms
10-14 01:23:40.880 1151 1151 I SystemServerTiming: OnBootPhase_480_com.android.server.power.hint.HintManagerService
10-14 01:23:40.880 1151 1151 D SystemServerTiming: OnBootPhase_480_com.android.server.power.hint.HintManagerService took to complete: 0ms
10-14 01:23:40.880 1151 1151 I SystemServerTiming: OnBootPhase_480_com.android.server.recoverysystem.RecoverySystemService$Lifecycle
10-14 01:23:40.881 1151 1151 D SystemServerTiming: OnBootPhase_480_com.android.server.recoverysystem.RecoverySystemService$Lifecycle took to complete: 0ms
10-14 01:23:40.881 1151 1151 I SystemServerTiming: OnBootPhase_480_com.android.server.lights.LightsService
10-14 01:23:40.881 1151 1151 D SystemServerTiming: OnBootPhase_480_com.android.server.lights.LightsService took to complete: 0ms
10-14 01:23:40.881 1151 1151 I SystemServerTiming: OnBootPhase_480_com.android.server.display.DisplayManagerService
10-14 01:23:40.881 1151 1151 D SystemServerTiming: OnBootPhase_480_com.android.server.display.DisplayManagerService took to complete: 0ms
10-14 01:23:40.881 1151 1151 I SystemServerTiming: OnBootPhase_480_com.android.server.pm.verify.domain.DomainVerificationService
10-14 01:23:40.882 1151 1151 D SystemServerTiming: OnBootPhase_480_com.android.server.pm.verify.domain.DomainVerificationService took to complete: 0ms
10-14 01:23:40.882 1151 1151 I SystemServerTiming: OnBootPhase_480_com.android.server.pm.PackageInstallerService$Lifecycle
10-14 01:23:40.882 1151 1151 D SystemServerTiming: OnBootPhase_480_com.android.server.pm.PackageInstallerService$Lifecycle took to complete: 0ms
10-14 01:23:40.882 1151 1151 I SystemServerTiming: OnBootPhase_480_com.android.server.pm.UserManagerService$LifeCycle
10-14 01:23:40.882 1151 1151 D SystemServerTiming: OnBootPhase_480_com.android.server.pm.UserManagerService$LifeCycle took to complete: 0ms
10-14 01:23:40.882 1151 1151 I SystemServerTiming: OnBootPhase_480_com.android.server.om.OverlayManagerService
10-14 01:23:40.882 1151 1151 D SystemServerTiming: OnBootPhase_480_com.android.server.om.OverlayManagerService took to complete: 0ms
10-14 01:23:40.882 1151 1151 I SystemServerTiming: OnBootPhase_480_com.android.server.SensorPrivacyService
10-14 01:23:40.882 1151 1151 D SystemServerTiming: OnBootPhase_480_com.android.server.SensorPrivacyService took to complete: 0ms
10-14 01:23:40.882 1151 1151 I SystemServerTiming: OnBootPhase_480_com.android.server.sensors.SensorService
10-14 01:23:40.882 1151 1151 D SystemServerTiming: OnBootPhase_480_com.android.server.sensors.SensorService took to complete: 0ms
10-14 01:23:40.882 1151 1151 I SystemServerTiming: OnBootPhase_480_com.android.server.SystemConfigService
10-14 01:23:40.883 1151 1151 D SystemServerTiming: OnBootPhase_480_com.android.server.SystemConfigService took to complete: 0ms
10-14 01:23:40.883 1151 1151 I SystemServerTiming: OnBootPhase_480_com.android.server.BatteryService
10-14 01:23:40.883 1151 1151 D SystemServerTiming: OnBootPhase_480_com.android.server.BatteryService took to complete: 0ms
10-14 01:23:40.883 1151 1151 I SystemServerTiming: OnBootPhase_480_com.android.server.usage.UsageStatsService
10-14 01:23:40.883 1151 1151 D SystemServerTiming: OnBootPhase_480_com.android.server.usage.UsageStatsService took to complete: 0ms
10-14 01:23:40.883 1151 1151 I SystemServerTiming: OnBootPhase_480_com.android.server.webkit.WebViewUpdateService
10-14 01:23:40.883 1151 1151 D SystemServerTiming: OnBootPhase_480_com.android.server.webkit.WebViewUpdateService took to complete: 0ms
10-14 01:23:40.883 1151 1151 I SystemServerTiming: OnBootPhase_480_com.android.server.CachedDeviceStateService
10-14 01:23:40.883 1151 1151 D SystemServerTiming: OnBootPhase_480_com.android.server.CachedDeviceStateService took to complete: 0ms
10-14 01:23:40.883 1151 1151 I SystemServerTiming: OnBootPhase_480_com.android.server.BinderCallsStatsService$LifeCycle
10-14 01:23:40.884 1151 1151 D SystemServerTiming: OnBootPhase_480_com.android.server.BinderCallsStatsService$LifeCycle took to complete: 0ms
10-14 01:23:40.884 1151 1151 I SystemServerTiming: OnBootPhase_480_com.android.server.LooperStatsService$Lifecycle
10-14 01:23:40.884 1151 1151 D SystemServerTiming: OnBootPhase_480_com.android.server.LooperStatsService$Lifecycle took to complete: 0ms
10-14 01:23:40.884 1151 1151 I SystemServerTiming: OnBootPhase_480_com.android.server.rollback.RollbackManagerService
10-14 01:23:40.884 1151 1151 D SystemServerTiming: OnBootPhase_480_com.android.server.rollback.RollbackManagerService took to complete: 0ms
10-14 01:23:40.884 1151 1151 I SystemServerTiming: OnBootPhase_480_com.android.server.os.NativeTombstoneManagerService
10-14 01:23:40.884 1151 1151 D SystemServerTiming: OnBootPhase_480_com.android.server.os.NativeTombstoneManagerService took to complete: 0ms
10-14 01:23:40.884 1151 1151 I SystemServerTiming: OnBootPhase_480_com.android.server.os.BugreportManagerService
10-14 01:23:40.884 1151 1151 D SystemServerTiming: OnBootPhase_480_com.android.server.os.BugreportManagerService took to complete: 0ms
10-14 01:23:40.884 1151 1151 I SystemServerTiming: OnBootPhase_480_com.android.server.gpu.GpuService
10-14 01:23:40.884 1151 1151 D SystemServerTiming: OnBootPhase_480_com.android.server.gpu.GpuService took to complete: 0ms
10-14 01:23:40.884 1151 1151 I SystemServerTiming: OnBootPhase_480_com.android.server.security.KeyChainSystemService
10-14 01:23:40.884 1151 1151 D SystemServerTiming: OnBootPhase_480_com.android.server.security.KeyChainSystemService took to complete: 0ms
10-14 01:23:40.885 1151 1151 I SystemServerTiming: OnBootPhase_480_com.android.server.telecom.TelecomLoaderService
10-14 01:23:40.885 1151 1151 D SystemServerTiming: OnBootPhase_480_com.android.server.telecom.TelecomLoaderService took to complete: 0ms
10-14 01:23:40.885 1151 1151 I SystemServerTiming: OnBootPhase_480_com.android.server.accounts.AccountManagerService$Lifecycle
10-14 01:23:40.885 1151 1151 D SystemServerTiming: OnBootPhase_480_com.android.server.accounts.AccountManagerService$Lifecycle took to complete: 0ms
10-14 01:23:40.885 1151 1151 I SystemServerTiming: OnBootPhase_480_com.android.server.content.ContentService$Lifecycle
10-14 01:23:40.885 1151 1151 D SystemServerTiming: OnBootPhase_480_com.android.server.content.ContentService$Lifecycle took to complete: 0ms
10-14 01:23:40.885 1151 1151 I SystemServerTiming: OnBootPhase_480_com.android.server.DropBoxManagerService
10-14 01:23:40.885 1151 1151 D SystemServerTiming: OnBootPhase_480_com.android.server.DropBoxManagerService took to complete: 0ms
10-14 01:23:40.885 1151 1151 I SystemServerTiming: OnBootPhase_480_com.android.role.RoleService
10-14 01:23:40.885 1151 1151 D SystemServerTiming: OnBootPhase_480_com.android.role.RoleService took to complete: 0ms
10-14 01:23:40.885 1151 1151 I SystemServerTiming: OnBootPhase_480_com.android.server.vibrator.VibratorManagerService$Lifecycle
10-14 01:23:40.885 1151 1151 D SystemServerTiming: OnBootPhase_480_com.android.server.vibrator.VibratorManagerService$Lifecycle took to complete: 0ms
01-01 08:00:58.917 0 0 I ueventd : firmware: loading 'qca6390/bdwlan.elf' for '/devices/platform/soc/b0000000.qcom,cnss-qca6390/firmware/qca6390!bdwlan.elf'
10-14 01:23:40.886 1151 1151 I SystemServerTiming: OnBootPhase_480_com.android.server.alarm.AlarmManagerService
10-14 01:23:40.886 1151 1151 D SystemServerTiming: OnBootPhase_480_com.android.server.alarm.AlarmManagerService took to complete: 0ms
10-14 01:23:40.886 1151 1151 I SystemServerTiming: OnBootPhase_480_com.android.server.devicestate.DeviceStateManagerService
10-14 01:23:40.886 1151 1151 D SystemServerTiming: OnBootPhase_480_com.android.server.devicestate.DeviceStateManagerService took to complete: 0ms
10-14 01:23:40.886 1151 1151 I SystemServerTiming: OnBootPhase_480_com.android.server.camera.CameraServiceProxy
10-14 01:23:40.886 1151 1151 D SystemServerTiming: OnBootPhase_480_com.android.server.camera.CameraServiceProxy took to complete: 0ms
10-14 01:23:40.886 1151 1151 I SystemServerTiming: OnBootPhase_480_com.android.server.BluetoothService
10-14 01:23:40.886 1151 1151 D SystemServerTiming: OnBootPhase_480_com.android.server.BluetoothService took to complete: 0ms
10-14 01:23:40.886 1151 1151 I SystemServerTiming: OnBootPhase_480_com.android.server.connectivity.IpConnectivityMetrics
10-14 01:23:40.886 1151 1151 D SystemServerTiming: OnBootPhase_480_com.android.server.connectivity.IpConnectivityMetrics took to complete: 0ms
10-14 01:23:40.886 1151 1151 I SystemServerTiming: OnBootPhase_480_com.android.server.net.watchlist.NetworkWatchlistService$Lifecycle
10-14 01:23:40.886 1151 1151 D SystemServerTiming: OnBootPhase_480_com.android.server.net.watchlist.NetworkWatchlistService$Lifecycle took to complete: 0ms
10-14 01:23:40.886 1151 1151 I SystemServerTiming: OnBootPhase_480_com.android.server.PinnerService
10-14 01:23:40.886 1151 1151 D SystemServerTiming: OnBootPhase_480_com.android.server.PinnerService took to complete: 0ms
10-14 01:23:40.887 1151 1151 I SystemServerTiming: OnBootPhase_480_com.google.android.startop.iorap.IorapForwardingService
10-14 01:23:40.887 1151 1151 D SystemServerTiming: OnBootPhase_480_com.google.android.startop.iorap.IorapForwardingService took to complete: 0ms
10-14 01:23:40.887 1151 1151 I SystemServerTiming: OnBootPhase_480_com.android.server.ActivityTriggerService
10-14 01:23:40.887 1151 1151 D SystemServerTiming: OnBootPhase_480_com.android.server.ActivityTriggerService took to complete: 0ms
10-14 01:23:40.887 1151 1151 I SystemServerTiming: OnBootPhase_480_com.android.server.integrity.AppIntegrityManagerService
10-14 01:23:40.887 1151 1151 D SystemServerTiming: OnBootPhase_480_com.android.server.integrity.AppIntegrityManagerService took to complete: 0ms
10-14 01:23:40.887 1151 1151 I SystemServerTiming: OnBootPhase_480_com.android.server.inputmethod.InputMethodManagerService$Lifecycle
10-14 01:23:40.887 1151 1151 D SystemServerTiming: OnBootPhase_480_com.android.server.inputmethod.InputMethodManagerService$Lifecycle took to complete: 0ms
10-14 01:23:40.887 1151 1151 I SystemServerTiming: OnBootPhase_480_com.android.server.accessibility.AccessibilityManagerService$Lifecycle
10-14 01:23:40.887 1151 1151 D SystemServerTiming: OnBootPhase_480_com.android.server.accessibility.AccessibilityManagerService$Lifecycle took to complete: 0ms
10-14 01:23:40.887 1151 1151 I SystemServerTiming: OnBootPhase_480_com.android.server.StorageManagerService$Lifecycle
10-14 01:23:40.887 1151 1151 D SystemServerTiming: OnBootPhase_480_com.android.server.StorageManagerService$Lifecycle took to complete: 0ms
10-14 01:23:40.887 1151 1151 I SystemServerTiming: OnBootPhase_480_com.android.server.usage.StorageStatsService$Lifecycle
10-14 01:23:40.887 1151 1151 D SystemServerTiming: OnBootPhase_480_com.android.server.usage.StorageStatsService$Lifecycle took to complete: 0ms
10-14 01:23:40.888 1151 1151 I SystemServerTiming: OnBootPhase_480_com.android.server.UiModeManagerService
10-14 01:23:40.888 1151 1151 D SystemServerTiming: OnBootPhase_480_com.android.server.UiModeManagerService took to complete: 0ms
10-14 01:23:40.888 1151 1151 I SystemServerTiming: OnBootPhase_480_com.android.server.locksettings.LockSettingsService$Lifecycle
10-14 01:23:40.888 1151 1151 D SystemServerTiming: OnBootPhase_480_com.android.server.locksettings.LockSettingsService$Lifecycle took to complete: 0ms
10-14 01:23:40.888 1151 1151 I SystemServerTiming: OnBootPhase_480_com.android.server.PersistentDataBlockService
10-14 01:23:40.888 1151 1151 D SystemServerTiming: OnBootPhase_480_com.android.server.PersistentDataBlockService took to complete: 0ms
10-14 01:23:40.888 1151 1151 I SystemServerTiming: OnBootPhase_480_com.android.server.testharness.TestHarnessModeService
10-14 01:23:40.888 1151 1151 D SystemServerTiming: OnBootPhase_480_com.android.server.testharness.TestHarnessModeService took to complete: 0ms
10-14 01:23:40.888 1151 1151 I SystemServerTiming: OnBootPhase_480_com.android.server.oemlock.OemLockService
10-14 01:23:40.888 1151 1151 D SystemServerTiming: OnBootPhase_480_com.android.server.oemlock.OemLockService took to complete: 0ms
10-14 01:23:40.888 1151 1151 I SystemServerTiming: OnBootPhase_480_com.android.server.DeviceIdleController
10-14 01:23:40.888 1151 1151 D SystemServerTiming: OnBootPhase_480_com.android.server.DeviceIdleController took to complete: 0ms
10-14 01:23:40.888 1151 1151 I SystemServerTiming: OnBootPhase_480_com.android.server.devicepolicy.DevicePolicyManagerService$Lifecycle
01-01 08:00:58.922 0 0 I ueventd : loading /devices/platform/soc/b0000000.qcom,cnss-qca6390/firmware/qca6390!bdwlan.elf took 5ms
10-14 01:23:40.893 1151 1151 I DevicePolicyManager: Current version 2, latest version 2, not upgrading.
01-01 08:00:58.926 0 0 D cnss : Downloading BDF: qca6390/bdwlan.elf, size: 57908
10-14 01:23:40.902 1151 1151 D SystemServerTiming: OnBootPhase_480_com.android.server.devicepolicy.DevicePolicyManagerService$Lifecycle took to complete: 13ms
10-14 01:23:40.902 1151 1151 I SystemServerTiming: OnBootPhase_480_com.android.server.texttospeech.TextToSpeechManagerService
10-14 01:23:40.902 1151 1151 D SystemServerTiming: OnBootPhase_480_com.android.server.texttospeech.TextToSpeechManagerService took to complete: 0ms
10-14 01:23:40.903 1151 1758 I SystemServerTimingAsync: InitThreadPoolExec:DevicePolicyManager
10-14 01:23:40.903 1151 1758 D SystemServerInitThreadPool: Started executing DevicePolicyManager
10-14 01:23:40.903 1151 1151 I SystemServerTiming: OnBootPhase_480_com.android.server.speech.SpeechRecognitionManagerService
10-14 01:23:40.903 1151 1151 D SystemServerTiming: OnBootPhase_480_com.android.server.speech.SpeechRecognitionManagerService took to complete: 0ms
10-14 01:23:40.903 1151 1151 I SystemServerTiming: OnBootPhase_480_com.android.server.searchui.SearchUiManagerService
10-14 01:23:40.903 1151 1151 D SystemServerTiming: OnBootPhase_480_com.android.server.searchui.SearchUiManagerService took to complete: 0ms
10-14 01:23:40.903 1151 1151 I SystemServerTiming: OnBootPhase_480_com.android.server.smartspace.SmartspaceManagerService
10-14 01:23:40.904 1151 1151 D SystemServerTiming: OnBootPhase_480_com.android.server.smartspace.SmartspaceManagerService took to complete: 0ms
10-14 01:23:40.904 1151 1151 I SystemServerTiming: OnBootPhase_480_com.android.server.graphics.fonts.FontManagerService$Lifecycle
10-14 01:23:40.904 1151 1758 D SystemServerInitThreadPool: Finished executing DevicePolicyManager
10-14 01:23:40.904 1151 1758 D SystemServerTimingAsync: InitThreadPoolExec:DevicePolicyManager took to complete: 1ms
10-14 01:23:40.904 1151 1151 D SystemServerTiming: OnBootPhase_480_com.android.server.graphics.fonts.FontManagerService$Lifecycle took to complete: 0ms
10-14 01:23:40.904 1151 1151 I SystemServerTiming: OnBootPhase_480_com.android.server.textservices.TextServicesManagerService$Lifecycle
10-14 01:23:40.904 1151 1151 D SystemServerTiming: OnBootPhase_480_com.android.server.textservices.TextServicesManagerService$Lifecycle took to complete: 0ms
10-14 01:23:40.904 1151 1151 I SystemServerTiming: OnBootPhase_480_com.android.server.textclassifier.TextClassificationManagerService$Lifecycle
10-14 01:23:40.904 1151 1151 D SystemServerTiming: OnBootPhase_480_com.android.server.textclassifier.TextClassificationManagerService$Lifecycle took to complete: 0ms
10-14 01:23:40.904 1151 1151 I SystemServerTiming: OnBootPhase_480_com.android.server.NetworkScoreService$Lifecycle
10-14 01:23:40.904 1151 1151 D SystemServerTiming: OnBootPhase_480_com.android.server.NetworkScoreService$Lifecycle took to complete: 0ms
10-14 01:23:40.904 1151 1151 I SystemServerTiming: OnBootPhase_480_com.android.server.wifi.WifiService
10-14 01:23:40.904 1151 1151 D SystemServerTiming: OnBootPhase_480_com.android.server.wifi.WifiService took to complete: 0ms
10-14 01:23:40.905 1151 1151 I SystemServerTiming: OnBootPhase_480_com.android.server.wifi.scanner.WifiScanningService
10-14 01:23:40.905 1151 1151 D SystemServerTiming: OnBootPhase_480_com.android.server.wifi.scanner.WifiScanningService took to complete: 0ms
10-14 01:23:40.905 1151 1151 I SystemServerTiming: OnBootPhase_480_com.android.server.wifi.rtt.RttService
10-14 01:23:40.905 1151 1151 D SystemServerTiming: OnBootPhase_480_com.android.server.wifi.rtt.RttService took to complete: 0ms
10-14 01:23:40.905 1151 1151 I SystemServerTiming: OnBootPhase_480_com.android.server.wifi.aware.WifiAwareService
10-14 01:23:40.905 1151 1151 D SystemServerTiming: OnBootPhase_480_com.android.server.wifi.aware.WifiAwareService took to complete: 0ms
10-14 01:23:40.905 1151 1151 I SystemServerTiming: OnBootPhase_480_com.android.server.wifi.p2p.WifiP2pService
10-14 01:23:40.905 1151 1151 D SystemServerTiming: OnBootPhase_480_com.android.server.wifi.p2p.WifiP2pService took to complete: 0ms
10-14 01:23:40.906 1151 1151 I SystemServerTiming: OnBootPhase_480_com.android.server.ethernet.EthernetService
10-14 01:23:40.906 1151 1151 D SystemServerTiming: OnBootPhase_480_com.android.server.ethernet.EthernetService took to complete: 0ms
10-14 01:23:40.906 1151 1151 I SystemServerTiming: OnBootPhase_480_com.android.server.ConnectivityServiceInitializer
10-14 01:23:40.906 1151 1151 D SystemServerTiming: OnBootPhase_480_com.android.server.ConnectivityServiceInitializer took to complete: 0ms
10-14 01:23:40.906 1151 1151 I SystemServerTiming: OnBootPhase_480_com.android.server.notification.NotificationManagerService
10-14 01:23:40.906 1151 1151 D SystemServerTiming: OnBootPhase_480_com.android.server.notification.NotificationManagerService took to complete: 0ms
10-14 01:23:40.906 1151 1151 I SystemServerTiming: OnBootPhase_480_com.android.server.storage.DeviceStorageMonitorService
10-14 01:23:40.906 1151 1151 D SystemServerTiming: OnBootPhase_480_com.android.server.storage.DeviceStorageMonitorService took to complete: 0ms
10-14 01:23:40.906 1151 1151 I SystemServerTiming: OnBootPhase_480_com.android.server.location.LocationManagerService$Lifecycle
10-14 01:23:40.906 1151 1151 D SystemServerTiming: OnBootPhase_480_com.android.server.location.LocationManagerService$Lifecycle took to complete: 0ms
10-14 01:23:40.906 1151 1151 I SystemServerTiming: OnBootPhase_480_com.android.server.timedetector.TimeDetectorService$Lifecycle
10-14 01:23:40.906 1151 1151 D SystemServerTiming: OnBootPhase_480_com.android.server.timedetector.TimeDetectorService$Lifecycle took to complete: 0ms
10-14 01:23:40.907 1151 1151 I SystemServerTiming: OnBootPhase_480_com.android.server.timezonedetector.TimeZoneDetectorService$Lifecycle
10-14 01:23:40.907 1151 1151 D SystemServerTiming: OnBootPhase_480_com.android.server.timezonedetector.TimeZoneDetectorService$Lifecycle took to complete: 0ms
10-14 01:23:40.907 1151 1151 I SystemServerTiming: OnBootPhase_480_com.android.server.timezonedetector.location.LocationTimeZoneManagerService$Lifecycle
10-14 01:23:40.907 1151 1151 D SystemServerTiming: OnBootPhase_480_com.android.server.timezonedetector.location.LocationTimeZoneManagerService$Lifecycle took to complete: 0ms
10-14 01:23:40.907 1151 1151 I SystemServerTiming: OnBootPhase_480_com.android.server.search.SearchManagerService$Lifecycle
10-14 01:23:40.907 1151 1151 D SystemServerTiming: OnBootPhase_480_com.android.server.search.SearchManagerService$Lifecycle took to complete: 0ms
10-14 01:23:40.907 1151 1151 I SystemServerTiming: OnBootPhase_480_com.android.server.wallpaper.WallpaperManagerService$Lifecycle
10-14 01:23:40.907 1151 1151 D SystemServerTiming: OnBootPhase_480_com.android.server.wallpaper.WallpaperManagerService$Lifecycle took to complete: 0ms
10-14 01:23:40.907 1151 1151 I SystemServerTiming: OnBootPhase_480_com.android.server.audio.AudioService$Lifecycle
10-14 01:23:40.907 1151 1151 D SystemServerTiming: OnBootPhase_480_com.android.server.audio.AudioService$Lifecycle took to complete: 0ms
10-14 01:23:40.907 1151 1151 I SystemServerTiming: OnBootPhase_480_com.android.server.soundtrigger_middleware.SoundTriggerMiddlewareService$Lifecycle
10-14 01:23:40.907 1151 1151 D SystemServerTiming: OnBootPhase_480_com.android.server.soundtrigger_middleware.SoundTriggerMiddlewareService$Lifecycle took to complete: 0ms
10-14 01:23:40.907 1151 1151 I SystemServerTiming: OnBootPhase_480_com.android.server.DockObserver
10-14 01:23:40.908 1151 1151 D SystemServerTiming: OnBootPhase_480_com.android.server.DockObserver took to complete: 0ms
10-14 01:23:40.908 1151 1151 I SystemServerTiming: OnBootPhase_480_com.android.server.midi.MidiService$Lifecycle
10-14 01:23:40.908 1151 1151 D SystemServerTiming: OnBootPhase_480_com.android.server.midi.MidiService$Lifecycle took to complete: 0ms
10-14 01:23:40.908 1151 1151 I SystemServerTiming: OnBootPhase_480_com.android.server.adb.AdbService$Lifecycle
10-14 01:23:40.908 1151 1151 D SystemServerTiming: OnBootPhase_480_com.android.server.adb.AdbService$Lifecycle took to complete: 0ms
10-14 01:23:40.908 1151 1151 I SystemServerTiming: OnBootPhase_480_com.android.server.usb.UsbService$Lifecycle
10-14 01:23:40.908 1151 1151 D SystemServerTiming: OnBootPhase_480_com.android.server.usb.UsbService$Lifecycle took to complete: 0ms
10-14 01:23:40.908 1151 1151 I SystemServerTiming: OnBootPhase_480_com.android.server.twilight.TwilightService
