10-14 01:23:41.394 1151 1322 I SystemServerTimingAsync: InitThreadPoolExec:Update app-ops uidState in case package com.android.providers.contacts changed
10-14 01:23:41.394 1151 1792 D SystemServerInitThreadPool: Finished executing Update app-ops uidState in case package com.qualcomm.qti.workloadclassifier changed
10-14 01:23:41.394 1151 1772 D SystemServerTimingAsync: InitThreadPoolExec:Update app-ops uidState in case package com.android.bluetooth changed took to complete: 1ms
10-14 01:23:41.394 1151 1812 D SystemServerTimingAsync: InitThreadPoolExec:Update app-ops uidState in case package com.qualcomm.qtil.aptxui changed took to complete: 3ms
10-14 01:23:41.394 1151 1772 I SystemServerTimingAsync: InitThreadPoolExec:Update app-ops uidState in case package com.thundercomm.tcsetupWizard changed
10-14 01:23:41.394 1151 1772 D SystemServerInitThreadPool: Started executing Update app-ops uidState in case package com.thundercomm.tcsetupWizard changed
10-14 01:23:41.395 1151 1812 I SystemServerTimingAsync: InitThreadPoolExec:Update app-ops uidState in case package android changed
10-14 01:23:41.395 1151 1812 D SystemServerInitThreadPool: Started executing Update app-ops uidState in case package android changed
10-14 01:23:41.395 1151 1772 D SystemServerInitThreadPool: Finished executing Update app-ops uidState in case package com.thundercomm.tcsetupWizard changed
10-14 01:23:41.395 1151 1812 D SystemServerInitThreadPool: Finished executing Update app-ops uidState in case package android changed
10-14 01:23:41.395 1151 1772 D SystemServerTimingAsync: InitThreadPoolExec:Update app-ops uidState in case package com.thundercomm.tcsetupWizard changed took to complete: 0ms
10-14 01:23:41.395 1151 1812 D SystemServerTimingAsync: InitThreadPoolExec:Update app-ops uidState in case package android changed took to complete: 0ms
10-14 01:23:41.395 1151 1772 I SystemServerTimingAsync: InitThreadPoolExec:Update app-ops uidState in case package com.qualcomm.qti.xrvd.service changed
10-14 01:23:41.395 1151 1812 I SystemServerTimingAsync: InitThreadPoolExec:Update app-ops uidState in case package com.android.server.telecom changed
10-14 01:23:41.396 1151 1771 D SystemServerTimingAsync: InitThreadPoolExec:Update app-ops uidState in case package com.android.deskclock changed took to complete: 2ms
10-14 01:23:41.396 1151 1771 I SystemServerTimingAsync: InitThreadPoolExec:Update app-ops uidState in case package com.thundercomm.mcuupgrade changed
10-14 01:23:41.396 1151 1771 D SystemServerInitThreadPool: Started executing Update app-ops uidState in case package com.thundercomm.mcuupgrade changed
10-14 01:23:41.396 1151 1771 D SystemServerInitThreadPool: Finished executing Update app-ops uidState in case package com.thundercomm.mcuupgrade changed
10-14 01:23:41.396 1151 1771 D SystemServerTimingAsync: InitThreadPoolExec:Update app-ops uidState in case package com.thundercomm.mcuupgrade changed took to complete: 0ms
10-14 01:23:41.396 1151 1771 I SystemServerTimingAsync: InitThreadPoolExec:Update app-ops uidState in case package com.android.settings changed
10-14 01:23:41.396 1151 1771 D SystemServerInitThreadPool: Started executing Update app-ops uidState in case package com.android.settings changed
10-14 01:23:41.396 1151 1771 D SystemServerInitThreadPool: Finished executing Update app-ops uidState in case package com.android.settings changed
10-14 01:23:41.396 1151 1771 D SystemServerTimingAsync: InitThreadPoolExec:Update app-ops uidState in case package com.android.settings changed took to complete: 0ms
10-14 01:23:41.398 1151 1736 I SystemServerTimingAsync: InitThreadPoolExec:Update app-ops uidState in case package com.android.shell changed
10-14 01:23:41.398 1151 1736 D SystemServerInitThreadPool: Started executing Update app-ops uidState in case package com.android.shell changed
10-14 01:23:41.398 1151 1736 D SystemServerInitThreadPool: Finished executing Update app-ops uidState in case package com.android.shell changed
10-14 01:23:41.398 1151 1736 D SystemServerTimingAsync: InitThreadPoolExec:Update app-ops uidState in case package com.android.shell changed took to complete: 1ms
10-14 01:23:41.402 1151 1792 D SystemServerTimingAsync: InitThreadPoolExec:Update app-ops uidState in case package com.qualcomm.qti.workloadclassifier changed took to complete: 5ms
10-14 01:23:41.402 1151 1758 D SystemServerTimingAsync: InitThreadPoolExec:Update app-ops uidState in case package com.qti.ltebc changed took to complete: 1ms
10-14 01:23:41.403 1151 1772 D SystemServerInitThreadPool: Started executing Update app-ops uidState in case package com.qualcomm.qti.xrvd.service changed
10-14 01:23:41.403 1151 1772 D SystemServerInitThreadPool: Finished executing Update app-ops uidState in case package com.qualcomm.qti.xrvd.service changed
10-14 01:23:41.403 1151 1772 D SystemServerTimingAsync: InitThreadPoolExec:Update app-ops uidState in case package com.qualcomm.qti.xrvd.service changed took to complete: 7ms
10-14 01:23:41.403 1151 1812 D SystemServerInitThreadPool: Started executing Update app-ops uidState in case package com.android.server.telecom changed
10-14 01:23:41.404 1151 1819 D SystemServerTimingAsync: InitThreadPoolExec:Update app-ops uidState in case package com.android.systemui changed took to complete: 4ms
10-14 01:23:41.404 1151 1151 D SystemServerTiming: controllersReady took to complete: 12ms
10-14 01:23:41.405 1151 1322 D SystemServerInitThreadPool: Started executing Update app-ops uidState in case package com.android.providers.contacts changed
10-14 01:23:41.406 1151 1322 D SystemServerInitThreadPool: Finished executing Update app-ops uidState in case package com.android.providers.contacts changed
10-14 01:23:41.406 1151 1322 D SystemServerTimingAsync: InitThreadPoolExec:Update app-ops uidState in case package com.android.providers.contacts changed took to complete: 11ms
10-14 01:23:41.407 1151 1151 I SystemServerTiming: killProcesses
10-14 01:23:41.407 1151 1151 D SystemServerTiming: killProcesses took to complete: 0ms
10-14 01:23:41.408 1151 1151 I ActivityManager: System now ready
10-14 01:23:41.408 1151 1151 I boot_progress_ams_ready: 52464
10-14 01:23:41.408 1151 1151 I SystemServerTiming: updateTopComponentForFactoryTest
10-14 01:23:41.408 1151 1812 D SystemServerInitThreadPool: Finished executing Update app-ops uidState in case package com.android.server.telecom changed
10-14 01:23:41.408 1151 1812 D SystemServerTimingAsync: InitThreadPoolExec:Update app-ops uidState in case package com.android.server.telecom changed took to complete: 12ms
10-14 01:23:41.408 1151 1151 D SystemServerTiming: updateTopComponentForFactoryTest took to complete: 1ms
10-14 01:23:41.409 1151 1151 I SystemServerTiming: registerActivityLaunchObserver
10-14 01:23:41.409 1151 1151 D SystemServerTiming: registerActivityLaunchObserver took to complete: 0ms
10-14 01:23:41.409 1151 1151 I SystemServerTiming: watchDeviceProvisioning
10-14 01:23:41.434 1151 1151 D SystemServerTiming: watchDeviceProvisioning took to complete: 25ms
10-14 01:23:41.434 1151 1151 I SystemServerTiming: retrieveSettings
10-14 01:23:41.439 1151 1151 I configuration_changed: 268435456
10-14 01:23:41.440 1151 1151 I ActivityTaskManager: Config changes=10000000 {1.0 ?mcc?mnc [zh_CN] ldltr sw680dp w1586dp h608dp 240dpi lrg long land finger -keyb/v/h -nav/h winConfig={ mBounds=Rect(0, 0 - 2380, 1020) mAppBounds=Rect(0, 0 - 2380, 948) mMaxBounds=Rect(0, 0 - 2380, 1020) mWindowingMode=fullscreen mDisplayWindowingMode=fullscreen mActivityType=undefined mAlwaysOnTop=undefined mRotation=ROTATION_0} s.8 fontWeightAdjustment=0}
10-14 01:23:41.442 1151 1151 I WindowManager: Override config changes=10000000 {1.0 ?mcc?mnc [zh_CN] ldltr sw680dp w1586dp h608dp 240dpi lrg long land finger -keyb/v/h -nav/h winConfig={ mBounds=Rect(0, 0 - 2380, 1020) mAppBounds=Rect(0, 0 - 2380, 948) mMaxBounds=Rect(0, 0 - 2380, 1020) mWindowingMode=fullscreen mDisplayWindowingMode=fullscreen mActivityType=undefined mAlwaysOnTop=undefined mRotation=ROTATION_0} s.8 fontWeightAdjustment=0} for displayId=0
01-01 08:00:59.466 0 0 E [kworke][0x4332f250][01:23:41.432492] wlan: [276:E:QDF] cds_get_context: 1486: Module ID 66 context is Null
10-14 01:23:41.449 1151 1151 D SystemServerTiming: retrieveSettings took to complete: 16ms
10-14 01:23:41.449 1151 1151 I SystemServerTiming: Ugm.onSystemReady
10-14 01:23:41.451 1151 1151 D SystemServerTiming: Ugm.onSystemReady took to complete: 1ms
10-14 01:23:41.451 1151 1151 I SystemServerTiming: updateForceBackgroundCheck
10-14 01:23:41.451 1151 1151 D SystemServerTiming: updateForceBackgroundCheck took to complete: 0ms
10-14 01:23:41.452 1151 1151 I SystemServer: Making services ready
10-14 01:23:41.452 1151 1151 I SystemServerTiming: StartActivityManagerReadyPhase
10-14 01:23:41.452 1151 1151 I SystemServiceManager: Starting phase 550
10-14 01:23:41.452 1151 1151 I SystemServerTiming: OnBootPhase_550
10-14 01:23:41.452 1151 1151 I SystemServerTiming: OnBootPhase_550_com.android.server.security.FileIntegrityService
10-14 01:23:41.452 1151 1151 D SystemServerTiming: OnBootPhase_550_com.android.server.security.FileIntegrityService took to complete: 0ms
10-14 01:23:41.452 1151 1151 I SystemServerTiming: OnBootPhase_550_com.android.server.pm.Installer
10-14 01:23:41.452 1151 1151 D SystemServerTiming: OnBootPhase_550_com.android.server.pm.Installer took to complete: 0ms
10-14 01:23:41.452 1151 1151 I SystemServerTiming: OnBootPhase_550_com.android.server.os.DeviceIdentifiersPolicyService
10-14 01:23:41.452 1151 1151 D SystemServerTiming: OnBootPhase_550_com.android.server.os.DeviceIdentifiersPolicyService took to complete: 0ms
10-14 01:23:41.453 1151 1151 I SystemServerTiming: OnBootPhase_550_com.android.server.uri.UriGrantsManagerService$Lifecycle
10-14 01:23:41.453 1151 1151 D SystemServerTiming: OnBootPhase_550_com.android.server.uri.UriGrantsManagerService$Lifecycle took to complete: 0ms
10-14 01:23:41.453 1151 1151 I SystemServerTiming: OnBootPhase_550_com.android.server.powerstats.PowerStatsService
10-14 01:23:41.453 1151 1151 D SystemServerTiming: OnBootPhase_550_com.android.server.powerstats.PowerStatsService took to complete: 0ms
10-14 01:23:41.453 1151 1151 I SystemServerTiming: OnBootPhase_550_com.android.server.wm.ActivityTaskManagerService$Lifecycle
10-14 01:23:41.453 1151 1151 D SystemServerTiming: OnBootPhase_550_com.android.server.wm.ActivityTaskManagerService$Lifecycle took to complete: 0ms
10-14 01:23:41.453 1151 1151 I SystemServerTiming: OnBootPhase_550_com.android.server.am.ActivityManagerService$Lifecycle
10-14 01:23:41.454 1151 1151 D SystemServerTiming: OnBootPhase_550_com.android.server.am.ActivityManagerService$Lifecycle took to complete: 1ms
10-14 01:23:41.454 1151 1151 I SystemServerTiming: OnBootPhase_550_com.android.server.pm.DataLoaderManagerService
10-14 01:23:41.454 1151 1151 D SystemServerTiming: OnBootPhase_550_com.android.server.pm.DataLoaderManagerService took to complete: 0ms
10-14 01:23:41.454 1151 1151 I SystemServerTiming: OnBootPhase_550_com.android.server.power.PowerManagerService
10-14 01:23:41.454 1151 1151 D SystemServerTiming: OnBootPhase_550_com.android.server.power.PowerManagerService took to complete: 1ms
10-14 01:23:41.454 1151 1151 I SystemServerTiming: OnBootPhase_550_com.android.server.power.ThermalManagerService
10-14 01:23:41.461 1151 1151 I ThermalHalWrapper: Thermal HAL 2.0 service connected.
10-14 01:23:41.461 1151 1151 E ThermalHalWrapper: Couldn't get temperatures because of HAL error: ThermalHAL not initialized properly.
10-14 01:23:41.461 1151 1151 W ThermalManagerService: Thermal HAL reported invalid data, abort connection
10-14 01:23:41.462 1151 1151 E ThermalHalWrapper: Couldn't get temperature thresholds because of HAL error: ThermalHAL not initialized properly.
10-14 01:23:41.462 1151 1151 D SystemServerTiming: OnBootPhase_550_com.android.server.power.ThermalManagerService took to complete: 7ms
10-14 01:23:41.462 1151 1151 I SystemServerTiming: OnBootPhase_550_com.android.server.power.hint.HintManagerService
10-14 01:23:41.462 1151 1151 D SystemServerTiming: OnBootPhase_550_com.android.server.power.hint.HintManagerService took to complete: 0ms
10-14 01:23:41.462 1151 1151 I SystemServerTiming: OnBootPhase_550_com.android.server.recoverysystem.RecoverySystemService$Lifecycle
10-14 01:23:41.462 1151 1151 D SystemServerTiming: OnBootPhase_550_com.android.server.recoverysystem.RecoverySystemService$Lifecycle took to complete: 0ms
10-14 01:23:41.462 1151 1151 I SystemServerTiming: OnBootPhase_550_com.android.server.lights.LightsService
10-14 01:23:41.462 1151 1151 D SystemServerTiming: OnBootPhase_550_com.android.server.lights.LightsService took to complete: 0ms
10-14 01:23:41.462 1151 1151 I SystemServerTiming: OnBootPhase_550_com.android.server.display.DisplayManagerService
10-14 01:23:41.462 1151 1151 D SystemServerTiming: OnBootPhase_550_com.android.server.display.DisplayManagerService took to complete: 0ms
10-14 01:23:41.463 1151 1151 I SystemServerTiming: OnBootPhase_550_com.android.server.pm.verify.domain.DomainVerificationService
10-14 01:23:41.463 1151 1151 D SystemServerTiming: OnBootPhase_550_com.android.server.pm.verify.domain.DomainVerificationService took to complete: 0ms
10-14 01:23:41.463 1151 1151 I SystemServerTiming: OnBootPhase_550_com.android.server.pm.PackageInstallerService$Lifecycle
10-14 01:23:41.463 1151 1151 D SystemServerTiming: OnBootPhase_550_com.android.server.pm.PackageInstallerService$Lifecycle took to complete: 0ms
10-14 01:23:41.463 1151 1151 I SystemServerTiming: OnBootPhase_550_com.android.server.pm.UserManagerService$LifeCycle
10-14 01:23:41.463 1151 1151 D SystemServerTiming: OnBootPhase_550_com.android.server.pm.UserManagerService$LifeCycle took to complete: 0ms
10-14 01:23:41.463 1151 1151 I SystemServerTiming: OnBootPhase_550_com.android.server.om.OverlayManagerService
10-14 01:23:41.463 1151 1151 D SystemServerTiming: OnBootPhase_550_com.android.server.om.OverlayManagerService took to complete: 0ms
10-14 01:23:41.463 1151 1151 I SystemServerTiming: OnBootPhase_550_com.android.server.SensorPrivacyService
10-14 01:23:41.463 1151 1151 D SystemServerTiming: OnBootPhase_550_com.android.server.SensorPrivacyService took to complete: 0ms
10-14 01:23:41.463 1151 1151 I SystemServerTiming: OnBootPhase_550_com.android.server.sensors.SensorService
10-14 01:23:41.463 1151 1151 D SystemServerTiming: OnBootPhase_550_com.android.server.sensors.SensorService took to complete: 0ms
10-14 01:23:41.463 1151 1151 I SystemServerTiming: OnBootPhase_550_com.android.server.SystemConfigService
10-14 01:23:41.463 1151 1151 D SystemServerTiming: OnBootPhase_550_com.android.server.SystemConfigService took to complete: 0ms
10-14 01:23:41.463 1151 1151 I SystemServerTiming: OnBootPhase_550_com.android.server.BatteryService
10-14 01:23:41.464 1151 1151 D SystemServerTiming: OnBootPhase_550_com.android.server.BatteryService took to complete: 1ms
10-14 01:23:41.464 1151 1151 I SystemServerTiming: OnBootPhase_550_com.android.server.usage.UsageStatsService
10-14 01:23:41.465 1151 1151 D SystemServerTiming: OnBootPhase_550_com.android.server.usage.UsageStatsService took to complete: 0ms
10-14 01:23:41.465 1151 1151 I SystemServerTiming: OnBootPhase_550_com.android.server.webkit.WebViewUpdateService
10-14 01:23:41.465 1151 1151 D SystemServerTiming: OnBootPhase_550_com.android.server.webkit.WebViewUpdateService took to complete: 0ms
10-14 01:23:41.465 1151 1151 I SystemServerTiming: OnBootPhase_550_com.android.server.CachedDeviceStateService
10-14 01:23:41.465 1151 1151 D SystemServerTiming: OnBootPhase_550_com.android.server.CachedDeviceStateService took to complete: 0ms
10-14 01:23:41.465 1151 1151 I SystemServerTiming: OnBootPhase_550_com.android.server.BinderCallsStatsService$LifeCycle
10-14 01:23:41.465 1151 1151 D SystemServerTiming: OnBootPhase_550_com.android.server.BinderCallsStatsService$LifeCycle took to complete: 0ms
10-14 01:23:41.465 1151 1151 I SystemServerTiming: OnBootPhase_550_com.android.server.LooperStatsService$Lifecycle
10-14 01:23:41.466 1151 1151 D SystemServerTiming: OnBootPhase_550_com.android.server.LooperStatsService$Lifecycle took to complete: 0ms
10-14 01:23:41.466 1151 1151 I SystemServerTiming: OnBootPhase_550_com.android.server.rollback.RollbackManagerService
10-14 01:23:41.466 1151 1151 D SystemServerTiming: OnBootPhase_550_com.android.server.rollback.RollbackManagerService took to complete: 0ms
10-14 01:23:41.466 1151 1151 I SystemServerTiming: OnBootPhase_550_com.android.server.os.NativeTombstoneManagerService
10-14 01:23:41.467 1151 1151 D SystemServerTiming: OnBootPhase_550_com.android.server.os.NativeTombstoneManagerService took to complete: 1ms
10-14 01:23:41.467 1151 1151 I SystemServerTiming: OnBootPhase_550_com.android.server.os.BugreportManagerService
10-14 01:23:41.467 1151 1151 D SystemServerTiming: OnBootPhase_550_com.android.server.os.BugreportManagerService took to complete: 0ms
10-14 01:23:41.467 1151 1151 I SystemServerTiming: OnBootPhase_550_com.android.server.gpu.GpuService
10-14 01:23:41.468 1151 1151 D SystemServerTiming: OnBootPhase_550_com.android.server.gpu.GpuService took to complete: 0ms
10-14 01:23:41.468 1151 1151 I SystemServerTiming: OnBootPhase_550_com.android.server.security.KeyChainSystemService
10-14 01:23:41.468 1151 1151 D SystemServerTiming: OnBootPhase_550_com.android.server.security.KeyChainSystemService took to complete: 0ms
10-14 01:23:41.468 1151 1151 I SystemServerTiming: OnBootPhase_550_com.android.server.telecom.TelecomLoaderService
01-01 08:00:59.502 0 0 I [kworke][0x433d879d][01:23:41.468617] wlan: [276:I:HIF] Initializing Runtime PM wakelock &psoc_wakelock->wmi_cmd_rsp_runtime_lock
10-14 01:23:41.475 1151 1151 W ActivityManager: Too early to start/bind service in system_server: Phase=550 ComponentInfo{com.android.server.telecom/com.android.server.telecom.components.TelecomService}
10-14 01:23:41.478 1151 1151 D CompatibilityChangeReporter: Compat change id reported: 168419799; UID 1000; state: DISABLED
10-14 01:23:41.479 1151 1151 W ActivityManager: Too early to start/bind service in system_server: Phase=550 ComponentInfo{com.android.server.telecom/com.android.server.telecom.components.TelecomService}
10-14 01:23:41.480 1151 1151 D SystemServerTiming: OnBootPhase_550_com.android.server.telecom.TelecomLoaderService took to complete: 13ms
10-14 01:23:41.481 1151 1151 I SystemServerTiming: OnBootPhase_550_com.android.server.accounts.AccountManagerService$Lifecycle
10-14 01:23:41.481 1151 1151 D SystemServerTiming: OnBootPhase_550_com.android.server.accounts.AccountManagerService$Lifecycle took to complete: 0ms
10-14 01:23:41.481 1151 1151 I SystemServerTiming: OnBootPhase_550_com.android.server.content.ContentService$Lifecycle
10-14 01:23:41.483 1151 1151 I SyncManager: No initial accounts
01-01 08:00:59.515 0 0 F [kworke][0x43413c2b][01:23:41.481265] wlan: [276:F:WMA] WMA --> wmi_unified_attach - success
10-14 01:23:41.493 1151 1151 D SystemServerTiming: OnBootPhase_550_com.android.server.content.ContentService$Lifecycle took to complete: 12ms
10-14 01:23:41.493 1151 1151 I SystemServerTiming: OnBootPhase_550_com.android.server.DropBoxManagerService
10-14 01:23:41.493 1151 1151 D SystemServerTiming: OnBootPhase_550_com.android.server.DropBoxManagerService took to complete: 0ms
10-14 01:23:41.493 1151 1151 I SystemServerTiming: OnBootPhase_550_com.android.role.RoleService
10-14 01:23:41.493 1151 1151 D SystemServerTiming: OnBootPhase_550_com.android.role.RoleService took to complete: 0ms
10-14 01:23:41.493 1151 1151 I SystemServerTiming: OnBootPhase_550_com.android.server.vibrator.VibratorManagerService$Lifecycle
10-14 01:23:41.493 1151 1151 D SystemServerTiming: OnBootPhase_550_com.android.server.vibrator.VibratorManagerService$Lifecycle took to complete: 0ms
10-14 01:23:41.494 1151 1151 I SystemServerTiming: OnBootPhase_550_com.android.server.alarm.AlarmManagerService
10-14 01:23:41.494 1151 1151 D SystemServerTiming: OnBootPhase_550_com.android.server.alarm.AlarmManagerService took to complete: 0ms
10-14 01:23:41.494 1151 1151 I SystemServerTiming: OnBootPhase_550_com.android.server.devicestate.DeviceStateManagerService
10-14 01:23:41.494 1151 1151 D SystemServerTiming: OnBootPhase_550_com.android.server.devicestate.DeviceStateManagerService took to complete: 0ms
01-01 08:00:59.529 0 0 I [kworke][0x43451ccf][01:23:41.494499] wlan: [276:I:HIF] Initializing Runtime PM wakelock &vdev->vdev_set_key_runtime_wakelock
10-14 01:23:41.494 1151 1151 I SystemServerTiming: OnBootPhase_550_com.android.server.camera.CameraServiceProxy
10-14 01:23:41.494 1151 1151 D SystemServerTiming: OnBootPhase_550_com.android.server.camera.CameraServiceProxy took to complete: 0ms
10-14 01:23:41.494 1151 1151 I SystemServerTiming: OnBootPhase_550_com.android.server.BluetoothService
10-14 01:23:41.494 1151 1151 D BluetoothManagerService: Bluetooth boot completed
10-14 01:23:41.494 1151 1151 D BluetoothManagerService: Auto-enabling Bluetooth.
01-01 08:00:59.531 0 0 I [kworke][0x4345eb94][01:23:41.497256] wlan: [276:I:HIF] Initializing Runtime PM wakelock &vdev->vdev_set_key_runtime_wakelock
10-14 01:23:41.499 1151 1315 D BluetoothManagerService: MESSAGE_ENABLE(0): mBluetooth = null
10-14 01:23:41.499 1151 1315 D BluetoothManagerService: MESSAGE_ENABLE: handleEnable
10-14 01:23:41.499 1151 1315 D BluetoothManagerService: binding Bluetooth service
10-14 01:23:41.501 1151 1151 D SystemServerTiming: OnBootPhase_550_com.android.server.BluetoothService took to complete: 6ms
10-14 01:23:41.501 1151 1151 I SystemServerTiming: OnBootPhase_550_com.android.server.connectivity.IpConnectivityMetrics
10-14 01:23:41.501 1151 1151 D SystemServerTiming: OnBootPhase_550_com.android.server.connectivity.IpConnectivityMetrics took to complete: 0ms
10-14 01:23:41.501 1151 1151 I SystemServerTiming: OnBootPhase_550_com.android.server.net.watchlist.NetworkWatchlistService$Lifecycle
10-14 01:23:41.502 1151 1770 I commit_sys_config_file: [log-files,8]
01-01 08:00:59.533 0 0 I [kworke][0x43468e7d][01:23:41.499428] wlan: [276:I:HIF] Initializing Runtime PM wakelock &vdev->vdev_set_key_runtime_wakelock
01-01 08:00:59.535 0 0 I [kworke][0x43474542][01:23:41.501865] wlan: [276:I:HIF] Initializing Runtime PM wakelock &vdev->vdev_set_key_runtime_wakelock
01-01 08:00:59.537 0 0 I [kworke][0x4347c15c][01:23:41.503519] wlan: [276:I:HIF] Initializing Runtime PM wakelock &vdev->vdev_set_key_runtime_wakelock
10-14 01:23:41.503 1151 1315 I am_uid_running: 1002
10-14 01:23:41.505 1151 1315 D CompatibilityChangeReporter: Compat change id reported: 135634846; UID 1002; state: DISABLED
10-14 01:23:41.505 1151 1315 D CompatibilityChangeReporter: Compat change id reported: 177438394; UID 1002; state: DISABLED
10-14 01:23:41.506 1151 1315 D CompatibilityChangeReporter: Compat change id reported: 135772972; UID 1002; state: DISABLED
10-14 01:23:41.506 1151 1315 D CompatibilityChangeReporter: Compat change id reported: 135754954; UID 1002; state: ENABLED
01-01 08:00:59.539 0 0 I [kworke][0x434870fd][01:23:41.505861] wlan: [276:I:HIF] Initializing Runtime PM wakelock &vdev->vdev_set_key_runtime_wakelock
10-14 01:23:41.507 1151 1315 D BluetoothManagerService: Binding BT service. Current user: 0
10-14 01:23:41.513 1151 1151 D SystemServerTiming: OnBootPhase_550_com.android.server.net.watchlist.NetworkWatchlistService$Lifecycle took to complete: 8ms
10-14 01:23:41.513 1151 1151 I SystemServerTiming: OnBootPhase_550_com.android.server.PinnerService
10-14 01:23:41.513 1151 1151 D SystemServerTiming: OnBootPhase_550_com.android.server.PinnerService took to complete: 0ms
10-14 01:23:41.513 1151 1151 I SystemServerTiming: OnBootPhase_550_com.google.android.startop.iorap.IorapForwardingService
10-14 01:23:41.513 1151 1151 D SystemServerTiming: OnBootPhase_550_com.google.android.startop.iorap.IorapForwardingService took to complete: 0ms
10-14 01:23:41.513 1151 1151 I SystemServerTiming: OnBootPhase_550_com.android.server.ActivityTriggerService
10-14 01:23:41.513 1151 1151 D SystemServerTiming: OnBootPhase_550_com.android.server.ActivityTriggerService took to complete: 0ms
10-14 01:23:41.513 1151 1151 I SystemServerTiming: OnBootPhase_550_com.android.server.integrity.AppIntegrityManagerService
10-14 01:23:41.514 1151 1151 D SystemServerTiming: OnBootPhase_550_com.android.server.integrity.AppIntegrityManagerService took to complete: 0ms
10-14 01:23:41.514 1151 1151 I SystemServerTiming: OnBootPhase_550_com.android.server.inputmethod.InputMethodManagerService$Lifecycle
01-01 08:00:59.544 0 0 I [kworke][0x4349ceb4][01:23:41.510524] wlan: [276:I:HIF] Initializing Runtime PM wakelock &wma_handle->wmi_cmd_rsp_runtime_lock
01-01 08:00:59.544 0 0 I [kworke][0x4349d32b][01:23:41.510583] wlan: [276:I:HIF] Initializing Runtime PM wakelock &wma_handle->sap_prevent_runtime_pm_lock
10-14 01:23:41.518 1151 1770 E NativeTombstoneManager: Tombstone's UID (1047) not an app, ignoring
10-14 01:23:41.519 1151 1770 I DropBoxManagerService: add tag=SYSTEM_TOMBSTONE_PROTO isTagEnabled=true flags=0x4
10-14 01:23:41.532 1151 1151 W InputMethodManagerService: Default IME is uninstalled. Choose new default IME.
10-14 01:23:41.566 1151 1151 W SystemServiceManager: Service com.android.server.inputmethod.InputMethodManagerService$Lifecycle took 52 ms in onBootPhase
10-14 01:23:41.566 1151 1151 D SystemServerTiming: OnBootPhase_550_com.android.server.inputmethod.InputMethodManagerService$Lifecycle took to complete: 52ms
10-14 01:23:41.566 1151 1151 I SystemServerTiming: OnBootPhase_550_com.android.server.accessibility.AccessibilityManagerService$Lifecycle
10-14 01:23:41.566 1151 1151 D SystemServerTiming: OnBootPhase_550_com.android.server.accessibility.AccessibilityManagerService$Lifecycle took to complete: 0ms
10-14 01:23:41.566 1151 1151 I SystemServerTiming: OnBootPhase_550_com.android.server.StorageManagerService$Lifecycle
10-14 01:23:41.567 1151 1151 D SystemServerTiming: OnBootPhase_550_com.android.server.StorageManagerService$Lifecycle took to complete: 1ms
10-14 01:23:41.567 1151 1151 I SystemServerTiming: OnBootPhase_550_com.android.server.usage.StorageStatsService$Lifecycle
10-14 01:23:41.567 1151 1151 D SystemServerTiming: OnBootPhase_550_com.android.server.usage.StorageStatsService$Lifecycle took to complete: 0ms
10-14 01:23:41.567 1151 1151 I SystemServerTiming: OnBootPhase_550_com.android.server.UiModeManagerService
10-14 01:23:41.567 1151 1151 D SystemServerTiming: OnBootPhase_550_com.android.server.UiModeManagerService took to complete: 0ms
10-14 01:23:41.567 1151 1151 I SystemServerTiming: OnBootPhase_550_com.android.server.locksettings.LockSettingsService$Lifecycle
10-14 01:23:41.568 1151 1151 I RebootEscrowManager: No reboot escrow data found for users, skipping loading escrow data
10-14 01:23:41.571 1151 1151 D SystemServerTiming: OnBootPhase_550_com.android.server.locksettings.LockSettingsService$Lifecycle took to complete: 4ms
10-14 01:23:41.571 1151 1151 I SystemServerTiming: OnBootPhase_550_com.android.server.PersistentDataBlockService
10-14 01:23:41.571 1151 1151 D SystemServerTiming: OnBootPhase_550_com.android.server.PersistentDataBlockService took to complete: 0ms
10-14 01:23:41.571 1151 1151 I SystemServerTiming: OnBootPhase_550_com.android.server.testharness.TestHarnessModeService
10-14 01:23:41.571 1151 1151 D SystemServerTiming: OnBootPhase_550_com.android.server.testharness.TestHarnessModeService took to complete: 0ms
10-14 01:23:41.572 1151 1151 I SystemServerTiming: OnBootPhase_550_com.android.server.oemlock.OemLockService
10-14 01:23:41.572 1151 1151 D SystemServerTiming: OnBootPhase_550_com.android.server.oemlock.OemLockService took to complete: 0ms
10-14 01:23:41.572 1151 1151 I SystemServerTiming: OnBootPhase_550_com.android.server.DeviceIdleController
10-14 01:23:41.572 1151 1151 D SystemServerTiming: OnBootPhase_550_com.android.server.DeviceIdleController took to complete: 0ms
10-14 01:23:41.572 1151 1151 I SystemServerTiming: OnBootPhase_550_com.android.server.devicepolicy.DevicePolicyManagerService$Lifecycle
10-14 01:23:41.572 1151 1151 D SystemServerTiming: OnBootPhase_550_com.android.server.devicepolicy.DevicePolicyManagerService$Lifecycle took to complete: 0ms
10-14 01:23:41.572 1151 1151 I SystemServerTiming: OnBootPhase_550_com.android.server.texttospeech.TextToSpeechManagerService
10-14 01:23:41.572 1151 1151 D SystemServerTiming: OnBootPhase_550_com.android.server.texttospeech.TextToSpeechManagerService took to complete: 0ms
10-14 01:23:41.572 1151 1151 I SystemServerTiming: OnBootPhase_550_com.android.server.speech.SpeechRecognitionManagerService
10-14 01:23:41.572 1151 1151 D SystemServerTiming: OnBootPhase_550_com.android.server.speech.SpeechRecognitionManagerService took to complete: 0ms
10-14 01:23:41.572 1151 1151 I SystemServerTiming: OnBootPhase_550_com.android.server.searchui.SearchUiManagerService
10-14 01:23:41.572 1151 1151 D SystemServerTiming: OnBootPhase_550_com.android.server.searchui.SearchUiManagerService took to complete: 0ms
10-14 01:23:41.572 1151 1151 I SystemServerTiming: OnBootPhase_550_com.android.server.smartspace.SmartspaceManagerService
10-14 01:23:41.573 1151 1151 D SystemServerTiming: OnBootPhase_550_com.android.server.smartspace.SmartspaceManagerService took to complete: 0ms
10-14 01:23:41.573 1151 1151 I SystemServerTiming: OnBootPhase_550_com.android.server.graphics.fonts.FontManagerService$Lifecycle
10-14 01:23:41.573 1151 1151 D SystemServerTiming: OnBootPhase_550_com.android.server.graphics.fonts.FontManagerService$Lifecycle took to complete: 0ms
10-14 01:23:41.573 1151 1151 I SystemServerTiming: OnBootPhase_550_com.android.server.textservices.TextServicesManagerService$Lifecycle
10-14 01:23:41.573 1151 1151 D SystemServerTiming: OnBootPhase_550_com.android.server.textservices.TextServicesManagerService$Lifecycle took to complete: 0ms
10-14 01:23:41.573 1151 1151 I SystemServerTiming: OnBootPhase_550_com.android.server.textclassifier.TextClassificationManagerService$Lifecycle
10-14 01:23:41.573 1151 1151 D SystemServerTiming: OnBootPhase_550_com.android.server.textclassifier.TextClassificationManagerService$Lifecycle took to complete: 0ms
10-14 01:23:41.573 1151 1151 I SystemServerTiming: OnBootPhase_550_com.android.server.NetworkScoreService$Lifecycle
10-14 01:23:41.573 1151 1151 D SystemServerTiming: OnBootPhase_550_com.android.server.NetworkScoreService$Lifecycle took to complete: 0ms
10-14 01:23:41.573 1151 1151 I SystemServerTiming: OnBootPhase_550_com.android.server.wifi.WifiService
10-14 01:23:41.573 1151 1151 D SystemServerTiming: OnBootPhase_550_com.android.server.wifi.WifiService took to complete: 0ms
10-14 01:23:41.573 1151 1151 I SystemServerTiming: OnBootPhase_550_com.android.server.wifi.scanner.WifiScanningService
10-14 01:23:41.573 1151 1151 D SystemServerTiming: OnBootPhase_550_com.android.server.wifi.scanner.WifiScanningService took to complete: 0ms
10-14 01:23:41.574 1151 1151 I SystemServerTiming: OnBootPhase_550_com.android.server.wifi.rtt.RttService
10-14 01:23:41.574 1151 1151 D SystemServerTiming: OnBootPhase_550_com.android.server.wifi.rtt.RttService took to complete: 0ms
10-14 01:23:41.574 1151 1151 I SystemServerTiming: OnBootPhase_550_com.android.server.wifi.aware.WifiAwareService
10-14 01:23:41.574 1151 1151 D SystemServerTiming: OnBootPhase_550_com.android.server.wifi.aware.WifiAwareService took to complete: 0ms
10-14 01:23:41.574 1151 1151 I SystemServerTiming: OnBootPhase_550_com.android.server.wifi.p2p.WifiP2pService
10-14 01:23:41.574 1151 1151 D SystemServerTiming: OnBootPhase_550_com.android.server.wifi.p2p.WifiP2pService took to complete: 0ms
10-14 01:23:41.574 1151 1151 I SystemServerTiming: OnBootPhase_550_com.android.server.ethernet.EthernetService
10-14 01:23:41.574 1151 1151 D SystemServerTiming: OnBootPhase_550_com.android.server.ethernet.EthernetService took to complete: 0ms
10-14 01:23:41.574 1151 1151 I SystemServerTiming: OnBootPhase_550_com.android.server.ConnectivityServiceInitializer
10-14 01:23:41.574 1151 1151 D SystemServerTiming: OnBootPhase_550_com.android.server.ConnectivityServiceInitializer took to complete: 0ms
10-14 01:23:41.574 1151 1151 I SystemServerTiming: OnBootPhase_550_com.android.server.notification.NotificationManagerService
10-14 01:23:41.574 1151 1151 D SystemServerTiming: OnBootPhase_550_com.android.server.notification.NotificationManagerService took to complete: 0ms
10-14 01:23:41.574 1151 1151 I SystemServerTiming: OnBootPhase_550_com.android.server.storage.DeviceStorageMonitorService
10-14 01:23:41.574 1151 1151 D SystemServerTiming: OnBootPhase_550_com.android.server.storage.DeviceStorageMonitorService took to complete: 0ms
10-14 01:23:41.574 1151 1151 I SystemServerTiming: OnBootPhase_550_com.android.server.location.LocationManagerService$Lifecycle
10-14 01:23:41.574 1151 1151 D SystemServerTiming: OnBootPhase_550_com.android.server.location.LocationManagerService$Lifecycle took to complete: 0ms
10-14 01:23:41.575 1151 1151 I SystemServerTiming: OnBootPhase_550_com.android.server.timedetector.TimeDetectorService$Lifecycle
10-14 01:23:41.575 1151 1151 D SystemServerTiming: OnBootPhase_550_com.android.server.timedetector.TimeDetectorService$Lifecycle took to complete: 0ms
10-14 01:23:41.575 1151 1151 I SystemServerTiming: OnBootPhase_550_com.android.server.timezonedetector.TimeZoneDetectorService$Lifecycle
10-14 01:23:41.575 1151 1151 D SystemServerTiming: OnBootPhase_550_com.android.server.timezonedetector.TimeZoneDetectorService$Lifecycle took to complete: 0ms
10-14 01:23:41.575 1151 1151 I SystemServerTiming: OnBootPhase_550_com.android.server.timezonedetector.location.LocationTimeZoneManagerService$Lifecycle
10-14 01:23:41.575 1151 1151 D SystemServerTiming: OnBootPhase_550_com.android.server.timezonedetector.location.LocationTimeZoneManagerService$Lifecycle took to complete: 0ms
10-14 01:23:41.575 1151 1151 I SystemServerTiming: OnBootPhase_550_com.android.server.search.SearchManagerService$Lifecycle
10-14 01:23:41.576 1151 1151 D SystemServerTiming: OnBootPhase_550_com.android.server.search.SearchManagerService$Lifecycle took to complete: 0ms
10-14 01:23:41.576 1151 1151 I SystemServerTiming: OnBootPhase_550_com.android.server.wallpaper.WallpaperManagerService$Lifecycle
10-14 01:23:41.580 1151 1151 I WallpaperManagerService: No static wallpaper imagery; defaults will be shown
10-14 01:23:41.580 1151 1151 V WallpaperManagerService: bindWallpaperComponentLocked: componentName=ComponentInfo{com.android.systemui/com.android.systemui.ImageWallpaper}
10-14 01:23:41.583 1151 1151 I am_uid_running: 10087
10-14 01:23:41.585 1151 1151 D CompatibilityChangeReporter: Compat change id reported: 135634846; UID 10087; state: DISABLED
10-14 01:23:41.586 1151 1151 D CompatibilityChangeReporter: Compat change id reported: 177438394; UID 10087; state: DISABLED
10-14 01:23:41.586 1151 1151 D CompatibilityChangeReporter: Compat change id reported: 135772972; UID 10087; state: DISABLED
10-14 01:23:41.586 1151 1151 D CompatibilityChangeReporter: Compat change id reported: 135754954; UID 10087; state: ENABLED
10-14 01:23:41.594 1151 1151 W WallpaperManagerService: Invalid wallpaper data
10-14 01:23:41.594 1151 1151 E WallpaperManagerService: Unable to apply new wallpaper
10-14 01:23:41.596 1151 1151 D SystemServerTiming: OnBootPhase_550_com.android.server.wallpaper.WallpaperManagerService$Lifecycle took to complete: 19ms
10-14 01:23:41.596 1151 1151 I SystemServerTiming: OnBootPhase_550_com.android.server.audio.AudioService$Lifecycle
10-14 01:23:41.596 1151 1151 D SystemServerTiming: OnBootPhase_550_com.android.server.audio.AudioService$Lifecycle took to complete: 0ms
10-14 01:23:41.596 1151 1151 I SystemServerTiming: OnBootPhase_550_com.android.server.soundtrigger_middleware.SoundTriggerMiddlewareService$Lifecycle
10-14 01:23:41.596 1151 1151 D SystemServerTiming: OnBootPhase_550_com.android.server.soundtrigger_middleware.SoundTriggerMiddlewareService$Lifecycle took to complete: 0ms
10-14 01:23:41.596 1151 1151 I SystemServerTiming: OnBootPhase_550_com.android.server.DockObserver
10-14 01:23:41.596 1151 1151 D SystemServerTiming: OnBootPhase_550_com.android.server.DockObserver took to complete: 0ms
10-14 01:23:41.596 1151 1151 I SystemServerTiming: OnBootPhase_550_com.android.server.midi.MidiService$Lifecycle
10-14 01:23:41.596 1151 1151 D SystemServerTiming: OnBootPhase_550_com.android.server.midi.MidiService$Lifecycle took to complete: 0ms
10-14 01:23:41.596 1151 1151 I SystemServerTiming: OnBootPhase_550_com.android.server.adb.AdbService$Lifecycle
10-14 01:23:41.597 1151 1151 D SystemServerTiming: OnBootPhase_550_com.android.server.adb.AdbService$Lifecycle took to complete: 0ms
10-14 01:23:41.597 1151 1151 I SystemServerTiming: OnBootPhase_550_com.android.server.usb.UsbService$Lifecycle
10-14 01:23:41.597 1151 1151 D SystemServerTiming: OnBootPhase_550_com.android.server.usb.UsbService$Lifecycle took to complete: 0ms
10-14 01:23:41.597 1151 1771 I SystemServerTimingAsync: InitThreadPoolExec:UsbService$Lifecycle#onBootPhase
10-14 01:23:41.597 1151 1771 D SystemServerInitThreadPool: Started executing UsbService$Lifecycle#onBootPhase
10-14 01:23:41.598 1151 1151 I SystemServerTiming: OnBootPhase_550_com.android.server.twilight.TwilightService
10-14 01:23:41.598 1151 1151 D SystemServerTiming: OnBootPhase_550_com.android.server.twilight.TwilightService took to complete: 0ms
10-14 01:23:41.598 1151 1151 I SystemServerTiming: OnBootPhase_550_com.android.server.display.color.ColorDisplayService
10-14 01:23:41.598 1151 1151 D SystemServerTiming: OnBootPhase_550_com.android.server.display.color.ColorDisplayService took to complete: 0ms
10-14 01:23:41.598 1151 1151 I SystemServerTiming: OnBootPhase_550_com.android.server.job.JobSchedulerService
10-14 01:23:41.598 1151 1151 D SystemServerTiming: OnBootPhase_550_com.android.server.job.JobSchedulerService took to complete: 0ms
10-14 01:23:41.599 1151 1151 I SystemServerTiming: OnBootPhase_550_com.android.server.soundtrigger.SoundTriggerService
10-14 01:23:41.599 1151 1151 D SoundTriggerService: onBootPhase: 550 : false
10-14 01:23:41.599 1151 1151 D SystemServerTiming: OnBootPhase_550_com.android.server.soundtrigger.SoundTriggerService took to complete: 0ms
10-14 01:23:41.599 1151 1151 I SystemServerTiming: OnBootPhase_550_com.android.server.trust.TrustManagerService
10-14 01:23:41.599 1151 1151 D SystemServerTiming: OnBootPhase_550_com.android.server.trust.TrustManagerService took to complete: 0ms
10-14 01:23:41.599 1151 1151 I SystemServerTiming: OnBootPhase_550_com.android.server.backup.BackupManagerService$Lifecycle
10-14 01:23:41.599 1151 1151 D SystemServerTiming: OnBootPhase_550_com.android.server.backup.BackupManagerService$Lifecycle took to complete: 0ms
10-14 01:23:41.600 1151 1151 I SystemServerTiming: OnBootPhase_550_com.android.server.appwidget.AppWidgetService
10-14 01:23:41.600 1151 1151 D SystemServerTiming: OnBootPhase_550_com.android.server.appwidget.AppWidgetService took to complete: 0ms
10-14 01:23:41.600 1151 1151 I SystemServerTiming: OnBootPhase_550_com.android.server.voiceinteraction.VoiceInteractionManagerService
10-14 01:23:41.600 1151 1151 D SystemServerTiming: OnBootPhase_550_com.android.server.voiceinteraction.VoiceInteractionManagerService took to complete: 0ms
10-14 01:23:41.600 1151 1151 I SystemServerTiming: OnBootPhase_550_com.android.server.apphibernation.AppHibernationService
10-14 01:23:41.600 1151 1151 D SystemServerTiming: OnBootPhase_550_com.android.server.apphibernation.AppHibernationService took to complete: 0ms
10-14 01:23:41.600 1151 1151 I SystemServerTiming: OnBootPhase_550_com.android.server.GestureLauncherService
10-14 01:23:41.600 1151 1151 D SystemServerTiming: OnBootPhase_550_com.android.server.GestureLauncherService took to complete: 0ms
10-14 01:23:41.600 1151 1151 I SystemServerTiming: OnBootPhase_550_com.android.server.SensorNotificationService
10-14 01:23:41.600 1151 1151 D SystemServerTiming: OnBootPhase_550_com.android.server.SensorNotificationService took to complete: 0ms
10-14 01:23:41.601 1151 1151 I SystemServerTiming: OnBootPhase_550_com.android.server.emergency.EmergencyAffordanceService
10-14 01:23:41.601 1151 1151 D SystemServerTiming: OnBootPhase_550_com.android.server.emergency.EmergencyAffordanceService took to complete: 0ms
10-14 01:23:41.601 1151 1151 I SystemServerTiming: OnBootPhase_550_com.android.server.blob.BlobStoreManagerService
10-14 01:23:41.601 1151 1771 D SystemServerInitThreadPool: Finished executing UsbService$Lifecycle#onBootPhase
10-14 01:23:41.601 1151 1771 D SystemServerTimingAsync: InitThreadPoolExec:UsbService$Lifecycle#onBootPhase took to complete: 4ms
10-14 01:23:41.601 1151 1151 D SystemServerTiming: OnBootPhase_550_com.android.server.blob.BlobStoreManagerService took to complete: 1ms
10-14 01:23:41.602 1151 1151 I SystemServerTiming: OnBootPhase_550_com.android.server.dreams.DreamManagerService
10-14 01:23:41.602 1151 1151 D SystemServerTiming: OnBootPhase_550_com.android.server.dreams.DreamManagerService took to complete: 0ms
10-14 01:23:41.602 1151 1151 I SystemServerTiming: OnBootPhase_550_com.android.server.companion.CompanionDeviceManagerService
10-14 01:23:41.602 1151 1151 D SystemServerTiming: OnBootPhase_550_com.android.server.companion.CompanionDeviceManagerService took to complete: 0ms
10-14 01:23:41.602 1151 1151 I SystemServerTiming: OnBootPhase_550_com.android.server.restrictions.RestrictionsManagerService
10-14 01:23:41.602 1151 1151 D SystemServerTiming: OnBootPhase_550_com.android.server.restrictions.RestrictionsManagerService took to complete: 0ms
10-14 01:23:41.602 1151 1151 I SystemServerTiming: OnBootPhase_550_com.android.server.media.MediaSessionService
10-14 01:23:41.602 1151 1151 D SystemServerTiming: OnBootPhase_550_com.android.server.media.MediaSessionService took to complete: 0ms
10-14 01:23:41.602 1151 1151 I SystemServerTiming: OnBootPhase_550_com.android.server.media.MediaResourceMonitorService
10-14 01:23:41.603 1151 1151 D SystemServerTiming: OnBootPhase_550_com.android.server.media.MediaResourceMonitorService took to complete: 0ms
10-14 01:23:41.603 1151 1151 I SystemServerTiming: OnBootPhase_550_com.android.server.biometrics.sensors.fingerprint.FingerprintService
10-14 01:23:41.603 1151 1151 D SystemServerTiming: OnBootPhase_550_com.android.server.biometrics.sensors.fingerprint.FingerprintService took to complete: 0ms
10-14 01:23:41.603 1151 1151 I SystemServerTiming: OnBootPhase_550_com.android.server.biometrics.BiometricService
10-14 01:23:41.603 1151 1151 D SystemServerTiming: OnBootPhase_550_com.android.server.biometrics.BiometricService took to complete: 0ms
10-14 01:23:41.603 1151 1151 I SystemServerTiming: OnBootPhase_550_com.android.server.biometrics.AuthService
10-14 01:23:41.603 1151 1151 D SystemServerTiming: OnBootPhase_550_com.android.server.biometrics.AuthService took to complete: 0ms
10-14 01:23:41.604 1151 1151 I SystemServerTiming: OnBootPhase_550_com.android.server.pm.ShortcutService$Lifecycle
10-14 01:23:41.604 1151 1151 D SystemServerTiming: OnBootPhase_550_com.android.server.pm.ShortcutService$Lifecycle took to complete: 0ms
10-14 01:23:41.604 1151 1151 I SystemServerTiming: OnBootPhase_550_com.android.server.pm.LauncherAppsService
10-14 01:23:41.604 1151 1151 D SystemServerTiming: OnBootPhase_550_com.android.server.pm.LauncherAppsService took to complete: 0ms
10-14 01:23:41.605 1151 1151 I SystemServerTiming: OnBootPhase_550_com.android.server.pm.CrossProfileAppsService
10-14 01:23:41.605 1151 1151 D SystemServerTiming: OnBootPhase_550_com.android.server.pm.CrossProfileAppsService took to complete: 0ms
10-14 01:23:41.605 1151 1151 I SystemServerTiming: OnBootPhase_550_com.android.server.people.PeopleService
10-14 01:23:41.605 1151 1151 D SystemServerTiming: OnBootPhase_550_com.android.server.people.PeopleService took to complete: 0ms
10-14 01:23:41.605 1151 1151 I SystemServerTiming: OnBootPhase_550_com.android.server.media.metrics.MediaMetricsManagerService
10-14 01:23:41.605 1151 1151 D SystemServerTiming: OnBootPhase_550_com.android.server.media.metrics.MediaMetricsManagerService took to complete: 0ms
10-14 01:23:41.605 1151 1151 I SystemServerTiming: OnBootPhase_550_com.android.server.media.projection.MediaProjectionManagerService
10-14 01:23:41.605 1151 1151 D SystemServerTiming: OnBootPhase_550_com.android.server.media.projection.MediaProjectionManagerService took to complete: 0ms
10-14 01:23:41.605 1151 1151 I SystemServerTiming: OnBootPhase_550_com.android.server.slice.SliceManagerService$Lifecycle
10-14 01:23:41.605 1151 1151 D SystemServerTiming: OnBootPhase_550_com.android.server.slice.SliceManagerService$Lifecycle took to complete: 0ms
10-14 01:23:41.605 1151 1151 I SystemServerTiming: OnBootPhase_550_com.android.server.stats.StatsCompanion$Lifecycle
10-14 01:23:41.605 1151 1151 D SystemServerTiming: OnBootPhase_550_com.android.server.stats.StatsCompanion$Lifecycle took to complete: 0ms
10-14 01:23:41.605 1151 1151 I SystemServerTiming: OnBootPhase_550_com.android.server.scheduling.RebootReadinessManagerService$Lifecycle
10-14 01:23:41.606 1151 1151 D SystemServerTiming: OnBootPhase_550_com.android.server.scheduling.RebootReadinessManagerService$Lifecycle took to complete: 0ms
10-14 01:23:41.606 1151 1151 I SystemServerTiming: OnBootPhase_550_com.android.server.stats.pull.StatsPullAtomService
10-14 01:23:41.606 1151 1151 D SystemServerTiming: OnBootPhase_550_com.android.server.stats.pull.StatsPullAtomService took to complete: 0ms
10-14 01:23:41.606 1151 1151 I SystemServerTiming: OnBootPhase_550_com.android.server.incident.IncidentCompanionService
10-14 01:23:41.606 1151 1151 D SystemServerTiming: OnBootPhase_550_com.android.server.incident.IncidentCompanionService took to complete: 0ms
10-14 01:23:41.606 1151 1151 I SystemServerTiming: OnBootPhase_550_com.android.server.MmsServiceBroker
10-14 01:23:41.606 1151 1151 D SystemServerTiming: OnBootPhase_550_com.android.server.MmsServiceBroker took to complete: 0ms
10-14 01:23:41.606 1151 1151 I SystemServerTiming: OnBootPhase_550_com.android.server.autofill.AutofillManagerService
10-14 01:23:41.606 1151 1151 D SystemServerTiming: OnBootPhase_550_com.android.server.autofill.AutofillManagerService took to complete: 0ms
10-14 01:23:41.607 1151 1151 I SystemServerTiming: OnBootPhase_550_com.android.server.clipboard.ClipboardService
10-14 01:23:41.607 1151 1151 D SystemServerTiming: OnBootPhase_550_com.android.server.clipboard.ClipboardService took to complete: 0ms
10-14 01:23:41.607 1151 1151 I SystemServerTiming: OnBootPhase_550_com.android.server.appbinding.AppBindingService$Lifecycle
10-14 01:23:41.607 1151 1346 I UsbPortManager: ClientCallback V1_2:
10-14 01:23:41.608 1151 1310 I UsbPortManager: USB port added: port=UsbPort{id=, supportedModes=nonesupportedContaminantProtectionModes=0supportsEnableContaminantPresenceProtection=falsesupportsEnableContaminantPresenceDetection=false, status=UsbPortStatus{connected=false, currentMode=none, currentPowerRole=no-power, currentDataRole=no-data, supportedRoleCombinations=[no-power:no-data], contaminantDetectionStatus=0, contaminantProtectionStatus=0}, canChangeMode=false, canChangePowerRole=false, canChangeDataRole=false, connectedAtMillis=0, lastConnectDurationMillis=0
10-14 01:23:41.609 1151 1151 I AppBindingService: Updating constants with: null
10-14 01:23:41.609 1151 1151 D SystemServerTiming: OnBootPhase_550_com.android.server.appbinding.AppBindingService$Lifecycle took to complete: 2ms
10-14 01:23:41.609 1151 1151 I SystemServerTiming: OnBootPhase_550_com.android.server.tracing.TracingServiceProxy
10-14 01:23:41.609 1151 1151 D SystemServerTiming: OnBootPhase_550_com.android.server.tracing.TracingServiceProxy took to complete: 0ms
10-14 01:23:41.609 1151 1151 I SystemServerTiming: OnBootPhase_550_com.android.server.policy.PermissionPolicyService
10-14 01:23:41.635 1151 1151 I PackageManager: Permission ownership changed. Updating all permissions.
10-14 01:23:41.637 1897 1897 F DEBUG : *** *** *** *** *** *** *** *** *** *** *** *** *** *** *** ***
10-14 01:23:41.637 1897 1897 F DEBUG : Build fingerprint: 'TC/figure_CN/figure:12/SKQ1.220201.001/1107:userdebug/test-keys'
10-14 01:23:41.637 1897 1897 F DEBUG : Revision: '0'
10-14 01:23:41.638 1897 1897 F DEBUG : ABI: 'arm64'
10-14 01:23:41.638 1897 1897 F DEBUG : Timestamp: 2022-10-14 01:23:41.052280780+0800
10-14 01:23:41.638 1897 1897 F DEBUG : Process uptime: 0s
10-14 01:23:41.638 1897 1897 F DEBUG : Cmdline: /vendor/bin/hw/android.hardware.camera.provider@2.4-service_64
10-14 01:23:41.638 1897 1897 F DEBUG : pid: 1850, tid: 1850, name: android.hardwar >>> /vendor/bin/hw/android.hardware.camera.provider@2.4-service_64 <<<
10-14 01:23:41.638 1897 1897 F DEBUG : uid: 1047
10-14 01:23:41.638 1897 1897 F DEBUG : signal 6 (SIGABRT), code -6 (SI_TKILL), fault addr --------
10-14 01:23:41.639 1897 1897 F DEBUG : x0 0000000000000000 x1 000000000000073a x2 0000000000000006 x3 0000000000000000
10-14 01:23:41.639 1897 1897 F DEBUG : x4 00000000000cd288 x5 00000000000cd288 x6 00000000000cd288 x7 7f7f7f7f7f7f7f7f
10-14 01:23:41.639 1897 1897 F DEBUG : x8 0000000000000083 x9 e66d316706c9d855 x10 0000007fca1d6688 x11 fffffffffffffffd
10-14 01:23:41.639 1897 1897 F DEBUG : x12 0000007a7977f000 x13 0000000000000000 x14 0000007fca1d6e10 x15 0000000034155555
10-14 01:23:41.639 1897 1897 F DEBUG : x16 0000007d8ed085a0 x17 0000007d8ece47c0 x18 0000007d93922000 x19 0000007a77e52565
10-14 01:23:41.639 1897 1897 F DEBUG : x20 b400007a9ec4a150 x21 0000007d9344e000 x22 0000007fca1d72ec x23 0000007a785c9aa0
10-14 01:23:41.641 1897 1897 F DEBUG : x24 0000007a78569fc0 x25 0000007a78513db0 x26 0000000000000060 x27 0000000000000000
10-14 01:23:41.641 1897 1897 F DEBUG : x28 b400007acec45148 x29 0000007fca203730
10-14 01:23:41.641 1897 1897 F DEBUG : lr 0000007a7844b7dc sp 0000007fca1d7280 pc 0000007d8ece47cc pst 0000000000001000
10-14 01:23:41.641 1897 1897 F DEBUG : backtrace:
