10-14 01:23:39.038 1151 1151 I SystemServerTiming: OnBootPhase_200_com.android.server.recoverysystem.RecoverySystemService$Lifecycle
10-14 01:23:39.039 1151 1151 D SystemServerTiming: OnBootPhase_200_com.android.server.recoverysystem.RecoverySystemService$Lifecycle took to complete: 0ms
10-14 01:23:39.039 1151 1151 I SystemServerTiming: OnBootPhase_200_com.android.server.lights.LightsService
10-14 01:23:39.039 1151 1151 D SystemServerTiming: OnBootPhase_200_com.android.server.lights.LightsService took to complete: 0ms
10-14 01:23:39.039 1151 1151 I SystemServerTiming: OnBootPhase_200_com.android.server.display.DisplayManagerService
10-14 01:23:39.039 1151 1151 D SystemServerTiming: OnBootPhase_200_com.android.server.display.DisplayManagerService took to complete: 0ms
10-14 01:23:39.039 1151 1151 I SystemServerTiming: OnBootPhase_200_com.android.server.pm.verify.domain.DomainVerificationService
10-14 01:23:39.039 1151 1151 D SystemServerTiming: OnBootPhase_200_com.android.server.pm.verify.domain.DomainVerificationService took to complete: 0ms
10-14 01:23:39.039 1151 1151 I SystemServerTiming: OnBootPhase_200_com.android.server.pm.PackageInstallerService$Lifecycle
10-14 01:23:39.039 1151 1151 D SystemServerTiming: OnBootPhase_200_com.android.server.pm.PackageInstallerService$Lifecycle took to complete: 0ms
10-14 01:23:39.040 1151 1151 I SystemServerTiming: OnBootPhase_200_com.android.server.pm.UserManagerService$LifeCycle
10-14 01:23:39.040 1151 1151 D SystemServerTiming: OnBootPhase_200_com.android.server.pm.UserManagerService$LifeCycle took to complete: 0ms
10-14 01:23:39.040 1151 1151 I SystemServerTiming: OnBootPhase_200_com.android.server.om.OverlayManagerService
10-14 01:23:39.040 1151 1151 D SystemServerTiming: OnBootPhase_200_com.android.server.om.OverlayManagerService took to complete: 0ms
10-14 01:23:39.040 1151 1151 I SystemServerTiming: OnBootPhase_200_com.android.server.SensorPrivacyService
10-14 01:23:39.040 1151 1151 D SystemServerTiming: OnBootPhase_200_com.android.server.SensorPrivacyService took to complete: 0ms
10-14 01:23:39.040 1151 1151 I SystemServerTiming: OnBootPhase_200_com.android.server.sensors.SensorService
10-14 01:23:39.040 1151 1151 D SystemServerTiming: OnBootPhase_200_com.android.server.sensors.SensorService took to complete: 0ms
10-14 01:23:39.041 1151 1151 I SystemServerTiming: OnBootPhase_200_com.android.server.SystemConfigService
10-14 01:23:39.041 1151 1151 D SystemServerTiming: OnBootPhase_200_com.android.server.SystemConfigService took to complete: 0ms
10-14 01:23:39.041 1151 1151 I SystemServerTiming: OnBootPhase_200_com.android.server.BatteryService
10-14 01:23:39.041 1151 1151 D SystemServerTiming: OnBootPhase_200_com.android.server.BatteryService took to complete: 0ms
10-14 01:23:39.041 1151 1151 I SystemServerTiming: OnBootPhase_200_com.android.server.usage.UsageStatsService
10-14 01:23:39.041 1151 1151 D SystemServerTiming: OnBootPhase_200_com.android.server.usage.UsageStatsService took to complete: 0ms
10-14 01:23:39.041 1151 1151 I SystemServerTiming: OnBootPhase_200_com.android.server.webkit.WebViewUpdateService
10-14 01:23:39.041 1151 1151 D SystemServerTiming: OnBootPhase_200_com.android.server.webkit.WebViewUpdateService took to complete: 0ms
10-14 01:23:39.041 1151 1151 I SystemServerTiming: OnBootPhase_200_com.android.server.CachedDeviceStateService
10-14 01:23:39.041 1151 1151 D SystemServerTiming: OnBootPhase_200_com.android.server.CachedDeviceStateService took to complete: 0ms
10-14 01:23:39.041 1151 1151 I SystemServerTiming: OnBootPhase_200_com.android.server.BinderCallsStatsService$LifeCycle
10-14 01:23:39.041 1151 1151 D SystemServerTiming: OnBootPhase_200_com.android.server.BinderCallsStatsService$LifeCycle took to complete: 0ms
10-14 01:23:39.042 1151 1151 I SystemServerTiming: OnBootPhase_200_com.android.server.LooperStatsService$Lifecycle
10-14 01:23:39.042 1151 1151 D SystemServerTiming: OnBootPhase_200_com.android.server.LooperStatsService$Lifecycle took to complete: 0ms
10-14 01:23:39.042 1151 1151 I SystemServerTiming: OnBootPhase_200_com.android.server.rollback.RollbackManagerService
10-14 01:23:39.042 1151 1151 D SystemServerTiming: OnBootPhase_200_com.android.server.rollback.RollbackManagerService took to complete: 0ms
10-14 01:23:39.042 1151 1151 I SystemServerTiming: OnBootPhase_200_com.android.server.os.NativeTombstoneManagerService
10-14 01:23:39.042 1151 1151 D SystemServerTiming: OnBootPhase_200_com.android.server.os.NativeTombstoneManagerService took to complete: 0ms
10-14 01:23:39.042 1151 1151 I SystemServerTiming: OnBootPhase_200_com.android.server.os.BugreportManagerService
10-14 01:23:39.042 1151 1151 D SystemServerTiming: OnBootPhase_200_com.android.server.os.BugreportManagerService took to complete: 0ms
10-14 01:23:39.042 1151 1151 I SystemServerTiming: OnBootPhase_200_com.android.server.gpu.GpuService
10-14 01:23:39.042 1151 1151 D SystemServerTiming: OnBootPhase_200_com.android.server.gpu.GpuService took to complete: 0ms
10-14 01:23:39.042 1151 1151 I SystemServerTiming: OnBootPhase_200_com.android.server.security.KeyChainSystemService
10-14 01:23:39.042 1151 1151 D SystemServerTiming: OnBootPhase_200_com.android.server.security.KeyChainSystemService took to complete: 0ms
10-14 01:23:39.043 1151 1151 I SystemServerTiming: OnBootPhase_200_com.android.server.telecom.TelecomLoaderService
10-14 01:23:39.043 1151 1151 D SystemServerTiming: OnBootPhase_200_com.android.server.telecom.TelecomLoaderService took to complete: 0ms
10-14 01:23:39.043 1151 1151 I SystemServerTiming: OnBootPhase_200_com.android.server.accounts.AccountManagerService$Lifecycle
10-14 01:23:39.043 1151 1151 D SystemServerTiming: OnBootPhase_200_com.android.server.accounts.AccountManagerService$Lifecycle took to complete: 0ms
10-14 01:23:39.043 1151 1151 I SystemServerTiming: OnBootPhase_200_com.android.server.content.ContentService$Lifecycle
10-14 01:23:39.043 1151 1151 D SystemServerTiming: OnBootPhase_200_com.android.server.content.ContentService$Lifecycle took to complete: 0ms
10-14 01:23:39.043 1151 1151 I SystemServerTiming: OnBootPhase_200_com.android.server.DropBoxManagerService
10-14 01:23:39.043 1151 1151 D SystemServerTiming: OnBootPhase_200_com.android.server.DropBoxManagerService took to complete: 0ms
10-14 01:23:39.043 1151 1151 I SystemServerTiming: OnBootPhase_200_com.android.role.RoleService
10-14 01:23:39.043 1151 1151 D SystemServerTiming: OnBootPhase_200_com.android.role.RoleService took to complete: 0ms
10-14 01:23:39.044 1151 1151 I SystemServerTiming: OnBootPhase_200_com.android.server.vibrator.VibratorManagerService$Lifecycle
10-14 01:23:39.044 1151 1151 D SystemServerTiming: OnBootPhase_200_com.android.server.vibrator.VibratorManagerService$Lifecycle took to complete: 0ms
10-14 01:23:39.044 1151 1151 I SystemServerTiming: OnBootPhase_200_com.android.server.alarm.AlarmManagerService
10-14 01:23:39.044 1151 1151 D SystemServerTiming: OnBootPhase_200_com.android.server.alarm.AlarmManagerService took to complete: 0ms
10-14 01:23:39.044 1151 1151 I SystemServerTiming: OnBootPhase_200_com.android.server.devicestate.DeviceStateManagerService
10-14 01:23:39.045 1151 1151 D SystemServerTiming: OnBootPhase_200_com.android.server.devicestate.DeviceStateManagerService took to complete: 0ms
10-14 01:23:39.045 1151 1151 I SystemServerTiming: OnBootPhase_200_com.android.server.camera.CameraServiceProxy
10-14 01:23:39.045 1151 1151 D SystemServerTiming: OnBootPhase_200_com.android.server.camera.CameraServiceProxy took to complete: 0ms
10-14 01:23:39.045 1151 1151 D SystemServerTiming: OnBootPhase_200 took to complete: 8ms
10-14 01:23:39.048 1151 1151 I WindowManager: No existing display settings, starting empty
10-14 01:23:39.049 1151 1151 I WindowManager: No existing display settings, starting empty
01-01 08:00:57.087 0 0 D cnss : Received QMI WLFW pin connect result indication
01-01 08:00:57.087 0 0 D cnss : Pin connect Result: pwr_pin: 0x0 phy_io_pin: 0x0 rf_io_pin: 0x2b
01-01 08:00:57.087 0 0 D cnss : Received QMI WLFW calibration done indication
01-01 08:00:57.087 0 0 D cnss : Posting event: COLD_BOOT_CAL_DONE(6), state: 0xf flags: 0x0
01-01 08:00:57.087 0 0 D cnss : PM stay awake, state: 0xf, count: 1
01-01 08:00:57.090 0 0 D cnss : Processing driver event: COLD_BOOT_CAL_DONE(6), state: 0xf
01-01 08:00:57.090 0 0 D cnss : Calibration completed successfully
01-01 08:00:57.090 0 0 D cnss : Sending mode message, mode: OFF(4), state: 0xf
01-01 08:00:57.090 0 0 D cnss : Received QMI WLFW FW ready indication
01-01 08:00:57.090 0 0 D cnss : Posting event: COLD_BOOT_CAL_DONE(6), state: 0xf flags: 0x0
01-01 08:00:57.101 0 0 D cnss : Skip driver remove
01-01 08:00:57.102 0 0 D cnss : Read register offset 0x1f8031c, val = 0x2
01-01 08:00:57.102 0 0 D cnss : Write val 0x3 to register offset 0x1f8031c
01-01 08:00:57.103 0 0 D cnss : WLFW server exiting
01-01 08:00:57.103 0 0 D cnss : Posting event: SERVER_EXIT(1), state: 0x2000f flags: 0x0
01-01 08:00:57.105 0 0 D cnss : Setting MHI state: POWER_OFF(4)
10-14 01:23:39.072 1151 1317 I service_manager_stats: [272,345,5035]
10-14 01:23:39.100 1151 1151 D SystemServerTiming: StartWindowManagerService took to complete: 63ms
10-14 01:23:39.100 1151 1151 I SystemServerTiming: SetWindowManagerService
01-01 08:00:57.181 0 0 D cnss : Suspending PCI link
01-01 08:00:57.182 0 0 I msm_pcie_disable: PCIe: Assert the reset of endpoint of RC0.
01-01 08:00:57.186 0 0 D cnss : Setting MHI state: DEINIT(1)
01-01 08:00:57.186 0 0 D cnss : De-assert WLAN_EN GPIO successfully
01-01 08:00:57.186 0 0 D cnss : Regulator vdd-wlan-rfa2 is being disabled
01-01 08:00:57.187 0 0 D cnss : Regulator vdd-wlan-rfa1 is being disabled
01-01 08:00:57.187 0 0 D cnss : Regulator vdd-wlan-dig is being disabled
01-01 08:00:57.187 0 0 D cnss : Regulator vdd-wlan-aon is being disabled
01-01 08:00:57.187 0 0 D cnss : Regulator wlan-ant-switch is being disabled
01-01 08:00:57.187 0 0 D cnss : Regulator vdd-wlan-io is being disabled
10-14 01:23:39.177 1151 1427 W ProcessCpuTracker: Failed to stat(/proc/1781): android.system.ErrnoException: stat failed: ENOENT (No such file or directory)
10-14 01:23:39.177 1151 1427 W ProcessCpuTracker: Skipping unknown process pid 1781
10-14 01:23:39.197 1151 1151 I ActivityTaskManager: Loaded persisted task ids for user 0
10-14 01:23:39.198 1151 1151 I wm_task_created: [1,-1]
10-14 01:23:39.201 1151 1151 D SystemServerTiming: SetWindowManagerService took to complete: 100ms
10-14 01:23:39.201 1151 1151 I SystemServerTiming: WindowManagerServiceOnInitReady
01-01 08:00:57.245 0 0 D cnss : Posting event: REGISTER_DRIVER(7)-sync, state: 0x20001 flags: 0x5
01-01 08:00:57.245 0 0 D cnss : Processing driver event: COLD_BOOT_CAL_DONE(6), state: 0x20001
01-01 08:00:57.245 0 0 D cnss : Processing driver event: SERVER_EXIT(1), state: 0x20001
01-01 08:00:57.245 0 0 I cnss : QMI WLFW service disconnected, state: 0x20000
01-01 08:00:57.246 0 0 I IPv6 : ADDRCONF(NETDEV_UP): vlan8: link is not ready
10-14 01:23:39.221 1151 1317 I sysui_multi_action: [757,1594,758,4,759,0,806,NULL]
01-01 08:00:57.258 0 0 D cnss : Processing driver event: REGISTER_DRIVER-sync(7), state: 0x0
01-01 08:00:57.258 0 0 D cnss : Regulator vdd-wlan-io is being enabled
01-01 08:00:57.258 0 0 D cnss : Regulator wlan-ant-switch is being enabled
01-01 08:00:57.259 0 0 D cnss : Regulator vdd-wlan-aon is being enabled
01-01 08:00:57.259 0 0 D cnss : Regulator vdd-wlan-dig is being enabled
01-01 08:00:57.260 0 0 D cnss : Regulator vdd-wlan-rfa1 is being enabled
01-01 08:00:57.260 0 0 D cnss : Regulator vdd-wlan-rfa2 is being enabled
01-01 08:00:57.260 0 0 D cnss : BT_EN_GPIO State: Off. Delay WLAN_GPIO enable
10-14 01:23:39.229 1151 1151 D SystemServerTiming: WindowManagerServiceOnInitReady took to complete: 28ms
10-14 01:23:39.230 1151 1151 I SystemServerTiming: StartInputManager
10-14 01:23:39.230 1151 1151 I InputManager: Starting input manager
10-14 01:23:39.233 1151 1792 I SystemServerTimingAsync: InitThreadPoolExec:StartHidlServices
10-14 01:23:39.233 1151 1792 D SystemServerInitThreadPool: Started executing StartHidlServices
10-14 01:23:39.233 1151 1792 I SystemServerTimingAsync: StartHidlServices
10-14 01:23:39.235 1151 1151 D SystemServerTiming: StartInputManager took to complete: 6ms
10-14 01:23:39.236 1151 1151 I SystemServerTiming: DisplayManagerWindowManagerAndInputReady
10-14 01:23:39.236 1151 1151 D SystemServerTiming: DisplayManagerWindowManagerAndInputReady took to complete: 1ms
10-14 01:23:39.236 1151 1151 I SystemServerTiming: StartBluetoothService
10-14 01:23:39.236 1151 1151 I SystemServiceManager: Starting com.android.server.BluetoothService
10-14 01:23:39.237 1151 1317 I LogicalDisplayMapper: Requesting Transition to state: 0
10-14 01:23:39.237 1151 1317 I LogicalDisplayMapper: Applying layout: [{addr: {port=129, model=0x40446d3026322d}, dispId: 0(ON)}], Previous layout: [{addr: {port=129, model=0x40446d3026322d}, dispId: 0(ON)}]
10-14 01:23:39.248 1151 1151 D BluetoothManagerService: Loading stored name and address
10-14 01:23:39.249 1151 1151 D BluetoothManagerService: Stored bluetooth Name=QCOM-BTD,Address=22:22:CA:EE:5B:C2
10-14 01:23:39.249 1151 1151 D BluetoothManagerService: Bluetooth persisted state: 1
10-14 01:23:39.249 1151 1151 D BluetoothManagerService: Startup: Bluetooth persisted state is ON.
10-14 01:23:39.249 1151 1151 D BluetoothManagerService: Detected SystemUiUid: 10087
10-14 01:23:39.249 1151 1151 D SystemServerTiming: StartBluetoothService took to complete: 13ms
10-14 01:23:39.250 1151 1151 I SystemServerTiming: IpConnectivityMetrics
10-14 01:23:39.250 1151 1151 I SystemServiceManager: Starting com.android.server.connectivity.IpConnectivityMetrics
10-14 01:23:39.250 1151 1151 D SystemServerTiming: IpConnectivityMetrics took to complete: 1ms
10-14 01:23:39.250 1151 1151 I SystemServerTiming: NetworkWatchlistService
10-14 01:23:39.251 1151 1151 I SystemServiceManager: Starting com.android.server.net.watchlist.NetworkWatchlistService$Lifecycle
10-14 01:23:39.263 1151 1151 I WatchlistSettings: Reload watchlist settings done
10-14 01:23:39.263 1151 1792 D SystemServerTimingAsync: StartHidlServices took to complete: 30ms
10-14 01:23:39.263 1151 1792 D SystemServerInitThreadPool: Finished executing StartHidlServices
10-14 01:23:39.263 1151 1792 D SystemServerTimingAsync: InitThreadPoolExec:StartHidlServices took to complete: 30ms
10-14 01:23:39.265 1151 1151 D SystemServerTiming: NetworkWatchlistService took to complete: 14ms
10-14 01:23:39.265 1151 1151 I SystemServerTiming: PinnerService
10-14 01:23:39.265 1151 1151 I SystemServiceManager: Starting com.android.server.PinnerService
10-14 01:23:39.266 1151 1151 V HistoricalRegistry: Interaction before persistence initialized
10-14 01:23:39.267 1151 1803 I WatchlistLoggingHandler: No need to aggregate record yet.
10-14 01:23:39.267 1151 1803 I WatchlistLoggingHandler: Milliseconds spent on tryAggregateRecords(): 3
10-14 01:23:39.271 1151 1151 D SystemServerTiming: PinnerService took to complete: 6ms
10-14 01:23:39.271 1151 1151 I SystemServerTiming: IorapForwardingService
10-14 01:23:39.271 1151 1151 I SystemServiceManager: Starting com.google.android.startop.iorap.IorapForwardingService
10-14 01:23:39.273 1151 1348 D PinnerService: pinRangeStream: null
10-14 01:23:39.274 1151 1151 D SystemServerTiming: IorapForwardingService took to complete: 2ms
10-14 01:23:39.274 1151 1151 I SystemServiceManager: Starting com.android.server.ActivityTriggerService
10-14 01:23:39.275 1151 1151 I ActivityTriggerService: Starting ActivityTriggerService
10-14 01:23:39.291 1151 1348 D PinnerService: pinRangeStream: null
10-14 01:23:39.292 1151 1348 D PinnerService: pinRangeStream: null
10-14 01:23:39.292 1151 1151 I SystemServerTiming: SignedConfigService
10-14 01:23:39.293 1151 1348 D PinnerService: pinRangeStream: null
10-14 01:23:39.294 1151 1151 D SystemServerTiming: SignedConfigService took to complete: 1ms
10-14 01:23:39.294 1151 1151 I SystemServerTiming: AppIntegrityService
10-14 01:23:39.294 1151 1151 I SystemServiceManager: Starting com.android.server.integrity.AppIntegrityManagerService
10-14 01:23:39.294 1151 1736 D SystemServerTimingAsync: AppDataFixup took to complete: 1010ms
10-14 01:23:39.313 1151 1151 E IntegrityFileManager: Error creating staging and rules directory
01-01 08:00:57.352 0 0 I : ip (1793) used greatest stack depth: 9352 bytes left
10-14 01:23:39.321 1151 1151 D SystemServerTiming: AppIntegrityService took to complete: 28ms
01-01 08:00:57.362 0 0 D cnss : Assert WLAN_EN GPIO successfully
01-01 08:00:57.362 0 0 D cnss : Resuming PCI link
01-01 08:00:57.363 0 0 I msm_pcie_enable: PCIe: Assert the reset of endpoint of RC0.
01-01 08:00:57.367 0 0 I msm_pcie_enable: PCIe: RC0: PCIE20_PARF_INT_ALL_MASK: 0x7f80d202
01-01 08:00:57.370 0 0 I pcie_phy_init: PCIe RC0 PHY is ready!
10-14 01:23:39.339 1151 1151 I auditd : type=1400 audit(0.0:88): avc: denied { read } for comm="InputReader" name="virtualkeys.cyttsp7_mt" dev="sysfs" ino=67468 scontext=u:r:system_server:s0 tcontext=u:object_r:sysfs:s0 tclass=file permissive=0
01-01 08:00:57.380 0 0 I msm_pcie_enable: PCIe: Release the reset of endpoint of RC0.
01-01 08:00:57.397 0 0 I msm_pcie_link_train: PCIe RC0 link initialized
01-01 08:00:57.413 0 0 I cnss_pci 0000: 01:00.0: enabling device (0000 -> 0002)
01-01 08:00:57.414 0 0 D cnss : Config PCIe remap window register to 0x4000003f
01-01 08:00:57.415 0 0 D cnss : Read register offset 0x1f8031c, val = 0x6
01-01 08:00:57.415 0 0 D cnss : Write val 0x2 to register offset 0x1f8031c
01-01 08:00:57.415 0 0 D cnss : Setting MHI state: INIT(0)
01-01 08:00:57.416 0 0 D cnss : Setting MHI state: POWER_ON(2)
01-01 08:00:57.420 0 0 W cnss_pci 0000: 01:00.0: Falling back to syfs fallback for: qca6390/amss20.bin
10-14 01:23:39.413 1151 1151 I WindowManager: SAFE MODE not enabled
10-14 01:23:39.413 1151 1151 I SystemServerTiming: StartInputMethodManagerLifecycle
10-14 01:23:39.414 1151 1151 I SystemServiceManager: Starting com.android.server.inputmethod.InputMethodManagerService$Lifecycle
10-14 01:23:39.425 1151 1151 D SystemServerTiming: StartInputMethodManagerLifecycle took to complete: 12ms
10-14 01:23:39.425 1151 1151 I SystemServerTiming: StartAccessibilityManagerService
10-14 01:23:39.426 1151 1151 I SystemServiceManager: Starting com.android.server.accessibility.AccessibilityManagerService$Lifecycle
10-14 01:23:39.432 1151 1151 D SystemServerTiming: StartAccessibilityManagerService took to complete: 6ms
10-14 01:23:39.432 1151 1151 I SystemServerTiming: MakeDisplayReady
10-14 01:23:39.447 1151 1151 I configuration_changed: 536894968
10-14 01:23:39.448 1151 1151 I ActivityTaskManager: Config changes=20005df8 {1.0 ?mcc?mnc [zh_CN] ldltr sw680dp w1586dp h608dp 240dpi lrg long land ?uimode ?night -touch -keyb/v/h -nav/h winConfig={ mBounds=Rect(0, 0 - 2380, 1020) mAppBounds=Rect(0, 0 - 2380, 948) mMaxBounds=Rect(0, 0 - 2380, 1020) mWindowingMode=fullscreen mDisplayWindowingMode=fullscreen mActivityType=undefined mAlwaysOnTop=undefined mRotation=ROTATION_0} s.2 ?fontWeightAdjustment}
10-14 01:23:39.449 1151 1151 I WindowManager: Override config changes=60007dfc {1.0 ?mcc?mnc [zh_CN] ldltr sw680dp w1586dp h608dp 240dpi lrg long land ?uimode ?night -touch -keyb/v/h -nav/h winConfig={ mBounds=Rect(0, 0 - 2380, 1020) mAppBounds=Rect(0, 0 - 2380, 948) mMaxBounds=Rect(0, 0 - 2380, 1020) mWindowingMode=fullscreen mDisplayWindowingMode=fullscreen mActivityType=undefined mAlwaysOnTop=undefined mRotation=ROTATION_0} s.2 ?fontWeightAdjustment} for displayId=0
10-14 01:23:39.449 1151 1151 I sysui_multi_action: [757,1659,758,4,759,2,1660,0]
10-14 01:23:39.463 1151 1151 I configuration_changed: 8
10-14 01:23:39.464 1151 1151 I ActivityTaskManager: Config changes=8 {1.0 ?mcc?mnc [zh_CN] ldltr sw680dp w1586dp h608dp 240dpi lrg long land ?uimode ?night finger -keyb/v/h -nav/h winConfig={ mBounds=Rect(0, 0 - 2380, 1020) mAppBounds=Rect(0, 0 - 2380, 948) mMaxBounds=Rect(0, 0 - 2380, 1020) mWindowingMode=fullscreen mDisplayWindowingMode=fullscreen mActivityType=undefined mAlwaysOnTop=undefined mRotation=ROTATION_0} s.4 ?fontWeightAdjustment}
10-14 01:23:39.465 1151 1151 I WindowManager: Override config changes=8 {1.0 ?mcc?mnc [zh_CN] ldltr sw680dp w1586dp h608dp 240dpi lrg long land ?uimode ?night finger -keyb/v/h -nav/h winConfig={ mBounds=Rect(0, 0 - 2380, 1020) mAppBounds=Rect(0, 0 - 2380, 948) mMaxBounds=Rect(0, 0 - 2380, 1020) mWindowingMode=fullscreen mDisplayWindowingMode=fullscreen mActivityType=undefined mAlwaysOnTop=undefined mRotation=ROTATION_0} s.4 ?fontWeightAdjustment} for displayId=0
10-14 01:23:39.468 1151 1151 D SystemServerTiming: MakeDisplayReady took to complete: 36ms
10-14 01:23:39.468 1151 1151 I SystemServerTiming: StartStorageManagerService
10-14 01:23:39.468 1151 1151 I SystemServiceManager: Starting com.android.server.StorageManagerService$Lifecycle
10-14 01:23:39.506 1151 1811 D StorageManagerService: Thinking about init, mBootCompleted=false, mDaemonConnected=true
10-14 01:23:39.506 1151 1811 D StorageManagerService: Thinking about reset, mBootCompleted=false, mDaemonConnected=true
10-14 01:23:39.508 1151 1811 D StorageManagerService: Thinking about init, mBootCompleted=false, mDaemonConnected=true
10-14 01:23:39.508 1151 1811 D StorageManagerService: Thinking about reset, mBootCompleted=false, mDaemonConnected=true
10-14 01:23:39.509 1151 1151 D SystemServerTiming: StartStorageManagerService took to complete: 41ms
10-14 01:23:39.509 1151 1151 I SystemServerTiming: StartStorageStatsService
10-14 01:23:39.509 1151 1151 I SystemServiceManager: Starting com.android.server.usage.StorageStatsService$Lifecycle
10-14 01:23:39.528 1151 1151 D SystemServerTiming: StartStorageStatsService took to complete: 18ms
10-14 01:23:39.528 1151 1151 I SystemServerTiming: StartUiModeManager
10-14 01:23:39.528 1151 1151 I SystemServiceManager: Starting com.android.server.UiModeManagerService
10-14 01:23:39.535 1151 1151 D SystemServerTiming: StartUiModeManager took to complete: 6ms
10-14 01:23:39.535 1151 1151 I SystemServerTiming: UpdatePackagesIfNeeded
10-14 01:23:39.535 1151 1151 I Watchdog: Pausing HandlerChecker: main thread for reason: dexopt. Pause count: 1
10-14 01:23:39.535 1151 1151 I Watchdog: Resuming HandlerChecker: main thread for reason: dexopt. Pause count: 0
10-14 01:23:39.536 1151 1151 D SystemServerTiming: UpdatePackagesIfNeeded took to complete: 0ms
10-14 01:23:39.536 1151 1151 I SystemServerTiming: PerformFstrimIfNeeded
10-14 01:23:39.537 1151 1151 D SystemServerTiming: PerformFstrimIfNeeded took to complete: 1ms
10-14 01:23:39.537 1151 1151 I SystemServerTiming: StartLockSettingsService
10-14 01:23:39.537 1151 1151 I SystemServiceManager: Starting com.android.server.locksettings.LockSettingsService$Lifecycle
10-14 01:23:39.542 1151 1812 I SystemServerTimingAsync: InitThreadPoolExec:UiModeManager.onStart
10-14 01:23:39.543 1151 1812 D SystemServerInitThreadPool: Started executing UiModeManager.onStart
10-14 01:23:39.551 1151 1348 D PinnerService: pinRangeStream: null
10-14 01:23:39.553 1151 1348 D PinnerService: pinRangeStream: null
10-14 01:23:39.563 1151 1348 D PinnerService: pinRangeStream: null
10-14 01:23:39.566 1151 1812 D SystemServerInitThreadPool: Finished executing UiModeManager.onStart
10-14 01:23:39.566 1151 1812 D SystemServerTimingAsync: InitThreadPoolExec:UiModeManager.onStart took to complete: 24ms
10-14 01:23:39.605 1249 1249 W iorapd : Readahead disabled by system property
10-14 01:23:39.613 1249 1249 W iorapd : Reconnect to package manager service: 1 times
10-14 01:23:39.662 1151 1151 W SystemServiceManager: Service com.android.server.locksettings.LockSettingsService$Lifecycle took 124 ms in onStart
10-14 01:23:39.663 1151 1348 D PinnerService: pinRangeStream: null
10-14 01:23:39.663 1151 1151 D SystemServerTiming: StartLockSettingsService took to complete: 125ms
10-14 01:23:39.663 1151 1151 I SystemServerTiming: StartPersistentDataBlock
10-14 01:23:39.663 1151 1151 I SystemServiceManager: Starting com.android.server.PersistentDataBlockService
10-14 01:23:39.667 1814 1814 D iorap.prefetcherd: Installing minijail
10-14 01:23:39.669 1814 1814 W iorap.prefetcherd: No seccomp filter defined for this architecture.
10-14 01:23:39.674 1151 1151 D SystemServerTiming: StartPersistentDataBlock took to complete: 11ms
10-14 01:23:39.674 1151 1151 I SystemServerTiming: StartTestHarnessMode
10-14 01:23:39.674 1151 1151 I SystemServiceManager: Starting com.android.server.testharness.TestHarnessModeService
10-14 01:23:39.677 1151 1819 I SystemServerTimingAsync: InitThreadPoolExec:PersistentDataBlockService.onStart
10-14 01:23:39.677 1151 1819 D SystemServerInitThreadPool: Started executing PersistentDataBlockService.onStart
10-14 01:23:39.679 1151 1151 D SystemServerTiming: StartTestHarnessMode took to complete: 3ms
10-14 01:23:39.679 1151 1151 I SystemServerTiming: StartOemLockService
10-14 01:23:39.679 1151 1151 I SystemServiceManager: Starting com.android.server.oemlock.OemLockService
10-14 01:23:39.681 1151 1151 I OemLock : OemLock HAL not present on device
10-14 01:23:39.681 1151 1151 I OemLock : Using persistent data block based lock
10-14 01:23:39.681 1151 1819 E PersistentDataBlockService: not able to find package com.google.android.gms
10-14 01:23:39.681 1151 1819 E PersistentDataBlockService: android.content.pm.PackageManager$NameNotFoundException: com.google.android.gms
10-14 01:23:39.681 1151 1819 E PersistentDataBlockService: at android.app.ApplicationPackageManager.getPackageUidAsUser(ApplicationPackageManager.java:364)
10-14 01:23:39.681 1151 1819 E PersistentDataBlockService: at com.android.server.PersistentDataBlockService.getAllowedUid(PersistentDataBlockService.java:162)
10-14 01:23:39.681 1151 1819 E PersistentDataBlockService: at com.android.server.PersistentDataBlockService.lambda$onStart$0$PersistentDataBlockService(PersistentDataBlockService.java:176)
10-14 01:23:39.681 1151 1819 E PersistentDataBlockService: at com.android.server.PersistentDataBlockService$$ExternalSyntheticLambda0.run(Unknown Source:2)
10-14 01:23:39.681 1151 1819 E PersistentDataBlockService: at com.android.server.SystemServerInitThreadPool.lambda$submitTask$0$SystemServerInitThreadPool(SystemServerInitThreadPool.java:105)
10-14 01:23:39.681 1151 1819 E PersistentDataBlockService: at com.android.server.SystemServerInitThreadPool$$ExternalSyntheticLambda0.run(Unknown Source:6)
10-14 01:23:39.681 1151 1819 E PersistentDataBlockService: at java.util.concurrent.Executors$RunnableAdapter.call(Executors.java:462)
10-14 01:23:39.681 1151 1819 E PersistentDataBlockService: at java.util.concurrent.FutureTask.run(FutureTask.java:266)
10-14 01:23:39.681 1151 1819 E PersistentDataBlockService: at java.util.concurrent.ThreadPoolExecutor.runWorker(ThreadPoolExecutor.java:1167)
10-14 01:23:39.681 1151 1819 E PersistentDataBlockService: at java.util.concurrent.ThreadPoolExecutor$Worker.run(ThreadPoolExecutor.java:641)
10-14 01:23:39.681 1151 1819 E PersistentDataBlockService: at com.android.internal.util.ConcurrentUtils$1$1.run(ConcurrentUtils.java:65)
10-14 01:23:39.685 1151 1151 D SystemServerTiming: StartOemLockService took to complete: 6ms
10-14 01:23:39.685 1151 1151 I SystemServerTiming: StartDeviceIdleController
10-14 01:23:39.685 1151 1151 I SystemServiceManager: Starting com.android.server.DeviceIdleController
10-14 01:23:39.692 1151 1151 D SystemServerTiming: StartDeviceIdleController took to complete: 7ms
10-14 01:23:39.693 1151 1151 I SystemServerTiming: StartDevicePolicyManager
10-14 01:23:39.693 1151 1151 I SystemServiceManager: Starting com.android.server.devicepolicy.DevicePolicyManagerService$Lifecycle
10-14 01:23:39.710 1151 1151 D SLog : static_init took to complete: 5ms
10-14 01:23:39.710 1151 1151 I DevicePolicyManager: Set ro.organization_owned property to false
10-14 01:23:39.710 1151 1819 D SystemServerInitThreadPool: Finished executing PersistentDataBlockService.onStart
10-14 01:23:39.710 1151 1819 D SystemServerTimingAsync: InitThreadPoolExec:PersistentDataBlockService.onStart took to complete: 33ms
10-14 01:23:39.713 1151 1151 D SystemServerTiming: StartDevicePolicyManager took to complete: 20ms
10-14 01:23:39.713 1151 1151 I SystemServerTiming: StartStatusBarManagerService
10-14 01:23:39.714 1151 1151 D SystemServerTiming: StartStatusBarManagerService took to complete: 1ms
10-14 01:23:39.714 1151 1151 D SystemServer: MusicRecognitionManagerService not defined by OEM or disabled by flag
10-14 01:23:39.714 1151 1151 D SystemServer: ContentCaptureService disabled because resource is not overlaid
10-14 01:23:39.715 1151 1151 D SystemServer: AttentionService is not configured on this device
10-14 01:23:39.715 1151 1151 D SystemServer: RotationResolverService is not configured on this device
10-14 01:23:39.715 1151 1151 D SystemServer: SystemCaptionsManagerService disabled because resource is not overlaid
10-14 01:23:39.715 1151 1151 I SystemServerTiming: StartTextToSpeechManagerService
10-14 01:23:39.715 1151 1151 I SystemServiceManager: Starting com.android.server.texttospeech.TextToSpeechManagerService
10-14 01:23:39.718 1151 1151 D SystemServerTiming: StartTextToSpeechManagerService took to complete: 3ms
10-14 01:23:39.718 1151 1151 I SystemServerTiming: StartSpeechRecognitionManagerService
10-14 01:23:39.718 1151 1151 I SystemServiceManager: Starting com.android.server.speech.SpeechRecognitionManagerService
10-14 01:23:39.720 1151 1151 D SystemServerTiming: StartSpeechRecognitionManagerService took to complete: 2ms
10-14 01:23:39.720 1151 1151 D SystemServer: AppPredictionService not defined by OEM
10-14 01:23:39.720 1151 1151 D SystemServer: ContentSuggestionsService not defined by OEM
10-14 01:23:39.720 1151 1151 I SystemServerTiming: StartSearchUiService
10-14 01:23:39.721 1151 1151 I SystemServiceManager: Starting com.android.server.searchui.SearchUiManagerService
10-14 01:23:39.722 1151 1151 D SystemServerTiming: StartSearchUiService took to complete: 1ms
10-14 01:23:39.722 1151 1151 I SystemServerTiming: StartSmartspaceService
10-14 01:23:39.722 1151 1151 I SystemServiceManager: Starting com.android.server.smartspace.SmartspaceManagerService
10-14 01:23:39.724 1151 1348 D PinnerService: pinRangeStream: null
10-14 01:23:39.725 1151 1348 D PinnerService: pinRangeStream: null
10-14 01:23:39.725 1151 1151 D SystemServerTiming: StartSmartspaceService took to complete: 2ms
10-14 01:23:39.725 1151 1151 I SystemServerTiming: InitConnectivityModuleConnector
10-14 01:23:39.725 1151 1151 D ConnectivityModuleConnector: Network stack init
10-14 01:23:39.727 1151 1151 D SystemServerTiming: InitConnectivityModuleConnector took to complete: 2ms
10-14 01:23:39.727 1151 1151 I SystemServerTiming: InitNetworkStackClient
10-14 01:23:39.728 1151 1151 D SystemServerTiming: InitNetworkStackClient took to complete: 1ms
10-14 01:23:39.728 1151 1151 I SystemServerTiming: StartNetworkManagementService
10-14 01:23:39.742 1151 1348 D PinnerService: pinRangeStream: null
10-14 01:23:39.743 1151 1348 D PinnerService: pinRangeStream: null
10-14 01:23:39.744 1151 1348 E PinnerService: Could not pin file /system/lib64/libsurfaceflinger.so
10-14 01:23:39.744 1151 1348 E PinnerService: android.system.ErrnoException: open failed: ENOENT (No such file or directory)
10-14 01:23:39.744 1151 1348 E PinnerService: at libcore.io.Linux.open(Native Method)
10-14 01:23:39.744 1151 1348 E PinnerService: at libcore.io.ForwardingOs.open(ForwardingOs.java:567)
10-14 01:23:39.744 1151 1348 E PinnerService: at libcore.io.BlockGuardOs.open(BlockGuardOs.java:273)
10-14 01:23:39.744 1151 1348 E PinnerService: at android.system.Os.open(Os.java:501)
10-14 01:23:39.744 1151 1348 E PinnerService: at com.android.server.PinnerService.pinFileRanges(PinnerService.java:939)
10-14 01:23:39.744 1151 1348 E PinnerService: at com.android.server.PinnerService.pinFile(PinnerService.java:814)
10-14 01:23:39.744 1151 1348 E PinnerService: at com.android.server.PinnerService.handlePinOnStart(PinnerService.java:273)
10-14 01:23:39.744 1151 1348 E PinnerService: at com.android.server.PinnerService.access$1600(PinnerService.java:91)
10-14 01:23:39.744 1151 1348 E PinnerService: at com.android.server.PinnerService$PinnerHandler.handleMessage(PinnerService.java:1183)
10-14 01:23:39.744 1151 1348 E PinnerService: at android.os.Handler.dispatchMessage(Handler.java:106)
10-14 01:23:39.744 1151 1348 E PinnerService: at android.os.Looper.loopOnce(Looper.java:201)
10-14 01:23:39.744 1151 1348 E PinnerService: at android.os.Looper.loop(Looper.java:288)
10-14 01:23:39.744 1151 1348 E PinnerService: at android.os.HandlerThread.run(HandlerThread.java:67)
10-14 01:23:39.744 1151 1348 E PinnerService: Failed to pin file = /system/lib64/libsurfaceflinger.so
10-14 01:23:39.746 1151 1151 D SystemServerTiming: StartNetworkManagementService took to complete: 17ms
10-14 01:23:39.746 1151 1151 I SystemServerTiming: StartIpSecService
10-14 01:23:39.748 1151 1151 D SystemServerTiming: StartIpSecService took to complete: 2ms
10-14 01:23:39.748 1151 1151 I SystemServerTiming: StartFontManagerService
10-14 01:23:39.758 1151 1821 I service_manager_slow: [10,netd]
01-01 08:00:57.898 0 0 D cnss : MHI status cb is called with reason MISSION_MODE(6)
01-01 08:00:57.900 0 0 D cnss : Completed event: REGISTER_DRIVER(7), state: 0x10, ret: 0/0
01-01 08:00:57.900 0 0 D cnss : PM relax, state: 0x10, count: 0
01-01 08:00:57.913 0 0 E : [drm:dp_display_init_aux_switch][msm-dp-err][83 ]failed to register notifier (-22)
01-01 08:00:57.931 0 0 E register_client_adhoc: find path.src 1 dest 589
01-01 08:00:57.932 0 0 E register_client_adhoc: Failed to find path.src 1 dest 589
01-01 08:00:57.974 0 0 E swr-wcd rx_swr_ctrl: swrm_get_logical_dev_num: device 0xd01170224 is not ready
01-01 08:00:57.990 0 0 E swr_get_logical_dev_num: Error -22 to get logical addr for device d01170224
01-01 08:00:57.998 0 0 E swr-wcd rx_swr_ctrl: swrm_get_logical_dev_num: device 0xd01170224 is not ready
01-01 08:00:58.007 0 0 E swr_get_logical_dev_num: Error -22 to get logical addr for device d01170224
10-14 01:23:39.989 1151 1151 D SystemServerTiming: StartFontManagerService took to complete: 241ms
10-14 01:23:39.989 1151 1151 I SystemServerTiming: StartTextServicesManager
10-14 01:23:39.989 1151 1151 I SystemServiceManager: Starting com.android.server.textservices.TextServicesManagerService$Lifecycle
10-14 01:23:39.990 1151 1151 D SystemServerTiming: StartTextServicesManager took to complete: 1ms
10-14 01:23:39.990 1151 1151 I SystemServerTiming: StartTextClassificationManagerService
10-14 01:23:39.991 1151 1151 I SystemServiceManager: Starting com.android.server.textclassifier.TextClassificationManagerService$Lifecycle
10-14 01:23:39.995 1151 1151 D SystemServerTiming: StartTextClassificationManagerService took to complete: 4ms
10-14 01:23:39.995 1151 1151 I SystemServerTiming: StartNetworkScoreService
10-14 01:23:39.995 1151 1151 I SystemServiceManager: Starting com.android.server.NetworkScoreService$Lifecycle
01-01 08:00:58.016 0 0 E swr-wcd rx_swr_ctrl: swrm_get_logical_dev_num: device 0xd01170224 is not ready
01-01 08:00:58.024 0 0 E swr_get_logical_dev_num: Error -22 to get logical addr for device d01170224
01-01 08:00:58.030 0 0 D cnss : WLFW server arriving: node 7 port 1
01-01 08:00:58.033 0 0 D cnss : Posting event: SERVER_ARRIVE(0), state: 0x10 flags: 0x0
01-01 08:00:58.033 0 0 D cnss : PM stay awake, state: 0x10, count: 1
01-01 08:00:58.034 0 0 E swr-wcd rx_swr_ctrl: swrm_get_logical_dev_num: device 0xd01170224 is not ready
10-14 01:23:39.999 1151 1151 D SystemServerTiming: StartNetworkScoreService took to complete: 4ms
10-14 01:23:40.000 1151 1151 I SystemServerTiming: StartNetworkStatsService
01-01 08:00:58.035 0 0 D cnss : Processing driver event: SERVER_ARRIVE(0), state: 0x10
10-14 01:23:40.017 1151 1151 D SystemServerTiming: StartNetworkStatsService took to complete: 17ms
01-01 08:00:58.043 0 0 E swr_get_logical_dev_num: Error -22 to get logical addr for device d01170224
10-14 01:23:40.017 1151 1151 I SystemServerTiming: StartNetworkPolicyManagerService
01-01 08:00:58.044 0 0 I cnss : QMI WLFW service connected, state: 0x11
01-01 08:00:58.052 0 0 E swr-wcd rx_swr_ctrl: swrm_get_logical_dev_num: device 0xd01170224 is not ready
10-14 01:23:40.030 1151 1151 D SystemServerTiming: StartNetworkPolicyManagerService took to complete: 12ms
10-14 01:23:40.030 1151 1151 I SystemServerTiming: StartWifi
01-01 08:00:58.055 0 0 D cnss : Sending indication register message, state: 0x11
01-01 08:00:58.060 0 0 E swr_get_logical_dev_num: Error -22 to get logical addr for device d01170224
01-01 08:00:58.060 0 0 E wcd938x_codec wcd938x-codec: wcd938x_bind: Slave bind failed, ret = -517
01-01 08:00:58.077 0 0 D cnss : Sending host capability message, state: 0x11
01-01 08:00:58.077 0 0 D cnss : Number of clients is 2
01-01 08:00:58.077 0 0 D cnss : Assign MSI to user: WAKE, num_vectors: 1, user_base_data: 813, base_vector: 13
01-01 08:00:58.077 0 0 D cnss : WAKE MSI base data is 813
01-01 08:00:58.077 0 0 D cnss : Calibration done is 1
01-01 08:00:58.077 0 0 D cnss : Sending iova starting 0xa0000000 with size 0x10010000
01-01 08:00:58.080 0 0 D cnss : PM relax, state: 0x11, count: 0
01-01 08:00:58.081 0 0 E : [drm:dp_display_init_aux_switch][msm-dp-err][83 ]failed to register notifier (-22)
01-01 08:00:58.081 0 0 D : mv2112_read_status
01-01 08:00:58.097 0 0 D mv2112_update_link: 3.0x901(1G): 0x80
01-01 08:00:58.098 0 0 D mv2112_update_link: 3.0x8109(100M): 0x0
01-01 08:00:58.098 0 0 D mv2112_update_link: link 0x0
01-01 08:00:58.098 0 0 D mv2112_read_status: autoneg is disabled
10-14 01:23:40.087 1151 1151 I SystemServiceManager: Starting com.android.server.wifi.WifiService
10-14 01:23:40.171 1151 1736 D SystemServerTimingAsync: AppDataPrepare took to complete: 876ms
10-14 01:23:40.171 1151 1736 I PackageManager: Deferred reconcileAppsData finished 115 packages
10-14 01:23:40.172 1151 1736 D SystemServerInitThreadPool: Finished executing prepareAppData
10-14 01:23:40.172 1151 1736 D SystemServerTimingAsync: InitThreadPoolExec:prepareAppData took to complete: 1887ms --------- beginning of radio
10-14 01:23:40.214 1151 1151 D TelephonyRegistry: listen oscl: mHasNotifySubscriptionInfoChangedOccurred==false no callback
01-01 08:00:58.260 0 0 I IPv6 : ADDRCONF(NETDEV_UP): vlan11: link is not ready
10-14 01:23:40.255 1848 1848 I auditd : type=1400 audit(0.0:89): avc: denied { read } for comm="ip" name="rt_tables" dev="dm-10" ino=350 scontext=u:r:ethernet:s0 tcontext=u:object_r:net_data_file:s0 tclass=file permissive=0
10-14 01:23:40.259 1356 1356 I auditd : type=1400 audit(0.0:90): avc: denied { write } for comm="sh" name="ip_forward" dev="proc" ino=40221 scontext=u:r:ethernet:s0 tcontext=u:object_r:proc_net:s0 tclass=file permissive=0
10-14 01:23:40.259 1356 1356 I auditd : type=1400 audit(0.0:91): avc: denied { write } for comm="sh" name="ip_default_ttl" dev="proc" ino=54401 scontext=u:r:ethernet:s0 tcontext=u:object_r:proc_net:s0 tclass=file permissive=0
10-14 01:23:40.284 1337 1337 I wificond: New wificond event callback registered
10-14 01:23:40.259 1356 1356 I auditd : type=1400 audit(0.0:92): avc: denied { write } for comm="sh" name="tcp_keepalive_probes" dev="proc" ino=54402 scontext=u:r:ethernet:s0 tcontext=u:object_r:proc_net:s0 tclass=file permissive=0
10-14 01:23:40.259 1356 1356 I auditd : type=1400 audit(0.0:93): avc: denied { write } for comm="sh" name="tcp_keepalive_intvl" dev="proc" ino=54403 scontext=u:r:ethernet:s0 tcontext=u:object_r:proc_net:s0 tclass=file permissive=0
10-14 01:23:40.259 1356 1356 I auditd : type=1400 audit(0.0:94): avc: denied { write } for comm="sh" name="tcp_keepalive_time" dev="proc" ino=54404 scontext=u:r:ethernet:s0 tcontext=u:object_r:proc_net:s0 tclass=file permissive=0
10-14 01:23:40.259 1356 1356 I auditd : type=1400 audit(0.0:95): avc: denied { write } for comm="sh" name="tcp_rmem" dev="proc" ino=54405 scontext=u:r:ethernet:s0 tcontext=u:object_r:proc_net:s0 tclass=file permissive=0
10-14 01:23:40.288 1151 1151 V HistoricalRegistry: Interaction before persistence initialized
10-14 01:23:40.259 1356 1356 I auditd : type=1400 audit(0.0:96): avc: denied { write } for comm="sh" name="tcp_wmem" dev="proc" ino=54406 scontext=u:r:ethernet:s0 tcontext=u:object_r:proc_net:s0 tclass=file permissive=0
10-14 01:23:40.259 1356 1356 I auditd : type=1400 audit(0.0:97): avc: denied { write } for comm="sh" name="tcp_synack_retries" dev="proc" ino=47195 scontext=u:r:ethernet:s0 tcontext=u:object_r:proc_net:s0 tclass=file permissive=0
10-14 01:23:40.259 1356 1356 I auditd : type=1400 audit(0.0:98): avc: denied { write } for comm="sh" name="tcp_syn_retries" dev="proc" ino=47194 scontext=u:r:ethernet:s0 tcontext=u:object_r:proc_net:s0 tclass=file permissive=0
10-14 01:23:40.259 1356 1356 I auditd : type=1400 audit(0.0:99): avc: denied { write } for comm="sh" name="tcp_max_tw_buckets" dev="proc" ino=54407 scontext=u:r:ethernet:s0 tcontext=u:object_r:proc_net:s0 tclass=file permissive=0
10-14 01:23:40.259 1356 1356 I auditd : type=1400 audit(0.0:100): avc: denied { write } for comm="sh" name="tcp_retries2" dev="proc" ino=47197 scontext=u:r:ethernet:s0 tcontext=u:object_r:proc_net:s0 tclass=file permissive=0
10-14 01:23:40.259 1356 1356 I auditd : type=1400 audit(0.0:101): avc: denied { write } for comm="sh" name="icmp_echo_ignore_all" dev="proc" ino=54408 scontext=u:r:ethernet:s0 tcontext=u:object_r:proc_net:s0 tclass=file permissive=0
10-14 01:23:40.259 1356 1356 I auditd : type=1400 audit(0.0:102): avc: denied { write } for comm="sh" name="icmp_echo_ignore_broadcasts" dev="proc" ino=54409 scontext=u:r:ethernet:s0 tcontext=u:object_r:proc_net:s0 tclass=file permissive=0
10-14 01:23:40.259 1356 1356 I auditd : type=1400 audit(0.0:103): avc: denied { write } for comm="sh" name="tcp_window_scaling" dev="proc" ino=54410 scontext=u:r:ethernet:s0 tcontext=u:object_r:proc_net:s0 tclass=file permissive=0
10-14 01:23:40.292 1151 1151 D SystemServerTiming: StartWifi took to complete: 261ms
10-14 01:23:40.292 1151 1151 I SystemServerTiming: StartWifiScanning
10-14 01:23:40.292 1151 1151 I SystemServiceManager: Starting com.android.server.wifi.scanner.WifiScanningService
10-14 01:23:40.299 1151 1151 D SystemServerTiming: StartWifiScanning took to complete: 8ms
10-14 01:23:40.299 1151 1151 I SystemServerTiming: StartRttService
10-14 01:23:40.300 1151 1151 I SystemServiceManager: Starting com.android.server.wifi.rtt.RttService
10-14 01:23:40.302 1151 1151 D SystemServerTiming: StartRttService took to complete: 3ms
10-14 01:23:40.302 1151 1151 I SystemServerTiming: StartWifiAware
10-14 01:23:40.303 1151 1151 I SystemServiceManager: Starting com.android.server.wifi.aware.WifiAwareService
10-14 01:23:40.271 1356 1356 I auditd : type=1400 audit(0.0:104): avc: denied { write } for comm="sh" name="drop_gratuitous_arp" dev="proc" ino=20087 scontext=u:r:ethernet:s0 tcontext=u:object_r:proc_net:s0 tclass=file permissive=0
10-14 01:23:40.271 1356 1356 I auditd : type=1400 audit(0.0:105): avc: denied { write } for comm="sh" name="arp_accept" dev="proc" ino=20088 scontext=u:r:ethernet:s0 tcontext=u:object_r:proc_net:s0 tclass=file permissive=0
10-14 01:23:40.271 1356 1356 I auditd : type=1400 audit(0.0:106): avc: denied { write } for comm="sh" name="arp_notify" dev="proc" ino=20089 scontext=u:r:ethernet:s0 tcontext=u:object_r:proc_net:s0 tclass=file permissive=0
10-14 01:23:40.271 1356 1356 I auditd : type=1400 audit(0.0:107): avc: denied { write } for comm="sh" name="arp_ignore" dev="proc" ino=20090 scontext=u:r:ethernet:s0 tcontext=u:object_r:proc_net:s0 tclass=file permissive=0
10-14 01:23:40.306 1151 1151 D SystemServerTiming: StartWifiAware took to complete: 3ms
10-14 01:23:40.306 1151 1151 I SystemServerTiming: StartWifiP2P
10-14 01:23:40.306 1151 1151 I SystemServiceManager: Starting com.android.server.wifi.p2p.WifiP2pService
10-14 01:23:40.311 1151 1151 D SystemServerTiming: StartWifiP2P took to complete: 5ms
10-14 01:23:40.311 1151 1151 I SystemServerTiming: StartEthernet
10-14 01:23:40.312 1151 1151 I SystemServiceManager: Starting com.android.server.ethernet.EthernetService
10-14 01:23:40.314 1151 1151 D SystemServerTiming: StartEthernet took to complete: 2ms
10-14 01:23:40.314 1151 1151 I SystemServerTiming: StartPacProxyService
10-14 01:23:40.317 1151 1151 D SystemServerTiming: StartPacProxyService took to complete: 3ms
10-14 01:23:40.317 1151 1151 I SystemServerTiming: StartConnectivityService
10-14 01:23:40.352 1151 1151 I SystemServiceManager: Starting com.android.server.ConnectivityServiceInitializer
10-14 01:23:40.390 1151 1151 D CompatibilityChangeReporter: Compat change id reported: 182478738; UID 1000; state: ENABLED
10-14 01:23:40.396 1151 1151 D SystemServerTiming: StartConnectivityService took to complete: 79ms
10-14 01:23:40.396 1151 1151 I SystemServerTiming: StartVpnManagerService
10-14 01:23:40.400 1151 1151 D SystemServerTiming: StartVpnManagerService took to complete: 5ms
10-14 01:23:40.401 1151 1151 I SystemServerTiming: StartVcnManagementService
10-14 01:23:40.405 1151 1151 D SystemServerTiming: StartVcnManagementService took to complete: 4ms
10-14 01:23:40.405 1151 1151 I SystemServerTiming: StartNsdService
10-14 01:23:40.406 1151 1151 D NsdService: Network service discovery is enabled
10-14 01:23:40.410 1151 1151 D SystemServerTiming: StartNsdService took to complete: 5ms
10-14 01:23:40.410 1151 1151 I SystemServerTiming: StartSystemUpdateManagerService
10-14 01:23:40.411 1151 1151 I SystemUpdateManagerService: No existing info file /data/system/system-update-info.xml
10-14 01:23:40.412 1151 1151 D SystemServerTiming: StartSystemUpdateManagerService took to complete: 3ms
10-14 01:23:40.413 1151 1151 I SystemServerTiming: StartUpdateLockService
10-14 01:23:40.413 1151 1151 D SystemServerTiming: StartUpdateLockService took to complete: 1ms
10-14 01:23:40.414 1151 1151 I SystemServerTiming: StartNotificationManager
10-14 01:23:40.414 1151 1151 I SystemServiceManager: Starting com.android.server.notification.NotificationManagerService
10-14 01:23:40.421 1151 1151 D ConditionProviders.SCP: new ScheduleConditionProvider()
10-14 01:23:40.430 1151 1151 I NotificationAssistants: Read notification assistant permissions from xml
10-14 01:23:40.431 1151 1151 I ConditionProviders: Read condition provider permissions from xml
10-14 01:23:40.431 1151 1151 I ConditionProviders: Read condition provider permissions from xml
10-14 01:23:40.431 1151 1151 D NotificationAssistants: Approving default notification assistant for user 0
10-14 01:23:40.432 1151 1151 I ConditionProviders: Allowing condition provider android.ext.services/android.ext.services.notification.Assistant (userSet: true)
10-14 01:23:40.446 1151 1151 D CompatibilityChangeReporter: Compat change id reported: 157233955; UID 1000; state: ENABLED
10-14 01:23:40.454 1151 1151 D SystemServerTiming: StartNotificationManager took to complete: 40ms
10-14 01:23:40.454 1151 1151 I SystemServerTiming: StartDeviceMonitor
10-14 01:23:40.454 1151 1151 I SystemServiceManager: Starting com.android.server.storage.DeviceStorageMonitorService
10-14 01:23:40.457 1151 1151 D SystemServerTiming: StartDeviceMonitor took to complete: 3ms
10-14 01:23:40.457 1151 1151 I SystemServerTiming: StartLocationManagerService
10-14 01:23:40.457 1151 1151 I SystemServiceManager: Starting com.android.server.location.LocationManagerService$Lifecycle
10-14 01:23:40.458 1151 1861 I storage_state: [41217664-9172-527a-b3d5-edabb50a7d69,0,0,46673408000,48316284928]
10-14 01:23:40.461 1151 1151 D SystemServerTiming: StartLocationManagerService took to complete: 4ms
10-14 01:23:40.461 1151 1151 I SystemServerTiming: StartCountryDetectorService
10-14 01:23:40.461 1151 1151 D SystemServerTiming: StartCountryDetectorService took to complete: 1ms
10-14 01:23:40.462 1151 1151 I SystemServerTiming: StartTimeDetectorService
10-14 01:23:40.462 1151 1151 I SystemServiceManager: Starting com.android.server.timedetector.TimeDetectorService$Lifecycle
10-14 01:23:40.463 1151 1151 D SystemServerTiming: StartTimeDetectorService took to complete: 1ms
10-14 01:23:40.463 1151 1151 I SystemServerTiming: StartTimeZoneDetectorService
10-14 01:23:40.463 1151 1151 I SystemServiceManager: Starting com.android.server.timezonedetector.TimeZoneDetectorService$Lifecycle
10-14 01:23:40.466 1151 1151 D SystemServerTiming: StartTimeZoneDetectorService took to complete: 3ms
10-14 01:23:40.466 1151 1151 I SystemServerTiming: StartLocationTimeZoneManagerService
10-14 01:23:40.466 1151 1151 I SystemServiceManager: Starting com.android.server.timezonedetector.location.LocationTimeZoneManagerService$Lifecycle
10-14 01:23:40.467 1151 1151 D SystemServerTiming: StartLocationTimeZoneManagerService took to complete: 1ms
10-14 01:23:40.467 1151 1151 I SystemServerTiming: StartSearchManagerService
10-14 01:23:40.467 1151 1151 I SystemServiceManager: Starting com.android.server.search.SearchManagerService$Lifecycle
10-14 01:23:40.469 1151 1151 D SystemServerTiming: StartSearchManagerService took to complete: 1ms
10-14 01:23:40.469 1151 1151 I SystemServerTiming: StartWallpaperManagerService
10-14 01:23:40.469 1151 1151 I SystemServiceManager: Starting com.android.server.wallpaper.WallpaperManagerService$Lifecycle
10-14 01:23:40.470 1151 1151 D SystemServerTiming: StartWallpaperManagerService took to complete: 1ms
10-14 01:23:40.471 1151 1151 I SystemServerTiming: StartAudioService
10-14 01:23:40.471 1151 1151 I SystemServiceManager: Starting com.android.server.audio.AudioService$Lifecycle
10-14 01:23:40.483 683 683 D ZygoteInitTiming_lazy: PreloadClasses took to complete: 1625ms
10-14 01:23:40.514 683 683 D ZygoteInitTiming_lazy: CacheNonBootClasspathClassLoaders took to complete: 31ms
10-14 01:23:40.543 683 683 D ZygoteInitTiming_lazy: PreloadResources took to complete: 29ms
10-14 01:23:40.551 1151 1151 D SystemServerTiming: StartAudioService took to complete: 81ms
10-14 01:23:40.551 1151 1151 I SystemServerTiming: StartSoundTriggerMiddlewareService
