10-14 01:23:45.967 2460 2460 V CamX : [ VERB][UTILS ] camxhashmap.cpp:210 GetInPlace() Key not found
10-14 01:23:45.967 2460 2460 V CamX : [ VERB][UTILS ] camxhashmap.cpp:210 GetInPlace() Key not found
10-14 01:23:45.967 2460 2460 V CamX : [ VERB][UTILS ] camxhashmap.cpp:210 GetInPlace() Key not found
10-14 01:23:45.968 2460 2460 V CamX : [ VERB][UTILS ] camxhashmap.cpp:210 GetInPlace() Key not found
10-14 01:23:45.968 2460 2460 V CamX : [ VERB][UTILS ] camxhashmap.cpp:210 GetInPlace() Key not found
10-14 01:23:45.968 2460 2460 V CamX : [ VERB][UTILS ] camxhashmap.cpp:210 GetInPlace() Key not found
10-14 01:23:45.968 2460 2460 V CamX : [ VERB][UTILS ] camxhashmap.cpp:210 GetInPlace() Key not found
10-14 01:23:45.968 2460 2460 V CamX : [ VERB][UTILS ] camxhashmap.cpp:210 GetInPlace() Key not found
10-14 01:23:45.968 2460 2460 V CamX : [ VERB][UTILS ] camxhashmap.cpp:210 GetInPlace() Key not found
10-14 01:23:45.968 2460 2460 V CamX : [ VERB][UTILS ] camxhashmap.cpp:210 GetInPlace() Key not found
10-14 01:23:45.968 2460 2460 V CamX : [ VERB][UTILS ] camxhashmap.cpp:210 GetInPlace() Key not found
10-14 01:23:45.968 2460 2460 V CamX : [ VERB][UTILS ] camxhashmap.cpp:210 GetInPlace() Key not found
10-14 01:23:45.968 2460 2460 V CamX : [ VERB][UTILS ] camxhashmap.cpp:210 GetInPlace() Key not found
10-14 01:23:45.968 2460 2460 V CamX : [ VERB][UTILS ] camxhashmap.cpp:210 GetInPlace() Key not found
10-14 01:23:45.968 2460 2460 V CamX : [ VERB][UTILS ] camxhashmap.cpp:210 GetInPlace() Key not found
10-14 01:23:45.968 2460 2460 V CamX : [ VERB][UTILS ] camxhashmap.cpp:210 GetInPlace() Key not found
10-14 01:23:45.968 2460 2460 V CamX : [ VERB][UTILS ] camxhashmap.cpp:210 GetInPlace() Key not found
10-14 01:23:45.968 1921 2030 D BluetoothAdapterService: updateAdapterState() - Broadcasting state TURNING_ON to 1 receivers.
10-14 01:23:45.968 2460 2460 V CamX : [ VERB][UTILS ] camxhashmap.cpp:210 GetInPlace() Key not found
10-14 01:23:45.969 2460 2460 V CamX : [ VERB][UTILS ] camxhashmap.cpp:210 GetInPlace() Key not found
10-14 01:23:45.969 2460 2460 V CamX : [ VERB][UTILS ] camxhashmap.cpp:210 GetInPlace() Key not found
10-14 01:23:45.969 2460 2460 V CamX : [ VERB][UTILS ] camxhashmap.cpp:210 GetInPlace() Key not found
10-14 01:23:45.969 2460 2460 V CamX : [ VERB][UTILS ] camxhashmap.cpp:210 GetInPlace() Key not found
10-14 01:23:45.969 2460 2460 V CamX : [ VERB][UTILS ] camxhashmap.cpp:210 GetInPlace() Key not found
10-14 01:23:45.969 2460 2460 V CamX : [ VERB][UTILS ] camxhashmap.cpp:210 GetInPlace() Key not found
10-14 01:23:45.969 2460 2460 V CamX : [ VERB][UTILS ] camxhashmap.cpp:210 GetInPlace() Key not found
10-14 01:23:45.969 2460 2460 V CamX : [ VERB][UTILS ] camxhashmap.cpp:210 GetInPlace() Key not found
10-14 01:23:45.969 2460 2460 V CamX : [ VERB][UTILS ] camxhashmap.cpp:210 GetInPlace() Key not found
10-14 01:23:45.969 2460 2460 V CamX : [ VERB][UTILS ] camxhashmap.cpp:210 GetInPlace() Key not found
10-14 01:23:45.969 2460 2460 V CamX : [ VERB][UTILS ] camxhashmap.cpp:210 GetInPlace() Key not found
10-14 01:23:45.969 2460 2460 V CamX : [ VERB][UTILS ] camxhashmap.cpp:210 GetInPlace() Key not found
10-14 01:23:45.969 2460 2460 V CamX : [ VERB][UTILS ] camxhashmap.cpp:210 GetInPlace() Key not found
10-14 01:23:45.969 2460 2460 V CamX : [ VERB][UTILS ] camxhashmap.cpp:210 GetInPlace() Key not found
10-14 01:23:45.969 2460 2460 V CamX : [ VERB][UTILS ] camxhashmap.cpp:210 GetInPlace() Key not found
10-14 01:23:45.969 1930 1954 D KeyguardViewMediator: notifyScreenOn
10-14 01:23:45.969 2460 2460 V CamX : [ VERB][UTILS ] camxhashmap.cpp:210 GetInPlace() Key not found
10-14 01:23:45.969 1921 2030 D BluetoothAdapterService: startCoreServices()
10-14 01:23:45.970 2460 2460 V CamX : [ VERB][UTILS ] camxhashmap.cpp:210 GetInPlace() Key not found
10-14 01:23:45.970 2460 2460 V CamX : [ VERB][UTILS ] camxhashmap.cpp:210 GetInPlace() Key not found
10-14 01:23:45.970 2460 2460 V CamX : [ VERB][UTILS ] camxhashmap.cpp:210 GetInPlace() Key not found
10-14 01:23:45.970 1930 1954 D KeyguardViewMediator: notifyScreenTurnedOn
10-14 01:23:45.970 2460 2460 V CamX : [ VERB][UTILS ] camxhashmap.cpp:210 GetInPlace() Key not found
10-14 01:23:45.970 1921 2030 I AdapterServiceConfig: Stereo recording and unicast features are disabled in Host AddOn features
10-14 01:23:45.970 2460 2460 V CamX : [ VERB][UTILS ] camxhashmap.cpp:210 GetInPlace() Key not found
10-14 01:23:45.970 1921 2030 I AdapterServiceConfig: BCA disabled in Host AddOn features
10-14 01:23:45.970 2460 2460 V CamX : [ VERB][UTILS ] camxhashmap.cpp:210 GetInPlace() Key not found
10-14 01:23:45.970 1921 2030 I AdapterServiceConfig: BCS disabled in Host AddOn features
10-14 01:23:45.970 2460 2460 V CamX : [ VERB][UTILS ] camxhashmap.cpp:210 GetInPlace() Key not found
10-14 01:23:45.970 2460 2460 V CamX : [ VERB][UTILS ] camxhashmap.cpp:210 GetInPlace() Key not found
10-14 01:23:45.970 2460 2460 V CamX : [ VERB][UTILS ] camxhashmap.cpp:210 GetInPlace() Key not found
10-14 01:23:45.970 2460 2460 V CamX : [ VERB][UTILS ] camxhashmap.cpp:210 GetInPlace() Key not found
10-14 01:23:45.970 2460 2460 V CamX : [ VERB][UTILS ] camxhashmap.cpp:210 GetInPlace() Key not found
10-14 01:23:45.970 2460 2460 V CamX : [ VERB][UTILS ] camxhashmap.cpp:210 GetInPlace() Key not found
10-14 01:23:45.970 2460 2460 V CamX : [ VERB][UTILS ] camxhashmap.cpp:210 GetInPlace() Key not found
10-14 01:23:45.970 2460 2460 V CamX : [ VERB][UTILS ] camxhashmap.cpp:210 GetInPlace() Key not found
10-14 01:23:45.971 2460 2460 V CamX : [ VERB][UTILS ] camxhashmap.cpp:210 GetInPlace() Key not found
10-14 01:23:45.971 2460 2460 V CamX : [ VERB][UTILS ] camxhashmap.cpp:210 GetInPlace() Key not found
10-14 01:23:45.971 2460 2460 V CamX : [ VERB][UTILS ] camxhashmap.cpp:210 GetInPlace() Key not found
10-14 01:23:45.971 2460 2460 V CamX : [ VERB][UTILS ] camxhashmap.cpp:210 GetInPlace() Key not found
10-14 01:23:45.971 2460 2460 V CamX : [ VERB][UTILS ] camxhashmap.cpp:210 GetInPlace() Key not found
10-14 01:23:45.971 2460 2460 V CamX : [ VERB][UTILS ] camxhashmap.cpp:210 GetInPlace() Key not found
10-14 01:23:45.971 2460 2460 V CamX : [ VERB][UTILS ] camxhashmap.cpp:210 GetInPlace() Key not found
10-14 01:23:45.971 2460 2460 V CamX : [ VERB][UTILS ] camxhashmap.cpp:210 GetInPlace() Key not found
10-14 01:23:45.971 2460 2460 V CamX : [ VERB][UTILS ] camxhashmap.cpp:210 GetInPlace() Key not found
10-14 01:23:45.971 2460 2460 V CamX : [ VERB][UTILS ] camxhashmap.cpp:210 GetInPlace() Key not found
10-14 01:23:45.971 2460 2460 V CamX : [ VERB][UTILS ] camxhashmap.cpp:210 GetInPlace() Key not found
10-14 01:23:45.971 2460 2460 V CamX : [ VERB][UTILS ] camxhashmap.cpp:210 GetInPlace() Key not found
10-14 01:23:45.971 2460 2460 V CamX : [ VERB][UTILS ] camxhashmap.cpp:210 GetInPlace() Key not found
10-14 01:23:45.971 2460 2460 V CamX : [ VERB][UTILS ] camxhashmap.cpp:210 GetInPlace() Key not found
10-14 01:23:45.972 2460 2460 V CamX : [ VERB][UTILS ] camxhashmap.cpp:210 GetInPlace() Key not found
10-14 01:23:45.972 2460 2460 V CamX : [ VERB][UTILS ] camxhashmap.cpp:210 GetInPlace() Key not found
10-14 01:23:45.972 2460 2460 V CamX : [ VERB][UTILS ] camxhashmap.cpp:210 GetInPlace() Key not found
10-14 01:23:45.972 2460 2460 V CamX : [ VERB][UTILS ] camxhashmap.cpp:210 GetInPlace() Key not found
10-14 01:23:45.972 2460 2460 V CamX : [ VERB][UTILS ] camxhashmap.cpp:210 GetInPlace() Key not found
10-14 01:23:45.972 2460 2460 V CamX : [ VERB][UTILS ] camxhashmap.cpp:210 GetInPlace() Key not found
10-14 01:23:45.972 2460 2460 V CamX : [ VERB][UTILS ] camxhashmap.cpp:210 GetInPlace() Key not found
10-14 01:23:45.972 2460 2460 V CamX : [ VERB][UTILS ] camxhashmap.cpp:210 GetInPlace() Key not found
10-14 01:23:45.972 2460 2460 V CamX : [ VERB][UTILS ] camxhashmap.cpp:210 GetInPlace() Key not found
10-14 01:23:45.972 2460 2460 V CamX : [ VERB][UTILS ] camxhashmap.cpp:210 GetInPlace() Key not found
10-14 01:23:45.972 2460 2460 V CamX : [ VERB][UTILS ] camxhashmap.cpp:210 GetInPlace() Key not found
10-14 01:23:45.972 2460 2460 V CamX : [ VERB][UTILS ] camxhashmap.cpp:210 GetInPlace() Key not found
10-14 01:23:45.972 2460 2460 V CamX : [ VERB][UTILS ] camxhashmap.cpp:210 GetInPlace() Key not found
10-14 01:23:45.972 2460 2460 V CamX : [ VERB][UTILS ] camxhashmap.cpp:210 GetInPlace() Key not found
10-14 01:23:45.972 2460 2460 V CamX : [ VERB][UTILS ] camxhashmap.cpp:210 GetInPlace() Key not found
10-14 01:23:45.972 2460 2460 V CamX : [ VERB][UTILS ] camxhashmap.cpp:210 GetInPlace() Key not found
10-14 01:23:45.973 2460 2460 V CamX : [ VERB][UTILS ] camxhashmap.cpp:210 GetInPlace() Key not found
10-14 01:23:45.973 2460 2460 V CamX : [ VERB][UTILS ] camxhashmap.cpp:210 GetInPlace() Key not found
10-14 01:23:45.973 2460 2460 V CamX : [ VERB][UTILS ] camxhashmap.cpp:210 GetInPlace() Key not found
10-14 01:23:45.973 2460 2460 V CamX : [ VERB][UTILS ] camxhashmap.cpp:210 GetInPlace() Key not found
10-14 01:23:45.973 2460 2460 V CamX : [ VERB][UTILS ] camxhashmap.cpp:210 GetInPlace() Key not found
10-14 01:23:45.973 2460 2460 V CamX : [ VERB][UTILS ] camxhashmap.cpp:210 GetInPlace() Key not found
10-14 01:23:45.973 2460 2460 V CamX : [ VERB][UTILS ] camxhashmap.cpp:210 GetInPlace() Key not found
10-14 01:23:45.973 2460 2460 V CamX : [ VERB][UTILS ] camxhashmap.cpp:210 GetInPlace() Key not found
10-14 01:23:45.973 2460 2460 V CamX : [ VERB][UTILS ] camxhashmap.cpp:210 GetInPlace() Key not found
10-14 01:23:45.973 2460 2460 V CamX : [ VERB][UTILS ] camxhashmap.cpp:210 GetInPlace() Key not found
10-14 01:23:45.973 2460 2460 V CamX : [ VERB][UTILS ] camxhashmap.cpp:210 GetInPlace() Key not found
10-14 01:23:45.973 2460 2460 V CamX : [ VERB][UTILS ] camxhashmap.cpp:210 GetInPlace() Key not found
10-14 01:23:45.974 2460 2460 V CamX : [ VERB][UTILS ] camxhashmap.cpp:210 GetInPlace() Key not found
10-14 01:23:45.974 2460 2460 V CamX : [ VERB][UTILS ] camxhashmap.cpp:210 GetInPlace() Key not found
10-14 01:23:45.974 2460 2460 V CamX : [ VERB][UTILS ] camxhashmap.cpp:210 GetInPlace() Key not found
10-14 01:23:45.974 2460 2460 V CamX : [ VERB][UTILS ] camxhashmap.cpp:210 GetInPlace() Key not found
10-14 01:23:45.974 2460 2460 V CamX : [ VERB][UTILS ] camxhashmap.cpp:210 GetInPlace() Key not found
10-14 01:23:45.974 2460 2460 V CamX : [ VERB][UTILS ] camxhashmap.cpp:210 GetInPlace() Key not found
10-14 01:23:45.974 2460 2460 V CamX : [ VERB][UTILS ] camxhashmap.cpp:210 GetInPlace() Key not found
10-14 01:23:45.974 2460 2460 V CamX : [ VERB][UTILS ] camxhashmap.cpp:210 GetInPlace() Key not found
10-14 01:23:45.974 2460 2460 V CamX : [ VERB][UTILS ] camxhashmap.cpp:210 GetInPlace() Key not found
10-14 01:23:45.974 2460 2460 V CamX : [ VERB][UTILS ] camxhashmap.cpp:210 GetInPlace() Key not found
10-14 01:23:45.974 2460 2460 V CamX : [ VERB][UTILS ] camxhashmap.cpp:210 GetInPlace() Key not found
10-14 01:23:45.974 2460 2460 V CamX : [ VERB][UTILS ] camxhashmap.cpp:210 GetInPlace() Key not found
10-14 01:23:45.974 2460 2460 V CamX : [ VERB][UTILS ] camxhashmap.cpp:210 GetInPlace() Key not found
10-14 01:23:45.974 2460 2460 V CamX : [ VERB][UTILS ] camxhashmap.cpp:210 GetInPlace() Key not found
10-14 01:23:45.975 2460 2460 V CamX : [ VERB][UTILS ] camxhashmap.cpp:210 GetInPlace() Key not found
10-14 01:23:45.975 2460 2460 V CamX : [ VERB][UTILS ] camxhashmap.cpp:210 GetInPlace() Key not found
10-14 01:23:45.980 2460 2460 F libc : Fatal signal 6 (SIGABRT), code -6 (SI_TKILL) in tid 2460 (android.hardwar), pid 2460 (android.hardwar)
10-14 01:23:45.984 1344 2169 D PlatformConfig: getInstance: Enter
10-14 01:23:45.984 1344 2169 D PlatformConfig: getInt32 Config name: vidc_dec_log_in value: 0
10-14 01:23:45.984 1344 2169 D PlatformConfig: getInstance: Enter
10-14 01:23:45.984 1344 2169 D PlatformConfig: getInt32 Config name: vidc_dec_log_out value: 0
10-14 01:23:45.984 1344 2169 D PlatformConfig: getInstance: Enter
10-14 01:23:45.984 1344 2169 D PlatformConfig: getInt32 Config name: vidc_dec_sec_prefetch_size_internal value: 209715200
10-14 01:23:45.984 1344 2169 D PlatformConfig: getInstance: Enter
10-14 01:23:45.984 1344 2169 D PlatformConfig: getInt32 Config name: vidc_dec_sec_prefetch_size_output value: 13434880
10-14 01:23:45.984 1344 2169 D PlatformConfig: getInstance: Enter
10-14 01:23:45.984 1344 2169 D PlatformConfig: getInt32 Config name: vidc_perf_control_enable value: 0
10-14 01:23:45.984 1344 2169 D PlatformConfig: getInstance: Enter
10-14 01:23:45.985 1344 2169 D PlatformConfig: getInt32 Config name: vidc_dec_thumbnail_yuv_output value: 0
10-14 01:23:45.985 1344 2169 D PlatformConfig: getInstance: Enter
10-14 01:23:45.985 1344 2169 D PlatformConfig: getInt32: Returning default
10-14 01:23:45.985 1344 2169 D PlatformConfig: getInstance: Enter
10-14 01:23:45.985 1344 2169 D PlatformConfig: getInt32 Config name: vidc_dec_output_rate value: 120
10-14 01:23:45.986 1344 2169 I OMX-VDEC-1080P: component_init: OMX.qcom.video.decoder.vp8 : fd=7
10-14 01:23:45.992 1921 2030 D AdapterServiceConfig: adv_audio_feature_mask = 0
10-14 01:23:45.992 1921 2030 D BluetoothAdapterService: Calling setProfileServiceState for: HeadsetService
10-14 01:23:45.992 1344 2169 E OMX-VDEC-1080P: Unsupported output color format for c2d (2141391876)
10-14 01:23:45.992 1344 2169 E OMX-VDEC-1080P: Setting color format failed
10-14 01:23:45.996 1151 2240 D CompatibilityInfo: mCompatibilityFlags - 4
10-14 01:23:45.996 1151 2240 D CompatibilityInfo: applicationDensity - 240
10-14 01:23:45.996 1151 2240 D CompatibilityInfo: applicationScale - 1.0
10-14 01:23:45.996 830 2500 I vendor.qti.bluetooth@1.0-ibs_handler: ProcessIbsCmd: Received IBS_SLEEP_IND: 0xFE
10-14 01:23:45.997 1151 1315 D BluetoothManagerService: MESSAGE_BLUETOOTH_STATE_CHANGE: BLE_ON > TURNING_ON
10-14 01:23:45.997 1151 1315 D BluetoothManagerService: Sending BLE State Change: BLE_ON > TURNING_ON
10-14 01:23:45.999 1151 1184 I InputDispatcher: Created monitor edge-swipe for display 0, gesture=true, pid=1930
10-14 01:23:46.000 1344 2169 D PlatformConfig: getInstance: Enter
10-14 01:23:46.001 1344 2169 D PlatformConfig: getInt32: Returning default
10-14 01:23:46.001 1344 2169 D PlatformConfig: getInstance: Enter
10-14 01:23:46.001 1344 2169 D PlatformConfig: getInt32: Returning default
10-14 01:23:46.002 1344 2169 I OMX-VDEC-1080P: omx_vdec::component_init() success : fd=7
10-14 01:23:46.006 1921 1921 I HeadsetService: create()
10-14 01:23:46.007 1921 1921 I BluetoothVendorHfJni: classInitNative: succeeds
10-14 01:23:46.007 1151 1315 D BluetoothManagerService: Sending State Change: OFF > TURNING_ON
10-14 01:23:46.008 1921 1921 D HeadsetService: Received start request. Starting profile...
10-14 01:23:46.008 1151 1151 D CompanionDeviceManagerService: Received BT state transition broadcast: BLE_ON -> TURNING_ON
10-14 01:23:46.009 1344 2169 E OMX-VDEC-1080P: Extension: OMX.google.android.index.storeANWBufferInMetadata not implemented
10-14 01:23:46.009 1344 2169 E OMX-VDEC-1080P: Extension: OMX.google.android.index.configureVideoTunnelMode not implemented
10-14 01:23:46.009 1344 2169 E OMX-VDEC-1080P: Extension: OMX.google.android.index.useAndroidNativeBuffer is supported
10-14 01:23:46.009 1921 2030 D BluetoothAdapterService: Calling setProfileServiceState for: A2dpService
10-14 01:23:46.012 1344 2169 E OMXNodeInstance: getParameter(0xf3ea0034:qcom.decoder.vp8, ??(0x7f000044)) ERROR: UnsupportedSetting(0x80001019)
10-14 01:23:46.014 1151 2505 D CompatibilityInfo: mCompatibilityFlags - 4
10-14 01:23:46.014 1151 2505 D CompatibilityInfo: applicationDensity - 240
10-14 01:23:46.014 1151 2505 D CompatibilityInfo: applicationScale - 1.0
10-14 01:23:46.015 1344 2169 E OMXNodeInstance: getParameter(0xf3ea0034:qcom.decoder.vp8, ??(0x7f000044)) ERROR: UnsupportedSetting(0x80001019)
10-14 01:23:46.017 1921 2030 D BluetoothAdapterService: Calling setProfileServiceState for: HidHostService
10-14 01:23:46.022 1344 2169 E OMX-VDEC-1080P: Extension: OMX.google.android.index.configureVideoTunnelMode not implemented
10-14 01:23:46.022 1344 2169 E OMXNodeInstance: getExtensionIndex(0xf3ea0034:qcom.decoder.vp8, OMX.google.android.index.configureVideoTunnelMode) ERROR: NotImplemented(0x80001006)
10-14 01:23:46.022 1333 1423 D MediaCodecInfo: detail feature-tunneled-playback wasn't present to remove
10-14 01:23:46.022 1344 2169 E OMX-VDEC-1080P: set_parameter: Error: 0x80001019, setting param 0x7f00005d
10-14 01:23:46.022 1344 2169 E OMXNodeInstance: setParameter(0xf3ea0034:qcom.decoder.vp8, OMX.google.android.index.allocateNativeHandle(0x7f00005d): Output:1 en=0) ERROR: UnsupportedSetting(0x80001019)
10-14 01:23:46.022 1344 2169 E OMX-VDEC-1080P: Extension: OMX.google.android.index.storeANWBufferInMetadata not implemented
10-14 01:23:46.023 1344 2169 I OMX-VDEC-1080P: omx_vdec::component_deinit() complete
10-14 01:23:46.025 1151 2505 D CompatibilityInfo: mCompatibilityFlags - 4
10-14 01:23:46.025 1151 2505 D CompatibilityInfo: applicationDensity - 240
10-14 01:23:46.025 1580 1612 I adbd : jdwp connection from 2540
10-14 01:23:46.025 1151 2505 D CompatibilityInfo: applicationScale - 1.0
01-01 08:01:04.050 0 0 E : INFO: trying to register non-static key.
01-01 08:01:04.055 0 0 E : the code is fine but needs lockdep annotation.
01-01 08:01:04.060 0 0 I : CPU: 7 PID: 274 Comm: kworker/u16:3 Tainted: G S W O 4.19.157+ #1
01-01 08:01:04.060 0 0 I Hardware name: Qualcomm Technologies, Inc. kona MTP-RmPM8150b. VX1(MCE) EVT2 (DT)
01-01 08:01:04.061 0 0 I Workqueue: events_unbound ion_system_secure_heap_prefetch_work
01-01 08:01:04.061 0 0 I Call trace:
01-01 08:01:04.061 0 0 I : dump_backtrace+0x0/0x258
01-01 08:01:04.061 0 0 I : show_stack+0x20/0x30
01-01 08:01:04.061 0 0 I : dump_stack+0xd8/0x12c
01-01 08:01:04.061 0 0 I : register_lock_class+0x4d0/0x5c8
01-01 08:01:04.061 0 0 I : __lock_acquire+0xbc/0x1e58
01-01 08:01:04.061 0 0 I : lock_acquire+0x1cc/0x218
01-01 08:01:04.061 0 0 I : _raw_spin_lock_irqsave+0x54/0x98
01-01 08:01:04.061 0 0 I : ion_system_secure_heap_prefetch_work+0x94/0x2c0
01-01 08:01:04.061 0 0 I : process_one_work+0x38c/0x660
01-01 08:01:04.061 0 0 I : worker_thread+0x268/0x4b8
01-01 08:01:04.061 0 0 I : kthread+0x140/0x150
01-01 08:01:04.061 0 0 I : ret_from_fork+0x10/0x1c
10-14 01:23:46.029 1921 1921 I HeadsetService: start()
01-01 08:01:04.064 0 0 I msm_vidc: high: 00000001: vp8d: Closed video instance: fffffffa5979c000
01-01 08:01:04.068 0 0 E : INFO: trying to register non-static key.
10-14 01:23:46.030 1921 2030 D BluetoothAdapterService: Calling setProfileServiceState for: PanService
10-14 01:23:46.030 1344 2169 I OMX-VDEC-1080P: Exit OMX vdec Destructor: fd=7
10-14 01:23:46.032 1151 2240 D CompatibilityInfo: mCompatibilityFlags - 4
10-14 01:23:46.032 1151 2240 D CompatibilityInfo: applicationDensity - 240
10-14 01:23:46.032 1151 2240 D CompatibilityInfo: applicationScale - 1.0
10-14 01:23:46.033 830 2266 D vendor.qti.bluetooth@1.0-wake_lock: Release wakelock is released
10-14 01:23:46.033 1930 1930 D NavigationModeController: getCurrentUserContext: contextUser=0 currentUser=0
10-14 01:23:46.034 1921 2030 D BluetoothAdapterService: Calling setProfileServiceState for: BluetoothMapService
10-14 01:23:46.035 1151 2098 D CompatibilityInfo: mCompatibilityFlags - 4
10-14 01:23:46.035 1151 2098 D CompatibilityInfo: applicationDensity - 240
10-14 01:23:46.036 1151 2098 D CompatibilityInfo: applicationScale - 1.0
10-14 01:23:46.037 1921 2030 D BluetoothAdapterService: Calling setProfileServiceState for: AvrcpControllerService
10-14 01:23:46.040 1151 2240 D TelephonyRegistry: listen oscl: mHasNotifySubscriptionInfoChangedOccurred==false no callback
10-14 01:23:46.041 1151 2098 D CompatibilityInfo: mCompatibilityFlags - 4
10-14 01:23:46.041 1151 2098 D CompatibilityInfo: applicationDensity - 240
10-14 01:23:46.041 1151 2098 D CompatibilityInfo: applicationScale - 1.0
10-14 01:23:46.042 1921 1921 D HeadsetPhoneState: The sim in i: 0 is absent
10-14 01:23:46.043 1921 2030 D BluetoothAdapterService: Calling setProfileServiceState for: SapService
01-01 08:01:04.073 0 0 I binder : 2540:2540 ioctl 40046210 7fd362c1d4 returned -22
01-01 08:01:04.073 0 0 E : the code is fine but needs lockdep annotation.
01-01 08:01:04.073 0 0 I : CPU: 7 PID: 274 Comm: kworker/u16:3 Tainted: G S W O 4.19.157+ #1
01-01 08:01:04.073 0 0 I Hardware name: Qualcomm Technologies, Inc. kona MTP-RmPM8150b. VX1(MCE) EVT2 (DT)
01-01 08:01:04.073 0 0 I Workqueue: events_unbound ion_system_secure_heap_prefetch_work
01-01 08:01:04.078 0 0 I Call trace:
01-01 08:01:04.078 0 0 I : dump_backtrace+0x0/0x258
01-01 08:01:04.078 0 0 I : show_stack+0x20/0x30
01-01 08:01:04.078 0 0 I : dump_stack+0xd8/0x12c
01-01 08:01:04.078 0 0 I : register_lock_class+0x4d0/0x5c8
01-01 08:01:04.078 0 0 I : __lock_acquire+0xbc/0x1e58
01-01 08:01:04.078 0 0 I : lock_acquire+0x1cc/0x218
01-01 08:01:04.078 0 0 I : _raw_spin_lock_irqsave+0x54/0x98
01-01 08:01:04.078 0 0 I : ion_system_secure_heap_prefetch_work+0x94/0x2c0
01-01 08:01:04.078 0 0 I : process_one_work+0x38c/0x660
01-01 08:01:04.078 0 0 I : worker_thread+0x268/0x4b8
01-01 08:01:04.078 0 0 I : kthread+0x140/0x150
01-01 08:01:04.078 0 0 I : ret_from_fork+0x10/0x1c
10-14 01:23:46.045 1151 2006 D CompatibilityInfo: mCompatibilityFlags - 4
10-14 01:23:46.045 2540 2540 D ProcessState: Binder ioctl to enable oneway spam detection failed: Invalid argument
10-14 01:23:46.045 1151 2006 D CompatibilityInfo: applicationDensity - 240
10-14 01:23:46.045 1151 2006 D CompatibilityInfo: applicationScale - 1.0
01-01 08:01:04.082 0 0 E : INFO: trying to register non-static key.
01-01 08:01:04.087 0 0 E : the code is fine but needs lockdep annotation.
01-01 08:01:04.092 0 0 I : CPU: 7 PID: 274 Comm: kworker/u16:3 Tainted: G S W O 4.19.157+ #1
01-01 08:01:04.092 0 0 I Hardware name: Qualcomm Technologies, Inc. kona MTP-RmPM8150b. VX1(MCE) EVT2 (DT)
01-01 08:01:04.092 0 0 I Workqueue: events_unbound ion_system_secure_heap_prefetch_work
01-01 08:01:04.092 0 0 I Call trace:
01-01 08:01:04.092 0 0 I : dump_backtrace+0x0/0x258
01-01 08:01:04.092 0 0 I : show_stack+0x20/0x30
01-01 08:01:04.092 0 0 I : dump_stack+0xd8/0x12c
01-01 08:01:04.092 0 0 I : register_lock_class+0x4d0/0x5c8
01-01 08:01:04.092 0 0 I : __lock_acquire+0xbc/0x1e58
01-01 08:01:04.092 0 0 I : lock_acquire+0x1cc/0x218
01-01 08:01:04.092 0 0 I : _raw_spin_lock_irqsave+0x54/0x98
01-01 08:01:04.092 0 0 I : ion_system_secure_heap_prefetch_work+0x94/0x2c0
01-01 08:01:04.092 0 0 I : process_one_work+0x38c/0x660
01-01 08:01:04.092 0 0 I : worker_thread+0x268/0x4b8
01-01 08:01:04.092 0 0 I : kthread+0x140/0x150
01-01 08:01:04.092 0 0 I : ret_from_fork+0x10/0x1c
10-14 01:23:46.048 1921 2030 D BluetoothAdapterService: Calling setProfileServiceState for: BluetoothOppService
10-14 01:23:46.048 1921 1921 I HeadsetService: mIsTwsPlusEnabled: false
10-14 01:23:46.048 1921 1921 I HeadsetService: mIsTwsPlusShoEnabled: false
10-14 01:23:46.048 1921 1921 D HeadsetService: Max_HFP_Connections 5
10-14 01:23:46.048 1921 1921 D HeadsetService: mSetMaxConfig 5
10-14 01:23:46.049 1921 1921 I BluetoothHeadsetServiceJni: classInitNative: succeeds
10-14 01:23:46.049 1921 1921 D HeadsetService: isInbandRingingEnabled returning: false
10-14 01:23:46.049 1921 1921 I bt_btif : get_profile_interface: id = handsfree
10-14 01:23:46.049 1921 1921 I bt_stack: [INFO:btif_hf.cc(2433)] GetInterface
10-14 01:23:46.051 1921 2093 I bt_btif_storage: btif_storage_get_adapter_property service_mask:0x20000040
10-14 01:23:46.051 1921 2513 I bt_stack: [INFO:port_api.cc(123)] RFCOMM_CreateConnection BDA: ff:ff:ff:ff:ff:ff
10-14 01:23:46.052 1921 2513 I bt_stack: [INFO:port_api.cc(123)] RFCOMM_CreateConnection BDA: ff:ff:ff:ff:ff:ff
10-14 01:23:46.052 1921 2513 I bt_stack: [INFO:port_api.cc(123)] RFCOMM_CreateConnection BDA: ff:ff:ff:ff:ff:ff
10-14 01:23:46.052 1921 2093 D bt_btif : btif_hf_upstreams_evt: event=BTA_AG_ENABLE_EVT
10-14 01:23:46.052 1921 2093 D bt_btif : btif_hf_upstreams_evt: event=BTA_AG_REGISTER_EVT
10-14 01:23:46.052 1921 2513 I bt_stack: [INFO:port_api.cc(123)] RFCOMM_CreateConnection BDA: ff:ff:ff:ff:ff:ff
10-14 01:23:46.052 830 2500 I vendor.qti.bluetooth@1.0-ibs_handler: ProcessIbsCmd: Received IBS_WAKE_IND: 0xFD
10-14 01:23:46.052 830 2500 I vendor.qti.bluetooth@1.0-ibs_handler: ProcessIbsCmd: Writing IBS_WAKE_ACK
10-14 01:23:46.052 1921 2513 I bt_stack: [INFO:port_api.cc(123)] RFCOMM_CreateConnection BDA: ff:ff:ff:ff:ff:ff
10-14 01:23:46.053 1921 2513 I bt_stack: [INFO:port_api.cc(123)] RFCOMM_CreateConnection BDA: ff:ff:ff:ff:ff:ff
10-14 01:23:46.053 1921 2513 I bt_stack: [INFO:port_api.cc(123)] RFCOMM_CreateConnection BDA: ff:ff:ff:ff:ff:ff
10-14 01:23:46.053 1921 2513 I bt_stack: [INFO:port_api.cc(123)] RFCOMM_CreateConnection BDA: ff:ff:ff:ff:ff:ff
10-14 01:23:46.053 1921 2513 I bt_stack: [INFO:port_api.cc(123)] RFCOMM_CreateConnection BDA: ff:ff:ff:ff:ff:ff
10-14 01:23:46.054 1921 2513 I bt_stack: [INFO:port_api.cc(123)] RFCOMM_CreateConnection BDA: ff:ff:ff:ff:ff:ff
10-14 01:23:46.054 1921 2513 I bt_stack: [INFO:port_api.cc(123)] RFCOMM_CreateConnection BDA: ff:ff:ff:ff:ff:ff
10-14 01:23:46.054 1921 2513 I bt_stack: [INFO:port_api.cc(123)] RFCOMM_CreateConnection BDA: ff:ff:ff:ff:ff:ff
10-14 01:23:46.056 1921 2093 D bt_btif : btif_hf_upstreams_evt: event=BTA_AG_REGISTER_EVT
10-14 01:23:46.056 1921 2093 D bt_btif : btif_hf_upstreams_evt: event=BTA_AG_REGISTER_EVT
10-14 01:23:46.056 1921 2093 D bt_btif : btif_hf_upstreams_evt: event=BTA_AG_REGISTER_EVT
10-14 01:23:46.056 1921 2093 D bt_btif : btif_hf_upstreams_evt: event=BTA_AG_REGISTER_EVT
10-14 01:23:46.056 1921 2093 D bt_btif : btif_hf_upstreams_evt: event=BTA_AG_REGISTER_EVT
10-14 01:23:46.059 1151 1770 I commit_sys_config_file: [log-files,4566]
10-14 01:23:46.061 1151 2006 D CompatibilityInfo: mCompatibilityFlags - 4
10-14 01:23:46.061 1151 2006 D CompatibilityInfo: applicationDensity - 240
10-14 01:23:46.062 1151 2006 D CompatibilityInfo: applicationScale - 1.0
10-14 01:23:46.063 1151 2240 I am_proc_bound: [0,2540,com.qualcomm.qti.qccauthmgr]
10-14 01:23:46.064 1921 1921 D HeadsetService: setHeadsetService(): set to: com.android.bluetooth.hfp.HeadsetService@f25bbfb
10-14 01:23:46.065 1056 2524 D PermissionCache: checking android.permission.READ_FRAME_BUFFER for uid=10087 => granted (723 us)
01-01 08:01:04.099 0 0 E : INFO: trying to register non-static key.
01-01 08:01:04.105 0 0 E : the code is fine but needs lockdep annotation.
10-14 01:23:46.066 1921 1921 I bt_btif : get_profile_interface: id = vendorhfservice
01-01 08:01:04.110 0 0 I : CPU: 7 PID: 274 Comm: kworker/u16:3 Tainted: G S W O 4.19.157+ #1
10-14 01:23:46.066 1921 1921 I bt_btif_vendor_hf: init done
10-14 01:23:46.066 654 670 I mpu_uart: [MSG-P:RECV]:No message received in 1000 ms
10-14 01:23:46.068 1930 2059 I AdrenoGLES-0: QUALCOMM build : 47421dbee6, I139f36ad46
10-14 01:23:46.068 1930 2059 I AdrenoGLES-0: Build Date : 02/18/22
10-14 01:23:46.068 1930 2059 I AdrenoGLES-0: OpenGL ES Shader Compiler Version: EV031.32.02.17
10-14 01:23:46.068 1930 2059 I AdrenoGLES-0: Local Branch :
10-14 01:23:46.068 1930 2059 I AdrenoGLES-0: Remote Branch :
10-14 01:23:46.068 1930 2059 I AdrenoGLES-0: Remote Branch :
10-14 01:23:46.068 1930 2059 I AdrenoGLES-0: Reconstruct Branch :
10-14 01:23:46.068 1930 2059 I AdrenoGLES-0: Build Config : S P 10.0.7 AArch64
10-14 01:23:46.068 1930 2059 I AdrenoGLES-0: Driver Path : /vendor/lib64/egl/libGLESv2_adreno.so
10-14 01:23:46.068 1921 1921 I bt_btif_vendor_hf: enable_swb: 1
10-14 01:23:46.068 1921 1921 D HeadsetService: registering audio server state callback
10-14 01:23:46.069 1921 2030 D BluetoothAdapterService: Calling setProfileServiceState for: BluetoothPbapService
10-14 01:23:46.070 1333 1423 I OMXClient: IOmx service obtained
10-14 01:23:46.070 1151 1770 I commit_sys_config_file: [log-files,4576]
10-14 01:23:46.070 1344 2169 I OMXMaster: makeComponentInstance(OMX.google.vp8.decoder) in android.hardwar process
10-14 01:23:46.073 1151 2240 D CompatibilityChangeReporter: Compat change id reported: 168419799; UID 10088; state: DISABLED
10-14 01:23:46.073 1151 2240 D CompatibilityInfo: mCompatibilityFlags - 4
10-14 01:23:46.073 1151 2240 D CompatibilityInfo: applicationDensity - 240
10-14 01:23:46.073 1151 2240 D CompatibilityInfo: applicationScale - 1.0
10-14 01:23:46.076 1921 1921 I HeadsetService: HeadsetService Started
10-14 01:23:46.076 1921 1921 D HeadsetService: profile started successfully
10-14 01:23:46.078 1921 2121 D BluetoothActiveDeviceManager: handleMessage(MESSAGE_ADAPTER_ACTION_STATE_CHANGED): newState=11
10-14 01:23:46.079 1921 1921 I A2dpService: create()
10-14 01:23:46.080 1151 1770 E NativeTombstoneManager: Tombstone's UID (1047) not an app, ignoring
10-14 01:23:46.081 504 504 I hwservicemanager: getTransport: Cannot find entry android.hardware.graphics.mapper@4.0::IMapper/default in either framework or device VINTF manifest.
10-14 01:23:46.081 1151 1770 I DropBoxManagerService: add tag=SYSTEM_TOMBSTONE_PROTO isTagEnabled=true flags=0x4
10-14 01:23:46.091 1151 2240 I am_uid_active: 10088
10-14 01:23:46.092 1151 1770 I commit_sys_config_file: [log-files,4598]
01-01 08:01:04.110 0 0 I Hardware name: Qualcomm Technologies, Inc. kona MTP-RmPM8150b. VX1(MCE) EVT2 (DT)
01-01 08:01:04.110 0 0 I Workqueue: events_unbound ion_system_secure_heap_prefetch_work
01-01 08:01:04.110 0 0 I Call trace:
01-01 08:01:04.110 0 0 I : dump_backtrace+0x0/0x258
01-01 08:01:04.110 0 0 I : show_stack+0x20/0x30
01-01 08:01:04.110 0 0 I : dump_stack+0xd8/0x12c
01-01 08:01:04.110 0 0 I : register_lock_class+0x4d0/0x5c8
01-01 08:01:04.110 0 0 I : __lock_acquire+0xbc/0x1e58
01-01 08:01:04.110 0 0 I : lock_acquire+0x1cc/0x218
01-01 08:01:04.110 0 0 I : _raw_spin_lock_irqsave+0x54/0x98
01-01 08:01:04.110 0 0 I : ion_system_secure_heap_prefetch_work+0x94/0x2c0
01-01 08:01:04.110 0 0 I : process_one_work+0x38c/0x660
01-01 08:01:04.110 0 0 I : worker_thread+0x268/0x4b8
01-01 08:01:04.110 0 0 I : kthread+0x140/0x150
01-01 08:01:04.110 0 0 I : ret_from_fork+0x10/0x1c
01-01 08:01:04.114 0 0 E : INFO: trying to register non-static key.
01-01 08:01:04.119 0 0 E : the code is fine but needs lockdep annotation.
01-01 08:01:04.125 0 0 I : CPU: 2 PID: 274 Comm: kworker/u16:3 Tainted: G S W O 4.19.157+ #1
01-01 08:01:04.125 0 0 I Hardware name: Qualcomm Technologies, Inc. kona MTP-RmPM8150b. VX1(MCE) EVT2 (DT)
01-01 08:01:04.125 0 0 I Workqueue: events_unbound ion_system_secure_heap_prefetch_work
01-01 08:01:04.125 0 0 I Call trace:
01-01 08:01:04.125 0 0 I : dump_backtrace+0x0/0x258
01-01 08:01:04.125 0 0 I : show_stack+0x20/0x30
01-01 08:01:04.125 0 0 I : dump_stack+0xd8/0x12c
01-01 08:01:04.125 0 0 I : register_lock_class+0x4d0/0x5c8
01-01 08:01:04.125 0 0 I : __lock_acquire+0xbc/0x1e58
01-01 08:01:04.125 0 0 I : lock_acquire+0x1cc/0x218
01-01 08:01:04.125 0 0 I : _raw_spin_lock_irqsave+0x54/0x98
01-01 08:01:04.125 0 0 I : ion_system_secure_heap_prefetch_work+0x94/0x2c0
01-01 08:01:04.125 0 0 I : process_one_work+0x38c/0x660
01-01 08:01:04.125 0 0 I : worker_thread+0x268/0x4b8
01-01 08:01:04.125 0 0 I : kthread+0x140/0x150
01-01 08:01:04.125 0 0 I : ret_from_fork+0x10/0x1c
01-01 08:01:04.129 0 0 E : INFO: trying to register non-static key.
01-01 08:01:04.134 0 0 E : the code is fine but needs lockdep annotation.
01-01 08:01:04.140 0 0 I : CPU: 2 PID: 274 Comm: kworker/u16:3 Tainted: G S W O 4.19.157+ #1
01-01 08:01:04.140 0 0 I Hardware name: Qualcomm Technologies, Inc. kona MTP-RmPM8150b. VX1(MCE) EVT2 (DT)
01-01 08:01:04.140 0 0 I Workqueue: events_unbound ion_system_secure_heap_prefetch_work
01-01 08:01:04.140 0 0 I Call trace:
01-01 08:01:04.140 0 0 I : dump_backtrace+0x0/0x258
01-01 08:01:04.140 0 0 I : show_stack+0x20/0x30
01-01 08:01:04.140 0 0 I : dump_stack+0xd8/0x12c
01-01 08:01:04.140 0 0 I : register_lock_class+0x4d0/0x5c8
01-01 08:01:04.140 0 0 I : __lock_acquire+0xbc/0x1e58
01-01 08:01:04.140 0 0 I : lock_acquire+0x1cc/0x218
01-01 08:01:04.140 0 0 I : _raw_spin_lock_irqsave+0x54/0x98
01-01 08:01:04.140 0 0 I : ion_system_secure_heap_prefetch_work+0x94/0x2c0
01-01 08:01:04.140 0 0 I : process_one_work+0x38c/0x660
01-01 08:01:04.140 0 0 I : worker_thread+0x268/0x4b8
01-01 08:01:04.140 0 0 I : kthread+0x140/0x150
01-01 08:01:04.140 0 0 I : ret_from_fork+0x10/0x1c
01-01 08:01:04.144 0 0 E : INFO: trying to register non-static key.
01-01 08:01:04.149 0 0 E : the code is fine but needs lockdep annotation.
01-01 08:01:04.155 0 0 I : CPU: 0 PID: 274 Comm: kworker/u16:3 Tainted: G S W O 4.19.157+ #1
01-01 08:01:04.155 0 0 I Hardware name: Qualcomm Technologies, Inc. kona MTP-RmPM8150b. VX1(MCE) EVT2 (DT)
01-01 08:01:04.155 0 0 I Workqueue: events_unbound ion_system_secure_heap_prefetch_work
01-01 08:01:04.155 0 0 I Call trace:
01-01 08:01:04.155 0 0 I : dump_backtrace+0x0/0x258
01-01 08:01:04.155 0 0 I : show_stack+0x20/0x30
01-01 08:01:04.155 0 0 I : dump_stack+0xd8/0x12c
01-01 08:01:04.155 0 0 I : register_lock_class+0x4d0/0x5c8
01-01 08:01:04.155 0 0 I : __lock_acquire+0xbc/0x1e58
01-01 08:01:04.155 0 0 I : lock_acquire+0x1cc/0x218
01-01 08:01:04.155 0 0 I : _raw_spin_lock_irqsave+0x54/0x98
01-01 08:01:04.155 0 0 I : ion_system_secure_heap_prefetch_work+0x94/0x2c0
01-01 08:01:04.155 0 0 I : process_one_work+0x38c/0x660
01-01 08:01:04.155 0 0 I : worker_thread+0x268/0x4b8
01-01 08:01:04.155 0 0 I : kthread+0x140/0x150
01-01 08:01:04.155 0 0 I : ret_from_fork+0x10/0x1c
01-01 08:01:04.158 0 0 E : INFO: trying to register non-static key.
10-14 01:23:46.097 1151 1151 D BluetoothA2dp: Proxy object connected
10-14 01:23:46.097 1151 1151 D BluetoothA2dp: Proxy object connected
10-14 01:23:46.097 1151 1151 I AS.BtHelper: In onServiceConnected(), profile: 2, proxy: android.bluetooth.BluetoothA2dp@efd1e37
10-14 01:23:46.098 1921 1921 D A2dpService: Received start request. Starting profile...
10-14 01:23:46.104 2540 2540 D CompatibilityChangeReporter: Compat change id reported: 171979766; UID 10088; state: ENABLED
10-14 01:23:46.104 1151 1185 D CompatibilityInfo: mCompatibilityFlags - 4
10-14 01:23:46.104 1151 1185 D CompatibilityInfo: applicationDensity - 240
10-14 01:23:46.104 1151 1185 D CompatibilityInfo: applicationScale - 1.0
10-14 01:23:46.108 1921 2030 D BluetoothAdapterService: Calling setProfileServiceState for: HearingAidService
10-14 01:23:46.108 1930 2059 I AdrenoGLES-0: PFP: 0x016dd093, ME: 0x00000000
10-14 01:23:46.111 1921 1921 I A2dpService: start()
10-14 01:23:46.112 1921 1921 I BluetoothA2dpServiceJni: classInitNative: succeeds
10-14 01:23:46.112 1921 1921 I A2dpService: Max connected audio devices set to 5
10-14 01:23:46.112 1921 1921 I A2dpService: mMaxConnectedAudioDevices: 5
10-14 01:23:46.112 1921 1921 D A2dpService: Default TwsPlus ChannelMode: dual-mono
10-14 01:23:46.113 1921 1921 I BluetoothAvrcpServiceJni: classInitNative: succeeds
10-14 01:23:46.113 1921 1921 V Avrcp_ext: make
10-14 01:23:46.113 1921 1921 V Avrcp_ext: mAvrcp = null
10-14 01:23:46.113 1151 1185 D CompatibilityInfo: mCompatibilityFlags - 4
10-14 01:23:46.114 1151 1185 D CompatibilityInfo: applicationDensity - 240
10-14 01:23:46.114 1151 1185 D CompatibilityInfo: applicationScale - 1.0
10-14 01:23:46.116 1921 1921 V Avrcp_ext: Avrcp
10-14 01:23:46.118 1921 1921 I bt_btif : get_profile_interface: id = avrcp
10-14 01:23:46.118 1151 2098 W ServiceManager: Permission failure: android.permission.HIGH_SAMPLING_RATE_SENSORS from uid=10083 pid=2466
10-14 01:23:46.127 1344 1411 E OMXNodeInstance: getExtensionIndex(0xf5040c50:google.vp8.decoder, OMX.google.android.index.configureVideoTunnelMode) ERROR: UnsupportedIndex(0x8000101a)
10-14 01:23:46.127 1333 1423 D MediaCodecInfo: detail feature-tunneled-playback wasn't present to remove
10-14 01:23:46.128 1344 1411 E OMXNodeInstance: getExtensionIndex(0xf5040c50:google.vp8.decoder, OMX.google.android.index.enableAndroidNativeBuffers) ERROR: UnsupportedIndex(0x8000101a)
10-14 01:23:46.128 1151 1770 I commit_sys_config_file: [log-files,4635]
10-14 01:23:46.131 1151 1770 E NativeTombstoneManager: Tombstone's UID (1047) not an app, ignoring
10-14 01:23:46.132 1151 1770 I DropBoxManagerService: add tag=SYSTEM_TOMBSTONE_PROTO isTagEnabled=true flags=0x4
10-14 01:23:46.133 1333 1423 I OMXClient: IOmx service obtained
10-14 01:23:46.134 1344 2169 I OMXMaster: makeComponentInstance(OMX.qcom.video.decoder.vp9) in android.hardwar process
10-14 01:23:46.134 1344 2169 D PlatformConfig: getInstance: Enter
10-14 01:23:46.134 1344 2169 D PlatformConfig: getConfigStoreBool: vpp/enable=false, returning false
01-01 08:01:04.163 0 0 E : the code is fine but needs lockdep annotation.
01-01 08:01:04.169 0 0 I : CPU: 0 PID: 274 Comm: kworker/u16:3 Tainted: G S W O 4.19.157+ #1
01-01 08:01:04.169 0 0 I Hardware name: Qualcomm Technologies, Inc. kona MTP-RmPM8150b. VX1(MCE) EVT2 (DT)
01-01 08:01:04.169 0 0 I Workqueue: events_unbound ion_system_secure_heap_prefetch_work
01-01 08:01:04.169 0 0 I Call trace:
01-01 08:01:04.169 0 0 I : dump_backtrace+0x0/0x258
01-01 08:01:04.169 0 0 I : show_stack+0x20/0x30
01-01 08:01:04.169 0 0 I : dump_stack+0xd8/0x12c
01-01 08:01:04.169 0 0 I : register_lock_class+0x4d0/0x5c8
01-01 08:01:04.169 0 0 I : __lock_acquire+0xbc/0x1e58
01-01 08:01:04.169 0 0 I : lock_acquire+0x1cc/0x218
01-01 08:01:04.169 0 0 I : _raw_spin_lock_irqsave+0x54/0x98
01-01 08:01:04.169 0 0 I : ion_system_secure_heap_prefetch_work+0x94/0x2c0
01-01 08:01:04.169 0 0 I : process_one_work+0x38c/0x660
01-01 08:01:04.169 0 0 I : worker_thread+0x268/0x4b8
01-01 08:01:04.169 0 0 I : kthread+0x140/0x150
01-01 08:01:04.169 0 0 I : ret_from_fork+0x10/0x1c
10-14 01:23:46.140 830 2500 I vendor.qti.bluetooth@1.0-ibs_handler: ProcessIbsCmd: Received IBS_SLEEP_IND: 0xFE
10-14 01:23:46.142 1151 1770 I commit_sys_config_file: [log-files,4648]
10-14 01:23:46.150 1151 1770 I commit_sys_config_file: [log-files,4656]
10-14 01:23:46.153 1921 1921 V Avrcp_ext: start
01-01 08:01:04.172 0 0 E : INFO: trying to register non-static key.
01-01 08:01:04.177 0 0 E : the code is fine but needs lockdep annotation.
01-01 08:01:04.183 0 0 I : CPU: 0 PID: 274 Comm: kworker/u16:3 Tainted: G S W O 4.19.157+ #1
01-01 08:01:04.183 0 0 I Hardware name: Qualcomm Technologies, Inc. kona MTP-RmPM8150b. VX1(MCE) EVT2 (DT)
01-01 08:01:04.183 0 0 I Workqueue: events_unbound ion_system_secure_heap_prefetch_work
01-01 08:01:04.183 0 0 I Call trace:
01-01 08:01:04.183 0 0 I : dump_backtrace+0x0/0x258
01-01 08:01:04.183 0 0 I : show_stack+0x20/0x30
01-01 08:01:04.183 0 0 I : dump_stack+0xd8/0x12c
01-01 08:01:04.183 0 0 I : register_lock_class+0x4d0/0x5c8
01-01 08:01:04.183 0 0 I : __lock_acquire+0xbc/0x1e58
01-01 08:01:04.183 0 0 I : lock_acquire+0x1cc/0x218
01-01 08:01:04.183 0 0 I : _raw_spin_lock_irqsave+0x54/0x98
01-01 08:01:04.183 0 0 I : ion_system_secure_heap_prefetch_work+0x94/0x2c0
01-01 08:01:04.183 0 0 I : process_one_work+0x38c/0x660
01-01 08:01:04.183 0 0 I : worker_thread+0x268/0x4b8
01-01 08:01:04.183 0 0 I : kthread+0x140/0x150
01-01 08:01:04.183 0 0 I : ret_from_fork+0x10/0x1c
01-01 08:01:04.186 0 0 E : INFO: trying to register non-static key.
01-01 08:01:04.191 0 0 E : the code is fine but needs lockdep annotation.
01-01 08:01:04.196 0 0 I : CPU: 0 PID: 274 Comm: kworker/u16:3 Tainted: G S W O 4.19.157+ #1
01-01 08:01:04.196 0 0 I Hardware name: Qualcomm Technologies, Inc. kona MTP-RmPM8150b. VX1(MCE) EVT2 (DT)
01-01 08:01:04.196 0 0 I Workqueue: events_unbound ion_system_secure_heap_prefetch_work
01-01 08:01:04.196 0 0 I Call trace:
01-01 08:01:04.196 0 0 I : dump_backtrace+0x0/0x258
01-01 08:01:04.196 0 0 I : show_stack+0x20/0x30
01-01 08:01:04.196 0 0 I : dump_stack+0xd8/0x12c
01-01 08:01:04.196 0 0 I : register_lock_class+0x4d0/0x5c8
01-01 08:01:04.196 0 0 I : __lock_acquire+0xbc/0x1e58
01-01 08:01:04.197 0 0 I : lock_acquire+0x1cc/0x218
01-01 08:01:04.197 0 0 I : _raw_spin_lock_irqsave+0x54/0x98
01-01 08:01:04.197 0 0 I : ion_system_secure_heap_prefetch_work+0x94/0x2c0
01-01 08:01:04.197 0 0 I : process_one_work+0x38c/0x660
01-01 08:01:04.197 0 0 I : worker_thread+0x268/0x4b8
01-01 08:01:04.197 0 0 I : kthread+0x140/0x150
01-01 08:01:04.197 0 0 I : ret_from_fork+0x10/0x1c
10-14 01:23:46.162 1151 1770 E NativeTombstoneManager: Tombstone's UID (1047) not an app, ignoring
10-14 01:23:46.164 1151 1770 I DropBoxManagerService: add tag=SYSTEM_TOMBSTONE_PROTO isTagEnabled=true flags=0x4
10-14 01:23:46.166 1151 1185 D MediaSessionService: The MediaKeyEventSessionChangedListener (android.os.BinderProxy@5ef7588) is added by com.android.bluetooth
10-14 01:23:46.167 1921 1921 D BluetoothVendorService: getProfileInfo profile_id: 1
10-14 01:23:46.168 1921 1921 I BluetoothVendorJni: getProfileInfoNative
10-14 01:23:46.168 1921 1921 I bt_btif_vendor: get_profile_info :1
10-14 01:23:46.168 1921 1921 W bt_device_profile: profile_feature_fetch:profile 1
10-14 01:23:46.168 1344 2169 D PlatformConfig: getInstance: Enter
10-14 01:23:46.169 1921 1921 W bt_device_profile: profile_feature_fetch:AVRCP_0103_SUPPORT found 0
10-14 01:23:46.169 1344 2169 D PlatformConfig: getInt32 Config name: vidc_dec_log_in value: 0
10-14 01:23:46.169 1921 1921 D BluetoothVendorService: getProfileInfo profile_id: 1
10-14 01:23:46.169 1344 2169 D PlatformConfig: getInstance: Enter
10-14 01:23:46.169 1344 2169 D PlatformConfig: getInt32 Config name: vidc_dec_log_out value: 0
10-14 01:23:46.169 1344 2169 D PlatformConfig: getInstance: Enter
10-14 01:23:46.169 1921 1921 I BluetoothVendorJni: getProfileInfoNative
10-14 01:23:46.169 1344 2169 D PlatformConfig: getInt32 Config name: vidc_dec_sec_prefetch_size_internal value: 209715200
10-14 01:23:46.169 1921 1921 I bt_btif_vendor: get_profile_info :1
10-14 01:23:46.169 1344 2169 D PlatformConfig: getInstance: Enter
10-14 01:23:46.169 1344 2169 D PlatformConfig: getInt32 Config name: vidc_dec_sec_prefetch_size_output value: 13434880
10-14 01:23:46.169 1921 1921 W bt_device_profile: profile_feature_fetch:profile 1
10-14 01:23:46.169 1344 2169 D PlatformConfig: getInstance: Enter
10-14 01:23:46.169 1921 1921 W bt_device_profile: profile_feature_fetch:AVRCP_COVERART_SUPPORT found 1
10-14 01:23:46.169 1344 2169 D PlatformConfig: getInt32 Config name: vidc_perf_control_enable value: 0
10-14 01:23:46.169 1344 2169 D PlatformConfig: getInstance: Enter
10-14 01:23:46.169 1344 2169 D PlatformConfig: getInt32 Config name: vidc_dec_thumbnail_yuv_output value: 0
10-14 01:23:46.169 1921 1921 D Avrcp_ext: isCoverArtSupported: true
10-14 01:23:46.169 1344 2169 D PlatformConfig: getInstance: Enter
10-14 01:23:46.169 1344 2169 D PlatformConfig: getInt32: Returning default
10-14 01:23:46.169 1344 2169 D PlatformConfig: getInstance: Enter
10-14 01:23:46.169 1344 2169 D PlatformConfig: getInt32 Config name: vidc_dec_output_rate value: 120
10-14 01:23:46.169 1921 1921 D AdapterProperties: getWhitelistedMediaPlayers: numWhitelistedPlayers = 2
10-14 01:23:46.169 1921 1921 D AdapterProperties: players :com.google.android.apps.youtube.music
10-14 01:23:46.169 1921 1921 D AdapterProperties: players :com.gaana
10-14 01:23:46.169 1921 1921 W Avrcp_ext: List of Players in WhiteListDB Conf file are: [com.google.android.apps.youtube.music, com.gaana]
10-14 01:23:46.169 1921 1921 D Avrcp_ext: avrcpVersion avrcp16 isCoverArtEnabled true
10-14 01:23:46.170 1921 1921 D AvrcpBipRsp: mMaxBipDevices :5
10-14 01:23:46.171 1921 1921 D Avrcp_ext: Starting AVRCP BIP Responder Service
10-14 01:23:46.174 1921 1921 D Avrcp_ext: Starting AVRCP AvrcpPlayerAppSetting Service
10-14 01:23:46.174 1921 1921 V AvrcpPlayerAppSettings: Start
10-14 01:23:46.175 1151 2098 I InputDispatcher: Created monitor swipe-up for display 0, gesture=true, pid=2466
10-14 01:23:46.176 1921 1921 D Avrcp_ext: initMediaPlayerInfoList: 0 controllers
10-14 01:23:46.176 1344 2169 I OMX-VDEC-1080P: component_init: OMX.qcom.video.decoder.vp9 : fd=7
10-14 01:23:46.177 1921 1921 V Avrcp_ext: updateCurrentMediaState: mMediaController: null
10-14 01:23:46.177 1921 1921 W Avrcp_ext: isMusicActive: false getBluetoothPlayState: 0 A2dp State: 11 mAudioPlaybackIsActive: false
10-14 01:23:46.177 1921 1921 W Avrcp_ext: updateCurrentMediaState: isPlaying = false
10-14 01:23:46.177 1921 1921 V Avrcp_ext: Media update: id -1➡-1? [MediaAttributes: none] : [MediaAttributes: none]
10-14 01:23:46.177 1344 2169 E OMX-VDEC-1080P: Unsupported output color format for c2d (2141391876)
10-14 01:23:46.177 1921 1921 D Avrcp_ext: isPackageNameValid: browsedPackage = isValid = false
10-14 01:23:46.177 1344 2169 E OMX-VDEC-1080P: Setting color format failed
10-14 01:23:46.177 1921 1921 V Avrcp_ext: updatePlaybackState, state: PlaybackState {state=2, position=-1, buffered position=0, speed=0.0, updated=57233, actions=0, custom actions=[], active item id=-1, error=null} device: null
10-14 01:23:46.177 1921 1921 V Avrcp_ext: Device: no name:
10-14 01:23:46.177 1921 1921 V Avrcp_ext: Device: no name:
10-14 01:23:46.177 1921 1921 V Avrcp_ext: Device: no name:
10-14 01:23:46.177 1151 1794 I InputDispatcher: Erasing monitor swipe-up (server) on display 0, pid=2466
01-01 08:01:04.199 0 0 E : INFO: trying to register non-static key.
10-14 01:23:46.177 1921 1921 V Avrcp_ext: Device: no name:
10-14 01:23:46.178 1921 1921 V Avrcp_ext: Device: no name:
10-14 01:23:46.178 1921 1921 V Avrcp_ext: updatePlayerStateAndPosition, old=PlaybackState {state=0, position=-1, buffered position=0, speed=0.0, updated=57173, actions=0, custom actions=[], active item id=-1, error=null}, state=PlaybackState {state=2, position=-1, buffered position=0, speed=0.0, updated=57233, actions=0, custom actions=[], active item id=-1, error=null}
10-14 01:23:46.178 1921 1921 V Avrcp_ext: old state = PlaybackState {state=0, position=-1, buffered position=0, speed=0.0, updated=57173, actions=0, custom actions=[], active item id=-1, error=null}, new state= PlaybackState {state=2, position=-1, buffered position=0, speed=0.0, updated=57233, actions=0, custom actions=[], active item id=-1, error=null}
10-14 01:23:46.178 1921 1921 D HeadsetService: getHeadsetService(): returning com.android.bluetooth.hfp.HeadsetService@f25bbfb
10-14 01:23:46.178 1921 1921 D HeadsetService: isAudioOn: The number of audio connected devices 0
10-14 01:23:46.178 1344 2169 D PlatformConfig: getInstance: Enter
10-14 01:23:46.178 1921 1921 D HeadsetService: isScoOrCallActive(): Call Active:falseCall is Ringing:falseSCO is Active:false
10-14 01:23:46.178 1921 1921 D HeadsetService: isAudioOn: The number of audio connected devices 0
10-14 01:23:46.178 1921 1921 I Avrcp_ext: updatePlayStatusForDevice: device: null
10-14 01:23:46.178 1921 1921 V Avrcp_ext: updatePlaybackState (1): old=PlaybackState {state=0, position=-1, buffered position=0, speed=0.0, updated=57173, actions=0, custom actions=[], active item id=-1, error=null}(0), new=PlaybackState {state=2, position=-1, buffered position=0, speed=0.0, updated=57233, actions=0, custom actions=[], active item id=-1, error=null}(2)
10-14 01:23:46.178 1921 1921 I Avrcp_ext: Exit updatePlayStatusForDevice
10-14 01:23:46.178 1921 1921 D HeadsetService: isAudioOn: The number of audio connected devices 0
10-14 01:23:46.178 1151 2240 I InputDispatcher: Created monitor swipe-up for display 0, gesture=true, pid=2466
10-14 01:23:46.178 1921 1921 D HeadsetService: isScoOrCallActive(): Call Active:falseCall is Ringing:falseSCO is Active:false
10-14 01:23:46.178 1921 1921 D HeadsetService: isAudioOn: The number of audio connected devices 0
10-14 01:23:46.178 1921 1921 I Avrcp_ext: updatePlayStatusForDevice: device: null
10-14 01:23:46.179 1921 1921 V Avrcp_ext: updatePlaybackState (1): old=PlaybackState {state=0, position=-1, buffered position=0, speed=0.0, updated=57173, actions=0, custom actions=[], active item id=-1, error=null}(0), new=PlaybackState {state=2, position=-1, buffered position=0, speed=0.0, updated=57233, actions=0, custom actions=[], active item id=-1, error=null}(2)
10-14 01:23:46.179 1921 1921 I Avrcp_ext: Exit updatePlayStatusForDevice
10-14 01:23:46.179 1921 1921 D HeadsetService: isAudioOn: The number of audio connected devices 0
10-14 01:23:46.179 1921 1921 D HeadsetService: isScoOrCallActive(): Call Active:falseCall is Ringing:falseSCO is Active:false
10-14 01:23:46.179 1921 1921 D HeadsetService: isAudioOn: The number of audio connected devices 0
10-14 01:23:46.179 1921 1921 I Avrcp_ext: updatePlayStatusForDevice: device: null
10-14 01:23:46.179 1921 1921 V Avrcp_ext: updatePlaybackState (1): old=PlaybackState {state=0, position=-1, buffered position=0, speed=0.0, updated=57173, actions=0, custom actions=[], active item id=-1, error=null}(0), new=PlaybackState {state=2, position=-1, buffered position=0, speed=0.0, updated=57233, actions=0, custom actions=[], active item id=-1, error=null}(2)
10-14 01:23:46.179 1921 1921 I Avrcp_ext: Exit updatePlayStatusForDevice
10-14 01:23:46.179 1921 1921 D HeadsetService: isAudioOn: The number of audio connected devices 0
10-14 01:23:46.179 1921 1921 D HeadsetService: isScoOrCallActive(): Call Active:falseCall is Ringing:falseSCO is Active:false
10-14 01:23:46.179 1921 1921 D HeadsetService: isAudioOn: The number of audio connected devices 0
10-14 01:23:46.179 1344 2169 D PlatformConfig: getInt32: Returning default
10-14 01:23:46.179 1921 1921 I Avrcp_ext: updatePlayStatusForDevice: device: null
10-14 01:23:46.180 1344 2169 D PlatformConfig: getInstance: Enter
10-14 01:23:46.180 1344 2169 D PlatformConfig: getInt32: Returning default
10-14 01:23:46.180 1921 1921 V Avrcp_ext: updatePlaybackState (1): old=PlaybackState {state=0, position=-1, buffered position=0, speed=0.0, updated=57173, actions=0, custom actions=[], active item id=-1, error=null}(0), new=PlaybackState {state=2, position=-1, buffered position=0, speed=0.0, updated=57233, actions=0, custom actions=[], active item id=-1, error=null}(2)
10-14 01:23:46.180 1921 1921 I Avrcp_ext: Exit updatePlayStatusForDevice
10-14 01:23:46.180 1921 1921 D HeadsetService: isAudioOn: The number of audio connected devices 0
10-14 01:23:46.180 1921 1921 D HeadsetService: isScoOrCallActive(): Call Active:falseCall is Ringing:falseSCO is Active:false
