10-14 01:23:48.719 2731 2731 D NetworkSecurityConfig: No Network Security Config specified, using platform default
10-14 01:23:48.721 2731 2731 D NetworkSecurityConfig: No Network Security Config specified, using platform default
10-14 01:23:48.721 1930 1930 D InterruptionStateProvider: No bubble up: not allowed to bubble: -1|android|55|null|1000
10-14 01:23:48.722 1003 2744 E QC2CompStore: Failed to locate interface with name c2.android.vp9.decoder
10-14 01:23:48.722 1930 1930 D InterruptionStateProvider: No heads up: unimportant notification: -1|android|55|null|1000
10-14 01:23:48.722 1930 2095 D PeopleSpaceWidgetMgr: Sbn doesn't contain valid PeopleTileKey: null/-1/android
10-14 01:23:48.722 1412 1484 V C2Store : in init
10-14 01:23:48.723 1412 1484 V C2Store : loading dll
10-14 01:23:48.723 1412 1412 V C2Store : in ~ComponentModule
10-14 01:23:48.723 1412 1412 V C2Store : unloading dll
01-01 08:01:06.746 0 0 E : INFO: trying to register non-static key.
01-01 08:01:06.751 0 0 E : the code is fine but needs lockdep annotation.
01-01 08:01:06.757 0 0 I : CPU: 1 PID: 274 Comm: kworker/u16:3 Tainted: G S W O 4.19.157+ #1
01-01 08:01:06.757 0 0 I Hardware name: Qualcomm Technologies, Inc. kona MTP-RmPM8150b. VX1(MCE) EVT2 (DT)
01-01 08:01:06.757 0 0 I Workqueue: events_unbound ion_system_secure_heap_prefetch_work
01-01 08:01:06.757 0 0 I Call trace:
01-01 08:01:06.757 0 0 I : dump_backtrace+0x0/0x258
01-01 08:01:06.757 0 0 I : show_stack+0x20/0x30
01-01 08:01:06.757 0 0 I : dump_stack+0xd8/0x12c
01-01 08:01:06.757 0 0 I : register_lock_class+0x4d0/0x5c8
01-01 08:01:06.757 0 0 I : __lock_acquire+0xbc/0x1e58
01-01 08:01:06.757 0 0 I : lock_acquire+0x1cc/0x218
01-01 08:01:06.757 0 0 I : _raw_spin_lock_irqsave+0x54/0x98
01-01 08:01:06.757 0 0 I : ion_system_secure_heap_prefetch_work+0x94/0x2c0
01-01 08:01:06.757 0 0 I : process_one_work+0x38c/0x660
01-01 08:01:06.757 0 0 I : worker_thread+0x268/0x4b8
01-01 08:01:06.757 0 0 I : kthread+0x140/0x150
01-01 08:01:06.757 0 0 I : ret_from_fork+0x10/0x1c
10-14 01:23:48.736 1333 1423 I Codec2InfoBuilder: adding type 'video/x-vnd.on2.vp9'
01-01 08:01:06.784 0 0 E : INFO: trying to register non-static key.
01-01 08:01:06.789 0 0 E : the code is fine but needs lockdep annotation.
01-01 08:01:06.794 0 0 I : CPU: 1 PID: 274 Comm: kworker/u16:3 Tainted: G S W O 4.19.157+ #1
01-01 08:01:06.794 0 0 I Hardware name: Qualcomm Technologies, Inc. kona MTP-RmPM8150b. VX1(MCE) EVT2 (DT)
01-01 08:01:06.794 0 0 I Workqueue: events_unbound ion_system_secure_heap_prefetch_work
01-01 08:01:06.794 0 0 I Call trace:
01-01 08:01:06.794 0 0 I : dump_backtrace+0x0/0x258
01-01 08:01:06.794 0 0 I : show_stack+0x20/0x30
01-01 08:01:06.794 0 0 I : dump_stack+0xd8/0x12c
01-01 08:01:06.794 0 0 I : register_lock_class+0x4d0/0x5c8
01-01 08:01:06.794 0 0 I : __lock_acquire+0xbc/0x1e58
01-01 08:01:06.794 0 0 I : lock_acquire+0x1cc/0x218
01-01 08:01:06.794 0 0 I : _raw_spin_lock_irqsave+0x54/0x98
01-01 08:01:06.794 0 0 I : ion_system_secure_heap_prefetch_work+0x94/0x2c0
01-01 08:01:06.794 0 0 I : process_one_work+0x38c/0x660
01-01 08:01:06.794 0 0 I : worker_thread+0x268/0x4b8
01-01 08:01:06.794 0 0 I : kthread+0x140/0x150
01-01 08:01:06.794 0 0 I : ret_from_fork+0x10/0x1c
10-14 01:23:48.742 1412 1412 V C2Store : in ~ComponentModule
10-14 01:23:48.742 1412 1412 V C2Store : unloading dll
10-14 01:23:48.744 1003 2744 E QC2CompStore: Failed to locate interface with name c2.android.vp9.encoder
10-14 01:23:48.746 1412 1488 V C2Store : in init
10-14 01:23:48.746 1412 1488 V C2Store : loading dll
10-14 01:23:48.747 1412 1488 I C2SoftVp9Enc: setting temporal layering 0 + 0
10-14 01:23:48.748 1412 1488 I C2SoftVp9Enc: setting temporal layering 0 + 0
10-14 01:23:48.750 1333 1423 I Codec2InfoBuilder: adding type 'video/x-vnd.on2.vp9'
10-14 01:23:48.754 1412 1412 V C2Store : in ~ComponentModule
10-14 01:23:48.754 1412 1412 V C2Store : unloading dll
10-14 01:23:48.759 1151 2103 D MediaCodecList: codecHandlesFormat: no format, so no extra checks
10-14 01:23:48.759 1930 2251 D MediaCodecList: codecHandlesFormat: no format, so no extra checks
01-01 08:01:06.843 0 0 E : INFO: trying to register non-static key.
01-01 08:01:06.849 0 0 E : the code is fine but needs lockdep annotation.
01-01 08:01:06.854 0 0 I : CPU: 6 PID: 274 Comm: kworker/u16:3 Tainted: G S W O 4.19.157+ #1
01-01 08:01:06.854 0 0 I Hardware name: Qualcomm Technologies, Inc. kona MTP-RmPM8150b. VX1(MCE) EVT2 (DT)
01-01 08:01:06.854 0 0 I Workqueue: events_unbound ion_system_secure_heap_prefetch_work
01-01 08:01:06.854 0 0 I Call trace:
01-01 08:01:06.854 0 0 I : dump_backtrace+0x0/0x258
01-01 08:01:06.854 0 0 I : show_stack+0x20/0x30
01-01 08:01:06.854 0 0 I : dump_stack+0xd8/0x12c
01-01 08:01:06.854 0 0 I : register_lock_class+0x4d0/0x5c8
01-01 08:01:06.854 0 0 I : __lock_acquire+0xbc/0x1e58
01-01 08:01:06.854 0 0 I : lock_acquire+0x1cc/0x218
01-01 08:01:06.854 0 0 I : _raw_spin_lock_irqsave+0x54/0x98
01-01 08:01:06.854 0 0 I : ion_system_secure_heap_prefetch_work+0x94/0x2c0
01-01 08:01:06.854 0 0 I : process_one_work+0x38c/0x660
01-01 08:01:06.854 0 0 I : worker_thread+0x268/0x4b8
01-01 08:01:06.854 0 0 I : kthread+0x140/0x150
01-01 08:01:06.854 0 0 I : ret_from_fork+0x10/0x1c
10-14 01:23:48.760 1151 2103 D MediaCodecList: codecHandlesFormat: no format, so no extra checks
10-14 01:23:48.760 1930 2252 D MediaCodecList: codecHandlesFormat: no format, so no extra checks
10-14 01:23:48.761 1930 2251 D MediaCodecList: codecHandlesFormat: no format, so no extra checks
10-14 01:23:48.761 1151 2104 D MediaCodecList: codecHandlesFormat: no format, so no extra checks
10-14 01:23:48.762 1930 2252 D MediaCodecList: codecHandlesFormat: no format, so no extra checks
10-14 01:23:48.766 1151 2104 D MediaCodecList: codecHandlesFormat: no format, so no extra checks
10-14 01:23:48.780 1151 1151 D MediaSessionService: Media button session is changed to com.android.systemui/MediaSession (userId=0)
10-14 01:23:48.783 1921 2575 W Avrcp_ext: onMediaKeyEventSessionChanged(Token): Addressed Player changed to a player we didn't have a session for
10-14 01:23:48.783 1921 2573 D Avrcp_ext: AudioManager Player: AudioPlaybackConfiguration piid:311 deviceId:0 type:android.media.SoundPool u/pid:10087/1930 state:idle attr:AudioAttributes: usage=USAGE_ASSISTANCE_SONIFICATION content=CONTENT_TYPE_SONIFICATION flags=0x800 tags= bundle=null sessionId:0
10-14 01:23:48.783 1921 2573 D Avrcp_ext: AudioManager Player: AudioPlaybackConfiguration piid:303 deviceId:0 type:android.media.SoundPool u/pid:1000/1151 state:idle attr:AudioAttributes: usage=USAGE_ASSISTANCE_SONIFICATION content=CONTENT_TYPE_SONIFICATION flags=0x800 tags= bundle=null sessionId:0
10-14 01:23:48.783 1921 2573 D Avrcp_ext: AudioManager Player: AudioPlaybackConfiguration piid:319 deviceId:0 type:android.media.MediaPlayer u/pid:10087/1930 state:started attr:AudioAttributes: usage=USAGE_NOTIFICATION content=CONTENT_TYPE_SONIFICATION flags=0x800 tags= bundle=null sessionId:0
10-14 01:23:48.786 1930 1930 D MediaRouter: onRestoreRoute() : route=RouteInfo{ name=平板电脑, description=null, status=null, category=RouteCategory{ name=系统 types=ROUTE_TYPE_LIVE_AUDIO ROUTE_TYPE_LIVE_VIDEO groupable=false }, supportedTypes=ROUTE_TYPE_LIVE_AUDIO ROUTE_TYPE_LIVE_VIDEO , presentationDisplay=null }
10-14 01:23:48.786 1930 1930 V MediaRouter: Selecting route: RouteInfo{ name=平板电脑, description=null, status=null, category=RouteCategory{ name=系统 types=ROUTE_TYPE_LIVE_AUDIO ROUTE_TYPE_LIVE_VIDEO groupable=false }, supportedTypes=ROUTE_TYPE_LIVE_AUDIO ROUTE_TYPE_LIVE_VIDEO , presentationDisplay=null }
10-14 01:23:48.788 1921 2575 W Avrcp_ext: playState object null, sending STOPPED
10-14 01:23:48.788 1921 2575 V Avrcp_ext: isBrowseSupported for com.android.systemui: false
10-14 01:23:48.789 1921 2573 D Avrcp_ext: AudioManager Player in started state: com.android.systemui
10-14 01:23:48.789 1921 2573 D Avrcp_ext: AudioManager Active Player: com.android.systemui
10-14 01:23:48.789 1921 2573 D Avrcp_ext: AudioManager isPlaying: true, mAudioPlaybackIsActive = false
10-14 01:23:48.791 1930 2274 D CCodec : allocate(c2.android.vorbis.decoder)
10-14 01:23:48.793 1921 2573 V Avrcp_ext: updateCurrentMediaState: mMediaController: null
10-14 01:23:48.793 1921 2573 W Avrcp_ext: isMusicActive: false getBluetoothPlayState: 2 A2dp State: 11 mAudioPlaybackIsActive: true
10-14 01:23:48.793 1921 2573 W Avrcp_ext: updateCurrentMediaState: isPlaying = false
10-14 01:23:48.794 1921 2573 V Avrcp_ext: Media update: id -1➡-1? [MediaAttributes: none] : [MediaAttributes: none]
10-14 01:23:48.794 1921 2573 D Avrcp_ext: isPackageNameValid: browsedPackage = isValid = false
10-14 01:23:48.794 1921 2573 V Avrcp_ext: updatePlaybackState, state: PlaybackState {state=2, position=-1, buffered position=0, speed=0.0, updated=59850, actions=0, custom actions=[], active item id=-1, error=null} device: null
10-14 01:23:48.794 1921 2573 V Avrcp_ext: Device: no name:
10-14 01:23:48.794 1921 2573 V Avrcp_ext: Device: no name:
10-14 01:23:48.794 1921 2573 V Avrcp_ext: Device: no name:
10-14 01:23:48.794 1921 2573 V Avrcp_ext: Device: no name:
10-14 01:23:48.794 1921 2573 V Avrcp_ext: Device: no name:
10-14 01:23:48.794 1921 2573 V Avrcp_ext: updatePlayerStateAndPosition, old=PlaybackState {state=2, position=-1, buffered position=0, speed=0.0, updated=57570, actions=0, custom actions=[], active item id=-1, error=null}, state=PlaybackState {state=2, position=-1, buffered position=0, speed=0.0, updated=59850, actions=0, custom actions=[], active item id=-1, error=null}
10-14 01:23:48.795 1921 2573 V Avrcp_ext: old state = PlaybackState {state=2, position=-1, buffered position=0, speed=0.0, updated=57570, actions=0, custom actions=[], active item id=-1, error=null}, new state= PlaybackState {state=2, position=-1, buffered position=0, speed=0.0, updated=59850, actions=0, custom actions=[], active item id=-1, error=null}
10-14 01:23:48.795 1921 2573 D HeadsetService: getHeadsetService(): returning com.android.bluetooth.hfp.HeadsetService@f25bbfb
10-14 01:23:48.795 1921 2573 D HeadsetService: isAudioOn: The number of audio connected devices 0
10-14 01:23:48.795 1921 2573 D HeadsetService: isScoOrCallActive(): Call Active:falseCall is Ringing:falseSCO is Active:false
10-14 01:23:48.795 1921 2573 D HeadsetService: isAudioOn: The number of audio connected devices 0
10-14 01:23:48.795 1921 2573 I Avrcp_ext: updatePlayStatusForDevice: device: null
10-14 01:23:48.795 1921 2573 V Avrcp_ext: updatePlaybackState (1): old=PlaybackState {state=2, position=-1, buffered position=0, speed=0.0, updated=57570, actions=0, custom actions=[], active item id=-1, error=null}(2), new=PlaybackState {state=2, position=-1, buffered position=0, speed=0.0, updated=59850, actions=0, custom actions=[], active item id=-1, error=null}(2)
10-14 01:23:48.795 1921 2573 I Avrcp_ext: Exit updatePlayStatusForDevice
10-14 01:23:48.795 1930 2265 D CCodec : allocate(c2.android.vorbis.decoder)
10-14 01:23:48.795 1921 2573 D HeadsetService: isAudioOn: The number of audio connected devices 0
10-14 01:23:48.796 1921 2573 D HeadsetService: isScoOrCallActive(): Call Active:falseCall is Ringing:falseSCO is Active:false
10-14 01:23:48.796 1921 2573 D HeadsetService: isAudioOn: The number of audio connected devices 0
10-14 01:23:48.796 1151 2132 D CCodec : allocate(c2.android.vorbis.decoder)
10-14 01:23:48.796 1921 2573 I Avrcp_ext: updatePlayStatusForDevice: device: null
10-14 01:23:48.796 1921 2573 V Avrcp_ext: updatePlaybackState (1): old=PlaybackState {state=2, position=-1, buffered position=0, speed=0.0, updated=57570, actions=0, custom actions=[], active item id=-1, error=null}(2), new=PlaybackState {state=2, position=-1, buffered position=0, speed=0.0, updated=59850, actions=0, custom actions=[], active item id=-1, error=null}(2)
10-14 01:23:48.796 1921 2573 I Avrcp_ext: Exit updatePlayStatusForDevice
10-14 01:23:48.796 1921 2573 D HeadsetService: isAudioOn: The number of audio connected devices 0
10-14 01:23:48.796 1921 2573 D HeadsetService: isScoOrCallActive(): Call Active:falseCall is Ringing:falseSCO is Active:false
10-14 01:23:48.796 1921 2573 D HeadsetService: isAudioOn: The number of audio connected devices 0
10-14 01:23:48.796 1921 2573 I Avrcp_ext: updatePlayStatusForDevice: device: null
10-14 01:23:48.796 1921 2573 V Avrcp_ext: updatePlaybackState (1): old=PlaybackState {state=2, position=-1, buffered position=0, speed=0.0, updated=57570, actions=0, custom actions=[], active item id=-1, error=null}(2), new=PlaybackState {state=2, position=-1, buffered position=0, speed=0.0, updated=59850, actions=0, custom actions=[], active item id=-1, error=null}(2)
10-14 01:23:48.796 1921 2573 I Avrcp_ext: Exit updatePlayStatusForDevice
10-14 01:23:48.796 1921 2573 D HeadsetService: isAudioOn: The number of audio connected devices 0
10-14 01:23:48.796 1921 2573 D HeadsetService: isScoOrCallActive(): Call Active:falseCall is Ringing:falseSCO is Active:false
10-14 01:23:48.797 1921 2573 D HeadsetService: isAudioOn: The number of audio connected devices 0
10-14 01:23:48.797 1921 2573 I Avrcp_ext: updatePlayStatusForDevice: device: null
10-14 01:23:48.797 1921 2573 V Avrcp_ext: updatePlaybackState (1): old=PlaybackState {state=2, position=-1, buffered position=0, speed=0.0, updated=57570, actions=0, custom actions=[], active item id=-1, error=null}(2), new=PlaybackState {state=2, position=-1, buffered position=0, speed=0.0, updated=59850, actions=0, custom actions=[], active item id=-1, error=null}(2)
10-14 01:23:48.797 1921 2573 I Avrcp_ext: Exit updatePlayStatusForDevice
10-14 01:23:48.797 1930 2274 I Codec2Client: Available Codec2 services: "default" "software"
10-14 01:23:48.797 1921 2573 D HeadsetService: isAudioOn: The number of audio connected devices 0
10-14 01:23:48.797 1921 2573 D HeadsetService: isScoOrCallActive(): Call Active:falseCall is Ringing:falseSCO is Active:false
10-14 01:23:48.797 1921 2573 D HeadsetService: isAudioOn: The number of audio connected devices 0
10-14 01:23:48.797 1921 2573 I Avrcp_ext: updatePlayStatusForDevice: device: null
10-14 01:23:48.797 1921 2573 V Avrcp_ext: updatePlaybackState (1): old=PlaybackState {state=2, position=-1, buffered position=0, speed=0.0, updated=57570, actions=0, custom actions=[], active item id=-1, error=null}(2), new=PlaybackState {state=2, position=-1, buffered position=0, speed=0.0, updated=59850, actions=0, custom actions=[], active item id=-1, error=null}(2)
10-14 01:23:48.797 1921 2573 I Avrcp_ext: Exit updatePlayStatusForDevice
10-14 01:23:48.797 1921 2573 D Avrcp_ext: Enter sendPlayPosNotificationRsp
10-14 01:23:48.797 1921 2573 D Avrcp_ext: sendPlayPosNotificationRsp: Not registered or requesting.
10-14 01:23:48.797 1921 2573 D Avrcp_ext: Enter sendPlayPosNotificationRsp
10-14 01:23:48.797 1921 2573 D Avrcp_ext: sendPlayPosNotificationRsp: Not registered or requesting.
10-14 01:23:48.798 1921 2573 D Avrcp_ext: Enter sendPlayPosNotificationRsp
10-14 01:23:48.798 1921 2573 D Avrcp_ext: sendPlayPosNotificationRsp: Not registered or requesting.
10-14 01:23:48.798 1921 2573 D Avrcp_ext: Enter sendPlayPosNotificationRsp
10-14 01:23:48.798 1921 2573 D Avrcp_ext: sendPlayPosNotificationRsp: Not registered or requesting.
10-14 01:23:48.798 1921 2573 D Avrcp_ext: Enter sendPlayPosNotificationRsp
10-14 01:23:48.798 1921 2573 D Avrcp_ext: sendPlayPosNotificationRsp: Not registered or requesting.
10-14 01:23:48.798 1921 2573 V Avrcp_ext: Exit updatePlayerStateAndPosition
10-14 01:23:48.800 1333 2723 I GenericSource: start
10-14 01:23:48.802 1930 1930 V NotificationMediaManager: DEBUG_MEDIA: updating album art for notification null metadata=null metaDataChanged=false state=0
10-14 01:23:48.803 1151 2130 D CCodec : allocate(c2.android.vorbis.decoder)
10-14 01:23:48.807 1921 2573 V Avrcp_ext: updateCurrentMediaState: mMediaController: null
10-14 01:23:48.807 1921 2573 W Avrcp_ext: isMusicActive: false getBluetoothPlayState: 2 A2dp State: 11 mAudioPlaybackIsActive: true
10-14 01:23:48.807 1921 2573 W Avrcp_ext: updateCurrentMediaState: isPlaying = false
10-14 01:23:48.807 1921 2573 V Avrcp_ext: Media update: id -1➡-1? [MediaAttributes: none] : [MediaAttributes: none]
10-14 01:23:48.808 1921 2573 D Avrcp_ext: isPackageNameValid: browsedPackage = isValid = false
10-14 01:23:48.809 1921 2573 V Avrcp_ext: updatePlaybackState, state: PlaybackState {state=2, position=-1, buffered position=0, speed=0.0, updated=59863, actions=0, custom actions=[], active item id=-1, error=null} device: null
10-14 01:23:48.809 1921 2573 V Avrcp_ext: Device: no name:
10-14 01:23:48.810 1333 2723 W Utils : track of type 'audio/vorbis' does not publish channel mask, channel count 1
10-14 01:23:48.811 1930 2274 I CCodec : setting up 'default' as default (vendor) store
10-14 01:23:48.818 1930 2265 I CCodec : setting up 'default' as default (vendor) store
10-14 01:23:48.809 1921 2573 V Avrcp_ext: Device: no name:
10-14 01:23:48.821 1921 2573 V Avrcp_ext: Device: no name:
10-14 01:23:48.821 1921 2573 V Avrcp_ext: Device: no name:
10-14 01:23:48.821 1921 2573 V Avrcp_ext: Device: no name:
10-14 01:23:48.821 1921 2573 V Avrcp_ext: updatePlayerStateAndPosition, old=PlaybackState {state=2, position=-1, buffered position=0, speed=0.0, updated=59850, actions=0, custom actions=[], active item id=-1, error=null}, state=PlaybackState {state=2, position=-1, buffered position=0, speed=0.0, updated=59863, actions=0, custom actions=[], active item id=-1, error=null}
10-14 01:23:48.822 1921 2573 V Avrcp_ext: old state = PlaybackState {state=2, position=-1, buffered position=0, speed=0.0, updated=59850, actions=0, custom actions=[], active item id=-1, error=null}, new state= PlaybackState {state=2, position=-1, buffered position=0, speed=0.0, updated=59863, actions=0, custom actions=[], active item id=-1, error=null}
10-14 01:23:48.822 1921 2573 D HeadsetService: getHeadsetService(): returning com.android.bluetooth.hfp.HeadsetService@f25bbfb
10-14 01:23:48.822 1921 2573 D HeadsetService: isAudioOn: The number of audio connected devices 0
10-14 01:23:48.822 1921 2573 D HeadsetService: isScoOrCallActive(): Call Active:falseCall is Ringing:falseSCO is Active:false
10-14 01:23:48.822 1921 2573 D HeadsetService: isAudioOn: The number of audio connected devices 0
10-14 01:23:48.822 1921 2573 I Avrcp_ext: updatePlayStatusForDevice: device: null
10-14 01:23:48.822 1921 2573 V Avrcp_ext: updatePlaybackState (1): old=PlaybackState {state=2, position=-1, buffered position=0, speed=0.0, updated=59850, actions=0, custom actions=[], active item id=-1, error=null}(2), new=PlaybackState {state=2, position=-1, buffered position=0, speed=0.0, updated=59863, actions=0, custom actions=[], active item id=-1, error=null}(2)
10-14 01:23:48.822 1921 2573 I Avrcp_ext: Exit updatePlayStatusForDevice
10-14 01:23:48.822 1921 2573 D HeadsetService: isAudioOn: The number of audio connected devices 0
10-14 01:23:48.823 1921 2573 D HeadsetService: isScoOrCallActive(): Call Active:falseCall is Ringing:falseSCO is Active:false
10-14 01:23:48.823 1921 2573 D HeadsetService: isAudioOn: The number of audio connected devices 0
10-14 01:23:48.823 1921 2573 I Avrcp_ext: updatePlayStatusForDevice: device: null
10-14 01:23:48.823 1921 2573 V Avrcp_ext: updatePlaybackState (1): old=PlaybackState {state=2, position=-1, buffered position=0, speed=0.0, updated=59850, actions=0, custom actions=[], active item id=-1, error=null}(2), new=PlaybackState {state=2, position=-1, buffered position=0, speed=0.0, updated=59863, actions=0, custom actions=[], active item id=-1, error=null}(2)
10-14 01:23:48.823 1921 2573 I Avrcp_ext: Exit updatePlayStatusForDevice
10-14 01:23:48.823 1921 2573 D HeadsetService: isAudioOn: The number of audio connected devices 0
10-14 01:23:48.823 1921 2573 D HeadsetService: isScoOrCallActive(): Call Active:falseCall is Ringing:falseSCO is Active:false
10-14 01:23:48.823 1921 2573 D HeadsetService: isAudioOn: The number of audio connected devices 0
10-14 01:23:48.823 1921 2573 I Avrcp_ext: updatePlayStatusForDevice: device: null
10-14 01:23:48.823 1921 2573 V Avrcp_ext: updatePlaybackState (1): old=PlaybackState {state=2, position=-1, buffered position=0, speed=0.0, updated=59850, actions=0, custom actions=[], active item id=-1, error=null}(2), new=PlaybackState {state=2, position=-1, buffered position=0, speed=0.0, updated=59863, actions=0, custom actions=[], active item id=-1, error=null}(2)
10-14 01:23:48.823 1921 2573 I Avrcp_ext: Exit updatePlayStatusForDevice
10-14 01:23:48.823 1921 2573 D HeadsetService: isAudioOn: The number of audio connected devices 0
10-14 01:23:48.824 1921 2573 D HeadsetService: isScoOrCallActive(): Call Active:falseCall is Ringing:falseSCO is Active:false
10-14 01:23:48.824 1921 2573 D HeadsetService: isAudioOn: The number of audio connected devices 0
10-14 01:23:48.824 1921 2573 I Avrcp_ext: updatePlayStatusForDevice: device: null
10-14 01:23:48.824 1921 2573 V Avrcp_ext: updatePlaybackState (1): old=PlaybackState {state=2, position=-1, buffered position=0, speed=0.0, updated=59850, actions=0, custom actions=[], active item id=-1, error=null}(2), new=PlaybackState {state=2, position=-1, buffered position=0, speed=0.0, updated=59863, actions=0, custom actions=[], active item id=-1, error=null}(2)
10-14 01:23:48.824 1921 2573 I Avrcp_ext: Exit updatePlayStatusForDevice
10-14 01:23:48.824 1921 2573 D HeadsetService: isAudioOn: The number of audio connected devices 0
10-14 01:23:48.824 1921 2573 D HeadsetService: isScoOrCallActive(): Call Active:falseCall is Ringing:falseSCO is Active:false
10-14 01:23:48.824 1921 2573 D HeadsetService: isAudioOn: The number of audio connected devices 0
10-14 01:23:48.824 1921 2573 I Avrcp_ext: updatePlayStatusForDevice: device: null
10-14 01:23:48.824 1921 2573 V Avrcp_ext: updatePlaybackState (1): old=PlaybackState {state=2, position=-1, buffered position=0, speed=0.0, updated=59850, actions=0, custom actions=[], active item id=-1, error=null}(2), new=PlaybackState {state=2, position=-1, buffered position=0, speed=0.0, updated=59863, actions=0, custom actions=[], active item id=-1, error=null}(2)
10-14 01:23:48.824 1921 2573 I Avrcp_ext: Exit updatePlayStatusForDevice
10-14 01:23:48.824 1921 2573 D Avrcp_ext: Enter sendPlayPosNotificationRsp
10-14 01:23:48.824 1921 2573 D Avrcp_ext: sendPlayPosNotificationRsp: Not registered or requesting.
10-14 01:23:48.824 1921 2573 D Avrcp_ext: Enter sendPlayPosNotificationRsp
10-14 01:23:48.824 1921 2573 D Avrcp_ext: sendPlayPosNotificationRsp: Not registered or requesting.
10-14 01:23:48.824 1921 2573 D Avrcp_ext: Enter sendPlayPosNotificationRsp
10-14 01:23:48.824 1921 2573 D Avrcp_ext: sendPlayPosNotificationRsp: Not registered or requesting.
10-14 01:23:48.824 1921 2573 D Avrcp_ext: Enter sendPlayPosNotificationRsp
10-14 01:23:48.825 1921 2573 D Avrcp_ext: sendPlayPosNotificationRsp: Not registered or requesting.
10-14 01:23:48.825 1921 2573 D Avrcp_ext: Enter sendPlayPosNotificationRsp
10-14 01:23:48.825 1921 2573 D Avrcp_ext: sendPlayPosNotificationRsp: Not registered or requesting.
10-14 01:23:48.825 1921 2573 V Avrcp_ext: Exit updatePlayerStateAndPosition
10-14 01:23:48.825 1921 2575 D Avrcp_ext: Adding media player info for com.android.systemui with id 1
10-14 01:23:48.825 1921 2573 D Avrcp_ext: AudioManager Player: AudioPlaybackConfiguration piid:311 deviceId:0 type:android.media.SoundPool u/pid:10087/1930 state:idle attr:AudioAttributes: usage=USAGE_ASSISTANCE_SONIFICATION content=CONTENT_TYPE_SONIFICATION flags=0x800 tags= bundle=null sessionId:0
10-14 01:23:48.825 1921 2573 D Avrcp_ext: AudioManager Player: AudioPlaybackConfiguration piid:327 deviceId:0 type:android.media.MediaPlayer u/pid:10087/1930 state:idle attr:AudioAttributes: usage=USAGE_NOTIFICATION content=CONTENT_TYPE_SONIFICATION flags=0x800 tags= bundle=null sessionId:0
10-14 01:23:48.825 1921 2573 D Avrcp_ext: AudioManager Player: AudioPlaybackConfiguration piid:303 deviceId:0 type:android.media.SoundPool u/pid:1000/1151 state:idle attr:AudioAttributes: usage=USAGE_ASSISTANCE_SONIFICATION content=CONTENT_TYPE_SONIFICATION flags=0x800 tags= bundle=null sessionId:0
10-14 01:23:48.825 1921 2573 D Avrcp_ext: AudioManager Player: AudioPlaybackConfiguration piid:319 deviceId:0 type:android.media.MediaPlayer u/pid:10087/1930 state:started attr:AudioAttributes: usage=USAGE_NOTIFICATION content=CONTENT_TYPE_SONIFICATION flags=0x800 tags= bundle=null sessionId:0
10-14 01:23:48.826 1930 2775 W ActivityThread: Failed to find provider info for media (user not unlocked)
10-14 01:23:48.826 1921 2573 D Avrcp_ext: AudioManager Player in started state: com.android.systemui
10-14 01:23:48.826 1921 2575 D Avrcp_ext: add #1:MediaPlayerInfo com.android.systemui (as '系统界面') Type = 1, SubType = 0, Status = 0 Feature Bits [40 41 42 44 45 47 48 58] Controller: MediaController (com.android.systemui@958733) null
10-14 01:23:48.827 1921 2573 D Avrcp_ext: AudioManager Active Player: com.android.systemui
10-14 01:23:48.827 1921 2573 D Avrcp_ext: AudioManager isPlaying: true, mAudioPlaybackIsActive = true
10-14 01:23:48.827 1921 2575 I Avrcp_ext: onMediaKeyEventSessionChanged: token=com.android.systemui
10-14 01:23:48.827 1921 2575 W Avrcp_ext: No package name for player (0 not valid)
10-14 01:23:48.827 1921 2575 W Avrcp_ext: Changing addressed media session to com.android.systemui
10-14 01:23:48.827 1921 2575 V Avrcp_ext: getMediaPlayerInfo: Found com.android.systemui
10-14 01:23:48.828 1333 2272 D NuPlayerDriver: NuPlayerDriver(0xf00412d0) created, clientPid(1930)
10-14 01:23:48.828 1151 2132 I Codec2Client: Available Codec2 services: "default" "software"
10-14 01:23:48.828 1333 2723 W Utils : track of type 'audio/vorbis' does not publish channel mask, channel count 1
10-14 01:23:48.828 1921 2575 V Avrcp_ext: Set addressed #1 MediaPlayerInfo com.android.systemui (as '系统界面') Type = 1, SubType = 0, Status = 0 Feature Bits [40 41 42 44 45 47 48 58] Controller: MediaController (com.android.systemui@958733) null
10-14 01:23:48.828 1921 2575 V Avrcp_ext: updateNewIds: Addressed:0 to 1, Browse:0 to 0
10-14 01:23:48.829 1921 2575 D Avrcp_ext: updateCurrentController: null to MediaController (com.android.systemui@958733) null
10-14 01:23:48.831 1921 2575 V Avrcp_ext: updateCurrentMediaState: mMediaController: MediaController (com.android.systemui@958733) null
10-14 01:23:48.831 1921 2575 W Avrcp_ext: isMusicActive: false getBluetoothPlayState: 2 A2dp State: 11 mAudioPlaybackIsActive: true
10-14 01:23:48.833 1921 2575 D Avrcp_ext: isMusicActive = false mAudioPlaybackIsActive = true player state = null
10-14 01:23:48.834 1921 2575 I Avrcp_ext: Skipping update due to invalid playback state
10-14 01:23:48.834 1921 2575 V Avrcp_ext: updatePlaybackState, state: null device: null
10-14 01:23:48.834 1921 2575 V Avrcp_ext: Device: no name:
10-14 01:23:48.834 1921 2575 V Avrcp_ext: Device: no name:
10-14 01:23:48.834 1921 2575 V Avrcp_ext: Device: no name:
10-14 01:23:48.834 1921 2575 V Avrcp_ext: Device: no name:
10-14 01:23:48.835 1921 2575 V Avrcp_ext: Device: no name:
10-14 01:23:48.835 1921 2575 V Avrcp_ext: updatePlayerStateAndPosition, old=PlaybackState {state=2, position=-1, buffered position=0, speed=0.0, updated=59863, actions=0, custom actions=[], active item id=-1, error=null}, state=null
10-14 01:23:48.835 1921 2575 I Avrcp_ext: updatePlayerStateAndPosition: device: state = null
10-14 01:23:48.844 1921 2575 V Avrcp_ext: updateCurrentMediaState: mMediaController: MediaController (com.android.systemui@958733) null
10-14 01:23:48.844 1921 2575 W Avrcp_ext: isMusicActive: false getBluetoothPlayState: 2 A2dp State: 11 mAudioPlaybackIsActive: true
10-14 01:23:48.845 1921 2575 D Avrcp_ext: isMusicActive = false mAudioPlaybackIsActive = true player state = null
10-14 01:23:48.846 1921 2575 I Avrcp_ext: Skipping update due to invalid playback state
10-14 01:23:48.846 1921 2575 V Avrcp_ext: updatePlaybackState, state: null device: null
10-14 01:23:48.846 1921 2575 V Avrcp_ext: Device: no name:
10-14 01:23:48.846 1921 2575 V Avrcp_ext: Device: no name:
10-14 01:23:48.846 1921 2575 V Avrcp_ext: Device: no name:
10-14 01:23:48.846 1921 2575 V Avrcp_ext: Device: no name:
10-14 01:23:48.846 1921 2575 V Avrcp_ext: Device: no name:
10-14 01:23:48.846 1921 2575 V Avrcp_ext: updatePlayerStateAndPosition, old=PlaybackState {state=2, position=-1, buffered position=0, speed=0.0, updated=59863, actions=0, custom actions=[], active item id=-1, error=null}, state=null
10-14 01:23:48.846 1921 2575 I Avrcp_ext: updatePlayerStateAndPosition: device: state = null
10-14 01:23:48.846 823 1866 D audio_hw_primary: adev_get_parameters:is_hw_dec_session_available
10-14 01:23:48.847 823 1866 D audio_hw_spkr_prot: fbsp_get_parameters: Speaker protection disabled
10-14 01:23:48.847 823 1866 D soundtrigger: audio_extn_sound_trigger_get_parameters input string
10-14 01:23:48.847 823 1866 D soundtrigger: extract_sm_handle input string param string
10-14 01:23:48.847 823 1866 D audio_hw_extn: audio_extn_fm_get_parameters: Enter
10-14 01:23:48.847 823 1866 D audio_hw_extn: audio_extn_get_parameters: returns
10-14 01:23:48.848 823 1866 D audio_hw_primary: adev_get_parameters: exit: returns -
10-14 01:23:48.849 1037 1037 I hash_map_utils: system/bt/osi/src/hash_map_utils.cc:81 hash_map_utils_dump_string_keys_string_values: key: 'is_hw_dec_session_available' value: 'audio/vorbis'
10-14 01:23:48.849 1930 1930 V NotificationMediaManager: DEBUG_MEDIA: updating album art for notification null metadata=null metaDataChanged=false state=0
10-14 01:23:48.852 1151 2130 I CCodec : setting up 'default' as default (vendor) store
10-14 01:23:48.866 1930 1930 I sysui_multi_action: [757,803,799,note_peek,802,1]
10-14 01:23:48.866 1333 2781 D CCodec : allocate(c2.android.vorbis.decoder)
10-14 01:23:48.868 1151 2132 I CCodec : setting up 'default' as default (vendor) store
10-14 01:23:48.871 1151 2240 I sysui_multi_action: [757,127,758,1]
10-14 01:23:48.872 1151 2240 I sysui_multi_action: [757,804,799,note_load,801,1,802,1]
10-14 01:23:48.872 1151 2240 I notification_panel_revealed: 1
10-14 01:23:48.874 1930 1930 D StatusBar: disable disable2
10-14 01:23:48.882 1930 1930 W TouchableRegionManager: onHeadsUpPinnedModeChanged
10-14 01:23:48.883 1930 1930 I sysui_heads_up_status: [-1|android|26|null|1000,1]
10-14 01:23:48.888 1412 1488 V C2Store : in init
10-14 01:23:48.888 1412 1488 V C2Store : loading dll
10-14 01:23:48.896 1930 2274 I CCodec : Created component [c2.android.vorbis.decoder]
10-14 01:23:48.899 1930 2274 D CCodecConfig: read media type: audio/vorbis
10-14 01:23:48.906 1930 2265 I CCodec : Created component [c2.android.vorbis.decoder]
10-14 01:23:48.909 1930 2265 D CCodecConfig: read media type: audio/vorbis
10-14 01:23:48.914 1333 2781 I CCodec : setting up 'default' as default (vendor) store
10-14 01:23:48.919 1930 2274 D ReflectedParamUpdater: extent() != 1 for single value type: algo.buffers.max-count.values
10-14 01:23:48.920 1930 2274 D ReflectedParamUpdater: extent() != 1 for single value type: output.subscribed-indices.values
10-14 01:23:48.921 1930 2274 D ReflectedParamUpdater: extent() != 1 for single value type: input.buffers.allocator-ids.values
10-14 01:23:48.922 1930 2274 D ReflectedParamUpdater: extent() != 1 for single value type: output.buffers.allocator-ids.values
10-14 01:23:48.924 1930 2274 D ReflectedParamUpdater: extent() != 1 for single value type: algo.buffers.allocator-ids.values
01-01 08:01:06.939 0 0 W logd : Skipping entries from slow reader, pid 1257, fd 14, from LogBuffer::Prune()
10-14 01:23:48.925 1930 2274 D ReflectedParamUpdater: extent() != 1 for single value type: output.buffers.pool-ids.values
10-14 01:23:48.935 1930 2274 D ReflectedParamUpdater: extent() != 1 for single value type: algo.buffers.pool-ids.values
10-14 01:23:48.935 1333 2781 I CCodec : Created component [c2.android.vorbis.decoder]
10-14 01:23:48.937 1333 2781 D CCodecConfig: read media type: audio/vorbis
10-14 01:23:48.937 1930 2265 D ReflectedParamUpdater: extent() != 1 for single value type: algo.buffers.max-count.values
10-14 01:23:48.942 1930 2265 D ReflectedParamUpdater: extent() != 1 for single value type: output.subscribed-indices.values
10-14 01:23:48.942 1930 2274 I CCodecConfig: query failed after returning 7 values (BAD_INDEX)
10-14 01:23:48.942 1930 2274 D CCodecConfig: c2 config diff is Dict {
10-14 01:23:48.942 1930 2274 D CCodecConfig: c2::u32 coded.bitrate.value = 64000
10-14 01:23:48.942 1930 2274 D CCodecConfig: c2::u32 input.buffers.max-size.value = 32768
10-14 01:23:48.942 1930 2274 D CCodecConfig: c2::u32 input.delay.value = 0
10-14 01:23:48.942 1930 2274 D CCodecConfig: string input.media-type.value = "audio/vorbis"
10-14 01:23:48.942 1930 2274 D CCodecConfig: string output.media-type.value = "audio/raw"
10-14 01:23:48.942 1930 2274 D CCodecConfig: c2::u32 raw.channel-count.value = 1
10-14 01:23:48.942 1930 2274 D CCodecConfig: c2::u32 raw.sample-rate.value = 48000
10-14 01:23:48.942 1930 2274 D CCodecConfig: }
10-14 01:23:48.943 1151 2130 I CCodec : Created component [c2.android.vorbis.decoder]
10-14 01:23:48.943 1930 2265 D ReflectedParamUpdater: extent() != 1 for single value type: input.buffers.allocator-ids.values
10-14 01:23:48.944 1930 2274 D CCodec : [c2.android.vorbis.decoder] buffers are bound to CCodec for this session
10-14 01:23:48.945 1930 2274 D CCodecConfig: no c2 equivalents for durationUs
10-14 01:23:48.945 1930 2274 D CCodecConfig: no c2 equivalents for track-id
10-14 01:23:48.945 1930 2274 D CCodecConfig: no c2 equivalents for csd-1
10-14 01:23:48.945 1930 2274 D CCodecConfig: no c2 equivalents for language
10-14 01:23:48.945 1930 2274 D CCodecConfig: no c2 equivalents for file-format
10-14 01:23:48.945 1930 2274 D CCodecConfig: no c2 equivalents for flags
10-14 01:23:48.945 1930 2265 D ReflectedParamUpdater: extent() != 1 for single value type: output.buffers.allocator-ids.values
10-14 01:23:48.946 1930 2265 D ReflectedParamUpdater: extent() != 1 for single value type: algo.buffers.allocator-ids.values
10-14 01:23:48.947 1930 2265 D ReflectedParamUpdater: extent() != 1 for single value type: output.buffers.pool-ids.values
10-14 01:23:48.947 2692 2769 I LatinIME:LogUtils: Dictionary info: dictionary = UserHistoryDictionary.en_US ; version = 1665681841 ; date = 1665681844
10-14 01:23:48.948 1151 2130 D CCodecConfig: read media type: audio/vorbis
10-14 01:23:48.948 1930 2265 D ReflectedParamUpdater: extent() != 1 for single value type: algo.buffers.pool-ids.values
10-14 01:23:48.949 1930 2274 D CCodecConfig: config failed => CORRUPTED
10-14 01:23:48.951 1930 2274 D CCodecConfig: c2 config diff is c2::u32 coded.bitrate.value = 160000
10-14 01:23:48.951 1930 2274 D CCodecConfig: c2::u32 raw.channel-count.value = 2
10-14 01:23:48.951 1930 2274 D CCodecConfig: c2::u32 raw.sample-rate.value = 44100
10-14 01:23:48.951 2692 2769 I LatinIME:LogUtils: Dictionary info: dictionary = userunigram.en_US ; version = 1665681828 ; date = ?
10-14 01:23:48.952 1333 2272 I ExtendedNuUtils: printFileName fd(7) -> /data/system_de/0/ringtones/notification_sound_cache
10-14 01:23:48.956 1333 2781 D ReflectedParamUpdater: extent() != 1 for single value type: algo.buffers.max-count.values
10-14 01:23:48.970 1151 2130 D ReflectedParamUpdater: extent() != 1 for single value type: algo.buffers.max-count.values
10-14 01:23:48.972 1151 2130 D ReflectedParamUpdater: extent() != 1 for single value type: output.subscribed-indices.values
10-14 01:23:48.973 1333 2804 D GenericSource: FileSource remote
10-14 01:23:48.973 1151 2130 D ReflectedParamUpdater: extent() != 1 for single value type: input.buffers.allocator-ids.values
10-14 01:23:48.973 1930 2274 W Codec2Client: query -- param skipped: index = 1107298332.
10-14 01:23:48.974 1930 2274 D CCodec : setup formats input: AMessage(what = 0x00000000) = {
10-14 01:23:48.974 1930 2274 D CCodec : int32_t bitrate = 160000
10-14 01:23:48.974 1930 2274 D CCodec : int32_t channel-count = 2
10-14 01:23:48.974 1930 2274 D CCodec : int32_t max-input-size = 65307
10-14 01:23:48.974 1930 2274 D CCodec : string mime = "audio/vorbis"
10-14 01:23:48.974 1930 2274 D CCodec : int32_t sample-rate = 44100
10-14 01:23:48.974 1930 2274 D CCodec : }
10-14 01:23:48.974 1930 2274 D CCodec : setup formats output: AMessage(what = 0x00000000) = {
10-14 01:23:48.974 1930 2274 D CCodec : int32_t channel-count = 2
10-14 01:23:48.974 1930 2274 D CCodec : string mime = "audio/raw"
10-14 01:23:48.974 1930 2274 D CCodec : int32_t sample-rate = 44100
10-14 01:23:48.974 1930 2274 D CCodec : int32_t android._config-pcm-encoding = 2
10-14 01:23:48.974 1930 2274 D CCodec : }
10-14 01:23:48.974 1151 2130 D ReflectedParamUpdater: extent() != 1 for single value type: output.buffers.allocator-ids.values
10-14 01:23:48.975 1151 2130 D ReflectedParamUpdater: extent() != 1 for single value type: algo.buffers.allocator-ids.values
10-14 01:23:48.976 1151 2130 D ReflectedParamUpdater: extent() != 1 for single value type: output.buffers.pool-ids.values
10-14 01:23:48.976 1930 2274 I CCodecConfig: query failed after returning 7 values (BAD_INDEX)
10-14 01:23:48.976 1151 2130 D ReflectedParamUpdater: extent() != 1 for single value type: algo.buffers.pool-ids.values
10-14 01:23:48.978 1930 2265 I CCodecConfig: query failed after returning 7 values (BAD_INDEX)
10-14 01:23:48.979 1930 2265 D CCodecConfig: c2 config diff is Dict {
10-14 01:23:48.979 1930 2265 D CCodecConfig: c2::u32 coded.bitrate.value = 64000
10-14 01:23:48.979 1930 2265 D CCodecConfig: c2::u32 input.buffers.max-size.value = 32768
10-14 01:23:48.979 1930 2265 D CCodecConfig: c2::u32 input.delay.value = 0
10-14 01:23:48.979 1930 2265 D CCodecConfig: string input.media-type.value = "audio/vorbis"
10-14 01:23:48.979 1930 2265 D CCodecConfig: string output.media-type.value = "audio/raw"
10-14 01:23:48.979 1930 2265 D CCodecConfig: c2::u32 raw.channel-count.value = 1
10-14 01:23:48.979 1930 2265 D CCodecConfig: c2::u32 raw.sample-rate.value = 48000
10-14 01:23:48.979 1930 2265 D CCodecConfig: }
10-14 01:23:48.982 1930 2265 D CCodec : [c2.android.vorbis.decoder] buffers are bound to CCodec for this session
10-14 01:23:48.982 1151 2130 I CCodecConfig: query failed after returning 7 values (BAD_INDEX)
10-14 01:23:48.982 1151 2130 D CCodecConfig: c2 config diff is Dict {
10-14 01:23:48.982 1151 2130 D CCodecConfig: c2::u32 coded.bitrate.value = 64000
10-14 01:23:48.982 1151 2130 D CCodecConfig: c2::u32 input.buffers.max-size.value = 32768
10-14 01:23:48.982 1151 2130 D CCodecConfig: c2::u32 input.delay.value = 0
10-14 01:23:48.982 1151 2130 D CCodecConfig: string input.media-type.value = "audio/vorbis"
10-14 01:23:48.982 1151 2130 D CCodecConfig: string output.media-type.value = "audio/raw"
10-14 01:23:48.982 1151 2130 D CCodecConfig: c2::u32 raw.channel-count.value = 1
10-14 01:23:48.982 1151 2130 D CCodecConfig: c2::u32 raw.sample-rate.value = 48000
10-14 01:23:48.982 1151 2130 D CCodecConfig: }
10-14 01:23:48.982 1930 2265 D CCodecConfig: no c2 equivalents for durationUs
10-14 01:23:48.982 1930 2265 D CCodecConfig: no c2 equivalents for track-id
10-14 01:23:48.982 1930 2265 D CCodecConfig: no c2 equivalents for csd-1
10-14 01:23:48.983 1930 2265 D CCodecConfig: no c2 equivalents for language
10-14 01:23:48.983 1930 2265 D CCodecConfig: no c2 equivalents for file-format
10-14 01:23:48.983 1930 2265 D CCodecConfig: no c2 equivalents for flags
10-14 01:23:48.983 1333 2781 D ReflectedParamUpdater: extent() != 1 for single value type: output.subscribed-indices.values
10-14 01:23:48.984 1333 2781 D ReflectedParamUpdater: extent() != 1 for single value type: input.buffers.allocator-ids.values
10-14 01:23:48.985 1151 2130 D CCodec : [c2.android.vorbis.decoder] buffers are bound to CCodec for this session
10-14 01:23:48.985 1151 2130 D CCodecConfig: no c2 equivalents for durationUs
10-14 01:23:48.985 1151 2130 D CCodecConfig: no c2 equivalents for track-id
10-14 01:23:48.985 1151 2130 D CCodecConfig: no c2 equivalents for csd-1
10-14 01:23:48.985 1333 2781 D ReflectedParamUpdater: extent() != 1 for single value type: output.buffers.allocator-ids.values
10-14 01:23:48.985 1151 2130 D CCodecConfig: no c2 equivalents for language
10-14 01:23:48.985 1151 2130 D CCodecConfig: no c2 equivalents for file-format
10-14 01:23:48.985 1151 2130 D CCodecConfig: no c2 equivalents for flags
10-14 01:23:48.986 1333 2781 D ReflectedParamUpdater: extent() != 1 for single value type: algo.buffers.allocator-ids.values
10-14 01:23:48.987 1333 2781 D ReflectedParamUpdater: extent() != 1 for single value type: output.buffers.pool-ids.values
10-14 01:23:48.988 1333 2781 D ReflectedParamUpdater: extent() != 1 for single value type: algo.buffers.pool-ids.values
10-14 01:23:48.988 1930 2274 W Codec2Client: query -- param skipped: index = 1342179345.
10-14 01:23:48.987 1151 2130 D CCodecConfig: config failed => CORRUPTED
10-14 01:23:48.988 1930 2274 W Codec2Client: query -- param skipped: index = 2415921170.
10-14 01:23:48.988 1930 2265 D CCodecConfig: config failed => CORRUPTED
10-14 01:23:48.989 1930 2265 D CCodecConfig: c2 config diff is c2::u32 coded.bitrate.value = 160000
10-14 01:23:48.989 1930 2265 D CCodecConfig: c2::u32 raw.channel-count.value = 2
10-14 01:23:48.989 1930 2265 D CCodecConfig: c2::u32 raw.sample-rate.value = 44100
10-14 01:23:48.989 1151 2130 D CCodecConfig: c2 config diff is c2::u32 coded.bitrate.value = 140000
10-14 01:23:48.990 1930 2265 W Codec2Client: query -- param skipped: index = 1107298332.
10-14 01:23:48.990 1930 2265 D CCodec : setup formats input: AMessage(what = 0x00000000) = {
10-14 01:23:48.990 1930 2265 D CCodec : int32_t bitrate = 160000
10-14 01:23:48.990 1930 2265 D CCodec : int32_t channel-count = 2
10-14 01:23:48.990 1930 2265 D CCodec : int32_t max-input-size = 65307
10-14 01:23:48.990 1930 2265 D CCodec : string mime = "audio/vorbis"
10-14 01:23:48.990 1930 2265 D CCodec : int32_t sample-rate = 44100
10-14 01:23:48.990 1930 2265 D CCodec : }
10-14 01:23:48.990 1151 2130 W Codec2Client: query -- param skipped: index = 1107298332.
10-14 01:23:48.990 1930 2265 D CCodec : setup formats output: AMessage(what = 0x00000000) = {
10-14 01:23:48.990 1930 2265 D CCodec : int32_t channel-count = 2
10-14 01:23:48.990 1930 2265 D CCodec : string mime = "audio/raw"
10-14 01:23:48.990 1930 2265 D CCodec : int32_t sample-rate = 44100
10-14 01:23:48.990 1930 2265 D CCodec : int32_t android._config-pcm-encoding = 2
10-14 01:23:48.990 1930 2265 D CCodec : }
10-14 01:23:48.990 1151 2130 D CCodec : setup formats input: AMessage(what = 0x00000000) = {
10-14 01:23:48.990 1151 2130 D CCodec : int32_t bitrate = 140000
10-14 01:23:48.990 1151 2130 D CCodec : int32_t channel-count = 1
10-14 01:23:48.990 1151 2130 D CCodec : int32_t max-input-size = 65307
10-14 01:23:48.990 1151 2130 D CCodec : string mime = "audio/vorbis"
10-14 01:23:48.990 1151 2130 D CCodec : int32_t sample-rate = 48000
10-14 01:23:48.990 1151 2130 D CCodec : }
10-14 01:23:48.990 1151 2130 D CCodec : setup formats output: AMessage(what = 0x00000000) = {
10-14 01:23:48.990 1151 2130 D CCodec : int32_t channel-count = 1
10-14 01:23:48.990 1151 2130 D CCodec : string mime = "audio/raw"
10-14 01:23:48.990 1151 2130 D CCodec : int32_t sample-rate = 48000
10-14 01:23:48.990 1151 2130 D CCodec : int32_t android._config-pcm-encoding = 2
10-14 01:23:48.990 1151 2130 D CCodec : }
10-14 01:23:48.990 1930 2265 I CCodecConfig: query failed after returning 7 values (BAD_INDEX)
10-14 01:23:48.991 1151 2130 I CCodecConfig: query failed after returning 7 values (BAD_INDEX)
10-14 01:23:48.993 1930 2274 D C2Store : Using ION
10-14 01:23:48.996 1151 2130 W Codec2Client: query -- param skipped: index = 1342179345.
10-14 01:23:48.996 1930 2274 D CCodecBufferChannel: [c2.android.vorbis.decoder#551] Created input block pool with allocatorID 16 => poolID 17 - OK (0)
10-14 01:23:48.996 1151 2130 W Codec2Client: query -- param skipped: index = 2415921170.
10-14 01:23:48.997 1930 2265 W Codec2Client: query -- param skipped: index = 1342179345.
10-14 01:23:48.997 1930 2265 W Codec2Client: query -- param skipped: index = 2415921170.
10-14 01:23:48.998 1151 2130 D C2Store : Using ION
10-14 01:23:48.998 1412 2788 D C2Store : Using ION
10-14 01:23:49.002 1930 2265 D CCodecBufferChannel: [c2.android.vorbis.decoder#185] Created input block pool with allocatorID 16 => poolID 18 - OK (0)
10-14 01:23:49.002 1151 2130 D CCodecBufferChannel: [c2.android.vorbis.decoder#981] Created input block pool with allocatorID 16 => poolID 17 - OK (0)
10-14 01:23:49.005 1930 2274 I CCodecBufferChannel: [c2.android.vorbis.decoder#551] Created output block pool with allocatorID 16 => poolID 17 - OK
10-14 01:23:49.005 1323 1323 I MMParserExtractor: Created(0xb4000074b0fd0eb0)
10-14 01:23:49.005 1930 2274 D CCodecBufferChannel: [c2.android.vorbis.decoder#551] Configured output block pool ids 17 => OK
10-14 01:23:49.007 1930 2274 D CCodecBufferChannel: [c2.android.vorbis.decoder#551] start: updating output delay 0
10-14 01:23:49.009 1930 1930 D StatusBar: disable disable2
10-14 01:23:49.010 1151 2132 I CCodec : Created component [c2.android.vorbis.decoder]
10-14 01:23:49.011 1151 2132 D CCodecConfig: read media type: audio/vorbis
10-14 01:23:49.012 2692 2769 W ActivityThread: Failed to find provider info for user_dictionary (user not unlocked)
10-14 01:23:49.013 1151 2130 I CCodecBufferChannel: [c2.android.vorbis.decoder#981] Created output block pool with allocatorID 16 => poolID 19 - OK
10-14 01:23:49.014 1151 2130 D CCodecBufferChannel: [c2.android.vorbis.decoder#981] Configured output block pool ids 19 => OK
10-14 01:23:49.015 1151 2130 D CCodecBufferChannel: [c2.android.vorbis.decoder#981] start: updating output delay 0
10-14 01:23:49.015 1333 2781 I CCodecConfig: query failed after returning 7 values (BAD_INDEX)
10-14 01:23:49.016 1333 2781 D CCodecConfig: c2 config diff is Dict {
10-14 01:23:49.016 1333 2781 D CCodecConfig: c2::u32 coded.bitrate.value = 64000
10-14 01:23:49.016 1333 2781 D CCodecConfig: c2::u32 input.buffers.max-size.value = 32768
10-14 01:23:49.016 1333 2781 D CCodecConfig: c2::u32 input.delay.value = 0
10-14 01:23:49.016 1333 2781 D CCodecConfig: string input.media-type.value = "audio/vorbis"
10-14 01:23:49.016 1333 2781 D CCodecConfig: string output.media-type.value = "audio/raw"
10-14 01:23:49.016 1333 2781 D CCodecConfig: c2::u32 raw.channel-count.value = 1
10-14 01:23:49.016 1333 2781 D CCodecConfig: c2::u32 raw.sample-rate.value = 48000
10-14 01:23:49.016 1333 2781 D CCodecConfig: }
10-14 01:23:49.017 1151 2130 E ion : ioctl c0044901 failed with code -1: Inappropriate ioctl for device
10-14 01:23:49.017 1930 2274 E ion : ioctl c0044901 failed with code -1: Inappropriate ioctl for device
10-14 01:23:49.017 1930 2265 I CCodecBufferChannel: [c2.android.vorbis.decoder#185] Created output block pool with allocatorID 16 => poolID 18 - OK
10-14 01:23:49.018 1930 2265 D CCodecBufferChannel: [c2.android.vorbis.decoder#185] Configured output block pool ids 18 => OK
10-14 01:23:49.019 1930 2265 D CCodecBufferChannel: [c2.android.vorbis.decoder#185] start: updating output delay 0
10-14 01:23:49.019 1151 2130 I CCodecBufferChannel: pipelineRoom(3) is <= numClientBuffers(3). Not signalling any more buffers to client
10-14 01:23:49.021 1930 2274 I CCodecBufferChannel: pipelineRoom(3) is <= numClientBuffers(3). Not signalling any more buffers to client
10-14 01:23:49.021 1412 2799 D SimpleC2Component: Using output block pool with poolID 19 => got 19 - 0
10-14 01:23:49.023 1930 2265 I CCodecBufferChannel: pipelineRoom(3) is <= numClientBuffers(3). Not signalling any more buffers to client
10-14 01:23:49.024 1412 2787 D SimpleC2Component: Using output block pool with poolID 17 => got 17 - 0
10-14 01:23:49.025 1323 2122 D MediaBufferGroup: creating MemoryDealer
10-14 01:23:49.026 1333 2781 D CCodec : [c2.android.vorbis.decoder] buffers are bound to CCodec for this session
10-14 01:23:49.026 1333 2781 D CCodecConfig: no c2 equivalents for durationUs
10-14 01:23:49.026 1323 2107 D MediaBufferGroup: creating MemoryDealer
01-01 08:01:07.156 0 0 E : INFO: trying to register non-static key.
10-14 01:23:49.026 1333 2781 D CCodecConfig: no c2 equivalents for csd-1
10-14 01:23:49.026 1333 2781 D CCodecConfig: no c2 equivalents for language
10-14 01:23:49.026 1333 2781 D CCodecConfig: no c2 equivalents for file-format
10-14 01:23:49.026 1333 2781 D CCodecConfig: no c2 equivalents for flags
10-14 01:23:49.026 1412 2789 D SimpleC2Component: Using output block pool with poolID 18 => got 18 - 0
10-14 01:23:49.030 1333 2781 D CCodecConfig: config failed => CORRUPTED
10-14 01:23:49.032 1333 2781 D CCodecConfig: c2 config diff is c2::u32 coded.bitrate.value = 70000
10-14 01:23:49.033 1151 2240 W ActivityTaskManager: Current config: {1.0 ?mcc?mnc [zh_CN] ldltr sw680dp w1586dp h608dp 240dpi lrg long hdr land finger -keyb/v/h -nav/h winConfig={ mBounds=Rect(0, 0 - 2380, 1020) mAppBounds=Rect(0, 0 - 2380, 948) mMaxBounds=Rect(0, 0 - 2380, 1020) mWindowingMode=fullscreen mDisplayWindowingMode=fullscreen mActivityType=undefined mAlwaysOnTop=undefined mRotation=ROTATION_0} s.10 fontWeightAdjustment=0} unchanged for IME proc com.android.inputmethod.latin
10-14 01:23:49.034 1333 2781 W Codec2Client: query -- param skipped: index = 1107298332.
10-14 01:23:49.034 1151 2240 W ActivityTaskManager: Current config: {1.0 ?mcc?mnc [zh_CN] ldltr sw680dp w1586dp h608dp 240dpi lrg long hdr land finger -keyb/v/h -nav/h winConfig={ mBounds=Rect(0, 0 - 2380, 1020) mAppBounds=Rect(0, 0 - 2380, 948) mMaxBounds=Rect(0, 0 - 2380, 1020) mWindowingMode=fullscreen mDisplayWindowingMode=fullscreen mActivityType=undefined mAlwaysOnTop=undefined mRotation=ROTATION_0} s.10 fontWeightAdjustment=0} unchanged for IME proc com.android.inputmethod.latin
10-14 01:23:49.034 1333 2781 D CCodec : setup formats input: AMessage(what = 0x00000000) = {
10-14 01:23:49.034 1333 2781 D CCodec : int32_t bitrate = 70000
10-14 01:23:49.034 1333 2781 D CCodec : int32_t channel-count = 1
