10-14 01:23:50.674 1151 1349 D SystemServerTimingAsync: ssm.onUnlockedUser-0_com.android.server.usage.UsageStatsService took to complete: 0ms
10-14 01:23:50.674 1151 1349 I SystemServerTimingAsync: ssm.onUnlockedUser-0_com.android.server.webkit.WebViewUpdateService
10-14 01:23:50.674 1151 1349 D SystemServerTimingAsync: ssm.onUnlockedUser-0_com.android.server.webkit.WebViewUpdateService took to complete: 0ms
10-14 01:23:50.675 1151 2505 I wm_finish_activity: [0,223326860,2,com.android.settings/.FallbackHome,app-request]
10-14 01:23:50.675 1151 1349 I SystemServerTimingAsync: ssm.onUnlockedUser-0_com.android.server.CachedDeviceStateService
10-14 01:23:50.675 1151 1349 D SystemServerTimingAsync: ssm.onUnlockedUser-0_com.android.server.CachedDeviceStateService took to complete: 0ms
10-14 01:23:50.675 1151 1349 I SystemServerTimingAsync: ssm.onUnlockedUser-0_com.android.server.BinderCallsStatsService$LifeCycle
10-14 01:23:50.675 1151 1349 D SystemServerTimingAsync: ssm.onUnlockedUser-0_com.android.server.BinderCallsStatsService$LifeCycle took to complete: 0ms
10-14 01:23:50.675 1151 1349 I SystemServerTimingAsync: ssm.onUnlockedUser-0_com.android.server.LooperStatsService$Lifecycle
10-14 01:23:50.675 1151 1349 D SystemServerTimingAsync: ssm.onUnlockedUser-0_com.android.server.LooperStatsService$Lifecycle took to complete: 0ms
10-14 01:23:50.675 1151 1349 I SystemServerTimingAsync: ssm.onUnlockedUser-0_com.android.server.rollback.RollbackManagerService
10-14 01:23:50.675 1151 1349 D SystemServerTimingAsync: ssm.onUnlockedUser-0_com.android.server.rollback.RollbackManagerService took to complete: 0ms
10-14 01:23:50.675 1151 1349 I SystemServerTimingAsync: ssm.onUnlockedUser-0_com.android.server.os.NativeTombstoneManagerService
10-14 01:23:50.676 1151 1349 D SystemServerTimingAsync: ssm.onUnlockedUser-0_com.android.server.os.NativeTombstoneManagerService took to complete: 0ms
10-14 01:23:50.676 1151 1349 I SystemServerTimingAsync: ssm.onUnlockedUser-0_com.android.server.os.BugreportManagerService
10-14 01:23:50.676 1151 1349 D SystemServerTimingAsync: ssm.onUnlockedUser-0_com.android.server.os.BugreportManagerService took to complete: 0ms
10-14 01:23:50.676 1151 1349 I SystemServerTimingAsync: ssm.onUnlockedUser-0_com.android.server.gpu.GpuService
10-14 01:23:50.676 1151 1349 D SystemServerTimingAsync: ssm.onUnlockedUser-0_com.android.server.gpu.GpuService took to complete: 0ms
10-14 01:23:50.676 1151 1349 I SystemServerTimingAsync: ssm.onUnlockedUser-0_com.android.server.security.KeyChainSystemService
10-14 01:23:50.676 1151 1349 D SystemServerTimingAsync: ssm.onUnlockedUser-0_com.android.server.security.KeyChainSystemService took to complete: 0ms
10-14 01:23:50.676 1151 1349 I SystemServerTimingAsync: ssm.onUnlockedUser-0_com.android.server.telecom.TelecomLoaderService
10-14 01:23:50.676 1151 1349 D SystemServerTimingAsync: ssm.onUnlockedUser-0_com.android.server.telecom.TelecomLoaderService took to complete: 0ms
10-14 01:23:50.676 1151 1349 I SystemServerTimingAsync: ssm.onUnlockedUser-0_com.android.server.accounts.AccountManagerService$Lifecycle
10-14 01:23:50.676 1151 1349 D SystemServerTimingAsync: ssm.onUnlockedUser-0_com.android.server.accounts.AccountManagerService$Lifecycle took to complete: 0ms
10-14 01:23:50.676 1151 1349 I SystemServerTimingAsync: ssm.onUnlockedUser-0_com.android.server.content.ContentService$Lifecycle
10-14 01:23:50.677 1151 1349 D SystemServerTimingAsync: ssm.onUnlockedUser-0_com.android.server.content.ContentService$Lifecycle took to complete: 0ms
10-14 01:23:50.677 1151 1349 I SystemServerTimingAsync: ssm.onUnlockedUser-0_com.android.server.DropBoxManagerService
10-14 01:23:50.677 1151 2505 D ActivityTrigger: ActivityTrigger activityPauseTrigger
10-14 01:23:50.677 1151 1349 D SystemServerTimingAsync: ssm.onUnlockedUser-0_com.android.server.DropBoxManagerService took to complete: 0ms
10-14 01:23:50.677 1151 1349 I SystemServerTimingAsync: ssm.onUnlockedUser-0_com.android.role.RoleService
10-14 01:23:50.677 1151 1349 D SystemServerTimingAsync: ssm.onUnlockedUser-0_com.android.role.RoleService took to complete: 0ms
10-14 01:23:50.677 1151 1349 I SystemServerTimingAsync: ssm.onUnlockedUser-0_com.android.server.vibrator.VibratorManagerService$Lifecycle
10-14 01:23:50.677 1151 1349 D SystemServerTimingAsync: ssm.onUnlockedUser-0_com.android.server.vibrator.VibratorManagerService$Lifecycle took to complete: 0ms
10-14 01:23:50.678 1151 1349 I SystemServerTimingAsync: ssm.onUnlockedUser-0_com.android.server.alarm.AlarmManagerService
10-14 01:23:50.678 1151 1349 D SystemServerTimingAsync: ssm.onUnlockedUser-0_com.android.server.alarm.AlarmManagerService took to complete: 0ms
10-14 01:23:50.678 1151 1349 I SystemServerTimingAsync: ssm.onUnlockedUser-0_com.android.server.devicestate.DeviceStateManagerService
10-14 01:23:50.678 1151 1349 D SystemServerTimingAsync: ssm.onUnlockedUser-0_com.android.server.devicestate.DeviceStateManagerService took to complete: 0ms
10-14 01:23:50.678 1151 1349 I SystemServerTimingAsync: ssm.onUnlockedUser-0_com.android.server.camera.CameraServiceProxy
10-14 01:23:50.678 1151 1349 D SystemServerTimingAsync: ssm.onUnlockedUser-0_com.android.server.camera.CameraServiceProxy took to complete: 0ms
10-14 01:23:50.678 1151 1349 I SystemServerTimingAsync: ssm.onUnlockedUser-0_com.android.server.BluetoothService
10-14 01:23:50.678 1151 1349 D SystemServerTimingAsync: ssm.onUnlockedUser-0_com.android.server.BluetoothService took to complete: 0ms
10-14 01:23:50.678 1151 1349 I SystemServerTimingAsync: ssm.onUnlockedUser-0_com.android.server.connectivity.IpConnectivityMetrics
10-14 01:23:50.679 1151 1349 D SystemServerTimingAsync: ssm.onUnlockedUser-0_com.android.server.connectivity.IpConnectivityMetrics took to complete: 0ms
10-14 01:23:50.679 1151 1349 I SystemServerTimingAsync: ssm.onUnlockedUser-0_com.android.server.net.watchlist.NetworkWatchlistService$Lifecycle
10-14 01:23:50.679 1151 1349 D SystemServerTimingAsync: ssm.onUnlockedUser-0_com.android.server.net.watchlist.NetworkWatchlistService$Lifecycle took to complete: 0ms
10-14 01:23:50.679 1151 1349 I SystemServerTimingAsync: ssm.onUnlockedUser-0_com.android.server.PinnerService
10-14 01:23:50.680 1151 1349 D SystemServerTimingAsync: ssm.onUnlockedUser-0_com.android.server.PinnerService took to complete: 0ms
10-14 01:23:50.680 1151 1349 I SystemServerTimingAsync: ssm.onUnlockedUser-0_com.google.android.startop.iorap.IorapForwardingService
10-14 01:23:50.680 1151 1349 D SystemServerTimingAsync: ssm.onUnlockedUser-0_com.google.android.startop.iorap.IorapForwardingService took to complete: 0ms
10-14 01:23:50.680 1151 1349 I SystemServerTimingAsync: ssm.onUnlockedUser-0_com.android.server.ActivityTriggerService
10-14 01:23:50.680 1151 1349 D SystemServerTimingAsync: ssm.onUnlockedUser-0_com.android.server.ActivityTriggerService took to complete: 0ms
10-14 01:23:50.680 1151 1349 I SystemServerTimingAsync: ssm.onUnlockedUser-0_com.android.server.integrity.AppIntegrityManagerService
10-14 01:23:50.680 1151 1349 D SystemServerTimingAsync: ssm.onUnlockedUser-0_com.android.server.integrity.AppIntegrityManagerService took to complete: 0ms
10-14 01:23:50.680 1151 1349 I SystemServerTimingAsync: ssm.onUnlockedUser-0_com.android.server.inputmethod.InputMethodManagerService$Lifecycle
10-14 01:23:50.683 1151 1151 V NotificationAssistants: enabling notification assistant for 0: ComponentInfo{android.ext.services/android.ext.services.notification.Assistant}
10-14 01:23:50.684 1151 1151 V NotificationAssistants: binding: Intent { act=android.service.notification.NotificationAssistantService cmp=android.ext.services/.notification.Assistant (has extras) }
10-14 01:23:50.684 1151 1349 D SystemServerTimingAsync: ssm.onUnlockedUser-0_com.android.server.inputmethod.InputMethodManagerService$Lifecycle took to complete: 0ms
10-14 01:23:50.684 1151 1349 I SystemServerTimingAsync: ssm.onUnlockedUser-0_com.android.server.accessibility.AccessibilityManagerService$Lifecycle
10-14 01:23:50.684 1151 1349 D SystemServerTimingAsync: ssm.onUnlockedUser-0_com.android.server.accessibility.AccessibilityManagerService$Lifecycle took to complete: 0ms
10-14 01:23:50.684 1151 1349 I SystemServerTimingAsync: ssm.onUnlockedUser-0_com.android.server.StorageManagerService$Lifecycle
10-14 01:23:50.684 1151 1349 D SystemServerTimingAsync: ssm.onUnlockedUser-0_com.android.server.StorageManagerService$Lifecycle took to complete: 0ms
10-14 01:23:50.684 1151 1349 I SystemServerTimingAsync: ssm.onUnlockedUser-0_com.android.server.usage.StorageStatsService$Lifecycle
10-14 01:23:50.684 1151 1349 D SystemServerTimingAsync: ssm.onUnlockedUser-0_com.android.server.usage.StorageStatsService$Lifecycle took to complete: 0ms
10-14 01:23:50.684 1151 1349 I SystemServerTimingAsync: ssm.onUnlockedUser-0_com.android.server.UiModeManagerService
10-14 01:23:50.684 1151 1349 D SystemServerTimingAsync: ssm.onUnlockedUser-0_com.android.server.UiModeManagerService took to complete: 0ms
10-14 01:23:50.684 1151 1349 I SystemServerTimingAsync: ssm.onUnlockedUser-0_com.android.server.locksettings.LockSettingsService$Lifecycle
10-14 01:23:50.685 1151 1349 D SystemServerTimingAsync: ssm.onUnlockedUser-0_com.android.server.locksettings.LockSettingsService$Lifecycle took to complete: 0ms
10-14 01:23:50.685 1151 1349 I SystemServerTimingAsync: ssm.onUnlockedUser-0_com.android.server.PersistentDataBlockService
10-14 01:23:50.685 1151 1349 D SystemServerTimingAsync: ssm.onUnlockedUser-0_com.android.server.PersistentDataBlockService took to complete: 0ms
10-14 01:23:50.685 1151 1349 I SystemServerTimingAsync: ssm.onUnlockedUser-0_com.android.server.testharness.TestHarnessModeService
10-14 01:23:50.685 1151 1349 D SystemServerTimingAsync: ssm.onUnlockedUser-0_com.android.server.testharness.TestHarnessModeService took to complete: 0ms
10-14 01:23:50.685 1151 1349 I SystemServerTimingAsync: ssm.onUnlockedUser-0_com.android.server.oemlock.OemLockService
10-14 01:23:50.685 1151 1349 D SystemServerTimingAsync: ssm.onUnlockedUser-0_com.android.server.oemlock.OemLockService took to complete: 0ms
10-14 01:23:50.685 1151 1349 I SystemServerTimingAsync: ssm.onUnlockedUser-0_com.android.server.DeviceIdleController
10-14 01:23:50.685 1151 1349 D SystemServerTimingAsync: ssm.onUnlockedUser-0_com.android.server.DeviceIdleController took to complete: 0ms
10-14 01:23:50.685 1151 1349 I SystemServerTimingAsync: ssm.onUnlockedUser-0_com.android.server.devicepolicy.DevicePolicyManagerService$Lifecycle
10-14 01:23:50.686 1151 1349 D SystemServerTimingAsync: ssm.onUnlockedUser-0_com.android.server.devicepolicy.DevicePolicyManagerService$Lifecycle took to complete: 0ms
10-14 01:23:50.686 1151 1349 I SystemServerTimingAsync: ssm.onUnlockedUser-0_com.android.server.texttospeech.TextToSpeechManagerService
10-14 01:23:50.686 1151 1349 D SystemServerTimingAsync: ssm.onUnlockedUser-0_com.android.server.texttospeech.TextToSpeechManagerService took to complete: 0ms
10-14 01:23:50.686 1151 1349 I SystemServerTimingAsync: ssm.onUnlockedUser-0_com.android.server.speech.SpeechRecognitionManagerService
10-14 01:23:50.686 1151 1349 D SystemServerTimingAsync: ssm.onUnlockedUser-0_com.android.server.speech.SpeechRecognitionManagerService took to complete: 0ms
10-14 01:23:50.686 1151 1349 I SystemServerTimingAsync: ssm.onUnlockedUser-0_com.android.server.searchui.SearchUiManagerService
10-14 01:23:50.686 1151 1349 D SystemServerTimingAsync: ssm.onUnlockedUser-0_com.android.server.searchui.SearchUiManagerService took to complete: 0ms
10-14 01:23:50.686 1151 1349 I SystemServerTimingAsync: ssm.onUnlockedUser-0_com.android.server.smartspace.SmartspaceManagerService
10-14 01:23:50.686 1151 1349 D SystemServerTimingAsync: ssm.onUnlockedUser-0_com.android.server.smartspace.SmartspaceManagerService took to complete: 0ms
10-14 01:23:50.686 1151 1349 I SystemServerTimingAsync: ssm.onUnlockedUser-0_com.android.server.graphics.fonts.FontManagerService$Lifecycle
10-14 01:23:50.686 1151 1349 D SystemServerTimingAsync: ssm.onUnlockedUser-0_com.android.server.graphics.fonts.FontManagerService$Lifecycle took to complete: 0ms
10-14 01:23:50.686 1151 1349 I SystemServerTimingAsync: ssm.onUnlockedUser-0_com.android.server.textservices.TextServicesManagerService$Lifecycle
10-14 01:23:50.687 1151 1349 D SystemServerTimingAsync: ssm.onUnlockedUser-0_com.android.server.textservices.TextServicesManagerService$Lifecycle took to complete: 0ms
10-14 01:23:50.687 1151 1349 I SystemServerTimingAsync: ssm.onUnlockedUser-0_com.android.server.textclassifier.TextClassificationManagerService$Lifecycle
10-14 01:23:50.687 1151 1349 D SystemServerTimingAsync: ssm.onUnlockedUser-0_com.android.server.textclassifier.TextClassificationManagerService$Lifecycle took to complete: 0ms
10-14 01:23:50.687 1151 1349 I SystemServerTimingAsync: ssm.onUnlockedUser-0_com.android.server.NetworkScoreService$Lifecycle
10-14 01:23:50.687 1151 1349 D SystemServerTimingAsync: ssm.onUnlockedUser-0_com.android.server.NetworkScoreService$Lifecycle took to complete: 0ms
10-14 01:23:50.687 1151 1349 I SystemServerTimingAsync: ssm.onUnlockedUser-0_com.android.server.wifi.WifiService
10-14 01:23:50.687 1151 1349 D SystemServerTimingAsync: ssm.onUnlockedUser-0_com.android.server.wifi.WifiService took to complete: 0ms
10-14 01:23:50.687 1151 1349 I SystemServerTimingAsync: ssm.onUnlockedUser-0_com.android.server.wifi.scanner.WifiScanningService
10-14 01:23:50.687 1151 1349 D SystemServerTimingAsync: ssm.onUnlockedUser-0_com.android.server.wifi.scanner.WifiScanningService took to complete: 0ms
10-14 01:23:50.687 1151 1349 I SystemServerTimingAsync: ssm.onUnlockedUser-0_com.android.server.wifi.rtt.RttService
10-14 01:23:50.687 1151 1349 D SystemServerTimingAsync: ssm.onUnlockedUser-0_com.android.server.wifi.rtt.RttService took to complete: 0ms
10-14 01:23:50.688 1151 1349 I SystemServerTimingAsync: ssm.onUnlockedUser-0_com.android.server.wifi.aware.WifiAwareService
10-14 01:23:50.688 1151 1349 D SystemServerTimingAsync: ssm.onUnlockedUser-0_com.android.server.wifi.aware.WifiAwareService took to complete: 0ms
10-14 01:23:50.688 1151 1349 I SystemServerTimingAsync: ssm.onUnlockedUser-0_com.android.server.wifi.p2p.WifiP2pService
10-14 01:23:50.688 1921 1921 D GattService: Unlocked userId 0
10-14 01:23:50.688 1151 1349 D SystemServerTimingAsync: ssm.onUnlockedUser-0_com.android.server.wifi.p2p.WifiP2pService took to complete: 0ms
10-14 01:23:50.688 1151 1349 I SystemServerTimingAsync: ssm.onUnlockedUser-0_com.android.server.ethernet.EthernetService
10-14 01:23:50.688 1151 1349 D SystemServerTimingAsync: ssm.onUnlockedUser-0_com.android.server.ethernet.EthernetService took to complete: 0ms
10-14 01:23:50.688 1151 1349 I SystemServerTimingAsync: ssm.onUnlockedUser-0_com.android.server.ConnectivityServiceInitializer
10-14 01:23:50.688 1151 1349 D SystemServerTimingAsync: ssm.onUnlockedUser-0_com.android.server.ConnectivityServiceInitializer took to complete: 0ms
10-14 01:23:50.688 1151 1349 I SystemServerTimingAsync: ssm.onUnlockedUser-0_com.android.server.notification.NotificationManagerService
10-14 01:23:50.688 1151 1349 D SystemServerTimingAsync: ssm.onUnlockedUser-0_com.android.server.notification.NotificationManagerService took to complete: 0ms
10-14 01:23:50.689 1151 1349 I SystemServerTimingAsync: ssm.onUnlockedUser-0_com.android.server.storage.DeviceStorageMonitorService
10-14 01:23:50.689 1151 1349 D SystemServerTimingAsync: ssm.onUnlockedUser-0_com.android.server.storage.DeviceStorageMonitorService took to complete: 0ms
10-14 01:23:50.689 1151 1349 I SystemServerTimingAsync: ssm.onUnlockedUser-0_com.android.server.location.LocationManagerService$Lifecycle
10-14 01:23:50.689 1151 1349 D SystemServerTimingAsync: ssm.onUnlockedUser-0_com.android.server.location.LocationManagerService$Lifecycle took to complete: 0ms
10-14 01:23:50.689 1151 1349 I SystemServerTimingAsync: ssm.onUnlockedUser-0_com.android.server.timedetector.TimeDetectorService$Lifecycle
10-14 01:23:50.688 1921 1921 D HeadsetService: Unlocked userId 0
10-14 01:23:50.690 1151 2505 I wm_pause_activity: [0,223326860,com.android.settings/.FallbackHome,userLeaving=false,finish]
10-14 01:23:50.692 1921 1921 D A2dpService: Unlocked userId 0
10-14 01:23:50.694 1921 1921 D Avrcp_ext: User unlocked, initializing player lists
10-14 01:23:50.695 1921 1921 D Avrcp_ext: buildBrowsablePlayerList
10-14 01:23:50.689 1151 1349 D SystemServerTimingAsync: ssm.onUnlockedUser-0_com.android.server.timedetector.TimeDetectorService$Lifecycle took to complete: 0ms
10-14 01:23:50.696 1151 1349 I SystemServerTimingAsync: ssm.onUnlockedUser-0_com.android.server.timezonedetector.TimeZoneDetectorService$Lifecycle
10-14 01:23:50.696 1151 1349 D SystemServerTimingAsync: ssm.onUnlockedUser-0_com.android.server.timezonedetector.TimeZoneDetectorService$Lifecycle took to complete: 0ms
10-14 01:23:50.696 1151 1349 I SystemServerTimingAsync: ssm.onUnlockedUser-0_com.android.server.timezonedetector.location.LocationTimeZoneManagerService$Lifecycle
10-14 01:23:50.696 1151 1349 D SystemServerTimingAsync: ssm.onUnlockedUser-0_com.android.server.timezonedetector.location.LocationTimeZoneManagerService$Lifecycle took to complete: 0ms
10-14 01:23:50.696 1151 1349 I SystemServerTimingAsync: ssm.onUnlockedUser-0_com.android.server.search.SearchManagerService$Lifecycle
10-14 01:23:50.696 1151 1349 D SystemServerTimingAsync: ssm.onUnlockedUser-0_com.android.server.search.SearchManagerService$Lifecycle took to complete: 0ms
10-14 01:23:50.696 1151 1349 I SystemServerTimingAsync: ssm.onUnlockedUser-0_com.android.server.wallpaper.WallpaperManagerService$Lifecycle
10-14 01:23:50.696 1151 1349 D SystemServerTimingAsync: ssm.onUnlockedUser-0_com.android.server.wallpaper.WallpaperManagerService$Lifecycle took to complete: 0ms
10-14 01:23:50.696 1151 1349 I SystemServerTimingAsync: ssm.onUnlockedUser-0_com.android.server.audio.AudioService$Lifecycle
10-14 01:23:50.696 1151 1349 D SystemServerTimingAsync: ssm.onUnlockedUser-0_com.android.server.audio.AudioService$Lifecycle took to complete: 0ms
10-14 01:23:50.697 1151 1349 I SystemServerTimingAsync: ssm.onUnlockedUser-0_com.android.server.soundtrigger_middleware.SoundTriggerMiddlewareService$Lifecycle
10-14 01:23:50.697 1151 1349 D SystemServerTimingAsync: ssm.onUnlockedUser-0_com.android.server.soundtrigger_middleware.SoundTriggerMiddlewareService$Lifecycle took to complete: 0ms
10-14 01:23:50.697 1151 1349 I SystemServerTimingAsync: ssm.onUnlockedUser-0_com.android.server.DockObserver
10-14 01:23:50.697 1151 1349 D SystemServerTimingAsync: ssm.onUnlockedUser-0_com.android.server.DockObserver took to complete: 0ms
10-14 01:23:50.697 1151 1349 I SystemServerTimingAsync: ssm.onUnlockedUser-0_com.android.server.midi.MidiService$Lifecycle
10-14 01:23:50.697 1151 1349 D SystemServerTimingAsync: ssm.onUnlockedUser-0_com.android.server.midi.MidiService$Lifecycle took to complete: 0ms
10-14 01:23:50.697 1151 1349 I SystemServerTimingAsync: ssm.onUnlockedUser-0_com.android.server.adb.AdbService$Lifecycle
10-14 01:23:50.697 1151 1349 D SystemServerTimingAsync: ssm.onUnlockedUser-0_com.android.server.adb.AdbService$Lifecycle took to complete: 0ms
10-14 01:23:50.697 1151 1349 I SystemServerTimingAsync: ssm.onUnlockedUser-0_com.android.server.usb.UsbService$Lifecycle
10-14 01:23:50.698 1151 1349 D SystemServerTimingAsync: ssm.onUnlockedUser-0_com.android.server.usb.UsbService$Lifecycle took to complete: 0ms
10-14 01:23:50.698 1151 1349 I SystemServerTimingAsync: ssm.onUnlockedUser-0_com.android.server.twilight.TwilightService
10-14 01:23:50.698 1151 1349 D SystemServerTimingAsync: ssm.onUnlockedUser-0_com.android.server.twilight.TwilightService took to complete: 0ms
10-14 01:23:50.698 1151 1349 I SystemServerTimingAsync: ssm.onUnlockedUser-0_com.android.server.display.color.ColorDisplayService
10-14 01:23:50.698 1151 1349 D SystemServerTimingAsync: ssm.onUnlockedUser-0_com.android.server.display.color.ColorDisplayService took to complete: 0ms
10-14 01:23:50.698 1151 1349 I SystemServerTimingAsync: ssm.onUnlockedUser-0_com.android.server.job.JobSchedulerService
10-14 01:23:50.698 1921 1921 W Avrcp_ext: getMediaPlayerInfo: com.android.bluetooth not found
10-14 01:23:50.698 1151 1349 D SystemServerTimingAsync: ssm.onUnlockedUser-0_com.android.server.job.JobSchedulerService took to complete: 0ms
10-14 01:23:50.698 1921 1921 V Avrcp_ext: isBrowseSupported for com.android.bluetooth: false
10-14 01:23:50.698 1151 1349 I SystemServerTimingAsync: ssm.onUnlockedUser-0_com.android.server.soundtrigger.SoundTriggerService
10-14 01:23:50.698 1151 1349 D SystemServerTimingAsync: ssm.onUnlockedUser-0_com.android.server.soundtrigger.SoundTriggerService took to complete: 0ms
10-14 01:23:50.699 1151 1349 I SystemServerTimingAsync: ssm.onUnlockedUser-0_com.android.server.trust.TrustManagerService
10-14 01:23:50.699 1151 1349 D SystemServerTimingAsync: ssm.onUnlockedUser-0_com.android.server.trust.TrustManagerService took to complete: 0ms
10-14 01:23:50.699 1151 1349 I SystemServerTimingAsync: ssm.onUnlockedUser-0_com.android.server.backup.BackupManagerService$Lifecycle
10-14 01:23:50.699 1151 1349 D SystemServerTimingAsync: ssm.onUnlockedUser-0_com.android.server.backup.BackupManagerService$Lifecycle took to complete: 0ms
10-14 01:23:50.699 1151 1349 I SystemServerTimingAsync: ssm.onUnlockedUser-0_com.android.server.appwidget.AppWidgetService
10-14 01:23:50.699 1151 1349 D SystemServerTimingAsync: ssm.onUnlockedUser-0_com.android.server.appwidget.AppWidgetService took to complete: 0ms
10-14 01:23:50.699 1151 1349 I SystemServerTimingAsync: ssm.onUnlockedUser-0_com.android.server.voiceinteraction.VoiceInteractionManagerService
10-14 01:23:50.699 1151 1349 D SystemServerTimingAsync: ssm.onUnlockedUser-0_com.android.server.voiceinteraction.VoiceInteractionManagerService took to complete: 0ms
10-14 01:23:50.699 1151 1349 I SystemServerTimingAsync: ssm.onUnlockedUser-0_com.android.server.apphibernation.AppHibernationService
10-14 01:23:50.699 1151 1349 D SystemServerTimingAsync: ssm.onUnlockedUser-0_com.android.server.apphibernation.AppHibernationService took to complete: 0ms
10-14 01:23:50.699 1151 1349 I SystemServerTimingAsync: ssm.onUnlockedUser-0_com.android.server.GestureLauncherService
10-14 01:23:50.699 1151 1349 D SystemServerTimingAsync: ssm.onUnlockedUser-0_com.android.server.GestureLauncherService took to complete: 0ms
10-14 01:23:50.700 1151 1349 I SystemServerTimingAsync: ssm.onUnlockedUser-0_com.android.server.SensorNotificationService
10-14 01:23:50.700 1151 1349 D SystemServerTimingAsync: ssm.onUnlockedUser-0_com.android.server.SensorNotificationService took to complete: 0ms
10-14 01:23:50.700 1151 1349 I SystemServerTimingAsync: ssm.onUnlockedUser-0_com.android.server.emergency.EmergencyAffordanceService
10-14 01:23:50.700 1151 1349 D SystemServerTimingAsync: ssm.onUnlockedUser-0_com.android.server.emergency.EmergencyAffordanceService took to complete: 0ms
10-14 01:23:50.700 1151 1349 I SystemServerTimingAsync: ssm.onUnlockedUser-0_com.android.server.blob.BlobStoreManagerService
10-14 01:23:50.700 1151 1349 D SystemServerTimingAsync: ssm.onUnlockedUser-0_com.android.server.blob.BlobStoreManagerService took to complete: 0ms
10-14 01:23:50.700 1151 1349 I SystemServerTimingAsync: ssm.onUnlockedUser-0_com.android.server.dreams.DreamManagerService
10-14 01:23:50.700 1151 1349 D SystemServerTimingAsync: ssm.onUnlockedUser-0_com.android.server.dreams.DreamManagerService took to complete: 0ms
10-14 01:23:50.700 1921 1921 D Avrcp_ext: Adding media player info for com.android.bluetooth with id 2
10-14 01:23:50.700 1151 1349 I SystemServerTimingAsync: ssm.onUnlockedUser-0_com.android.server.companion.CompanionDeviceManagerService
10-14 01:23:50.701 1151 1349 D SystemServerTimingAsync: ssm.onUnlockedUser-0_com.android.server.companion.CompanionDeviceManagerService took to complete: 0ms
10-14 01:23:50.701 1921 1921 D Avrcp_ext: add #2:MediaPlayerInfo com.android.bluetooth (as '蓝牙') Type = 1, SubType = 0, Status = 0 Feature Bits [40 41 42 44 45 47 48 58] Controller: null
10-14 01:23:50.701 1151 1349 I SystemServerTimingAsync: ssm.onUnlockedUser-0_com.android.server.restrictions.RestrictionsManagerService
10-14 01:23:50.701 1921 1921 D Avrcp_ext: Added MediaPlayerController/MediaPlayerPackage
10-14 01:23:50.701 1151 1349 D SystemServerTimingAsync: ssm.onUnlockedUser-0_com.android.server.restrictions.RestrictionsManagerService took to complete: 0ms
10-14 01:23:50.701 1921 1921 W Avrcp_ext: getMediaPlayerInfo: com.microsoft.emmx not found
10-14 01:23:50.701 1921 1921 V Avrcp_ext: isBrowseSupported for com.microsoft.emmx: false
10-14 01:23:50.701 1151 1349 I SystemServerTimingAsync: ssm.onUnlockedUser-0_com.android.server.media.MediaSessionService
10-14 01:23:50.703 1151 1349 D SystemServerTimingAsync: ssm.onUnlockedUser-0_com.android.server.media.MediaSessionService took to complete: 0ms
10-14 01:23:50.704 1151 1349 I SystemServerTimingAsync: ssm.onUnlockedUser-0_com.android.server.media.MediaResourceMonitorService
10-14 01:23:50.704 1151 1349 D SystemServerTimingAsync: ssm.onUnlockedUser-0_com.android.server.media.MediaResourceMonitorService took to complete: 0ms
10-14 01:23:50.704 1151 1349 I SystemServerTimingAsync: ssm.onUnlockedUser-0_com.android.server.biometrics.sensors.fingerprint.FingerprintService
10-14 01:23:50.704 1151 1349 D SystemServerTimingAsync: ssm.onUnlockedUser-0_com.android.server.biometrics.sensors.fingerprint.FingerprintService took to complete: 0ms
10-14 01:23:50.704 1151 1349 I SystemServerTimingAsync: ssm.onUnlockedUser-0_com.android.server.biometrics.BiometricService
10-14 01:23:50.704 1151 1349 D SystemServerTimingAsync: ssm.onUnlockedUser-0_com.android.server.biometrics.BiometricService took to complete: 0ms
10-14 01:23:50.705 1151 1349 I SystemServerTimingAsync: ssm.onUnlockedUser-0_com.android.server.biometrics.AuthService
10-14 01:23:50.705 1151 1349 D SystemServerTimingAsync: ssm.onUnlockedUser-0_com.android.server.biometrics.AuthService took to complete: 0ms
10-14 01:23:50.705 1151 1349 I SystemServerTimingAsync: ssm.onUnlockedUser-0_com.android.server.pm.ShortcutService$Lifecycle
10-14 01:23:50.705 1151 1349 D SystemServerTimingAsync: ssm.onUnlockedUser-0_com.android.server.pm.ShortcutService$Lifecycle took to complete: 0ms
10-14 01:23:50.705 1151 1349 I SystemServerTimingAsync: ssm.onUnlockedUser-0_com.android.server.pm.LauncherAppsService
10-14 01:23:50.705 1151 1349 D SystemServerTimingAsync: ssm.onUnlockedUser-0_com.android.server.pm.LauncherAppsService took to complete: 0ms
10-14 01:23:50.705 1151 1349 I SystemServerTimingAsync: ssm.onUnlockedUser-0_com.android.server.pm.CrossProfileAppsService
10-14 01:23:50.706 1151 1349 D SystemServerTimingAsync: ssm.onUnlockedUser-0_com.android.server.pm.CrossProfileAppsService took to complete: 0ms
10-14 01:23:50.706 1151 1349 I SystemServerTimingAsync: ssm.onUnlockedUser-0_com.android.server.people.PeopleService
10-14 01:23:50.710 1921 1921 D Avrcp_ext: Adding media player info for com.microsoft.emmx with id 3
10-14 01:23:50.711 1921 1921 D Avrcp_ext: add #3:MediaPlayerInfo com.microsoft.emmx (as 'Edge') Type = 1, SubType = 0, Status = 0 Feature Bits [40 41 42 44 45 47 48 58] Controller: null
10-14 01:23:50.711 1921 1921 D Avrcp_ext: Added MediaPlayerController/MediaPlayerPackage
10-14 01:23:50.713 2398 2398 I wm_on_top_resumed_lost_called: [223326860,com.android.settings.FallbackHome,topStateChangedWhenResumed]
10-14 01:23:50.715 1921 1921 V Avrcp_ext: updateCurrentMediaState: mMediaController: MediaController (com.android.systemui@958733) null
10-14 01:23:50.715 1921 1921 W Avrcp_ext: isMusicActive: false getBluetoothPlayState: 2 A2dp State: 11 mAudioPlaybackIsActive: true
10-14 01:23:50.716 1921 1921 D Avrcp_ext: isMusicActive = false mAudioPlaybackIsActive = true player state = null
10-14 01:23:50.717 1921 1921 I Avrcp_ext: Skipping update due to invalid playback state
10-14 01:23:50.717 1921 1921 V Avrcp_ext: updatePlaybackState, state: null device: null
10-14 01:23:50.717 1921 1921 V Avrcp_ext: Device: no name:
10-14 01:23:50.717 1921 1921 V Avrcp_ext: Device: no name:
10-14 01:23:50.717 1921 1921 V Avrcp_ext: Device: no name:
10-14 01:23:50.717 1921 1921 V Avrcp_ext: Device: no name:
10-14 01:23:50.717 1921 1921 V Avrcp_ext: Device: no name:
10-14 01:23:50.718 1921 1921 V Avrcp_ext: updatePlayerStateAndPosition, old=PlaybackState {state=2, position=-1, buffered position=0, speed=0.0, updated=59863, actions=0, custom actions=[], active item id=-1, error=null}, state=null
10-14 01:23:50.718 1921 1921 I Avrcp_ext: updatePlayerStateAndPosition: device: state = null
10-14 01:23:50.718 1151 1349 D SystemServerTimingAsync: ssm.onUnlockedUser-0_com.android.server.people.PeopleService took to complete: 12ms
10-14 01:23:50.718 1151 1349 I SystemServerTimingAsync: ssm.onUnlockedUser-0_com.android.server.media.metrics.MediaMetricsManagerService
10-14 01:23:50.718 1151 1349 D SystemServerTimingAsync: ssm.onUnlockedUser-0_com.android.server.media.metrics.MediaMetricsManagerService took to complete: 0ms
10-14 01:23:50.718 1151 1349 I SystemServerTimingAsync: ssm.onUnlockedUser-0_com.android.server.media.projection.MediaProjectionManagerService
10-14 01:23:50.718 1151 1349 D SystemServerTimingAsync: ssm.onUnlockedUser-0_com.android.server.media.projection.MediaProjectionManagerService took to complete: 0ms
10-14 01:23:50.718 1151 1349 I SystemServerTimingAsync: ssm.onUnlockedUser-0_com.android.server.slice.SliceManagerService$Lifecycle
10-14 01:23:50.718 1151 1349 D SystemServerTimingAsync: ssm.onUnlockedUser-0_com.android.server.slice.SliceManagerService$Lifecycle took to complete: 0ms
10-14 01:23:50.719 1151 1349 I SystemServerTimingAsync: ssm.onUnlockedUser-0_com.android.server.stats.StatsCompanion$Lifecycle
10-14 01:23:50.719 1151 1349 D SystemServerTimingAsync: ssm.onUnlockedUser-0_com.android.server.stats.StatsCompanion$Lifecycle took to complete: 0ms
10-14 01:23:50.719 1151 1349 I SystemServerTimingAsync: ssm.onUnlockedUser-0_com.android.server.scheduling.RebootReadinessManagerService$Lifecycle
10-14 01:23:50.719 1151 1349 D SystemServerTimingAsync: ssm.onUnlockedUser-0_com.android.server.scheduling.RebootReadinessManagerService$Lifecycle took to complete: 0ms
10-14 01:23:50.719 1151 1349 I SystemServerTimingAsync: ssm.onUnlockedUser-0_com.android.server.stats.pull.StatsPullAtomService
10-14 01:23:50.719 1151 1349 D SystemServerTimingAsync: ssm.onUnlockedUser-0_com.android.server.stats.pull.StatsPullAtomService took to complete: 0ms
10-14 01:23:50.719 1151 1349 I SystemServerTimingAsync: ssm.onUnlockedUser-0_com.android.server.incident.IncidentCompanionService
10-14 01:23:50.719 1151 1349 D SystemServerTimingAsync: ssm.onUnlockedUser-0_com.android.server.incident.IncidentCompanionService took to complete: 0ms
10-14 01:23:50.719 1151 1349 I SystemServerTimingAsync: ssm.onUnlockedUser-0_com.android.server.MmsServiceBroker
10-14 01:23:50.719 1151 1349 D SystemServerTimingAsync: ssm.onUnlockedUser-0_com.android.server.MmsServiceBroker took to complete: 0ms
10-14 01:23:50.719 1151 1349 I SystemServerTimingAsync: ssm.onUnlockedUser-0_com.android.server.autofill.AutofillManagerService
10-14 01:23:50.719 1151 1349 D SystemServerTimingAsync: ssm.onUnlockedUser-0_com.android.server.autofill.AutofillManagerService took to complete: 0ms
10-14 01:23:50.719 1151 1349 I SystemServerTimingAsync: ssm.onUnlockedUser-0_com.android.server.clipboard.ClipboardService
10-14 01:23:50.720 1921 1921 D HidHostService: Unlocked userId 0
10-14 01:23:50.720 1151 1349 D SystemServerTimingAsync: ssm.onUnlockedUser-0_com.android.server.clipboard.ClipboardService took to complete: 0ms
10-14 01:23:50.720 1151 1349 I SystemServerTimingAsync: ssm.onUnlockedUser-0_com.android.server.appbinding.AppBindingService$Lifecycle
10-14 01:23:50.720 1151 1349 D SystemServerTimingAsync: ssm.onUnlockedUser-0_com.android.server.appbinding.AppBindingService$Lifecycle took to complete: 0ms
10-14 01:23:50.720 1151 1349 I SystemServerTimingAsync: ssm.onUnlockedUser-0_com.android.server.tracing.TracingServiceProxy
10-14 01:23:50.720 1151 1349 D SystemServerTimingAsync: ssm.onUnlockedUser-0_com.android.server.tracing.TracingServiceProxy took to complete: 0ms
10-14 01:23:50.720 1151 1151 D CompatibilityInfo: mCompatibilityFlags - 4
10-14 01:23:50.720 1151 1151 D CompatibilityInfo: applicationDensity - 240
10-14 01:23:50.720 1921 1921 D PanService: Unlocked userId 0
10-14 01:23:50.720 1151 1151 D CompatibilityInfo: applicationScale - 1.0
10-14 01:23:50.721 1151 1349 I SystemServerTimingAsync: ssm.onUnlockedUser-0_com.android.server.policy.PermissionPolicyService
10-14 01:23:50.721 1151 1349 D SystemServerTimingAsync: ssm.onUnlockedUser-0_com.android.server.policy.PermissionPolicyService took to complete: 0ms
10-14 01:23:50.721 1921 1921 D BluetoothMapService: Unlocked userId 0
10-14 01:23:50.721 1151 1317 I sysui_multi_action: [757,1144,758,7,806,com.android.settings,871,com.android.settings.FallbackHome]
10-14 01:23:50.721 1151 1349 I SystemServerTimingAsync: ssm.onUnlockedUser-0_com.android.server.pm.StagingManager$Lifecycle
10-14 01:23:50.721 1151 1349 D SystemServerTimingAsync: ssm.onUnlockedUser-0_com.android.server.pm.StagingManager$Lifecycle took to complete: 0ms
10-14 01:23:50.721 1151 1349 I SystemServerTimingAsync: ssm.onUnlockedUser-0_com.android.server.app.GameManagerService$Lifecycle
10-14 01:23:50.721 1151 1349 D SystemServerTimingAsync: ssm.onUnlockedUser-0_com.android.server.app.GameManagerService$Lifecycle took to complete: 0ms
10-14 01:23:50.722 1151 1349 I SystemServerTimingAsync: ssm.onUnlockedUser-0_com.android.server.appsearch.AppSearchManagerService
10-14 01:23:50.722 1151 1349 D SystemServerTimingAsync: ssm.onUnlockedUser-0_com.android.server.appsearch.AppSearchManagerService took to complete: 0ms
10-14 01:23:50.722 1151 1349 I SystemServerTimingAsync: ssm.onUnlockedUser-0_com.android.server.media.MediaCommunicationService
10-14 01:23:50.722 1151 1349 D SystemServerTimingAsync: ssm.onUnlockedUser-0_com.android.server.media.MediaCommunicationService took to complete: 0ms
10-14 01:23:50.722 1151 1349 D SystemServerTimingAsync: ssm.UnlockedUser-0 took to complete: 56ms
10-14 01:23:50.722 1151 1349 W ActivityManager: UserLifecycleEvent 6 received without an active userJourneySession.
10-14 01:23:50.722 1921 1921 D AvrcpControllerService: Unlocked userId 0
10-14 01:23:50.723 2398 2398 I wm_on_paused_called: [223326860,com.android.settings.FallbackHome,performPause]
10-14 01:23:50.724 1151 1315 I DropBoxManagerService: add tag=system_server_strictmode isTagEnabled=true flags=0x2
10-14 01:23:50.728 1151 1317 I EventSequenceValidator: Transition from ACTIVITY_LAUNCHED to ACTIVITY_CANCELLED
10-14 01:23:50.731 1921 1921 D SapService: Unlocked userId 0
10-14 01:23:50.732 1921 1921 D BluetoothOppService: Unlocked userId 0
10-14 01:23:50.732 1921 1921 D BluetoothPbapService: Unlocked userId 0
10-14 01:23:50.732 1921 1921 I BluetoothPbapService: setUserUnlocked(0)
10-14 01:23:50.733 1921 1921 D HearingAidService: Unlocked userId 0
10-14 01:23:50.735 683 683 D Zygote : Forked child process 2905
10-14 01:23:50.737 1151 1352 W ActivityManager: Slow operation: 253ms so far, now at startProcess: returned from zygote!
10-14 01:23:50.742 1151 2240 I dvm_lock_sample: [system_server,1,Binder:1151_7,34,ContentProviderHelper.java,622,void com.android.server.am.ContentProviderHelper.publishContentProviders(android.app.IApplicationThread, java.util.List),ActivityManagerService.java,12115,int com.android.server.am.ActivityManagerService.bindIsolatedService(android.app.IApplicationThread, android.os.IBinder, android.content.Intent, java.lang.String, android.app.IServiceConnection, int, java.lang.String, java.lang.String, int),6]
10-14 01:23:50.743 1151 1352 W ActivityManager: Slow operation: 260ms so far, now at startProcess: done updating battery stats
10-14 01:23:50.743 1151 1352 I am_proc_start: [0,2905,10030,com.sohu.inputmethod.sogou.car,service,{com.sohu.inputmethod.sogou.car/com.sohu.inputmethod.sogou.car.CrossSogouIME}]
10-14 01:23:50.743 1151 1352 W ActivityManager: Slow operation: 260ms so far, now at startProcess: building log message
10-14 01:23:50.744 1151 1352 I ActivityManager: Start proc 2905:com.sohu.inputmethod.sogou.car/u0a30 for service {com.sohu.inputmethod.sogou.car/com.sohu.inputmethod.sogou.car.CrossSogouIME}
10-14 01:23:50.744 1151 1352 W ActivityManager: Slow operation: 260ms so far, now at startProcess: starting to update pids map
10-14 01:23:50.756 1597 1597 I MSM-irqbalance: Discovered a new IRQ: 16
10-14 01:23:50.756 1597 1597 I MSM-irqbalance: Discovered a new IRQ: 17
10-14 01:23:50.763 1151 1310 I AppWidgetServiceImpl: Processing of handleUserUnlocked u0 took 107 ms
10-14 01:23:50.764 1151 1310 W Looper : Slow dispatch took 107ms android.fg h=android.os.Handler c=com.android.server.am.UserController$Injector$$ExternalSyntheticLambda0@ca2865 m=0
10-14 01:23:50.764 1151 1310 I uc_send_user_broadcast: [0,android.intent.action.BOOT_COMPLETED]
10-14 01:23:50.765 2843 2843 W alcomm.locatio: ClassLoaderContext shared library size mismatch. Expected=0, found=3 (PCL[] | PCL[]{PCL[/system/framework/com.android.location.provider.jar*3633238673]#PCL[/system/system_ext/framework/izat.xt.srv.jar*844606969]#PCL[/system/framework/services.jar*1432424219:/system/framework/services.jar!classes2.dex*3498861626]})
10-14 01:23:50.766 1151 1151 I AccountManagerService: User 0 is unlocked - opening CE database
10-14 01:23:50.769 549 549 I vold : Bind mounting /mnt/runtime/full/emulated to /mnt/pass_through/0/emulated
10-14 01:23:50.775 1151 1811 I StorageSessionController: On volume mount VolumeInfo{emulated;0}:
10-14 01:23:50.775 1151 1811 I StorageSessionController: type=EMULATED diskId=null partGuid= mountFlags=PRIMARY|VISIBLE
10-14 01:23:50.775 1151 1811 I StorageSessionController: mountUserId=0 state=CHECKING
10-14 01:23:50.775 1151 1811 I StorageSessionController: fsType=null fsUuid=null fsLabel=null
10-14 01:23:50.775 1151 1811 I StorageSessionController: path=/storage/emulated internalPath=/data/media
10-14 01:23:50.779 1151 2505 I ActivityTaskManager: START u0 {act=android.intent.action.MAIN cat=[android.intent.category.HOME] flg=0x10000100 cmp=com.android.launcher3/.uioverrides.QuickstepLauncher (has extras)} from uid 0
10-14 01:23:50.780 1151 1811 I StorageSessionController: Creating connection for user: 0
10-14 01:23:50.781 1151 1317 I EventSequenceValidator: Transition from ACTIVITY_CANCELLED to INTENT_STARTED
10-14 01:23:50.781 1151 1811 I StorageSessionController: Creating and starting session with id: emulated;0
10-14 01:23:50.782 1151 1811 I StorageUserConnection: Binding to the ExternalStorageService for user 0
10-14 01:23:50.789 1151 2505 D CompatibilityChangeReporter: Compat change id reported: 184838306; UID 10083; state: DISABLED
10-14 01:23:50.793 1151 2505 D CompatibilityChangeReporter: Compat change id reported: 185004937; UID 10083; state: DISABLED
10-14 01:23:50.798 1151 2505 D CompatibilityChangeReporter: Compat change id reported: 181136395; UID 10083; state: DISABLED
10-14 01:23:50.804 1151 2505 D CompatibilityChangeReporter: Compat change id reported: 174042936; UID 10083; state: DISABLED
10-14 01:23:50.808 1151 2505 D CompatibilityChangeReporter: Compat change id reported: 174042980; UID 10083; state: DISABLED
10-14 01:23:50.812 2864 2889 I adbd : jdwp connection from 2398
10-14 01:23:50.813 2864 2889 I adbd : jdwp connection from 2466
10-14 01:23:50.814 2864 2889 I adbd : jdwp connection from 2540
10-14 01:23:50.817 504 504 I hwservicemanager: Since vendor.qti.hardware.iop@2.0::IIop/default is not registered, trying to start it as a lazy HAL.
10-14 01:23:50.821 1151 2505 I wm_task_created: [37,-1]
10-14 01:23:50.826 1151 2505 I wm_task_moved: [37,1,2147483647]
10-14 01:23:50.830 2905 2905 W ethod.sogou.ca: Using default instruction set features for ARM CPU variant (cortex-a9) using conservative defaults
10-14 01:23:50.831 1151 1878 V BackupManagerService: [UserID:0] No ancestral data
10-14 01:23:50.832 2864 2889 I adbd : jdwp connection from 2446
10-14 01:23:50.838 1151 2505 I wm_task_moved: [1,1,5]
10-14 01:23:50.843 1151 2505 I wm_create_task: [0,37]
10-14 01:23:50.843 1151 2505 I wm_create_activity: [0,202403865,37,com.android.launcher3/.uioverrides.QuickstepLauncher,android.intent.action.MAIN,NULL,NULL,268435712]
10-14 01:23:50.844 1151 2505 I wm_task_moved: [1,1,5]
10-14 01:23:50.844 1151 2505 I wm_task_moved: [37,1,2147483647]
10-14 01:23:50.844 1151 2505 I wm_task_to_front: [0,37]
10-14 01:23:50.844 1151 2893 V BackupManagerConstants: getKeyValueBackupIntervalMilliseconds(...) returns 14400000
01-01 08:01:08.923 0 0 I binder : 2905:2905 ioctl 40046210 ffb16ab8 returned -22
10-14 01:23:50.844 1151 2893 V BackupManagerConstants: getKeyValueBackupFuzzMilliseconds(...) returns 600000
10-14 01:23:50.845 1151 2893 V BackupManagerConstants: getKeyValueBackupRequiredNetworkType(...) returns 1
10-14 01:23:50.845 1151 2893 V BackupManagerConstants: getKeyValueBackupRequireCharging(...) returns true
10-14 01:23:50.845 1151 2893 V KeyValueBackupJob: Scheduling k/v pass in 246 minutes
10-14 01:23:50.849 1151 2505 D CompatibilityChangeReporter: Compat change id reported: 168419799; UID 10083; state: DISABLED
10-14 01:23:50.849 1151 2505 D CompatibilityInfo: mCompatibilityFlags - 4
10-14 01:23:50.849 1151 2505 D CompatibilityInfo: applicationDensity - 240
10-14 01:23:50.849 1151 2505 D CompatibilityInfo: applicationScale - 1.0
10-14 01:23:50.852 1151 2505 I ActivityTaskManager: FOREGROUND_APPLICATION_CHANGED to com.android.launcher3.uioverrides.QuickstepLauncher
10-14 01:23:50.854 2864 2889 I adbd : jdwp connection from 2843
10-14 01:23:50.854 2864 2889 I adbd : jdwp connection from 2692
10-14 01:23:50.856 504 2911 W libc : Unable to set property "ctl.interface_start" to "vendor.qti.hardware.iop@2.0::IIop/default": error code: 0x20
01-01 08:01:08.925 0 0 I binder : 2902:2902 ioctl 40046210 7fec424094 returned -22
01-01 08:01:08.975 0 0 I zram0 : detected capacity change from 0 to 4294967296
10-14 01:23:50.856 504 2911 I hwservicemanager: Tried to start vendor.qti.hardware.iop@2.0::IIop/default as a lazy service, but was unable to. Usually this happens when a service is not installed, but if the service is intended to be used as a lazy service, then it may be configured incorrectly.
10-14 01:23:50.860 1151 2505 I ActivityTaskManager: The Process com.android.launcher3 Already Exists in BG. So sending its PID: 2466
10-14 01:23:50.866 1151 2505 I wm_restart_activity: [0,202403865,37,com.android.launcher3/.uioverrides.QuickstepLauncher]
10-14 01:23:50.866 1151 2505 D CompatibilityInfo: mCompatibilityFlags - 4
10-14 01:23:50.866 1151 2505 D CompatibilityInfo: applicationDensity - 240
10-14 01:23:50.866 1151 2505 D CompatibilityInfo: applicationScale - 1.0
10-14 01:23:50.869 1151 2505 I wm_set_resumed_activity: [0,com.android.launcher3/.uioverrides.QuickstepLauncher,minimalResumeActivityLocked]
10-14 01:23:50.873 1151 2893 D ConnectivityService: requestNetwork for uid/pid:1000/1151 activeRequest: null callbackRequest: 26 [NetworkRequest [ REQUEST id=27, [ Capabilities: INTERNET&NOT_RESTRICTED&TRUSTED&NOT_VCN_MANAGED Uid: 1000 RequestorUid: 1000 RequestorPkg: android] ]] callback flags: 0 priority: 2147483647
10-14 01:23:50.874 1151 1854 D ConnectivityService: NetReassign [no changes]
10-14 01:23:50.875 1151 1902 D Ethernet: got request NetworkRequest [ REQUEST id=27, [ Capabilities: INTERNET&NOT_RESTRICTED&TRUSTED&NOT_VCN_MANAGED Uid: 1000 RequestorUid: 1000 RequestorPkg: android] ]
10-14 01:23:50.876 1151 1902 D EthernetNetworkFactory: acceptRequest, request: NetworkRequest [ REQUEST id=27, [ Capabilities: INTERNET&NOT_RESTRICTED&TRUSTED&NOT_VCN_MANAGED Uid: 1000 RequestorUid: 1000 RequestorPkg: android] ]
10-14 01:23:50.876 1151 1902 I EthernetNetworkFactory: networkForRequest, request: NetworkRequest [ REQUEST id=27, [ Capabilities: INTERNET&NOT_RESTRICTED&TRUSTED&NOT_VCN_MANAGED Uid: 1000 RequestorUid: 1000 RequestorPkg: android] ], network: null
10-14 01:23:50.878 1151 1832 D WifiNetworkFactory: got request NetworkRequest [ REQUEST id=27, [ Capabilities: INTERNET&NOT_RESTRICTED&TRUSTED&NOT_VCN_MANAGED Uid: 1000 RequestorUid: 1000 RequestorPkg: android] ]
10-14 01:23:50.879 1151 1832 D UntrustedWifiNetworkFactory: got request NetworkRequest [ REQUEST id=27, [ Capabilities: INTERNET&NOT_RESTRICTED&TRUSTED&NOT_VCN_MANAGED Uid: 1000 RequestorUid: 1000 RequestorPkg: android] ]
10-14 01:23:50.879 1151 1832 D OemPaidWifiNetworkFactory: got request NetworkRequest [ REQUEST id=27, [ Capabilities: INTERNET&NOT_RESTRICTED&TRUSTED&NOT_VCN_MANAGED Uid: 1000 RequestorUid: 1000 RequestorPkg: android] ]
10-14 01:23:50.888 2902 2902 I qspmsvc-service: Qspmsvc We're inside the service
10-14 01:23:50.889 2905 2905 D ProcessState: Binder ioctl to enable oneway spam detection failed: Invalid argument
10-14 01:23:50.890 1151 1794 I input_focus: [Focus leaving 4b68c65 com.android.settings/com.android.settings.FallbackHome (server),reason=NO_WINDOW]
10-14 01:23:50.891 2902 2902 D ProcessState: Binder ioctl to enable oneway spam detection failed: Invalid argument
10-14 01:23:50.892 1151 1352 W system_server: Long monitor contention with owner Binder:1151_9 (2505) at void com.android.server.wm.TaskChangeNotificationController.forAllLocalListeners(com.android.server.wm.TaskChangeNotificationController$TaskStackConsumer, android.os.Message)(TaskChangeNotificationController.java:342) waiters=1 in void com.android.server.wm.ActivityTaskManagerService$LocalService.onProcessMapped(int, com.android.server.wm.WindowProcessController) for 149ms
10-14 01:23:50.900 2902 2902 I qspmsvc-service: IQspmsvc::IQspmsvc()
10-14 01:23:50.904 1151 1352 I dvm_lock_sample: [system_server,1,ActivityManager:procStart,149,ActivityTaskManagerService.java,5542,void com.android.server.wm.ActivityTaskManagerService$LocalService.onProcessMapped(int, com.android.server.wm.WindowProcessController),TaskChangeNotificationController.java,342,void com.android.server.wm.TaskChangeNotificationController.forAllLocalListeners(com.android.server.wm.TaskChangeNotificationController$TaskStackConsumer, android.os.Message),29]
10-14 01:23:50.907 1151 1352 W ActivityManager: Slow operation: 423ms so far, now at startProcess: done updating pids map
10-14 01:23:50.907 1151 1352 W ActivityManager: Slow operation: 386ms so far, now at startProcess: asking zygote to start proc
10-14 01:23:50.907 2902 2902 I qspmsvc-service: Qspmsvc service is now ready
10-14 01:23:50.907 1151 1352 D CompatibilityChangeReporter: Compat change id reported: 143937733; UID 10028; state: ENABLED
10-14 01:23:50.912 1056 1056 I BpBinder: onLastStrongRef automatically unlinking death recipients:
10-14 01:23:50.920 2864 2889 I adbd : jdwp connection from 2905
10-14 01:23:50.923 1151 1310 W Looper : Slow dispatch took 159ms android.fg h=android.os.Handler c=com.android.server.am.UserController$$ExternalSyntheticLambda9@d5e39cb m=0
10-14 01:23:50.923 1151 1310 I ServiceWatcher: [network] chose new implementation 10085/com.qualcomm.location/.izatprovider.NetworkLocationService@1
10-14 01:23:50.923 1151 1310 W Looper : Slow delivery took 265ms android.fg h=android.os.Handler c=android.app.LoadedApk$ReceiverDispatcher$Args$$ExternalSyntheticLambda0@5331866 m=0
10-14 01:23:50.924 1151 1310 I ServiceWatcher: [fused] chose new implementation 10085/com.qualcomm.location/.izatprovider.FusedLocationService@1
10-14 01:23:50.932 1151 1811 I dvm_lock_sample: [system_server,1,StorageManagerService,104,ActivityManagerService.java,12114,int com.android.server.am.ActivityManagerService.bindIsolatedService(android.app.IApplicationThread, android.os.IBinder, android.content.Intent, java.lang.String, android.app.IServiceConnection, int, java.lang.String, java.lang.String, int),,0,null,20]
10-14 01:23:50.952 1151 1151 W Looper : Slow dispatch took 221ms main h=android.app.ActivityThread$H c=android.app.LoadedApk$ReceiverDispatcher$Args$$ExternalSyntheticLambda0@8b3eef9 m=0
10-14 01:23:50.952 1151 1151 W Looper : Slow delivery took 290ms main h=com.android.server.accessibility.AccessibilityManagerService$MainHandler c= m=0
10-14 01:23:50.956 2878 2878 I android.hardware.camera.provider@2.4-service_64: vendor/qcom/proprietary/adsprpc/src/rpcmem_android.c:159: rpcmem_init_internal: opened ION device fd 7, configured heap IDs: system (0x2000000), contig (0x400000), secure (0x200), secure flags (0x80080000)
10-14 01:23:50.956 2878 2878 I android.hardware.camera.provider@2.4-service_64: vendor/qcom/proprietary/adsprpc/src/fastrpc_apps_user.c:3087: fastrpc_apps_user_init done with default domain:3 and &fastrpc_trace:0x6f8830ffa0
10-14 01:23:50.960 1151 1151 V NotificationAssistants: 0 notification assistant service connected: ComponentInfo{android.ext.services/android.ext.services.notification.Assistant}
10-14 01:23:50.961 1151 1151 W Looper : Drained
10-14 01:23:50.965 1151 1917 I SyncManager: Loaded persisted syncs: 0 periodic syncs, 0 oneshot syncs, 15 total system server jobs, JobStats: FirstLoad: 5/4/0 LastSave: -1/-1/-1
10-14 01:23:50.976 2878 2878 I CamX : [CONFIG][HAL ] camxhal3module.cpp:390 HAL3Module() ***************************************************
10-14 01:23:50.976 2878 2878 I CamX : [CONFIG][HAL ] camxhal3module.cpp:391 HAL3Module() SHA1: cc1621d2e75ae03bfead45bbe55727e1cc5628da
10-14 01:23:50.976 2878 2878 I CamX : [CONFIG][HAL ] camxhal3module.cpp:392 HAL3Module() COMMITID: Idb68db42247a19ec22cc1114151df90ed3f20fb5
10-14 01:23:50.976 2878 2878 I CamX : [CONFIG][HAL ] camxhal3module.cpp:393 HAL3Module() BUILD TS: 10/14/2022 2:59:10
10-14 01:23:50.977 2878 2878 I CamX : [CONFIG][HAL ] camxhal3module.cpp:394 HAL3Module() ***************************************************
10-14 01:23:50.977 1151 1811 I am_uid_running: 10100
10-14 01:23:50.978 1151 1811 D CompatibilityChangeReporter: Compat change id reported: 135634846; UID 10100; state: DISABLED
