10-14 01:23:40.908 1151 1151 D SystemServerTiming: OnBootPhase_480_com.android.server.twilight.TwilightService took to complete: 0ms
10-14 01:23:40.908 1151 1151 I SystemServerTiming: OnBootPhase_480_com.android.server.display.color.ColorDisplayService
10-14 01:23:40.909 1151 1151 D SystemServerTiming: OnBootPhase_480_com.android.server.display.color.ColorDisplayService took to complete: 0ms
10-14 01:23:40.909 1151 1151 I SystemServerTiming: OnBootPhase_480_com.android.server.job.JobSchedulerService
10-14 01:23:40.909 1151 1151 D SystemServerTiming: OnBootPhase_480_com.android.server.job.JobSchedulerService took to complete: 0ms
10-14 01:23:40.909 1151 1151 I SystemServerTiming: OnBootPhase_480_com.android.server.soundtrigger.SoundTriggerService
10-14 01:23:40.909 1151 1151 D SoundTriggerService: onBootPhase: 480 : false
10-14 01:23:40.909 1151 1151 D SystemServerTiming: OnBootPhase_480_com.android.server.soundtrigger.SoundTriggerService took to complete: 0ms
10-14 01:23:40.909 1151 1151 I SystemServerTiming: OnBootPhase_480_com.android.server.trust.TrustManagerService
10-14 01:23:40.909 1151 1151 D SystemServerTiming: OnBootPhase_480_com.android.server.trust.TrustManagerService took to complete: 0ms
10-14 01:23:40.909 1151 1151 I SystemServerTiming: OnBootPhase_480_com.android.server.backup.BackupManagerService$Lifecycle
10-14 01:23:40.909 1151 1151 D SystemServerTiming: OnBootPhase_480_com.android.server.backup.BackupManagerService$Lifecycle took to complete: 0ms
10-14 01:23:40.909 1151 1151 I SystemServerTiming: OnBootPhase_480_com.android.server.appwidget.AppWidgetService
10-14 01:23:40.909 1151 1151 D SystemServerTiming: OnBootPhase_480_com.android.server.appwidget.AppWidgetService took to complete: 0ms
10-14 01:23:40.909 1151 1151 I SystemServerTiming: OnBootPhase_480_com.android.server.voiceinteraction.VoiceInteractionManagerService
10-14 01:23:40.910 1151 1151 D SystemServerTiming: OnBootPhase_480_com.android.server.voiceinteraction.VoiceInteractionManagerService took to complete: 0ms
10-14 01:23:40.910 1151 1151 I SystemServerTiming: OnBootPhase_480_com.android.server.apphibernation.AppHibernationService
10-14 01:23:40.910 1151 1151 D SystemServerTiming: OnBootPhase_480_com.android.server.apphibernation.AppHibernationService took to complete: 0ms
10-14 01:23:40.910 1151 1151 I SystemServerTiming: OnBootPhase_480_com.android.server.GestureLauncherService
10-14 01:23:40.910 1151 1151 D SystemServerTiming: OnBootPhase_480_com.android.server.GestureLauncherService took to complete: 0ms
10-14 01:23:40.910 1151 1151 I SystemServerTiming: OnBootPhase_480_com.android.server.SensorNotificationService
10-14 01:23:40.910 1151 1151 D SystemServerTiming: OnBootPhase_480_com.android.server.SensorNotificationService took to complete: 0ms
10-14 01:23:40.910 1151 1151 I SystemServerTiming: OnBootPhase_480_com.android.server.emergency.EmergencyAffordanceService
10-14 01:23:40.910 1151 1151 D SystemServerTiming: OnBootPhase_480_com.android.server.emergency.EmergencyAffordanceService took to complete: 0ms
10-14 01:23:40.910 1151 1151 I SystemServerTiming: OnBootPhase_480_com.android.server.blob.BlobStoreManagerService
10-14 01:23:40.910 1151 1151 D SystemServerTiming: OnBootPhase_480_com.android.server.blob.BlobStoreManagerService took to complete: 0ms
10-14 01:23:40.911 1151 1151 I SystemServerTiming: OnBootPhase_480_com.android.server.dreams.DreamManagerService
10-14 01:23:40.911 1151 1151 D SystemServerTiming: OnBootPhase_480_com.android.server.dreams.DreamManagerService took to complete: 0ms
10-14 01:23:40.911 1151 1151 I SystemServerTiming: OnBootPhase_480_com.android.server.companion.CompanionDeviceManagerService
10-14 01:23:40.911 1151 1151 D SystemServerTiming: OnBootPhase_480_com.android.server.companion.CompanionDeviceManagerService took to complete: 0ms
10-14 01:23:40.911 1151 1151 I SystemServerTiming: OnBootPhase_480_com.android.server.restrictions.RestrictionsManagerService
10-14 01:23:40.911 1151 1151 D SystemServerTiming: OnBootPhase_480_com.android.server.restrictions.RestrictionsManagerService took to complete: 0ms
10-14 01:23:40.911 1151 1151 I SystemServerTiming: OnBootPhase_480_com.android.server.media.MediaSessionService
10-14 01:23:40.911 1151 1151 D SystemServerTiming: OnBootPhase_480_com.android.server.media.MediaSessionService took to complete: 0ms
10-14 01:23:40.911 1151 1151 I SystemServerTiming: OnBootPhase_480_com.android.server.media.MediaResourceMonitorService
10-14 01:23:40.911 1151 1151 D SystemServerTiming: OnBootPhase_480_com.android.server.media.MediaResourceMonitorService took to complete: 0ms
10-14 01:23:40.911 1151 1151 I SystemServerTiming: OnBootPhase_480_com.android.server.biometrics.sensors.fingerprint.FingerprintService
10-14 01:23:40.911 1151 1151 D SystemServerTiming: OnBootPhase_480_com.android.server.biometrics.sensors.fingerprint.FingerprintService took to complete: 0ms
10-14 01:23:40.912 1151 1151 I SystemServerTiming: OnBootPhase_480_com.android.server.biometrics.BiometricService
10-14 01:23:40.912 1151 1151 D SystemServerTiming: OnBootPhase_480_com.android.server.biometrics.BiometricService took to complete: 0ms
10-14 01:23:40.912 1151 1151 I SystemServerTiming: OnBootPhase_480_com.android.server.biometrics.AuthService
10-14 01:23:40.912 1151 1151 D SystemServerTiming: OnBootPhase_480_com.android.server.biometrics.AuthService took to complete: 0ms
10-14 01:23:40.912 1151 1151 I SystemServerTiming: OnBootPhase_480_com.android.server.pm.ShortcutService$Lifecycle
10-14 01:23:40.916 1151 1151 D SystemServerTiming: OnBootPhase_480_com.android.server.pm.ShortcutService$Lifecycle took to complete: 4ms
10-14 01:23:40.916 1151 1151 I SystemServerTiming: OnBootPhase_480_com.android.server.pm.LauncherAppsService
10-14 01:23:40.916 1151 1151 D SystemServerTiming: OnBootPhase_480_com.android.server.pm.LauncherAppsService took to complete: 0ms
10-14 01:23:40.916 1151 1151 I SystemServerTiming: OnBootPhase_480_com.android.server.pm.CrossProfileAppsService
10-14 01:23:40.916 1151 1151 D SystemServerTiming: OnBootPhase_480_com.android.server.pm.CrossProfileAppsService took to complete: 0ms
10-14 01:23:40.916 1151 1151 I SystemServerTiming: OnBootPhase_480_com.android.server.people.PeopleService
10-14 01:23:40.916 1151 1151 D SystemServerTiming: OnBootPhase_480_com.android.server.people.PeopleService took to complete: 0ms
10-14 01:23:40.916 1151 1151 I SystemServerTiming: OnBootPhase_480_com.android.server.media.metrics.MediaMetricsManagerService
10-14 01:23:40.916 1151 1151 D SystemServerTiming: OnBootPhase_480_com.android.server.media.metrics.MediaMetricsManagerService took to complete: 0ms
10-14 01:23:40.916 1151 1151 I SystemServerTiming: OnBootPhase_480_com.android.server.media.projection.MediaProjectionManagerService
10-14 01:23:40.917 1151 1151 D SystemServerTiming: OnBootPhase_480_com.android.server.media.projection.MediaProjectionManagerService took to complete: 0ms
10-14 01:23:40.917 1151 1151 I SystemServerTiming: OnBootPhase_480_com.android.server.slice.SliceManagerService$Lifecycle
10-14 01:23:40.917 1151 1151 D SystemServerTiming: OnBootPhase_480_com.android.server.slice.SliceManagerService$Lifecycle took to complete: 0ms
10-14 01:23:40.917 1151 1151 I SystemServerTiming: OnBootPhase_480_com.android.server.stats.StatsCompanion$Lifecycle
10-14 01:23:40.917 1151 1151 D SystemServerTiming: OnBootPhase_480_com.android.server.stats.StatsCompanion$Lifecycle took to complete: 0ms
10-14 01:23:40.917 1151 1151 I SystemServerTiming: OnBootPhase_480_com.android.server.scheduling.RebootReadinessManagerService$Lifecycle
10-14 01:23:40.917 1151 1151 D SystemServerTiming: OnBootPhase_480_com.android.server.scheduling.RebootReadinessManagerService$Lifecycle took to complete: 0ms
10-14 01:23:40.917 1151 1151 I SystemServerTiming: OnBootPhase_480_com.android.server.stats.pull.StatsPullAtomService
10-14 01:23:40.917 1151 1151 D SystemServerTiming: OnBootPhase_480_com.android.server.stats.pull.StatsPullAtomService took to complete: 0ms
10-14 01:23:40.917 1151 1151 I SystemServerTiming: OnBootPhase_480_com.android.server.incident.IncidentCompanionService
10-14 01:23:40.917 1151 1151 D SystemServerTiming: OnBootPhase_480_com.android.server.incident.IncidentCompanionService took to complete: 0ms
10-14 01:23:40.917 1151 1151 I SystemServerTiming: OnBootPhase_480_com.android.server.MmsServiceBroker
10-14 01:23:40.917 1151 1151 D SystemServerTiming: OnBootPhase_480_com.android.server.MmsServiceBroker took to complete: 0ms
10-14 01:23:40.917 1151 1151 I SystemServerTiming: OnBootPhase_480_com.android.server.autofill.AutofillManagerService
10-14 01:23:40.917 1151 1151 D SystemServerTiming: OnBootPhase_480_com.android.server.autofill.AutofillManagerService took to complete: 0ms
10-14 01:23:40.917 1151 1151 I SystemServerTiming: OnBootPhase_480_com.android.server.clipboard.ClipboardService
10-14 01:23:40.918 1151 1151 D SystemServerTiming: OnBootPhase_480_com.android.server.clipboard.ClipboardService took to complete: 0ms
10-14 01:23:40.918 1151 1151 I SystemServerTiming: OnBootPhase_480_com.android.server.appbinding.AppBindingService$Lifecycle
10-14 01:23:40.918 1151 1151 D SystemServerTiming: OnBootPhase_480_com.android.server.appbinding.AppBindingService$Lifecycle took to complete: 0ms
10-14 01:23:40.918 1151 1151 I SystemServerTiming: OnBootPhase_480_com.android.server.tracing.TracingServiceProxy
10-14 01:23:40.918 1151 1151 D SystemServerTiming: OnBootPhase_480_com.android.server.tracing.TracingServiceProxy took to complete: 0ms
10-14 01:23:40.918 1151 1151 D SystemServerTiming: OnBootPhase_480 took to complete: 39ms
10-14 01:23:40.918 1151 1151 D SystemServerTiming: StartBootPhaseLockSettingsReady took to complete: 39ms
10-14 01:23:40.918 1151 1151 I SystemServerTiming: StartBootPhaseSystemServicesReady
10-14 01:23:40.918 1151 1151 I SystemServiceManager: Starting phase 500
10-14 01:23:40.918 1151 1151 I SystemServerTiming: OnBootPhase_500
10-14 01:23:40.918 1151 1151 I SystemServerTiming: OnBootPhase_500_com.android.server.security.FileIntegrityService
10-14 01:23:40.918 1151 1151 D SystemServerTiming: OnBootPhase_500_com.android.server.security.FileIntegrityService took to complete: 0ms
10-14 01:23:40.919 1151 1151 I SystemServerTiming: OnBootPhase_500_com.android.server.pm.Installer
10-14 01:23:40.919 1151 1151 D SystemServerTiming: OnBootPhase_500_com.android.server.pm.Installer took to complete: 0ms
10-14 01:23:40.919 1151 1151 I SystemServerTiming: OnBootPhase_500_com.android.server.os.DeviceIdentifiersPolicyService
10-14 01:23:40.919 1151 1151 D SystemServerTiming: OnBootPhase_500_com.android.server.os.DeviceIdentifiersPolicyService took to complete: 0ms
10-14 01:23:40.919 1151 1151 I SystemServerTiming: OnBootPhase_500_com.android.server.uri.UriGrantsManagerService$Lifecycle
10-14 01:23:40.919 1151 1151 D SystemServerTiming: OnBootPhase_500_com.android.server.uri.UriGrantsManagerService$Lifecycle took to complete: 0ms
10-14 01:23:40.919 1151 1151 I SystemServerTiming: OnBootPhase_500_com.android.server.powerstats.PowerStatsService
10-14 01:23:40.919 1151 1151 E StatsPullAtomCallbackImpl: Failed to start PowerStatsService statsd pullers
10-14 01:23:40.920 1151 1151 D SystemServerTiming: OnBootPhase_500_com.android.server.powerstats.PowerStatsService took to complete: 0ms
10-14 01:23:40.920 1151 1151 I SystemServerTiming: OnBootPhase_500_com.android.server.wm.ActivityTaskManagerService$Lifecycle
10-14 01:23:40.920 1151 1151 D SystemServerTiming: OnBootPhase_500_com.android.server.wm.ActivityTaskManagerService$Lifecycle took to complete: 0ms
10-14 01:23:40.920 1151 1151 I SystemServerTiming: OnBootPhase_500_com.android.server.am.ActivityManagerService$Lifecycle
10-14 01:23:40.924 1151 1151 E BatteryStatsService: Could not register PowerStatsInternal
10-14 01:23:40.926 1151 1771 D SystemServerTimingAsync: SecondaryZygotePreload took to complete: 2181ms
10-14 01:23:40.926 1151 1771 D SystemServerInitThreadPool: Finished executing SecondaryZygotePreload
10-14 01:23:40.926 1151 1771 D SystemServerTimingAsync: InitThreadPoolExec:SecondaryZygotePreload took to complete: 2182ms
10-14 01:23:40.928 1151 1151 D SystemServerTiming: OnBootPhase_500_com.android.server.am.ActivityManagerService$Lifecycle took to complete: 8ms
10-14 01:23:40.928 1151 1151 I SystemServerTiming: OnBootPhase_500_com.android.server.pm.DataLoaderManagerService
10-14 01:23:40.928 1151 1151 D SystemServerTiming: OnBootPhase_500_com.android.server.pm.DataLoaderManagerService took to complete: 0ms
10-14 01:23:40.928 1151 1151 I SystemServerTiming: OnBootPhase_500_com.android.server.power.PowerManagerService
10-14 01:23:40.928 1151 1151 D SystemServerTiming: OnBootPhase_500_com.android.server.power.PowerManagerService took to complete: 0ms
10-14 01:23:40.928 1151 1151 I SystemServerTiming: OnBootPhase_500_com.android.server.power.ThermalManagerService
10-14 01:23:40.928 1151 1151 D SystemServerTiming: OnBootPhase_500_com.android.server.power.ThermalManagerService took to complete: 0ms
10-14 01:23:40.928 1151 1151 I SystemServerTiming: OnBootPhase_500_com.android.server.power.hint.HintManagerService
10-14 01:23:40.928 1151 1151 V HintManagerService: Initializing HintManager service...
10-14 01:23:40.928 1151 1151 V HistoricalRegistry: Interaction before persistence initialized
10-14 01:23:40.929 1151 1151 D SystemServerTiming: OnBootPhase_500_com.android.server.power.hint.HintManagerService took to complete: 0ms
10-14 01:23:40.929 1151 1151 I SystemServerTiming: OnBootPhase_500_com.android.server.recoverysystem.RecoverySystemService$Lifecycle
10-14 01:23:40.930 1151 1151 D SystemServerTiming: OnBootPhase_500_com.android.server.recoverysystem.RecoverySystemService$Lifecycle took to complete: 0ms
10-14 01:23:40.930 1151 1151 I SystemServerTiming: OnBootPhase_500_com.android.server.lights.LightsService
10-14 01:23:40.930 1151 1151 D SystemServerTiming: OnBootPhase_500_com.android.server.lights.LightsService took to complete: 0ms
10-14 01:23:40.930 1151 1151 I SystemServerTiming: OnBootPhase_500_com.android.server.display.DisplayManagerService
10-14 01:23:40.930 1151 1151 D SystemServerTiming: OnBootPhase_500_com.android.server.display.DisplayManagerService took to complete: 0ms
10-14 01:23:40.930 1151 1151 I SystemServerTiming: OnBootPhase_500_com.android.server.pm.verify.domain.DomainVerificationService
10-14 01:23:40.930 1151 1151 D SystemServerTiming: OnBootPhase_500_com.android.server.pm.verify.domain.DomainVerificationService took to complete: 0ms
10-14 01:23:40.930 1151 1151 I SystemServerTiming: OnBootPhase_500_com.android.server.pm.PackageInstallerService$Lifecycle
10-14 01:23:40.930 1151 1151 D SystemServerTiming: OnBootPhase_500_com.android.server.pm.PackageInstallerService$Lifecycle took to complete: 0ms
10-14 01:23:40.930 1151 1151 I SystemServerTiming: OnBootPhase_500_com.android.server.pm.UserManagerService$LifeCycle
10-14 01:23:40.930 1151 1151 D SystemServerTiming: OnBootPhase_500_com.android.server.pm.UserManagerService$LifeCycle took to complete: 0ms
10-14 01:23:40.930 1151 1151 I SystemServerTiming: OnBootPhase_500_com.android.server.om.OverlayManagerService
10-14 01:23:40.931 1151 1151 D SystemServerTiming: OnBootPhase_500_com.android.server.om.OverlayManagerService took to complete: 0ms
10-14 01:23:40.931 1151 1151 I SystemServerTiming: OnBootPhase_500_com.android.server.SensorPrivacyService
10-14 01:23:40.933 1151 1151 D SystemServerTiming: OnBootPhase_500_com.android.server.SensorPrivacyService took to complete: 3ms
10-14 01:23:40.933 1151 1151 I SystemServerTiming: OnBootPhase_500_com.android.server.sensors.SensorService
10-14 01:23:40.934 1151 1151 D SystemServerTiming: OnBootPhase_500_com.android.server.sensors.SensorService took to complete: 0ms
10-14 01:23:40.934 1151 1151 I SystemServerTiming: OnBootPhase_500_com.android.server.SystemConfigService
10-14 01:23:40.934 1151 1151 D SystemServerTiming: OnBootPhase_500_com.android.server.SystemConfigService took to complete: 0ms
10-14 01:23:40.934 1151 1151 I SystemServerTiming: OnBootPhase_500_com.android.server.BatteryService
10-14 01:23:40.934 1151 1151 D SystemServerTiming: OnBootPhase_500_com.android.server.BatteryService took to complete: 0ms
10-14 01:23:40.934 1151 1151 I SystemServerTiming: OnBootPhase_500_com.android.server.usage.UsageStatsService
10-14 01:23:40.936 1151 1151 D AppStandbyController: Setting app idle enabled state
01-01 08:00:58.971 0 0 D cnss : Sending M3 information message, state: 0x13
01-01 08:00:58.971 0 0 D cnss : M3 memory, va: 0xffffff801d631000, pa: 0x00000000a1800000, size: 0x411bc
01-01 08:00:58.974 0 0 D cnss : Received QMI WLFW FW initialization done indication
01-01 08:00:58.974 0 0 D cnss : Posting event: FW_READY(4), state: 0x13 flags: 0x0
01-01 08:00:58.975 0 0 D cnss : Processing driver event: FW_READY(4), state: 0x13
01-01 08:00:58.975 0 0 D cnss : PCIE Gen speed not setup
10-14 01:23:40.940 1151 1151 V HistoricalRegistry: Interaction before persistence initialized
10-14 01:23:40.940 1151 1151 D SystemServerTiming: OnBootPhase_500_com.android.server.usage.UsageStatsService took to complete: 6ms
10-14 01:23:40.940 1151 1151 I SystemServerTiming: OnBootPhase_500_com.android.server.webkit.WebViewUpdateService
10-14 01:23:40.940 1151 1151 D SystemServerTiming: OnBootPhase_500_com.android.server.webkit.WebViewUpdateService took to complete: 0ms
10-14 01:23:40.940 1151 1151 I SystemServerTiming: OnBootPhase_500_com.android.server.CachedDeviceStateService
10-14 01:23:40.940 1151 1151 D SystemServerTiming: OnBootPhase_500_com.android.server.CachedDeviceStateService took to complete: 0ms
10-14 01:23:40.940 1151 1151 I SystemServerTiming: OnBootPhase_500_com.android.server.BinderCallsStatsService$LifeCycle
10-14 01:23:40.943 1151 1151 D SystemServerTiming: OnBootPhase_500_com.android.server.BinderCallsStatsService$LifeCycle took to complete: 3ms
10-14 01:23:40.943 1151 1151 I SystemServerTiming: OnBootPhase_500_com.android.server.LooperStatsService$Lifecycle
10-14 01:23:40.944 1151 1151 D SystemServerTiming: OnBootPhase_500_com.android.server.LooperStatsService$Lifecycle took to complete: 0ms
10-14 01:23:40.944 1151 1151 I SystemServerTiming: OnBootPhase_500_com.android.server.rollback.RollbackManagerService
10-14 01:23:40.944 1151 1151 D SystemServerTiming: OnBootPhase_500_com.android.server.rollback.RollbackManagerService took to complete: 0ms
10-14 01:23:40.944 1151 1151 I SystemServerTiming: OnBootPhase_500_com.android.server.os.NativeTombstoneManagerService
10-14 01:23:40.944 1151 1151 D SystemServerTiming: OnBootPhase_500_com.android.server.os.NativeTombstoneManagerService took to complete: 0ms
10-14 01:23:40.944 1151 1151 I SystemServerTiming: OnBootPhase_500_com.android.server.os.BugreportManagerService
10-14 01:23:40.944 1151 1151 D SystemServerTiming: OnBootPhase_500_com.android.server.os.BugreportManagerService took to complete: 0ms
10-14 01:23:40.944 1151 1151 I SystemServerTiming: OnBootPhase_500_com.android.server.gpu.GpuService
10-14 01:23:40.944 1151 1151 D SystemServerTiming: OnBootPhase_500_com.android.server.gpu.GpuService took to complete: 0ms
10-14 01:23:40.944 1151 1151 I SystemServerTiming: OnBootPhase_500_com.android.server.security.KeyChainSystemService
10-14 01:23:40.944 1151 1151 D SystemServerTiming: OnBootPhase_500_com.android.server.security.KeyChainSystemService took to complete: 0ms
10-14 01:23:40.944 1151 1151 I SystemServerTiming: OnBootPhase_500_com.android.server.telecom.TelecomLoaderService
10-14 01:23:40.944 1151 1151 D SystemServerTiming: OnBootPhase_500_com.android.server.telecom.TelecomLoaderService took to complete: 0ms
10-14 01:23:40.944 1151 1151 I SystemServerTiming: OnBootPhase_500_com.android.server.accounts.AccountManagerService$Lifecycle
10-14 01:23:40.944 1151 1151 D SystemServerTiming: OnBootPhase_500_com.android.server.accounts.AccountManagerService$Lifecycle took to complete: 0ms
10-14 01:23:40.944 1151 1151 I SystemServerTiming: OnBootPhase_500_com.android.server.content.ContentService$Lifecycle
10-14 01:23:40.944 1151 1151 D SystemServerTiming: OnBootPhase_500_com.android.server.content.ContentService$Lifecycle took to complete: 0ms
10-14 01:23:40.944 1151 1151 I SystemServerTiming: OnBootPhase_500_com.android.server.DropBoxManagerService
10-14 01:23:40.945 1151 1151 D SystemServerTiming: OnBootPhase_500_com.android.server.DropBoxManagerService took to complete: 0ms
10-14 01:23:40.945 1151 1151 I SystemServerTiming: OnBootPhase_500_com.android.role.RoleService
10-14 01:23:40.945 1151 1151 D SystemServerTiming: OnBootPhase_500_com.android.role.RoleService took to complete: 0ms
10-14 01:23:40.945 1151 1151 I SystemServerTiming: OnBootPhase_500_com.android.server.vibrator.VibratorManagerService$Lifecycle
10-14 01:23:40.945 1151 1151 V VibratorManagerService: Initializing VibratorManager service...
10-14 01:23:40.945 1151 1151 V HistoricalRegistry: Interaction before persistence initialized
10-14 01:23:40.947 1151 1151 V VibratorManagerService: VibratorManager service initialized
10-14 01:23:40.947 1151 1151 D SystemServerTiming: OnBootPhase_500_com.android.server.vibrator.VibratorManagerService$Lifecycle took to complete: 2ms
10-14 01:23:40.947 1151 1151 I SystemServerTiming: OnBootPhase_500_com.android.server.alarm.AlarmManagerService
10-14 01:23:40.947 1151 1151 E LazyAlarmStore: Removed TIME_TICK alarm
10-14 01:23:40.948 1151 1349 I am_wtf : [0,1151,system_server,-1,LazyAlarmStore,Removed TIME_TICK alarm]
10-14 01:23:40.950 1151 1349 I DropBoxManagerService: add tag=system_server_wtf isTagEnabled=true flags=0x2
10-14 01:23:40.954 1151 1151 D SystemServerTiming: OnBootPhase_500_com.android.server.alarm.AlarmManagerService took to complete: 7ms
10-14 01:23:40.955 1151 1151 I SystemServerTiming: OnBootPhase_500_com.android.server.devicestate.DeviceStateManagerService
10-14 01:23:40.955 1151 1151 D SystemServerTiming: OnBootPhase_500_com.android.server.devicestate.DeviceStateManagerService took to complete: 0ms
10-14 01:23:40.955 1151 1151 I SystemServerTiming: OnBootPhase_500_com.android.server.camera.CameraServiceProxy
10-14 01:23:40.956 1151 1151 D SystemServerTiming: OnBootPhase_500_com.android.server.camera.CameraServiceProxy took to complete: 0ms
10-14 01:23:40.956 1151 1151 I SystemServerTiming: OnBootPhase_500_com.android.server.BluetoothService
10-14 01:23:40.961 1151 1151 D SystemServerTiming: OnBootPhase_500_com.android.server.BluetoothService took to complete: 5ms
10-14 01:23:40.961 1151 1151 I SystemServerTiming: OnBootPhase_500_com.android.server.connectivity.IpConnectivityMetrics
10-14 01:23:40.966 1151 1151 D SystemServerTiming: OnBootPhase_500_com.android.server.connectivity.IpConnectivityMetrics took to complete: 4ms
10-14 01:23:40.966 1151 1151 I SystemServerTiming: OnBootPhase_500_com.android.server.net.watchlist.NetworkWatchlistService$Lifecycle
10-14 01:23:40.966 1151 1151 D SystemServerTiming: OnBootPhase_500_com.android.server.net.watchlist.NetworkWatchlistService$Lifecycle took to complete: 0ms
10-14 01:23:40.966 1151 1151 I SystemServerTiming: OnBootPhase_500_com.android.server.PinnerService
10-14 01:23:40.969 1151 1151 D SystemServerTiming: OnBootPhase_500_com.android.server.PinnerService took to complete: 2ms
10-14 01:23:40.969 1151 1151 I SystemServerTiming: OnBootPhase_500_com.google.android.startop.iorap.IorapForwardingService
10-14 01:23:40.969 1151 1151 D SystemServerTiming: OnBootPhase_500_com.google.android.startop.iorap.IorapForwardingService took to complete: 0ms
10-14 01:23:40.969 1151 1151 I SystemServerTiming: OnBootPhase_500_com.android.server.ActivityTriggerService
10-14 01:23:40.969 1151 1151 D SystemServerTiming: OnBootPhase_500_com.android.server.ActivityTriggerService took to complete: 0ms
10-14 01:23:40.970 1151 1151 I SystemServerTiming: OnBootPhase_500_com.android.server.integrity.AppIntegrityManagerService
10-14 01:23:40.970 1151 1151 D SystemServerTiming: OnBootPhase_500_com.android.server.integrity.AppIntegrityManagerService took to complete: 0ms
10-14 01:23:40.970 1151 1151 I SystemServerTiming: OnBootPhase_500_com.android.server.inputmethod.InputMethodManagerService$Lifecycle
10-14 01:23:40.970 1151 1151 D SystemServerTiming: OnBootPhase_500_com.android.server.inputmethod.InputMethodManagerService$Lifecycle took to complete: 0ms
10-14 01:23:40.970 1151 1151 I SystemServerTiming: OnBootPhase_500_com.android.server.accessibility.AccessibilityManagerService$Lifecycle
10-14 01:23:40.970 1151 1151 D SystemServerTiming: OnBootPhase_500_com.android.server.accessibility.AccessibilityManagerService$Lifecycle took to complete: 0ms
10-14 01:23:40.970 1151 1151 I SystemServerTiming: OnBootPhase_500_com.android.server.StorageManagerService$Lifecycle
10-14 01:23:40.973 1151 1151 D SystemServerTiming: OnBootPhase_500_com.android.server.StorageManagerService$Lifecycle took to complete: 2ms
10-14 01:23:40.973 1151 1151 I SystemServerTiming: OnBootPhase_500_com.android.server.usage.StorageStatsService$Lifecycle
10-14 01:23:40.973 1151 1151 D SystemServerTiming: OnBootPhase_500_com.android.server.usage.StorageStatsService$Lifecycle took to complete: 0ms
10-14 01:23:40.973 1151 1151 I SystemServerTiming: OnBootPhase_500_com.android.server.UiModeManagerService
10-14 01:23:40.976 1151 1151 I configuration_changed: 512
10-14 01:23:40.977 1151 1151 I ActivityTaskManager: Config changes=200 {1.0 ?mcc?mnc [zh_CN] ldltr sw680dp w1586dp h608dp 240dpi lrg long land finger -keyb/v/h -nav/h winConfig={ mBounds=Rect(0, 0 - 2380, 1020) mAppBounds=Rect(0, 0 - 2380, 948) mMaxBounds=Rect(0, 0 - 2380, 1020) mWindowingMode=fullscreen mDisplayWindowingMode=fullscreen mActivityType=undefined mAlwaysOnTop=undefined mRotation=ROTATION_0} s.6 ?fontWeightAdjustment}
10-14 01:23:40.979 1151 1151 I WindowManager: Override config changes=200 {1.0 ?mcc?mnc [zh_CN] ldltr sw680dp w1586dp h608dp 240dpi lrg long land finger -keyb/v/h -nav/h winConfig={ mBounds=Rect(0, 0 - 2380, 1020) mAppBounds=Rect(0, 0 - 2380, 948) mMaxBounds=Rect(0, 0 - 2380, 1020) mWindowingMode=fullscreen mDisplayWindowingMode=fullscreen mActivityType=undefined mAlwaysOnTop=undefined mRotation=ROTATION_0} s.6 ?fontWeightAdjustment} for displayId=0
10-14 01:23:40.981 1151 1151 D SystemServerTiming: OnBootPhase_500_com.android.server.UiModeManagerService took to complete: 7ms
10-14 01:23:40.981 1151 1151 I SystemServerTiming: OnBootPhase_500_com.android.server.locksettings.LockSettingsService$Lifecycle
10-14 01:23:40.981 1151 1151 D SystemServerTiming: OnBootPhase_500_com.android.server.locksettings.LockSettingsService$Lifecycle took to complete: 0ms
10-14 01:23:40.981 1151 1151 I SystemServerTiming: OnBootPhase_500_com.android.server.PersistentDataBlockService
10-14 01:23:40.981 1151 1151 D SystemServerTiming: OnBootPhase_500_com.android.server.PersistentDataBlockService took to complete: 0ms
10-14 01:23:40.982 1151 1151 I SystemServerTiming: OnBootPhase_500_com.android.server.testharness.TestHarnessModeService
10-14 01:23:40.982 1151 1151 D TestHarnessModeService: Setting up test harness mode
10-14 01:23:40.982 1151 1151 D TestHarnessModeService: Getting PersistentDataBlockManagerInternal from LocalServices
10-14 01:23:41.002 1151 1151 D SystemServerTiming: OnBootPhase_500_com.android.server.testharness.TestHarnessModeService took to complete: 20ms
10-14 01:23:41.002 1151 1151 I SystemServerTiming: OnBootPhase_500_com.android.server.oemlock.OemLockService
10-14 01:23:41.002 1151 1151 D SystemServerTiming: OnBootPhase_500_com.android.server.oemlock.OemLockService took to complete: 0ms
10-14 01:23:41.002 1151 1151 I SystemServerTiming: OnBootPhase_500_com.android.server.DeviceIdleController
10-14 01:23:41.006 1151 1151 V HistoricalRegistry: Interaction before persistence initialized
10-14 01:23:41.007 1151 1151 D SystemServerTiming: OnBootPhase_500_com.android.server.DeviceIdleController took to complete: 6ms
10-14 01:23:41.008 1151 1151 I SystemServerTiming: OnBootPhase_500_com.android.server.devicepolicy.DevicePolicyManagerService$Lifecycle
10-14 01:23:41.008 1151 1151 D SystemServerTiming: OnBootPhase_500_com.android.server.devicepolicy.DevicePolicyManagerService$Lifecycle took to complete: 0ms
10-14 01:23:41.008 1151 1151 I SystemServerTiming: OnBootPhase_500_com.android.server.texttospeech.TextToSpeechManagerService
10-14 01:23:41.008 1151 1151 D SystemServerTiming: OnBootPhase_500_com.android.server.texttospeech.TextToSpeechManagerService took to complete: 0ms
10-14 01:23:41.008 1151 1151 I SystemServerTiming: OnBootPhase_500_com.android.server.speech.SpeechRecognitionManagerService
10-14 01:23:41.009 1151 1151 D SystemServerTiming: OnBootPhase_500_com.android.server.speech.SpeechRecognitionManagerService took to complete: 0ms
10-14 01:23:41.009 1151 1151 I SystemServerTiming: OnBootPhase_500_com.android.server.searchui.SearchUiManagerService
10-14 01:23:41.009 1151 1151 D SystemServerTiming: OnBootPhase_500_com.android.server.searchui.SearchUiManagerService took to complete: 0ms
10-14 01:23:41.009 1151 1151 I SystemServerTiming: OnBootPhase_500_com.android.server.smartspace.SmartspaceManagerService
10-14 01:23:41.009 1151 1151 D SystemServerTiming: OnBootPhase_500_com.android.server.smartspace.SmartspaceManagerService took to complete: 0ms
10-14 01:23:41.009 1151 1151 I SystemServerTiming: OnBootPhase_500_com.android.server.graphics.fonts.FontManagerService$Lifecycle
10-14 01:23:41.009 1151 1151 D SystemServerTiming: OnBootPhase_500_com.android.server.graphics.fonts.FontManagerService$Lifecycle took to complete: 0ms
10-14 01:23:41.009 1151 1151 I SystemServerTiming: OnBootPhase_500_com.android.server.textservices.TextServicesManagerService$Lifecycle
10-14 01:23:41.009 1151 1151 D SystemServerTiming: OnBootPhase_500_com.android.server.textservices.TextServicesManagerService$Lifecycle took to complete: 0ms
10-14 01:23:41.010 1151 1151 I SystemServerTiming: OnBootPhase_500_com.android.server.textclassifier.TextClassificationManagerService$Lifecycle
10-14 01:23:41.010 1151 1151 D SystemServerTiming: OnBootPhase_500_com.android.server.textclassifier.TextClassificationManagerService$Lifecycle took to complete: 0ms
10-14 01:23:41.010 1151 1151 I SystemServerTiming: OnBootPhase_500_com.android.server.NetworkScoreService$Lifecycle
10-14 01:23:41.010 1151 1151 D SystemServerTiming: OnBootPhase_500_com.android.server.NetworkScoreService$Lifecycle took to complete: 0ms
10-14 01:23:41.010 1151 1151 I SystemServerTiming: OnBootPhase_500_com.android.server.wifi.WifiService
10-14 01:23:41.011 1151 1151 D SystemServerTiming: OnBootPhase_500_com.android.server.wifi.WifiService took to complete: 0ms
10-14 01:23:41.011 1151 1151 I SystemServerTiming: OnBootPhase_500_com.android.server.wifi.scanner.WifiScanningService
10-14 01:23:41.011 1151 1151 D SystemServerTiming: OnBootPhase_500_com.android.server.wifi.scanner.WifiScanningService took to complete: 1ms
10-14 01:23:41.011 1151 1151 I SystemServerTiming: OnBootPhase_500_com.android.server.wifi.rtt.RttService
10-14 01:23:41.017 1151 1151 D SystemServerTiming: OnBootPhase_500_com.android.server.wifi.rtt.RttService took to complete: 6ms
10-14 01:23:41.018 1151 1151 I SystemServerTiming: OnBootPhase_500_com.android.server.wifi.aware.WifiAwareService
10-14 01:23:41.038 1151 1151 D SystemServerTiming: OnBootPhase_500_com.android.server.wifi.aware.WifiAwareService took to complete: 20ms
10-14 01:23:41.038 1151 1151 I SystemServerTiming: OnBootPhase_500_com.android.server.wifi.p2p.WifiP2pService
10-14 01:23:41.038 1151 1151 D SystemServerTiming: OnBootPhase_500_com.android.server.wifi.p2p.WifiP2pService took to complete: 0ms
10-14 01:23:41.038 1151 1151 I SystemServerTiming: OnBootPhase_500_com.android.server.ethernet.EthernetService
10-14 01:23:41.052 1151 1151 D SystemServerTiming: OnBootPhase_500_com.android.server.ethernet.EthernetService took to complete: 14ms
10-14 01:23:41.052 1151 1151 I SystemServerTiming: OnBootPhase_500_com.android.server.ConnectivityServiceInitializer
10-14 01:23:41.052 1151 1151 D SystemServerTiming: OnBootPhase_500_com.android.server.ConnectivityServiceInitializer took to complete: 0ms
10-14 01:23:41.052 1151 1151 I SystemServerTiming: OnBootPhase_500_com.android.server.notification.NotificationManagerService
10-14 01:23:41.058 1151 1151 D SystemServerTiming: OnBootPhase_500_com.android.server.notification.NotificationManagerService took to complete: 5ms
10-14 01:23:41.058 1151 1151 I SystemServerTiming: OnBootPhase_500_com.android.server.storage.DeviceStorageMonitorService
10-14 01:23:41.058 1151 1151 D SystemServerTiming: OnBootPhase_500_com.android.server.storage.DeviceStorageMonitorService took to complete: 0ms
10-14 01:23:41.058 1151 1151 I SystemServerTiming: OnBootPhase_500_com.android.server.location.LocationManagerService$Lifecycle
10-14 01:23:41.059 1151 1151 V HistoricalRegistry: Interaction before persistence initialized
10-14 01:23:41.060 1151 1151 D SystemServerTiming: OnBootPhase_500_com.android.server.location.LocationManagerService$Lifecycle took to complete: 1ms
10-14 01:23:41.060 1151 1151 I SystemServerTiming: OnBootPhase_500_com.android.server.timedetector.TimeDetectorService$Lifecycle
10-14 01:23:41.060 1151 1151 D SystemServerTiming: OnBootPhase_500_com.android.server.timedetector.TimeDetectorService$Lifecycle took to complete: 0ms
10-14 01:23:41.060 1151 1151 I SystemServerTiming: OnBootPhase_500_com.android.server.timezonedetector.TimeZoneDetectorService$Lifecycle
10-14 01:23:41.060 1151 1151 D SystemServerTiming: OnBootPhase_500_com.android.server.timezonedetector.TimeZoneDetectorService$Lifecycle took to complete: 0ms
10-14 01:23:41.060 1151 1151 I SystemServerTiming: OnBootPhase_500_com.android.server.timezonedetector.location.LocationTimeZoneManagerService$Lifecycle
10-14 01:23:41.060 1151 1151 D SystemServerTiming: OnBootPhase_500_com.android.server.timezonedetector.location.LocationTimeZoneManagerService$Lifecycle took to complete: 0ms
10-14 01:23:41.060 1151 1151 I SystemServerTiming: OnBootPhase_500_com.android.server.search.SearchManagerService$Lifecycle
01-01 08:00:59.095 0 0 W : (NULL device *): Falling back to syfs fallback for: wlan/qca_cld/qca6390/WCNSS_qcom_cfg.ini
10-14 01:23:41.060 1151 1151 D SystemServerTiming: OnBootPhase_500_com.android.server.search.SearchManagerService$Lifecycle took to complete: 0ms
10-14 01:23:41.061 1151 1151 I SystemServerTiming: OnBootPhase_500_com.android.server.wallpaper.WallpaperManagerService$Lifecycle
10-14 01:23:41.061 1151 1151 D SystemServerTiming: OnBootPhase_500_com.android.server.wallpaper.WallpaperManagerService$Lifecycle took to complete: 0ms
10-14 01:23:41.061 1151 1151 I SystemServerTiming: OnBootPhase_500_com.android.server.audio.AudioService$Lifecycle
10-14 01:23:41.061 1151 1151 D SystemServerTiming: OnBootPhase_500_com.android.server.audio.AudioService$Lifecycle took to complete: 0ms
10-14 01:23:41.061 1151 1151 I SystemServerTiming: OnBootPhase_500_com.android.server.soundtrigger_middleware.SoundTriggerMiddlewareService$Lifecycle
10-14 01:23:41.061 1151 1151 D SystemServerTiming: OnBootPhase_500_com.android.server.soundtrigger_middleware.SoundTriggerMiddlewareService$Lifecycle took to complete: 0ms
10-14 01:23:41.061 1151 1151 I SystemServerTiming: OnBootPhase_500_com.android.server.DockObserver
10-14 01:23:41.061 1151 1151 D SystemServerTiming: OnBootPhase_500_com.android.server.DockObserver took to complete: 0ms
10-14 01:23:41.061 1151 1151 I SystemServerTiming: OnBootPhase_500_com.android.server.midi.MidiService$Lifecycle
10-14 01:23:41.061 1151 1151 D SystemServerTiming: OnBootPhase_500_com.android.server.midi.MidiService$Lifecycle took to complete: 0ms
10-14 01:23:41.061 1151 1151 I SystemServerTiming: OnBootPhase_500_com.android.server.adb.AdbService$Lifecycle
10-14 01:23:41.061 1151 1151 D SystemServerTiming: OnBootPhase_500_com.android.server.adb.AdbService$Lifecycle took to complete: 0ms
10-14 01:23:41.061 1151 1151 I SystemServerTiming: OnBootPhase_500_com.android.server.usb.UsbService$Lifecycle
10-14 01:23:41.061 1151 1151 D SystemServerTiming: OnBootPhase_500_com.android.server.usb.UsbService$Lifecycle took to complete: 0ms
10-14 01:23:41.061 1151 1151 I SystemServerTiming: OnBootPhase_500_com.android.server.twilight.TwilightService
10-14 01:23:41.061 1151 1151 D SystemServerTiming: OnBootPhase_500_com.android.server.twilight.TwilightService took to complete: 0ms
10-14 01:23:41.061 1151 1151 I SystemServerTiming: OnBootPhase_500_com.android.server.display.color.ColorDisplayService
10-14 01:23:41.062 1151 1151 D SystemServerTiming: OnBootPhase_500_com.android.server.display.color.ColorDisplayService took to complete: 0ms
10-14 01:23:41.062 1151 1151 I SystemServerTiming: OnBootPhase_500_com.android.server.job.JobSchedulerService
10-14 01:23:41.071 1151 1151 V HistoricalRegistry: Interaction before persistence initialized
10-14 01:23:41.073 1151 1151 D SystemServerTiming: OnBootPhase_500_com.android.server.job.JobSchedulerService took to complete: 11ms
10-14 01:23:41.073 1151 1151 I SystemServerTiming: OnBootPhase_500_com.android.server.soundtrigger.SoundTriggerService
10-14 01:23:41.073 1151 1151 D SoundTriggerService: onBootPhase: 500 : false
10-14 01:23:41.073 1151 1151 D SystemServerTiming: OnBootPhase_500_com.android.server.soundtrigger.SoundTriggerService took to complete: 1ms
10-14 01:23:41.073 1151 1151 I SystemServerTiming: OnBootPhase_500_com.android.server.trust.TrustManagerService
01-01 08:00:59.109 0 0 D : mv2112_read_status
01-01 08:00:59.109 0 0 D mv2112_update_link: 3.0x901(1G): 0x80
01-01 08:00:59.110 0 0 D mv2112_update_link: 3.0x8109(100M): 0x0
01-01 08:00:59.110 0 0 D mv2112_update_link: link 0x0
01-01 08:00:59.110 0 0 D mv2112_read_status: autoneg is disabled
10-14 01:23:41.080 1151 1151 D SystemServerTiming: OnBootPhase_500_com.android.server.trust.TrustManagerService took to complete: 6ms
10-14 01:23:41.080 1151 1151 I SystemServerTiming: OnBootPhase_500_com.android.server.backup.BackupManagerService$Lifecycle
10-14 01:23:41.081 1151 1151 D SystemServerTiming: OnBootPhase_500_com.android.server.backup.BackupManagerService$Lifecycle took to complete: 0ms
10-14 01:23:41.081 1151 1151 I SystemServerTiming: OnBootPhase_500_com.android.server.appwidget.AppWidgetService
10-14 01:23:41.081 1151 1151 D SystemServerTiming: OnBootPhase_500_com.android.server.appwidget.AppWidgetService took to complete: 0ms
10-14 01:23:41.082 1151 1151 I SystemServerTiming: OnBootPhase_500_com.android.server.voiceinteraction.VoiceInteractionManagerService
10-14 01:23:41.082 1151 1151 D SystemServerTiming: OnBootPhase_500_com.android.server.voiceinteraction.VoiceInteractionManagerService took to complete: 0ms
10-14 01:23:41.082 1151 1151 I SystemServerTiming: OnBootPhase_500_com.android.server.apphibernation.AppHibernationService
10-14 01:23:41.082 1151 1864 I stream_devices_changed: [3,0,2]
10-14 01:23:41.083 1151 1151 D SystemServerTiming: OnBootPhase_500_com.android.server.apphibernation.AppHibernationService took to complete: 1ms
10-14 01:23:41.083 1151 1151 I SystemServerTiming: OnBootPhase_500_com.android.server.GestureLauncherService
10-14 01:23:41.083 1151 1151 D SystemServerTiming: OnBootPhase_500_com.android.server.GestureLauncherService took to complete: 0ms
10-14 01:23:41.083 1151 1151 I SystemServerTiming: OnBootPhase_500_com.android.server.SensorNotificationService
10-14 01:23:41.083 1151 1151 D SystemServerTiming: OnBootPhase_500_com.android.server.SensorNotificationService took to complete: 0ms
10-14 01:23:41.083 1151 1151 I SystemServerTiming: OnBootPhase_500_com.android.server.emergency.EmergencyAffordanceService
10-14 01:23:41.083 1151 1151 D SystemServerTiming: OnBootPhase_500_com.android.server.emergency.EmergencyAffordanceService took to complete: 0ms
10-14 01:23:41.083 1151 1151 I SystemServerTiming: OnBootPhase_500_com.android.server.blob.BlobStoreManagerService
10-14 01:23:41.084 1151 1151 D SystemServerTiming: OnBootPhase_500_com.android.server.blob.BlobStoreManagerService took to complete: 0ms
10-14 01:23:41.084 1151 1151 I SystemServerTiming: OnBootPhase_500_com.android.server.dreams.DreamManagerService
10-14 01:23:41.085 1151 1151 D SystemServerTiming: OnBootPhase_500_com.android.server.dreams.DreamManagerService took to complete: 0ms
10-14 01:23:41.085 1151 1151 I SystemServerTiming: OnBootPhase_500_com.android.server.companion.CompanionDeviceManagerService
10-14 01:23:41.087 1151 1151 I CompanionDeviceManagerService: initBleScanning()
10-14 01:23:41.087 1151 1151 D SystemServerTiming: OnBootPhase_500_com.android.server.companion.CompanionDeviceManagerService took to complete: 1ms
10-14 01:23:41.087 1151 1151 I SystemServerTiming: OnBootPhase_500_com.android.server.restrictions.RestrictionsManagerService
10-14 01:23:41.087 1151 1151 D SystemServerTiming: OnBootPhase_500_com.android.server.restrictions.RestrictionsManagerService took to complete: 0ms
10-14 01:23:41.087 1151 1151 I SystemServerTiming: OnBootPhase_500_com.android.server.media.MediaSessionService
10-14 01:23:41.087 1151 1151 D SystemServerTiming: OnBootPhase_500_com.android.server.media.MediaSessionService took to complete: 0ms
10-14 01:23:41.088 1151 1151 I SystemServerTiming: OnBootPhase_500_com.android.server.media.MediaResourceMonitorService
10-14 01:23:41.088 1151 1151 D SystemServerTiming: OnBootPhase_500_com.android.server.media.MediaResourceMonitorService took to complete: 0ms
10-14 01:23:41.088 1151 1151 I SystemServerTiming: OnBootPhase_500_com.android.server.biometrics.sensors.fingerprint.FingerprintService
10-14 01:23:41.088 1151 1151 D SystemServerTiming: OnBootPhase_500_com.android.server.biometrics.sensors.fingerprint.FingerprintService took to complete: 0ms
10-14 01:23:41.088 1151 1151 I SystemServerTiming: OnBootPhase_500_com.android.server.biometrics.BiometricService
10-14 01:23:41.088 1151 1151 D SystemServerTiming: OnBootPhase_500_com.android.server.biometrics.BiometricService took to complete: 0ms
10-14 01:23:41.088 1151 1151 I SystemServerTiming: OnBootPhase_500_com.android.server.biometrics.AuthService
10-14 01:23:41.088 1151 1151 D SystemServerTiming: OnBootPhase_500_com.android.server.biometrics.AuthService took to complete: 0ms
10-14 01:23:41.088 1151 1151 I SystemServerTiming: OnBootPhase_500_com.android.server.pm.ShortcutService$Lifecycle
10-14 01:23:41.088 1151 1151 D SystemServerTiming: OnBootPhase_500_com.android.server.pm.ShortcutService$Lifecycle took to complete: 0ms
10-14 01:23:41.088 1151 1151 I SystemServerTiming: OnBootPhase_500_com.android.server.pm.LauncherAppsService
10-14 01:23:41.088 1151 1151 D SystemServerTiming: OnBootPhase_500_com.android.server.pm.LauncherAppsService took to complete: 0ms
10-14 01:23:41.088 1151 1151 I SystemServerTiming: OnBootPhase_500_com.android.server.pm.CrossProfileAppsService
10-14 01:23:41.088 1151 1151 D SystemServerTiming: OnBootPhase_500_com.android.server.pm.CrossProfileAppsService took to complete: 0ms
10-14 01:23:41.088 1151 1151 I SystemServerTiming: OnBootPhase_500_com.android.server.people.PeopleService
10-14 01:23:41.089 1151 1151 D SystemServerTiming: OnBootPhase_500_com.android.server.people.PeopleService took to complete: 0ms
10-14 01:23:41.089 1151 1151 I SystemServerTiming: OnBootPhase_500_com.android.server.media.metrics.MediaMetricsManagerService
10-14 01:23:41.089 1151 1151 D SystemServerTiming: OnBootPhase_500_com.android.server.media.metrics.MediaMetricsManagerService took to complete: 0ms
10-14 01:23:41.089 1151 1151 I SystemServerTiming: OnBootPhase_500_com.android.server.media.projection.MediaProjectionManagerService
10-14 01:23:41.089 1151 1151 D SystemServerTiming: OnBootPhase_500_com.android.server.media.projection.MediaProjectionManagerService took to complete: 0ms
10-14 01:23:41.089 1151 1151 I SystemServerTiming: OnBootPhase_500_com.android.server.slice.SliceManagerService$Lifecycle
10-14 01:23:41.089 1151 1151 D SystemServerTiming: OnBootPhase_500_com.android.server.slice.SliceManagerService$Lifecycle took to complete: 0ms
10-14 01:23:41.089 1151 1151 I SystemServerTiming: OnBootPhase_500_com.android.server.stats.StatsCompanion$Lifecycle
10-14 01:23:41.089 1151 1151 D SystemServerTiming: OnBootPhase_500_com.android.server.stats.StatsCompanion$Lifecycle took to complete: 0ms
10-14 01:23:41.089 1151 1151 I SystemServerTiming: OnBootPhase_500_com.android.server.scheduling.RebootReadinessManagerService$Lifecycle
10-14 01:23:41.089 1151 1151 D SystemServerTiming: OnBootPhase_500_com.android.server.scheduling.RebootReadinessManagerService$Lifecycle took to complete: 0ms
10-14 01:23:41.089 1151 1151 I SystemServerTiming: OnBootPhase_500_com.android.server.stats.pull.StatsPullAtomService
10-14 01:23:41.090 1151 1151 D SystemServerTiming: OnBootPhase_500_com.android.server.stats.pull.StatsPullAtomService took to complete: 0ms
10-14 01:23:41.090 1151 1151 I SystemServerTiming: OnBootPhase_500_com.android.server.incident.IncidentCompanionService
10-14 01:23:41.090 1151 1151 D SystemServerTiming: OnBootPhase_500_com.android.server.incident.IncidentCompanionService took to complete: 0ms
10-14 01:23:41.090 1151 1151 I SystemServerTiming: OnBootPhase_500_com.android.server.MmsServiceBroker
10-14 01:23:41.090 1151 1151 D SystemServerTiming: OnBootPhase_500_com.android.server.MmsServiceBroker took to complete: 0ms
10-14 01:23:41.090 1151 1151 I SystemServerTiming: OnBootPhase_500_com.android.server.autofill.AutofillManagerService
10-14 01:23:41.090 1151 1151 D SystemServerTiming: OnBootPhase_500_com.android.server.autofill.AutofillManagerService took to complete: 0ms
10-14 01:23:41.090 1151 1151 I SystemServerTiming: OnBootPhase_500_com.android.server.clipboard.ClipboardService
10-14 01:23:41.090 1151 1151 D SystemServerTiming: OnBootPhase_500_com.android.server.clipboard.ClipboardService took to complete: 0ms
10-14 01:23:41.090 1151 1151 I SystemServerTiming: OnBootPhase_500_com.android.server.appbinding.AppBindingService$Lifecycle
10-14 01:23:41.090 1151 1151 D SystemServerTiming: OnBootPhase_500_com.android.server.appbinding.AppBindingService$Lifecycle took to complete: 0ms
10-14 01:23:41.090 1151 1151 I SystemServerTiming: OnBootPhase_500_com.android.server.tracing.TracingServiceProxy
10-14 01:23:41.090 1151 1151 D SystemServerTiming: OnBootPhase_500_com.android.server.tracing.TracingServiceProxy took to complete: 0ms
10-14 01:23:41.090 1151 1151 D SystemServerTiming: OnBootPhase_500 took to complete: 172ms
10-14 01:23:41.090 1151 1151 D SystemServerTiming: StartBootPhaseSystemServicesReady took to complete: 172ms
10-14 01:23:41.091 1151 1151 I SystemServerTiming: MakeWindowManagerServiceReady
10-14 01:23:41.101 1151 1151 D SystemServerTiming: MakeWindowManagerServiceReady took to complete: 10ms
10-14 01:23:41.103 1151 1151 I SystemServerTiming: MakePowerManagerServiceReady
10-14 01:23:41.107 1151 1151 I AttentionDetector: readValuesFromDeviceConfig():
10-14 01:23:41.107 1151 1151 I AttentionDetector: mMaximumExtensionMillis=900000
10-14 01:23:41.107 1151 1151 I AttentionDetector: mPreDimCheckDurationMillis=2000
10-14 01:23:41.107 1151 1151 I AttentionDetector: mRequestedPostDimTimeoutMillis=0
10-14 01:23:41.115 1151 1151 E DisplayPowerController[0]: failed to set up display white-balance: java.lang.IllegalStateException: cannot find light sensor
10-14 01:23:41.115 1151 1151 W DisplayPowerController[0]: Screen brightness nits configuration is unavailable; falling back
10-14 01:23:41.129 1151 1348 I HealthServiceWrapper: health: HealthServiceWrapper listening to instance default
10-14 01:23:41.130 1151 1439 W KeyguardServiceDelegate: onScreenTurningOn(): no keyguard service!
01-01 08:00:59.163 0 0 I [kworke][0x42da12fb][01:23:41.129141] wlan: [276:I:HDD] hdd_pm_qos_add_request: 9360: Set cpu_mask 0f for affine_cores
10-14 01:23:41.131 1151 1439 V DisplayPowerController[0]: Brightness [1.0] reason changing to: 'override', previous reason: '0'.
10-14 01:23:41.132 1151 1151 I FaceDownDetector: readValuesFromDeviceConfig():
10-14 01:23:41.132 1151 1151 I FaceDownDetector: mAccelerationThreshold=0.2
10-14 01:23:41.132 1151 1151 I FaceDownDetector: mZAccelerationThreshold=-9.5
10-14 01:23:41.132 1151 1151 I FaceDownDetector: mTimeThreshold=PT1S
10-14 01:23:41.132 1151 1151 I FaceDownDetector: mIsEnabled=true
10-14 01:23:41.133 1151 1151 I ScreenUndimDetector: readValuesFromDeviceConfig():
10-14 01:23:41.133 1151 1151 I ScreenUndimDetector: mKeepScreenOnForMillis=600000
10-14 01:23:41.133 1151 1151 I ScreenUndimDetector: mKeepScreenOnNotificationEnabled=false
10-14 01:23:41.133 1151 1151 I ScreenUndimDetector: mUndimsRequired=2
10-14 01:23:41.134 1151 1348 D StatsPullAtomService: Registering pullers with statsd
01-01 08:00:59.163 0 0 I [kworke][0x42da15b2][01:23:41.129177] wlan: [276:I:HDD] hdd_pm_qos_add_request: 9362: Set cpu_mask 0f for affine_cores
01-01 08:00:59.164 0 0 D cnss : Sending ini sync request, state: 0x17, fw_log_mode: 1
10-14 01:23:41.136 1151 1151 D SystemServerTiming: MakePowerManagerServiceReady took to complete: 31ms
10-14 01:23:41.136 1151 1151 I SystemServerTiming: StartPermissionPolicyService
10-14 01:23:41.136 1151 1151 I SystemServiceManager: Starting com.android.server.policy.PermissionPolicyService
10-14 01:23:41.142 1151 1375 E KernelCpuSpeedReader: Failed to read cpu-freq: /sys/devices/system/cpu/cpu4/cpufreq/stats/time_in_state: open failed: ENOENT (No such file or directory)
10-14 01:23:41.142 1151 1375 E KernelCpuSpeedReader: Failed to read cpu-freq: /sys/devices/system/cpu/cpu0/cpufreq/stats/time_in_state: open failed: ENOENT (No such file or directory)
10-14 01:23:41.143 1151 1151 D SystemServerTiming: StartPermissionPolicyService took to complete: 7ms
10-14 01:23:41.143 1151 1151 I SystemServerTiming: MakePackageManagerServiceReady
01-01 08:00:59.171 0 0 I [kworke][0x42dc969a][01:23:41.137723] wlan: [276:I:HIF] Initializing Runtime PM wakelock &sc->prevent_linkdown_lock
01-01 08:00:59.171 0 0 I [kworke][0x42dc9f32][01:23:41.137837] wlan: [276:I:HIF] hif_pci_enable_bus: con_mode = 0x0, WLAN_SOC_device_id = 0x1101
