01-01 08:00:45.183 1186 1186 I auditd : type=1400 audit(0.0:20): avc: denied { write } for comm="ln" name="fs" dev="configfs" ino=45119 scontext=u:r:vendor_qti_init_shell:s0 tcontext=u:object_r:configfs:s0 tclass=dir permissive=0
01-01 08:00:45.188 0 0 E msm-pcm-routing soc: qcom,msm-pcm-routing: ASoC: no source widget found for AUX_PCM_TX
01-01 08:00:45.198 0 0 E msm-pcm-routing soc: qcom,msm-pcm-routing: ASoC: Failed to add route AUX_PCM_TX -> AUX_PCM_UL_TX -> VoLTE Stub Tx Mixer
01-01 08:00:45.219 1188 1188 I auditd : type=1400 audit(0.0:21): avc: denied { write } for comm="ln" name="ss" dev="configfs" ino=45120 scontext=u:r:vendor_qti_init_shell:s0 tcontext=u:object_r:configfs:s0 tclass=dir permissive=0
01-01 08:00:45.217 0 0 E msm-pcm-routing soc: qcom,msm-pcm-routing: ASoC: no source widget found for AUX_PCM_RX
01-01 08:00:45.227 0 0 E msm-pcm-routing soc: qcom,msm-pcm-routing: ASoC: Failed to add route AUX_PCM_RX -> direct -> BE_OUT
01-01 08:00:45.251 1190 1190 I auditd : type=1400 audit(0.0:22): avc: denied { write } for comm="mkdir" name="uncompressed" dev="configfs" ino=45123 scontext=u:r:vendor_qti_init_shell:s0 tcontext=u:object_r:configfs:s0 tclass=dir permissive=0
01-01 08:00:45.255 0 0 W msm-pcm-routing soc: qcom,msm-pcm-routing: ASoC: no dapm match for MM_DL23 --> MultiMedia23 --> QUIN_TDM_RX_1 Audio Mixer
01-01 08:00:45.255 0 0 E msm-pcm-routing soc: qcom,msm-pcm-routing: ASoC: Failed to add route MM_DL23 -> MultiMedia23 -> QUIN_TDM_RX_1 Audio Mixer
01-01 08:00:45.268 0 0 W msm-pcm-routing soc: qcom,msm-pcm-routing: ASoC: no dapm match for MM_DL24 --> MultiMedia24 --> QUIN_TDM_RX_1 Audio Mixer
01-01 08:00:45.268 0 0 E msm-pcm-routing soc: qcom,msm-pcm-routing: ASoC: Failed to add route MM_DL24 -> MultiMedia24 -> QUIN_TDM_RX_1 Audio Mixer
01-01 08:00:45.279 1192 1192 I auditd : type=1400 audit(0.0:23): avc: denied { write } for comm="mkdir" name="uncompressed" dev="configfs" ino=45123 scontext=u:r:vendor_qti_init_shell:s0 tcontext=u:object_r:configfs:s0 tclass=dir permissive=0
01-01 08:00:45.281 0 0 W msm-pcm-routing soc: qcom,msm-pcm-routing: ASoC: no dapm match for MM_DL25 --> MultiMedia25 --> QUIN_TDM_RX_1 Audio Mixer
01-01 08:00:45.281 0 0 E msm-pcm-routing soc: qcom,msm-pcm-routing: ASoC: Failed to add route MM_DL25 -> MultiMedia25 -> QUIN_TDM_RX_1 Audio Mixer
01-01 08:00:45.314 1151 1151 I SystemServerTiming: InitBeforeStartServices
01-01 08:00:45.318 1151 1151 I system_server_start: [1,38316,38316]
01-01 08:00:45.319 1151 1151 I SystemServer: Entered the Android system server!
01-01 08:00:45.319 1151 1151 I boot_progress_system_run: 38341
01-01 08:00:45.315 1194 1194 I auditd : type=1400 audit(0.0:24): avc: denied { write } for comm="mkdir" name="mjpeg" dev="configfs" ino=45124 scontext=u:r:vendor_qti_init_shell:s0 tcontext=u:object_r:configfs:s0 tclass=dir permissive=0
01-01 08:00:45.355 1196 1196 I auditd : type=1400 audit(0.0:25): avc: denied { write } for comm="mkdir" name="mjpeg" dev="configfs" ino=45124 scontext=u:r:vendor_qti_init_shell:s0 tcontext=u:object_r:configfs:s0 tclass=dir permissive=0
01-01 08:00:45.362 0 0 E msm-pcm-routing soc: qcom,msm-pcm-routing: ASoC: no source widget found for AUX_PCM_TX
01-01 08:00:45.371 0 0 E msm-pcm-routing soc: qcom,msm-pcm-routing: ASoC: Failed to add route AUX_PCM_TX -> AUX_PCM_UL_TX -> SLIMBUS_0_RX Port Mixer
01-01 08:00:45.379 0 0 E msm-dcc 1023000.dcc_v2: DCC is not ready Disabling DCC...
01-01 08:00:45.383 1198 1198 I auditd : type=1400 audit(0.0:26): avc: denied { write } for comm="mkdir" name="h264" dev="configfs" ino=45125 scontext=u:r:vendor_qti_init_shell:s0 tcontext=u:object_r:configfs:s0 tclass=dir permissive=0
01-01 08:00:45.385 0 0 E msm-pcm-routing soc: qcom,msm-pcm-routing: ASoC: no source widget found for SEC_AUX_PCM_TX
01-01 08:00:45.400 0 0 E msm-pcm-routing soc: qcom,msm-pcm-routing: ASoC: Failed to add route SEC_AUX_PCM_TX -> SEC_AUX_PCM_UL_TX -> SLIMBUS_0_RX Port Mixer
01-01 08:00:45.414 0 0 E msm-pcm-routing soc: qcom,msm-pcm-routing: ASoC: no source widget found for TERT_AUX_PCM_TX
01-01 08:00:45.424 0 0 E msm-pcm-routing soc: qcom,msm-pcm-routing: ASoC: Failed to add route TERT_AUX_PCM_TX -> TERT_AUXPCM_UL_TX -> SLIMBUS_0_RX Port Mixer
01-01 08:00:45.411 1199 1199 I auditd : type=1400 audit(0.0:27): avc: denied { write } for comm="mkdir" name="h264" dev="configfs" ino=45125 scontext=u:r:vendor_qti_init_shell:s0 tcontext=u:object_r:configfs:s0 tclass=dir permissive=0
01-01 08:00:45.438 0 0 E msm-pcm-routing soc: qcom,msm-pcm-routing: ASoC: no source widget found for QUAT_AUX_PCM_TX
01-01 08:00:45.448 0 0 E msm-pcm-routing soc: qcom,msm-pcm-routing: ASoC: Failed to add route QUAT_AUX_PCM_TX -> QUAT_AUXPCM_UL_TX -> SLIMBUS_0_RX Port Mixer
01-01 08:00:45.443 1200 1200 I auditd : type=1400 audit(0.0:28): avc: denied { write } for comm="mkdir" name="header" dev="configfs" ino=45122 scontext=u:r:vendor_qti_init_shell:s0 tcontext=u:object_r:configfs:s0 tclass=dir permissive=0
01-01 08:00:45.462 0 0 E msm-pcm-routing soc: qcom,msm-pcm-routing: ASoC: no source widget found for QUIN_AUX_PCM_TX
01-01 08:00:45.471 0 0 E msm-pcm-routing soc: qcom,msm-pcm-routing: ASoC: Failed to add route QUIN_AUX_PCM_TX -> QUIN_AUXPCM_UL_TX -> SLIMBUS_0_RX Port Mixer
01-01 08:00:45.486 0 0 E msm-pcm-routing soc: qcom,msm-pcm-routing: ASoC: no source widget found for SEN_AUX_PCM_TX
01-01 08:00:45.491 1201 1201 I auditd : type=1400 audit(0.0:29): avc: denied { write } for comm="ln" name="header" dev="configfs" ino=45122 scontext=u:r:vendor_qti_init_shell:s0 tcontext=u:object_r:configfs:s0 tclass=dir permissive=0
01-01 08:00:45.495 0 0 E msm-pcm-routing soc: qcom,msm-pcm-routing: ASoC: Failed to add route SEN_AUX_PCM_TX -> SEN_AUXPCM_UL_TX -> SLIMBUS_0_RX Port Mixer
01-01 08:00:45.523 1202 1202 I auditd : type=1400 audit(0.0:30): avc: denied { write } for comm="ln" name="header" dev="configfs" ino=45122 scontext=u:r:vendor_qti_init_shell:s0 tcontext=u:object_r:configfs:s0 tclass=dir permissive=0
01-01 08:00:45.555 1203 1203 I auditd : type=1400 audit(0.0:31): avc: denied { write } for comm="ln" name="header" dev="configfs" ino=45122 scontext=u:r:vendor_qti_init_shell:s0 tcontext=u:object_r:configfs:s0 tclass=dir permissive=0
01-01 08:00:45.587 1204 1204 I auditd : type=1400 audit(0.0:32): avc: denied { write } for comm="ln" name="fs" dev="configfs" ino=45129 scontext=u:r:vendor_qti_init_shell:s0 tcontext=u:object_r:configfs:s0 tclass=dir permissive=0
01-01 08:00:45.635 1205 1205 I auditd : type=1400 audit(0.0:33): avc: denied { write } for comm="ln" name="hs" dev="configfs" ino=45130 scontext=u:r:vendor_qti_init_shell:s0 tcontext=u:object_r:configfs:s0 tclass=dir permissive=0
01-01 08:00:45.683 1208 1208 I auditd : type=1400 audit(0.0:34): avc: denied { write } for comm="ln" name="ss" dev="configfs" ino=45131 scontext=u:r:vendor_qti_init_shell:s0 tcontext=u:object_r:configfs:s0 tclass=dir permissive=0
01-01 08:00:45.705 0 0 E msm-dcc 1023000.dcc_v2: DCC list passed 3
01-01 08:00:45.711 0 0 I msm-dcc 1023000.dcc_v2: All values written to enable.
01-01 08:00:45.711 0 0 E msm-dcc 1023000.dcc_v2: DCC list passed 4
01-01 08:00:45.717 0 0 I msm-dcc 1023000.dcc_v2: All values written to enable.
01-01 08:00:45.717 0 0 E msm-dcc 1023000.dcc_v2: DCC list passed 6
01-01 08:00:45.723 0 0 I msm-dcc 1023000.dcc_v2: All values written to enable.
01-01 08:00:45.987 0 0 I msm_vidc: err : ffffffff: .....: DBLP Set: status 0
01-01 08:00:46.487 0 0 E msm-dai-fe soc: qcom,msm-dai-fe: ASoC: no sink widget found for AUXPCM_DL_HL
01-01 08:00:46.496 0 0 E msm-dai-fe soc: qcom,msm-dai-fe: ASoC: Failed to add route AUXPCM_HOSTLESS Playback -> direct -> AUXPCM_DL_HL
01-01 08:00:46.507 0 0 E msm-dai-fe soc: qcom,msm-dai-fe: ASoC: no source widget found for AUXPCM_UL_HL
01-01 08:00:46.516 0 0 E msm-dai-fe soc: qcom,msm-dai-fe: ASoC: Failed to add route AUXPCM_UL_HL -> direct -> AUXPCM_HOSTLESS Capture
01-01 08:00:46.539 0 0 E msm-auxpcm-dev soc: qcom,msm-pri-auxpcm: ASoC: no source widget found for AUX_PCM_RX
01-01 08:00:46.549 0 0 E msm-auxpcm-dev soc: qcom,msm-pri-auxpcm: ASoC: Failed to add route AUX_PCM_RX -> direct -> AUX PCM Playback
01-01 08:00:46.560 0 0 E msm-auxpcm-dev soc: qcom,msm-pri-auxpcm: ASoC: no sink widget found for AUX_PCM_TX
01-01 08:00:46.569 0 0 E msm-auxpcm-dev soc: qcom,msm-pri-auxpcm: ASoC: Failed to add route AUX PCM Capture -> direct -> AUX_PCM_TX
01-01 08:00:46.580 0 0 E msm-auxpcm-dev soc: qcom,msm-sec-auxpcm: ASoC: no source widget found for SEC_AUX_PCM_RX
01-01 08:00:46.589 0 0 E msm-auxpcm-dev soc: qcom,msm-sec-auxpcm: ASoC: Failed to add route SEC_AUX_PCM_RX -> direct -> Sec AUX PCM Playback
01-01 08:00:46.601 0 0 E msm-auxpcm-dev soc: qcom,msm-sec-auxpcm: ASoC: no sink widget found for SEC_AUX_PCM_TX
01-01 08:00:46.611 0 0 E msm-auxpcm-dev soc: qcom,msm-sec-auxpcm: ASoC: Failed to add route Sec AUX PCM Capture -> direct -> SEC_AUX_PCM_TX
01-01 08:00:46.623 0 0 E msm-auxpcm-dev soc: qcom,msm-tert-auxpcm: ASoC: no source widget found for TERT_AUX_PCM_RX
01-01 08:00:46.632 0 0 E msm-auxpcm-dev soc: qcom,msm-tert-auxpcm: ASoC: Failed to add route TERT_AUX_PCM_RX -> direct -> Tert AUX PCM Playback
01-01 08:00:46.644 0 0 E msm-auxpcm-dev soc: qcom,msm-tert-auxpcm: ASoC: no sink widget found for TERT_AUX_PCM_TX
01-01 08:00:46.654 0 0 E msm-auxpcm-dev soc: qcom,msm-tert-auxpcm: ASoC: Failed to add route Tert AUX PCM Capture -> direct -> TERT_AUX_PCM_TX
01-01 08:00:46.666 0 0 E msm-auxpcm-dev soc: qcom,msm-quat-auxpcm: ASoC: no source widget found for QUAT_AUX_PCM_RX
01-01 08:00:46.676 0 0 E msm-auxpcm-dev soc: qcom,msm-quat-auxpcm: ASoC: Failed to add route QUAT_AUX_PCM_RX -> direct -> Quat AUX PCM Playback
01-01 08:00:46.688 0 0 E msm-auxpcm-dev soc: qcom,msm-quat-auxpcm: ASoC: no sink widget found for QUAT_AUX_PCM_TX
01-01 08:00:46.697 0 0 E msm-auxpcm-dev soc: qcom,msm-quat-auxpcm: ASoC: Failed to add route Quat AUX PCM Capture -> direct -> QUAT_AUX_PCM_TX
01-01 08:00:46.709 0 0 E msm-auxpcm-dev soc: qcom,msm-quin-auxpcm: ASoC: no source widget found for QUIN_AUX_PCM_RX
01-01 08:00:46.719 0 0 E msm-auxpcm-dev soc: qcom,msm-quin-auxpcm: ASoC: Failed to add route QUIN_AUX_PCM_RX -> direct -> Quin AUX PCM Playback
01-01 08:00:46.731 0 0 E msm-auxpcm-dev soc: qcom,msm-quin-auxpcm: ASoC: no sink widget found for QUIN_AUX_PCM_TX
01-01 08:00:46.741 0 0 E msm-auxpcm-dev soc: qcom,msm-quin-auxpcm: ASoC: Failed to add route Quin AUX PCM Capture -> direct -> QUIN_AUX_PCM_TX
01-01 08:00:46.753 0 0 E msm-auxpcm-dev soc: qcom,msm-sen-auxpcm: ASoC: no source widget found for SEN_AUX_PCM_RX
01-01 08:00:46.763 0 0 E msm-auxpcm-dev soc: qcom,msm-sen-auxpcm: ASoC: Failed to add route SEN_AUX_PCM_RX -> direct -> Sen AUX PCM Playback
01-01 08:00:46.775 0 0 E msm-auxpcm-dev soc: qcom,msm-sen-auxpcm: ASoC: no sink widget found for SEN_AUX_PCM_TX
01-01 08:00:46.784 0 0 E msm-auxpcm-dev soc: qcom,msm-sen-auxpcm: ASoC: Failed to add route Sen AUX PCM Capture -> direct -> SEN_AUX_PCM_TX
01-01 08:00:46.796 0 0 W msm-dai-q6-hdmi soc: qcom,msm-dai-q6-dp: DAI driver id is not set
01-01 08:00:47.205 0 0 E bolero-codec soc: qcom,msm-audio-apr:qcom,q6core-audio:bolero-cdc: ASoC: unknown pin WSA AIF VI
01-01 08:00:47.263 0 0 E kona-asoc-snd soc: qcom,msm-audio-apr:qcom,q6core-audio:sound: ASoC: no source widget found for MIC BIAS1
01-01 08:00:47.274 0 0 E kona-asoc-snd soc: qcom,msm-audio-apr:qcom,q6core-audio:sound: ASoC: Failed to add route MIC BIAS1 -> direct -> AMIC1
01-01 08:00:47.287 0 0 E kona-asoc-snd soc: qcom,msm-audio-apr:qcom,q6core-audio:sound: ASoC: no sink widget found for MIC BIAS1
01-01 08:00:47.297 0 0 E kona-asoc-snd soc: qcom,msm-audio-apr:qcom,q6core-audio:sound: ASoC: Failed to add route Analog Mic1 -> direct -> MIC BIAS1
01-01 08:00:47.310 0 0 E kona-asoc-snd soc: qcom,msm-audio-apr:qcom,q6core-audio:sound: ASoC: no source widget found for MIC BIAS2
01-01 08:00:47.321 0 0 E kona-asoc-snd soc: qcom,msm-audio-apr:qcom,q6core-audio:sound: ASoC: Failed to add route MIC BIAS2 -> direct -> AMIC2
01-01 08:00:47.333 0 0 E kona-asoc-snd soc: qcom,msm-audio-apr:qcom,q6core-audio:sound: ASoC: no sink widget found for MIC BIAS2
01-01 08:00:47.344 0 0 E kona-asoc-snd soc: qcom,msm-audio-apr:qcom,q6core-audio:sound: ASoC: Failed to add route Analog Mic2 -> direct -> MIC BIAS2
01-01 08:00:47.357 0 0 E kona-asoc-snd soc: qcom,msm-audio-apr:qcom,q6core-audio:sound: ASoC: no source widget found for MIC BIAS3
01-01 08:00:47.369 0 0 E kona-asoc-snd soc: qcom,msm-audio-apr:qcom,q6core-audio:sound: ASoC: Failed to add route MIC BIAS3 -> direct -> AMIC3
01-01 08:00:47.381 0 0 E kona-asoc-snd soc: qcom,msm-audio-apr:qcom,q6core-audio:sound: ASoC: no sink widget found for MIC BIAS3
01-01 08:00:47.392 0 0 E kona-asoc-snd soc: qcom,msm-audio-apr:qcom,q6core-audio:sound: ASoC: Failed to add route Analog Mic3 -> direct -> MIC BIAS3
01-01 08:00:47.404 0 0 E kona-asoc-snd soc: qcom,msm-audio-apr:qcom,q6core-audio:sound: ASoC: no source widget found for MIC BIAS3
01-01 08:00:47.415 0 0 E kona-asoc-snd soc: qcom,msm-audio-apr:qcom,q6core-audio:sound: ASoC: Failed to add route MIC BIAS3 -> direct -> AMIC4
01-01 08:00:47.427 0 0 E kona-asoc-snd soc: qcom,msm-audio-apr:qcom,q6core-audio:sound: ASoC: no sink widget found for MIC BIAS3
01-01 08:00:47.438 0 0 E kona-asoc-snd soc: qcom,msm-audio-apr:qcom,q6core-audio:sound: ASoC: Failed to add route Analog Mic4 -> direct -> MIC BIAS3
01-01 08:00:47.451 0 0 E kona-asoc-snd soc: qcom,msm-audio-apr:qcom,q6core-audio:sound: ASoC: no source widget found for MIC BIAS4
01-01 08:00:47.462 0 0 E kona-asoc-snd soc: qcom,msm-audio-apr:qcom,q6core-audio:sound: ASoC: Failed to add route MIC BIAS4 -> direct -> AMIC5
01-01 08:00:47.474 0 0 E kona-asoc-snd soc: qcom,msm-audio-apr:qcom,q6core-audio:sound: ASoC: no sink widget found for MIC BIAS4
01-01 08:00:47.485 0 0 E kona-asoc-snd soc: qcom,msm-audio-apr:qcom,q6core-audio:sound: ASoC: Failed to add route Analog Mic5 -> direct -> MIC BIAS4
01-01 08:00:47.497 0 0 E kona-asoc-snd soc: qcom,msm-audio-apr:qcom,q6core-audio:sound: ASoC: no source widget found for MIC BIAS3
01-01 08:00:47.508 0 0 E kona-asoc-snd soc: qcom,msm-audio-apr:qcom,q6core-audio:sound: ASoC: Failed to add route MIC BIAS3 -> direct -> TX DMIC0
01-01 08:00:47.521 0 0 E kona-asoc-snd soc: qcom,msm-audio-apr:qcom,q6core-audio:sound: ASoC: no sink widget found for MIC BIAS3
01-01 08:00:47.532 0 0 E kona-asoc-snd soc: qcom,msm-audio-apr:qcom,q6core-audio:sound: ASoC: Failed to add route Digital Mic0 -> direct -> MIC BIAS3
01-01 08:00:47.544 0 0 E kona-asoc-snd soc: qcom,msm-audio-apr:qcom,q6core-audio:sound: ASoC: no source widget found for MIC BIAS3
01-01 08:00:47.555 0 0 E kona-asoc-snd soc: qcom,msm-audio-apr:qcom,q6core-audio:sound: ASoC: Failed to add route MIC BIAS3 -> direct -> TX DMIC1
01-01 08:00:47.568 0 0 E kona-asoc-snd soc: qcom,msm-audio-apr:qcom,q6core-audio:sound: ASoC: no sink widget found for MIC BIAS3
01-01 08:00:47.578 0 0 E kona-asoc-snd soc: qcom,msm-audio-apr:qcom,q6core-audio:sound: ASoC: Failed to add route Digital Mic1 -> direct -> MIC BIAS3
01-01 08:00:47.591 0 0 E kona-asoc-snd soc: qcom,msm-audio-apr:qcom,q6core-audio:sound: ASoC: no source widget found for MIC BIAS1
01-01 08:00:47.602 0 0 E kona-asoc-snd soc: qcom,msm-audio-apr:qcom,q6core-audio:sound: ASoC: Failed to add route MIC BIAS1 -> direct -> TX DMIC2
01-01 08:00:47.614 0 0 E kona-asoc-snd soc: qcom,msm-audio-apr:qcom,q6core-audio:sound: ASoC: no sink widget found for MIC BIAS1
01-01 08:00:47.625 0 0 E kona-asoc-snd soc: qcom,msm-audio-apr:qcom,q6core-audio:sound: ASoC: Failed to add route Digital Mic2 -> direct -> MIC BIAS1
01-01 08:00:47.638 0 0 E kona-asoc-snd soc: qcom,msm-audio-apr:qcom,q6core-audio:sound: ASoC: no source widget found for MIC BIAS1
01-01 08:00:47.649 0 0 E kona-asoc-snd soc: qcom,msm-audio-apr:qcom,q6core-audio:sound: ASoC: Failed to add route MIC BIAS1 -> direct -> TX DMIC3
01-01 08:00:47.661 0 0 E kona-asoc-snd soc: qcom,msm-audio-apr:qcom,q6core-audio:sound: ASoC: no sink widget found for MIC BIAS1
01-01 08:00:47.672 0 0 E kona-asoc-snd soc: qcom,msm-audio-apr:qcom,q6core-audio:sound: ASoC: Failed to add route Digital Mic3 -> direct -> MIC BIAS1
01-01 08:00:47.685 0 0 E kona-asoc-snd soc: qcom,msm-audio-apr:qcom,q6core-audio:sound: ASoC: no source widget found for MIC BIAS4
01-01 08:00:47.696 0 0 E kona-asoc-snd soc: qcom,msm-audio-apr:qcom,q6core-audio:sound: ASoC: Failed to add route MIC BIAS4 -> direct -> TX DMIC4
01-01 08:00:47.708 0 0 E kona-asoc-snd soc: qcom,msm-audio-apr:qcom,q6core-audio:sound: ASoC: no sink widget found for MIC BIAS4
01-01 08:00:47.719 0 0 E kona-asoc-snd soc: qcom,msm-audio-apr:qcom,q6core-audio:sound: ASoC: Failed to add route Digital Mic4 -> direct -> MIC BIAS4
01-01 08:00:47.732 0 0 E kona-asoc-snd soc: qcom,msm-audio-apr:qcom,q6core-audio:sound: ASoC: no source widget found for MIC BIAS4
01-01 08:00:47.743 0 0 E kona-asoc-snd soc: qcom,msm-audio-apr:qcom,q6core-audio:sound: ASoC: Failed to add route MIC BIAS4 -> direct -> TX DMIC5
01-01 08:00:47.756 0 0 E kona-asoc-snd soc: qcom,msm-audio-apr:qcom,q6core-audio:sound: ASoC: no sink widget found for MIC BIAS4
01-01 08:00:47.767 0 0 E kona-asoc-snd soc: qcom,msm-audio-apr:qcom,q6core-audio:sound: ASoC: Failed to add route Digital Mic5 -> direct -> MIC BIAS4
01-01 08:00:47.779 0 0 E kona-asoc-snd soc: qcom,msm-audio-apr:qcom,q6core-audio:sound: ASoC: no sink widget found for IN1_HPHL
01-01 08:00:47.790 0 0 E kona-asoc-snd soc: qcom,msm-audio-apr:qcom,q6core-audio:sound: ASoC: Failed to add route HPHL_OUT -> direct -> IN1_HPHL
01-01 08:00:47.803 0 0 E kona-asoc-snd soc: qcom,msm-audio-apr:qcom,q6core-audio:sound: ASoC: no sink widget found for IN2_HPHR
01-01 08:00:47.813 0 0 E kona-asoc-snd soc: qcom,msm-audio-apr:qcom,q6core-audio:sound: ASoC: Failed to add route HPHR_OUT -> direct -> IN2_HPHR
01-01 08:00:47.826 0 0 E kona-asoc-snd soc: qcom,msm-audio-apr:qcom,q6core-audio:sound: ASoC: no sink widget found for IN3_AUX
01-01 08:00:47.836 0 0 E kona-asoc-snd soc: qcom,msm-audio-apr:qcom,q6core-audio:sound: ASoC: Failed to add route AUX_OUT -> direct -> IN3_AUX
01-01 08:00:47.848 0 0 E kona-asoc-snd soc: qcom,msm-audio-apr:qcom,q6core-audio:sound: ASoC: no source widget found for ADC1_OUTPUT
01-01 08:00:47.860 0 0 E kona-asoc-snd soc: qcom,msm-audio-apr:qcom,q6core-audio:sound: ASoC: Failed to add route ADC1_OUTPUT -> direct -> TX SWR_ADC0
01-01 08:00:47.872 0 0 E kona-asoc-snd soc: qcom,msm-audio-apr:qcom,q6core-audio:sound: ASoC: no source widget found for ADC2_OUTPUT
01-01 08:00:47.884 0 0 E kona-asoc-snd soc: qcom,msm-audio-apr:qcom,q6core-audio:sound: ASoC: Failed to add route ADC2_OUTPUT -> direct -> TX SWR_ADC1
01-01 08:00:47.896 0 0 E kona-asoc-snd soc: qcom,msm-audio-apr:qcom,q6core-audio:sound: ASoC: no source widget found for ADC3_OUTPUT
01-01 08:00:47.907 0 0 E kona-asoc-snd soc: qcom,msm-audio-apr:qcom,q6core-audio:sound: ASoC: Failed to add route ADC3_OUTPUT -> direct -> TX SWR_ADC2
01-01 08:00:47.920 0 0 E kona-asoc-snd soc: qcom,msm-audio-apr:qcom,q6core-audio:sound: ASoC: no source widget found for ADC4_OUTPUT
01-01 08:00:47.931 0 0 E kona-asoc-snd soc: qcom,msm-audio-apr:qcom,q6core-audio:sound: ASoC: Failed to add route ADC4_OUTPUT -> direct -> TX SWR_ADC3
01-01 08:00:47.944 0 0 E kona-asoc-snd soc: qcom,msm-audio-apr:qcom,q6core-audio:sound: ASoC: no source widget found for DMIC1_OUTPUT
01-01 08:00:47.955 0 0 E kona-asoc-snd soc: qcom,msm-audio-apr:qcom,q6core-audio:sound: ASoC: Failed to add route DMIC1_OUTPUT -> direct -> TX SWR_DMIC0
01-01 08:00:47.969 0 0 E kona-asoc-snd soc: qcom,msm-audio-apr:qcom,q6core-audio:sound: ASoC: no source widget found for DMIC2_OUTPUT
01-01 08:00:47.980 0 0 E kona-asoc-snd soc: qcom,msm-audio-apr:qcom,q6core-audio:sound: ASoC: Failed to add route DMIC2_OUTPUT -> direct -> TX SWR_DMIC1
01-01 08:00:47.993 0 0 E kona-asoc-snd soc: qcom,msm-audio-apr:qcom,q6core-audio:sound: ASoC: no source widget found for DMIC3_OUTPUT
01-01 08:00:48.004 0 0 E kona-asoc-snd soc: qcom,msm-audio-apr:qcom,q6core-audio:sound: ASoC: Failed to add route DMIC3_OUTPUT -> direct -> TX SWR_DMIC2
01-01 08:00:48.017 0 0 E kona-asoc-snd soc: qcom,msm-audio-apr:qcom,q6core-audio:sound: ASoC: no source widget found for DMIC4_OUTPUT
01-01 08:00:48.028 0 0 E kona-asoc-snd soc: qcom,msm-audio-apr:qcom,q6core-audio:sound: ASoC: Failed to add route DMIC4_OUTPUT -> direct -> TX SWR_DMIC3
01-01 08:00:48.041 0 0 E kona-asoc-snd soc: qcom,msm-audio-apr:qcom,q6core-audio:sound: ASoC: no source widget found for DMIC5_OUTPUT
01-01 08:00:48.053 0 0 E kona-asoc-snd soc: qcom,msm-audio-apr:qcom,q6core-audio:sound: ASoC: Failed to add route DMIC5_OUTPUT -> direct -> TX SWR_DMIC4
01-01 08:00:48.066 0 0 E kona-asoc-snd soc: qcom,msm-audio-apr:qcom,q6core-audio:sound: ASoC: no source widget found for DMIC6_OUTPUT
01-01 08:00:48.077 0 0 E kona-asoc-snd soc: qcom,msm-audio-apr:qcom,q6core-audio:sound: ASoC: Failed to add route DMIC6_OUTPUT -> direct -> TX SWR_DMIC5
01-01 08:00:48.090 0 0 E kona-asoc-snd soc: qcom,msm-audio-apr:qcom,q6core-audio:sound: ASoC: no source widget found for DMIC7_OUTPUT
01-01 08:00:48.101 0 0 E kona-asoc-snd soc: qcom,msm-audio-apr:qcom,q6core-audio:sound: ASoC: Failed to add route DMIC7_OUTPUT -> direct -> TX SWR_DMIC6
01-01 08:00:48.114 0 0 E kona-asoc-snd soc: qcom,msm-audio-apr:qcom,q6core-audio:sound: ASoC: no source widget found for DMIC8_OUTPUT
01-01 08:00:48.125 0 0 E kona-asoc-snd soc: qcom,msm-audio-apr:qcom,q6core-audio:sound: ASoC: Failed to add route DMIC8_OUTPUT -> direct -> TX SWR_DMIC7
01-01 08:00:48.139 0 0 E kona-asoc-snd soc: qcom,msm-audio-apr:qcom,q6core-audio:sound: ASoC: no sink widget found for SpkrLeft IN
01-01 08:00:48.150 0 0 E kona-asoc-snd soc: qcom,msm-audio-apr:qcom,q6core-audio:sound: ASoC: Failed to add route WSA_SPK1 OUT -> direct -> SpkrLeft IN
01-01 08:00:48.163 0 0 E kona-asoc-snd soc: qcom,msm-audio-apr:qcom,q6core-audio:sound: ASoC: no sink widget found for SpkrRight IN
01-01 08:00:48.174 0 0 E kona-asoc-snd soc: qcom,msm-audio-apr:qcom,q6core-audio:sound: ASoC: Failed to add route WSA_SPK2 OUT -> direct -> SpkrRight IN
01-01 08:00:48.187 0 0 E kona-asoc-snd soc: qcom,msm-audio-apr:qcom,q6core-audio:sound: ASoC: no sink widget found for VA MIC BIAS3
01-01 08:00:48.198 0 0 E kona-asoc-snd soc: qcom,msm-audio-apr:qcom,q6core-audio:sound: ASoC: Failed to add route Digital Mic0 -> direct -> VA MIC BIAS3
01-01 08:00:48.211 0 0 E kona-asoc-snd soc: qcom,msm-audio-apr:qcom,q6core-audio:sound: ASoC: no sink widget found for VA MIC BIAS3
01-01 08:00:48.222 0 0 E kona-asoc-snd soc: qcom,msm-audio-apr:qcom,q6core-audio:sound: ASoC: Failed to add route Digital Mic1 -> direct -> VA MIC BIAS3
01-01 08:00:48.235 0 0 E kona-asoc-snd soc: qcom,msm-audio-apr:qcom,q6core-audio:sound: ASoC: no sink widget found for VA MIC BIAS4
01-01 08:00:48.246 0 0 E kona-asoc-snd soc: qcom,msm-audio-apr:qcom,q6core-audio:sound: ASoC: Failed to add route Digital Mic4 -> direct -> VA MIC BIAS4
01-01 08:00:48.259 0 0 E kona-asoc-snd soc: qcom,msm-audio-apr:qcom,q6core-audio:sound: ASoC: no sink widget found for VA MIC BIAS4
01-01 08:00:48.270 0 0 E kona-asoc-snd soc: qcom,msm-audio-apr:qcom,q6core-audio:sound: ASoC: Failed to add route Digital Mic5 -> direct -> VA MIC BIAS4
01-01 08:00:48.283 0 0 E kona-asoc-snd soc: qcom,msm-audio-apr:qcom,q6core-audio:sound: ASoC: no source widget found for VA MIC BIAS3
01-01 08:00:48.295 0 0 E kona-asoc-snd soc: qcom,msm-audio-apr:qcom,q6core-audio:sound: ASoC: Failed to add route VA MIC BIAS3 -> direct -> VA DMIC0
01-01 08:00:48.307 0 0 E kona-asoc-snd soc: qcom,msm-audio-apr:qcom,q6core-audio:sound: ASoC: no source widget found for VA MIC BIAS3
01-01 08:00:48.319 0 0 E kona-asoc-snd soc: qcom,msm-audio-apr:qcom,q6core-audio:sound: ASoC: Failed to add route VA MIC BIAS3 -> direct -> VA DMIC1
01-01 08:00:48.331 0 0 E kona-asoc-snd soc: qcom,msm-audio-apr:qcom,q6core-audio:sound: ASoC: no source widget found for VA MIC BIAS4
01-01 08:00:48.343 0 0 E kona-asoc-snd soc: qcom,msm-audio-apr:qcom,q6core-audio:sound: ASoC: Failed to add route VA MIC BIAS4 -> direct -> VA DMIC4
01-01 08:00:48.355 0 0 E kona-asoc-snd soc: qcom,msm-audio-apr:qcom,q6core-audio:sound: ASoC: no source widget found for VA MIC BIAS4
01-01 08:00:48.367 0 0 E kona-asoc-snd soc: qcom,msm-audio-apr:qcom,q6core-audio:sound: ASoC: Failed to add route VA MIC BIAS4 -> direct -> VA DMIC5
01-01 08:00:48.380 0 0 E kona-asoc-snd soc: qcom,msm-audio-apr:qcom,q6core-audio:sound: ASoC: no source widget found for ADC1_OUTPUT
01-01 08:00:48.391 0 0 E kona-asoc-snd soc: qcom,msm-audio-apr:qcom,q6core-audio:sound: ASoC: Failed to add route ADC1_OUTPUT -> direct -> VA SWR_ADC0
01-01 08:00:48.403 0 0 E kona-asoc-snd soc: qcom,msm-audio-apr:qcom,q6core-audio:sound: ASoC: no source widget found for ADC2_OUTPUT
01-01 08:00:48.415 0 0 E kona-asoc-snd soc: qcom,msm-audio-apr:qcom,q6core-audio:sound: ASoC: Failed to add route ADC2_OUTPUT -> direct -> VA SWR_ADC1
01-01 08:00:48.427 0 0 E kona-asoc-snd soc: qcom,msm-audio-apr:qcom,q6core-audio:sound: ASoC: no source widget found for ADC3_OUTPUT
01-01 08:00:48.439 0 0 E kona-asoc-snd soc: qcom,msm-audio-apr:qcom,q6core-audio:sound: ASoC: Failed to add route ADC3_OUTPUT -> direct -> VA SWR_ADC2
01-01 08:00:48.451 0 0 E kona-asoc-snd soc: qcom,msm-audio-apr:qcom,q6core-audio:sound: ASoC: no source widget found for ADC4_OUTPUT
01-01 08:00:48.463 0 0 E kona-asoc-snd soc: qcom,msm-audio-apr:qcom,q6core-audio:sound: ASoC: Failed to add route ADC4_OUTPUT -> direct -> VA SWR_ADC3
01-01 08:00:48.475 0 0 E kona-asoc-snd soc: qcom,msm-audio-apr:qcom,q6core-audio:sound: ASoC: no source widget found for DMIC1_OUTPUT
01-01 08:00:48.487 0 0 E kona-asoc-snd soc: qcom,msm-audio-apr:qcom,q6core-audio:sound: ASoC: Failed to add route DMIC1_OUTPUT -> direct -> VA SWR_MIC0
01-01 08:00:48.500 0 0 E kona-asoc-snd soc: qcom,msm-audio-apr:qcom,q6core-audio:sound: ASoC: no source widget found for DMIC2_OUTPUT
01-01 08:00:48.511 0 0 E kona-asoc-snd soc: qcom,msm-audio-apr:qcom,q6core-audio:sound: ASoC: Failed to add route DMIC2_OUTPUT -> direct -> VA SWR_MIC1
01-01 08:00:48.524 0 0 E kona-asoc-snd soc: qcom,msm-audio-apr:qcom,q6core-audio:sound: ASoC: no source widget found for DMIC3_OUTPUT
01-01 08:00:48.535 0 0 E kona-asoc-snd soc: qcom,msm-audio-apr:qcom,q6core-audio:sound: ASoC: Failed to add route DMIC3_OUTPUT -> direct -> VA SWR_MIC2
01-01 08:00:48.548 0 0 E kona-asoc-snd soc: qcom,msm-audio-apr:qcom,q6core-audio:sound: ASoC: no source widget found for DMIC4_OUTPUT
01-01 08:00:48.559 0 0 E kona-asoc-snd soc: qcom,msm-audio-apr:qcom,q6core-audio:sound: ASoC: Failed to add route DMIC4_OUTPUT -> direct -> VA SWR_MIC3
01-01 08:00:48.572 0 0 E kona-asoc-snd soc: qcom,msm-audio-apr:qcom,q6core-audio:sound: ASoC: no source widget found for DMIC5_OUTPUT
01-01 08:00:48.583 0 0 E kona-asoc-snd soc: qcom,msm-audio-apr:qcom,q6core-audio:sound: ASoC: Failed to add route DMIC5_OUTPUT -> direct -> VA SWR_MIC4
01-01 08:00:48.596 0 0 E kona-asoc-snd soc: qcom,msm-audio-apr:qcom,q6core-audio:sound: ASoC: no source widget found for DMIC6_OUTPUT
01-01 08:00:48.607 0 0 E kona-asoc-snd soc: qcom,msm-audio-apr:qcom,q6core-audio:sound: ASoC: Failed to add route DMIC6_OUTPUT -> direct -> VA SWR_MIC5
01-01 08:00:48.620 0 0 E kona-asoc-snd soc: qcom,msm-audio-apr:qcom,q6core-audio:sound: ASoC: no source widget found for DMIC7_OUTPUT
01-01 08:00:48.632 0 0 E kona-asoc-snd soc: qcom,msm-audio-apr:qcom,q6core-audio:sound: ASoC: Failed to add route DMIC7_OUTPUT -> direct -> VA SWR_MIC6
01-01 08:00:48.645 0 0 E kona-asoc-snd soc: qcom,msm-audio-apr:qcom,q6core-audio:sound: ASoC: no source widget found for DMIC8_OUTPUT
01-01 08:00:48.656 0 0 E kona-asoc-snd soc: qcom,msm-audio-apr:qcom,q6core-audio:sound: ASoC: Failed to add route DMIC8_OUTPUT -> direct -> VA SWR_MIC7
01-01 08:00:48.669 0 0 W kona-asoc-snd soc: qcom,msm-audio-apr:qcom,q6core-audio:sound: ASoC: no DMI vendor name!
01-01 08:00:48.855 0 0 I kona-asoc-snd soc: qcom,msm-audio-apr:qcom,q6core-audio:sound: msm_asoc_machine_probe: Sound card kona-mtp-snd-card registered
01-01 08:00:48.870 0 0 E : [drm:dp_display_init_aux_switch][msm-dp-err][7 ]failed to register notifier (-22)
01-01 08:00:48.884 0 0 E register_client_adhoc: find path.src 1 dest 589
01-01 08:00:48.885 0 0 E register_client_adhoc: Failed to find path.src 1 dest 589
01-01 08:00:48.900 0 0 W swr-wcd rx_swr_ctrl: DMA mask not set
01-01 08:00:48.932 0 0 W swr-wcd wsa_swr_ctrl: DMA mask not set
01-01 08:00:48.945 0 0 E swr-wcd rx_swr_ctrl: swrm_get_logical_dev_num: device 0xd01170224 is not ready
01-01 08:00:48.963 0 0 E swr_get_logical_dev_num: Error -22 to get logical addr for device d01170224
01-01 08:00:48.979 0 0 E swr-wcd rx_swr_ctrl: swrm_get_logical_dev_num: device 0xd01170224 is not ready
01-01 08:00:48.988 0 0 E swr_get_logical_dev_num: Error -22 to get logical addr for device d01170224
01-01 08:00:49.000 0 0 E swr-wcd rx_swr_ctrl: swrm_get_logical_dev_num: device 0xd01170224 is not ready
01-01 08:00:49.008 0 0 E swr_get_logical_dev_num: Error -22 to get logical addr for device d01170224
01-01 08:00:49.025 0 0 E swr-wcd rx_swr_ctrl: swrm_get_logical_dev_num: device 0xd01170224 is not ready
01-01 08:00:49.034 0 0 E swr-wcd wsa_swr_ctrl: swrm_get_logical_dev_num: device 0x1020170211 is not ready
01-01 08:00:49.043 0 0 E swr_get_logical_dev_num: Error -22 to get logical addr for device d01170224
01-01 08:00:49.052 0 0 E swr_get_logical_dev_num: Error -22 to get logical addr for device 1020170211
01-01 08:00:49.062 0 0 W wsa881x : probe of wsa881x.1020170211 failed with error -22
01-01 08:00:49.066 0 0 E swr-wcd rx_swr_ctrl: swrm_get_logical_dev_num: device 0xd01170224 is not ready
01-01 08:00:49.075 0 0 E swr-wcd wsa_swr_ctrl: swrm_get_logical_dev_num: device 0x1020170212 is not ready
01-01 08:00:49.084 0 0 E swr_get_logical_dev_num: Error -22 to get logical addr for device d01170224
01-01 08:00:49.092 0 0 E swr_get_logical_dev_num: Error -22 to get logical addr for device 1020170212
01-01 08:00:49.101 0 0 E wcd938x_codec wcd938x-codec: wcd938x_bind: Slave bind failed, ret = -517
01-01 08:00:49.110 0 0 W wsa881x : probe of wsa881x.1020170212 failed with error -22
01-01 08:00:49.120 0 0 E swr-wcd wsa_swr_ctrl: swrm_get_logical_dev_num: device 0x1021170213 is not ready
01-01 08:00:49.131 0 0 E swr_get_logical_dev_num: Error -22 to get logical addr for device 1021170213
01-01 08:00:49.140 0 0 W wsa881x : probe of wsa881x.1021170213 failed with error -22
01-01 08:00:49.151 0 0 E swr-wcd wsa_swr_ctrl: swrm_get_logical_dev_num: device 0x1021170214 is not ready
01-01 08:00:49.160 0 0 E swr_get_logical_dev_num: Error -22 to get logical addr for device 1021170214
01-01 08:00:49.170 0 0 W wsa881x : probe of wsa881x.1021170214 failed with error -22
01-01 08:00:49.186 0 0 E : [drm:dp_display_init_aux_switch][msm-dp-err][351 ]failed to register notifier (-22)
01-01 08:00:49.187 0 0 I init : Command 'setprop sys.usb.config ${persist.vendor.usb.config}' action=boot (/vendor/etc/init/hw/init.qcom.usb.rc:115) took 3491ms and succeeded
01-01 08:00:49.196 0 0 I init : starting service 'vendor.camera-provider-2-4'...
01-01 08:00:49.203 0 0 E register_client_adhoc: find path.src 1 dest 589
01-01 08:00:49.204 0 0 E register_client_adhoc: Failed to find path.src 1 dest 589
01-01 08:00:49.207 0 0 I init : starting service 'vendor.light-hal-2-0'...
01-01 08:00:49.220 0 0 E swr-wcd rx_swr_ctrl: swrm_get_logical_dev_num: device 0xd01170224 is not ready
01-01 08:00:49.226 0 0 I init : Service 'cs-early-boot' (pid 1022) exited with status 0 oneshot service took 5.848000 seconds in background
01-01 08:00:49.229 0 0 I init : Sending signal 9 to service 'cs-early-boot' (pid 1022) process group...
01-01 08:00:49.229 0 0 I libprocessgroup: Successfully killed process cgroup uid 0 pid 1022 in 0ms
01-01 08:00:49.230 0 0 E swr_get_logical_dev_num: Error -22 to get logical addr for device d01170224
01-01 08:00:49.232 0 0 I init : processing action (boot) from (/vendor/etc/init/hw/init.target.rc:79)
01-01 08:00:49.240 0 0 E swr-wcd rx_swr_ctrl: swrm_get_logical_dev_num: device 0xd01170224 is not ready
01-01 08:00:49.249 0 0 E swr_get_logical_dev_num: Error -22 to get logical addr for device d01170224
01-01 08:00:49.251 0 0 I init : starting service 'exec 23 (/vendor/bin/modprobe -a -d /vendor/lib/modules/ qca_cld3_qca6390 qca_cld3_qca6490)'...
01-01 08:00:49.258 0 0 E swr-wcd rx_swr_ctrl: swrm_get_logical_dev_num: device 0xd01170224 is not ready
01-01 08:00:49.266 0 0 I init : Service 'vendor.light-hal-2-0' (pid 1218) exited with status 0
01-01 08:00:49.267 0 0 I init : Sending signal 9 to service 'vendor.light-hal-2-0' (pid 1218) process group...
01-01 08:00:49.267 0 0 E swr_get_logical_dev_num: Error -22 to get logical addr for device d01170224
01-01 08:00:49.279 0 0 E swr-wcd rx_swr_ctrl: swrm_get_logical_dev_num: device 0xd01170224 is not ready
01-01 08:00:49.288 0 0 E swr_get_logical_dev_num: Error -22 to get logical addr for device d01170224
01-01 08:00:49.298 0 0 E swr-wcd rx_swr_ctrl: swrm_get_logical_dev_num: device 0xd01170224 is not ready
01-01 08:00:49.309 0 0 E swr_get_logical_dev_num: Error -22 to get logical addr for device d01170224
01-01 08:00:49.309 0 0 W subsys-pil-tz soc: qcom,kgsl-hyp: Falling back to syfs fallback for: a650_zap.mdt
01-01 08:00:49.318 0 0 E wcd938x_codec wcd938x-codec: wcd938x_bind: Slave bind failed, ret = -517
01-01 08:00:49.334 0 0 I ueventd : firmware: loading 'a650_zap.mdt' for '/devices/platform/soc/soc:qcom,kgsl-hyp/firmware/a650_zap.mdt'
01-01 08:00:49.342 0 0 I ueventd : loading /devices/platform/soc/soc:qcom,kgsl-hyp/firmware/a650_zap.mdt took 8ms
01-01 08:00:49.352 1220 1220 I gsid : no DSU: No such file or directory
01-01 08:00:49.357 0 0 W : ------------[ cut here ]------------
01-01 08:00:49.357 0 0 W : Unbalanced enable for IRQ 393
01-01 08:00:49.357 0 0 W : WARNING: CPU: 0 PID: 7 at kernel/irq/manage.c:621 enable_irq+0x98/0xf0
01-01 08:00:49.357 0 0 I : Modules linked in: tsnv(O) machine_dlkm(O) wcd938x_slave_dlkm(O) wcd938x_dlkm(O) wcd9xxx_dlkm(O) mbhc_dlkm(O) tx_macro_dlkm(O) rx_macro_dlkm(O) va_macro_dlkm(O) wsa_macro_dlkm(O) swr_ctrl_dlkm(O) bolero_cdc_dlkm(O) wsa881x_dlkm(O) wcd_core_dlkm(O) stub_dlkm(O) hdmi_dlkm(O) swr_dlkm(O) pinctrl_lpi_dlkm(O) pinctrl_wcd_dlkm(O) usf_dlkm(O) native_dlkm(O) platform_dlkm(O) q6_dlkm(O) adsp_loader_dlkm(O) apr_dlkm(O) snd_event_dlkm(O) q6_notifier_dlkm(O) q6_pdr_dlkm(O) msm_11ad_proxy
01-01 08:00:49.357 0 0 I : CPU: 0 PID: 7 Comm: kworker/0:1 Tainted: G S O 4.19.157+ #1
01-01 08:00:49.357 0 0 I Hardware name: Qualcomm Technologies, Inc. kona MTP-RmPM8150b. VX1(MCE) EVT2 (DT)
01-01 08:00:49.357 0 0 I Workqueue: pm pm_runtime_work
01-01 08:00:49.357 0 0 I pstate : 60c00085 (nZCv daIf +PAN +UAO)
01-01 08:00:49.357 0 0 I pc : enable_irq+0x98/0xf0
01-01 08:00:49.357 0 0 I lr : enable_irq+0x98/0xf0
01-01 08:00:49.357 0 0 I sp : ffffff80080c3af0
01-01 08:00:49.357 0 0 I : x29: ffffff80080c3b00 x28: 0000000000000002
01-01 08:00:49.357 0 0 I : x27: 0000000000000000 x26: fffffffa0cc57bfd
01-01 08:00:49.357 0 0 I : x25: 0000000000000000 x24: ffffff9a5596dce0
01-01 08:00:49.357 0 0 I : x23: fffffffa0cc55f59 x22: fffffffa0cc579c8
01-01 08:00:49.357 0 0 I : x21: fffffffa14cdda90 x20: 0000000000000189
01-01 08:00:49.357 0 0 I : x19: fffffffa0cc66c80 x18: 0000000000000030
01-01 08:00:49.357 0 0 I : x17: ffffff9a58b3e000 x16: 00000000fffc5ee8
01-01 08:00:49.357 0 0 I : x15: 00000000000c5ee8 x14: 0000000000000086
01-01 08:00:49.357 0 0 I : x13: 0000000000000000 x12: 00000000000000e0
01-01 08:00:49.357 0 0 I : x11: 0000000000000000 x10: 0000000000000001
01-01 08:00:49.357 0 0 I : x9 : ea6a50879a3a5b00 x8 : ea6a50879a3a5b00
01-01 08:00:49.357 0 0 I : x7 : ffffff9a551826c0 x6 : 0000000000000000
01-01 08:00:49.357 0 0 I : x5 : 0000000000000080 x4 : 0000000000000001
01-01 08:00:49.357 0 0 I : x3 : 0000000000000000 x2 : 0000000000000007
01-01 08:00:49.357 0 0 I : x1 : 0000000000000007 x0 : 000000000000001d
01-01 08:00:49.357 0 0 I Call trace:
01-01 08:00:49.357 0 0 I : enable_irq+0x98/0xf0
01-01 08:00:49.357 0 0 I : swrm_runtime_suspend+0x480/0x608 [swr_ctrl_dlkm]
01-01 08:00:49.357 0 0 I : pm_generic_runtime_suspend+0x34/0x48
01-01 08:00:49.357 0 0 I : __rpm_callback+0x128/0x230
01-01 08:00:49.357 0 0 I : rpm_suspend+0x468/0x820
01-01 08:00:49.357 0 0 I : rpm_idle+0x5bc/0x600
01-01 08:00:49.357 0 0 I : pm_runtime_work+0x7c/0xa8
01-01 08:00:49.357 0 0 I : process_one_work+0x38c/0x660
01-01 08:00:49.357 0 0 I : worker_thread+0x268/0x4b8
01-01 08:00:49.357 0 0 I : kthread+0x140/0x150
01-01 08:00:49.357 0 0 I : ret_from_fork+0x10/0x1c
01-01 08:00:49.357 0 0 I : irq event stamp: 276950
01-01 08:00:49.357 0 0 I : hardirqs last enabled at (276949): [] _raw_spin_unlock_irqrestore+0x44/0x88
01-01 08:00:49.357 0 0 I : hardirqs last disabled at (276950): [] _raw_spin_lock_irqsave+0x28/0x98
01-01 08:00:49.357 0 0 I : softirqs last enabled at (275492): [] __do_softirq+0x50c/0x554
01-01 08:00:49.358 0 0 I : softirqs last disabled at (275475): [] irq_exit+0xfc/0x120
01-01 08:00:49.358 0 0 W : ---[ end trace 4547cf34ef4e4812 ]---
01-01 08:00:49.359 0 0 I subsys-pil-tz soc: qcom,kgsl-hyp: a650_zap: loading from 0x00000000fcf00000 to 0x00000000fcf01000
01-01 08:00:49.362 0 0 W subsys-pil-tz soc: qcom,kgsl-hyp: Falling back to syfs fallback for: a650_zap.b02
01-01 08:00:49.375 0 0 I ueventd : firmware: loading 'a650_zap.b02' for '/devices/platform/soc/soc:qcom,kgsl-hyp/firmware/a650_zap.b02'
01-01 08:00:49.382 0 0 I ueventd : loading /devices/platform/soc/soc:qcom,kgsl-hyp/firmware/a650_zap.b02 took 8ms
01-01 08:00:49.383 0 0 I subsys-pil-tz soc: qcom,kgsl-hyp: a650_zap: Brought out of reset
01-01 08:00:49.428 0 0 I binder : 1136:1149 ioctl 40046210 7673444144 returned -22
01-01 08:00:49.471 1136 1149 D BootAnimation: BootAnimationShownTiming start time: 42493ms
01-01 08:00:49.616 1217 1217 F libc : Fatal signal 6 (SIGABRT), code -6 (SI_TKILL) in tid 1217 (android.hardwar), pid 1217 (android.hardwar)
01-01 08:00:49.716 1151 1151 I SystemServerInitThreadPool: Creating instance with 8 threads
01-01 08:00:49.916 0 0 E diag : In diag_ioctl_set_buffering_mode, invalid peripheral = -22
01-01 08:00:49.994 0 0 E wlan : Loading driver v5.2.022.10G +TIMER_MANAGER +MEMORY_DEBUG +PANIC_ON_BUG; 2022-10-14T03:33:03Z; cld:; cmn:;
01-01 08:00:50.085 0 0 E ipa3_uc_reg_rdyCB: 2973 bad parm. inout=0000000000000000
01-01 08:00:50.086 0 0 I : wlan_hdd_state wlan major(477) initialized
01-01 08:00:50.099 0 0 D cnss : Start to wait for calibration to complete
01-01 08:00:50.132 0 0 I binder : 1248:1248 ioctl 40046210 ff80bc28 returned -22
01-01 08:00:50.148 0 0 E : msm_qti_pp_get_rms_value_control, back not active to query rms be_idx:3
01-01 08:00:50.168 1249 1249 I iorapd : iorapd (the prefetchening) firing up
01-01 08:00:50.186 1249 1249 I iorapd : Opened existing database at '/data/misc/iorapd/sqlite.db'
01-01 08:00:50.190 1249 1249 W iorapd : Reconnect to package manager service: 1 times
01-01 08:00:50.191 0 0 I binder : 1249:1249 ioctl 40046210 7ffd72cbf4 returned -22
01-01 08:00:50.198 0 0 I core_get_license_status: cmdrsp_license_result.result = 0x15 for module 0x131ff
01-01 08:00:50.199 0 0 E msm_ext_disp_update_audio_ops: Display not found (EXT_DISPLAY_TYPE_DP) ctld (0) stream (0)
01-01 08:00:50.209 0 0 E msm_ext_disp_update_audio_ops: Display not found (EXT_DISPLAY_TYPE_HDMI) ctld (0) stream (0)
01-01 08:00:50.219 0 0 E msm_ext_disp_update_audio_ops: Display not found (EXT_DISPLAY_TYPE_DP) ctld (0) stream (0)
01-01 08:00:50.229 0 0 E msm_ext_disp_update_audio_ops: Display not found (EXT_DISPLAY_TYPE_DP) ctld (0) stream (0)
01-01 08:00:50.239 0 0 E msm_ext_disp_update_audio_ops: Display not found (EXT_DISPLAY_TYPE_DP) ctld (0) stream (0)
01-01 08:00:50.250 0 0 E msm-ext-disp-audio-codec-rx soc: qcom,msm-ext-disp:qcom,msm-ext-disp-audio-codec-rx: msm_ext_disp_audio_type_get: get_audio_edid_blk() or get_intf_id is NULL
01-01 08:00:50.267 0 0 E msm_ext_disp_update_audio_ops: Display not found (EXT_DISPLAY_TYPE_DP) ctld (0) stream (0)
01-01 08:00:50.279 0 0 E msm-ext-disp-audio-codec-rx soc: qcom,msm-ext-disp:qcom,msm-ext-disp-audio-codec-rx: msm_ext_disp_audio_type_get: get_audio_edid_blk() or get_intf_id is NULL
01-01 08:00:50.296 0 0 E msm_ext_disp_update_audio_ops: Display not found (EXT_DISPLAY_TYPE_DP) ctld (0) stream (0)
01-01 08:00:50.308 0 0 E msm-ext-disp-audio-codec-rx soc: qcom,msm-ext-disp:qcom,msm-ext-disp-audio-codec-rx: msm_ext_disp_audio_type_get: get_audio_edid_blk() or get_intf_id is NULL
01-01 08:00:50.337 0 0 E msm-ext-disp-audio-codec-rx soc: qcom,msm-ext-disp:qcom,msm-ext-disp-audio-codec-rx: msm_ext_disp_audio_device_get: invalid dai id: 4
01-01 08:00:50.440 0 0 W QSEECOM : qseecom_load_app: App (featenabler) does'nt exist, loading apps for first time
01-01 08:00:50.444 0 0 I binder : 1274:1274 ioctl 40046210 7fc5f08d64 returned -22
01-01 08:00:50.449 0 0 I logd : logdr: UID=1047 GID=1005 PID=1239 n tail=0 logMask=8 pid=1217 start=0ns deadline=0ns
01-01 08:00:50.487 0 0 W QSEECOM : qseecom_load_app: App with id 5 (featenabler) now loaded
01-01 08:00:50.494 0 0 I logd : logdr: UID=1047 GID=1005 PID=1239 n tail=0 logMask=1 pid=1217 start=0ns deadline=0ns
01-01 08:00:50.573 0 0 E : msm_pcm_volume_ctl_get substream not found
01-01 08:00:50.623 1151 1151 D SystemServerTiming: InitBeforeStartServices took to complete: 5309ms
01-01 08:00:50.624 1151 1151 I SystemServerTiming: StartServices
01-01 08:00:50.624 1151 1151 I SystemServerTiming: startBootstrapServices
01-01 08:00:50.624 1151 1151 I SystemServerTiming: StartWatchdog
01-01 08:00:50.628 0 0 I binder : 1285:1285 ioctl 40046210 7ff1153fd4 returned -22
01-01 08:00:50.703 1151 1151 D SystemServerTiming: StartWatchdog took to complete: 79ms
01-01 08:00:50.703 1151 1151 I SystemServer: Reading configuration...
01-01 08:00:50.703 1151 1151 I SystemServerTiming: ReadingSystemConfig
01-01 08:00:50.704 1151 1151 D SystemServerTiming: ReadingSystemConfig took to complete: 0ms
01-01 08:00:50.704 1151 1151 I SystemServerTiming: PlatformCompat
01-01 08:00:50.707 1151 1322 I SystemServerTimingAsync: InitThreadPoolExec:ReadingSystemConfig
01-01 08:00:50.707 1151 1322 D SystemServerInitThreadPool: Started executing ReadingSystemConfig
01-01 08:00:50.710 1151 1151 D CompatConfig: Found a config file: /system/etc/compatconfig/framework-platform-compat-config.xml
01-01 08:00:50.713 1151 1151 D CompatConfig: Adding: com.android.server.compat.config.Change@53c4edc
01-01 08:00:50.716 0 0 I binder : 1304:1304 ioctl 40046210 7ffc6e6464 returned -22
01-01 08:00:50.719 1151 1322 I SystemConfig: Reading permissions from /system/etc/sysconfig/preinstalled-packages-platform-full-base.xml
01-01 08:00:50.720 1151 1151 D CompatConfig: Adding: com.android.server.compat.config.Change@40c6ba
01-01 08:00:50.721 1151 1151 D CompatConfig: Adding: com.android.server.compat.config.Change@5fd796b
01-01 08:00:50.722 1151 1151 D CompatConfig: Adding: com.android.server.compat.config.Change@bad7cc8
01-01 08:00:50.722 1151 1151 D CompatConfig: Adding: com.android.server.compat.config.Change@f934161
01-01 08:00:50.723 1151 1151 D CompatConfig: Adding: com.android.server.compat.config.Change@1a49486
01-01 08:00:50.724 1151 1151 D CompatConfig: Adding: com.android.server.compat.config.Change@df84147
01-01 08:00:50.725 1151 1151 D CompatConfig: Adding: com.android.server.compat.config.Change@a819d74
01-01 08:00:50.726 1151 1151 D CompatConfig: Adding: com.android.server.compat.config.Change@2e1929d
01-01 08:00:50.727 1151 1151 D CompatConfig: Adding: com.android.server.compat.config.Change@7257312
01-01 08:00:50.728 1151 1151 D CompatConfig: Adding: com.android.server.compat.config.Change@5edaae3
01-01 08:00:50.729 1151 1151 D CompatConfig: Adding: com.android.server.compat.config.Change@ed51ce0
01-01 08:00:50.730 1151 1322 I SystemConfig: Reading permissions from /system/etc/sysconfig/preinstalled-packages-platform.xml
01-01 08:00:50.730 1151 1151 D CompatConfig: Adding: com.android.server.compat.config.Change@263ae5e
01-01 08:00:50.731 1151 1151 D CompatConfig: Adding: com.android.server.compat.config.Change@e46123f
01-01 08:00:50.732 1151 1151 D CompatConfig: Adding: com.android.server.compat.config.Change@91f270c
01-01 08:00:50.733 1151 1322 I SystemConfig: Reading permissions from /system/etc/sysconfig/qti_whitelist.xml
01-01 08:00:50.734 1151 1151 D CompatConfig: Adding: com.android.server.compat.config.Change@cb8526a
01-01 08:00:50.734 1151 1322 I SystemConfig: Reading permissions from /system/etc/sysconfig/preinstalled-packages-com.android.providers.media.module.xml
01-01 08:00:50.735 1151 1151 D CompatConfig: Adding: com.android.server.compat.config.Change@81da7f8
01-01 08:00:50.736 1151 1151 D CompatConfig: Adding: com.android.server.compat.config.Change@f9e44d1
01-01 08:00:50.737 1151 1322 I SystemConfig: Reading permissions from /system/etc/sysconfig/hiddenapi-package-whitelist.xml
01-01 08:00:50.737 1151 1151 D CompatConfig: Adding: com.android.server.compat.config.Change@f6e0a37
01-01 08:00:50.738 1151 1151 D CompatConfig: Adding: com.android.server.compat.config.Change@6814ba4
01-01 08:00:50.739 1151 1151 D CompatConfig: Adding: com.android.server.compat.config.Change@ef15d0d
01-01 08:00:50.740 1151 1151 D CompatConfig: Adding: com.android.server.compat.config.Change@c2cc4c2
01-01 08:00:50.741 1151 1151 D CompatConfig: Adding: com.android.server.compat.config.Change@30f12d3
01-01 08:00:50.742 1151 1151 D CompatConfig: Adding: com.android.server.compat.config.Change@5e3bd09
01-01 08:00:50.742 1151 1322 I SystemConfig: Reading permissions from /system/etc/sysconfig/framework-sysconfig.xml
01-01 08:00:50.743 1151 1151 D CompatConfig: Adding: com.android.server.compat.config.Change@3866b0e
01-01 08:00:50.744 1151 1151 D CompatConfig: Adding: com.android.server.compat.config.Change@fae092f
01-01 08:00:50.745 1151 1151 D CompatConfig: Adding: com.android.server.compat.config.Change@d406b3c
01-01 08:00:50.746 1151 1322 I SystemConfig: Reading permissions from /system/etc/permissions/com.android.mediadrm.signer.xml
01-01 08:00:50.747 1151 1151 D CompatConfig: Adding: com.android.server.compat.config.Change@7c22a1a
01-01 08:00:50.748 1151 1151 D CompatConfig: Adding: com.android.server.compat.config.Change@9c094b
01-01 08:00:50.749 1151 1151 D CompatConfig: Adding: com.android.server.compat.config.Change@846ff28
01-01 08:00:50.750 1151 1322 I SystemConfig: Reading permissions from /system/etc/permissions/android.software.webview.xml
01-01 08:00:50.750 1151 1151 D CompatConfig: Adding: com.android.server.compat.config.Change@5c8cde6
01-01 08:00:50.751 1151 1151 D CompatConfig: Adding: com.android.server.compat.config.Change@b1fef27
01-01 08:00:50.752 1151 1151 D CompatConfig: Adding: com.android.server.compat.config.Change@e80a37d
01-01 08:00:50.754 1151 1322 I SystemConfig: Reading permissions from /system/etc/permissions/com.android.documentsui.xml
01-01 08:00:50.754 1151 1151 D CompatConfig: Adding: com.android.server.compat.config.Change@e43e272
01-01 08:00:50.756 1151 1151 D CompatConfig: Adding: com.android.server.compat.config.Change@81256c3
01-01 08:00:50.756 1151 1151 D CompatConfig: Adding: com.android.server.compat.config.Change@4108b40
01-01 08:00:50.758 1151 1151 D CompatConfig: Adding: com.android.server.compat.config.Change@8f8fa79
01-01 08:00:50.759 1151 1322 I SystemConfig: Reading permissions from /system/etc/permissions/android.test.runner.xml
01-01 08:00:50.759 1151 1151 D CompatConfig: Adding: com.android.server.compat.config.Change@b399c1f
01-01 08:00:50.760 1151 1151 D CompatConfig: Adding: com.android.server.compat.config.Change@4131b6c
01-01 08:00:50.762 1151 1322 I SystemConfig: Reading permissions from /system/etc/permissions/uimremoteserver.xml
01-01 08:00:50.762 1151 1151 D CompatConfig: Adding: com.android.server.compat.config.Change@894dca
01-01 08:00:50.764 1151 1151 D CompatConfig: Adding: com.android.server.compat.config.Change@465db3b
01-01 08:00:50.764 1151 1322 I SystemConfig: Reading permissions from /system/etc/permissions/com.android.future.usb.accessory.xml
01-01 08:00:50.765 1151 1151 D CompatConfig: Adding: com.android.server.compat.config.Change@8da7fb1
01-01 08:00:50.766 1151 1322 I SystemConfig: Reading permissions from /system/etc/permissions/android.test.mock.xml
01-01 08:00:50.767 1151 1151 D CompatConfig: Adding: com.android.server.compat.config.Change@64cf017
01-01 08:00:50.769 1151 1151 D CompatConfig: Adding: com.android.server.compat.config.Change@8b36c04
01-01 08:00:50.770 1151 1322 I SystemConfig: Reading permissions from /system/etc/permissions/uimremoteclient.xml
01-01 08:00:50.770 1151 1151 D CompatConfig: Adding: com.android.server.compat.config.Change@6f5cc22
01-01 08:00:50.771 1151 1151 D CompatConfig: Adding: com.android.server.compat.config.Change@f2676b3
01-01 08:00:50.772 1151 1151 D CompatConfig: Adding: com.android.server.compat.config.Change@cfd4470
01-01 08:00:50.773 1151 1151 D CompatConfig: Adding: com.android.server.compat.config.Change@15073e9
01-01 08:00:50.774 1151 1322 I SystemConfig: Reading permissions from /system/etc/permissions/com.thundercomm.tcservice.xml
01-01 08:00:50.771 0 0 I logd : logdr: UID=1000 GID=1000 PID=1257 b tail=0 logMask=9f pid=0 start=0ns deadline=0ns
01-01 08:00:50.776 1151 1151 D CompatConfig: Adding: com.android.server.compat.config.Change@f07cb0f
01-01 08:00:50.777 1151 1322 I SystemConfig: Reading permissions from /system/etc/permissions/com.android.nfc_extras.xml
01-01 08:00:50.778 1151 1151 D CompatConfig: Adding: com.android.server.compat.config.Change@bb365a5
01-01 08:00:50.779 1151 1151 D CompatConfig: Adding: com.android.server.compat.config.Change@6f8bd7a
01-01 08:00:50.780 1151 1151 D CompatConfig: Adding: com.android.server.compat.config.Change@800092b
01-01 08:00:50.780 1309 1309 I installd: installd firing up
01-01 08:00:50.781 1151 1151 D CompatConfig: Adding: com.android.server.compat.config.Change@d113188
01-01 08:00:50.782 1151 1151 D CompatConfig: Adding: com.android.server.compat.config.Change@fc53746
