10-14 01:23:49.034 1333 2781 D CCodec : int32_t max-input-size = 65307
10-14 01:23:49.034 1333 2781 D CCodec : string mime = "audio/vorbis"
10-14 01:23:49.034 1333 2781 D CCodec : int32_t sample-rate = 48000
10-14 01:23:49.034 1333 2781 D CCodec : }
10-14 01:23:49.034 1333 2781 D CCodec : setup formats output: AMessage(what = 0x00000000) = {
10-14 01:23:49.034 1333 2781 D CCodec : int32_t channel-count = 1
10-14 01:23:49.034 1333 2781 D CCodec : string mime = "audio/raw"
10-14 01:23:49.034 1333 2781 D CCodec : int32_t sample-rate = 48000
10-14 01:23:49.034 1333 2781 D CCodec : int32_t android._config-pcm-encoding = 2
10-14 01:23:49.034 1333 2781 D CCodec : }
10-14 01:23:49.037 1333 2781 I CCodecConfig: query failed after returning 7 values (BAD_INDEX)
10-14 01:23:49.038 1412 1484 E ion : ioctl c0044901 failed with code -1: Inappropriate ioctl for device
10-14 01:23:49.039 1930 2265 I CCodecBufferChannel: pipelineRoom(2) is <= numClientBuffers(2). Not signalling any more buffers to client
10-14 01:23:49.039 1930 2274 I CCodecBufferChannel: pipelineRoom(2) is <= numClientBuffers(2). Not signalling any more buffers to client
10-14 01:23:49.040 1151 2130 I CCodecBufferChannel: pipelineRoom(2) is <= numClientBuffers(2). Not signalling any more buffers to client
10-14 01:23:49.040 1333 2781 I MediaCodec: MediaCodec will operate in async mode
10-14 01:23:49.040 1333 2780 D MediaCodec: keep callback message for reclaim
10-14 01:23:49.041 1930 2274 I CCodecBufferChannel: pipelineRoom(1) is <= numClientBuffers(1). Not signalling any more buffers to client
10-14 01:23:49.042 1323 2107 D MediaBufferGroup: creating MemoryDealer
10-14 01:23:49.043 1151 2130 I CCodecBufferChannel: pipelineRoom(1) is <= numClientBuffers(1). Not signalling any more buffers to client
10-14 01:23:49.043 1151 2132 D ReflectedParamUpdater: extent() != 1 for single value type: algo.buffers.max-count.values
10-14 01:23:49.045 1930 2265 I CCodecBufferChannel: pipelineRoom(1) is <= numClientBuffers(1). Not signalling any more buffers to client
10-14 01:23:49.050 1151 2132 D ReflectedParamUpdater: extent() != 1 for single value type: output.subscribed-indices.values
10-14 01:23:49.050 1151 2132 D ReflectedParamUpdater: extent() != 1 for single value type: input.buffers.allocator-ids.values
10-14 01:23:49.051 1151 2132 D ReflectedParamUpdater: extent() != 1 for single value type: output.buffers.allocator-ids.values
10-14 01:23:49.051 1151 2132 D ReflectedParamUpdater: extent() != 1 for single value type: algo.buffers.allocator-ids.values
10-14 01:23:49.052 1151 2132 D ReflectedParamUpdater: extent() != 1 for single value type: output.buffers.pool-ids.values
10-14 01:23:49.052 1151 2132 D ReflectedParamUpdater: extent() != 1 for single value type: algo.buffers.pool-ids.values
10-14 01:23:49.054 1333 2781 W Codec2Client: query -- param skipped: index = 1342179345.
10-14 01:23:49.054 1333 2781 W Codec2Client: query -- param skipped: index = 2415921170.
10-14 01:23:49.055 1333 2781 D C2Store : Using ION
10-14 01:23:49.059 1333 2781 D CCodecBufferChannel: [c2.android.vorbis.decoder#255] Created input block pool with allocatorID 16 => poolID 17 - OK (0)
10-14 01:23:49.069 504 504 I hwservicemanager: Since vendor.qti.hardware.iop@2.0::IIop/default is not registered, trying to start it as a lazy HAL.
10-14 01:23:49.070 1341 1341 E ANDR-IOP: IIop:: Iop HAL Service is not available.
10-14 01:23:49.071 654 670 I mpu_uart: [MSG-P:RECV]:No message received in 1000 ms
01-01 08:01:07.161 0 0 E : the code is fine but needs lockdep annotation.
01-01 08:01:07.167 0 0 I : CPU: 3 PID: 274 Comm: kworker/u16:3 Tainted: G S W O 4.19.157+ #1
10-14 01:23:49.074 2731 2731 I AlarmClock: AlarmInitReceiver android.intent.action.LOCKED_BOOT_COMPLETED
01-01 08:01:07.167 0 0 I Hardware name: Qualcomm Technologies, Inc. kona MTP-RmPM8150b. VX1(MCE) EVT2 (DT)
01-01 08:01:07.167 0 0 I Workqueue: events_unbound ion_system_secure_heap_prefetch_work
01-01 08:01:07.167 0 0 I Call trace:
10-14 01:23:49.086 1323 2122 D MediaBufferGroup: creating MemoryDealer
01-01 08:01:07.167 0 0 I : dump_backtrace+0x0/0x258
01-01 08:01:07.167 0 0 I : show_stack+0x20/0x30
10-14 01:23:49.089 1151 2132 I CCodecConfig: query failed after returning 7 values (BAD_INDEX)
01-01 08:01:07.167 0 0 I : dump_stack+0xd8/0x12c
01-01 08:01:07.167 0 0 I : register_lock_class+0x4d0/0x5c8
01-01 08:01:07.167 0 0 I : __lock_acquire+0xbc/0x1e58
10-14 01:23:49.089 1151 2132 D CCodecConfig: c2 config diff is Dict {
10-14 01:23:49.089 1151 2132 D CCodecConfig: c2::u32 coded.bitrate.value = 64000
10-14 01:23:49.089 1151 2132 D CCodecConfig: c2::u32 input.buffers.max-size.value = 32768
10-14 01:23:49.089 1151 2132 D CCodecConfig: c2::u32 input.delay.value = 0
10-14 01:23:49.089 1151 2132 D CCodecConfig: string input.media-type.value = "audio/vorbis"
10-14 01:23:49.089 1151 2132 D CCodecConfig: string output.media-type.value = "audio/raw"
10-14 01:23:49.089 1151 2132 D CCodecConfig: c2::u32 raw.channel-count.value = 1
10-14 01:23:49.089 1151 2132 D CCodecConfig: c2::u32 raw.sample-rate.value = 48000
10-14 01:23:49.089 1151 2132 D CCodecConfig: }
01-01 08:01:07.167 0 0 I : lock_acquire+0x1cc/0x218
01-01 08:01:07.167 0 0 I : _raw_spin_lock_irqsave+0x54/0x98
10-14 01:23:49.090 1151 2132 D CCodec : [c2.android.vorbis.decoder] buffers are bound to CCodec for this session
01-01 08:01:07.167 0 0 I : ion_system_secure_heap_prefetch_work+0x94/0x2c0
01-01 08:01:07.167 0 0 I : process_one_work+0x38c/0x660
10-14 01:23:49.090 1151 2132 D CCodecConfig: no c2 equivalents for durationUs
01-01 08:01:07.167 0 0 I : worker_thread+0x268/0x4b8
01-01 08:01:07.167 0 0 I : kthread+0x140/0x150
01-01 08:01:07.167 0 0 I : ret_from_fork+0x10/0x1c
10-14 01:23:49.090 1151 2132 D CCodecConfig: no c2 equivalents for track-id
10-14 01:23:49.091 1151 2132 D CCodecConfig: no c2 equivalents for csd-1
10-14 01:23:49.091 1151 2132 D CCodecConfig: no c2 equivalents for language
10-14 01:23:49.091 1151 2132 D CCodecConfig: no c2 equivalents for file-format
01-01 08:01:07.173 0 0 E : INFO: trying to register non-static key.
01-01 08:01:07.178 0 0 E : the code is fine but needs lockdep annotation.
01-01 08:01:07.184 0 0 I : CPU: 3 PID: 274 Comm: kworker/u16:3 Tainted: G S W O 4.19.157+ #1
01-01 08:01:07.184 0 0 I Hardware name: Qualcomm Technologies, Inc. kona MTP-RmPM8150b. VX1(MCE) EVT2 (DT)
01-01 08:01:07.184 0 0 I Workqueue: events_unbound ion_system_secure_heap_prefetch_work
01-01 08:01:07.184 0 0 I Call trace:
01-01 08:01:07.184 0 0 I : dump_backtrace+0x0/0x258
01-01 08:01:07.184 0 0 I : show_stack+0x20/0x30
01-01 08:01:07.184 0 0 I : dump_stack+0xd8/0x12c
01-01 08:01:07.184 0 0 I : register_lock_class+0x4d0/0x5c8
01-01 08:01:07.184 0 0 I : __lock_acquire+0xbc/0x1e58
01-01 08:01:07.184 0 0 I : lock_acquire+0x1cc/0x218
01-01 08:01:07.184 0 0 I : _raw_spin_lock_irqsave+0x54/0x98
01-01 08:01:07.184 0 0 I : ion_system_secure_heap_prefetch_work+0x48/0x2c0
10-14 01:23:49.091 1151 2132 D CCodecConfig: no c2 equivalents for flags
01-01 08:01:07.184 0 0 I : process_one_work+0x38c/0x660
01-01 08:01:07.184 0 0 I : worker_thread+0x33c/0x4b8
01-01 08:01:07.184 0 0 I : kthread+0x140/0x150
10-14 01:23:49.094 1151 2132 D CCodecConfig: config failed => CORRUPTED
01-01 08:01:07.184 0 0 I : ret_from_fork+0x10/0x1c
10-14 01:23:49.095 1151 2132 D CCodecConfig: c2 config diff is c2::u32 coded.bitrate.value = 96000
10-14 01:23:49.095 1151 2132 D CCodecConfig: c2::u32 raw.channel-count.value = 2
10-14 01:23:49.096 1151 2132 W Codec2Client: query -- param skipped: index = 1107298332.
10-14 01:23:49.096 1151 2132 D CCodec : setup formats input: AMessage(what = 0x00000000) = {
10-14 01:23:49.096 1151 2132 D CCodec : int32_t bitrate = 96000
10-14 01:23:49.096 1151 2132 D CCodec : int32_t channel-count = 2
10-14 01:23:49.096 1151 2132 D CCodec : int32_t max-input-size = 65307
10-14 01:23:49.096 1151 2132 D CCodec : string mime = "audio/vorbis"
10-14 01:23:49.096 1151 2132 D CCodec : int32_t sample-rate = 48000
10-14 01:23:49.096 1151 2132 D CCodec : }
10-14 01:23:49.097 1151 2132 D CCodec : setup formats output: AMessage(what = 0x00000000) = {
10-14 01:23:49.097 1151 2132 D CCodec : int32_t channel-count = 2
10-14 01:23:49.097 1151 2132 D CCodec : string mime = "audio/raw"
10-14 01:23:49.097 1151 2132 D CCodec : int32_t sample-rate = 48000
10-14 01:23:49.097 1151 2132 D CCodec : int32_t android._config-pcm-encoding = 2
10-14 01:23:49.097 1151 2132 D CCodec : }
10-14 01:23:49.097 1151 2132 I CCodecConfig: query failed after returning 7 values (BAD_INDEX)
10-14 01:23:49.098 1333 2781 I CCodecBufferChannel: [c2.android.vorbis.decoder#255] Created output block pool with allocatorID 16 => poolID 20 - OK
10-14 01:23:49.099 1333 2781 D CCodecBufferChannel: [c2.android.vorbis.decoder#255] Configured output block pool ids 20 => OK
10-14 01:23:49.099 1151 2132 W Codec2Client: query -- param skipped: index = 1342179345.
10-14 01:23:49.100 1151 2132 W Codec2Client: query -- param skipped: index = 2415921170.
10-14 01:23:49.100 1333 2781 D CCodecBufferChannel: [c2.android.vorbis.decoder#255] start: updating output delay 0
10-14 01:23:49.102 1333 2781 E ion : ioctl c0044901 failed with code -1: Inappropriate ioctl for device
10-14 01:23:49.103 1151 2132 D CCodecBufferChannel: [c2.android.vorbis.decoder#593] Created input block pool with allocatorID 16 => poolID 18 - OK (0)
10-14 01:23:49.103 1333 2781 I CCodecBufferChannel: pipelineRoom(3) is <= numClientBuffers(3). Not signalling any more buffers to client
10-14 01:23:49.121 1333 2781 I CCodecBufferChannel: pipelineRoom(2) is <= numClientBuffers(2). Not signalling any more buffers to client
10-14 01:23:49.122 1151 2132 I CCodecBufferChannel: [c2.android.vorbis.decoder#593] Created output block pool with allocatorID 16 => poolID 21 - OK
10-14 01:23:49.123 1333 2781 I CCodecBufferChannel: pipelineRoom(1) is <= numClientBuffers(1). Not signalling any more buffers to client
10-14 01:23:49.123 1151 2132 D CCodecBufferChannel: [c2.android.vorbis.decoder#593] Configured output block pool ids 21 => OK
10-14 01:23:49.125 1412 2795 D SimpleC2Component: Using output block pool with poolID 20 => got 20 - 0
10-14 01:23:49.125 1151 2132 D CCodecBufferChannel: [c2.android.vorbis.decoder#593] start: updating output delay 0
10-14 01:23:49.129 1151 2132 I CCodecBufferChannel: pipelineRoom(3) is <= numClientBuffers(3). Not signalling any more buffers to client
10-14 01:23:49.130 1412 2803 D SimpleC2Component: Using output block pool with poolID 21 => got 21 - 0
10-14 01:23:49.133 1151 2683 E AdbDebuggingManager: Caught an exception opening the socket: java.io.IOException: Connection refused
10-14 01:23:49.134 1323 1368 D MediaBufferGroup: creating MemoryDealer
10-14 01:23:49.136 1151 2132 I CCodecBufferChannel: pipelineRoom(2) is <= numClientBuffers(2). Not signalling any more buffers to client
10-14 01:23:49.138 1151 2132 I CCodecBufferChannel: pipelineRoom(1) is <= numClientBuffers(1). Not signalling any more buffers to client
10-14 01:23:49.147 2731 2818 I AlarmClock: Fixing alarm instances
10-14 01:23:49.160 1333 2780 I ExtendedNuUtils: Both src and dst missing for bit-width
10-14 01:23:49.160 1333 2780 I ExtendedNuUtils: Overriding durationUs: with 64 bit src value 1728000
10-14 01:23:49.160 1333 2780 I ExtendedNuUtils: Both src and dst missing for channel-mask
10-14 01:23:49.190 823 1866 D audio_hw_primary: adev_get_parameters:vr_audio_mode_on
10-14 01:23:49.190 823 1866 I audio_hw_primary: getting vr mode to 0
10-14 01:23:49.191 823 1866 D audio_hw_primary: adev_get_parameters: exit: returns - vr_audio_mode_on=false
10-14 01:23:49.192 1037 1749 I hash_map_utils: system/bt/osi/src/hash_map_utils.cc:81 hash_map_utils_dump_string_keys_string_values: key: 'vr_audio_mode_on' value: ''
10-14 01:23:49.204 1037 1749 D AudioFlinger: Client defaulted notificationFrames to 12000 for frameCount 24000
10-14 01:23:49.208 1151 2130 D CCodecBufferChannel: [c2.android.vorbis.decoder#981] MediaCodec discarded an unknown buffer
10-14 01:23:49.208 1151 2130 D CCodecBufferChannel: [c2.android.vorbis.decoder#981] MediaCodec discarded an unknown buffer
10-14 01:23:49.208 1151 2130 D CCodecBufferChannel: [c2.android.vorbis.decoder#981] MediaCodec discarded an unknown buffer
10-14 01:23:49.223 1037 1749 D AF::TrackHandle: OpPlayAudio: track:55 usage:5 not muted
10-14 01:23:49.244 1151 2130 I hw-BpHwBinder: onLastStrongRef automatically unlinking death recipients
10-14 01:23:49.260 1151 2821 I hw-BpHwBinder: onLastStrongRef automatically unlinking death recipients
10-14 01:23:49.260 1412 1412 I hw-BpHwBinder: onLastStrongRef automatically unlinking death recipients
10-14 01:23:49.298 1930 2274 D CCodecBufferChannel: [c2.android.vorbis.decoder#551] MediaCodec discarded an unknown buffer
10-14 01:23:49.298 1930 2274 D CCodecBufferChannel: [c2.android.vorbis.decoder#551] MediaCodec discarded an unknown buffer
10-14 01:23:49.298 1930 2274 D CCodecBufferChannel: [c2.android.vorbis.decoder#551] MediaCodec discarded an unknown buffer
10-14 01:23:49.307 1930 2274 I hw-BpHwBinder: onLastStrongRef automatically unlinking death recipients
10-14 01:23:49.313 1323 2107 I MMParserExtractor: Created(0xb4000074b0fd07b0)
10-14 01:23:49.314 2731 2818 D CompatibilityChangeReporter: Compat change id reported: 160794467; UID 10071; state: DISABLED
10-14 01:23:49.323 2731 2818 V AlarmClock: AlarmInitReceiver finished
10-14 01:23:49.324 1323 2811 I MMParserExtractor: Created(0xb4000074b0fcffd0)
10-14 01:23:49.327 823 1866 I EffectsFactory: EffectCreate() create_effect
10-14 01:23:49.332 823 1593 E volume_listener: check_and_set_gain_dep_cal: Failed to set gain dep cal level
10-14 01:23:49.339 1151 2104 D MediaCodecList: codecHandlesFormat: no format, so no extra checks
10-14 01:23:49.340 1151 2104 D MediaCodecList: codecHandlesFormat: no format, so no extra checks
10-14 01:23:49.343 1151 2103 D MediaCodecList: codecHandlesFormat: no format, so no extra checks
10-14 01:23:49.345 1930 1956 W MessageQueue: Handler (android.media.MediaPlayer$EventHandler) {a3c27c1} sending message to a Handler on a dead thread
10-14 01:23:49.345 1930 1956 W MessageQueue: java.lang.IllegalStateException: Handler (android.media.MediaPlayer$EventHandler) {a3c27c1} sending message to a Handler on a dead thread
10-14 01:23:49.345 1930 1956 W MessageQueue: at android.os.MessageQueue.enqueueMessage(MessageQueue.java:560)
10-14 01:23:49.345 1930 1956 W MessageQueue: at android.os.Handler.enqueueMessage(Handler.java:778)
10-14 01:23:49.345 1930 1956 W MessageQueue: at android.os.Handler.sendMessageAtTime(Handler.java:727)
10-14 01:23:49.345 1930 1956 W MessageQueue: at android.os.Handler.sendMessageDelayed(Handler.java:697)
10-14 01:23:49.345 1930 1956 W MessageQueue: at android.os.Handler.sendMessage(Handler.java:635)
10-14 01:23:49.345 1930 1956 W MessageQueue: at android.media.MediaPlayer.postEventFromNative(MediaPlayer.java:3809)
10-14 01:23:49.345 1930 1956 W MessageQueue: Handler (android.media.MediaPlayer$EventHandler) {a3c27c1} sending message to a Handler on a dead thread
10-14 01:23:49.345 1930 1956 W MessageQueue: java.lang.IllegalStateException: Handler (android.media.MediaPlayer$EventHandler) {a3c27c1} sending message to a Handler on a dead thread
10-14 01:23:49.345 1930 1956 W MessageQueue: at android.os.MessageQueue.enqueueMessage(MessageQueue.java:560)
10-14 01:23:49.345 1930 1956 W MessageQueue: at android.os.Handler.enqueueMessage(Handler.java:778)
10-14 01:23:49.345 1930 1956 W MessageQueue: at android.os.Handler.sendMessageAtTime(Handler.java:727)
10-14 01:23:49.345 1930 1956 W MessageQueue: at android.os.Handler.sendMessageDelayed(Handler.java:697)
10-14 01:23:49.345 1930 1956 W MessageQueue: at android.os.Handler.sendMessage(Handler.java:635)
10-14 01:23:49.345 1930 1956 W MessageQueue: at android.media.MediaPlayer.postEventFromNative(MediaPlayer.java:3809)
10-14 01:23:49.350 2692 2769 I LatinIME:LogUtils: Dictionary info: dictionary = main:en ; version = 54 ; date = 1414726273
10-14 01:23:49.353 1151 2103 D MediaCodecList: codecHandlesFormat: no format, so no extra checks
10-14 01:23:49.360 1151 2505 I service_manager_slow: [32,platform_compat]
10-14 01:23:49.361 1151 2505 D CompatibilityChangeReporter: Compat change id reported: 168419799; UID 10094; state: DISABLED
10-14 01:23:49.361 1151 2505 D CompatibilityInfo: mCompatibilityFlags - 4
10-14 01:23:49.361 1151 2505 D CompatibilityInfo: applicationDensity - 240
10-14 01:23:49.361 1151 2505 D CompatibilityInfo: applicationScale - 1.0
10-14 01:23:49.367 1930 1930 V NotificationMediaManager: DEBUG_MEDIA: updating album art for notification null metadata=null metaDataChanged=false state=0
10-14 01:23:49.368 2276 2276 I MStatsReceiver: prop ==
10-14 01:23:49.368 2276 2276 I MStatsReceiver: Received intent but prop is not set.
10-14 01:23:49.381 823 1593 E FMQ : grantorIdx must be less than 3
10-14 01:23:49.371 1151 1185 I am_uid_running: 10085
10-14 01:23:49.383 823 1593 E FMQ : grantorIdx must be less than 3
10-14 01:23:49.388 823 2830 D audio_hw_primary: start_output_stream: enter: stream(0xf3bc0010)usecase(1: low-latency-playback) devices(0x2) is_haptic_usecase(0)
01-01 08:01:07.425 0 0 D : mv2112_read_status
01-01 08:01:07.425 0 0 D mv2112_update_link: 3.0x901(1G): 0x80
01-01 08:01:07.426 0 0 D mv2112_update_link: 3.0x8109(100M): 0x0
01-01 08:01:07.426 0 0 D mv2112_update_link: link 0x0
01-01 08:01:07.426 0 0 D mv2112_read_status: autoneg is disabled
10-14 01:23:49.393 823 1593 D audio_hw_primary: out_set_parameters: enter: usecase(1: low-latency-playback) kvpairs: suspend_playback=true
10-14 01:23:49.396 1151 2828 D CCodec : allocate(c2.android.vorbis.decoder)
10-14 01:23:49.397 1151 1185 D CompatibilityChangeReporter: Compat change id reported: 135634846; UID 10085; state: DISABLED
10-14 01:23:49.397 1151 1185 D CompatibilityChangeReporter: Compat change id reported: 177438394; UID 10085; state: DISABLED
10-14 01:23:49.397 1151 1185 D CompatibilityChangeReporter: Compat change id reported: 135772972; UID 10085; state: DISABLED
10-14 01:23:49.397 1151 1185 D CompatibilityChangeReporter: Compat change id reported: 135754954; UID 10085; state: ENABLED
10-14 01:23:49.398 1151 1352 D CompatibilityChangeReporter: Compat change id reported: 143937733; UID 10085; state: ENABLED
10-14 01:23:49.405 1151 2829 D CCodec : allocate(c2.android.vorbis.decoder)
10-14 01:23:49.405 1151 2828 I CCodec : setting up 'default' as default (vendor) store
10-14 01:23:49.407 1151 1313 I dvm_lock_sample: [system_server,1,android.ui,10,ActivityManagerService.java,15538,void com.android.server.am.ActivityManagerService$LocalService.updateDeviceIdleTempAllowlist(int[], int, boolean, long, int, int, java.lang.String, int),-,13827,void com.android.server.am.ActivityManagerService.finishReceiver(android.os.IBinder, int, java.lang.String, android.os.Bundle, boolean, int),2]
10-14 01:23:49.410 504 504 I hwservicemanager: getTransport: Cannot find entry android.hardware.power@1.2::IPower/default in either framework or device VINTF manifest.
10-14 01:23:49.411 823 2830 E audio_hw_primary: Unable to get Power service
10-14 01:23:49.412 823 2830 E audio_hw_extn: audio_extn_perf_lock_acquire: Failed to acquire perf lock, err: -3
10-14 01:23:49.412 823 2830 D audio_hw_primary: select_devices for use case (low-latency-playback)
10-14 01:23:49.412 823 2830 D audio_hw_primary: select_devices: changing use case low-latency-playback output device from(0: , acdb -1) to (2: speaker, acdb 15)
10-14 01:23:49.413 823 2830 I msm8974_platform: platform_check_and_set_codec_backend_cfg:becf: afe: bitwidth 16, samplerate 48000 channels 2, backend_idx 0 usecase = 1 device (speaker)
10-14 01:23:49.413 823 2830 D msm8974_platform: platform_split_snd_device: snd_device(2) num devices(1) new_snd_devices(0)
10-14 01:23:49.413 823 2830 I msm8974_platform: platform_check_and_set_codec_backend_cfg: new_snd_devices[0] is 2
10-14 01:23:49.413 823 2830 I msm8974_platform: platform_check_codec_backend_cfg:becf: afe: bitwidth 16, samplerate 48000 channels 2, backend_idx 0 usecase = 1 device (speaker)
10-14 01:23:49.414 823 2830 D audio_hw_extn: audio_extn_enable_hifi_filter: mixer_value set 0
10-14 01:23:49.414 823 2830 D msm8974_platform: platform_check_codec_backend_cfg:becf: updated afe: bitwidth 16, samplerate 48000 channels 2,backend_idx 0 usecase = 1 device (speaker)
10-14 01:23:49.414 823 2830 D msm8974_platform: platform_check_codec_backend_cfg:becf: afe: playback on codec device not supporting native playback set default Sample Rate(48k)
10-14 01:23:49.414 823 2830 I msm8974_platform: platform_check_codec_backend_cfg:becf: afe: Codec selected backend: 0 updated bit width: 16 and sample rate: 48000
10-14 01:23:49.415 823 2830 D audio_hw_primary: check_usecases_codec_backend:becf: force routing 0
10-14 01:23:49.415 823 2830 E msm8974_platform: platform_check_backends_match: Invalid snd_device =
10-14 01:23:49.415 1151 2828 I CCodec : Created component [c2.android.vorbis.decoder]
10-14 01:23:49.415 1930 2265 D CCodecBufferChannel: [c2.android.vorbis.decoder#185] MediaCodec discarded an unknown buffer
10-14 01:23:49.415 823 2830 D audio_hw_primary: check_usecases_codec_backend:becf: (78) check_usecases curr device: speaker, usecase device: backends match 0
10-14 01:23:49.415 823 2830 D audio_hw_primary: check_usecases_codec_backend:becf: check_usecases num.of Usecases to switch 0
10-14 01:23:49.415 1930 2265 D CCodecBufferChannel: [c2.android.vorbis.decoder#185] MediaCodec discarded an unknown buffer
10-14 01:23:49.415 823 2830 D hardware_info: hw_info_append_hw_type : device_name = speaker
10-14 01:23:49.415 823 2830 D msm8974_platform: platform_split_snd_device: snd_device(2) num devices(0) new_snd_devices(0)
10-14 01:23:49.415 1930 2265 D CCodecBufferChannel: [c2.android.vorbis.decoder#185] MediaCodec discarded an unknown buffer
10-14 01:23:49.415 823 2830 D audio_hw_primary: enable_snd_device: snd_device(2: speaker)
10-14 01:23:49.415 823 2830 D msm8974_platform: platform_get_island_cfg_on_device:island cfg status on snd_device = (speaker 0)
10-14 01:23:49.415 823 2830 I soundtrigger: audio_extn_sound_trigger_update_device_status: device 0x2 of type 0 for Event 1, with Raise=0
10-14 01:23:49.415 823 2830 D audio_route: Apply path: speaker
10-14 01:23:49.415 823 2830 I audio_hw_utils: audio_extn_utils_update_stream_output_app_type_cfg Allowing 24 and above bits playback on speaker ONLY at default sampling rate
10-14 01:23:49.415 823 2830 E soundtrigger: audio_extn_sound_trigger_update_stream_status: invalid input device 0x0, for event 3
10-14 01:23:49.415 823 2830 D soundtrigger: audio_extn_sound_trigger_update_stream_status: uc_info->id 1 of type 0 for Event 3, with Raise=0
10-14 01:23:49.416 823 2830 D audio_hw_utils: audio_extn_utils_send_app_type_cfg: usecase->out_snd_device speaker
10-14 01:23:49.416 823 2830 D msm8974_platform: platform_split_snd_device: snd_device(2) num devices(0) new_snd_devices(0)
10-14 01:23:49.416 1151 2828 D CCodecConfig: read media type: audio/vorbis
10-14 01:23:49.416 823 2830 D audio_hw_utils: audio_extn_btsco_get_sample_rate:Not a BT SCO device, need not update sampling rate
10-14 01:23:49.416 823 2830 I audio_hw_utils: send_app_type_cfg_for_device PLAYBACK app_type 69937, acdb_dev_id 15, sample_rate 48000, snd_device_be_idx 179
10-14 01:23:49.417 823 2830 D msm8974_platform: platform_split_snd_device: snd_device(2) num devices(1) new_snd_devices(0)
10-14 01:23:49.417 823 2830 D audio_hw_utils: audio_extn_btsco_get_sample_rate:Not a BT SCO device, need not update sampling rate
10-14 01:23:49.417 823 2830 D ACDB-LOADER: ACDB -> send_audio_cal, acdb_id = 15, path = 0, app id = 0x11131, sample rate = 48000, afe_sample_rate = 48000
10-14 01:23:49.417 823 2830 D ACDB-LOADER: ACDB -> send_asm_topology
10-14 01:23:49.417 823 2830 D ACDB-LOADER: ACDB -> ACDB_CMD_GET_AUDPROC_STREAM_TOPOLOGY_ID
10-14 01:23:49.417 823 2830 D ACDB-LOADER: ACDB -> send_adm_topology
10-14 01:23:49.417 823 2830 D ACDB-LOADER: ACDB -> ACDB_CMD_GET_AUDPROC_COMMON_TOPOLOGY_ID
01-01 08:01:07.485 0 0 I afe_find_cal_topo_id_by_port: port id: 0x9000, dev_acdb_id: 0
01-01 08:01:07.485 0 0 I afe_find_cal_topo_id_by_port: top_id:112fc acdb_id:15 afe_port:0x9000
01-01 08:01:07.485 0 0 I afe_get_cal_topology_id: port_id = 0x9000 acdb_id = 15 topology_id = 0x112fc cal_type_index=8 ret=0
01-01 08:01:07.487 0 0 I afe_send_port_topology_id: AFE set topology id 0x112fc enable for port 0x9000 ret 0
01-01 08:01:07.487 0 0 I send_afe_cal_type: cal_index is 0
01-01 08:01:07.487 0 0 I send_afe_cal_type: dev_acdb_id[55] is 0
01-01 08:01:07.487 0 0 I send_afe_cal_type: Sending cal_index cal 0
01-01 08:01:07.487 0 0 E send_afe_cal_type: No cal sent for cal_index 0, port_id = 0x9000! ret -22
01-01 08:01:07.498 0 0 I afe_send_hw_delay: port_id 0x9000 rate 48000 delay_usec 474 status 0
10-14 01:23:49.417 823 2830 D ACDB-LOADER: ACDB -> send_audtable
10-14 01:23:49.417 1151 2829 I CCodec : setting up 'default' as default (vendor) store
10-14 01:23:49.417 823 2830 D ACDB-LOADER: ACDB -> ACDB_CMD_GET_AUDPROC_INSTANCE_COMMON_TABLE_SIZE
10-14 01:23:49.418 823 2830 D ACDB-LOADER: ACDB -> ACDB_CMD_GET_AUDPROC_INSTANCE_COMMON_TABLE
10-14 01:23:49.418 823 2830 D ACDB-LOADER: ACDB -> AUDIO_SET_AUDPROC_CAL cal_type[11] acdb_id[15] app_type[69937]
10-14 01:23:49.418 823 2830 D ACDB-LOADER: ACDB -> send_audvoltable
10-14 01:23:49.418 823 2830 D ACDB-LOADER: ACDB -> ACDB_CMD_GET_AUDPROC_INSTANCE_GAIN_DEP_STEP_TABLE_SIZE
10-14 01:23:49.418 823 2830 D ACDB-LOADER: ACDB -> ACDB_CMD_GET_AUDPROC_INSTANCE_GAIN_DEP_STEP_TABLE, vol index 0
10-14 01:23:49.418 823 2830 D ACDB-LOADER: ACDB -> AUDIO_SET_VOL_CAL cal type = 12
10-14 01:23:49.418 823 2830 D ACDB-LOADER: ACDB -> ACDB_CMD_GET_AUDPROC_INSTANCE_STREAM_TABLE_SIZE
10-14 01:23:49.418 823 2830 D ACDB-LOADER: ACDB -> send_audstrmtable
10-14 01:23:49.418 823 2830 D ACDB-LOADER: ACDB -> ACDB_CMD_GET_AUDPROC_INSTANCE_STREAM_TABLE
10-14 01:23:49.418 823 2830 D ACDB-LOADER: ACDB -> audstrm_cal->cal_type.cal_data.cal_size = 20
10-14 01:23:49.418 823 2830 D ACDB-LOADER: ACDB -> send_afe_topology
10-14 01:23:49.419 823 2830 D ACDB-LOADER: ACDB -> ACDB_CMD_GET_AFE_TOPOLOGY_ID
10-14 01:23:49.419 823 2830 D ACDB-LOADER: ACDB -> GET_AFE_TOPOLOGY_ID for adcd_id 15, Topology Id 112fc
10-14 01:23:49.419 823 2830 D ACDB-LOADER: ACDB -> send_afe_cal
10-14 01:23:49.419 823 2830 D ACDB-LOADER: ACDB -> ACDB_CMD_GET_AFE_INSTANCE_COMMON_TABLE_SIZE
10-14 01:23:49.419 823 2830 D android.hardware.audio.service: Failed to fetch the lookup information of the device 0000000F
10-14 01:23:49.419 823 2830 D ACDB-LOADER: Error: ACDB_CMD_GET_AFE_INSTANCE_COMMON_TABLE_SIZE Returned = -19
10-14 01:23:49.419 823 2830 D ACDB-LOADER: ACDB -> ACDB_CMD_GET_AFE_INSTANCE_COMMON_TABLE
10-14 01:23:49.419 823 2830 D android.hardware.audio.service: Failed to fetch the lookup information of the device 0000000F
10-14 01:23:49.419 823 2830 D ACDB-LOADER: Error: ACDB AFE returned = -19
10-14 01:23:49.419 823 2830 D ACDB-LOADER: ACDB -> AUDIO_SET_AFE_CAL cal_type[16] acdb_id[15]
10-14 01:23:49.419 823 2830 D ACDB-LOADER: ACDB -> send_hw_delay : acdb_id = 15 path = 0
10-14 01:23:49.419 823 2830 D ACDB-LOADER: ACDB -> ACDB_AVSYNC_INFO: ACDB_CMD_GET_DEVICE_PROPERTY
10-14 01:23:49.420 823 2830 D msm8974_platform: platform_split_snd_device: snd_device(2) num devices(0) new_snd_devices(0)
10-14 01:23:49.420 823 2830 I msm8974_platform: platform_get_custom_mtmx_params: no matching param with id 0 ip_ch 2 op_ch 2 uc_id 1 snd_dev 2
10-14 01:23:49.420 823 2830 D audio_hw_primary: enable_audio_route: apply mixer and update path: low-latency-playback
10-14 01:23:49.420 823 2830 D audio_route: Apply path: low-latency-playback
10-14 01:23:49.422 823 2830 D audio_hw_primary: select_devices: done
10-14 01:23:49.425 1151 2829 I CCodec : Created component [c2.android.vorbis.decoder]
10-14 01:23:49.426 1151 2829 D CCodecConfig: read media type: audio/vorbis
10-14 01:23:49.438 1930 2265 I hw-BpHwBinder: onLastStrongRef automatically unlinking death recipients
10-14 01:23:49.440 1412 2761 I hw-BpHwBinder: onLastStrongRef automatically unlinking death recipients
10-14 01:23:49.450 1151 2829 D ReflectedParamUpdater: extent() != 1 for single value type: algo.buffers.max-count.values
10-14 01:23:49.457 1151 2828 D ReflectedParamUpdater: extent() != 1 for single value type: algo.buffers.max-count.values
10-14 01:23:49.458 1151 2828 D ReflectedParamUpdater: extent() != 1 for single value type: output.subscribed-indices.values
10-14 01:23:49.459 1151 2828 D ReflectedParamUpdater: extent() != 1 for single value type: input.buffers.allocator-ids.values
10-14 01:23:49.459 1151 2828 D ReflectedParamUpdater: extent() != 1 for single value type: output.buffers.allocator-ids.values
10-14 01:23:49.460 1151 2828 D ReflectedParamUpdater: extent() != 1 for single value type: algo.buffers.allocator-ids.values
10-14 01:23:49.461 1151 2829 D ReflectedParamUpdater: extent() != 1 for single value type: output.subscribed-indices.values
10-14 01:23:49.462 1151 2829 D ReflectedParamUpdater: extent() != 1 for single value type: input.buffers.allocator-ids.values
10-14 01:23:49.462 1151 2829 D ReflectedParamUpdater: extent() != 1 for single value type: output.buffers.allocator-ids.values
10-14 01:23:49.463 1151 2829 D ReflectedParamUpdater: extent() != 1 for single value type: algo.buffers.allocator-ids.values
10-14 01:23:49.464 1151 2829 D ReflectedParamUpdater: extent() != 1 for single value type: output.buffers.pool-ids.values
10-14 01:23:49.465 1151 2829 D ReflectedParamUpdater: extent() != 1 for single value type: algo.buffers.pool-ids.values
10-14 01:23:49.471 1151 2828 D ReflectedParamUpdater: extent() != 1 for single value type: output.buffers.pool-ids.values
10-14 01:23:49.471 1151 2829 I CCodecConfig: query failed after returning 7 values (BAD_INDEX)
10-14 01:23:49.471 1151 2829 D CCodecConfig: c2 config diff is Dict {
10-14 01:23:49.471 1151 2829 D CCodecConfig: c2::u32 coded.bitrate.value = 64000
10-14 01:23:49.471 1151 2829 D CCodecConfig: c2::u32 input.buffers.max-size.value = 32768
10-14 01:23:49.471 1151 2829 D CCodecConfig: c2::u32 input.delay.value = 0
10-14 01:23:49.471 1151 2829 D CCodecConfig: string input.media-type.value = "audio/vorbis"
10-14 01:23:49.471 1151 2829 D CCodecConfig: string output.media-type.value = "audio/raw"
10-14 01:23:49.471 1151 2829 D CCodecConfig: c2::u32 raw.channel-count.value = 1
10-14 01:23:49.471 1151 2829 D CCodecConfig: c2::u32 raw.sample-rate.value = 48000
10-14 01:23:49.471 1151 2829 D CCodecConfig: }
10-14 01:23:49.472 1151 2828 D ReflectedParamUpdater: extent() != 1 for single value type: algo.buffers.pool-ids.values
10-14 01:23:49.474 1151 2828 I CCodecConfig: query failed after returning 7 values (BAD_INDEX)
10-14 01:23:49.474 1151 2828 D CCodecConfig: c2 config diff is Dict {
10-14 01:23:49.474 1151 2828 D CCodecConfig: c2::u32 coded.bitrate.value = 64000
10-14 01:23:49.474 1151 2828 D CCodecConfig: c2::u32 input.buffers.max-size.value = 32768
10-14 01:23:49.474 1151 2828 D CCodecConfig: c2::u32 input.delay.value = 0
10-14 01:23:49.474 1151 2828 D CCodecConfig: string input.media-type.value = "audio/vorbis"
10-14 01:23:49.474 1151 2828 D CCodecConfig: string output.media-type.value = "audio/raw"
10-14 01:23:49.474 1151 2828 D CCodecConfig: c2::u32 raw.channel-count.value = 1
10-14 01:23:49.474 1151 2828 D CCodecConfig: c2::u32 raw.sample-rate.value = 48000
10-14 01:23:49.474 1151 2828 D CCodecConfig: }
10-14 01:23:49.475 1151 2829 D CCodec : [c2.android.vorbis.decoder] buffers are bound to CCodec for this session
10-14 01:23:49.475 1151 2829 D CCodecConfig: no c2 equivalents for durationUs
10-14 01:23:49.475 1151 2829 D CCodecConfig: no c2 equivalents for track-id
10-14 01:23:49.475 1151 2829 D CCodecConfig: no c2 equivalents for csd-1
10-14 01:23:49.475 1151 2829 D CCodecConfig: no c2 equivalents for language
10-14 01:23:49.475 1151 2829 D CCodecConfig: no c2 equivalents for file-format
10-14 01:23:49.475 1151 2829 D CCodecConfig: no c2 equivalents for flags
10-14 01:23:49.477 1151 2828 D CCodec : [c2.android.vorbis.decoder] buffers are bound to CCodec for this session
10-14 01:23:49.477 1151 2828 D CCodecConfig: no c2 equivalents for durationUs
10-14 01:23:49.477 1151 2828 D CCodecConfig: no c2 equivalents for track-id
10-14 01:23:49.477 1151 2828 D CCodecConfig: no c2 equivalents for csd-1
10-14 01:23:49.477 1151 2828 D CCodecConfig: no c2 equivalents for language
10-14 01:23:49.477 1151 2828 D CCodecConfig: no c2 equivalents for file-format
10-14 01:23:49.477 1151 2828 D CCodecConfig: no c2 equivalents for flags
10-14 01:23:49.482 1151 2829 D CCodecConfig: config failed => CORRUPTED
10-14 01:23:49.483 1151 2829 D CCodecConfig: c2 config diff is c2::u32 coded.bitrate.value = 140000
10-14 01:23:49.483 1151 2829 W Codec2Client: query -- param skipped: index = 1107298332.
10-14 01:23:49.483 1151 2829 D CCodec : setup formats input: AMessage(what = 0x00000000) = {
10-14 01:23:49.483 1151 2829 D CCodec : int32_t bitrate = 140000
10-14 01:23:49.483 1151 2829 D CCodec : int32_t channel-count = 1
10-14 01:23:49.483 1151 2829 D CCodec : int32_t max-input-size = 65307
10-14 01:23:49.483 1151 2829 D CCodec : string mime = "audio/vorbis"
10-14 01:23:49.483 1151 2829 D CCodec : int32_t sample-rate = 48000
10-14 01:23:49.483 1151 2829 D CCodec : }
10-14 01:23:49.483 1151 2829 D CCodec : setup formats output: AMessage(what = 0x00000000) = {
10-14 01:23:49.483 1151 2829 D CCodec : int32_t channel-count = 1
10-14 01:23:49.483 1151 2829 D CCodec : string mime = "audio/raw"
10-14 01:23:49.483 1151 2829 D CCodec : int32_t sample-rate = 48000
10-14 01:23:49.483 1151 2829 D CCodec : int32_t android._config-pcm-encoding = 2
10-14 01:23:49.483 1151 2829 D CCodec : }
10-14 01:23:49.484 1151 2828 D CCodecConfig: config failed => CORRUPTED
10-14 01:23:49.485 1151 2828 D CCodecConfig: c2 config diff is c2::u32 coded.bitrate.value = 140000
10-14 01:23:49.487 1151 2828 W Codec2Client: query -- param skipped: index = 1107298332.
10-14 01:23:49.488 1151 2828 D CCodec : setup formats input: AMessage(what = 0x00000000) = {
10-14 01:23:49.488 1151 2828 D CCodec : int32_t bitrate = 140000
10-14 01:23:49.488 1151 2828 D CCodec : int32_t channel-count = 1
10-14 01:23:49.488 1151 2828 D CCodec : int32_t max-input-size = 65307
10-14 01:23:49.488 1151 2828 D CCodec : string mime = "audio/vorbis"
10-14 01:23:49.488 1151 2828 D CCodec : int32_t sample-rate = 48000
10-14 01:23:49.488 1151 2828 D CCodec : }
10-14 01:23:49.488 1151 2828 D CCodec : setup formats output: AMessage(what = 0x00000000) = {
10-14 01:23:49.488 1151 2828 D CCodec : int32_t channel-count = 1
10-14 01:23:49.488 1151 2828 D CCodec : string mime = "audio/raw"
10-14 01:23:49.488 1151 2828 D CCodec : int32_t sample-rate = 48000
10-14 01:23:49.488 1151 2828 D CCodec : int32_t android._config-pcm-encoding = 2
10-14 01:23:49.488 1151 2828 D CCodec : }
10-14 01:23:49.490 1151 2828 I CCodecConfig: query failed after returning 7 values (BAD_INDEX)
10-14 01:23:49.490 1151 1313 W Looper : Slow dispatch took 114ms android.ui h=com.android.server.am.ActivityManagerService$UiHandler c=null m=68
10-14 01:23:49.491 1151 2828 W Codec2Client: query -- param skipped: index = 1342179345.
10-14 01:23:49.491 1151 2828 W Codec2Client: query -- param skipped: index = 2415921170.
10-14 01:23:49.494 1151 2828 D CCodecBufferChannel: [c2.android.vorbis.decoder#362] Created input block pool with allocatorID 16 => poolID 19 - OK (0)
10-14 01:23:49.495 1151 2829 I CCodecConfig: query failed after returning 7 values (BAD_INDEX)
10-14 01:23:49.500 1151 2828 I CCodecBufferChannel: [c2.android.vorbis.decoder#362] Created output block pool with allocatorID 16 => poolID 22 - OK
10-14 01:23:49.501 1151 2828 D CCodecBufferChannel: [c2.android.vorbis.decoder#362] Configured output block pool ids 22 => OK
10-14 01:23:49.501 1151 2828 D CCodecBufferChannel: [c2.android.vorbis.decoder#362] start: updating output delay 0
10-14 01:23:49.505 1151 2828 I CCodecBufferChannel: pipelineRoom(3) is <= numClientBuffers(3). Not signalling any more buffers to client
10-14 01:23:49.505 1412 2832 D SimpleC2Component: Using output block pool with poolID 22 => got 22 - 0
10-14 01:23:49.508 823 2830 D msm8974_platform: platform_set_channel_map mixer_ctl_name:Playback Channel Map9
10-14 01:23:49.509 823 2830 D msm8974_platform: platform_set_channel_map: set mapping(1 2 0 0 0 0 0 0) for channel:2
10-14 01:23:49.510 1323 2107 D MediaBufferGroup: creating MemoryDealer
10-14 01:23:49.515 1151 2828 I CCodecBufferChannel: pipelineRoom(2) is <= numClientBuffers(2). Not signalling any more buffers to client
10-14 01:23:49.516 823 2830 E audio_hw_extn: audio_extn_perf_lock_release: Perf lock release error
10-14 01:23:49.516 823 2830 D audio_hw_primary: start_output_stream: exit
10-14 01:23:49.516 823 2830 D audio_hw_primary: out_write: retry previous failed cal level set
10-14 01:23:49.516 823 2830 D msm8974_platform: platform_split_snd_device: snd_device(2) num devices(1) new_snd_devices(0)
10-14 01:23:49.516 823 2830 D ACDB-LOADER: ACDB -> send_audvoltable
10-14 01:23:49.516 823 2830 D ACDB-LOADER: ACDB -> ACDB_CMD_GET_AUDPROC_INSTANCE_GAIN_DEP_STEP_TABLE_SIZE
10-14 01:23:49.516 823 2830 D ACDB-LOADER: ACDB -> ACDB_CMD_GET_AUDPROC_INSTANCE_GAIN_DEP_STEP_TABLE, vol index 0
10-14 01:23:49.517 823 2830 D ACDB-LOADER: ACDB -> AUDIO_SET_VOL_CAL cal type = 40
10-14 01:23:49.517 1151 2828 I CCodecBufferChannel: pipelineRoom(1) is <= numClientBuffers(1). Not signalling any more buffers to client
10-14 01:23:49.519 1511 1511 I update_engine: [INFO:cleanup_previous_update_action.cc(112)] Executing task 8
10-14 01:23:49.521 823 1593 D audio_hw_extn: audio_extn_fm_set_parameters: Enter
10-14 01:23:49.524 1151 2829 W Codec2Client: query -- param skipped: index = 1342179345.
10-14 01:23:49.524 1151 2829 W Codec2Client: query -- param skipped: index = 2415921170.
10-14 01:23:49.528 1151 2829 D CCodecBufferChannel: [c2.android.vorbis.decoder#593] Created input block pool with allocatorID 16 => poolID 20 - OK (0)
10-14 01:23:49.533 823 1593 D audio_hw_primary: out_set_parameters: enter: usecase(1: low-latency-playback) kvpairs: suspend_playback=false
10-14 01:23:49.533 823 1593 D audio_hw_extn: audio_extn_fm_set_parameters: Enter
10-14 01:23:49.534 823 2826 D audio_hw_primary: out_set_parameters: enter: usecase(1: low-latency-playback) kvpairs: suspend_playback=true
10-14 01:23:49.534 823 2826 D audio_hw_extn: audio_extn_fm_set_parameters: Enter
10-14 01:23:49.536 1323 1368 I MMParserExtractor: Created(0xb4000074b0fd0cf0)
10-14 01:23:49.544 1151 2829 I CCodecBufferChannel: [c2.android.vorbis.decoder#593] Created output block pool with allocatorID 16 => poolID 23 - OK
10-14 01:23:49.547 1151 2829 D CCodecBufferChannel: [c2.android.vorbis.decoder#593] Configured output block pool ids 23 => OK
10-14 01:23:49.548 1151 2829 D CCodecBufferChannel: [c2.android.vorbis.decoder#593] start: updating output delay 0
10-14 01:23:49.553 1930 2251 D MediaCodecList: codecHandlesFormat: no format, so no extra checks
10-14 01:23:49.554 1151 1185 I sysui_multi_action: [757,128,758,1,793,1940,794,0,795,1940,796,26,798,0,806,android,857,DEVELOPER_IMPORTANT,858,4,947,0,1395,3,1500,1709,1688,1]
10-14 01:23:49.554 1151 1185 I sysui_multi_action: [757,804,799,note_freshness,801,1940,802,1]
10-14 01:23:49.554 1930 2251 D MediaCodecList: codecHandlesFormat: no format, so no extra checks
10-14 01:23:49.554 1151 1185 I notification_visibility: [-1|android|26|null|1000,1,1940,1940,0,0]
10-14 01:23:49.560 823 1593 D audio_hw_primary: out_set_parameters: enter: usecase(1: low-latency-playback) kvpairs: suspend_playback=false
10-14 01:23:49.560 823 1593 D audio_hw_extn: audio_extn_fm_set_parameters: Enter
10-14 01:23:49.563 823 2826 D audio_hw_primary: out_set_parameters: enter: usecase(1: low-latency-playback) kvpairs: suspend_playback=true
10-14 01:23:49.563 823 2826 D audio_hw_extn: audio_extn_fm_set_parameters: Enter
10-14 01:23:49.564 1412 2834 D SimpleC2Component: Using output block pool with poolID 23 => got 23 - 0
10-14 01:23:49.564 1151 2829 I CCodecBufferChannel: pipelineRoom(3) is <= numClientBuffers(3). Not signalling any more buffers to client
01-01 08:01:07.618 0 0 W bimc-bwmon: Zone thres larger than hw limit: hi:72090 med:19661 lo:0
10-14 01:23:49.566 1930 2835 D CCodec : allocate(c2.android.vorbis.decoder)
10-14 01:23:49.584 1930 2835 I CCodec : setting up 'default' as default (vendor) store
10-14 01:23:49.584 823 1593 D audio_hw_primary: out_set_parameters: enter: usecase(1: low-latency-playback) kvpairs: suspend_playback=false
10-14 01:23:49.584 823 1593 D audio_hw_extn: audio_extn_fm_set_parameters: Enter
10-14 01:23:49.584 1511 1511 I update_engine: [INFO:cleanup_previous_update_action.cc(189)] Boot completed, waiting on markBootSuccessful()
10-14 01:23:49.585 823 2826 D audio_hw_primary: out_set_parameters: enter: usecase(1: low-latency-playback) kvpairs: suspend_playback=true
10-14 01:23:49.585 823 2826 D audio_hw_extn: audio_extn_fm_set_parameters: Enter
10-14 01:23:49.589 1333 2776 D AudioTrack: getTimestamp_l(31): device stall time corrected using current time 60646349089
10-14 01:23:49.591 1930 2835 I CCodec : Created component [c2.android.vorbis.decoder]
10-14 01:23:49.591 1323 1368 D MediaBufferGroup: creating MemoryDealer
10-14 01:23:49.594 1151 2828 D CCodecBufferChannel: [c2.android.vorbis.decoder#362] MediaCodec discarded an unknown buffer
10-14 01:23:49.595 1930 2835 D CCodecConfig: read media type: audio/vorbis
10-14 01:23:49.603 823 1593 D audio_hw_primary: out_set_parameters: enter: usecase(1: low-latency-playback) kvpairs: suspend_playback=false
10-14 01:23:49.603 823 1593 D audio_hw_extn: audio_extn_fm_set_parameters: Enter
10-14 01:23:49.605 823 1593 D audio_hw_primary: out_set_parameters: enter: usecase(1: low-latency-playback) kvpairs: suspend_playback=true
10-14 01:23:49.605 823 1593 D audio_hw_extn: audio_extn_fm_set_parameters: Enter
10-14 01:23:49.612 1930 2835 D ReflectedParamUpdater: extent() != 1 for single value type: algo.buffers.max-count.values
10-14 01:23:49.615 1930 2835 D ReflectedParamUpdater: extent() != 1 for single value type: output.subscribed-indices.values
10-14 01:23:49.616 1930 2835 D ReflectedParamUpdater: extent() != 1 for single value type: input.buffers.allocator-ids.values
10-14 01:23:49.617 1930 2835 D ReflectedParamUpdater: extent() != 1 for single value type: output.buffers.allocator-ids.values
10-14 01:23:49.619 1930 2835 D ReflectedParamUpdater: extent() != 1 for single value type: algo.buffers.allocator-ids.values
10-14 01:23:49.619 1930 2835 D ReflectedParamUpdater: extent() != 1 for single value type: output.buffers.pool-ids.values
10-14 01:23:49.620 1930 2835 D ReflectedParamUpdater: extent() != 1 for single value type: algo.buffers.pool-ids.values
10-14 01:23:49.623 1930 2835 I CCodecConfig: query failed after returning 7 values (BAD_INDEX)
10-14 01:23:49.623 1930 2835 D CCodecConfig: c2 config diff is Dict {
10-14 01:23:49.623 1930 2835 D CCodecConfig: c2::u32 coded.bitrate.value = 64000
10-14 01:23:49.623 1930 2835 D CCodecConfig: c2::u32 input.buffers.max-size.value = 32768
10-14 01:23:49.623 1930 2835 D CCodecConfig: c2::u32 input.delay.value = 0
10-14 01:23:49.623 1930 2835 D CCodecConfig: string input.media-type.value = "audio/vorbis"
10-14 01:23:49.623 1930 2835 D CCodecConfig: string output.media-type.value = "audio/raw"
10-14 01:23:49.623 1930 2835 D CCodecConfig: c2::u32 raw.channel-count.value = 1
10-14 01:23:49.623 1930 2835 D CCodecConfig: c2::u32 raw.sample-rate.value = 48000
10-14 01:23:49.623 1930 2835 D CCodecConfig: }
10-14 01:23:49.625 823 1593 D audio_hw_primary: out_set_parameters: enter: usecase(1: low-latency-playback) kvpairs: suspend_playback=false
10-14 01:23:49.625 823 1593 D audio_hw_extn: audio_extn_fm_set_parameters: Enter
10-14 01:23:49.626 823 2826 D audio_hw_primary: out_set_parameters: enter: usecase(1: low-latency-playback) kvpairs: suspend_playback=true
10-14 01:23:49.626 823 2826 D audio_hw_extn: audio_extn_fm_set_parameters: Enter
10-14 01:23:49.627 1930 2835 D CCodec : [c2.android.vorbis.decoder] buffers are bound to CCodec for this session
10-14 01:23:49.627 1930 2835 D CCodecConfig: no c2 equivalents for durationUs
10-14 01:23:49.627 1930 2835 D CCodecConfig: no c2 equivalents for track-id
10-14 01:23:49.628 1930 2835 D CCodecConfig: no c2 equivalents for csd-1
10-14 01:23:49.628 1930 2835 D CCodecConfig: no c2 equivalents for language
10-14 01:23:49.628 1930 2835 D CCodecConfig: no c2 equivalents for file-format
10-14 01:23:49.628 1930 2835 D CCodecConfig: no c2 equivalents for flags
10-14 01:23:49.628 1921 2573 D Avrcp_ext: AudioManager Player: AudioPlaybackConfiguration piid:311 deviceId:0 type:android.media.SoundPool u/pid:10087/1930 state:idle attr:AudioAttributes: usage=USAGE_ASSISTANCE_SONIFICATION content=CONTENT_TYPE_SONIFICATION flags=0x800 tags= bundle=null sessionId:0
10-14 01:23:49.628 1921 2573 D Avrcp_ext: AudioManager Player: AudioPlaybackConfiguration piid:327 deviceId:0 type:android.media.MediaPlayer u/pid:10087/1930 state:started attr:AudioAttributes: usage=USAGE_NOTIFICATION content=CONTENT_TYPE_SONIFICATION flags=0x800 tags= bundle=null sessionId:0
10-14 01:23:49.630 1921 2573 D Avrcp_ext: AudioManager Player in started state: com.android.systemui
10-14 01:23:49.630 1921 2573 D Avrcp_ext: AudioManager Active Player: com.android.systemui
10-14 01:23:49.630 1921 2573 D Avrcp_ext: AudioManager Player: AudioPlaybackConfiguration piid:303 deviceId:0 type:android.media.SoundPool u/pid:1000/1151 state:idle attr:AudioAttributes: usage=USAGE_ASSISTANCE_SONIFICATION content=CONTENT_TYPE_SONIFICATION flags=0x800 tags= bundle=null sessionId:0
10-14 01:23:49.630 1921 2573 D Avrcp_ext: AudioManager Player: AudioPlaybackConfiguration piid:319 deviceId:0 type:android.media.MediaPlayer u/pid:10087/1930 state:started attr:AudioAttributes: usage=USAGE_NOTIFICATION content=CONTENT_TYPE_SONIFICATION flags=0x800 tags= bundle=null sessionId:0
10-14 01:23:49.633 1930 2835 D CCodecConfig: config failed => CORRUPTED
10-14 01:23:49.633 1921 2573 D Avrcp_ext: AudioManager Player in started state: com.android.systemui
10-14 01:23:49.633 1921 2573 D Avrcp_ext: AudioManager isPlaying: true, mAudioPlaybackIsActive = true
10-14 01:23:49.633 1930 2835 D CCodecConfig: c2 config diff is c2::u32 coded.bitrate.value = 160000
10-14 01:23:49.633 1930 2835 D CCodecConfig: c2::u32 raw.channel-count.value = 2
10-14 01:23:49.634 1930 2835 W Codec2Client: query -- param skipped: index = 1107298332.
10-14 01:23:49.634 1930 2835 D CCodec : setup formats input: AMessage(what = 0x00000000) = {
10-14 01:23:49.634 1930 2835 D CCodec : int32_t bitrate = 160000
10-14 01:23:49.634 1930 2835 D CCodec : int32_t channel-count = 2
10-14 01:23:49.634 1930 2835 D CCodec : int32_t max-input-size = 65307
10-14 01:23:49.634 1930 2835 D CCodec : string mime = "audio/vorbis"
10-14 01:23:49.634 1930 2835 D CCodec : int32_t sample-rate = 48000
10-14 01:23:49.634 1930 2835 D CCodec : }
10-14 01:23:49.634 1930 2835 D CCodec : setup formats output: AMessage(what = 0x00000000) = {
10-14 01:23:49.634 1930 2835 D CCodec : int32_t channel-count = 2
10-14 01:23:49.634 1930 2835 D CCodec : string mime = "audio/raw"
10-14 01:23:49.634 1930 2835 D CCodec : int32_t sample-rate = 48000
10-14 01:23:49.634 1930 2835 D CCodec : int32_t android._config-pcm-encoding = 2
10-14 01:23:49.634 1930 2835 D CCodec : }
10-14 01:23:49.635 1930 2835 I CCodecConfig: query failed after returning 7 values (BAD_INDEX)
10-14 01:23:49.642 1930 2835 W Codec2Client: query -- param skipped: index = 1342179345.
10-14 01:23:49.642 1930 2835 W Codec2Client: query -- param skipped: index = 2415921170.
10-14 01:23:49.643 823 1593 D audio_hw_primary: out_set_parameters: enter: usecase(1: low-latency-playback) kvpairs: suspend_playback=false
10-14 01:23:49.643 823 1593 D audio_hw_extn: audio_extn_fm_set_parameters: Enter
10-14 01:23:49.644 823 2826 D msm8974_platform: platform_split_snd_device: snd_device(2) num devices(1) new_snd_devices(0)
10-14 01:23:49.644 823 2826 D ACDB-LOADER: ACDB -> send_audvoltable
10-14 01:23:49.644 823 2826 D ACDB-LOADER: ACDB -> ACDB_CMD_GET_AUDPROC_INSTANCE_GAIN_DEP_STEP_TABLE_SIZE
10-14 01:23:49.644 823 2826 D ACDB-LOADER: ACDB -> ACDB_CMD_GET_AUDPROC_INSTANCE_GAIN_DEP_STEP_TABLE, vol index 5
10-14 01:23:49.644 823 2826 D ACDB-LOADER: ACDB -> AUDIO_SET_VOL_CAL cal type = 40
10-14 01:23:49.648 1930 2835 D CCodecBufferChannel: [c2.android.vorbis.decoder#777] Created input block pool with allocatorID 16 => poolID 19 - OK (0)
10-14 01:23:49.649 1333 2779 I GenericSource: start
10-14 01:23:49.651 1333 2269 D NuPlayerDriver: pause(0xf00403d0)
10-14 01:23:49.652 1930 2835 I CCodecBufferChannel: [c2.android.vorbis.decoder#777] Created output block pool with allocatorID 16 => poolID 24 - OK
10-14 01:23:49.652 1930 2835 D CCodecBufferChannel: [c2.android.vorbis.decoder#777] Configured output block pool ids 24 => OK
10-14 01:23:49.653 1930 2835 D CCodecBufferChannel: [c2.android.vorbis.decoder#777] start: updating output delay 0
10-14 01:23:49.653 1930 1956 W MessageQueue: Handler (android.media.MediaPlayer$EventHandler) {a3c27c1} sending message to a Handler on a dead thread
10-14 01:23:49.653 1930 1956 W MessageQueue: java.lang.IllegalStateException: Handler (android.media.MediaPlayer$EventHandler) {a3c27c1} sending message to a Handler on a dead thread
10-14 01:23:49.653 1930 1956 W MessageQueue: at android.os.MessageQueue.enqueueMessage(MessageQueue.java:560)
10-14 01:23:49.653 1930 1956 W MessageQueue: at android.os.Handler.enqueueMessage(Handler.java:778)
10-14 01:23:49.653 1930 1956 W MessageQueue: at android.os.Handler.sendMessageAtTime(Handler.java:727)
10-14 01:23:49.653 1930 1956 W MessageQueue: at android.os.Handler.sendMessageDelayed(Handler.java:697)
10-14 01:23:49.653 1930 1956 W MessageQueue: at android.os.Handler.sendMessage(Handler.java:635)
