10-14 01:23:46.724 1344 2169 I android.hardware.media.omx@1.0-service: vendor/qcom/proprietary/adsprpc/src/rpcmem_android.c:159: rpcmem_init_internal: opened ION device fd 7, configured heap IDs: system (0x2000000), contig (0x400000), secure (0x200), secure flags (0x80080000)
01-01 08:01:04.757 0 0 I Hardware name: Qualcomm Technologies, Inc. kona MTP-RmPM8150b. VX1(MCE) EVT2 (DT)
10-14 01:23:46.724 1344 2169 I android.hardware.media.omx@1.0-service: vendor/qcom/proprietary/adsprpc/src/fastrpc_apps_user.c:3087: fastrpc_apps_user_init done with default domain:3 and &fastrpc_trace:0xf24b8c1c
01-01 08:01:04.757 0 0 I Workqueue: events_unbound ion_system_secure_heap_prefetch_work
01-01 08:01:04.757 0 0 I Call trace:
01-01 08:01:04.757 0 0 I : dump_backtrace+0x0/0x258
01-01 08:01:04.757 0 0 I : show_stack+0x20/0x30
01-01 08:01:04.757 0 0 I : dump_stack+0xd8/0x12c
01-01 08:01:04.757 0 0 I : register_lock_class+0x4d0/0x5c8
01-01 08:01:04.757 0 0 I : __lock_acquire+0xbc/0x1e58
01-01 08:01:04.757 0 0 I : lock_acquire+0x1cc/0x218
01-01 08:01:04.757 0 0 I : _raw_spin_lock_irqsave+0x54/0x98
01-01 08:01:04.757 0 0 I : ion_system_secure_heap_prefetch_work+0x94/0x2c0
01-01 08:01:04.757 0 0 I : process_one_work+0x38c/0x660
01-01 08:01:04.757 0 0 I : worker_thread+0x268/0x4b8
01-01 08:01:04.757 0 0 I : kthread+0x140/0x150
01-01 08:01:04.757 0 0 I : ret_from_fork+0x10/0x1c
10-14 01:23:46.729 1930 2282 I OpenGLRenderer: Davey! duration=3604ms; Flags=1, FrameTimelineVsyncId=181, IntendedVsync=54166059415, Vsync=56882725973, InputEventId=0, HandleInputStart=56890638309, AnimationStart=56890639820, PerformTraversalsStart=56893296903, DrawStart=57765764507, FrameDeadline=54182726081, FrameInterval=56890464716, FrameStartTime=16666666, SyncQueued=57765980236, SyncStart=57766200965, IssueDrawCommandsStart=57766476017, SwapBuffers=57768840809, FrameCompleted=57770398465, DequeueBufferDuration=1440989, QueueBufferDuration=1018958, GpuCompleted=57769479924, SwapBuffersCompleted=57770398465, DisplayPresentTime=0,
01-01 08:01:04.767 0 0 E : INFO: trying to register non-static key.
01-01 08:01:04.772 0 0 E : the code is fine but needs lockdep annotation.
01-01 08:01:04.777 0 0 I : CPU: 7 PID: 274 Comm: kworker/u16:3 Tainted: G S W O 4.19.157+ #1
01-01 08:01:04.777 0 0 I Hardware name: Qualcomm Technologies, Inc. kona MTP-RmPM8150b. VX1(MCE) EVT2 (DT)
01-01 08:01:04.777 0 0 I Workqueue: events_unbound ion_system_secure_heap_prefetch_work
01-01 08:01:04.777 0 0 I Call trace:
01-01 08:01:04.777 0 0 I : dump_backtrace+0x0/0x258
01-01 08:01:04.777 0 0 I : show_stack+0x20/0x30
01-01 08:01:04.777 0 0 I : dump_stack+0xd8/0x12c
01-01 08:01:04.777 0 0 I : register_lock_class+0x4d0/0x5c8
01-01 08:01:04.777 0 0 I : __lock_acquire+0xbc/0x1e58
01-01 08:01:04.777 0 0 I : lock_acquire+0x1cc/0x218
01-01 08:01:04.777 0 0 I : _raw_spin_lock_irqsave+0x54/0x98
01-01 08:01:04.777 0 0 I : ion_system_secure_heap_prefetch_work+0x94/0x2c0
01-01 08:01:04.777 0 0 I : process_one_work+0x38c/0x660
01-01 08:01:04.778 0 0 I : worker_thread+0x268/0x4b8
01-01 08:01:04.778 0 0 I : kthread+0x140/0x150
01-01 08:01:04.778 0 0 I : ret_from_fork+0x10/0x1c
10-14 01:23:46.740 1344 2169 D PlatformConfig: getInstance: Enter
10-14 01:23:46.740 1344 2169 D PlatformConfig: getInt32 Config name: vidc_enc_log_in value: 0
10-14 01:23:46.740 1344 2169 D PlatformConfig: getInstance: Enter
10-14 01:23:46.740 1344 2169 D PlatformConfig: getInt32 Config name: vidc_enc_log_out value: 0
10-14 01:23:46.741 1344 2169 I SWVENC : >>> swvenc_init(): H.263 codec, version date: 2017-01-27T12:02:22+0530
10-14 01:23:46.741 1930 2282 I OpenGLRenderer: Davey! duration=3625ms; Flags=1, FrameTimelineVsyncId=181, IntendedVsync=54166059415, Vsync=56882725973, InputEventId=0, HandleInputStart=56890638309, AnimationStart=56890639820, PerformTraversalsStart=56893296903, DrawStart=57787896903, FrameDeadline=54182726081, FrameInterval=56890464716, FrameStartTime=16666666, SyncQueued=57788055444, SyncStart=57789245288, IssueDrawCommandsStart=57789425184, SwapBuffers=57790792684, FrameCompleted=57792770653, DequeueBufferDuration=540208, QueueBufferDuration=1515208, GpuCompleted=57791163569, SwapBuffersCompleted=57792770653, DisplayPresentTime=0,
10-14 01:23:46.743 1344 2169 I SWVENC : --- set_state(): SWVENC_STATE_INVALID -> SWVENC_STATE_INIT
10-14 01:23:46.743 1344 2169 I SWVENC : >>> swvenc_check_inst_load():
10-14 01:23:46.744 1344 2169 I SWVENC : >>> swvenc_setproperty():
10-14 01:23:46.744 1344 2169 I SWVENC : --- set_profile(): baseline profile
10-14 01:23:46.744 1344 2169 I SWVENC : >>> swvenc_setproperty():
10-14 01:23:46.744 1344 2169 I SWVENC : --- set_level(): 10
10-14 01:23:46.744 1344 2169 I SWVENC : >>> swvenc_setproperty():
10-14 01:23:46.744 1930 1930 D KeyguardUpdateMonitor: handleServiceStateChange(subId=-1, serviceState=null
10-14 01:23:46.744 1344 2169 I SWVENC : --- set_frame_size(): 176 x 144
10-14 01:23:46.744 1930 1930 W KeyguardUpdateMonitor: invalid subId in handleServiceStateChange()
10-14 01:23:46.744 1344 2169 I SWVENC : >>> swvenc_setproperty():
10-14 01:23:46.744 1344 2169 I SWVENC : --- set_property(): frame attributes: y,uv strides: 176,176; y,uv offsets: 0,25344; size: 38016
10-14 01:23:46.744 1344 2169 I SWVENC : >>> swvenc_getproperty():
10-14 01:23:46.744 1344 2169 I SWVENC : --- get_buffer_req(): input: 38016 byte buffers x (5 to 32), aligned to 128 byte boundaries
10-14 01:23:46.744 1344 2169 I SWVENC : >>> swvenc_getproperty():
10-14 01:23:46.744 1344 2169 I SWVENC : --- get_buffer_req(): output: 38016 byte buffers x (5 to 32), aligned to 128 byte boundaries
10-14 01:23:46.757 1333 1423 W OMXUtils: do not know color format 0x7fa30c04 = 2141391876
10-14 01:23:46.758 1333 1423 W OMXUtils: do not know color format 0x7fa30c00 = 2141391872
10-14 01:23:46.760 1333 1423 W OMXUtils: do not know color format 0x7f000789 = 2130708361
10-14 01:23:46.761 1930 1930 E EmergencyButton: Fail to call TelephonyManager.requestCellInfoUpdate
10-14 01:23:46.761 1930 1930 E EmergencyButton: java.lang.IllegalStateException: Telephony is null
10-14 01:23:46.761 1930 1930 E EmergencyButton: at android.telephony.TelephonyManager.requestCellInfoUpdate(TelephonyManager.java:6362)
10-14 01:23:46.761 1930 1930 E EmergencyButton: at com.android.keyguard.EmergencyButtonController.requestCellInfoUpdate(EmergencyButtonController.java:182)
10-14 01:23:46.761 1930 1930 E EmergencyButton: at com.android.keyguard.EmergencyButtonController.access$100(EmergencyButtonController.java:51)
10-14 01:23:46.761 1930 1930 E EmergencyButton: at com.android.keyguard.EmergencyButtonController$1.onServiceStateChanged(EmergencyButtonController.java:84)
10-14 01:23:46.761 1930 1930 E EmergencyButton: at com.android.keyguard.KeyguardUpdateMonitor.handleServiceStateChange(KeyguardUpdateMonitor.java:2851)
10-14 01:23:46.761 1930 1930 E EmergencyButton: at com.android.keyguard.KeyguardUpdateMonitor$15.handleMessage(KeyguardUpdateMonitor.java:1839)
10-14 01:23:46.761 1930 1930 E EmergencyButton: at android.os.Handler.dispatchMessage(Handler.java:106)
10-14 01:23:46.761 1930 1930 E EmergencyButton: at android.os.Looper.loopOnce(Looper.java:201)
10-14 01:23:46.761 1930 1930 E EmergencyButton: at android.os.Looper.loop(Looper.java:288)
10-14 01:23:46.761 1930 1930 E EmergencyButton: at android.app.ActivityThread.main(ActivityThread.java:7880)
10-14 01:23:46.761 1930 1930 E EmergencyButton: at java.lang.reflect.Method.invoke(Native Method)
10-14 01:23:46.761 1930 1930 E EmergencyButton: at com.android.internal.os.RuntimeInit$MethodAndArgsCaller.run(RuntimeInit.java:548)
10-14 01:23:46.761 1930 1930 E EmergencyButton: at com.android.internal.os.ZygoteInit.main(ZygoteInit.java:1009)
10-14 01:23:46.762 1344 1411 I SWVENC : >>> swvenc_deinit():
10-14 01:23:46.762 1344 1411 I SWVENC : --- ~c_swvenc_mpeg4():
10-14 01:23:46.762 1344 1411 I SWVENC : --- set_state(): SWVENC_STATE_INIT -> SWVENC_STATE_INVALID
10-14 01:23:46.763 1344 2629 I SWVENC : --- thread_eventd(): SWVENC_THREAD_SIGNAL_EXIT
10-14 01:23:46.763 1930 1930 D KeyguardUpdateMonitor: handleLockScreenMode(1)
10-14 01:23:46.764 1344 2628 I SWVENC : --- thread_worker(): SWVENC_THREAD_SIGNAL_EXIT
10-14 01:23:46.764 1344 1411 I SWVENC : --- swvenc_deinit(): all done, goodbye!
01-01 08:01:04.788 0 0 E : INFO: trying to register non-static key.
01-01 08:01:04.793 0 0 E : the code is fine but needs lockdep annotation.
01-01 08:01:04.799 0 0 I : CPU: 7 PID: 274 Comm: kworker/u16:3 Tainted: G S W O 4.19.157+ #1
01-01 08:01:04.799 0 0 I Hardware name: Qualcomm Technologies, Inc. kona MTP-RmPM8150b. VX1(MCE) EVT2 (DT)
01-01 08:01:04.799 0 0 I Workqueue: events_unbound ion_system_secure_heap_prefetch_work
01-01 08:01:04.799 0 0 I Call trace:
01-01 08:01:04.799 0 0 I : dump_backtrace+0x0/0x258
01-01 08:01:04.799 0 0 I : show_stack+0x20/0x30
01-01 08:01:04.799 0 0 I : dump_stack+0xd8/0x12c
01-01 08:01:04.799 0 0 I : register_lock_class+0x4d0/0x5c8
01-01 08:01:04.799 0 0 I : __lock_acquire+0xbc/0x1e58
01-01 08:01:04.799 0 0 I : lock_acquire+0x1cc/0x218
01-01 08:01:04.799 0 0 I : _raw_spin_lock_irqsave+0x54/0x98
01-01 08:01:04.799 0 0 I : ion_system_secure_heap_prefetch_work+0x94/0x2c0
01-01 08:01:04.799 0 0 I : process_one_work+0x38c/0x660
01-01 08:01:04.799 0 0 I : worker_thread+0x268/0x4b8
01-01 08:01:04.799 0 0 I : kthread+0x140/0x150
01-01 08:01:04.799 0 0 I : ret_from_fork+0x10/0x1c
10-14 01:23:46.782 1151 1151 D BluetoothA2dp: Binding service...
10-14 01:23:46.784 1151 1151 D BluetoothHearingAid: Binding service...
01-01 08:01:04.809 0 0 E : INFO: trying to register non-static key.
01-01 08:01:04.815 0 0 E : the code is fine but needs lockdep annotation.
01-01 08:01:04.820 0 0 I : CPU: 7 PID: 274 Comm: kworker/u16:3 Tainted: G S W O 4.19.157+ #1
01-01 08:01:04.820 0 0 I Hardware name: Qualcomm Technologies, Inc. kona MTP-RmPM8150b. VX1(MCE) EVT2 (DT)
01-01 08:01:04.820 0 0 I Workqueue: events_unbound ion_system_secure_heap_prefetch_work
01-01 08:01:04.820 0 0 I Call trace:
01-01 08:01:04.820 0 0 I : dump_backtrace+0x0/0x258
01-01 08:01:04.820 0 0 I : show_stack+0x20/0x30
01-01 08:01:04.820 0 0 I : dump_stack+0xd8/0x12c
01-01 08:01:04.820 0 0 I : register_lock_class+0x4d0/0x5c8
01-01 08:01:04.820 0 0 I : __lock_acquire+0xbc/0x1e58
01-01 08:01:04.820 0 0 I : lock_acquire+0x1cc/0x218
01-01 08:01:04.820 0 0 I : _raw_spin_lock_irqsave+0x54/0x98
01-01 08:01:04.820 0 0 I : ion_system_secure_heap_prefetch_work+0x94/0x2c0
10-14 01:23:46.786 1151 1151 D BluetoothA2dp: Proxy object connected
01-01 08:01:04.820 0 0 I : process_one_work+0x38c/0x660
01-01 08:01:04.820 0 0 I : worker_thread+0x268/0x4b8
01-01 08:01:04.820 0 0 I : kthread+0x140/0x150
01-01 08:01:04.820 0 0 I : ret_from_fork+0x10/0x1c
10-14 01:23:46.790 1151 1151 D BluetoothHearingAid: Proxy object connected
10-14 01:23:46.793 1930 1930 D Tonal : Tonal Palette - index: 8. Main color: ff83a0cb
10-14 01:23:46.793 1930 1930 D Tonal : Colors: ff0a1119, ff121e2b, ff1a2c3d, ff233c52, ff2e526d, ff395e88, ff4471a3, ff7892af, ff83a0cb, ff99afd4, ffb2c1df, ffd6ddee, ffeff2f8
10-14 01:23:46.793 1344 1411 I android.hardware.media.omx@1.0-service: vendor/qcom/proprietary/adsprpc/src/rpcmem_android.c:192: rpcmem_deinit_internal: closed ION fd 7
10-14 01:23:46.793 1344 1411 I android.hardware.media.omx@1.0-service: vendor/qcom/proprietary/adsprpc/src/fastrpc_apps_user.c:3019: fastrpc_apps_user_deinit done
10-14 01:23:46.793 1930 1930 D Tonal : Gradients:
10-14 01:23:46.793 1930 1930 D Tonal : Normal GradientColors(ff83a0cb, ff83a0cb)
10-14 01:23:46.793 1930 1930 D Tonal : Dark GradientColors(ffeff2f8, ffeff2f8)
10-14 01:23:46.793 1930 1930 D Tonal : Extra dark: GradientColors(ffeff2f8, ffeff2f8)
10-14 01:23:46.794 1921 2554 D HearingAidService: getActiveDevices
10-14 01:23:46.794 1930 1930 D Tonal : Tonal Palette - index: 8. Main color: ff83a0cb
10-14 01:23:46.794 1930 1930 D Tonal : Colors: ff0a1119, ff121e2b, ff1a2c3d, ff233c52, ff2e526d, ff395e88, ff4471a3, ff7892af, ff83a0cb, ff99afd4, ffb2c1df, ffd6ddee, ffeff2f8
10-14 01:23:46.794 1930 1930 D Tonal : Gradients:
10-14 01:23:46.794 1930 1930 D Tonal : Normal GradientColors(ff83a0cb, ff83a0cb)
10-14 01:23:46.794 1930 1930 D Tonal : Dark GradientColors(ffeff2f8, ffeff2f8)
10-14 01:23:46.794 1930 1930 D Tonal : Extra dark: GradientColors(ffeff2f8, ffeff2f8)
10-14 01:23:46.797 1930 1930 D KeyguardViewMediator: adjustStatusBarLocked: mShowing=false mOccluded=false isSecure=false force=false --> flags=0x0
01-01 08:01:04.830 0 0 E : INFO: trying to register non-static key.
01-01 08:01:04.835 0 0 E : the code is fine but needs lockdep annotation.
01-01 08:01:04.841 0 0 I : CPU: 7 PID: 274 Comm: kworker/u16:3 Tainted: G S W O 4.19.157+ #1
01-01 08:01:04.841 0 0 I Hardware name: Qualcomm Technologies, Inc. kona MTP-RmPM8150b. VX1(MCE) EVT2 (DT)
01-01 08:01:04.841 0 0 I Workqueue: events_unbound ion_system_secure_heap_prefetch_work
01-01 08:01:04.841 0 0 I Call trace:
01-01 08:01:04.841 0 0 I : dump_backtrace+0x0/0x258
01-01 08:01:04.841 0 0 I : show_stack+0x20/0x30
01-01 08:01:04.841 0 0 I : dump_stack+0xd8/0x12c
01-01 08:01:04.841 0 0 I : register_lock_class+0x4d0/0x5c8
01-01 08:01:04.841 0 0 I : __lock_acquire+0xbc/0x1e58
01-01 08:01:04.841 0 0 I : lock_acquire+0x1cc/0x218
01-01 08:01:04.841 0 0 I : _raw_spin_lock_irqsave+0x54/0x98
10-14 01:23:46.804 1333 1423 I OMXClient: IOmx service obtained
01-01 08:01:04.841 0 0 I : ion_system_secure_heap_prefetch_work+0x94/0x2c0
01-01 08:01:04.841 0 0 I : process_one_work+0x38c/0x660
10-14 01:23:46.804 1344 2169 I OMXMaster: makeComponentInstance(OMX.google.h263.encoder) in android.hardwar process
01-01 08:01:04.841 0 0 I : worker_thread+0x268/0x4b8
10-14 01:23:46.806 1930 1930 V KeyguardUpdateMonitor: *** register callback for com.android.keyguard.KeyguardHostViewController$1@a69f2b3
01-01 08:01:04.841 0 0 I : kthread+0x140/0x150
10-14 01:23:46.806 1930 1930 V KeyguardUpdateMonitor: *** unregister callback for null
01-01 08:01:04.841 0 0 I : ret_from_fork+0x10/0x1c
10-14 01:23:46.806 1930 1930 V KeyguardSecurityView: showPrimarySecurityScreen(turningOff=false)
10-14 01:23:46.807 1930 1930 D KeyguardSecurityView: showSecurityScreen(None)
10-14 01:23:46.809 1151 2240 D Fingerprint21: Daemon was null, reconnecting, current operation: null
10-14 01:23:46.812 1151 2240 I android_os_HwBinder: HwBinder: Starting thread pool for getting: android.hardware.biometrics.fingerprint@2.1::IBiometricsFingerprint/default
10-14 01:23:46.813 1151 2240 D Fingerprint21: Fingerprint HAL ready, HAL ID: 5326416
10-14 01:23:46.814 1151 1151 D BiometricScheduler/Fingerprint21: [Added] {[0] FingerprintUpdateActiveUserClient, proto=1, owner=android, cookie=0, requestId=-1, userId=0}, new queue size: 1
10-14 01:23:46.815 1151 1151 D BiometricScheduler/Fingerprint21: [Polled] {[0] FingerprintUpdateActiveUserClient, proto=1, owner=android, cookie=0, requestId=-1, userId=0}, State: 0
10-14 01:23:46.815 1151 1151 D BiometricScheduler/Fingerprint21: [Starting] {[0] FingerprintUpdateActiveUserClient, proto=1, owner=android, cookie=0, requestId=-1, userId=0}, State: 0
10-14 01:23:46.815 1151 1151 D BiometricScheduler/Fingerprint21: [Started] {[0] FingerprintUpdateActiveUserClient, proto=1, owner=android, cookie=0, requestId=-1, userId=0}
10-14 01:23:46.816 1539 1539 I QFP : notifyPowerState: 2
10-14 01:23:46.816 1539 1539 I QFP : notifyPowerState: 2
10-14 01:23:46.816 1539 1539 I QFP : notifyPowerState: 2
10-14 01:23:46.816 1539 1539 I QFP : notifyPowerState: screen state 2
10-14 01:23:46.817 1539 2632 I QFP : Initializing QFP framework, container 0 handle 0
10-14 01:23:46.818 1539 2632 I QFP : getPersistPropVal: persist.vendor.qfp.qbt_fd_name = /dev/qbt_fd (default /dev/qbt_fd)
10-14 01:23:46.818 1930 1930 D KeyguardViewMediator: adjustStatusBarLocked: mShowing=false mOccluded=false isSecure=false force=false --> flags=0x0
10-14 01:23:46.818 1344 2169 I SoftMPEG4Encoder: Construct SoftMPEG4Encoder
10-14 01:23:46.820 1930 1930 V KeyguardUpdateMonitor: *** unregister callback for com.android.keyguard.KeyguardHostViewController$1@a69f2b3
01-01 08:01:04.851 0 0 E : INFO: trying to register non-static key.
01-01 08:01:04.852 0 0 D qbt : qbt_open: entry minor_no=0 fd_available=1
01-01 08:01:04.856 0 0 E : the code is fine but needs lockdep annotation.
01-01 08:01:04.856 0 0 I : CPU: 7 PID: 274 Comm: kworker/u16:3 Tainted: G S W O 4.19.157+ #1
01-01 08:01:04.856 0 0 I Hardware name: Qualcomm Technologies, Inc. kona MTP-RmPM8150b. VX1(MCE) EVT2 (DT)
01-01 08:01:04.856 0 0 I Workqueue: events_unbound ion_system_secure_heap_prefetch_work
01-01 08:01:04.856 0 0 I Call trace:
01-01 08:01:04.856 0 0 I : dump_backtrace+0x0/0x258
01-01 08:01:04.856 0 0 I : show_stack+0x20/0x30
01-01 08:01:04.856 0 0 I : dump_stack+0xd8/0x12c
01-01 08:01:04.856 0 0 I : register_lock_class+0x4d0/0x5c8
01-01 08:01:04.856 0 0 I : __lock_acquire+0xbc/0x1e58
01-01 08:01:04.856 0 0 I : lock_acquire+0x1cc/0x218
01-01 08:01:04.856 0 0 I : _raw_spin_lock_irqsave+0x54/0x98
01-01 08:01:04.856 0 0 I : ion_system_secure_heap_prefetch_work+0x94/0x2c0
01-01 08:01:04.856 0 0 I : process_one_work+0x38c/0x660
01-01 08:01:04.856 0 0 I : worker_thread+0x268/0x4b8
01-01 08:01:04.856 0 0 I : kthread+0x140/0x150
01-01 08:01:04.856 0 0 I : ret_from_fork+0x10/0x1c
10-14 01:23:46.822 1930 1930 V KeyguardUpdateMonitor: *** register callback for com.android.keyguard.KeyguardHostViewController$1@964fe9
10-14 01:23:46.822 1930 1930 V KeyguardUpdateMonitor: *** unregister callback for null
10-14 01:23:46.823 1930 1930 V KeyguardSecurityView: showPrimarySecurityScreen(turningOff=false)
10-14 01:23:46.823 1930 1930 D KeyguardSecurityView: showSecurityScreen(None)
10-14 01:23:46.824 1333 1423 W OMXUtils: do not know color format 0x7f000789 = 2130708361
10-14 01:23:46.825 1930 1930 D KeyguardViewBase: show()
10-14 01:23:46.825 1930 1930 V KeyguardSecurityView: showPrimarySecurityScreen(turningOff=false)
10-14 01:23:46.825 1344 1344 E OMXNodeInstance: getConfig(0xf5040ef0:google.h263.encoder, ConfigAndroidIntraRefresh(0x6f60000a)) ERROR: Undefined(0x80001001)
10-14 01:23:46.825 1930 1930 D KeyguardSecurityView: showSecurityScreen(None)
10-14 01:23:46.826 1344 1344 E OMXNodeInstance: getParameter(0xf5040ef0:google.h263.encoder, ParamVideoIntraRefresh(0x6000006)) ERROR: UnsupportedIndex(0x8000101a)
10-14 01:23:46.826 1333 1423 D MediaCodecInfo: detail feature-frame-parsing wasn't present to remove
10-14 01:23:46.828 1930 1930 V KeyguardUpdateMonitor: *** unregister callback for com.android.keyguard.AnimatableClockController$4@9d9558b
10-14 01:23:46.828 1539 2632 I QFP : getPersistPropVal: persist.vendor.qfp.qbt_ipc_name = /dev/qbt_ipc (default /dev/qbt_ipc)
10-14 01:23:46.828 1930 1930 V KeyguardUpdateMonitor: *** unregister callback for com.android.keyguard.AnimatableClockController$4@a85bf67
10-14 01:23:46.828 1539 2632 E QFP : Dropping unsupported QBT command
01-01 08:01:04.862 0 0 D qbt : qbt_open: exit : 0 fd_available=0
01-01 08:01:04.862 0 0 D qbt : qbt_open: entry minor_no=1 fd_available=0
01-01 08:01:04.862 0 0 D qbt : qbt_open: exit : 0 fd_available=0
01-01 08:01:04.862 0 0 D qbt : qbt_ioctl: cmd received 107
01-01 08:01:04.862 0 0 D qbt : qbt_ioctl: Acquiring wakelock
10-14 01:23:46.834 1930 1930 V KeyguardUpdateMonitor: *** unregister callback for com.android.keyguard.KeyguardStatusViewController$2@1c4fb49
10-14 01:23:46.834 1539 2632 D QSEECOMAPI: QSEECom_get_handle sb_length = 0x40000
10-14 01:23:46.836 1539 2632 D QSEECOMAPI: App is not loaded in QSEE
10-14 01:23:46.836 1539 2632 D QSEECOMAPI: app_arch = 2, total_files = 9
10-14 01:23:46.837 1333 1423 I OMXClient: IOmx service obtained
10-14 01:23:46.838 1344 1344 I OMXMaster: makeComponentInstance(OMX.qcom.video.encoder.hevc) in android.hardwar process
10-14 01:23:46.838 1539 2632 E ion : ioctl c0044901 failed with code -1: Inappropriate ioctl for device
10-14 01:23:46.852 1930 1930 V KeyguardUpdateMonitor: *** register callback for com.android.keyguard.AnimatableClockController$4@373e52a
10-14 01:23:46.852 1930 1930 V KeyguardUpdateMonitor: *** unregister callback for null
10-14 01:23:46.853 1930 1930 V KeyguardUpdateMonitor: *** register callback for com.android.keyguard.AnimatableClockController$4@9c20691
10-14 01:23:46.853 1930 1930 V KeyguardUpdateMonitor: *** unregister callback for null
10-14 01:23:46.855 1930 1930 V KeyguardUpdateMonitor: *** register callback for com.android.keyguard.KeyguardStatusViewController$2@eefef82
10-14 01:23:46.855 1930 1930 V KeyguardUpdateMonitor: *** unregister callback for null
10-14 01:23:46.856 1930 1930 V KeyguardUpdateMonitor: *** unregister callback for com.android.keyguard.EmergencyButtonController$1@a2f374d
10-14 01:23:46.857 1930 1930 V KeyguardUpdateMonitor: *** unregister callback for com.android.systemui.statusbar.phone.KeyguardBottomAreaView$9@a7e4476
10-14 01:23:46.858 1930 2095 D ControlsListingControllerImpl: Unsubscribing callback
10-14 01:23:46.868 1930 1930 V KeyguardUpdateMonitor: *** register callback for com.android.systemui.statusbar.phone.KeyguardBottomAreaView$9@e67a83
10-14 01:23:46.868 1930 1930 V KeyguardUpdateMonitor: *** unregister callback for null
01-01 08:01:04.905 0 0 W QSEECOM : qseecom_load_app: App (fingerpr) does'nt exist, loading apps for first time
10-14 01:23:46.872 1930 1930 V KeyguardUpdateMonitor: *** register callback for com.android.keyguard.EmergencyButtonController$1@fc84400
10-14 01:23:46.872 1930 2095 D ControlsListingControllerImpl: Subscribing callback, service count: 0
10-14 01:23:46.873 1930 1930 V KeyguardUpdateMonitor: *** unregister callback for null
10-14 01:23:46.875 1344 1344 I android.hardware.media.omx@1.0-service: vendor/qcom/proprietary/adsprpc/src/rpcmem_android.c:159: rpcmem_init_internal: opened ION device fd 7, configured heap IDs: system (0x2000000), contig (0x400000), secure (0x200), secure flags (0x80080000)
10-14 01:23:46.875 1344 1344 I android.hardware.media.omx@1.0-service: vendor/qcom/proprietary/adsprpc/src/fastrpc_apps_user.c:3087: fastrpc_apps_user_init done with default domain:3 and &fastrpc_trace:0xf2cf4c1c
10-14 01:23:46.881 1930 1930 E EmergencyButton: Fail to call TelephonyManager.requestCellInfoUpdate
10-14 01:23:46.881 1930 1930 E EmergencyButton: java.lang.IllegalStateException: Telephony is null
10-14 01:23:46.881 1930 1930 E EmergencyButton: at android.telephony.TelephonyManager.requestCellInfoUpdate(TelephonyManager.java:6362)
10-14 01:23:46.881 1930 1930 E EmergencyButton: at com.android.keyguard.EmergencyButtonController.requestCellInfoUpdate(EmergencyButtonController.java:182)
10-14 01:23:46.881 1930 1930 E EmergencyButton: at com.android.keyguard.EmergencyButtonController.access$100(EmergencyButtonController.java:51)
10-14 01:23:46.881 1930 1930 E EmergencyButton: at com.android.keyguard.EmergencyButtonController$1.onPhoneStateChanged(EmergencyButtonController.java:77)
10-14 01:23:46.881 1930 1930 E EmergencyButton: at com.android.keyguard.KeyguardUpdateMonitor.sendUpdates(KeyguardUpdateMonitor.java:3085)
10-14 01:23:46.881 1930 1930 E EmergencyButton: at com.android.keyguard.KeyguardUpdateMonitor.registerCallback(KeyguardUpdateMonitor.java:3062)
10-14 01:23:46.881 1930 1930 E EmergencyButton: at com.android.keyguard.EmergencyButtonController.onViewAttached(EmergencyButtonController.java:119)
10-14 01:23:46.881 1930 1930 E EmergencyButton: at com.android.systemui.util.ViewController$1.onViewAttachedToWindow(ViewController.java:52)
10-14 01:23:46.881 1930 1930 E EmergencyButton: at com.android.systemui.util.ViewController.init(ViewController.java:80)
10-14 01:23:46.881 1930 1930 E EmergencyButton: at com.android.systemui.statusbar.phone.NotificationPanelViewController.initBottomArea(NotificationPanelViewController.java:1201)
10-14 01:23:46.881 1930 1930 E EmergencyButton: at com.android.systemui.statusbar.phone.NotificationPanelViewController.reInflateViews(NotificationPanelViewController.java:1154)
10-14 01:23:46.881 1930 1930 E EmergencyButton: at com.android.systemui.statusbar.phone.NotificationPanelViewController.access$10100(NotificationPanelViewController.java:184)
10-14 01:23:46.881 1930 1930 E EmergencyButton: at com.android.systemui.statusbar.phone.NotificationPanelViewController$ConfigurationListener.onThemeChanged(NotificationPanelViewController.java:4394)
10-14 01:23:46.881 1930 1930 E EmergencyButton: at com.android.systemui.statusbar.phone.ConfigurationControllerImpl.notifyThemeChanged(ConfigurationControllerImpl.kt:56)
10-14 01:23:46.881 1930 1930 E EmergencyButton: at com.android.systemui.statusbar.phone.StatusBar.updateTheme(StatusBar.java:3796)
10-14 01:23:46.881 1930 1930 E EmergencyButton: at com.android.systemui.statusbar.phone.StatusBar.onColorsChanged(StatusBar.java:2037)
10-14 01:23:46.881 1930 1930 E EmergencyButton: at com.android.internal.colorextraction.ColorExtractor.triggerColorsChanged(ColorExtractor.java:207)
10-14 01:23:46.881 1930 1930 E EmergencyButton: at com.android.internal.colorextraction.ColorExtractor$LoadWallpaperColors.onPostExecute(ColorExtractor.java:107)
10-14 01:23:46.881 1930 1930 E EmergencyButton: at com.android.internal.colorextraction.ColorExtractor$LoadWallpaperColors.onPostExecute(ColorExtractor.java:93)
10-14 01:23:46.881 1930 1930 E EmergencyButton: at android.os.AsyncTask.finish(AsyncTask.java:771)
10-14 01:23:46.881 1930 1930 E EmergencyButton: at android.os.AsyncTask.access$900(AsyncTask.java:199)
10-14 01:23:46.881 1930 1930 E EmergencyButton: at android.os.AsyncTask$InternalHandler.handleMessage(AsyncTask.java:788)
10-14 01:23:46.881 1930 1930 E EmergencyButton: at android.os.Handler.dispatchMessage(Handler.java:106)
10-14 01:23:46.881 1930 1930 E EmergencyButton: at android.os.Looper.loopOnce(Looper.java:201)
10-14 01:23:46.881 1930 1930 E EmergencyButton: at android.os.Looper.loop(Looper.java:288)
10-14 01:23:46.881 1930 1930 E EmergencyButton: at android.app.ActivityThread.main(ActivityThread.java:7880)
10-14 01:23:46.881 1930 1930 E EmergencyButton: at java.lang.reflect.Method.invoke(Native Method)
10-14 01:23:46.881 1930 1930 E EmergencyButton: at com.android.internal.os.RuntimeInit$MethodAndArgsCaller.run(RuntimeInit.java:548)
10-14 01:23:46.881 1930 1930 E EmergencyButton: at com.android.internal.os.ZygoteInit.main(ZygoteInit.java:1009)
10-14 01:23:46.881 1344 1344 D PlatformConfig: getInstance: Enter
10-14 01:23:46.882 1344 1344 D PlatformConfig: getInt32 Config name: vidc_perf_control_enable value: 0
10-14 01:23:46.882 1344 1344 D PlatformConfig: getInstance: Enter
10-14 01:23:46.882 1344 1344 D PlatformConfig: getInt32: Returning default
10-14 01:23:46.882 1344 1344 D PlatformConfig: getInstance: Enter
10-14 01:23:46.882 1344 1344 D PlatformConfig: getInt32 Config name: vidc_enc_log_in value: 0
10-14 01:23:46.882 1344 1344 D PlatformConfig: getInstance: Enter
01-01 08:01:04.916 0 0 I msm_vidc: high: 00000001: ....e: Opening video instance: fffffff9c0f38000, 0
10-14 01:23:46.882 1344 1344 D PlatformConfig: getInt32 Config name: vidc_enc_log_out value: 0
10-14 01:23:46.882 1344 1344 D PlatformConfig: getInstance: Enter
10-14 01:23:46.882 1344 1344 D PlatformConfig: getInt32 Config name: vidc_enc_csc_custom_matrix value: 0
10-14 01:23:46.882 1344 1344 D PlatformConfig: getInstance: Enter
10-14 01:23:46.882 1344 1344 D PlatformConfig: getInt32 Config name: vidc_enc_auto_blur_disable value: 0
10-14 01:23:46.882 1344 1344 D PlatformConfig: getInstance: Enter
10-14 01:23:46.882 1344 1344 D PlatformConfig: getInt32: Returning default
10-14 01:23:46.882 1344 1344 D PlatformConfig: getInstance: Enter
10-14 01:23:46.882 1344 1344 D PlatformConfig: getInt32 Config name: vidc_enc_linear_color_format value: 0
10-14 01:23:46.882 1344 1344 D PlatformConfig: getInstance: Enter
10-14 01:23:46.882 1344 1344 D PlatformConfig: getInt32 Config name: vidc_enc_bitrate_savings_enable value: 3
10-14 01:23:46.882 1344 1344 D PlatformConfig: getInstance: Enter
10-14 01:23:46.882 1344 1344 D PlatformConfig: getInt32 Config name: vidc_enc_quality_boost_enable value: 1
10-14 01:23:46.885 1930 1930 D KeyguardUpdateMonitor: received broadcast android.intent.action.BATTERY_CHANGED
10-14 01:23:46.885 1930 2267 I sysui_multi_action: [757,213,758,4,759,2]
10-14 01:23:46.886 1930 2267 I vol.Events: writeEvent external_ringer_mode_changed normal
10-14 01:23:46.886 1930 2267 I vol.Events: writeEvent internal_ringer_mode_changed normal
10-14 01:23:46.888 1344 1344 I OMX-VENC: Component_init : OMX.qcom.video.encoder.hevc : return = 0x0
10-14 01:23:46.891 1344 1344 I OMX-VENC: venc_dev: v4l2 profile : 0 flags : 7
10-14 01:23:46.892 1344 1344 I OMX-VENC: venc_dev: v4l2 profile : 2 flags : 7
10-14 01:23:46.892 1930 2246 W ActivityThread: Failed to find provider info for com.android.contacts (user not unlocked)
10-14 01:23:46.893 1344 1344 I OMX-VENC: venc_dev: v4l2 profile : 1 flags : 7
10-14 01:23:46.893 1344 2169 I OMX-VENC: venc_dev: v4l2 profile : 2 flags : 7
10-14 01:23:46.894 1344 2169 I OMX-VENC: venc_dev: v4l2 profile : 2 flags : 7
10-14 01:23:46.896 1333 1423 W OMXUtils: do not know color format 0x7fa30c06 = 2141391878
10-14 01:23:46.898 1333 1423 W OMXUtils: do not know color format 0x7fa30c04 = 2141391876
10-14 01:23:46.904 1333 1423 W OMXUtils: do not know color format 0x7fa30c00 = 2141391872
10-14 01:23:46.906 1333 1423 W OMXUtils: do not know color format 0x7fa30c09 = 2141391881
10-14 01:23:46.907 1333 1423 W OMXUtils: do not know color format 0x7fa30c0a = 2141391882
10-14 01:23:46.908 1333 1423 W OMXUtils: do not know color format 0x7fa30c08 = 2141391880
10-14 01:23:46.909 2572 2572 F DEBUG : *** *** *** *** *** *** *** *** *** *** *** *** *** *** *** ***
10-14 01:23:46.909 2572 2572 F DEBUG : Build fingerprint: 'TC/figure_CN/figure:12/SKQ1.220201.001/1107:userdebug/test-keys'
10-14 01:23:46.909 2572 2572 F DEBUG : Revision: '0'
10-14 01:23:46.909 2572 2572 F DEBUG : ABI: 'arm64'
10-14 01:23:46.909 2572 2572 F DEBUG : Timestamp: 2022-10-14 01:23:46.298678278+0800
10-14 01:23:46.909 2572 2572 F DEBUG : Process uptime: 0s
10-14 01:23:46.909 2572 2572 F DEBUG : Cmdline: /vendor/bin/hw/android.hardware.camera.provider@2.4-service_64
10-14 01:23:46.909 1333 1423 W OMXUtils: do not know color format 0x7fa30c07 = 2141391879
10-14 01:23:46.910 2572 2572 F DEBUG : pid: 2460, tid: 2460, name: android.hardwar >>> /vendor/bin/hw/android.hardware.camera.provider@2.4-service_64 <<<
10-14 01:23:46.909 1930 2155 W ActivityThread: Failed to find provider info for com.android.contacts (user not unlocked)
10-14 01:23:46.910 1930 1930 V WallpaperService: Setting wallpaper dimming: 0
10-14 01:23:46.910 2572 2572 F DEBUG : uid: 1047
10-14 01:23:46.910 2572 2572 F DEBUG : signal 6 (SIGABRT), code -6 (SI_TKILL), fault addr --------
10-14 01:23:46.910 2572 2572 F DEBUG : x0 0000000000000000 x1 000000000000099c x2 0000000000000006 x3 8080800000000000
10-14 01:23:46.910 2572 2572 F DEBUG : x4 00000000000cd288 x5 00000000000cd288 x6 00000000000cd288 x7 7f7f7f7f7fffff7f
10-14 01:23:46.910 2572 2572 F DEBUG : x8 0000000000000083 x9 f660808998f394d6 x10 0000007fdbb14768 x11 fffffffffffffffd
10-14 01:23:46.910 2572 2572 F DEBUG : x12 00000071193b7000 x13 0000000000000000 x14 0000007fdbb14ef0 x15 ffffffffffffffff
10-14 01:23:46.911 2572 2572 F DEBUG : x16 000000742cf3a5a0 x17 000000742cf167c0 x18 000000743056e000 x19 0000007117a8a565
10-14 01:23:46.911 2572 2572 F DEBUG : x20 b40000713c610d30 x21 000000742f3ef000 x22 0000007fdbb153cc x23 0000007118201aa0
10-14 01:23:46.911 2572 2572 F DEBUG : x24 00000071181a1fc0 x25 000000711814bdb0 x26 0000000000000060 x27 0000000000000000
10-14 01:23:46.912 2572 2572 F DEBUG : x28 b40000716c611748 x29 0000007fdbb41810
10-14 01:23:46.912 2572 2572 F DEBUG : lr 00000071180837dc sp 0000007fdbb15360 pc 000000742cf167cc pst 0000000000001000
10-14 01:23:46.912 2572 2572 F DEBUG : backtrace:
10-14 01:23:46.913 2572 2572 F DEBUG : #00 pc 00000000000a17cc /apex/com.android.runtime/lib64/bionic/libc.so (tgkill+12) (BuildId: 369edc656806aeaf384cbeb8f7a347af)
10-14 01:23:46.913 1333 1423 W OMXUtils: do not know color format 0x7f000789 = 2130708361
10-14 01:23:46.913 2572 2572 F DEBUG : #01 pc 00000000006457d8 /vendor/lib64/hw/camera.qcom.so (CamX::HwEnvironment::GetInstance() (.cfi)+6368) (BuildId: 577757f361f69c46328d4dcf9bd6aaaf)
10-14 01:23:46.913 2572 2572 F DEBUG : #02 pc 0000000000266a50 /vendor/lib64/hw/camera.qcom.so (CamX::HAL3Module::GetInstance()+664) (BuildId: 577757f361f69c46328d4dcf9bd6aaaf)
10-14 01:23:46.913 2572 2572 F DEBUG : #03 pc 000000000025a294 /vendor/lib64/hw/camera.qcom.so (CamX::get_number_of_cameras() (.cfi)+84) (BuildId: 577757f361f69c46328d4dcf9bd6aaaf)
10-14 01:23:46.913 2572 2572 F DEBUG : #04 pc 0000000000034908 /vendor/lib64/android.hardware.camera.provider@2.4-legacy.so (android::hardware::camera::common::V1_0::helper::CameraModule::init()+200) (BuildId: c456d5ffa961e6c6954debfeaac86fd5)
10-14 01:23:46.913 2572 2572 F DEBUG : #05 pc 0000000000026e48 /vendor/lib64/android.hardware.camera.provider@2.4-legacy.so (android::hardware::camera::provider::V2_4::implementation::LegacyCameraProviderImpl_2_4::initialize()+140) (BuildId: c456d5ffa961e6c6954debfeaac86fd5)
10-14 01:23:46.914 2572 2572 F DEBUG : #06 pc 0000000000026638 /vendor/lib64/android.hardware.camera.provider@2.4-legacy.so (android::hardware::camera::provider::V2_4::implementation::LegacyCameraProviderImpl_2_4::LegacyCameraProviderImpl_2_4()+160) (BuildId: c456d5ffa961e6c6954debfeaac86fd5)
10-14 01:23:46.914 2572 2572 F DEBUG : #07 pc 000000000000415c /vendor/lib64/hw/android.hardware.camera.provider@2.4-impl.so (android::hardware::camera::provider::V2_4::implementation::CameraProvider* android::hardware::camera::provider::V2_4::implementation::getProviderImpl() (.cfi)+64) (BuildId: 5e2f33df9f94aadf6b2d7d01985be38c)
10-14 01:23:46.914 2572 2572 F DEBUG : #08 pc 0000000000051d94 /apex/com.android.vndk.v30/lib64/libhidlbase.so (android::hardware::PassthroughServiceManager::get(android::hardware::hidl_string const&, android::hardware::hidl_string const&)::'lambda'(void*, std::__1::basic_string, std::__1::allocator > const&, std::__1::basic_string, std::__1::allocator > const&)::operator()(void*, std::__1::basic_string, std::__1::allocator > const&, std::__1::basic_string, std::__1::allocator > const&) const+96) (BuildId: fc3e2389a057aeefafa6557f6d78a06b)
10-14 01:23:46.914 1930 2188 D EglHelper: createEglContext start
10-14 01:23:46.914 2572 2572 F DEBUG : #09 pc 000000000004cdf0 /apex/com.android.vndk.v30/lib64/libhidlbase.so (android::hardware::PassthroughServiceManager::openLibs(std::__1::basic_string, std::__1::allocator > const&, std::__1::function, std::__1::allocator > const&, std::__1::basic_string, std::__1::allocator > const&)> const&)+944) (BuildId: fc3e2389a057aeefafa6557f6d78a06b)
10-14 01:23:46.914 2572 2572 F DEBUG : #10 pc 00000000000502a0 /apex/com.android.vndk.v30/lib64/libhidlbase.so (android::hardware::PassthroughServiceManager::get(android::hardware::hidl_string const&, android::hardware::hidl_string const&)+92) (BuildId: fc3e2389a057aeefafa6557f6d78a06b)
10-14 01:23:46.914 2572 2572 F DEBUG : #11 pc 000000000004dd8c /apex/com.android.vndk.v30/lib64/libhidlbase.so (android::hardware::details::getRawServiceInternal(std::__1::basic_string, std::__1::allocator > const&, std::__1::basic_string, std::__1::allocator > const&, bool, bool)+1488) (BuildId: fc3e2389a057aeefafa6557f6d78a06b)
10-14 01:23:46.914 2572 2572 F DEBUG : #12 pc 000000000004b91c /apex/com.android.vndk.v30/lib64/libhidlbase.so (android::hardware::details::registerPassthroughServiceImplementation(std::__1::basic_string, std::__1::allocator > const&, std::__1::basic_string, std::__1::allocator > const&, std::__1::function const&, std::__1::basic_string, std::__1::allocator > const&)>, std::__1::basic_string, std::__1::allocator > const&)+80) (BuildId: fc3e2389a057aeefafa6557f6d78a06b)
10-14 01:23:46.915 2572 2572 F DEBUG : #13 pc 000000000004bc9c /apex/com.android.vndk.v30/lib64/libhidlbase.so (android::hardware::registerPassthroughServiceImplementation(std::__1::basic_string, std::__1::allocator > const&, std::__1::basic_string, std::__1::allocator > const&, std::__1::basic_string, std::__1::allocator > const&)+56) (BuildId: fc3e2389a057aeefafa6557f6d78a06b)
10-14 01:23:46.915 2572 2572 F DEBUG : #14 pc 0000000000001130 /vendor/bin/hw/android.hardware.camera.provider@2.4-service_64 (main.cfi+196) (BuildId: a1ba6e409ca848af1f0b7c62860af7da)
10-14 01:23:46.915 2572 2572 F DEBUG : #15 pc 000000000004a084 /apex/com.android.runtime/lib64/bionic/libc.so (__libc_init+100) (BuildId: 369edc656806aeaf384cbeb8f7a347af)
10-14 01:23:46.916 1344 2638 E OMX-VENC: venc_dev: async_venc_message_thread interrupted to be exited
10-14 01:23:46.921 1930 2188 D EglHelper: createEglContext done
10-14 01:23:46.921 1930 2188 D EglHelper: createEglSurface start
10-14 01:23:46.922 1930 2188 D EglHelper: createEglSurface done
01-01 08:01:04.957 0 0 I msm_vidc: high: 00000001: h265e: Closed video instance: fffffff9c0f38000
10-14 01:23:46.923 1344 2169 I OMX-VENC: Component Deinit
10-14 01:23:46.942 1344 2169 I android.hardware.media.omx@1.0-service: vendor/qcom/proprietary/adsprpc/src/rpcmem_android.c:192: rpcmem_deinit_internal: closed ION fd 7
10-14 01:23:46.942 1344 2169 I android.hardware.media.omx@1.0-service: vendor/qcom/proprietary/adsprpc/src/fastrpc_apps_user.c:3019: fastrpc_apps_user_deinit done
10-14 01:23:46.953 1333 1423 I OMXClient: IOmx service obtained
10-14 01:23:46.954 1344 1344 I OMXMaster: makeComponentInstance(OMX.qcom.video.encoder.hevc.cq) in android.hardwar process
10-14 01:23:46.957 1930 1930 D QSTileHost: Recreating tiles
10-14 01:23:46.957 1930 1930 D QSTileHost: Creating tile: internet
10-14 01:23:46.959 1930 1930 D QSTileHost: Creating tile: bt
10-14 01:23:46.959 1930 1930 D QSTileHost: Creating tile: screenshot
10-14 01:23:46.961 1930 1930 D QSTileHost: Creating tile: screenrecord
10-14 01:23:46.961 1930 1930 D QSTileHost: Creating tile: dark
10-14 01:23:46.961 1930 1930 D QSTileHost: Creating tile: night
10-14 01:23:46.962 1930 1930 D QSTileHost: Creating tile: gamemode
10-14 01:23:46.963 1930 1930 D QSTileHost: Creating tile: dbg:mem
10-14 01:23:46.973 1930 2095 D ControlsListingControllerImpl: Unsubscribing callback
10-14 01:23:46.978 1539 2632 D QSEECOMAPI: Loaded image: APP id = 7
01-01 08:01:05.012 0 0 W QSEECOM : qseecom_load_app: App with id 7 (fingerpr) now loaded
10-14 01:23:46.979 1930 1930 D ControlsFavoritePersistenceWrapper: No favorites, returning empty list
10-14 01:23:46.981 1930 1930 I WalletControllerImpl: Setting WalletTile position: null
10-14 01:23:46.981 1930 2095 D ControlsListingControllerImpl: Subscribing callback, service count: 0
10-14 01:23:46.981 1930 2095 D ControlsListingControllerImpl: Subscribing callback, service count: 0
10-14 01:23:46.992 1539 2632 I QFP : qsc_start_app: Loading app [fingerpr] succeeded
10-14 01:23:46.992 1539 2632 I QFP : openFramework: entry with eeprom_buffer_size=0
10-14 01:23:46.993 1344 1344 I android.hardware.media.omx@1.0-service: vendor/qcom/proprietary/adsprpc/src/rpcmem_android.c:159: rpcmem_init_internal: opened ION device fd 7, configured heap IDs: system (0x2000000), contig (0x400000), secure (0x200), secure flags (0x80080000)
10-14 01:23:46.994 1344 1344 I android.hardware.media.omx@1.0-service: vendor/qcom/proprietary/adsprpc/src/fastrpc_apps_user.c:3087: fastrpc_apps_user_init done with default domain:3 and &fastrpc_trace:0xf2d39c1c
10-14 01:23:47.008 1344 1344 D PlatformConfig: getInstance: Enter
10-14 01:23:47.008 1344 1344 D PlatformConfig: getInt32 Config name: vidc_perf_control_enable value: 0
10-14 01:23:47.008 1344 1344 D PlatformConfig: getInstance: Enter
10-14 01:23:47.008 1344 1344 D PlatformConfig: getInt32: Returning default
10-14 01:23:47.008 1344 1344 D PlatformConfig: getInstance: Enter
10-14 01:23:47.008 1344 1344 D PlatformConfig: getInt32 Config name: vidc_enc_log_in value: 0
10-14 01:23:47.009 1344 1344 D PlatformConfig: getInstance: Enter
10-14 01:23:47.009 1344 1344 D PlatformConfig: getInt32 Config name: vidc_enc_log_out value: 0
10-14 01:23:47.009 1344 1344 D PlatformConfig: getInstance: Enter
10-14 01:23:47.009 1344 1344 D PlatformConfig: getInt32 Config name: vidc_enc_csc_custom_matrix value: 0
10-14 01:23:47.009 1344 1344 D PlatformConfig: getInstance: Enter
10-14 01:23:47.009 1344 1344 D PlatformConfig: getInt32 Config name: vidc_enc_auto_blur_disable value: 0
10-14 01:23:47.009 1344 1344 D PlatformConfig: getInstance: Enter
10-14 01:23:47.009 1344 1344 D PlatformConfig: getInt32: Returning default
10-14 01:23:47.009 1344 1344 D PlatformConfig: getInstance: Enter
10-14 01:23:47.009 1344 1344 D PlatformConfig: getInt32 Config name: vidc_enc_linear_color_format value: 0
10-14 01:23:47.009 1344 1344 D PlatformConfig: getInstance: Enter
10-14 01:23:47.009 1344 1344 D PlatformConfig: getInt32 Config name: vidc_enc_bitrate_savings_enable value: 3
10-14 01:23:47.009 1344 1344 D PlatformConfig: getInstance: Enter
10-14 01:23:47.009 1344 1344 D PlatformConfig: getInt32 Config name: vidc_enc_quality_boost_enable value: 1
10-14 01:23:47.009 547 557 D DrmLibTime: got the req here! ret=0
10-14 01:23:47.010 547 557 D DrmLibTime: command id, time_cmd_id = 770
10-14 01:23:47.010 547 557 D DrmLibTime: time_getutcsec starts!
10-14 01:23:47.010 547 557 D DrmLibTime: QSEE Time Listener: time_getutcsec
10-14 01:23:47.010 547 557 D DrmLibTime: QSEE Time Listener: get_utc_seconds
10-14 01:23:47.010 547 557 D DrmLibTime: QSEE Time Listener: time_get_modem_time
10-14 01:23:47.010 547 557 D DrmLibTime: QSEE Time Listener: Checking if ATS_MODEM is set or not.
10-14 01:23:47.010 547 557 D QC-time-services: Lib:time_genoff_operation: pargs->base = 13
10-14 01:23:47.010 547 557 D QC-time-services: Lib:time_genoff_operation: pargs->operation = 2
10-14 01:23:47.010 547 557 D QC-time-services: Lib:time_genoff_operation: pargs->ts_val = 0
01-01 08:01:05.044 0 0 I msm_vidc: high: 00000001: ....e: Opening video instance: fffffffa551a8000, 0
10-14 01:23:47.013 1151 1922 W NativeCrashListener: Couldn't find ProcessRecord for pid 2460
10-14 01:23:47.013 547 557 D QC-time-services: Lib:time_genoff_operation: Send to server passed!!
10-14 01:23:47.013 652 1043 D QC-time-services: Daemon: Connection accepted:time_genoff
10-14 01:23:47.014 652 2642 D QC-time-services: Daemon:Received base = 13, unit = 1, operation = 2,value = 0
10-14 01:23:47.014 652 2642 D QC-time-services: Daemon:genoff_opr: Base = 13, val = 0, operation = 2
10-14 01:23:47.014 652 2642 D QC-time-services: offset is: 0 for base: 13
10-14 01:23:47.015 635 635 E tombstoned: Tombstone written to: tombstone_22
10-14 01:23:47.017 652 1043 E QC-time-services: Daemon: Time-services: Waiting to acceptconnection
10-14 01:23:47.017 1344 1344 I OMX-VENC: Component_init : OMX.qcom.video.encoder.hevc.cq : return = 0x0
10-14 01:23:47.018 547 557 E QC-time-services: Receive Passed == base = 13, unit = 1, operation = 2, result = 0
10-14 01:23:47.018 547 557 D DrmLibTime: QSEE Time Listener: ATS_MODEM is not set. Fallback to Android system time.
10-14 01:23:47.018 547 557 D DrmLibTime: QSEE Time Listener: Retrieved Android system time: 1665681827
10-14 01:23:47.018 547 557 D DrmLibTime: time_getutcsec returns 0, sec = 1665681827; nsec = 0
10-14 01:23:47.018 547 557 D DrmLibTime: time_getutcsec finished!
10-14 01:23:47.024 1344 1344 I OMX-VENC: venc_dev: v4l2 profile : 0 flags : 7
10-14 01:23:47.025 1344 1344 I OMX-VENC: venc_dev: v4l2 profile : 2 flags : 7
10-14 01:23:47.026 1344 1344 I OMX-VENC: venc_dev: v4l2 profile : 1 flags : 7
10-14 01:23:47.031 1151 1770 I BootReceiver: Copying /data/tombstones/tombstone_22 to DropBox (SYSTEM_TOMBSTONE)
10-14 01:23:47.032 1151 1770 I DropBoxManagerService: add tag=SYSTEM_TOMBSTONE isTagEnabled=true flags=0x6
10-14 01:23:47.034 1344 1344 I OMX-VENC: venc_dev: v4l2 profile : 2 flags : 7
10-14 01:23:47.035 1344 1344 I OMX-VENC: venc_dev: v4l2 profile : 2 flags : 7
10-14 01:23:47.036 547 557 D DrmLibTime: iotcl_continue_command finished! and return 0
10-14 01:23:47.036 547 557 D DrmLibTime: before calling ioctl to read the next time_cmd
10-14 01:23:47.038 1333 1423 W OMXUtils: do not know color format 0x7fa30c06 = 2141391878
10-14 01:23:47.039 1333 1423 W OMXUtils: do not know color format 0x7fa30c04 = 2141391876
10-14 01:23:47.041 1333 1423 W OMXUtils: do not know color format 0x7fa30c00 = 2141391872
10-14 01:23:47.042 1333 1423 W OMXUtils: do not know color format 0x7fa30c09 = 2141391881
10-14 01:23:47.044 1151 1770 I dropbox_file_copy: [/data/tombstones/tombstone_22,98304,SYSTEM_TOMBSTONE]
01-01 08:01:05.083 0 0 I init : Untracked pid 2572 exited with status 0
10-14 01:23:47.051 1333 1423 W OMXUtils: do not know color format 0x7fa30c0a = 2141391882
10-14 01:23:47.052 1151 1770 I commit_sys_config_file: [log-files,5558]
10-14 01:23:47.055 1333 1423 W OMXUtils: do not know color format 0x7fa30c08 = 2141391880
01-01 08:01:05.087 0 0 I init : Service 'vendor.camera-provider-2-4' (pid 2460) received signal 6
01-01 08:01:05.087 0 0 I init : Sending signal 9 to service 'vendor.camera-provider-2-4' (pid 2460) process group...
10-14 01:23:47.055 1151 1770 E NativeTombstoneManager: Tombstone's UID (1047) not an app, ignoring
10-14 01:23:47.057 1151 1770 I DropBoxManagerService: add tag=SYSTEM_TOMBSTONE_PROTO isTagEnabled=true flags=0x4
10-14 01:23:47.058 1333 1423 W OMXUtils: do not know color format 0x7fa30c07 = 2141391879
10-14 01:23:47.061 1333 1423 W OMXUtils: do not know color format 0x7f000789 = 2130708361
10-14 01:23:47.068 654 670 I mpu_uart: [MSG-P:RECV]:No message received in 1000 ms
10-14 01:23:47.072 1151 1770 I commit_sys_config_file: [log-files,5578]
10-14 01:23:47.074 1344 2644 E OMX-VENC: venc_dev: async_venc_message_thread interrupted to be exited
10-14 01:23:47.077 1344 1344 I OMX-VENC: Component Deinit
01-01 08:01:05.111 0 0 I msm_vidc: high: 00000001: h265e: Closed video instance: fffffffa551a8000
10-14 01:23:47.089 1930 1930 D QSPanel : setHorizontalContentContainer
10-14 01:23:47.093 1921 1921 I BluetoothPhonePolicy: MESSAGE_AUTO_CONNECT_PROFILES
10-14 01:23:47.094 1921 1921 D BluetoothAdapterService: isQuetModeEnabled() - Enabled = false
10-14 01:23:47.094 1921 1921 I BluetoothPhonePolicy: autoConnect: Initiate auto connection on BT on...
10-14 01:23:47.095 1921 1921 D BluetoothDatabase: getMostRecentlyConnectedA2dpDevice: Invalid address for device LocalStorage
10-14 01:23:47.096 1921 1921 D BluetoothDatabase: getMostRecentlyConnectedHfpDevice: Invalid address for device LocalStorage
10-14 01:23:47.097 1921 1921 D BluetoothDatabase: getMostRecentlyConnectedA2dpSrcDevice: Invalid address for device LocalStorage
10-14 01:23:47.097 1344 1344 I android.hardware.media.omx@1.0-service: vendor/qcom/proprietary/adsprpc/src/rpcmem_android.c:192: rpcmem_deinit_internal: closed ION fd 7
10-14 01:23:47.097 1344 1344 I android.hardware.media.omx@1.0-service: vendor/qcom/proprietary/adsprpc/src/fastrpc_apps_user.c:3019: fastrpc_apps_user_deinit done
10-14 01:23:47.097 1921 1921 I BluetoothPhonePolicy: autoConnect: mostRecentlyActiveA2dpDevice: null
10-14 01:23:47.097 1921 1921 I BluetoothPhonePolicy: autoConnect: mostRecentlyActiveHfpDevice: null
10-14 01:23:47.097 1921 1921 I BluetoothPhonePolicy: autoConnect: mostRecentlyConnectedA2dpSrcDevice: null
10-14 01:23:47.097 1921 1921 E BluetoothPhonePolicy: autoConnect: most recently active a2dp and hfp devices are null
01-01 08:01:05.127 0 0 I libprocessgroup: Successfully killed process cgroup uid 1047 pid 2460 in 40ms
10-14 01:23:47.109 1333 1423 I OMXClient: IOmx service obtained
10-14 01:23:47.110 1344 2169 I OMXMaster: makeComponentInstance(OMX.qcom.video.encoder.mpeg4sw) in android.hardwar process
10-14 01:23:47.113 1930 1930 D QSPanel : setHorizontalContentContainer
10-14 01:23:47.116 1930 1930 D QSPanel : setHorizontalContentContainer
10-14 01:23:47.117 1930 1930 D QSPanel : setHorizontalContentContainer
10-14 01:23:47.117 1930 1930 D QSPanel : qs brightness view is null
10-14 01:23:47.124 1930 1930 D QSPanel : setHorizontalContentContainer
10-14 01:23:47.124 1930 1930 D QSPanel : qs brightness view is null
10-14 01:23:47.139 1344 2169 I android.hardware.media.omx@1.0-service: vendor/qcom/proprietary/adsprpc/src/rpcmem_android.c:159: rpcmem_init_internal: opened ION device fd 7, configured heap IDs: system (0x2000000), contig (0x400000), secure (0x200), secure flags (0x80080000)
10-14 01:23:47.139 1344 2169 I android.hardware.media.omx@1.0-service: vendor/qcom/proprietary/adsprpc/src/fastrpc_apps_user.c:3087: fastrpc_apps_user_init done with default domain:3 and &fastrpc_trace:0xf2d33c1c
10-14 01:23:47.146 1344 2169 D PlatformConfig: getInstance: Enter
10-14 01:23:47.146 1344 2169 D PlatformConfig: getInt32 Config name: vidc_enc_log_in value: 0
10-14 01:23:47.146 1344 2169 D PlatformConfig: getInstance: Enter
10-14 01:23:47.147 1344 2169 D PlatformConfig: getInt32 Config name: vidc_enc_log_out value: 0
10-14 01:23:47.147 1344 2169 I SWVENC : >>> swvenc_init(): MPEG-4 codec, version date: 2017-01-27T12:02:22+0530
10-14 01:23:47.148 1344 2169 I SWVENC : --- set_state(): SWVENC_STATE_INVALID -> SWVENC_STATE_INIT
10-14 01:23:47.148 1344 2169 I SWVENC : >>> swvenc_check_inst_load():
10-14 01:23:47.148 1344 2169 I SWVENC : >>> swvenc_setproperty():
10-14 01:23:47.148 1344 2169 I SWVENC : --- set_profile(): simple profile
10-14 01:23:47.148 1344 2169 I SWVENC : >>> swvenc_setproperty():
10-14 01:23:47.148 1344 2169 I SWVENC : --- set_level(): 0
10-14 01:23:47.148 1344 2169 I SWVENC : >>> swvenc_setproperty():
10-14 01:23:47.148 1344 2169 I SWVENC : --- set_frame_size(): 176 x 144
10-14 01:23:47.148 1344 2169 I SWVENC : >>> swvenc_setproperty():
10-14 01:23:47.148 1344 2169 I SWVENC : --- set_property(): frame attributes: y,uv strides: 176,176; y,uv offsets: 0,25344; size: 38016
10-14 01:23:47.148 1344 2169 I SWVENC : >>> swvenc_getproperty():
10-14 01:23:47.148 1344 2169 I SWVENC : --- get_buffer_req(): input: 38016 byte buffers x (5 to 32), aligned to 128 byte boundaries
