01-01 08:00:39.508 0 0 D cnss : Posting event: COLD_BOOT_CAL_START(5), state: 0x0 flags: 0x0
01-01 08:00:39.508 0 0 D cnss : PM stay awake, state: 0x0, count: 1
01-01 08:00:39.509 0 0 D cnss : PM relax, state: 0x0, count: 0
01-01 08:00:39.509 0 0 D cnss : PM stay awake, state: 0x0, count: 1
01-01 08:00:39.509 0 0 D cnss : Processing driver event: COLD_BOOT_CAL_START(5), state: 0x0
01-01 08:00:39.509 0 0 D cnss : Regulator vdd-wlan-io is being enabled
01-01 08:00:39.509 0 0 D cnss : Regulator wlan-ant-switch is being enabled
01-01 08:00:39.509 0 0 D cnss : Regulator vdd-wlan-aon is being enabled
01-01 08:00:39.509 0 0 D cnss : Regulator vdd-wlan-dig is being enabled
01-01 08:00:39.510 0 0 D cnss : Regulator vdd-wlan-rfa1 is being enabled
01-01 08:00:39.510 0 0 D cnss : Regulator vdd-wlan-rfa2 is being enabled
01-01 08:00:39.511 0 0 D cnss : BT_EN_GPIO State: Off. Delay WLAN_GPIO enable
01-01 08:00:39.612 0 0 D cnss : Assert WLAN_EN GPIO successfully
01-01 08:00:39.612 0 0 D cnss : Resuming PCI link
01-01 08:00:39.613 0 0 I msm_pcie_enable: PCIe: Assert the reset of endpoint of RC0.
01-01 08:00:39.626 0 0 I msm_pcie_enable: PCIe: RC0: PCIE20_PARF_INT_ALL_MASK: 0x7f80d202
01-01 08:00:39.636 0 0 I pcie_phy_init: PCIe RC0 PHY is ready!
01-01 08:00:39.651 0 0 I msm_pcie_enable: PCIe: Release the reset of endpoint of RC0.
01-01 08:00:39.675 0 0 I msm_pcie_link_train: PCIe RC0 link initialized
01-01 08:00:39.687 0 0 I logd : logd reinit
01-01 08:00:39.699 0 0 I cnss_pci 0000: 01:00.0: enabling device (0000 -> 0002)
01-01 08:00:39.706 0 0 D cnss : Read register offset 0x1f8031c, val = 0x6
01-01 08:00:39.706 0 0 D cnss : Write val 0x2 to register offset 0x1f8031c
01-01 08:00:39.706 0 0 D cnss : Setting MHI state: INIT(0)
01-01 08:00:39.739 0 0 D cnss : Setting MHI state: POWER_ON(2)
01-01 08:00:39.743 0 0 W cnss_pci 0000: 01:00.0: Falling back to syfs fallback for: qca6390/amss20.bin
01-01 08:00:39.759 0 0 I ueventd : firmware: loading 'qca6390/amss20.bin' for '/devices/platform/soc/1c00000.qcom,pcie/pci0000:00/0000:00:00.0/0000:01:00.0/firmware/qca6390!amss20.bin'
01-01 08:00:39.803 0 0 I ueventd : loading /devices/platform/soc/1c00000.qcom,pcie/pci0000:00/0000:00:00.0/0000:01:00.0/firmware/qca6390!amss20.bin took 43ms
01-01 08:00:40.103 0 0 I update_verifier: Started with arg 1: nonencrypted
01-01 08:00:40.110 0 0 I binder : 677:677 ioctl 40046210 7fe227deb4 returned -22
01-01 08:00:40.116 0 0 D hw-ProcessState: Binder ioctl to enable oneway spam detection failed: Invalid argument
01-01 08:00:40.119 0 0 I update_verifier: Booting slot 0: isSlotMarkedSuccessful=1
01-01 08:00:40.126 0 0 I update_verifier: Leaving update_verifier.
01-01 08:00:40.177 0 0 I binder : 678:678 ioctl 40046210 7fca65be84 returned -22
01-01 08:00:40.195 0 0 W subsys-pil-tz 17300000.qcom,lpass: Falling back to syfs fallback for: adsp.mdt
01-01 08:00:40.200 0 0 D cnss : MHI status cb is called with reason MISSION_MODE(6)
01-01 08:00:40.205 0 0 D cnss : Notify MHI to use already allocated images
01-01 08:00:40.205 0 0 D cnss : PM relax, state: 0x8, count: 0
01-01 08:00:40.207 0 0 W subsys-pil-tz 8300000.qcom,turing: Falling back to syfs fallback for: cdsp.mdt
01-01 08:00:40.216 0 0 E register_client_adhoc: find path.src 1 dest 589
01-01 08:00:40.217 0 0 E register_client_adhoc: Failed to find path.src 1 dest 589
01-01 08:00:40.230 0 0 I ueventd : firmware: loading 'adsp.mdt' for '/devices/platform/soc/17300000.qcom,lpass/firmware/adsp.mdt'
01-01 08:00:40.231 0 0 E : [drm:dp_display_init_aux_switch][msm-dp-err][78 ]failed to register notifier (-22)
01-01 08:00:40.242 0 0 I subsys-pil-tz 17300000.qcom,lpass: adsp: loading from 0x000000008a100000 to 0x000000008be00000
01-01 08:00:40.243 0 0 I ueventd : loading /devices/platform/soc/17300000.qcom,lpass/firmware/adsp.mdt took 13ms
01-01 08:00:40.243 0 0 I ueventd : firmware: loading 'cdsp.mdt' for '/devices/platform/soc/8300000.qcom,turing/firmware/cdsp.mdt'
01-01 08:00:40.249 0 0 E register_client_adhoc: find path.src 1 dest 589
01-01 08:00:40.250 0 0 E register_client_adhoc: Failed to find path.src 1 dest 589
01-01 08:00:40.250 0 0 I ueventd : loading /devices/platform/soc/8300000.qcom,turing/firmware/cdsp.mdt took 7ms
01-01 08:00:40.251 0 0 I subsys-pil-tz 8300000.qcom,turing: cdsp: loading from 0x0000000087800000 to 0x0000000088c00000
01-01 08:00:40.292 0 0 E ueventd : firmware: could not find firmware for dsi_prop
01-01 08:00:40.301 0 0 E : [drm:dp_display_init_aux_switch][msm-dp-err][78 ]failed to register notifier (-22)
01-01 08:00:40.308 0 0 W subsys-pil-tz 17300000.qcom,lpass: Falling back to syfs fallback for: adsp.b02
01-01 08:00:40.309 0 0 E ueventd : firmware: attempted /etc/firmware/dsi_prop, open failed: No such file or directory
01-01 08:00:40.309 0 0 W subsys-pil-tz 8300000.qcom,turing: Falling back to syfs fallback for: cdsp.b02
01-01 08:00:40.309 0 0 E ueventd : firmware: attempted /odm/firmware/dsi_prop, open failed: No such file or directory
01-01 08:00:40.309 0 0 E ueventd : firmware: attempted /vendor/firmware/dsi_prop, open failed: No such file or directory
01-01 08:00:40.310 0 0 W subsys-pil-tz 8300000.qcom,turing: Falling back to syfs fallback for: cdsp.b03
01-01 08:00:40.314 0 0 E OF : graph: no port node found in /soc/qcom,dsi-display-primary
01-01 08:00:40.314 0 0 W [drm] [msm-dsi-warn]: [hx82101+hx8692 video mode dsi truly panel] fallback to default te-pin-select
01-01 08:00:40.318 0 0 W subsys-pil-tz 8300000.qcom,turing: Falling back to syfs fallback for: cdsp.b04
01-01 08:00:40.319 0 0 I msm_drm ae00000.qcom,mdss_mdp: Linked as a consumer to regulator.31
01-01 08:00:40.319 0 0 E register_client_adhoc: find path.src 1 dest 590
01-01 08:00:40.321 0 0 E register_client_adhoc: Client handle 15 mdss_reg
01-01 08:00:40.321 0 0 E register_client_adhoc: find path.src 22 dest 512
01-01 08:00:40.323 0 0 E register_client_adhoc: find path.src 23 dest 512
01-01 08:00:40.324 0 0 W subsys-pil-tz 8300000.qcom,turing: Falling back to syfs fallback for: cdsp.b05
01-01 08:00:40.326 0 0 E register_client_adhoc: Client handle 53 mdss_sde
01-01 08:00:40.326 0 0 I [drm:sde_dbg_init:4676] evtlog_status: enable:11, panic:1, dump:2
01-01 08:00:40.326 0 0 I msm_drm ae00000.qcom,mdss_mdp: bound soc:qcom,wb-display@0 (ops sde_wb_comp_ops)
01-01 08:00:40.329 0 0 I msm-dsi-display soc: qcom,dsi-display-primary: Linked as a consumer to regulator.25
01-01 08:00:40.329 0 0 I [drm:dsi_display_bind] [msm-dsi-info]: Successfully bind display panel 'qcom,mdss_dsi_panel_hx82101_hx8692_truly_v2_video'
01-01 08:00:40.330 0 0 I msm_drm ae00000.qcom,mdss_mdp: bound soc:qcom,dsi-display-primary (ops dsi_display_comp_ops)
01-01 08:00:40.330 0 0 I msm_drm ae00000.qcom,mdss_mdp: bound af20000.qcom,sde_rscc (ops sde_rsc_comp_ops)
01-01 08:00:40.330 0 0 I : [drm] mapped mdp address space @ffffff8021b00000
01-01 08:00:40.334 0 0 W subsys-pil-tz 8300000.qcom,turing: Falling back to syfs fallback for: cdsp.b06
01-01 08:00:40.335 0 0 W subsys-pil-tz 8300000.qcom,turing: Falling back to syfs fallback for: cdsp.b08
01-01 08:00:40.336 0 0 W subsys-pil-tz 8300000.qcom,turing: Falling back to syfs fallback for: cdsp.b09
01-01 08:00:40.337 0 0 W subsys-pil-tz 8300000.qcom,turing: Falling back to syfs fallback for: cdsp.b11
01-01 08:00:40.339 0 0 W subsys-pil-tz 17300000.qcom,lpass: Falling back to syfs fallback for: adsp.b03
01-01 08:00:40.340 0 0 W subsys-pil-tz 17300000.qcom,lpass: Falling back to syfs fallback for: adsp.b04
01-01 08:00:40.340 0 0 W subsys-pil-tz 17300000.qcom,lpass: Falling back to syfs fallback for: adsp.b05
01-01 08:00:40.341 0 0 W subsys-pil-tz 17300000.qcom,lpass: Falling back to syfs fallback for: adsp.b06
01-01 08:00:40.344 0 0 W subsys-pil-tz 17300000.qcom,lpass: Falling back to syfs fallback for: adsp.b07
01-01 08:00:40.345 0 0 W subsys-pil-tz 17300000.qcom,lpass: Falling back to syfs fallback for: adsp.b08
01-01 08:00:40.346 0 0 W subsys-pil-tz 17300000.qcom,lpass: Falling back to syfs fallback for: adsp.b09
01-01 08:00:40.346 0 0 W subsys-pil-tz 17300000.qcom,lpass: Falling back to syfs fallback for: adsp.b11
01-01 08:00:40.347 0 0 W subsys-pil-tz 17300000.qcom,lpass: Falling back to syfs fallback for: adsp.b10
01-01 08:00:40.347 0 0 W subsys-pil-tz 17300000.qcom,lpass: Falling back to syfs fallback for: adsp.b12
01-01 08:00:40.348 0 0 W subsys-pil-tz 17300000.qcom,lpass: Falling back to syfs fallback for: adsp.b13
01-01 08:00:40.349 0 0 W subsys-pil-tz 17300000.qcom,lpass: Falling back to syfs fallback for: adsp.b14
01-01 08:00:40.349 0 0 W subsys-pil-tz 17300000.qcom,lpass: Falling back to syfs fallback for: adsp.b15
01-01 08:00:40.349 0 0 W subsys-pil-tz 17300000.qcom,lpass: Falling back to syfs fallback for: adsp.b16
01-01 08:00:40.350 0 0 W subsys-pil-tz 17300000.qcom,lpass: Falling back to syfs fallback for: adsp.b17
01-01 08:00:40.351 0 0 W subsys-pil-tz 17300000.qcom,lpass: Falling back to syfs fallback for: adsp.b18
01-01 08:00:40.354 0 0 I qcom_rpmh DRV: apps_rsc TCS Busy, retrying RPMH message send: addr=0x30080
01-01 08:00:40.610 0 0 I subsys-pil-tz 8300000.qcom,turing: cdsp: Brought out of reset
01-01 08:00:40.620 0 0 I : [drm:_sde_kms_hw_init_blocks:3613] sde hardware revision:0x60000000
01-01 08:00:40.625 0 0 I subsys-pil-tz 8300000.qcom,turing: cdsp: Power/Clock ready interrupt received
01-01 08:00:40.638 0 0 I msmdrm_smmu ae00000.qcom,mdss_mdp: qcom,smmu_sde_unsec_cb: Linked as a consumer to 15000000.apps-smmu
01-01 08:00:40.643 0 0 I subsys-pil-tz 8300000.qcom,turing: Subsystem error monitoring/handling services are up
01-01 08:00:40.655 0 0 I iommu : Adding device ae00000.qcom,mdss_mdp:qcom,smmu_sde_unsec_cb to group 51
01-01 08:00:40.681 0 0 I subsys-pil-tz 17300000.qcom,lpass: adsp: Brought out of reset
01-01 08:00:40.687 0 0 I : [drm] probing device qcom,smmu_sde_unsec
01-01 08:00:40.688 0 0 E register_client_adhoc: find path.src 1 dest 589
01-01 08:00:40.688 0 0 I qcom_smd_qrtr_probe: Entered
01-01 08:00:40.689 0 0 E register_client_adhoc: Failed to find path.src 1 dest 589
01-01 08:00:40.691 0 0 I adsprpc : fastrpc_restart_notifier_cb: cdsp subsystem is up
01-01 08:00:40.693 0 0 I qcom_smd_qrtr_probe: SMD QRTR driver probed
01-01 08:00:40.696 0 0 E : [drm:dp_display_init_aux_switch][msm-dp-err][444 ]failed to register notifier (-22)
01-01 08:00:40.700 0 0 I msm_cvp : info: Opening cvp instance: fffffffa2ac64480
01-01 08:00:40.703 0 0 I : [drm] Created domain mdp_ns, secure=0
01-01 08:00:40.705 0 0 I msm_cvp_v4l2 ab00000.qcom,cvp: Linked as a consumer to regulator.77
01-01 08:00:40.706 0 0 I subsys-pil-tz 17300000.qcom,lpass: Subsystem error monitoring/handling services are up
01-01 08:00:40.706 0 0 I subsys-pil-tz 17300000.qcom,lpass: adsp: Power/Clock ready interrupt received
01-01 08:00:40.710 0 0 I qcom_rpmh DRV: apps_rsc TCS Busy, retrying RPMH message send: addr=0x30030
01-01 08:00:40.712 0 0 W subsys-pil-tz 9800000.qcom,npu: Falling back to syfs fallback for: npu.mdt
01-01 08:00:40.719 0 0 I msm_cvp_v4l2 ab00000.qcom,cvp: Linked as a consumer to regulator.76
01-01 08:00:40.726 0 0 I qcom_rpmh DRV: apps_rsc TCS Busy, retrying RPMH message send: addr=0x30040
01-01 08:00:40.878 0 0 I msmdrm_smmu ae00000.qcom,mdss_mdp: qcom,smmu_sde_sec_cb: Linked as a consumer to 15000000.apps-smmu
01-01 08:00:40.893 0 0 I subsys-pil-tz 9800000.qcom,npu: npu: loading from 0x0000000086900000 to 0x0000000086e00000
01-01 08:00:40.896 0 0 I binder : 679:679 ioctl 40046210 7fd75c7cd4 returned -22
01-01 08:00:40.896 0 0 I iommu : Adding device ae00000.qcom,mdss_mdp:qcom,smmu_sde_sec_cb to group 52
01-01 08:00:40.896 0 0 I : [drm] probing device qcom,smmu_sde_sec
01-01 08:00:40.896 0 0 I : [drm] Created domain mdp_s, secure=1
01-01 08:00:40.906 0 0 I adsprpc : fastrpc_restart_notifier_cb: adsp subsystem is up
01-01 08:00:40.908 0 0 E register_client_adhoc: find path.src 1 dest 589
01-01 08:00:40.909 0 0 E register_client_adhoc: Failed to find path.src 1 dest 589
01-01 08:00:40.910 0 0 W subsys-pil-tz 9800000.qcom,npu: Falling back to syfs fallback for: npu.b02
01-01 08:00:40.911 0 0 W subsys-pil-tz 9800000.qcom,npu: Falling back to syfs fallback for: npu.b03
01-01 08:00:40.913 0 0 I subsys-restart: __subsystem_get(): Changing subsys fw_name to cvpss
01-01 08:00:40.914 0 0 W subsys-pil-tz abb0000.qcom,cvpss: Falling back to syfs fallback for: cvpss.mdt
01-01 08:00:40.916 0 0 I adsprpc : fastrpc_rpmsg_probe: opened rpmsg channel for adsp
01-01 08:00:40.925 0 0 E : [drm:dp_display_init_aux_switch][msm-dp-err][444 ]failed to register notifier (-22)
01-01 08:00:40.925 0 0 I binder : 679:679 ioctl 40046210 7fd75c7ee4 returned -22
01-01 08:00:40.929 0 0 W subsys-pil-tz 9800000.qcom,npu: Falling back to syfs fallback for: npu.b05
01-01 08:00:40.929 0 0 W subsys-pil-tz 9800000.qcom,npu: Falling back to syfs fallback for: npu.b04
01-01 08:00:40.931 0 0 W subsys-pil-tz 9800000.qcom,npu: Falling back to syfs fallback for: npu.b06
01-01 08:00:40.935 0 0 I qcom_smd_qrtr_probe: Entered
01-01 08:00:40.936 0 0 I qcom_smd_qrtr_probe: SMD QRTR driver probed
01-01 08:00:40.939 0 0 I [drm:dsi_panel_get_mode] [msm-dsi-info]: default topology: lm: 1 comp_enc:0 intf: 1
01-01 08:00:40.944 0 0 E register_client_adhoc: find path.src 1 dest 589
01-01 08:00:40.945 0 0 E register_client_adhoc: Failed to find path.src 1 dest 589
01-01 08:00:40.952 0 0 I adsprpc : fastrpc_rpmsg_probe: opened rpmsg channel for cdsp
01-01 08:00:40.965 0 0 E : [drm:dp_display_init_aux_switch][msm-dp-err][444 ]failed to register notifier (-22)
01-01 08:00:40.969 0 0 I subsys-pil-tz abb0000.qcom,cvpss: cvpss: loading from 0x0000000087300000 to 0x0000000087800000
01-01 08:00:40.976 0 0 I apr_tal_rpmsg qcom,glink: adsp.apr_audio_svc.-1.-1: apr_tal_rpmsg_probe: Channel[apr_audio_svc] state[Up]
01-01 08:00:40.979 0 0 I : [drm] Supports vblank timestamp caching Rev 2 (21.10.2013).
01-01 08:00:40.979 0 0 I : [drm] No driver support for vblank timestamp query.
01-01 08:00:40.985 0 0 E register_client_adhoc: find path.src 1 dest 589
01-01 08:00:40.986 0 0 E register_client_adhoc: Failed to find path.src 1 dest 589
01-01 08:00:40.997 0 0 W subsys-pil-tz abb0000.qcom,cvpss: Falling back to syfs fallback for: cvpss.b02
01-01 08:00:40.998 0 0 W subsys-pil-tz abb0000.qcom,cvpss: Falling back to syfs fallback for: cvpss.b03
01-01 08:00:40.999 0 0 W subsys-pil-tz abb0000.qcom,cvpss: Falling back to syfs fallback for: cvpss.b04
01-01 08:00:40.999 0 0 W subsys-pil-tz abb0000.qcom,cvpss: Falling back to syfs fallback for: cvpss.b05
01-01 08:00:40.999 0 0 W subsys-pil-tz abb0000.qcom,cvpss: Falling back to syfs fallback for: cvpss.b06
01-01 08:00:41.001 0 0 W subsys-pil-tz abb0000.qcom,cvpss: Falling back to syfs fallback for: cvpss.b08
01-01 08:00:41.001 0 0 W subsys-pil-tz abb0000.qcom,cvpss: Falling back to syfs fallback for: cvpss.b07
01-01 08:00:41.001 0 0 W subsys-pil-tz abb0000.qcom,cvpss: Falling back to syfs fallback for: cvpss.b09
01-01 08:00:41.001 0 0 W subsys-pil-tz abb0000.qcom,cvpss: Falling back to syfs fallback for: cvpss.b10
01-01 08:00:41.002 0 0 W subsys-pil-tz abb0000.qcom,cvpss: Falling back to syfs fallback for: cvpss.b19
01-01 08:00:41.006 0 0 D cnss : DRV subsystem is connected
01-01 08:00:41.010 0 0 E : [drm:dp_display_init_aux_switch][msm-dp-err][444 ]failed to register notifier (-22)
01-01 08:00:41.030 0 0 I : [drm] Initialized msm_drm 1.3.0 20130625 for ae00000.qcom,mdss_mdp on minor 0
01-01 08:00:41.043 0 0 E register_client_adhoc: find path.src 1 dest 589
01-01 08:00:41.044 0 0 E register_client_adhoc: Failed to find path.src 1 dest 589
01-01 08:00:41.044 0 0 I subsys-pil-tz 9800000.qcom,npu: npu: Brought out of reset
01-01 08:00:41.051 0 0 I : [drm] cont_splash feature not enabled
01-01 08:00:41.064 0 0 E : [drm:dp_display_init_aux_switch][msm-dp-err][444 ]failed to register notifier (-22)
01-01 08:00:41.081 0 0 I NPU_INFO: npu_get_fw_caps: 236 fw caps 0:2007
01-01 08:00:41.083 0 0 I qcom_smd_qrtr_probe: Entered
01-01 08:00:41.083 0 0 I qcom_smd_qrtr_probe: SMD QRTR driver probed
01-01 08:00:41.097 0 0 E register_client_adhoc: find path.src 1 dest 589
01-01 08:00:41.098 0 0 E register_client_adhoc: Failed to find path.src 1 dest 589
01-01 08:00:41.100 0 0 I NPU_INFO: npu_get_fw_caps: 236 fw caps 1:80000005
01-01 08:00:41.115 0 0 E : [drm:dp_display_init_aux_switch][msm-dp-err][444 ]failed to register notifier (-22)
01-01 08:00:41.118 0 0 I subsys-pil-tz abb0000.qcom,cvpss: cvpss: Brought out of reset
01-01 08:00:41.119 0 0 I NPU_INFO: npu_get_fw_caps: 236 fw caps 2:0
01-01 08:00:41.119 0 0 I NPU_INFO: npu_get_fw_caps: 236 fw caps 3:0
01-01 08:00:41.119 0 0 I NPU_INFO: npu_get_fw_caps: 236 fw caps 4:0
01-01 08:00:41.119 0 0 I NPU_INFO: npu_get_fw_caps: 236 fw caps 5:0
01-01 08:00:41.119 0 0 I NPU_INFO: npu_get_fw_caps: 236 fw caps 6:0
01-01 08:00:41.119 0 0 I NPU_INFO: npu_get_fw_caps: 236 fw caps 7:0
01-01 08:00:40.697 680 680 I boot_progress_start: 33719
01-01 08:00:41.379 0 0 I msm_cvp : info: Closed cvp instance: fffffffa2ac64480 session_id = 0
01-01 08:00:41.309 680 680 I snet_event_log: [200284993,-1,]
01-01 08:00:41.312 683 683 I snet_event_log: [200284993,-1,]
01-01 08:00:41.485 680 680 I boot_progress_preload_start: 34507
01-01 08:00:41.518 683 683 D Zygote32Timing: PostZygoteInitGC took to complete: 27ms
01-01 08:00:41.518 683 683 D Zygote32Timing: ZygoteInit took to complete: 34ms
01-01 08:00:41.619 680 680 D Zygote64Timing: BeginPreload took to complete: 133ms
01-01 08:00:42.327 0 0 I subsys-restart: __subsystem_get(): Changing subsys fw_name to slpi
01-01 08:00:42.344 0 0 W subsys-pil-tz 5c00000.qcom,ssc: Falling back to syfs fallback for: slpi.mdt
01-01 08:00:42.366 0 0 I subsys-pil-tz 5c00000.qcom,ssc: slpi: loading from 0x0000000088c00000 to 0x000000008a100000
01-01 08:00:42.382 0 0 W subsys-pil-tz 5c00000.qcom,ssc: Falling back to syfs fallback for: slpi.b02
01-01 08:00:42.382 0 0 W subsys-pil-tz 5c00000.qcom,ssc: Falling back to syfs fallback for: slpi.b04
01-01 08:00:42.382 0 0 W subsys-pil-tz 5c00000.qcom,ssc: Falling back to syfs fallback for: slpi.b03
01-01 08:00:42.406 0 0 W subsys-pil-tz 5c00000.qcom,ssc: Falling back to syfs fallback for: slpi.b05
01-01 08:00:42.407 0 0 W subsys-pil-tz 5c00000.qcom,ssc: Falling back to syfs fallback for: slpi.b06
01-01 08:00:42.408 0 0 W subsys-pil-tz 5c00000.qcom,ssc: Falling back to syfs fallback for: slpi.b07
01-01 08:00:42.408 0 0 W subsys-pil-tz 5c00000.qcom,ssc: Falling back to syfs fallback for: slpi.b08
01-01 08:00:42.408 0 0 W subsys-pil-tz 5c00000.qcom,ssc: Falling back to syfs fallback for: slpi.b09
01-01 08:00:42.409 0 0 W subsys-pil-tz 5c00000.qcom,ssc: Falling back to syfs fallback for: slpi.b10
01-01 08:00:42.409 0 0 W subsys-pil-tz 5c00000.qcom,ssc: Falling back to syfs fallback for: slpi.b11
01-01 08:00:42.410 0 0 W subsys-pil-tz 5c00000.qcom,ssc: Falling back to syfs fallback for: slpi.b12
01-01 08:00:42.410 0 0 W subsys-pil-tz 5c00000.qcom,ssc: Falling back to syfs fallback for: slpi.b13
01-01 08:00:42.410 0 0 W subsys-pil-tz 5c00000.qcom,ssc: Falling back to syfs fallback for: slpi.b14
01-01 08:00:42.411 0 0 W subsys-pil-tz 5c00000.qcom,ssc: Falling back to syfs fallback for: slpi.b15
01-01 08:00:42.411 0 0 W subsys-pil-tz 5c00000.qcom,ssc: Falling back to syfs fallback for: slpi.b16
01-01 08:00:42.411 0 0 W subsys-pil-tz 5c00000.qcom,ssc: Falling back to syfs fallback for: slpi.b17
01-01 08:00:42.412 0 0 W subsys-pil-tz 5c00000.qcom,ssc: Falling back to syfs fallback for: slpi.b18
01-01 08:00:42.412 0 0 W subsys-pil-tz 5c00000.qcom,ssc: Falling back to syfs fallback for: slpi.b19
01-01 08:00:42.412 0 0 W subsys-pil-tz 5c00000.qcom,ssc: Falling back to syfs fallback for: slpi.b20
01-01 08:00:42.524 0 0 I binder : 826:826 ioctl 40046210 7fefe29274 returned -22
01-01 08:00:42.580 0 0 I binder : 829:829 ioctl 40046210 7ffdd59cb4 returned -22
01-01 08:00:42.587 0 0 I binder : 829:829 ioctl 40046210 7ffdd59c94 returned -22
01-01 08:00:42.880 0 0 I subsys-pil-tz 5c00000.qcom,ssc: slpi: Brought out of reset
01-01 08:00:42.899 0 0 I binder : 942:942 ioctl 40046210 7fcd580874 returned -22
01-01 08:00:42.940 0 0 I subsys-pil-tz 5c00000.qcom,ssc: Subsystem error monitoring/handling services are up
01-01 08:00:42.944 0 0 I init : starting service 'android.thermal-hal'...
01-01 08:00:42.949 0 0 I subsys-pil-tz 5c00000.qcom,ssc: slpi: Power/Clock ready interrupt received
01-01 08:00:42.964 0 0 I qcom_rpmh DRV: apps_rsc TCS Busy, retrying RPMH message send: addr=0x30040
01-01 08:00:42.973 0 0 I adsprpc : fastrpc_rpmsg_probe: opened rpmsg channel for slpi
01-01 08:00:42.974 0 0 E register_client_adhoc: find path.src 1 dest 589
01-01 08:00:42.975 0 0 E register_client_adhoc: Failed to find path.src 1 dest 589
01-01 08:00:42.990 0 0 E : [drm:dp_display_init_aux_switch][msm-dp-err][390 ]failed to register notifier (-22)
01-01 08:00:43.001 0 0 I init : starting service 'vendor.usb-hal-1-2'...
01-01 08:00:43.009 0 0 I adsprpc : fastrpc_restart_notifier_cb: slpi subsystem is up
01-01 08:00:43.010 0 0 I qcom_smd_qrtr_probe: Entered
01-01 08:00:43.014 0 0 I qcom_smd_qrtr_probe: SMD QRTR driver probed
01-01 08:00:43.034 0 0 E register_client_adhoc: find path.src 1 dest 589
01-01 08:00:43.035 0 0 E register_client_adhoc: Failed to find path.src 1 dest 589
01-01 08:00:43.043 0 0 E : [drm:dp_display_init_aux_switch][msm-dp-err][390 ]failed to register notifier (-22)
01-01 08:00:43.057 0 0 I init : starting service 'vendor.wifi_hal_legacy'...
01-01 08:00:43.067 0 0 I binder : 947:947 ioctl 40046210 7fcf0118f4 returned -22
01-01 08:00:43.126 0 0 I init : starting service 'display-color-hal-1-0'...
01-01 08:00:43.158 0 0 I init : starting service 'qti_esepowermanager_service_1_1'...
01-01 08:00:43.212 0 0 I init : starting service 'vendor.capabilityconfigstore'...
01-01 08:00:43.243 0 0 I init : starting service 'vendor.qti.hardware.display.allocator'...
01-01 08:00:42.675 964 964 I android.hardware.wifi@1.0-service: Wifi Hal is booting up...
01-01 08:00:42.683 964 964 I HidlServiceManagement: Registered android.hardware.wifi@1.4::IWifi/default (start delay of 196ms)
01-01 08:00:43.277 0 0 I init : starting service 'vendor.qti.hardware.display.composer'...
01-01 08:00:43.293 0 0 I init : Created socket '/dev/socket/pps', mode 660, user 1000, group 1000
01-01 08:00:43.351 0 0 I init : starting service 'vendor.dspservice'... --------- beginning of crash
01-01 08:00:42.835 832 832 F libc : Fatal signal 6 (SIGABRT), code -6 (SI_TKILL) in tid 832 (android.hardwar), pid 832 (android.hardwar)
01-01 08:00:43.765 0 0 I binder : 1000:1000 ioctl 40046210 7ffee0b3c4 returned -22
01-01 08:00:43.840 0 0 W healthd : No battery devices found
01-01 08:00:43.219 910 910 I auditd : type=1400 audit(0.0:13): avc: denied { read } for comm="android.hardwar" name="type" dev="sysfs" ino=68305 scontext=u:r:hal_health_default:s0 tcontext=u:object_r:sysfs:s0 tclass=file permissive=0
01-01 08:00:43.255 0 0 W healthd : battery none chg=
01-01 08:00:43.306 0 0 W QSEECOM : qseecom_load_app: App (soter64) does'nt exist, loading apps for first time
01-01 08:00:43.330 0 0 W QSEECOM : qseecom_load_app: App with id 4 (soter64) now loaded
01-01 08:00:43.438 1020 1020 I irsc_util: Starting irsc tool
01-01 08:00:43.461 1020 1020 I irsc_util: Num of entries:298
01-01 08:00:43.462 1020 1020 I irsc_util: Ending irsc tool
01-01 08:00:43.481 0 0 I sysmon-qmi: ssctl_new_server: Connection established between QMI handle and adsp's SSCTL service
01-01 08:00:43.500 0 0 I sysmon-qmi: ssctl_new_server: Connection established between QMI handle and slpi's SSCTL service
01-01 08:00:43.524 0 0 I sysmon-qmi: ssctl_new_server: Connection established between QMI handle and slpi's SSCTL service
01-01 08:00:43.531 0 0 E diag : In diag_send_feature_mask_update, control channel is not open, p: 3, ffffff9a593d7d80
01-01 08:00:43.543 0 0 I logd : logdr: UID=1047 GID=1005 PID=988 n tail=0 logMask=8 pid=832 start=0ns deadline=0ns
01-01 08:00:43.554 0 0 D cnss : WLFW server arriving: node 7 port 1
01-01 08:00:43.554 0 0 D cnss : Posting event: SERVER_ARRIVE(0), state: 0x8 flags: 0x0
01-01 08:00:43.554 0 0 D cnss : PM stay awake, state: 0x8, count: 1
01-01 08:00:43.555 0 0 D cnss : PM relax, state: 0x8, count: 0
01-01 08:00:43.555 0 0 D cnss : PM stay awake, state: 0x8, count: 1
01-01 08:00:43.555 0 0 D cnss : Processing driver event: SERVER_ARRIVE(0), state: 0x8
01-01 08:00:43.555 0 0 I cnss : QMI WLFW service connected, state: 0x9
01-01 08:00:43.563 0 0 I sysmon-qmi: ssctl_new_server: Connection established between QMI handle and cdsp's SSCTL service
01-01 08:00:43.564 0 0 D cnss : Sending indication register message, state: 0x9
01-01 08:00:43.573 0 0 E diag : In diag_send_feature_mask_update, control channel is not open, p: 5, ffffff9a593d8220
01-01 08:00:43.589 0 0 D cnss : Sending host capability message, state: 0x9
01-01 08:00:43.589 0 0 D cnss : Number of clients is 2
01-01 08:00:43.589 0 0 D cnss : Assign MSI to user: WAKE, num_vectors: 1, user_base_data: 813, base_vector: 13
01-01 08:00:43.589 0 0 D cnss : WAKE MSI base data is 813
01-01 08:00:43.589 0 0 D cnss : Calibration done is 0
01-01 08:00:43.589 0 0 D cnss : Sending iova starting 0xa0000000 with size 0x10010000
01-01 08:00:43.593 0 0 E diag : In diag_send_feature_mask_update, control channel is not open, p: 6, ffffff9a593d8470
01-01 08:00:43.597 0 0 D cnss : PM relax, state: 0x9, count: 0
01-01 08:00:43.614 0 0 E diag : In diag_send_peripheral_buffering_mode, buffering flag not set for 3
01-01 08:00:43.624 0 0 E diag : In diag_send_peripheral_buffering_mode, buffering flag not set for 5
01-01 08:00:43.627 0 0 I logd : logdr: UID=1047 GID=1005 PID=988 n tail=0 logMask=1 pid=832 start=0ns deadline=0ns
01-01 08:00:43.634 0 0 E diag : In diag_send_peripheral_buffering_mode, buffering flag not set for 6
01-01 08:00:43.641 0 0 I msm_vidc: high: 00000001: ....d: Opening video instance: fffffffa11244000, 1
01-01 08:00:43.654 0 0 I servloc : service_locator_new_server: Connection established with the Service locator
01-01 08:00:43.661 0 0 E diag : In diag_send_peripheral_buffering_mode, buffering flag not set for 1
01-01 08:00:43.668 0 0 I servloc : init_service_locator: Service locator initialized
01-01 08:00:43.674 0 0 I msm_vidc_v4l2 aa00000.qcom,vidc: Linked as a consumer to regulator.75
01-01 08:00:43.674 0 0 I msm_vidc_v4l2 aa00000.qcom,vidc: Linked as a consumer to regulator.74
01-01 08:00:43.720 0 0 I subsys-restart: __subsystem_get(): Changing subsys fw_name to venus
01-01 08:00:43.721 0 0 I binder : 1047:1047 ioctl 40046210 7ff4cef994 returned -22
01-01 08:00:43.738 0 0 I audio_notifer_reg_service: service PDR_ADSP is in use
01-01 08:00:43.738 0 0 I adsprpc : fastrpc_get_service_location_notify: PDR notifier for adsp registered for msm/adsp/audio_pd (audio_pdr_adsprpc)
01-01 08:00:43.748 0 0 I service-notifier: service_notifier_new_server: Connection established between QMI handle and 74 service
01-01 08:00:43.749 0 0 W subsys-pil-tz aab0000.qcom,venus: Falling back to syfs fallback for: venus.mdt
01-01 08:00:43.757 0 0 I adsprpc : fastrpc_get_service_location_notify: audio_pdr_adsprpc (msm/adsp/audio_pd) PDR service for adsp is uninitialized
01-01 08:00:43.774 0 0 I apr_adsp_up: Q6 is Up
01-01 08:00:43.812 988 988 F DEBUG : *** *** *** *** *** *** *** *** *** *** *** *** *** *** *** ***
01-01 08:00:43.812 988 988 F DEBUG : Build fingerprint: 'TC/figure_CN/figure:12/SKQ1.220201.001/1107:userdebug/test-keys'
01-01 08:00:43.812 988 988 F DEBUG : Revision: '0'
01-01 08:00:43.812 988 988 F DEBUG : ABI: 'arm64'
01-01 08:00:43.812 988 988 F DEBUG : Timestamp: 1970-01-01 08:00:43.064555519+0800
01-01 08:00:43.812 988 988 F DEBUG : Process uptime: 0s
01-01 08:00:43.812 988 988 F DEBUG : Cmdline: /vendor/bin/hw/android.hardware.camera.provider@2.4-service_64
01-01 08:00:43.812 988 988 F DEBUG : pid: 832, tid: 832, name: android.hardwar >>> /vendor/bin/hw/android.hardware.camera.provider@2.4-service_64 <<<
01-01 08:00:43.812 988 988 F DEBUG : uid: 1047
01-01 08:00:43.813 988 988 F DEBUG : signal 6 (SIGABRT), code -6 (SI_TKILL), fault addr --------
01-01 08:00:43.813 988 988 F DEBUG : x0 0000000000000000 x1 0000000000000340 x2 0000000000000006 x3 8080800000000000
01-01 08:00:43.813 988 988 F DEBUG : x4 00000000000cd288 x5 00000000000cd288 x6 00000000000cd288 x7 7f7f7f7fffffff7f
01-01 08:00:43.813 988 988 F DEBUG : x8 0000000000000083 x9 c92b26c16dbc7c3f x10 0000007ffdf06d48 x11 fffffffffffffffd
01-01 08:00:43.813 988 988 F DEBUG : x12 0000007ca15f3000 x13 0000000000000000 x14 0000007ffdf074d0 x15 ffffffffffffffff
01-01 08:00:43.813 988 988 F DEBUG : x16 0000007fb8b4f5a0 x17 0000007fb8b2b7c0 x18 0000007fbcea0000 x19 0000007c9fcc6565
01-01 08:00:43.813 988 988 F DEBUG : x20 b400007cc6eddaf0 x21 0000007fbc5b1000 x22 0000007ffdf079ac x23 0000007ca043daa0
01-01 08:00:43.813 988 988 F DEBUG : x24 0000007ca03ddfc0 x25 0000007ca0387db0 x26 0000000000000060 x27 0000000000000000
01-01 08:00:43.813 988 988 F DEBUG : x28 b400007cf6ed7208 x29 0000007ffdf33df0
01-01 08:00:43.813 988 988 F DEBUG : lr 0000007ca02bf7dc sp 0000007ffdf07940 pc 0000007fb8b2b7cc pst 0000000000001000
01-01 08:00:43.813 988 988 F DEBUG : backtrace:
01-01 08:00:43.816 988 988 F DEBUG : #00 pc 00000000000a17cc /apex/com.android.runtime/lib64/bionic/libc.so (tgkill+12) (BuildId: 369edc656806aeaf384cbeb8f7a347af)
01-01 08:00:43.816 988 988 F DEBUG : #01 pc 00000000006457d8 /vendor/lib64/hw/camera.qcom.so (CamX::HwEnvironment::GetInstance() (.cfi)+6368) (BuildId: 577757f361f69c46328d4dcf9bd6aaaf)
01-01 08:00:43.816 988 988 F DEBUG : #02 pc 0000000000266a50 /vendor/lib64/hw/camera.qcom.so (CamX::HAL3Module::GetInstance()+664) (BuildId: 577757f361f69c46328d4dcf9bd6aaaf)
01-01 08:00:43.816 988 988 F DEBUG : #03 pc 000000000025a294 /vendor/lib64/hw/camera.qcom.so (CamX::get_number_of_cameras() (.cfi)+84) (BuildId: 577757f361f69c46328d4dcf9bd6aaaf)
01-01 08:00:43.816 988 988 F DEBUG : #04 pc 0000000000034908 /vendor/lib64/android.hardware.camera.provider@2.4-legacy.so (android::hardware::camera::common::V1_0::helper::CameraModule::init()+200) (BuildId: c456d5ffa961e6c6954debfeaac86fd5)
01-01 08:00:43.816 988 988 F DEBUG : #05 pc 0000000000026e48 /vendor/lib64/android.hardware.camera.provider@2.4-legacy.so (android::hardware::camera::provider::V2_4::implementation::LegacyCameraProviderImpl_2_4::initialize()+140) (BuildId: c456d5ffa961e6c6954debfeaac86fd5)
01-01 08:00:43.816 988 988 F DEBUG : #06 pc 0000000000026638 /vendor/lib64/android.hardware.camera.provider@2.4-legacy.so (android::hardware::camera::provider::V2_4::implementation::LegacyCameraProviderImpl_2_4::LegacyCameraProviderImpl_2_4()+160) (BuildId: c456d5ffa961e6c6954debfeaac86fd5)
01-01 08:00:43.816 988 988 F DEBUG : #07 pc 000000000000415c /vendor/lib64/hw/android.hardware.camera.provider@2.4-impl.so (android::hardware::camera::provider::V2_4::implementation::CameraProvider* android::hardware::camera::provider::V2_4::implementation::getProviderImpl() (.cfi)+64) (BuildId: 5e2f33df9f94aadf6b2d7d01985be38c)
01-01 08:00:43.816 988 988 F DEBUG : #08 pc 0000000000051d94 /apex/com.android.vndk.v30/lib64/libhidlbase.so (android::hardware::PassthroughServiceManager::get(android::hardware::hidl_string const&, android::hardware::hidl_string const&)::'lambda'(void*, std::__1::basic_string, std::__1::allocator > const&, std::__1::basic_string, std::__1::allocator > const&)::operator()(void*, std::__1::basic_string, std::__1::allocator > const&, std::__1::basic_string, std::__1::allocator > const&) const+96) (BuildId: fc3e2389a057aeefafa6557f6d78a06b)
01-01 08:00:43.817 988 988 F DEBUG : #09 pc 000000000004cdf0 /apex/com.android.vndk.v30/lib64/libhidlbase.so (android::hardware::PassthroughServiceManager::openLibs(std::__1::basic_string, std::__1::allocator > const&, std::__1::function, std::__1::allocator > const&, std::__1::basic_string, std::__1::allocator > const&)> const&)+944) (BuildId: fc3e2389a057aeefafa6557f6d78a06b)
01-01 08:00:43.817 988 988 F DEBUG : #10 pc 00000000000502a0 /apex/com.android.vndk.v30/lib64/libhidlbase.so (android::hardware::PassthroughServiceManager::get(android::hardware::hidl_string const&, android::hardware::hidl_string const&)+92) (BuildId: fc3e2389a057aeefafa6557f6d78a06b)
01-01 08:00:43.817 988 988 F DEBUG : #11 pc 000000000004dd8c /apex/com.android.vndk.v30/lib64/libhidlbase.so (android::hardware::details::getRawServiceInternal(std::__1::basic_string, std::__1::allocator > const&, std::__1::basic_string, std::__1::allocator > const&, bool, bool)+1488) (BuildId: fc3e2389a057aeefafa6557f6d78a06b)
01-01 08:00:43.817 988 988 F DEBUG : #12 pc 000000000004b91c /apex/com.android.vndk.v30/lib64/libhidlbase.so (android::hardware::details::registerPassthroughServiceImplementation(std::__1::basic_string, std::__1::allocator > const&, std::__1::basic_string, std::__1::allocator > const&, std::__1::function const&, std::__1::basic_string, std::__1::allocator > const&)>, std::__1::basic_string, std::__1::allocator > const&)+80) (BuildId: fc3e2389a057aeefafa6557f6d78a06b)
01-01 08:00:43.817 988 988 F DEBUG : #13 pc 000000000004bc9c /apex/com.android.vndk.v30/lib64/libhidlbase.so (android::hardware::registerPassthroughServiceImplementation(std::__1::basic_string, std::__1::allocator > const&, std::__1::basic_string, std::__1::allocator > const&, std::__1::basic_string, std::__1::allocator > const&)+56) (BuildId: fc3e2389a057aeefafa6557f6d78a06b)
01-01 08:00:43.817 988 988 F DEBUG : #14 pc 0000000000001130 /vendor/bin/hw/android.hardware.camera.provider@2.4-service_64 (main.cfi+196) (BuildId: a1ba6e409ca848af1f0b7c62860af7da)
01-01 08:00:43.817 988 988 F DEBUG : #15 pc 000000000004a084 /apex/com.android.runtime/lib64/bionic/libc.so (__libc_init+100) (BuildId: 369edc656806aeaf384cbeb8f7a347af)
01-01 08:00:43.810 0 0 I adsprpc : fastrpc_pdr_notifier_cb: msm/adsp/audio_pd (audio_pdr_adsprpc) is up on adsp
01-01 08:00:43.816 0 0 E rmt_storage: ERR:main: Mmap Failed for rmts (-1)...pausing execution!
01-01 08:00:43.824 0 0 I sps : BAM 0x0000000003a84000 (va:0xffffff801b7c0000) enabled: ver:0x19, number of pipes:25
01-01 08:00:43.829 0 0 I msm-audio-ion soc: qcom,msm-audio-apr:qcom,msm-audio-ion: Linked as a consumer to 15000000.apps-smmu
01-01 08:00:43.857 0 0 I subsys-pil-tz aab0000.qcom,venus: venus: loading from 0x0000000086e00000 to 0x0000000087300000
01-01 08:00:43.863 0 0 I sps : BAM 0x0000000003a84000 is registered.
01-01 08:00:43.875 0 0 I iommu : Adding device soc:qcom,msm-audio-apr:qcom,msm-audio-ion to group 53
01-01 08:00:43.884 0 0 W subsys-pil-tz aab0000.qcom,venus: Falling back to syfs fallback for: venus.b02
01-01 08:00:43.885 0 0 W subsys-pil-tz aab0000.qcom,venus: Falling back to syfs fallback for: venus.b04
01-01 08:00:43.885 0 0 W subsys-pil-tz aab0000.qcom,venus: Falling back to syfs fallback for: venus.b05
01-01 08:00:43.885 0 0 W subsys-pil-tz aab0000.qcom,venus: Falling back to syfs fallback for: venus.b03
01-01 08:00:43.887 0 0 W subsys-pil-tz aab0000.qcom,venus: Falling back to syfs fallback for: venus.b06
01-01 08:00:43.888 0 0 W subsys-pil-tz aab0000.qcom,venus: Falling back to syfs fallback for: venus.b08
01-01 08:00:43.888 0 0 W subsys-pil-tz aab0000.qcom,venus: Falling back to syfs fallback for: venus.b07
01-01 08:00:43.888 0 0 W subsys-pil-tz aab0000.qcom,venus: Falling back to syfs fallback for: venus.b09
01-01 08:00:43.888 0 0 W subsys-pil-tz aab0000.qcom,venus: Falling back to syfs fallback for: venus.b10
01-01 08:00:43.892 0 0 W subsys-pil-tz aab0000.qcom,venus: Falling back to syfs fallback for: venus.b19
01-01 08:00:43.928 0 0 I binder : 1053:1053 ioctl 40046210 7fd4037f54 returned -22
01-01 08:00:43.938 0 0 E register_client_adhoc: find path.src 1 dest 589
01-01 08:00:43.927 472 472 I auditd : type=1400 audit(0.0:14): avc: denied { setattr } for comm="init" name="rawdump" dev="tmpfs" ino=18512 scontext=u:r:vendor_init:s0 tcontext=u:object_r:block_device:s0 tclass=lnk_file permissive=0
01-01 08:00:43.931 472 472 I auditd : type=1400 audit(0.0:15): avc: denied { setattr } for comm="init" name="rawdump" dev="tmpfs" ino=18512 scontext=u:r:vendor_init:s0 tcontext=u:object_r:block_device:s0 tclass=lnk_file permissive=0
01-01 08:00:43.939 0 0 E register_client_adhoc: Failed to find path.src 1 dest 589
01-01 08:00:43.950 0 0 E : [drm:dp_display_init_aux_switch][msm-dp-err][70 ]failed to register notifier (-22)
01-01 08:00:43.963 0 0 E register_client_adhoc: find path.src 1 dest 589
01-01 08:00:44.012 680 680 D Zygote64Timing: PreloadClasses took to complete: 2393ms
01-01 08:00:43.963 0 0 E register_client_adhoc: Failed to find path.src 1 dest 589
01-01 08:00:44.020 0 0 I : Mass Storage Function, version: 2009/09/11
01-01 08:00:44.033 0 0 I LUN : removable file: (no medium)
01-01 08:00:44.059 1 1 I auditd : type=1107 audit(0.0:16): uid=0 auid=4294967295 ses=4294967295 subj=u:r:init:s0 msg='avc: denied { set } for property=ctl.start$console pid=1079 uid=0 gid=0 scontext=u:r:vendor_qti_init_shell:s0 tcontext=u:object_r:ctl_start_prop:s0 tclass=property_service permissive=0'
01-01 08:00:44.051 0 0 E : [drm:dp_display_init_aux_switch][msm-dp-err][7 ]failed to register notifier (-22)
01-01 08:00:44.082 680 680 D Zygote64Timing: CacheNonBootClasspathClassLoaders took to complete: 69ms
01-01 08:00:44.094 0 0 E register_client_adhoc: find path.src 1 dest 589
01-01 08:00:44.095 0 0 E register_client_adhoc: Failed to find path.src 1 dest 589
01-01 08:00:44.100 0 0 I subsys-pil-tz aab0000.qcom,venus: venus: Brought out of reset
01-01 08:00:44.112 0 0 I : file system registered
01-01 08:00:44.116 0 0 E : [drm:dp_display_init_aux_switch][msm-dp-err][7 ]failed to register notifier (-22)
01-01 08:00:44.132 0 0 W kona-asoc-snd soc: qcom,msm-audio-apr:qcom,q6core-audio:sound: msm_init_aux_dev: Max WSA devices is 0 for this target?
01-01 08:00:44.140 680 680 D Zygote64Timing: PreloadResources took to complete: 57ms
01-01 08:00:44.146 0 0 E register_client_adhoc: find path.src 1 dest 589
01-01 08:00:44.146 0 0 E register_client_adhoc: Failed to find path.src 1 dest 589
01-01 08:00:44.151 0 0 I f_cdev_alloc: port_name:at_usb0 (fffffffa14f72480) portno:(0)
01-01 08:00:44.156 0 0 E kona-asoc-snd soc: qcom,msm-audio-apr:qcom,q6core-audio:sound: ASoC: CODEC DAI wsa_macro_vifeedback not registered
01-01 08:00:44.167 0 0 I msm_cvp : warn: DBLP Set: status 0 0
01-01 08:00:44.168 0 0 I f_cdev_alloc: port_name:at_usb1 (fffffffa0fe33680) portno:(1)
01-01 08:00:44.169 0 0 I binder : 1037:1037 ioctl 40046210 7fd5e98004 returned -22
01-01 08:00:44.169 0 0 I binder : 1037:1037 ioctl 40046210 7fd5e98024 returned -22
01-01 08:00:44.170 0 0 I f_cdev_alloc: port_name:at_usb2 (fffffffa0fe30080) portno:(2)
01-01 08:00:44.175 0 0 I msm_vidc: high: 00000001: h264d: Closed video instance: fffffffa11244000
01-01 08:00:44.177 0 0 I msm_vidc: high: 00000001: ....d: Opening video instance: fffffffa11244000, 1
01-01 08:00:44.192 0 0 I binder : 1056:1056 ioctl 40046210 7fdda901a4 returned -22
01-01 08:00:44.200 0 0 I msm_vidc: high: 00000001: h264d: Closed video instance: fffffffa11244000
01-01 08:00:44.201 0 0 I msm_vidc: high: 00000001: ....d: Opening video instance: fffffffa11244000, 1
01-01 08:00:44.203 0 0 E : [drm:dp_display_init_aux_switch][msm-dp-err][7 ]failed to register notifier (-22)
01-01 08:00:44.214 0 0 I msm_vidc: high: 00000001: h265d: Closed video instance: fffffffa11244000
01-01 08:00:44.216 0 0 E qcom-lpi-pinctrl soc: qcom,msm-audio-apr:qcom,q6core-audio:lpi_pinctrl@33c0000: snd_event_notify: No snd dev entry found
01-01 08:00:44.217 0 0 I msm_vidc: high: 00000001: ....d: Opening video instance: fffffffa11244000, 1
01-01 08:00:44.236 0 0 E register_client_adhoc: find path.src 1 dest 589
01-01 08:00:44.237 0 0 I binder : 1056:1056 ioctl 40046210 7fdda91bd4 returned -22
01-01 08:00:44.243 0 0 E register_client_adhoc: Failed to find path.src 1 dest 589
01-01 08:00:44.244 0 0 I msm_vidc: high: 00000001: h265d: Closed video instance: fffffffa11244000
01-01 08:00:44.253 0 0 I msm_vidc: high: 00000001: ....d: Opening video instance: fffffffa11244000, 1
01-01 08:00:44.265 0 0 I msm_vidc: high: 00000001: vp8d: Closed video instance: fffffffa11244000
01-01 08:00:44.270 0 0 I msm_vidc: high: 00000001: ....d: Opening video instance: fffffffa0fe68000, 1
01-01 08:00:44.282 0 0 I msm_vidc: high: 00000001: vp9d: Closed video instance: fffffffa0fe68000
01-01 08:00:44.284 0 0 I msm_vidc: high: 00000001: ....d: Opening video instance: fffffffa132a4000, 1
01-01 08:00:44.289 0 0 W kona-asoc-snd soc: qcom,msm-audio-apr:qcom,q6core-audio:sound: msm_init_aux_dev: Max WSA devices is 0 for this target?
01-01 08:00:44.295 503 503 I auditd : avc: denied { find } for pid=1056 uid=1000 name=vendor.qti.hardware.display.config.IDisplayConfig/default scontext=u:r:surfaceflinger:s0 tcontext=u:object_r:default_android_service:s0 tclass=service_manager permissive=0
01-01 08:00:44.302 503 503 I auditd : avc: denied { find } for pid=1056 uid=1000 name=vendor.qti.hardware.display.config.IDisplayConfig/default scontext=u:r:surfaceflinger:s0 tcontext=u:object_r:default_android_service:s0 tclass=service_manager permissive=0
01-01 08:00:44.297 0 0 E kona-asoc-snd soc: qcom,msm-audio-apr:qcom,q6core-audio:sound: ASoC: CODEC DAI wsa_macro_vifeedback not registered
01-01 08:00:44.311 0 0 I msm_vidc: high: 00000001: vp9d: Closed video instance: fffffffa132a4000
01-01 08:00:44.316 0 0 I msm_vidc: high: 00000001: ....d: Opening video instance: fffffffa132a4000, 1
01-01 08:00:44.327 0 0 I msm_vidc: high: 00000001: mpg2d: Closed video instance: fffffffa132a4000
01-01 08:00:44.336 0 0 I msm_vidc: high: 00000001: ....d: Opening video instance: fffffffa0fea8000, 1
01-01 08:00:44.341 0 0 E : [drm:dp_display_init_aux_switch][msm-dp-err][7 ]failed to register notifier (-22)
01-01 08:00:44.351 0 0 I msm_vidc: high: 00000001: mpg2d: Closed video instance: fffffffa0fea8000
01-01 08:00:44.357 0 0 I msm_vidc: high: 00000001: ....e: Opening video instance: fffffffa0fea8000, 0
01-01 08:00:44.373 0 0 I msm_vidc: high: 00000001: h264e: Closed video instance: fffffffa0fea8000
01-01 08:00:44.376 0 0 I msm_vidc: high: 00000001: ....e: Opening video instance: fffffffa0fef4000, 0
01-01 08:00:44.387 0 0 E register_client_adhoc: find path.src 1 dest 589
01-01 08:00:44.388 0 0 E register_client_adhoc: Failed to find path.src 1 dest 589
01-01 08:00:44.390 0 0 I msm_vidc: high: 00000001: h265e: Closed video instance: fffffffa0fef4000
01-01 08:00:44.404 0 0 I msm_vidc: high: 00000001: ....e: Opening video instance: fffffffa0fef4000, 0
01-01 08:00:44.413 0 0 I msm_vidc: high: 00000001: h265e: Closed video instance: fffffffa0fef4000
01-01 08:00:44.417 0 0 I msm_vidc: high: 00000001: ....e: Opening video instance: fffffffa0fef4000, 0
01-01 08:00:44.428 0 0 W kona-asoc-snd soc: qcom,msm-audio-apr:qcom,q6core-audio:sound: msm_init_aux_dev: Max WSA devices is 0 for this target?
01-01 08:00:44.435 0 0 I platform soc: qcom,msm-audio-apr:qcom,voice-mhi-audio: assigned reserved memory node mailbox_region
01-01 08:00:44.437 0 0 I msm_vidc: high: 00000001: h265e: Closed video instance: fffffffa0fef4000
01-01 08:00:44.448 0 0 I msm_vidc: high: 00000001: ....e: Opening video instance: fffffffa0ff08000, 0
01-01 08:00:44.450 0 0 E kona-asoc-snd soc: qcom,msm-audio-apr:qcom,q6core-audio:sound: ASoC: CODEC DAI wsa_macro_vifeedback not registered
01-01 08:00:44.452 0 0 I msm_vidc: err : 00000001: ....e: msm_vidc_comm_update_ctrl: failed: control name Ltr Count, min 0, max 0, step 0, default_value 0
01-01 08:00:44.468 0 0 I msm_vidc: high: 00000001: vp8e: Closed video instance: fffffffa0ff08000
01-01 08:00:44.472 0 0 E : [drm:dp_display_init_aux_switch][msm-dp-err][7 ]failed to register notifier (-22)
01-01 08:00:44.486 0 0 W kgsl-3d0: Falling back to syfs fallback for: a650_sqe.fw
01-01 08:00:44.490 0 0 E register_client_adhoc: find path.src 1 dest 589
01-01 08:00:44.516 680 680 I boot_progress_preload_end: 37538
01-01 08:00:44.516 680 680 D Zygote64Timing: ZygotePreload took to complete: 3031ms
01-01 08:00:44.490 0 0 E register_client_adhoc: Failed to find path.src 1 dest 589
01-01 08:00:44.517 0 0 W kona-asoc-snd soc: qcom,msm-audio-apr:qcom,q6core-audio:sound: msm_init_aux_dev: Max WSA devices is 0 for this target?
01-01 08:00:44.525 0 0 I ueventd : firmware: loading 'a650_sqe.fw' for '/devices/platform/soc/3d00000.qcom,kgsl-3d0/kgsl/kgsl-3d0/a650_sqe.fw'
01-01 08:00:44.531 0 0 E kona-asoc-snd soc: qcom,msm-audio-apr:qcom,q6core-audio:sound: ASoC: CODEC DAI wsa_macro_vifeedback not registered
01-01 08:00:44.544 0 0 I ueventd : loading /devices/platform/soc/3d00000.qcom,kgsl-3d0/kgsl/kgsl-3d0/a650_sqe.fw took 19ms
01-01 08:00:44.547 0 0 W kgsl-3d0: Falling back to syfs fallback for: a650_gmu.bin
01-01 08:00:44.558 0 0 W : bolero-clk-rsc-mngr bolero-clk-rsc-mngr: DMA mask not set
01-01 08:00:44.571 0 0 W tx_macro tx-macro: DMA mask not set
01-01 08:00:44.571 0 0 E tx_macro tx-macro: tx_macro_probe: va-macro not registered yet, defer
01-01 08:00:44.589 0 0 W rx_macro rx-macro: DMA mask not set
01-01 08:00:44.589 0 0 E rx_macro rx-macro: rx_macro_probe: va-macro not registered yet, defer
01-01 08:00:44.590 0 0 I ueventd : firmware: loading 'a650_gmu.bin' for '/devices/platform/soc/3d00000.qcom,kgsl-3d0/kgsl/kgsl-3d0/a650_gmu.bin'
01-01 08:00:44.604 0 0 W wsa_macro wsa-macro: DMA mask not set
01-01 08:00:44.604 0 0 E wsa_macro wsa-macro: wsa_macro_probe: va-macro not registered yet, defer
01-01 08:00:44.610 0 0 I ueventd : loading /devices/platform/soc/3d00000.qcom,kgsl-3d0/kgsl/kgsl-3d0/a650_gmu.bin took 21ms
01-01 08:00:44.617 0 0 W va_macro va-macro: DMA mask not set
01-01 08:00:44.617 0 0 E msm_cdc_pinctrl_get_gpiodata: device node is null
01-01 08:00:44.628 0 0 I va_macro va-macro: Linked as a consumer to regulator.7
01-01 08:00:44.628 0 0 I va_macro va-macro: bolero_register_macro: register macro successful:3
01-01 08:00:44.634 0 0 W wcd938x_codec wcd938x-codec: DMA mask not set
01-01 08:00:44.634 0 0 I wcd938x_codec wcd938x-codec: msm_cdc_dt_parse_vreg_info: cdc-vdd-rxtx: vol=[1800000 1800000]uV, curr=[30000]uA, ond 0 lpm 0
01-01 08:00:44.634 0 0 I wcd938x_codec wcd938x-codec: msm_cdc_dt_parse_vreg_info: cdc-vddio: vol=[1800000 1800000]uV, curr=[30000]uA, ond 0 lpm 0
01-01 08:00:44.634 0 0 I wcd938x_codec wcd938x-codec: msm_cdc_dt_parse_vreg_info: cdc-vdd-buck: vol=[1800000 1800000]uV, curr=[650000]uA, ond 0 lpm 0
01-01 08:00:44.634 0 0 I wcd938x_codec wcd938x-codec: msm_cdc_dt_parse_vreg_info: cdc-vdd-mic-bias: vol=[3296000 3296000]uV, curr=[30000]uA, ond 0 lpm 0
01-01 08:00:44.635 0 0 I wcd938x_codec wcd938x-codec: Linked as a consumer to regulator.7
01-01 08:00:44.639 0 0 I wcd938x_codec wcd938x-codec: Linked as a consumer to regulator.48
01-01 08:00:44.644 680 680 D Zygote64Timing: PostZygoteInitGC took to complete: 128ms
01-01 08:00:44.644 680 680 D Zygote64Timing: ZygoteInit took to complete: 3170ms
01-01 08:00:44.647 0 0 I qcom_rpmh DRV: apps_rsc TCS Busy, retrying RPMH message send: addr=0x50000
01-01 08:00:44.648 0 0 I qcom_rpmh DRV: apps_rsc TCS Busy, retrying RPMH message send: addr=0x50000
01-01 08:00:44.648 0 0 I qcom_rpmh DRV: apps_rsc TCS Busy, retrying RPMH message send: addr=0x50000
01-01 08:00:44.648 0 0 I qcom_rpmh DRV: apps_rsc TCS Busy, retrying RPMH message send: addr=0x50000
01-01 08:00:44.648 0 0 I qcom_rpmh DRV: apps_rsc TCS Busy, retrying RPMH message send: addr=0x50000
01-01 08:00:44.648 0 0 I qcom_rpmh DRV: apps_rsc TCS Busy, retrying RPMH message send: addr=0x50000
01-01 08:00:44.672 0 0 E : [drm:dp_display_init_aux_switch][msm-dp-err][7 ]failed to register notifier (-22)
01-01 08:00:44.688 0 0 E register_client_adhoc: find path.src 1 dest 589
01-01 08:00:44.689 0 0 E register_client_adhoc: Failed to find path.src 1 dest 589
01-01 08:00:44.713 0 0 W kona-asoc-snd soc: qcom,msm-audio-apr:qcom,q6core-audio:sound: msm_init_aux_dev: Max WSA devices is 0 for this target?
01-01 08:00:44.727 0 0 E kona-asoc-snd soc: qcom,msm-audio-apr:qcom,q6core-audio:sound: ASoC: CODEC DAI wsa_macro_vifeedback not registered
01-01 08:00:44.743 0 0 I binder : 1136:1136 ioctl 40046210 7fe371a294 returned -22
01-01 08:00:44.748 0 0 I tx_macro tx-macro: bolero_register_macro: register macro successful:0
01-01 08:00:44.756 0 0 I rx_macro rx-macro: bolero_register_macro: register macro successful:1
01-01 08:00:44.763 0 0 I wsa_macro wsa-macro: bolero_register_macro: register macro successful:2
01-01 08:00:44.769 0 0 E : [drm:dp_display_init_aux_switch][msm-dp-err][7 ]failed to register notifier (-22)
01-01 08:00:44.784 0 0 E register_client_adhoc: find path.src 1 dest 589
01-01 08:00:44.785 0 0 E register_client_adhoc: Failed to find path.src 1 dest 589
01-01 08:00:44.809 0 0 W kona-asoc-snd soc: qcom,msm-audio-apr:qcom,q6core-audio:sound: msm_init_aux_dev: Max WSA devices is 0 for this target?
01-01 08:00:44.889 0 0 W swr-wcd tx_swr_ctrl: DMA mask not set
01-01 08:00:45.123 1110 1110 I auditd : type=1400 audit(0.0:17): avc: denied { write } for comm="init.qcom.usb.s" name="uvc.0" dev="configfs" ino=45108 scontext=u:r:vendor_qti_init_shell:s0 tcontext=u:object_r:configfs:s0 tclass=dir permissive=0
01-01 08:00:45.123 1110 1110 I auditd : type=1400 audit(0.0:18): avc: denied { write } for comm="init.qcom.usb.s" name="uvc.0" dev="configfs" ino=45108 scontext=u:r:vendor_qti_init_shell:s0 tcontext=u:object_r:configfs:s0 tclass=dir permissive=0
01-01 08:00:45.152 0 0 I binder : 1151:1151 ioctl 40046210 7fd362c514 returned -22
01-01 08:00:45.154 0 0 E msm-pcm-routing soc: qcom,msm-pcm-routing: ASoC: no source widget found for AUDIO_REF_EC_UL30 MUX
01-01 08:00:45.151 1178 1178 I auditd : type=1400 audit(0.0:19): avc: denied { write } for comm="mkdir" name="header" dev="configfs" ino=45110 scontext=u:r:vendor_qti_init_shell:s0 tcontext=u:object_r:configfs:s0 tclass=dir permissive=0
01-01 08:00:45.166 0 0 E msm-pcm-routing soc: qcom,msm-pcm-routing: ASoC: Failed to add route AUDIO_REF_EC_UL30 MUX -> direct -> MM_UL30
