10-14 01:23:50.980 1151 2901 E TaskPersister: File error accessing recents directory (directory doesn't exist?).
10-14 01:23:50.984 1151 1811 D CompatibilityChangeReporter: Compat change id reported: 177438394; UID 10100; state: DISABLED
10-14 01:23:50.985 1151 1811 D CompatibilityChangeReporter: Compat change id reported: 135772972; UID 10100; state: DISABLED
10-14 01:23:50.988 1151 1811 D CompatibilityChangeReporter: Compat change id reported: 135754954; UID 10100; state: ENABLED
10-14 01:23:50.988 1151 1811 W ActivityManager: Slow operation: 51ms so far, now at startProcess: done starting proc!
10-14 01:23:50.995 1151 1811 I StorageUserConnection: Bound to the ExternalStorageService for user 0
10-14 01:23:51.002 1151 1963 D CompatibilityChangeReporter: Compat change id reported: 135634846; UID 1000; state: DISABLED
10-14 01:23:51.002 1151 1963 D CompatibilityChangeReporter: Compat change id reported: 177438394; UID 1000; state: DISABLED
10-14 01:23:51.003 1151 1963 D CompatibilityChangeReporter: Compat change id reported: 135772972; UID 1000; state: DISABLED
10-14 01:23:51.003 1151 1963 D CompatibilityChangeReporter: Compat change id reported: 135754954; UID 1000; state: ENABLED
10-14 01:23:51.004 1151 1923 I dvm_lock_sample: [system_server,0,AsyncTask #1,134,ActivityManagerService.java,8669,int com.android.server.am.ActivityManagerService.getMemoryTrimLevel(),,0,null,26]
10-14 01:23:51.009 1151 1348 I UsageStatsService: User[0] Rollover scheduled @ 2022-10-15 01:23:48(1665768228246)
10-14 01:23:51.025 1151 1348 I UsageStatsService: Time changed in by 1665681761 seconds
10-14 01:23:51.026 680 680 D Zygote : Forked child process 2932
10-14 01:23:51.028 1151 1352 W ActivityManager: Slow operation: 507ms so far, now at startProcess: returned from zygote!
10-14 01:23:51.028 504 504 I hwservicemanager: Since vendor.qti.hardware.iop@2.0::IIop/default is not registered, trying to start it as a lazy HAL.
10-14 01:23:51.029 2843 2843 I Perf : Connecting to perf service.
10-14 01:23:51.035 1151 1923 E ANDR-PERF-JNI: UXEngine Trigger - Returning null
10-14 01:23:51.044 1151 1348 I UsageStatsService: User[0] Flushing usage stats to disk
10-14 01:23:51.045 1151 1349 I dvm_lock_sample: [system_server,1,ActivityManager,121,BroadcastQueue.java,986,void com.android.server.am.BroadcastQueue.processNextBroadcast(boolean),,0,null,24]
10-14 01:23:51.050 2878 2878 V CamX : [ VERB][CORE ] camxoverridesettingsfile.cpp:385 Initialize() Could not find override settings text file at: /vendor/etc/camera/camxoverridesettings.txt
10-14 01:23:51.050 2878 2878 V CamX : [ VERB][CORE ] camxoverridesettingsfile.cpp:385 Initialize() Could not find override settings text file at: ./camxoverridesettings.txt
10-14 01:23:51.050 2878 2878 V CamX : [ VERB][UTILS ] camxhashmap.cpp:210 GetInPlace() Key not found
10-14 01:23:51.050 2878 2878 V CamX : [ VERB][UTILS ] camxhashmap.cpp:210 GetInPlace() Key not found
10-14 01:23:51.050 2878 2878 V CamX : [ VERB][UTILS ] camxhashmap.cpp:210 GetInPlace() Key not found
10-14 01:23:51.050 2878 2878 V CamX : [ VERB][UTILS ] camxhashmap.cpp:210 GetInPlace() Key not found
10-14 01:23:51.050 2878 2878 V CamX : [ VERB][UTILS ] camxhashmap.cpp:210 GetInPlace() Key not found
10-14 01:23:51.050 2878 2878 V CamX : [ VERB][UTILS ] camxhashmap.cpp:210 GetInPlace() Key not found
10-14 01:23:51.051 2878 2878 V CamX : [ VERB][UTILS ] camxhashmap.cpp:210 GetInPlace() Key not found
10-14 01:23:51.051 2878 2878 V CamX : [ VERB][UTILS ] camxhashmap.cpp:210 GetInPlace() Key not found
10-14 01:23:51.051 2878 2878 V CamX : [ VERB][UTILS ] camxhashmap.cpp:210 GetInPlace() Key not found
10-14 01:23:51.051 2878 2878 V CamX : [ VERB][UTILS ] camxhashmap.cpp:210 GetInPlace() Key not found
10-14 01:23:51.051 2878 2878 V CamX : [ VERB][UTILS ] camxhashmap.cpp:210 GetInPlace() Key not found
10-14 01:23:51.051 2878 2878 V CamX : [ VERB][UTILS ] camxhashmap.cpp:210 GetInPlace() Key not found
10-14 01:23:51.051 2878 2878 V CamX : [ VERB][UTILS ] camxhashmap.cpp:210 GetInPlace() Key not found
10-14 01:23:51.051 2878 2878 V CamX : [ VERB][UTILS ] camxhashmap.cpp:210 GetInPlace() Key not found
10-14 01:23:51.051 2878 2878 V CamX : [ VERB][UTILS ] camxhashmap.cpp:210 GetInPlace() Key not found
10-14 01:23:51.051 2878 2878 V CamX : [ VERB][UTILS ] camxhashmap.cpp:210 GetInPlace() Key not found
10-14 01:23:51.051 2878 2878 V CamX : [ VERB][UTILS ] camxhashmap.cpp:210 GetInPlace() Key not found
10-14 01:23:51.051 2878 2878 V CamX : [ VERB][UTILS ] camxhashmap.cpp:210 GetInPlace() Key not found
10-14 01:23:51.051 2878 2878 V CamX : [ VERB][UTILS ] camxhashmap.cpp:210 GetInPlace() Key not found
10-14 01:23:51.051 2878 2878 V CamX : [ VERB][UTILS ] camxhashmap.cpp:210 GetInPlace() Key not found
10-14 01:23:51.051 2878 2878 V CamX : [ VERB][UTILS ] camxhashmap.cpp:210 GetInPlace() Key not found
10-14 01:23:51.052 2878 2878 V CamX : [ VERB][UTILS ] camxhashmap.cpp:210 GetInPlace() Key not found
10-14 01:23:51.052 2878 2878 V CamX : [ VERB][UTILS ] camxhashmap.cpp:210 GetInPlace() Key not found
10-14 01:23:51.052 2878 2878 V CamX : [ VERB][UTILS ] camxhashmap.cpp:210 GetInPlace() Key not found
10-14 01:23:51.052 2878 2878 V CamX : [ VERB][UTILS ] camxhashmap.cpp:210 GetInPlace() Key not found
10-14 01:23:51.052 2878 2878 V CamX : [ VERB][UTILS ] camxhashmap.cpp:210 GetInPlace() Key not found
10-14 01:23:51.052 2878 2878 V CamX : [ VERB][UTILS ] camxhashmap.cpp:210 GetInPlace() Key not found
10-14 01:23:51.052 2878 2878 V CamX : [ VERB][UTILS ] camxhashmap.cpp:210 GetInPlace() Key not found
10-14 01:23:51.052 2878 2878 V CamX : [ VERB][UTILS ] camxhashmap.cpp:210 GetInPlace() Key not found
10-14 01:23:51.052 2878 2878 V CamX : [ VERB][UTILS ] camxhashmap.cpp:210 GetInPlace() Key not found
10-14 01:23:51.052 2878 2878 V CamX : [ VERB][UTILS ] camxhashmap.cpp:210 GetInPlace() Key not found
10-14 01:23:51.052 2878 2878 V CamX : [ VERB][UTILS ] camxhashmap.cpp:210 GetInPlace() Key not found
10-14 01:23:51.052 2878 2878 V CamX : [ VERB][UTILS ] camxhashmap.cpp:210 GetInPlace() Key not found
10-14 01:23:51.052 2878 2878 V CamX : [ VERB][UTILS ] camxhashmap.cpp:210 GetInPlace() Key not found
10-14 01:23:51.052 2878 2878 V CamX : [ VERB][UTILS ] camxhashmap.cpp:210 GetInPlace() Key not found
10-14 01:23:51.052 2878 2878 V CamX : [ VERB][UTILS ] camxhashmap.cpp:210 GetInPlace() Key not found
10-14 01:23:51.052 2878 2878 V CamX : [ VERB][UTILS ] camxhashmap.cpp:210 GetInPlace() Key not found
10-14 01:23:51.053 2878 2878 V CamX : [ VERB][UTILS ] camxhashmap.cpp:210 GetInPlace() Key not found
10-14 01:23:51.053 2878 2878 V CamX : [ VERB][UTILS ] camxhashmap.cpp:210 GetInPlace() Key not found
10-14 01:23:51.053 2878 2878 V CamX : [ VERB][UTILS ] camxhashmap.cpp:210 GetInPlace() Key not found
10-14 01:23:51.053 2878 2878 V CamX : [ VERB][UTILS ] camxhashmap.cpp:210 GetInPlace() Key not found
10-14 01:23:51.053 2878 2878 V CamX : [ VERB][UTILS ] camxhashmap.cpp:210 GetInPlace() Key not found
10-14 01:23:51.053 2878 2878 V CamX : [ VERB][UTILS ] camxhashmap.cpp:210 GetInPlace() Key not found
10-14 01:23:51.053 2878 2878 V CamX : [ VERB][UTILS ] camxhashmap.cpp:210 GetInPlace() Key not found
10-14 01:23:51.053 2878 2878 V CamX : [ VERB][UTILS ] camxhashmap.cpp:210 GetInPlace() Key not found
10-14 01:23:51.053 2878 2878 V CamX : [ VERB][UTILS ] camxhashmap.cpp:210 GetInPlace() Key not found
10-14 01:23:51.053 2878 2878 V CamX : [ VERB][UTILS ] camxhashmap.cpp:210 GetInPlace() Key not found
10-14 01:23:51.053 2878 2878 V CamX : [ VERB][UTILS ] camxhashmap.cpp:210 GetInPlace() Key not found
10-14 01:23:51.053 2878 2878 V CamX : [ VERB][UTILS ] camxhashmap.cpp:210 GetInPlace() Key not found
10-14 01:23:51.053 2878 2878 V CamX : [ VERB][UTILS ] camxhashmap.cpp:210 GetInPlace() Key not found
10-14 01:23:51.053 2878 2878 V CamX : [ VERB][UTILS ] camxhashmap.cpp:210 GetInPlace() Key not found
10-14 01:23:51.053 2878 2878 V CamX : [ VERB][UTILS ] camxhashmap.cpp:210 GetInPlace() Key not found
10-14 01:23:51.054 2878 2878 V CamX : [ VERB][UTILS ] camxhashmap.cpp:210 GetInPlace() Key not found
10-14 01:23:51.054 2878 2878 V CamX : [ VERB][UTILS ] camxhashmap.cpp:210 GetInPlace() Key not found
10-14 01:23:51.054 2878 2878 V CamX : [ VERB][UTILS ] camxhashmap.cpp:210 GetInPlace() Key not found
10-14 01:23:51.054 2878 2878 V CamX : [ VERB][UTILS ] camxhashmap.cpp:210 GetInPlace() Key not found
10-14 01:23:51.054 2878 2878 V CamX : [ VERB][UTILS ] camxhashmap.cpp:210 GetInPlace() Key not found
10-14 01:23:51.054 2878 2878 V CamX : [ VERB][UTILS ] camxhashmap.cpp:210 GetInPlace() Key not found
10-14 01:23:51.054 2878 2878 V CamX : [ VERB][UTILS ] camxhashmap.cpp:210 GetInPlace() Key not found
10-14 01:23:51.054 2878 2878 V CamX : [ VERB][UTILS ] camxhashmap.cpp:210 GetInPlace() Key not found
10-14 01:23:51.054 2878 2878 V CamX : [ VERB][UTILS ] camxhashmap.cpp:210 GetInPlace() Key not found
10-14 01:23:51.054 2878 2878 V CamX : [ VERB][UTILS ] camxhashmap.cpp:210 GetInPlace() Key not found
10-14 01:23:51.054 2878 2878 V CamX : [ VERB][UTILS ] camxhashmap.cpp:210 GetInPlace() Key not found
10-14 01:23:51.054 2878 2878 V CamX : [ VERB][UTILS ] camxhashmap.cpp:210 GetInPlace() Key not found
10-14 01:23:51.054 2878 2878 V CamX : [ VERB][UTILS ] camxhashmap.cpp:210 GetInPlace() Key not found
10-14 01:23:51.055 2878 2878 V CamX : [ VERB][UTILS ] camxhashmap.cpp:210 GetInPlace() Key not found
10-14 01:23:51.055 2878 2878 V CamX : [ VERB][UTILS ] camxhashmap.cpp:210 GetInPlace() Key not found
10-14 01:23:51.055 2878 2878 V CamX : [ VERB][UTILS ] camxhashmap.cpp:210 GetInPlace() Key not found
10-14 01:23:51.055 2878 2878 V CamX : [ VERB][UTILS ] camxhashmap.cpp:210 GetInPlace() Key not found
10-14 01:23:51.055 2878 2878 V CamX : [ VERB][UTILS ] camxhashmap.cpp:210 GetInPlace() Key not found
10-14 01:23:51.055 2878 2878 V CamX : [ VERB][UTILS ] camxhashmap.cpp:210 GetInPlace() Key not found
10-14 01:23:51.055 2878 2878 V CamX : [ VERB][UTILS ] camxhashmap.cpp:210 GetInPlace() Key not found
10-14 01:23:51.055 2878 2878 V CamX : [ VERB][UTILS ] camxhashmap.cpp:210 GetInPlace() Key not found
10-14 01:23:51.055 2878 2878 V CamX : [ VERB][UTILS ] camxhashmap.cpp:210 GetInPlace() Key not found
10-14 01:23:51.055 2878 2878 V CamX : [ VERB][UTILS ] camxhashmap.cpp:210 GetInPlace() Key not found
10-14 01:23:51.055 2878 2878 V CamX : [ VERB][UTILS ] camxhashmap.cpp:210 GetInPlace() Key not found
10-14 01:23:51.055 2878 2878 V CamX : [ VERB][UTILS ] camxhashmap.cpp:210 GetInPlace() Key not found
10-14 01:23:51.055 2878 2878 V CamX : [ VERB][UTILS ] camxhashmap.cpp:210 GetInPlace() Key not found
10-14 01:23:51.055 2878 2878 V CamX : [ VERB][UTILS ] camxhashmap.cpp:210 GetInPlace() Key not found
10-14 01:23:51.055 2878 2878 V CamX : [ VERB][UTILS ] camxhashmap.cpp:210 GetInPlace() Key not found
10-14 01:23:51.056 2878 2878 V CamX : [ VERB][UTILS ] camxhashmap.cpp:210 GetInPlace() Key not found
10-14 01:23:51.056 2878 2878 V CamX : [ VERB][UTILS ] camxhashmap.cpp:210 GetInPlace() Key not found
10-14 01:23:51.056 2878 2878 V CamX : [ VERB][UTILS ] camxhashmap.cpp:210 GetInPlace() Key not found
10-14 01:23:51.056 2878 2878 V CamX : [ VERB][UTILS ] camxhashmap.cpp:210 GetInPlace() Key not found
10-14 01:23:51.056 2878 2878 V CamX : [ VERB][UTILS ] camxhashmap.cpp:210 GetInPlace() Key not found
10-14 01:23:51.056 2878 2878 V CamX : [ VERB][UTILS ] camxhashmap.cpp:210 GetInPlace() Key not found
10-14 01:23:51.056 2878 2878 V CamX : [ VERB][UTILS ] camxhashmap.cpp:210 GetInPlace() Key not found
10-14 01:23:51.056 2878 2878 V CamX : [ VERB][UTILS ] camxhashmap.cpp:210 GetInPlace() Key not found
10-14 01:23:51.056 2878 2878 V CamX : [ VERB][UTILS ] camxhashmap.cpp:210 GetInPlace() Key not found
10-14 01:23:51.056 2878 2878 V CamX : [ VERB][UTILS ] camxhashmap.cpp:210 GetInPlace() Key not found
10-14 01:23:51.056 2878 2878 V CamX : [ VERB][UTILS ] camxhashmap.cpp:210 GetInPlace() Key not found
10-14 01:23:51.056 2878 2878 V CamX : [ VERB][UTILS ] camxhashmap.cpp:210 GetInPlace() Key not found
10-14 01:23:51.057 2878 2878 V CamX : [ VERB][UTILS ] camxhashmap.cpp:210 GetInPlace() Key not found
10-14 01:23:51.057 2878 2878 V CamX : [ VERB][UTILS ] camxhashmap.cpp:210 GetInPlace() Key not found
10-14 01:23:51.057 2878 2878 V CamX : [ VERB][UTILS ] camxhashmap.cpp:210 GetInPlace() Key not found
10-14 01:23:51.057 2878 2878 V CamX : [ VERB][UTILS ] camxhashmap.cpp:210 GetInPlace() Key not found
10-14 01:23:51.057 2878 2878 V CamX : [ VERB][UTILS ] camxhashmap.cpp:210 GetInPlace() Key not found
10-14 01:23:51.057 2878 2878 V CamX : [ VERB][UTILS ] camxhashmap.cpp:210 GetInPlace() Key not found
10-14 01:23:51.057 2878 2878 V CamX : [ VERB][UTILS ] camxhashmap.cpp:210 GetInPlace() Key not found
10-14 01:23:51.057 2878 2878 V CamX : [ VERB][UTILS ] camxhashmap.cpp:210 GetInPlace() Key not found
10-14 01:23:51.057 2878 2878 V CamX : [ VERB][UTILS ] camxhashmap.cpp:210 GetInPlace() Key not found
10-14 01:23:51.057 2878 2878 V CamX : [ VERB][UTILS ] camxhashmap.cpp:210 GetInPlace() Key not found
10-14 01:23:51.057 2878 2878 V CamX : [ VERB][UTILS ] camxhashmap.cpp:210 GetInPlace() Key not found
10-14 01:23:51.057 2878 2878 V CamX : [ VERB][UTILS ] camxhashmap.cpp:210 GetInPlace() Key not found
10-14 01:23:51.057 2878 2878 V CamX : [ VERB][UTILS ] camxhashmap.cpp:210 GetInPlace() Key not found
10-14 01:23:51.057 2878 2878 V CamX : [ VERB][UTILS ] camxhashmap.cpp:210 GetInPlace() Key not found
10-14 01:23:51.057 1151 1317 I EventSequenceValidator: Transition from INTENT_STARTED to ACTIVITY_LAUNCHED
10-14 01:23:51.057 2878 2878 V CamX : [ VERB][UTILS ] camxhashmap.cpp:210 GetInPlace() Key not found
10-14 01:23:51.057 2878 2878 V CamX : [ VERB][UTILS ] camxhashmap.cpp:210 GetInPlace() Key not found
10-14 01:23:51.057 2878 2878 V CamX : [ VERB][UTILS ] camxhashmap.cpp:210 GetInPlace() Key not found
10-14 01:23:51.058 2878 2878 V CamX : [ VERB][UTILS ] camxhashmap.cpp:210 GetInPlace() Key not found
10-14 01:23:51.058 2878 2878 V CamX : [ VERB][UTILS ] camxhashmap.cpp:210 GetInPlace() Key not found
10-14 01:23:51.058 2878 2878 V CamX : [ VERB][UTILS ] camxhashmap.cpp:210 GetInPlace() Key not found
10-14 01:23:51.058 2878 2878 V CamX : [ VERB][UTILS ] camxhashmap.cpp:210 GetInPlace() Key not found
10-14 01:23:51.058 2878 2878 V CamX : [ VERB][UTILS ] camxhashmap.cpp:210 GetInPlace() Key not found
10-14 01:23:51.058 2878 2878 V CamX : [ VERB][UTILS ] camxhashmap.cpp:210 GetInPlace() Key not found
10-14 01:23:51.058 2878 2878 V CamX : [ VERB][UTILS ] camxhashmap.cpp:210 GetInPlace() Key not found
10-14 01:23:51.058 2878 2878 V CamX : [ VERB][UTILS ] camxhashmap.cpp:210 GetInPlace() Key not found
10-14 01:23:51.058 2878 2878 V CamX : [ VERB][UTILS ] camxhashmap.cpp:210 GetInPlace() Key not found
10-14 01:23:51.058 2878 2878 V CamX : [ VERB][UTILS ] camxhashmap.cpp:210 GetInPlace() Key not found
10-14 01:23:51.058 2878 2878 V CamX : [ VERB][UTILS ] camxhashmap.cpp:210 GetInPlace() Key not found
10-14 01:23:51.058 2878 2878 V CamX : [ VERB][UTILS ] camxhashmap.cpp:210 GetInPlace() Key not found
10-14 01:23:51.058 2878 2878 V CamX : [ VERB][UTILS ] camxhashmap.cpp:210 GetInPlace() Key not found
10-14 01:23:51.058 2878 2878 V CamX : [ VERB][UTILS ] camxhashmap.cpp:210 GetInPlace() Key not found
10-14 01:23:51.059 2878 2878 V CamX : [ VERB][UTILS ] camxhashmap.cpp:210 GetInPlace() Key not found
10-14 01:23:51.059 2878 2878 V CamX : [ VERB][UTILS ] camxhashmap.cpp:210 GetInPlace() Key not found
10-14 01:23:51.059 2878 2878 V CamX : [ VERB][UTILS ] camxhashmap.cpp:210 GetInPlace() Key not found
10-14 01:23:51.059 2878 2878 V CamX : [ VERB][UTILS ] camxhashmap.cpp:210 GetInPlace() Key not found
10-14 01:23:51.059 2878 2878 V CamX : [ VERB][UTILS ] camxhashmap.cpp:210 GetInPlace() Key not found
10-14 01:23:51.059 2878 2878 V CamX : [ VERB][UTILS ] camxhashmap.cpp:210 GetInPlace() Key not found
10-14 01:23:51.059 2878 2878 V CamX : [ VERB][UTILS ] camxhashmap.cpp:210 GetInPlace() Key not found
10-14 01:23:51.059 2878 2878 V CamX : [ VERB][UTILS ] camxhashmap.cpp:210 GetInPlace() Key not found
10-14 01:23:51.059 2878 2878 V CamX : [ VERB][UTILS ] camxhashmap.cpp:210 GetInPlace() Key not found
10-14 01:23:51.064 2878 2878 V CamX : [ VERB][UTILS ] camxhashmap.cpp:210 GetInPlace() Key not found
10-14 01:23:51.064 2878 2878 V CamX : [ VERB][UTILS ] camxhashmap.cpp:210 GetInPlace() Key not found
10-14 01:23:51.064 2878 2878 V CamX : [ VERB][UTILS ] camxhashmap.cpp:210 GetInPlace() Key not found
10-14 01:23:51.064 2878 2878 V CamX : [ VERB][UTILS ] camxhashmap.cpp:210 GetInPlace() Key not found
10-14 01:23:51.064 2878 2878 V CamX : [ VERB][UTILS ] camxhashmap.cpp:210 GetInPlace() Key not found
10-14 01:23:51.064 2878 2878 V CamX : [ VERB][UTILS ] camxhashmap.cpp:210 GetInPlace() Key not found
10-14 01:23:51.064 2878 2878 V CamX : [ VERB][UTILS ] camxhashmap.cpp:210 GetInPlace() Key not found
10-14 01:23:51.065 2878 2878 V CamX : [ VERB][UTILS ] camxhashmap.cpp:210 GetInPlace() Key not found
10-14 01:23:51.065 2878 2878 V CamX : [ VERB][UTILS ] camxhashmap.cpp:210 GetInPlace() Key not found
10-14 01:23:51.065 2878 2878 V CamX : [ VERB][UTILS ] camxhashmap.cpp:210 GetInPlace() Key not found
10-14 01:23:51.065 2878 2878 V CamX : [ VERB][UTILS ] camxhashmap.cpp:210 GetInPlace() Key not found
10-14 01:23:51.065 2878 2878 V CamX : [ VERB][UTILS ] camxhashmap.cpp:210 GetInPlace() Key not found
10-14 01:23:51.065 2878 2878 V CamX : [ VERB][UTILS ] camxhashmap.cpp:210 GetInPlace() Key not found
10-14 01:23:51.065 2864 2889 I adbd : jdwp connection from 2289
10-14 01:23:51.065 2878 2878 V CamX : [ VERB][UTILS ] camxhashmap.cpp:210 GetInPlace() Key not found
10-14 01:23:51.065 2878 2878 V CamX : [ VERB][UTILS ] camxhashmap.cpp:210 GetInPlace() Key not found
10-14 01:23:51.065 2878 2878 V CamX : [ VERB][UTILS ] camxhashmap.cpp:210 GetInPlace() Key not found
10-14 01:23:51.065 2878 2878 V CamX : [ VERB][UTILS ] camxhashmap.cpp:210 GetInPlace() Key not found
10-14 01:23:51.065 2878 2878 V CamX : [ VERB][UTILS ] camxhashmap.cpp:210 GetInPlace() Key not found
10-14 01:23:51.065 2878 2878 V CamX : [ VERB][UTILS ] camxhashmap.cpp:210 GetInPlace() Key not found
10-14 01:23:51.065 2878 2878 V CamX : [ VERB][UTILS ] camxhashmap.cpp:210 GetInPlace() Key not found
10-14 01:23:51.065 2878 2878 V CamX : [ VERB][UTILS ] camxhashmap.cpp:210 GetInPlace() Key not found
10-14 01:23:51.065 2878 2878 V CamX : [ VERB][UTILS ] camxhashmap.cpp:210 GetInPlace() Key not found
10-14 01:23:51.065 2878 2878 V CamX : [ VERB][UTILS ] camxhashmap.cpp:210 GetInPlace() Key not found
10-14 01:23:51.066 2878 2878 V CamX : [ VERB][UTILS ] camxhashmap.cpp:210 GetInPlace() Key not found
10-14 01:23:51.066 2878 2878 V CamX : [ VERB][UTILS ] camxhashmap.cpp:210 GetInPlace() Key not found
10-14 01:23:51.066 2864 2889 I adbd : jdwp connection from 2343
10-14 01:23:51.066 2878 2878 V CamX : [ VERB][UTILS ] camxhashmap.cpp:210 GetInPlace() Key not found
10-14 01:23:51.066 2878 2878 V CamX : [ VERB][UTILS ] camxhashmap.cpp:210 GetInPlace() Key not found
10-14 01:23:51.066 2878 2878 V CamX : [ VERB][UTILS ] camxhashmap.cpp:210 GetInPlace() Key not found
10-14 01:23:51.066 2878 2878 V CamX : [ VERB][UTILS ] camxhashmap.cpp:210 GetInPlace() Key not found
10-14 01:23:51.066 2878 2878 V CamX : [ VERB][UTILS ] camxhashmap.cpp:210 GetInPlace() Key not found
10-14 01:23:51.066 2878 2878 V CamX : [ VERB][UTILS ] camxhashmap.cpp:210 GetInPlace() Key not found
10-14 01:23:51.066 2878 2878 V CamX : [ VERB][UTILS ] camxhashmap.cpp:210 GetInPlace() Key not found
10-14 01:23:51.067 2878 2878 V CamX : [ VERB][UTILS ] camxhashmap.cpp:210 GetInPlace() Key not found
10-14 01:23:51.067 2878 2878 V CamX : [ VERB][UTILS ] camxhashmap.cpp:210 GetInPlace() Key not found
10-14 01:23:51.067 2878 2878 V CamX : [ VERB][UTILS ] camxhashmap.cpp:210 GetInPlace() Key not found
10-14 01:23:51.067 2878 2878 V CamX : [ VERB][UTILS ] camxhashmap.cpp:210 GetInPlace() Key not found
10-14 01:23:51.067 2878 2878 V CamX : [ VERB][UTILS ] camxhashmap.cpp:210 GetInPlace() Key not found
10-14 01:23:51.067 2878 2878 V CamX : [ VERB][UTILS ] camxhashmap.cpp:210 GetInPlace() Key not found
10-14 01:23:51.067 2878 2878 V CamX : [ VERB][UTILS ] camxhashmap.cpp:210 GetInPlace() Key not found
10-14 01:23:51.067 2878 2878 V CamX : [ VERB][UTILS ] camxhashmap.cpp:210 GetInPlace() Key not found
10-14 01:23:51.067 2878 2878 V CamX : [ VERB][UTILS ] camxhashmap.cpp:210 GetInPlace() Key not found
10-14 01:23:51.068 2878 2878 V CamX : [ VERB][UTILS ] camxhashmap.cpp:210 GetInPlace() Key not found
10-14 01:23:51.068 2878 2878 V CamX : [ VERB][UTILS ] camxhashmap.cpp:210 GetInPlace() Key not found
10-14 01:23:51.068 2878 2878 V CamX : [ VERB][UTILS ] camxhashmap.cpp:210 GetInPlace() Key not found
10-14 01:23:51.068 2878 2878 V CamX : [ VERB][UTILS ] camxhashmap.cpp:210 GetInPlace() Key not found
10-14 01:23:51.068 2878 2878 V CamX : [ VERB][UTILS ] camxhashmap.cpp:210 GetInPlace() Key not found
01-01 08:01:09.259 0 0 W logd : Skipping entries from slow reader, pid 1257, fd 14, from LogBuffer::Prune()
01-01 08:01:09.268 0 0 I binder : 2932:2932 ioctl 40046210 7fd362c1d4 returned -22
01-01 08:01:09.275 0 0 E msm-dwc3 a600000.ssusb: ep [gsi-epin1,29] already configured as msm endpoint
10-14 01:23:51.068 2878 2878 V CamX : [ VERB][UTILS ] camxhashmap.cpp:210 GetInPlace() Key not found
10-14 01:23:51.068 2878 2878 V CamX : [ VERB][UTILS ] camxhashmap.cpp:210 GetInPlace() Key not found
10-14 01:23:51.068 2878 2878 V CamX : [ VERB][UTILS ] camxhashmap.cpp:210 GetInPlace() Key not found
10-14 01:23:51.068 2878 2878 V CamX : [ VERB][UTILS ] camxhashmap.cpp:210 GetInPlace() Key not found
10-14 01:23:51.068 2878 2878 V CamX : [ VERB][UTILS ] camxhashmap.cpp:210 GetInPlace() Key not found
10-14 01:23:51.068 2878 2878 V CamX : [ VERB][UTILS ] camxhashmap.cpp:210 GetInPlace() Key not found
10-14 01:23:51.068 2878 2878 V CamX : [ VERB][UTILS ] camxhashmap.cpp:210 GetInPlace() Key not found
10-14 01:23:51.068 2878 2878 V CamX : [ VERB][UTILS ] camxhashmap.cpp:210 GetInPlace() Key not found
10-14 01:23:51.068 2878 2878 V CamX : [ VERB][UTILS ] camxhashmap.cpp:210 GetInPlace() Key not found
10-14 01:23:51.068 2878 2878 V CamX : [ VERB][UTILS ] camxhashmap.cpp:210 GetInPlace() Key not found
10-14 01:23:51.069 2878 2878 V CamX : [ VERB][UTILS ] camxhashmap.cpp:210 GetInPlace() Key not found
10-14 01:23:51.069 2878 2878 V CamX : [ VERB][UTILS ] camxhashmap.cpp:210 GetInPlace() Key not found
10-14 01:23:51.069 2878 2878 V CamX : [ VERB][UTILS ] camxhashmap.cpp:210 GetInPlace() Key not found
10-14 01:23:51.069 2878 2878 V CamX : [ VERB][UTILS ] camxhashmap.cpp:210 GetInPlace() Key not found
10-14 01:23:51.069 2878 2878 V CamX : [ VERB][UTILS ] camxhashmap.cpp:210 GetInPlace() Key not found
10-14 01:23:51.069 2878 2878 V CamX : [ VERB][UTILS ] camxhashmap.cpp:210 GetInPlace() Key not found
10-14 01:23:51.069 2878 2878 V CamX : [ VERB][UTILS ] camxhashmap.cpp:210 GetInPlace() Key not found
10-14 01:23:51.069 2878 2878 V CamX : [ VERB][UTILS ] camxhashmap.cpp:210 GetInPlace() Key not found
10-14 01:23:51.069 2878 2878 V CamX : [ VERB][UTILS ] camxhashmap.cpp:210 GetInPlace() Key not found
10-14 01:23:51.069 2878 2878 V CamX : [ VERB][UTILS ] camxhashmap.cpp:210 GetInPlace() Key not found
10-14 01:23:51.069 2878 2878 V CamX : [ VERB][UTILS ] camxhashmap.cpp:210 GetInPlace() Key not found
10-14 01:23:51.069 2878 2878 V CamX : [ VERB][UTILS ] camxhashmap.cpp:210 GetInPlace() Key not found
10-14 01:23:51.069 2878 2878 V CamX : [ VERB][UTILS ] camxhashmap.cpp:210 GetInPlace() Key not found
10-14 01:23:51.069 2878 2878 V CamX : [ VERB][UTILS ] camxhashmap.cpp:210 GetInPlace() Key not found
10-14 01:23:51.069 2878 2878 V CamX : [ VERB][UTILS ] camxhashmap.cpp:210 GetInPlace() Key not found
10-14 01:23:51.069 2878 2878 V CamX : [ VERB][UTILS ] camxhashmap.cpp:210 GetInPlace() Key not found
10-14 01:23:51.069 2878 2878 V CamX : [ VERB][UTILS ] camxhashmap.cpp:210 GetInPlace() Key not found
10-14 01:23:51.070 2878 2878 V CamX : [ VERB][UTILS ] camxhashmap.cpp:210 GetInPlace() Key not found
10-14 01:23:51.070 2878 2878 V CamX : [ VERB][UTILS ] camxhashmap.cpp:210 GetInPlace() Key not found
10-14 01:23:51.070 2878 2878 V CamX : [ VERB][UTILS ] camxhashmap.cpp:210 GetInPlace() Key not found
10-14 01:23:51.070 2878 2878 V CamX : [ VERB][UTILS ] camxhashmap.cpp:210 GetInPlace() Key not found
10-14 01:23:51.070 2878 2878 V CamX : [ VERB][UTILS ] camxhashmap.cpp:210 GetInPlace() Key not found
10-14 01:23:51.070 2878 2878 V CamX : [ VERB][UTILS ] camxhashmap.cpp:210 GetInPlace() Key not found
10-14 01:23:51.070 2878 2878 V CamX : [ VERB][UTILS ] camxhashmap.cpp:210 GetInPlace() Key not found
10-14 01:23:51.070 2878 2878 V CamX : [ VERB][UTILS ] camxhashmap.cpp:210 GetInPlace() Key not found
10-14 01:23:51.070 2878 2878 V CamX : [ VERB][UTILS ] camxhashmap.cpp:210 GetInPlace() Key not found
10-14 01:23:51.070 2878 2878 V CamX : [ VERB][UTILS ] camxhashmap.cpp:210 GetInPlace() Key not found
10-14 01:23:51.070 2878 2878 V CamX : [ VERB][UTILS ] camxhashmap.cpp:210 GetInPlace() Key not found
10-14 01:23:51.070 2878 2878 V CamX : [ VERB][UTILS ] camxhashmap.cpp:210 GetInPlace() Key not found
10-14 01:23:51.070 2878 2878 V CamX : [ VERB][UTILS ] camxhashmap.cpp:210 GetInPlace() Key not found
10-14 01:23:51.070 2878 2878 V CamX : [ VERB][UTILS ] camxhashmap.cpp:210 GetInPlace() Key not found
10-14 01:23:51.070 2878 2878 V CamX : [ VERB][UTILS ] camxhashmap.cpp:210 GetInPlace() Key not found
10-14 01:23:51.070 2878 2878 V CamX : [ VERB][UTILS ] camxhashmap.cpp:210 GetInPlace() Key not found
10-14 01:23:51.070 2878 2878 V CamX : [ VERB][UTILS ] camxhashmap.cpp:210 GetInPlace() Key not found
10-14 01:23:51.070 2878 2878 V CamX : [ VERB][UTILS ] camxhashmap.cpp:210 GetInPlace() Key not found
10-14 01:23:51.070 2878 2878 V CamX : [ VERB][UTILS ] camxhashmap.cpp:210 GetInPlace() Key not found
10-14 01:23:51.070 2878 2878 V CamX : [ VERB][UTILS ] camxhashmap.cpp:210 GetInPlace() Key not found
10-14 01:23:51.070 2878 2878 V CamX : [ VERB][UTILS ] camxhashmap.cpp:210 GetInPlace() Key not found
10-14 01:23:51.071 2878 2878 V CamX : [ VERB][UTILS ] camxhashmap.cpp:210 GetInPlace() Key not found
10-14 01:23:51.071 2878 2878 V CamX : [ VERB][UTILS ] camxhashmap.cpp:210 GetInPlace() Key not found
10-14 01:23:51.071 2878 2878 V CamX : [ VERB][UTILS ] camxhashmap.cpp:210 GetInPlace() Key not found
10-14 01:23:51.071 2878 2878 V CamX : [ VERB][UTILS ] camxhashmap.cpp:210 GetInPlace() Key not found
10-14 01:23:51.071 2878 2878 V CamX : [ VERB][UTILS ] camxhashmap.cpp:210 GetInPlace() Key not found
10-14 01:23:51.071 2878 2878 V CamX : [ VERB][UTILS ] camxhashmap.cpp:210 GetInPlace() Key not found
10-14 01:23:51.071 2878 2878 V CamX : [ VERB][UTILS ] camxhashmap.cpp:210 GetInPlace() Key not found
10-14 01:23:51.071 2878 2878 V CamX : [ VERB][UTILS ] camxhashmap.cpp:210 GetInPlace() Key not found
10-14 01:23:51.071 2878 2878 V CamX : [ VERB][UTILS ] camxhashmap.cpp:210 GetInPlace() Key not found
10-14 01:23:51.071 2878 2878 V CamX : [ VERB][UTILS ] camxhashmap.cpp:210 GetInPlace() Key not found
10-14 01:23:51.071 2878 2878 V CamX : [ VERB][UTILS ] camxhashmap.cpp:210 GetInPlace() Key not found
10-14 01:23:51.071 654 670 I mpu_uart: [MSG-P:RECV]:No message received in 1000 ms
10-14 01:23:51.071 2878 2878 V CamX : [ VERB][UTILS ] camxhashmap.cpp:210 GetInPlace() Key not found
10-14 01:23:51.072 2878 2878 V CamX : [ VERB][UTILS ] camxhashmap.cpp:210 GetInPlace() Key not found
10-14 01:23:51.073 2878 2878 V CamX : [ VERB][UTILS ] camxhashmap.cpp:210 GetInPlace() Key not found
10-14 01:23:51.073 2878 2878 V CamX : [ VERB][UTILS ] camxhashmap.cpp:210 GetInPlace() Key not found
10-14 01:23:51.073 2878 2878 V CamX : [ VERB][UTILS ] camxhashmap.cpp:210 GetInPlace() Key not found
10-14 01:23:51.073 2878 2878 V CamX : [ VERB][UTILS ] camxhashmap.cpp:210 GetInPlace() Key not found
10-14 01:23:51.073 2878 2878 V CamX : [ VERB][UTILS ] camxhashmap.cpp:210 GetInPlace() Key not found
10-14 01:23:51.073 2878 2878 V CamX : [ VERB][UTILS ] camxhashmap.cpp:210 GetInPlace() Key not found
10-14 01:23:51.073 2878 2878 V CamX : [ VERB][UTILS ] camxhashmap.cpp:210 GetInPlace() Key not found
10-14 01:23:51.073 2878 2878 V CamX : [ VERB][UTILS ] camxhashmap.cpp:210 GetInPlace() Key not found
10-14 01:23:51.073 2878 2878 V CamX : [ VERB][UTILS ] camxhashmap.cpp:210 GetInPlace() Key not found
10-14 01:23:51.073 2878 2878 V CamX : [ VERB][UTILS ] camxhashmap.cpp:210 GetInPlace() Key not found
10-14 01:23:51.073 2878 2878 V CamX : [ VERB][UTILS ] camxhashmap.cpp:210 GetInPlace() Key not found
10-14 01:23:51.073 2878 2878 V CamX : [ VERB][UTILS ] camxhashmap.cpp:210 GetInPlace() Key not found
10-14 01:23:51.073 2878 2878 V CamX : [ VERB][UTILS ] camxhashmap.cpp:210 GetInPlace() Key not found
10-14 01:23:51.073 2878 2878 V CamX : [ VERB][UTILS ] camxhashmap.cpp:210 GetInPlace() Key not found
10-14 01:23:51.073 2878 2878 V CamX : [ VERB][UTILS ] camxhashmap.cpp:210 GetInPlace() Key not found
10-14 01:23:51.073 2878 2878 V CamX : [ VERB][UTILS ] camxhashmap.cpp:210 GetInPlace() Key not found
10-14 01:23:51.073 2878 2878 V CamX : [ VERB][UTILS ] camxhashmap.cpp:210 GetInPlace() Key not found
10-14 01:23:51.073 2878 2878 V CamX : [ VERB][UTILS ] camxhashmap.cpp:210 GetInPlace() Key not found
10-14 01:23:51.073 2878 2878 V CamX : [ VERB][UTILS ] camxhashmap.cpp:210 GetInPlace() Key not found
10-14 01:23:51.073 2878 2878 V CamX : [ VERB][UTILS ] camxhashmap.cpp:210 GetInPlace() Key not found
10-14 01:23:51.073 2878 2878 V CamX : [ VERB][UTILS ] camxhashmap.cpp:210 GetInPlace() Key not found
10-14 01:23:51.073 2878 2878 V CamX : [ VERB][UTILS ] camxhashmap.cpp:210 GetInPlace() Key not found
10-14 01:23:51.074 2878 2878 V CamX : [ VERB][UTILS ] camxhashmap.cpp:210 GetInPlace() Key not found
10-14 01:23:51.074 2878 2878 V CamX : [ VERB][UTILS ] camxhashmap.cpp:210 GetInPlace() Key not found
10-14 01:23:51.074 2878 2878 V CamX : [ VERB][UTILS ] camxhashmap.cpp:210 GetInPlace() Key not found
10-14 01:23:51.074 2878 2878 V CamX : [ VERB][UTILS ] camxhashmap.cpp:210 GetInPlace() Key not found
10-14 01:23:51.074 2878 2878 V CamX : [ VERB][UTILS ] camxhashmap.cpp:210 GetInPlace() Key not found
10-14 01:23:51.074 2878 2878 V CamX : [ VERB][UTILS ] camxhashmap.cpp:210 GetInPlace() Key not found
10-14 01:23:51.074 2878 2878 V CamX : [ VERB][UTILS ] camxhashmap.cpp:210 GetInPlace() Key not found
10-14 01:23:51.074 2878 2878 V CamX : [ VERB][UTILS ] camxhashmap.cpp:210 GetInPlace() Key not found
10-14 01:23:51.074 2878 2878 V CamX : [ VERB][UTILS ] camxhashmap.cpp:210 GetInPlace() Key not found
10-14 01:23:51.074 2878 2878 V CamX : [ VERB][UTILS ] camxhashmap.cpp:210 GetInPlace() Key not found
10-14 01:23:51.074 2878 2878 V CamX : [ VERB][UTILS ] camxhashmap.cpp:210 GetInPlace() Key not found
01-01 08:01:09.319 0 0 E msm-dwc3 a600000.ssusb: ep [gsi-epin2,31] already configured as msm endpoint
01-01 08:01:09.342 0 0 E msm-dwc3 a600000.ssusb: ep [gsi-epout1,30] already configured as msm endpoint
10-14 01:23:51.075 654 669 I mpu_uart: [MSG-P:R]:recv sync frame timeout
10-14 01:23:51.078 2864 2889 I adbd : jdwp connection from 2196
10-14 01:23:51.078 2878 2878 I liblog : 123
10-14 01:23:51.078 2878 2878 V CamX : [ VERB][UTILS ] camxhashmap.cpp:210 GetInPlace() Key not found
10-14 01:23:51.078 2878 2878 V CamX : [ VERB][UTILS ] camxhashmap.cpp:210 GetInPlace() Key not found
10-14 01:23:51.078 2878 2878 V CamX : [ VERB][UTILS ] camxhashmap.cpp:210 GetInPlace() Key not found
10-14 01:23:51.089 2864 2889 I adbd : jdwp connection from 2394
10-14 01:23:51.089 2864 2889 I adbd : jdwp connection from 2364
10-14 01:23:51.089 2864 2889 I adbd : jdwp connection from 2076
10-14 01:23:51.090 2864 2889 I adbd : jdwp connection from 2007
10-14 01:23:51.091 2878 2878 F libc : Fatal signal 6 (SIGABRT), code -6 (SI_TKILL) in tid 2878 (android.hardwar), pid 2878 (android.hardwar)
10-14 01:23:51.093 2864 2889 I adbd : jdwp connection from 2175
10-14 01:23:51.095 2864 2889 I adbd : jdwp connection from 1930
10-14 01:23:51.096 504 2933 W libc : Unable to set property "ctl.interface_start" to "vendor.qti.hardware.iop@2.0::IIop/default": error code: 0x20
10-14 01:23:51.097 504 2933 I hwservicemanager: Tried to start vendor.qti.hardware.iop@2.0::IIop/default as a lazy service, but was unable to. Usually this happens when a service is not installed, but if the service is intended to be used as a lazy service, then it may be configured incorrectly.
10-14 01:23:51.099 2864 2889 I adbd : jdwp connection from 2312
10-14 01:23:51.100 2864 2889 I adbd : jdwp connection from 1921
10-14 01:23:51.100 2864 2889 I adbd : jdwp connection from 2097
01-01 08:01:09.411 0 0 I : Adding 4194300k swap on /dev/block/zram0. Priority:32758 extents:1 across:4194300k SS
10-14 01:23:51.101 2864 2889 I adbd : jdwp connection from 1151
10-14 01:23:51.101 2864 2889 I adbd : jdwp connection from 2050
10-14 01:23:51.102 2864 2889 I adbd : jdwp connection from 2276
10-14 01:23:51.102 2864 2889 I adbd : jdwp connection from 2140
10-14 01:23:51.109 1151 1310 D CompatibilityInfo: mCompatibilityFlags - 4
10-14 01:23:51.109 1151 1310 D CompatibilityInfo: applicationDensity - 240
10-14 01:23:51.109 1151 1310 D CompatibilityInfo: applicationScale - 1.0
10-14 01:23:51.113 1151 1310 W Looper : Drained
10-14 01:23:51.113 2864 2889 I adbd : jdwp connection from 2731
10-14 01:23:51.113 1151 1310 W Looper : Slow dispatch took 190ms android.fg h=android.os.Handler c=com.android.server.servicewatcher.ServiceWatcherImpl$$ExternalSyntheticLambda1@5af0587 m=0
10-14 01:23:51.114 1151 1185 I dvm_lock_sample: [system_server,1,Binder:1151_2,178,ActivityManagerService.java,4731,void com.android.server.am.ActivityManagerService.attachApplication(android.app.IApplicationThread, long),,0,null,35]
10-14 01:23:51.114 1151 1185 I am_proc_bound: [0,2905,com.sohu.inputmethod.sogou.car]
10-14 01:23:51.120 1151 1185 D CompatibilityChangeReporter: Compat change id reported: 168419799; UID 10030; state: DISABLED
10-14 01:23:51.120 1151 1185 D CompatibilityInfo: mCompatibilityFlags - 14
10-14 01:23:51.120 1151 1185 D CompatibilityInfo: applicationDensity - 240
10-14 01:23:51.120 1151 1185 D CompatibilityInfo: applicationScale - 1.0
10-14 01:23:51.138 1151 1185 I am_uid_active: 10030
10-14 01:23:51.140 2843 2843 V GraphicsEnvironment: ANGLE Developer option for 'com.qualcomm.location' set to: 'default'
10-14 01:23:51.142 2843 2843 V GraphicsEnvironment: ANGLE GameManagerService for com.qualcomm.location: false
10-14 01:23:51.146 1151 1185 D CompatibilityInfo: mCompatibilityFlags - 14
10-14 01:23:51.146 1151 1185 D CompatibilityInfo: applicationDensity - 240
10-14 01:23:51.147 1151 1185 D CompatibilityInfo: applicationScale - 1.0
10-14 01:23:51.147 2864 2884 I adbd : adbd_auth: received a new framework connection
10-14 01:23:51.148 2864 2884 I adbd : adbd_auth: received new framework fd 46 (current = -1)
10-14 01:23:51.151 1151 2903 I dvm_lock_sample: [system_server,0,pool-7-thread-1,199,ActivityManagerService.java,12468,android.content.Intent com.android.server.am.ActivityManagerService.registerReceiverWithFeature(android.app.IApplicationThread, java.lang.String, java.lang.String, java.lang.String, android.content.IIntentReceiver, android.content.IntentFilter, java.lang.String, int, int),,0,null,39]
10-14 01:23:51.153 1151 1184 D CompatibilityInfo: mCompatibilityFlags - 4
10-14 01:23:51.153 1151 1184 D CompatibilityInfo: applicationDensity - 240
10-14 01:23:51.153 1151 1184 D CompatibilityInfo: applicationScale - 1.0
10-14 01:23:51.155 1151 1352 W ActivityManager: Slow operation: 634ms so far, now at startProcess: done updating battery stats
01-01 08:01:09.435 0 0 I devfreq-qcom-fw 18590000.qcom,devfreq-l3: qcom,cdsp-cdsp-l3-lat: Successfully started CDSP L3 governor
01-01 08:01:09.476 0 0 D : mv2112_read_status
01-01 08:01:09.476 0 0 D mv2112_update_link: 3.0x901(1G): 0x80
01-01 08:01:09.476 0 0 D mv2112_update_link: 3.0x8109(100M): 0x0
01-01 08:01:09.476 0 0 D mv2112_update_link: link 0x0
01-01 08:01:09.476 0 0 D mv2112_read_status: autoneg is disabled
10-14 01:23:51.155 1151 1352 I am_proc_start: [0,2932,10028,android.process.acore,content provider,{com.android.providers.contacts/com.android.providers.contacts.ContactsProvider2}]
10-14 01:23:51.155 1151 1352 W ActivityManager: Slow operation: 635ms so far, now at startProcess: building log message
10-14 01:23:51.155 1151 1352 I ActivityManager: Start proc 2932:android.process.acore/u0a28 for content provider {com.android.providers.contacts/com.android.providers.contacts.ContactsProvider2}
10-14 01:23:51.155 1151 1352 W ActivityManager: Slow operation: 635ms so far, now at startProcess: starting to update pids map
10-14 01:23:51.156 1151 1352 W ActivityManager: Slow operation: 636ms so far, now at startProcess: done updating pids map
10-14 01:23:51.156 1151 1352 W ActivityManager: Slow operation: 539ms so far, now at startProcess: asking zygote to start proc
10-14 01:23:51.157 1151 1352 D CompatibilityChangeReporter: Compat change id reported: 143937733; UID 10060; state: ENABLED
10-14 01:23:51.157 1151 2240 I dvm_lock_sample: [system_server,1,Binder:1151_7,361,ContentProviderHelper.java,622,void com.android.server.am.ContentProviderHelper.publishContentProviders(android.app.IApplicationThread, java.util.List),,0,null,72]
10-14 01:23:51.160 2843 2843 D NetworkSecurityConfig: No Network Security Config specified, using platform default
10-14 01:23:51.161 2843 2843 D NetworkSecurityConfig: No Network Security Config specified, using platform default
10-14 01:23:51.174 2905 2905 D CompatibilityChangeReporter: Compat change id reported: 171979766; UID 10030; state: DISABLED
10-14 01:23:51.176 1151 1317 I sysui_multi_action: [757,803,799,window_time_0,802,17]
10-14 01:23:51.181 504 504 I hwservicemanager: Since vendor.qti.hardware.iop@2.0::IIop/default is not registered, trying to start it as a lazy HAL.
10-14 01:23:51.182 1341 1341 E ANDR-IOP: IIop:: Iop HAL Service is not available.
10-14 01:23:51.189 1151 1317 D ColorDisplayService: NightDisplayTintController Animation cancelled: false to matrix:
10-14 01:23:51.189 1151 1317 D ColorDisplayService: 1.000000 0.000000 0.000000 0.000000 0.000000 1.000000 0.000000 0.000000 0.000000 0.000000 1.000000 0.000000 0.000000 0.000000 0.000000 1.000000 min matrix coefficients:
10-14 01:23:51.189 1151 1317 D ColorDisplayService: 1.000000 0.000000 0.000000 0.000000 0.000000 1.000000 0.000000 0.000000 0.000000 0.000000 1.000000 0.000000 0.000000 0.000000 0.000000 1.000000 max matrix coefficients:
10-14 01:23:51.189 1151 1317 D ColorDisplayService: 1.000000 0.000000 0.000000 0.000000 0.000000 1.000000 0.000000 0.000000 0.000000 0.000000 1.000000 0.000000 0.000000 0.000000 0.000000 1.000000
10-14 01:23:51.199 502 502 I lowmemorykiller: lmkd data connection established
10-14 01:23:51.206 1151 1310 I ServiceWatcher: [fused] disconnected from 1000/com.android.location.fused/.FusedLocationService@0
10-14 01:23:51.215 2864 2889 I adbd : jdwp connection from 2932
10-14 01:23:51.217 1151 1310 D CompatibilityInfo: mCompatibilityFlags - 4
10-14 01:23:51.217 1151 1310 D CompatibilityInfo: applicationDensity - 240
10-14 01:23:51.217 1151 1310 D CompatibilityInfo: applicationScale - 1.0
10-14 01:23:51.220 1151 1310 W Looper : Slow dispatch took 107ms android.fg h=android.os.Handler c=com.android.server.servicewatcher.ServiceWatcherImpl$$ExternalSyntheticLambda1@e48298b m=0
10-14 01:23:51.220 1151 1310 W Looper : Slow delivery took 276ms android.fg h=android.os.Handler c=com.android.server.location.injector.SystemAppForegroundHelper$$ExternalSyntheticLambda1@de43a68 m=0
01-01 08:01:09.505 0 0 I binder : 2843:2970 ioctl 40046210 727dd61934 returned -22
10-14 01:23:51.223 504 2940 W libc : Unable to set property "ctl.interface_start" to "vendor.qti.hardware.iop@2.0::IIop/default": error code: 0x20
10-14 01:23:51.223 504 2940 I hwservicemanager: Tried to start vendor.qti.hardware.iop@2.0::IIop/default as a lazy service, but was unable to. Usually this happens when a service is not installed, but if the service is intended to be used as a lazy service, then it may be configured incorrectly.
10-14 01:23:51.229 1151 1878 I BackupManagerService: isBackupEnabled() => false due to absent settings file
10-14 01:23:51.234 2932 2932 D ProcessState: Binder ioctl to enable oneway spam detection failed: Invalid argument
01-01 08:01:09.527 0 0 I android_work: sent uevent USB_STATE=DISCONNECTED
10-14 01:23:51.244 2905 2905 D ApplicationLoaders: Returning zygote-cached class loader: /system/framework/android.test.base.jar
10-14 01:23:51.244 2905 2905 D ApplicationLoaders: Returning zygote-cached class loader: /system/framework/android.hidl.manager-V1.0-java.jar
10-14 01:23:51.245 2905 2905 D ApplicationLoaders: Returning zygote-cached class loader: /system/framework/android.hidl.base-V1.0-java.jar
10-14 01:23:51.229 1151 1878 D BackupManagerService: user:0 readBackupEnableState enabled:false
10-14 01:23:51.256 1151 2240 D CompatibilityInfo: mCompatibilityFlags - 4
10-14 01:23:51.256 1151 2240 D CompatibilityInfo: applicationDensity - 240
10-14 01:23:51.256 1151 2240 D CompatibilityInfo: applicationScale - 1.0
10-14 01:23:51.257 1151 1878 I BackupManagerService: [UserID:0] Backup enabled => false
10-14 01:23:51.258 2935 2935 I ThermalEngine: Thermal daemon started
10-14 01:23:51.259 2935 2935 E ThermalEngine: Unknown target identified with soc id 481
10-14 01:23:51.259 2935 2935 I ThermalEngine: No target config file, falling back to '/vendor/etc/thermal-engine.conf'
10-14 01:23:51.265 1151 1185 I am_proc_bound: [0,2932,android.process.acore]
10-14 01:23:51.269 1151 1185 D CompatibilityChangeReporter: Compat change id reported: 168419799; UID 10028; state: DISABLED
10-14 01:23:51.269 1151 1185 D CompatibilityInfo: mCompatibilityFlags - 4
10-14 01:23:51.269 1151 1185 D CompatibilityInfo: applicationDensity - 240
10-14 01:23:51.269 1151 1185 D CompatibilityInfo: applicationScale - 1.0
10-14 01:23:51.274 1151 1185 I am_uid_active: 10028
10-14 01:23:51.278 1151 1310 W Looper : Drained
10-14 01:23:51.280 1151 2006 D CompatibilityInfo: mCompatibilityFlags - 4
10-14 01:23:51.280 1151 2006 D CompatibilityInfo: applicationDensity - 240
10-14 01:23:51.280 1151 2006 D CompatibilityInfo: applicationScale - 1.0
10-14 01:23:51.289 2843 2843 D IzatProvider: getNetworkProvider
10-14 01:23:51.300 1151 2240 D CompatibilityChangeReporter: Compat change id reported: 168419799; UID 10088; state: DISABLED
10-14 01:23:51.301 1151 2240 D CompatibilityInfo: mCompatibilityFlags - 4
01-01 08:01:09.530 0 0 I init : Command 'write /config/usb_gadget/g1/UDC ${sys.usb.controller}' action=sys.usb.config=diag,diag_mdm,qdss,qdss_mdm,serial_cdev,dpl,rmnet,adb && sys.usb.configfs=1 && sys.usb.ffs.ready=1 (/vendor/etc/init/hw/init.qcom.usb.rc:1311) took 260ms and succeeded
10-14 01:23:51.301 1151 2240 D CompatibilityInfo: applicationDensity - 240
01-01 08:01:09.531 0 0 I init : starting service 'vendor.light-hal-2-0'...
01-01 08:01:09.561 0 0 E msm-dwc3 a600000.ssusb: Could not get usb psy
10-14 01:23:51.301 1151 2240 D CompatibilityInfo: applicationScale - 1.0
10-14 01:23:51.304 2540 2540 I QCCAuthMgr: BootReceiver - onReceive
10-14 01:23:51.304 2540 2540 I QCCAuthMgr: android.intent.action.LOCKED_BOOT_COMPLETED intent received
10-14 01:23:51.308 2540 2540 D QCCAuthMgr: SMQContentProvider query uri: content://com.qti.smq.Feedback.provider/smq_settings, selection: key=?, uri_matcher: 1
10-14 01:23:51.308 2540 2540 D QCCAuthMgr: SMQContentProvider query tableName: smq_settings
10-14 01:23:51.310 2540 2540 I QCCAuthMgr: BootReceiver - db is not initial
10-14 01:23:51.315 1151 2240 D CompatibilityChangeReporter: Compat change id reported: 168419799; UID 1000; state: DISABLED
10-14 01:23:51.315 1151 2240 D CompatibilityInfo: mCompatibilityFlags - 4
10-14 01:23:51.315 1151 2240 D CompatibilityInfo: applicationDensity - 240
10-14 01:23:51.316 1151 2240 D CompatibilityInfo: applicationScale - 1.0
10-14 01:23:51.329 2932 2932 D CompatibilityChangeReporter: Compat change id reported: 171979766; UID 10028; state: ENABLED
10-14 01:23:51.329 502 502 I lowmemorykiller: Using psi monitors for memory pressure detection
10-14 01:23:51.330 502 502 I lowmemorykiller: Properties reinitilized
10-14 01:23:51.330 2931 2931 I lowmemorykiller: lmkd updated properties successfully
10-14 01:23:51.332 502 502 I lowmemorykiller: lmkd data connection dropped
10-14 01:23:51.333 502 502 I lowmemorykiller: closing lmkd data connection
10-14 01:23:51.349 2864 2890 I adbd : USB event: FUNCTIONFS_BIND
10-14 01:23:51.377 2394 2394 I QCC:QDMAEmbargoesList: checkEmbargoesListFile
10-14 01:23:51.386 2394 2394 I QCC:QDMAEmbargoesList: QDMAEmbargoesIsDeviceInRegulatedArea regulated:false
10-14 01:23:51.388 2466 2466 D CompatibilityChangeReporter: Compat change id reported: 160794467; UID 10083; state: ENABLED
10-14 01:23:51.394 2394 2394 I QCC:OptInOutHandler: getAppStatusOptInOut
10-14 01:23:51.393 680 680 D Zygote : Forked child process 2966
01-01 08:01:09.606 0 0 I logd : start watching /data/system/packages.list ...
10-14 01:23:51.395 1151 1352 W ActivityManager: Slow operation: 777ms so far, now at startProcess: returned from zygote!
10-14 01:23:51.395 1151 1352 W ActivityManager: Slow operation: 778ms so far, now at startProcess: done updating battery stats
10-14 01:23:51.395 1151 1352 I am_proc_start: [0,2966,10060,ts.car.uart,added application,ts.car.uart]
10-14 01:23:51.396 1151 1352 W ActivityManager: Slow operation: 778ms so far, now at startProcess: building log message
10-14 01:23:51.519 2905 2905 W ethod.sogou.car: type=1400 audit(0.0:109): avc: denied { read } for name="filesystems" dev="proc" ino=4026532302 scontext=u:r:priv_app:s0:c512,c768 tcontext=u:object_r:proc_filesystems:s0 tclass=file permissive=0 app=com.sohu.inputmethod.sogou.car
01-01 08:01:09.608 0 0 I logd : ReadPackageList, total packages: 109
01-01 08:01:09.609 0 0 I init : Service 'exec 33 (/system/bin/lmkd --reinit)' (pid 2931) exited with status 0 oneshot service took 0.562000 seconds in background
01-01 08:01:09.609 0 0 I init : Sending signal 9 to service 'exec 33 (/system/bin/lmkd --reinit)' (pid 2931) process group...
01-01 08:01:09.610 0 0 I libprocessgroup: Successfully killed process cgroup uid 0 pid 2931 in 0ms
01-01 08:01:09.611 0 0 I init : Service 'dcvs-sh' (pid 2939) exited with status 0 oneshot service took 0.429000 seconds in background
01-01 08:01:09.611 0 0 I init : Sending signal 9 to service 'dcvs-sh' (pid 2939) process group...
01-01 08:01:09.611 0 0 I libprocessgroup: Successfully killed process cgroup uid 0 pid 2939 in 0ms
01-01 08:01:09.619 0 0 I binder : 2966:2966 ioctl 40046210 7fd362c1d4 returned -22
01-01 08:01:09.626 0 0 I init : processing action (sys.boot_completed=1 && sys.wifitracing.started=1 && wifi.interface=*) from (/system/etc/init/wifi.rc:98)
01-01 08:01:09.698 0 0 E msm-dwc3 a600000.ssusb: Could not get usb psy
01-01 08:01:09.707 0 0 I android_work: did not send uevent (0 0 0000000000000000)
01-01 08:01:09.766 0 0 I binder : 3001:3001 ioctl 40046210 7fd362c1d4 returned -22
01-01 08:01:09.810 0 0 I binder : 2466:2967 ioctl 40046210 72e3ce5254 returned -22
01-01 08:01:09.827 0 0 I android_work: sent uevent USB_STATE=CONNECTED
01-01 08:01:09.838 0 0 E msm-dwc3 a600000.ssusb: Could not get usb psy
10-14 01:23:51.396 1151 1352 I ActivityManager: Start proc 2966:ts.car.uart/u0a60 for added application ts.car.uart
10-14 01:23:51.396 1151 1352 W ActivityManager: Slow operation: 778ms so far, now at startProcess: starting to update pids map
10-14 01:23:51.400 1151 1352 W ActivityManager: Slow operation: 782ms so far, now at startProcess: done updating pids map
10-14 01:23:51.400 1151 1352 W ActivityManager: Slow operation: 774ms so far, now at startProcess: asking zygote to start proc
10-14 01:23:51.400 1151 1352 D CompatibilityChangeReporter: Compat change id reported: 143937733; UID 10056; state: ENABLED
10-14 01:23:51.425 2540 2570 D QCCAuthMgr: SMQContentProvider query uri: content://com.qti.smq.Feedback.provider/smq_settings, selection: key=?, uri_matcher: 1
10-14 01:23:51.425 2540 2570 D QCCAuthMgr: SMQContentProvider query tableName: smq_settings
10-14 01:23:51.425 2843 2843 I service_manager_slow: [56,location]
10-14 01:23:51.426 2843 2843 D IzatProvider: getNetworkProvider finish
10-14 01:23:51.426 2843 2843 D IzatProvider_network: location provider loaded
01-01 08:01:09.853 0 0 I android_work: sent uevent USB_STATE=DISCONNECTED
10-14 01:23:51.429 1151 1310 I ServiceWatcher: [network] connected to {com.qualcomm.location/com.qualcomm.location.izatprovider.NetworkLocationService}
10-14 01:23:51.440 2843 2970 D LocIDLClientBase: try to get LOCAIDL service
10-14 01:23:51.440 2843 2843 D IzatProvider: getFusedProvider
10-14 01:23:51.440 2843 2843 D IzatProvider: getFusedProvider finish
10-14 01:23:51.441 2843 2843 D IzatProvider_fused: location provider loaded
10-14 01:23:51.442 1151 1179 I system_server: Background concurrent copying GC freed 125577(7576KB) AllocSpace objects, 101(6180KB) LOS objects, 49% free, 12MB/25MB, paused 140us,85us total 1.091s
10-14 01:23:51.444 1151 1310 I ServiceWatcher: [fused] connected to {com.qualcomm.location/com.qualcomm.location.izatprovider.FusedLocationService}
10-14 01:23:51.452 503 503 E servicemanager: Could not find vendor.qti.gnss.ILocAidlGnss/default in the VINTF manifest.
10-14 01:23:51.453 2843 2970 D LocIDLClientBase: LOCAIDL service not available
10-14 01:23:51.453 2843 2970 D LocIDLClientBase: try to get 4.1 service
10-14 01:23:51.453 2394 2394 I QCC:OptInOutHandler: getAppStatusOptInOut, ret = false
10-14 01:23:51.454 2394 2394 I QCC:OperationMode: readOpMode operationMode: 1
10-14 01:23:51.456 2394 2394 E QCC:OperationMode: isQDMAUIInstalled - non exist: android.content.pm.PackageManager$NameNotFoundException: com.qualcomm.qti.smq
10-14 01:23:51.456 2394 2394 I QCC:OperationMode: isQDMAUIInstalled : false
