01-01 08:00:50.783 1151 1151 D CompatConfig: Adding: com.android.server.compat.config.Change@3f40d07
01-01 08:00:50.784 1151 1322 I SystemConfig: Reading permissions from /system/etc/permissions/privapp-permissions-qti.xml
01-01 08:00:50.785 1151 1151 D CompatConfig: Adding: com.android.server.compat.config.Change@54bde34
01-01 08:00:50.787 1151 1151 D CompatConfig: Adding: com.android.server.compat.config.Change@f39a45d
01-01 08:00:50.787 1239 1239 F DEBUG : *** *** *** *** *** *** *** *** *** *** *** *** *** *** *** ***
01-01 08:00:50.787 1239 1239 F DEBUG : Build fingerprint: 'TC/figure_CN/figure:12/SKQ1.220201.001/1107:userdebug/test-keys'
01-01 08:00:50.787 1239 1239 F DEBUG : Revision: '0'
01-01 08:00:50.788 1239 1239 F DEBUG : ABI: 'arm64'
01-01 08:00:50.788 1239 1239 F DEBUG : Timestamp: 1970-01-01 08:00:49.849177547+0800
01-01 08:00:50.788 1239 1239 F DEBUG : Process uptime: 0s
01-01 08:00:50.788 1239 1239 F DEBUG : Cmdline: /vendor/bin/hw/android.hardware.camera.provider@2.4-service_64
01-01 08:00:50.788 1239 1239 F DEBUG : pid: 1217, tid: 1217, name: android.hardwar >>> /vendor/bin/hw/android.hardware.camera.provider@2.4-service_64 <<<
01-01 08:00:50.788 1239 1239 F DEBUG : uid: 1047
01-01 08:00:50.788 1239 1239 F DEBUG : signal 6 (SIGABRT), code -6 (SI_TKILL), fault addr --------
01-01 08:00:50.788 1239 1239 F DEBUG : x0 0000000000000000 x1 00000000000004c1 x2 0000000000000006 x3 0000000000000000
01-01 08:00:50.789 1151 1151 D CompatConfig: Adding: com.android.server.compat.config.Change@88d81d2
01-01 08:00:50.788 0 0 I binder : 1309:1309 ioctl 40046210 7fe0c4ba74 returned -22
01-01 08:00:50.790 1239 1239 F DEBUG : x4 00000000000cd288 x5 00000000000cd288 x6 00000000000cd288 x7 7f7f7f7f7f7f7f7f
01-01 08:00:50.790 1239 1239 F DEBUG : x8 0000000000000083 x9 18dd0be4fb11d902 x10 0000007fcaa47598 x11 fffffffffffffffd
01-01 08:00:50.790 1239 1239 F DEBUG : x12 0000006cc65a9000 x13 0000000000000000 x14 0000007fcaa47d20 x15 0000000034155555
01-01 08:00:50.790 1239 1239 F DEBUG : x16 0000006fdab325a0 x17 0000006fdab0e7c0 x18 0000006fdf1aa000 x19 0000006cc4c7c565
01-01 08:00:50.791 1239 1239 F DEBUG : x20 b400006cea866d30 x21 0000006fde839000 x22 0000007fcaa481fc x23 0000006cc53f3aa0
01-01 08:00:50.791 1239 1239 F DEBUG : x24 0000006cc5393fc0 x25 0000006cc533ddb0 x26 0000000000000060 x27 0000000000000000
01-01 08:00:50.791 1151 1322 I SystemConfig: Reading permissions from /system/etc/permissions/com.android.media.remotedisplay.xml
01-01 08:00:50.791 1239 1239 F DEBUG : x28 b400006d1a85a348 x29 0000007fcaa74640
01-01 08:00:50.791 1151 1151 D CompatConfig: Found a config file: /system/etc/compatconfig/documents-ui-compat-config.xml
01-01 08:00:50.791 1239 1239 F DEBUG : lr 0000006cc52757dc sp 0000007fcaa48190 pc 0000006fdab0e7cc pst 0000000000001000
01-01 08:00:50.791 1239 1239 F DEBUG : backtrace:
01-01 08:00:50.792 1239 1239 F DEBUG : #00 pc 00000000000a17cc /apex/com.android.runtime/lib64/bionic/libc.so (tgkill+12) (BuildId: 369edc656806aeaf384cbeb8f7a347af)
01-01 08:00:50.792 1239 1239 F DEBUG : #01 pc 00000000006457d8 /vendor/lib64/hw/camera.qcom.so (CamX::HwEnvironment::GetInstance() (.cfi)+6368) (BuildId: 577757f361f69c46328d4dcf9bd6aaaf)
01-01 08:00:50.792 1239 1239 F DEBUG : #02 pc 0000000000266a50 /vendor/lib64/hw/camera.qcom.so (CamX::HAL3Module::GetInstance()+664) (BuildId: 577757f361f69c46328d4dcf9bd6aaaf)
01-01 08:00:50.792 1239 1239 F DEBUG : #03 pc 000000000025a294 /vendor/lib64/hw/camera.qcom.so (CamX::get_number_of_cameras() (.cfi)+84) (BuildId: 577757f361f69c46328d4dcf9bd6aaaf)
01-01 08:00:50.792 1239 1239 F DEBUG : #04 pc 0000000000034908 /vendor/lib64/android.hardware.camera.provider@2.4-legacy.so (android::hardware::camera::common::V1_0::helper::CameraModule::init()+200) (BuildId: c456d5ffa961e6c6954debfeaac86fd5)
01-01 08:00:50.792 1239 1239 F DEBUG : #05 pc 0000000000026e48 /vendor/lib64/android.hardware.camera.provider@2.4-legacy.so (android::hardware::camera::provider::V2_4::implementation::LegacyCameraProviderImpl_2_4::initialize()+140) (BuildId: c456d5ffa961e6c6954debfeaac86fd5)
01-01 08:00:50.792 1239 1239 F DEBUG : #06 pc 0000000000026638 /vendor/lib64/android.hardware.camera.provider@2.4-legacy.so (android::hardware::camera::provider::V2_4::implementation::LegacyCameraProviderImpl_2_4::LegacyCameraProviderImpl_2_4()+160) (BuildId: c456d5ffa961e6c6954debfeaac86fd5)
01-01 08:00:50.792 1239 1239 F DEBUG : #07 pc 000000000000415c /vendor/lib64/hw/android.hardware.camera.provider@2.4-impl.so (android::hardware::camera::provider::V2_4::implementation::CameraProvider* android::hardware::camera::provider::V2_4::implementation::getProviderImpl() (.cfi)+64) (BuildId: 5e2f33df9f94aadf6b2d7d01985be38c)
01-01 08:00:50.793 1239 1239 F DEBUG : #08 pc 0000000000051d94 /apex/com.android.vndk.v30/lib64/libhidlbase.so (android::hardware::PassthroughServiceManager::get(android::hardware::hidl_string const&, android::hardware::hidl_string const&)::'lambda'(void*, std::__1::basic_string, std::__1::allocator > const&, std::__1::basic_string, std::__1::allocator > const&)::operator()(void*, std::__1::basic_string, std::__1::allocator > const&, std::__1::basic_string, std::__1::allocator > const&) const+96) (BuildId: fc3e2389a057aeefafa6557f6d78a06b)
01-01 08:00:50.793 1151 1322 I SystemConfig: Reading permissions from /system/etc/permissions/android.software.freeform_window_management.xml
01-01 08:00:50.793 1239 1239 F DEBUG : #09 pc 000000000004cdf0 /apex/com.android.vndk.v30/lib64/libhidlbase.so (android::hardware::PassthroughServiceManager::openLibs(std::__1::basic_string, std::__1::allocator > const&, std::__1::function, std::__1::allocator > const&, std::__1::basic_string, std::__1::allocator > const&)> const&)+944) (BuildId: fc3e2389a057aeefafa6557f6d78a06b)
01-01 08:00:50.793 1239 1239 F DEBUG : #10 pc 00000000000502a0 /apex/com.android.vndk.v30/lib64/libhidlbase.so (android::hardware::PassthroughServiceManager::get(android::hardware::hidl_string const&, android::hardware::hidl_string const&)+92) (BuildId: fc3e2389a057aeefafa6557f6d78a06b)
01-01 08:00:50.793 1239 1239 F DEBUG : #11 pc 000000000004dd8c /apex/com.android.vndk.v30/lib64/libhidlbase.so (android::hardware::details::getRawServiceInternal(std::__1::basic_string, std::__1::allocator > const&, std::__1::basic_string, std::__1::allocator > const&, bool, bool)+1488) (BuildId: fc3e2389a057aeefafa6557f6d78a06b)
01-01 08:00:50.794 1239 1239 F DEBUG : #12 pc 000000000004b91c /apex/com.android.vndk.v30/lib64/libhidlbase.so (android::hardware::details::registerPassthroughServiceImplementation(std::__1::basic_string, std::__1::allocator > const&, std::__1::basic_string, std::__1::allocator > const&, std::__1::function const&, std::__1::basic_string, std::__1::allocator > const&)>, std::__1::basic_string, std::__1::allocator > const&)+80) (BuildId: fc3e2389a057aeefafa6557f6d78a06b)
01-01 08:00:50.794 1239 1239 F DEBUG : #13 pc 000000000004bc9c /apex/com.android.vndk.v30/lib64/libhidlbase.so (android::hardware::registerPassthroughServiceImplementation(std::__1::basic_string, std::__1::allocator > const&, std::__1::basic_string, std::__1::allocator > const&, std::__1::basic_string, std::__1::allocator > const&)+56) (BuildId: fc3e2389a057aeefafa6557f6d78a06b)
01-01 08:00:50.794 1239 1239 F DEBUG : #14 pc 0000000000001130 /vendor/bin/hw/android.hardware.camera.provider@2.4-service_64 (main.cfi+196) (BuildId: a1ba6e409ca848af1f0b7c62860af7da)
01-01 08:00:50.794 1239 1239 F DEBUG : #15 pc 000000000004a084 /apex/com.android.runtime/lib64/bionic/libc.so (__libc_init+100) (BuildId: 369edc656806aeaf384cbeb8f7a347af)
01-01 08:00:50.795 1151 1322 I SystemConfig: Reading permissions from /system/etc/permissions/privapp-permissions-platform.xml
01-01 08:00:50.796 1151 1151 D CompatConfig: Adding: com.android.server.compat.config.Change@ef795ff
01-01 08:00:50.800 1151 1322 I SystemConfig: Reading permissions from /system/etc/permissions/com.android.networkstack.xml
01-01 08:00:50.803 1151 1322 I SystemConfig: Reading permissions from /system/etc/permissions/javax.obex.xml
01-01 08:00:50.805 1151 1322 I SystemConfig: Reading permissions from /system/etc/permissions/com.android.networkstack.tethering.xml
01-01 08:00:50.808 1151 1322 I SystemConfig: Reading permissions from /system/etc/permissions/com.android.location.provider.xml
01-01 08:00:50.809 1151 1322 I SystemConfig: Reading permissions from /system/etc/permissions/org.apache.http.legacy.xml
01-01 08:00:50.810 1151 1151 D CompatConfig: Found a config file: /system/etc/compatconfig/services-platform-compat-config.xml
01-01 08:00:50.812 1151 1151 D CompatConfig: Adding: com.android.server.compat.config.Change@1effdf6
01-01 08:00:50.814 1151 1151 D CompatConfig: Adding: com.android.server.compat.config.Change@4d445f7
01-01 08:00:50.816 1151 1151 D CompatConfig: Adding: com.android.server.compat.config.Change@fbd3c64
01-01 08:00:50.818 1151 1322 I SystemConfig: Reading permissions from /system/etc/permissions/android.test.base.xml
01-01 08:00:50.820 1151 1322 I SystemConfig: Reading permissions from /system/etc/permissions/android.software.live_wallpaper.xml
01-01 08:00:50.820 1151 1151 D CompatConfig: Adding: com.android.server.compat.config.Change@cfd4a93
01-01 08:00:50.822 1151 1151 D CompatConfig: Adding: com.android.server.compat.config.Change@543bad0
01-01 08:00:50.823 1151 1151 D CompatConfig: Adding: com.android.server.compat.config.Change@da21ac9
01-01 08:00:50.824 1151 1151 D CompatConfig: Adding: com.android.server.compat.config.Change@2a4d5ce
01-01 08:00:50.826 1151 1322 I SystemConfig: Reading permissions from /system/etc/permissions/com.thundercomm.mcuupgrade.xml
01-01 08:00:50.827 1151 1151 D CompatConfig: Adding: com.android.server.compat.config.Change@a71b3fc
01-01 08:00:50.828 1151 1151 D CompatConfig: Adding: com.android.server.compat.config.Change@8289a85
01-01 08:00:50.829 1151 1151 D CompatConfig: Adding: com.android.server.compat.config.Change@3c80da
01-01 08:00:50.825 0 0 E swr-wcd wsa_swr_ctrl: swrm_runtime_suspend: clk stop mode not supported or SSR entry
01-01 08:00:50.842 1151 1322 I SystemConfig: Reading permissions from /system/etc/permissions/platform.xml
01-01 08:00:50.845 1151 1151 D CompatConfig: Adding: com.android.server.compat.config.Change@2413e8
01-01 08:00:50.854 1151 1322 I SystemConfig: Reading permissions from /vendor/etc/permissions/android.hardware.sensor.accelerometer.xml
01-01 08:00:50.862 1151 1322 I SystemConfig: Reading permissions from /vendor/etc/permissions/android.hardware.wifi.direct.xml
01-01 08:00:50.867 1151 1322 I SystemConfig: Reading permissions from /vendor/etc/permissions/android.hardware.sensor.ambient_temperature.xml
01-01 08:00:50.872 1151 1151 D CompatConfig: Adding: com.android.server.compat.config.Change@61a8694
01-01 08:00:50.873 1151 1151 D CompatConfig: Adding: com.android.server.compat.config.Change@8c4953d
01-01 08:00:50.874 1151 1322 I SystemConfig: Reading permissions from /vendor/etc/permissions/android.software.ipsec_tunnels.xml
01-01 08:00:50.875 1151 1151 D CompatConfig: Adding: com.android.server.compat.config.Change@8ddfe83
01-01 08:00:50.876 1151 1322 I SystemConfig: Reading permissions from /vendor/etc/permissions/android.software.device_id_attestation.xml
01-01 08:00:50.876 1151 1151 D CompatConfig: Adding: com.android.server.compat.config.Change@6ea4839
01-01 08:00:50.878 1151 1151 D CompatConfig: Adding: com.android.server.compat.config.Change@8d84e7e
01-01 08:00:50.878 1151 1322 I SystemConfig: Reading permissions from /vendor/etc/permissions/android.hardware.vulkan.compute-0.xml
01-01 08:00:50.869 0 0 E : msm_qti_pp_get_rms_value_control, back not active to query rms be_idx:3
01-01 08:00:50.879 1151 1151 D CompatConfig: Adding: com.android.server.compat.config.Change@b88142c
01-01 08:00:50.881 1151 1322 I SystemConfig: Reading permissions from /vendor/etc/permissions/android.hardware.sensor.barometer.xml
01-01 08:00:50.881 1151 1151 D CompatConfig: Adding: com.android.server.compat.config.Change@6a6d48a
01-01 08:00:50.882 1151 1151 D CompatConfig: Adding: com.android.server.compat.config.Change@686bafb
01-01 08:00:50.884 1151 1151 D CompatConfig: Adding: com.android.server.compat.config.Change@d784718
01-01 08:00:50.885 1151 1151 D CompatConfig: Adding: com.android.server.compat.config.Change@66fc571
01-01 08:00:50.886 1151 1322 I SystemConfig: Reading permissions from /vendor/etc/permissions/qti_fingerprint_interface.xml
01-01 08:00:50.886 1151 1151 D CompatConfig: Adding: com.android.server.compat.config.Change@7fc0bd7
01-01 08:00:50.887 1151 1151 D CompatConfig: Adding: com.android.server.compat.config.Change@136bcc4
01-01 08:00:50.888 1151 1151 D CompatConfig: Adding: com.android.server.compat.config.Change@56a47ad
01-01 08:00:50.889 1151 1151 D CompatConfig: Adding: com.android.server.compat.config.Change@ce56ae2
01-01 08:00:50.889 1151 1322 I SystemConfig: Reading permissions from /vendor/etc/permissions/android.hardware.usb.host.xml
01-01 08:00:50.890 1151 1151 D CompatConfig: Adding: com.android.server.compat.config.Change@744e130
01-01 08:00:50.891 1151 1151 D CompatConfig: Adding: com.android.server.compat.config.Change@10b1a9
01-01 08:00:50.892 1151 1151 D CompatConfig: Adding: com.android.server.compat.config.Change@ef3532e
01-01 08:00:50.893 1151 1151 D CompatConfig: Adding: com.android.server.compat.config.Change@4869ecf
01-01 08:00:50.894 1151 1151 D CompatConfig: Adding: com.android.server.compat.config.Change@4cee05c
01-01 08:00:50.895 1151 1151 D CompatConfig: Adding: com.android.server.compat.config.Change@799bf65
01-01 08:00:50.895 1151 1322 I SystemConfig: Reading permissions from /vendor/etc/permissions/android.software.vulkan.deqp.level.xml
01-01 08:00:50.896 1151 1151 D CompatConfig: Adding: com.android.server.compat.config.Change@6f858eb
01-01 08:00:50.897 1151 1151 D CompatConfig: Adding: com.android.server.compat.config.Change@397a648
01-01 08:00:50.898 1151 1322 I SystemConfig: Reading permissions from /vendor/etc/permissions/vendor-qti-hardware-sensorscalibrate.xml
01-01 08:00:50.898 1151 1151 D CompatConfig: Adding: com.android.server.compat.config.Change@a69a06
01-01 08:00:50.900 1151 1151 D CompatConfig: Adding: com.android.server.compat.config.Change@8198c7
01-01 08:00:50.901 1151 1151 D CompatConfig: Adding: com.android.server.compat.config.Change@4a4def4
01-01 08:00:50.905 1151 1151 D CompatConfig: Adding: com.android.server.compat.config.Change@ad9761d
01-01 08:00:50.906 1151 1322 I SystemConfig: Reading permissions from /vendor/etc/permissions/android.hardware.sensor.compass.xml
01-01 08:00:50.907 1151 1151 D CompatConfig: Adding: com.android.server.compat.config.Change@74fa63
01-01 08:00:50.908 1151 1151 D CompatConfig: Adding: com.android.server.compat.config.Change@1aaf660
01-01 08:00:50.909 1151 1151 D CompatConfig: Adding: com.android.server.compat.config.Change@b1c5719
01-01 08:00:50.910 1151 1151 D CompatConfig: Adding: com.android.server.compat.config.Change@3f0e3de
01-01 08:00:50.910 1151 1322 I SystemConfig: Reading permissions from /vendor/etc/permissions/android.hardware.bluetooth.xml
01-01 08:00:50.911 1151 1151 D CompatConfig: Adding: com.android.server.compat.config.Change@939188c
01-01 08:00:50.912 1151 1151 D CompatConfig: Adding: com.android.server.compat.config.Change@b124bd5
01-01 08:00:50.913 1151 1151 D CompatConfig: Adding: com.android.server.compat.config.Change@5a35fea
01-01 08:00:50.914 1151 1151 D CompatConfig: Adding: com.android.server.compat.config.Change@1a53178
01-01 08:00:50.915 1151 1151 D CompatConfig: Adding: com.android.server.compat.config.Change@338d051
01-01 08:00:50.916 1151 1151 D CompatConfig: Adding: com.android.server.compat.config.Change@e4f90b6
01-01 08:00:50.917 1151 1322 I SystemConfig: Reading permissions from /vendor/etc/permissions/handheld_core_hardware.xml
01-01 08:00:50.920 1151 1151 D CompatConfig: Adding: com.android.server.compat.config.Change@8bc41b7
01-01 08:00:50.921 1151 1322 I SystemConfig: Reading permissions from /vendor/etc/permissions/android.hardware.sensor.hifi_sensors.xml
01-01 08:00:50.922 1151 1151 D CompatConfig: Adding: com.android.server.compat.config.Change@c69208d
01-01 08:00:50.923 1151 1322 I SystemConfig: Reading permissions from /vendor/etc/permissions/android.hardware.light.xml
01-01 08:00:50.928 1151 1322 I SystemConfig: Reading permissions from /vendor/etc/permissions/android.hardware.vulkan.level-1.xml
01-01 08:00:50.920 0 0 I core_get_license_status: cmdrsp_license_result.result = 0x15 for module 0x131ff
01-01 08:00:50.925 0 0 E msm_ext_disp_update_audio_ops: Display not found (EXT_DISPLAY_TYPE_DP) ctld (0) stream (0)
01-01 08:00:50.930 1151 1322 I SystemConfig: Reading permissions from /vendor/etc/permissions/android.hardware.audio.pro.xml
01-01 08:00:50.938 1151 1322 I SystemConfig: Reading permissions from /vendor/etc/permissions/android.hardware.bluetooth_le.xml
01-01 08:00:50.940 1151 1322 I SystemConfig: Reading permissions from /vendor/etc/permissions/android.hardware.opengles.aep.xml
01-01 08:00:50.935 0 0 E msm_ext_disp_update_audio_ops: Display not found (EXT_DISPLAY_TYPE_HDMI) ctld (0) stream (0)
01-01 08:00:50.946 1151 1322 I SystemConfig: Reading permissions from /vendor/etc/permissions/android.hardware.se.omapi.uicc.xml
01-01 08:00:50.950 1151 1322 I SystemConfig: Reading permissions from /vendor/etc/permissions/android.hardware.sensor.gyroscope.xml
01-01 08:00:50.951 1151 1151 D CompatConfig: Adding: com.android.server.compat.config.Change@6bed445
01-01 08:00:50.951 1151 1322 I SystemConfig: Reading permissions from /vendor/etc/permissions/android.hardware.fingerprint.xml
01-01 08:00:50.952 1151 1151 D CompatConfig: Adding: com.android.server.compat.config.Change@17ca8cb
01-01 08:00:50.953 1151 1322 I SystemConfig: Reading permissions from /vendor/etc/permissions/android.hardware.wifi.aware.xml
01-01 08:00:50.954 1151 1151 D CompatConfig: Adding: com.android.server.compat.config.Change@3fd6fc1
01-01 08:00:50.956 1151 1151 D CompatConfig: Found a config file: /system/etc/compatconfig/icu4j-platform-compat-config.xml
01-01 08:00:50.949 0 0 E msm_ext_disp_update_audio_ops: Display not found (EXT_DISPLAY_TYPE_DP) ctld (0) stream (0)
01-01 08:00:50.959 1151 1151 D CompatConfig: Adding: com.android.server.compat.config.Change@62b06a7
01-01 08:00:50.962 1151 1151 D CompatConfig: Found a config file: /system/etc/compatconfig/calendar-provider-compat-config.xml
01-01 08:00:50.959 0 0 E msm_ext_disp_update_audio_ops: Display not found (EXT_DISPLAY_TYPE_DP) ctld (0) stream (0)
01-01 08:00:50.966 1151 1151 D CompatConfig: Adding: com.android.server.compat.config.Change@13046fd
01-01 08:00:50.966 1151 1322 I SystemConfig: Reading permissions from /vendor/etc/permissions/android.hardware.touchscreen.multitouch.jazzhand.xml
01-01 08:00:50.968 1151 1322 I SystemConfig: Reading permissions from /vendor/etc/permissions/android.software.midi.xml
01-01 08:00:50.971 1151 1322 I SystemConfig: Reading permissions from /vendor/etc/permissions/android.hardware.se.omapi.ese.xml
01-01 08:00:50.973 1151 1322 I SystemConfig: Reading permissions from /vendor/etc/permissions/android.software.verified_boot.xml
01-01 08:00:50.990 1151 1322 I SystemConfig: Reading permissions from /vendor/etc/permissions/android.hardware.wifi.passpoint.xml
01-01 08:00:50.970 0 0 E msm_ext_disp_update_audio_ops: Display not found (EXT_DISPLAY_TYPE_DP) ctld (0) stream (0)
01-01 08:00:50.980 0 0 E msm-ext-disp-audio-codec-rx soc: qcom,msm-ext-disp:qcom,msm-ext-disp-audio-codec-rx: msm_ext_disp_audio_type_get: get_audio_edid_blk() or get_intf_id is NULL
01-01 08:00:50.998 1151 1322 I SystemConfig: Reading permissions from /vendor/etc/permissions/android.hardware.wifi.rtt.xml
01-01 08:00:51.000 1151 1322 I SystemConfig: Reading permissions from /vendor/etc/permissions/android.hardware.wifi.xml
01-01 08:00:51.003 1151 1322 I SystemConfig: Reading permissions from /vendor/etc/permissions/android.hardware.usb.accessory.xml
01-01 08:00:51.005 1151 1322 I SystemConfig: Reading permissions from /vendor/etc/permissions/vendor.qti.hardware.factory.xml
01-01 08:00:51.007 1151 1322 I SystemConfig: Reading permissions from /vendor/etc/permissions/android.hardware.audio.low_latency.xml
01-01 08:00:51.009 1151 1322 I SystemConfig: Reading permissions from /vendor/etc/permissions/android.hardware.sensor.relative_humidity.xml
01-01 08:00:51.011 1151 1322 I SystemConfig: Reading permissions from /vendor/etc/permissions/android.hardware.vulkan.version-1_1.xml
01-01 08:00:51.013 1151 1322 I SystemConfig: Reading permissions from /vendor/etc/permissions/android.hardware.location.gps.xml
01-01 08:00:51.006 0 0 E msm_ext_disp_update_audio_ops: Display not found (EXT_DISPLAY_TYPE_DP) ctld (0) stream (0)
01-01 08:00:51.018 1151 1151 D CompatConfig: Found a config file: /system/system_ext/etc/compatconfig/settings-platform-compat-config.xml
01-01 08:00:51.021 0 0 I binder : 1331:1331 ioctl 40046210 7fcb6a99d4 returned -22
01-01 08:00:51.020 1151 1151 D CompatConfig: Adding: com.android.server.compat.config.Change@5d8cd84
01-01 08:00:51.023 1151 1151 D CompatConfig: No directory /apex/com.android.vndk.v30/etc/compatconfig, skipping
01-01 08:00:51.023 1151 1322 I SystemConfig: Reading permissions from /product/etc/sysconfig/preinstalled-packages-platform-handheld-product.xml
01-01 08:00:51.023 1151 1151 D CompatConfig: No directory /apex/com.android.wifi/etc/compatconfig, skipping
01-01 08:00:51.023 1151 1151 D CompatConfig: No directory /apex/com.android.vndk.v31/etc/compatconfig, skipping
01-01 08:00:51.024 1151 1322 I SystemConfig: Reading permissions from /product/etc/sysconfig/preinstalled-packages-platform-overlays.xml
01-01 08:00:51.031 0 0 E msm-ext-disp-audio-codec-rx soc: qcom,msm-ext-disp:qcom,msm-ext-disp-audio-codec-rx: msm_ext_disp_audio_type_get: get_audio_edid_blk() or get_intf_id is NULL
01-01 08:00:51.025 1151 1151 D CompatConfig: No directory /apex/com.android.tzdata/etc/compatconfig, skipping
01-01 08:00:51.026 1151 1151 D CompatConfig: No directory /apex/com.android.tethering/etc/compatconfig, skipping
01-01 08:00:51.026 1151 1151 D CompatConfig: No directory /apex/com.android.sdkext/etc/compatconfig, skipping
01-01 08:00:51.026 1151 1151 D CompatConfig: No directory /apex/com.android.scheduling/etc/compatconfig, skipping
01-01 08:00:51.027 1151 1151 D CompatConfig: No directory /apex/com.android.runtime/etc/compatconfig, skipping
01-01 08:00:51.027 1151 1151 D CompatConfig: No directory /apex/com.android.resolv/etc/compatconfig, skipping
01-01 08:00:51.028 1151 1151 D CompatConfig: No directory /apex/com.android.permission/etc/compatconfig, skipping
01-01 08:00:51.028 1151 1151 D CompatConfig: No directory /apex/com.android.os.statsd/etc/compatconfig, skipping
01-01 08:00:51.028 1151 1151 D CompatConfig: No directory /apex/com.android.neuralnetworks/etc/compatconfig, skipping
01-01 08:00:51.029 1151 1322 I SystemConfig: Reading permissions from /product/etc/permissions/com.android.settings.intelligence.xml
01-01 08:00:51.030 1151 1151 D CompatConfig: Found a config file: /apex/com.android.mediaprovider/etc/compatconfig/media-provider-platform-compat-config.xml
01-01 08:00:51.031 1151 1322 I SystemConfig: Reading permissions from /product/etc/permissions/UimService.xml
01-01 08:00:51.034 1151 1322 I SystemConfig: Reading permissions from /product/etc/permissions/ims_ext_common.xml
01-01 08:00:51.035 1151 1151 D CompatConfig: Adding: com.android.server.compat.config.Change@edf328f
01-01 08:00:51.037 1151 1322 I SystemConfig: Reading permissions from /product/etc/permissions/privapp-permissions-soundrecorder.xml
01-01 08:00:51.037 1151 1151 D CompatConfig: Adding: com.android.server.compat.config.Change@e4fd925
01-01 08:00:51.039 1151 1151 D CompatConfig: Adding: com.android.server.compat.config.Change@3c6eafa
01-01 08:00:51.041 1151 1322 I SystemConfig: Reading permissions from /product/etc/permissions/telephony_product_privapp-permissions-qti.xml
01-01 08:00:51.043 1151 1322 I SystemConfig: Reading permissions from /product/etc/permissions/com.qti.snapdragon.sdk.display.xml
01-01 08:00:51.045 1151 1322 I SystemConfig: Reading permissions from /product/etc/permissions/vendor.qti.hardware.data.connection-V1.0-java.xml
01-01 08:00:51.047 1151 1322 I SystemConfig: Reading permissions from /product/etc/permissions/vendor.qti.hardware.data.connection-V1.1-java.xml
01-01 08:00:51.051 1151 1322 I SystemConfig: Reading permissions from /system_ext/etc/sysconfig/qti_whitelist_system_ext.xml
01-01 08:00:51.053 1151 1322 I SystemConfig: Reading permissions from /system_ext/etc/sysconfig/qti_telephony_system_packages_config.xml
01-01 08:00:51.059 1151 1322 I SystemConfig: Reading permissions from /system_ext/etc/permissions/com.thundercomm.microsettings.xml
01-01 08:00:51.066 1151 1322 I SystemConfig: Reading permissions from /system_ext/etc/permissions/com.android.systemui.xml
01-01 08:00:51.068 1151 1151 D CompatConfig: Adding: com.android.server.compat.config.Change@65d4223
01-01 08:00:51.069 1151 1151 D CompatConfig: Adding: com.android.server.compat.config.Change@9ee0320
01-01 08:00:51.070 1151 1151 D CompatConfig: Adding: com.android.server.compat.config.Change@a0b44d9
01-01 08:00:51.072 1151 1151 D CompatConfig: Adding: com.android.server.compat.config.Change@e9c9e9e
01-01 08:00:51.073 1151 1151 D CompatConfig: No directory /apex/com.android.media.swcodec/etc/compatconfig, skipping
01-01 08:00:51.074 1151 1151 D CompatConfig: No directory /apex/com.android.media/etc/compatconfig, skipping
01-01 08:00:51.074 1151 1151 D CompatConfig: No directory /apex/com.android.ipsec/etc/compatconfig, skipping
01-01 08:00:51.074 1151 1151 D CompatConfig: No directory /apex/com.android.i18n/etc/compatconfig, skipping
01-01 08:00:51.074 1151 1151 D CompatConfig: No directory /apex/com.android.extservices/etc/compatconfig, skipping
01-01 08:00:51.075 1151 1151 D CompatConfig: No directory /apex/com.android.conscrypt/etc/compatconfig, skipping
01-01 08:00:51.049 0 0 E msm_ext_disp_update_audio_ops: Display not found (EXT_DISPLAY_TYPE_DP) ctld (0) stream (0)
01-01 08:00:51.059 0 0 E msm-ext-disp-audio-codec-rx soc: qcom,msm-ext-disp:qcom,msm-ext-disp-audio-codec-rx: msm_ext_disp_audio_type_get: get_audio_edid_blk() or get_intf_id is NULL
01-01 08:00:51.076 1151 1322 I SystemConfig: Reading permissions from /system_ext/etc/permissions/wfd-system-ext-privapp-permissions-qti.xml
01-01 08:00:51.077 1151 1151 D CompatConfig: Found a config file: /apex/com.android.art/etc/compatconfig/libcore-platform-compat-config.xml
01-01 08:00:51.079 1151 1322 I SystemConfig: Reading permissions from /system_ext/etc/permissions/com.android.settings.xml
01-01 08:00:51.080 1151 1151 D CompatConfig: Adding: com.android.server.compat.config.Change@d3006aa
01-01 08:00:51.081 1151 1322 I SystemConfig: Reading permissions from /system_ext/etc/permissions/com.qualcomm.qti.imscmservice-V2.2-java.xml
01-01 08:00:51.078 0 0 E msm-ext-disp-audio-codec-rx soc: qcom,msm-ext-disp:qcom,msm-ext-disp-audio-codec-rx: msm_ext_disp_audio_device_get: invalid dai id: 4
01-01 08:00:51.083 1151 1322 I SystemConfig: Reading permissions from /system_ext/etc/permissions/izat.xt.srv.xml
01-01 08:00:51.085 1151 1322 I SystemConfig: Reading permissions from /system_ext/etc/permissions/vendor.qti.ims.rcsservice.xml
01-01 08:00:51.087 1151 1322 I SystemConfig: Reading permissions from /system_ext/etc/permissions/com.android.provision.xml
01-01 08:00:51.090 1151 1322 I SystemConfig: Reading permissions from /system_ext/etc/permissions/com.qualcomm.qti.imscmservice.xml
01-01 08:00:51.093 1151 1322 I SystemConfig: Reading permissions from /system_ext/etc/permissions/com.android.launcher3.xml
01-01 08:00:51.095 1151 1322 I SystemConfig: Reading permissions from /system_ext/etc/permissions/privapp-permissions-aptxals.xml
01-01 08:00:51.098 1151 1151 D CompatConfig: Adding: com.android.server.compat.config.Change@cdec102
01-01 08:00:51.099 1151 1151 D CompatConfig: Adding: com.android.server.compat.config.Change@332fa13
01-01 08:00:51.100 1151 1151 D CompatConfig: Adding: com.android.server.compat.config.Change@2987450
01-01 08:00:51.102 1151 1151 D CompatConfig: Adding: com.android.server.compat.config.Change@43a1649
01-01 08:00:51.103 1151 1151 D CompatConfig: No directory /apex/com.android.appsearch/etc/compatconfig, skipping
01-01 08:00:51.103 1151 1151 D CompatConfig: No directory /apex/com.android.adbd/etc/compatconfig, skipping
01-01 08:00:51.107 1151 1322 I SystemConfig: Reading permissions from /system_ext/etc/permissions/com.nxp.nfc.nq.xml
01-01 08:00:51.110 1151 1151 D SystemServerTiming: PlatformCompat took to complete: 406ms
01-01 08:00:51.110 1151 1151 I SystemServerTiming: StartFileIntegrityService
01-01 08:00:51.110 1151 1151 I SystemServiceManager: Starting com.android.server.security.FileIntegrityService
01-01 08:00:51.113 1151 1322 I SystemConfig: Reading permissions from /system_ext/etc/permissions/embms.xml
01-01 08:00:51.124 1151 1151 D SystemServerTiming: StartFileIntegrityService took to complete: 14ms
01-01 08:00:51.124 1151 1151 I SystemServerTiming: StartInstaller
01-01 08:00:51.124 1151 1151 I SystemServiceManager: Starting com.android.server.pm.Installer
01-01 08:00:51.126 1151 1322 I SystemConfig: Reading permissions from /system_ext/etc/permissions/privapp-permissions-com.qualcomm.location.xml
01-01 08:00:51.129 1151 1322 I SystemConfig: Reading permissions from /system_ext/etc/permissions/com.qualcomm.qmapbridge.xml
01-01 08:00:51.135 1151 1322 I SystemConfig: Reading permissions from /system_ext/etc/permissions/android.software.verified_boot.xml
01-01 08:00:51.139 1151 1322 I SystemConfig: Reading permissions from /system_ext/etc/permissions/audiosphere.xml
01-01 08:00:51.141 1151 1322 I SystemConfig: Reading permissions from /system_ext/etc/permissions/com.android.emergency.xml
01-01 08:00:51.182 0 0 I binder : 1151:1151 ioctl 40046210 7fd362bc14 returned -22
01-01 08:00:51.143 1151 1322 I SystemConfig: Reading permissions from /system_ext/etc/permissions/com.qti.dpmframework.xml
01-01 08:00:51.145 1151 1322 I SystemConfig: Reading permissions from /system_ext/etc/permissions/dpmapi.xml
01-01 08:00:51.153 1151 1151 D SystemServerTiming: StartInstaller took to complete: 28ms
01-01 08:00:51.154 1151 1151 I SystemServerTiming: DeviceIdentifiersPolicyService
01-01 08:00:51.154 1151 1151 I SystemServiceManager: Starting com.android.server.os.DeviceIdentifiersPolicyService
01-01 08:00:51.154 1151 1322 I SystemConfig: Reading permissions from /system_ext/etc/permissions/embms-noship_product_privapp_permissions_qti.xml
01-01 08:00:51.157 1151 1322 I SystemConfig: Reading permissions from /system_ext/etc/permissions/privapp-permissions-qti-system-ext.xml
01-01 08:00:51.158 1151 1151 D SystemServerTiming: DeviceIdentifiersPolicyService took to complete: 4ms
01-01 08:00:51.158 1151 1151 I SystemServerTiming: UriGrantsManagerService
01-01 08:00:51.158 1151 1151 I SystemServiceManager: Starting com.android.server.uri.UriGrantsManagerService$Lifecycle
01-01 08:00:51.160 1151 1322 I SystemConfig: Reading permissions from /system_ext/etc/permissions/com.qti.location.sdk.xml
01-01 08:00:51.161 1151 1151 D SystemServerTiming: UriGrantsManagerService took to complete: 2ms
01-01 08:00:51.162 1151 1151 I SystemServerTiming: StartPowerStatsService
01-01 08:00:51.162 1151 1151 I SystemServiceManager: Starting com.android.server.powerstats.PowerStatsService
01-01 08:00:51.173 1151 1322 I SystemConfig: Reading permissions from /system_ext/etc/permissions/qti_supplicant_interface.xml
01-01 08:00:51.183 1151 1322 I SystemConfig: Reading permissions from /system_ext/etc/permissions/qti_libpermissions.xml
01-01 08:00:51.190 1151 1322 I SystemConfig: Reading permissions from /system_ext/etc/permissions/com.qualcomm.qti.imscmservice-V2.0-java.xml
01-01 08:00:51.195 1151 1322 I SystemConfig: Reading permissions from /system_ext/etc/permissions/com.qti.media.secureprocessor.xml
01-01 08:00:51.199 1151 1151 D SystemServerTiming: StartPowerStatsService took to complete: 38ms
01-01 08:00:51.200 1151 1151 I SystemServerTiming: StartIStatsService
01-01 08:00:51.202 1151 1322 I SystemConfig: Reading permissions from /system_ext/etc/permissions/com.qualcomm.location.xml
01-01 08:00:51.205 1151 1151 D SystemServerTiming: StartIStatsService took to complete: 5ms
01-01 08:00:51.207 1151 1151 I SystemServerTiming: MemtrackProxyService
01-01 08:00:51.208 1151 1322 I SystemConfig: Reading permissions from /system_ext/etc/permissions/com.qualcomm.qti.imscmservice-V2.1-java.xml
01-01 08:00:51.211 1151 1322 I SystemConfig: Reading permissions from /system_ext/etc/permissions/qti_permissions.xml
01-01 08:00:51.214 1151 1151 D SystemServerTiming: MemtrackProxyService took to complete: 6ms
01-01 08:00:51.214 1151 1151 I SystemServerTiming: StartActivityManager
01-01 08:00:51.214 1151 1322 I SystemConfig: Reading permissions from /system_ext/etc/permissions/telephony_system-ext_privapp-permissions-qti.xml
01-01 08:00:51.214 1151 1151 I SystemServiceManager: Starting com.android.server.wm.ActivityTaskManagerService$Lifecycle
01-01 08:00:51.218 1151 1322 I SystemConfig: Reading permissions from /system_ext/etc/permissions/com.qualcomm.qti.izattools.xml
01-01 08:00:51.223 1151 1322 I SystemConfig: Reading permissions from /system_ext/etc/permissions/com.android.storagemanager.xml
01-01 08:00:51.228 1151 1151 I SystemServiceManager: Starting com.android.server.am.ActivityManagerService$Lifecycle
01-01 08:00:51.242 0 0 E : msm_pcm_volume_ctl_get substream not found
01-01 08:00:51.250 0 0 I binder : 1337:1337 ioctl 40046210 7ff994b1c4 returned -22
01-01 08:00:51.243 1151 1151 I ActivityManager: Memory class: 512
01-01 08:00:51.243 1151 1322 I SystemConfig: Reading permissions from /apex/com.android.ipsec/etc/permissions/android.net.ipsec.ike.xml
01-01 08:00:51.249 1337 1337 I wificond: wificond is starting up...
01-01 08:00:51.251 1151 1322 D SystemConfig: readAllPermissions took to complete: 543ms
01-01 08:00:51.251 1151 1322 D SystemServerInitThreadPool: Finished executing ReadingSystemConfig
01-01 08:00:51.251 1151 1322 D SystemServerTimingAsync: InitThreadPoolExec:ReadingSystemConfig took to complete: 544ms
01-01 08:00:51.258 1337 1337 I HidlServiceManagement: Registered android.system.wifi.keystore@1.0::IKeystore/default
01-01 08:00:51.255 0 0 I binder : 1337:1337 ioctl 40046210 7ff994b144 returned -22
01-01 08:00:51.267 1151 1349 I Binder : Setting heavy hitter watcher config: false, 0, 0.0
01-01 08:00:51.320 0 0 I binder : 1341:1341 ioctl 40046210 7fe2957b54 returned -22
01-01 08:00:51.405 1151 1151 I service_manager_slow: [17,platform_compat]
01-01 08:00:51.396 0 0 I binder : 1323:1323 ioctl 40046210 7fd2a64024 returned -22
01-01 08:00:51.432 1151 1151 I PackageWatchdog: Updated health check state for package com.qualcomm.qti.devicestatisticsservice: INACTIVE -> PASSED
01-01 08:00:51.481 1335 1335 W storaged: health: invalid battery status
01-01 08:00:51.476 0 0 I binder : 1335:1335 ioctl 40046210 7fedf79d24 returned -22
01-01 08:00:51.484 0 0 I binder : 1335:1335 ioctl 40046210 7fedf79c54 returned -22
01-01 08:00:51.553 1151 1151 D BatteryStatsImpl: Reading daily items from /data/system/batterystats-daily.xml
01-01 08:00:51.610 1151 1375 I KernelCpuUidFreqTimeReader: mPerClusterTimesAvailable=false
01-01 08:00:51.648 0 0 W rpmh_rsc_send_data: 33 callbacks suppressed
01-01 08:00:51.648 0 0 I qcom_rpmh DRV: apps_rsc TCS Busy, retrying RPMH message send: addr=0x30080
01-01 08:00:51.662 0 0 E : [MAX975X:max96755x_drm_notifier_callback] *ERROR* receives EARLY_BLANK:UNBLANK
01-01 08:00:51.664 0 0 I lan743x 0001: 01:00.0 eth0: using MSIX interrupts, number of vectors = 6
01-01 08:00:51.672 0 0 I cyttsp7_i2c_adapter 0-0024: FB event:2,blank:0
01-01 08:00:51.672 0 0 I cyttsp7_i2c_adapter 0-0024: suspend: event = 2, blank = 0, not care
01-01 08:00:51.673 0 0 I [drm:dsi_display_set_mode] [msm-dsi-info]: mdp_transfer_time_us=0 us
01-01 08:00:51.673 0 0 I [drm:dsi_display_set_mode] [msm-dsi-info]: hactive= 2380,vactive= 1020,fps=60
01-01 08:00:51.675 0 0 I [drm:dsi_ctrl_isr_configure] [msm-dsi-info]: dsi-ctrl-0: IRQ 402 registered
01-01 08:00:51.679 1151 1375 E KernelCpuSpeedReader: Failed to read cpu-freq: /sys/devices/system/cpu/cpu4/cpufreq/stats/time_in_state: open failed: ENOENT (No such file or directory)
01-01 08:00:51.685 1151 1375 E KernelCpuSpeedReader: Failed to read cpu-freq: /sys/devices/system/cpu/cpu0/cpufreq/stats/time_in_state: open failed: ENOENT (No such file or directory)
01-01 08:00:51.703 577 577 I auditd : type=1400 audit(0.0:35): avc: denied { read } for comm="Binder:577_2" name="wakeup58" dev="sysfs" ino=77336 scontext=u:r:system_suspend:s0 tcontext=u:object_r:sysfs:s0 tclass=dir permissive=0
01-01 08:00:51.711 0 0 I mv2112_config_aneg: autoneg 1
01-01 08:00:51.711 0 0 I : mv2112_restart_aneg
01-01 08:00:51.717 0 0 D : mv2112_read_status
01-01 08:00:51.717 0 0 D mv2112_update_link: 3.0x901(1G): 0x80
01-01 08:00:51.717 0 0 D mv2112_update_link: 3.0x8109(100M): 0x0
01-01 08:00:51.717 0 0 D mv2112_update_link: link 0x0
01-01 08:00:51.740 0 0 I lan743x 0001: 01:00.0 eth0: successfully registered ptp clock
01-01 08:00:51.754 1367 1367 I imsrcsd : Uce Service HAL is starting up...
01-01 08:00:51.780 1367 1367 I imsrcsd : Uce Service HAL loading imsrcsbaseimpl
01-01 08:00:51.783 577 577 I auditd : type=1400 audit(0.0:36): avc: denied { read } for comm="Binder:577_2" name="wakeup4" dev="sysfs" ino=47146 scontext=u:r:system_suspend:s0 tcontext=u:object_r:sysfs:s0 tclass=dir permissive=0
01-01 08:00:51.794 0 0 E : [drm:dsi_display_set_backlight] *ERROR* [msm-dsi-error]: unable to set backlight
01-01 08:00:51.804 0 0 E : [MAX975X:max96755x_drm_notifier_callback] *ERROR* receives BLANK:UNBLANK
01-01 08:00:51.813 0 0 I cyttsp7_i2c_adapter 0-0024: FB event:1,blank:0
01-01 08:00:51.813 0 0 I cyttsp7_i2c_adapter 0-0024: drm_notifier_callback: UNBLANK! Resume by drm notifier.
01-01 08:00:51.815 577 577 I auditd : type=1400 audit(0.0:37): avc: denied { read } for comm="Binder:577_2" name="wakeup28" dev="sysfs" ino=56586 scontext=u:r:system_suspend:s0 tcontext=u:object_r:sysfs:s0 tclass=dir permissive=0
01-01 08:00:51.815 577 577 I auditd : type=1400 audit(0.0:38): avc: denied { read } for comm="Binder:577_2" name="wakeup56" dev="sysfs" ino=77264 scontext=u:r:system_suspend:s0 tcontext=u:object_r:sysfs:s0 tclass=dir permissive=0
01-01 08:00:51.815 577 577 I auditd : type=1400 audit(0.0:39): avc: denied { read } for comm="Binder:577_2" name="wakeup2" dev="sysfs" ino=46670 scontext=u:r:system_suspend:s0 tcontext=u:object_r:sysfs:s0 tclass=dir permissive=0
01-01 08:00:51.819 577 577 I auditd : type=1400 audit(0.0:40): avc: denied { read } for comm="Binder:577_2" name="wakeup36" dev="sysfs" ino=66893 scontext=u:r:system_suspend:s0 tcontext=u:object_r:sysfs:s0 tclass=dir permissive=0
01-01 08:00:51.819 577 577 I auditd : type=1400 audit(0.0:41): avc: denied { read } for comm="Binder:577_2" name="wakeup64" dev="sysfs" ino=77566 scontext=u:r:system_suspend:s0 tcontext=u:object_r:sysfs:s0 tclass=dir permissive=0
01-01 08:00:51.819 577 577 I auditd : type=1400 audit(0.0:42): avc: denied { read } for comm="Binder:577_2" name="wakeup54" dev="sysfs" ino=77192 scontext=u:r:system_suspend:s0 tcontext=u:object_r:sysfs:s0 tclass=dir permissive=0
01-01 08:00:51.847 577 577 I auditd : type=1400 audit(0.0:43): avc: denied { read } for comm="Binder:577_2" name="wakeup44" dev="sysfs" ino=71606 scontext=u:r:system_suspend:s0 tcontext=u:object_r:sysfs:s0 tclass=dir permissive=0
01-01 08:00:51.847 577 577 I auditd : type=1400 audit(0.0:44): avc: denied { read } for comm="Binder:577_2" name="wakeup0" dev="sysfs" ino=43878 scontext=u:r:system_suspend:s0 tcontext=u:object_r:sysfs:s0 tclass=dir permissive=0
01-01 08:00:51.871 577 577 I auditd : type=1400 audit(0.0:45): avc: denied { read } for comm="Binder:577_2" name="wakeup62" dev="sysfs" ino=77492 scontext=u:r:system_suspend:s0 tcontext=u:object_r:sysfs:s0 tclass=dir permissive=0
01-01 08:00:51.871 577 577 I auditd : type=1400 audit(0.0:46): avc: denied { read } for comm="Binder:577_2" name="wakeup52" dev="sysfs" ino=77120 scontext=u:r:system_suspend:s0 tcontext=u:object_r:sysfs:s0 tclass=dir permissive=0
01-01 08:00:51.871 577 577 I auditd : type=1400 audit(0.0:47): avc: denied { read } for comm="Binder:577_2" name="wakeup9" dev="sysfs" ino=55570 scontext=u:r:system_suspend:s0 tcontext=u:object_r:sysfs:s0 tclass=dir permissive=0
01-01 08:00:51.871 577 577 I auditd : type=1400 audit(0.0:48): avc: denied { read } for comm="Binder:577_2" name="wakeup80" dev="sysfs" ino=85090 scontext=u:r:system_suspend:s0 tcontext=u:object_r:sysfs:s0 tclass=dir permissive=0
01-01 08:00:51.871 577 577 I auditd : type=1400 audit(0.0:49): avc: denied { read } for comm="Binder:577_2" name="wakeup42" dev="sysfs" ino=68324 scontext=u:r:system_suspend:s0 tcontext=u:object_r:sysfs:s0 tclass=dir permissive=0
01-01 08:00:51.889 0 0 I IPv6 : ADDRCONF(NETDEV_UP): eth0: link is not ready
01-01 08:00:51.898 0 0 I binder : 1281:1281 ioctl 40046210 7ff694fd74 returned -22
01-01 08:00:51.906 1151 1151 I service_manager_slow: [22,package]
01-01 08:00:51.909 0 0 I binder : 1281:1281 ioctl 40046210 7ff694fd94 returned -22
01-01 08:00:51.919 577 577 I auditd : type=1400 audit(0.0:50): avc: denied { read } for comm="Binder:577_2" name="wakeup32" dev="sysfs" ino=57033 scontext=u:r:system_suspend:s0 tcontext=u:object_r:sysfs:s0 tclass=dir permissive=0
01-01 08:00:51.919 577 577 I auditd : type=1400 audit(0.0:51): avc: denied { read } for comm="Binder:577_2" name="wakeup60" dev="sysfs" ino=77420 scontext=u:r:system_suspend:s0 tcontext=u:object_r:sysfs:s0 tclass=dir permissive=0
01-01 08:00:51.919 577 577 I auditd : type=1400 audit(0.0:52): avc: denied { read } for comm="Binder:577_2" name="wakeup7" dev="sysfs" ino=55466 scontext=u:r:system_suspend:s0 tcontext=u:object_r:sysfs:s0 tclass=dir permissive=0
01-01 08:00:51.935 577 577 I auditd : type=1400 audit(0.0:53): avc: denied { read } for comm="Binder:577_2" name="wakeup79" dev="sysfs" ino=82274 scontext=u:r:system_suspend:s0 tcontext=u:object_r:sysfs:s0 tclass=dir permissive=0
01-01 08:00:51.935 577 577 I auditd : type=1400 audit(0.0:54): avc: denied { read } for comm="Binder:577_2" name="wakeup40" dev="sysfs" ino=67429 scontext=u:r:system_suspend:s0 tcontext=u:object_r:sysfs:s0 tclass=dir permissive=0
01-01 08:00:51.939 577 577 I auditd : type=1400 audit(0.0:55): avc: denied { read } for comm="Binder:577_2" name="wakeup30" dev="sysfs" ino=56801 scontext=u:r:system_suspend:s0 tcontext=u:object_r:sysfs:s0 tclass=dir permissive=0
01-01 08:00:51.939 577 577 I auditd : type=1400 audit(0.0:56): avc: denied { read } for comm="Binder:577_2" name="wakeup59" dev="sysfs" ino=77372 scontext=u:r:system_suspend:s0 tcontext=u:object_r:sysfs:s0 tclass=dir permissive=0
01-01 08:00:51.939 577 577 I auditd : type=1400 audit(0.0:57): avc: denied { read } for comm="Binder:577_2" name="wakeup49" dev="sysfs" ino=72841 scontext=u:r:system_suspend:s0 tcontext=u:object_r:sysfs:s0 tclass=dir permissive=0
01-01 08:00:51.939 577 577 I auditd : type=1400 audit(0.0:58): avc: denied { read } for comm="Binder:577_2" name="wakeup5" dev="sysfs" ino=47178 scontext=u:r:system_suspend:s0 tcontext=u:object_r:sysfs:s0 tclass=dir permissive=0
01-01 08:00:51.959 577 577 I auditd : type=1400 audit(0.0:59): avc: denied { read } for comm="Binder:577_2" name="wakeup39" dev="sysfs" ino=67393 scontext=u:r:system_suspend:s0 tcontext=u:object_r:sysfs:s0 tclass=dir permissive=0
01-01 08:00:51.963 577 577 I auditd : type=1400 audit(0.0:60): avc: denied { read } for comm="Binder:577_2" name="wakeup29" dev="sysfs" ino=56695 scontext=u:r:system_suspend:s0 tcontext=u:object_r:sysfs:s0 tclass=dir permissive=0
01-01 08:00:51.963 577 577 I auditd : type=1400 audit(0.0:61): avc: denied { read } for comm="Binder:577_2" name="wakeup57" dev="sysfs" ino=77300 scontext=u:r:system_suspend:s0 tcontext=u:object_r:sysfs:s0 tclass=dir permissive=0
01-01 08:00:51.963 577 577 I auditd : type=1400 audit(0.0:62): avc: denied { read } for comm="Binder:577_2" name="wakeup19" dev="sysfs" ino=56015 scontext=u:r:system_suspend:s0 tcontext=u:object_r:sysfs:s0 tclass=dir permissive=0
01-01 08:00:51.991 577 577 I auditd : type=1400 audit(0.0:63): avc: denied { read } for comm="Binder:577_2" name="wakeup37" dev="sysfs" ino=66929 scontext=u:r:system_suspend:s0 tcontext=u:object_r:sysfs:s0 tclass=dir permissive=0
01-01 08:00:51.995 577 577 I auditd : type=1400 audit(0.0:64): avc: denied { read } for comm="Binder:577_2" name="wakeup27" dev="sysfs" ino=56552 scontext=u:r:system_suspend:s0 tcontext=u:object_r:sysfs:s0 tclass=dir permissive=0
01-01 08:00:51.995 577 577 I auditd : type=1400 audit(0.0:65): avc: denied { read } for comm="Binder:577_2" name="wakeup55" dev="sysfs" ino=77228 scontext=u:r:system_suspend:s0 tcontext=u:object_r:sysfs:s0 tclass=dir permissive=0
01-01 08:00:51.995 577 577 I auditd : type=1400 audit(0.0:66): avc: denied { read } for comm="Binder:577_2" name="wakeup17" dev="sysfs" ino=55939 scontext=u:r:system_suspend:s0 tcontext=u:object_r:sysfs:s0 tclass=dir permissive=0
01-01 08:00:51.995 577 577 I auditd : type=1400 audit(0.0:67): avc: denied { read } for comm="Binder:577_2" name="wakeup45" dev="sysfs" ino=71624 scontext=u:r:system_suspend:s0 tcontext=u:object_r:sysfs:s0 tclass=dir permissive=0
01-01 08:00:51.995 577 577 I auditd : type=1400 audit(0.0:68): avc: denied { read } for comm="Binder:577_2" name="wakeup1" dev="sysfs" ino=43906 scontext=u:r:system_suspend:s0 tcontext=u:object_r:sysfs:s0 tclass=dir permissive=0
01-01 08:00:52.015 577 577 I auditd : type=1400 audit(0.0:69): avc: denied { read } for comm="Binder:577_2" name="wakeup63" dev="sysfs" ino=77528 scontext=u:r:system_suspend:s0 tcontext=u:object_r:sysfs:s0 tclass=dir permissive=0
01-01 08:00:52.015 577 577 I auditd : type=1400 audit(0.0:70): avc: denied { read } for comm="Binder:577_2" name="wakeup25" dev="sysfs" ino=56349 scontext=u:r:system_suspend:s0 tcontext=u:object_r:sysfs:s0 tclass=dir permissive=0
01-01 08:00:52.015 577 577 I auditd : type=1400 audit(0.0:71): avc: denied { read } for comm="Binder:577_2" name="wakeup53" dev="sysfs" ino=77156 scontext=u:r:system_suspend:s0 tcontext=u:object_r:sysfs:s0 tclass=dir permissive=0
01-01 08:00:52.015 577 577 I auditd : type=1400 audit(0.0:72): avc: denied { read } for comm="Binder:577_2" name="wakeup81" dev="sysfs" ino=85128 scontext=u:r:system_suspend:s0 tcontext=u:object_r:sysfs:s0 tclass=dir permissive=0
01-01 08:00:52.015 577 577 I auditd : type=1400 audit(0.0:73): avc: denied { read } for comm="Binder:577_2" name="wakeup15" dev="sysfs" ino=55839 scontext=u:r:system_suspend:s0 tcontext=u:object_r:sysfs:s0 tclass=dir permissive=0
01-01 08:00:52.027 577 577 I auditd : type=1400 audit(0.0:74): avc: denied { read } for comm="Binder:577_2" name="wakeup33" dev="sysfs" ino=60833 scontext=u:r:system_suspend:s0 tcontext=u:object_r:sysfs:s0 tclass=dir permissive=0
01-01 08:00:52.027 577 577 I auditd : type=1400 audit(0.0:75): avc: denied { read } for comm="Binder:577_2" name="wakeup61" dev="sysfs" ino=77456 scontext=u:r:system_suspend:s0 tcontext=u:object_r:sysfs:s0 tclass=dir permissive=0
01-01 08:00:52.027 577 577 I auditd : type=1400 audit(0.0:76): avc: denied { read } for comm="Binder:577_2" name="wakeup23" dev="sysfs" ino=56250 scontext=u:r:system_suspend:s0 tcontext=u:object_r:sysfs:s0 tclass=dir permissive=0
01-01 08:00:52.027 577 577 I auditd : type=1400 audit(0.0:77): avc: denied { read } for comm="Binder:577_2" name="wakeup51" dev="sysfs" ino=77084 scontext=u:r:system_suspend:s0 tcontext=u:object_r:sysfs:s0 tclass=dir permissive=0
01-01 08:00:52.027 577 577 I auditd : type=1400 audit(0.0:78): avc: denied { read } for comm="Binder:577_2" name="wakeup8" dev="sysfs" ino=55492 scontext=u:r:system_suspend:s0 tcontext=u:object_r:sysfs:s0 tclass=dir permissive=0
01-01 08:00:52.027 577 577 I auditd : type=1400 audit(0.0:79): avc: denied { read } for comm="Binder:577_2" name="wakeup13" dev="sysfs" ino=55731 scontext=u:r:system_suspend:s0 tcontext=u:object_r:sysfs:s0 tclass=dir permissive=0
01-01 08:00:52.027 577 577 I auditd : type=1400 audit(0.0:80): avc: denied { read } for comm="Binder:577_2" name="wakeup41" dev="sysfs" ino=67493 scontext=u:r:system_suspend:s0 tcontext=u:object_r:sysfs:s0 tclass=dir permissive=0
01-01 08:00:52.027 577 577 I auditd : type=1400 audit(0.0:81): avc: denied { read } for comm="Binder:577_2" name="wakeup31" dev="sysfs" ino=56899 scontext=u:r:system_suspend:s0 tcontext=u:object_r:sysfs:s0 tclass=dir permissive=0
01-01 08:00:52.027 577 577 I auditd : type=1400 audit(0.0:82): avc: denied { read } for comm="Binder:577_2" name="wakeup21" dev="sysfs" ino=56090 scontext=u:r:system_suspend:s0 tcontext=u:object_r:sysfs:s0 tclass=dir permissive=0
01-01 08:00:52.027 577 577 I auditd : type=1400 audit(0.0:83): avc: denied { read } for comm="Binder:577_2" name="wakeup6" dev="sysfs" ino=55440 scontext=u:r:system_suspend:s0 tcontext=u:object_r:sysfs:s0 tclass=dir permissive=0
01-01 08:00:52.031 577 577 I auditd : type=1400 audit(0.0:84): avc: denied { read } for comm="Binder:577_2" name="wakeup11" dev="sysfs" ino=55646 scontext=u:r:system_suspend:s0 tcontext=u:object_r:sysfs:s0 tclass=dir permissive=0
01-01 08:00:52.049 1151 1375 W KernelMemoryBandwidthStats: No kernel memory bandwidth stats available
01-01 08:00:52.071 1151 1151 I service_manager_stats: [100,216,45093]
01-01 08:00:52.114 1367 1367 I imsrcsd : Starting Service for First Time imsbaseimpl
01-01 08:00:52.131 1151 1348 I commit_sys_config_file: [batterystats,78]
01-01 08:00:52.133 1151 1151 I IntentFirewall: Read new rules (A:0 B:0 S:0)
01-01 08:00:52.151 1367 1367 I imsrcsd : Interface com.qualcomm.qti.uceservice@2.3::IUceService com.qualcomm.qti.uceservice is found in manifest
01-01 08:00:52.154 0 0 I binder : 1333:1333 ioctl 40046210 fff7f818 returned -22
