01-01 08:00:53.333 1151 1151 W PackageSettings: Missing permission state for package: com.android.cellbroadcastreceiver.overlay.common
01-01 08:00:53.345 1151 1151 W PackageSettings: Missing permission state for shared user: android.uid.log
01-01 08:00:53.345 1151 1151 W PackageSettings: Missing permission state for shared user: android.uid.uwb
01-01 08:00:53.380 0 0 D cnss : Received QMI WLFW pin connect result indication
01-01 08:00:53.380 0 0 D cnss : Pin connect Result: pwr_pin: 0x1 phy_io_pin: 0x0 rf_io_pin: 0x0
01-01 08:00:53.380 0 0 D cnss : Removing vote for Regulator vdd-wlan-rfa2
01-01 08:00:53.380 0 0 D cnss : Removing vote for Regulator vdd-wlan-rfa1
01-01 08:00:53.380 0 0 D cnss : Removing vote for Regulator vdd-wlan-dig
01-01 08:00:53.380 0 0 D cnss : Removing vote for Regulator vdd-wlan-aon
01-01 08:00:53.380 0 0 D cnss : Removing vote for Regulator vdd-wlan-io
01-01 08:00:53.380 0 0 D cnss : PM relax, state: 0xf, count: 0
01-01 08:00:53.487 0 0 W QSEECOM : qseecom_load_app: App (fingerpr) does'nt exist, loading apps for first time
01-01 08:00:53.578 1151 1151 D PackageManagerTiming: read user settings took to complete: 839ms
01-01 08:00:53.604 1151 1151 I boot_progress_pms_system_scan_start: 46627
01-01 08:00:53.616 1151 1151 D PackageManager: Keeping known cache 35d85020ce8fa8b1efe6516199d283f263e3080e
01-01 08:00:53.627 1151 1151 W android.permission.PermissionManager: Missing ActivityManager; assuming 1000 holds android.permission.WATCH_APPOPS
01-01 08:00:53.628 1151 1151 W android.permission.PermissionManager: Missing ActivityManager; assuming 1000 holds android.permission.WATCH_APPOPS
01-01 08:00:53.680 0 0 I : read descriptors
01-01 08:00:53.681 0 0 I : read strings
01-01 08:00:53.712 0 0 I IPv6 : ADDRCONF(NETDEV_UP): vlan0: link is not ready
01-01 08:00:53.683 1151 1151 D CompatibilityChangeReporter: Compat change id reported: 143539591; UID -1; state: ENABLED
01-01 08:00:53.728 0 0 I : ip (1600) used greatest stack depth: 9816 bytes left
01-01 08:00:53.759 0 0 I capability: warning: `msm_irqbalance' uses 32-bit capabilities (legacy support in use)
01-01 08:00:53.756 1151 1151 D CompatibilityChangeReporter: Compat change id reported: 143539591; UID -1; state: DISABLED
01-01 08:00:53.756 1151 1151 D CompatibilityChangeReporter: Compat change id reported: 168782947; UID -1; state: ENABLED
01-01 08:00:53.767 1151 1151 W PackageManager: Failed to parse /system/framework/oat: Missing base APK in /system/framework/oat
01-01 08:00:53.767 1151 1151 W PackageManager: Failed to parse /system/framework/arm64: Missing base APK in /system/framework/arm64
01-01 08:00:53.772 1151 1151 W PackageManager: Failed to parse /system/framework/arm: Missing base APK in /system/framework/arm
01-01 08:00:53.820 0 0 I android_work: did not send uevent (0 0 0000000000000000)
01-01 08:00:53.851 0 0 W QSEECOM : qseecom_load_app: App with id 6 (fingerpr) now loaded
01-01 08:00:53.878 1151 1609 I PackageParsing: Parse times for '/system/framework/framework-res.apk': parse=106ms, update_cache=6 ms
01-01 08:00:53.912 0 0 E msm-dwc3 a600000.ssusb: Could not get usb psy
01-01 08:00:53.928 1151 1151 D CompatibilityChangeReporter: Compat change id reported: 168782947; UID -1; state: DISABLED
01-01 08:00:54.050 0 0 E msm-dwc3 a600000.ssusb: Could not get usb psy
01-01 08:00:54.040 1571 1571 I liblog : 20
01-01 08:00:54.042 1571 1571 I liblog : 40
01-01 08:00:54.049 1571 1571 I liblog : 173
01-01 08:00:54.050 1571 1571 I liblog : 6
01-01 08:00:54.051 1571 1571 I liblog : 1
01-01 08:00:54.052 1571 1571 I liblog : 3
01-01 08:00:54.054 1571 1571 I liblog : 18
01-01 08:00:54.054 1571 1571 I liblog : 4
01-01 08:00:54.055 1571 1571 I liblog : 4
01-01 08:00:54.062 1571 1571 F libc : Fatal signal 6 (SIGABRT), code -6 (SI_TKILL) in tid 1571 (android.hardwar), pid 1571 (android.hardwar)
01-01 08:00:54.160 1151 1608 I PackageParsing: Parse times for '/system/priv-app/Telecom': parse=114ms, update_cache=14 ms
01-01 08:00:54.185 1151 1609 I PackageParsing: Parse times for '/system/priv-app/Traceur': parse=115ms, update_cache=1 ms
01-01 08:00:54.198 1151 1608 D CompatibilityChangeReporter: Compat change id reported: 150232615; UID -1; state: DISABLED
01-01 08:00:54.218 0 0 I android_work: sent uevent USB_STATE=CONNECTED
01-01 08:00:54.218 0 0 E msm-dwc3 a600000.ssusb: Could not get usb psy
01-01 08:00:54.224 0 0 I init : starting service 'vendor.light-hal-2-0'...
01-01 08:00:54.227 0 0 I android_work: sent uevent USB_STATE=DISCONNECTED
01-01 08:00:54.275 0 0 I init : processing action (ro.vendor.ril.mbn_copy_completed=1) from (/vendor/etc/init/hw/init.qcom.rc:741)
01-01 08:00:54.281 0 0 W QSEECOM : __qseecom_unload_app: App (6) is unloaded
01-01 08:00:54.284 0 0 D qbt : qbt_release: entry minor_no=0 fd_available=0
01-01 08:00:54.284 0 0 D qbt : qbt_release: Releasing wakelock
01-01 08:00:54.284 0 0 D qbt : qbt_release: exit : fd_available=1
01-01 08:00:54.284 0 0 D qbt : qbt_release: entry minor_no=1 fd_available=1
01-01 08:00:54.284 0 0 D qbt : qbt_release: exit : fd_available=1
01-01 08:00:54.292 1151 1607 W PackageParsing: Ignoring duplicate uses-permissions/uses-permissions-sdk-m: android.permission.ACCESS_WIFI_STATE in package: com.microsoft.emmx at: Binary XML file line #105
01-01 08:00:54.327 0 0 I android_work: sent uevent USB_STATE=CONNECTED
01-01 08:00:54.331 0 0 E msm-dwc3 a600000.ssusb: Could not get usb psy
01-01 08:00:54.338 0 0 I configfs-gadget gadget: high-speed config #1: b
01-01 08:00:54.350 0 0 E msm-dwc3 a600000.ssusb: Could not get usb psy
01-01 08:00:54.367 0 0 I android_work: sent uevent USB_STATE=CONFIGURED
01-01 08:00:54.358 1151 1607 I PackageParsing: Parse times for '/system/priv-app/com.microsoft.emmx_134305015': parse=312ms, update_cache=12 ms
01-01 08:00:54.376 0 0 I qcom_rpmh DRV: apps_rsc TCS Busy, retrying RPMH message send: addr=0x50000
01-01 08:00:54.376 0 0 I qcom_rpmh DRV: apps_rsc TCS Busy, retrying RPMH message send: addr=0x50000
01-01 08:00:54.376 0 0 I qcom_rpmh DRV: apps_rsc TCS Busy, retrying RPMH message send: addr=0x50000
01-01 08:00:54.376 0 0 I qcom_rpmh DRV: apps_rsc TCS Busy, retrying RPMH message send: addr=0x50000
01-01 08:00:54.376 0 0 I qcom_rpmh DRV: apps_rsc TCS Busy, retrying RPMH message send: addr=0x50000
01-01 08:00:54.376 0 0 I qcom_rpmh DRV: apps_rsc TCS Busy, retrying RPMH message send: addr=0x50000
01-01 08:00:54.376 0 0 I qcom_rpmh DRV: apps_rsc TCS Busy, retrying RPMH message send: addr=0x50000
01-01 08:00:54.376 0 0 I qcom_rpmh DRV: apps_rsc TCS Busy, retrying RPMH message send: addr=0x50000
01-01 08:00:54.376 0 0 I qcom_rpmh DRV: apps_rsc TCS Busy, retrying RPMH message send: addr=0x50000
01-01 08:00:54.384 0 0 E ipa_mpm_vote_unvote_pcie_clk: 1530 MHI not initialized yet
01-01 08:00:54.389 0 0 I init : Service 'qcom-sh' (pid 1478) exited with status 0 oneshot service took 1.832000 seconds in background
01-01 08:00:54.394 0 0 E ipa_mpm_start_stop_remote_mhip_chan: 1644 MHI not initialized yet, probe in progress
01-01 08:00:54.397 0 0 I init : Sending signal 9 to service 'qcom-sh' (pid 1478) process group...
01-01 08:00:54.406 0 0 E ipa_usb_notify_cb: Set net_ready_trigger
01-01 08:00:54.417 0 0 I libprocessgroup: Successfully killed process cgroup uid 0 pid 1478 in 1ms
01-01 08:00:54.421 0 0 E ipa_mpm_vote_unvote_pcie_clk: 1530 MHI not initialized yet
01-01 08:00:54.430 0 0 E ipa_mpm_start_stop_remote_mhip_chan: 1644 MHI not initialized yet, probe in progress
01-01 08:00:54.444 0 0 E ipa_mpm_start_stop_mhip_chan: 1736 MHIP probe 1 not initialized
01-01 08:00:54.453 0 0 E ipa3_cfg_ep_ctrl: 4812 pipe setting delay is not supported
01-01 08:00:54.453 0 0 I init : Service 'vendor.light-hal-2-0' (pid 1669) exited with status 0
01-01 08:00:54.462 0 0 I init : Sending signal 9 to service 'vendor.light-hal-2-0' (pid 1669) process group...
01-01 08:00:54.464 0 0 I libprocessgroup: Successfully killed process cgroup uid 1000 pid 1669 in 2ms
01-01 08:00:54.516 1151 1609 W PackageParsing: No actions in intent-filter at /system/app/Bluetooth/Bluetooth.apk Binary XML file line #284
01-01 08:00:54.613 1151 1151 W PackageManager: Failed to parse /vendor/app/CneApp: Missing base APK in /vendor/app/CneApp/lib/arm64
01-01 08:00:54.956 1667 1667 F DEBUG : *** *** *** *** *** *** *** *** *** *** *** *** *** *** *** ***
01-01 08:00:54.956 1667 1667 F DEBUG : Build fingerprint: 'TC/figure_CN/figure:12/SKQ1.220201.001/1107:userdebug/test-keys'
01-01 08:00:54.956 1667 1667 F DEBUG : Revision: '0'
01-01 08:00:54.956 1667 1667 F DEBUG : ABI: 'arm64'
01-01 08:00:54.956 1667 1667 F DEBUG : Timestamp: 1970-01-01 08:00:54.390817494+0800
01-01 08:00:54.956 1667 1667 F DEBUG : Process uptime: 0s
01-01 08:00:54.956 1667 1667 F DEBUG : Cmdline: /vendor/bin/hw/android.hardware.camera.provider@2.4-service_64
01-01 08:00:54.957 1667 1667 F DEBUG : pid: 1571, tid: 1571, name: android.hardwar >>> /vendor/bin/hw/android.hardware.camera.provider@2.4-service_64 <<<
01-01 08:00:54.957 1667 1667 F DEBUG : uid: 1047
01-01 08:00:54.957 1667 1667 F DEBUG : signal 6 (SIGABRT), code -6 (SI_TKILL), fault addr --------
01-01 08:00:54.957 1667 1667 F DEBUG : x0 0000000000000000 x1 0000000000000623 x2 0000000000000006 x3 8080800000000000
01-01 08:00:54.957 1667 1667 F DEBUG : x4 00000000000cd288 x5 00000000000cd288 x6 00000000000cd288 x7 7f7f7f7f7f7f7f7f
01-01 08:00:54.957 1667 1667 F DEBUG : x8 0000000000000083 x9 44262a6249503908 x10 0000007fc07868b8 x11 fffffffffffffffd
01-01 08:00:54.957 1667 1667 F DEBUG : x12 000000792bd8c000 x13 0000000000000000 x14 0000007fc0787040 x15 ffffffffffffffff
01-01 08:00:54.958 1667 1667 F DEBUG : x16 0000007c4cafe5a0 x17 0000007c4cada7c0 x18 0000007c54992000 x19 000000792a45f565
01-01 08:00:54.958 1667 1667 F DEBUG : x20 b40000795b5accd0 x21 0000007c540dc000 x22 0000007fc078751c x23 000000792abd6aa0
01-01 08:00:54.958 1667 1667 F DEBUG : x24 000000792ab76fc0 x25 000000792ab20db0 x26 0000000000000060 x27 0000000000000000
01-01 08:00:54.958 1667 1667 F DEBUG : x28 b40000798b5aab68 x29 0000007fc07b3960
01-01 08:00:54.958 1667 1667 F DEBUG : lr 000000792aa587dc sp 0000007fc07874b0 pc 0000007c4cada7cc pst 0000000000001000
01-01 08:00:54.958 1667 1667 F DEBUG : backtrace:
01-01 08:00:54.958 1667 1667 F DEBUG : #00 pc 00000000000a17cc /apex/com.android.runtime/lib64/bionic/libc.so (tgkill+12) (BuildId: 369edc656806aeaf384cbeb8f7a347af)
01-01 08:00:54.958 1667 1667 F DEBUG : #01 pc 00000000006457d8 /vendor/lib64/hw/camera.qcom.so (CamX::HwEnvironment::GetInstance() (.cfi)+6368) (BuildId: 577757f361f69c46328d4dcf9bd6aaaf)
01-01 08:00:54.959 1667 1667 F DEBUG : #02 pc 0000000000266a50 /vendor/lib64/hw/camera.qcom.so (CamX::HAL3Module::GetInstance()+664) (BuildId: 577757f361f69c46328d4dcf9bd6aaaf)
01-01 08:00:54.959 1667 1667 F DEBUG : #03 pc 000000000025a294 /vendor/lib64/hw/camera.qcom.so (CamX::get_number_of_cameras() (.cfi)+84) (BuildId: 577757f361f69c46328d4dcf9bd6aaaf)
01-01 08:00:54.959 1667 1667 F DEBUG : #04 pc 0000000000034908 /vendor/lib64/android.hardware.camera.provider@2.4-legacy.so (android::hardware::camera::common::V1_0::helper::CameraModule::init()+200) (BuildId: c456d5ffa961e6c6954debfeaac86fd5)
01-01 08:00:54.959 1667 1667 F DEBUG : #05 pc 0000000000026e48 /vendor/lib64/android.hardware.camera.provider@2.4-legacy.so (android::hardware::camera::provider::V2_4::implementation::LegacyCameraProviderImpl_2_4::initialize()+140) (BuildId: c456d5ffa961e6c6954debfeaac86fd5)
01-01 08:00:54.959 1667 1667 F DEBUG : #06 pc 0000000000026638 /vendor/lib64/android.hardware.camera.provider@2.4-legacy.so (android::hardware::camera::provider::V2_4::implementation::LegacyCameraProviderImpl_2_4::LegacyCameraProviderImpl_2_4()+160) (BuildId: c456d5ffa961e6c6954debfeaac86fd5)
01-01 08:00:54.959 1667 1667 F DEBUG : #07 pc 000000000000415c /vendor/lib64/hw/android.hardware.camera.provider@2.4-impl.so (android::hardware::camera::provider::V2_4::implementation::CameraProvider* android::hardware::camera::provider::V2_4::implementation::getProviderImpl() (.cfi)+64) (BuildId: 5e2f33df9f94aadf6b2d7d01985be38c)
01-01 08:00:54.959 1667 1667 F DEBUG : #08 pc 0000000000051d94 /apex/com.android.vndk.v30/lib64/libhidlbase.so (android::hardware::PassthroughServiceManager::get(android::hardware::hidl_string const&, android::hardware::hidl_string const&)::'lambda'(void*, std::__1::basic_string, std::__1::allocator > const&, std::__1::basic_string, std::__1::allocator > const&)::operator()(void*, std::__1::basic_string, std::__1::allocator > const&, std::__1::basic_string, std::__1::allocator > const&) const+96) (BuildId: fc3e2389a057aeefafa6557f6d78a06b)
01-01 08:00:54.960 1667 1667 F DEBUG : #09 pc 000000000004cdf0 /apex/com.android.vndk.v30/lib64/libhidlbase.so (android::hardware::PassthroughServiceManager::openLibs(std::__1::basic_string, std::__1::allocator > const&, std::__1::function, std::__1::allocator > const&, std::__1::basic_string, std::__1::allocator > const&)> const&)+944) (BuildId: fc3e2389a057aeefafa6557f6d78a06b)
01-01 08:00:54.960 1667 1667 F DEBUG : #10 pc 00000000000502a0 /apex/com.android.vndk.v30/lib64/libhidlbase.so (android::hardware::PassthroughServiceManager::get(android::hardware::hidl_string const&, android::hardware::hidl_string const&)+92) (BuildId: fc3e2389a057aeefafa6557f6d78a06b)
01-01 08:00:54.960 1667 1667 F DEBUG : #11 pc 000000000004dd8c /apex/com.android.vndk.v30/lib64/libhidlbase.so (android::hardware::details::getRawServiceInternal(std::__1::basic_string, std::__1::allocator > const&, std::__1::basic_string, std::__1::allocator > const&, bool, bool)+1488) (BuildId: fc3e2389a057aeefafa6557f6d78a06b)
01-01 08:00:54.960 1667 1667 F DEBUG : #12 pc 000000000004b91c /apex/com.android.vndk.v30/lib64/libhidlbase.so (android::hardware::details::registerPassthroughServiceImplementation(std::__1::basic_string, std::__1::allocator > const&, std::__1::basic_string, std::__1::allocator > const&, std::__1::function const&, std::__1::basic_string, std::__1::allocator > const&)>, std::__1::basic_string, std::__1::allocator > const&)+80) (BuildId: fc3e2389a057aeefafa6557f6d78a06b)
01-01 08:00:54.960 1667 1667 F DEBUG : #13 pc 000000000004bc9c /apex/com.android.vndk.v30/lib64/libhidlbase.so (android::hardware::registerPassthroughServiceImplementation(std::__1::basic_string, std::__1::allocator > const&, std::__1::basic_string, std::__1::allocator > const&, std::__1::basic_string, std::__1::allocator > const&)+56) (BuildId: fc3e2389a057aeefafa6557f6d78a06b)
01-01 08:00:54.961 1667 1667 F DEBUG : #14 pc 0000000000001130 /vendor/bin/hw/android.hardware.camera.provider@2.4-service_64 (main.cfi+196) (BuildId: a1ba6e409ca848af1f0b7c62860af7da)
01-01 08:00:54.961 1667 1667 F DEBUG : #15 pc 000000000004a084 /apex/com.android.runtime/lib64/bionic/libc.so (__libc_init+100) (BuildId: 369edc656806aeaf384cbeb8f7a347af)
01-01 08:00:54.483 0 0 E ipa_usb_notify_cb: Set net_ready_trigger
01-01 08:00:54.980 0 0 E init : Control message: Could not find 'android.frameworks.sensorservice@1.0::ISensorManager/default' for ctl.interface_start from pid: 504 (/system/bin/hwservicemanager)
01-01 08:00:55.004 0 0 E init : Control message: Could not find 'android.frameworks.sensorservice@1.0::ISensorManager/default' for ctl.interface_start from pid: 504 (/system/bin/hwservicemanager)
01-01 08:00:55.059 0 0 I IPv6 : ADDRCONF(NETDEV_UP): vlan1: link is not ready
01-01 08:00:55.063 0 0 I : ip (1706) used greatest stack depth: 9736 bytes left
01-01 08:00:55.219 1151 1606 W PackageParsing: Ignoring duplicate uses-permissions/uses-permissions-sdk-m: android.permission.CONFIGURE_WIFI_DISPLAY in package: com.android.systemui at: Binary XML file line #160
01-01 08:00:55.225 1249 1249 E iorapd : Cannot get package manager service!
01-01 08:00:55.257 1151 1606 I PackageParsing: Parse times for '/system_ext/priv-app/SystemUI': parse=339ms, update_cache=3 ms
01-01 08:00:55.317 0 0 E MAIN_MGR: hvdcp_opti Version: 3:0:0
01-01 08:00:55.327 1712 1712 I auditd : type=1400 audit(0.0:87): avc: denied { read } for comm="hvdcp_opti" name="devices" dev="sysfs" ino=46972 scontext=u:r:vendor_hvdcp:s0 tcontext=u:object_r:sysfs:s0 tclass=dir permissive=0
01-01 08:00:55.329 0 0 E MAIN_MGR: set keepcaps failed!
01-01 08:00:55.330 0 0 E CHG_POLICY_PATH: Failed to get IIO path for MAIN_PSY
01-01 08:00:55.637 1151 1608 I PackageParsing: Parse times for '/system_ext/priv-app/Settings': parse=794ms, update_cache=11 ms
01-01 08:00:55.696 1151 1607 W PackageParsing: Ignoring duplicate uses-permissions/uses-permissions-sdk-m: android.permission.INTERACT_ACROSS_USERS in package: com.thundercomm.microsettings at: Binary XML file line #13
01-01 08:00:55.696 1151 1607 W PackageParsing: Ignoring duplicate uses-permissions/uses-permissions-sdk-m: android.permission.SET_TIME_ZONE in package: com.thundercomm.microsettings at: Binary XML file line #31
01-01 08:00:55.769 1151 1609 W PackageParsing: No actions in intent-filter at /system_ext/app/SnapdragonMusic/SnapdragonMusic.apk Binary XML file line #82
01-01 08:00:55.771 1151 1609 W PackageParsing: No actions in intent-filter at /system_ext/app/SnapdragonMusic/SnapdragonMusic.apk Binary XML file line #218
01-01 08:00:55.824 0 0 I IPv6 : ADDRCONF(NETDEV_UP): vlan2: link is not ready
01-01 08:00:55.994 0 0 W logd : Skipping entries from slow reader, pid 1257, fd 14, from LogBuffer::Prune()
01-01 08:00:55.994 0 0 W logd : Skipping entries from slow reader, pid 1257, fd 14, from LogBuffer::Prune()
01-01 08:00:56.020 1151 1151 I PackageManager: Finished scanning system apps. Time: 2415 ms, packageCount: 142 , timePerPackage: 17 , cached: 0
01-01 08:00:56.020 1151 1151 I boot_progress_pms_data_scan_start: 49042
01-01 08:00:56.021 1151 1151 I PackageManager: Finished scanning non-system apps. Time: 1 ms, packageCount: 0 , timePerPackage: 0 , cached: 0
01-01 08:00:56.023 1151 1151 E PackageManager: updateAllSharedLibrariesLPw failed: Package com.qualcomm.embms requires unavailable shared library com.qualcomm.qcrilhook; failing!
01-01 08:00:56.023 1151 1151 E PackageManager: updateAllSharedLibrariesLPw failed: Package com.android.systemui requires unavailable shared library com.qti.extphone.extphonelib; failing!
01-01 08:00:56.024 1151 1151 E PackageManager: updateAllSharedLibrariesLPw failed: Package com.android.settings requires unavailable shared library com.qti.extphone.extphonelib; failing!
01-01 08:00:56.024 1151 1151 E PackageManager: updateAllSharedLibrariesLPw failed: Package com.qualcomm.qti.devicestatisticsservice requires unavailable shared library qti-telephony-hidl-wrapper-prd; failing!
01-01 08:00:56.024 1151 1151 E PackageManager: updateAllSharedLibrariesLPw failed: Package com.qti.snapdragon.qdcm_ff requires unavailable shared library vendor.display.color.V1_0.IDisplayColor; failing!
01-01 08:00:56.024 1151 1151 E PackageManager: updateAllSharedLibrariesLPw failed: Package com.qti.pasrservice requires unavailable shared library vendor.qti.power.pasrmanager.V1_0.IPasrManager; failing!
01-01 08:00:56.025 1151 1151 E PackageManager: updateAllSharedLibrariesLPw failed: Package com.qualcomm.wfd.service requires unavailable shared library .WfdService; failing!
01-01 08:00:56.025 1151 1151 E PackageManager: updateAllSharedLibrariesLPw failed: Package com.qualcomm.uimremoteserver requires unavailable shared library qti-telephony-hidl-wrapper-prd; failing!
01-01 08:00:56.025 1151 1151 E PackageManager: updateAllSharedLibrariesLPw failed: Package com.qualcomm.uimremoteclient requires unavailable shared library qti-telephony-hidl-wrapper-prd; failing!
01-01 08:00:56.038 1151 1151 I boot_progress_pms_scan_end: 49061
01-01 08:00:56.039 1151 1151 I PackageManager: Time to scan packages: 2.434 seconds
01-01 08:00:56.039 1151 1151 I PackageManager: Permission ownership changed. Updating all permissions.
01-01 08:00:56.056 0 0 W mv2112_read_status: autoneg not complete
01-01 08:00:56.056 0 0 I : mv2112_disable_aneg
01-01 08:00:56.057 0 0 I : mv2112_setup_forced
01-01 08:00:56.058 0 0 I lan743x 0001: 01:00.0 eth0: Link is Down
01-01 08:00:56.064 1151 1151 V PackageManager: reconcileAppsData for null u0 0x1 migrateAppData=true
01-01 08:00:56.225 1249 1249 W iorapd : Reconnect to package manager service: 2 times
01-01 08:00:56.318 1151 1151 V PackageManager: reconcileAppsData finished 27 packages
01-01 08:00:56.318 1151 1151 I PackageManagerTiming: write settings
01-01 08:00:56.319 1151 1736 I SystemServerTimingAsync: InitThreadPoolExec:prepareAppData
01-01 08:00:56.319 1151 1736 D SystemServerInitThreadPool: Started executing prepareAppData
01-01 08:00:56.404 0 0 I IPv6 : ADDRCONF(NETDEV_UP): vlan4: link is not ready
01-01 08:00:56.410 1151 1151 I commit_sys_config_file: [package-user-0,7]
01-01 08:00:56.410 1151 1151 I commit_sys_config_file: [package,91]
01-01 08:00:56.410 1151 1151 D PackageManagerTiming: write settings took to complete: 92ms
01-01 08:00:56.410 1151 1151 I boot_progress_pms_ready: 49433
01-01 08:00:56.411 1151 1151 W PackageManager: Intent filter verifier not found
01-01 08:00:56.411 1151 1151 W PackageManager: Domain verification agent not found
01-01 08:00:56.415 1151 1151 D PackageManager: Ephemeral resolver NOT found; no matching intent filters
01-01 08:00:56.415 1151 1151 D PackageManager: Instant App installer not found with android.intent.action.INSTALL_INSTANT_APP_PACKAGE
01-01 08:00:56.415 1151 1151 D PackageManager: Clear ephemeral installer activity
01-01 08:00:56.431 1151 1151 I PackageManagerTiming: GC
01-01 08:00:56.431 1151 1151 D PackageManagerTiming: GC took to complete: 0ms
01-01 08:00:56.431 1151 1151 I PackageManager: Fix for b/169414761 is applied
01-01 08:00:56.431 1151 1151 D PackageManagerTiming: create package manager took to complete: 3834ms
01-01 08:00:56.431 1151 1151 V UserManagerService: Checking that all system packages are whitelisted.
01-01 08:00:56.436 1151 1151 W UserManagerService: checkWhitelistedSystemPackages(mode=ENFORCE|IMPLICIT_WHITELIST|IMPLICIT_WHITELIST_SYSTEM) has 67 warnings:
01-01 08:00:56.436 1151 1151 W UserManagerService: com.android.internal.display.cutout.emulation.corner is allowlisted but not present.
01-01 08:00:56.436 1151 1151 W UserManagerService: com.android.internal.display.cutout.emulation.double is allowlisted but not present.
01-01 08:00:56.436 1151 1151 W UserManagerService: com.android.theme.color.amethyst is allowlisted but not present.
01-01 08:00:56.436 1151 1151 W UserManagerService: com.android.theme.icon.pebble is allowlisted but not present.
01-01 08:00:56.436 1151 1151 W UserManagerService: com.android.theme.color.sand is allowlisted but not present.
01-01 08:00:56.436 1151 1151 W UserManagerService: com.android.theme.icon.vessel is allowlisted but not present.
01-01 08:00:56.436 1151 1151 W UserManagerService: com.android.theme.color.cinnamon is allowlisted but not present.
01-01 08:00:56.437 1151 1151 W UserManagerService: com.android.theme.icon_pack.victor.settings is allowlisted but not present.
01-01 08:00:56.437 1151 1151 W UserManagerService: com.android.theme.icon_pack.rounded.systemui is allowlisted but not present.
01-01 08:00:56.437 1151 1151 W UserManagerService: com.android.theme.icon.taperedrect is allowlisted but not present.
01-01 08:00:56.437 1151 1151 W UserManagerService: com.android.theme.icon_pack.rounded.android is allowlisted but not present.
01-01 08:00:56.437 1151 1151 W UserManagerService: com.qualcomm.qti.euiccresource is allowlisted but not present.
01-01 08:00:56.437 1151 1151 W UserManagerService: com.qualcomm.qti.telephonyservice is allowlisted but not present.
01-01 08:00:56.437 1151 1151 W UserManagerService: com.android.theme.icon_pack.victor.systemui is allowlisted but not present.
01-01 08:00:56.437 1151 1151 W UserManagerService: com.android.theme.icon_pack.circular.themepicker is allowlisted but not present.
01-01 08:00:56.437 1151 1151 W UserManagerService: com.android.theme.color.tangerine is allowlisted but not present.
01-01 08:00:56.437 1151 1151 W UserManagerService: com.android.theme.color.aquamarine is allowlisted but not present.
01-01 08:00:56.437 1151 1151 W UserManagerService: com.android.internal.display.cutout.emulation.hole is allowlisted but not present.
01-01 08:00:56.437 1151 1151 W UserManagerService: com.android.internal.display.cutout.emulation.tall is allowlisted but not present.
01-01 08:00:56.437 1151 1151 W UserManagerService: com.android.theme.color.black is allowlisted but not present.
01-01 08:00:56.437 1151 1151 W UserManagerService: com.android.theme.color.green is allowlisted but not present.
01-01 08:00:56.438 1151 1151 W UserManagerService: com.android.theme.color.ocean is allowlisted but not present.
01-01 08:00:56.438 1151 1151 W UserManagerService: com.android.theme.color.space is allowlisted but not present.
01-01 08:00:56.438 1151 1151 W UserManagerService: com.qti.qualcomm.datastatusnotification is allowlisted but not present.
01-01 08:00:56.438 1151 1151 W UserManagerService: com.qualcomm.qti.callfeaturessetting is allowlisted but not present.
01-01 08:00:56.438 1151 1151 W UserManagerService: com.android.theme.icon_pack.rounded.launcher is allowlisted but not present.
01-01 08:00:56.438 1151 1151 W UserManagerService: com.qti.qualcomm.deviceinfo is allowlisted but not present.
01-01 08:00:56.438 1151 1151 W UserManagerService: com.android.theme.icon_pack.kai.settings is allowlisted but not present.
01-01 08:00:56.438 1151 1151 W UserManagerService: com.android.internal.systemui.navbar.twobutton is allowlisted but not present.
01-01 08:00:56.438 1151 1151 W UserManagerService: org.codeaurora.ims is allowlisted but not present.
01-01 08:00:56.438 1151 1151 W UserManagerService: com.android.theme.icon_pack.sam.settings is allowlisted but not present.
01-01 08:00:56.438 1151 1151 W UserManagerService: com.android.theme.icon_pack.kai.themepicker is allowlisted but not present.
01-01 08:00:56.438 1151 1151 W UserManagerService: com.qualcomm.qcrilmsgtunnel is allowlisted but not present.
01-01 08:00:56.438 1151 1151 W UserManagerService: com.android.theme.icon_pack.victor.launcher is allowlisted but not present.
01-01 08:00:56.438 1151 1151 W UserManagerService: com.android.theme.icon_pack.filled.settings is allowlisted but not present.
01-01 08:00:56.438 1151 1151 W UserManagerService: com.android.theme.icon_pack.kai.systemui is allowlisted but not present.
01-01 08:00:56.439 1151 1151 W UserManagerService: com.android.theme.icon_pack.circular.settings is allowlisted but not present.
01-01 08:00:56.439 1151 1151 W UserManagerService: com.qti.xdivert is allowlisted but not present.
01-01 08:00:56.439 1151 1151 W UserManagerService: com.android.theme.icon_pack.sam.systemui is allowlisted but not present.
01-01 08:00:56.439 1151 1151 W UserManagerService: com.android.theme.icon.teardrop is allowlisted but not present.
01-01 08:00:56.439 1151 1151 W UserManagerService: com.android.theme.icon_pack.rounded.themepicker is allowlisted but not present.
01-01 08:00:56.439 1151 1151 W UserManagerService: com.android.theme.icon_pack.filled.systemui is allowlisted but not present.
01-01 08:00:56.439 1151 1151 W UserManagerService: com.qualcomm.qti.imsiprivacy.tests is allowlisted but not present.
01-01 08:00:56.439 1151 1151 W UserManagerService: com.android.theme.icon_pack.sam.android is allowlisted but not present.
01-01 08:00:56.439 1151 1151 W UserManagerService: com.android.theme.icon_pack.filled.android is allowlisted but not present.
01-01 08:00:56.439 1151 1151 W UserManagerService: com.android.theme.icon_pack.circular.systemui is allowlisted but not present.
01-01 08:00:56.439 1151 1151 W UserManagerService: com.android.theme.icon_pack.kai.android is allowlisted but not present.
01-01 08:00:56.439 1151 1151 W UserManagerService: com.android.theme.icon_pack.kai.launcher is allowlisted but not present.
01-01 08:00:56.439 1151 1151 W UserManagerService: com.qualcomm.qti.sam.service is allowlisted but not present.
01-01 08:00:56.439 1151 1151 W UserManagerService: com.android.theme.icon_pack.sam.launcher is allowlisted but not present.
01-01 08:00:56.439 1151 1151 W UserManagerService: com.android.theme.icon.squircle is allowlisted but not present.
01-01 08:00:56.439 1151 1151 W UserManagerService: com.android.theme.icon_pack.victor.android is allowlisted but not present.
01-01 08:00:56.440 1151 1151 W UserManagerService: com.android.theme.color.palette is allowlisted but not present.
01-01 08:00:56.440 1151 1151 W UserManagerService: com.android.theme.icon_pack.filled.launcher is allowlisted but not present.
01-01 08:00:56.440 1151 1151 W UserManagerService: com.android.theme.color.carbon is allowlisted but not present.
01-01 08:00:56.440 1151 1151 W UserManagerService: com.android.theme.icon_pack.circular.launcher is allowlisted but not present.
01-01 08:00:56.440 1151 1151 W UserManagerService: com.android.theme.icon_pack.filled.themepicker is allowlisted but not present.
01-01 08:00:56.440 1151 1151 W UserManagerService: com.android.theme.icon_pack.victor.themepicker is allowlisted but not present.
01-01 08:00:56.440 1151 1151 W UserManagerService: com.android.theme.color.orchid is allowlisted but not present.
01-01 08:00:56.440 1151 1151 W UserManagerService: com.android.theme.color.purple is allowlisted but not present.
01-01 08:00:56.440 1151 1151 W UserManagerService: com.qualcomm.qti.confdialer is allowlisted but not present.
01-01 08:00:56.440 1151 1151 W UserManagerService: com.android.theme.icon_pack.sam.themepicker is allowlisted but not present.
01-01 08:00:56.440 1151 1151 W UserManagerService: com.qualcomm.atfwd is allowlisted but not present.
01-01 08:00:56.440 1151 1151 W UserManagerService: com.android.theme.icon.roundedrect is allowlisted but not present.
01-01 08:00:56.440 1151 1151 W UserManagerService: com.android.theme.icon_pack.rounded.settings is allowlisted but not present.
01-01 08:00:56.440 1151 1151 W UserManagerService: org.codeaurora.qti.nrNetworkSettingApp is allowlisted but not present.
01-01 08:00:56.440 1151 1151 W UserManagerService: com.android.theme.icon_pack.circular.android is allowlisted but not present.
01-01 08:00:56.443 1151 1151 I Watchdog: Resuming HandlerChecker: main thread for reason: packagemanagermain. Pause count: 0
01-01 08:00:56.443 1151 1151 I SystemServerDexLoadReporter: Configuring system server dex reporter
01-01 08:00:56.517 1151 1151 D SystemServerTiming: StartPackageManagerService took to complete: 3927ms
01-01 08:00:56.518 1151 1151 I SystemServerTiming: StartOtaDexOptService
01-01 08:00:56.518 1151 1151 I Watchdog: Pausing HandlerChecker: main thread for reason: moveab. Pause count: 1
01-01 08:00:56.519 1151 1151 D OTADexopt: No upgrade, skipping A/B artifacts check.
01-01 08:00:56.520 1151 1151 I Watchdog: Resuming HandlerChecker: main thread for reason: moveab. Pause count: 0
01-01 08:00:56.520 1151 1151 D SystemServerTiming: StartOtaDexOptService took to complete: 1ms
01-01 08:00:56.520 1151 1151 I SystemServerTiming: StartUserManagerService
01-01 08:00:56.520 1151 1151 I SystemServiceManager: Starting com.android.server.pm.UserManagerService$LifeCycle
01-01 08:00:56.521 1151 1151 D SystemServerTiming: StartUserManagerService took to complete: 1ms
01-01 08:00:56.521 1151 1151 I SystemServerTiming: InitAttributerCache
01-01 08:00:56.522 1151 1151 D SystemServerTiming: InitAttributerCache took to complete: 0ms
01-01 08:00:56.522 1151 1151 I SystemServerTiming: SetSystemProcess
01-01 08:00:56.539 1335 1745 I storaged: storaged: Start
01-01 08:00:56.541 1151 1185 V HistoricalRegistry: Interaction before persistence initialized
01-01 08:00:56.543 1151 1151 I am_uid_running: 1000
01-01 08:00:56.556 1151 1184 V HistoricalRegistry: Interaction before persistence initialized
01-01 08:00:56.560 1151 1354 I ActivityManager: Connection with lmkd established
01-01 08:00:56.562 1151 1151 I am_uid_active: 1000
01-01 08:00:56.564 1151 1151 D SystemServerTiming: SetSystemProcess took to complete: 42ms
01-01 08:00:56.564 1151 1151 I SystemServerTiming: InitWatchdog
01-01 08:00:56.564 1151 1151 D SystemServerTiming: InitWatchdog took to complete: 0ms
01-01 08:00:56.570 1151 1151 I SystemServerTiming: StartOverlayManagerService
01-01 08:00:56.698 1151 1151 I commit_sys_config_file: [overlays,3]
01-01 08:00:56.704 1151 1310 W ActivityTaskManager: Skip updateConfiguration because mWindowManager isn't set
01-01 08:00:56.706 1151 1151 D SystemServerTiming: StartOverlayManagerService took to complete: 137ms
01-01 08:00:56.707 1151 1151 I SystemServerTiming: StartSensorPrivacyService
01-01 08:00:56.712 1151 1151 D SystemServerTiming: StartSensorPrivacyService took to complete: 6ms
01-01 08:00:56.713 1151 1151 I SystemServerTiming: StartSensorService
01-01 08:00:56.713 1151 1151 I SystemServiceManager: Starting com.android.server.sensors.SensorService
01-01 08:00:56.713 1151 1151 D SystemServerTiming: StartSensorService took to complete: 1ms
01-01 08:00:56.713 1151 1151 D SystemServerTiming: startBootstrapServices took to complete: 6090ms
01-01 08:00:56.713 1151 1151 I SystemServerTiming: startCoreServices
01-01 08:00:56.713 1151 1151 I SystemServerTiming: StartSystemConfigService
01-01 08:00:56.713 1151 1151 I SystemServiceManager: Starting com.android.server.SystemConfigService
01-01 08:00:56.714 1151 1758 I SystemServerTimingAsync: InitThreadPoolExec:StartNativeSensorService
01-01 08:00:56.714 1151 1758 D SystemServerInitThreadPool: Started executing StartNativeSensorService
01-01 08:00:56.715 1151 1151 D SystemServerTiming: StartSystemConfigService took to complete: 1ms
01-01 08:00:56.715 1151 1151 I SystemServerTiming: StartBatteryService
01-01 08:00:56.715 1151 1151 I SystemServiceManager: Starting com.android.server.BatteryService
01-01 08:00:56.717 1151 1758 I SystemServerTimingAsync: StartNativeSensorService
01-01 08:00:56.726 1151 1346 I battery_status: [1,1,0,0,]
01-01 08:00:56.727 0 0 W healthd : battery none chg=
01-01 08:00:56.737 1151 1151 I HealthServiceWrapper: health: HealthServiceWrapper listening to instance default
01-01 08:00:56.737 1151 1151 I BatteryService: health: Waited 0ms and received the update.
01-01 08:00:56.740 1151 1151 D SystemServerTiming: StartBatteryService took to complete: 25ms
01-01 08:00:56.740 1151 1151 I SystemServerTiming: StartUsageService
01-01 08:00:56.740 1151 1151 I SystemServiceManager: Starting com.android.server.usage.UsageStatsService
01-01 08:00:56.749 1151 1758 D SystemServerTimingAsync: StartNativeSensorService took to complete: 31ms
01-01 08:00:56.749 1151 1758 D SystemServerInitThreadPool: Finished executing StartNativeSensorService
01-01 08:00:56.749 1151 1758 D SystemServerTimingAsync: InitThreadPoolExec:StartNativeSensorService took to complete: 34ms
01-01 08:00:56.750 1151 1151 D SystemServerTiming: StartUsageService took to complete: 10ms
01-01 08:00:56.750 1151 1151 I SystemServerTiming: StartWebViewUpdateService
01-01 08:00:56.750 1151 1151 I SystemServiceManager: Starting com.android.server.webkit.WebViewUpdateService
01-01 08:00:56.753 1151 1151 D SystemServerTiming: StartWebViewUpdateService took to complete: 3ms
01-01 08:00:56.753 1151 1151 I SystemServerTiming: StartCachedDeviceStateService
01-01 08:00:56.753 1151 1151 I SystemServiceManager: Starting com.android.server.CachedDeviceStateService
01-01 08:00:56.754 1151 1151 D SystemServerTiming: StartCachedDeviceStateService took to complete: 0ms
01-01 08:00:56.754 1151 1151 I SystemServerTiming: StartBinderCallsStatsService
01-01 08:00:56.754 1151 1151 I SystemServiceManager: Starting com.android.server.BinderCallsStatsService$LifeCycle
01-01 08:00:56.755 1151 1151 D SystemServerTiming: StartBinderCallsStatsService took to complete: 2ms
01-01 08:00:56.755 1151 1151 I SystemServerTiming: StartLooperStatsService
01-01 08:00:56.756 1151 1151 I SystemServiceManager: Starting com.android.server.LooperStatsService$Lifecycle
01-01 08:00:56.758 1151 1151 D SystemServerTiming: StartLooperStatsService took to complete: 2ms
01-01 08:00:56.758 1151 1151 I SystemServerTiming: StartRollbackManagerService
01-01 08:00:56.758 1151 1151 I SystemServiceManager: Starting com.android.server.rollback.RollbackManagerService
01-01 08:00:56.767 1151 1151 I PackageWatchdog: Syncing state, reason: added new observer
01-01 08:00:56.767 1151 1151 I PackageWatchdog: Not pruning observers, elapsed time: 0ms
01-01 08:00:56.767 1151 1348 I PackageWatchdog: Saving observer state to file
01-01 08:00:56.771 1151 1151 D SystemServerTiming: StartRollbackManagerService took to complete: 13ms
01-01 08:00:56.771 1151 1151 I SystemServerTiming: StartNativeTombstoneManagerService
01-01 08:00:56.771 1151 1151 I SystemServiceManager: Starting com.android.server.os.NativeTombstoneManagerService
01-01 08:00:56.773 1151 1151 D SystemServerTiming: StartNativeTombstoneManagerService took to complete: 3ms
01-01 08:00:56.773 1151 1151 I SystemServerTiming: StartBugreportManagerService
01-01 08:00:56.774 1151 1151 I SystemServiceManager: Starting com.android.server.os.BugreportManagerService
01-01 08:00:56.775 1151 1151 D SystemServerTiming: StartBugreportManagerService took to complete: 1ms
01-01 08:00:56.775 1151 1151 I SystemServerTiming: GpuService
01-01 08:00:56.775 1151 1151 I SystemServiceManager: Starting com.android.server.gpu.GpuService
01-01 08:00:56.775 1151 1151 D SystemServerTiming: GpuService took to complete: 0ms
01-01 08:00:56.775 1151 1151 D SystemServerTiming: startCoreServices took to complete: 62ms
01-01 08:00:56.776 1151 1151 I SystemServerTiming: startOtherServices
01-01 08:00:56.776 1151 1151 I SystemServerTiming: StartKeyAttestationApplicationIdProviderService
01-01 08:00:56.777 1151 1771 I SystemServerTimingAsync: InitThreadPoolExec:SecondaryZygotePreload
01-01 08:00:56.778 1151 1771 D SystemServerInitThreadPool: Started executing SecondaryZygotePreload
01-01 08:00:56.779 1151 1771 I SystemServer: SecondaryZygotePreload
01-01 08:00:56.779 1151 1771 I SystemServerTimingAsync: SecondaryZygotePreload
01-01 08:00:56.779 1151 1151 D SystemServerTiming: StartKeyAttestationApplicationIdProviderService took to complete: 1ms
01-01 08:00:56.779 1151 1151 I SystemServerTiming: StartKeyChainSystemService
01-01 08:00:56.779 1151 1151 I SystemServiceManager: Starting com.android.server.security.KeyChainSystemService
01-01 08:00:56.779 1151 1151 D SystemServerTiming: StartKeyChainSystemService took to complete: 0ms
01-01 08:00:56.780 1151 1151 I SystemServerTiming: StartSchedulingPolicyService
01-01 08:00:56.781 1151 1772 I SystemServerTimingAsync: InitThreadPoolExec:SchedulingPolicyService.
01-01 08:00:56.781 1151 1772 D SystemServerInitThreadPool: Started executing SchedulingPolicyService.
01-01 08:00:56.781 1151 1151 D SystemServerTiming: StartSchedulingPolicyService took to complete: 1ms
01-01 08:00:56.781 1151 1151 I SystemServerTiming: StartTelecomLoaderService
01-01 08:00:56.782 1151 1151 I SystemServiceManager: Starting com.android.server.telecom.TelecomLoaderService
01-01 08:00:56.782 1151 1151 D SystemServerTiming: StartTelecomLoaderService took to complete: 1ms
01-01 08:00:56.782 1151 1151 I SystemServerTiming: StartTelephonyRegistry
01-01 08:00:56.785 1151 1151 D SystemServerTiming: StartTelephonyRegistry took to complete: 3ms
01-01 08:00:56.785 1151 1151 I SystemServerTiming: StartEntropyMixer
01-01 08:00:56.788 1151 1151 I EntropyMixer: Writing entropy...
01-01 08:00:56.796 1151 1151 D SystemServerTiming: StartEntropyMixer took to complete: 11ms
01-01 08:00:56.796 1151 1151 I SystemServerTiming: StartAccountManagerService
01-01 08:00:56.796 1151 1151 I SystemServiceManager: Starting com.android.server.accounts.AccountManagerService$Lifecycle
01-01 08:00:56.812 1151 1151 D SystemServerTiming: StartAccountManagerService took to complete: 16ms
01-01 08:00:56.813 1151 1151 I SystemServerTiming: StartContentService
01-01 08:00:56.813 1151 1151 I SystemServiceManager: Starting com.android.server.content.ContentService$Lifecycle
01-01 08:00:56.815 1151 1151 D SystemServerTiming: StartContentService took to complete: 2ms
01-01 08:00:56.815 1151 1151 I SystemServerTiming: InstallSystemProviders
01-01 08:00:56.891 683 683 D ZygoteInitTiming_lazy: BeginPreload took to complete: 107ms
01-01 08:00:56.909 1151 1151 W SettingsState: No settings state /data/system/users/0/settings_ssaid.xml
01-01 08:00:56.925 1151 1772 D SystemServerInitThreadPool: Finished executing SchedulingPolicyService.
01-01 08:00:56.926 1151 1772 D SystemServerTimingAsync: InitThreadPoolExec:SchedulingPolicyService. took to complete: 144ms
01-01 08:00:56.930 1151 1151 I SettingsState: directory info for directory/file /data/system/users/0/settings_ssaid.xml with stacktrace
01-01 08:00:56.930 1151 1151 I SettingsState: java.lang.Exception
01-01 08:00:56.930 1151 1151 I SettingsState: at com.android.providers.settings.SettingsState.logSettingsDirectoryInformation(SettingsState.java:877)
01-01 08:00:56.930 1151 1151 I SettingsState: at com.android.providers.settings.SettingsState.readStateSyncLocked(SettingsState.java:1008)
01-01 08:00:56.930 1151 1151 I SettingsState: at com.android.providers.settings.SettingsState.(SettingsState.java:283)
01-01 08:00:56.930 1151 1151 I SettingsState: at com.android.providers.settings.SettingsProvider$SettingsRegistry.ensureSettingsStateLocked(SettingsProvider.java:2883)
01-01 08:00:56.930 1151 1151 I SettingsState: at com.android.providers.settings.SettingsProvider$SettingsRegistry.ensureSettingsForUserLocked(SettingsProvider.java:2871)
01-01 08:00:56.930 1151 1151 I SettingsState: at com.android.providers.settings.SettingsProvider$SettingsRegistry.peekSettingsStateLocked(SettingsProvider.java:3191)
01-01 08:00:56.930 1151 1151 I SettingsState: at com.android.providers.settings.SettingsProvider$SettingsRegistry.getSettingsNamesLocked(SettingsProvider.java:2813)
01-01 08:00:56.930 1151 1151 I SettingsState: at com.android.providers.settings.SettingsProvider$SettingsRegistry.syncSsaidTableOnStartLocked(SettingsProvider.java:2796)
01-01 08:00:56.930 1151 1151 I SettingsState: at com.android.providers.settings.SettingsProvider$SettingsRegistry.access$100(SettingsProvider.java:2666)
01-01 08:00:56.930 1151 1151 I SettingsState: at com.android.providers.settings.SettingsProvider.onCreate(SettingsProvider.java:396)
01-01 08:00:56.930 1151 1151 I SettingsState: at android.content.ContentProvider.attachInfo(ContentProvider.java:2404)
01-01 08:00:56.930 1151 1151 I SettingsState: at android.content.ContentProvider.attachInfo(ContentProvider.java:2374)
01-01 08:00:56.930 1151 1151 I SettingsState: at android.app.ActivityThread.installProvider(ActivityThread.java:7463)
01-01 08:00:56.930 1151 1151 I SettingsState: at android.app.ActivityThread.installContentProviders(ActivityThread.java:6980)
01-01 08:00:56.930 1151 1151 I SettingsState: at android.app.ActivityThread.installSystemProviders(ActivityThread.java:7650)
01-01 08:00:56.930 1151 1151 I SettingsState: at com.android.server.am.ContentProviderHelper.installSystemProviders(ContentProviderHelper.java:1247)
01-01 08:00:56.930 1151 1151 I SettingsState: at com.android.server.SystemServer.startOtherServices(SystemServer.java:1440)
01-01 08:00:56.930 1151 1151 I SettingsState: at com.android.server.SystemServer.run(SystemServer.java:884)
01-01 08:00:56.930 1151 1151 I SettingsState: at com.android.server.SystemServer.main(SystemServer.java:615)
01-01 08:00:56.930 1151 1151 I SettingsState: at java.lang.reflect.Method.invoke(Native Method)
01-01 08:00:56.930 1151 1151 I SettingsState: at com.android.internal.os.RuntimeInit$MethodAndArgsCaller.run(RuntimeInit.java:548)
01-01 08:00:56.930 1151 1151 I SettingsState: at com.android.internal.os.ZygoteInit.main(ZygoteInit.java:987)
01-01 08:00:56.930 1151 1151 I SettingsState: ancestor directory /data/system/users/0 exists
01-01 08:00:56.931 1151 1151 I SettingsState: ancestor directory /data/system/users/0 permissions: r: true w: true x: true
01-01 08:00:56.931 1151 1151 I SettingsState: ancestor's parent directory /data/system/users permissions: r: true w: true x: true
01-01 08:00:56.963 1151 1349 D ActivityManager: Freezer enabled
01-01 08:00:56.964 1151 1349 D ActivityManager: freezer override set to false
01-01 08:00:56.975 1151 1151 D SystemServerTiming: InstallSystemProviders took to complete: 160ms
01-01 08:00:56.975 1151 1151 I SystemServerTiming: StartDropBoxManager
01-01 08:00:56.975 1151 1151 I SystemServiceManager: Starting com.android.server.DropBoxManagerService
01-01 08:00:56.976 1151 1151 D SystemServerTiming: StartDropBoxManager took to complete: 2ms
01-01 08:00:56.976 1151 1151 I SystemServerTiming: StartRoleManagerService
01-01 08:00:56.977 1151 1151 I SystemServiceManager: Starting com.android.role.RoleService
01-01 08:00:56.982 1151 1151 D SystemServerTiming: StartRoleManagerService took to complete: 5ms
01-01 08:00:56.982 1151 1151 I SystemServerTiming: StartVibratorManagerService
01-01 08:00:56.982 1151 1151 I SystemServiceManager: Starting com.android.server.vibrator.VibratorManagerService$Lifecycle
01-01 08:00:56.996 1151 1151 D SystemServerTiming: StartVibratorManagerService took to complete: 14ms
01-01 08:00:56.996 1151 1151 I SystemServerTiming: StartDynamicSystemService
01-01 08:00:57.001 1151 1151 D SystemServerTiming: StartDynamicSystemService took to complete: 6ms
01-01 08:00:57.001 1151 1151 I SystemServerTiming: StartConsumerIrService
01-01 08:00:57.004 1151 1151 D SystemServerTiming: StartConsumerIrService took to complete: 3ms
01-01 08:00:57.004 1151 1151 I SystemServerTiming: StartAlarmManagerService
01-01 08:00:57.004 1151 1151 I SystemServiceManager: Starting com.android.server.alarm.AlarmManagerService
01-01 08:00:57.033 1151 1151 I AlarmManager: Current time only 57033, advancing to build time 1665681819000
10-14 01:23:39.004 1151 1151 D SystemServerTiming: StartAlarmManagerService took to complete: 33ms
10-14 01:23:39.004 1151 1151 I SystemServerTiming: StartInputManagerService
10-14 01:23:39.005 1151 1151 I InputManager: Initializing input manager, mUseDevInputEventForAudioJack=true
10-14 01:23:39.020 1151 1151 D SystemServerTiming: StartInputManagerService took to complete: 17ms
10-14 01:23:39.020 1151 1151 I SystemServerTiming: DeviceStateManagerService
10-14 01:23:39.020 1151 1151 I SystemServiceManager: Starting com.android.server.devicestate.DeviceStateManagerService
01-01 08:00:57.057 0 0 D : mv2112_read_status
01-01 08:00:57.057 0 0 D mv2112_update_link: 3.0x901(1G): 0x80
01-01 08:00:57.058 0 0 D mv2112_update_link: 3.0x8109(100M): 0x0
01-01 08:00:57.058 0 0 D mv2112_update_link: link 0x0
01-01 08:00:57.058 0 0 D mv2112_read_status: autoneg is disabled
10-14 01:23:39.031 1151 1151 D SystemServerTiming: DeviceStateManagerService took to complete: 10ms
10-14 01:23:39.031 1151 1151 I SystemServerTiming: StartCameraServiceProxy
10-14 01:23:39.032 1151 1151 I SystemServiceManager: Starting com.android.server.camera.CameraServiceProxy
10-14 01:23:39.036 1151 1151 D SystemServerTiming: StartCameraServiceProxy took to complete: 5ms
10-14 01:23:39.036 1151 1151 I SystemServerTiming: StartWindowManagerService
10-14 01:23:39.036 1151 1151 I SystemServiceManager: Starting phase 200
10-14 01:23:39.037 1151 1151 I SystemServerTiming: OnBootPhase_200
10-14 01:23:39.037 1151 1151 I SystemServerTiming: OnBootPhase_200_com.android.server.security.FileIntegrityService
10-14 01:23:39.037 1151 1151 D SystemServerTiming: OnBootPhase_200_com.android.server.security.FileIntegrityService took to complete: 0ms
10-14 01:23:39.037 1151 1151 I SystemServerTiming: OnBootPhase_200_com.android.server.pm.Installer
10-14 01:23:39.037 1151 1151 D SystemServerTiming: OnBootPhase_200_com.android.server.pm.Installer took to complete: 0ms
10-14 01:23:39.037 1151 1151 I SystemServerTiming: OnBootPhase_200_com.android.server.os.DeviceIdentifiersPolicyService
10-14 01:23:39.037 1151 1151 D SystemServerTiming: OnBootPhase_200_com.android.server.os.DeviceIdentifiersPolicyService took to complete: 0ms
10-14 01:23:39.037 1151 1151 I SystemServerTiming: OnBootPhase_200_com.android.server.uri.UriGrantsManagerService$Lifecycle
10-14 01:23:39.037 1151 1151 D SystemServerTiming: OnBootPhase_200_com.android.server.uri.UriGrantsManagerService$Lifecycle took to complete: 0ms
10-14 01:23:39.037 1151 1151 I SystemServerTiming: OnBootPhase_200_com.android.server.powerstats.PowerStatsService
10-14 01:23:39.037 1151 1151 D SystemServerTiming: OnBootPhase_200_com.android.server.powerstats.PowerStatsService took to complete: 0ms
10-14 01:23:39.037 1151 1151 I SystemServerTiming: OnBootPhase_200_com.android.server.wm.ActivityTaskManagerService$Lifecycle
10-14 01:23:39.037 1151 1151 D SystemServerTiming: OnBootPhase_200_com.android.server.wm.ActivityTaskManagerService$Lifecycle took to complete: 0ms
10-14 01:23:39.038 1151 1151 I SystemServerTiming: OnBootPhase_200_com.android.server.am.ActivityManagerService$Lifecycle
10-14 01:23:39.038 1151 1151 D SystemServerTiming: OnBootPhase_200_com.android.server.am.ActivityManagerService$Lifecycle took to complete: 0ms
10-14 01:23:39.038 1151 1151 I SystemServerTiming: OnBootPhase_200_com.android.server.pm.DataLoaderManagerService
10-14 01:23:39.038 1151 1151 D SystemServerTiming: OnBootPhase_200_com.android.server.pm.DataLoaderManagerService took to complete: 0ms
10-14 01:23:39.038 1151 1151 I SystemServerTiming: OnBootPhase_200_com.android.server.power.PowerManagerService
10-14 01:23:39.038 1151 1151 D SystemServerTiming: OnBootPhase_200_com.android.server.power.PowerManagerService took to complete: 0ms
10-14 01:23:39.038 1151 1151 I SystemServerTiming: OnBootPhase_200_com.android.server.power.ThermalManagerService
10-14 01:23:39.038 1151 1151 D SystemServerTiming: OnBootPhase_200_com.android.server.power.ThermalManagerService took to complete: 0ms
10-14 01:23:39.038 1151 1151 I SystemServerTiming: OnBootPhase_200_com.android.server.power.hint.HintManagerService
10-14 01:23:39.038 1151 1151 D SystemServerTiming: OnBootPhase_200_com.android.server.power.hint.HintManagerService took to complete: 0ms
