01-01 08:01:04.426 0 0 I init : Service 'vendor.light-hal-2-0' (pid 2590) exited with status 0
01-01 08:01:04.426 0 0 I init : Sending signal 9 to service 'vendor.light-hal-2-0' (pid 2590) process group...
01-01 08:01:04.427 0 0 I libprocessgroup: Successfully killed process cgroup uid 1000 pid 2590 in 0ms
10-14 01:23:46.394 1151 2098 D CompatibilityInfo: mCompatibilityFlags - 4
10-14 01:23:46.395 1151 2098 D CompatibilityInfo: applicationDensity - 240
10-14 01:23:46.395 1151 2098 D CompatibilityInfo: applicationScale - 1.0
10-14 01:23:46.396 1921 1921 D AvrcpControllerService: profile started successfully
10-14 01:23:46.397 1921 1921 V SapService: SapBinder()
10-14 01:23:46.397 1921 1921 D SapService: Received start request. Starting profile...
10-14 01:23:46.398 1921 2595 D BluetoothMapAccountEmailLoader: Email app is not installed
10-14 01:23:46.400 1333 1423 I OMXClient: IOmx service obtained
10-14 01:23:46.400 1344 2169 I OMXMaster: makeComponentInstance(OMX.google.vp9.decoder) in android.hardwar process
10-14 01:23:46.404 2394 2394 I QCC:DMEFacade: === startQdmaFileServiceNative ===
10-14 01:23:46.404 2394 2394 I QCC:OmaDMNative: Java_com_qualcomm_qti_innodme_DMEFacade_doStartQdmaFileServiceNative()
10-14 01:23:46.398 1921 2595 W BluetoothMapAccountEmailLoader: mEmailContext Cannot Access DefaultEmail
10-14 01:23:46.406 1921 2595 D BluetoothMapAccountEmailLoader: Enabled Accounts count:0
10-14 01:23:46.408 2394 2394 I qcc_file_service: create socket_listener thread id: 491698801840
10-14 01:23:46.408 2394 2394 I QCC:OmaDMNative: start socket listener pid: 491698801840
10-14 01:23:46.408 1921 2595 D BluetoothMapAccountLoader: Enabled Accounts count:0
10-14 01:23:46.408 1921 1921 V SapService: start()
10-14 01:23:46.408 1344 2169 E OMXNodeInstance: getExtensionIndex(0xf5040780:google.vp9.decoder, OMX.google.android.index.configureVideoTunnelMode) ERROR: UnsupportedIndex(0x8000101a)
10-14 01:23:46.408 2394 2394 I QCC:ApplicationManager: cleanApplicationData: do not need to retrieve previous session
10-14 01:23:46.408 1333 1423 D MediaCodecInfo: detail feature-tunneled-playback wasn't present to remove
10-14 01:23:46.408 1344 2169 E OMXNodeInstance: getExtensionIndex(0xf5040780:google.vp9.decoder, OMX.google.android.index.enableAndroidNativeBuffers) ERROR: UnsupportedIndex(0x8000101a)
10-14 01:23:46.410 1921 1921 D SapService: setSapService(): set to: com.android.bluetooth.sap.SapService@d58998d
10-14 01:23:46.410 1921 1921 D SapService: profile started successfully
10-14 01:23:46.411 1921 2595 D BluetoothMapAppObserver: createReceiver()
01-01 08:01:04.438 0 0 E : INFO: trying to register non-static key.
01-01 08:01:04.443 0 0 E : the code is fine but needs lockdep annotation.
01-01 08:01:04.448 0 0 I : CPU: 0 PID: 274 Comm: kworker/u16:3 Tainted: G S W O 4.19.157+ #1
01-01 08:01:04.448 0 0 I Hardware name: Qualcomm Technologies, Inc. kona MTP-RmPM8150b. VX1(MCE) EVT2 (DT)
01-01 08:01:04.448 0 0 I Workqueue: events_unbound ion_system_secure_heap_prefetch_work
01-01 08:01:04.448 0 0 I Call trace:
10-14 01:23:46.412 1921 1921 V BtOppService: onCreate
10-14 01:23:46.413 1921 2595 D BluetoothMapAppObserver: initObservers()
10-14 01:23:46.413 1921 2595 D BluetoothMapAppObserver: getEnabledAccountItems()
10-14 01:23:46.414 1921 2595 V BluetoothMapService: Handler(): got msg=1
10-14 01:23:46.414 1921 2595 D BluetoothMapMasInstance0: Map Service startSocketListeners
10-14 01:23:46.414 1921 2595 D ObexServerSockets: create(rfcomm = 26, l2capPsm = 4137)
10-14 01:23:46.414 1921 1921 D BluetoothOppService: Received start request. Starting profile...
10-14 01:23:46.415 2394 2599 I qcc_file_server: listen to qdma socket: 69
10-14 01:23:46.416 1921 1921 V BtOppService: start()
10-14 01:23:46.416 1921 1921 D BtOppService: setBluetoothOppService(): set to: com.android.bluetooth.opp.BluetoothOppService@1454490
10-14 01:23:46.416 1921 1921 D BluetoothOppService: profile started successfully
10-14 01:23:46.418 1921 1921 D BluetoothPbapService: Received start request. Starting profile...
10-14 01:23:46.419 1333 1423 I OMXClient: IOmx service obtained
10-14 01:23:46.420 1151 1770 I commit_sys_config_file: [log-files,4926]
10-14 01:23:46.420 1344 2169 I OMXMaster: makeComponentInstance(OMX.qcom.video.encoder.avc) in android.hardwar process
01-01 08:01:04.448 0 0 I : dump_backtrace+0x0/0x258
01-01 08:01:04.448 0 0 I : show_stack+0x20/0x30
01-01 08:01:04.448 0 0 I : dump_stack+0xd8/0x12c
01-01 08:01:04.448 0 0 I : register_lock_class+0x4d0/0x5c8
01-01 08:01:04.448 0 0 I : __lock_acquire+0xbc/0x1e58
01-01 08:01:04.448 0 0 I : lock_acquire+0x1cc/0x218
01-01 08:01:04.448 0 0 I : _raw_spin_lock_irqsave+0x54/0x98
01-01 08:01:04.448 0 0 I : ion_system_secure_heap_prefetch_work+0x94/0x2c0
01-01 08:01:04.449 0 0 I : process_one_work+0x38c/0x660
01-01 08:01:04.449 0 0 I : worker_thread+0x268/0x4b8
01-01 08:01:04.449 0 0 I : kthread+0x140/0x150
01-01 08:01:04.449 0 0 I : ret_from_fork+0x10/0x1c
10-14 01:23:46.425 1151 1770 E NativeTombstoneManager: Tombstone's UID (1047) not an app, ignoring
10-14 01:23:46.427 1151 1770 I DropBoxManagerService: add tag=SYSTEM_TOMBSTONE_PROTO isTagEnabled=true flags=0x4
10-14 01:23:46.432 2394 2394 W System.err: android.content.pm.PackageManager$NameNotFoundException: com.qualcomm.qti.smq
10-14 01:23:46.432 2394 2394 W System.err: at android.app.ApplicationPackageManager.getPackageInfoAsUser(ApplicationPackageManager.java:241)
10-14 01:23:46.432 2394 2394 W System.err: at android.app.ApplicationPackageManager.getPackageInfo(ApplicationPackageManager.java:213)
10-14 01:23:46.432 2394 2394 W System.err: at com.qualcomm.qti.qdma.app.ApplicationManager.isQccTrUiVer2XorHigher(ApplicationManager.java:3401)
10-14 01:23:46.432 2394 2394 W System.err: at com.qualcomm.qti.qdma.app.ApplicationManager.onCreate(ApplicationManager.java:363)
10-14 01:23:46.432 2394 2394 W System.err: at android.app.Instrumentation.callApplicationOnCreate(Instrumentation.java:1212)
10-14 01:23:46.433 2394 2394 W System.err: at android.app.ActivityThread.handleBindApplication(ActivityThread.java:6744)
10-14 01:23:46.433 2394 2394 W System.err: at android.app.ActivityThread.access$1500(ActivityThread.java:248)
10-14 01:23:46.433 2394 2394 W System.err: at android.app.ActivityThread$H.handleMessage(ActivityThread.java:2054)
10-14 01:23:46.433 2394 2394 W System.err: at android.os.Handler.dispatchMessage(Handler.java:106)
10-14 01:23:46.433 2394 2394 W System.err: at android.os.Looper.loopOnce(Looper.java:201)
10-14 01:23:46.433 2394 2394 W System.err: at android.os.Looper.loop(Looper.java:288)
10-14 01:23:46.433 2394 2394 W System.err: at android.app.ActivityThread.main(ActivityThread.java:7880)
10-14 01:23:46.433 2394 2394 W System.err: at java.lang.reflect.Method.invoke(Native Method)
10-14 01:23:46.433 2394 2394 W System.err: at com.android.internal.os.RuntimeInit$MethodAndArgsCaller.run(RuntimeInit.java:548)
10-14 01:23:46.434 2394 2394 W System.err: at com.android.internal.os.ZygoteInit.main(ZygoteInit.java:1009)
10-14 01:23:46.434 2394 2394 I QCC:ApplicationManager: isQccTrUiVer2XorHigher: false
10-14 01:23:46.434 2394 2394 I QCC:DMENativeInterface: droppingDefaultCDF, Build.MANUFACTURER : TC ,Build.MODEL : figure, IS_QUALCOMM_DEVICE : false , oldver: true
10-14 01:23:46.435 2394 2394 I QCC:ApplicationManager: getSharedPersistence, key : DefaultCDFFile, value : 0
10-14 01:23:46.435 2394 2394 I QCC:DMENativeInterface: not initial run or not Qualcomm device- do not droppingDefaultCDF
10-14 01:23:46.443 1921 1921 I BluetoothPbapService: setCurrentUser(0)
01-01 08:01:04.469 0 0 E : INFO: trying to register non-static key.
01-01 08:01:04.474 0 0 E : the code is fine but needs lockdep annotation.
01-01 08:01:04.479 0 0 I : CPU: 0 PID: 274 Comm: kworker/u16:3 Tainted: G S W O 4.19.157+ #1
01-01 08:01:04.479 0 0 I Hardware name: Qualcomm Technologies, Inc. kona MTP-RmPM8150b. VX1(MCE) EVT2 (DT)
01-01 08:01:04.479 0 0 I Workqueue: events_unbound ion_system_secure_heap_prefetch_work
01-01 08:01:04.479 0 0 I Call trace:
01-01 08:01:04.479 0 0 I : dump_backtrace+0x0/0x258
01-01 08:01:04.479 0 0 I : show_stack+0x20/0x30
01-01 08:01:04.479 0 0 I : dump_stack+0xd8/0x12c
01-01 08:01:04.479 0 0 I : register_lock_class+0x4d0/0x5c8
01-01 08:01:04.479 0 0 I : __lock_acquire+0xbc/0x1e58
01-01 08:01:04.479 0 0 I : lock_acquire+0x1cc/0x218
01-01 08:01:04.479 0 0 I : _raw_spin_lock_irqsave+0x54/0x98
01-01 08:01:04.479 0 0 I : ion_system_secure_heap_prefetch_work+0x94/0x2c0
01-01 08:01:04.479 0 0 I : process_one_work+0x38c/0x660
01-01 08:01:04.479 0 0 I : worker_thread+0x268/0x4b8
01-01 08:01:04.479 0 0 I : kthread+0x140/0x150
01-01 08:01:04.479 0 0 I : ret_from_fork+0x10/0x1c
10-14 01:23:46.446 504 504 I hwservicemanager: Since vendor.qti.hardware.iop@2.0::IIop/default is not registered, trying to start it as a lazy HAL.
10-14 01:23:46.446 1921 2513 I bt_stack: [INFO:port_api.cc(123)] RFCOMM_CreateConnection BDA: ff:ff:ff:ff:ff:ff
10-14 01:23:46.447 1341 1341 E ANDR-IOP: IIop:: Iop HAL Service is not available.
10-14 01:23:46.449 1151 1770 I commit_sys_config_file: [log-files,4956]
10-14 01:23:46.451 1921 2513 W bt_l2cap: L2CAP - L2CA_Register() called for PSM: 0x1029
10-14 01:23:46.452 1921 2595 D ObexServerSockets: Succeed to create listening sockets
10-14 01:23:46.452 1921 2595 D ObexServerSockets0: startAccept()
10-14 01:23:46.453 1921 2595 D BluetoothSdpJni: sdpCreateMapMasRecordNative
10-14 01:23:46.454 1921 2595 D BluetoothSdpJni: SDP Create record success - handle: 0
10-14 01:23:46.456 1921 2603 D ObexServerSockets0: Accepting socket connection...
10-14 01:23:46.457 1921 2604 D ObexServerSockets0: Accepting socket connection...
01-01 08:01:04.487 0 0 E init : Control message: Could not find 'vendor.qti.hardware.iop@2.0::IIop/default' for ctl.interface_start from pid: 504 (/system/bin/hwservicemanager)
01-01 08:01:04.499 0 0 E : INFO: trying to register non-static key.
10-14 01:23:46.459 1921 1921 D BluetoothPbapService: setBluetoothPbapService(): set to: com.android.bluetooth.pbap.BluetoothPbapService@d79e454
10-14 01:23:46.459 1921 1921 D BluetoothPbapService: profile started successfully
10-14 01:23:46.463 1921 1921 D HearingAidService: create()
10-14 01:23:46.464 1921 2601 D ObexServerSockets: create(rfcomm = 19, l2capPsm = 4133)
10-14 01:23:46.466 1151 1151 D BluetoothHearingAid: Proxy object connected
10-14 01:23:46.466 1151 1151 D BluetoothHearingAid: Proxy object connected
10-14 01:23:46.467 1151 1151 I Telecom : BluetoothDeviceManager: Got BluetoothHearingAid: android.bluetooth.BluetoothHearingAid@eec6c8b: BMSL.oSC@AAc
10-14 01:23:46.467 1151 1151 D BluetoothHearingAid: Proxy object connected
10-14 01:23:46.467 1151 1151 I AS.BtHelper: In onServiceConnected(), profile: 21, proxy: android.bluetooth.BluetoothHearingAid@23ec168
10-14 01:23:46.467 1921 1921 D HearingAidService: Received start request. Starting profile...
10-14 01:23:46.469 504 2602 W libc : Unable to set property "ctl.interface_start" to "vendor.qti.hardware.iop@2.0::IIop/default": error code: 0x20
10-14 01:23:46.470 504 2602 I hwservicemanager: Tried to start vendor.qti.hardware.iop@2.0::IIop/default as a lazy service, but was unable to. Usually this happens when a service is not installed, but if the service is intended to be used as a lazy service, then it may be configured incorrectly.
10-14 01:23:46.470 1921 2513 I bt_stack: [INFO:port_api.cc(123)] RFCOMM_CreateConnection BDA: ff:ff:ff:ff:ff:ff
10-14 01:23:46.473 1921 2605 W ActivityThread: Failed to find provider info for com.android.contacts (user not unlocked)
10-14 01:23:46.474 1921 2605 D BluetoothPbapUtils: Failed to fetch contacts data from database..
10-14 01:23:46.475 1151 1770 I commit_sys_config_file: [log-files,4982]
10-14 01:23:46.476 1921 1921 D HearingAidService: start()
10-14 01:23:46.476 1921 1921 I bt_stack: [INFO:com_android_bluetooth_hearing_aid.cpp(100)] classInitNative: succeeds
01-01 08:01:04.507 0 0 E : the code is fine but needs lockdep annotation.
01-01 08:01:04.513 0 0 I : CPU: 0 PID: 274 Comm: kworker/u16:3 Tainted: G S W O 4.19.157+ #1
01-01 08:01:04.513 0 0 I Hardware name: Qualcomm Technologies, Inc. kona MTP-RmPM8150b. VX1(MCE) EVT2 (DT)
01-01 08:01:04.513 0 0 I Workqueue: events_unbound ion_system_secure_heap_prefetch_work
01-01 08:01:04.513 0 0 I Call trace:
01-01 08:01:04.513 0 0 I : dump_backtrace+0x0/0x258
01-01 08:01:04.513 0 0 I : show_stack+0x20/0x30
01-01 08:01:04.513 0 0 I : dump_stack+0xd8/0x12c
01-01 08:01:04.513 0 0 I : register_lock_class+0x4d0/0x5c8
01-01 08:01:04.513 0 0 I : __lock_acquire+0xbc/0x1e58
01-01 08:01:04.513 0 0 I : lock_acquire+0x1cc/0x218
01-01 08:01:04.513 0 0 I : _raw_spin_lock_irqsave+0x54/0x98
01-01 08:01:04.513 0 0 I : ion_system_secure_heap_prefetch_work+0x94/0x2c0
01-01 08:01:04.513 0 0 I : process_one_work+0x38c/0x660
01-01 08:01:04.513 0 0 I : worker_thread+0x268/0x4b8
01-01 08:01:04.513 0 0 I : kthread+0x140/0x150
01-01 08:01:04.513 0 0 I : ret_from_fork+0x10/0x1c
10-14 01:23:46.477 1921 2513 W bt_l2cap: L2CAP - L2CA_Register() called for PSM: 0x1025
10-14 01:23:46.479 1921 2601 D ObexServerSockets: Succeed to create listening sockets
10-14 01:23:46.479 1921 2601 D ObexServerSockets1: startAccept()
10-14 01:23:46.481 1921 2601 D BluetoothVendorService: getProfileInfo profile_id: 2
10-14 01:23:46.481 1921 2601 I BluetoothVendorJni: getProfileInfoNative
10-14 01:23:46.481 1921 2601 I bt_btif_vendor: get_profile_info :2
10-14 01:23:46.482 1921 2601 W bt_device_profile: profile_feature_fetch:profile 2
10-14 01:23:46.482 1921 2601 W bt_device_profile: profile_feature_fetch:PBAP_0102_SUPPORT found 1
10-14 01:23:46.482 1921 2601 D BluetoothVendorService: getProfileInfo profile_id: 2
10-14 01:23:46.482 1921 2601 I BluetoothVendorJni: getProfileInfoNative
10-14 01:23:46.482 1921 2601 I bt_btif_vendor: get_profile_info :2
10-14 01:23:46.482 1921 2601 W bt_device_profile: profile_feature_fetch:profile 2
10-14 01:23:46.482 1921 2601 W bt_device_profile: profile_feature_fetch:USE_SIM_SUPPORT found 1
10-14 01:23:46.482 1921 2601 D BluetoothPbapFixes: isSupportedPbap12: true
10-14 01:23:46.482 1921 2601 D BluetoothPbapFixes: isSimSupported: true
10-14 01:23:46.483 1921 2601 D BluetoothPbapFixes: creating PBAP 1.1 record with sim support
10-14 01:23:46.483 1921 2601 D BluetoothSdpJni: sdpCreatePbapPseRecordNative
10-14 01:23:46.483 1921 2601 D BluetoothSdpJni: SDP Create record success - handle: 1
10-14 01:23:46.483 1921 2601 D BluetoothPbapService: created Sdp record, mSdpHandle=1
10-14 01:23:46.485 1344 2169 I android.hardware.media.omx@1.0-service: vendor/qcom/proprietary/adsprpc/src/rpcmem_android.c:159: rpcmem_init_internal: opened ION device fd 7, configured heap IDs: system (0x2000000), contig (0x400000), secure (0x200), secure flags (0x80080000)
10-14 01:23:46.486 1344 2169 I android.hardware.media.omx@1.0-service: vendor/qcom/proprietary/adsprpc/src/fastrpc_apps_user.c:3087: fastrpc_apps_user_init done with default domain:3 and &fastrpc_trace:0xf2cb7c1c
10-14 01:23:46.486 1921 2608 D ObexServerSockets1: Accepting socket connection...
10-14 01:23:46.487 1930 1930 V KeyguardUpdateMonitor: *** register callback for com.android.systemui.biometrics.AuthRippleController$keyguardUpdateMonitorCallback$1@6cfd679
10-14 01:23:46.488 1921 2607 D ObexServerSockets1: Accepting socket connection...
10-14 01:23:46.488 1930 1930 V KeyguardUpdateMonitor: *** unregister callback for null
10-14 01:23:46.488 1930 2155 W ActivityThread: Failed to find provider info for com.android.contacts (user not unlocked)
10-14 01:23:46.492 1921 1921 D HearingAidService: setHearingAidService(): set to: com.android.bluetooth.hearingaid.HearingAidService@e76be3e
10-14 01:23:46.492 1921 1921 I bt_btif : get_profile_interface: id = hearing_aid
10-14 01:23:46.492 1921 1921 D HearingAidService: profile started successfully
10-14 01:23:46.492 1921 2513 I bt_stack: [INFO:hearing_aid_software_encoding.cc(325)] init
10-14 01:23:46.493 1921 2513 W bt_stack: [WARNING:hearing_aid_software_encoding.cc(310)] get_hal_version
10-14 01:23:46.493 1921 2513 W bt_stack: [WARNING:client_interface.cc(240)] BluetoothAudioDeathRecipient: worker thread 0x0
10-14 01:23:46.494 1921 1921 D BluetoothMediaBrowserService: onCreate
10-14 01:23:46.494 504 504 I hwservicemanager: getTransport: Cannot find entry vendor.qti.hardware.bluetooth_audio@2.1::IBluetoothAudioProvidersFactory/default in either framework or device VINTF manifest.
10-14 01:23:46.494 1921 2513 I bt_stack: [INFO:client_interface.cc(463)] GetHalVersion
10-14 01:23:46.494 1921 2513 W bt_stack: [WARNING:client_interface.cc(240)] BluetoothAudioDeathRecipient: worker thread 0xb400007350a1df78
10-14 01:23:46.495 1921 2513 V bt_stack: [VERBOSE1:bta_gattc_act.cc(210)] bta_gattc_register: state:2
10-14 01:23:46.495 1921 2513 I bt_stack: [INFO:gatt_api.cc(1223)] GATT_Register 2a0170d8-f4a3-9309-c105-ad425323a9c6
10-14 01:23:46.495 1921 2513 I bt_stack: [INFO:gatt_api.cc(1244)] allocated gatt_if=5
10-14 01:23:46.495 1921 2513 V bt_stack: [VERBOSE1:gatt_api.cc(1369)] GATT_StartIf gatt_if=5
10-14 01:23:46.495 1921 2513 V bt_stack: [VERBOSE1:gatt_utils.cc(293)] gatt_find_the_connected_bda start_idx=0
10-14 01:23:46.496 1921 2513 V bt_stack: [VERBOSE1:gatt_utils.cc(305)] found=0 found_idx=10
10-14 01:23:46.496 1151 1770 E NativeTombstoneManager: Tombstone's UID (1047) not an app, ignoring
10-14 01:23:46.500 1151 1770 I DropBoxManagerService: add tag=SYSTEM_TOMBSTONE_PROTO isTagEnabled=true flags=0x4
10-14 01:23:46.501 1344 2169 D PlatformConfig: getInstance: Enter
10-14 01:23:46.502 1344 2169 D PlatformConfig: getInt32 Config name: vidc_perf_control_enable value: 0
10-14 01:23:46.502 1344 2169 D PlatformConfig: getInstance: Enter
10-14 01:23:46.502 1344 2169 D PlatformConfig: getInt32: Returning default
10-14 01:23:46.502 1344 2169 D PlatformConfig: getInstance: Enter
10-14 01:23:46.502 1344 2169 D PlatformConfig: getInt32 Config name: vidc_enc_log_in value: 0
10-14 01:23:46.502 1344 2169 D PlatformConfig: getInstance: Enter
10-14 01:23:46.502 1344 2169 D PlatformConfig: getInt32 Config name: vidc_enc_log_out value: 0
10-14 01:23:46.502 1344 2169 D PlatformConfig: getInstance: Enter
10-14 01:23:46.502 1344 2169 D PlatformConfig: getInt32 Config name: vidc_enc_csc_custom_matrix value: 0
10-14 01:23:46.502 1344 2169 D PlatformConfig: getInstance: Enter
10-14 01:23:46.502 1344 2169 D PlatformConfig: getInt32 Config name: vidc_enc_auto_blur_disable value: 0
10-14 01:23:46.502 1344 2169 D PlatformConfig: getInstance: Enter
10-14 01:23:46.502 1344 2169 D PlatformConfig: getInt32: Returning default
10-14 01:23:46.502 1344 2169 D PlatformConfig: getInstance: Enter
10-14 01:23:46.502 1344 2169 D PlatformConfig: getInt32 Config name: vidc_enc_linear_color_format value: 0
10-14 01:23:46.502 1344 2169 D PlatformConfig: getInstance: Enter
10-14 01:23:46.502 1344 2169 D PlatformConfig: getInt32 Config name: vidc_enc_bitrate_savings_enable value: 3
10-14 01:23:46.502 1344 2169 D PlatformConfig: getInstance: Enter
10-14 01:23:46.502 1344 2169 D PlatformConfig: getInt32 Config name: vidc_enc_quality_boost_enable value: 1
01-01 08:01:04.533 0 0 E : INFO: trying to register non-static key.
01-01 08:01:04.536 0 0 I msm_vidc: high: 00000001: ....e: Opening video instance: fffffffa57188000, 0
01-01 08:01:04.538 0 0 E : the code is fine but needs lockdep annotation.
01-01 08:01:04.538 0 0 I : CPU: 0 PID: 274 Comm: kworker/u16:3 Tainted: G S W O 4.19.157+ #1
01-01 08:01:04.538 0 0 I Hardware name: Qualcomm Technologies, Inc. kona MTP-RmPM8150b. VX1(MCE) EVT2 (DT)
01-01 08:01:04.538 0 0 I Workqueue: events_unbound ion_system_secure_heap_prefetch_work
01-01 08:01:04.538 0 0 I Call trace:
01-01 08:01:04.538 0 0 I : dump_backtrace+0x0/0x258
01-01 08:01:04.538 0 0 I : show_stack+0x20/0x30
01-01 08:01:04.538 0 0 I : dump_stack+0xd8/0x12c
01-01 08:01:04.538 0 0 I : register_lock_class+0x4d0/0x5c8
01-01 08:01:04.538 0 0 I : __lock_acquire+0xbc/0x1e58
01-01 08:01:04.538 0 0 I : lock_acquire+0x1cc/0x218
01-01 08:01:04.538 0 0 I : _raw_spin_lock_irqsave+0x54/0x98
01-01 08:01:04.538 0 0 I : ion_system_secure_heap_prefetch_work+0x94/0x2c0
01-01 08:01:04.538 0 0 I : process_one_work+0x38c/0x660
01-01 08:01:04.544 0 0 I : worker_thread+0x268/0x4b8
01-01 08:01:04.544 0 0 I : kthread+0x140/0x150
01-01 08:01:04.544 0 0 I : ret_from_fork+0x10/0x1c
10-14 01:23:46.511 1930 2246 W ActivityThread: Failed to find provider info for com.android.contacts (user not unlocked)
10-14 01:23:46.514 1921 2573 V Avrcp_ext: updateCurrentMediaState: mMediaController: null
10-14 01:23:46.514 1921 2573 W Avrcp_ext: isMusicActive: false getBluetoothPlayState: 2 A2dp State: 11 mAudioPlaybackIsActive: false
10-14 01:23:46.514 1921 2573 W Avrcp_ext: updateCurrentMediaState: isPlaying = false
10-14 01:23:46.514 1921 2573 V Avrcp_ext: Media update: id -1➡-1? [MediaAttributes: none] : [MediaAttributes: none]
10-14 01:23:46.514 1921 2573 D Avrcp_ext: isPackageNameValid: browsedPackage = isValid = false
10-14 01:23:46.514 1921 2573 V Avrcp_ext: updatePlaybackState, state: PlaybackState {state=2, position=-1, buffered position=0, speed=0.0, updated=57570, actions=0, custom actions=[], active item id=-1, error=null} device: null
10-14 01:23:46.514 1921 2573 V Avrcp_ext: Device: no name:
10-14 01:23:46.514 1921 2573 V Avrcp_ext: Device: no name:
10-14 01:23:46.514 1921 2573 V Avrcp_ext: Device: no name:
10-14 01:23:46.514 1921 2573 V Avrcp_ext: Device: no name:
10-14 01:23:46.514 1921 2573 V Avrcp_ext: Device: no name:
10-14 01:23:46.515 1921 2573 V Avrcp_ext: updatePlayerStateAndPosition, old=PlaybackState {state=2, position=-1, buffered position=0, speed=0.0, updated=57233, actions=0, custom actions=[], active item id=-1, error=null}, state=PlaybackState {state=2, position=-1, buffered position=0, speed=0.0, updated=57570, actions=0, custom actions=[], active item id=-1, error=null}
10-14 01:23:46.515 1921 2573 V Avrcp_ext: old state = PlaybackState {state=2, position=-1, buffered position=0, speed=0.0, updated=57233, actions=0, custom actions=[], active item id=-1, error=null}, new state= PlaybackState {state=2, position=-1, buffered position=0, speed=0.0, updated=57570, actions=0, custom actions=[], active item id=-1, error=null}
10-14 01:23:46.515 1921 2573 D HeadsetService: getHeadsetService(): returning com.android.bluetooth.hfp.HeadsetService@f25bbfb
10-14 01:23:46.515 1921 2573 D HeadsetService: isAudioOn: The number of audio connected devices 0
10-14 01:23:46.515 1921 2573 D HeadsetService: isScoOrCallActive(): Call Active:falseCall is Ringing:falseSCO is Active:false
10-14 01:23:46.515 1921 2573 D HeadsetService: isAudioOn: The number of audio connected devices 0
10-14 01:23:46.515 1921 2573 I Avrcp_ext: updatePlayStatusForDevice: device: null
10-14 01:23:46.515 1921 2573 V Avrcp_ext: updatePlaybackState (1): old=PlaybackState {state=2, position=-1, buffered position=0, speed=0.0, updated=57233, actions=0, custom actions=[], active item id=-1, error=null}(2), new=PlaybackState {state=2, position=-1, buffered position=0, speed=0.0, updated=57570, actions=0, custom actions=[], active item id=-1, error=null}(2)
10-14 01:23:46.515 1921 2573 I Avrcp_ext: Exit updatePlayStatusForDevice
10-14 01:23:46.515 1921 2573 D HeadsetService: isAudioOn: The number of audio connected devices 0
10-14 01:23:46.515 1921 2573 D HeadsetService: isScoOrCallActive(): Call Active:falseCall is Ringing:falseSCO is Active:false
10-14 01:23:46.515 1921 2573 D HeadsetService: isAudioOn: The number of audio connected devices 0
10-14 01:23:46.515 1921 2573 I Avrcp_ext: updatePlayStatusForDevice: device: null
10-14 01:23:46.515 1921 2573 V Avrcp_ext: updatePlaybackState (1): old=PlaybackState {state=2, position=-1, buffered position=0, speed=0.0, updated=57233, actions=0, custom actions=[], active item id=-1, error=null}(2), new=PlaybackState {state=2, position=-1, buffered position=0, speed=0.0, updated=57570, actions=0, custom actions=[], active item id=-1, error=null}(2)
10-14 01:23:46.516 1921 2573 I Avrcp_ext: Exit updatePlayStatusForDevice
10-14 01:23:46.516 1921 2573 D HeadsetService: isAudioOn: The number of audio connected devices 0
10-14 01:23:46.516 1921 2573 D HeadsetService: isScoOrCallActive(): Call Active:falseCall is Ringing:falseSCO is Active:false
10-14 01:23:46.516 1921 2573 D HeadsetService: isAudioOn: The number of audio connected devices 0
10-14 01:23:46.516 1921 2573 I Avrcp_ext: updatePlayStatusForDevice: device: null
10-14 01:23:46.516 1921 2573 V Avrcp_ext: updatePlaybackState (1): old=PlaybackState {state=2, position=-1, buffered position=0, speed=0.0, updated=57233, actions=0, custom actions=[], active item id=-1, error=null}(2), new=PlaybackState {state=2, position=-1, buffered position=0, speed=0.0, updated=57570, actions=0, custom actions=[], active item id=-1, error=null}(2)
10-14 01:23:46.516 1921 2573 I Avrcp_ext: Exit updatePlayStatusForDevice
10-14 01:23:46.516 1921 2573 D HeadsetService: isAudioOn: The number of audio connected devices 0
10-14 01:23:46.516 1921 2573 D HeadsetService: isScoOrCallActive(): Call Active:falseCall is Ringing:falseSCO is Active:false
10-14 01:23:46.516 1921 2573 D HeadsetService: isAudioOn: The number of audio connected devices 0
10-14 01:23:46.516 1921 2573 I Avrcp_ext: updatePlayStatusForDevice: device: null
10-14 01:23:46.516 1921 2573 V Avrcp_ext: updatePlaybackState (1): old=PlaybackState {state=2, position=-1, buffered position=0, speed=0.0, updated=57233, actions=0, custom actions=[], active item id=-1, error=null}(2), new=PlaybackState {state=2, position=-1, buffered position=0, speed=0.0, updated=57570, actions=0, custom actions=[], active item id=-1, error=null}(2)
10-14 01:23:46.516 1921 2573 I Avrcp_ext: Exit updatePlayStatusForDevice
10-14 01:23:46.516 1921 2573 D HeadsetService: isAudioOn: The number of audio connected devices 0
10-14 01:23:46.517 1921 2573 D HeadsetService: isScoOrCallActive(): Call Active:falseCall is Ringing:falseSCO is Active:false
10-14 01:23:46.517 1921 2573 D HeadsetService: isAudioOn: The number of audio connected devices 0
10-14 01:23:46.517 1921 2573 I Avrcp_ext: updatePlayStatusForDevice: device: null
10-14 01:23:46.517 1921 2573 V Avrcp_ext: updatePlaybackState (1): old=PlaybackState {state=2, position=-1, buffered position=0, speed=0.0, updated=57233, actions=0, custom actions=[], active item id=-1, error=null}(2), new=PlaybackState {state=2, position=-1, buffered position=0, speed=0.0, updated=57570, actions=0, custom actions=[], active item id=-1, error=null}(2)
10-14 01:23:46.517 1921 2573 I Avrcp_ext: Exit updatePlayStatusForDevice
10-14 01:23:46.517 1921 2573 D Avrcp_ext: Enter sendPlayPosNotificationRsp
10-14 01:23:46.517 1921 2573 D Avrcp_ext: sendPlayPosNotificationRsp: Not registered or requesting.
10-14 01:23:46.517 1921 2573 D Avrcp_ext: Enter sendPlayPosNotificationRsp
10-14 01:23:46.517 1921 2573 D Avrcp_ext: sendPlayPosNotificationRsp: Not registered or requesting.
10-14 01:23:46.517 1921 2573 D Avrcp_ext: Enter sendPlayPosNotificationRsp
10-14 01:23:46.517 1921 2573 D Avrcp_ext: sendPlayPosNotificationRsp: Not registered or requesting.
10-14 01:23:46.517 1921 2573 D Avrcp_ext: Enter sendPlayPosNotificationRsp
10-14 01:23:46.517 1921 2573 D Avrcp_ext: sendPlayPosNotificationRsp: Not registered or requesting.
10-14 01:23:46.517 1921 2573 D Avrcp_ext: Enter sendPlayPosNotificationRsp
10-14 01:23:46.517 1921 2573 D Avrcp_ext: sendPlayPosNotificationRsp: Not registered or requesting.
10-14 01:23:46.517 1921 2573 V Avrcp_ext: Exit updatePlayerStateAndPosition
10-14 01:23:46.518 1344 2169 I OMX-VENC: Component_init : OMX.qcom.video.encoder.avc : return = 0x0
10-14 01:23:46.520 1151 1770 I commit_sys_config_file: [log-files,5026]
10-14 01:23:46.520 1921 1921 I BtOppService: handleMessage :300
10-14 01:23:46.521 1344 2169 I OMX-VENC: venc_dev: v4l2 profile : 1 flags : 131095
10-14 01:23:46.522 1344 2169 I OMX-VENC: venc_dev: v4l2 profile : 0 flags : 131095
10-14 01:23:46.523 1151 1151 I notification_cancel_all: [1002,1921,com.android.bluetooth,0,0,64,9,NULL]
10-14 01:23:46.523 1921 1921 W BluetoothAdapterService: onProfileServiceStateChange() - All profile services started..
10-14 01:23:46.523 1344 2169 I OMX-VENC: venc_dev: v4l2 profile : 2 flags : 131095
10-14 01:23:46.523 1921 1921 D AdapterProperties: onBluetoothReady, state=TURNING_ON, ScanMode=20
01-01 08:01:04.561 0 0 E : INFO: trying to register non-static key.
01-01 08:01:04.566 0 0 E : the code is fine but needs lockdep annotation.
01-01 08:01:04.572 0 0 I : CPU: 0 PID: 274 Comm: kworker/u16:3 Tainted: G S W O 4.19.157+ #1
01-01 08:01:04.572 0 0 I Hardware name: Qualcomm Technologies, Inc. kona MTP-RmPM8150b. VX1(MCE) EVT2 (DT)
01-01 08:01:04.572 0 0 I Workqueue: events_unbound ion_system_secure_heap_prefetch_work
01-01 08:01:04.572 0 0 I Call trace:
01-01 08:01:04.572 0 0 I : dump_backtrace+0x0/0x258
01-01 08:01:04.572 0 0 I : show_stack+0x20/0x30
01-01 08:01:04.572 0 0 I : dump_stack+0xd8/0x12c
01-01 08:01:04.572 0 0 I : register_lock_class+0x4d0/0x5c8
01-01 08:01:04.572 0 0 I : __lock_acquire+0xbc/0x1e58
01-01 08:01:04.572 0 0 I : lock_acquire+0x1cc/0x218
01-01 08:01:04.572 0 0 I : _raw_spin_lock_irqsave+0x54/0x98
01-01 08:01:04.572 0 0 I : ion_system_secure_heap_prefetch_work+0x94/0x2c0
01-01 08:01:04.572 0 0 I : process_one_work+0x38c/0x660
01-01 08:01:04.572 0 0 I : worker_thread+0x268/0x4b8
01-01 08:01:04.572 0 0 I : kthread+0x140/0x150
01-01 08:01:04.572 0 0 I : ret_from_fork+0x10/0x1c
10-14 01:23:46.525 1344 2169 I OMX-VENC: venc_dev: v4l2 profile : 17 flags : 131095
10-14 01:23:46.526 1344 2169 I OMX-VENC: venc_dev: v4l2 profile : 4 flags : 131095
10-14 01:23:46.528 1921 1921 D BluetoothAdapterService: updateUuids() - Updating UUIDs for bonded devices
10-14 01:23:46.529 1921 1921 I BluetoothAdapterService: initProfileServices: Initializing all bluetooth profile services
10-14 01:23:46.529 1921 1921 I BluetoothA2dpSinkServiceJni: classInitNative: succeeds
10-14 01:23:46.529 1921 1921 D HeadsetService: getHeadsetService(): returning com.android.bluetooth.hfp.HeadsetService@f25bbfb
10-14 01:23:46.529 1921 2513 I bt_stack: [INFO:port_api.cc(123)] RFCOMM_CreateConnection BDA: ff:ff:ff:ff:ff:ff
10-14 01:23:46.529 1921 2613 D BluetoothSdpJni: sdpCreateSapsRecordNative
10-14 01:23:46.530 1921 2613 D BluetoothSdpJni: SDP Create record success - handle: 2
10-14 01:23:46.530 1151 1770 I commit_sys_config_file: [log-files,5036]
10-14 01:23:46.530 1921 1921 W HeadsetClientService: getHeadsetClientService(): service is null
10-14 01:23:46.531 1921 1921 W MapClientService: getMapClientService(): service is null
10-14 01:23:46.531 1921 1921 D HidDeviceService: getHidDeviceService(): service is NULL
10-14 01:23:46.531 1921 1921 W PbapClientService: getPbapClientService(): service is null
10-14 01:23:46.531 1921 1921 W BluetoothGroupService: getGroupService(): service is NULL
10-14 01:23:46.532 1921 2093 D AdapterProperties: Scan Mode:21
10-14 01:23:46.532 1921 2093 D AdapterProperties: Discoverable Timeout:120
10-14 01:23:46.532 1921 2093 D AdapterProperties: mLocalIOCapability set to 1
10-14 01:23:46.533 1921 2093 D AdapterProperties: mLocalIOCapabilityBLE set to 4
10-14 01:23:46.533 1921 2093 I btif_av : isBATEnabled: 0
10-14 01:23:46.533 1921 2093 E bt_btif : bta_av_co_get_active_peer: peer index out of bounds: 5
10-14 01:23:46.533 1921 2093 E bt_btif : btif_av_is_split_a2dp_enabled: No active peer codec config found, by default splitmode
10-14 01:23:46.533 1921 2030 I AdapterState: ON : entered
10-14 01:23:46.533 1921 2030 D AdapterProperties: Setting state to ON
10-14 01:23:46.536 1921 2030 D BluetoothAdapterService: updateAdapterState() - Broadcasting state ON to 1 receivers.
10-14 01:23:46.538 1151 1315 D BluetoothManagerService: MESSAGE_BLUETOOTH_STATE_CHANGE: TURNING_ON > ON
10-14 01:23:46.538 1151 1770 E NativeTombstoneManager: Tombstone's UID (1047) not an app, ignoring
10-14 01:23:46.538 1151 1315 D BluetoothManagerService: Broadcasting onBluetoothStateChange(true) to 8 receivers.
10-14 01:23:46.538 1151 1315 D BluetoothHeadset: onBluetoothStateChange: up=true
10-14 01:23:46.538 1151 1315 D BluetoothHeadset: Binding service...
10-14 01:23:46.539 1151 1315 D BluetoothManagerService: Creating new ProfileServiceConnections object for profile: 1
10-14 01:23:46.540 1151 1315 D BluetoothHeadset: onBluetoothStateChange: up=true
10-14 01:23:46.540 1151 1315 D BluetoothHeadset: Binding service...
10-14 01:23:46.541 1151 1315 W BluetoothManagerService: psc is not null in bindBluetoothProfileService
10-14 01:23:46.541 1151 1315 D BluetoothManagerService: Sending BLE State Change: TURNING_ON > ON
10-14 01:23:46.541 1151 1315 D BluetoothManagerService: Sending State Change: TURNING_ON > ON
10-14 01:23:46.541 1930 1954 D BluetoothHearingAid: Binding service...
10-14 01:23:46.542 1151 1151 D CompanionDeviceManagerService: Received BT state transition broadcast: TURNING_ON -> ON
10-14 01:23:46.542 1151 1770 I DropBoxManagerService: add tag=SYSTEM_TOMBSTONE_PROTO isTagEnabled=true flags=0x4
10-14 01:23:46.543 1151 1151 I CompanionDeviceManagerService: startBleScan()
10-14 01:23:46.547 1921 1921 W BluetoothAdapterService: fetchWifiState - isWifiConnected =false
10-14 01:23:46.547 1921 1921 D BluetoothVendorService: setWifiState to: false
10-14 01:23:46.547 1921 1921 I BluetoothVendorJni: setWifiStateNative
10-14 01:23:46.548 1921 1921 I bt_btif_vendor: setWifiState :0
10-14 01:23:46.552 1930 2095 D LocalBluetoothProfileManager: Adding local A2DP profile
10-14 01:23:46.552 1333 1423 W OMXUtils: do not know color format 0x7fa30c06 = 2141391878
10-14 01:23:46.552 1921 1921 D BluetoothAdapterService: Soft AP is on band: 1
10-14 01:23:46.553 1151 1770 I commit_sys_config_file: [log-files,5060]
10-14 01:23:46.553 1333 1423 W OMXUtils: do not know color format 0x7fa30c04 = 2141391876
10-14 01:23:46.555 1333 1423 W OMXUtils: do not know color format 0x7fa30c00 = 2141391872
10-14 01:23:46.555 1921 1921 D BluetoothVendorService: getPowerBackoff
10-14 01:23:46.559 1151 1770 I commit_sys_config_file: [log-files,5065]
10-14 01:23:46.559 1333 1423 W OMXUtils: do not know color format 0x7fa30c09 = 2141391881
10-14 01:23:46.561 1333 1423 W OMXUtils: do not know color format 0x7fa30c0a = 2141391882
10-14 01:23:46.562 1921 2121 D BluetoothActiveDeviceManager: handleMessage(MESSAGE_ADAPTER_ACTION_STATE_CHANGED): newState=12
10-14 01:23:46.562 1921 1921 D AvrcpBipRsp: action: android.bluetooth.adapter.action.STATE_CHANGED
10-14 01:23:46.562 1333 1423 W OMXUtils: do not know color format 0x7fa30c08 = 2141391880
10-14 01:23:46.563 1921 1921 D AvrcpBipRsp: state:12
10-14 01:23:46.563 1921 1921 D BtOppService: action : android.bluetooth.adapter.action.STATE_CHANGED
01-01 08:01:04.589 0 0 E : INFO: trying to register non-static key.
01-01 08:01:04.595 0 0 E : the code is fine but needs lockdep annotation.
01-01 08:01:04.600 0 0 I : CPU: 0 PID: 274 Comm: kworker/u16:3 Tainted: G S W O 4.19.157+ #1
01-01 08:01:04.600 0 0 I Hardware name: Qualcomm Technologies, Inc. kona MTP-RmPM8150b. VX1(MCE) EVT2 (DT)
01-01 08:01:04.600 0 0 I Workqueue: events_unbound ion_system_secure_heap_prefetch_work
01-01 08:01:04.600 0 0 I Call trace:
01-01 08:01:04.600 0 0 I : dump_backtrace+0x0/0x258
01-01 08:01:04.600 0 0 I : show_stack+0x20/0x30
01-01 08:01:04.600 0 0 I : dump_stack+0xd8/0x12c
01-01 08:01:04.600 0 0 I : register_lock_class+0x4d0/0x5c8
01-01 08:01:04.600 0 0 I : __lock_acquire+0xbc/0x1e58
01-01 08:01:04.600 0 0 I : lock_acquire+0x1cc/0x218
01-01 08:01:04.600 0 0 I : _raw_spin_lock_irqsave+0x54/0x98
01-01 08:01:04.600 0 0 I : ion_system_secure_heap_prefetch_work+0x94/0x2c0
01-01 08:01:04.600 0 0 I : process_one_work+0x38c/0x660
01-01 08:01:04.600 0 0 I : worker_thread+0x268/0x4b8
01-01 08:01:04.600 0 0 I : kthread+0x140/0x150
01-01 08:01:04.600 0 0 I : ret_from_fork+0x10/0x1c
10-14 01:23:46.566 1151 1770 E NativeTombstoneManager: Tombstone's UID (1047) not an app, ignoring
10-14 01:23:46.567 1151 1770 I DropBoxManagerService: add tag=SYSTEM_TOMBSTONE_PROTO isTagEnabled=true flags=0x4
10-14 01:23:46.568 1333 1423 W OMXUtils: do not know color format 0x7fa30c07 = 2141391879
10-14 01:23:46.569 1930 2095 D BluetoothA2dp: Binding service...
10-14 01:23:46.574 1333 1423 W OMXUtils: do not know color format 0x7f000789 = 2130708361
10-14 01:23:46.576 1930 2095 D LocalBluetoothProfileManager: Adding local HEADSET profile
10-14 01:23:46.577 1344 2611 E OMX-VENC: venc_dev: async_venc_message_thread interrupted to be exited
10-14 01:23:46.578 1930 2095 D BluetoothHeadset: Binding service...
10-14 01:23:46.579 1151 1185 W BluetoothManagerService: psc is not null in bindBluetoothProfileService
10-14 01:23:46.579 1344 1411 I OMX-VENC: Component Deinit
01-01 08:01:04.613 0 0 I msm_vidc: high: 00000001: h264e: Closed video instance: fffffffa57188000
01-01 08:01:04.619 0 0 E : INFO: trying to register non-static key.
10-14 01:23:46.580 1930 2095 D LocalBluetoothProfileManager: Adding local MAP profile
10-14 01:23:46.581 1930 2095 D BluetoothMap: Create BluetoothMap proxy object
10-14 01:23:46.583 1930 2095 D BluetoothMap: Binding service...
10-14 01:23:46.588 1930 2095 D LocalBluetoothProfileManager: Adding local OPP profile
10-14 01:23:46.588 1930 2095 D LocalBluetoothProfileManager: Adding local HID_HOST profile
10-14 01:23:46.589 1930 2095 D BluetoothHidHost: Binding service...
10-14 01:23:46.591 1151 1770 I commit_sys_config_file: [log-files,5097]
10-14 01:23:46.592 1921 1921 I BluetoothPhonePolicy: delay auto connect by 500 ms
10-14 01:23:46.592 1930 2095 D LocalBluetoothProfileManager: Adding local PAN profile
10-14 01:23:46.592 1921 1921 D BluetoothAdapterService: isQuetModeEnabled() - Enabled = false
10-14 01:23:46.592 1921 1921 D AvrcpBipRsp: Handler(): got msg=1
10-14 01:23:46.592 1921 1921 D AvrcpBipRsp: startL2capListener
10-14 01:23:46.592 1921 1921 D AvrcpBipRsp: closeServerSocket
10-14 01:23:46.592 1921 1921 D ObexServerSockets: create(rfcomm = -1, l2capPsm = 4129)
10-14 01:23:46.593 1930 2095 D BluetoothPan: Binding service...
01-01 08:01:04.624 0 0 E : the code is fine but needs lockdep annotation.
01-01 08:01:04.630 0 0 I : CPU: 0 PID: 274 Comm: kworker/u16:3 Tainted: G S W O 4.19.157+ #1
01-01 08:01:04.630 0 0 I Hardware name: Qualcomm Technologies, Inc. kona MTP-RmPM8150b. VX1(MCE) EVT2 (DT)
01-01 08:01:04.630 0 0 I Workqueue: events_unbound ion_system_secure_heap_prefetch_work
01-01 08:01:04.630 0 0 I Call trace:
01-01 08:01:04.630 0 0 I : dump_backtrace+0x0/0x258
01-01 08:01:04.630 0 0 I : show_stack+0x20/0x30
01-01 08:01:04.630 0 0 I : dump_stack+0xd8/0x12c
01-01 08:01:04.630 0 0 I : register_lock_class+0x4d0/0x5c8
01-01 08:01:04.630 0 0 I : __lock_acquire+0xbc/0x1e58
01-01 08:01:04.630 0 0 I : lock_acquire+0x1cc/0x218
01-01 08:01:04.630 0 0 I : _raw_spin_lock_irqsave+0x54/0x98
01-01 08:01:04.630 0 0 I : ion_system_secure_heap_prefetch_work+0x94/0x2c0
01-01 08:01:04.630 0 0 I : process_one_work+0x38c/0x660
01-01 08:01:04.630 0 0 I : worker_thread+0x268/0x4b8
01-01 08:01:04.630 0 0 I : kthread+0x140/0x150
01-01 08:01:04.630 0 0 I : ret_from_fork+0x10/0x1c
10-14 01:23:46.598 1930 2095 D LocalBluetoothProfileManager: Adding local PBAP profile
10-14 01:23:46.599 1151 1770 I commit_sys_config_file: [log-files,5106]
10-14 01:23:46.600 1151 1770 E NativeTombstoneManager: Tombstone's UID (1047) not an app, ignoring
10-14 01:23:46.601 1151 1770 I DropBoxManagerService: add tag=SYSTEM_TOMBSTONE_PROTO isTagEnabled=true flags=0x4
10-14 01:23:46.602 1930 2095 D LocalBluetoothProfileManager: Adding local SAP profile
10-14 01:23:46.602 1930 2095 D BluetoothSap: Create BluetoothSap proxy object
10-14 01:23:46.603 1930 2095 D BluetoothSap: Binding service...
10-14 01:23:46.614 1921 2513 W bt_l2cap: L2CAP - L2CA_Register() called for PSM: 0x1021
10-14 01:23:46.616 1151 1770 I commit_sys_config_file: [log-files,5123]
10-14 01:23:46.617 1921 1921 D ObexServerSockets: Succeed to create listening sockets
10-14 01:23:46.617 1921 1921 D ObexServerSockets2: startAccept()
10-14 01:23:46.617 1344 1411 I android.hardware.media.omx@1.0-service: vendor/qcom/proprietary/adsprpc/src/rpcmem_android.c:192: rpcmem_deinit_internal: closed ION fd 7
10-14 01:23:46.617 1344 1411 I android.hardware.media.omx@1.0-service: vendor/qcom/proprietary/adsprpc/src/fastrpc_apps_user.c:3019: fastrpc_apps_user_deinit done
10-14 01:23:46.617 1921 1921 I BtOppService: handleMessage :1
10-14 01:23:46.618 1921 1921 D BtOppService: start Socket Listeners
10-14 01:23:46.618 1921 1921 D BtOppService: stopListeners: mServerSocket is null
10-14 01:23:46.618 1921 1921 D ObexServerSockets: create(rfcomm = 12, l2capPsm = 4131)
10-14 01:23:46.618 830 2500 I vendor.qti.bluetooth@1.0-ibs_handler: ProcessIbsCmd: Received IBS_SLEEP_IND: 0xFE
10-14 01:23:46.622 1921 2513 I bt_stack: [INFO:port_api.cc(123)] RFCOMM_CreateConnection BDA: ff:ff:ff:ff:ff:ff
01-01 08:01:04.647 0 0 E : INFO: trying to register non-static key.
01-01 08:01:04.653 0 0 E : the code is fine but needs lockdep annotation.
01-01 08:01:04.658 0 0 I : CPU: 0 PID: 274 Comm: kworker/u16:3 Tainted: G S W O 4.19.157+ #1
01-01 08:01:04.658 0 0 I Hardware name: Qualcomm Technologies, Inc. kona MTP-RmPM8150b. VX1(MCE) EVT2 (DT)
01-01 08:01:04.658 0 0 I Workqueue: events_unbound ion_system_secure_heap_prefetch_work
01-01 08:01:04.658 0 0 I Call trace:
01-01 08:01:04.658 0 0 I : dump_backtrace+0x0/0x258
01-01 08:01:04.658 0 0 I : show_stack+0x20/0x30
01-01 08:01:04.658 0 0 I : dump_stack+0xd8/0x12c
01-01 08:01:04.658 0 0 I : register_lock_class+0x4d0/0x5c8
01-01 08:01:04.658 0 0 I : __lock_acquire+0xbc/0x1e58
01-01 08:01:04.658 0 0 I : lock_acquire+0x1cc/0x218
01-01 08:01:04.658 0 0 I : _raw_spin_lock_irqsave+0x54/0x98
01-01 08:01:04.658 0 0 I : ion_system_secure_heap_prefetch_work+0x94/0x2c0
01-01 08:01:04.658 0 0 I : process_one_work+0x38c/0x660
01-01 08:01:04.658 0 0 I : worker_thread+0x268/0x4b8
01-01 08:01:04.658 0 0 I : kthread+0x140/0x150
01-01 08:01:04.658 0 0 I : ret_from_fork+0x10/0x1c
10-14 01:23:46.626 1921 2618 D ObexServerSockets2: Accepting socket connection...
10-14 01:23:46.627 1921 1921 D BluetoothAdapter: listenUsingInsecureL2capOn: port=4131
10-14 01:23:46.630 1333 1423 I OMXClient: IOmx service obtained
10-14 01:23:46.631 1344 1411 I OMXMaster: makeComponentInstance(OMX.google.h264.encoder) in android.hardwar process
10-14 01:23:46.632 1921 2513 W bt_l2cap: L2CAP - L2CA_Register() called for PSM: 0x1023
10-14 01:23:46.632 1921 1921 D ObexServerSockets: Succeed to create listening sockets
10-14 01:23:46.632 1921 1921 D ObexServerSockets3: startAccept()
10-14 01:23:46.633 1921 1921 D BluetoothSdpJni: sdpCreateOppOpsRecordNative
10-14 01:23:46.633 1921 1921 D BluetoothSdpJni: SDP Create record success - handle: 3
10-14 01:23:46.633 1921 1921 D BtOppService: mOppSdpHandle :3
10-14 01:23:46.633 1921 2513 W bt_device_profile: profile_feature_fetch:profile 5
10-14 01:23:46.634 1921 2513 W bt_device_profile: profile_feature_fetch:opp_0100_support found 0
10-14 01:23:46.636 830 2500 I vendor.qti.bluetooth@1.0-ibs_handler: ProcessIbsCmd: Received IBS_WAKE_IND: 0xFD
10-14 01:23:46.636 830 2500 I vendor.qti.bluetooth@1.0-ibs_handler: ProcessIbsCmd: Writing IBS_WAKE_ACK
10-14 01:23:46.641 1151 1315 D BluetoothHeadset: Proxy object connected
10-14 01:23:46.642 1151 1315 D BluetoothHeadset: Proxy object connected
10-14 01:23:46.642 1151 1151 I Telecom : BluetoothDeviceManager: Got BluetoothHeadset: com.android.server.telecom.BluetoothHeadsetProxy@efad007: BMSL.oSC@AAg
10-14 01:23:46.643 1151 1151 I AS.BtHelper: In onServiceConnected(), profile: 1, proxy: android.bluetooth.BluetoothHeadset@c4d9f5d
10-14 01:23:46.647 1930 2282 I OpenGLRenderer: Davey! duration=3523ms; Flags=1, FrameTimelineVsyncId=181, IntendedVsync=54166059415, Vsync=56882725973, InputEventId=0, HandleInputStart=56890638309, AnimationStart=56890639820, PerformTraversalsStart=56893296903, DrawStart=57683500965, FrameDeadline=54182726081, FrameInterval=56890464716, FrameStartTime=16666666, SyncQueued=57683717059, SyncStart=57684180340, IssueDrawCommandsStart=57684429455, SwapBuffers=57688460392, FrameCompleted=57690127267, DequeueBufferDuration=3146771, QueueBufferDuration=1016770, GpuCompleted=57689026278, SwapBuffersCompleted=57690127267, DisplayPresentTime=0,
10-14 01:23:46.648 1151 1867 I AS.BtHelper: setBtScoActiveDevice: (null) -> (null)
10-14 01:23:46.648 1151 1867 I AS.BtHelper: In checkScoAudioState(), mScoAudioState: 0
10-14 01:23:46.649 1333 1423 W OMXUtils: do not know color format 0x7f000789 = 2130708361
10-14 01:23:46.641 1921 2621 D ObexServerSockets3: Accepting socket connection...
01-01 08:01:04.676 0 0 E : INFO: trying to register non-static key.
01-01 08:01:04.681 0 0 E : the code is fine but needs lockdep annotation.
01-01 08:01:04.687 0 0 I : CPU: 3 PID: 274 Comm: kworker/u16:3 Tainted: G S W O 4.19.157+ #1
01-01 08:01:04.687 0 0 I Hardware name: Qualcomm Technologies, Inc. kona MTP-RmPM8150b. VX1(MCE) EVT2 (DT)
01-01 08:01:04.687 0 0 I Workqueue: events_unbound ion_system_secure_heap_prefetch_work
01-01 08:01:04.687 0 0 I Call trace:
01-01 08:01:04.687 0 0 I : dump_backtrace+0x0/0x258
01-01 08:01:04.687 0 0 I : show_stack+0x20/0x30
01-01 08:01:04.687 0 0 I : dump_stack+0xd8/0x12c
01-01 08:01:04.687 0 0 I : register_lock_class+0x4d0/0x5c8
01-01 08:01:04.687 0 0 I : __lock_acquire+0xbc/0x1e58
01-01 08:01:04.687 0 0 I : lock_acquire+0x1cc/0x218
01-01 08:01:04.687 0 0 I : _raw_spin_lock_irqsave+0x54/0x98
01-01 08:01:04.687 0 0 I : ion_system_secure_heap_prefetch_work+0x94/0x2c0
01-01 08:01:04.687 0 0 I : process_one_work+0x38c/0x660
01-01 08:01:04.687 0 0 I : worker_thread+0x268/0x4b8
01-01 08:01:04.687 0 0 I : kthread+0x140/0x150
01-01 08:01:04.687 0 0 I : ret_from_fork+0x10/0x1c
10-14 01:23:46.653 1921 2620 D ObexServerSockets3: Accepting socket connection...
10-14 01:23:46.658 1333 1423 I OMXClient: IOmx service obtained
10-14 01:23:46.659 1344 2169 I OMXMaster: makeComponentInstance(OMX.qcom.video.encoder.h263sw) in android.hardwar process
10-14 01:23:46.675 1930 2282 I OpenGLRenderer: Davey! duration=3557ms; Flags=1, FrameTimelineVsyncId=181, IntendedVsync=54166059415, Vsync=56882725973, InputEventId=0, HandleInputStart=56890638309, AnimationStart=56890639820, PerformTraversalsStart=56893296903, DrawStart=57717266330, FrameDeadline=54182726081, FrameInterval=56890464716, FrameStartTime=16666666, SyncQueued=57717467580, SyncStart=57717968153, IssueDrawCommandsStart=57718100288, SwapBuffers=57721490392, FrameCompleted=57724536694, DequeueBufferDuration=1218229, QueueBufferDuration=1570729, GpuCompleted=57722877736, SwapBuffersCompleted=57724536694, DisplayPresentTime=0,
01-01 08:01:04.701 0 0 E : INFO: trying to register non-static key.
01-01 08:01:04.706 0 0 E : the code is fine but needs lockdep annotation.
01-01 08:01:04.711 0 0 I : CPU: 7 PID: 274 Comm: kworker/u16:3 Tainted: G S W O 4.19.157+ #1
01-01 08:01:04.711 0 0 I Hardware name: Qualcomm Technologies, Inc. kona MTP-RmPM8150b. VX1(MCE) EVT2 (DT)
01-01 08:01:04.711 0 0 I Workqueue: events_unbound ion_system_secure_heap_prefetch_work
01-01 08:01:04.711 0 0 I Call trace:
01-01 08:01:04.711 0 0 I : dump_backtrace+0x0/0x258
01-01 08:01:04.711 0 0 I : show_stack+0x20/0x30
01-01 08:01:04.711 0 0 I : dump_stack+0xd8/0x12c
01-01 08:01:04.711 0 0 I : register_lock_class+0x4d0/0x5c8
01-01 08:01:04.711 0 0 I : __lock_acquire+0xbc/0x1e58
01-01 08:01:04.711 0 0 I : lock_acquire+0x1cc/0x218
01-01 08:01:04.711 0 0 I : _raw_spin_lock_irqsave+0x54/0x98
01-01 08:01:04.711 0 0 I : ion_system_secure_heap_prefetch_work+0x94/0x2c0
01-01 08:01:04.711 0 0 I : process_one_work+0x38c/0x660
01-01 08:01:04.711 0 0 I : worker_thread+0x268/0x4b8
01-01 08:01:04.711 0 0 I : kthread+0x140/0x150
01-01 08:01:04.711 0 0 I : ret_from_fork+0x10/0x1c
10-14 01:23:46.680 1930 2282 D BluetoothHeadset: Proxy object connected
01-01 08:01:04.724 0 0 E : INFO: trying to register non-static key.
01-01 08:01:04.729 0 0 E : the code is fine but needs lockdep annotation.
01-01 08:01:04.735 0 0 I : CPU: 7 PID: 274 Comm: kworker/u16:3 Tainted: G S W O 4.19.157+ #1
01-01 08:01:04.735 0 0 I Hardware name: Qualcomm Technologies, Inc. kona MTP-RmPM8150b. VX1(MCE) EVT2 (DT)
01-01 08:01:04.735 0 0 I Workqueue: events_unbound ion_system_secure_heap_prefetch_work
01-01 08:01:04.735 0 0 I Call trace:
01-01 08:01:04.735 0 0 I : dump_backtrace+0x0/0x258
01-01 08:01:04.735 0 0 I : show_stack+0x20/0x30
01-01 08:01:04.735 0 0 I : dump_stack+0xd8/0x12c
01-01 08:01:04.735 0 0 I : register_lock_class+0x4d0/0x5c8
01-01 08:01:04.735 0 0 I : __lock_acquire+0xbc/0x1e58
01-01 08:01:04.735 0 0 I : lock_acquire+0x1cc/0x218
01-01 08:01:04.735 0 0 I : _raw_spin_lock_irqsave+0x54/0x98
01-01 08:01:04.735 0 0 I : ion_system_secure_heap_prefetch_work+0x94/0x2c0
01-01 08:01:04.735 0 0 I : process_one_work+0x38c/0x660
01-01 08:01:04.735 0 0 I : worker_thread+0x268/0x4b8
01-01 08:01:04.735 0 0 I : kthread+0x140/0x150
01-01 08:01:04.735 0 0 I : ret_from_fork+0x10/0x1c
10-14 01:23:46.715 1930 2282 I OpenGLRenderer: Davey! duration=3580ms; Flags=1, FrameTimelineVsyncId=181, IntendedVsync=54166059415, Vsync=56882725973, InputEventId=0, HandleInputStart=56890638309, AnimationStart=56890639820, PerformTraversalsStart=56893296903, DrawStart=57741635653, FrameDeadline=54182726081, FrameInterval=56890464716, FrameStartTime=16666666, SyncQueued=57741803361, SyncStart=57741903049, IssueDrawCommandsStart=57742007684, SwapBuffers=57744890601, FrameCompleted=57747138986, DequeueBufferDuration=2179948, QueueBufferDuration=1413958, GpuCompleted=57745634194, SwapBuffersCompleted=57747138986, DisplayPresentTime=0,
10-14 01:23:46.716 830 2500 I vendor.qti.bluetooth@1.0-ibs_handler: ProcessIbsCmd: Received IBS_SLEEP_IND: 0xFE
01-01 08:01:04.746 0 0 E : INFO: trying to register non-static key.
01-01 08:01:04.751 0 0 E : the code is fine but needs lockdep annotation.
01-01 08:01:04.757 0 0 I : CPU: 7 PID: 274 Comm: kworker/u16:3 Tainted: G S W O 4.19.157+ #1
