10-14 01:23:42.120 1151 1151 D SystemServerTiming: OnBootPhase_600_com.android.server.media.projection.MediaProjectionManagerService took to complete: 0ms
10-14 01:23:42.120 1151 1151 I SystemServerTiming: OnBootPhase_600_com.android.server.slice.SliceManagerService$Lifecycle
10-14 01:23:42.120 1151 1151 D SystemServerTiming: OnBootPhase_600_com.android.server.slice.SliceManagerService$Lifecycle took to complete: 0ms
10-14 01:23:42.120 1151 1151 I SystemServerTiming: OnBootPhase_600_com.android.server.stats.StatsCompanion$Lifecycle
10-14 01:23:42.169 1151 1151 D SystemServerTiming: OnBootPhase_600_com.android.server.stats.StatsCompanion$Lifecycle took to complete: 49ms
10-14 01:23:42.169 1151 1151 I SystemServerTiming: OnBootPhase_600_com.android.server.scheduling.RebootReadinessManagerService$Lifecycle
10-14 01:23:42.169 1151 1151 D SystemServerTiming: OnBootPhase_600_com.android.server.scheduling.RebootReadinessManagerService$Lifecycle took to complete: 0ms
10-14 01:23:42.170 1151 1151 I SystemServerTiming: OnBootPhase_600_com.android.server.stats.pull.StatsPullAtomService
10-14 01:23:42.170 1151 1151 D SystemServerTiming: OnBootPhase_600_com.android.server.stats.pull.StatsPullAtomService took to complete: 0ms
10-14 01:23:42.170 1151 1151 I SystemServerTiming: OnBootPhase_600_com.android.server.incident.IncidentCompanionService
10-14 01:23:42.170 1151 1151 D SystemServerTiming: OnBootPhase_600_com.android.server.incident.IncidentCompanionService took to complete: 0ms
10-14 01:23:42.170 1151 1151 I SystemServerTiming: OnBootPhase_600_com.android.server.MmsServiceBroker
10-14 01:23:42.170 1151 1151 D SystemServerTiming: OnBootPhase_600_com.android.server.MmsServiceBroker took to complete: 0ms
10-14 01:23:42.170 1151 1151 I SystemServerTiming: OnBootPhase_600_com.android.server.autofill.AutofillManagerService
10-14 01:23:42.173 1151 1151 D SystemServerTiming: OnBootPhase_600_com.android.server.autofill.AutofillManagerService took to complete: 2ms
10-14 01:23:42.173 1151 1151 I SystemServerTiming: OnBootPhase_600_com.android.server.clipboard.ClipboardService
10-14 01:23:42.173 1151 1151 D SystemServerTiming: OnBootPhase_600_com.android.server.clipboard.ClipboardService took to complete: 0ms
10-14 01:23:42.173 1151 1151 I SystemServerTiming: OnBootPhase_600_com.android.server.appbinding.AppBindingService$Lifecycle
10-14 01:23:42.173 1151 1151 D SystemServerTiming: OnBootPhase_600_com.android.server.appbinding.AppBindingService$Lifecycle took to complete: 0ms
10-14 01:23:42.173 1151 1151 I SystemServerTiming: OnBootPhase_600_com.android.server.tracing.TracingServiceProxy
10-14 01:23:42.174 1151 1151 D SystemServerTiming: OnBootPhase_600_com.android.server.tracing.TracingServiceProxy took to complete: 0ms
10-14 01:23:42.174 1151 1151 I SystemServerTiming: OnBootPhase_600_com.android.server.policy.PermissionPolicyService
10-14 01:23:42.174 1151 1151 D SystemServerTiming: OnBootPhase_600_com.android.server.policy.PermissionPolicyService took to complete: 0ms
10-14 01:23:42.174 1151 1151 I SystemServerTiming: OnBootPhase_600_com.android.server.pm.StagingManager$Lifecycle
10-14 01:23:42.174 1151 1151 D SystemServerTiming: OnBootPhase_600_com.android.server.pm.StagingManager$Lifecycle took to complete: 0ms
10-14 01:23:42.174 1151 1151 I SystemServerTiming: OnBootPhase_600_com.android.server.app.GameManagerService$Lifecycle
10-14 01:23:42.174 1151 1151 D SystemServerTiming: OnBootPhase_600_com.android.server.app.GameManagerService$Lifecycle took to complete: 0ms
10-14 01:23:42.174 1151 1151 I SystemServerTiming: OnBootPhase_600_com.android.server.appsearch.AppSearchManagerService
10-14 01:23:42.174 1151 1151 D SystemServerTiming: OnBootPhase_600_com.android.server.appsearch.AppSearchManagerService took to complete: 0ms
10-14 01:23:42.174 1151 1151 I SystemServerTiming: OnBootPhase_600_com.android.server.media.MediaCommunicationService
10-14 01:23:42.175 1151 1151 D SystemServerTiming: OnBootPhase_600_com.android.server.media.MediaCommunicationService took to complete: 0ms
10-14 01:23:42.175 1151 1151 D SystemServerTiming: OnBootPhase_600 took to complete: 368ms
10-14 01:23:42.175 1151 1151 D SystemServerTiming: PhaseThirdPartyAppsCanStart took to complete: 368ms
10-14 01:23:42.175 1151 1348 D StatsPullAtomService: Registering NetworkStats pullers with statsd
10-14 01:23:42.191 1151 1151 I SystemServerTiming: StartNetworkStack
10-14 01:23:42.207 1151 1151 D ConnectivityModuleConnector: Starting networking module android.net.INetworkStackConnector
10-14 01:23:42.209 1151 1151 D ConnectivityModuleConnector: Starting networking module in network_stack process
10-14 01:23:42.222 1151 1151 I am_uid_running: 1073
10-14 01:23:42.223 1151 1151 D CompatibilityChangeReporter: Compat change id reported: 135634846; UID 1073; state: DISABLED
10-14 01:23:42.224 1151 1151 D CompatibilityChangeReporter: Compat change id reported: 177438394; UID 1073; state: DISABLED
10-14 01:23:42.225 1151 1151 D CompatibilityChangeReporter: Compat change id reported: 135772972; UID 1073; state: DISABLED
10-14 01:23:42.225 1151 1151 D CompatibilityChangeReporter: Compat change id reported: 135754954; UID 1073; state: ENABLED
10-14 01:23:42.226 1151 1151 D ConnectivityModuleConnector: Networking module service start requested
10-14 01:23:42.226 1151 1151 D SystemServerTiming: StartNetworkStack took to complete: 32ms
10-14 01:23:42.226 1151 1151 I SystemServerTiming: StartTethering
10-14 01:23:42.226 1151 1151 D ConnectivityModuleConnector: Starting networking module android.net.ITetheringConnector
10-14 01:23:42.227 1151 1151 D ConnectivityModuleConnector: Starting networking module in network_stack process
10-14 01:23:42.228 1151 1151 D ConnectivityModuleConnector: Networking module service start requested
10-14 01:23:42.228 1151 1151 D SystemServerTiming: StartTethering took to complete: 2ms
10-14 01:23:42.228 1151 1151 I SystemServerTiming: MakeCountryDetectionServiceReady
10-14 01:23:42.228 1151 1151 D SystemServerTiming: MakeCountryDetectionServiceReady took to complete: 1ms
10-14 01:23:42.228 1151 1151 I SystemServerTiming: MakeNetworkTimeUpdateReady
10-14 01:23:42.242 1151 1151 D SystemServerTiming: MakeNetworkTimeUpdateReady took to complete: 13ms
10-14 01:23:42.242 1151 1151 I SystemServerTiming: MakeInputManagerServiceReady
10-14 01:23:42.242 1151 1151 I configuration_changed: 16384
10-14 01:23:42.243 1151 1151 I ActivityTaskManager: Config changes=4000 {1.0 ?mcc?mnc [zh_CN] ldltr sw680dp w1586dp h608dp 240dpi lrg long hdr land finger -keyb/v/h -nav/h winConfig={ mBounds=Rect(0, 0 - 2380, 1020) mAppBounds=Rect(0, 0 - 2380, 948) mMaxBounds=Rect(0, 0 - 2380, 1020) mWindowingMode=fullscreen mDisplayWindowingMode=fullscreen mActivityType=undefined mAlwaysOnTop=undefined mRotation=ROTATION_0} s.10 fontWeightAdjustment=0}
10-14 01:23:42.246 1151 1151 I WindowManager: Override config changes=4000 {1.0 ?mcc?mnc [zh_CN] ldltr sw680dp w1586dp h608dp 240dpi lrg long hdr land finger -keyb/v/h -nav/h winConfig={ mBounds=Rect(0, 0 - 2380, 1020) mAppBounds=Rect(0, 0 - 2380, 948) mMaxBounds=Rect(0, 0 - 2380, 1020) mWindowingMode=fullscreen mDisplayWindowingMode=fullscreen mActivityType=undefined mAlwaysOnTop=undefined mRotation=ROTATION_0} s.10 fontWeightAdjustment=0} for displayId=0
10-14 01:23:42.255 1151 1151 D SystemServerTiming: MakeInputManagerServiceReady took to complete: 13ms
10-14 01:23:42.255 1151 1151 I SystemServerTiming: MakeTelephonyRegistryReady
10-14 01:23:42.255 1151 1151 D TelephonyRegistry: systemRunning register for intents
10-14 01:23:42.256 1151 1151 D SystemServerTiming: MakeTelephonyRegistryReady took to complete: 1ms
10-14 01:23:42.256 1151 1151 I SystemServerTiming: MakeMediaRouterServiceReady
10-14 01:23:42.256 1151 1151 D SystemServerTiming: MakeMediaRouterServiceReady took to complete: 0ms
10-14 01:23:42.256 1151 1151 I SystemServerTiming: MakeMmsServiceReady
10-14 01:23:42.256 1151 1151 I MmsServiceBroker: Delay connecting to MmsService until an API is called
10-14 01:23:42.256 1151 1151 D SystemServerTiming: MakeMmsServiceReady took to complete: 1ms
10-14 01:23:42.257 1151 1151 I SystemServerTiming: IncidentDaemonReady
10-14 01:23:42.257 1151 1348 I netstats_mobile_sample: [0,0,0,0,0,0,0,0,0,0,0,0,1665681822257]
10-14 01:23:42.257 1151 1348 I netstats_wifi_sample: [0,0,0,0,0,0,0,0,0,0,0,0,1665681822257]
10-14 01:23:42.259 1151 1151 D SystemServerTiming: IncidentDaemonReady took to complete: 2ms
10-14 01:23:42.259 1151 1151 I SystemServerTiming: MakeIncrementalServiceReady
10-14 01:23:42.259 1151 1151 D SystemServerTiming: MakeIncrementalServiceReady took to complete: 0ms
10-14 01:23:42.259 1151 1151 I SystemServerTiming: getCurrentUser
10-14 01:23:42.259 1151 1151 I ActivityManager: Current user:0
10-14 01:23:42.260 1151 1151 D SystemServerTiming: getCurrentUser took to complete: 0ms
10-14 01:23:42.260 1151 1151 I SystemServerTiming: ActivityManagerStartApps
10-14 01:23:42.260 1151 1151 I ssm_user_starting: 0
10-14 01:23:42.260 1151 1151 I SystemServerTiming: ssm.StartUser-0
10-14 01:23:42.260 1151 1151 I SystemServiceManager: Calling onStartUser 0
10-14 01:23:42.260 1151 1151 I SystemServerTiming: ssm.onStartUser-0_com.android.server.security.FileIntegrityService
10-14 01:23:42.260 1151 1151 D SystemServerTiming: ssm.onStartUser-0_com.android.server.security.FileIntegrityService took to complete: 0ms
10-14 01:23:42.260 1151 1151 I SystemServerTiming: ssm.onStartUser-0_com.android.server.pm.Installer
10-14 01:23:42.260 1151 1151 D SystemServerTiming: ssm.onStartUser-0_com.android.server.pm.Installer took to complete: 0ms
10-14 01:23:42.260 1151 1151 I SystemServerTiming: ssm.onStartUser-0_com.android.server.os.DeviceIdentifiersPolicyService
10-14 01:23:42.261 1151 1151 D SystemServerTiming: ssm.onStartUser-0_com.android.server.os.DeviceIdentifiersPolicyService took to complete: 0ms
10-14 01:23:42.261 1151 1151 I SystemServerTiming: ssm.onStartUser-0_com.android.server.uri.UriGrantsManagerService$Lifecycle
10-14 01:23:42.261 1151 1151 D SystemServerTiming: ssm.onStartUser-0_com.android.server.uri.UriGrantsManagerService$Lifecycle took to complete: 0ms
10-14 01:23:42.261 1151 1151 I SystemServerTiming: ssm.onStartUser-0_com.android.server.powerstats.PowerStatsService
10-14 01:23:42.261 1151 1151 D SystemServerTiming: ssm.onStartUser-0_com.android.server.powerstats.PowerStatsService took to complete: 0ms
10-14 01:23:42.261 1151 1151 I SystemServerTiming: ssm.onStartUser-0_com.android.server.wm.ActivityTaskManagerService$Lifecycle
10-14 01:23:42.261 1151 1151 D SystemServerTiming: ssm.onStartUser-0_com.android.server.wm.ActivityTaskManagerService$Lifecycle took to complete: 0ms
10-14 01:23:42.261 1151 1151 I SystemServerTiming: ssm.onStartUser-0_com.android.server.am.ActivityManagerService$Lifecycle
10-14 01:23:42.261 1151 1151 D SystemServerTiming: ssm.onStartUser-0_com.android.server.am.ActivityManagerService$Lifecycle took to complete: 0ms
10-14 01:23:42.261 1151 1151 I SystemServerTiming: ssm.onStartUser-0_com.android.server.pm.DataLoaderManagerService
10-14 01:23:42.261 1151 1151 D SystemServerTiming: ssm.onStartUser-0_com.android.server.pm.DataLoaderManagerService took to complete: 0ms
10-14 01:23:42.262 1151 1151 I SystemServerTiming: ssm.onStartUser-0_com.android.server.power.PowerManagerService
10-14 01:23:42.262 1151 1151 D SystemServerTiming: ssm.onStartUser-0_com.android.server.power.PowerManagerService took to complete: 0ms
10-14 01:23:42.262 1151 1151 I SystemServerTiming: ssm.onStartUser-0_com.android.server.power.ThermalManagerService
10-14 01:23:42.262 1151 1151 D SystemServerTiming: ssm.onStartUser-0_com.android.server.power.ThermalManagerService took to complete: 0ms
10-14 01:23:42.262 1151 1151 I SystemServerTiming: ssm.onStartUser-0_com.android.server.power.hint.HintManagerService
10-14 01:23:42.262 1151 1151 D SystemServerTiming: ssm.onStartUser-0_com.android.server.power.hint.HintManagerService took to complete: 0ms
10-14 01:23:42.263 1151 1151 I SystemServerTiming: ssm.onStartUser-0_com.android.server.recoverysystem.RecoverySystemService$Lifecycle
10-14 01:23:42.263 1151 1151 D SystemServerTiming: ssm.onStartUser-0_com.android.server.recoverysystem.RecoverySystemService$Lifecycle took to complete: 0ms
10-14 01:23:42.263 1151 1151 I SystemServerTiming: ssm.onStartUser-0_com.android.server.lights.LightsService
10-14 01:23:42.263 1151 1151 D SystemServerTiming: ssm.onStartUser-0_com.android.server.lights.LightsService took to complete: 0ms
10-14 01:23:42.263 1151 1151 I SystemServerTiming: ssm.onStartUser-0_com.android.server.display.DisplayManagerService
10-14 01:23:42.263 1151 1151 D SystemServerTiming: ssm.onStartUser-0_com.android.server.display.DisplayManagerService took to complete: 0ms
10-14 01:23:42.263 1151 1151 I SystemServerTiming: ssm.onStartUser-0_com.android.server.pm.verify.domain.DomainVerificationService
10-14 01:23:42.263 1151 1151 D SystemServerTiming: ssm.onStartUser-0_com.android.server.pm.verify.domain.DomainVerificationService took to complete: 0ms
10-14 01:23:42.263 1151 1151 I SystemServerTiming: ssm.onStartUser-0_com.android.server.pm.PackageInstallerService$Lifecycle
10-14 01:23:42.264 1151 1151 D SystemServerTiming: ssm.onStartUser-0_com.android.server.pm.PackageInstallerService$Lifecycle took to complete: 0ms
10-14 01:23:42.264 1151 1151 I SystemServerTiming: ssm.onStartUser-0_com.android.server.pm.UserManagerService$LifeCycle
10-14 01:23:42.264 1151 1151 D SystemServerTiming: ssm.onStartUser-0_com.android.server.pm.UserManagerService$LifeCycle took to complete: 0ms
10-14 01:23:42.264 1151 1151 I SystemServerTiming: ssm.onStartUser-0_com.android.server.om.OverlayManagerService
10-14 01:23:42.264 1151 1151 D SystemServerTiming: ssm.onStartUser-0_com.android.server.om.OverlayManagerService took to complete: 0ms
10-14 01:23:42.264 1151 1151 I SystemServerTiming: ssm.onStartUser-0_com.android.server.SensorPrivacyService
10-14 01:23:42.265 1151 1151 D SystemServerTiming: ssm.onStartUser-0_com.android.server.SensorPrivacyService took to complete: 0ms
10-14 01:23:42.265 1151 1151 I SystemServerTiming: ssm.onStartUser-0_com.android.server.sensors.SensorService
10-14 01:23:42.265 1151 1151 D SystemServerTiming: ssm.onStartUser-0_com.android.server.sensors.SensorService took to complete: 0ms
10-14 01:23:42.265 1151 1151 I SystemServerTiming: ssm.onStartUser-0_com.android.server.SystemConfigService
10-14 01:23:42.265 1151 1151 D SystemServerTiming: ssm.onStartUser-0_com.android.server.SystemConfigService took to complete: 0ms
10-14 01:23:42.265 1151 1151 I SystemServerTiming: ssm.onStartUser-0_com.android.server.BatteryService
10-14 01:23:42.265 1151 1151 D SystemServerTiming: ssm.onStartUser-0_com.android.server.BatteryService took to complete: 0ms
10-14 01:23:42.265 1151 1151 I SystemServerTiming: ssm.onStartUser-0_com.android.server.usage.UsageStatsService
10-14 01:23:42.265 1151 1151 D SystemServerTiming: ssm.onStartUser-0_com.android.server.usage.UsageStatsService took to complete: 0ms
10-14 01:23:42.265 1151 1151 I SystemServerTiming: ssm.onStartUser-0_com.android.server.webkit.WebViewUpdateService
10-14 01:23:42.265 1151 1151 D SystemServerTiming: ssm.onStartUser-0_com.android.server.webkit.WebViewUpdateService took to complete: 0ms
10-14 01:23:42.265 1151 1151 I SystemServerTiming: ssm.onStartUser-0_com.android.server.CachedDeviceStateService
10-14 01:23:42.266 1151 1151 D SystemServerTiming: ssm.onStartUser-0_com.android.server.CachedDeviceStateService took to complete: 0ms
10-14 01:23:42.266 1151 1151 I SystemServerTiming: ssm.onStartUser-0_com.android.server.BinderCallsStatsService$LifeCycle
10-14 01:23:42.266 1151 1151 D SystemServerTiming: ssm.onStartUser-0_com.android.server.BinderCallsStatsService$LifeCycle took to complete: 0ms
10-14 01:23:42.266 1151 1151 I SystemServerTiming: ssm.onStartUser-0_com.android.server.LooperStatsService$Lifecycle
10-14 01:23:42.266 1151 1151 D SystemServerTiming: ssm.onStartUser-0_com.android.server.LooperStatsService$Lifecycle took to complete: 0ms
10-14 01:23:42.266 1151 1151 I SystemServerTiming: ssm.onStartUser-0_com.android.server.rollback.RollbackManagerService
10-14 01:23:42.266 1151 1151 D SystemServerTiming: ssm.onStartUser-0_com.android.server.rollback.RollbackManagerService took to complete: 0ms
10-14 01:23:42.266 1151 1151 I SystemServerTiming: ssm.onStartUser-0_com.android.server.os.NativeTombstoneManagerService
10-14 01:23:42.266 1151 1151 D SystemServerTiming: ssm.onStartUser-0_com.android.server.os.NativeTombstoneManagerService took to complete: 0ms
10-14 01:23:42.266 1151 1151 I SystemServerTiming: ssm.onStartUser-0_com.android.server.os.BugreportManagerService
10-14 01:23:42.267 1151 1151 D SystemServerTiming: ssm.onStartUser-0_com.android.server.os.BugreportManagerService took to complete: 0ms
10-14 01:23:42.267 1151 1151 I SystemServerTiming: ssm.onStartUser-0_com.android.server.gpu.GpuService
10-14 01:23:42.267 1151 1151 D SystemServerTiming: ssm.onStartUser-0_com.android.server.gpu.GpuService took to complete: 0ms
10-14 01:23:42.267 1151 1151 I SystemServerTiming: ssm.onStartUser-0_com.android.server.security.KeyChainSystemService
10-14 01:23:42.267 1151 1151 D SystemServerTiming: ssm.onStartUser-0_com.android.server.security.KeyChainSystemService took to complete: 0ms
10-14 01:23:42.267 1151 1151 I SystemServerTiming: ssm.onStartUser-0_com.android.server.telecom.TelecomLoaderService
10-14 01:23:42.267 1151 1151 D SystemServerTiming: ssm.onStartUser-0_com.android.server.telecom.TelecomLoaderService took to complete: 0ms
10-14 01:23:42.267 1151 1151 I SystemServerTiming: ssm.onStartUser-0_com.android.server.accounts.AccountManagerService$Lifecycle
10-14 01:23:42.267 1151 1151 D SystemServerTiming: ssm.onStartUser-0_com.android.server.accounts.AccountManagerService$Lifecycle took to complete: 0ms
10-14 01:23:42.267 1151 1151 I SystemServerTiming: ssm.onStartUser-0_com.android.server.content.ContentService$Lifecycle
10-14 01:23:42.268 1151 1151 D SystemServerTiming: ssm.onStartUser-0_com.android.server.content.ContentService$Lifecycle took to complete: 0ms
10-14 01:23:42.268 1151 1151 I SystemServerTiming: ssm.onStartUser-0_com.android.server.DropBoxManagerService
10-14 01:23:42.268 1151 1151 D SystemServerTiming: ssm.onStartUser-0_com.android.server.DropBoxManagerService took to complete: 0ms
10-14 01:23:42.268 1151 1151 I SystemServerTiming: ssm.onStartUser-0_com.android.role.RoleService
10-14 01:23:42.277 1151 1151 D SystemServerTiming: ssm.onStartUser-0_com.android.role.RoleService took to complete: 9ms
10-14 01:23:42.277 1151 1151 I SystemServerTiming: ssm.onStartUser-0_com.android.server.vibrator.VibratorManagerService$Lifecycle
10-14 01:23:42.277 1151 1151 D SystemServerTiming: ssm.onStartUser-0_com.android.server.vibrator.VibratorManagerService$Lifecycle took to complete: 0ms
10-14 01:23:42.277 1151 1151 I SystemServerTiming: ssm.onStartUser-0_com.android.server.alarm.AlarmManagerService
10-14 01:23:42.277 1151 1151 D SystemServerTiming: ssm.onStartUser-0_com.android.server.alarm.AlarmManagerService took to complete: 0ms
10-14 01:23:42.277 1151 1151 I SystemServerTiming: ssm.onStartUser-0_com.android.server.devicestate.DeviceStateManagerService
10-14 01:23:42.277 1151 1151 D SystemServerTiming: ssm.onStartUser-0_com.android.server.devicestate.DeviceStateManagerService took to complete: 0ms
10-14 01:23:42.277 1151 1151 I SystemServerTiming: ssm.onStartUser-0_com.android.server.camera.CameraServiceProxy
10-14 01:23:42.283 1151 1151 D SystemServerTiming: ssm.onStartUser-0_com.android.server.camera.CameraServiceProxy took to complete: 5ms
10-14 01:23:42.283 1151 1151 I SystemServerTiming: ssm.onStartUser-0_com.android.server.BluetoothService
10-14 01:23:42.283 1151 1151 D SystemServerTiming: ssm.onStartUser-0_com.android.server.BluetoothService took to complete: 0ms
10-14 01:23:42.283 1151 1151 I SystemServerTiming: ssm.onStartUser-0_com.android.server.connectivity.IpConnectivityMetrics
10-14 01:23:42.283 1151 1151 D SystemServerTiming: ssm.onStartUser-0_com.android.server.connectivity.IpConnectivityMetrics took to complete: 0ms
01-01 08:01:00.326 0 0 I [kworke][0x442ef176][01:23:42.292641] wlan: [276:I:DP] Peer pool init
01-01 08:01:00.327 0 0 W [kworke][0x442f0c06][01:23:42.292995] wlan: [276:W:DP] dp_rx_pdev_mon_attach: pdev attach id=0
10-14 01:23:42.283 1151 1151 I SystemServerTiming: ssm.onStartUser-0_com.android.server.net.watchlist.NetworkWatchlistService$Lifecycle
10-14 01:23:42.283 1151 1151 D SystemServerTiming: ssm.onStartUser-0_com.android.server.net.watchlist.NetworkWatchlistService$Lifecycle took to complete: 0ms
10-14 01:23:42.284 1151 1151 I SystemServerTiming: ssm.onStartUser-0_com.android.server.PinnerService
10-14 01:23:42.284 1151 1151 D SystemServerTiming: ssm.onStartUser-0_com.android.server.PinnerService took to complete: 0ms
10-14 01:23:42.284 1151 1151 I SystemServerTiming: ssm.onStartUser-0_com.google.android.startop.iorap.IorapForwardingService
10-14 01:23:42.284 1151 1151 D SystemServerTiming: ssm.onStartUser-0_com.google.android.startop.iorap.IorapForwardingService took to complete: 0ms
10-14 01:23:42.284 1151 1151 I SystemServerTiming: ssm.onStartUser-0_com.android.server.ActivityTriggerService
10-14 01:23:42.284 1151 1151 D SystemServerTiming: ssm.onStartUser-0_com.android.server.ActivityTriggerService took to complete: 0ms
10-14 01:23:42.284 1151 1151 I SystemServerTiming: ssm.onStartUser-0_com.android.server.integrity.AppIntegrityManagerService
10-14 01:23:42.284 1151 1151 D SystemServerTiming: ssm.onStartUser-0_com.android.server.integrity.AppIntegrityManagerService took to complete: 0ms
10-14 01:23:42.284 1151 1151 I SystemServerTiming: ssm.onStartUser-0_com.android.server.inputmethod.InputMethodManagerService$Lifecycle
10-14 01:23:42.284 1151 1151 D SystemServerTiming: ssm.onStartUser-0_com.android.server.inputmethod.InputMethodManagerService$Lifecycle took to complete: 0ms
10-14 01:23:42.284 1151 1151 I SystemServerTiming: ssm.onStartUser-0_com.android.server.accessibility.AccessibilityManagerService$Lifecycle
10-14 01:23:42.284 1151 1151 D SystemServerTiming: ssm.onStartUser-0_com.android.server.accessibility.AccessibilityManagerService$Lifecycle took to complete: 0ms
10-14 01:23:42.285 1151 1151 I SystemServerTiming: ssm.onStartUser-0_com.android.server.StorageManagerService$Lifecycle
10-14 01:23:42.287 1151 1151 V StorageManagerService: Package com.sohu.inputmethod.sogou.car has legacy storage
10-14 01:23:42.287 1151 1151 V StorageManagerService: Package android.frameworkres.overlay does not have legacy storage
10-14 01:23:42.287 1151 1151 V StorageManagerService: Package com.android.cts.priv.ctsshim does not have legacy storage
10-14 01:23:42.287 1151 1151 V StorageManagerService: Package com.thundercomm.microservice does not have legacy storage
10-14 01:23:42.287 1151 1151 V StorageManagerService: Package com.android.dynsystem does not have legacy storage
10-14 01:23:42.287 1151 1151 V StorageManagerService: Package com.android.providers.calendar does not have legacy storage
10-14 01:23:42.287 1151 1151 V StorageManagerService: Package com.android.providers.media does not have legacy storage
10-14 01:23:42.288 1151 1151 V StorageManagerService: Package com.android.internal.systemui.navbar.gestural_wide_back does not have legacy storage
10-14 01:23:42.288 1151 1151 V StorageManagerService: Package com.android.wallpapercropper does not have legacy storage
10-14 01:23:42.288 1151 1151 V StorageManagerService: Package com.thundercomm.microsettings does not have legacy storage
10-14 01:23:42.288 1151 1151 V StorageManagerService: Package com.thundercomm.tcsetupWizard does not have legacy storage
10-14 01:23:42.288 1151 1151 V StorageManagerService: Package com.qualcomm.qti.gpudrivers.kona.api30 does not have legacy storage
10-14 01:23:42.288 1151 1151 V StorageManagerService: Package com.android.documentsui does not have legacy storage
10-14 01:23:42.288 1151 1151 V StorageManagerService: Package com.android.externalstorage does not have legacy storage
10-14 01:23:42.289 1151 1151 V StorageManagerService: Package com.qualcomm.uimremoteclient does not have legacy storage
10-14 01:23:42.289 1151 1151 V StorageManagerService: Package com.android.htmlviewer does not have legacy storage
10-14 01:23:42.289 1151 1151 V StorageManagerService: Package com.qualcomm.qti.uceShimService does not have legacy storage
10-14 01:23:42.289 1151 1151 V StorageManagerService: Package com.android.companiondevicemanager does not have legacy storage
10-14 01:23:42.289 1151 1151 V StorageManagerService: Package com.android.quicksearchbox does not have legacy storage
10-14 01:23:42.289 1151 1151 V StorageManagerService: Package com.qualcomm.qti.qms.service.connectionsecurity does not have legacy storage
10-14 01:23:42.289 1151 1151 V StorageManagerService: Package com.android.providers.downloads does not have legacy storage
10-14 01:23:42.289 1151 1151 V StorageManagerService: Package com.android.internal.systemui.onehanded.gestural does not have legacy storage
10-14 01:23:42.290 1151 1151 V StorageManagerService: Package vendor.qti.hardware.cacert.server does not have legacy storage
10-14 01:23:42.290 1151 1151 V StorageManagerService: Package vendor.qti.iwlan does not have legacy storage
10-14 01:23:42.290 1151 1151 V StorageManagerService: Package com.qualcomm.qti.optinoverlay does not have legacy storage
10-14 01:23:42.290 1151 1151 V StorageManagerService: Package com.android.soundrecorder does not have legacy storage
10-14 01:23:42.290 1151 1151 V StorageManagerService: Package com.qualcomm.uimremoteserver does not have legacy storage
10-14 01:23:42.291 1151 1151 V StorageManagerService: Package com.tc.logclient does not have legacy storage
10-14 01:23:42.291 1151 1151 V StorageManagerService: Package android.qvaoverlay.common does not have legacy storage
10-14 01:23:42.292 1151 1151 V StorageManagerService: Package com.android.providers.downloads.ui does not have legacy storage
10-14 01:23:42.292 1151 1151 V StorageManagerService: Package com.android.pacprocessor does not have legacy storage
10-14 01:23:42.292 1151 1151 V StorageManagerService: Package com.android.networkstack does not have legacy storage
10-14 01:23:42.292 1151 1151 V StorageManagerService: Package android.overlay.common does not have legacy storage
10-14 01:23:42.292 1151 1151 V StorageManagerService: Package com.android.connectivity.resources does not have legacy storage
10-14 01:23:42.292 1151 1151 V StorageManagerService: Package com.android.modulemetadata does not have legacy storage
10-14 01:23:42.292 1151 1151 V StorageManagerService: Package com.android.certinstaller does not have legacy storage
10-14 01:23:42.292 1151 1151 V StorageManagerService: Package com.android.internal.systemui.navbar.threebutton does not have legacy storage
10-14 01:23:42.293 1151 1151 V StorageManagerService: Package android does not have legacy storage
10-14 01:23:42.293 1151 1151 V StorageManagerService: Package com.qualcomm.wfd.service does not have legacy storage
10-14 01:23:42.293 1151 1151 V StorageManagerService: Package ts.car.uart does not have legacy storage
10-14 01:23:42.293 1151 1151 V StorageManagerService: Package com.android.egg does not have legacy storage
10-14 01:23:42.293 1151 1151 V StorageManagerService: Package com.android.mtp does not have legacy storage
10-14 01:23:42.293 1151 1151 V StorageManagerService: Package com.android.nfc does not have legacy storage
10-14 01:23:42.293 1151 1151 V StorageManagerService: Package com.android.stk does not have legacy storage
10-14 01:23:42.294 1151 1151 V StorageManagerService: Package com.android.launcher3 does not have legacy storage
10-14 01:23:42.294 1151 1151 V StorageManagerService: Package com.android.backupconfirm does not have legacy storage
10-14 01:23:42.294 1151 1151 V StorageManagerService: Package vendor.qti.qesdk.sysservice does not have legacy storage
10-14 01:23:42.294 1151 1151 V StorageManagerService: Package com.android.provision does not have legacy storage
10-14 01:23:42.294 1151 1151 V StorageManagerService: Package android.overlay.target does not have legacy storage
10-14 01:23:42.294 1151 1151 V StorageManagerService: Package com.microsoft.emmx does not have legacy storage
10-14 01:23:42.295 1151 1151 V StorageManagerService: Package com.qti.pasrservice does not have legacy storage
10-14 01:23:42.296 1151 1151 V StorageManagerService: Package com.android.settings.intelligence does not have legacy storage
10-14 01:23:42.296 1151 1151 V StorageManagerService: Package com.android.calendar does not have legacy storage
10-14 01:23:42.296 1151 1151 V StorageManagerService: Package com.android.internal.systemui.navbar.gestural_extra_wide_back does not have legacy storage
10-14 01:23:42.296 1151 1352 W ActivityManager: Slow operation: 623ms so far, now at startProcess: returned from zygote!
10-14 01:23:42.296 1151 1151 V StorageManagerService: Package com.qualcomm.qti.dynamicddsservice does not have legacy storage
10-14 01:23:42.296 1151 1151 V StorageManagerService: Package com.qualcomm.qti.xrvd.service does not have legacy storage
10-14 01:23:42.296 1151 1151 V StorageManagerService: Package com.android.providers.settings does not have legacy storage
10-14 01:23:42.297 1151 1151 V StorageManagerService: Package com.android.sharedstoragebackup does not have legacy storage
10-14 01:23:42.297 1151 1151 V StorageManagerService: Package com.android.printspooler does not have legacy storage
10-14 01:23:42.297 1151 1151 V StorageManagerService: Package com.qti.qualcomm.mstatssystemservice does not have legacy storage
10-14 01:23:42.297 1151 1151 V StorageManagerService: Package com.qualcomm.qti.services.systemhelper does not have legacy storage
10-14 01:23:42.297 1151 1151 V StorageManagerService: Package com.android.wifi.resources.overlay.common does not have legacy storage
10-14 01:23:42.297 1151 1151 V StorageManagerService: Package com.android.dreams.basic does not have legacy storage
10-14 01:23:42.297 1151 1151 V StorageManagerService: Package com.android.webview does not have legacy storage
10-14 01:23:42.298 1151 1151 V StorageManagerService: Package com.android.se does not have legacy storage
10-14 01:23:42.298 1151 1151 V StorageManagerService: Package com.android.inputdevices does not have legacy storage
10-14 01:23:42.298 1151 1151 V StorageManagerService: Package com.android.bips does not have legacy storage
10-14 01:23:42.298 1151 1151 V StorageManagerService: Package com.qti.dpmserviceapp does not have legacy storage
10-14 01:23:42.299 1151 1151 V StorageManagerService: Package com.thundercomm.remotecontrolservice does not have legacy storage
10-14 01:23:42.299 1151 1151 V StorageManagerService: Package com.android.musicfx does not have legacy storage
10-14 01:23:42.299 1151 1151 V StorageManagerService: Package com.android.settings.overlay.common does not have legacy storage
10-14 01:23:42.304 1151 1151 V StorageManagerService: Package com.qualcomm.qti.qccnetstat does not have legacy storage
10-14 01:23:42.304 1151 1151 V StorageManagerService: Package com.example.android.locationattribution does not have legacy storage
10-14 01:23:42.304 1151 1151 V StorageManagerService: Package android.ext.shared does not have legacy storage
10-14 01:23:42.304 1151 1151 V StorageManagerService: Package com.android.onetimeinitializer does not have legacy storage
10-14 01:23:42.305 1151 1352 W ActivityManager: Slow operation: 632ms so far, now at startProcess: done updating battery stats
10-14 01:23:42.305 1151 1151 V StorageManagerService: Package com.android.server.telecom does not have legacy storage
10-14 01:23:42.305 1151 1352 I am_proc_start: [0,1966,1037,WebViewLoader-armeabi-v7a,NULL,]
10-14 01:23:42.305 1151 1352 W ActivityManager: Slow operation: 632ms so far, now at startProcess: building log message
10-14 01:23:42.305 1151 1352 I ActivityManager: Start proc 1966:WebViewLoader-armeabi-v7a/1037 [android.webkit.WebViewLibraryLoader$RelroFileCreator] for null
10-14 01:23:42.305 1151 1352 W ActivityManager: Slow operation: 633ms so far, now at startProcess: starting to update pids map
10-14 01:23:42.305 1151 1151 V StorageManagerService: Package com.android.keychain does not have legacy storage
10-14 01:23:42.305 1151 1151 V StorageManagerService: Package com.qti.snapdragon.qdcm_ff does not have legacy storage
10-14 01:23:42.306 1151 1151 V StorageManagerService: Package com.android.wifi.resources.overlay.target does not have legacy storage
10-14 01:23:42.306 1151 1151 V StorageManagerService: Package com.android.printservice.recommendation does not have legacy storage
10-14 01:23:42.306 1151 1151 V StorageManagerService: Package com.thundercomm.mcuupgrade does not have legacy storage
10-14 01:23:42.306 1151 1151 V StorageManagerService: Package com.android.gallery3d has legacy storage
10-14 01:23:42.306 1151 1151 V StorageManagerService: Package android.ext.services does not have legacy storage
10-14 01:23:42.306 1151 1151 V StorageManagerService: Package com.android.wifi.resources does not have legacy storage
10-14 01:23:42.306 1151 1151 V StorageManagerService: Package com.android.systemui.overlay.common does not have legacy storage
10-14 01:23:42.306 1151 1151 V StorageManagerService: Package com.android.cameraextensions does not have legacy storage
10-14 01:23:42.306 1151 1352 W ActivityManager: Slow operation: 634ms so far, now at startProcess: done updating pids map
10-14 01:23:42.307 1151 1352 W ActivityManager: Slow operation: 632ms so far, now at startProcess: asking zygote to start proc
10-14 01:23:42.307 1151 1151 V StorageManagerService: Package com.thundercomm.tcservice does not have legacy storage
10-14 01:23:42.307 1151 1151 V StorageManagerService: Package com.android.localtransport does not have legacy storage
10-14 01:23:42.307 1151 1151 V StorageManagerService: Package com.android.packageinstaller does not have legacy storage
10-14 01:23:42.308 1151 1151 V StorageManagerService: Package com.qualcomm.qti.devicestatisticsservice does not have legacy storage
10-14 01:23:42.308 1151 1151 V StorageManagerService: Package com.android.theme.font.notoserifsource does not have legacy storage
10-14 01:23:42.308 1151 1151 V StorageManagerService: Package com.android.proxyhandler does not have legacy storage
10-14 01:23:42.308 1151 1151 V StorageManagerService: Package com.android.internal.display.cutout.emulation.waterfall does not have legacy storage
10-14 01:23:42.308 1151 1151 V StorageManagerService: Package com.qualcomm.qti.workloadclassifier does not have legacy storage
10-14 01:23:42.308 1151 1151 V StorageManagerService: Package com.android.inputmethod.latin does not have legacy storage
10-14 01:23:42.308 1151 1151 V StorageManagerService: Package com.android.providers.settings.overlay does not have legacy storage
10-14 01:23:42.308 1151 1151 V StorageManagerService: Package com.android.managedprovisioning does not have legacy storage
10-14 01:23:42.308 1151 1151 V StorageManagerService: Package com.android.networkstack.tethering does not have legacy storage
10-14 01:23:42.309 1151 1151 V StorageManagerService: Package com.android.soundpicker does not have legacy storage
10-14 01:23:42.309 1151 1151 V StorageManagerService: Package com.android.dreams.phototable does not have legacy storage
10-14 01:23:42.309 1151 1151 V StorageManagerService: Package com.android.wallpaper.livepicker does not have legacy storage
10-14 01:23:42.309 1151 1151 V StorageManagerService: Package com.android.apps.tag does not have legacy storage
10-14 01:23:42.309 1151 1151 V StorageManagerService: Package com.android.storagemanager does not have legacy storage
10-14 01:23:42.309 1151 1151 V StorageManagerService: Package com.android.bookmarkprovider does not have legacy storage
10-14 01:23:42.309 1151 1151 V StorageManagerService: Package com.android.settings does not have legacy storage
10-14 01:23:42.310 1151 1151 V StorageManagerService: Package com.android.networkstack.permissionconfig does not have legacy storage
10-14 01:23:42.310 1151 1151 V StorageManagerService: Package com.qualcomm.location does not have legacy storage
10-14 01:23:42.310 1151 1151 V StorageManagerService: Package com.android.cts.ctsshim does not have legacy storage
10-14 01:23:42.310 1151 1151 V StorageManagerService: Package com.caf.fmradio does not have legacy storage
10-14 01:23:42.311 1151 1151 V StorageManagerService: Package com.qti.diagservices does not have legacy storage
10-14 01:23:42.311 1151 1151 V StorageManagerService: Package com.android.vpndialogs does not have legacy storage
10-14 01:23:42.312 1151 1151 V StorageManagerService: Package com.qualcomm.location.XT does not have legacy storage
10-14 01:23:42.311 1151 1348 I netstats_mobile_sample: [0,0,0,0,0,0,0,0,0,0,0,0,1665681822310]
10-14 01:23:42.312 1151 1151 V StorageManagerService: Package com.android.music does not have legacy storage
10-14 01:23:42.312 1151 1151 V StorageManagerService: Package com.android.shell does not have legacy storage
10-14 01:23:42.312 1151 1348 I netstats_wifi_sample: [0,0,0,0,0,0,0,0,0,0,0,0,1665681822310]
10-14 01:23:42.312 1151 1151 V StorageManagerService: Package com.android.wallpaperbackup does not have legacy storage
10-14 01:23:42.312 1151 1151 V StorageManagerService: Package com.android.providers.userdictionary does not have legacy storage
10-14 01:23:42.312 1151 1151 V StorageManagerService: Package com.android.providers.media.module does not have legacy storage
10-14 01:23:42.312 1151 1151 V StorageManagerService: Package com.android.emergency does not have legacy storage
10-14 01:23:42.312 1151 1151 V StorageManagerService: Package com.android.hotspot2.osulogin does not have legacy storage
10-14 01:23:42.313 1151 1151 V StorageManagerService: Package com.qualcomm.qti.qdma does not have legacy storage
10-14 01:23:42.313 1151 1151 V StorageManagerService: Package com.qualcomm.qti.qmmi does not have legacy storage
10-14 01:23:42.313 1151 1151 V StorageManagerService: Package com.qualcomm.qti.usta does not have legacy storage
10-14 01:23:42.313 1151 1151 V StorageManagerService: Package com.qualcomm.qti.xrcb does not have legacy storage
10-14 01:23:42.313 1151 1151 V StorageManagerService: Package com.android.internal.systemui.navbar.gestural does not have legacy storage
10-14 01:23:42.313 1151 1151 V StorageManagerService: Package com.android.location.fused does not have legacy storage
10-14 01:23:42.313 1151 1151 V StorageManagerService: Package com.android.deskclock does not have legacy storage
10-14 01:23:42.313 1151 1151 V StorageManagerService: Package com.android.systemui does not have legacy storage
10-14 01:23:42.313 1151 1151 V StorageManagerService: Package com.android.bluetoothmidiservice does not have legacy storage
10-14 01:23:42.314 1151 1151 V StorageManagerService: Package com.qti.ltebc does not have legacy storage
10-14 01:23:42.314 1151 1151 V StorageManagerService: Package com.android.permissioncontroller does not have legacy storage
10-14 01:23:42.314 1151 1151 V StorageManagerService: Package com.android.traceur does not have legacy storage
10-14 01:23:42.314 1151 1151 V StorageManagerService: Package com.qualcomm.qti.qccauthmgr does not have legacy storage
10-14 01:23:42.314 1151 1151 V StorageManagerService: Package com.qualcomm.qti.qms.service.trustzoneaccess does not have legacy storage
10-14 01:23:42.314 1151 1151 V StorageManagerService: Package com.qualcomm.qtil.aptxui does not have legacy storage
10-14 01:23:42.314 1151 1151 V StorageManagerService: Package com.android.bluetooth does not have legacy storage
10-14 01:23:42.314 1151 1151 V StorageManagerService: Package com.qualcomm.timeservice does not have legacy storage
10-14 01:23:42.314 1151 1151 V StorageManagerService: Package com.qualcomm.embms does not have legacy storage
10-14 01:23:42.314 1151 1151 V StorageManagerService: Package com.android.providers.contacts does not have legacy storage
10-14 01:23:42.315 1151 1151 V StorageManagerService: Package com.android.captiveportallogin does not have legacy storage
10-14 01:23:42.315 1151 1151 V StorageManagerService: Package com.android.internal.systemui.navbar.gestural_narrow_back does not have legacy storage
10-14 01:23:42.315 1151 1151 V StorageManagerService: Package com.android.cellbroadcastreceiver.overlay.common does not have legacy storage
10-14 01:23:42.315 1151 1151 V StorageManagerService: Package com.qualcomm.qti.sensors.qsensortest does not have legacy storage
10-14 01:23:42.315 1151 1151 D SystemServerTiming: ssm.onStartUser-0_com.android.server.StorageManagerService$Lifecycle took to complete: 31ms
10-14 01:23:42.316 1151 1151 I SystemServerTiming: ssm.onStartUser-0_com.android.server.usage.StorageStatsService$Lifecycle
10-14 01:23:42.316 1151 1151 D SystemServerTiming: ssm.onStartUser-0_com.android.server.usage.StorageStatsService$Lifecycle took to complete: 0ms
10-14 01:23:42.316 1151 1151 I SystemServerTiming: ssm.onStartUser-0_com.android.server.UiModeManagerService
10-14 01:23:42.316 1151 1151 D SystemServerTiming: ssm.onStartUser-0_com.android.server.UiModeManagerService took to complete: 0ms
10-14 01:23:42.316 1151 1151 I SystemServerTiming: ssm.onStartUser-0_com.android.server.locksettings.LockSettingsService$Lifecycle
10-14 01:23:42.316 1151 1151 D SystemServerTiming: ssm.onStartUser-0_com.android.server.locksettings.LockSettingsService$Lifecycle took to complete: 0ms
10-14 01:23:42.316 1151 1151 I SystemServerTiming: ssm.onStartUser-0_com.android.server.PersistentDataBlockService
10-14 01:23:42.316 1151 1151 D SystemServerTiming: ssm.onStartUser-0_com.android.server.PersistentDataBlockService took to complete: 0ms
10-14 01:23:42.316 1151 1151 I SystemServerTiming: ssm.onStartUser-0_com.android.server.testharness.TestHarnessModeService
10-14 01:23:42.316 1151 1151 D SystemServerTiming: ssm.onStartUser-0_com.android.server.testharness.TestHarnessModeService took to complete: 0ms
10-14 01:23:42.317 1151 1151 I SystemServerTiming: ssm.onStartUser-0_com.android.server.oemlock.OemLockService
10-14 01:23:42.317 1151 1151 D SystemServerTiming: ssm.onStartUser-0_com.android.server.oemlock.OemLockService took to complete: 0ms
10-14 01:23:42.317 1151 1151 I SystemServerTiming: ssm.onStartUser-0_com.android.server.DeviceIdleController
10-14 01:23:42.317 1151 1151 D SystemServerTiming: ssm.onStartUser-0_com.android.server.DeviceIdleController took to complete: 0ms
10-14 01:23:42.317 1151 1151 I SystemServerTiming: ssm.onStartUser-0_com.android.server.devicepolicy.DevicePolicyManagerService$Lifecycle
10-14 01:23:42.317 1151 1151 D SystemServerTiming: ssm.onStartUser-0_com.android.server.devicepolicy.DevicePolicyManagerService$Lifecycle took to complete: 0ms
10-14 01:23:42.317 1151 1151 I SystemServerTiming: ssm.onStartUser-0_com.android.server.texttospeech.TextToSpeechManagerService
10-14 01:23:42.317 1151 1151 D SystemServerTiming: ssm.onStartUser-0_com.android.server.texttospeech.TextToSpeechManagerService took to complete: 0ms
10-14 01:23:42.317 1151 1151 I SystemServerTiming: ssm.onStartUser-0_com.android.server.speech.SpeechRecognitionManagerService
10-14 01:23:42.317 1151 1151 D SystemServerTiming: ssm.onStartUser-0_com.android.server.speech.SpeechRecognitionManagerService took to complete: 0ms
10-14 01:23:42.318 1151 1151 I SystemServerTiming: ssm.onStartUser-0_com.android.server.searchui.SearchUiManagerService
10-14 01:23:42.318 1151 1151 D SystemServerTiming: ssm.onStartUser-0_com.android.server.searchui.SearchUiManagerService took to complete: 0ms
10-14 01:23:42.318 1151 1151 I SystemServerTiming: ssm.onStartUser-0_com.android.server.smartspace.SmartspaceManagerService
10-14 01:23:42.318 1151 1151 D SystemServerTiming: ssm.onStartUser-0_com.android.server.smartspace.SmartspaceManagerService took to complete: 0ms
10-14 01:23:42.318 1151 1151 I SystemServerTiming: ssm.onStartUser-0_com.android.server.graphics.fonts.FontManagerService$Lifecycle
10-14 01:23:42.318 1151 1151 D SystemServerTiming: ssm.onStartUser-0_com.android.server.graphics.fonts.FontManagerService$Lifecycle took to complete: 0ms
10-14 01:23:42.318 1151 1151 I SystemServerTiming: ssm.onStartUser-0_com.android.server.textservices.TextServicesManagerService$Lifecycle
10-14 01:23:42.319 1151 1151 D SystemServerTiming: ssm.onStartUser-0_com.android.server.textservices.TextServicesManagerService$Lifecycle took to complete: 0ms
10-14 01:23:42.319 1151 1151 I SystemServerTiming: ssm.onStartUser-0_com.android.server.textclassifier.TextClassificationManagerService$Lifecycle
10-14 01:23:42.319 1151 1151 D SystemServerTiming: ssm.onStartUser-0_com.android.server.textclassifier.TextClassificationManagerService$Lifecycle took to complete: 1ms
10-14 01:23:42.320 1151 1151 I SystemServerTiming: ssm.onStartUser-0_com.android.server.NetworkScoreService$Lifecycle
10-14 01:23:42.320 1151 1151 D SystemServerTiming: ssm.onStartUser-0_com.android.server.NetworkScoreService$Lifecycle took to complete: 0ms
10-14 01:23:42.320 1151 1151 I SystemServerTiming: ssm.onStartUser-0_com.android.server.wifi.WifiService
10-14 01:23:42.320 1151 1151 D SystemServerTiming: ssm.onStartUser-0_com.android.server.wifi.WifiService took to complete: 0ms
10-14 01:23:42.320 1151 1151 I SystemServerTiming: ssm.onStartUser-0_com.android.server.wifi.scanner.WifiScanningService
10-14 01:23:42.320 1151 1151 D SystemServerTiming: ssm.onStartUser-0_com.android.server.wifi.scanner.WifiScanningService took to complete: 0ms
10-14 01:23:42.320 1151 1151 I SystemServerTiming: ssm.onStartUser-0_com.android.server.wifi.rtt.RttService
10-14 01:23:42.320 1151 1151 D SystemServerTiming: ssm.onStartUser-0_com.android.server.wifi.rtt.RttService took to complete: 0ms
10-14 01:23:42.320 1151 1151 I SystemServerTiming: ssm.onStartUser-0_com.android.server.wifi.aware.WifiAwareService
10-14 01:23:42.320 1151 1151 D SystemServerTiming: ssm.onStartUser-0_com.android.server.wifi.aware.WifiAwareService took to complete: 0ms
10-14 01:23:42.320 1151 1151 I SystemServerTiming: ssm.onStartUser-0_com.android.server.wifi.p2p.WifiP2pService
10-14 01:23:42.320 1151 1151 D SystemServerTiming: ssm.onStartUser-0_com.android.server.wifi.p2p.WifiP2pService took to complete: 0ms
10-14 01:23:42.320 1151 1151 I SystemServerTiming: ssm.onStartUser-0_com.android.server.ethernet.EthernetService
10-14 01:23:42.321 1151 1151 D SystemServerTiming: ssm.onStartUser-0_com.android.server.ethernet.EthernetService took to complete: 0ms
10-14 01:23:42.321 1151 1151 I SystemServerTiming: ssm.onStartUser-0_com.android.server.ConnectivityServiceInitializer
10-14 01:23:42.321 1151 1151 D SystemServerTiming: ssm.onStartUser-0_com.android.server.ConnectivityServiceInitializer took to complete: 0ms
10-14 01:23:42.321 1151 1151 I SystemServerTiming: ssm.onStartUser-0_com.android.server.notification.NotificationManagerService
10-14 01:23:42.321 1151 1151 D SystemServerTiming: ssm.onStartUser-0_com.android.server.notification.NotificationManagerService took to complete: 0ms
10-14 01:23:42.321 1151 1151 I SystemServerTiming: ssm.onStartUser-0_com.android.server.storage.DeviceStorageMonitorService
10-14 01:23:42.321 1151 1151 D SystemServerTiming: ssm.onStartUser-0_com.android.server.storage.DeviceStorageMonitorService took to complete: 0ms
10-14 01:23:42.321 1151 1151 I SystemServerTiming: ssm.onStartUser-0_com.android.server.location.LocationManagerService$Lifecycle
10-14 01:23:42.321 1151 1151 D SystemServerTiming: ssm.onStartUser-0_com.android.server.location.LocationManagerService$Lifecycle took to complete: 1ms
10-14 01:23:42.322 1151 1151 I SystemServerTiming: ssm.onStartUser-0_com.android.server.timedetector.TimeDetectorService$Lifecycle
10-14 01:23:42.322 1151 1151 D SystemServerTiming: ssm.onStartUser-0_com.android.server.timedetector.TimeDetectorService$Lifecycle took to complete: 0ms
10-14 01:23:42.322 1151 1151 I SystemServerTiming: ssm.onStartUser-0_com.android.server.timezonedetector.TimeZoneDetectorService$Lifecycle
10-14 01:23:42.322 1151 1151 D SystemServerTiming: ssm.onStartUser-0_com.android.server.timezonedetector.TimeZoneDetectorService$Lifecycle took to complete: 0ms
10-14 01:23:42.322 1151 1151 I SystemServerTiming: ssm.onStartUser-0_com.android.server.timezonedetector.location.LocationTimeZoneManagerService$Lifecycle
10-14 01:23:42.322 1151 1151 D SystemServerTiming: ssm.onStartUser-0_com.android.server.timezonedetector.location.LocationTimeZoneManagerService$Lifecycle took to complete: 0ms
10-14 01:23:42.322 1151 1151 I SystemServerTiming: ssm.onStartUser-0_com.android.server.search.SearchManagerService$Lifecycle
10-14 01:23:42.322 1151 1151 D SystemServerTiming: ssm.onStartUser-0_com.android.server.search.SearchManagerService$Lifecycle took to complete: 0ms
10-14 01:23:42.322 1151 1151 I SystemServerTiming: ssm.onStartUser-0_com.android.server.wallpaper.WallpaperManagerService$Lifecycle
10-14 01:23:42.322 1151 1151 D SystemServerTiming: ssm.onStartUser-0_com.android.server.wallpaper.WallpaperManagerService$Lifecycle took to complete: 0ms
10-14 01:23:42.322 1151 1151 I SystemServerTiming: ssm.onStartUser-0_com.android.server.audio.AudioService$Lifecycle
10-14 01:23:42.322 1151 1151 D SystemServerTiming: ssm.onStartUser-0_com.android.server.audio.AudioService$Lifecycle took to complete: 0ms
10-14 01:23:42.322 1151 1151 I SystemServerTiming: ssm.onStartUser-0_com.android.server.soundtrigger_middleware.SoundTriggerMiddlewareService$Lifecycle
10-14 01:23:42.323 1151 1151 D SystemServerTiming: ssm.onStartUser-0_com.android.server.soundtrigger_middleware.SoundTriggerMiddlewareService$Lifecycle took to complete: 0ms
10-14 01:23:42.323 1151 1151 I SystemServerTiming: ssm.onStartUser-0_com.android.server.DockObserver
10-14 01:23:42.323 1151 1151 D SystemServerTiming: ssm.onStartUser-0_com.android.server.DockObserver took to complete: 0ms
10-14 01:23:42.323 1151 1151 I SystemServerTiming: ssm.onStartUser-0_com.android.server.midi.MidiService$Lifecycle
