01-01 08:00:59.172 0 0 I [kworke][0x42dca20e][01:23:41.137875] wlan: [276:I:HIF] hif_pci_enable_bus: hif_enable_pci done
01-01 08:00:59.172 0 0 I [kworke][0x42dcc102][01:23:41.138288] wlan: [276:I:HIF] *********** QCA6390 *************
01-01 08:00:59.172 0 0 I display_panel_avdd: disabling
01-01 08:00:59.172 0 0 I [kworke][0x42dcc331][01:23:41.138317] wlan: [276:I:HIF] hif_pci_enable_bus: hif_type = 0x12, target_type = 0x17
01-01 08:00:59.172 0 0 I [kworke][0x42dcc56a][01:23:41.138347] wlan: [276:I:HIF] hif_register_tbl_attach: HIF_TYPE_QCA6390
01-01 08:00:59.172 0 0 I [kworke][0x42dcc74c][01:23:41.138372] wlan: [276:I:HIF] hif_target_register_tbl_attach: TARGET_TYPE_QCA6390
01-01 08:00:59.172 0 0 I [kworke][0x42dcc903][01:23:41.138394] wlan: [276:I:HIF] hif_pci_enable_bus:Skip tgt_wake up for srng devices
01-01 08:00:59.173 0 0 E [kworke][0x42dd2059][01:23:41.139559] wlan: [276:E:TXRX] hif_print_hal_shadow_register_cfg: num_config 28
01-01 08:00:59.180 0 0 I vdd_tof : disabling
01-01 08:00:59.184 0 0 I [kworke][0x42e05d44][01:23:41.150612] wlan: [276:I:TXRX] hif_print_hal_shadow_register_cfg: i 0, val a3b034
01-01 08:00:59.184 0 0 I [kworke][0x42e05f95][01:23:41.150642] wlan: [276:I:TXRX] hif_print_hal_shadow_register_cfg: i 1, val a3b03c
01-01 08:00:59.184 0 0 I [kworke][0x42e06155][01:23:41.150665] wlan: [276:I:TXRX] hif_print_hal_shadow_register_cfg: i 2, val a3b044
01-01 08:00:59.184 0 0 I [kworke][0x42e06312][01:23:41.150689] wlan: [276:I:TXRX] hif_print_hal_shadow_register_cfg: i 3, val a3b04c
01-01 08:00:59.184 0 0 I [kworke][0x42e064cc][01:23:41.150712] wlan: [276:I:TXRX] hif_print_hal_shadow_register_cfg: i 4, val a3b054
01-01 08:00:59.184 0 0 I [kworke][0x42e066c5][01:23:41.150738] wlan: [276:I:TXRX] hif_print_hal_shadow_register_cfg: i 5, val a3b028
01-01 08:00:59.184 0 0 I [kworke][0x42e068b1][01:23:41.150764] wlan: [276:I:TXRX] hif_print_hal_shadow_register_cfg: i 6, val a3b020
01-01 08:00:59.184 0 0 I [kworke][0x42e06a9f][01:23:41.150789] wlan: [276:I:TXRX] hif_print_hal_shadow_register_cfg: i 7, val a3b06c
01-01 08:00:59.184 0 0 I [kworke][0x42e06c85][01:23:41.150814] wlan: [276:I:TXRX] hif_print_hal_shadow_register_cfg: i 8, val a46000
01-01 08:00:59.184 0 0 I [kworke][0x42e06e6a][01:23:41.150840] wlan: [276:I:TXRX] hif_print_hal_shadow_register_cfg: i 9, val a46008
01-01 08:00:59.184 0 0 I [kworke][0x42e07053][01:23:41.150865] wlan: [276:I:TXRX] hif_print_hal_shadow_register_cfg: i 10, val a46010
01-01 08:00:59.184 0 0 I [kworke][0x42e07240][01:23:41.150891] wlan: [276:I:TXRX] hif_print_hal_shadow_register_cfg: i 11, val a46018
01-01 08:00:59.184 0 0 I [kworke][0x42e07456][01:23:41.150919] wlan: [276:I:TXRX] hif_print_hal_shadow_register_cfg: i 12, val a46034
01-01 08:00:59.184 0 0 I [kworke][0x42e07640][01:23:41.150944] wlan: [276:I:TXRX] hif_print_hal_shadow_register_cfg: i 13, val a370b0
01-01 08:00:59.184 0 0 I [kworke][0x42e0782a][01:23:41.150970] wlan: [276:I:TXRX] hif_print_hal_shadow_register_cfg: i 14, val a37018
01-01 08:00:59.185 0 0 I [kworke][0x42e07a11][01:23:41.150995] wlan: [276:I:TXRX] hif_print_hal_shadow_register_cfg: i 15, val a370c4
01-01 08:00:59.185 0 0 I [kworke][0x42e07c10][01:23:41.151022] wlan: [276:I:TXRX] hif_print_hal_shadow_register_cfg: i 16, val a370cc
01-01 08:00:59.185 0 0 I [kworke][0x42e07df9][01:23:41.151047] wlan: [276:I:TXRX] hif_print_hal_shadow_register_cfg: i 17, val a370d4
01-01 08:00:59.185 0 0 I [kworke][0x42e0b9a7][01:23:41.151844] wlan: [276:I:TXRX] hif_print_hal_shadow_register_cfg: i 18, val a370dc
10-14 01:23:41.152 1151 1348 I StatsPullAtomService: register thermal listener successfully
01-01 08:00:59.185 0 0 I [kworke][0x42e0bbbb][01:23:41.151871] wlan: [276:I:TXRX] hif_print_hal_shadow_register_cfg: i 19, val a00400
01-01 08:00:59.185 0 0 I [kworke][0x42e0bda7][01:23:41.151896] wlan: [276:I:TXRX] hif_print_hal_shadow_register_cfg: i 20, val a03400
01-01 08:00:59.185 0 0 I [kworke][0x42e0bf98][01:23:41.151922] wlan: [276:I:TXRX] hif_print_hal_shadow_register_cfg: i 21, val a0340c
01-01 08:00:59.185 0 0 I [kworke][0x42e0c186][01:23:41.151948] wlan: [276:I:TXRX] hif_print_hal_shadow_register_cfg: i 22, val a05400
01-01 08:00:59.185 0 0 I [kworke][0x42e0c371][01:23:41.151974] wlan: [276:I:TXRX] hif_print_hal_shadow_register_cfg: i 23, val a0540c
01-01 08:00:59.186 0 0 I [kworke][0x42e0c55c][01:23:41.151999] wlan: [276:I:TXRX] hif_print_hal_shadow_register_cfg: i 24, val a06400
01-01 08:00:59.186 0 0 I [kworke][0x42e0c743][01:23:41.152024] wlan: [276:I:TXRX] hif_print_hal_shadow_register_cfg: i 25, val a08400
01-01 08:00:59.186 0 0 I [kworke][0x42e0c927][01:23:41.152050] wlan: [276:I:TXRX] hif_print_hal_shadow_register_cfg: i 26, val a0b400
01-01 08:00:59.186 0 0 I [kworke][0x42e0cb0d][01:23:41.152075] wlan: [276:I:TXRX] hif_print_hal_shadow_register_cfg: i 27, val a0b40c
01-01 08:00:59.186 0 0 D cnss : Mode: 0, config: ffffff801a0237b8, host_version: 5.2.022.10G
01-01 08:00:59.186 0 0 D cnss : Sending WLAN config message, state: 0x17
01-01 08:00:59.189 0 0 D cnss : Sending mode message, mode: MISSION(0), state: 0x17
10-14 01:23:41.161 1151 1151 I commit_sys_config_file: [package-session,5]
10-14 01:23:41.163 1151 1151 V UserDataPreparer: Found /data/user_de/0 with serial number 0
10-14 01:23:41.163 1151 1151 V UserDataPreparer: Found /data/user/0 with serial number 0
10-14 01:23:41.164 1151 1151 V UserDataPreparer: Found /data/system_de/0 with serial number 0
10-14 01:23:41.164 1151 1151 W UserDataPreparer: Invalid user directory /data/system_de/usagestats
10-14 01:23:41.164 1151 1151 V UserDataPreparer: Found /data/system_ce/0 with serial number 0
10-14 01:23:41.165 1151 1151 V UserDataPreparer: Found /data/misc_ce/0 with serial number 0
10-14 01:23:41.165 1151 1151 I PackageManager: Permission ownership changed. Updating all permissions.
01-01 08:00:59.213 0 0 D cnss : Received QMI WLFW pin connect result indication
01-01 08:00:59.213 0 0 D cnss : Pin connect Result: pwr_pin: 0x1 phy_io_pin: 0x0 rf_io_pin: 0x0
01-01 08:00:59.214 0 0 D cnss : Assign MSI to user: CE, num_vectors: 10, user_base_data: 803, base_vector: 3
10-14 01:23:41.192 1151 1864 I stream_devices_changed: [6,0,1]
10-14 01:23:41.204 1151 1493 E DefaultPermGrantPolicy: Package not found: com.qualcomm.qti.cne
01-01 08:00:59.246 0 0 I [kworke][0x42f278e3][01:23:41.212419] wlan: [276:I:HIF] ce_srng_dest_ring_setup: ce_id 1
01-01 08:00:59.246 0 0 D cnss : Assign MSI to user: CE, num_vectors: 10, user_base_data: 803, base_vector: 3
01-01 08:00:59.246 0 0 I [kworke][0x42f2a064][01:23:41.212946] wlan: [276:I:HIF] ce_srng_status_ring_setup: ce_id 1
01-01 08:00:59.246 0 0 D cnss : Assign MSI to user: CE, num_vectors: 10, user_base_data: 803, base_vector: 3
01-01 08:00:59.247 0 0 I [kworke][0x42f2bcbd][01:23:41.213324] wlan: [276:I:HIF] ce_srng_dest_ring_setup: ce_id 2
01-01 08:00:59.247 0 0 D cnss : Assign MSI to user: CE, num_vectors: 10, user_base_data: 803, base_vector: 3
01-01 08:00:59.247 0 0 I [kworke][0x42f2d6cd][01:23:41.213672] wlan: [276:I:HIF] ce_srng_status_ring_setup: ce_id 2
01-01 08:00:59.247 0 0 D cnss : Assign MSI to user: CE, num_vectors: 10, user_base_data: 803, base_vector: 3
01-01 08:00:59.248 0 0 D cnss : Assign MSI to user: CE, num_vectors: 10, user_base_data: 803, base_vector: 3
01-01 08:00:59.250 0 0 I init : starting service 'vendor.light-hal-2-0'...
10-14 01:23:41.207 1151 1151 D StagingManagerTiming: restoreSessions took to complete: 6ms
10-14 01:23:41.207 1151 1151 D SystemServerTiming: MakePackageManagerServiceReady took to complete: 63ms
10-14 01:23:41.207 1151 1151 I SystemServerTiming: MakeDisplayManagerServiceReady
10-14 01:23:41.209 1151 1317 E DisplayModeDirector: Asked about unknown display, returning empty display mode specs!(id=0)
10-14 01:23:41.210 1151 1317 E DisplayModeDirector: Asked about unknown display, returning empty display mode specs!(id=0)
10-14 01:23:41.216 1151 1151 D SystemServerTiming: MakeDisplayManagerServiceReady took to complete: 9ms
10-14 01:23:41.216 1151 1151 I SystemServerTiming: StartDeviceSpecificServices
10-14 01:23:41.216 1151 1151 D SystemServerTiming: StartDeviceSpecificServices took to complete: 0ms
10-14 01:23:41.216 1151 1151 I SystemServerTiming: GameManagerService
10-14 01:23:41.216 1151 1151 I SystemServiceManager: Starting com.android.server.app.GameManagerService$Lifecycle
10-14 01:23:41.226 1151 1151 D SystemServerTiming: GameManagerService took to complete: 11ms
10-14 01:23:41.226 1151 1151 I SystemServerTiming: StartBootPhaseDeviceSpecificServicesReady
10-14 01:23:41.227 1151 1151 I SystemServiceManager: Starting phase 520
10-14 01:23:41.227 1151 1151 I SystemServerTiming: OnBootPhase_520
10-14 01:23:41.227 1151 1151 I SystemServerTiming: OnBootPhase_520_com.android.server.security.FileIntegrityService
10-14 01:23:41.227 1151 1151 D SystemServerTiming: OnBootPhase_520_com.android.server.security.FileIntegrityService took to complete: 0ms
10-14 01:23:41.227 1151 1151 I SystemServerTiming: OnBootPhase_520_com.android.server.pm.Installer
10-14 01:23:41.227 1151 1151 D SystemServerTiming: OnBootPhase_520_com.android.server.pm.Installer took to complete: 0ms
10-14 01:23:41.227 1151 1151 I SystemServerTiming: OnBootPhase_520_com.android.server.os.DeviceIdentifiersPolicyService
10-14 01:23:41.227 1151 1151 D SystemServerTiming: OnBootPhase_520_com.android.server.os.DeviceIdentifiersPolicyService took to complete: 0ms
10-14 01:23:41.227 1151 1151 I SystemServerTiming: OnBootPhase_520_com.android.server.uri.UriGrantsManagerService$Lifecycle
10-14 01:23:41.227 1151 1151 D SystemServerTiming: OnBootPhase_520_com.android.server.uri.UriGrantsManagerService$Lifecycle took to complete: 0ms
10-14 01:23:41.227 1151 1151 I SystemServerTiming: OnBootPhase_520_com.android.server.powerstats.PowerStatsService
10-14 01:23:41.228 1151 1151 D SystemServerTiming: OnBootPhase_520_com.android.server.powerstats.PowerStatsService took to complete: 0ms
10-14 01:23:41.228 1151 1151 I SystemServerTiming: OnBootPhase_520_com.android.server.wm.ActivityTaskManagerService$Lifecycle
10-14 01:23:41.228 1151 1151 D SystemServerTiming: OnBootPhase_520_com.android.server.wm.ActivityTaskManagerService$Lifecycle took to complete: 0ms
10-14 01:23:41.228 1151 1151 I SystemServerTiming: OnBootPhase_520_com.android.server.am.ActivityManagerService$Lifecycle
10-14 01:23:41.228 1151 1151 D SystemServerTiming: OnBootPhase_520_com.android.server.am.ActivityManagerService$Lifecycle took to complete: 0ms
10-14 01:23:41.228 1151 1151 I SystemServerTiming: OnBootPhase_520_com.android.server.pm.DataLoaderManagerService
10-14 01:23:41.228 1151 1151 D SystemServerTiming: OnBootPhase_520_com.android.server.pm.DataLoaderManagerService took to complete: 0ms
10-14 01:23:41.228 1151 1151 I SystemServerTiming: OnBootPhase_520_com.android.server.power.PowerManagerService
10-14 01:23:41.228 1151 1151 D SystemServerTiming: OnBootPhase_520_com.android.server.power.PowerManagerService took to complete: 0ms
10-14 01:23:41.228 1151 1151 I SystemServerTiming: OnBootPhase_520_com.android.server.power.ThermalManagerService
10-14 01:23:41.228 1151 1151 D SystemServerTiming: OnBootPhase_520_com.android.server.power.ThermalManagerService took to complete: 0ms
10-14 01:23:41.228 1151 1151 I SystemServerTiming: OnBootPhase_520_com.android.server.power.hint.HintManagerService
10-14 01:23:41.229 1151 1151 D SystemServerTiming: OnBootPhase_520_com.android.server.power.hint.HintManagerService took to complete: 0ms
10-14 01:23:41.229 1151 1151 I SystemServerTiming: OnBootPhase_520_com.android.server.recoverysystem.RecoverySystemService$Lifecycle
10-14 01:23:41.229 1151 1151 D SystemServerTiming: OnBootPhase_520_com.android.server.recoverysystem.RecoverySystemService$Lifecycle took to complete: 0ms
10-14 01:23:41.229 1151 1151 I SystemServerTiming: OnBootPhase_520_com.android.server.lights.LightsService
10-14 01:23:41.229 1151 1151 D SystemServerTiming: OnBootPhase_520_com.android.server.lights.LightsService took to complete: 0ms
10-14 01:23:41.229 1151 1151 I SystemServerTiming: OnBootPhase_520_com.android.server.display.DisplayManagerService
10-14 01:23:41.229 1151 1151 D SystemServerTiming: OnBootPhase_520_com.android.server.display.DisplayManagerService took to complete: 0ms
10-14 01:23:41.229 1151 1151 I SystemServerTiming: OnBootPhase_520_com.android.server.pm.verify.domain.DomainVerificationService
10-14 01:23:41.229 1151 1151 D SystemServerTiming: OnBootPhase_520_com.android.server.pm.verify.domain.DomainVerificationService took to complete: 0ms
10-14 01:23:41.229 1151 1151 I SystemServerTiming: OnBootPhase_520_com.android.server.pm.PackageInstallerService$Lifecycle
10-14 01:23:41.230 1151 1151 D SystemServerTiming: OnBootPhase_520_com.android.server.pm.PackageInstallerService$Lifecycle took to complete: 0ms
10-14 01:23:41.230 1151 1151 I SystemServerTiming: OnBootPhase_520_com.android.server.pm.UserManagerService$LifeCycle
10-14 01:23:41.230 1151 1151 D SystemServerTiming: OnBootPhase_520_com.android.server.pm.UserManagerService$LifeCycle took to complete: 0ms
10-14 01:23:41.230 1151 1151 I SystemServerTiming: OnBootPhase_520_com.android.server.om.OverlayManagerService
10-14 01:23:41.230 1151 1151 D SystemServerTiming: OnBootPhase_520_com.android.server.om.OverlayManagerService took to complete: 0ms
10-14 01:23:41.230 1151 1151 I SystemServerTiming: OnBootPhase_520_com.android.server.SensorPrivacyService
10-14 01:23:41.230 1151 1151 D SystemServerTiming: OnBootPhase_520_com.android.server.SensorPrivacyService took to complete: 0ms
10-14 01:23:41.230 1151 1151 I SystemServerTiming: OnBootPhase_520_com.android.server.sensors.SensorService
10-14 01:23:41.230 1151 1151 D SystemServerTiming: OnBootPhase_520_com.android.server.sensors.SensorService took to complete: 0ms
10-14 01:23:41.230 1151 1151 I SystemServerTiming: OnBootPhase_520_com.android.server.SystemConfigService
10-14 01:23:41.230 1151 1151 D SystemServerTiming: OnBootPhase_520_com.android.server.SystemConfigService took to complete: 0ms
10-14 01:23:41.231 1151 1151 I SystemServerTiming: OnBootPhase_520_com.android.server.BatteryService
10-14 01:23:41.231 1151 1151 D SystemServerTiming: OnBootPhase_520_com.android.server.BatteryService took to complete: 0ms
10-14 01:23:41.231 1151 1151 I SystemServerTiming: OnBootPhase_520_com.android.server.usage.UsageStatsService
10-14 01:23:41.231 1151 1151 D SystemServerTiming: OnBootPhase_520_com.android.server.usage.UsageStatsService took to complete: 0ms
10-14 01:23:41.231 1151 1151 I SystemServerTiming: OnBootPhase_520_com.android.server.webkit.WebViewUpdateService
10-14 01:23:41.231 1151 1151 D SystemServerTiming: OnBootPhase_520_com.android.server.webkit.WebViewUpdateService took to complete: 0ms
10-14 01:23:41.231 1151 1151 I SystemServerTiming: OnBootPhase_520_com.android.server.CachedDeviceStateService
10-14 01:23:41.231 1151 1151 D SystemServerTiming: OnBootPhase_520_com.android.server.CachedDeviceStateService took to complete: 0ms
10-14 01:23:41.231 1151 1151 I SystemServerTiming: OnBootPhase_520_com.android.server.BinderCallsStatsService$LifeCycle
10-14 01:23:41.231 1151 1151 D SystemServerTiming: OnBootPhase_520_com.android.server.BinderCallsStatsService$LifeCycle took to complete: 0ms
10-14 01:23:41.231 1151 1151 I SystemServerTiming: OnBootPhase_520_com.android.server.LooperStatsService$Lifecycle
10-14 01:23:41.231 1151 1151 D SystemServerTiming: OnBootPhase_520_com.android.server.LooperStatsService$Lifecycle took to complete: 0ms
10-14 01:23:41.232 1151 1151 I SystemServerTiming: OnBootPhase_520_com.android.server.rollback.RollbackManagerService
10-14 01:23:41.232 1151 1151 D SystemServerTiming: OnBootPhase_520_com.android.server.rollback.RollbackManagerService took to complete: 0ms
10-14 01:23:41.232 1151 1151 I SystemServerTiming: OnBootPhase_520_com.android.server.os.NativeTombstoneManagerService
10-14 01:23:41.232 1151 1151 D SystemServerTiming: OnBootPhase_520_com.android.server.os.NativeTombstoneManagerService took to complete: 0ms
10-14 01:23:41.232 1151 1151 I SystemServerTiming: OnBootPhase_520_com.android.server.os.BugreportManagerService
10-14 01:23:41.232 1151 1151 D SystemServerTiming: OnBootPhase_520_com.android.server.os.BugreportManagerService took to complete: 0ms
10-14 01:23:41.232 1151 1151 I SystemServerTiming: OnBootPhase_520_com.android.server.gpu.GpuService
10-14 01:23:41.232 1151 1151 D SystemServerTiming: OnBootPhase_520_com.android.server.gpu.GpuService took to complete: 0ms
10-14 01:23:41.232 1151 1151 I SystemServerTiming: OnBootPhase_520_com.android.server.security.KeyChainSystemService
10-14 01:23:41.233 1151 1151 D SystemServerTiming: OnBootPhase_520_com.android.server.security.KeyChainSystemService took to complete: 0ms
10-14 01:23:41.233 1151 1151 I SystemServerTiming: OnBootPhase_520_com.android.server.telecom.TelecomLoaderService
10-14 01:23:41.233 1151 1151 D SystemServerTiming: OnBootPhase_520_com.android.server.telecom.TelecomLoaderService took to complete: 0ms
10-14 01:23:41.233 1151 1151 I SystemServerTiming: OnBootPhase_520_com.android.server.accounts.AccountManagerService$Lifecycle
10-14 01:23:41.233 1151 1151 D SystemServerTiming: OnBootPhase_520_com.android.server.accounts.AccountManagerService$Lifecycle took to complete: 0ms
10-14 01:23:41.233 1151 1151 I SystemServerTiming: OnBootPhase_520_com.android.server.content.ContentService$Lifecycle
10-14 01:23:41.233 1151 1151 D SystemServerTiming: OnBootPhase_520_com.android.server.content.ContentService$Lifecycle took to complete: 0ms
10-14 01:23:41.233 1151 1151 I SystemServerTiming: OnBootPhase_520_com.android.server.DropBoxManagerService
10-14 01:23:41.233 1151 1151 D SystemServerTiming: OnBootPhase_520_com.android.server.DropBoxManagerService took to complete: 0ms
10-14 01:23:41.234 1151 1151 I SystemServerTiming: OnBootPhase_520_com.android.role.RoleService
10-14 01:23:41.234 1151 1151 D SystemServerTiming: OnBootPhase_520_com.android.role.RoleService took to complete: 0ms
10-14 01:23:41.234 1151 1151 I SystemServerTiming: OnBootPhase_520_com.android.server.vibrator.VibratorManagerService$Lifecycle
10-14 01:23:41.234 1151 1151 D SystemServerTiming: OnBootPhase_520_com.android.server.vibrator.VibratorManagerService$Lifecycle took to complete: 0ms
10-14 01:23:41.234 1151 1151 I SystemServerTiming: OnBootPhase_520_com.android.server.alarm.AlarmManagerService
10-14 01:23:41.234 1151 1151 D SystemServerTiming: OnBootPhase_520_com.android.server.alarm.AlarmManagerService took to complete: 0ms
10-14 01:23:41.234 1151 1151 I SystemServerTiming: OnBootPhase_520_com.android.server.devicestate.DeviceStateManagerService
10-14 01:23:41.234 1151 1151 D SystemServerTiming: OnBootPhase_520_com.android.server.devicestate.DeviceStateManagerService took to complete: 0ms
10-14 01:23:41.234 1151 1151 I SystemServerTiming: OnBootPhase_520_com.android.server.camera.CameraServiceProxy
10-14 01:23:41.234 1151 1151 D SystemServerTiming: OnBootPhase_520_com.android.server.camera.CameraServiceProxy took to complete: 0ms
10-14 01:23:41.234 1151 1151 I SystemServerTiming: OnBootPhase_520_com.android.server.BluetoothService
10-14 01:23:41.234 1151 1151 D SystemServerTiming: OnBootPhase_520_com.android.server.BluetoothService took to complete: 0ms
10-14 01:23:41.235 1151 1151 I SystemServerTiming: OnBootPhase_520_com.android.server.connectivity.IpConnectivityMetrics
10-14 01:23:41.235 1151 1151 D SystemServerTiming: OnBootPhase_520_com.android.server.connectivity.IpConnectivityMetrics took to complete: 0ms
10-14 01:23:41.235 1151 1151 I SystemServerTiming: OnBootPhase_520_com.android.server.net.watchlist.NetworkWatchlistService$Lifecycle
10-14 01:23:41.235 1151 1151 D SystemServerTiming: OnBootPhase_520_com.android.server.net.watchlist.NetworkWatchlistService$Lifecycle took to complete: 0ms
10-14 01:23:41.235 1151 1151 I SystemServerTiming: OnBootPhase_520_com.android.server.PinnerService
10-14 01:23:41.235 1151 1151 D SystemServerTiming: OnBootPhase_520_com.android.server.PinnerService took to complete: 0ms
10-14 01:23:41.235 1151 1151 I SystemServerTiming: OnBootPhase_520_com.google.android.startop.iorap.IorapForwardingService
10-14 01:23:41.235 1151 1151 D SystemServerTiming: OnBootPhase_520_com.google.android.startop.iorap.IorapForwardingService took to complete: 0ms
10-14 01:23:41.235 1151 1151 I SystemServerTiming: OnBootPhase_520_com.android.server.ActivityTriggerService
10-14 01:23:41.236 1151 1151 D SystemServerTiming: OnBootPhase_520_com.android.server.ActivityTriggerService took to complete: 0ms
10-14 01:23:41.236 1151 1151 I SystemServerTiming: OnBootPhase_520_com.android.server.integrity.AppIntegrityManagerService
10-14 01:23:41.236 1151 1151 D SystemServerTiming: OnBootPhase_520_com.android.server.integrity.AppIntegrityManagerService took to complete: 0ms
10-14 01:23:41.236 1151 1151 I SystemServerTiming: OnBootPhase_520_com.android.server.inputmethod.InputMethodManagerService$Lifecycle
10-14 01:23:41.236 1151 1151 D SystemServerTiming: OnBootPhase_520_com.android.server.inputmethod.InputMethodManagerService$Lifecycle took to complete: 0ms
10-14 01:23:41.236 1151 1151 I SystemServerTiming: OnBootPhase_520_com.android.server.accessibility.AccessibilityManagerService$Lifecycle
10-14 01:23:41.236 1151 1151 D SystemServerTiming: OnBootPhase_520_com.android.server.accessibility.AccessibilityManagerService$Lifecycle took to complete: 0ms
10-14 01:23:41.236 1151 1151 I SystemServerTiming: OnBootPhase_520_com.android.server.StorageManagerService$Lifecycle
10-14 01:23:41.236 1151 1151 D SystemServerTiming: OnBootPhase_520_com.android.server.StorageManagerService$Lifecycle took to complete: 0ms
10-14 01:23:41.236 1151 1151 I SystemServerTiming: OnBootPhase_520_com.android.server.usage.StorageStatsService$Lifecycle
10-14 01:23:41.236 1151 1151 D SystemServerTiming: OnBootPhase_520_com.android.server.usage.StorageStatsService$Lifecycle took to complete: 0ms
10-14 01:23:41.237 1151 1151 I SystemServerTiming: OnBootPhase_520_com.android.server.UiModeManagerService
10-14 01:23:41.237 1151 1151 D SystemServerTiming: OnBootPhase_520_com.android.server.UiModeManagerService took to complete: 0ms
10-14 01:23:41.237 1151 1151 I SystemServerTiming: OnBootPhase_520_com.android.server.locksettings.LockSettingsService$Lifecycle
10-14 01:23:41.237 1151 1151 D SystemServerTiming: OnBootPhase_520_com.android.server.locksettings.LockSettingsService$Lifecycle took to complete: 0ms
10-14 01:23:41.237 1151 1151 I SystemServerTiming: OnBootPhase_520_com.android.server.PersistentDataBlockService
10-14 01:23:41.237 1151 1151 D SystemServerTiming: OnBootPhase_520_com.android.server.PersistentDataBlockService took to complete: 0ms
10-14 01:23:41.237 1151 1151 I SystemServerTiming: OnBootPhase_520_com.android.server.testharness.TestHarnessModeService
10-14 01:23:41.237 1151 1151 D SystemServerTiming: OnBootPhase_520_com.android.server.testharness.TestHarnessModeService took to complete: 0ms
10-14 01:23:41.237 1151 1151 I SystemServerTiming: OnBootPhase_520_com.android.server.oemlock.OemLockService
10-14 01:23:41.237 1151 1151 D SystemServerTiming: OnBootPhase_520_com.android.server.oemlock.OemLockService took to complete: 0ms
10-14 01:23:41.237 1151 1151 I SystemServerTiming: OnBootPhase_520_com.android.server.DeviceIdleController
10-14 01:23:41.238 1151 1151 D SystemServerTiming: OnBootPhase_520_com.android.server.DeviceIdleController took to complete: 0ms
10-14 01:23:41.238 1151 1151 I SystemServerTiming: OnBootPhase_520_com.android.server.devicepolicy.DevicePolicyManagerService$Lifecycle
10-14 01:23:41.238 1151 1151 D SystemServerTiming: OnBootPhase_520_com.android.server.devicepolicy.DevicePolicyManagerService$Lifecycle took to complete: 0ms
10-14 01:23:41.238 1151 1151 I SystemServerTiming: OnBootPhase_520_com.android.server.texttospeech.TextToSpeechManagerService
10-14 01:23:41.238 1151 1151 D SystemServerTiming: OnBootPhase_520_com.android.server.texttospeech.TextToSpeechManagerService took to complete: 0ms
10-14 01:23:41.238 1151 1151 I SystemServerTiming: OnBootPhase_520_com.android.server.speech.SpeechRecognitionManagerService
10-14 01:23:41.238 1151 1151 D SystemServerTiming: OnBootPhase_520_com.android.server.speech.SpeechRecognitionManagerService took to complete: 0ms
10-14 01:23:41.238 1151 1151 I SystemServerTiming: OnBootPhase_520_com.android.server.searchui.SearchUiManagerService
10-14 01:23:41.238 1151 1151 D SystemServerTiming: OnBootPhase_520_com.android.server.searchui.SearchUiManagerService took to complete: 0ms
10-14 01:23:41.238 1151 1151 I SystemServerTiming: OnBootPhase_520_com.android.server.smartspace.SmartspaceManagerService
10-14 01:23:41.238 1151 1151 D SystemServerTiming: OnBootPhase_520_com.android.server.smartspace.SmartspaceManagerService took to complete: 0ms
10-14 01:23:41.239 1151 1151 I SystemServerTiming: OnBootPhase_520_com.android.server.graphics.fonts.FontManagerService$Lifecycle
10-14 01:23:41.239 1151 1151 D SystemServerTiming: OnBootPhase_520_com.android.server.graphics.fonts.FontManagerService$Lifecycle took to complete: 0ms
10-14 01:23:41.239 1151 1151 I SystemServerTiming: OnBootPhase_520_com.android.server.textservices.TextServicesManagerService$Lifecycle
10-14 01:23:41.239 1151 1151 D SystemServerTiming: OnBootPhase_520_com.android.server.textservices.TextServicesManagerService$Lifecycle took to complete: 0ms
10-14 01:23:41.239 1151 1151 I SystemServerTiming: OnBootPhase_520_com.android.server.textclassifier.TextClassificationManagerService$Lifecycle
10-14 01:23:41.239 1151 1151 D SystemServerTiming: OnBootPhase_520_com.android.server.textclassifier.TextClassificationManagerService$Lifecycle took to complete: 0ms
10-14 01:23:41.242 1151 1151 I SystemServerTiming: OnBootPhase_520_com.android.server.NetworkScoreService$Lifecycle
10-14 01:23:41.242 1151 1151 D SystemServerTiming: OnBootPhase_520_com.android.server.NetworkScoreService$Lifecycle took to complete: 0ms
10-14 01:23:41.242 1151 1151 I SystemServerTiming: OnBootPhase_520_com.android.server.wifi.WifiService
10-14 01:23:41.242 1151 1151 D SystemServerTiming: OnBootPhase_520_com.android.server.wifi.WifiService took to complete: 0ms
10-14 01:23:41.242 1151 1151 I SystemServerTiming: OnBootPhase_520_com.android.server.wifi.scanner.WifiScanningService
10-14 01:23:41.243 1151 1151 D SystemServerTiming: OnBootPhase_520_com.android.server.wifi.scanner.WifiScanningService took to complete: 0ms
10-14 01:23:41.243 1151 1151 I SystemServerTiming: OnBootPhase_520_com.android.server.wifi.rtt.RttService
10-14 01:23:41.243 1151 1151 D SystemServerTiming: OnBootPhase_520_com.android.server.wifi.rtt.RttService took to complete: 0ms
10-14 01:23:41.243 1151 1151 I SystemServerTiming: OnBootPhase_520_com.android.server.wifi.aware.WifiAwareService
10-14 01:23:41.243 1151 1151 D SystemServerTiming: OnBootPhase_520_com.android.server.wifi.aware.WifiAwareService took to complete: 0ms
10-14 01:23:41.243 1151 1151 I SystemServerTiming: OnBootPhase_520_com.android.server.wifi.p2p.WifiP2pService
10-14 01:23:41.244 1151 1151 D SystemServerTiming: OnBootPhase_520_com.android.server.wifi.p2p.WifiP2pService took to complete: 0ms
10-14 01:23:41.244 1151 1151 I SystemServerTiming: OnBootPhase_520_com.android.server.ethernet.EthernetService
10-14 01:23:41.244 1151 1151 D SystemServerTiming: OnBootPhase_520_com.android.server.ethernet.EthernetService took to complete: 0ms
10-14 01:23:41.244 1151 1151 I SystemServerTiming: OnBootPhase_520_com.android.server.ConnectivityServiceInitializer
10-14 01:23:41.244 1151 1151 D SystemServerTiming: OnBootPhase_520_com.android.server.ConnectivityServiceInitializer took to complete: 0ms
10-14 01:23:41.244 1151 1151 I SystemServerTiming: OnBootPhase_520_com.android.server.notification.NotificationManagerService
10-14 01:23:41.244 1151 1151 D SystemServerTiming: OnBootPhase_520_com.android.server.notification.NotificationManagerService took to complete: 0ms
10-14 01:23:41.244 1151 1151 I SystemServerTiming: OnBootPhase_520_com.android.server.storage.DeviceStorageMonitorService
10-14 01:23:41.244 1151 1151 D SystemServerTiming: OnBootPhase_520_com.android.server.storage.DeviceStorageMonitorService took to complete: 0ms
10-14 01:23:41.244 1151 1151 I SystemServerTiming: OnBootPhase_520_com.android.server.location.LocationManagerService$Lifecycle
10-14 01:23:41.245 1151 1151 D SystemServerTiming: OnBootPhase_520_com.android.server.location.LocationManagerService$Lifecycle took to complete: 0ms
10-14 01:23:41.245 1151 1151 I SystemServerTiming: OnBootPhase_520_com.android.server.timedetector.TimeDetectorService$Lifecycle
10-14 01:23:41.245 1151 1151 D SystemServerTiming: OnBootPhase_520_com.android.server.timedetector.TimeDetectorService$Lifecycle took to complete: 0ms
10-14 01:23:41.245 1151 1151 I SystemServerTiming: OnBootPhase_520_com.android.server.timezonedetector.TimeZoneDetectorService$Lifecycle
10-14 01:23:41.246 1151 1151 D SystemServerTiming: OnBootPhase_520_com.android.server.timezonedetector.TimeZoneDetectorService$Lifecycle took to complete: 0ms
10-14 01:23:41.246 1151 1151 I SystemServerTiming: OnBootPhase_520_com.android.server.timezonedetector.location.LocationTimeZoneManagerService$Lifecycle
10-14 01:23:41.246 1151 1151 D SystemServerTiming: OnBootPhase_520_com.android.server.timezonedetector.location.LocationTimeZoneManagerService$Lifecycle took to complete: 0ms
10-14 01:23:41.246 1151 1151 I SystemServerTiming: OnBootPhase_520_com.android.server.search.SearchManagerService$Lifecycle
10-14 01:23:41.246 1151 1151 D SystemServerTiming: OnBootPhase_520_com.android.server.search.SearchManagerService$Lifecycle took to complete: 0ms
10-14 01:23:41.246 1151 1151 I SystemServerTiming: OnBootPhase_520_com.android.server.wallpaper.WallpaperManagerService$Lifecycle
10-14 01:23:41.246 1151 1151 D SystemServerTiming: OnBootPhase_520_com.android.server.wallpaper.WallpaperManagerService$Lifecycle took to complete: 1ms
10-14 01:23:41.246 1151 1151 I SystemServerTiming: OnBootPhase_520_com.android.server.audio.AudioService$Lifecycle
10-14 01:23:41.246 1151 1151 D SystemServerTiming: OnBootPhase_520_com.android.server.audio.AudioService$Lifecycle took to complete: 0ms
10-14 01:23:41.246 1151 1151 I SystemServerTiming: OnBootPhase_520_com.android.server.soundtrigger_middleware.SoundTriggerMiddlewareService$Lifecycle
10-14 01:23:41.247 1151 1151 D SystemServerTiming: OnBootPhase_520_com.android.server.soundtrigger_middleware.SoundTriggerMiddlewareService$Lifecycle took to complete: 0ms
10-14 01:23:41.247 1151 1151 I SystemServerTiming: OnBootPhase_520_com.android.server.DockObserver
10-14 01:23:41.247 1151 1151 D SystemServerTiming: OnBootPhase_520_com.android.server.DockObserver took to complete: 0ms
10-14 01:23:41.247 1151 1151 I SystemServerTiming: OnBootPhase_520_com.android.server.midi.MidiService$Lifecycle
10-14 01:23:41.247 1151 1151 D SystemServerTiming: OnBootPhase_520_com.android.server.midi.MidiService$Lifecycle took to complete: 0ms
10-14 01:23:41.247 1151 1151 I SystemServerTiming: OnBootPhase_520_com.android.server.adb.AdbService$Lifecycle
10-14 01:23:41.247 1151 1151 D SystemServerTiming: OnBootPhase_520_com.android.server.adb.AdbService$Lifecycle took to complete: 0ms
10-14 01:23:41.247 1151 1151 I SystemServerTiming: OnBootPhase_520_com.android.server.usb.UsbService$Lifecycle
10-14 01:23:41.248 1151 1151 D SystemServerTiming: OnBootPhase_520_com.android.server.usb.UsbService$Lifecycle took to complete: 0ms
10-14 01:23:41.248 1151 1151 I SystemServerTiming: OnBootPhase_520_com.android.server.twilight.TwilightService
10-14 01:23:41.248 1151 1151 D SystemServerTiming: OnBootPhase_520_com.android.server.twilight.TwilightService took to complete: 0ms
10-14 01:23:41.248 1151 1151 I SystemServerTiming: OnBootPhase_520_com.android.server.display.color.ColorDisplayService
10-14 01:23:41.248 1151 1151 D SystemServerTiming: OnBootPhase_520_com.android.server.display.color.ColorDisplayService took to complete: 0ms
10-14 01:23:41.248 1151 1151 I SystemServerTiming: OnBootPhase_520_com.android.server.job.JobSchedulerService
10-14 01:23:41.248 1151 1151 D SystemServerTiming: OnBootPhase_520_com.android.server.job.JobSchedulerService took to complete: 0ms
10-14 01:23:41.248 1151 1151 I SystemServerTiming: OnBootPhase_520_com.android.server.soundtrigger.SoundTriggerService
10-14 01:23:41.248 1151 1151 D SoundTriggerService: onBootPhase: 520 : false
10-14 01:23:41.248 1151 1151 D SystemServerTiming: OnBootPhase_520_com.android.server.soundtrigger.SoundTriggerService took to complete: 0ms
10-14 01:23:41.249 1151 1151 I SystemServerTiming: OnBootPhase_520_com.android.server.trust.TrustManagerService
10-14 01:23:41.249 1151 1151 D SystemServerTiming: OnBootPhase_520_com.android.server.trust.TrustManagerService took to complete: 0ms
10-14 01:23:41.249 1151 1151 I SystemServerTiming: OnBootPhase_520_com.android.server.backup.BackupManagerService$Lifecycle
10-14 01:23:41.249 1151 1151 D SystemServerTiming: OnBootPhase_520_com.android.server.backup.BackupManagerService$Lifecycle took to complete: 0ms
10-14 01:23:41.249 1151 1151 I SystemServerTiming: OnBootPhase_520_com.android.server.appwidget.AppWidgetService
10-14 01:23:41.249 1151 1151 D SystemServerTiming: OnBootPhase_520_com.android.server.appwidget.AppWidgetService took to complete: 0ms
10-14 01:23:41.249 1151 1151 I SystemServerTiming: OnBootPhase_520_com.android.server.voiceinteraction.VoiceInteractionManagerService
10-14 01:23:41.249 1151 1151 D SystemServerTiming: OnBootPhase_520_com.android.server.voiceinteraction.VoiceInteractionManagerService took to complete: 0ms
10-14 01:23:41.249 1151 1151 I SystemServerTiming: OnBootPhase_520_com.android.server.apphibernation.AppHibernationService
10-14 01:23:41.249 1151 1151 D SystemServerTiming: OnBootPhase_520_com.android.server.apphibernation.AppHibernationService took to complete: 0ms
10-14 01:23:41.250 1151 1151 I SystemServerTiming: OnBootPhase_520_com.android.server.GestureLauncherService
10-14 01:23:41.250 1151 1151 D SystemServerTiming: OnBootPhase_520_com.android.server.GestureLauncherService took to complete: 0ms
10-14 01:23:41.250 1151 1151 I SystemServerTiming: OnBootPhase_520_com.android.server.SensorNotificationService
10-14 01:23:41.250 1151 1151 D SystemServerTiming: OnBootPhase_520_com.android.server.SensorNotificationService took to complete: 0ms
10-14 01:23:41.250 1151 1151 I SystemServerTiming: OnBootPhase_520_com.android.server.emergency.EmergencyAffordanceService
10-14 01:23:41.250 1151 1151 D SystemServerTiming: OnBootPhase_520_com.android.server.emergency.EmergencyAffordanceService took to complete: 0ms
10-14 01:23:41.250 1151 1151 I SystemServerTiming: OnBootPhase_520_com.android.server.blob.BlobStoreManagerService
10-14 01:23:41.250 1151 1151 D SystemServerTiming: OnBootPhase_520_com.android.server.blob.BlobStoreManagerService took to complete: 0ms
10-14 01:23:41.250 1151 1151 I SystemServerTiming: OnBootPhase_520_com.android.server.dreams.DreamManagerService
10-14 01:23:41.250 1151 1151 D SystemServerTiming: OnBootPhase_520_com.android.server.dreams.DreamManagerService took to complete: 0ms
10-14 01:23:41.250 1151 1151 I SystemServerTiming: OnBootPhase_520_com.android.server.companion.CompanionDeviceManagerService
10-14 01:23:41.250 1151 1151 D SystemServerTiming: OnBootPhase_520_com.android.server.companion.CompanionDeviceManagerService took to complete: 0ms
10-14 01:23:41.251 1151 1151 I SystemServerTiming: OnBootPhase_520_com.android.server.restrictions.RestrictionsManagerService
10-14 01:23:41.251 1151 1151 D SystemServerTiming: OnBootPhase_520_com.android.server.restrictions.RestrictionsManagerService took to complete: 0ms
10-14 01:23:41.251 1151 1151 I SystemServerTiming: OnBootPhase_520_com.android.server.media.MediaSessionService
10-14 01:23:41.251 1151 1151 D SystemServerTiming: OnBootPhase_520_com.android.server.media.MediaSessionService took to complete: 0ms
10-14 01:23:41.251 1151 1151 I SystemServerTiming: OnBootPhase_520_com.android.server.media.MediaResourceMonitorService
10-14 01:23:41.251 1151 1151 D SystemServerTiming: OnBootPhase_520_com.android.server.media.MediaResourceMonitorService took to complete: 0ms
10-14 01:23:41.251 1151 1151 I SystemServerTiming: OnBootPhase_520_com.android.server.biometrics.sensors.fingerprint.FingerprintService
10-14 01:23:41.251 1151 1151 D SystemServerTiming: OnBootPhase_520_com.android.server.biometrics.sensors.fingerprint.FingerprintService took to complete: 0ms
10-14 01:23:41.251 1151 1151 I SystemServerTiming: OnBootPhase_520_com.android.server.biometrics.BiometricService
10-14 01:23:41.251 1151 1151 D SystemServerTiming: OnBootPhase_520_com.android.server.biometrics.BiometricService took to complete: 0ms
10-14 01:23:41.252 1151 1151 I SystemServerTiming: OnBootPhase_520_com.android.server.biometrics.AuthService
10-14 01:23:41.252 1151 1151 D SystemServerTiming: OnBootPhase_520_com.android.server.biometrics.AuthService took to complete: 0ms
10-14 01:23:41.252 1151 1151 I SystemServerTiming: OnBootPhase_520_com.android.server.pm.ShortcutService$Lifecycle
10-14 01:23:41.252 1151 1151 D SystemServerTiming: OnBootPhase_520_com.android.server.pm.ShortcutService$Lifecycle took to complete: 0ms
10-14 01:23:41.252 1151 1151 I SystemServerTiming: OnBootPhase_520_com.android.server.pm.LauncherAppsService
10-14 01:23:41.252 1151 1151 D SystemServerTiming: OnBootPhase_520_com.android.server.pm.LauncherAppsService took to complete: 0ms
10-14 01:23:41.252 1151 1151 I SystemServerTiming: OnBootPhase_520_com.android.server.pm.CrossProfileAppsService
10-14 01:23:41.252 1151 1151 D SystemServerTiming: OnBootPhase_520_com.android.server.pm.CrossProfileAppsService took to complete: 0ms
10-14 01:23:41.252 1151 1151 I SystemServerTiming: OnBootPhase_520_com.android.server.people.PeopleService
10-14 01:23:41.252 1151 1151 D SystemServerTiming: OnBootPhase_520_com.android.server.people.PeopleService took to complete: 0ms
10-14 01:23:41.253 1151 1151 I SystemServerTiming: OnBootPhase_520_com.android.server.media.metrics.MediaMetricsManagerService
10-14 01:23:41.253 1151 1151 D SystemServerTiming: OnBootPhase_520_com.android.server.media.metrics.MediaMetricsManagerService took to complete: 0ms
10-14 01:23:41.253 1151 1151 I SystemServerTiming: OnBootPhase_520_com.android.server.media.projection.MediaProjectionManagerService
10-14 01:23:41.253 1151 1151 D SystemServerTiming: OnBootPhase_520_com.android.server.media.projection.MediaProjectionManagerService took to complete: 0ms
10-14 01:23:41.253 1151 1151 I SystemServerTiming: OnBootPhase_520_com.android.server.slice.SliceManagerService$Lifecycle
10-14 01:23:41.253 1151 1151 D SystemServerTiming: OnBootPhase_520_com.android.server.slice.SliceManagerService$Lifecycle took to complete: 0ms
10-14 01:23:41.253 1151 1151 I SystemServerTiming: OnBootPhase_520_com.android.server.stats.StatsCompanion$Lifecycle
10-14 01:23:41.253 1151 1151 D SystemServerTiming: OnBootPhase_520_com.android.server.stats.StatsCompanion$Lifecycle took to complete: 0ms
10-14 01:23:41.253 1151 1151 I SystemServerTiming: OnBootPhase_520_com.android.server.scheduling.RebootReadinessManagerService$Lifecycle
10-14 01:23:41.253 1151 1151 D SystemServerTiming: OnBootPhase_520_com.android.server.scheduling.RebootReadinessManagerService$Lifecycle took to complete: 0ms
10-14 01:23:41.253 1151 1151 I SystemServerTiming: OnBootPhase_520_com.android.server.stats.pull.StatsPullAtomService
10-14 01:23:41.254 1151 1151 D SystemServerTiming: OnBootPhase_520_com.android.server.stats.pull.StatsPullAtomService took to complete: 0ms
10-14 01:23:41.254 1151 1151 I SystemServerTiming: OnBootPhase_520_com.android.server.incident.IncidentCompanionService
10-14 01:23:41.254 1151 1151 D SystemServerTiming: OnBootPhase_520_com.android.server.incident.IncidentCompanionService took to complete: 0ms
10-14 01:23:41.254 1151 1151 I SystemServerTiming: OnBootPhase_520_com.android.server.MmsServiceBroker
10-14 01:23:41.254 1151 1151 D SystemServerTiming: OnBootPhase_520_com.android.server.MmsServiceBroker took to complete: 0ms
10-14 01:23:41.254 1151 1151 I SystemServerTiming: OnBootPhase_520_com.android.server.autofill.AutofillManagerService
10-14 01:23:41.254 1151 1151 D SystemServerTiming: OnBootPhase_520_com.android.server.autofill.AutofillManagerService took to complete: 0ms
10-14 01:23:41.254 1151 1151 I SystemServerTiming: OnBootPhase_520_com.android.server.clipboard.ClipboardService
10-14 01:23:41.254 1151 1151 D SystemServerTiming: OnBootPhase_520_com.android.server.clipboard.ClipboardService took to complete: 0ms
10-14 01:23:41.255 1151 1151 I SystemServerTiming: OnBootPhase_520_com.android.server.appbinding.AppBindingService$Lifecycle
10-14 01:23:41.255 1151 1151 D SystemServerTiming: OnBootPhase_520_com.android.server.appbinding.AppBindingService$Lifecycle took to complete: 0ms
10-14 01:23:41.255 1151 1151 I SystemServerTiming: OnBootPhase_520_com.android.server.tracing.TracingServiceProxy
10-14 01:23:41.255 1151 1151 D SystemServerTiming: OnBootPhase_520_com.android.server.tracing.TracingServiceProxy took to complete: 0ms
10-14 01:23:41.255 1151 1151 I SystemServerTiming: OnBootPhase_520_com.android.server.policy.PermissionPolicyService
10-14 01:23:41.255 1151 1151 D SystemServerTiming: OnBootPhase_520_com.android.server.policy.PermissionPolicyService took to complete: 0ms
10-14 01:23:41.255 1151 1151 I SystemServerTiming: OnBootPhase_520_com.android.server.pm.StagingManager$Lifecycle
10-14 01:23:41.255 1151 1151 D SystemServerTiming: OnBootPhase_520_com.android.server.pm.StagingManager$Lifecycle took to complete: 0ms
10-14 01:23:41.255 1151 1151 I SystemServerTiming: OnBootPhase_520_com.android.server.app.GameManagerService$Lifecycle
10-14 01:23:41.256 1151 1151 D SystemServerTiming: OnBootPhase_520_com.android.server.app.GameManagerService$Lifecycle took to complete: 0ms
10-14 01:23:41.256 1151 1151 D SystemServerTiming: OnBootPhase_520 took to complete: 29ms
10-14 01:23:41.256 1151 1151 D SystemServerTiming: StartBootPhaseDeviceSpecificServicesReady took to complete: 29ms
10-14 01:23:41.256 1151 1151 I SystemServerTiming: AppSearchManagerService
01-01 08:00:59.304 0 0 I [kworke][0x43037ee6][01:23:41.270526] wlan: [276:I:HIF] ce_srng_dest_ring_setup: ce_id 5
01-01 08:00:59.304 0 0 D cnss : Assign MSI to user: CE, num_vectors: 10, user_base_data: 803, base_vector: 3
01-01 08:00:59.304 0 0 I [kworke][0x43039c63][01:23:41.270919] wlan: [276:I:HIF] ce_srng_status_ring_setup: ce_id 5
01-01 08:00:59.304 0 0 D cnss : Assign MSI to user: CE, num_vectors: 10, user_base_data: 803, base_vector: 3
01-01 08:00:59.305 0 0 I [kworke][0x4303e458][01:23:41.271879] wlan: [276:I:HIF] hif_configure_irq: E
01-01 08:00:59.305 0 0 D cnss : Assign MSI to user: WAKE, num_vectors: 1, user_base_data: 813, base_vector: 13
01-01 08:00:59.305 0 0 D cnss : Get IRQ number 364 for vector index 13
01-01 08:00:59.306 0 0 D cnss : Assign MSI to user: CE, num_vectors: 10, user_base_data: 803, base_vector: 3
01-01 08:00:59.306 0 0 D cnss : Get IRQ number 354 for vector index 3
01-01 08:00:59.307 0 0 D cnss : Get IRQ number 355 for vector index 4
01-01 08:00:59.310 0 0 D cnss : Get IRQ number 356 for vector index 5
01-01 08:00:59.311 0 0 D cnss : Get IRQ number 357 for vector index 6
01-01 08:00:59.311 0 0 D cnss : Get IRQ number 359 for vector index 8
01-01 08:00:59.312 0 0 D cnss : Get IRQ number 360 for vector index 9
01-01 08:00:59.313 0 0 D cnss : Get IRQ number 362 for vector index 11
01-01 08:00:59.314 0 0 E [kworke][0x43068505][01:23:41.280848] wlan: [276:E:mlme] mlme_init_reg_cfg: 2374: null pdev
01-01 08:00:59.325 0 0 E [kworke][0x43098d18][01:23:41.291196] wlan: [276:E:WMI] WMI handle is NULL
01-01 08:00:59.333 0 0 I [kworke][0x430c187e][01:23:41.299881] wlan: [276:I:HIF] Initializing Runtime PM wakelock &p2p_soc_obj->roc_runtime_lock
01-01 08:00:59.334 0 0 D cnss : Platform cap_flag is 0x4
01-01 08:00:59.334 0 0 E [kworke][0x430c24c4][01:23:41.300045] wlan: [276:E:QDF] cds_get_context: 1486: Module ID 66 context is Null
01-01 08:00:59.378 0 0 I init : Service 'vendor.light-hal-2-0' (pid 1914) exited with status 0
01-01 08:00:59.378 0 0 I init : Sending signal 9 to service 'vendor.light-hal-2-0' (pid 1914) process group...
01-01 08:00:59.378 0 0 I libprocessgroup: Successfully killed process cgroup uid 1000 pid 1914 in 0ms
10-14 01:23:41.374 1151 1151 I SystemServiceManager: Starting com.android.server.appsearch.AppSearchManagerService
10-14 01:23:41.378 1151 1151 D SystemServerTiming: AppSearchManagerService took to complete: 123ms
10-14 01:23:41.378 1151 1151 I SystemServerTiming: StartMediaCommunicationService
10-14 01:23:41.379 1151 1151 I SystemServiceManager: Starting com.android.server.media.MediaCommunicationService
10-14 01:23:41.381 1151 1151 D SystemServerTiming: StartMediaCommunicationService took to complete: 2ms
10-14 01:23:41.381 1151 1151 I SystemServerTiming: PhaseActivityManagerReady
10-14 01:23:41.381 1151 1151 I SystemServerTiming: controllersReady
10-14 01:23:41.389 1151 1772 I SystemServerTimingAsync: InitThreadPoolExec:Update app-ops uidState in case package com.android.providers.media.module changed
10-14 01:23:41.389 1151 1772 D SystemServerInitThreadPool: Started executing Update app-ops uidState in case package com.android.providers.media.module changed
10-14 01:23:41.389 1151 1792 I SystemServerTimingAsync: InitThreadPoolExec:Update app-ops uidState in case package com.qualcomm.qti.workloadclassifier changed
10-14 01:23:41.390 1151 1792 D SystemServerInitThreadPool: Started executing Update app-ops uidState in case package com.qualcomm.qti.workloadclassifier changed
10-14 01:23:41.390 1151 1812 I SystemServerTimingAsync: InitThreadPoolExec:Update app-ops uidState in case package com.qualcomm.qtil.aptxui changed
10-14 01:23:41.390 1151 1812 D SystemServerInitThreadPool: Started executing Update app-ops uidState in case package com.qualcomm.qtil.aptxui changed
10-14 01:23:41.390 1151 1819 I SystemServerTimingAsync: InitThreadPoolExec:Update app-ops uidState in case package com.android.systemui changed
10-14 01:23:41.390 1151 1819 D SystemServerInitThreadPool: Started executing Update app-ops uidState in case package com.android.systemui changed
10-14 01:23:41.391 1151 1736 I SystemServerTimingAsync: InitThreadPoolExec:Update app-ops uidState in case package com.qualcomm.location changed
10-14 01:23:41.391 1151 1322 I SystemServerTimingAsync: InitThreadPoolExec:Update app-ops uidState in case package com.android.launcher3 changed
10-14 01:23:41.391 1151 1758 I SystemServerTimingAsync: InitThreadPoolExec:Update app-ops uidState in case package com.qti.ltebc changed
10-14 01:23:41.391 1151 1758 D SystemServerInitThreadPool: Started executing Update app-ops uidState in case package com.qti.ltebc changed
10-14 01:23:41.392 1151 1322 D SystemServerInitThreadPool: Started executing Update app-ops uidState in case package com.android.launcher3 changed
10-14 01:23:41.392 1151 1771 I SystemServerTimingAsync: InitThreadPoolExec:Update app-ops uidState in case package com.android.deskclock changed
10-14 01:23:41.392 1151 1771 D SystemServerInitThreadPool: Started executing Update app-ops uidState in case package com.android.deskclock changed
10-14 01:23:41.392 1151 1772 D SystemServerInitThreadPool: Finished executing Update app-ops uidState in case package com.android.providers.media.module changed
10-14 01:23:41.392 1151 1772 D SystemServerTimingAsync: InitThreadPoolExec:Update app-ops uidState in case package com.android.providers.media.module changed took to complete: 2ms
10-14 01:23:41.392 1151 1812 D SystemServerInitThreadPool: Finished executing Update app-ops uidState in case package com.qualcomm.qtil.aptxui changed
10-14 01:23:41.392 1151 1772 I SystemServerTimingAsync: InitThreadPoolExec:Update app-ops uidState in case package com.android.providers.calendar changed
10-14 01:23:41.392 1151 1736 D SystemServerInitThreadPool: Started executing Update app-ops uidState in case package com.qualcomm.location changed
10-14 01:23:41.392 1151 1322 D SystemServerInitThreadPool: Finished executing Update app-ops uidState in case package com.android.launcher3 changed
10-14 01:23:41.392 1151 1322 D SystemServerTimingAsync: InitThreadPoolExec:Update app-ops uidState in case package com.android.launcher3 changed took to complete: 1ms
10-14 01:23:41.392 1151 1736 D SystemServerInitThreadPool: Finished executing Update app-ops uidState in case package com.qualcomm.location changed
10-14 01:23:41.393 1151 1736 D SystemServerTimingAsync: InitThreadPoolExec:Update app-ops uidState in case package com.qualcomm.location changed took to complete: 2ms
10-14 01:23:41.393 1151 1758 D SystemServerInitThreadPool: Finished executing Update app-ops uidState in case package com.qti.ltebc changed
10-14 01:23:41.393 1151 1772 D SystemServerInitThreadPool: Started executing Update app-ops uidState in case package com.android.providers.calendar changed
10-14 01:23:41.393 1151 1772 D SystemServerInitThreadPool: Finished executing Update app-ops uidState in case package com.android.providers.calendar changed
10-14 01:23:41.393 1151 1772 D SystemServerTimingAsync: InitThreadPoolExec:Update app-ops uidState in case package com.android.providers.calendar changed took to complete: 1ms
10-14 01:23:41.394 1151 1772 I SystemServerTimingAsync: InitThreadPoolExec:Update app-ops uidState in case package com.android.bluetooth changed
10-14 01:23:41.394 1151 1819 D SystemServerInitThreadPool: Finished executing Update app-ops uidState in case package com.android.systemui changed
10-14 01:23:41.394 1151 1772 D SystemServerInitThreadPool: Started executing Update app-ops uidState in case package com.android.bluetooth changed
10-14 01:23:41.394 1151 1771 D SystemServerInitThreadPool: Finished executing Update app-ops uidState in case package com.android.deskclock changed
10-14 01:23:41.394 1151 1772 D SystemServerInitThreadPool: Finished executing Update app-ops uidState in case package com.android.bluetooth changed
