01-01 08:00:27.802 0 0 I : Initializing XFRM netlink socket
01-01 08:00:27.806 0 0 I : IPsec XFRM device driver
01-01 08:00:27.812 0 0 I NET : Registered protocol family 10
01-01 08:00:27.820 0 0 I : Segment Routing with IPv6
01-01 08:00:27.824 0 0 I mip6 : Mobile IPv6
01-01 08:00:27.828 0 0 I sit : IPv6, IPv4 and MPLS over IPv4 tunneling driver
01-01 08:00:27.836 0 0 I NET : Registered protocol family 17
01-01 08:00:27.841 0 0 I NET : Registered protocol family 15
01-01 08:00:27.846 0 0 I can : controller area network core (rev 20170425 abi 9)
01-01 08:00:27.853 0 0 I NET : Registered protocol family 29
01-01 08:00:27.857 0 0 I can : raw protocol (rev 20170425)
01-01 08:00:27.862 0 0 I can : broadcast manager protocol (rev 20170425 t)
01-01 08:00:27.868 0 0 I can : netlink gateway (rev 20170425) max_hops=1
01-01 08:00:27.874 0 0 I l2tp_core: L2TP core driver, V2.0
01-01 08:00:27.878 0 0 I l2tp_ppp: PPPoL2TP kernel driver, V2.0
01-01 08:00:27.883 0 0 I l2tp_ip : L2TP IP encapsulation support (L2TPv3)
01-01 08:00:27.889 0 0 I l2tp_netlink: L2TP netlink interface
01-01 08:00:27.894 0 0 I l2tp_eth: L2TP ethernet pseudowire support (L2TPv3)
01-01 08:00:27.900 0 0 I l2tp_debugfs: L2TP debugfs support
01-01 08:00:27.905 0 0 I l2tp_ip6: L2TP IP encapsulation support for IPv6 (L2TPv3)
01-01 08:00:27.912 0 0 I 8021q : 802.1Q VLAN Support v1.8
01-01 08:00:27.916 0 0 I sctp : Hash tables configured (bind 32/46)
01-01 08:00:27.922 0 0 I : Key type dns_resolver registered
01-01 08:00:27.928 0 0 E register_client_adhoc: find path.src 1 dest 589
01-01 08:00:27.929 0 0 E register_client_adhoc: Failed to find path.src 1 dest 589
01-01 08:00:27.937 0 0 E : minidump-id not found for npu
01-01 08:00:27.948 0 0 I subsys-pil-tz 9800000.qcom,npu: for npu segments only will be dumped.
01-01 08:00:27.956 0 0 I subsys-pil-tz 9800000.qcom,npu: for md_npu segments only will be dumped.
01-01 08:00:27.968 0 0 I platform 3d6a000.qcom,gmu: Linked as a consumer to regulator.69
01-01 08:00:27.975 0 0 I platform 3d6a000.qcom,gmu: Linked as a consumer to regulator.70
01-01 08:00:27.984 0 0 I platform 3d6a000.qcom,gmu: gmu_user: Linked as a consumer to 3da0000.kgsl-smmu
01-01 08:00:27.992 0 0 I iommu : Adding device 3d6a000.qcom,gmu:gmu_user to group 31
01-01 08:00:28.000 0 0 W NPU_WARN: npu_bridge_mbox_work: 1216 NPU fw is not loaded
01-01 08:00:28.008 0 0 I platform 3d6a000.qcom,gmu: gmu_kernel: Linked as a consumer to 3da0000.kgsl-smmu
01-01 08:00:28.016 0 0 I iommu : Adding device 3d6a000.qcom,gmu:gmu_kernel to group 32
01-01 08:00:28.025 0 0 E register_client_adhoc: find path.src 26 dest 512
01-01 08:00:28.026 0 0 E register_client_adhoc: Client handle 50 grp3d
01-01 08:00:28.032 0 0 E register_client_adhoc: find path.src 26 dest 10036
01-01 08:00:28.038 0 0 E register_client_adhoc: Client handle 52 cnoc
01-01 08:00:28.046 0 0 E query_client_usecase_all: query_start
01-01 08:00:28.051 0 0 E query_client_usecase_all: query_start
01-01 08:00:28.057 0 0 I kgsl-3d 3d00000.qcom,kgsl-3d0: Linked as a consumer to regulator.69
01-01 08:00:28.069 0 0 I kgsl-3d 3d00000.qcom,kgsl-3d0: Linked as a consumer to regulator.70
01-01 08:00:28.079 0 0 I platform 3da0000.qcom,kgsl-iommu: gfx3d_user: Linked as a consumer to 3da0000.kgsl-smmu
01-01 08:00:28.088 0 0 I iommu : Adding device 3da0000.qcom,kgsl-iommu:gfx3d_user to group 33
01-01 08:00:28.097 0 0 I platform 3da0000.qcom,kgsl-iommu: gfx3d_secure: Linked as a consumer to 3da0000.kgsl-smmu
01-01 08:00:28.106 0 0 I iommu : Adding device 3da0000.qcom,kgsl-iommu:gfx3d_secure to group 34
01-01 08:00:28.177 0 0 E register_client_adhoc: find path.src 1 dest 589
01-01 08:00:28.177 0 0 E register_client_adhoc: Failed to find path.src 1 dest 589
01-01 08:00:28.184 0 0 I core_ctl: Creating CPU group 0
01-01 08:00:28.194 0 0 I core_ctl: Init CPU0 state
01-01 08:00:28.198 0 0 I core_ctl: Init CPU1 state
01-01 08:00:28.202 0 0 I core_ctl: Init CPU2 state
01-01 08:00:28.206 0 0 I core_ctl: Init CPU3 state
01-01 08:00:28.210 0 0 I core_ctl: Creating CPU group 4
01-01 08:00:28.215 0 0 I core_ctl: Init CPU4 state
01-01 08:00:28.218 0 0 I core_ctl: Init CPU5 state
01-01 08:00:28.222 0 0 I core_ctl: Init CPU6 state
01-01 08:00:28.227 0 0 I core_ctl: Creating CPU group 7
01-01 08:00:28.231 0 0 I core_ctl: Init CPU7 state
01-01 08:00:28.236 0 0 I : registered taskstats version 1
01-01 08:00:28.241 0 0 I : Loading compiled-in X.509 certificates
01-01 08:00:28.249 0 0 I : Key type ._fscrypt registered
01-01 08:00:28.253 0 0 I : Key type .fscrypt registered
01-01 08:00:28.257 0 0 I : Key type fscrypt-provisioning registered
01-01 08:00:28.263 0 0 I pstore : Using compression: deflate
01-01 08:00:28.281 0 0 E : Please check if `measure` clk is registered.
01-01 08:00:28.374 0 0 I spss_utils [spss_parse_dt]: iar_buf_addr [0x8bef0000].
01-01 08:00:28.381 0 0 I spss_utils [spss_probe]: Initialization completed ok, firmware_name [spss2p].
01-01 08:00:28.398 0 0 I fastrpc soc: qcom,msm-adsprpc-mem: for adsp_rh segments only will be dumped.
01-01 08:00:28.407 0 0 I adsprpc : init_secure_vmid_list: secure VMID = 22
01-01 08:00:28.413 0 0 I adsprpc : init_secure_vmid_list: secure VMID = 37
01-01 08:00:28.419 0 0 I adsprpc : fastrpc_probe: service location enabled for avs/audio (audio_pdr_adsprpc)
01-01 08:00:28.428 0 0 I adsprpc : fastrpc_probe: service location enabled for tms/servreg (sensors_pdr_adsprpc)
01-01 08:00:28.438 0 0 I fastrpc soc: qcom,msm_fastrpc:qcom,msm_fastrpc_compute_cb1: Linked as a consumer to 15000000.apps-smmu
01-01 08:00:28.449 0 0 I iommu : Adding device soc:qcom,msm_fastrpc:qcom,msm_fastrpc_compute_cb1 to group 35
01-01 08:00:28.460 0 0 I fastrpc soc: qcom,msm_fastrpc:qcom,msm_fastrpc_compute_cb2: Linked as a consumer to 15000000.apps-smmu
01-01 08:00:28.471 0 0 I iommu : Adding device soc:qcom,msm_fastrpc:qcom,msm_fastrpc_compute_cb2 to group 36
01-01 08:00:28.480 0 0 W : Error: swapper/0: fastrpc_cb_probe: failed to create debugfs global file
01-01 08:00:28.489 0 0 I fastrpc soc: qcom,msm_fastrpc:qcom,msm_fastrpc_compute_cb3: Linked as a consumer to 15000000.apps-smmu
01-01 08:00:28.501 0 0 I iommu : Adding device soc:qcom,msm_fastrpc:qcom,msm_fastrpc_compute_cb3 to group 37
01-01 08:00:28.510 0 0 W : Error: swapper/0: fastrpc_cb_probe: failed to create debugfs global file
01-01 08:00:28.518 0 0 I fastrpc soc: qcom,msm_fastrpc:qcom,msm_fastrpc_compute_cb4: Linked as a consumer to 15000000.apps-smmu
01-01 08:00:28.530 0 0 I iommu : Adding device soc:qcom,msm_fastrpc:qcom,msm_fastrpc_compute_cb4 to group 38
01-01 08:00:28.539 0 0 W : Error: swapper/0: fastrpc_cb_probe: failed to create debugfs global file
01-01 08:00:28.548 0 0 I fastrpc soc: qcom,msm_fastrpc:qcom,msm_fastrpc_compute_cb5: Linked as a consumer to 15000000.apps-smmu
01-01 08:00:28.559 0 0 I iommu : Adding device soc:qcom,msm_fastrpc:qcom,msm_fastrpc_compute_cb5 to group 39
01-01 08:00:28.569 0 0 W : Error: swapper/0: fastrpc_cb_probe: failed to create debugfs global file
01-01 08:00:28.577 0 0 I fastrpc soc: qcom,msm_fastrpc:qcom,msm_fastrpc_compute_cb6: Linked as a consumer to 15000000.apps-smmu
01-01 08:00:28.589 0 0 I iommu : Adding device soc:qcom,msm_fastrpc:qcom,msm_fastrpc_compute_cb6 to group 40
01-01 08:00:28.598 0 0 W : Error: swapper/0: fastrpc_cb_probe: failed to create debugfs global file
01-01 08:00:28.607 0 0 I fastrpc soc: qcom,msm_fastrpc:qcom,msm_fastrpc_compute_cb7: Linked as a consumer to 15000000.apps-smmu
01-01 08:00:28.618 0 0 I iommu : Adding device soc:qcom,msm_fastrpc:qcom,msm_fastrpc_compute_cb7 to group 41
01-01 08:00:28.627 0 0 W : Error: swapper/0: fastrpc_cb_probe: failed to create debugfs global file
01-01 08:00:28.636 0 0 I fastrpc soc: qcom,msm_fastrpc:qcom,msm_fastrpc_compute_cb8: Linked as a consumer to 15000000.apps-smmu
01-01 08:00:28.647 0 0 I iommu : Adding device soc:qcom,msm_fastrpc:qcom,msm_fastrpc_compute_cb8 to group 42
01-01 08:00:28.657 0 0 W : Error: swapper/0: fastrpc_cb_probe: failed to create debugfs global file
01-01 08:00:28.665 0 0 I fastrpc soc: qcom,msm_fastrpc:qcom,msm_fastrpc_compute_cb9: Linked as a consumer to 15000000.apps-smmu
01-01 08:00:28.677 0 0 I iommu : Adding device soc:qcom,msm_fastrpc:qcom,msm_fastrpc_compute_cb9 to group 43
01-01 08:00:28.686 0 0 W : Error: swapper/0: fastrpc_cb_probe: failed to create debugfs global file
01-01 08:00:28.695 0 0 I fastrpc soc: qcom,msm_fastrpc:qcom,msm_fastrpc_compute_cb10: Linked as a consumer to 15000000.apps-smmu
01-01 08:00:28.707 0 0 I iommu : Adding device soc:qcom,msm_fastrpc:qcom,msm_fastrpc_compute_cb10 to group 44
01-01 08:00:28.716 0 0 W : Error: swapper/0: fastrpc_cb_probe: failed to create debugfs global file
01-01 08:00:28.725 0 0 I fastrpc soc: qcom,msm_fastrpc:qcom,msm_fastrpc_compute_cb11: Linked as a consumer to 15000000.apps-smmu
01-01 08:00:28.736 0 0 I iommu : Adding device soc:qcom,msm_fastrpc:qcom,msm_fastrpc_compute_cb11 to group 45
01-01 08:00:28.746 0 0 W : Error: swapper/0: fastrpc_cb_probe: failed to create debugfs global file
01-01 08:00:28.754 0 0 I fastrpc soc: qcom,msm_fastrpc:qcom,msm_fastrpc_compute_cb12: Linked as a consumer to 15000000.apps-smmu
01-01 08:00:28.766 0 0 I iommu : Adding device soc:qcom,msm_fastrpc:qcom,msm_fastrpc_compute_cb12 to group 46
01-01 08:00:28.775 0 0 W : Error: swapper/0: fastrpc_cb_probe: failed to create debugfs global file
01-01 08:00:28.784 0 0 I fastrpc soc: qcom,msm_fastrpc:qcom,msm_fastrpc_compute_cb13: Linked as a consumer to 15000000.apps-smmu
01-01 08:00:28.795 0 0 I iommu : Adding device soc:qcom,msm_fastrpc:qcom,msm_fastrpc_compute_cb13 to group 47
01-01 08:00:28.805 0 0 W : Error: swapper/0: fastrpc_cb_probe: failed to create debugfs global file
01-01 08:00:28.814 0 0 I fastrpc soc: qcom,msm_fastrpc:qcom,msm_fastrpc_compute_cb14: Linked as a consumer to 15000000.apps-smmu
01-01 08:00:28.825 0 0 I iommu : Adding device soc:qcom,msm_fastrpc:qcom,msm_fastrpc_compute_cb14 to group 48
01-01 08:00:28.835 0 0 W : Error: swapper/0: fastrpc_cb_probe: failed to create debugfs global file
01-01 08:00:28.843 0 0 I fastrpc soc: qcom,msm_fastrpc:qcom,msm_fastrpc_compute_cb15: Linked as a consumer to 15000000.apps-smmu
01-01 08:00:28.855 0 0 I iommu : Adding device soc:qcom,msm_fastrpc:qcom,msm_fastrpc_compute_cb15 to group 49
01-01 08:00:28.864 0 0 W : Error: swapper/0: fastrpc_cb_probe: failed to create debugfs global file
01-01 08:00:28.874 0 0 I adsprpc : fastrpc_device_init: SSR notifier registered for adsp
01-01 08:00:28.881 0 0 I adsprpc : fastrpc_device_init: SSR notifier registered for modem
01-01 08:00:28.888 0 0 I adsprpc : fastrpc_device_init: SSR notifier registered for slpi
01-01 08:00:28.895 0 0 I adsprpc : fastrpc_device_init: SSR notifier registered for cdsp
01-01 08:00:28.903 0 0 E register_client_adhoc: find path.src 1 dest 589
01-01 08:00:28.903 0 0 E register_client_adhoc: Failed to find path.src 1 dest 589
01-01 08:00:28.909 0 0 E register_client_adhoc: find path.src 1 dest 589
01-01 08:00:28.916 0 0 E register_client_adhoc: Failed to find path.src 1 dest 589
01-01 08:00:28.923 0 0 I ngd_msm_ctrl 3ac0000.slim: Linked as a consumer to 15000000.apps-smmu
01-01 08:00:28.938 0 0 I iommu : Adding device 3ac0000.slim to group 50
01-01 08:00:28.947 0 0 E register_client_adhoc: find path.src 1 dest 589
01-01 08:00:28.947 0 0 E register_client_adhoc: Failed to find path.src 1 dest 589
01-01 08:00:28.950 0 0 I input : gpio-keys as /devices/platform/soc/soc:gpio_keys/input/input3
01-01 08:00:28.968 0 0 E register_client_adhoc: find path.src 1 dest 589
01-01 08:00:28.969 0 0 E register_client_adhoc: Failed to find path.src 1 dest 589
01-01 08:00:28.970 0 0 E : [NVT-ts] nvt_driver_init 1962: start
01-01 08:00:28.986 0 0 E : [NVT-ts] nvt_driver_init 1970: finished
01-01 08:00:28.992 0 0 E register_client_adhoc: find path.src 1 dest 589
01-01 08:00:28.992 0 0 E register_client_adhoc: Failed to find path.src 1 dest 589
01-01 08:00:29.007 0 0 E register_client_adhoc: find path.src 1 dest 589
01-01 08:00:29.010 0 0 I : rmnet_ipa3 started initialization
01-01 08:00:29.013 0 0 E register_client_adhoc: Failed to find path.src 1 dest 589
01-01 08:00:29.015 0 0 E register_client_adhoc: find path.src 1 dest 589
01-01 08:00:29.021 0 0 I : RNDIS_IPA module is loaded.
01-01 08:00:29.024 0 0 E register_client_adhoc: Failed to find path.src 1 dest 589
01-01 08:00:29.025 0 0 E register_client_adhoc: find path.src 1 dest 589
01-01 08:00:29.031 0 0 E : [drm:dp_display_init_aux_switch][msm-dp-err][1 ]failed to register notifier (-22)
01-01 08:00:29.036 0 0 E register_client_adhoc: Failed to find path.src 1 dest 589
01-01 08:00:29.062 0 0 I : msm notifier probed successfully
01-01 08:00:29.074 0 0 E register_client_adhoc: find path.src 1 dest 589
01-01 08:00:29.074 0 0 E register_client_adhoc: Failed to find path.src 1 dest 589
01-01 08:00:29.081 0 0 E : [drm:dp_display_init_aux_switch][msm-dp-err][77 ]failed to register notifier (-22)
01-01 08:00:29.081 0 0 I cfg80211: Loading compiled-in X.509 certificates for regulatory database
01-01 08:00:29.107 0 0 I : cryptomgr_probe (442) used greatest stack depth: 13400 bytes left
01-01 08:00:29.107 0 0 I cfg80211: Loaded X.509 cert 'sforshee: 00b28ddf47aef9cea7'
01-01 08:00:29.124 0 0 E msm_bus_late_init: Remove handoff bw requests
01-01 08:00:29.131 0 0 I regulator_proxy_consumer_remove_all: removing regulator proxy consumer requests
01-01 08:00:29.141 0 0 I : ALSA device list:
01-01 08:00:29.144 0 0 I : No soundcards found.
01-01 08:00:29.170 0 0 I : Freeing unused kernel memory: 9216K
01-01 08:00:29.175 0 0 I : Run /init as init process
01-01 08:00:29.184 0 0 I init : init first stage started!
01-01 08:00:29.189 0 0 I init : Unable to open /lib/modules, skipping module loading.
01-01 08:00:29.197 0 0 I init : [libfs_mgr]dt_fstab: Skip disabled entry for partition vendor
01-01 08:00:29.205 0 0 I init : [libfs_mgr]ReadFstabFromDt(): failed to read fstab from dt
01-01 08:00:29.212 0 0 I init : [libfs_mgr]dt_fstab: Skip disabled entry for partition vendor
01-01 08:00:29.222 0 0 I init : Using Android DT directory /proc/device-tree/firmware/android/
01-01 08:00:29.427 0 0 I init : [libfs_mgr]superblock s_max_mnt_count:65535,/dev/block/by-name/metadata
01-01 08:00:29.436 0 0 I init : [libfs_mgr]Filesystem on /dev/block/by-name/metadata was not cleanly shutdown; state flags: 0x1, incompat feature flags: 0x46
01-01 08:00:29.449 0 0 I init : [libfs_mgr]check_fs(): mount(/dev/block/by-name/metadata,/metadata,ext4)=-1: No such file or directory
01-01 08:00:29.460 0 0 I init : [libfs_mgr]Running /system/bin/e2fsck on /dev/block/sda11
01-01 08:00:29.483 0 0 I e2fsck : e2fsck 1.45.4 (23-Sep-2019)
01-01 08:00:29.497 0 0 I e2fsck : /dev/block/by-name/metadata: recovering journal
01-01 08:00:29.525 0 0 I e2fsck : Pass 1: Checking inodes, blocks, and sizes
01-01 08:00:29.532 0 0 I e2fsck : Pass 2: Checking directory structure
01-01 08:00:29.540 0 0 I e2fsck : Pass 3: Checking directory connectivity
01-01 08:00:29.546 0 0 I e2fsck : Pass 4: Checking reference counts
01-01 08:00:29.551 0 0 I e2fsck : Pass 5: Checking group summary information
01-01 08:00:29.553 0 0 I : e2fsck (445) used greatest stack depth: 12040 bytes left
01-01 08:00:29.557 0 0 I e2fsck : /dev/block/by-name/metadata: 36/4096 files (0.0% non-contiguous), 1200/4096 blocks
01-01 08:00:29.582 0 0 I EXT4-fs (sda11): mounted filesystem with ordered data mode. Opts: discard
01-01 08:00:29.625 0 0 I device-mapper: verity: sha256 using implementation "sha256-ce"
01-01 08:00:29.663 0 0 W EXT4-fs (dm-5): mounting with "discard" option, but the device does not support discard
01-01 08:00:29.673 0 0 I EXT4-fs (dm-5): mounted filesystem without journal. Opts: barrier=1,discard
01-01 08:00:29.705 0 0 I device-mapper: verity: sha256 using implementation "sha256-ce"
01-01 08:00:29.735 0 0 W EXT4-fs (dm-6): mounting with "discard" option, but the device does not support discard
01-01 08:00:29.745 0 0 I EXT4-fs (dm-6): mounted filesystem without journal. Opts: barrier=1,discard
01-01 08:00:29.757 0 0 I device-mapper: verity: sha256 using implementation "sha256-ce"
01-01 08:00:29.781 0 0 W EXT4-fs (dm-7): mounting with "discard" option, but the device does not support discard
01-01 08:00:29.790 0 0 I EXT4-fs (dm-7): mounted filesystem without journal. Opts: barrier=1,discard
01-01 08:00:29.802 0 0 I device-mapper: verity: sha1 using implementation "sha1-ce"
01-01 08:00:29.828 0 0 W EXT4-fs (dm-8): mounting with "discard" option, but the device does not support discard
01-01 08:00:29.837 0 0 I EXT4-fs (dm-8): mounted filesystem without journal. Opts: barrier=1,discard
01-01 08:00:29.849 0 0 I device-mapper: verity: sha1 using implementation "sha1-ce"
01-01 08:00:29.869 0 0 W EXT4-fs (dm-9): mounting with "discard" option, but the device does not support discard
01-01 08:00:29.879 0 0 I EXT4-fs (dm-9): mounted filesystem without journal. Opts: barrier=1,discard
01-01 08:00:29.955 0 0 W init : 35 output lines suppressed due to ratelimiting
01-01 08:00:30.329 0 0 I init : [libfs_mgr]dt_fstab: Skip disabled entry for partition vendor
01-01 08:00:30.337 0 0 I init : [libfs_mgr]GetFstabPath()fstab_path:/odm/etc/fstab.default
01-01 08:00:30.348 0 0 I init : [libfs_mgr]GetFstabPath()fstab_path:/vendor/etc/fstab.default
01-01 08:00:30.368 0 0 I init : [libfs_mgr]GetFstabPath()fstab_path:/system/etc/fstab.default
01-01 08:00:30.376 0 0 I init : [libfs_mgr]GetFstabPath()fstab_path:/first_stage_ramdisk/system/etc/fstab.default
01-01 08:00:30.385 0 0 I init : [libfs_mgr]GetFstabPath()fstab_path:/fstab.default
01-01 08:00:30.392 0 0 I init : [libfs_mgr]GetFstabPath()fstab_path:/first_stage_ramdisk/fstab.default
01-01 08:00:30.401 0 0 I init : [libfs_mgr]GetFstabPath()fstab_path:/odm/etc/fstab.qcom
01-01 08:00:30.408 0 0 I init : [libfs_mgr]GetFstabPath()fstab_path:/vendor/etc/fstab.qcom
01-01 08:00:30.415 0 0 I init : [libfs_mgr]GetFstabPath()fstab_path.c_str():/vendor/etc/fstab.qcom
01-01 08:00:31.912 0 0 I : secilc (470) used greatest stack depth: 10240 bytes left
01-01 08:00:32.270 0 0 I SELinux : policy capability network_peer_controls=1
01-01 08:00:32.276 0 0 I SELinux : policy capability open_perms=1
01-01 08:00:32.281 0 0 I SELinux : policy capability extended_socket_class=1
01-01 08:00:32.287 0 0 I SELinux : policy capability always_check_network=0
01-01 08:00:32.293 0 0 I SELinux : policy capability cgroup_seclabel=0
01-01 08:00:32.299 0 0 I SELinux : policy capability nnp_nosuid_transition=1
01-01 08:00:32.599 501 501 I auditd : type=1403 audit(0.0:2): auid=4294967295 ses=4294967295 lsm=selinux res=1
01-01 08:00:32.599 501 501 I auditd : type=1404 audit(0.0:3): enforcing=1 old_enforcing=0 auid=4294967295 ses=4294967295 enabled=1 old-enabled=1 lsm=selinux res=1
01-01 08:00:32.632 0 0 W init : 8 output lines suppressed due to ratelimiting
01-01 08:00:32.664 0 0 I init : init second stage started!
01-01 08:00:32.745 0 0 I init : Using Android DT directory /proc/device-tree/firmware/android/
01-01 08:00:32.762 0 0 W init : Overriding previous property 'persist.sys.usb.config':'adb' with new value 'none'
01-01 08:00:32.778 0 0 E init : Do not have permissions to set 'persist.backup.ntpServer' to '0.pool.ntp.org' in property file '/vendor/build.prop': SELinux permission check failed
01-01 08:00:32.793 0 0 W init : Overriding previous property 'dalvik.vm.heapsize':'36m' with new value '512m'
01-01 08:00:32.802 0 0 E init : Do not have permissions to set 'persist.vendor.bt.a2dp_offload_cap' to 'sbc-aptx-aptxtws-aptxhd-aac-ldac' in property file '/vendor/build.prop': SELinux permission check failed
01-01 08:00:32.821 0 0 E init : Do not have permissions to set 'vendor.mm.enable.qcom_parser' to '16777215' in property file '/vendor/build.prop': SELinux permission check failed
01-01 08:00:32.836 0 0 E init : Do not have permissions to set 'persist.demo.hdmirotationlock' to 'false' in property file '/vendor/build.prop': SELinux permission check failed
01-01 08:00:32.854 0 0 W init : Couldn't load property file '/vendor_dlkm/etc/build.prop': open() failed: No such file or directory: No such file or directory
01-01 08:00:32.870 0 0 W init : Couldn't load property file '/odm_dlkm/etc/build.prop': open() failed: No such file or directory: No such file or directory
01-01 08:00:33.003 1 1 I auditd : type=1107 audit(0.0:4): uid=0 auid=4294967295 ses=4294967295 subj=u:r:init:s0 msg='avc: denied { read } for property=persist.debug.trace pid=0 uid=0 gid=0 scontext=u:r:vendor_init:s0 tcontext=u:object_r:persist_debug_prop:s0 tclass=file permissive=0'
01-01 08:00:33.496 0 0 I ueventd : ueventd started!
01-01 08:00:33.503 0 0 I selinux : SELinux: Loaded file_contexts
01-01 08:00:33.508 0 0 I selinux :
01-01 08:00:33.510 0 0 I ueventd : Parsing file /system/etc/ueventd.rc...
01-01 08:00:33.518 0 0 I ueventd : Added '/vendor/etc/ueventd.rc' to import list
01-01 08:00:33.524 0 0 I ueventd : Added '/odm/etc/ueventd.rc' to import list
01-01 08:00:33.530 0 0 I ueventd : Parsing file /vendor/etc/ueventd.rc...
01-01 08:00:33.536 0 0 I ueventd : Unable to read config file '/vendor/etc/ueventd.rc': open() failed: No such file or directory
01-01 08:00:33.547 0 0 I ueventd : Parsing file /odm/etc/ueventd.rc...
01-01 08:00:33.553 0 0 I ueventd : Unable to read config file '/odm/etc/ueventd.rc': open() failed: No such file or directory
01-01 08:00:33.823 0 0 W is_dc_online: 3 callbacks suppressed
01-01 08:00:33.823 0 0 E HL6111R : is_dc_online: DC psy unavailable
01-01 08:00:33.833 0 0 E HL6111R : is_dc_online: DC psy unavailable
01-01 08:00:33.838 0 0 E HL6111R : is_dc_online: DC psy unavailable
01-01 08:00:33.844 0 0 E HL6111R : is_dc_online: DC psy unavailable
01-01 08:00:33.849 0 0 E HL6111R : is_dc_online: DC psy unavailable
01-01 08:00:33.854 0 0 E HL6111R : is_dc_online: DC psy unavailable
01-01 08:00:33.859 0 0 E HL6111R : is_dc_online: DC psy unavailable
01-01 08:00:33.865 0 0 E HL6111R : is_dc_online: DC psy unavailable
01-01 08:00:33.870 0 0 E HL6111R : is_dc_online: DC psy unavailable
01-01 08:00:33.875 0 0 E HL6111R : is_dc_online: DC psy unavailable
01-01 08:00:33.999 1 1 I auditd : type=1400 audit(0.0:5): avc: denied { mounton } for comm="init" path="/sys/kernel/tracing" dev="tracefs" ino=1 scontext=u:r:init:s0 tcontext=u:object_r:debugfs_tracing_debug:s0 tclass=dir permissive=0
01-01 08:00:34.104 0 0 W msm_11ad soc: qcom,wil6210: GPIO not found, dc GPIO not used
01-01 08:00:34.112 0 0 W msm_11ad soc: qcom,wil6210: GPIO not found, enable GPIO not used
01-01 08:00:34.121 0 0 W msm_11ad soc: qcom,wil6210: GPIO not found, sleep clock not used
01-01 08:00:34.130 0 0 W msm_11ad soc: qcom,wil6210: soc:qcom,wil6210 supply vdd not found, using dummy regulator
01-01 08:00:34.140 0 0 I msm_11ad soc: qcom,wil6210: Linked as a consumer to regulator.0
01-01 08:00:34.147 0 0 I msm_11ad soc: qcom,wil6210: Linked as a consumer to regulator.8
01-01 08:00:34.155 0 0 I msm_11ad soc: qcom,wil6210: Linked as a consumer to regulator.26
01-01 08:00:34.163 0 0 E msm_pcie_enumerate: PCIe: RC1: has already been enumerated.
01-01 08:00:34.169 0 0 E msm_11ad soc: qcom,wil6210: Wigig device not found
01-01 08:00:34.176 0 0 I msm_11ad soc: qcom,wil6210: Dropping the link to regulator.26
01-01 08:00:34.183 0 0 I msm_11ad soc: qcom,wil6210: Dropping the link to regulator.0
01-01 08:00:34.190 0 0 I msm_11ad soc: qcom,wil6210: Dropping the link to regulator.8
01-01 08:00:34.371 0 0 W q6_pdr_dlkm: loading out-of-tree module taints kernel.
01-01 08:00:34.424 0 0 W apr_dlkm: no symbol version for snd_event_notify
01-01 08:00:34.439 0 0 E register_client_adhoc: find path.src 1 dest 589
01-01 08:00:34.439 0 0 E register_client_adhoc: Failed to find path.src 1 dest 589
01-01 08:00:34.446 0 0 E : [drm:dp_display_init_aux_switch][msm-dp-err][369 ]failed to register notifier (-22)
01-01 08:00:34.466 0 0 E register_client_adhoc: find path.src 1 dest 589
01-01 08:00:34.466 0 0 E register_client_adhoc: Failed to find path.src 1 dest 589
01-01 08:00:34.473 0 0 E : [drm:dp_display_init_aux_switch][msm-dp-err][124 ]failed to register notifier (-22)
01-01 08:00:34.516 0 0 W : **********************************************************
01-01 08:00:34.522 0 0 W : ** NOTICE NOTICE NOTICE NOTICE NOTICE NOTICE NOTICE **
01-01 08:00:34.529 0 0 W : ** **
01-01 08:00:34.536 0 0 W : ** trace_printk() being used. Allocating extra memory. **
01-01 08:00:34.543 0 0 W : ** **
01-01 08:00:34.549 0 0 W : ** This means that this is a DEBUG kernel and it is **
01-01 08:00:34.556 0 0 W : ** unsafe for production use. **
01-01 08:00:34.563 0 0 W : ** **
01-01 08:00:34.570 0 0 W : ** If you see this message and you are not debugging **
01-01 08:00:34.576 0 0 W : ** the kernel, report this immediately to your vendor! **
01-01 08:00:34.583 0 0 W : ** **
01-01 08:00:34.590 0 0 W : ** NOTICE NOTICE NOTICE NOTICE NOTICE NOTICE NOTICE **
01-01 08:00:34.596 0 0 W : **********************************************************
01-01 08:00:34.640 0 0 E register_client_adhoc: find path.src 1 dest 589
01-01 08:00:34.640 0 0 E register_client_adhoc: Failed to find path.src 1 dest 589
01-01 08:00:34.647 0 0 E : [drm:dp_display_init_aux_switch][msm-dp-err][369 ]failed to register notifier (-22)
01-01 08:00:34.698 0 0 E register_client_adhoc: find path.src 1 dest 589
01-01 08:00:34.698 0 0 E register_client_adhoc: Failed to find path.src 1 dest 589
01-01 08:00:34.705 0 0 E : [drm:dp_display_init_aux_switch][msm-dp-err][124 ]failed to register notifier (-22)
01-01 08:00:34.722 0 0 E register_client_adhoc: find path.src 1 dest 589
01-01 08:00:34.722 0 0 E register_client_adhoc: Failed to find path.src 1 dest 589
01-01 08:00:34.729 0 0 E : [drm:dp_display_init_aux_switch][msm-dp-err][124 ]failed to register notifier (-22)
01-01 08:00:34.746 0 0 E register_client_adhoc: find path.src 1 dest 589
01-01 08:00:34.747 0 0 E register_client_adhoc: Failed to find path.src 1 dest 589
01-01 08:00:34.754 0 0 E : [drm:dp_display_init_aux_switch][msm-dp-err][124 ]failed to register notifier (-22)
01-01 08:00:34.771 0 0 E register_client_adhoc: find path.src 1 dest 589
01-01 08:00:34.771 0 0 E register_client_adhoc: Failed to find path.src 1 dest 589
01-01 08:00:34.778 0 0 E : [drm:dp_display_init_aux_switch][msm-dp-err][124 ]failed to register notifier (-22)
01-01 08:00:34.795 0 0 E register_client_adhoc: find path.src 1 dest 589
01-01 08:00:34.795 0 0 E register_client_adhoc: Failed to find path.src 1 dest 589
01-01 08:00:34.802 0 0 E : [drm:dp_display_init_aux_switch][msm-dp-err][124 ]failed to register notifier (-22)
01-01 08:00:34.820 0 0 E register_client_adhoc: find path.src 1 dest 589
01-01 08:00:34.820 0 0 E register_client_adhoc: Failed to find path.src 1 dest 589
01-01 08:00:34.828 0 0 E : [drm:dp_display_init_aux_switch][msm-dp-err][124 ]failed to register notifier (-22)
01-01 08:00:34.864 0 0 E register_client_adhoc: find path.src 1 dest 589
01-01 08:00:34.864 0 0 E register_client_adhoc: Failed to find path.src 1 dest 589
01-01 08:00:34.871 0 0 E : [drm:dp_display_init_aux_switch][msm-dp-err][368 ]failed to register notifier (-22)
01-01 08:00:34.889 0 0 E register_client_adhoc: find path.src 1 dest 589
01-01 08:00:34.889 0 0 E register_client_adhoc: Failed to find path.src 1 dest 589
01-01 08:00:34.891 0 0 E kona-pinctrl f000000.pinctrl: invalid function func2 in map table
01-01 08:00:34.909 0 0 E kona-pinctrl f000000.pinctrl: invalid function func2 in map table
01-01 08:00:34.917 0 0 E : [drm:dp_display_init_aux_switch][msm-dp-err][368 ]failed to register notifier (-22)
01-01 08:00:34.917 0 0 E kona-pinctrl f000000.pinctrl: invalid function func2 in map table
01-01 08:00:34.933 0 0 E kona-pinctrl f000000.pinctrl: invalid function func2 in map table
01-01 08:00:34.942 0 0 E register_client_adhoc: find path.src 1 dest 589
01-01 08:00:34.942 0 0 E register_client_adhoc: Failed to find path.src 1 dest 589
01-01 08:00:34.950 0 0 E : [drm:dp_display_init_aux_switch][msm-dp-err][368 ]failed to register notifier (-22)
01-01 08:00:35.023 0 0 E register_client_adhoc: find path.src 1 dest 589
01-01 08:00:35.023 0 0 E register_client_adhoc: Failed to find path.src 1 dest 589
01-01 08:00:35.031 0 0 E : [drm:dp_display_init_aux_switch][msm-dp-err][124 ]failed to register notifier (-22)
01-01 08:00:35.049 0 0 E register_client_adhoc: find path.src 1 dest 589
01-01 08:00:35.049 0 0 E register_client_adhoc: Failed to find path.src 1 dest 589
01-01 08:00:35.057 0 0 E : [drm:dp_display_init_aux_switch][msm-dp-err][124 ]failed to register notifier (-22)
01-01 08:00:35.283 0 0 E : Trying to create more than 6 SchedTune boosting groups
01-01 08:00:35.290 0 0 E : Trying to create more than 6 SchedTune boosting groups
01-01 08:00:35.344 0 0 I : Registered swp emulation handler
01-01 08:00:35.417 0 0 I logd.auditd: start
01-01 08:00:35.430 0 0 I binder : 503:503 ioctl 40046210 7fda37a6a4 returned -22
01-01 08:00:35.475 0 0 I binder : 504:504 ioctl 40046210 7fc91ac884 returned -22
01-01 08:00:35.481 506 506 I snet_event_log: [121035042,-1,]
01-01 08:00:35.526 0 0 I binder : 502:502 ioctl 40046210 7fcc798824 returned -22
01-01 08:00:35.693 0 0 I init : wait for '/dev/block/platform/soc/1d84000.ufshc' took 0ms
01-01 08:00:36.072 0 0 I : tsnv tsnv_init register TSNV Driver v0.01
01-01 08:00:36.080 0 0 I init : wait for '/dev/qseecom' took 0ms
01-01 08:00:36.154 0 0 W EXT4-fs (sda2): Ignoring removed nomblk_io_submit option
01-01 08:00:36.173 0 0 I EXT4-fs (sda2): recovery complete
01-01 08:00:36.179 0 0 I EXT4-fs (sda2): mounted filesystem with ordered data mode. Opts: errors=remount-ro,nomblk_io_submit --------- beginning of system
01-01 08:00:36.211 547 560 I QISL : QSEE Interrupt Service Listener Thread is started
01-01 08:00:36.213 547 560 I QISL : QSEE Interrupt Service Listener was activated successfully
01-01 08:00:36.215 547 547 D SPL : Call QSEECom_register_listener()
01-01 08:00:36.220 547 547 D SPL : Registered listener sucessfully!
01-01 08:00:36.220 547 547 D SPL : pipe read-fd [32] write-fd [33]
01-01 08:00:36.220 547 547 D SPL : Create thread
01-01 08:00:36.220 547 547 D SPL : Thread created sucessfully.
01-01 08:00:36.221 547 562 D SPL : spl_dispatch() started
01-01 08:00:36.221 547 562 D SPL : ==== Wait For Request ======
01-01 08:00:36.228 549 549 I vold : Vold 3.0 (the awakening) firing up
01-01 08:00:36.228 549 549 D vold : Detected support for: ext4 f2fs vfat
01-01 08:00:36.234 549 549 D vold : Found unmanaged dm device named system_ext_a
01-01 08:00:36.234 549 549 D vold : Found unmanaged dm device named odm_a
01-01 08:00:36.234 549 549 D vold : Found unmanaged dm device named system_a
01-01 08:00:36.234 549 549 D vold : Found unmanaged dm device named vendor-verity
01-01 08:00:36.234 549 549 D vold : Found unmanaged dm device named vendor_a
01-01 08:00:36.234 549 549 D vold : Found unmanaged dm device named system_ext-verity
01-01 08:00:36.234 549 549 D vold : Found unmanaged dm device named odm-verity
01-01 08:00:36.234 549 549 D vold : Found unmanaged dm device named product-verity
01-01 08:00:36.234 549 549 D vold : Found unmanaged dm device named system-verity
01-01 08:00:36.234 549 549 D vold : Found unmanaged dm device named product_a
01-01 08:00:36.238 549 549 I vold : [libfs_mgr]dt_fstab: Skip disabled entry for partition vendor
01-01 08:00:36.238 549 549 I vold : [libfs_mgr]GetFstabPath()fstab_path:/odm/etc/fstab.default
01-01 08:00:36.238 549 549 I vold : [libfs_mgr]GetFstabPath()fstab_path:/vendor/etc/fstab.default
01-01 08:00:36.238 549 549 I vold : [libfs_mgr]GetFstabPath()fstab_path:/system/etc/fstab.default
01-01 08:00:36.238 549 549 I vold : [libfs_mgr]GetFstabPath()fstab_path:/first_stage_ramdisk/system/etc/fstab.default
01-01 08:00:36.239 549 549 I vold : [libfs_mgr]GetFstabPath()fstab_path:/fstab.default
01-01 08:00:36.239 549 549 I vold : [libfs_mgr]GetFstabPath()fstab_path:/first_stage_ramdisk/fstab.default
01-01 08:00:36.239 549 549 I vold : [libfs_mgr]GetFstabPath()fstab_path:/odm/etc/fstab.qcom
01-01 08:00:36.239 549 549 I vold : [libfs_mgr]GetFstabPath()fstab_path:/vendor/etc/fstab.qcom
01-01 08:00:36.239 549 549 I vold : [libfs_mgr]GetFstabPath()fstab_path.c_str():/vendor/etc/fstab.qcom
01-01 08:00:36.244 0 0 I binder : 549:549 ioctl 40046210 7fe4ad5da4 returned -22
01-01 08:00:36.247 0 0 I e2fsck : e2fsck 1.45.4 (23-Sep-2019)
01-01 08:00:36.251 0 0 I binder : 549:549 ioctl 40046210 7fe4ad5d44 returned -22
01-01 08:00:36.255 0 0 I e2fsck : Pass 1: Checking inodes, blocks, and sizes
01-01 08:00:36.263 549 549 D vold : VoldNativeService::start() completed OK
01-01 08:00:36.268 0 0 I e2fsck : Pass 2: Checking directory structure
01-01 08:00:36.274 0 0 I e2fsck : Pass 3: Checking directory connectivity
01-01 08:00:36.263 561 561 I auditd : type=1400 audit(0.0:6): avc: denied { kill } for comm="e2fsck" capability=5 scontext=u:r:fsck:s0 tcontext=u:r:fsck:s0 tclass=capability permissive=0
01-01 08:00:36.295 0 0 I e2fsck : Pass 4: Checking reference counts
01-01 08:00:36.300 0 0 I e2fsck : Pass 5: Checking group summary information
01-01 08:00:36.306 0 0 I e2fsck : /dev/block/bootdevice/by-name/persist: 58/8192 files (0.0% non-contiguous), 1354/8192 blocks
01-01 08:00:36.324 0 0 I EXT4-fs (sda2): mounted filesystem with ordered data mode. Opts: barrier=1
01-01 08:00:36.336 0 0 E FAT-fs (sde51): bogus number of reserved sectors
01-01 08:00:36.342 0 0 I FAT-fs (sde51): Can't find a valid FAT filesystem
01-01 08:00:36.371 571 571 I auditd : type=1400 audit(0.0:7): avc: denied { read write } for comm="fsck_msdos" name="sde51" dev="tmpfs" ino=19538 scontext=u:r:fsck:s0 tcontext=u:object_r:block_device:s0 tclass=blk_file permissive=0
01-01 08:00:36.381 0 0 I fsck_msdos: ** /dev/block/bootdevice/by-name/spunvm
01-01 08:00:36.404 0 0 I fsck_msdos: Can't open `/dev/block/bootdevice/by-name/spunvm'
01-01 08:00:36.371 571 571 I auditd : type=1400 audit(0.0:8): avc: denied { read } for comm="fsck_msdos" name="sde51" dev="tmpfs" ino=19538 scontext=u:r:fsck:s0 tcontext=u:object_r:block_device:s0 tclass=blk_file permissive=0
01-01 08:00:36.379 571 571 I auditd : type=1400 audit(0.0:9): avc: denied { kill } for comm="fsck_msdos" capability=5 scontext=u:r:fsck:s0 tcontext=u:r:fsck:s0 tclass=capability permissive=0
01-01 08:00:36.430 0 0 I fsck_msdos: fsck_msdos terminated by exit(8)
01-01 08:00:36.457 0 0 E FAT-fs (sde51): bogus number of reserved sectors
01-01 08:00:36.463 0 0 I FAT-fs (sde51): Can't find a valid FAT filesystem
01-01 08:00:36.482 0 0 I EXT4-fs (sde9): mounted filesystem with ordered data mode. Opts: barrier=1
01-01 08:00:36.567 0 0 I binder : 574:574 ioctl 40046210 7fd2bb8904 returned -22
01-01 08:00:36.574 0 0 D ProcessState: Binder ioctl to enable oneway spam detection failed: Invalid argument
01-01 08:00:36.575 0 0 D vdc : Waited 0ms for vold
01-01 08:00:36.629 0 0 W subsys-pil-tz soc: qcom,ipa_fws: Falling back to syfs fallback for: ipa_fws.mdt
01-01 08:00:36.642 0 0 I init : wait for '/mnt/vendor/spunvm' took 0ms
01-01 08:00:36.717 576 576 D spdaemon: Firmware Name [spss2p].
01-01 08:00:36.718 576 576 D spdaemon: Prod FW.
01-01 08:00:36.718 576 576 D spdaemon: firmware_type [p].
01-01 08:00:36.718 576 576 D spdaemon: open() file [/sys/devices/soc0/machine] Failed, ret =-1.
01-01 08:00:36.718 576 576 D spdaemon: soc_type 1048576
01-01 08:00:36.718 576 576 E iardb : [iar_db_get_iar_state] failed to open file /mnt/vendor/spunvm/iar_db/iar_state.bin [13] [Permission denied]
01-01 08:00:36.718 576 576 D iarlib : [iar_get_state] Can't get iar_state, return DISABLED
01-01 08:00:36.718 576 576 I spdaemon: IAR is not activated
01-01 08:00:36.718 576 576 D spdaemon: ------ going to start SP From kernel ------
01-01 08:00:36.718 576 576 I spcomlib: [spcom_restart_sp_subsystem] restart_sp starts
01-01 08:00:36.718 576 576 D spcomlib: [spcom_restart_sp_subsystem] restart_sp - Send PIL request [1]
01-01 08:00:36.719 0 0 I : SW_INIT_DONE - 2nd phase loading [spss] completed ok
01-01 08:00:36.724 0 0 I binder : 577:577 ioctl 40046210 7fc99ab5c4 returned -22
01-01 08:00:36.727 0 0 I : PBL_DONE - 1st phase loading [spss] completed ok
01-01 08:00:36.733 0 0 I binder : 577:577 ioctl 40046210 7fc99ab504 returned -22
01-01 08:00:36.738 576 576 D spcomlib: [spcom_restart_sp_subsystem] restart_sp - Restart SP command ok.
01-01 08:00:36.738 576 576 D spcomlib: [spcom_signal_event] event [0] [pil_called] EVENT_STATUS_SIGNALED
01-01 08:00:36.738 576 576 I spcomlib: [spcom_reset_all_app_loaded_prop] start reset all spcomlib apploaded props.
01-01 08:00:36.748 0 0 E register_client_adhoc: find path.src 1 dest 589
01-01 08:00:36.748 0 0 E register_client_adhoc: Failed to find path.src 1 dest 589
01-01 08:00:36.758 0 0 E : [drm:dp_display_init_aux_switch][msm-dp-err][77 ]failed to register notifier (-22)
01-01 08:00:36.761 0 0 I subsys-pil-tz soc: qcom,ipa_fws: ipa_fws: loading from 0x0000000086810000 to 0x0000000086819000
01-01 08:00:36.800 0 0 W subsys-pil-tz soc: qcom,ipa_fws: Falling back to syfs fallback for: ipa_fws.b02
01-01 08:00:36.801 0 0 W subsys-pil-tz soc: qcom,ipa_fws: Falling back to syfs fallback for: ipa_fws.b03
01-01 08:00:36.804 0 0 W subsys-pil-tz soc: qcom,ipa_fws: Falling back to syfs fallback for: ipa_fws.b04
01-01 08:00:36.849 0 0 I subsys-pil-tz soc: qcom,ipa_fws: ipa_fws: Brought out of reset
01-01 08:00:36.857 0 0 I : IPA FW loaded successfully
01-01 08:00:36.878 0 0 E gsi soc : qcom,msm_gsi: gsi_register_device:1203 GSI irq is wake enabled 34
01-01 08:00:36.890 0 0 I wait_for_keymaster: Waiting for Keymaster device
01-01 08:00:36.896 0 0 I binder : 595:595 ioctl 40046210 7fea341cc4 returned -22
01-01 08:00:36.903 0 0 D ProcessState: Binder ioctl to enable oneway spam detection failed: Invalid argument
01-01 08:00:36.920 0 0 I : rmnet_ipa3 started initialization
01-01 08:00:36.925 0 0 I : IPA driver initialization was successful.
01-01 08:00:36.930 0 0 I : IPA SSR support = True
01-01 08:00:36.934 0 0 I : IPA SG support = True
01-01 08:00:36.934 0 0 W subsys-pil-tz soc: qcom,ipa_uc: Falling back to syfs fallback for: ipa_uc.mdt
01-01 08:00:36.937 0 0 I : IPA Napi Enable = True
01-01 08:00:36.937 0 0 I : using default for wan-rx-desc-size = 256
01-01 08:00:36.951 0 0 I binder : 578:578 ioctl 40046210 7fff1cf0d4 returned -22
01-01 08:00:36.967 0 0 E ipa-wan ipa3_wwan_probe: 2530 rmnet_ipa completed initialization
01-01 08:00:36.974 0 0 I subsys-pil-tz soc: qcom,ipa_uc: ipa_uc: loading from 0x0000000086800000 to 0x0000000086810000
01-01 08:00:36.981 0 0 I binder : 578:578 ioctl 40046210 7fff1ce634 returned -22
01-01 08:00:36.987 0 0 W subsys-pil-tz soc: qcom,ipa_uc: Falling back to syfs fallback for: ipa_uc.b02
01-01 08:00:37.011 0 0 I subsys-pil-tz soc: qcom,ipa_uc: ipa_uc: Brought out of reset
01-01 08:00:37.011 0 0 E ipa3_uc_wdi_event_log_info_handler: 351 WDI protocol missing 0x21
01-01 08:00:37.026 0 0 E ipa3_uc_ntn_event_log_info_handler: 34 NTN stats ofst=0x500e0
01-01 08:00:37.905 0 0 W ServiceManager: Waited one second for android.system.keystore2.IKeystoreService/default (is service started? are binder threads started and available?)
01-01 08:00:37.922 0 0 I wait_for_keymaster: Keymaster device ready
01-01 08:00:37.931 0 0 I init : Service 'wait_for_keymaster' (pid 595) exited with status 0 waiting took 1.071000 seconds
01-01 08:00:37.932 0 0 I binder : undelivered transaction 224, process died.
01-01 08:00:37.941 0 0 I init : Sending signal 9 to service 'wait_for_keymaster' (pid 595) process group...
01-01 08:00:37.956 0 0 I libprocessgroup: Successfully killed process cgroup uid 0 pid 595 in 0ms
01-01 08:00:37.967 0 0 I init : Calling: /system/bin/vdc checkpoint needsCheckpoint
01-01 08:00:37.998 0 0 I binder : 617:617 ioctl 40046210 7fec9c0164 returned -22
01-01 08:00:38.004 0 0 D ProcessState: Binder ioctl to enable oneway spam detection failed: Invalid argument
01-01 08:00:38.005 0 0 D vdc : Waited 0ms for vold
01-01 08:00:38.007 617 617 I auditd : type=1400 audit(0.0:10): avc: denied { kill } for comm="vdc" capability=5 scontext=u:r:vdc:s0 tcontext=u:r:vdc:s0 tclass=capability permissive=0
01-01 08:00:38.016 0 0 I init : [libfs_mgr]Invalid f2fs superblock on '/dev/block/bootdevice/by-name/userdata'
01-01 08:00:38.038 0 0 E init : [libfs_mgr]mount_with_alternatives(): skipping mount due to invalid magic, mountpoint=/data blk_dev=/dev/block/sda15 rec[6].fs_type=f2fs
01-01 08:00:38.053 0 0 I init : Calling: /system/bin/vdc cryptfs mountFstab /dev/block/bootdevice/by-name/userdata /data
01-01 08:00:38.086 0 0 I binder : 618:618 ioctl 40046210 7ffb08e494 returned -22
01-01 08:00:38.092 0 0 D ProcessState: Binder ioctl to enable oneway spam detection failed: Invalid argument
01-01 08:00:38.093 0 0 D vdc : Waited 0ms for vold
01-01 08:00:38.093 549 549 D vold : fscrypt_mount_metadata_encrypted: /data encrypt: 0 format: 0 with null
01-01 08:00:38.093 549 549 D vold : metadata_key_dir/key: /metadata/vold/metadata_encryption/key
01-01 08:00:38.094 549 549 D vold : Key exists, using: /metadata/vold/metadata_encryption/key
01-01 08:00:38.101 578 578 I auditd : SELinux: Loaded keystore2_key_contexts from:
01-01 08:00:38.101 578 578 I auditd : /system/etc/selinux/plat_keystore2_key_contexts
01-01 08:00:38.118 549 549 D vold : Mounting metadata-encrypted filesystem:/data
01-01 08:00:38.123 549 549 I vold : [libfs_mgr]Running /system/bin/fsck.f2fs -a -c 10000 --debug-cache /dev/block/dm-10
01-01 08:00:38.150 0 0 I fsck.f2fs: Info: Fix the reported corruption.
01-01 08:00:38.155 0 0 I fsck.f2fs: Info: No support kernel version!
01-01 08:00:38.161 0 0 I fsck.f2fs: Info: Segments per section = 1
01-01 08:00:38.166 0 0 I fsck.f2fs: Info: Sections per zone = 1
01-01 08:00:38.171 0 0 I fsck.f2fs: Info: sector size = 4096
01-01 08:00:38.176 0 0 I fsck.f2fs: Info: total sectors = 28958163 (113117 MB)
01-01 08:00:38.182 0 0 I fsck.f2fs: Info: MKFS version
01-01 08:00:38.186 0 0 I fsck.f2fs: "4.15.0-192-generic #203-Ubuntu SMP Wed Aug 10 17:40:03 UTC 2022"
01-01 08:00:38.195 0 0 I fsck.f2fs: Info: FSCK version
01-01 08:00:38.199 0 0 I fsck.f2fs: from "4.19.157+"
01-01 08:00:38.227 619 619 I auditd : type=1400 audit(0.0:11): avc: denied { kill } for comm="fsck.f2fs" capability=5 scontext=u:r:fsck:s0 tcontext=u:r:fsck:s0 tclass=capability permissive=0
01-01 08:00:38.264 0 0 I F2FS-fs (dm-10): Reduce reserved blocks for root = 22993
01-01 08:00:38.551 0 0 I F2FS-fs (dm-10): recover_inode: ino = 69f2, name = , inline = 1
01-01 08:00:38.561 0 0 I F2FS-fs (dm-10): recover_dentry: ino = 69f2, name = , dir = 85, err = 0
01-01 08:00:38.570 0 0 I F2FS-fs (dm-10): recover_data: ino = 69f2 (i_size: recover) recovered = 1, err = 0
01-01 08:00:38.578 0 0 I F2FS-fs (dm-10): recover_inode: ino = 69f4, name = , inline = 1
01-01 08:00:38.587 0 0 I F2FS-fs (dm-10): recover_dentry: ino = 69f4, name = , dir = 85, err = 0
01-01 08:00:38.596 0 0 I F2FS-fs (dm-10): recover_data: ino = 69f4 (i_size: recover) recovered = 1, err = 0
01-01 08:00:38.615 0 0 I F2FS-fs (dm-10): checkpoint: version = 6686f9b2
01-01 08:00:38.634 0 0 I F2FS-fs (dm-10): Mounted with checkpoint version = 6686f9b2
01-01 08:00:38.643 549 549 I vold : [libfs_mgr]__mount(source=/dev/block/dm-10,target=/data,type=f2fs)=0: Success
01-01 08:00:38.644 549 549 D vold : Mounted /data
01-01 08:00:38.644 549 568 D vold : Disk at 252:10 changed
01-01 08:00:38.639 618 618 I auditd : type=1400 audit(0.0:12): avc: denied { kill } for comm="vdc" capability=5 scontext=u:r:vdc:s0 tcontext=u:r:vdc:s0 tclass=capability permissive=0
01-01 08:00:38.680 0 0 I init : Userdata mounted using /vendor/etc/fstab.qcom result : 7
01-01 08:00:38.687 0 0 I init : Keyring created with id 145947567 in process 1
01-01 08:00:38.694 0 0 I init : Command 'mount_all /vendor/etc/fstab.qcom --late' action=late-fs (/vendor/etc/init/hw/init.target.rc:69) took 728ms and succeeded
01-01 08:00:38.746 0 0 I binder : 625:625 ioctl 40046210 7ff6a66a04 returned -22
01-01 08:00:38.753 0 0 D ProcessState: Binder ioctl to enable oneway spam detection failed: Invalid argument
01-01 08:00:38.753 0 0 D vdc : Waited 0ms for vold
01-01 08:00:38.753 549 549 I Checkpoint: cp_prepareCheckpoint called
01-01 08:00:38.777 624 626 D spcomlib: [spcom_register_service] spcom_register_service() name [sp_keymaster_ssr] pid [478932454576]
01-01 08:00:38.777 624 626 D spcomlib: [spcom_open] ch [sp_keymaster_ssr] doesn't exist, create it.
01-01 08:00:38.777 624 626 D spcomlib: [spcom_create_channel] Create Channel [sp_keymaster_ssr].
01-01 08:00:38.793 624 626 D spcomlib: [add_ssr_cb] ssr cb added!
01-01 08:00:38.793 624 626 D spcomlib: [start_ssr_thread] ch [spcom] ready!
01-01 08:00:38.793 624 626 D spcomlib: [start_ssr_thread] main pthread self_id [0x82994cb0].
01-01 08:00:38.793 624 626 D spcomlib: [start_ssr_thread] pthread_create() ret [0] thread-id [0x81896cb0].
01-01 08:00:38.793 624 626 D spcomlib: [start_ssr_thread] Wait for SSR thread to run.
01-01 08:00:38.793 624 628 D spcomlib: [notify_ssr_thread] SSR pthread self_id [0x81896cb0].
01-01 08:00:38.793 549 549 I vold : fscrypt_initialize_systemwide_keys
01-01 08:00:38.794 624 626 D spcomlib: [start_ssr_thread] pthread_cond_wait() ret [0].
01-01 08:00:38.794 624 626 D spcomlib: [start_ssr_thread] done.
01-01 08:00:38.794 624 626 D spcomlib: [add_ch] add ch [sp_keymaster_ssr].
01-01 08:00:38.794 624 626 D spcomlib: [spcom_register_service] spcom_register_service() name [sp_keymaster_ssr] pid [478932454576] done
01-01 08:00:38.786 0 0 I binder : 627:627 ioctl 40046210 7fd46c7514 returned -22
01-01 08:00:38.793 0 0 D ProcessState: Binder ioctl to enable oneway spam detection failed: Invalid argument
01-01 08:00:38.793 0 0 D vdc : Waited 0ms for vold
01-01 08:00:38.796 549 549 D vold : Key exists, using: /data/unencrypted/key
01-01 08:00:38.813 549 549 D vold : Installed fscrypt key with ref 9afd689e31554715bae2ab799353b7bf to /data
01-01 08:00:38.813 549 549 D vold : Added fscrypt-provisioning key for 9afd689e31554715bae2ab799353b7bf to session keyring
01-01 08:00:38.818 549 549 I vold : Wrote system DE key reference to:/data/unencrypted/ref
01-01 08:00:38.818 549 549 D vold : Generating wrapped storage key
01-01 08:00:38.821 549 549 E vold : keystore2 Keystore generateKey returned service specific error: -67
01-01 08:00:38.821 549 549 W vold : Failed to generate rollback-resistant key. This is expected if keymaster doesn't support rollback resistance. Falling back to non-rollback-resistant key.
01-01 08:00:38.832 549 549 D vold : Installed fscrypt key with ref 92fd6d0a9d4b3f2f3b7649febea7d975 to /data
01-01 08:00:38.832 549 549 D vold : Added fscrypt-provisioning key for 92fd6d0a9d4b3f2f3b7649febea7d975 to session keyring
01-01 08:00:38.834 549 549 I vold : Wrote per boot key reference to:/data/unencrypted/per_boot_ref
01-01 08:00:38.841 0 0 I fscrypt : AES-256-CTS-CBC using implementation "cts(cbc-aes-ce)"
01-01 08:00:38.902 0 0 I binder : 636:636 ioctl 40046210 7fc0aa0ea4 returned -22
01-01 08:00:38.908 0 0 D ProcessState: Binder ioctl to enable oneway spam detection failed: Invalid argument
01-01 08:00:38.909 0 0 D vdc : Waited 0ms for vold
01-01 08:00:38.910 549 549 I incfs : Initial API level of the device: 30
01-01 08:00:38.910 549 549 I incfs : ro.incremental.enable: 1
01-01 08:00:38.910 549 549 I incfs : isFsAvailable: true
01-01 08:00:38.910 549 549 I incfs : isFsAvailable: true
01-01 08:00:38.910 549 549 I incfs : IncFs_Features: v1
01-01 08:00:38.930 549 549 E vold : keystore2 Keystore earlyBootEnded returned service specific error: -68
01-01 08:00:38.972 0 0 I apexd : This device does not support updatable APEX. Exiting
01-01 08:00:38.979 0 0 I apexd : Marking APEXd as activated
01-01 08:00:39.145 0 0 I binder : 642:642 ioctl 40046210 7fe46eaf64 returned -22
01-01 08:00:39.152 0 0 D ProcessState: Binder ioctl to enable oneway spam detection failed: Invalid argument
01-01 08:00:39.152 0 0 D vdc : Waited 0ms for vold
01-01 08:00:39.153 549 549 D vold : fscrypt_init_user0
01-01 08:00:39.153 549 549 D vold : Preparing: /data/misc/vold/user_keys
01-01 08:00:39.154 549 549 D vold : Preparing: /data/misc/vold/user_keys/ce
01-01 08:00:39.154 549 549 D vold : Preparing: /data/misc/vold/user_keys/de
01-01 08:00:39.173 549 549 D vold : Installed fscrypt key with ref 1901f06c8f1fb6cee3f03f2b658cdbed to /data
01-01 08:00:39.173 549 549 D vold : Added fscrypt-provisioning key for 1901f06c8f1fb6cee3f03f2b658cdbed to session keyring
01-01 08:00:39.173 549 549 D vold : Installed de key for user 0
01-01 08:00:39.173 549 549 D vold : fscrypt_prepare_user_storage for volume null, user 0, serial 0, flags 1
01-01 08:00:39.173 549 549 D vold : Preparing: /data/system/users/0
01-01 08:00:39.174 549 549 D vold : Preparing: /data/misc/profiles/cur/0
01-01 08:00:39.175 549 549 D vold : Preparing: /data/system_de/0
01-01 08:00:39.176 549 549 D vold : Preparing: /data/misc_de/0
01-01 08:00:39.176 549 549 D vold : Preparing: /data/vendor_de/0
01-01 08:00:39.177 549 549 D vold : Preparing: /data/user_de/0
01-01 08:00:39.177 549 549 I vold : Verified that /data/system_de/0 has the encryption policy 1901f06c8f1fb6cee3f03f2b658cdbed v2 modes 1/4 flags 0xa
01-01 08:00:39.178 549 549 I vold : Verified that /data/misc_de/0 has the encryption policy 1901f06c8f1fb6cee3f03f2b658cdbed v2 modes 1/4 flags 0xa
01-01 08:00:39.178 549 549 I vold : Verified that /data/vendor_de/0 has the encryption policy 1901f06c8f1fb6cee3f03f2b658cdbed v2 modes 1/4 flags 0xa
01-01 08:00:39.178 549 549 I vold : Verified that /data/user_de/0 has the encryption policy 1901f06c8f1fb6cee3f03f2b658cdbed v2 modes 1/4 flags 0xa
01-01 08:00:39.178 549 549 D vold : /system/bin/vold_prepare_subdirs
01-01 08:00:39.178 549 549 D vold : prepare
01-01 08:00:39.178 549 549 D vold :
01-01 08:00:39.178 549 549 D vold : 0
01-01 08:00:39.178 549 549 D vold : 1
01-01 08:00:39.241 549 549 D vold : Detected support for FS_IOC_ADD_ENCRYPTION_KEY
01-01 08:00:39.405 0 0 I apexd : This device does not support updatable APEX. Exiting
01-01 08:00:39.412 0 0 I apexd : Marking APEXd as ready
01-01 08:00:39.508 0 0 D cnss : File system is ready, fs_ready is 1, count is 1
