10-14 01:23:46.280 2394 2394 I QCC:OptInOutHandler: getTypeOptInOut, ret = 3
10-14 01:23:46.280 1921 1921 D a2dp_codec: createCodec: codec UNKNOWN CODEC INDEX
10-14 01:23:46.280 1921 1921 I a2dp_codec: init: initialized Source codec aptX-adaptive
10-14 01:23:46.280 1921 1921 I a2dp_codec: init: initialized Source codec aptX-TWS
10-14 01:23:46.280 1921 1921 I a2dp_codec: init: initialized Source codec aptX-HD
10-14 01:23:46.280 2394 2394 I QCC:OperationMode: dbHandler.getTypeOptInOut optMode : 3
10-14 01:23:46.281 1921 1921 I a2dp_codec: init: initialized Source codec aptX
10-14 01:23:46.281 1921 1921 I a2dp_codec: init: initialized Source codec LDAC
10-14 01:23:46.281 1921 1921 I a2dp_codec: init: initialized Source codec AAC
10-14 01:23:46.281 1921 1921 I a2dp_codec: init: initialized Source codec SBC
10-14 01:23:46.281 1921 1921 I a2dp_codec: init: initialized Sink codec SBC(Sink)
10-14 01:23:46.281 1921 1921 E bt_btif : btif_sm_get_state : Invalid handle
10-14 01:23:46.281 1921 1921 E bt_btif : btif_sm_get_state : Invalid handle
10-14 01:23:46.281 1921 1921 E bt_btif : btif_sm_get_state : Invalid handle
10-14 01:23:46.281 1921 1921 E bt_btif : btif_sm_get_state : Invalid handle
10-14 01:23:46.281 1921 1921 E bt_btif : btif_media_send_reset_vendor_state:
10-14 01:23:46.282 1921 1921 E bt_btif : btif_sm_get_state : Invalid handle
10-14 01:23:46.282 1921 1921 E bt_btif : btif_sm_get_state : Invalid handle
10-14 01:23:46.282 2394 2394 D CompatibilityChangeReporter: Compat change id reported: 160794467; UID 1000; state: ENABLED
10-14 01:23:46.282 1921 1921 E bt_btif : btif_sm_get_state : Invalid handle
10-14 01:23:46.282 1921 1921 I btif_av : isBATEnabled: 0
10-14 01:23:46.282 1921 1921 E bt_btif : bta_av_co_get_active_peer: peer index out of bounds: 5
10-14 01:23:46.282 1921 1921 E bt_btif : btif_av_is_split_a2dp_enabled: No active peer codec config found, by default splitmode
10-14 01:23:46.282 1921 2587 D bt_btif_a2dp_source: btif_a2dp_source_command_ready: event: 7 BTIF_MEDIA_RESET_VS_STATE
10-14 01:23:46.283 1921 1921 E bt_btif : btif_media_send_reset_vendor_state:
10-14 01:23:46.283 1921 2587 D bt_btif_a2dp_source: btif_a2dp_source_command_ready: event: 2 BTIF_MEDIA_AUDIO_TX_STOP
10-14 01:23:46.283 1921 1921 D bt_btif : btif_av_state_idle_handler: event:BTIF_SM_ENTER_EVT flags: 0 on index: 2, codec_cfg_change: 0
10-14 01:23:46.284 1921 1921 I btif_av : isBATEnabled: 0
10-14 01:23:46.284 1921 1921 E bt_btif : bta_av_co_get_active_peer: peer index out of bounds: 5
10-14 01:23:46.284 1921 2587 E bt_stack: [ERROR:a2dp_encoding.cc(2718)] read: BluetoothAudio HAL is not enabled
10-14 01:23:46.284 1921 2587 E bt_btif : Invalid cmd pending for ack
10-14 01:23:46.284 1921 1921 E bt_btif : btif_av_is_split_a2dp_enabled: No active peer codec config found, by default splitmode
10-14 01:23:46.284 1921 1921 D a2dp_codec: init
10-14 01:23:46.284 1921 2587 D bt_btif_a2dp_source: btif_a2dp_source_command_ready: event: 7 BTIF_MEDIA_RESET_VS_STATE
10-14 01:23:46.284 1921 1921 D a2dp_codec: createCodec: codec SBC
10-14 01:23:46.285 1921 1921 D a2dp_codec: setCodecPriority: codec_priority_: 1001
10-14 01:23:46.285 1921 1921 D a2dp_codec: A2dpCodecConfig: init all codec caps info
10-14 01:23:46.285 1921 1921 D a2dp_sbc: A2dpCodecConfigSbc
10-14 01:23:46.285 1921 1921 D a2dp_sbc: init: SBC enabled in HW mode
10-14 01:23:46.285 1921 1921 I a2dp_codec: init: updated SBC codec priority to 1001
10-14 01:23:46.285 1921 1921 D a2dp_codec: createCodec: codec AAC
10-14 01:23:46.285 1921 1921 D a2dp_codec: setCodecPriority: codec_priority_: 2001
10-14 01:23:46.285 1921 1921 D a2dp_codec: A2dpCodecConfig: init all codec caps info
10-14 01:23:46.285 1921 1921 D a2dp_aac: A2dpCodecConfigAac: AAC VBR is enabled for this target
10-14 01:23:46.285 1921 1921 D a2dp_aac: init: AAC enabled in HW mode
10-14 01:23:46.286 1921 1921 I a2dp_codec: init: updated AAC codec priority to 2001
10-14 01:23:46.286 1921 1921 D a2dp_codec: createCodec: codec aptX
10-14 01:23:46.286 1921 1921 D a2dp_codec: setCodecPriority: codec_priority_: 4001
10-14 01:23:46.286 1921 1921 D a2dp_codec: A2dpCodecConfig: init all codec caps info
10-14 01:23:46.286 1921 1921 D a2dp_vendor_aptx: init: APTX enabled in HW mode
10-14 01:23:46.286 1921 1921 I a2dp_codec: init: updated aptX codec priority to 4001
10-14 01:23:46.286 1921 1921 D a2dp_codec: createCodec: codec aptX-HD
10-14 01:23:46.286 1921 1921 D a2dp_codec: setCodecPriority: codec_priority_: 5001
10-14 01:23:46.286 1921 1921 D a2dp_codec: A2dpCodecConfig: init all codec caps info
10-14 01:23:46.286 1921 1921 D a2dp_vendor_aptx_hd: init: APTX-HD enabled in HW mode
10-14 01:23:46.286 1921 1921 I a2dp_codec: init: updated aptX-HD codec priority to 5001
10-14 01:23:46.286 1921 1921 D a2dp_codec: createCodec: codec LDAC
10-14 01:23:46.287 1921 1921 D a2dp_codec: setCodecPriority: codec_priority_: 3001
10-14 01:23:46.287 1921 1921 D a2dp_codec: A2dpCodecConfig: init all codec caps info
10-14 01:23:46.287 1921 1921 D a2dp_vendor_ldac: init: LDAC enabled in HW mode
10-14 01:23:46.287 1921 1921 I a2dp_codec: init: updated LDAC codec priority to 3001
10-14 01:23:46.287 1921 1921 D a2dp_codec: createCodec: codec aptX-adaptive
10-14 01:23:46.287 1921 1921 D a2dp_codec: setCodecPriority: codec_priority_: 8001
10-14 01:23:46.287 1921 1921 D a2dp_codec: A2dpCodecConfig: init all codec caps info
10-14 01:23:46.287 1921 1921 D a2dp_vendor_aptx_adaptive: init: APTX-Adaptive enabled in HW mode
10-14 01:23:46.287 1921 1921 I a2dp_codec: init: updated aptX-adaptive codec priority to 8001
10-14 01:23:46.287 1921 1921 D a2dp_codec: createCodec: codec aptX-TWS
10-14 01:23:46.288 1921 1921 D a2dp_codec: setCodecPriority: codec_priority_: 7001
10-14 01:23:46.288 1921 1921 D a2dp_codec: A2dpCodecConfig: init all codec caps info
10-14 01:23:46.288 1921 1921 E a2dp_vendor_aptx_tws: init: APTX-Tws enabled in HW mode
10-14 01:23:46.288 1921 1921 I a2dp_codec: init: updated aptX-TWS codec priority to 7001
10-14 01:23:46.288 1921 1921 D a2dp_codec: createCodec: codec SBC SINK
10-14 01:23:46.288 1921 1921 D a2dp_codec: setDefaultCodecPriority: default_codec_priority_: 0
10-14 01:23:46.288 1921 1921 D a2dp_codec: setDefaultCodecPriority: Compute the default codec priority
10-14 01:23:46.288 1921 1921 D a2dp_codec: setDefaultCodecPriority: codec_priority_: 8001
10-14 01:23:46.288 1921 1921 D a2dp_codec: setCodecPriority: codec_priority_: 8001
10-14 01:23:46.288 1921 1921 D a2dp_codec: A2dpCodecConfig: init all codec caps info
10-14 01:23:46.288 1921 1921 D a2dp_codec: createCodec: codec UNKNOWN CODEC INDEX
10-14 01:23:46.288 1921 1921 D a2dp_codec: createCodec: codec UNKNOWN CODEC INDEX
10-14 01:23:46.288 1921 1921 I a2dp_codec: init: initialized Source codec aptX-adaptive
10-14 01:23:46.288 1921 1921 I a2dp_codec: init: initialized Source codec aptX-TWS
10-14 01:23:46.288 1921 1921 I a2dp_codec: init: initialized Source codec aptX-HD
10-14 01:23:46.288 1921 1921 I a2dp_codec: init: initialized Source codec aptX
10-14 01:23:46.289 1921 1921 I a2dp_codec: init: initialized Source codec LDAC
10-14 01:23:46.289 1921 1921 I a2dp_codec: init: initialized Source codec AAC
10-14 01:23:46.289 1921 1921 I a2dp_codec: init: initialized Source codec SBC
10-14 01:23:46.289 1921 1921 I a2dp_codec: init: initialized Sink codec SBC(Sink)
10-14 01:23:46.289 1921 1921 E bt_btif : btif_sm_get_state : Invalid handle
10-14 01:23:46.289 1921 1921 E bt_btif : btif_sm_get_state : Invalid handle
10-14 01:23:46.289 1921 1921 E bt_btif : btif_sm_get_state : Invalid handle
10-14 01:23:46.289 1921 1921 E bt_btif : btif_media_send_reset_vendor_state:
10-14 01:23:46.289 1921 1921 E bt_btif : btif_sm_get_state : Invalid handle
10-14 01:23:46.289 1921 1921 E bt_btif : btif_sm_get_state : Invalid handle
10-14 01:23:46.289 1921 1921 I btif_av : isBATEnabled: 0
10-14 01:23:46.290 1921 1921 E bt_btif : bta_av_co_get_active_peer: peer index out of bounds: 5
10-14 01:23:46.290 1921 1921 E bt_btif : btif_av_is_split_a2dp_enabled: No active peer codec config found, by default splitmode
10-14 01:23:46.290 1921 1921 E bt_btif : btif_media_send_reset_vendor_state:
10-14 01:23:46.290 1921 2587 D bt_btif_a2dp_source: btif_a2dp_source_command_ready: event: 7 BTIF_MEDIA_RESET_VS_STATE
10-14 01:23:46.291 1921 1921 D bt_btif : btif_av_state_idle_handler: event:BTIF_SM_ENTER_EVT flags: 0 on index: 3, codec_cfg_change: 0
10-14 01:23:46.291 1921 1921 I btif_av : isBATEnabled: 0
10-14 01:23:46.291 1921 1921 E bt_btif : bta_av_co_get_active_peer: peer index out of bounds: 5
10-14 01:23:46.291 1921 1921 E bt_btif : btif_av_is_split_a2dp_enabled: No active peer codec config found, by default splitmode
10-14 01:23:46.291 1921 1921 D a2dp_codec: init
10-14 01:23:46.291 1921 1921 D a2dp_codec: createCodec: codec SBC
10-14 01:23:46.291 1921 1921 D a2dp_codec: setCodecPriority: codec_priority_: 1001
10-14 01:23:46.291 1921 1921 D a2dp_codec: A2dpCodecConfig: init all codec caps info
10-14 01:23:46.292 1921 1921 D a2dp_sbc: A2dpCodecConfigSbc
10-14 01:23:46.292 1921 1921 D a2dp_sbc: init: SBC enabled in HW mode
10-14 01:23:46.292 1921 1921 I a2dp_codec: init: updated SBC codec priority to 1001
10-14 01:23:46.292 1921 1921 D a2dp_codec: createCodec: codec AAC
10-14 01:23:46.292 1921 1921 D a2dp_codec: setCodecPriority: codec_priority_: 2001
10-14 01:23:46.292 1921 1921 D a2dp_codec: A2dpCodecConfig: init all codec caps info
10-14 01:23:46.292 1921 1921 D a2dp_aac: A2dpCodecConfigAac: AAC VBR is enabled for this target
10-14 01:23:46.292 1921 1921 D a2dp_aac: init: AAC enabled in HW mode
10-14 01:23:46.292 1921 1921 I a2dp_codec: init: updated AAC codec priority to 2001
10-14 01:23:46.292 1921 1921 D a2dp_codec: createCodec: codec aptX
10-14 01:23:46.292 1921 1921 D a2dp_codec: setCodecPriority: codec_priority_: 4001
10-14 01:23:46.292 1921 1921 D a2dp_codec: A2dpCodecConfig: init all codec caps info
10-14 01:23:46.292 1921 1921 D a2dp_vendor_aptx: init: APTX enabled in HW mode
10-14 01:23:46.292 1921 1921 I a2dp_codec: init: updated aptX codec priority to 4001
10-14 01:23:46.293 1921 1921 D a2dp_codec: createCodec: codec aptX-HD
10-14 01:23:46.293 1921 1921 D a2dp_codec: setCodecPriority: codec_priority_: 5001
10-14 01:23:46.293 1921 1921 D a2dp_codec: A2dpCodecConfig: init all codec caps info
10-14 01:23:46.293 1921 1921 D a2dp_vendor_aptx_hd: init: APTX-HD enabled in HW mode
10-14 01:23:46.293 1921 1921 I a2dp_codec: init: updated aptX-HD codec priority to 5001
10-14 01:23:46.293 1921 1921 D a2dp_codec: createCodec: codec LDAC
10-14 01:23:46.293 1921 1921 D a2dp_codec: setCodecPriority: codec_priority_: 3001
10-14 01:23:46.293 1921 1921 D a2dp_codec: A2dpCodecConfig: init all codec caps info
10-14 01:23:46.293 1921 1921 D a2dp_vendor_ldac: init: LDAC enabled in HW mode
10-14 01:23:46.293 1921 1921 I a2dp_codec: init: updated LDAC codec priority to 3001
10-14 01:23:46.293 1921 1921 D a2dp_codec: createCodec: codec aptX-adaptive
10-14 01:23:46.293 1921 1921 D a2dp_codec: setCodecPriority: codec_priority_: 8001
10-14 01:23:46.294 1921 1921 D a2dp_codec: A2dpCodecConfig: init all codec caps info
10-14 01:23:46.294 1921 1921 D a2dp_vendor_aptx_adaptive: init: APTX-Adaptive enabled in HW mode
10-14 01:23:46.294 1921 1921 I a2dp_codec: init: updated aptX-adaptive codec priority to 8001
10-14 01:23:46.294 1921 1921 D a2dp_codec: createCodec: codec aptX-TWS
10-14 01:23:46.294 1921 1921 D a2dp_codec: setCodecPriority: codec_priority_: 7001
10-14 01:23:46.295 1921 1921 D a2dp_codec: A2dpCodecConfig: init all codec caps info
10-14 01:23:46.295 1921 1921 E a2dp_vendor_aptx_tws: init: APTX-Tws enabled in HW mode
10-14 01:23:46.295 1921 2587 D bt_btif_a2dp_source: btif_a2dp_source_command_ready: event: 2 BTIF_MEDIA_AUDIO_TX_STOP
10-14 01:23:46.295 1921 1921 I a2dp_codec: init: updated aptX-TWS codec priority to 7001
10-14 01:23:46.295 1921 1921 D a2dp_codec: createCodec: codec SBC SINK
10-14 01:23:46.295 1921 1921 D a2dp_codec: setDefaultCodecPriority: default_codec_priority_: 0
10-14 01:23:46.295 1921 2587 E bt_stack: [ERROR:a2dp_encoding.cc(2718)] read: BluetoothAudio HAL is not enabled
10-14 01:23:46.296 1921 2587 E bt_btif : Invalid cmd pending for ack
10-14 01:23:46.296 1921 2587 D bt_btif_a2dp_source: btif_a2dp_source_command_ready: event: 7 BTIF_MEDIA_RESET_VS_STATE
10-14 01:23:46.298 1921 1921 D a2dp_codec: setDefaultCodecPriority: Compute the default codec priority
10-14 01:23:46.298 1921 1921 D a2dp_codec: setDefaultCodecPriority: codec_priority_: 8001
10-14 01:23:46.298 1921 1921 D a2dp_codec: setCodecPriority: codec_priority_: 8001
10-14 01:23:46.298 1921 1921 D a2dp_codec: A2dpCodecConfig: init all codec caps info
10-14 01:23:46.298 1921 1921 D a2dp_codec: createCodec: codec UNKNOWN CODEC INDEX
10-14 01:23:46.298 1921 1921 D a2dp_codec: createCodec: codec UNKNOWN CODEC INDEX
10-14 01:23:46.298 1921 1921 I a2dp_codec: init: initialized Source codec aptX-adaptive
10-14 01:23:46.298 1921 1921 I a2dp_codec: init: initialized Source codec aptX-TWS
10-14 01:23:46.298 1921 1921 I a2dp_codec: init: initialized Source codec aptX-HD
10-14 01:23:46.298 1921 1921 I a2dp_codec: init: initialized Source codec aptX
10-14 01:23:46.298 1921 1921 I a2dp_codec: init: initialized Source codec LDAC
10-14 01:23:46.298 1921 1921 I a2dp_codec: init: initialized Source codec AAC
10-14 01:23:46.298 1921 1921 I a2dp_codec: init: initialized Source codec SBC
10-14 01:23:46.299 1921 1921 I a2dp_codec: init: initialized Sink codec SBC(Sink)
10-14 01:23:46.299 1921 1921 E bt_btif : btif_sm_get_state : Invalid handle
10-14 01:23:46.299 1921 1921 E bt_btif : btif_sm_get_state : Invalid handle
10-14 01:23:46.299 1921 1921 E bt_btif : btif_media_send_reset_vendor_state:
10-14 01:23:46.299 1921 1921 E bt_btif : btif_sm_get_state : Invalid handle
10-14 01:23:46.300 1921 1921 I btif_av : isBATEnabled: 0
10-14 01:23:46.300 1930 2095 D ControlsListingControllerImpl: Subscribing callback, service count: 0
10-14 01:23:46.300 1921 1921 E bt_btif : bta_av_co_get_active_peer: peer index out of bounds: 5
10-14 01:23:46.300 1921 1921 E bt_btif : btif_av_is_split_a2dp_enabled: No active peer codec config found, by default splitmode
10-14 01:23:46.300 1921 1921 E bt_btif : btif_media_send_reset_vendor_state:
10-14 01:23:46.300 1921 2587 D bt_btif_a2dp_source: btif_a2dp_source_command_ready: event: 7 BTIF_MEDIA_RESET_VS_STATE
10-14 01:23:46.300 1921 1921 D bt_btif : btif_av_state_idle_handler: event:BTIF_SM_ENTER_EVT flags: 0 on index: 4, codec_cfg_change: 0
01-01 08:01:04.322 0 0 D : mv2112_read_status
01-01 08:01:04.322 0 0 D mv2112_update_link: 3.0x901(1G): 0x80
01-01 08:01:04.322 0 0 D mv2112_update_link: 3.0x8109(100M): 0x0
01-01 08:01:04.322 0 0 D mv2112_update_link: link 0x0
01-01 08:01:04.322 0 0 D mv2112_read_status: autoneg is disabled
01-01 08:01:04.324 0 0 E init : Control message: Could not find 'vendor.qti.hardware.iop@2.0::IIop/default' for ctl.interface_start from pid: 504 (/system/bin/hwservicemanager)
10-14 01:23:46.300 1921 1921 I btif_av : isBATEnabled: 0
10-14 01:23:46.300 1921 1921 E bt_btif : bta_av_co_get_active_peer: peer index out of bounds: 5
10-14 01:23:46.301 1921 1921 E bt_btif : btif_av_is_split_a2dp_enabled: No active peer codec config found, by default splitmode
10-14 01:23:46.301 1921 1921 D a2dp_codec: init
10-14 01:23:46.301 1921 2587 D bt_btif_a2dp_source: btif_a2dp_source_command_ready: event: 2 BTIF_MEDIA_AUDIO_TX_STOP
10-14 01:23:46.301 1921 1921 D a2dp_codec: createCodec: codec SBC
10-14 01:23:46.301 1921 1921 D a2dp_codec: setCodecPriority: codec_priority_: 1001
10-14 01:23:46.301 1921 1921 D a2dp_codec: A2dpCodecConfig: init all codec caps info
10-14 01:23:46.301 1921 1921 D a2dp_sbc: A2dpCodecConfigSbc
10-14 01:23:46.302 1921 1921 D a2dp_sbc: init: SBC enabled in HW mode
10-14 01:23:46.302 1921 2587 E bt_stack: [ERROR:a2dp_encoding.cc(2718)] read: BluetoothAudio HAL is not enabled
10-14 01:23:46.302 1921 1921 I a2dp_codec: init: updated SBC codec priority to 1001
10-14 01:23:46.302 1921 1921 D a2dp_codec: createCodec: codec AAC
10-14 01:23:46.302 1921 1921 D a2dp_codec: setCodecPriority: codec_priority_: 2001
10-14 01:23:46.302 1921 1921 D a2dp_codec: A2dpCodecConfig: init all codec caps info
10-14 01:23:46.302 1921 1921 D a2dp_aac: A2dpCodecConfigAac: AAC VBR is enabled for this target
10-14 01:23:46.302 1921 1921 D a2dp_aac: init: AAC enabled in HW mode
10-14 01:23:46.303 1921 1921 I a2dp_codec: init: updated AAC codec priority to 2001
10-14 01:23:46.303 1921 1921 D a2dp_codec: createCodec: codec aptX
10-14 01:23:46.303 1921 1921 D a2dp_codec: setCodecPriority: codec_priority_: 4001
10-14 01:23:46.303 2572 2572 E DEBUG : failed to read /proc/uptime: Permission denied
10-14 01:23:46.303 1921 2587 E bt_btif : Invalid cmd pending for ack
10-14 01:23:46.303 1921 1921 D a2dp_codec: A2dpCodecConfig: init all codec caps info
10-14 01:23:46.303 1921 1921 D a2dp_vendor_aptx: init: APTX enabled in HW mode
10-14 01:23:46.304 1921 1921 I a2dp_codec: init: updated aptX codec priority to 4001
10-14 01:23:46.304 1921 1921 D a2dp_codec: createCodec: codec aptX-HD
10-14 01:23:46.305 1921 2587 D bt_btif_a2dp_source: btif_a2dp_source_command_ready: event: 7 BTIF_MEDIA_RESET_VS_STATE
10-14 01:23:46.305 1151 1867 I AS.BtHelper: In resetBluetoothSco(), calling clearAllScoClients()
10-14 01:23:46.305 1921 1921 D a2dp_codec: setCodecPriority: codec_priority_: 5001
10-14 01:23:46.305 1921 1921 D a2dp_codec: A2dpCodecConfig: init all codec caps info
10-14 01:23:46.305 1921 1921 D a2dp_vendor_aptx_hd: init: APTX-HD enabled in HW mode
10-14 01:23:46.305 1921 1921 I a2dp_codec: init: updated aptX-HD codec priority to 5001
10-14 01:23:46.306 1921 1921 D a2dp_codec: createCodec: codec LDAC
10-14 01:23:46.306 1921 1921 D a2dp_codec: setCodecPriority: codec_priority_: 3001
10-14 01:23:46.307 1921 1921 D a2dp_codec: A2dpCodecConfig: init all codec caps info
10-14 01:23:46.307 1921 1921 D a2dp_vendor_ldac: init: LDAC enabled in HW mode
10-14 01:23:46.307 1921 1921 I a2dp_codec: init: updated LDAC codec priority to 3001
10-14 01:23:46.307 823 863 D audio_hw_primary: adev_set_parameters: enter: BT_SCO=off
10-14 01:23:46.307 1921 1921 D a2dp_codec: createCodec: codec aptX-adaptive
10-14 01:23:46.307 1921 1921 D a2dp_codec: setCodecPriority: codec_priority_: 8001
10-14 01:23:46.307 823 863 D audio_hw_hfp: hfp_set_parameters: enter
10-14 01:23:46.307 1921 1921 D a2dp_codec: A2dpCodecConfig: init all codec caps info
10-14 01:23:46.307 823 863 D audio_hw_extn: audio_extn_fm_set_parameters: Enter
10-14 01:23:46.307 1921 1921 D a2dp_vendor_aptx_adaptive: init: APTX-Adaptive enabled in HW mode
10-14 01:23:46.307 1921 1921 I a2dp_codec: init: updated aptX-adaptive codec priority to 8001
10-14 01:23:46.307 1921 1921 D a2dp_codec: createCodec: codec aptX-TWS
10-14 01:23:46.308 1921 1921 D a2dp_codec: setCodecPriority: codec_priority_: 7001
10-14 01:23:46.308 1921 1921 D a2dp_codec: A2dpCodecConfig: init all codec caps info
10-14 01:23:46.310 1151 1867 I AS.AudioDeviceInventory: removePreferredDevicesForStrategySync, strategy: 15
10-14 01:23:46.310 1921 1921 E a2dp_vendor_aptx_tws: init: APTX-Tws enabled in HW mode
10-14 01:23:46.310 1921 1921 I a2dp_codec: init: updated aptX-TWS codec priority to 7001
10-14 01:23:46.310 1921 1921 D a2dp_codec: createCodec: codec SBC SINK
10-14 01:23:46.310 1921 1921 D a2dp_codec: setDefaultCodecPriority: default_codec_priority_: 0
10-14 01:23:46.310 1921 1921 D a2dp_codec: setDefaultCodecPriority: Compute the default codec priority
10-14 01:23:46.310 1921 1921 D a2dp_codec: setDefaultCodecPriority: codec_priority_: 8001
10-14 01:23:46.310 1921 1921 D a2dp_codec: setCodecPriority: codec_priority_: 8001
10-14 01:23:46.311 1921 1921 D a2dp_codec: A2dpCodecConfig: init all codec caps info
10-14 01:23:46.311 1921 1921 D a2dp_codec: createCodec: codec UNKNOWN CODEC INDEX
10-14 01:23:46.311 1921 1921 D a2dp_codec: createCodec: codec UNKNOWN CODEC INDEX
10-14 01:23:46.311 1921 1921 I a2dp_codec: init: initialized Source codec aptX-adaptive
10-14 01:23:46.311 1921 1921 I a2dp_codec: init: initialized Source codec aptX-TWS
10-14 01:23:46.311 1921 1921 I a2dp_codec: init: initialized Source codec aptX-HD
10-14 01:23:46.311 1921 1921 I a2dp_codec: init: initialized Source codec aptX
10-14 01:23:46.311 1921 1921 I a2dp_codec: init: initialized Source codec LDAC
10-14 01:23:46.311 1921 1921 I a2dp_codec: init: initialized Source codec AAC
10-14 01:23:46.311 1921 1921 I a2dp_codec: init: initialized Source codec SBC
10-14 01:23:46.312 1921 1921 I a2dp_codec: init: initialized Sink codec SBC(Sink)
10-14 01:23:46.312 1921 1921 E bt_btif : btif_sm_get_state : Invalid handle
10-14 01:23:46.312 1921 1921 E bt_btif : btif_media_send_reset_vendor_state:
10-14 01:23:46.312 1930 1930 V KeyguardUpdateMonitor: *** register callback for com.android.systemui.statusbar.phone.NotificationPanelViewController$1@1ec8a7f
10-14 01:23:46.312 1921 2587 D bt_btif_a2dp_source: btif_a2dp_source_command_ready: event: 7 BTIF_MEDIA_RESET_VS_STATE
10-14 01:23:46.312 1930 1930 V KeyguardUpdateMonitor: *** unregister callback for null
10-14 01:23:46.312 1921 2587 D bt_btif_a2dp_source: btif_a2dp_source_command_ready: event: 2 BTIF_MEDIA_AUDIO_TX_STOP
10-14 01:23:46.312 1921 2587 E bt_stack: [ERROR:a2dp_encoding.cc(2718)] read: BluetoothAudio HAL is not enabled
10-14 01:23:46.312 2394 2394 I QCC:UploaderReceiver: stopUploaderSchedule - senderPi is not null -- try to cancel the alarm
10-14 01:23:46.312 1921 2587 E bt_btif : Invalid cmd pending for ack
10-14 01:23:46.313 1921 1921 I btif_av : isBATEnabled: 0
10-14 01:23:46.314 1921 1921 E bt_btif : bta_av_co_get_active_peer: peer index out of bounds: 5
10-14 01:23:46.314 1921 1921 E bt_btif : btif_av_is_split_a2dp_enabled: No active peer codec config found, by default splitmode
10-14 01:23:46.314 1921 1921 E bt_btif : btif_media_send_reset_vendor_state:
10-14 01:23:46.315 1921 2587 D bt_btif_a2dp_source: btif_a2dp_source_command_ready: event: 7 BTIF_MEDIA_RESET_VS_STATE
10-14 01:23:46.316 1921 2093 E bt_btif : btif_a2dp_source_startup: A2DP Source media task already running
10-14 01:23:46.316 1921 2093 D bt_btif : btif_av_state_idle_handler: event:UNKNOWN_EVENT flags: 0 on index: 0, codec_cfg_change: 0
10-14 01:23:46.316 1921 2093 W bt_btif : btif_av_state_idle_handler: unhandled event=UNKNOWN_EVENT
10-14 01:23:46.317 1921 2093 E bt_btif : BTA_AvEnable:
10-14 01:23:46.317 1921 2513 W bt_btif : bta_av_api_enable
10-14 01:23:46.317 1921 2093 I bt_btif_storage: btif_storage_get_adapter_property service_mask:0x220000048
10-14 01:23:46.317 1921 2513 W bt_l2cap: L2CAP - L2CA_Register() called for PSM: 0x0019
10-14 01:23:46.317 1921 2093 I bt_btif_storage: btif_storage_get_adapter_property service_mask:0x220000048
10-14 01:23:46.317 1921 2513 W bt_l2cap: L2CAP - L2CA_Register() called for PSM: 0x0017
10-14 01:23:46.317 1921 2513 W bt_l2cap: L2CAP - L2CA_Register() called for PSM: 0x001b
10-14 01:23:46.318 1921 2513 E bt_btif : bta_av_co_get_active_peer: peer index out of bounds: 5
10-14 01:23:46.318 1921 2513 D a2dp_codec: A2DP_InitCodecConfig: codec SBC
10-14 01:23:46.318 1921 2513 D a2dp_sbc: A2DP_InitCodecConfigSbc:
10-14 01:23:46.318 1151 1770 I commit_sys_config_file: [log-files,4824]
10-14 01:23:46.318 1921 2513 E bt_btif : bta_av_co_get_active_peer: peer index out of bounds: 5
10-14 01:23:46.318 1921 2513 D a2dp_codec: A2DP_InitCodecConfig: codec AAC
10-14 01:23:46.318 1921 2513 D a2dp_aac: A2DP_BuildInfoAac: media_type: 0, p_ie->bitRate: 165000
10-14 01:23:46.318 1921 2513 E bt_btif : bta_av_co_get_active_peer: peer index out of bounds: 5
10-14 01:23:46.318 1921 2513 D a2dp_codec: A2DP_InitCodecConfig: codec aptX
10-14 01:23:46.319 1921 2513 E bt_btif : bta_av_co_get_active_peer: peer index out of bounds: 5
10-14 01:23:46.319 1921 2513 D a2dp_codec: A2DP_InitCodecConfig: codec aptX-HD
10-14 01:23:46.319 1921 2513 E bt_btif : bta_av_co_get_active_peer: peer index out of bounds: 5
10-14 01:23:46.319 1921 2513 D a2dp_codec: A2DP_InitCodecConfig: codec LDAC
10-14 01:23:46.319 1921 2513 E bt_btif : bta_av_co_get_active_peer: peer index out of bounds: 5
10-14 01:23:46.319 1921 2513 D a2dp_codec: A2DP_InitCodecConfig: codec aptX-adaptive
10-14 01:23:46.319 1921 2513 E bt_btif : bta_av_co_get_active_peer: peer index out of bounds: 5
10-14 01:23:46.319 1921 2513 D a2dp_codec: A2DP_InitCodecConfig: codec aptX-TWS
10-14 01:23:46.319 1921 2513 W bt_btif : bta_av_get_rcb_by_shdl: shdl = 0, rcb[i].shdl = 0, rcb[i].handle = 255, rcb[i].lidx = 0
10-14 01:23:46.320 1921 2513 W bt_btif : bta_av_get_rcb_by_shdl: shdl = 0, rcb[i].shdl = 0, rcb[i].handle = 255, rcb[i].lidx = 0
10-14 01:23:46.320 1921 2513 W bt_btif : bta_av_get_rcb_by_shdl: shdl = 0, rcb[i].shdl = 0, rcb[i].handle = 255, rcb[i].lidx = 0
10-14 01:23:46.320 1921 2513 W bt_btif : bta_av_get_rcb_by_shdl: shdl = 0, rcb[i].shdl = 0, rcb[i].handle = 255, rcb[i].lidx = 0
10-14 01:23:46.320 1921 2513 W bt_btif : bta_av_get_rcb_by_shdl: shdl = 0, rcb[i].shdl = 0, rcb[i].handle = 255, rcb[i].lidx = 0
10-14 01:23:46.320 1921 2513 W bt_btif : bta_av_get_rcb_by_shdl: shdl = 0, rcb[i].shdl = 0, rcb[i].handle = 255, rcb[i].lidx = 0
10-14 01:23:46.320 1921 2513 W bt_btif : bta_av_get_rcb_by_shdl: shdl = 0, rcb[i].shdl = 0, rcb[i].handle = 255, rcb[i].lidx = 0
10-14 01:23:46.320 1344 2169 D PlatformConfig: getInstance: Enter
10-14 01:23:46.320 1344 2169 D PlatformConfig: getInt32 Config name: vidc_dec_log_in value: 0
10-14 01:23:46.320 1344 2169 D PlatformConfig: getInstance: Enter
10-14 01:23:46.320 1344 2169 D PlatformConfig: getInt32 Config name: vidc_dec_log_out value: 0
10-14 01:23:46.320 1344 2169 D PlatformConfig: getInstance: Enter
10-14 01:23:46.320 1344 2169 D PlatformConfig: getInt32 Config name: vidc_dec_sec_prefetch_size_internal value: 209715200
10-14 01:23:46.320 1344 2169 D PlatformConfig: getInstance: Enter
10-14 01:23:46.320 1921 2513 D bt_btif : AVRC_Open role: 1, control:67 status:0, handle:0
10-14 01:23:46.320 1344 2169 D PlatformConfig: getInt32 Config name: vidc_dec_sec_prefetch_size_output value: 13434880
10-14 01:23:46.320 1344 2169 D PlatformConfig: getInstance: Enter
10-14 01:23:46.320 1921 2513 W bt_btif : bta_av_rc_create RC handle 0 is connected
10-14 01:23:46.320 1344 2169 D PlatformConfig: getInt32 Config name: vidc_perf_control_enable value: 0
10-14 01:23:46.320 1344 2169 D PlatformConfig: getInstance: Enter
10-14 01:23:46.320 1921 2513 D bt_btif : rc_acp_handle: 0 idx: 1
10-14 01:23:46.321 1344 2169 D PlatformConfig: getInt32 Config name: vidc_dec_thumbnail_yuv_output value: 0
10-14 01:23:46.321 1344 2169 D PlatformConfig: getInstance: Enter
10-14 01:23:46.321 1921 2513 D bt_btif : bta_av_rc_create create 0, role: 1, shdl:0, rc_handle:0, lidx:6, status:0x10
10-14 01:23:46.321 1344 2169 D PlatformConfig: getInt32: Returning default
10-14 01:23:46.321 1344 2169 D PlatformConfig: getInstance: Enter
10-14 01:23:46.321 1344 2169 D PlatformConfig: getInt32 Config name: vidc_dec_output_rate value: 120
10-14 01:23:46.321 1921 2513 E bt_btif : bta_av_co_get_active_peer: peer index out of bounds: 5
10-14 01:23:46.321 1921 2513 D a2dp_codec: A2DP_InitCodecConfig: codec SBC
10-14 01:23:46.321 1921 2513 D a2dp_sbc: A2DP_InitCodecConfigSbc:
10-14 01:23:46.321 1921 2513 E bt_btif : bta_av_co_get_active_peer: peer index out of bounds: 5
10-14 01:23:46.321 1921 2513 D a2dp_codec: A2DP_InitCodecConfig: codec AAC
10-14 01:23:46.321 1921 2513 D a2dp_aac: A2DP_BuildInfoAac: media_type: 0, p_ie->bitRate: 165000
10-14 01:23:46.321 1921 2513 E bt_btif : bta_av_co_get_active_peer: peer index out of bounds: 5
10-14 01:23:46.321 1921 2513 D a2dp_codec: A2DP_InitCodecConfig: codec aptX
10-14 01:23:46.321 1921 2513 E bt_btif : bta_av_co_get_active_peer: peer index out of bounds: 5
10-14 01:23:46.321 1921 2513 D a2dp_codec: A2DP_InitCodecConfig: codec aptX-HD
10-14 01:23:46.321 1921 2513 E bt_btif : bta_av_co_get_active_peer: peer index out of bounds: 5
10-14 01:23:46.322 1921 2513 D a2dp_codec: A2DP_InitCodecConfig: codec LDAC
10-14 01:23:46.322 1921 2513 E bt_btif : bta_av_co_get_active_peer: peer index out of bounds: 5
10-14 01:23:46.322 1921 2513 D a2dp_codec: A2DP_InitCodecConfig: codec aptX-adaptive
10-14 01:23:46.322 1921 2513 E bt_btif : bta_av_co_get_active_peer: peer index out of bounds: 5
10-14 01:23:46.322 1921 2513 D a2dp_codec: A2DP_InitCodecConfig: codec aptX-TWS
10-14 01:23:46.322 1344 2169 I OMX-VDEC-1080P: component_init: OMX.qcom.video.decoder.vp9 : fd=7
10-14 01:23:46.322 1921 2513 E bt_btif : bta_av_co_get_active_peer: peer index out of bounds: 5
10-14 01:23:46.322 1921 2513 D a2dp_codec: A2DP_InitCodecConfig: codec SBC
10-14 01:23:46.322 1921 2513 D a2dp_sbc: A2DP_InitCodecConfigSbc:
10-14 01:23:46.322 1921 2513 E bt_btif : bta_av_co_get_active_peer: peer index out of bounds: 5
10-14 01:23:46.322 1921 2513 D a2dp_codec: A2DP_InitCodecConfig: codec AAC
10-14 01:23:46.322 1921 2513 D a2dp_aac: A2DP_BuildInfoAac: media_type: 0, p_ie->bitRate: 165000
10-14 01:23:46.323 1344 2169 E OMX-VDEC-1080P: Unsupported output color format for c2d (2141391876)
10-14 01:23:46.323 1344 2169 E OMX-VDEC-1080P: Setting color format failed
10-14 01:23:46.323 1921 2513 E bt_btif : bta_av_co_get_active_peer: peer index out of bounds: 5
10-14 01:23:46.323 1921 2513 D a2dp_codec: A2DP_InitCodecConfig: codec aptX
10-14 01:23:46.323 1921 2513 E bt_btif : bta_av_co_get_active_peer: peer index out of bounds: 5
10-14 01:23:46.323 1921 2513 D a2dp_codec: A2DP_InitCodecConfig: codec aptX-HD
10-14 01:23:46.323 1921 2513 E bt_btif : bta_av_co_get_active_peer: peer index out of bounds: 5
10-14 01:23:46.323 1921 2513 D a2dp_codec: A2DP_InitCodecConfig: codec LDAC
10-14 01:23:46.323 1921 2513 E bt_btif : bta_av_co_get_active_peer: peer index out of bounds: 5
10-14 01:23:46.323 1921 2513 D a2dp_codec: A2DP_InitCodecConfig: codec aptX-adaptive
10-14 01:23:46.323 1921 2513 E bt_btif : bta_av_co_get_active_peer: peer index out of bounds: 5
10-14 01:23:46.323 1921 2513 D a2dp_codec: A2DP_InitCodecConfig: codec aptX-TWS
10-14 01:23:46.324 1921 2513 E bt_btif : bta_av_co_get_active_peer: peer index out of bounds: 5
10-14 01:23:46.324 1921 2513 D a2dp_codec: A2DP_InitCodecConfig: codec SBC
10-14 01:23:46.324 1921 2513 D a2dp_sbc: A2DP_InitCodecConfigSbc:
10-14 01:23:46.324 1921 2513 E bt_btif : bta_av_co_get_active_peer: peer index out of bounds: 5
10-14 01:23:46.324 1921 2513 D a2dp_codec: A2DP_InitCodecConfig: codec AAC
10-14 01:23:46.324 1921 2513 D a2dp_aac: A2DP_BuildInfoAac: media_type: 0, p_ie->bitRate: 165000
10-14 01:23:46.324 1921 2513 E bt_btif : bta_av_co_get_active_peer: peer index out of bounds: 5
10-14 01:23:46.324 1921 2513 D a2dp_codec: A2DP_InitCodecConfig: codec aptX
10-14 01:23:46.324 1921 2513 E bt_btif : bta_av_co_get_active_peer: peer index out of bounds: 5
10-14 01:23:46.324 1921 2513 D a2dp_codec: A2DP_InitCodecConfig: codec aptX-HD
10-14 01:23:46.324 1921 2513 E bt_btif : bta_av_co_get_active_peer: peer index out of bounds: 5
10-14 01:23:46.324 1921 2513 D a2dp_codec: A2DP_InitCodecConfig: codec LDAC
10-14 01:23:46.325 1921 2513 E bt_btif : bta_av_co_get_active_peer: peer index out of bounds: 5
10-14 01:23:46.325 1921 2513 D a2dp_codec: A2DP_InitCodecConfig: codec aptX-adaptive
10-14 01:23:46.325 1921 2513 E bt_btif : bta_av_co_get_active_peer: peer index out of bounds: 5
10-14 01:23:46.325 1921 2513 D a2dp_codec: A2DP_InitCodecConfig: codec aptX-TWS
10-14 01:23:46.325 1921 2513 E bt_btif : bta_av_co_get_active_peer: peer index out of bounds: 5
10-14 01:23:46.325 1921 2513 D a2dp_codec: A2DP_InitCodecConfig: codec SBC
10-14 01:23:46.325 1921 2513 D a2dp_sbc: A2DP_InitCodecConfigSbc:
10-14 01:23:46.325 1921 2513 E bt_btif : bta_av_co_get_active_peer: peer index out of bounds: 5
10-14 01:23:46.325 1921 2513 D a2dp_codec: A2DP_InitCodecConfig: codec AAC
10-14 01:23:46.325 1921 2513 D a2dp_aac: A2DP_BuildInfoAac: media_type: 0, p_ie->bitRate: 165000
10-14 01:23:46.326 1921 2513 E bt_btif : bta_av_co_get_active_peer: peer index out of bounds: 5
10-14 01:23:46.326 1921 2513 D a2dp_codec: A2DP_InitCodecConfig: codec aptX
01-01 08:01:04.355 0 0 I msm_vidc: high: 00000001: ....d: Opening video instance: fffffff9bd860000, 1
10-14 01:23:46.326 1921 2513 E bt_btif : bta_av_co_get_active_peer: peer index out of bounds: 5
10-14 01:23:46.326 1921 2513 D a2dp_codec: A2DP_InitCodecConfig: codec aptX-HD
10-14 01:23:46.326 1921 2513 E bt_btif : bta_av_co_get_active_peer: peer index out of bounds: 5
10-14 01:23:46.326 1921 2513 D a2dp_codec: A2DP_InitCodecConfig: codec LDAC
10-14 01:23:46.326 1921 2513 E bt_btif : bta_av_co_get_active_peer: peer index out of bounds: 5
10-14 01:23:46.327 1921 2513 D a2dp_codec: A2DP_InitCodecConfig: codec aptX-adaptive
10-14 01:23:46.327 1921 2513 E bt_btif : bta_av_co_get_active_peer: peer index out of bounds: 5
10-14 01:23:46.327 1921 2513 D a2dp_codec: A2DP_InitCodecConfig: codec aptX-TWS
10-14 01:23:46.327 1930 1930 V KeyguardUpdateMonitor: *** register callback for com.android.systemui.statusbar.phone.KeyguardBottomAreaView$9@a7e4476
10-14 01:23:46.327 1344 2169 D PlatformConfig: getInstance: Enter
10-14 01:23:46.327 1930 1930 V KeyguardUpdateMonitor: *** unregister callback for null
10-14 01:23:46.327 1344 2169 D PlatformConfig: getInt32: Returning default
10-14 01:23:46.327 1344 2169 D PlatformConfig: getInstance: Enter
10-14 01:23:46.327 1344 2169 D PlatformConfig: getInt32: Returning default
10-14 01:23:46.327 1921 1921 D A2dpService: A2DP offload flag set to true
10-14 01:23:46.328 1930 1930 V KeyguardUpdateMonitor: *** register callback for com.android.keyguard.EmergencyButtonController$1@a2f374d
10-14 01:23:46.328 830 2500 I vendor.qti.bluetooth@1.0-ibs_handler: ProcessIbsCmd: Received IBS_WAKE_IND: 0xFD
10-14 01:23:46.328 1930 1930 V KeyguardUpdateMonitor: *** unregister callback for null
10-14 01:23:46.328 830 2500 I vendor.qti.bluetooth@1.0-ibs_handler: ProcessIbsCmd: Writing IBS_WAKE_ACK
10-14 01:23:46.328 1921 2093 D bt_btif : btif_av_state_idle_handler: event:BTA_AV_ENABLE_EVT flags: 0 on index: 0, codec_cfg_change: 0
10-14 01:23:46.328 1921 2093 D bt_btif : btif_av_state_idle_handler: event:BTA_AV_REGISTER_EVT flags: 0 on index: 0, codec_cfg_change: 0
10-14 01:23:46.328 1921 2093 D bt_btif : btif_av_state_idle_handler: event:BTA_AV_REGISTER_EVT flags: 0 on index: 1, codec_cfg_change: 0
10-14 01:23:46.328 1921 2093 D bt_btif : btif_av_state_idle_handler: event:BTA_AV_REGISTER_EVT flags: 0 on index: 2, codec_cfg_change: 0
10-14 01:23:46.328 1344 2169 I OMX-VDEC-1080P: omx_vdec::component_init() success : fd=7
10-14 01:23:46.328 1921 2093 D bt_btif : btif_av_state_idle_handler: event:BTA_AV_REGISTER_EVT flags: 0 on index: 3, codec_cfg_change: 0
10-14 01:23:46.328 1921 2093 D bt_btif : btif_av_state_idle_handler: event:BTA_AV_REGISTER_EVT flags: 0 on index: 4, codec_cfg_change: 0
10-14 01:23:46.329 1930 2155 W ActivityThread: Failed to find provider info for com.android.contacts (user not unlocked)
10-14 01:23:46.332 504 504 I hwservicemanager: getTransport: Cannot find entry android.hardware.light@2.0::ILight/default in either framework or device VINTF manifest.
10-14 01:23:46.333 1921 1921 D A2dpService: setA2dpService(): set to: com.android.bluetooth.a2dp.A2dpService@a536fe2
10-14 01:23:46.333 1921 1921 D HeadsetService: getHeadsetService(): returning com.android.bluetooth.hfp.HeadsetService@f25bbfb
10-14 01:23:46.333 1921 1921 D HeadsetService: isAudioOn: The number of audio connected devices 0
10-14 01:23:46.333 1921 1921 D HeadsetService: isScoOrCallActive(): Call Active:falseCall is Ringing:falseSCO is Active:false
10-14 01:23:46.333 1921 1921 D HeadsetService: isAudioOn: The number of audio connected devices 0
10-14 01:23:46.334 1344 1411 E OMX-VDEC-1080P: Extension: OMX.google.android.index.storeANWBufferInMetadata not implemented
10-14 01:23:46.334 1344 1411 E OMX-VDEC-1080P: Extension: OMX.google.android.index.configureVideoTunnelMode not implemented
10-14 01:23:46.334 1344 1411 E OMX-VDEC-1080P: Extension: OMX.google.android.index.useAndroidNativeBuffer is supported
10-14 01:23:46.337 823 863 D audio_hw_primary: adev_get_parameters:fm_status
10-14 01:23:46.337 1344 1411 E OMXNodeInstance: getParameter(0xf3ea0034:qcom.decoder.vp9.secure, ??(0x7f000044)) ERROR: UnsupportedSetting(0x80001019)
10-14 01:23:46.337 823 863 D audio_hw_spkr_prot: fbsp_get_parameters: Speaker protection disabled
10-14 01:23:46.337 823 863 D soundtrigger: audio_extn_sound_trigger_get_parameters input string
10-14 01:23:46.337 823 863 D soundtrigger: extract_sm_handle input string param string
10-14 01:23:46.337 823 863 D audio_hw_extn: audio_extn_fm_get_parameters: Enter
10-14 01:23:46.337 823 863 D audio_hw_extn: audio_extn_get_parameters: returns fm_status=0
10-14 01:23:46.337 823 863 D audio_hw_primary: adev_get_parameters: exit: returns - fm_status=0
10-14 01:23:46.337 1037 1037 I hash_map_utils: system/bt/osi/src/hash_map_utils.cc:81 hash_map_utils_dump_string_keys_string_values: key: 'fm_status' value: ''
10-14 01:23:46.339 1344 1411 E OMXNodeInstance: getParameter(0xf3ea0034:qcom.decoder.vp9.secure, ??(0x7f000044)) ERROR: UnsupportedSetting(0x80001019)
10-14 01:23:46.340 504 2588 W libc : Unable to set property "ctl.interface_start" to "vendor.qti.hardware.iop@2.0::IIop/default": error code: 0x20
10-14 01:23:46.340 504 2588 I hwservicemanager: Tried to start vendor.qti.hardware.iop@2.0::IIop/default as a lazy service, but was unable to. Usually this happens when a service is not installed, but if the service is intended to be used as a lazy service, then it may be configured incorrectly.
10-14 01:23:46.341 1921 1921 E A2dpService: setActiveDevice(null): already set to active
10-14 01:23:46.341 1921 1921 D A2dpService: profile started successfully
10-14 01:23:46.341 2590 2590 E light : light_open lights keyboard failed: -22
10-14 01:23:46.342 1921 1921 I BluetoothHidHostServiceJni: classInitNative: succeeds
10-14 01:23:46.343 2590 2590 E light : Light passthrough failed to load legacy HAL.
10-14 01:23:46.344 1921 1921 D HidHostService: Received start request. Starting profile...
10-14 01:23:46.345 2590 2590 E light : light_open lights buttons failed: -22
10-14 01:23:46.345 2590 2590 E light : Light passthrough failed to load legacy HAL.
10-14 01:23:46.347 1930 1930 D CompatibilityChangeReporter: Compat change id reported: 182185642; UID 10087; state: ENABLED
10-14 01:23:46.348 1921 1921 I bt_btif : get_profile_interface: id = hidhost
10-14 01:23:46.349 1921 1921 D BluetoothHidHostService: setHidHostService(): set to: com.android.bluetooth.hid.HidHostService@3ea4360
10-14 01:23:46.349 1921 1921 D HidHostService: profile started successfully
10-14 01:23:46.349 1921 2093 I bt_bta_hh: BTA_HhEnable sec_mask:0x36 p_cback:0x727385c6a0
10-14 01:23:46.349 1344 1411 E OMX-VDEC-1080P: Extension: OMX.google.android.index.configureVideoTunnelMode not implemented
10-14 01:23:46.349 1344 1411 E OMXNodeInstance: getExtensionIndex(0xf3ea0034:qcom.decoder.vp9.secure, OMX.google.android.index.configureVideoTunnelMode) ERROR: NotImplemented(0x80001006)
10-14 01:23:46.350 1333 1423 D MediaCodecInfo: detail feature-tunneled-playback wasn't present to remove
10-14 01:23:46.350 1921 1921 I BluetoothPanServiceJni: classInitNative(L111): succeeds
10-14 01:23:46.350 1344 1411 E OMX-VDEC-1080P: set_parameter: Error: 0x80001019, setting param 0x7f00005d
10-14 01:23:46.350 1344 1411 E OMXNodeInstance: setParameter(0xf3ea0034:qcom.decoder.vp9.secure, OMX.google.android.index.allocateNativeHandle(0x7f00005d): Output:1 en=0) ERROR: UnsupportedSetting(0x80001019)
10-14 01:23:46.350 1344 1411 E OMX-VDEC-1080P: Extension: OMX.google.android.index.storeANWBufferInMetadata not implemented
10-14 01:23:46.350 1921 2093 I bt_btif_storage: btif_storage_get_adapter_property service_mask:0x220100048
10-14 01:23:46.350 2590 2590 E light : light_open lights bluetooth failed: -22
10-14 01:23:46.350 1921 2513 W bt_l2cap: L2CAP - L2CA_Register() called for PSM: 0x0011
10-14 01:23:46.350 2590 2590 E light : Light passthrough failed to load legacy HAL.
10-14 01:23:46.350 1921 2513 W bt_l2cap: L2CAP - L2CA_Register() called for PSM: 0x0013
10-14 01:23:46.350 1930 1930 E EmergencyButton: Fail to call TelephonyManager.requestCellInfoUpdate
10-14 01:23:46.350 1930 1930 E EmergencyButton: java.lang.IllegalStateException: Telephony is null
10-14 01:23:46.350 1930 1930 E EmergencyButton: at android.telephony.TelephonyManager.requestCellInfoUpdate(TelephonyManager.java:6362)
10-14 01:23:46.350 1930 1930 E EmergencyButton: at com.android.keyguard.EmergencyButtonController.requestCellInfoUpdate(EmergencyButtonController.java:182)
10-14 01:23:46.350 1930 1930 E EmergencyButton: at com.android.keyguard.EmergencyButtonController.access$100(EmergencyButtonController.java:51)
10-14 01:23:46.350 1930 1930 E EmergencyButton: at com.android.keyguard.EmergencyButtonController$1.onPhoneStateChanged(EmergencyButtonController.java:77)
10-14 01:23:46.350 1930 1930 E EmergencyButton: at com.android.keyguard.KeyguardUpdateMonitor.sendUpdates(KeyguardUpdateMonitor.java:3085)
10-14 01:23:46.350 1930 1930 E EmergencyButton: at com.android.keyguard.KeyguardUpdateMonitor.registerCallback(KeyguardUpdateMonitor.java:3062)
10-14 01:23:46.350 1930 1930 E EmergencyButton: at com.android.keyguard.EmergencyButtonController.onViewAttached(EmergencyButtonController.java:119)
10-14 01:23:46.350 1930 1930 E EmergencyButton: at com.android.systemui.util.ViewController$1.onViewAttachedToWindow(ViewController.java:52)
10-14 01:23:46.350 1930 1930 E EmergencyButton: at android.view.View.dispatchAttachedToWindow(View.java:20768)
10-14 01:23:46.350 1930 1930 E EmergencyButton: at android.view.ViewGroup.dispatchAttachedToWindow(ViewGroup.java:3497)
10-14 01:23:46.350 1930 1930 E EmergencyButton: at android.view.ViewGroup.dispatchAttachedToWindow(ViewGroup.java:3497)
10-14 01:23:46.350 1930 1930 E EmergencyButton: at android.view.ViewGroup.dispatchAttachedToWindow(ViewGroup.java:3497)
10-14 01:23:46.350 1930 1930 E EmergencyButton: at android.view.ViewGroup.dispatchAttachedToWindow(ViewGroup.java:3497)
10-14 01:23:46.350 1930 1930 E EmergencyButton: at android.view.ViewRootImpl.performTraversals(ViewRootImpl.java:2633)
10-14 01:23:46.350 1930 1930 E EmergencyButton: at android.view.ViewRootImpl.doTraversal(ViewRootImpl.java:2146)
10-14 01:23:46.350 1930 1930 E EmergencyButton: at android.view.ViewRootImpl$TraversalRunnable.run(ViewRootImpl.java:8675)
10-14 01:23:46.350 1930 1930 E EmergencyButton: at android.view.Choreographer$CallbackRecord.run(Choreographer.java:1120)
10-14 01:23:46.350 1930 1930 E EmergencyButton: at android.view.Choreographer.doCallbacks(Choreographer.java:926)
10-14 01:23:46.350 1930 1930 E EmergencyButton: at android.view.Choreographer.doFrame(Choreographer.java:859)
10-14 01:23:46.350 1930 1930 E EmergencyButton: at android.view.Choreographer$FrameDisplayEventReceiver.run(Choreographer.java:1105)
10-14 01:23:46.350 1930 1930 E EmergencyButton: at android.os.Handler.handleCallback(Handler.java:938)
10-14 01:23:46.350 1930 1930 E EmergencyButton: at android.os.Handler.dispatchMessage(Handler.java:99)
10-14 01:23:46.350 1930 1930 E EmergencyButton: at android.os.Looper.loopOnce(Looper.java:201)
10-14 01:23:46.350 1930 1930 E EmergencyButton: at android.os.Looper.loop(Looper.java:288)
10-14 01:23:46.350 1930 1930 E EmergencyButton: at android.app.ActivityThread.main(ActivityThread.java:7880)
10-14 01:23:46.350 1930 1930 E EmergencyButton: at java.lang.reflect.Method.invoke(Native Method)
10-14 01:23:46.350 1930 1930 E EmergencyButton: at com.android.internal.os.RuntimeInit$MethodAndArgsCaller.run(RuntimeInit.java:548)
10-14 01:23:46.350 1930 1930 E EmergencyButton: at com.android.internal.os.ZygoteInit.main(ZygoteInit.java:1009)
10-14 01:23:46.351 1921 2513 V bt_stack: [VERBOSE1:bta_gattc_act.cc(210)] bta_gattc_register: state:2
10-14 01:23:46.351 1344 1411 I OMX-VDEC-1080P: omx_vdec::component_deinit() complete
10-14 01:23:46.351 1921 2513 I bt_stack: [INFO:gatt_api.cc(1223)] GATT_Register 83a5608c-f026-c5bd-3e38-fc579793e798
10-14 01:23:46.351 1921 1921 D PanService: Received start request. Starting profile...
10-14 01:23:46.351 1921 2513 I bt_stack: [INFO:gatt_api.cc(1244)] allocated gatt_if=4
10-14 01:23:46.351 1921 2513 V bt_stack: [VERBOSE1:gatt_api.cc(1369)] GATT_StartIf gatt_if=4
10-14 01:23:46.351 1921 2513 V bt_stack: [VERBOSE1:gatt_utils.cc(293)] gatt_find_the_connected_bda start_idx=0
10-14 01:23:46.351 1921 2513 V bt_stack: [VERBOSE1:gatt_utils.cc(305)] found=0 found_idx=10
01-01 08:01:04.389 0 0 I msm_vidc: high: 00000001: vp9d: Closed video instance: fffffff9bd860000
10-14 01:23:46.352 1930 1930 V KeyguardUpdateMonitor: *** register callback for com.android.keyguard.LockIconViewController$3@79bcd50
10-14 01:23:46.353 1930 1930 V KeyguardUpdateMonitor: *** unregister callback for null
10-14 01:23:46.354 1921 1921 D BluetoothPanServiceJni: initializeNative(L116): pan
10-14 01:23:46.354 1921 1921 I bt_btif : get_profile_interface: id = pan
10-14 01:23:46.354 1921 1921 D PanService: profile started successfully
10-14 01:23:46.355 1921 2513 W bt_l2cap: L2CAP - L2CA_Register() called for PSM: 0x000f
10-14 01:23:46.355 1921 2093 D BluetoothPanServiceJni: control_state_callback(L63): state:0, local_role:3, ifname:bt-pan
10-14 01:23:46.355 1344 1411 I OMX-VDEC-1080P: Exit OMX vdec Destructor: fd=7
10-14 01:23:46.357 1921 1921 D BluetoothMapService: Received start request. Starting profile...
10-14 01:23:46.357 2394 2394 I QCC:UploaderReceiver: getLastUploaderTimeMs : 1665681826612
10-14 01:23:46.358 1930 1930 V KeyguardUpdateMonitor: *** register callback for com.android.keyguard.KeyguardStatusViewController$2@1c4fb49
10-14 01:23:46.358 1930 1930 V KeyguardUpdateMonitor: *** unregister callback for null
10-14 01:23:46.358 2394 2394 I QCC:UploaderReceiver: getUploaderIntervalMs : 43200000
10-14 01:23:46.359 2394 2394 I QCC:UploaderReceiver: startPeriodicScheduler - elaspedTimeMs:57337 / elaspedTargetTimeMs : 43257337
10-14 01:23:46.360 2394 2394 I QCC:UploaderReceiver: setLastUploaderTimeMs :1665681826281
10-14 01:23:46.360 2394 2394 I QCC:UploaderReceiver: setLastUploaderTimeMs : 2022-10-14T01:23:46 上午
10-14 01:23:46.360 2590 2590 E light : light_open lights wifi failed: -22
10-14 01:23:46.361 2590 2590 E light : Light passthrough failed to load legacy HAL.
10-14 01:23:46.362 1921 1921 D BluetoothMapService: start()
10-14 01:23:46.363 504 504 I hwservicemanager: getTransport: Cannot find entry android.hardware.light@2.0::ILight/default in either framework or device VINTF manifest.
10-14 01:23:46.363 1151 1770 I commit_sys_config_file: [log-files,4869]
10-14 01:23:46.363 2590 2590 E HidlServiceManagement: Service android.hardware.light@2.0::ILight/default must be in VINTF manifest in order to register/get.
10-14 01:23:46.364 2590 2590 E LegacySupport: Could not register service android.hardware.light@2.0::ILight/default (-2147483648).
10-14 01:23:46.370 1151 1770 E NativeTombstoneManager: Tombstone's UID (1047) not an app, ignoring
10-14 01:23:46.371 1151 1770 I DropBoxManagerService: add tag=SYSTEM_TOMBSTONE_PROTO isTagEnabled=true flags=0x4
10-14 01:23:46.376 1921 1921 D BluetoothMapFixes: mSessionStatusHandler CREATE_MAS_INSTANCES
10-14 01:23:46.377 1921 1921 D BluetoothMapService: mSmsCapable :true
10-14 01:23:46.377 1921 1921 D BluetoothMapService: setBluetoothMapService(): set to: com.android.bluetooth.map.BluetoothMapService@8f8d3db
10-14 01:23:46.377 1921 1921 D BluetoothMapService: profile started successfully
10-14 01:23:46.377 1921 2595 V BluetoothMapService: Handler(): got msg=5
10-14 01:23:46.378 1921 2595 D BluetoothMapService: CREATE_MAS_INSTANCES
10-14 01:23:46.378 1921 2595 D BluetoothVendorService: getProfileInfo profile_id: 3
10-14 01:23:46.378 1921 2595 I BluetoothVendorJni: getProfileInfoNative
10-14 01:23:46.378 1921 2595 I bt_btif_vendor: get_profile_info :3
10-14 01:23:46.379 1921 2595 W bt_device_profile: profile_feature_fetch:profile 3
10-14 01:23:46.379 1921 2595 W bt_device_profile: profile_feature_fetch:MAP_EMAIL_SUPPORT found 1
10-14 01:23:46.379 1921 2595 D BluetoothMapAppObserver: isEmailSupported: true
10-14 01:23:46.379 1921 1921 I BluetoothAvrcpControllerJni: classInitNative: succeeds
10-14 01:23:46.380 1151 2098 D CompatibilityChangeReporter: Compat change id reported: 171306433; UID 1000; state: ENABLED
10-14 01:23:46.380 1921 1921 D AvrcpControllerService: Received start request. Starting profile...
10-14 01:23:46.381 1921 2595 D BluetoothMapAccountEmailLoader: mEmailContext Assigned
10-14 01:23:46.381 1930 1930 V KeyguardUpdateMonitor: *** register callback for com.android.keyguard.AnimatableClockController$4@9d9558b
10-14 01:23:46.381 1921 2595 D BluetoothMapAccountEmailLoader: Groups SIZE: 0
10-14 01:23:46.381 1930 1930 V KeyguardUpdateMonitor: *** unregister callback for null
10-14 01:23:46.381 1921 2595 D BluetoothMapAccountEmailLoader: Found 0 applications - Support legacy default or primary email Account
10-14 01:23:46.385 1921 2595 D BluetoothMapAccountEmailLoader: isEmailAppStarted: false
10-14 01:23:46.385 1930 1930 V KeyguardUpdateMonitor: *** register callback for com.android.keyguard.AnimatableClockController$4@a85bf67
10-14 01:23:46.385 1930 1930 V KeyguardUpdateMonitor: *** unregister callback for null
10-14 01:23:46.386 1921 1921 I bt_btif : get_profile_interface: id = avrcp_ctrl
10-14 01:23:46.387 1921 1921 I bt_btif : get_profile_interface: id = vendor_avrcp_ctrl
10-14 01:23:46.387 1921 1921 D bt_btif : btif_rc_vendor_ctrl_get_interface
10-14 01:23:46.387 2394 2394 I QCC:ApplicationManager: clearJobDlData
10-14 01:23:46.388 1151 1770 I commit_sys_config_file: [log-files,4895]
10-14 01:23:46.389 2394 2394 I QCC:QDMAJobService: cleanClientSubDir
10-14 01:23:46.389 2394 2394 I QCC:QDMAJobService: removeAllMetaFromClientID, clientID : 200
10-14 01:23:46.390 2394 2394 I QCC:QDMAJobManager: clearQDMAJob clientID: 200
10-14 01:23:46.391 2394 2394 I QCC:QDMAJobManager: clearQDMAJob - there is no exist job
