09-24 00:15:52.452 1402 3877 D LOWI-9.0.0.87.a: [LOWI-Scan]
09-24 00:15:52.452 1402 3877 D LOWI-9.0.0.87.a: [LOWI-Scan] print_bss_handler: Report Probe TSF 203026072 as it greater than Beacon TSF 155078048
09-24 00:15:52.452 1129 6050 D WifiNative: Scan result ready event
09-24 00:15:52.452 1402 3877 D LOWI-9.0.0.87.a: [LOWI-Scan] decode_rsn_wpa_ie: LOWI_ENCRYPTION_TYPE_WPA_PSK
09-24 00:15:52.452 1402 3877 D LOWI-9.0.0.87.a: [LOWI-Scan] is_qcom_ie, bss_age: 0
09-24 00:15:52.452 1402 3877 D LOWI-9.0.0.87.a: [LOWI-Scan] adjust_age:AP AGE upper limit reached. Dont store
09-24 00:15:52.452 1402 3877 D LOWI-9.0.0.87.a: [LOWI-Scan] BSS 3c:51:0e:47:ad:0f LOWI_PHY_MODE_11AC_VHT40(9), Beacon Interval: 100, LOWI_ENCRYPTION_TYPE_WPA_PSK 11mcRanging: No, ANQP: No, LCI: No, Civic: No, capability(0x1111): ESS Privacy SpectrumMgmt
09-24 00:15:52.452 1402 3877 D LOWI-9.0.0.87.a: [LOWI-Scan] BSS 3c:51:0e:47:ad:0f FREQ: 5180, cFreq1[40:80:160] = [5190:0:0] cFreq2 = 0 Country Code = CN
09-24 00:15:52.452 1402 3877 D LOWI-9.0.0.87.a: [LOWI-Scan] BSS 3c:51:0e:47:ad:0f (wlan0) ASSO: NO AddInfo: 0x0, TSF 0, 00:03:23.026, RSSI: -170, CPL: 127, AGE: 21760, SSID HiPhi-PDI, TSFDelta: 0xac1305d2, TXRate: 0
09-24 00:15:52.453 1402 3877 D LOWI-9.0.0.87.a: [LOWI-Scan]
09-24 00:15:52.453 1402 3877 D LOWI-9.0.0.87.a: [LOWI-Scan] print_bss_handler: Report Probe TSF 203025124 as it greater than Beacon TSF 195128858
09-24 00:15:52.453 1402 3877 D LOWI-9.0.0.87.a: [LOWI-Scan] decode_rsn_wpa_ie: LOWI_ENCRYPTION_TYPE_WPA_EAP
09-24 00:15:52.453 1402 3877 D LOWI-9.0.0.87.a: [LOWI-Scan] is_qcom_ie, bss_age: 0
09-24 00:15:52.453 1402 3877 D LOWI-9.0.0.87.a: [LOWI-Scan] adjust_age:AP AGE upper limit reached. Dont store
09-24 00:15:52.453 1402 3877 D LOWI-9.0.0.87.a: [LOWI-Scan] BSS 68:9e:0b:ef:b5:8f LOWI_PHY_MODE_11AC_VHT40(9), Beacon Interval: 100, LOWI_ENCRYPTION_TYPE_WPA_EAP 11mcRanging: No, ANQP: No, LCI: No, Civic: No, capability(0x1111): ESS Privacy SpectrumMgmt
09-24 00:15:52.453 1402 3877 D LOWI-9.0.0.87.a: [LOWI-Scan] BSS 68:9e:0b:ef:b5:8f FREQ: 5180, cFreq1[40:80:160] = [5190:0:0] cFreq2 = 0 Country Code = CN
09-24 00:15:52.453 1402 3877 D LOWI-9.0.0.87.a: [LOWI-Scan] BSS 68:9e:0b:ef:b5:8f (wlan0) ASSO: NO AddInfo: 0x0, TSF 0, 00:03:23.025, RSSI: -144, CPL: 127, AGE: 21760, SSID HH, TSFDelta: 0xa9097529, TXRate: 0
09-24 00:15:52.453 1402 3877 D LOWI-9.0.0.87.a: [LOWI-Scan]
09-24 00:15:52.453 1402 3877 D LOWI-9.0.0.87.a: [LOWI-Scan] print_bss_handler: Report Probe TSF 203025579 as it greater than Beacon TSF 195129553
09-24 00:15:52.454 1402 3877 D LOWI-9.0.0.87.a: [LOWI-Scan] decode_rsn_wpa_ie: LOWI_ENCRYPTION_TYPE_WPA_PSK
09-24 00:15:52.454 1402 3877 D LOWI-9.0.0.87.a: [LOWI-Scan] is_qcom_ie, bss_age: 0
09-24 00:15:52.454 1402 3877 D LOWI-9.0.0.87.a: [LOWI-Scan] adjust_age:AP AGE upper limit reached. Dont store
09-24 00:15:52.454 1402 3877 D LOWI-9.0.0.87.a: [LOWI-Scan] BSS 68:9e:0b:ef:b5:8e LOWI_PHY_MODE_11AC_VHT40(9), Beacon Interval: 100, LOWI_ENCRYPTION_TYPE_WPA_PSK 11mcRanging: No, ANQP: No, LCI: No, Civic: No, capability(0x1111): ESS Privacy SpectrumMgmt
09-24 00:15:52.454 1402 3877 D LOWI-9.0.0.87.a: [LOWI-Scan] BSS 68:9e:0b:ef:b5:8e FREQ: 5180, cFreq1[40:80:160] = [5190:0:0] cFreq2 = 0 Country Code = CN
09-24 00:15:52.454 1402 3877 D LOWI-9.0.0.87.a: [LOWI-Scan] BSS 68:9e:0b:ef:b5:8e (wlan0) ASSO: NO AddInfo: 0x0, TSF 0, 00:03:23.025, RSSI: -144, CPL: 127, AGE: 21760, SSID HHT-FACTORY-OTA, TSFDelta: 0xa90cf9fd, TXRate: 0
01-01 08:03:52.646 0 0 I [schedu][0x10a0b0b21][00:15:52.454915] wlan: [3749:I:OSIF] vdev 0, scan id 40983 type COMPLETED(1) reason COMPLETED(1) scan found 36 bss
09-24 00:15:52.459 1402 3877 D LOWI-9.0.0.87.a: [LOWI-Scan]
09-24 00:15:52.459 1402 3877 D LOWI-9.0.0.87.a: [LOWI-Scan] print_bss_handler: Report Probe TSF 222757246 as it greater than Beacon TSF 222756555
09-24 00:15:52.460 1402 3877 D LOWI-9.0.0.87.a: [LOWI-Scan] decode_rsn_wpa_ie: LOWI_ENCRYPTION_TYPE_WPA_PSK
09-24 00:15:52.460 1402 3877 D LOWI-9.0.0.87.a: [LOWI-Scan] is_qcom_ie, bss_age: 0
09-24 00:15:52.460 1402 3877 D LOWI-9.0.0.87.a: [LOWI-Scan] BSS 3c:51:0e:47:7c:20 LOWI_PHY_MODE_11NG_HT20(5), Beacon Interval: 100, LOWI_ENCRYPTION_TYPE_WPA_PSK 11mcRanging: No, ANQP: No, LCI: No, Civic: No, capability(0x1111): ESS Privacy SpectrumMgmt
09-24 00:15:52.460 1402 3877 D LOWI-9.0.0.87.a: [LOWI-Scan] BSS 3c:51:0e:47:7c:20 FREQ: 2412, cFreq1[40:80:160] = [0:0:0] cFreq2 = 0 Country Code = CN
09-24 00:15:52.460 1402 3877 D LOWI-9.0.0.87.a: [LOWI-Scan] BSS 3c:51:0e:47:7c:20 (wlan0) ASSO: NO AddInfo: 0x0, TSF 0, 00:03:42.757, RSSI: -140, CPL: 127, AGE: 2028, SSID HiPhi-PDI, TSFDelta: 0xa8eb0139, TXRate: 0
09-24 00:15:52.461 1402 3877 D LOWI-9.0.0.87.a: [LOWI-Scan]
09-24 00:15:52.461 1402 3877 D LOWI-9.0.0.87.a: [LOWI-Scan] print_bss_handler: Report Probe TSF 212705947 as it greater than Beacon TSF 212674756
09-24 00:15:52.461 1402 3877 D LOWI-9.0.0.87.a: [LOWI-Scan] decode_rsn_wpa_ie: LOWI_ENCRYPTION_TYPE_WPA_PSK
09-24 00:15:52.461 1402 3877 D LOWI-9.0.0.87.a: [LOWI-Scan] is_qcom_ie, bss_age: 0
09-24 00:15:52.461 1402 3877 D LOWI-9.0.0.87.a: [LOWI-Scan] adjust_age:AP AGE upper limit reached. Dont store
09-24 00:15:52.461 1402 3877 D LOWI-9.0.0.87.a: [LOWI-Scan] BSS b8:11:4b:7f:ed:00 LOWI_PHY_MODE_11NG_HT20(5), Beacon Interval: 100, LOWI_ENCRYPTION_TYPE_WPA_PSK 11mcRanging: No, ANQP: No, LCI: No, Civic: No, capability(0x1111): ESS Privacy SpectrumMgmt
09-24 00:15:52.461 1402 3877 D LOWI-9.0.0.87.a: [LOWI-Scan] BSS b8:11:4b:7f:ed:00 FREQ: 2412, cFreq1[40:80:160] = [0:0:0] cFreq2 = 0 Country Code = CN
09-24 00:15:52.461 1402 3877 D LOWI-9.0.0.87.a: [LOWI-Scan] BSS b8:11:4b:7f:ed:00 (wlan0) ASSO: NO AddInfo: 0x0, TSF 0, 00:03:32.705, RSSI: -140, CPL: 127, AGE: 12080, SSID HiPhi-OTA, TSFDelta: 0xdbcab951, TXRate: 0
09-24 00:15:52.461 1402 3877 D LOWI-9.0.0.87.a: [LOWI-Scan]
09-24 00:15:52.462 1402 3877 D LOWI-9.0.0.87.a: [LOWI-Scan] print_bss_handler: Report Probe TSF 222754572 as it greater than Beacon TSF 212710075
09-24 00:15:52.462 1402 3877 D LOWI-9.0.0.87.a: [LOWI-Scan] decode_rsn_wpa_ie: LOWI_ENCRYPTION_TYPE_WPA_PSK
09-24 00:15:52.462 1402 3877 D LOWI-9.0.0.87.a: [LOWI-Scan] is_qcom_ie, bss_age: 0
09-24 00:15:52.462 1402 3877 D LOWI-9.0.0.87.a: [LOWI-Scan] BSS b8:11:4b:7f:e8:20 LOWI_PHY_MODE_11NG_HT20(5), Beacon Interval: 100, LOWI_ENCRYPTION_TYPE_WPA_PSK 11mcRanging: No, ANQP: No, LCI: No, Civic: No, capability(0x1111): ESS Privacy SpectrumMgmt
09-24 00:15:52.462 1402 3877 D LOWI-9.0.0.87.a: [LOWI-Scan] BSS b8:11:4b:7f:e8:20 FREQ: 2412, cFreq1[40:80:160] = [0:0:0] cFreq2 = 0 Country Code = CN
09-24 00:15:52.462 1402 3877 D LOWI-9.0.0.87.a: [LOWI-Scan] BSS b8:11:4b:7f:e8:20 (wlan0) ASSO: NO AddInfo: 0x0, TSF 0, 00:03:42.754, RSSI: -146, CPL: 127, AGE: 2032, SSID HiPhi-OTA, TSFDelta: 0xaa8ae056, TXRate: 0
09-24 00:15:52.465 1402 3877 D LOWI-9.0.0.87.a: [LOWI-Scan]
09-24 00:15:52.465 1402 3877 D LOWI-9.0.0.87.a: [LOWI-Scan] print_bss_handler: Report Probe TSF 223001219 as it greater than Beacon TSF 97701579
09-24 00:15:52.465 1402 3877 D LOWI-9.0.0.87.a: [LOWI-Scan] decode_rsn_wpa_ie: LOWI_ENCRYPTION_TYPE_WPA_PSK
09-24 00:15:52.465 1402 3877 D LOWI-9.0.0.87.a: [LOWI-Scan] is_qcom_ie, bss_age: 0
09-24 00:15:52.465 1402 3877 D LOWI-9.0.0.87.a: [LOWI-Scan] BSS 3c:51:0e:2e:ae:8f LOWI_PHY_MODE_11AC_VHT40(9), Beacon Interval: 100, LOWI_ENCRYPTION_TYPE_WPA_PSK 11mcRanging: No, ANQP: No, LCI: No, Civic: No, capability(0x1111): ESS Privacy SpectrumMgmt
09-24 00:15:52.465 1402 3877 D LOWI-9.0.0.87.a: [LOWI-Scan] BSS 3c:51:0e:2e:ae:8f FREQ: 5220, cFreq1[40:80:160] = [5230:0:0] cFreq2 = 0 Country Code = CN
09-24 00:15:52.465 1402 3877 D LOWI-9.0.0.87.a: [LOWI-Scan] BSS 3c:51:0e:2e:ae:8f (wlan0) ASSO: NO AddInfo: 0x0, TSF 0, 00:03:43.001, RSSI: -160, CPL: 127, AGE: 1784, SSID HiPhi-PDI, TSFDelta: 0xb1522642, TXRate: 0
09-24 00:15:52.466 1402 3877 D LOWI-9.0.0.87.a: [LOWI-Scan]
09-24 00:15:52.466 1402 3877 D LOWI-9.0.0.87.a: [LOWI-Scan] print_bss_handler: Report beacon TSF 222722468 as it greater than probe TSF 193015117
09-24 00:15:52.466 1402 3877 D LOWI-9.0.0.87.a: [LOWI-Scan] decode_rsn_wpa_ie: LOWI_ENCRYPTION_TYPE_WPA_PSK
09-24 00:15:52.466 1402 3877 D LOWI-9.0.0.87.a: [LOWI-Scan] is_qcom_ie, bss_age: 0
09-24 00:15:52.466 1402 3877 D LOWI-9.0.0.87.a: [LOWI-Scan] BSS e8:db:84:1c:8d:b5 LOWI_PHY_MODE_11NG_HT40(7), Beacon Interval: 100, LOWI_ENCRYPTION_TYPE_WPA_PSK 11mcRanging: No, ANQP: No, LCI: No, Civic: No, capability(0x0431): ESS Privacy ShortPreamble ShortSlotTime
09-24 00:15:52.466 1402 3877 D LOWI-9.0.0.87.a: [LOWI-Scan] BSS e8:db:84:1c:8d:b5 FREQ: 2412, cFreq1[40:80:160] = [2422:0:0] cFreq2 = 0 Country Code = CN
09-24 00:15:52.466 1402 3877 D LOWI-9.0.0.87.a: [LOWI-Scan] BSS e8:db:84:1c:8d:b5 (wlan0) ASSO: NO AddInfo: 0x1, TSF 0, 00:03:42.722, RSSI: -142, CPL: 127, AGE: 2064, SSID 93B6C609, TSFDelta: 0x797772a6, TXRate: 0
09-24 00:15:52.467 1402 3877 D LOWI-9.0.0.87.a: [LOWI-Scan]
09-24 00:15:52.467 1402 3877 D LOWI-9.0.0.87.a: [LOWI-Scan] print_bss_handler: Report Probe TSF 222766271 as it greater than Beacon TSF 222758089
09-24 00:15:52.467 1402 3877 D LOWI-9.0.0.87.a: [LOWI-Scan] decode_rsn_wpa_ie: LOWI_ENCRYPTION_TYPE_WPA_EAP
09-24 00:15:52.467 1402 3877 D LOWI-9.0.0.87.a: [LOWI-Scan] is_qcom_ie, bss_age: 0
09-24 00:15:52.467 1402 3877 D LOWI-9.0.0.87.a: [LOWI-Scan] BSS 68:9e:0b:ef:b5:80 LOWI_PHY_MODE_11NG_HT20(5), Beacon Interval: 100, LOWI_ENCRYPTION_TYPE_WPA_EAP 11mcRanging: No, ANQP: No, LCI: No, Civic: No, capability(0x1111): ESS Privacy SpectrumMgmt
09-24 00:15:52.467 1402 3877 D LOWI-9.0.0.87.a: [LOWI-Scan] BSS 68:9e:0b:ef:b5:80 FREQ: 2412, cFreq1[40:80:160] = [0:0:0] cFreq2 = 0 Country Code = CN
09-24 00:15:52.467 1402 3877 D LOWI-9.0.0.87.a: [LOWI-Scan] BSS 68:9e:0b:ef:b5:80 (wlan0) ASSO: NO AddInfo: 0x0, TSF 0, 00:03:42.766, RSSI: -152, CPL: 127, AGE: 2020, SSID HH, TSFDelta: 0xa85121fb, TXRate: 0
09-24 00:15:52.467 1402 3877 D LOWI-9.0.0.87.a: [LOWI-Scan] -- associated
09-24 00:15:52.467 1402 3877 D LOWI-9.0.0.87.a: [LOWI-Scan]
09-24 00:15:52.468 1402 3877 D LOWI-9.0.0.87.a: [LOWI-Scan] print_bss_handler: Report beacon TSF 224259939 as it greater than probe TSF 223185342
09-24 00:15:52.468 1402 3877 D LOWI-9.0.0.87.a: [LOWI-Scan] decode_rsn_wpa_ie: LOWI_ENCRYPTION_TYPE_WPA_PSK
09-24 00:15:52.468 1402 3877 D LOWI-9.0.0.87.a: [LOWI-Scan] is_qcom_ie, bss_age: 0
09-24 00:15:52.468 1402 3877 D LOWI-9.0.0.87.a: [LOWI-Scan] BSS 4a:33:e3:d5:c7:14 LOWI_PHY_MODE_11AC_VHT80(10), Beacon Interval: 100, LOWI_ENCRYPTION_TYPE_WPA_PSK 11mcRanging: No, ANQP: No, LCI: No, Civic: No, capability(0x1111): ESS Privacy SpectrumMgmt
09-24 00:15:52.468 1402 3877 D LOWI-9.0.0.87.a: [LOWI-Scan] BSS 4a:33:e3:d5:c7:14 FREQ: 5745, cFreq1[40:80:160] = [5755:5775:0] cFreq2 = 0 Country Code = CN
09-24 00:15:52.468 1402 3877 D LOWI-9.0.0.87.a: [LOWI-Scan] BSS 4a:33:e3:d5:c7:14 (wlan0) ASSO: YES AddInfo: 0x1, TSF 0, 00:03:44.259, RSSI: -84, CPL: 127, AGE: 0, SSID _______________ iPhone, TSFDelta: 0xab982985, TXRate: 0
09-24 00:15:52.468 1402 3877 D LOWI-9.0.0.87.a: [LOWI-Scan]
09-24 00:15:52.468 1402 3877 D LOWI-9.0.0.87.a: [LOWI-Scan] print_bss_handler: Report Probe TSF 223316876 as it greater than Beacon TSF 173473114
09-24 00:15:52.468 1402 3877 D LOWI-9.0.0.87.a: [LOWI-Scan] decode_rsn_wpa_ie: LOWI_ENCRYPTION_TYPE_WPA_PSK
09-24 00:15:52.468 1402 3877 D LOWI-9.0.0.87.a: [LOWI-Scan] is_qcom_ie, bss_age: 0
09-24 00:15:52.468 1402 3877 D LOWI-9.0.0.87.a: [LOWI-Scan] BSS b8:11:4b:7f:e8:2f LOWI_PHY_MODE_11AC_VHT40(9), Beacon Interval: 100, LOWI_ENCRYPTION_TYPE_WPA_PSK 11mcRanging: No, ANQP: No, LCI: No, Civic: No, capability(0x1111): ESS Privacy SpectrumMgmt
09-24 00:15:52.468 1402 3877 D LOWI-9.0.0.87.a: [LOWI-Scan] BSS b8:11:4b:7f:e8:2f FREQ: 5765, cFreq1[40:80:160] = [5755:0:0] cFreq2 = 0 Country Code = CN
09-24 00:15:52.469 1402 3877 D LOWI-9.0.0.87.a: [LOWI-Scan] BSS b8:11:4b:7f:e8:2f (wlan0) ASSO: NO AddInfo: 0x0, TSF 0, 00:03:43.316, RSSI: -154, CPL: 127, AGE: 1468, SSID HiPhi-OTA, TSFDelta: 0xbb70ae98, TXRate: 0
09-24 00:15:52.469 1402 3877 D LOWI-9.0.0.87.a: [LOWI-Scan]
09-24 00:15:52.469 1402 3877 D LOWI-9.0.0.87.a: [LOWI-Scan] print_bss_handler: Report Probe TSF 223315800 as it greater than Beacon TSF 142248579
09-24 00:15:52.469 1402 3877 D LOWI-9.0.0.87.a: [LOWI-Scan] decode_rsn_wpa_ie: LOWI_ENCRYPTION_TYPE_WPA_PSK
09-24 00:15:52.469 1402 3877 D LOWI-9.0.0.87.a: [LOWI-Scan] is_qcom_ie, bss_age: 0
09-24 00:15:52.469 1402 3877 D LOWI-9.0.0.87.a: [LOWI-Scan] BSS 6c:31:0e:27:99:af LOWI_PHY_MODE_11AC_VHT40(9), Beacon Interval: 100, LOWI_ENCRYPTION_TYPE_WPA_PSK 11mcRanging: No, ANQP: No, LCI: No, Civic: No, capability(0x1111): ESS Privacy SpectrumMgmt
09-24 00:15:52.469 1402 3877 D LOWI-9.0.0.87.a: [LOWI-Scan] BSS 6c:31:0e:27:99:af FREQ: 5765, cFreq1[40:80:160] = [5755:0:0] cFreq2 = 0 Country Code = CN
09-24 00:15:52.469 1402 3877 D LOWI-9.0.0.87.a: [LOWI-Scan] BSS 6c:31:0e:27:99:af (wlan0) ASSO: NO AddInfo: 0x0, TSF 0, 00:03:43.315, RSSI: -122, CPL: 127, AGE: 1472, SSID HiPhi-OTA, TSFDelta: 0xbb333e69, TXRate: 0
09-24 00:15:52.470 1402 3877 D LOWI-9.0.0.87.a: [LOWI-Scan]
09-24 00:15:52.470 1402 3877 D LOWI-9.0.0.87.a: [LOWI-Scan] print_bss_handler: Report Probe TSF 223317489 as it greater than Beacon TSF 173473800
09-24 00:15:52.470 1402 3877 D LOWI-9.0.0.87.a: [LOWI-Scan] decode_rsn_wpa_ie: LOWI_ENCRYPTION_TYPE_WPA_PSK
09-24 00:15:52.470 1402 3877 D LOWI-9.0.0.87.a: [LOWI-Scan] is_qcom_ie, bss_age: 0
09-24 00:15:52.470 1402 3877 D LOWI-9.0.0.87.a: [LOWI-Scan] BSS dc:77:4c:52:28:4f LOWI_PHY_MODE_11AC_VHT40(9), Beacon Interval: 100, LOWI_ENCRYPTION_TYPE_WPA_PSK 11mcRanging: No, ANQP: No, LCI: No, Civic: No, capability(0x1111): ESS Privacy SpectrumMgmt
09-24 00:15:52.470 1402 3877 D LOWI-9.0.0.87.a: [LOWI-Scan] BSS dc:77:4c:52:28:4f FREQ: 5765, cFreq1[40:80:160] = [5755:0:0] cFreq2 = 0 Country Code = CN
09-24 00:15:52.470 1402 3877 D LOWI-9.0.0.87.a: [LOWI-Scan] BSS dc:77:4c:52:28:4f (wlan0) ASSO: NO AddInfo: 0x0, TSF 0, 00:03:43.317, RSSI: -148, CPL: 127, AGE: 1468, SSID HiPhi-OTA, TSFDelta: 0xbc5ede49, TXRate: 0
09-24 00:15:52.470 1402 3877 D LOWI-9.0.0.87.a: [LOWI-Scan]
09-24 00:15:52.470 1402 3877 D LOWI-9.0.0.87.a: [LOWI-Scan] print_bss_handler: Report Probe TSF 223519662 as it greater than Beacon TSF 83273178
09-24 00:15:52.470 1402 3877 D LOWI-9.0.0.87.a: [LOWI-Scan] decode_rsn_wpa_ie: LOWI_ENCRYPTION_TYPE_WPA_PSK
09-24 00:15:52.470 1402 3877 D LOWI-9.0.0.87.a: [LOWI-Scan] is_qcom_ie, bss_age: 0
01-01 08:03:52.661 0 0 W logd : Skipping entries from slow reader, pid 1279, fd 14, from LogBuffer::Prune()
09-24 00:15:52.470 1402 3877 D LOWI-9.0.0.87.a: [LOWI-Scan] BSS dc:77:4c:52:29:4f LOWI_PHY_MODE_11AC_VHT40(9), Beacon Interval: 100, LOWI_ENCRYPTION_TYPE_WPA_PSK 11mcRanging: No, ANQP: No, LCI: No, Civic: No, capability(0x1111): ESS Privacy SpectrumMgmt
09-24 00:15:52.470 1402 3877 D LOWI-9.0.0.87.a: [LOWI-Scan] BSS dc:77:4c:52:29:4f FREQ: 5805, cFreq1[40:80:160] = [5795:0:0] cFreq2 = 0 Country Code = CN
09-24 00:15:52.470 1402 3877 D LOWI-9.0.0.87.a: [LOWI-Scan] BSS dc:77:4c:52:29:4f (wlan0) ASSO: NO AddInfo: 0x0, TSF 0, 00:03:43.519, RSSI: -136, CPL: 127, AGE: 1268, SSID HiPhi-OTA, TSFDelta: 0xc2e1cde6, TXRate: 0
09-24 00:15:52.471 1402 3877 D LOWI-9.0.0.87.a: [LOWI-Scan]
09-24 00:15:52.471 1402 3877 D LOWI-9.0.0.87.a: [LOWI-Scan] print_bss_handler: Report Probe TSF 223519060 as it greater than Beacon TSF 93297430
09-24 00:15:52.471 1402 3877 D LOWI-9.0.0.87.a: [LOWI-Scan] decode_rsn_wpa_ie: LOWI_ENCRYPTION_TYPE_WPA_PSK
09-24 00:15:52.471 1402 3877 D LOWI-9.0.0.87.a: [LOWI-Scan] is_qcom_ie, bss_age: 0
09-24 00:15:52.471 1402 3877 D LOWI-9.0.0.87.a: [LOWI-Scan] BSS b8:11:4b:7f:ed:0f LOWI_PHY_MODE_11AC_VHT40(9), Beacon Interval: 100, LOWI_ENCRYPTION_TYPE_WPA_PSK 11mcRanging: No, ANQP: No, LCI: No, Civic: No, capability(0x1111): ESS Privacy SpectrumMgmt
09-24 00:15:52.471 1402 3877 D LOWI-9.0.0.87.a: [LOWI-Scan] BSS b8:11:4b:7f:ed:0f FREQ: 5805, cFreq1[40:80:160] = [5795:0:0] cFreq2 = 0 Country Code = CN
09-24 00:15:52.471 1402 3877 D LOWI-9.0.0.87.a: [LOWI-Scan] BSS b8:11:4b:7f:ed:0f (wlan0) ASSO: NO AddInfo: 0x0, TSF 0, 00:03:43.519, RSSI: -106, CPL: 127, AGE: 1268, SSID HiPhi-OTA, TSFDelta: 0xf22c2be2, TXRate: 0
09-24 00:15:52.471 1402 3877 D LOWI-9.0.0.87.a: [LOWI-Scan]
09-24 00:15:52.471 1402 3877 D LOWI-9.0.0.87.a: [LOWI-Scan] print_bss_handler: Report Probe TSF 223249330 as it greater than Beacon TSF 223197693
09-24 00:15:52.471 1402 3877 D LOWI-9.0.0.87.a: [LOWI-Scan] decode_rsn_wpa_ie: LOWI_ENCRYPTION_TYPE_WPA_PSK
09-24 00:15:52.471 1402 3877 D LOWI-9.0.0.87.a: [LOWI-Scan] is_qcom_ie, bss_age: 0
09-24 00:15:52.472 1402 3877 D LOWI-9.0.0.87.a: [LOWI-Scan] BSS 3c:51:0e:2e:ae:80 LOWI_PHY_MODE_11NG_HT20(5), Beacon Interval: 100, LOWI_ENCRYPTION_TYPE_WPA_PSK 11mcRanging: No, ANQP: No, LCI: No, Civic: No, capability(0x1511): ESS Privacy SpectrumMgmt ShortSlotTime
09-24 00:15:52.472 1402 3877 D LOWI-9.0.0.87.a: [LOWI-Scan] BSS 3c:51:0e:2e:ae:80 FREQ: 2437, cFreq1[40:80:160] = [0:0:0] cFreq2 = 0 Country Code = CN
09-24 00:15:52.472 1402 3877 D LOWI-9.0.0.87.a: [LOWI-Scan] BSS 3c:51:0e:2e:ae:80 (wlan0) ASSO: NO AddInfo: 0x0, TSF 0, 00:03:43.249, RSSI: -142, CPL: 127, AGE: 1536, SSID HiPhi-PDI, TSFDelta: 0xb7a2a462, TXRate: 0
09-24 00:15:52.472 1402 3877 D LOWI-9.0.0.87.a: [LOWI-Scan]
09-24 00:15:52.472 1402 3877 D LOWI-9.0.0.87.a: [LOWI-Scan] print_bss_handler: Report Probe TSF 224381258 as it greater than Beacon TSF 224347839
09-24 00:15:52.472 1402 3877 D LOWI-9.0.0.87.a: [LOWI-Scan] decode_rsn_wpa_ie: LOWI_ENCRYPTION_TYPE_WPA_PSK
09-24 00:15:52.472 1402 3877 D LOWI-9.0.0.87.a: [LOWI-Scan] is_qcom_ie, bss_age: 0
09-24 00:15:52.472 1402 3877 D LOWI-9.0.0.87.a: [LOWI-Scan] BSS 68:9e:0b:ef:b3:6e LOWI_PHY_MODE_11AC_VHT40(9), Beacon Interval: 100, LOWI_ENCRYPTION_TYPE_WPA_PSK 11mcRanging: No, ANQP: No, LCI: No, Civic: No, capability(0x1111): ESS Privacy SpectrumMgmt
09-24 00:15:52.472 1402 3877 D LOWI-9.0.0.87.a: [LOWI-Scan] BSS 68:9e:0b:ef:b3:6e FREQ: 5280, cFreq1[40:80:160] = [5270:0:0] cFreq2 = 0 Country Code = CN
09-24 00:15:52.472 1402 3877 D LOWI-9.0.0.87.a: [LOWI-Scan] BSS 68:9e:0b:ef:b3:6e (wlan0) ASSO: NO AddInfo: 0x0, TSF 0, 00:03:44.381, RSSI: -160, CPL: 127, AGE: 404, SSID HHT-FACTORY-OTA, TSFDelta: 0xd7b1632b, TXRate: 0
09-24 00:15:52.473 1402 3877 D LOWI-9.0.0.87.a: [LOWI-Scan]
09-24 00:15:52.473 1402 3877 D LOWI-9.0.0.87.a: [LOWI-Scan] print_bss_handler: Report Probe TSF 224380267 as it greater than Beacon TSF 213822513
09-24 00:15:52.473 1402 3877 D LOWI-9.0.0.87.a: [LOWI-Scan] decode_rsn_wpa_ie: LOWI_ENCRYPTION_TYPE_WPA_PSK
09-24 00:15:52.473 1402 3877 D LOWI-9.0.0.87.a: [LOWI-Scan] is_qcom_ie, bss_age: 0
09-24 00:15:52.473 1402 3877 D LOWI-9.0.0.87.a: [LOWI-Scan] BSS 3c:51:0e:2e:f4:af LOWI_PHY_MODE_11AC_VHT40(9), Beacon Interval: 100, LOWI_ENCRYPTION_TYPE_WPA_PSK 11mcRanging: No, ANQP: No, LCI: No, Civic: No, capability(0x1111): ESS Privacy SpectrumMgmt
09-24 00:15:52.473 1402 3877 D LOWI-9.0.0.87.a: [LOWI-Scan] BSS 3c:51:0e:2e:f4:af FREQ: 5280, cFreq1[40:80:160] = [5270:0:0] cFreq2 = 0 Country Code = CN
09-24 00:15:52.473 1402 3877 D LOWI-9.0.0.87.a: [LOWI-Scan] BSS 3c:51:0e:2e:f4:af (wlan0) ASSO: NO AddInfo: 0x0, TSF 0, 00:03:44.380, RSSI: -172, CPL: 127, AGE: 404, SSID HiPhi-PDI, TSFDelta: 0xd8dfac88, TXRate: 0
09-24 00:15:52.473 1402 3877 D LOWI-9.0.0.87.a: [LOWI-Scan]
09-24 00:15:52.473 1402 3877 D LOWI-9.0.0.87.a: [LOWI-Scan] print_bss_handler: Report Probe TSF 224380835 as it greater than Beacon TSF 224344177
09-24 00:15:52.473 1402 3877 D LOWI-9.0.0.87.a: [LOWI-Scan] decode_rsn_wpa_ie: LOWI_ENCRYPTION_TYPE_WPA_EAP
09-24 00:15:52.473 1402 3877 D LOWI-9.0.0.87.a: [LOWI-Scan] is_qcom_ie, bss_age: 0
09-24 00:15:52.473 1402 3877 D LOWI-9.0.0.87.a: [LOWI-Scan] BSS 68:9e:0b:ef:b3:6f LOWI_PHY_MODE_11AC_VHT40(9), Beacon Interval: 100, LOWI_ENCRYPTION_TYPE_WPA_EAP 11mcRanging: No, ANQP: No, LCI: No, Civic: No, capability(0x1111): ESS Privacy SpectrumMgmt
09-24 00:15:52.474 1402 3877 D LOWI-9.0.0.87.a: [LOWI-Scan] BSS 68:9e:0b:ef:b3:6f FREQ: 5280, cFreq1[40:80:160] = [5270:0:0] cFreq2 = 0 Country Code = CN
09-24 00:15:52.474 1402 3877 D LOWI-9.0.0.87.a: [LOWI-Scan] BSS 68:9e:0b:ef:b3:6f (wlan0) ASSO: NO AddInfo: 0x0, TSF 0, 00:03:44.380, RSSI: -160, CPL: 127, AGE: 404, SSID HH, TSFDelta: 0xd7adb8bd, TXRate: 0
09-24 00:15:52.474 1402 3877 D LOWI-9.0.0.87.a: [LOWI-Scan]
09-24 00:15:52.474 1402 3877 D LOWI-9.0.0.87.a: [LOWI-Scan] print_bss_handler: Report beacon TSF 223397044 as it greater than probe TSF 205783963
09-24 00:15:52.474 1402 3877 D LOWI-9.0.0.87.a: [LOWI-Scan] decode_rsn_wpa_ie: LOWI_ENCRYPTION_TYPE_WPA_PSK
09-24 00:15:52.474 1402 3877 D LOWI-9.0.0.87.a: [LOWI-Scan] is_qcom_ie, bss_age: 0
09-24 00:15:52.474 1402 3877 D LOWI-9.0.0.87.a: [LOWI-Scan] BSS d4:72:26:02:22:99 LOWI_PHY_MODE_11NG_HT40(7), Beacon Interval: 100, LOWI_ENCRYPTION_TYPE_WPA_PSK 11mcRanging: No, ANQP: No, LCI: No, Civic: No, capability(0x0411): ESS Privacy ShortSlotTime
09-24 00:15:52.474 1402 3877 D LOWI-9.0.0.87.a: [LOWI-Scan] BSS d4:72:26:02:22:99 FREQ: 2447, cFreq1[40:80:160] = [2437:0:0] cFreq2 = 0 Country Code = CN
09-24 00:15:52.474 1402 3877 D LOWI-9.0.0.87.a: [LOWI-Scan] BSS d4:72:26:02:22:99 (wlan0) ASSO: NO AddInfo: 0x1, TSF 0, 00:03:43.397, RSSI: -152, CPL: 127, AGE: 1388, SSID ZTE_022299, TSFDelta: 0x523fa032, TXRate: 0
09-24 00:15:52.474 1129 1821 D WificondScannerImpl: Filtering out 6 scan results.
09-24 00:15:52.475 1402 3877 D LOWI-9.0.0.87.a: [LOWI-Scan]
09-24 00:15:52.475 1402 3877 D LOWI-9.0.0.87.a: [LOWI-Scan] print_bss_handler: Report Probe TSF 224772245 as it greater than Beacon TSF 224746819
09-24 00:15:52.475 1402 3877 D LOWI-9.0.0.87.a: [LOWI-Scan] decode_rsn_wpa_ie: LOWI_ENCRYPTION_TYPE_WPA_PSK
09-24 00:15:52.475 1402 3877 D LOWI-9.0.0.87.a: [LOWI-Scan] is_qcom_ie, bss_age: 0
09-24 00:15:52.475 1402 3877 D LOWI-9.0.0.87.a: [LOWI-Scan] BSS 3c:51:0e:47:7c:2f LOWI_PHY_MODE_11AC_VHT40(9), Beacon Interval: 100, LOWI_ENCRYPTION_TYPE_WPA_PSK 11mcRanging: No, ANQP: No, LCI: No, Civic: No, capability(0x1111): ESS Privacy SpectrumMgmt
09-24 00:15:52.475 1402 3877 D LOWI-9.0.0.87.a: [LOWI-Scan] BSS 3c:51:0e:47:7c:2f FREQ: 5320, cFreq1[40:80:160] = [5310:0:0] cFreq2 = 0 Country Code = CN
09-24 00:15:52.475 1402 3877 D LOWI-9.0.0.87.a: [LOWI-Scan] BSS 3c:51:0e:47:7c:2f (wlan0) ASSO: NO AddInfo: 0x0, TSF 0, 00:03:44.772, RSSI: -148, CPL: 127, AGE: 12, SSID HiPhi-PDI, TSFDelta: 0xe395145c, TXRate: 0
09-24 00:15:52.475 1402 3877 D LOWI-9.0.0.87.a: [LOWI-Scan]
09-24 00:15:52.475 1402 3877 D LOWI-9.0.0.87.a: [LOWI-Scan] print_bss_handler: Report Probe TSF 224780891 as it greater than Beacon TSF 224749716
09-24 00:15:52.475 1402 3877 D LOWI-9.0.0.87.a: [LOWI-Scan] decode_rsn_wpa_ie: LOWI_ENCRYPTION_TYPE_WPA_PSK
09-24 00:15:52.475 1402 3877 D LOWI-9.0.0.87.a: [LOWI-Scan] is_qcom_ie, bss_age: 0
09-24 00:15:52.475 1402 3877 D LOWI-9.0.0.87.a: [LOWI-Scan] BSS 4c:a6:4d:b1:84:4b LOWI_PHY_MODE_11AC_VHT40(9), Beacon Interval: 100, LOWI_ENCRYPTION_TYPE_WPA_PSK 11mcRanging: No, ANQP: No, LCI: No, Civic: No, capability(0x1511): ESS Privacy SpectrumMgmt ShortSlotTime
09-24 00:15:52.475 1402 3877 D LOWI-9.0.0.87.a: [LOWI-Scan] BSS 4c:a6:4d:b1:84:4b FREQ: 5320, cFreq1[40:80:160] = [5310:0:0] cFreq2 = 0 Country Code = CN
09-24 00:15:52.476 1402 3877 D LOWI-9.0.0.87.a: [LOWI-Scan] BSS 4c:a6:4d:b1:84:4b (wlan0) ASSO: NO AddInfo: 0x0, TSF 0, 00:03:44.780, RSSI: -162, CPL: 127, AGE: 4, SSID HH-Partner, TSFDelta: 0xdf525769, TXRate: 0
09-24 00:15:52.476 1402 3877 D LOWI-9.0.0.87.a: [LOWI-Scan]
09-24 00:15:52.476 1402 3877 D LOWI-9.0.0.87.a: [LOWI-Scan] print_bss_handler: Report Probe TSF 224780551 as it greater than Beacon TSF 224750535
09-24 00:15:52.476 1402 3877 D LOWI-9.0.0.87.a: [LOWI-Scan] decode_rsn_wpa_ie: LOWI_ENCRYPTION_TYPE_WPA_EAP
09-24 00:15:52.476 1402 3877 D LOWI-9.0.0.87.a: [LOWI-Scan] is_qcom_ie, bss_age: 0
09-24 00:15:52.476 1402 3877 D LOWI-9.0.0.87.a: [LOWI-Scan] BSS 4c:a6:4d:b1:84:4c LOWI_PHY_MODE_11AC_VHT40(9), Beacon Interval: 100, LOWI_ENCRYPTION_TYPE_WPA_EAP 11mcRanging: No, ANQP: No, LCI: No, Civic: No, capability(0x1511): ESS Privacy SpectrumMgmt ShortSlotTime
09-24 00:15:52.476 1402 3877 D LOWI-9.0.0.87.a: [LOWI-Scan] BSS 4c:a6:4d:b1:84:4c FREQ: 5320, cFreq1[40:80:160] = [5310:0:0] cFreq2 = 0 Country Code = CN
09-24 00:15:52.476 1402 3877 D LOWI-9.0.0.87.a: [LOWI-Scan] BSS 4c:a6:4d:b1:84:4c (wlan0) ASSO: NO AddInfo: 0x0, TSF 0, 00:03:44.780, RSSI: -162, CPL: 127, AGE: 4, SSID HH-mobile, TSFDelta: 0xdf4e7010, TXRate: 0
09-24 00:15:52.477 1402 3877 D LOWI-9.0.0.87.a: [LOWI-Scan]
09-24 00:15:52.477 1402 3877 D LOWI-9.0.0.87.a: [LOWI-Scan] print_bss_handler: Report Probe TSF 224779792 as it greater than Beacon TSF 224755399
09-24 00:15:52.477 1402 3877 D LOWI-9.0.0.87.a: [LOWI-Scan] decode_rsn_wpa_ie: LOWI_ENCRYPTION_TYPE_WPA_PSK
09-24 00:15:52.477 1402 3877 D LOWI-9.0.0.87.a: [LOWI-Scan] is_qcom_ie, bss_age: 0
09-24 00:15:52.477 1402 3877 D LOWI-9.0.0.87.a: [LOWI-Scan] BSS 4c:a6:4d:b1:84:4d LOWI_PHY_MODE_11AC_VHT40(9), Beacon Interval: 100, LOWI_ENCRYPTION_TYPE_WPA_PSK 11mcRanging: No, ANQP: No, LCI: No, Civic: No, capability(0x1511): ESS Privacy SpectrumMgmt ShortSlotTime
09-24 00:15:52.477 1402 3877 D LOWI-9.0.0.87.a: [LOWI-Scan] BSS 4c:a6:4d:b1:84:4d FREQ: 5320, cFreq1[40:80:160] = [5310:0:0] cFreq2 = 0 Country Code = CN
09-24 00:15:52.477 1402 3877 D LOWI-9.0.0.87.a: [LOWI-Scan] BSS 4c:a6:4d:b1:84:4d (wlan0) ASSO: NO AddInfo: 0x0, TSF 0, 00:03:44.779, RSSI: -162, CPL: 127, AGE: 8, SSID HH-Guest, TSFDelta: 0xdf4a8af5, TXRate: 0
09-24 00:15:52.477 1402 3877 D LOWI-9.0.0.87.a: [LOWI-Scan]
09-24 00:15:52.477 1402 3877 D LOWI-9.0.0.87.a: [LOWI-Scan] print_bss_handler: Report beacon TSF 224757858 as it greater than probe TSF 224757858
09-24 00:15:52.478 1402 3877 D LOWI-9.0.0.87.a: [LOWI-Scan] decode_rsn_wpa_ie: LOWI_ENCRYPTION_TYPE_WPA_PSK
09-24 00:15:52.478 1402 3877 D LOWI-9.0.0.87.a: [LOWI-Scan] is_qcom_ie, bss_age: 0
09-24 00:15:52.478 1402 3877 D LOWI-9.0.0.87.a: [LOWI-Scan] BSS 4c:a6:4d:b1:84:4e LOWI_PHY_MODE_11AC_VHT40(9), Beacon Interval: 100, LOWI_ENCRYPTION_TYPE_WPA_PSK 11mcRanging: No, ANQP: No, LCI: No, Civic: No, capability(0x1511): ESS Privacy SpectrumMgmt ShortSlotTime
09-24 00:15:52.478 1402 3877 D LOWI-9.0.0.87.a: [LOWI-Scan] BSS 4c:a6:4d:b1:84:4e FREQ: 5320, cFreq1[40:80:160] = [5310:0:0] cFreq2 = 0 Country Code = CN
09-24 00:15:52.478 1402 3877 D LOWI-9.0.0.87.a: [LOWI-Scan] BSS 4c:a6:4d:b1:84:4e (wlan0) ASSO: NO AddInfo: 0x1, TSF 0, 00:03:44.757, RSSI: -164, CPL: 127, AGE: 28, SSID , TSFDelta: 0xdea8e03c, TXRate: 0
09-24 00:15:52.478 1402 3877 D LOWI-9.0.0.87.a: [LOWI-Scan]
09-24 00:15:52.478 1402 3877 D LOWI-9.0.0.87.a: [LOWI-Scan] print_bss_handler: Report Probe TSF 224778956 as it greater than Beacon TSF 224758757
09-24 00:15:52.478 1402 3877 D LOWI-9.0.0.87.a: [LOWI-Scan] decode_rsn_wpa_ie: LOWI_ENCRYPTION_TYPE_WPA_EAP
09-24 00:15:52.478 1402 3877 D LOWI-9.0.0.87.a: [LOWI-Scan] is_qcom_ie, bss_age: 0
09-24 00:15:52.478 1402 3877 D LOWI-9.0.0.87.a: [LOWI-Scan] BSS 4c:a6:4d:b1:84:4f LOWI_PHY_MODE_11AC_VHT40(9), Beacon Interval: 100, LOWI_ENCRYPTION_TYPE_WPA_EAP 11mcRanging: No, ANQP: No, LCI: No, Civic: No, capability(0x1511): ESS Privacy SpectrumMgmt ShortSlotTime
09-24 00:15:52.478 1402 3877 D LOWI-9.0.0.87.a: [LOWI-Scan] BSS 4c:a6:4d:b1:84:4f FREQ: 5320, cFreq1[40:80:160] = [5310:0:0] cFreq2 = 0 Country Code = CN
09-24 00:15:52.478 1402 3877 D LOWI-9.0.0.87.a: [LOWI-Scan] BSS 4c:a6:4d:b1:84:4f (wlan0) ASSO: NO AddInfo: 0x0, TSF 0, 00:03:44.778, RSSI: -162, CPL: 127, AGE: 8, SSID HH, TSFDelta: 0xdf46b2c4, TXRate: 0
09-24 00:15:52.479 1402 3877 D LOWI-9.0.0.87.a: [LOWI-Scan]
09-24 00:15:52.479 1402 3877 D LOWI-9.0.0.87.a: [LOWI-Scan] print_bss_handler: Report Probe TSF 223679941 as it greater than Beacon TSF 204000739
09-24 00:15:52.479 1402 3877 D LOWI-9.0.0.87.a: [LOWI-Scan] decode_rsn_wpa_ie: LOWI_ENCRYPTION_TYPE_WPA_EAP
09-24 00:15:52.479 1402 3877 D LOWI-9.0.0.87.a: [LOWI-Scan] is_qcom_ie, bss_age: 0
09-24 00:15:52.479 1402 3877 D LOWI-9.0.0.87.a: [LOWI-Scan] BSS 4c:a6:4d:b1:84:40 LOWI_PHY_MODE_11NG_HT20(5), Beacon Interval: 100, LOWI_ENCRYPTION_TYPE_WPA_EAP 11mcRanging: No, ANQP: No, LCI: No, Civic: No, capability(0x1411): ESS Privacy ShortSlotTime
09-24 00:15:52.479 1402 3877 D LOWI-9.0.0.87.a: [LOWI-Scan] BSS 4c:a6:4d:b1:84:40 FREQ: 2462, cFreq1[40:80:160] = [0:0:0] cFreq2 = 0 Country Code = CN
09-24 00:15:52.479 1402 3877 D LOWI-9.0.0.87.a: [LOWI-Scan] BSS 4c:a6:4d:b1:84:40 (wlan0) ASSO: NO AddInfo: 0x0, TSF 0, 00:03:43.679, RSSI: -162, CPL: 127, AGE: 1108, SSID HH, TSFDelta: 0xbfa58ab3, TXRate: 0
09-24 00:15:52.479 1402 3877 D LOWI-9.0.0.87.a: [LOWI-Scan]
09-24 00:15:52.479 1402 3877 D LOWI-9.0.0.87.a: [LOWI-Scan] print_bss_handler: Report beacon TSF 224099373 as it greater than probe TSF 224096975
09-24 00:15:52.479 1402 3877 D LOWI-9.0.0.87.a: [LOWI-Scan] decode_rsn_wpa_ie: LOWI_ENCRYPTION_TYPE_WPA_PSK
09-24 00:15:52.479 1402 3877 D LOWI-9.0.0.87.a: [LOWI-Scan] is_qcom_ie, bss_age: 0
09-24 00:15:52.479 1402 3877 D LOWI-9.0.0.87.a: [LOWI-Scan] BSS 6c:31:0e:27:99:a0 LOWI_PHY_MODE_11NG_HT20(5), Beacon Interval: 100, LOWI_ENCRYPTION_TYPE_WPA_PSK 11mcRanging: No, ANQP: No, LCI: No, Civic: No, capability(0x1111): ESS Privacy SpectrumMgmt
09-24 00:15:52.480 1402 3877 D LOWI-9.0.0.87.a: [LOWI-Scan] BSS 6c:31:0e:27:99:a0 FREQ: 2462, cFreq1[40:80:160] = [0:0:0] cFreq2 = 0 Country Code = CN
09-24 00:15:52.480 1402 3877 D LOWI-9.0.0.87.a: [LOWI-Scan] BSS 6c:31:0e:27:99:a0 (wlan0) ASSO: NO AddInfo: 0x1, TSF 0, 00:03:44.099, RSSI: -150, CPL: 127, AGE: 688, SSID HiPhi-OTA, TSFDelta: 0xd143c9d8, TXRate: 0
09-24 00:15:52.480 1402 3877 D LOWI-9.0.0.87.a: [LOWI-Scan]
09-24 00:15:52.480 1402 3877 D LOWI-9.0.0.87.a: [LOWI-Scan] print_bss_handler: Report Probe TSF 224138535 as it greater than Beacon TSF 223722722
09-24 00:15:52.480 1402 3877 D LOWI-9.0.0.87.a: [LOWI-Scan] decode_rsn_wpa_ie: LOWI_ENCRYPTION_TYPE_WPA_PSK
09-24 00:15:52.480 1402 3877 D LOWI-9.0.0.87.a: [LOWI-Scan] is_qcom_ie, bss_age: 0
09-24 00:15:52.480 1402 3877 D LOWI-9.0.0.87.a: [LOWI-Scan] BSS dc:77:4c:52:29:40 LOWI_PHY_MODE_11NG_HT20(5), Beacon Interval: 100, LOWI_ENCRYPTION_TYPE_WPA_PSK 11mcRanging: No, ANQP: No, LCI: No, Civic: No, capability(0x1111): ESS Privacy SpectrumMgmt
09-24 00:15:52.480 1402 3877 D LOWI-9.0.0.87.a: [LOWI-Scan] BSS dc:77:4c:52:29:40 FREQ: 2462, cFreq1[40:80:160] = [0:0:0] cFreq2 = 0 Country Code = CN
09-24 00:15:52.480 1402 3877 D LOWI-9.0.0.87.a: [LOWI-Scan] BSS dc:77:4c:52:29:40 (wlan0) ASSO: NO AddInfo: 0x0, TSF 0, 00:03:44.138, RSSI: -148, CPL: 127, AGE: 648, SSID HiPhi-OTA, TSFDelta: 0xd33b3ccc, TXRate: 0
09-24 00:15:52.481 1402 3877 D LOWI-9.0.0.87.a: [LOWI-Scan]
09-24 00:15:52.481 1402 3877 D LOWI-9.0.0.87.a: [LOWI-Scan] print_bss_handler: Report beacon TSF 224110208 as it greater than probe TSF 142575427
09-24 00:15:52.481 1402 3877 D LOWI-9.0.0.87.a: [LOWI-Scan] decode_rsn_wpa_ie: LOWI_ENCRYPTION_TYPE_WPA_PSK
09-24 00:15:52.481 1402 3877 D LOWI-9.0.0.87.a: [LOWI-Scan] is_qcom_ie, bss_age: 0
09-24 00:15:52.481 1402 3877 D LOWI-9.0.0.87.a: [LOWI-Scan] BSS 98:97:cc:7e:02:6e LOWI_PHY_MODE_11NG_HT40(7), Beacon Interval: 100, LOWI_ENCRYPTION_TYPE_WPA_PSK 11mcRanging: No, ANQP: No, LCI: No, Civic: No, capability(0x1411): ESS Privacy ShortSlotTime
09-24 00:15:52.481 1402 3877 D LOWI-9.0.0.87.a: [LOWI-Scan] BSS 98:97:cc:7e:02:6e FREQ: 2462, cFreq1[40:80:160] = [2452:0:0] cFreq2 = 0 Country Code = CN
09-24 00:15:52.481 1402 3877 D LOWI-9.0.0.87.a: [LOWI-Scan] BSS 98:97:cc:7e:02:6e (wlan0) ASSO: NO AddInfo: 0x1, TSF 0, 00:03:44.110, RSSI: -142, CPL: 127, AGE: 676, SSID TP-LINK_026E, TSFDelta: 0xbb9dd66f, TXRate: 0
09-24 00:15:52.481 1402 3877 D LOWI-9.0.0.87.a: [LOWI-Scan]
09-24 00:15:52.481 1402 3877 D LOWI-9.0.0.87.a: [LOWI-Scan] print_bss_handler: Report Probe TSF 224104402 as it greater than Beacon TSF 176047136
09-24 00:15:52.481 1402 3877 D LOWI-9.0.0.87.a: [LOWI-Scan] decode_rsn_wpa_ie: LOWI_ENCRYPTION_TYPE_WPA_PSK
09-24 00:15:52.481 1402 3877 D LOWI-9.0.0.87.a: [LOWI-Scan] is_qcom_ie, bss_age: 0
09-24 00:15:52.481 1402 3877 D LOWI-9.0.0.87.a: [LOWI-Scan] BSS 4c:a6:4d:b1:84:42 LOWI_PHY_MODE_11NG_HT20(5), Beacon Interval: 100, LOWI_ENCRYPTION_TYPE_WPA_PSK 11mcRanging: No, ANQP: No, LCI: No, Civic: No, capability(0x1411): ESS Privacy ShortSlotTime
09-24 00:15:52.481 1402 3877 D LOWI-9.0.0.87.a: [LOWI-Scan] BSS 4c:a6:4d:b1:84:42 FREQ: 2462, cFreq1[40:80:160] = [0:0:0] cFreq2 = 0 Country Code = CN
09-24 00:15:52.482 1402 3877 D LOWI-9.0.0.87.a: [LOWI-Scan] BSS 4c:a6:4d:b1:84:42 (wlan0) ASSO: NO AddInfo: 0x0, TSF 0, 00:03:44.104, RSSI: -166, CPL: 127, AGE: 680, SSID HH-Guest, TSFDelta: 0xcbbb64f2, TXRate: 0
09-24 00:15:52.482 1402 3877 D LOWI-9.0.0.87.a: [LOWI-Scan]
09-24 00:15:52.482 1402 3877 D LOWI-9.0.0.87.a: [LOWI-Scan] print_bss_handler: Report Probe TSF 224107055 as it greater than Beacon TSF 224076519
09-24 00:15:52.482 1402 3877 D LOWI-9.0.0.87.a: [LOWI-Scan] decode_rsn_wpa_ie: LOWI_ENCRYPTION_TYPE_WPA_EAP
09-24 00:15:52.482 1402 3877 D LOWI-9.0.0.87.a: [LOWI-Scan] is_qcom_ie, bss_age: 0
09-24 00:15:52.482 1402 3877 D LOWI-9.0.0.87.a: [LOWI-Scan] BSS 4c:a6:4d:b1:84:43 LOWI_PHY_MODE_11NG_HT20(5), Beacon Interval: 100, LOWI_ENCRYPTION_TYPE_WPA_EAP 11mcRanging: No, ANQP: No, LCI: No, Civic: No, capability(0x1411): ESS Privacy ShortSlotTime
09-24 00:15:52.482 1402 3877 D LOWI-9.0.0.87.a: [LOWI-Scan] BSS 4c:a6:4d:b1:84:43 FREQ: 2462, cFreq1[40:80:160] = [0:0:0] cFreq2 = 0 Country Code = CN
09-24 00:15:52.482 1402 3877 D LOWI-9.0.0.87.a: [LOWI-Scan] BSS 4c:a6:4d:b1:84:43 (wlan0) ASSO: NO AddInfo: 0x0, TSF 0, 00:03:44.107, RSSI: -164, CPL: 127, AGE: 680, SSID HH-mobile, TSFDelta: 0xcbcc2d09, TXRate: 0
09-24 00:15:52.483 1402 3877 D LOWI-9.0.0.87.a: [LOWI-Scan]
09-24 00:15:52.483 1402 3877 D LOWI-9.0.0.87.a: [LOWI-Scan] print_bss_handler: Report Probe TSF 223706727 as it greater than Beacon TSF 176051299
09-24 00:15:52.483 1402 3877 D LOWI-9.0.0.87.a: [LOWI-Scan] decode_rsn_wpa_ie: LOWI_ENCRYPTION_TYPE_WPA_PSK
09-24 00:15:52.483 1402 3877 D LOWI-9.0.0.87.a: [LOWI-Scan] is_qcom_ie, bss_age: 0
09-24 00:15:52.483 1402 3877 D LOWI-9.0.0.87.a: [LOWI-Scan] BSS 4c:a6:4d:b1:84:44 LOWI_PHY_MODE_11NG_HT20(5), Beacon Interval: 100, LOWI_ENCRYPTION_TYPE_WPA_PSK 11mcRanging: No, ANQP: No, LCI: No, Civic: No, capability(0x1411): ESS Privacy ShortSlotTime
09-24 00:15:52.483 1402 3877 D LOWI-9.0.0.87.a: [LOWI-Scan] BSS 4c:a6:4d:b1:84:44 FREQ: 2462, cFreq1[40:80:160] = [0:0:0] cFreq2 = 0 Country Code = CN
09-24 00:15:52.483 1402 3877 D LOWI-9.0.0.87.a: [LOWI-Scan] BSS 4c:a6:4d:b1:84:44 (wlan0) ASSO: NO AddInfo: 0x0, TSF 0, 00:03:43.706, RSSI: -166, CPL: 127, AGE: 1080, SSID HH-Partner, TSFDelta: 0xc00f9124, TXRate: 0
09-24 00:15:52.483 1402 3877 D LOWI-9.0.0.87.a: [LOWI-Scan]
09-24 00:15:52.483 1402 3877 D LOWI-9.0.0.87.a: [LOWI-Scan] print_bss_handler: Report beacon TSF 222768792 as it greater than probe TSF 222759011
09-24 00:15:52.483 1402 3877 D LOWI-9.0.0.87.a: [LOWI-Scan] decode_rsn_wpa_ie: LOWI_ENCRYPTION_TYPE_WPA_PSK
09-24 00:15:52.483 1402 3877 D LOWI-9.0.0.87.a: [LOWI-Scan] is_qcom_ie, bss_age: 0
09-24 00:15:52.483 1402 3877 D LOWI-9.0.0.87.a: [LOWI-Scan] BSS 3c:51:0e:47:ad:00 LOWI_PHY_MODE_11NG_HT20(5), Beacon Interval: 100, LOWI_ENCRYPTION_TYPE_WPA_PSK 11mcRanging: No, ANQP: No, LCI: No, Civic: No, capability(0x1111): ESS Privacy SpectrumMgmt
09-24 00:15:52.483 1402 3877 D LOWI-9.0.0.87.a: [LOWI-Scan] BSS 3c:51:0e:47:ad:00 FREQ: 2412, cFreq1[40:80:160] = [0:0:0] cFreq2 = 0 Country Code = CN
09-24 00:15:52.483 1402 3877 D LOWI-9.0.0.87.a: [LOWI-Scan] BSS 3c:51:0e:47:ad:00 (wlan0) ASSO: NO AddInfo: 0x1, TSF 0, 00:03:42.768, RSSI: -148, CPL: 127, AGE: 2016, SSID HiPhi-PDI, TSFDelta: 0xaa781505, TXRate: 0
09-24 00:15:52.484 1402 3877 D LOWI-9.0.0.87.a: [LOWI-Scan]
09-24 00:15:52.484 1402 3877 D LOWI-9.0.0.87.a: [LOWI-Scan] print_bss_handler: Report beacon TSF 223212631 as it greater than probe TSF 213122001
09-24 00:15:52.484 1402 3877 D LOWI-9.0.0.87.a: [LOWI-Scan] decode_rsn_wpa_ie: LOWI_ENCRYPTION_TYPE_WPA_EAP
09-24 00:15:52.484 1402 3877 D LOWI-9.0.0.87.a: [LOWI-Scan] is_qcom_ie, bss_age: 0
09-24 00:15:52.484 1402 3877 D LOWI-9.0.0.87.a: [LOWI-Scan] BSS 68:9e:0b:ef:b3:60 LOWI_PHY_MODE_11NG_HT20(5), Beacon Interval: 100, LOWI_ENCRYPTION_TYPE_WPA_EAP 11mcRanging: No, ANQP: No, LCI: No, Civic: No, capability(0x1111): ESS Privacy SpectrumMgmt
09-24 00:15:52.484 1402 3877 D LOWI-9.0.0.87.a: [LOWI-Scan] BSS 68:9e:0b:ef:b3:60 FREQ: 2437, cFreq1[40:80:160] = [0:0:0] cFreq2 = 0 Country Code = CN
09-24 00:15:52.484 1402 3877 D LOWI-9.0.0.87.a: [LOWI-Scan] BSS 68:9e:0b:ef:b3:60 (wlan0) ASSO: NO AddInfo: 0x1, TSF 0, 00:03:43.212, RSSI: -150, CPL: 127, AGE: 1572, SSID HH, TSFDelta: 0xb448ec97, TXRate: 0
09-24 00:15:52.484 1402 3877 D LOWI-9.0.0.87.a: [LOWI-Scan]
09-24 00:15:52.484 1402 3877 D LOWI-9.0.0.87.a: [LOWI-Scan] print_bss_handler: Report Probe TSF 205636761 as it greater than Beacon TSF 195640478
09-24 00:15:52.484 1402 3877 D LOWI-9.0.0.87.a: [LOWI-Scan] decode_rsn_wpa_ie: LOWI_ENCRYPTION_TYPE_WPA_PSK
09-24 00:15:52.484 1402 3877 D LOWI-9.0.0.87.a: [LOWI-Scan] is_qcom_ie, bss_age: 0
09-24 00:15:52.484 1402 3877 D LOWI-9.0.0.87.a: [LOWI-Scan] adjust_age:AP AGE upper limit reached. Dont store
09-24 00:15:52.484 1402 3877 D LOWI-9.0.0.87.a: [LOWI-Scan] BSS 3c:51:0e:2e:f4:a0 LOWI_PHY_MODE_11NG_HT20(5), Beacon Interval: 100, LOWI_ENCRYPTION_TYPE_WPA_PSK 11mcRanging: No, ANQP: No, LCI: No, Civic: No, capability(0x1111): ESS Privacy SpectrumMgmt
09-24 00:15:52.484 1402 3877 D LOWI-9.0.0.87.a: [LOWI-Scan] BSS 3c:51:0e:2e:f4:a0 FREQ: 2437, cFreq1[40:80:160] = [0:0:0] cFreq2 = 0 Country Code = CN
09-24 00:15:52.484 1402 3877 D LOWI-9.0.0.87.a: [LOWI-Scan] BSS 3c:51:0e:2e:f4:a0 (wlan0) ASSO: NO AddInfo: 0x0, TSF 0, 00:03:25.636, RSSI: -160, CPL: 127, AGE: 19148, SSID HiPhi-PDI, TSFDelta: 0xb85ca96e, TXRate: 0
09-24 00:15:52.485 1402 3877 D LOWI-9.0.0.87.a: [LOWI-Scan]
09-24 00:15:52.485 1402 3877 D LOWI-9.0.0.87.a: [LOWI-Scan] print_bss_handler: Report Probe TSF 223180696 as it greater than Beacon TSF 203586940
09-24 00:15:52.485 1402 3877 D LOWI-9.0.0.87.a: [LOWI-Scan] decode_rsn_wpa_ie: LOWI_ENCRYPTION_TYPE_WPA_PSK
09-24 00:15:52.485 1402 3877 D LOWI-9.0.0.87.a: [LOWI-Scan] is_qcom_ie, bss_age: 0
09-24 00:15:52.485 1402 3877 D LOWI-9.0.0.87.a: [LOWI-Scan] BSS 68:9e:0b:ef:b3:61 LOWI_PHY_MODE_11NG_HT20(5), Beacon Interval: 100, LOWI_ENCRYPTION_TYPE_WPA_PSK 11mcRanging: No, ANQP: No, LCI: No, Civic: No, capability(0x1111): ESS Privacy SpectrumMgmt
09-24 00:15:52.485 1402 3877 D LOWI-9.0.0.87.a: [LOWI-Scan] BSS 68:9e:0b:ef:b3:61 FREQ: 2437, cFreq1[40:80:160] = [0:0:0] cFreq2 = 0 Country Code = CN
09-24 00:15:52.485 1402 3877 D LOWI-9.0.0.87.a: [LOWI-Scan] BSS 68:9e:0b:ef:b3:61 (wlan0) ASSO: NO AddInfo: 0x0, TSF 0, 00:03:43.180, RSSI: -148, CPL: 127, AGE: 1604, SSID HHT-FACTORY-OTA, TSFDelta: 0xb4380b4e, TXRate: 0
09-24 00:15:52.485 1402 3877 D LOWI-9.0.0.87.a: [LOWI-Scan]
09-24 00:15:52.485 1402 3877 D LOWI-9.0.0.87.a: [LOWI-Scan] print_bss_handler: Report beacon TSF 223458712 as it greater than probe TSF 223417451
09-24 00:15:52.485 1402 3877 D LOWI-9.0.0.87.a: [LOWI-Scan] decode_rsn_wpa_ie: LOWI_ENCRYPTION_TYPE_WPA_PSK
09-24 00:15:52.485 1402 3877 D LOWI-9.0.0.87.a: [LOWI-Scan] is_qcom_ie, bss_age: 0
09-24 00:15:52.485 1402 3877 D LOWI-9.0.0.87.a: [LOWI-Scan] BSS d6:72:26:02:22:99 LOWI_PHY_MODE_11NG_HT40(7), Beacon Interval: 100, LOWI_ENCRYPTION_TYPE_WPA_PSK 11mcRanging: No, ANQP: No, LCI: No, Civic: No, capability(0x0411): ESS Privacy ShortSlotTime
09-24 00:15:52.485 1402 3877 D LOWI-9.0.0.87.a: [LOWI-Scan] BSS d6:72:26:02:22:99 FREQ: 2447, cFreq1[40:80:160] = [2437:0:0] cFreq2 = 0 Country Code = CN
09-24 00:15:52.485 1402 3877 D LOWI-9.0.0.87.a: [LOWI-Scan] BSS d6:72:26:02:22:99 (wlan0) ASSO: NO AddInfo: 0x1, TSF 0, 00:03:43.458, RSSI: -152, CPL: 127, AGE: 1328, SSID ZTE_1234567890, TSFDelta: 0x517dd51c, TXRate: 0
09-24 00:15:52.486 1402 3877 D LOWI-9.0.0.87.a: [LOWI-Scan]
09-24 00:15:52.486 1402 3877 D LOWI-9.0.0.87.a: [LOWI-Scan] print_bss_handler: Report Probe TSF 212705303 as it greater than Beacon TSF 205133018
09-24 00:15:52.486 1402 3877 D LOWI-9.0.0.87.a: [LOWI-Scan] decode_rsn_wpa_ie: LOWI_ENCRYPTION_TYPE_WPA_PSK
09-24 00:15:52.486 1402 3877 D LOWI-9.0.0.87.a: [LOWI-Scan] is_qcom_ie, bss_age: 0
09-24 00:15:52.486 1402 3877 D LOWI-9.0.0.87.a: [LOWI-Scan] adjust_age:AP AGE upper limit reached. Dont store
09-24 00:15:52.486 1402 3877 D LOWI-9.0.0.87.a: [LOWI-Scan] BSS 68:9e:0b:ef:b5:81 LOWI_PHY_MODE_11NG_HT20(5), Beacon Interval: 100, LOWI_ENCRYPTION_TYPE_WPA_PSK 11mcRanging: No, ANQP: No, LCI: No, Civic: No, capability(0x1111): ESS Privacy SpectrumMgmt
09-24 00:15:52.486 1402 3877 D LOWI-9.0.0.87.a: [LOWI-Scan] BSS 68:9e:0b:ef:b5:81 FREQ: 2412, cFreq1[40:80:160] = [0:0:0] cFreq2 = 0 Country Code = CN
09-24 00:15:52.486 1402 3877 D LOWI-9.0.0.87.a: [LOWI-Scan] BSS 68:9e:0b:ef:b5:81 (wlan0) ASSO: NO AddInfo: 0x0, TSF 0, 00:03:32.705, RSSI: -136, CPL: 127, AGE: 12080, SSID HHT-FACTORY-OTA, TSFDelta: 0xa7d64e34, TXRate: 0
09-24 00:15:52.486 1402 3877 D LOWI-9.0.0.87.a: [LOWI-Scan]
09-24 00:15:52.486 1402 3877 D LOWI-9.0.0.87.a: [LOWI-Scan] print_bss_handler: Report Probe TSF 223237957 as it greater than Beacon TSF 223195262
09-24 00:15:52.486 1402 3877 D LOWI-9.0.0.87.a: [LOWI-Scan] decode_rsn_wpa_ie: LOWI_ENCRYPTION_TYPE_WPA_PSK
09-24 00:15:52.486 1402 3877 D LOWI-9.0.0.87.a: [LOWI-Scan] is_qcom_ie, bss_age: 0
09-24 00:15:52.486 1402 3877 D LOWI-9.0.0.87.a: [LOWI-Scan] BSS c6:d4:4a:1a:f5:bd LOWI_PHY_MODE_11NG_HT20(5), Beacon Interval: 100, LOWI_ENCRYPTION_TYPE_WPA_PSK 11mcRanging: No, ANQP: No, LCI: No, Civic: No, capability(0x1511): ESS Privacy SpectrumMgmt ShortSlotTime
09-24 00:15:52.486 1402 3877 D LOWI-9.0.0.87.a: [LOWI-Scan] BSS c6:d4:4a:1a:f5:bd FREQ: 2437, cFreq1[40:80:160] = [0:0:0] cFreq2 = 0 Country Code = CN
09-24 00:15:52.486 1402 3877 D LOWI-9.0.0.87.a: [LOWI-Scan] BSS c6:d4:4a:1a:f5:bd (wlan0) ASSO: NO AddInfo: 0x0, TSF 0, 00:03:43.237, RSSI: -152, CPL: 127, AGE: 1548, SSID _________iPhone, TSFDelta: 0x76243695, TXRate: 0
09-24 00:15:52.486 1402 3877 D LOWI-9.0.0.87.a: [LOWI-Scan]
09-24 00:15:52.486 1402 3877 D LOWI-9.0.0.87.a: [LOWI-Scan] print_bss_handler: Report Probe TSF 223256659 as it greater than Beacon TSF 223193846
09-24 00:15:52.486 1402 3877 D LOWI-9.0.0.87.a: [LOWI-Scan] decode_rsn_wpa_ie: LOWI_ENCRYPTION_TYPE_WPA_PSK
09-24 00:15:52.486 1402 3877 D LOWI-9.0.0.87.a: [LOWI-Scan] is_qcom_ie, bss_age: 0
09-24 00:15:52.486 1402 3877 D LOWI-9.0.0.87.a: [LOWI-Scan] BSS f2:65:c2:f6:96:a0 LOWI_PHY_MODE_11NG_HT20(5), Beacon Interval: 100, LOWI_ENCRYPTION_TYPE_WPA_PSK 11mcRanging: No, ANQP: No, LCI: No, Civic: No, capability(0x0511): ESS Privacy SpectrumMgmt ShortSlotTime
09-24 00:15:52.486 1402 3877 D LOWI-9.0.0.87.a: [LOWI-Scan] BSS f2:65:c2:f6:96:a0 FREQ: 2437, cFreq1[40:80:160] = [0:0:0] cFreq2 = 0 Country Code = CN
09-24 00:15:52.486 1402 3877 D LOWI-9.0.0.87.a: [LOWI-Scan] BSS f2:65:c2:f6:96:a0 (wlan0) ASSO: NO AddInfo: 0x0, TSF 0, 00:03:43.256, RSSI: -144, CPL: 127, AGE: 1528, SSID hotspot96A0, TSFDelta: 0x844652f, TXRate: 0
09-24 00:15:52.487 1402 3877 D LOWI-9.0.0.87.a: [LOWI-Scan]
09-24 00:15:52.487 1402 3877 D LOWI-9.0.0.87.a: [LOWI-Scan] print_bss_handler: Report Probe TSF 223186372 as it greater than Beacon TSF 0
09-24 00:15:52.487 1402 3877 D LOWI-9.0.0.87.a: [LOWI-Scan] decode_rsn_wpa_ie: LOWI_ENCRYPTION_TYPE_WPA_PSK
09-24 00:15:52.487 1402 3877 D LOWI-9.0.0.87.a: [LOWI-Scan] is_qcom_ie, bss_age: 0
09-24 00:15:52.487 1402 3877 D LOWI-9.0.0.87.a: [LOWI-Scan] BSS 98:97:cc:7e:02:70 LOWI_PHY_MODE_11AC_VHT80(10), Beacon Interval: 100, LOWI_ENCRYPTION_TYPE_WPA_PSK 11mcRanging: No, ANQP: No, LCI: No, Civic: No, capability(0x1011): ESS Privacy
09-24 00:15:52.487 1402 3877 D LOWI-9.0.0.87.a: [LOWI-Scan] BSS 98:97:cc:7e:02:70 FREQ: 5745, cFreq1[40:80:160] = [5755:5775:0] cFreq2 = 0 Country Code = CN
09-24 00:15:52.487 1402 3877 D LOWI-9.0.0.87.a: [LOWI-Scan] BSS 98:97:cc:7e:02:70 (wlan0) ASSO: NO AddInfo: 0x0, TSF 0, 00:03:43.186, RSSI: -170, CPL: 127, AGE: 1600, SSID TP-LINK_026E, TSFDelta: 0xa82ef20b, TXRate: 0
09-24 00:15:52.487 1402 3877 D LOWI-9.0.0.87.a: [LOWIDiagLog] Log: lowiMeasResult->request: invalid null argument
09-24 00:15:52.487 1402 3877 I LOWI-9.0.0.87.a: [LOWI-Scan] lowi_close_record:Scan done in 150793ms, 42 APs in scan results
09-24 00:15:52.487 1402 3877 D LOWI-9.0.0.87.a: [LOWI-Scan] WipsScanUsingNL: passive scan cached 0, took 10548 ms, err 0
09-24 00:15:52.487 1402 3877 D LOWI-9.0.0.87.a: [LOWI-Scan] lowi_proc_req_passive_scan_with_live_meas - No WLAN Frames to be parsed
09-24 00:15:52.487 1402 3877 D LOWI-9.0.0.87.a: [LOWIScanResultReceiver] Send scan meas to listener
09-24 00:15:52.487 1402 3877 D LOWI-9.0.0.87.a: [LOWIScanResultReceiver] Enter passive listening mode
09-24 00:15:52.487 1402 3877 D LOWI-9.0.0.87.a: [LOWIWifiDriverInterface] getMeasurements - Passive listening mode
09-24 00:15:52.487 1402 3877 D LOWI-9.0.0.87.a: [LOWI-Scan] WipsScanUsingNL:wait -1 sec for netlink message
09-24 00:15:52.487 1402 1485 D LOWI-9.0.0.87.a: [LOWIEventReceiver] handleEvent:FROM:NA, TO:NA, REQ:NA, IREQ:NA, REQ_ID:0, RESP:NA, INFO:NA
09-24 00:15:52.487 1402 1485 D LOWI-9.0.0.87.a: [LOWIBackgroundScanMgr] isRspForBgScanMgr: evt(LOWI_NO_EVT) - not handled
09-24 00:15:52.487 1402 1485 D LOWI-9.0.0.87.a: [LOWIScheduler] manageMsg: NULL results or NULL request in results
09-24 00:15:52.487 1402 1485 D LOWI-9.0.0.87.a: [LOWIController] Measurements received
09-24 00:15:52.487 1402 1485 D LOWI-9.0.0.87.a: [LOWICacheManager] putInCache:Num of Meas to add: 42
09-24 00:15:52.488 1402 1485 D LOWI-9.0.0.87.a: [LOWIController] processMeasurementResults: No current Request. Cache measurements
09-24 00:15:52.488 1402 1485 D LOWI-9.0.0.87.a: [LOWIControllerExtn] sendLOWILpDiscoveryScanResponse: Not a discovery scan response
09-24 00:15:52.529 2348 2348 D WifiDetailsPrefCtrl2: Update UI!
09-24 00:15:52.536 2348 2348 D WifiDetailsPrefCtrl2: Wifi Type 6
09-24 00:15:52.547 2348 2348 D DashboardFragment: Preference key is null in Controller WifiDetailPreferenceController2
09-24 00:15:53.047 665 679 I mpu_uart: [MSG-P:RECV]:No message received in 1000 ms
01-01 08:03:53.328 0 0 D : mv2112_read_status
01-01 08:03:53.331 0 0 D mv2112_update_link: 3.0x901(1G): 0x80
01-01 08:03:53.337 0 0 D mv2112_update_link: 3.0x8109(100M): 0x0
01-01 08:03:53.342 0 0 D mv2112_update_link: link 0x0
01-01 08:03:53.346 0 0 D mv2112_read_status: autoneg is disabled
01-01 08:03:53.452 0 0 I init : starting service 'qvrd_vndr'...
01-01 08:03:53.462 0 0 I init : Created socket '/dev/socket/qvrservice_vndr', mode 660, user 1000, group 1000
01-01 08:03:53.474 0 0 I init : Created socket '/dev/socket/qvrservice_vndr_camera', mode 660, user 1000, group 1000
01-01 08:03:53.513 0 0 I init : starting service 'sxrd'...
09-24 00:15:53.350 6269 6269 F linker : CANNOT LINK EXECUTABLE "/vendor/bin/hw/qvrservice": library "vendor.qti.hardware.qxr-V1-ndk_platform.so" not found: needed by /vendor/lib64/libqvrservice.so in namespace (default)
01-01 08:03:53.543 0 0 I init : Service 'qvrd_vndr' (pid 6269) exited with status 1
01-01 08:03:53.549 0 0 I init : Sending signal 9 to service 'qvrd_vndr' (pid 6269) process group...
09-24 00:15:53.371 6270 6270 F linker : CANNOT LINK EXECUTABLE "/vendor/bin/hw/sxrservice": library "vendor.qti.hardware.qxr-V1-ndk_platform.so" not found: needed by main executable
09-24 00:15:54.048 665 679 I mpu_uart: [MSG-P:RECV]:No message received in 1000 ms
01-01 08:03:54.357 0 0 D : mv2112_read_status
01-01 08:03:54.360 0 0 D mv2112_update_link: 3.0x901(1G): 0x80
01-01 08:03:54.366 0 0 D mv2112_update_link: 3.0x8109(100M): 0x0
01-01 08:03:54.376 0 0 D mv2112_update_link: link 0x0
01-01 08:03:54.380 0 0 D mv2112_read_status: autoneg is disabled
09-24 00:15:55.048 665 679 I mpu_uart: [MSG-P:RECV]:No message received in 1000 ms
09-24 00:15:55.062 665 678 I mpu_uart: [MSG-P:R]:recv sync frame timeout
01-01 08:03:55.408 0 0 D : mv2112_read_status
01-01 08:03:55.412 0 0 D mv2112_update_link: 3.0x901(1G): 0x80
01-01 08:03:55.418 0 0 D mv2112_update_link: 3.0x8109(100M): 0x0
01-01 08:03:55.423 0 0 D mv2112_update_link: link 0x0
01-01 08:03:55.428 0 0 D mv2112_read_status: autoneg is disabled
09-24 00:15:55.722 3990 3992 D dumpstate: Adjusting max progress from 6682 to 7353
09-24 00:15:56.049 665 679 I mpu_uart: [MSG-P:RECV]:No message received in 1000 ms
01-01 08:03:56.432 0 0 D : mv2112_read_status
01-01 08:03:56.436 0 0 D mv2112_update_link: 3.0x901(1G): 0x80
01-01 08:03:56.445 0 0 D mv2112_update_link: 3.0x8109(100M): 0x0
01-01 08:03:56.451 0 0 D mv2112_update_link: link 0x0
01-01 08:03:56.456 0 0 D mv2112_read_status: autoneg is disabled
01-01 08:03:57.158 0 0 I init : starting service 'vendor.light-hal-2-0'...
09-24 00:15:57.046 515 515 I hwservicemanager: getTransport: Cannot find entry android.hardware.light@2.0::ILight/default in either framework or device VINTF manifest.
09-24 00:15:57.050 6309 6309 E light : light_open lights keyboard failed: -22
09-24 00:15:57.050 6309 6309 E light : Light passthrough failed to load legacy HAL.
09-24 00:15:57.051 6309 6309 E light : light_open lights buttons failed: -22
09-24 00:15:57.050 665 679 I mpu_uart: [MSG-P:RECV]:No message received in 1000 ms
09-24 00:15:57.051 6309 6309 E light : Light passthrough failed to load legacy HAL.
09-24 00:15:57.053 6309 6309 E light : light_open lights bluetooth failed: -22
09-24 00:15:57.053 6309 6309 E light : Light passthrough failed to load legacy HAL.
09-24 00:15:57.054 6309 6309 E light : light_open lights wifi failed: -22
09-24 00:15:57.054 6309 6309 E light : Light passthrough failed to load legacy HAL.
09-24 00:15:57.055 515 515 I hwservicemanager: getTransport: Cannot find entry android.hardware.light@2.0::ILight/default in either framework or device VINTF manifest.
09-24 00:15:57.056 6309 6309 E HidlServiceManagement: Service android.hardware.light@2.0::ILight/default must be in VINTF manifest in order to register/get.
