09-24 00:15:57.056 6309 6309 E LegacySupport: Could not register service android.hardware.light@2.0::ILight/default (-2147483648).
01-01 08:03:57.250 0 0 I init : Service 'vendor.light-hal-2-0' (pid 6309) exited with status 0
01-01 08:03:57.258 0 0 I init : Sending signal 9 to service 'vendor.light-hal-2-0' (pid 6309) process group...
01-01 08:03:57.268 0 0 I libprocessgroup: Successfully killed process cgroup uid 1000 pid 6309 in 0ms
09-24 00:15:57.264 1129 1981 D SntpClient: request time failed: java.net.SocketTimeoutException: Poll timed out
01-01 08:03:57.488 0 0 D : mv2112_read_status
01-01 08:03:57.491 0 0 D mv2112_update_link: 3.0x901(1G): 0x80
01-01 08:03:57.498 0 0 D mv2112_update_link: 3.0x8109(100M): 0x0
01-01 08:03:57.503 0 0 D mv2112_update_link: link 0x0
01-01 08:03:57.507 0 0 D mv2112_read_status: autoneg is disabled
09-24 00:15:57.684 2705 6318 I adbd : host-15: read thread spawning
09-24 00:15:57.685 2705 2705 I adbd : host-15: already offline
09-24 00:15:57.685 2705 2705 I adbd : authentication not required
09-24 00:15:57.685 2705 6319 I adbd : host-15: write thread spawning
09-24 00:15:58.051 665 679 I mpu_uart: [MSG-P:RECV]:No message received in 1000 ms
09-24 00:15:58.065 665 678 I mpu_uart: [MSG-P:R]:recv sync frame timeout
01-01 08:03:58.506 0 0 I init : starting service 'qvrd_vndr'...
01-01 08:03:58.512 0 0 D : mv2112_read_status
01-01 08:03:58.515 0 0 I init : Created socket '/dev/socket/qvrservice_vndr', mode 660, user 1000, group 1000
01-01 08:03:58.516 0 0 D mv2112_update_link: 3.0x901(1G): 0x80
01-01 08:03:58.526 0 0 I init : Created socket '/dev/socket/qvrservice_vndr_camera', mode 660, user 1000, group 1000
01-01 08:03:58.529 0 0 D mv2112_update_link: 3.0x8109(100M): 0x0
01-01 08:03:58.544 0 0 D mv2112_update_link: link 0x0
01-01 08:03:58.548 0 0 I init : starting service 'sxrd'...
01-01 08:03:58.548 0 0 D mv2112_read_status: autoneg is disabled
09-24 00:15:58.390 6325 6325 F linker : CANNOT LINK EXECUTABLE "/vendor/bin/hw/qvrservice": library "vendor.qti.hardware.qxr-V1-ndk_platform.so" not found: needed by /vendor/lib64/libqvrservice.so in namespace (default)
09-24 00:15:58.405 6326 6326 F linker : CANNOT LINK EXECUTABLE "/vendor/bin/hw/sxrservice": library "vendor.qti.hardware.qxr-V1-ndk_platform.so" not found: needed by main executable
01-01 08:03:58.583 0 0 I init : Service 'qvrd_vndr' (pid 6325) exited with status 1
01-01 08:03:58.590 0 0 I init : Sending signal 9 to service 'qvrd_vndr' (pid 6325) process group...
09-24 00:15:59.051 665 679 I mpu_uart: [MSG-P:RECV]:No message received in 1000 ms
01-01 08:03:59.569 0 0 D : mv2112_read_status
01-01 08:03:59.573 0 0 D mv2112_update_link: 3.0x901(1G): 0x80
01-01 08:03:59.578 0 0 D mv2112_update_link: 3.0x8109(100M): 0x0
01-01 08:03:59.583 0 0 D mv2112_update_link: link 0x0
01-01 08:03:59.587 0 0 D mv2112_read_status: autoneg is disabled
09-24 00:16:00.005 1910 1910 D KeyguardUpdateMonitor: received broadcast android.intent.action.TIME_TICK
09-24 00:16:00.005 1910 1910 D KeyguardUpdateMonitor: handleTimeUpdate
09-24 00:16:00.052 665 679 I mpu_uart: [MSG-P:RECV]:No message received in 1000 ms
09-24 00:16:00.295 1129 2029 I WifiService: startScan uid=1000
09-24 00:16:00.310 1402 3877 D LOWI-9.0.0.87.a: [LOWI-Scan] wait_event:Wait done with Cmd 33
09-24 00:16:00.310 1402 3877 D LOWI-9.0.0.87.a: [LOWI-Scan] do_listen_events: Rcvd valid Netlink Cmd 0 Err 0
09-24 00:16:00.333 1129 2029 I WifiService: startScan uid=1000
01-01 08:04:00.566 0 0 I [schedu][0x1131b7b36][00:16:00.375345] wlan: [3749:I:OSIF] scan start scan id 40984
01-01 08:04:00.592 0 0 D : mv2112_read_status
01-01 08:04:00.596 0 0 D mv2112_update_link: 3.0x901(1G): 0x80
01-01 08:04:00.613 0 0 D mv2112_update_link: 3.0x8109(100M): 0x0
01-01 08:04:00.619 0 0 D mv2112_update_link: link 0x0
01-01 08:04:00.623 0 0 D mv2112_read_status: autoneg is disabled
09-24 00:16:01.052 665 679 I mpu_uart: [MSG-P:RECV]:No message received in 1000 ms
09-24 00:16:01.069 665 678 I mpu_uart: [MSG-P:R]:recv sync frame timeout
01-01 08:04:01.648 0 0 D : mv2112_read_status
01-01 08:04:01.651 0 0 D mv2112_update_link: 3.0x901(1G): 0x80
01-01 08:04:01.660 0 0 D mv2112_update_link: 3.0x8109(100M): 0x0
01-01 08:04:01.665 0 0 D mv2112_update_link: link 0x0
01-01 08:04:01.669 0 0 D mv2112_read_status: autoneg is disabled
01-01 08:04:02.181 0 0 I init : starting service 'vendor.light-hal-2-0'...
09-24 00:16:02.053 665 679 I mpu_uart: [MSG-P:RECV]:No message received in 1000 ms
09-24 00:16:02.055 515 515 I hwservicemanager: getTransport: Cannot find entry android.hardware.light@2.0::ILight/default in either framework or device VINTF manifest.
09-24 00:16:02.058 6359 6359 E light : light_open lights keyboard failed: -22
09-24 00:16:02.058 6359 6359 E light : Light passthrough failed to load legacy HAL.
09-24 00:16:02.059 6359 6359 E light : light_open lights buttons failed: -22
09-24 00:16:02.059 6359 6359 E light : Light passthrough failed to load legacy HAL.
09-24 00:16:02.061 6359 6359 E light : light_open lights bluetooth failed: -22
09-24 00:16:02.061 6359 6359 E light : Light passthrough failed to load legacy HAL.
09-24 00:16:02.061 6359 6359 E light : light_open lights wifi failed: -22
09-24 00:16:02.061 6359 6359 E light : Light passthrough failed to load legacy HAL.
09-24 00:16:02.062 515 515 I hwservicemanager: getTransport: Cannot find entry android.hardware.light@2.0::ILight/default in either framework or device VINTF manifest.
09-24 00:16:02.063 6359 6359 E HidlServiceManagement: Service android.hardware.light@2.0::ILight/default must be in VINTF manifest in order to register/get.
09-24 00:16:02.063 6359 6359 E LegacySupport: Could not register service android.hardware.light@2.0::ILight/default (-2147483648).
01-01 08:04:02.257 0 0 I init : Service 'vendor.light-hal-2-0' (pid 6359) exited with status 0
01-01 08:04:02.265 0 0 I init : Sending signal 9 to service 'vendor.light-hal-2-0' (pid 6359) process group...
01-01 08:04:02.276 0 0 I libprocessgroup: Successfully killed process cgroup uid 1000 pid 6359 in 0ms
09-24 00:16:02.186 1402 3877 D LOWI-9.0.0.87.a: [LOWI-Scan] wait_event:Wait done with Cmd 34
09-24 00:16:02.187 1402 3877 D LOWI-9.0.0.87.a: [LOWI-Scan] do_listen_events: Rcvd valid Netlink Cmd 34 Err 0
09-24 00:16:02.192 1129 2029 D WifiNl80211Manager: Scan result ready event
09-24 00:16:02.192 1129 2029 D WifiNative: Scan result ready event
09-24 00:16:02.197 1402 3877 D LOWI-9.0.0.87.a: [LOWI-Scan]
09-24 00:16:02.197 1402 3877 D LOWI-9.0.0.87.a: [LOWI-Scan] print_bss_handler: Report Probe TSF 222757246 as it greater than Beacon TSF 222756555
09-24 00:16:02.197 1402 3877 D LOWI-9.0.0.87.a: [LOWI-Scan] decode_rsn_wpa_ie: LOWI_ENCRYPTION_TYPE_WPA_PSK
09-24 00:16:02.197 1402 3877 D LOWI-9.0.0.87.a: [LOWI-Scan] is_qcom_ie, bss_age: 0
09-24 00:16:02.197 1402 3877 D LOWI-9.0.0.87.a: [LOWI-Scan] adjust_age:AP AGE upper limit reached. Dont store
09-24 00:16:02.197 1402 3877 D LOWI-9.0.0.87.a: [LOWI-Scan] BSS 3c:51:0e:47:7c:20 LOWI_PHY_MODE_11NG_HT20(5), Beacon Interval: 100, LOWI_ENCRYPTION_TYPE_WPA_PSK 11mcRanging: No, ANQP: No, LCI: No, Civic: No, capability(0x1111): ESS Privacy SpectrumMgmt
09-24 00:16:02.197 1402 3877 D LOWI-9.0.0.87.a: [LOWI-Scan] BSS 3c:51:0e:47:7c:20 FREQ: 2412, cFreq1[40:80:160] = [0:0:0] cFreq2 = 0 Country Code = CN
09-24 00:16:02.197 1402 3877 D LOWI-9.0.0.87.a: [LOWI-Scan] BSS 3c:51:0e:47:7c:20 (wlan0) ASSO: NO AddInfo: 0x0, TSF 0, 00:03:42.757, RSSI: -140, CPL: 127, AGE: 11768, SSID HiPhi-PDI, TSFDelta: 0xa8eb0139, TXRate: 0
09-24 00:16:02.198 1402 3877 D LOWI-9.0.0.87.a: [LOWI-Scan]
09-24 00:16:02.198 1402 3877 D LOWI-9.0.0.87.a: [LOWI-Scan] print_bss_handler: Report Probe TSF 232800824 as it greater than Beacon TSF 212674756
09-24 00:16:02.198 1402 3877 D LOWI-9.0.0.87.a: [LOWI-Scan] decode_rsn_wpa_ie: LOWI_ENCRYPTION_TYPE_WPA_PSK
09-24 00:16:02.198 1402 3877 D LOWI-9.0.0.87.a: [LOWI-Scan] is_qcom_ie, bss_age: 0
09-24 00:16:02.199 1402 3877 D LOWI-9.0.0.87.a: [LOWI-Scan] BSS b8:11:4b:7f:ed:00 LOWI_PHY_MODE_11NG_HT20(5), Beacon Interval: 100, LOWI_ENCRYPTION_TYPE_WPA_PSK 11mcRanging: No, ANQP: No, LCI: No, Civic: No, capability(0x1111): ESS Privacy SpectrumMgmt
09-24 00:16:02.199 1402 3877 D LOWI-9.0.0.87.a: [LOWI-Scan] BSS b8:11:4b:7f:ed:00 FREQ: 2412, cFreq1[40:80:160] = [0:0:0] cFreq2 = 0 Country Code = CN
09-24 00:16:02.199 1402 3877 D LOWI-9.0.0.87.a: [LOWI-Scan] BSS b8:11:4b:7f:ed:00 (wlan0) ASSO: NO AddInfo: 0x0, TSF 0, 00:03:52.800, RSSI: -132, CPL: 127, AGE: 1724, SSID HiPhi-OTA, TSFDelta: 0xdb68f6c4, TXRate: 0
09-24 00:16:02.202 1402 3877 D LOWI-9.0.0.87.a: [LOWI-Scan]
09-24 00:16:02.203 1402 3877 D LOWI-9.0.0.87.a: [LOWI-Scan] print_bss_handler: Report Probe TSF 232795764 as it greater than Beacon TSF 232791405
09-24 00:16:02.203 1402 3877 D LOWI-9.0.0.87.a: [LOWI-Scan] decode_rsn_wpa_ie: LOWI_ENCRYPTION_TYPE_WPA_PSK
09-24 00:16:02.203 1402 3877 D LOWI-9.0.0.87.a: [LOWI-Scan] is_qcom_ie, bss_age: 0
09-24 00:16:02.203 1402 3877 D LOWI-9.0.0.87.a: [LOWI-Scan] BSS b8:11:4b:7f:e8:20 LOWI_PHY_MODE_11NG_HT20(5), Beacon Interval: 100, LOWI_ENCRYPTION_TYPE_WPA_PSK 11mcRanging: No, ANQP: No, LCI: No, Civic: No, capability(0x1111): ESS Privacy SpectrumMgmt
09-24 00:16:02.203 1402 3877 D LOWI-9.0.0.87.a: [LOWI-Scan] BSS b8:11:4b:7f:e8:20 FREQ: 2412, cFreq1[40:80:160] = [0:0:0] cFreq2 = 0 Country Code = CN
09-24 00:16:02.203 1402 3877 D LOWI-9.0.0.87.a: [LOWI-Scan] BSS b8:11:4b:7f:e8:20 (wlan0) ASSO: NO AddInfo: 0x0, TSF 0, 00:03:52.795, RSSI: -148, CPL: 127, AGE: 1732, SSID HiPhi-OTA, TSFDelta: 0xaad3e539, TXRate: 0
09-24 00:16:02.204 1402 3877 D LOWI-9.0.0.87.a: [LOWI-Scan]
09-24 00:16:02.204 1402 3877 D LOWI-9.0.0.87.a: [LOWI-Scan] print_bss_handler: Report Probe TSF 233042954 as it greater than Beacon TSF 97701579
09-24 00:16:02.204 1402 3877 D LOWI-9.0.0.87.a: [LOWI-Scan] decode_rsn_wpa_ie: LOWI_ENCRYPTION_TYPE_WPA_PSK
09-24 00:16:02.204 1402 3877 D LOWI-9.0.0.87.a: [LOWI-Scan] is_qcom_ie, bss_age: 0
09-24 00:16:02.204 1402 3877 D LOWI-9.0.0.87.a: [LOWI-Scan] BSS 3c:51:0e:2e:ae:8f LOWI_PHY_MODE_11AC_VHT40(9), Beacon Interval: 100, LOWI_ENCRYPTION_TYPE_WPA_PSK 11mcRanging: No, ANQP: No, LCI: No, Civic: No, capability(0x1111): ESS Privacy SpectrumMgmt
09-24 00:16:02.204 1402 3877 D LOWI-9.0.0.87.a: [LOWI-Scan] BSS 3c:51:0e:2e:ae:8f FREQ: 5220, cFreq1[40:80:160] = [5230:0:0] cFreq2 = 0 Country Code = CN
09-24 00:16:02.204 1402 3877 D LOWI-9.0.0.87.a: [LOWI-Scan] BSS 3c:51:0e:2e:ae:8f (wlan0) ASSO: NO AddInfo: 0x0, TSF 0, 00:03:53.042, RSSI: -166, CPL: 127, AGE: 1484, SSID HiPhi-PDI, TSFDelta: 0xb0f1ed7a, TXRate: 0
09-24 00:16:02.205 1402 3877 D LOWI-9.0.0.87.a: [LOWI-Scan]
09-24 00:16:02.205 1402 3877 D LOWI-9.0.0.87.a: [LOWI-Scan] print_bss_handler: Report Probe TSF 232802313 as it greater than Beacon TSF 232756771
09-24 00:16:02.205 1402 3877 D LOWI-9.0.0.87.a: [LOWI-Scan] decode_rsn_wpa_ie: LOWI_ENCRYPTION_TYPE_WPA_PSK
09-24 00:16:02.205 1402 3877 D LOWI-9.0.0.87.a: [LOWI-Scan] is_qcom_ie, bss_age: 0
09-24 00:16:02.205 1402 3877 D LOWI-9.0.0.87.a: [LOWI-Scan] BSS e8:db:84:1c:8d:b5 LOWI_PHY_MODE_11NG_HT40(7), Beacon Interval: 100, LOWI_ENCRYPTION_TYPE_WPA_PSK 11mcRanging: No, ANQP: No, LCI: No, Civic: No, capability(0x0431): ESS Privacy ShortPreamble ShortSlotTime
09-24 00:16:02.205 1402 3877 D LOWI-9.0.0.87.a: [LOWI-Scan] BSS e8:db:84:1c:8d:b5 FREQ: 2412, cFreq1[40:80:160] = [2422:0:0] cFreq2 = 0 Country Code = CN
09-24 00:16:02.205 1402 3877 D LOWI-9.0.0.87.a: [LOWI-Scan] BSS e8:db:84:1c:8d:b5 (wlan0) ASSO: NO AddInfo: 0x0, TSF 0, 00:03:52.802, RSSI: -144, CPL: 127, AGE: 1724, SSID 93B6C609, TSFDelta: 0x7810b1da, TXRate: 0
09-24 00:16:02.206 1402 3877 D LOWI-9.0.0.87.a: [LOWI-Scan]
09-24 00:16:02.206 1402 3877 D LOWI-9.0.0.87.a: [LOWI-Scan] print_bss_handler: Report Probe TSF 232793669 as it greater than Beacon TSF 232790599
09-24 00:16:02.206 1402 3877 D LOWI-9.0.0.87.a: [LOWI-Scan] decode_rsn_wpa_ie: LOWI_ENCRYPTION_TYPE_WPA_EAP
09-24 00:16:02.206 1402 3877 D LOWI-9.0.0.87.a: [LOWI-Scan] is_qcom_ie, bss_age: 0
09-24 00:16:02.206 1402 3877 D LOWI-9.0.0.87.a: [LOWI-Scan] BSS 68:9e:0b:ef:b5:80 LOWI_PHY_MODE_11NG_HT20(5), Beacon Interval: 100, LOWI_ENCRYPTION_TYPE_WPA_EAP 11mcRanging: No, ANQP: No, LCI: No, Civic: No, capability(0x1111): ESS Privacy SpectrumMgmt
09-24 00:16:02.206 1402 3877 D LOWI-9.0.0.87.a: [LOWI-Scan] BSS 68:9e:0b:ef:b5:80 FREQ: 2412, cFreq1[40:80:160] = [0:0:0] cFreq2 = 0 Country Code = CN
09-24 00:16:02.206 1402 3877 D LOWI-9.0.0.87.a: [LOWI-Scan] BSS 68:9e:0b:ef:b5:80 (wlan0) ASSO: NO AddInfo: 0x0, TSF 0, 00:03:52.793, RSSI: -152, CPL: 127, AGE: 1732, SSID HH, TSFDelta: 0xa76e7f5f, TXRate: 0
01-01 08:04:02.392 0 0 I [schedu][0x115323657][00:16:02.200559] wlan: [3749:I:OSIF] vdev 0, scan id 40984 type COMPLETED(1) reason COMPLETED(1) scan found 36 bss
09-24 00:16:02.208 1402 3877 D LOWI-9.0.0.87.a: [LOWI-Scan] -- associated
09-24 00:16:02.208 1402 3877 D LOWI-9.0.0.87.a: [LOWI-Scan]
09-24 00:16:02.208 1402 3877 D LOWI-9.0.0.87.a: [LOWI-Scan] print_bss_handler: Report beacon TSF 234397714 as it greater than probe TSF 233239228
09-24 00:16:02.208 1402 3877 D LOWI-9.0.0.87.a: [LOWI-Scan] decode_rsn_wpa_ie: LOWI_ENCRYPTION_TYPE_WPA_PSK
09-24 00:16:02.209 1402 3877 D LOWI-9.0.0.87.a: [LOWI-Scan] is_qcom_ie, bss_age: 0
09-24 00:16:02.209 1402 3877 D LOWI-9.0.0.87.a: [LOWI-Scan] BSS 4a:33:e3:d5:c7:14 LOWI_PHY_MODE_11AC_VHT80(10), Beacon Interval: 100, LOWI_ENCRYPTION_TYPE_WPA_PSK 11mcRanging: No, ANQP: No, LCI: No, Civic: No, capability(0x1111): ESS Privacy SpectrumMgmt
09-24 00:16:02.209 1402 3877 D LOWI-9.0.0.87.a: [LOWI-Scan] BSS 4a:33:e3:d5:c7:14 FREQ: 5745, cFreq1[40:80:160] = [5755:5775:0] cFreq2 = 0 Country Code = CN
09-24 00:16:02.209 1402 3877 D LOWI-9.0.0.87.a: [LOWI-Scan] BSS 4a:33:e3:d5:c7:14 (wlan0) ASSO: YES AddInfo: 0x1, TSF 0, 00:03:54.397, RSSI: -100, CPL: 127, AGE: 0, SSID _______________ iPhone, TSFDelta: 0xab4aae17, TXRate: 0
09-24 00:16:02.209 1402 3877 D LOWI-9.0.0.87.a: [LOWI-Scan]
09-24 00:16:02.209 1402 3877 D LOWI-9.0.0.87.a: [LOWI-Scan] print_bss_handler: Report beacon TSF 233351737 as it greater than probe TSF 233345281
09-24 00:16:02.209 1402 3877 D LOWI-9.0.0.87.a: [LOWI-Scan] decode_rsn_wpa_ie: LOWI_ENCRYPTION_TYPE_WPA_PSK
09-24 00:16:02.209 1402 3877 D LOWI-9.0.0.87.a: [LOWI-Scan] is_qcom_ie, bss_age: 0
09-24 00:16:02.210 1402 3877 D LOWI-9.0.0.87.a: [LOWI-Scan] BSS b8:11:4b:7f:e8:2f LOWI_PHY_MODE_11AC_VHT40(9), Beacon Interval: 100, LOWI_ENCRYPTION_TYPE_WPA_PSK 11mcRanging: No, ANQP: No, LCI: No, Civic: No, capability(0x1111): ESS Privacy SpectrumMgmt
09-24 00:16:02.210 1402 3877 D LOWI-9.0.0.87.a: [LOWI-Scan] BSS b8:11:4b:7f:e8:2f FREQ: 5765, cFreq1[40:80:160] = [5755:0:0] cFreq2 = 0 Country Code = CN
09-24 00:16:02.210 1402 3877 D LOWI-9.0.0.87.a: [LOWI-Scan] BSS b8:11:4b:7f:e8:2f (wlan0) ASSO: NO AddInfo: 0x1, TSF 0, 00:03:53.351, RSSI: -160, CPL: 127, AGE: 1176, SSID HiPhi-OTA, TSFDelta: 0xbaed7963, TXRate: 0
09-24 00:16:02.210 1402 3877 D LOWI-9.0.0.87.a: [LOWI-Scan]
09-24 00:16:02.210 1402 3877 D LOWI-9.0.0.87.a: [LOWI-Scan] print_bss_handler: Report Probe TSF 233343720 as it greater than Beacon TSF 142248579
09-24 00:16:02.210 1402 3877 D LOWI-9.0.0.87.a: [LOWI-Scan] decode_rsn_wpa_ie: LOWI_ENCRYPTION_TYPE_WPA_PSK
09-24 00:16:02.210 1402 3877 D LOWI-9.0.0.87.a: [LOWI-Scan] is_qcom_ie, bss_age: 0
09-24 00:16:02.210 1402 3877 D LOWI-9.0.0.87.a: [LOWI-Scan] BSS 6c:31:0e:27:99:af LOWI_PHY_MODE_11AC_VHT40(9), Beacon Interval: 100, LOWI_ENCRYPTION_TYPE_WPA_PSK 11mcRanging: No, ANQP: No, LCI: No, Civic: No, capability(0x1111): ESS Privacy SpectrumMgmt
09-24 00:16:02.210 1402 3877 D LOWI-9.0.0.87.a: [LOWI-Scan] BSS 6c:31:0e:27:99:af FREQ: 5765, cFreq1[40:80:160] = [5755:0:0] cFreq2 = 0 Country Code = CN
09-24 00:16:02.210 1402 3877 D LOWI-9.0.0.87.a: [LOWI-Scan] BSS 6c:31:0e:27:99:af (wlan0) ASSO: NO AddInfo: 0x0, TSF 0, 00:03:53.343, RSSI: -126, CPL: 127, AGE: 1184, SSID HiPhi-OTA, TSFDelta: 0xbaac61d0, TXRate: 0
09-24 00:16:02.211 1402 3877 D LOWI-9.0.0.87.a: [LOWI-Scan]
09-24 00:16:02.211 1402 3877 D LOWI-9.0.0.87.a: [LOWI-Scan] print_bss_handler: Report Probe TSF 233344550 as it greater than Beacon TSF 173473800
09-24 00:16:02.211 1402 3877 D LOWI-9.0.0.87.a: [LOWI-Scan] decode_rsn_wpa_ie: LOWI_ENCRYPTION_TYPE_WPA_PSK
09-24 00:16:02.211 1402 3877 D LOWI-9.0.0.87.a: [LOWI-Scan] is_qcom_ie, bss_age: 0
09-24 00:16:02.211 1402 3877 D LOWI-9.0.0.87.a: [LOWI-Scan] BSS dc:77:4c:52:28:4f LOWI_PHY_MODE_11AC_VHT40(9), Beacon Interval: 100, LOWI_ENCRYPTION_TYPE_WPA_PSK 11mcRanging: No, ANQP: No, LCI: No, Civic: No, capability(0x1111): ESS Privacy SpectrumMgmt
09-24 00:16:02.211 1402 3877 D LOWI-9.0.0.87.a: [LOWI-Scan] BSS dc:77:4c:52:28:4f FREQ: 5765, cFreq1[40:80:160] = [5755:0:0] cFreq2 = 0 Country Code = CN
09-24 00:16:02.211 1402 3877 D LOWI-9.0.0.87.a: [LOWI-Scan] BSS dc:77:4c:52:28:4f (wlan0) ASSO: NO AddInfo: 0x0, TSF 0, 00:03:53.344, RSSI: -154, CPL: 127, AGE: 1180, SSID HiPhi-OTA, TSFDelta: 0xbbd4282b, TXRate: 0
09-24 00:16:02.212 1402 3877 D LOWI-9.0.0.87.a: [LOWI-Scan]
09-24 00:16:02.212 1402 3877 D LOWI-9.0.0.87.a: [LOWI-Scan] print_bss_handler: Report Probe TSF 233645526 as it greater than Beacon TSF 83273178
09-24 00:16:02.212 1402 3877 D LOWI-9.0.0.87.a: [LOWI-Scan] decode_rsn_wpa_ie: LOWI_ENCRYPTION_TYPE_WPA_PSK
09-24 00:16:02.212 1402 3877 D LOWI-9.0.0.87.a: [LOWI-Scan] is_qcom_ie, bss_age: 0
09-24 00:16:02.212 1402 3877 D LOWI-9.0.0.87.a: [LOWI-Scan] BSS dc:77:4c:52:29:4f LOWI_PHY_MODE_11AC_VHT40(9), Beacon Interval: 100, LOWI_ENCRYPTION_TYPE_WPA_PSK 11mcRanging: No, ANQP: No, LCI: No, Civic: No, capability(0x1111): ESS Privacy SpectrumMgmt
09-24 00:16:02.212 1402 3877 D LOWI-9.0.0.87.a: [LOWI-Scan] BSS dc:77:4c:52:29:4f FREQ: 5805, cFreq1[40:80:160] = [5795:0:0] cFreq2 = 0 Country Code = CN
09-24 00:16:02.212 1402 3877 D LOWI-9.0.0.87.a: [LOWI-Scan] BSS dc:77:4c:52:29:4f (wlan0) ASSO: NO AddInfo: 0x0, TSF 0, 00:03:53.645, RSSI: -136, CPL: 127, AGE: 880, SSID HiPhi-OTA, TSFDelta: 0xc4e41675, TXRate: 0
09-24 00:16:02.213 1402 3877 D LOWI-9.0.0.87.a: [LOWI-Scan]
09-24 00:16:02.213 1402 3877 D LOWI-9.0.0.87.a: [LOWI-Scan] print_bss_handler: Report Probe TSF 233645014 as it greater than Beacon TSF 93297430
09-24 00:16:02.213 1402 3877 D LOWI-9.0.0.87.a: [LOWI-Scan] decode_rsn_wpa_ie: LOWI_ENCRYPTION_TYPE_WPA_PSK
09-24 00:16:02.213 1402 3877 D LOWI-9.0.0.87.a: [LOWI-Scan] is_qcom_ie, bss_age: 0
09-24 00:16:02.213 1402 3877 D LOWI-9.0.0.87.a: [LOWI-Scan] BSS b8:11:4b:7f:ed:0f LOWI_PHY_MODE_11AC_VHT40(9), Beacon Interval: 100, LOWI_ENCRYPTION_TYPE_WPA_PSK 11mcRanging: No, ANQP: No, LCI: No, Civic: No, capability(0x1111): ESS Privacy SpectrumMgmt
09-24 00:16:02.213 1402 3877 D LOWI-9.0.0.87.a: [LOWI-Scan] BSS b8:11:4b:7f:ed:0f FREQ: 5805, cFreq1[40:80:160] = [5795:0:0] cFreq2 = 0 Country Code = CN
09-24 00:16:02.213 1402 3877 D LOWI-9.0.0.87.a: [LOWI-Scan] BSS b8:11:4b:7f:ed:0f (wlan0) ASSO: NO AddInfo: 0x0, TSF 0, 00:03:53.645, RSSI: -110, CPL: 127, AGE: 880, SSID HiPhi-OTA, TSFDelta: 0xf42e6320, TXRate: 0
09-24 00:16:02.213 1402 3877 D LOWI-9.0.0.87.a: [LOWI-Scan]
09-24 00:16:02.214 1402 3877 D LOWI-9.0.0.87.a: [LOWI-Scan] print_bss_handler: Report Probe TSF 233259920 as it greater than Beacon TSF 233241581
09-24 00:16:02.214 1402 3877 D LOWI-9.0.0.87.a: [LOWI-Scan] decode_rsn_wpa_ie: LOWI_ENCRYPTION_TYPE_WPA_PSK
09-24 00:16:02.214 1402 3877 D LOWI-9.0.0.87.a: [LOWI-Scan] is_qcom_ie, bss_age: 0
09-24 00:16:02.214 1402 3877 D LOWI-9.0.0.87.a: [LOWI-Scan] BSS 3c:51:0e:2e:ae:80 LOWI_PHY_MODE_11NG_HT20(5), Beacon Interval: 100, LOWI_ENCRYPTION_TYPE_WPA_PSK 11mcRanging: No, ANQP: No, LCI: No, Civic: No, capability(0x1511): ESS Privacy SpectrumMgmt ShortSlotTime
09-24 00:16:02.214 1402 3877 D LOWI-9.0.0.87.a: [LOWI-Scan] BSS 3c:51:0e:2e:ae:80 FREQ: 2437, cFreq1[40:80:160] = [0:0:0] cFreq2 = 0 Country Code = CN
09-24 00:16:02.214 1402 3877 D LOWI-9.0.0.87.a: [LOWI-Scan] BSS 3c:51:0e:2e:ae:80 (wlan0) ASSO: NO AddInfo: 0x0, TSF 0, 00:03:53.259, RSSI: -140, CPL: 127, AGE: 1268, SSID HiPhi-PDI, TSFDelta: 0xb650ac54, TXRate: 0
09-24 00:16:02.214 1402 3877 D LOWI-9.0.0.87.a: [LOWI-Scan]
09-24 00:16:02.214 1402 3877 D LOWI-9.0.0.87.a: [LOWI-Scan] print_bss_handler: Report Probe TSF 234098168 as it greater than Beacon TSF 234075587
09-24 00:16:02.214 1402 3877 D LOWI-9.0.0.87.a: [LOWI-Scan] decode_rsn_wpa_ie: LOWI_ENCRYPTION_TYPE_WPA_PSK
09-24 00:16:02.214 1402 3877 D LOWI-9.0.0.87.a: [LOWI-Scan] is_qcom_ie, bss_age: 0
09-24 00:16:02.214 1402 3877 D LOWI-9.0.0.87.a: [LOWI-Scan] BSS 68:9e:0b:ef:b3:6e LOWI_PHY_MODE_11AC_VHT40(9), Beacon Interval: 100, LOWI_ENCRYPTION_TYPE_WPA_PSK 11mcRanging: No, ANQP: No, LCI: No, Civic: No, capability(0x1111): ESS Privacy SpectrumMgmt
09-24 00:16:02.214 1402 3877 D LOWI-9.0.0.87.a: [LOWI-Scan] BSS 68:9e:0b:ef:b3:6e FREQ: 5280, cFreq1[40:80:160] = [5270:0:0] cFreq2 = 0 Country Code = CN
09-24 00:16:02.215 1402 3877 D LOWI-9.0.0.87.a: [LOWI-Scan] BSS 68:9e:0b:ef:b3:6e (wlan0) ASSO: NO AddInfo: 0x0, TSF 0, 00:03:54.098, RSSI: -160, CPL: 127, AGE: 428, SSID HHT-FACTORY-OTA, TSFDelta: 0xcdf9c4dd, TXRate: 0
09-24 00:16:02.215 1402 3877 D LOWI-9.0.0.87.a: [LOWI-Scan]
09-24 00:16:02.215 1402 3877 D LOWI-9.0.0.87.a: [LOWI-Scan] print_bss_handler: Report beacon TSF 234099693 as it greater than probe TSF 234099131
09-24 00:16:02.215 1402 3877 D LOWI-9.0.0.87.a: [LOWI-Scan] decode_rsn_wpa_ie: LOWI_ENCRYPTION_TYPE_WPA_PSK
09-24 00:16:02.215 1402 3877 D LOWI-9.0.0.87.a: [LOWI-Scan] is_qcom_ie, bss_age: 0
09-24 00:16:02.215 1402 3877 D LOWI-9.0.0.87.a: [LOWI-Scan] BSS 3c:51:0e:2e:f4:af LOWI_PHY_MODE_11AC_VHT40(9), Beacon Interval: 100, LOWI_ENCRYPTION_TYPE_WPA_PSK 11mcRanging: No, ANQP: No, LCI: No, Civic: No, capability(0x1111): ESS Privacy SpectrumMgmt
09-24 00:16:02.215 1402 3877 D LOWI-9.0.0.87.a: [LOWI-Scan] BSS 3c:51:0e:2e:f4:af FREQ: 5280, cFreq1[40:80:160] = [5270:0:0] cFreq2 = 0 Country Code = CN
09-24 00:16:02.215 1402 3877 D LOWI-9.0.0.87.a: [LOWI-Scan] BSS 3c:51:0e:2e:f4:af (wlan0) ASSO: NO AddInfo: 0x1, TSF 0, 00:03:54.099, RSSI: -182, CPL: 127, AGE: 428, SSID HiPhi-PDI, TSFDelta: 0xcf335d50, TXRate: 0
09-24 00:16:02.216 1402 3877 D LOWI-9.0.0.87.a: [LOWI-Scan]
09-24 00:16:02.216 1402 3877 D LOWI-9.0.0.87.a: [LOWI-Scan] print_bss_handler: Report Probe TSF 234096174 as it greater than Beacon TSF 234072089
09-24 00:16:02.216 1402 3877 D LOWI-9.0.0.87.a: [LOWI-Scan] decode_rsn_wpa_ie: LOWI_ENCRYPTION_TYPE_WPA_EAP
09-24 00:16:02.216 1402 3877 D LOWI-9.0.0.87.a: [LOWI-Scan] is_qcom_ie, bss_age: 0
09-24 00:16:02.216 1402 3877 D LOWI-9.0.0.87.a: [LOWI-Scan] BSS 68:9e:0b:ef:b3:6f LOWI_PHY_MODE_11AC_VHT40(9), Beacon Interval: 100, LOWI_ENCRYPTION_TYPE_WPA_EAP 11mcRanging: No, ANQP: No, LCI: No, Civic: No, capability(0x1111): ESS Privacy SpectrumMgmt
09-24 00:16:02.216 1402 3877 D LOWI-9.0.0.87.a: [LOWI-Scan] BSS 68:9e:0b:ef:b3:6f FREQ: 5280, cFreq1[40:80:160] = [5270:0:0] cFreq2 = 0 Country Code = CN
09-24 00:16:02.216 1402 3877 D LOWI-9.0.0.87.a: [LOWI-Scan] BSS 68:9e:0b:ef:b3:6f (wlan0) ASSO: NO AddInfo: 0x0, TSF 0, 00:03:54.096, RSSI: -160, CPL: 127, AGE: 428, SSID HH, TSFDelta: 0xcdf66eb9, TXRate: 0
09-24 00:16:02.217 1402 3877 D LOWI-9.0.0.87.a: [LOWI-Scan]
09-24 00:16:02.217 1402 3877 D LOWI-9.0.0.87.a: [LOWI-Scan] print_bss_handler: Report beacon TSF 233420652 as it greater than probe TSF 205783963
09-24 00:16:02.217 1402 3877 D LOWI-9.0.0.87.a: [LOWI-Scan] decode_rsn_wpa_ie: LOWI_ENCRYPTION_TYPE_WPA_PSK
09-24 00:16:02.217 1402 3877 D LOWI-9.0.0.87.a: [LOWI-Scan] is_qcom_ie, bss_age: 0
09-24 00:16:02.217 1402 3877 D LOWI-9.0.0.87.a: [LOWI-Scan] BSS d4:72:26:02:22:99 LOWI_PHY_MODE_11NG_HT40(7), Beacon Interval: 100, LOWI_ENCRYPTION_TYPE_WPA_PSK 11mcRanging: No, ANQP: No, LCI: No, Civic: No, capability(0x0411): ESS Privacy ShortSlotTime
09-24 00:16:02.217 1402 3877 D LOWI-9.0.0.87.a: [LOWI-Scan] BSS d4:72:26:02:22:99 FREQ: 2447, cFreq1[40:80:160] = [2437:0:0] cFreq2 = 0 Country Code = CN
09-24 00:16:02.217 1402 3877 D LOWI-9.0.0.87.a: [LOWI-Scan] BSS d4:72:26:02:22:99 (wlan0) ASSO: NO AddInfo: 0x1, TSF 0, 00:03:53.420, RSSI: -150, CPL: 127, AGE: 1104, SSID ZTE_022299, TSFDelta: 0x523fa032, TXRate: 0
09-24 00:16:02.218 1402 3877 D LOWI-9.0.0.87.a: [LOWI-Scan]
09-24 00:16:02.218 1402 3877 D LOWI-9.0.0.87.a: [LOWI-Scan] print_bss_handler: Report Probe TSF 234498420 as it greater than Beacon TSF 234474605
09-24 00:16:02.218 1402 3877 D LOWI-9.0.0.87.a: [LOWI-Scan] decode_rsn_wpa_ie: LOWI_ENCRYPTION_TYPE_WPA_PSK
09-24 00:16:02.218 1402 3877 D LOWI-9.0.0.87.a: [LOWI-Scan] is_qcom_ie, bss_age: 0
09-24 00:16:02.218 1402 3877 D LOWI-9.0.0.87.a: [LOWI-Scan] BSS 3c:51:0e:47:7c:2f LOWI_PHY_MODE_11AC_VHT40(9), Beacon Interval: 100, LOWI_ENCRYPTION_TYPE_WPA_PSK 11mcRanging: No, ANQP: No, LCI: No, Civic: No, capability(0x1111): ESS Privacy SpectrumMgmt
09-24 00:16:02.218 1402 3877 D LOWI-9.0.0.87.a: [LOWI-Scan] BSS 3c:51:0e:47:7c:2f FREQ: 5320, cFreq1[40:80:160] = [5310:0:0] cFreq2 = 0 Country Code = CN
09-24 00:16:02.218 1402 3877 D LOWI-9.0.0.87.a: [LOWI-Scan] BSS 3c:51:0e:47:7c:2f (wlan0) ASSO: NO AddInfo: 0x0, TSF 0, 00:03:54.498, RSSI: -152, CPL: 127, AGE: 28, SSID HiPhi-PDI, TSFDelta: 0xda38e8ec, TXRate: 0
09-24 00:16:02.219 1402 3877 D LOWI-9.0.0.87.a: [LOWI-Scan]
09-24 00:16:02.219 1402 3877 D LOWI-9.0.0.87.a: [LOWI-Scan] print_bss_handler: Report Probe TSF 234501316 as it greater than Beacon TSF 234476920
09-24 00:16:02.219 1402 3877 D LOWI-9.0.0.87.a: [LOWI-Scan] decode_rsn_wpa_ie: LOWI_ENCRYPTION_TYPE_WPA_PSK
09-24 00:16:02.219 1402 3877 D LOWI-9.0.0.87.a: [LOWI-Scan] is_qcom_ie, bss_age: 0
09-24 00:16:02.219 1402 3877 D LOWI-9.0.0.87.a: [LOWI-Scan] BSS 4c:a6:4d:b1:84:4b LOWI_PHY_MODE_11AC_VHT40(9), Beacon Interval: 100, LOWI_ENCRYPTION_TYPE_WPA_PSK 11mcRanging: No, ANQP: No, LCI: No, Civic: No, capability(0x1511): ESS Privacy SpectrumMgmt ShortSlotTime
09-24 00:16:02.219 1402 3877 D LOWI-9.0.0.87.a: [LOWI-Scan] BSS 4c:a6:4d:b1:84:4b FREQ: 5320, cFreq1[40:80:160] = [5310:0:0] cFreq2 = 0 Country Code = CN
09-24 00:16:02.219 1402 3877 D LOWI-9.0.0.87.a: [LOWI-Scan] BSS 4c:a6:4d:b1:84:4b (wlan0) ASSO: NO AddInfo: 0x0, TSF 0, 00:03:54.501, RSSI: -162, CPL: 127, AGE: 24, SSID HH-Partner, TSFDelta: 0xd5f8164c, TXRate: 0
09-24 00:16:02.219 1402 3877 D LOWI-9.0.0.87.a: [LOWI-Scan]
09-24 00:16:02.220 1402 3877 D LOWI-9.0.0.87.a: [LOWI-Scan] print_bss_handler: Report Probe TSF 234500979 as it greater than Beacon TSF 234477490
09-24 00:16:02.220 1402 3877 D LOWI-9.0.0.87.a: [LOWI-Scan] decode_rsn_wpa_ie: LOWI_ENCRYPTION_TYPE_WPA_EAP
09-24 00:16:02.220 1402 3877 D LOWI-9.0.0.87.a: [LOWI-Scan] is_qcom_ie, bss_age: 0
09-24 00:16:02.220 1402 3877 D LOWI-9.0.0.87.a: [LOWI-Scan] BSS 4c:a6:4d:b1:84:4c LOWI_PHY_MODE_11AC_VHT40(9), Beacon Interval: 100, LOWI_ENCRYPTION_TYPE_WPA_EAP 11mcRanging: No, ANQP: No, LCI: No, Civic: No, capability(0x1511): ESS Privacy SpectrumMgmt ShortSlotTime
09-24 00:16:02.220 1402 3877 D LOWI-9.0.0.87.a: [LOWI-Scan] BSS 4c:a6:4d:b1:84:4c FREQ: 5320, cFreq1[40:80:160] = [5310:0:0] cFreq2 = 0 Country Code = CN
09-24 00:16:02.220 1402 3877 D LOWI-9.0.0.87.a: [LOWI-Scan] BSS 4c:a6:4d:b1:84:4c (wlan0) ASSO: NO AddInfo: 0x0, TSF 0, 00:03:54.500, RSSI: -164, CPL: 127, AGE: 24, SSID HH-mobile, TSFDelta: 0xd5f434c0, TXRate: 0
09-24 00:16:02.220 1402 3877 D LOWI-9.0.0.87.a: [LOWI-Scan]
09-24 00:16:02.220 1402 3877 D LOWI-9.0.0.87.a: [LOWI-Scan] print_bss_handler: Report Probe TSF 234499684 as it greater than Beacon TSF 234477882
09-24 00:16:02.220 1402 3877 D LOWI-9.0.0.87.a: [LOWI-Scan] decode_rsn_wpa_ie: LOWI_ENCRYPTION_TYPE_WPA_PSK
09-24 00:16:02.220 1402 3877 D LOWI-9.0.0.87.a: [LOWI-Scan] is_qcom_ie, bss_age: 0
09-24 00:16:02.221 1402 3877 D LOWI-9.0.0.87.a: [LOWI-Scan] BSS 4c:a6:4d:b1:84:4d LOWI_PHY_MODE_11AC_VHT40(9), Beacon Interval: 100, LOWI_ENCRYPTION_TYPE_WPA_PSK 11mcRanging: No, ANQP: No, LCI: No, Civic: No, capability(0x1511): ESS Privacy SpectrumMgmt ShortSlotTime
09-24 00:16:02.221 1402 3877 D LOWI-9.0.0.87.a: [LOWI-Scan] BSS 4c:a6:4d:b1:84:4d FREQ: 5320, cFreq1[40:80:160] = [5310:0:0] cFreq2 = 0 Country Code = CN
09-24 00:16:02.221 1402 3877 D LOWI-9.0.0.87.a: [LOWI-Scan] BSS 4c:a6:4d:b1:84:4d (wlan0) ASSO: NO AddInfo: 0x0, TSF 0, 00:03:54.499, RSSI: -162, CPL: 127, AGE: 28, SSID HH-Guest, TSFDelta: 0xd5f04dae, TXRate: 0
09-24 00:16:02.221 1402 3877 D LOWI-9.0.0.87.a: [LOWI-Scan]
01-01 08:04:02.419 0 0 W logd : Skipping entries from slow reader, pid 1279, fd 14, from LogBuffer::Prune()
09-24 00:16:02.221 1402 3877 D LOWI-9.0.0.87.a: [LOWI-Scan] print_bss_handler: Report beacon TSF 234478371 as it greater than probe TSF 234478371
09-24 00:16:02.221 1402 3877 D LOWI-9.0.0.87.a: [LOWI-Scan] decode_rsn_wpa_ie: LOWI_ENCRYPTION_TYPE_WPA_PSK
09-24 00:16:02.221 1402 3877 D LOWI-9.0.0.87.a: [LOWI-Scan] is_qcom_ie, bss_age: 0
09-24 00:16:02.221 1402 3877 D LOWI-9.0.0.87.a: [LOWI-Scan] BSS 4c:a6:4d:b1:84:4e LOWI_PHY_MODE_11AC_VHT40(9), Beacon Interval: 100, LOWI_ENCRYPTION_TYPE_WPA_PSK 11mcRanging: No, ANQP: No, LCI: No, Civic: No, capability(0x1511): ESS Privacy SpectrumMgmt ShortSlotTime
09-24 00:16:02.221 1402 3877 D LOWI-9.0.0.87.a: [LOWI-Scan] BSS 4c:a6:4d:b1:84:4e FREQ: 5320, cFreq1[40:80:160] = [5310:0:0] cFreq2 = 0 Country Code = CN
09-24 00:16:02.221 1402 3877 D LOWI-9.0.0.87.a: [LOWI-Scan] BSS 4c:a6:4d:b1:84:4e (wlan0) ASSO: NO AddInfo: 0x1, TSF 0, 00:03:54.478, RSSI: -164, CPL: 127, AGE: 48, SSID , TSFDelta: 0xd54e0f0c, TXRate: 0
09-24 00:16:02.222 1402 3877 D LOWI-9.0.0.87.a: [LOWI-Scan]
09-24 00:16:02.222 1402 3877 D LOWI-9.0.0.87.a: [LOWI-Scan] print_bss_handler: Report Probe TSF 234498918 as it greater than Beacon TSF 234478796
09-24 00:16:02.222 1402 3877 D LOWI-9.0.0.87.a: [LOWI-Scan] decode_rsn_wpa_ie: LOWI_ENCRYPTION_TYPE_WPA_EAP
09-24 00:16:02.222 1402 3877 D LOWI-9.0.0.87.a: [LOWI-Scan] is_qcom_ie, bss_age: 0
09-24 00:16:02.222 1402 3877 D LOWI-9.0.0.87.a: [LOWI-Scan] BSS 4c:a6:4d:b1:84:4f LOWI_PHY_MODE_11AC_VHT40(9), Beacon Interval: 100, LOWI_ENCRYPTION_TYPE_WPA_EAP 11mcRanging: No, ANQP: No, LCI: No, Civic: No, capability(0x1511): ESS Privacy SpectrumMgmt ShortSlotTime
09-24 00:16:02.222 1402 3877 D LOWI-9.0.0.87.a: [LOWI-Scan] BSS 4c:a6:4d:b1:84:4f FREQ: 5320, cFreq1[40:80:160] = [5310:0:0] cFreq2 = 0 Country Code = CN
09-24 00:16:02.222 1402 3877 D LOWI-9.0.0.87.a: [LOWI-Scan] BSS 4c:a6:4d:b1:84:4f (wlan0) ASSO: NO AddInfo: 0x0, TSF 0, 00:03:54.498, RSSI: -162, CPL: 127, AGE: 28, SSID HH, TSFDelta: 0xd5ea876d, TXRate: 0
09-24 00:16:02.223 1129 1821 D WificondScannerImpl: Filtering out 6 scan results.
09-24 00:16:02.223 1402 3877 D LOWI-9.0.0.87.a: [LOWI-Scan]
09-24 00:16:02.224 1402 3877 D LOWI-9.0.0.87.a: [LOWI-Scan] print_bss_handler: Report beacon TSF 233697851 as it greater than probe TSF 223679941
09-24 00:16:02.224 1402 3877 D LOWI-9.0.0.87.a: [LOWI-Scan] decode_rsn_wpa_ie: LOWI_ENCRYPTION_TYPE_WPA_EAP
09-24 00:16:02.224 1402 3877 D LOWI-9.0.0.87.a: [LOWI-Scan] is_qcom_ie, bss_age: 0
09-24 00:16:02.224 1402 3877 D LOWI-9.0.0.87.a: [LOWI-Scan] BSS 4c:a6:4d:b1:84:40 LOWI_PHY_MODE_11NG_HT20(5), Beacon Interval: 100, LOWI_ENCRYPTION_TYPE_WPA_EAP 11mcRanging: No, ANQP: No, LCI: No, Civic: No, capability(0x1411): ESS Privacy ShortSlotTime
09-24 00:16:02.224 1402 3877 D LOWI-9.0.0.87.a: [LOWI-Scan] BSS 4c:a6:4d:b1:84:40 FREQ: 2462, cFreq1[40:80:160] = [0:0:0] cFreq2 = 0 Country Code = CN
09-24 00:16:02.224 1402 3877 D LOWI-9.0.0.87.a: [LOWI-Scan] BSS 4c:a6:4d:b1:84:40 (wlan0) ASSO: NO AddInfo: 0x1, TSF 0, 00:03:53.697, RSSI: -164, CPL: 127, AGE: 828, SSID HH, TSFDelta: 0xbfa58ab3, TXRate: 0
09-24 00:16:02.224 1402 3877 D LOWI-9.0.0.87.a: [LOWI-Scan]
09-24 00:16:02.224 1402 3877 D LOWI-9.0.0.87.a: [LOWI-Scan] print_bss_handler: Report Probe TSF 233707090 as it greater than Beacon TSF 224099373
09-24 00:16:02.225 1402 3877 D LOWI-9.0.0.87.a: [LOWI-Scan] decode_rsn_wpa_ie: LOWI_ENCRYPTION_TYPE_WPA_PSK
09-24 00:16:02.225 1402 3877 D LOWI-9.0.0.87.a: [LOWI-Scan] is_qcom_ie, bss_age: 0
09-24 00:16:02.225 1402 3877 D LOWI-9.0.0.87.a: [LOWI-Scan] BSS 6c:31:0e:27:99:a0 LOWI_PHY_MODE_11NG_HT20(5), Beacon Interval: 100, LOWI_ENCRYPTION_TYPE_WPA_PSK 11mcRanging: No, ANQP: No, LCI: No, Civic: No, capability(0x1111): ESS Privacy SpectrumMgmt
09-24 00:16:02.225 1402 3877 D LOWI-9.0.0.87.a: [LOWI-Scan] BSS 6c:31:0e:27:99:a0 FREQ: 2462, cFreq1[40:80:160] = [0:0:0] cFreq2 = 0 Country Code = CN
09-24 00:16:02.225 1402 3877 D LOWI-9.0.0.87.a: [LOWI-Scan] BSS 6c:31:0e:27:99:a0 (wlan0) ASSO: NO AddInfo: 0x0, TSF 0, 00:03:53.707, RSSI: -150, CPL: 127, AGE: 824, SSID HiPhi-OTA, TSFDelta: 0xc47aecb3, TXRate: 0
09-24 00:16:02.225 1402 3877 D LOWI-9.0.0.87.a: [LOWI-Scan]
09-24 00:16:02.225 1402 3877 D LOWI-9.0.0.87.a: [LOWI-Scan] print_bss_handler: Report Probe TSF 224138535 as it greater than Beacon TSF 223722722
09-24 00:16:02.225 1402 3877 D LOWI-9.0.0.87.a: [LOWI-Scan] decode_rsn_wpa_ie: LOWI_ENCRYPTION_TYPE_WPA_PSK
09-24 00:16:02.225 1402 3877 D LOWI-9.0.0.87.a: [LOWI-Scan] is_qcom_ie, bss_age: 0
09-24 00:16:02.225 1402 3877 D LOWI-9.0.0.87.a: [LOWI-Scan] adjust_age:AP AGE upper limit reached. Dont store
09-24 00:16:02.225 1402 3877 D LOWI-9.0.0.87.a: [LOWI-Scan] BSS dc:77:4c:52:29:40 LOWI_PHY_MODE_11NG_HT20(5), Beacon Interval: 100, LOWI_ENCRYPTION_TYPE_WPA_PSK 11mcRanging: No, ANQP: No, LCI: No, Civic: No, capability(0x1111): ESS Privacy SpectrumMgmt
09-24 00:16:02.225 1402 3877 D LOWI-9.0.0.87.a: [LOWI-Scan] BSS dc:77:4c:52:29:40 FREQ: 2462, cFreq1[40:80:160] = [0:0:0] cFreq2 = 0 Country Code = CN
09-24 00:16:02.225 1402 3877 D LOWI-9.0.0.87.a: [LOWI-Scan] BSS dc:77:4c:52:29:40 (wlan0) ASSO: NO AddInfo: 0x0, TSF 0, 00:03:44.138, RSSI: -148, CPL: 127, AGE: 10392, SSID HiPhi-OTA, TSFDelta: 0xd33b3ccc, TXRate: 0
09-24 00:16:02.225 1402 3877 D LOWI-9.0.0.87.a: [LOWI-Scan]
09-24 00:16:02.225 1402 3877 D LOWI-9.0.0.87.a: [LOWI-Scan] print_bss_handler: Report beacon TSF 233739697 as it greater than probe TSF 142575427
09-24 00:16:02.225 1402 3877 D LOWI-9.0.0.87.a: [LOWI-Scan] decode_rsn_wpa_ie: LOWI_ENCRYPTION_TYPE_WPA_PSK
09-24 00:16:02.225 1402 3877 D LOWI-9.0.0.87.a: [LOWI-Scan] is_qcom_ie, bss_age: 0
09-24 00:16:02.225 1402 3877 D LOWI-9.0.0.87.a: [LOWI-Scan] BSS 98:97:cc:7e:02:6e LOWI_PHY_MODE_11NG_HT40(7), Beacon Interval: 100, LOWI_ENCRYPTION_TYPE_WPA_PSK 11mcRanging: No, ANQP: No, LCI: No, Civic: No, capability(0x1411): ESS Privacy ShortSlotTime
09-24 00:16:02.225 1402 3877 D LOWI-9.0.0.87.a: [LOWI-Scan] BSS 98:97:cc:7e:02:6e FREQ: 2462, cFreq1[40:80:160] = [2452:0:0] cFreq2 = 0 Country Code = CN
09-24 00:16:02.225 1402 3877 D LOWI-9.0.0.87.a: [LOWI-Scan] BSS 98:97:cc:7e:02:6e (wlan0) ASSO: NO AddInfo: 0x1, TSF 0, 00:03:53.739, RSSI: -134, CPL: 127, AGE: 792, SSID TP-LINK_026E, TSFDelta: 0xbb9dd66f, TXRate: 0
09-24 00:16:02.226 1402 3877 D LOWI-9.0.0.87.a: [LOWI-Scan]
09-24 00:16:02.226 1402 3877 D LOWI-9.0.0.87.a: [LOWI-Scan] print_bss_handler: Report Probe TSF 224104402 as it greater than Beacon TSF 176047136
09-24 00:16:02.226 1402 3877 D LOWI-9.0.0.87.a: [LOWI-Scan] decode_rsn_wpa_ie: LOWI_ENCRYPTION_TYPE_WPA_PSK
09-24 00:16:02.226 1402 3877 D LOWI-9.0.0.87.a: [LOWI-Scan] is_qcom_ie, bss_age: 0
09-24 00:16:02.226 1402 3877 D LOWI-9.0.0.87.a: [LOWI-Scan] adjust_age:AP AGE upper limit reached. Dont store
09-24 00:16:02.226 1402 3877 D LOWI-9.0.0.87.a: [LOWI-Scan] BSS 4c:a6:4d:b1:84:42 LOWI_PHY_MODE_11NG_HT20(5), Beacon Interval: 100, LOWI_ENCRYPTION_TYPE_WPA_PSK 11mcRanging: No, ANQP: No, LCI: No, Civic: No, capability(0x1411): ESS Privacy ShortSlotTime
09-24 00:16:02.226 1402 3877 D LOWI-9.0.0.87.a: [LOWI-Scan] BSS 4c:a6:4d:b1:84:42 FREQ: 2462, cFreq1[40:80:160] = [0:0:0] cFreq2 = 0 Country Code = CN
09-24 00:16:02.226 1402 3877 D LOWI-9.0.0.87.a: [LOWI-Scan] BSS 4c:a6:4d:b1:84:42 (wlan0) ASSO: NO AddInfo: 0x0, TSF 0, 00:03:44.104, RSSI: -166, CPL: 127, AGE: 10424, SSID HH-Guest, TSFDelta: 0xcbbb64f2, TXRate: 0
09-24 00:16:02.226 1402 3877 D LOWI-9.0.0.87.a: [LOWI-Scan]
09-24 00:16:02.226 1402 3877 D LOWI-9.0.0.87.a: [LOWI-Scan] print_bss_handler: Report Probe TSF 224107055 as it greater than Beacon TSF 224076519
09-24 00:16:02.226 1402 3877 D LOWI-9.0.0.87.a: [LOWI-Scan] decode_rsn_wpa_ie: LOWI_ENCRYPTION_TYPE_WPA_EAP
09-24 00:16:02.226 1402 3877 D LOWI-9.0.0.87.a: [LOWI-Scan] is_qcom_ie, bss_age: 0
09-24 00:16:02.226 1402 3877 D LOWI-9.0.0.87.a: [LOWI-Scan] adjust_age:AP AGE upper limit reached. Dont store
09-24 00:16:02.226 1402 3877 D LOWI-9.0.0.87.a: [LOWI-Scan] BSS 4c:a6:4d:b1:84:43 LOWI_PHY_MODE_11NG_HT20(5), Beacon Interval: 100, LOWI_ENCRYPTION_TYPE_WPA_EAP 11mcRanging: No, ANQP: No, LCI: No, Civic: No, capability(0x1411): ESS Privacy ShortSlotTime
09-24 00:16:02.226 1402 3877 D LOWI-9.0.0.87.a: [LOWI-Scan] BSS 4c:a6:4d:b1:84:43 FREQ: 2462, cFreq1[40:80:160] = [0:0:0] cFreq2 = 0 Country Code = CN
09-24 00:16:02.226 1402 3877 D LOWI-9.0.0.87.a: [LOWI-Scan] BSS 4c:a6:4d:b1:84:43 (wlan0) ASSO: NO AddInfo: 0x0, TSF 0, 00:03:44.107, RSSI: -164, CPL: 127, AGE: 10424, SSID HH-mobile, TSFDelta: 0xcbcc2d09, TXRate: 0
09-24 00:16:02.226 1402 3877 D LOWI-9.0.0.87.a: [LOWI-Scan]
09-24 00:16:02.226 1402 3877 D LOWI-9.0.0.87.a: [LOWI-Scan] print_bss_handler: Report Probe TSF 223706727 as it greater than Beacon TSF 176051299
09-24 00:16:02.226 1402 3877 D LOWI-9.0.0.87.a: [LOWI-Scan] decode_rsn_wpa_ie: LOWI_ENCRYPTION_TYPE_WPA_PSK
09-24 00:16:02.226 1402 3877 D LOWI-9.0.0.87.a: [LOWI-Scan] is_qcom_ie, bss_age: 0
09-24 00:16:02.226 1402 3877 D LOWI-9.0.0.87.a: [LOWI-Scan] adjust_age:AP AGE upper limit reached. Dont store
09-24 00:16:02.226 1402 3877 D LOWI-9.0.0.87.a: [LOWI-Scan] BSS 4c:a6:4d:b1:84:44 LOWI_PHY_MODE_11NG_HT20(5), Beacon Interval: 100, LOWI_ENCRYPTION_TYPE_WPA_PSK 11mcRanging: No, ANQP: No, LCI: No, Civic: No, capability(0x1411): ESS Privacy ShortSlotTime
09-24 00:16:02.226 1402 3877 D LOWI-9.0.0.87.a: [LOWI-Scan] BSS 4c:a6:4d:b1:84:44 FREQ: 2462, cFreq1[40:80:160] = [0:0:0] cFreq2 = 0 Country Code = CN
09-24 00:16:02.226 1402 3877 D LOWI-9.0.0.87.a: [LOWI-Scan] BSS 4c:a6:4d:b1:84:44 (wlan0) ASSO: NO AddInfo: 0x0, TSF 0, 00:03:43.706, RSSI: -166, CPL: 127, AGE: 10824, SSID HH-Partner, TSFDelta: 0xc00f9124, TXRate: 0
09-24 00:16:02.227 1402 3877 D LOWI-9.0.0.87.a: [LOWI-Scan]
09-24 00:16:02.227 1402 3877 D LOWI-9.0.0.87.a: [LOWI-Scan] print_bss_handler: Report Probe TSF 232787617 as it greater than Beacon TSF 222768792
09-24 00:16:02.227 1402 3877 D LOWI-9.0.0.87.a: [LOWI-Scan] decode_rsn_wpa_ie: LOWI_ENCRYPTION_TYPE_WPA_PSK
09-24 00:16:02.227 1402 3877 D LOWI-9.0.0.87.a: [LOWI-Scan] is_qcom_ie, bss_age: 0
09-24 00:16:02.227 1402 3877 D LOWI-9.0.0.87.a: [LOWI-Scan] BSS 3c:51:0e:47:ad:00 LOWI_PHY_MODE_11NG_HT20(5), Beacon Interval: 100, LOWI_ENCRYPTION_TYPE_WPA_PSK 11mcRanging: No, ANQP: No, LCI: No, Civic: No, capability(0x1111): ESS Privacy SpectrumMgmt
09-24 00:16:02.227 1402 3877 D LOWI-9.0.0.87.a: [LOWI-Scan] BSS 3c:51:0e:47:ad:00 FREQ: 2412, cFreq1[40:80:160] = [0:0:0] cFreq2 = 0 Country Code = CN
09-24 00:16:02.227 1402 3877 D LOWI-9.0.0.87.a: [LOWI-Scan] BSS 3c:51:0e:47:ad:00 (wlan0) ASSO: NO AddInfo: 0x0, TSF 0, 00:03:52.787, RSSI: -148, CPL: 127, AGE: 1744, SSID HiPhi-PDI, TSFDelta: 0xa961dc48, TXRate: 0
09-24 00:16:02.227 1402 3877 D LOWI-9.0.0.87.a: [LOWI-Scan]
09-24 00:16:02.227 1402 3877 D LOWI-9.0.0.87.a: [LOWI-Scan] print_bss_handler: Report Probe TSF 233245512 as it greater than Beacon TSF 223212631
09-24 00:16:02.227 1402 3877 D LOWI-9.0.0.87.a: [LOWI-Scan] decode_rsn_wpa_ie: LOWI_ENCRYPTION_TYPE_WPA_EAP
09-24 00:16:02.227 1402 3877 D LOWI-9.0.0.87.a: [LOWI-Scan] is_qcom_ie, bss_age: 0
09-24 00:16:02.227 1402 3877 D LOWI-9.0.0.87.a: [LOWI-Scan] BSS 68:9e:0b:ef:b3:60 LOWI_PHY_MODE_11NG_HT20(5), Beacon Interval: 100, LOWI_ENCRYPTION_TYPE_WPA_EAP 11mcRanging: No, ANQP: No, LCI: No, Civic: No, capability(0x1111): ESS Privacy SpectrumMgmt
09-24 00:16:02.227 1402 3877 D LOWI-9.0.0.87.a: [LOWI-Scan] BSS 68:9e:0b:ef:b3:60 FREQ: 2437, cFreq1[40:80:160] = [0:0:0] cFreq2 = 0 Country Code = CN
09-24 00:16:02.227 1402 3877 D LOWI-9.0.0.87.a: [LOWI-Scan] BSS 68:9e:0b:ef:b3:60 (wlan0) ASSO: NO AddInfo: 0x0, TSF 0, 00:03:53.245, RSSI: -156, CPL: 127, AGE: 1284, SSID HH, TSFDelta: 0xb4740614, TXRate: 0
09-24 00:16:02.227 1402 3877 D LOWI-9.0.0.87.a: [LOWI-Scan]
09-24 00:16:02.227 1402 3877 D LOWI-9.0.0.87.a: [LOWI-Scan] print_bss_handler: Report Probe TSF 233243399 as it greater than Beacon TSF 233221369
09-24 00:16:02.227 1402 3877 D LOWI-9.0.0.87.a: [LOWI-Scan] decode_rsn_wpa_ie: LOWI_ENCRYPTION_TYPE_WPA_PSK
09-24 00:16:02.227 1402 3877 D LOWI-9.0.0.87.a: [LOWI-Scan] is_qcom_ie, bss_age: 0
09-24 00:16:02.227 1402 3877 D LOWI-9.0.0.87.a: [LOWI-Scan] BSS 3c:51:0e:2e:f4:a0 LOWI_PHY_MODE_11NG_HT20(5), Beacon Interval: 100, LOWI_ENCRYPTION_TYPE_WPA_PSK 11mcRanging: No, ANQP: No, LCI: No, Civic: No, capability(0x1111): ESS Privacy SpectrumMgmt
09-24 00:16:02.227 1402 3877 D LOWI-9.0.0.87.a: [LOWI-Scan] BSS 3c:51:0e:2e:f4:a0 FREQ: 2437, cFreq1[40:80:160] = [0:0:0] cFreq2 = 0 Country Code = CN
09-24 00:16:02.227 1402 3877 D LOWI-9.0.0.87.a: [LOWI-Scan] BSS 3c:51:0e:2e:f4:a0 (wlan0) ASSO: NO AddInfo: 0x0, TSF 0, 00:03:53.243, RSSI: -152, CPL: 127, AGE: 1288, SSID HiPhi-PDI, TSFDelta: 0xb60f80f9, TXRate: 0
09-24 00:16:02.228 1402 3877 D LOWI-9.0.0.87.a: [LOWI-Scan]
09-24 00:16:02.228 1402 3877 D LOWI-9.0.0.87.a: [LOWI-Scan] print_bss_handler: Report Probe TSF 233266261 as it greater than Beacon TSF 203586940
09-24 00:16:02.228 1402 3877 D LOWI-9.0.0.87.a: [LOWI-Scan] decode_rsn_wpa_ie: LOWI_ENCRYPTION_TYPE_WPA_PSK
09-24 00:16:02.228 1402 3877 D LOWI-9.0.0.87.a: [LOWI-Scan] is_qcom_ie, bss_age: 0
09-24 00:16:02.228 1402 3877 D LOWI-9.0.0.87.a: [LOWI-Scan] BSS 68:9e:0b:ef:b3:61 LOWI_PHY_MODE_11NG_HT20(5), Beacon Interval: 100, LOWI_ENCRYPTION_TYPE_WPA_PSK 11mcRanging: No, ANQP: No, LCI: No, Civic: No, capability(0x1111): ESS Privacy SpectrumMgmt
09-24 00:16:02.228 1402 3877 D LOWI-9.0.0.87.a: [LOWI-Scan] BSS 68:9e:0b:ef:b3:61 FREQ: 2437, cFreq1[40:80:160] = [0:0:0] cFreq2 = 0 Country Code = CN
09-24 00:16:02.228 1402 3877 D LOWI-9.0.0.87.a: [LOWI-Scan] BSS 68:9e:0b:ef:b3:61 (wlan0) ASSO: NO AddInfo: 0x0, TSF 0, 00:03:53.266, RSSI: -150, CPL: 127, AGE: 1264, SSID HHT-FACTORY-OTA, TSFDelta: 0xb50557af, TXRate: 0
09-24 00:16:02.228 1402 3877 D LOWI-9.0.0.87.a: [LOWI-Scan]
09-24 00:16:02.228 1402 3877 D LOWI-9.0.0.87.a: [LOWI-Scan] print_bss_handler: Report beacon TSF 233494997 as it greater than probe TSF 223417451
09-24 00:16:02.228 1402 3877 D LOWI-9.0.0.87.a: [LOWI-Scan] decode_rsn_wpa_ie: LOWI_ENCRYPTION_TYPE_WPA_PSK
09-24 00:16:02.228 1402 3877 D LOWI-9.0.0.87.a: [LOWI-Scan] is_qcom_ie, bss_age: 0
09-24 00:16:02.228 1402 3877 D LOWI-9.0.0.87.a: [LOWI-Scan] BSS d6:72:26:02:22:99 LOWI_PHY_MODE_11NG_HT40(7), Beacon Interval: 100, LOWI_ENCRYPTION_TYPE_WPA_PSK 11mcRanging: No, ANQP: No, LCI: No, Civic: No, capability(0x0411): ESS Privacy ShortSlotTime
09-24 00:16:02.228 1402 3877 D LOWI-9.0.0.87.a: [LOWI-Scan] BSS d6:72:26:02:22:99 FREQ: 2447, cFreq1[40:80:160] = [2437:0:0] cFreq2 = 0 Country Code = CN
09-24 00:16:02.228 1402 3877 D LOWI-9.0.0.87.a: [LOWI-Scan] BSS d6:72:26:02:22:99 (wlan0) ASSO: NO AddInfo: 0x1, TSF 0, 00:03:53.494, RSSI: -152, CPL: 127, AGE: 1036, SSID ZTE_1234567890, TSFDelta: 0x517dd51c, TXRate: 0
09-24 00:16:02.228 1402 3877 D LOWI-9.0.0.87.a: [LOWI-Scan]
09-24 00:16:02.228 1402 3877 D LOWI-9.0.0.87.a: [LOWI-Scan] print_bss_handler: Report Probe TSF 212705303 as it greater than Beacon TSF 205133018
09-24 00:16:02.228 1402 3877 D LOWI-9.0.0.87.a: [LOWI-Scan] decode_rsn_wpa_ie: LOWI_ENCRYPTION_TYPE_WPA_PSK
09-24 00:16:02.228 1402 3877 D LOWI-9.0.0.87.a: [LOWI-Scan] is_qcom_ie, bss_age: 0
09-24 00:16:02.228 1402 3877 D LOWI-9.0.0.87.a: [LOWI-Scan] adjust_age:AP AGE upper limit reached. Dont store
09-24 00:16:02.228 1402 3877 D LOWI-9.0.0.87.a: [LOWI-Scan] BSS 68:9e:0b:ef:b5:81 LOWI_PHY_MODE_11NG_HT20(5), Beacon Interval: 100, LOWI_ENCRYPTION_TYPE_WPA_PSK 11mcRanging: No, ANQP: No, LCI: No, Civic: No, capability(0x1111): ESS Privacy SpectrumMgmt
09-24 00:16:02.228 1402 3877 D LOWI-9.0.0.87.a: [LOWI-Scan] BSS 68:9e:0b:ef:b5:81 FREQ: 2412, cFreq1[40:80:160] = [0:0:0] cFreq2 = 0 Country Code = CN
09-24 00:16:02.228 1402 3877 D LOWI-9.0.0.87.a: [LOWI-Scan] BSS 68:9e:0b:ef:b5:81 (wlan0) ASSO: NO AddInfo: 0x0, TSF 0, 00:03:32.705, RSSI: -136, CPL: 127, AGE: 21824, SSID HHT-FACTORY-OTA, TSFDelta: 0xa7d64e34, TXRate: 0
09-24 00:16:02.229 1402 3877 D LOWI-9.0.0.87.a: [LOWI-Scan]
09-24 00:16:02.229 1402 3877 D LOWI-9.0.0.87.a: [LOWI-Scan] print_bss_handler: Report Probe TSF 233257542 as it greater than Beacon TSF 233241224
09-24 00:16:02.229 1402 3877 D LOWI-9.0.0.87.a: [LOWI-Scan] decode_rsn_wpa_ie: LOWI_ENCRYPTION_TYPE_WPA_PSK
09-24 00:16:02.229 1402 3877 D LOWI-9.0.0.87.a: [LOWI-Scan] is_qcom_ie, bss_age: 0
09-24 00:16:02.229 1402 3877 D LOWI-9.0.0.87.a: [LOWI-Scan] BSS c6:d4:4a:1a:f5:bd LOWI_PHY_MODE_11NG_HT20(5), Beacon Interval: 100, LOWI_ENCRYPTION_TYPE_WPA_PSK 11mcRanging: No, ANQP: No, LCI: No, Civic: No, capability(0x1511): ESS Privacy SpectrumMgmt ShortSlotTime
09-24 00:16:02.229 1402 3877 D LOWI-9.0.0.87.a: [LOWI-Scan] BSS c6:d4:4a:1a:f5:bd FREQ: 2437, cFreq1[40:80:160] = [0:0:0] cFreq2 = 0 Country Code = CN
09-24 00:16:02.229 1402 3877 D LOWI-9.0.0.87.a: [LOWI-Scan] BSS c6:d4:4a:1a:f5:bd (wlan0) ASSO: NO AddInfo: 0x0, TSF 0, 00:03:53.257, RSSI: -146, CPL: 127, AGE: 1272, SSID _________iPhone, TSFDelta: 0x75142375, TXRate: 0
09-24 00:16:02.229 1402 3877 D LOWI-9.0.0.87.a: [LOWI-Scan]
09-24 00:16:02.229 1402 3877 D LOWI-9.0.0.87.a: [LOWI-Scan] print_bss_handler: Report Probe TSF 233272629 as it greater than Beacon TSF 233234348
09-24 00:16:02.229 1402 3877 D LOWI-9.0.0.87.a: [LOWI-Scan] decode_rsn_wpa_ie: LOWI_ENCRYPTION_TYPE_WPA_PSK
09-24 00:16:02.229 1402 3877 D LOWI-9.0.0.87.a: [LOWI-Scan] is_qcom_ie, bss_age: 0
09-24 00:16:02.229 1402 3877 D LOWI-9.0.0.87.a: [LOWI-Scan] BSS f2:65:c2:f6:96:a0 LOWI_PHY_MODE_11NG_HT20(5), Beacon Interval: 100, LOWI_ENCRYPTION_TYPE_WPA_PSK 11mcRanging: No, ANQP: No, LCI: No, Civic: No, capability(0x0511): ESS Privacy SpectrumMgmt ShortSlotTime
09-24 00:16:02.229 1402 3877 D LOWI-9.0.0.87.a: [LOWI-Scan] BSS f2:65:c2:f6:96:a0 FREQ: 2437, cFreq1[40:80:160] = [0:0:0] cFreq2 = 0 Country Code = CN
09-24 00:16:02.229 1402 3877 D LOWI-9.0.0.87.a: [LOWI-Scan] BSS f2:65:c2:f6:96:a0 (wlan0) ASSO: NO AddInfo: 0x0, TSF 0, 00:03:53.272, RSSI: -142, CPL: 127, AGE: 1256, SSID hotspot96A0, TSFDelta: 0x71c90a7, TXRate: 0
09-24 00:16:02.229 1402 3877 D LOWI-9.0.0.87.a: [LOWI-Scan]
09-24 00:16:02.229 1402 3877 D LOWI-9.0.0.87.a: [LOWI-Scan] print_bss_handler: Report Probe TSF 233233882 as it greater than Beacon TSF 0
09-24 00:16:02.229 1402 3877 D LOWI-9.0.0.87.a: [LOWI-Scan] decode_rsn_wpa_ie: LOWI_ENCRYPTION_TYPE_WPA_PSK
09-24 00:16:02.229 1402 3877 D LOWI-9.0.0.87.a: [LOWI-Scan] is_qcom_ie, bss_age: 0
09-24 00:16:02.229 1402 3877 D LOWI-9.0.0.87.a: [LOWI-Scan] BSS 98:97:cc:7e:02:70 LOWI_PHY_MODE_11AC_VHT80(10), Beacon Interval: 100, LOWI_ENCRYPTION_TYPE_WPA_PSK 11mcRanging: No, ANQP: No, LCI: No, Civic: No, capability(0x1011): ESS Privacy
09-24 00:16:02.229 1402 3877 D LOWI-9.0.0.87.a: [LOWI-Scan] BSS 98:97:cc:7e:02:70 FREQ: 5745, cFreq1[40:80:160] = [5755:5775:0] cFreq2 = 0 Country Code = CN
09-24 00:16:02.229 1402 3877 D LOWI-9.0.0.87.a: [LOWI-Scan] BSS 98:97:cc:7e:02:70 (wlan0) ASSO: NO AddInfo: 0x0, TSF 0, 00:03:53.233, RSSI: -168, CPL: 127, AGE: 1296, SSID TP-LINK_026E, TSFDelta: 0xa7d96dc1, TXRate: 0
09-24 00:16:02.229 1402 3877 D LOWI-9.0.0.87.a: [LOWI-Scan]
09-24 00:16:02.229 1402 3877 D LOWI-9.0.0.87.a: [LOWI-Scan] print_bss_handler: Report Probe TSF 233240572 as it greater than Beacon TSF 233223179
09-24 00:16:02.229 1402 3877 D LOWI-9.0.0.87.a: [LOWI-Scan] decode_rsn_wpa_ie: LOWI_ENCRYPTION_TYPE_WPA_PSK
09-24 00:16:02.229 1402 3877 D LOWI-9.0.0.87.a: [LOWI-Scan] is_qcom_ie, bss_age: 0
09-24 00:16:02.229 1402 3877 D LOWI-9.0.0.87.a: [LOWI-Scan] BSS 6a:db:33:f7:dc:fc LOWI_PHY_MODE_11AC_VHT80(10), Beacon Interval: 100, LOWI_ENCRYPTION_TYPE_WPA_PSK 11mcRanging: No, ANQP: No, LCI: No, Civic: No, capability(0x1111): ESS Privacy SpectrumMgmt
09-24 00:16:02.229 1402 3877 D LOWI-9.0.0.87.a: [LOWI-Scan] BSS 6a:db:33:f7:dc:fc FREQ: 5745, cFreq1[40:80:160] = [5755:5775:0] cFreq2 = 0 Country Code = CN
09-24 00:16:02.229 1402 3877 D LOWI-9.0.0.87.a: [LOWI-Scan] BSS 6a:db:33:f7:dc:fc (wlan0) ASSO: NO AddInfo: 0x0, TSF 0, 00:03:53.240, RSSI: -156, CPL: 127, AGE: 1288, SSID iPhone (3), TSFDelta: 0xd05ba955, TXRate: 0
09-24 00:16:02.230 1402 3877 D LOWI-9.0.0.87.a: [LOWI-Scan]
09-24 00:16:02.230 1402 3877 D LOWI-9.0.0.87.a: [LOWI-Scan] print_bss_handler: Report beacon TSF 233698917 as it greater than probe TSF 233698917
09-24 00:16:02.230 1402 3877 D LOWI-9.0.0.87.a: [LOWI-Scan] decode_rsn_wpa_ie: LOWI_ENCRYPTION_TYPE_WPA_PSK
09-24 00:16:02.230 1402 3877 D LOWI-9.0.0.87.a: [LOWI-Scan] is_qcom_ie, bss_age: 0
09-24 00:16:02.230 1402 3877 D LOWI-9.0.0.87.a: [LOWI-Scan] BSS 4c:a6:4d:b1:84:41 LOWI_PHY_MODE_11NG_HT20(5), Beacon Interval: 100, LOWI_ENCRYPTION_TYPE_WPA_PSK 11mcRanging: No, ANQP: No, LCI: No, Civic: No, capability(0x1411): ESS Privacy ShortSlotTime
09-24 00:16:02.230 1402 3877 D LOWI-9.0.0.87.a: [LOWI-Scan] BSS 4c:a6:4d:b1:84:41 FREQ: 2462, cFreq1[40:80:160] = [0:0:0] cFreq2 = 0 Country Code = CN
09-24 00:16:02.230 1402 3877 D LOWI-9.0.0.87.a: [LOWI-Scan] BSS 4c:a6:4d:b1:84:41 (wlan0) ASSO: NO AddInfo: 0x1, TSF 0, 00:03:53.698, RSSI: -162, CPL: 127, AGE: 832, SSID , TSFDelta: 0xbe8a2a3c, TXRate: 0
09-24 00:16:02.230 1402 3877 D LOWI-9.0.0.87.a: [LOWI-Scan]
09-24 00:16:02.230 1402 3877 D LOWI-9.0.0.87.a: [LOWI-Scan] print_bss_handler: Report Probe TSF 233708992 as it greater than Beacon TSF 0
09-24 00:16:02.230 1402 3877 D LOWI-9.0.0.87.a: [LOWI-Scan] decode_rsn_wpa_ie: LOWI_ENCRYPTION_TYPE_WPA_PSK
09-24 00:16:02.230 1402 3877 D LOWI-9.0.0.87.a: [LOWI-Scan] is_qcom_ie, bss_age: 0
09-24 00:16:02.230 1402 3877 D LOWI-9.0.0.87.a: [LOWI-Scan] BSS dc:77:4c:52:28:40 LOWI_PHY_MODE_11NG_HT20(5), Beacon Interval: 100, LOWI_ENCRYPTION_TYPE_WPA_PSK 11mcRanging: No, ANQP: No, LCI: No, Civic: No, capability(0x1111): ESS Privacy SpectrumMgmt
