09-24 00:12:56.103 1129 1129 D SystemServerTiming: StartTimeDetectorService took to complete: 1ms
09-24 00:12:56.103 1129 1129 I SystemServerTiming: StartTimeZoneDetectorService
09-24 00:12:56.103 1129 1129 I SystemServiceManager: Starting com.android.server.timezonedetector.TimeZoneDetectorService$Lifecycle
09-24 00:12:56.104 1129 1129 D SystemServerTiming: StartTimeZoneDetectorService took to complete: 1ms
09-24 00:12:56.104 1129 1129 I SystemServerTiming: StartLocationTimeZoneManagerService
09-24 00:12:56.104 1129 1129 I SystemServiceManager: Starting com.android.server.timezonedetector.location.LocationTimeZoneManagerService$Lifecycle
09-24 00:12:56.105 1129 1129 D SystemServerTiming: StartLocationTimeZoneManagerService took to complete: 0ms
09-24 00:12:56.105 1129 1129 I SystemServerTiming: StartSearchManagerService
09-24 00:12:56.105 1129 1129 I SystemServiceManager: Starting com.android.server.search.SearchManagerService$Lifecycle
09-24 00:12:56.106 1129 1129 D SystemServerTiming: StartSearchManagerService took to complete: 1ms
09-24 00:12:56.106 1129 1129 I SystemServerTiming: StartWallpaperManagerService
09-24 00:12:56.106 1129 1129 I SystemServiceManager: Starting com.android.server.wallpaper.WallpaperManagerService$Lifecycle
09-24 00:12:56.107 1129 1129 D SystemServerTiming: StartWallpaperManagerService took to complete: 1ms
09-24 00:12:56.107 1129 1129 I SystemServerTiming: StartAudioService
09-24 00:12:56.107 1129 1129 I SystemServiceManager: Starting com.android.server.audio.AudioService$Lifecycle
09-24 00:12:56.151 1129 1129 D SystemServerTiming: StartAudioService took to complete: 44ms
09-24 00:12:56.151 1129 1129 I SystemServerTiming: StartSoundTriggerMiddlewareService
09-24 00:12:56.151 1129 1129 I SystemServiceManager: Starting com.android.server.soundtrigger_middleware.SoundTriggerMiddlewareService$Lifecycle
09-24 00:12:56.157 1129 1129 D SystemServerTiming: StartSoundTriggerMiddlewareService took to complete: 5ms
09-24 00:12:56.157 1129 1129 I SystemServerTiming: StartDockObserver
09-24 00:12:56.157 1129 1129 I SystemServiceManager: Starting com.android.server.DockObserver
09-24 00:12:56.157 1129 1129 W DockObserver: This kernel does not have dock station support
09-24 00:12:56.158 1129 1129 D SystemServerTiming: StartDockObserver took to complete: 1ms
09-24 00:12:56.158 1129 1129 I SystemServerTiming: StartWiredAccessoryManager
09-24 00:12:56.158 1129 1129 W WiredAccessoryManager: This kernel does not have usb audio support
09-24 00:12:56.159 1129 1129 W WiredAccessoryManager: This kernel does not have HDMI audio support
09-24 00:12:56.159 1129 1129 E WiredAccessoryManager: file /sys/devices/platform/soc/soc:qcom,msm-ext-disp/extcon/extcon3/name not found
09-24 00:12:56.159 1129 1129 W WiredAccessoryManager: Conn soc:qcom,msm-ext-disp/3/0 does not have DP audio support
09-24 00:12:56.159 1129 1129 E WiredAccessoryManager: file /sys/devices/platform/soc/soc:qcom,msm-ext-disp/extcon/extcon2/name not found
09-24 00:12:56.159 1129 1129 W WiredAccessoryManager: Conn soc:qcom,msm-ext-disp/2/0 does not have DP audio support
09-24 00:12:56.161 1129 1129 E WiredAccessoryManager: set dev_index 1
09-24 00:12:56.161 1129 1129 W WiredAccessoryManager: checkCableIndex set cable 0
09-24 00:12:56.162 1129 1129 E WiredAccessoryManager: set dev_index 0
09-24 00:12:56.162 1129 1129 W WiredAccessoryManager: checkCableIndex set cable 0
09-24 00:12:56.162 1129 1129 D SystemServerTiming: StartWiredAccessoryManager took to complete: 5ms
09-24 00:12:56.163 1129 1129 I SystemServerTiming: StartMidiManager
09-24 00:12:56.163 1129 1129 I SystemServiceManager: Starting com.android.server.midi.MidiService$Lifecycle
09-24 00:12:56.167 1129 1129 D SystemServerTiming: StartMidiManager took to complete: 5ms
09-24 00:12:56.167 1129 1129 I SystemServerTiming: StartAdbService
09-24 00:12:56.167 1129 1129 I SystemServiceManager: Starting com.android.server.adb.AdbService$Lifecycle
09-24 00:12:56.169 1129 1129 D SystemServerTiming: StartAdbService took to complete: 1ms
09-24 00:12:56.169 1129 1129 I SystemServerTiming: StartUsbService
09-24 00:12:56.169 1129 1129 I SystemServiceManager: Starting com.android.server.usb.UsbService$Lifecycle
09-24 00:12:56.169 1129 1129 D SystemServerTiming: StartUsbService took to complete: 0ms
09-24 00:12:56.170 1129 1222 I SystemServerTimingAsync: InitThreadPoolExec:UsbService$Lifecycle#onStart
09-24 00:12:56.170 1129 1222 D SystemServerInitThreadPool: Started executing UsbService$Lifecycle#onStart
09-24 00:12:56.171 1129 1222 E UsbDeviceManager: failed to write to /sys/class/android_usb/android0/f_rndis/ethaddr
09-24 00:12:56.171 1129 1129 I SystemServerTiming: StartSerialService
09-24 00:12:56.172 1129 1222 I UsbDeviceManager: USB GADGET HAL not present in the device
09-24 00:12:56.172 1129 1222 I UsbDeviceManager: java.util.NoSuchElementException
09-24 00:12:56.172 1129 1222 I UsbDeviceManager: at android.os.HwBinder.getService(Native Method)
09-24 00:12:56.172 1129 1222 I UsbDeviceManager: at android.hardware.usb.gadget.V1_0.IUsbGadget.getService(IUsbGadget.java:57)
09-24 00:12:56.172 1129 1222 I UsbDeviceManager: at android.hardware.usb.gadget.V1_0.IUsbGadget.getService(IUsbGadget.java:64)
09-24 00:12:56.172 1129 1222 I UsbDeviceManager: at com.android.server.usb.UsbDeviceManager.(UsbDeviceManager.java:293)
09-24 00:12:56.172 1129 1222 I UsbDeviceManager: at com.android.server.usb.UsbService.(UsbService.java:178)
09-24 00:12:56.172 1129 1222 I UsbDeviceManager: at com.android.server.usb.UsbService$Lifecycle.lambda$onStart$0$UsbService$Lifecycle(UsbService.java:92)
09-24 00:12:56.172 1129 1222 I UsbDeviceManager: at com.android.server.usb.UsbService$Lifecycle$$ExternalSyntheticLambda1.run(Unknown Source:2)
09-24 00:12:56.172 1129 1222 I UsbDeviceManager: at com.android.server.SystemServerInitThreadPool.lambda$submitTask$0$SystemServerInitThreadPool(SystemServerInitThreadPool.java:105)
09-24 00:12:56.172 1129 1222 I UsbDeviceManager: at com.android.server.SystemServerInitThreadPool$$ExternalSyntheticLambda0.run(Unknown Source:6)
09-24 00:12:56.172 1129 1222 I UsbDeviceManager: at java.util.concurrent.Executors$RunnableAdapter.call(Executors.java:462)
09-24 00:12:56.172 1129 1222 I UsbDeviceManager: at java.util.concurrent.FutureTask.run(FutureTask.java:266)
09-24 00:12:56.172 1129 1222 I UsbDeviceManager: at java.util.concurrent.ThreadPoolExecutor.runWorker(ThreadPoolExecutor.java:1167)
09-24 00:12:56.172 1129 1222 I UsbDeviceManager: at java.util.concurrent.ThreadPoolExecutor$Worker.run(ThreadPoolExecutor.java:641)
09-24 00:12:56.172 1129 1222 I UsbDeviceManager: at com.android.internal.util.ConcurrentUtils$1$1.run(ConcurrentUtils.java:65)
09-24 00:12:56.172 1129 1222 E UsbDeviceManager: Failed to open control for mtp
09-24 00:12:56.172 1129 1222 E UsbDeviceManager: Failed to open control for ptp
09-24 00:12:56.173 1129 1129 D SystemServerTiming: StartSerialService took to complete: 2ms
09-24 00:12:56.173 1129 1129 I SystemServerTiming: StartHardwarePropertiesManagerService
01-01 08:00:56.368 0 0 I : acc_open
01-01 08:00:56.368 0 0 I : acc_release
09-24 00:12:56.175 1129 1222 W StorageManagerService: No primary storage defined yet; hacking together a stub
09-24 00:12:56.179 1129 1129 D SystemServerTiming: StartHardwarePropertiesManagerService took to complete: 6ms
09-24 00:12:56.179 1129 1129 I SystemServerTiming: StartTwilightService
09-24 00:12:56.179 1129 1129 I SystemServiceManager: Starting com.android.server.twilight.TwilightService
09-24 00:12:56.179 1129 1129 D SystemServerTiming: StartTwilightService took to complete: 0ms
09-24 00:12:56.179 1129 1129 I SystemServerTiming: StartColorDisplay
09-24 00:12:56.179 1129 1129 I SystemServiceManager: Starting com.android.server.display.color.ColorDisplayService
09-24 00:12:56.181 1129 1129 D SystemServerTiming: StartColorDisplay took to complete: 1ms
09-24 00:12:56.181 1129 1129 I SystemServerTiming: StartJobScheduler
09-24 00:12:56.181 1129 1129 I SystemServiceManager: Starting com.android.server.job.JobSchedulerService
09-24 00:12:56.182 1129 1781 I UsbPortManager: Usb hal service started android.hardware.usb@1.0::IUsb default
09-24 00:12:56.187 1129 1129 D JobStore: Start tag: job-info
09-24 00:12:56.188 1129 1129 W JobStore: Periodic job for uid='10098' persisted run-time is too big [360:01:14, 720:01:14]. Clamping to [360:00:48,720:00:48]
09-24 00:12:56.191 1129 1129 W JobStore: Periodic job for uid='1000' persisted run-time is too big [24:01:14, 48:01:14]. Clamping to [24:00:48,48:00:48]
09-24 00:12:56.191 1129 1129 W JobStore: Periodic job for uid='1000' persisted run-time is too big [24:01:14, 48:01:14]. Clamping to [24:00:48,48:00:48]
09-24 00:12:56.192 1129 1129 W JobStore: Periodic job for uid='1000' persisted run-time is too big [24:00:57, 48:00:57]. Clamping to [24:00:48,48:00:48]
09-24 00:12:56.192 1129 1129 I JobStore: Read 5 jobs
09-24 00:12:56.196 1129 1129 V HistoricalRegistry: Interaction before persistence initialized
09-24 00:12:56.196 1129 1129 V HistoricalRegistry: Interaction before persistence initialized
09-24 00:12:56.197 1129 1129 W JobScheduler: !!! RTC not yet good; tracking time updates for job scheduling
09-24 00:12:56.198 1129 1129 D SystemServerTiming: StartJobScheduler took to complete: 17ms
09-24 00:12:56.198 1129 1129 I SystemServerTiming: StartSoundTrigger
09-24 00:12:56.198 1129 1129 I SystemServiceManager: Starting com.android.server.soundtrigger.SoundTriggerService
09-24 00:12:56.198 1129 1129 D SystemServerTiming: StartSoundTrigger took to complete: 1ms
09-24 00:12:56.199 1129 1129 I SystemServerTiming: StartTrustManager
09-24 00:12:56.199 1129 1129 I SystemServiceManager: Starting com.android.server.trust.TrustManagerService
09-24 00:12:56.200 1129 1129 D SystemServerTiming: StartTrustManager took to complete: 1ms
09-24 00:12:56.200 1129 1129 I SystemServerTiming: StartBackupManager
09-24 00:12:56.201 1129 1129 I SystemServiceManager: Starting com.android.server.backup.BackupManagerService$Lifecycle
09-24 00:12:56.203 1129 1129 D SystemServerTiming: StartBackupManager took to complete: 2ms
09-24 00:12:56.203 1129 1129 I SystemServerTiming: StartAppWidgetService
09-24 00:12:56.203 1129 1129 I SystemServiceManager: Starting com.android.server.appwidget.AppWidgetService
09-24 00:12:56.206 1129 1129 D SystemServerTiming: StartAppWidgetService took to complete: 3ms
09-24 00:12:56.207 1129 1129 I SystemServerTiming: StartVoiceRecognitionManager
09-24 00:12:56.207 1129 1129 I SystemServiceManager: Starting com.android.server.voiceinteraction.VoiceInteractionManagerService
09-24 00:12:56.212 1129 1781 I UsbPortManager: USB HAL version: 12
09-24 00:12:56.214 1129 1129 D SystemServerTiming: StartVoiceRecognitionManager took to complete: 8ms
09-24 00:12:56.215 1129 1129 I SystemServerTiming: StartAppHibernationService
09-24 00:12:56.215 1129 1129 I SystemServiceManager: Starting com.android.server.apphibernation.AppHibernationService
09-24 00:12:56.217 1129 1222 D SystemServerInitThreadPool: Finished executing UsbService$Lifecycle#onStart
09-24 00:12:56.217 1129 1222 D SystemServerTimingAsync: InitThreadPoolExec:UsbService$Lifecycle#onStart took to complete: 47ms
09-24 00:12:56.218 1129 1129 D SystemServerTiming: StartAppHibernationService took to complete: 3ms
09-24 00:12:56.218 1129 1129 I SystemServerTiming: StartGestureLauncher
09-24 00:12:56.218 1129 1129 I SystemServiceManager: Starting com.android.server.GestureLauncherService
09-24 00:12:56.218 1129 1129 D SystemServerTiming: StartGestureLauncher took to complete: 0ms
09-24 00:12:56.218 1129 1129 I SystemServerTiming: StartSensorNotification
09-24 00:12:56.218 1129 1129 I SystemServiceManager: Starting com.android.server.SensorNotificationService
09-24 00:12:56.218 1129 1129 D SystemServerTiming: StartSensorNotification took to complete: 0ms
09-24 00:12:56.218 1129 1129 I SystemServerTiming: StartDiskStatsService
09-24 00:12:56.220 1129 1129 D SystemServerTiming: StartDiskStatsService took to complete: 2ms
09-24 00:12:56.220 1129 1129 I SystemServerTiming: RuntimeService
09-24 00:12:56.221 1129 1129 D SystemServerTiming: RuntimeService took to complete: 1ms
09-24 00:12:56.221 1129 1129 I SystemServerTiming: StartNetworkTimeUpdateService
09-24 00:12:56.223 1129 1129 D SystemServerTiming: StartNetworkTimeUpdateService took to complete: 2ms
09-24 00:12:56.223 1129 1129 I SystemServerTiming: CertBlacklister
09-24 00:12:56.224 1129 1129 D SystemServerTiming: CertBlacklister took to complete: 0ms
09-24 00:12:56.224 1129 1129 I SystemServerTiming: StartEmergencyAffordanceService
09-24 00:12:56.224 1129 1129 I SystemServiceManager: Starting com.android.server.emergency.EmergencyAffordanceService
09-24 00:12:56.225 1129 1129 D SystemServerTiming: StartEmergencyAffordanceService took to complete: 2ms
09-24 00:12:56.225 1129 1129 I SystemServerTiming: startBlobStoreManagerService
09-24 00:12:56.226 1129 1129 I SystemServiceManager: Starting com.android.server.blob.BlobStoreManagerService
09-24 00:12:56.228 1129 1129 D SystemServerTiming: startBlobStoreManagerService took to complete: 2ms
09-24 00:12:56.228 1129 1129 I SystemServerTiming: StartDreamManager
09-24 00:12:56.228 1129 1129 I SystemServiceManager: Starting com.android.server.dreams.DreamManagerService
09-24 00:12:56.231 1129 1129 D SystemServerTiming: StartDreamManager took to complete: 3ms
09-24 00:12:56.231 1129 1129 I SystemServerTiming: AddGraphicsStatsService
09-24 00:12:56.239 1129 1129 D SystemServerTiming: AddGraphicsStatsService took to complete: 8ms
09-24 00:12:56.239 1129 1129 I SystemServerTiming: StartCompanionDeviceManager
09-24 00:12:56.239 1129 1129 I SystemServiceManager: Starting com.android.server.companion.CompanionDeviceManagerService
09-24 00:12:56.241 1129 1129 D SystemServerTiming: StartCompanionDeviceManager took to complete: 2ms
09-24 00:12:56.242 1129 1129 I SystemServerTiming: StartRestrictionManager
09-24 00:12:56.242 1129 1129 I SystemServiceManager: Starting com.android.server.restrictions.RestrictionsManagerService
09-24 00:12:56.243 1129 1129 D SystemServerTiming: StartRestrictionManager took to complete: 1ms
09-24 00:12:56.243 1129 1129 I SystemServerTiming: StartMediaSessionService
09-24 00:12:56.243 1129 1129 I SystemServiceManager: Starting com.android.server.media.MediaSessionService
09-24 00:12:56.245 1129 1129 D SystemServerTiming: StartMediaSessionService took to complete: 2ms
09-24 00:12:56.245 1129 1129 I SystemServerTiming: StartMediaResourceMonitor
09-24 00:12:56.245 1129 1129 I SystemServiceManager: Starting com.android.server.media.MediaResourceMonitorService
09-24 00:12:56.246 1129 1129 D SystemServerTiming: StartMediaResourceMonitor took to complete: 0ms
09-24 00:12:56.246 1129 1129 I SystemServerTiming: StartMediaRouterService
09-24 00:12:56.246 1129 1129 V HistoricalRegistry: Interaction before persistence initialized
09-24 00:12:56.247 1129 1129 D SystemServerTiming: StartMediaRouterService took to complete: 1ms
09-24 00:12:56.247 1129 1129 I SystemServerTiming: StartFingerprintSensor
09-24 00:12:56.247 1129 1129 I SystemServiceManager: Starting com.android.server.biometrics.sensors.fingerprint.FingerprintService
09-24 00:12:56.248 1129 1129 D SystemServerTiming: StartFingerprintSensor took to complete: 1ms
09-24 00:12:56.248 1129 1129 I SystemServerTiming: StartBiometricService
09-24 00:12:56.248 1129 1129 I SystemServiceManager: Starting com.android.server.biometrics.BiometricService
09-24 00:12:56.250 1129 1129 D SystemServerTiming: StartBiometricService took to complete: 2ms
09-24 00:12:56.250 1129 1129 I SystemServerTiming: StartAuthService
09-24 00:12:56.250 1129 1129 I SystemServiceManager: Starting com.android.server.biometrics.AuthService
09-24 00:12:56.251 1129 1129 D AuthService: Registering HIDL ID: 0 Modality: 2 Strength: 15
09-24 00:12:56.251 1129 1129 D AuthService: Registering HIDL ID: 1 Modality: 8 Strength: 15
09-24 00:12:56.254 1129 1129 E AuthService: HIDL face configuration exists, but FaceService is null.
09-24 00:12:56.256 1129 1129 D SystemServerTiming: StartAuthService took to complete: 5ms
09-24 00:12:56.256 1129 1129 I SystemServerTiming: StartBackgroundDexOptService
09-24 00:12:56.256 1129 1129 W BackgroundDexOptService: SysProp pm.dexopt.downgrade_after_inactive_days not set
09-24 00:12:56.257 1129 1129 D SystemServerTiming: StartBackgroundDexOptService took to complete: 1ms
09-24 00:12:56.257 1129 1129 I SystemServerTiming: StartDynamicCodeLoggingService
09-24 00:12:56.257 1129 1129 D SystemServerTiming: StartDynamicCodeLoggingService took to complete: 1ms
09-24 00:12:56.258 1129 1129 I SystemServerTiming: StartPruneInstantAppsJobService
09-24 00:12:56.258 1129 1129 D SystemServerTiming: StartPruneInstantAppsJobService took to complete: 0ms
09-24 00:12:56.258 1129 1129 I SystemServerTiming: StartShortcutServiceLifecycle
09-24 00:12:56.258 1129 1129 I SystemServiceManager: Starting com.android.server.pm.ShortcutService$Lifecycle
09-24 00:12:56.259 1129 1129 V HistoricalRegistry: Interaction before persistence initialized
09-24 00:12:56.260 1129 1129 D SystemServerTiming: StartShortcutServiceLifecycle took to complete: 2ms
09-24 00:12:56.260 1129 1129 I SystemServerTiming: StartLauncherAppsService
09-24 00:12:56.260 1129 1129 I SystemServiceManager: Starting com.android.server.pm.LauncherAppsService
09-24 00:12:56.261 1129 1129 D SystemServerTiming: StartLauncherAppsService took to complete: 1ms
09-24 00:12:56.261 1129 1129 I SystemServerTiming: StartCrossProfileAppsService
09-24 00:12:56.261 1129 1129 I SystemServiceManager: Starting com.android.server.pm.CrossProfileAppsService
09-24 00:12:56.262 1129 1129 D SystemServerTiming: StartCrossProfileAppsService took to complete: 1ms
09-24 00:12:56.262 1129 1129 I SystemServerTiming: StartPeopleService
09-24 00:12:56.262 1129 1129 I SystemServiceManager: Starting com.android.server.people.PeopleService
09-24 00:12:56.262 1129 1129 D SystemServerTiming: StartPeopleService took to complete: 1ms
09-24 00:12:56.263 1129 1129 I SystemServerTiming: StartMediaMetricsManager
09-24 00:12:56.263 1129 1129 I SystemServiceManager: Starting com.android.server.media.metrics.MediaMetricsManagerService
09-24 00:12:56.264 1129 1129 D SystemServerTiming: StartMediaMetricsManager took to complete: 1ms
09-24 00:12:56.264 1129 1129 I SystemServerTiming: StartMediaProjectionManager
09-24 00:12:56.264 1129 1129 I SystemServiceManager: Starting com.android.server.media.projection.MediaProjectionManagerService
09-24 00:12:56.267 1129 1861 D BiometricService: Registering ID: 0 Modality: 2 Strength: 15
09-24 00:12:56.267 1129 1861 D BiometricStrengthController: updateStrengths: revert sensorId=0 to oemStrength=15
09-24 00:12:56.268 1129 1861 D BiometricService/Sensor: updateStrength: Before(ID(0), oemStrength: 15, updatedStrength: 15, modality 2, state: 0, cookie: 0, props: ID: 0, Strength: 2, Type: 1) After(ID(0), oemStrength: 15, updatedStrength: 15, modality 2, state: 0, cookie: 0, props: ID: 0, Strength: 2, Type: 1)
09-24 00:12:56.269 1129 1129 D SystemServerTiming: StartMediaProjectionManager took to complete: 5ms
09-24 00:12:56.269 1129 1129 I SystemServerTiming: StartSliceManagerService
09-24 00:12:56.269 1129 1129 I SystemServiceManager: Starting com.android.server.slice.SliceManagerService$Lifecycle
09-24 00:12:56.271 1129 1129 D SystemServerTiming: StartSliceManagerService took to complete: 2ms
09-24 00:12:56.271 1129 1129 I SystemServerTiming: StartStatsCompanion
09-24 00:12:56.280 1129 1129 I SystemServiceManager: Starting com.android.server.stats.StatsCompanion$Lifecycle
09-24 00:12:56.282 1129 1129 D SystemServerTiming: StartStatsCompanion took to complete: 12ms
09-24 00:12:56.283 1129 1129 I SystemServerTiming: StartRebootReadinessManagerService
09-24 00:12:56.293 1129 1129 I SystemServiceManager: Starting com.android.server.scheduling.RebootReadinessManagerService$Lifecycle
09-24 00:12:56.299 1129 1129 D SystemServerTiming: StartRebootReadinessManagerService took to complete: 16ms
09-24 00:12:56.299 1129 1129 I SystemServerTiming: StartStatsPullAtomService
09-24 00:12:56.300 1129 1129 I SystemServiceManager: Starting com.android.server.stats.pull.StatsPullAtomService
09-24 00:12:56.300 1129 1129 D SystemServerTiming: StartStatsPullAtomService took to complete: 0ms
09-24 00:12:56.300 1129 1129 I SystemServerTiming: StartIncidentCompanionService
09-24 00:12:56.300 1129 1129 I SystemServiceManager: Starting com.android.server.incident.IncidentCompanionService
01-01 08:00:56.492 0 0 I IPv6 : ADDRCONF(NETDEV_UP): vlan11: link is not ready
09-24 00:12:56.301 1129 1129 D SystemServerTiming: StartIncidentCompanionService took to complete: 1ms
09-24 00:12:56.301 1129 1129 I SystemServerTiming: StartMmsService
09-24 00:12:56.301 1129 1129 I SystemServiceManager: Starting com.android.server.MmsServiceBroker
09-24 00:12:56.302 1129 1129 D SystemServerTiming: StartMmsService took to complete: 1ms
09-24 00:12:56.302 1129 1129 I SystemServerTiming: StartAutoFillService
09-24 00:12:56.302 1129 1129 I SystemServiceManager: Starting com.android.server.autofill.AutofillManagerService
09-24 00:12:56.303 1129 1129 D AutofillManagerService: setLogLevelFromSettings(): level=2, debug=true, verbose=false
09-24 00:12:56.303 1129 1129 D AutofillManagerService: setMaxPartitionsFromSettings(): 10
09-24 00:12:56.303 1129 1129 D AutofillManagerService: setMaxVisibleDatasetsFromSettings(): 0
09-24 00:12:56.304 1129 1214 D AutofillUI: destroySaveUiUiThread(): already destroyed
09-24 00:12:56.304 1129 1129 D AutofillManagerServiceImpl: Reset component for user 0:
09-24 00:12:56.305 1129 1129 D SystemServerTiming: StartAutoFillService took to complete: 3ms
09-24 00:12:56.305 1129 1129 D SystemServer: TranslationService not defined by OEM
09-24 00:12:56.305 1129 1129 I SystemServerTiming: StartClipboardService
09-24 00:12:56.305 1129 1129 I SystemServiceManager: Starting com.android.server.clipboard.ClipboardService
09-24 00:12:56.310 1129 1129 D SystemServerTiming: StartClipboardService took to complete: 4ms
09-24 00:12:56.310 1129 1129 I SystemServerTiming: AppServiceManager
09-24 00:12:56.310 1129 1129 I SystemServiceManager: Starting com.android.server.appbinding.AppBindingService$Lifecycle
09-24 00:12:56.311 1129 1129 D SystemServerTiming: AppServiceManager took to complete: 1ms
09-24 00:12:56.311 1129 1129 I SystemServerTiming: startTracingServiceProxy
09-24 00:12:56.311 1129 1129 I SystemServiceManager: Starting com.android.server.tracing.TracingServiceProxy
09-24 00:12:56.312 1129 1129 D SystemServerTiming: startTracingServiceProxy took to complete: 1ms
09-24 00:12:56.312 1129 1129 I SystemServerTiming: MakeLockSettingsServiceReady
09-24 00:12:56.321 1129 1129 I SyntheticPasswordManager: Device does not support weaver
09-24 00:12:56.321 1129 1129 I LockSettingsService: Device doesn't implement AuthSecret HAL
09-24 00:12:56.323 1129 1129 D SystemServerTiming: MakeLockSettingsServiceReady took to complete: 12ms
09-24 00:12:56.324 1129 1129 I SystemServerTiming: StartBootPhaseLockSettingsReady
09-24 00:12:56.324 1129 1129 I SystemServiceManager: Starting phase 480
09-24 00:12:56.324 1129 1129 I SystemServerTiming: OnBootPhase_480
09-24 00:12:56.324 1129 1129 I SystemServerTiming: OnBootPhase_480_com.android.server.security.FileIntegrityService
09-24 00:12:56.324 1129 1129 D SystemServerTiming: OnBootPhase_480_com.android.server.security.FileIntegrityService took to complete: 0ms
09-24 00:12:56.324 1129 1129 I SystemServerTiming: OnBootPhase_480_com.android.server.pm.Installer
09-24 00:12:56.324 1129 1129 D SystemServerTiming: OnBootPhase_480_com.android.server.pm.Installer took to complete: 0ms
09-24 00:12:56.324 1129 1129 I SystemServerTiming: OnBootPhase_480_com.android.server.os.DeviceIdentifiersPolicyService
09-24 00:12:56.324 1129 1129 D SystemServerTiming: OnBootPhase_480_com.android.server.os.DeviceIdentifiersPolicyService took to complete: 0ms
09-24 00:12:56.324 1129 1129 I SystemServerTiming: OnBootPhase_480_com.android.server.uri.UriGrantsManagerService$Lifecycle
09-24 00:12:56.324 1129 1129 D SystemServerTiming: OnBootPhase_480_com.android.server.uri.UriGrantsManagerService$Lifecycle took to complete: 0ms
09-24 00:12:56.324 1129 1129 I SystemServerTiming: OnBootPhase_480_com.android.server.powerstats.PowerStatsService
09-24 00:12:56.324 1129 1129 D SystemServerTiming: OnBootPhase_480_com.android.server.powerstats.PowerStatsService took to complete: 0ms
09-24 00:12:56.324 1129 1129 I SystemServerTiming: OnBootPhase_480_com.android.server.wm.ActivityTaskManagerService$Lifecycle
09-24 00:12:56.325 1129 1129 D SystemServerTiming: OnBootPhase_480_com.android.server.wm.ActivityTaskManagerService$Lifecycle took to complete: 0ms
09-24 00:12:56.325 1129 1129 I SystemServerTiming: OnBootPhase_480_com.android.server.am.ActivityManagerService$Lifecycle
09-24 00:12:56.325 1129 1129 D SystemServerTiming: OnBootPhase_480_com.android.server.am.ActivityManagerService$Lifecycle took to complete: 0ms
09-24 00:12:56.325 1129 1129 I SystemServerTiming: OnBootPhase_480_com.android.server.pm.DataLoaderManagerService
09-24 00:12:56.325 1129 1129 D SystemServerTiming: OnBootPhase_480_com.android.server.pm.DataLoaderManagerService took to complete: 0ms
09-24 00:12:56.325 1129 1129 I SystemServerTiming: OnBootPhase_480_com.android.server.power.PowerManagerService
09-24 00:12:56.325 1129 1129 D SystemServerTiming: OnBootPhase_480_com.android.server.power.PowerManagerService took to complete: 0ms
09-24 00:12:56.325 1129 1129 I SystemServerTiming: OnBootPhase_480_com.android.server.power.ThermalManagerService
09-24 00:12:56.325 1129 1129 D SystemServerTiming: OnBootPhase_480_com.android.server.power.ThermalManagerService took to complete: 0ms
09-24 00:12:56.325 1129 1129 I SystemServerTiming: OnBootPhase_480_com.android.server.power.hint.HintManagerService
09-24 00:12:56.325 1129 1129 D SystemServerTiming: OnBootPhase_480_com.android.server.power.hint.HintManagerService took to complete: 0ms
09-24 00:12:56.325 1129 1129 I SystemServerTiming: OnBootPhase_480_com.android.server.recoverysystem.RecoverySystemService$Lifecycle
09-24 00:12:56.325 1129 1129 D SystemServerTiming: OnBootPhase_480_com.android.server.recoverysystem.RecoverySystemService$Lifecycle took to complete: 0ms
09-24 00:12:56.325 1129 1129 I SystemServerTiming: OnBootPhase_480_com.android.server.lights.LightsService
09-24 00:12:56.325 1129 1129 D SystemServerTiming: OnBootPhase_480_com.android.server.lights.LightsService took to complete: 0ms
09-24 00:12:56.325 1129 1129 I SystemServerTiming: OnBootPhase_480_com.android.server.display.DisplayManagerService
09-24 00:12:56.328 1129 1129 D SystemServerTiming: OnBootPhase_480_com.android.server.display.DisplayManagerService took to complete: 0ms
09-24 00:12:56.328 1129 1129 I SystemServerTiming: OnBootPhase_480_com.android.server.pm.verify.domain.DomainVerificationService
09-24 00:12:56.328 1129 1129 D SystemServerTiming: OnBootPhase_480_com.android.server.pm.verify.domain.DomainVerificationService took to complete: 0ms
09-24 00:12:56.328 1129 1129 I SystemServerTiming: OnBootPhase_480_com.android.server.pm.PackageInstallerService$Lifecycle
09-24 00:12:56.328 1129 1129 D SystemServerTiming: OnBootPhase_480_com.android.server.pm.PackageInstallerService$Lifecycle took to complete: 0ms
09-24 00:12:56.328 1129 1129 I SystemServerTiming: OnBootPhase_480_com.android.server.pm.UserManagerService$LifeCycle
09-24 00:12:56.328 1129 1129 D SystemServerTiming: OnBootPhase_480_com.android.server.pm.UserManagerService$LifeCycle took to complete: 0ms
09-24 00:12:56.328 1129 1129 I SystemServerTiming: OnBootPhase_480_com.android.server.om.OverlayManagerService
09-24 00:12:56.328 1129 1129 D SystemServerTiming: OnBootPhase_480_com.android.server.om.OverlayManagerService took to complete: 0ms
09-24 00:12:56.328 1129 1129 I SystemServerTiming: OnBootPhase_480_com.android.server.SensorPrivacyService
09-24 00:12:56.328 1129 1129 D SystemServerTiming: OnBootPhase_480_com.android.server.SensorPrivacyService took to complete: 0ms
09-24 00:12:56.328 1129 1129 I SystemServerTiming: OnBootPhase_480_com.android.server.sensors.SensorService
09-24 00:12:56.328 1129 1129 D SystemServerTiming: OnBootPhase_480_com.android.server.sensors.SensorService took to complete: 0ms
09-24 00:12:56.328 1129 1129 I SystemServerTiming: OnBootPhase_480_com.android.server.SystemConfigService
09-24 00:12:56.328 1129 1129 D SystemServerTiming: OnBootPhase_480_com.android.server.SystemConfigService took to complete: 0ms
09-24 00:12:56.329 1129 1129 I SystemServerTiming: OnBootPhase_480_com.android.server.BatteryService
09-24 00:12:56.329 1129 1129 D SystemServerTiming: OnBootPhase_480_com.android.server.BatteryService took to complete: 0ms
09-24 00:12:56.329 1129 1129 I SystemServerTiming: OnBootPhase_480_com.android.server.usage.UsageStatsService
09-24 00:12:56.329 1129 1129 D SystemServerTiming: OnBootPhase_480_com.android.server.usage.UsageStatsService took to complete: 0ms
09-24 00:12:56.329 1129 1129 I SystemServerTiming: OnBootPhase_480_com.android.server.webkit.WebViewUpdateService
09-24 00:12:56.329 1129 1129 D SystemServerTiming: OnBootPhase_480_com.android.server.webkit.WebViewUpdateService took to complete: 0ms
09-24 00:12:56.329 1129 1129 I SystemServerTiming: OnBootPhase_480_com.android.server.CachedDeviceStateService
09-24 00:12:56.329 1129 1129 D SystemServerTiming: OnBootPhase_480_com.android.server.CachedDeviceStateService took to complete: 0ms
09-24 00:12:56.329 1129 1129 I SystemServerTiming: OnBootPhase_480_com.android.server.BinderCallsStatsService$LifeCycle
09-24 00:12:56.329 1129 1129 D SystemServerTiming: OnBootPhase_480_com.android.server.BinderCallsStatsService$LifeCycle took to complete: 0ms
09-24 00:12:56.330 1129 1129 I SystemServerTiming: OnBootPhase_480_com.android.server.LooperStatsService$Lifecycle
09-24 00:12:56.330 1129 1129 D SystemServerTiming: OnBootPhase_480_com.android.server.LooperStatsService$Lifecycle took to complete: 0ms
09-24 00:12:56.330 1129 1129 I SystemServerTiming: OnBootPhase_480_com.android.server.rollback.RollbackManagerService
09-24 00:12:56.330 1129 1129 D SystemServerTiming: OnBootPhase_480_com.android.server.rollback.RollbackManagerService took to complete: 0ms
09-24 00:12:56.330 1129 1129 I SystemServerTiming: OnBootPhase_480_com.android.server.os.NativeTombstoneManagerService
09-24 00:12:56.330 1129 1129 D SystemServerTiming: OnBootPhase_480_com.android.server.os.NativeTombstoneManagerService took to complete: 0ms
09-24 00:12:56.330 1129 1129 I SystemServerTiming: OnBootPhase_480_com.android.server.os.BugreportManagerService
09-24 00:12:56.330 1129 1129 D SystemServerTiming: OnBootPhase_480_com.android.server.os.BugreportManagerService took to complete: 0ms
09-24 00:12:56.330 1129 1129 I SystemServerTiming: OnBootPhase_480_com.android.server.gpu.GpuService
09-24 00:12:56.330 1129 1129 D SystemServerTiming: OnBootPhase_480_com.android.server.gpu.GpuService took to complete: 0ms
09-24 00:12:56.330 1129 1129 I SystemServerTiming: OnBootPhase_480_com.android.server.security.KeyChainSystemService
09-24 00:12:56.330 1129 1129 D SystemServerTiming: OnBootPhase_480_com.android.server.security.KeyChainSystemService took to complete: 0ms
09-24 00:12:56.330 1129 1129 I SystemServerTiming: OnBootPhase_480_com.android.server.telecom.TelecomLoaderService
09-24 00:12:56.330 1129 1129 D SystemServerTiming: OnBootPhase_480_com.android.server.telecom.TelecomLoaderService took to complete: 0ms
09-24 00:12:56.330 1129 1129 I SystemServerTiming: OnBootPhase_480_com.android.server.accounts.AccountManagerService$Lifecycle
09-24 00:12:56.330 1129 1129 D SystemServerTiming: OnBootPhase_480_com.android.server.accounts.AccountManagerService$Lifecycle took to complete: 0ms
09-24 00:12:56.330 1129 1129 I SystemServerTiming: OnBootPhase_480_com.android.server.content.ContentService$Lifecycle
09-24 00:12:56.330 1129 1129 D SystemServerTiming: OnBootPhase_480_com.android.server.content.ContentService$Lifecycle took to complete: 0ms
09-24 00:12:56.330 1129 1129 I SystemServerTiming: OnBootPhase_480_com.android.server.DropBoxManagerService
09-24 00:12:56.331 1129 1129 D SystemServerTiming: OnBootPhase_480_com.android.server.DropBoxManagerService took to complete: 0ms
09-24 00:12:56.331 1129 1129 I SystemServerTiming: OnBootPhase_480_com.android.role.RoleService
09-24 00:12:56.331 1129 1129 D SystemServerTiming: OnBootPhase_480_com.android.role.RoleService took to complete: 0ms
09-24 00:12:56.331 1129 1129 I SystemServerTiming: OnBootPhase_480_com.android.server.vibrator.VibratorManagerService$Lifecycle
09-24 00:12:56.331 1129 1129 D SystemServerTiming: OnBootPhase_480_com.android.server.vibrator.VibratorManagerService$Lifecycle took to complete: 0ms
09-24 00:12:56.331 1129 1129 I SystemServerTiming: OnBootPhase_480_com.android.server.alarm.AlarmManagerService
09-24 00:12:56.331 1129 1129 D SystemServerTiming: OnBootPhase_480_com.android.server.alarm.AlarmManagerService took to complete: 0ms
09-24 00:12:56.331 1129 1129 I SystemServerTiming: OnBootPhase_480_com.android.server.devicestate.DeviceStateManagerService
09-24 00:12:56.331 1129 1129 D SystemServerTiming: OnBootPhase_480_com.android.server.devicestate.DeviceStateManagerService took to complete: 0ms
09-24 00:12:56.331 1129 1129 I SystemServerTiming: OnBootPhase_480_com.android.server.camera.CameraServiceProxy
09-24 00:12:56.331 1129 1129 D SystemServerTiming: OnBootPhase_480_com.android.server.camera.CameraServiceProxy took to complete: 0ms
09-24 00:12:56.331 1129 1129 I SystemServerTiming: OnBootPhase_480_com.android.server.BluetoothService
09-24 00:12:56.331 1129 1129 D SystemServerTiming: OnBootPhase_480_com.android.server.BluetoothService took to complete: 0ms
09-24 00:12:56.331 1129 1129 I SystemServerTiming: OnBootPhase_480_com.android.server.connectivity.IpConnectivityMetrics
09-24 00:12:56.332 1129 1129 D SystemServerTiming: OnBootPhase_480_com.android.server.connectivity.IpConnectivityMetrics took to complete: 0ms
09-24 00:12:56.332 1129 1129 I SystemServerTiming: OnBootPhase_480_com.android.server.net.watchlist.NetworkWatchlistService$Lifecycle
09-24 00:12:56.332 1129 1129 D SystemServerTiming: OnBootPhase_480_com.android.server.net.watchlist.NetworkWatchlistService$Lifecycle took to complete: 0ms
09-24 00:12:56.332 1129 1129 I SystemServerTiming: OnBootPhase_480_com.android.server.PinnerService
09-24 00:12:56.332 1129 1129 D SystemServerTiming: OnBootPhase_480_com.android.server.PinnerService took to complete: 0ms
09-24 00:12:56.332 1129 1129 I SystemServerTiming: OnBootPhase_480_com.google.android.startop.iorap.IorapForwardingService
09-24 00:12:56.332 1129 1129 D SystemServerTiming: OnBootPhase_480_com.google.android.startop.iorap.IorapForwardingService took to complete: 0ms
09-24 00:12:56.332 1129 1129 I SystemServerTiming: OnBootPhase_480_com.android.server.ActivityTriggerService
09-24 00:12:56.332 1129 1129 D SystemServerTiming: OnBootPhase_480_com.android.server.ActivityTriggerService took to complete: 0ms
09-24 00:12:56.332 1129 1129 I SystemServerTiming: OnBootPhase_480_com.android.server.integrity.AppIntegrityManagerService
09-24 00:12:56.332 1129 1129 D SystemServerTiming: OnBootPhase_480_com.android.server.integrity.AppIntegrityManagerService took to complete: 0ms
09-24 00:12:56.332 1129 1129 I SystemServerTiming: OnBootPhase_480_com.android.server.inputmethod.InputMethodManagerService$Lifecycle
09-24 00:12:56.332 1129 1129 D SystemServerTiming: OnBootPhase_480_com.android.server.inputmethod.InputMethodManagerService$Lifecycle took to complete: 0ms
09-24 00:12:56.332 1129 1129 I SystemServerTiming: OnBootPhase_480_com.android.server.accessibility.AccessibilityManagerService$Lifecycle
09-24 00:12:56.332 1129 1129 D SystemServerTiming: OnBootPhase_480_com.android.server.accessibility.AccessibilityManagerService$Lifecycle took to complete: 0ms
09-24 00:12:56.332 1129 1129 I SystemServerTiming: OnBootPhase_480_com.android.server.StorageManagerService$Lifecycle
09-24 00:12:56.332 1129 1129 D SystemServerTiming: OnBootPhase_480_com.android.server.StorageManagerService$Lifecycle took to complete: 0ms
09-24 00:12:56.332 1129 1129 I SystemServerTiming: OnBootPhase_480_com.android.server.usage.StorageStatsService$Lifecycle
09-24 00:12:56.332 1129 1129 D SystemServerTiming: OnBootPhase_480_com.android.server.usage.StorageStatsService$Lifecycle took to complete: 0ms
09-24 00:12:56.333 1129 1129 I SystemServerTiming: OnBootPhase_480_com.android.server.UiModeManagerService
09-24 00:12:56.333 1129 1129 D SystemServerTiming: OnBootPhase_480_com.android.server.UiModeManagerService took to complete: 0ms
09-24 00:12:56.333 1129 1129 I SystemServerTiming: OnBootPhase_480_com.android.server.locksettings.LockSettingsService$Lifecycle
09-24 00:12:56.333 1129 1129 D SystemServerTiming: OnBootPhase_480_com.android.server.locksettings.LockSettingsService$Lifecycle took to complete: 0ms
09-24 00:12:56.333 1129 1129 I SystemServerTiming: OnBootPhase_480_com.android.server.PersistentDataBlockService
09-24 00:12:56.333 1129 1129 D SystemServerTiming: OnBootPhase_480_com.android.server.PersistentDataBlockService took to complete: 0ms
09-24 00:12:56.333 1129 1129 I SystemServerTiming: OnBootPhase_480_com.android.server.testharness.TestHarnessModeService
09-24 00:12:56.333 1129 1129 D SystemServerTiming: OnBootPhase_480_com.android.server.testharness.TestHarnessModeService took to complete: 0ms
09-24 00:12:56.333 1129 1129 I SystemServerTiming: OnBootPhase_480_com.android.server.oemlock.OemLockService
09-24 00:12:56.333 1129 1129 D SystemServerTiming: OnBootPhase_480_com.android.server.oemlock.OemLockService took to complete: 0ms
09-24 00:12:56.333 1129 1129 I SystemServerTiming: OnBootPhase_480_com.android.server.DeviceIdleController
09-24 00:12:56.333 1129 1129 D SystemServerTiming: OnBootPhase_480_com.android.server.DeviceIdleController took to complete: 0ms
09-24 00:12:56.333 1129 1129 I SystemServerTiming: OnBootPhase_480_com.android.server.devicepolicy.DevicePolicyManagerService$Lifecycle
09-24 00:12:56.338 1129 1129 I DevicePolicyManager: Current version 2, latest version 2, not upgrading.
09-24 00:12:56.346 1129 1129 D SystemServerTiming: OnBootPhase_480_com.android.server.devicepolicy.DevicePolicyManagerService$Lifecycle took to complete: 12ms
09-24 00:12:56.346 1129 1129 I SystemServerTiming: OnBootPhase_480_com.android.server.texttospeech.TextToSpeechManagerService
09-24 00:12:56.346 1129 1129 D SystemServerTiming: OnBootPhase_480_com.android.server.texttospeech.TextToSpeechManagerService took to complete: 0ms
09-24 00:12:56.346 1129 1722 I SystemServerTimingAsync: InitThreadPoolExec:DevicePolicyManager
09-24 00:12:56.346 1129 1722 D SystemServerInitThreadPool: Started executing DevicePolicyManager
09-24 00:12:56.346 1129 1129 I SystemServerTiming: OnBootPhase_480_com.android.server.speech.SpeechRecognitionManagerService
09-24 00:12:56.346 1129 1129 D SystemServerTiming: OnBootPhase_480_com.android.server.speech.SpeechRecognitionManagerService took to complete: 0ms
09-24 00:12:56.346 1129 1129 I SystemServerTiming: OnBootPhase_480_com.android.server.searchui.SearchUiManagerService
09-24 00:12:56.346 1129 1722 D SystemServerInitThreadPool: Finished executing DevicePolicyManager
09-24 00:12:56.346 1129 1722 D SystemServerTimingAsync: InitThreadPoolExec:DevicePolicyManager took to complete: 1ms
09-24 00:12:56.346 1129 1129 D SystemServerTiming: OnBootPhase_480_com.android.server.searchui.SearchUiManagerService took to complete: 0ms
09-24 00:12:56.346 1129 1129 I SystemServerTiming: OnBootPhase_480_com.android.server.smartspace.SmartspaceManagerService
09-24 00:12:56.346 1129 1129 D SystemServerTiming: OnBootPhase_480_com.android.server.smartspace.SmartspaceManagerService took to complete: 0ms
09-24 00:12:56.347 1129 1129 I SystemServerTiming: OnBootPhase_480_com.android.server.graphics.fonts.FontManagerService$Lifecycle
09-24 00:12:56.347 1129 1129 D SystemServerTiming: OnBootPhase_480_com.android.server.graphics.fonts.FontManagerService$Lifecycle took to complete: 0ms
09-24 00:12:56.347 1129 1129 I SystemServerTiming: OnBootPhase_480_com.android.server.textservices.TextServicesManagerService$Lifecycle
09-24 00:12:56.347 1129 1129 D SystemServerTiming: OnBootPhase_480_com.android.server.textservices.TextServicesManagerService$Lifecycle took to complete: 0ms
09-24 00:12:56.347 1129 1129 I SystemServerTiming: OnBootPhase_480_com.android.server.textclassifier.TextClassificationManagerService$Lifecycle
09-24 00:12:56.347 1129 1129 D SystemServerTiming: OnBootPhase_480_com.android.server.textclassifier.TextClassificationManagerService$Lifecycle took to complete: 0ms
09-24 00:12:56.347 1129 1129 I SystemServerTiming: OnBootPhase_480_com.android.server.NetworkScoreService$Lifecycle
09-24 00:12:56.347 1129 1129 D SystemServerTiming: OnBootPhase_480_com.android.server.NetworkScoreService$Lifecycle took to complete: 0ms
09-24 00:12:56.347 1129 1129 I SystemServerTiming: OnBootPhase_480_com.android.server.wifi.WifiService
09-24 00:12:56.347 1129 1129 D SystemServerTiming: OnBootPhase_480_com.android.server.wifi.WifiService took to complete: 0ms
09-24 00:12:56.347 1129 1129 I SystemServerTiming: OnBootPhase_480_com.android.server.wifi.scanner.WifiScanningService
09-24 00:12:56.347 1129 1129 D SystemServerTiming: OnBootPhase_480_com.android.server.wifi.scanner.WifiScanningService took to complete: 0ms
09-24 00:12:56.347 1129 1129 I SystemServerTiming: OnBootPhase_480_com.android.server.wifi.rtt.RttService
09-24 00:12:56.347 1129 1129 D SystemServerTiming: OnBootPhase_480_com.android.server.wifi.rtt.RttService took to complete: 0ms
09-24 00:12:56.347 1129 1129 I SystemServerTiming: OnBootPhase_480_com.android.server.wifi.aware.WifiAwareService
09-24 00:12:56.347 1129 1129 D SystemServerTiming: OnBootPhase_480_com.android.server.wifi.aware.WifiAwareService took to complete: 0ms
09-24 00:12:56.347 1129 1129 I SystemServerTiming: OnBootPhase_480_com.android.server.wifi.p2p.WifiP2pService
09-24 00:12:56.347 1129 1129 D SystemServerTiming: OnBootPhase_480_com.android.server.wifi.p2p.WifiP2pService took to complete: 0ms
09-24 00:12:56.347 1129 1129 I SystemServerTiming: OnBootPhase_480_com.android.server.ethernet.EthernetService
09-24 00:12:56.347 1129 1129 D SystemServerTiming: OnBootPhase_480_com.android.server.ethernet.EthernetService took to complete: 0ms
09-24 00:12:56.348 1129 1129 I SystemServerTiming: OnBootPhase_480_com.android.server.ConnectivityServiceInitializer
09-24 00:12:56.348 1129 1129 D SystemServerTiming: OnBootPhase_480_com.android.server.ConnectivityServiceInitializer took to complete: 0ms
09-24 00:12:56.348 1129 1129 I SystemServerTiming: OnBootPhase_480_com.android.server.notification.NotificationManagerService
09-24 00:12:56.348 1129 1129 D SystemServerTiming: OnBootPhase_480_com.android.server.notification.NotificationManagerService took to complete: 0ms
09-24 00:12:56.348 1129 1129 I SystemServerTiming: OnBootPhase_480_com.android.server.storage.DeviceStorageMonitorService
09-24 00:12:56.348 1129 1129 D SystemServerTiming: OnBootPhase_480_com.android.server.storage.DeviceStorageMonitorService took to complete: 0ms
09-24 00:12:56.348 1129 1129 I SystemServerTiming: OnBootPhase_480_com.android.server.location.LocationManagerService$Lifecycle
09-24 00:12:56.348 1129 1129 D SystemServerTiming: OnBootPhase_480_com.android.server.location.LocationManagerService$Lifecycle took to complete: 0ms
09-24 00:12:56.348 1129 1129 I SystemServerTiming: OnBootPhase_480_com.android.server.timedetector.TimeDetectorService$Lifecycle
09-24 00:12:56.348 1129 1129 D SystemServerTiming: OnBootPhase_480_com.android.server.timedetector.TimeDetectorService$Lifecycle took to complete: 0ms
09-24 00:12:56.348 1129 1129 I SystemServerTiming: OnBootPhase_480_com.android.server.timezonedetector.TimeZoneDetectorService$Lifecycle
09-24 00:12:56.348 1129 1129 D SystemServerTiming: OnBootPhase_480_com.android.server.timezonedetector.TimeZoneDetectorService$Lifecycle took to complete: 0ms
09-24 00:12:56.348 1129 1129 I SystemServerTiming: OnBootPhase_480_com.android.server.timezonedetector.location.LocationTimeZoneManagerService$Lifecycle
09-24 00:12:56.348 1129 1129 D SystemServerTiming: OnBootPhase_480_com.android.server.timezonedetector.location.LocationTimeZoneManagerService$Lifecycle took to complete: 0ms
09-24 00:12:56.348 1129 1129 I SystemServerTiming: OnBootPhase_480_com.android.server.search.SearchManagerService$Lifecycle
09-24 00:12:56.348 1129 1129 D SystemServerTiming: OnBootPhase_480_com.android.server.search.SearchManagerService$Lifecycle took to complete: 0ms
09-24 00:12:56.348 1129 1129 I SystemServerTiming: OnBootPhase_480_com.android.server.wallpaper.WallpaperManagerService$Lifecycle
09-24 00:12:56.348 1129 1129 D SystemServerTiming: OnBootPhase_480_com.android.server.wallpaper.WallpaperManagerService$Lifecycle took to complete: 0ms
09-24 00:12:56.348 1129 1129 I SystemServerTiming: OnBootPhase_480_com.android.server.audio.AudioService$Lifecycle
09-24 00:12:56.348 1129 1129 D SystemServerTiming: OnBootPhase_480_com.android.server.audio.AudioService$Lifecycle took to complete: 0ms
09-24 00:12:56.349 1129 1129 I SystemServerTiming: OnBootPhase_480_com.android.server.soundtrigger_middleware.SoundTriggerMiddlewareService$Lifecycle
09-24 00:12:56.349 1129 1129 D SystemServerTiming: OnBootPhase_480_com.android.server.soundtrigger_middleware.SoundTriggerMiddlewareService$Lifecycle took to complete: 0ms
09-24 00:12:56.349 1129 1129 I SystemServerTiming: OnBootPhase_480_com.android.server.DockObserver
09-24 00:12:56.349 1129 1129 D SystemServerTiming: OnBootPhase_480_com.android.server.DockObserver took to complete: 0ms
09-24 00:12:56.349 1129 1129 I SystemServerTiming: OnBootPhase_480_com.android.server.midi.MidiService$Lifecycle
09-24 00:12:56.349 1129 1129 D SystemServerTiming: OnBootPhase_480_com.android.server.midi.MidiService$Lifecycle took to complete: 0ms
09-24 00:12:56.349 1129 1129 I SystemServerTiming: OnBootPhase_480_com.android.server.adb.AdbService$Lifecycle
09-24 00:12:56.349 1129 1129 D SystemServerTiming: OnBootPhase_480_com.android.server.adb.AdbService$Lifecycle took to complete: 0ms
09-24 00:12:56.349 1129 1129 I SystemServerTiming: OnBootPhase_480_com.android.server.usb.UsbService$Lifecycle
09-24 00:12:56.349 1129 1129 D SystemServerTiming: OnBootPhase_480_com.android.server.usb.UsbService$Lifecycle took to complete: 0ms
09-24 00:12:56.349 1129 1129 I SystemServerTiming: OnBootPhase_480_com.android.server.twilight.TwilightService
09-24 00:12:56.349 1129 1129 D SystemServerTiming: OnBootPhase_480_com.android.server.twilight.TwilightService took to complete: 0ms
09-24 00:12:56.349 1129 1129 I SystemServerTiming: OnBootPhase_480_com.android.server.display.color.ColorDisplayService
09-24 00:12:56.349 1129 1129 D SystemServerTiming: OnBootPhase_480_com.android.server.display.color.ColorDisplayService took to complete: 0ms
09-24 00:12:56.349 1129 1129 I SystemServerTiming: OnBootPhase_480_com.android.server.job.JobSchedulerService
09-24 00:12:56.349 1129 1129 D SystemServerTiming: OnBootPhase_480_com.android.server.job.JobSchedulerService took to complete: 0ms
09-24 00:12:56.349 1129 1129 I SystemServerTiming: OnBootPhase_480_com.android.server.soundtrigger.SoundTriggerService
09-24 00:12:56.349 1129 1129 D SoundTriggerService: onBootPhase: 480 : false
09-24 00:12:56.349 1129 1129 D SystemServerTiming: OnBootPhase_480_com.android.server.soundtrigger.SoundTriggerService took to complete: 0ms
09-24 00:12:56.349 1129 1129 I SystemServerTiming: OnBootPhase_480_com.android.server.trust.TrustManagerService
09-24 00:12:56.349 1129 1129 D SystemServerTiming: OnBootPhase_480_com.android.server.trust.TrustManagerService took to complete: 0ms
09-24 00:12:56.350 1129 1129 I SystemServerTiming: OnBootPhase_480_com.android.server.backup.BackupManagerService$Lifecycle
09-24 00:12:56.350 1129 1129 D SystemServerTiming: OnBootPhase_480_com.android.server.backup.BackupManagerService$Lifecycle took to complete: 0ms
09-24 00:12:56.350 1129 1129 I SystemServerTiming: OnBootPhase_480_com.android.server.appwidget.AppWidgetService
01-01 08:00:56.542 0 0 I init : Service 'ethernet' (pid 1320) exited with status 1 oneshot service took 5.984000 seconds in background
01-01 08:00:56.542 0 0 I init : Sending signal 9 to service 'ethernet' (pid 1320) process group...
01-01 08:00:56.542 0 0 I libprocessgroup: Successfully killed process cgroup uid 0 pid 1320 in 0ms
09-24 00:12:56.350 1129 1129 D SystemServerTiming: OnBootPhase_480_com.android.server.appwidget.AppWidgetService took to complete: 0ms
09-24 00:12:56.350 1129 1129 I SystemServerTiming: OnBootPhase_480_com.android.server.voiceinteraction.VoiceInteractionManagerService
09-24 00:12:56.350 1129 1129 D SystemServerTiming: OnBootPhase_480_com.android.server.voiceinteraction.VoiceInteractionManagerService took to complete: 0ms
09-24 00:12:56.350 1129 1129 I SystemServerTiming: OnBootPhase_480_com.android.server.apphibernation.AppHibernationService
09-24 00:12:56.350 1129 1129 D SystemServerTiming: OnBootPhase_480_com.android.server.apphibernation.AppHibernationService took to complete: 0ms
09-24 00:12:56.350 1129 1129 I SystemServerTiming: OnBootPhase_480_com.android.server.GestureLauncherService
09-24 00:12:56.350 1129 1129 D SystemServerTiming: OnBootPhase_480_com.android.server.GestureLauncherService took to complete: 0ms
09-24 00:12:56.350 1129 1129 I SystemServerTiming: OnBootPhase_480_com.android.server.SensorNotificationService
09-24 00:12:56.350 1129 1129 D SystemServerTiming: OnBootPhase_480_com.android.server.SensorNotificationService took to complete: 0ms
09-24 00:12:56.350 1129 1129 I SystemServerTiming: OnBootPhase_480_com.android.server.emergency.EmergencyAffordanceService
09-24 00:12:56.350 1129 1129 D SystemServerTiming: OnBootPhase_480_com.android.server.emergency.EmergencyAffordanceService took to complete: 0ms
