01-01 08:01:12.321 0 0 D cnss : Completed event: IDLE_SHUTDOWN(14), state: 0x20100, ret: 0/0
01-01 08:01:12.331 0 0 D cnss : PM relax, state: 0x100, count: 0
01-01 08:01:12.331 0 0 D cnss : PM stay awake, state: 0x100, count: 1
01-01 08:01:12.331 0 0 D cnss : PM relax, state: 0x100, count: 0
01-01 08:01:12.368 0 0 D : mv2112_read_status
01-01 08:01:12.368 0 0 D mv2112_update_link: 3.0x901(1G): 0x80
01-01 08:01:12.368 0 0 D mv2112_update_link: 3.0x8109(100M): 0x0
01-01 08:01:12.368 0 0 D mv2112_update_link: link 0x0
01-01 08:01:12.368 0 0 D mv2112_read_status: autoneg is disabled
09-24 00:13:12.329 1129 3447 D CompatibilityChangeReporter: Compat change id reported: 168419799; UID 10052; state: DISABLED
09-24 00:13:12.334 1129 3447 D CompatibilityChangeReporter: Compat change id reported: 171306433; UID 10078; state: ENABLED
09-24 00:13:12.343 1129 1571 D CompatibilityChangeReporter: Compat change id reported: 168419799; UID 10082; state: DISABLED
09-24 00:13:12.360 1129 3447 D CompatibilityChangeReporter: Compat change id reported: 168419799; UID 10079; state: DISABLED
09-24 00:13:12.385 1129 1571 D CompatibilityChangeReporter: Compat change id reported: 168419799; UID 10088; state: DISABLED
09-24 00:13:12.395 1129 1571 D CompatibilityChangeReporter: Compat change id reported: 135634846; UID 10053; state: DISABLED
09-24 00:13:12.396 1129 1234 D CompatibilityChangeReporter: Compat change id reported: 143937733; UID 10053; state: DISABLED
09-24 00:13:12.440 1129 1234 I ActivityManager: Start proc 3630:com.qualcomm.qti.qms.service.connectionsecurity/u0a53 for broadcast {com.qualcomm.qti.qms.service.connectionsecurity/com.qualcomm.qti.qms.service.connectionsecurity.ConnSecBroadcastReceiver}
09-24 00:13:12.472 1129 1571 I ActivityManager: Process com.qti.ltebc (pid 3602) has died: cch+5 CEM
01-01 08:01:12.680 0 0 I binder : 3630:3630 ioctl 40046210 ffdc7c98 returned -22
09-24 00:13:12.496 1129 3447 D CompatibilityChangeReporter: Compat change id reported: 168419799; UID 10053; state: DISABLED
09-24 00:13:12.626 1129 3447 D CompatibilityChangeReporter: Compat change id reported: 168419799; UID 1001; state: DISABLED
09-24 00:13:12.637 1129 3447 D CompatibilityChangeReporter: Compat change id reported: 168419799; UID 10089; state: DISABLED
01-01 08:01:12.835 0 0 I binder : 2913:2913 ioctl 40046210 7fea903d54 returned -22
09-24 00:13:12.654 1129 3447 D CompatibilityChangeReporter: Compat change id reported: 168419799; UID 10090; state: DISABLED
09-24 00:13:12.669 1129 3447 I ActivityManager: Finished processing BOOT_COMPLETED for u0
09-24 00:13:12.679 1129 3447 D CompatibilityChangeReporter: Compat change id reported: 135634846; UID 10025; state: DISABLED
09-24 00:13:12.680 1129 3447 D CompatibilityChangeReporter: Compat change id reported: 177438394; UID 10025; state: DISABLED
09-24 00:13:12.680 1129 3447 D CompatibilityChangeReporter: Compat change id reported: 135772972; UID 10025; state: DISABLED
09-24 00:13:12.680 1129 3447 D CompatibilityChangeReporter: Compat change id reported: 135754954; UID 10025; state: ENABLED
09-24 00:13:12.681 1129 1234 D CompatibilityChangeReporter: Compat change id reported: 143937733; UID 10025; state: ENABLED
09-24 00:13:12.739 1129 1234 W ActivityManager: Slow operation: 60ms so far, now at startProcess: returned from zygote!
09-24 00:13:12.739 1129 1234 W ActivityManager: Slow operation: 60ms so far, now at startProcess: done updating battery stats
09-24 00:13:12.739 1129 1234 W ActivityManager: Slow operation: 61ms so far, now at startProcess: building log message
09-24 00:13:12.739 1129 1234 I ActivityManager: Start proc 3650:com.android.externalstorage/u0a25 for broadcast {com.android.externalstorage/com.android.externalstorage.MountReceiver}
09-24 00:13:12.739 1129 1234 W ActivityManager: Slow operation: 61ms so far, now at startProcess: starting to update pids map
09-24 00:13:12.740 1129 1234 W ActivityManager: Slow operation: 61ms so far, now at startProcess: done updating pids map
01-01 08:01:12.985 0 0 I binder : 3650:3650 ioctl 40046210 7fea9046a4 returned -22
09-24 00:13:12.802 1129 3447 D CompatibilityChangeReporter: Compat change id reported: 168419799; UID 10025; state: DISABLED
09-24 00:13:12.954 1129 1571 D CompatibilityChangeReporter: Compat change id reported: 135634846; UID 10078; state: DISABLED
09-24 00:13:12.954 1129 1571 D CompatibilityChangeReporter: Compat change id reported: 177438394; UID 10078; state: DISABLED
09-24 00:13:12.954 1129 1571 D CompatibilityChangeReporter: Compat change id reported: 135772972; UID 10078; state: DISABLED
09-24 00:13:12.955 1129 1571 D CompatibilityChangeReporter: Compat change id reported: 135754954; UID 10078; state: ENABLED
09-24 00:13:12.955 1129 1234 D CompatibilityChangeReporter: Compat change id reported: 143937733; UID 10078; state: ENABLED
09-24 00:13:13.004 1129 1234 I ActivityManager: Start proc 3669:com.qti.ltebc/u0a78 for broadcast {com.qti.ltebc/com.qualcomm.ltebc.LTEBroadcastReceiver}
01-01 08:01:13.260 0 0 I binder : 3669:3669 ioctl 40046210 7fea9046a4 returned -22
09-24 00:13:13.078 1129 2845 D CompatibilityChangeReporter: Compat change id reported: 168419799; UID 10078; state: DISABLED
01-01 08:01:13.392 0 0 D : mv2112_read_status
01-01 08:01:13.392 0 0 D mv2112_update_link: 3.0x901(1G): 0x80
01-01 08:01:13.392 0 0 D mv2112_update_link: 3.0x8109(100M): 0x0
01-01 08:01:13.392 0 0 D mv2112_update_link: link 0x0
01-01 08:01:13.392 0 0 D mv2112_read_status: autoneg is disabled
01-01 08:01:13.432 0 0 I cnss-daemon: DMS thread joined succesfully
01-01 08:01:13.432 0 0 I cnss-daemon: wlfw_stop: Stop done: 0
01-01 08:01:13.433 0 0 I cnss-daemon: wlfw_start: Starting
01-01 08:01:13.434 0 0 I cnss-daemon: wlfw_service_request: Start the pthread: 0x0K
01-01 08:01:13.447 0 0 I cnss-daemon: ro.baseband : [apq]
01-01 08:01:13.447 0 0 I cnss-daemon: Hardware supports external modem
01-01 08:01:14.416 0 0 D : mv2112_read_status
01-01 08:01:14.416 0 0 D mv2112_update_link: 3.0x901(1G): 0x80
01-01 08:01:14.417 0 0 D mv2112_update_link: 3.0x8109(100M): 0x0
01-01 08:01:14.417 0 0 D mv2112_update_link: link 0x0
01-01 08:01:14.417 0 0 D mv2112_read_status: autoneg is disabled
01-01 08:01:15.440 0 0 D : mv2112_read_status
01-01 08:01:15.440 0 0 D mv2112_update_link: 3.0x901(1G): 0x80
01-01 08:01:15.440 0 0 D mv2112_update_link: 3.0x8109(100M): 0x0
01-01 08:01:15.440 0 0 D mv2112_update_link: link 0x0
01-01 08:01:15.441 0 0 D mv2112_read_status: autoneg is disabled
01-01 08:01:16.262 0 0 I init : starting service 'vendor.light-hal-2-0'...
01-01 08:01:16.358 0 0 I init : Service 'vendor.light-hal-2-0' (pid 3688) exited with status 0
01-01 08:01:16.358 0 0 I init : Sending signal 9 to service 'vendor.light-hal-2-0' (pid 3688) process group...
01-01 08:01:16.359 0 0 I libprocessgroup: Successfully killed process cgroup uid 1000 pid 3688 in 0ms
01-01 08:01:16.464 0 0 D : mv2112_read_status
01-01 08:01:16.464 0 0 D mv2112_update_link: 3.0x901(1G): 0x80
01-01 08:01:16.464 0 0 D mv2112_update_link: 3.0x8109(100M): 0x0
01-01 08:01:16.464 0 0 D mv2112_update_link: link 0x0
01-01 08:01:16.464 0 0 D mv2112_read_status: autoneg is disabled
01-01 08:01:16.599 0 0 I qcom_rpmh DRV: apps_rsc TCS Busy, retrying RPMH message send: addr=0x40d00
09-24 00:13:16.811 1129 3447 I ActivityTaskManager: START u0 {act=android.intent.action.MAIN cat=[android.intent.category.LAUNCHER] flg=0x10200000 cmp=com.android.settings/.Settings bnds=[2129,678][2292,847]} from uid 10080
09-24 00:13:16.818 1129 3447 W ActivityTaskManager: Can't find TaskDisplayArea to determine support for multi window. Task id=11 attached=false
09-24 00:13:16.820 1129 1215 I DropBoxManagerService: add tag=system_app_strictmode isTagEnabled=true flags=0x2
09-24 00:13:16.824 1129 3447 D CompatibilityChangeReporter: Compat change id reported: 174042980; UID 1000; state: DISABLED
09-24 00:13:16.830 1910 2132 D PhoneStartingWindowTypeAlgorithm: preferredStartingWindowType newTask:true taskSwitch:true processRunning:true allowTaskSnapshot:true activityCreated:false useEmptySplashScreen:false legacySplashScreen:false topIsHome:false
09-24 00:13:16.831 1910 2132 D StartingSurfaceDrawer: addSplashScreen com.android.settings theme=7f13033e task=11 suggestType=1
09-24 00:13:16.839 1129 2845 I ActivityTaskManager: FOREGROUND_APPLICATION_CHANGED to com.android.settings.homepage.SettingsHomepageActivity
09-24 00:13:16.840 1129 2845 I ActivityTaskManager: The Process com.android.settings Already Exists in BG. So sending its PID: 2348
09-24 00:13:16.841 1129 2845 W ActivityTaskManager: Tried to set launchTime (0) < mLastActivityLaunchTime (51045)
09-24 00:13:16.844 1910 2137 D StartingSurfaceDrawer: window attributes color: 0 icon null duration 0 brandImage null
09-24 00:13:16.851 1129 2845 D CompatibilityChangeReporter: Compat change id reported: 181136395; UID 1000; state: DISABLED
09-24 00:13:16.853 1129 2845 D CompatibilityChangeReporter: Compat change id reported: 174042936; UID 1000; state: DISABLED
09-24 00:13:16.853 1910 2137 D StartingSurfaceDrawer: FgMainColor=fff5f5f5 BgMainColor=ff00668b IsBgComplex=false FromCache=false ThemeColor=fff0f0f3
09-24 00:13:16.853 1910 2137 D StartingSurfaceDrawer: isRgbSimilarInHsv a: fff0f0f3 b ff00668b contrast ratio: 5.6404657
09-24 00:13:16.853 1910 2137 D StartingSurfaceDrawer: hsvDiff 44 ah 240.0 bh 195.97124 as 0.012345679 bs 1.0 av 0.9529412 bv 0.54509807 sqH 0.059753086581642245 sqS 0.975461072301087 sqV 0.16633600477712207 root 0.6328639041847389
09-24 00:13:16.853 1910 2137 D StartingSurfaceDrawer: makeSplashScreenContentView: draw whole icon
09-24 00:13:16.855 1910 2137 D StartingSurfaceDrawer: fillViewWithIcon surfaceWindowView android.window.SplashScreenView{81562f V.E...... ......ID 0,0-0,0}
01-01 08:01:17.118 0 0 I afe_find_cal_topo_id_by_port: port id: 0x9000, dev_acdb_id: 0
01-01 08:01:17.119 0 0 I afe_find_cal_topo_id_by_port: top_id:112fc acdb_id:15 afe_port:0x9000
01-01 08:01:17.119 0 0 I afe_get_cal_topology_id: port_id = 0x9000 acdb_id = 15 topology_id = 0x112fc cal_type_index=8 ret=0
01-01 08:01:17.120 0 0 I afe_send_port_topology_id: AFE set topology id 0x112fc enable for port 0x9000 ret 0
01-01 08:01:17.120 0 0 I send_afe_cal_type: cal_index is 0
01-01 08:01:17.120 0 0 I send_afe_cal_type: dev_acdb_id[55] is 0
01-01 08:01:17.120 0 0 I send_afe_cal_type: Sending cal_index cal 0
01-01 08:01:17.120 0 0 E send_afe_cal_type: No cal sent for cal_index 0, port_id = 0x9000! ret -22
01-01 08:01:17.129 0 0 I afe_send_hw_delay: port_id 0x9000 rate 48000 delay_usec 474 status 0
01-01 08:01:17.190 0 0 I init : starting service 'qvrd_vndr'...
01-01 08:01:17.191 0 0 I init : Created socket '/dev/socket/qvrservice_vndr', mode 660, user 1000, group 1000
01-01 08:01:17.191 0 0 I init : Created socket '/dev/socket/qvrservice_vndr_camera', mode 660, user 1000, group 1000
09-24 00:13:17.028 1129 2029 E UserRestrictionsUtils: Unknown restriction queried by uid 1000 (com.android.dynsystem et al): null
01-01 08:01:17.224 0 0 I init : starting service 'sxrd'...
09-24 00:13:17.036 3697 3697 F linker : CANNOT LINK EXECUTABLE "/vendor/bin/hw/qvrservice": library "vendor.qti.hardware.qxr-V1-ndk_platform.so" not found: needed by /vendor/lib64/libqvrservice.so in namespace (default)
01-01 08:01:17.238 0 0 I init : Service 'qvrd_vndr' (pid 3697) exited with status 1
01-01 08:01:17.238 0 0 I init : Sending signal 9 to service 'qvrd_vndr' (pid 3697) process group...
09-24 00:13:17.063 3699 3699 F linker : CANNOT LINK EXECUTABLE "/vendor/bin/hw/sxrservice": library "vendor.qti.hardware.qxr-V1-ndk_platform.so" not found: needed by main executable
09-24 00:13:17.248 1910 2132 D StartingSurfaceDrawer: Task start finish, remove starting surface for task 11
09-24 00:13:17.248 1910 2132 V StartingSurfaceDrawer: Removing splash screen window for task: 11
09-24 00:13:17.248 1129 2452 E UserRestrictionsUtils: Unknown restriction queried by uid 1000 (com.android.dynsystem et al): null
01-01 08:01:17.490 0 0 D : mv2112_read_status
01-01 08:01:17.490 0 0 D mv2112_update_link: 3.0x901(1G): 0x80
01-01 08:01:17.490 0 0 D mv2112_update_link: 3.0x8109(100M): 0x0
01-01 08:01:17.490 0 0 D mv2112_update_link: link 0x0
01-01 08:01:17.490 0 0 D mv2112_read_status: autoneg is disabled
01-01 08:01:17.585 0 0 W logd : Skipping entries from slow reader, pid 1279, fd 14, from LogBuffer::Prune()
09-24 00:13:17.406 1129 1163 E UserRestrictionsUtils: Unknown restriction queried by uid 1000 (com.android.dynsystem et al): null
09-24 00:13:18.241 1129 2452 I ActivityManager: Process com.qti.ltebc (pid 3669) has died: fg RCVR
09-24 00:13:18.293 1129 3447 D CompatibilityChangeReporter: Compat change id reported: 135634846; UID 10078; state: DISABLED
09-24 00:13:18.293 1129 3447 D CompatibilityChangeReporter: Compat change id reported: 177438394; UID 10078; state: DISABLED
09-24 00:13:18.294 1129 3447 D CompatibilityChangeReporter: Compat change id reported: 135772972; UID 10078; state: DISABLED
09-24 00:13:18.294 1129 3447 D CompatibilityChangeReporter: Compat change id reported: 135754954; UID 10078; state: ENABLED
09-24 00:13:18.294 1129 1234 D CompatibilityChangeReporter: Compat change id reported: 143937733; UID 10078; state: ENABLED
01-01 08:01:18.512 0 0 D : mv2112_read_status
01-01 08:01:18.512 0 0 D mv2112_update_link: 3.0x901(1G): 0x80
01-01 08:01:18.512 0 0 D mv2112_update_link: 3.0x8109(100M): 0x0
01-01 08:01:18.512 0 0 D mv2112_update_link: link 0x0
01-01 08:01:18.513 0 0 D mv2112_read_status: autoneg is disabled
09-24 00:13:18.355 1129 1234 W ActivityManager: Slow operation: 62ms so far, now at startProcess: returned from zygote!
09-24 00:13:18.355 1129 1234 W ActivityManager: Slow operation: 62ms so far, now at startProcess: done updating battery stats
09-24 00:13:18.355 1129 1234 W ActivityManager: Slow operation: 62ms so far, now at startProcess: building log message
09-24 00:13:18.355 1129 1234 I ActivityManager: Start proc 3722:com.qti.ltebc/u0a78 for broadcast {com.qti.ltebc/com.qualcomm.ltebc.LTEBroadcastReceiver}
09-24 00:13:18.355 1129 1234 W ActivityManager: Slow operation: 63ms so far, now at startProcess: starting to update pids map
09-24 00:13:18.356 1129 1234 W ActivityManager: Slow operation: 63ms so far, now at startProcess: done updating pids map
01-01 08:01:18.610 0 0 I binder : 3722:3722 ioctl 40046210 7fea9046a4 returned -22
01-01 08:01:19.536 0 0 D : mv2112_read_status
01-01 08:01:19.536 0 0 D mv2112_update_link: 3.0x901(1G): 0x80
01-01 08:01:19.536 0 0 D mv2112_update_link: 3.0x8109(100M): 0x0
01-01 08:01:19.536 0 0 D mv2112_update_link: link 0x0
01-01 08:01:19.536 0 0 D mv2112_read_status: autoneg is disabled
01-01 08:01:19.858 0 0 I : Wifi Turning On from UI
09-24 00:13:19.681 964 964 I android.hardware.wifi@1.0-service: Wifi HAL started
01-01 08:01:19.904 0 0 I : Wifi Turning On from UI
01-01 08:01:19.910 0 0 D cnss : Doing idle restart
01-01 08:01:19.910 0 0 D cnss : Posting event: IDLE_RESTART(13)-sync, state: 0x100 flags: 0x3
01-01 08:01:19.910 0 0 D cnss : PM stay awake, state: 0x100, count: 1
01-01 08:01:19.915 0 0 D cnss : Processing driver event: IDLE_RESTART-sync(13), state: 0x100
01-01 08:01:19.915 0 0 D cnss : Regulator vdd-wlan-io is being enabled
01-01 08:01:19.916 0 0 D cnss : Regulator wlan-ant-switch is being enabled
01-01 08:01:19.916 0 0 D cnss : Regulator vdd-wlan-aon is being enabled
01-01 08:01:19.916 0 0 D cnss : Regulator vdd-wlan-dig is being enabled
01-01 08:01:19.916 0 0 D cnss : Regulator vdd-wlan-rfa1 is being enabled
01-01 08:01:19.923 0 0 D cnss : Regulator vdd-wlan-rfa2 is being enabled
01-01 08:01:19.923 0 0 D cnss : BT_EN_GPIO State: On
01-01 08:01:19.924 0 0 D cnss : Assert WLAN_EN GPIO successfully
01-01 08:01:19.924 0 0 D cnss : Resuming PCI link
01-01 08:01:19.924 0 0 I msm_pcie_enable: PCIe: Assert the reset of endpoint of RC0.
01-01 08:01:19.936 0 0 I msm_pcie_enable: PCIe: RC0: PCIE20_PARF_INT_ALL_MASK: 0x7f80d202
01-01 08:01:19.939 0 0 I pcie_phy_init: PCIe RC0 PHY is ready!
01-01 08:01:19.949 0 0 I msm_pcie_enable: PCIe: Release the reset of endpoint of RC0.
01-01 08:01:19.966 0 0 I msm_pcie_link_train: PCIe RC0 link initialized
01-01 08:01:19.984 0 0 I cnss_pci 0000: 01:00.0: enabling device (0000 -> 0002)
01-01 08:01:19.985 0 0 D cnss : Config PCIe remap window register to 0x4000003f
01-01 08:01:19.985 0 0 D cnss : Read register offset 0x1f8031c, val = 0x6
01-01 08:01:19.985 0 0 D cnss : Write val 0x2 to register offset 0x1f8031c
01-01 08:01:19.985 0 0 D cnss : Setting MHI state: INIT(0)
01-01 08:01:19.986 0 0 D cnss : Setting MHI state: POWER_ON(2)
01-01 08:01:19.990 0 0 W cnss_pci 0000: 01:00.0: Falling back to syfs fallback for: qca6390/amss20.bin
01-01 08:01:20.010 0 0 I ueventd : firmware: loading 'qca6390/amss20.bin' for '/devices/platform/soc/1c00000.qcom,pcie/pci0000:00/0000:00:00.0/0000:01:00.0/firmware/qca6390!amss20.bin'
01-01 08:01:20.048 0 0 I ueventd : loading /devices/platform/soc/1c00000.qcom,pcie/pci0000:00/0000:00:00.0/0000:01:00.0/firmware/qca6390!amss20.bin took 38ms
09-24 00:13:19.918 1129 1233 I ActivityManager: Waited long enough for: ServiceRecord{9433054 u0 com.qti.diagservices/.QTIDiagServices}
01-01 08:01:20.156 0 0 I IRQ 5 : no longer affine to CPU5
01-01 08:01:20.429 0 0 D cnss : MHI status cb is called with reason MISSION_MODE(6)
01-01 08:01:20.431 0 0 D cnss : Completed event: IDLE_RESTART(13), state: 0x140, ret: 0/0
01-01 08:01:20.431 0 0 D cnss : PM relax, state: 0x140, count: 0
01-01 08:01:20.476 0 0 E swr-wcd rx_swr_ctrl: swrm_get_logical_dev_num: device 0xd01170224 is not ready
01-01 08:01:20.485 0 0 E swr_get_logical_dev_num: Error -22 to get logical addr for device d01170224
01-01 08:01:20.495 0 0 E swr-wcd rx_swr_ctrl: swrm_get_logical_dev_num: device 0xd01170224 is not ready
01-01 08:01:20.505 0 0 E swr_get_logical_dev_num: Error -22 to get logical addr for device d01170224
01-01 08:01:20.514 0 0 E swr-wcd rx_swr_ctrl: swrm_get_logical_dev_num: device 0xd01170224 is not ready
01-01 08:01:20.522 0 0 E swr_get_logical_dev_num: Error -22 to get logical addr for device d01170224
01-01 08:01:20.532 0 0 E swr-wcd rx_swr_ctrl: swrm_get_logical_dev_num: device 0xd01170224 is not ready
01-01 08:01:20.541 0 0 E swr_get_logical_dev_num: Error -22 to get logical addr for device d01170224
01-01 08:01:20.551 0 0 E swr-wcd rx_swr_ctrl: swrm_get_logical_dev_num: device 0xd01170224 is not ready
01-01 08:01:20.560 0 0 E swr_get_logical_dev_num: Error -22 to get logical addr for device d01170224
01-01 08:01:20.560 0 0 D : mv2112_read_status
01-01 08:01:20.569 0 0 E wcd938x_codec wcd938x-codec: wcd938x_bind: Slave bind failed, ret = -517
09-24 00:13:20.379 1129 2778 E TaskPersister: File error accessing recents directory (directory doesn't exist?).
01-01 08:01:20.571 0 0 D mv2112_update_link: 3.0x901(1G): 0x80
01-01 08:01:20.578 0 0 D mv2112_update_link: 3.0x8109(100M): 0x0
01-01 08:01:20.578 0 0 D mv2112_update_link: link 0x0
01-01 08:01:20.578 0 0 D mv2112_read_status: autoneg is disabled
01-01 08:01:20.589 0 0 E : [drm:dp_display_init_aux_switch][msm-dp-err][110 ]failed to register notifier (-22)
01-01 08:01:20.615 0 0 E swr-wcd rx_swr_ctrl: swrm_get_logical_dev_num: device 0xd01170224 is not ready
01-01 08:01:20.625 0 0 E swr_get_logical_dev_num: Error -22 to get logical addr for device d01170224
01-01 08:01:20.634 0 0 E swr-wcd rx_swr_ctrl: swrm_get_logical_dev_num: device 0xd01170224 is not ready
01-01 08:01:20.643 0 0 D cnss : WLFW server arriving: node 7 port 1
01-01 08:01:20.643 0 0 D cnss : Posting event: SERVER_ARRIVE(0), state: 0x140 flags: 0x0
01-01 08:01:20.643 0 0 D cnss : PM stay awake, state: 0x140, count: 1
01-01 08:01:20.643 0 0 D cnss : PM relax, state: 0x140, count: 0
01-01 08:01:20.643 0 0 D cnss : PM stay awake, state: 0x140, count: 1
01-01 08:01:20.643 0 0 D cnss : Processing driver event: SERVER_ARRIVE(0), state: 0x140
01-01 08:01:20.643 0 0 I cnss : QMI WLFW service connected, state: 0x141
01-01 08:01:20.643 0 0 D cnss : Sending indication register message, state: 0x141
01-01 08:01:20.644 0 0 E swr_get_logical_dev_num: Error -22 to get logical addr for device d01170224
01-01 08:01:20.650 0 0 D cnss : Sending host capability message, state: 0x141
01-01 08:01:20.652 0 0 D cnss : Number of clients is 2
01-01 08:01:20.652 0 0 D cnss : Assign MSI to user: WAKE, num_vectors: 1, user_base_data: 813, base_vector: 13
01-01 08:01:20.654 0 0 D cnss : WAKE MSI base data is 813
01-01 08:01:20.654 0 0 D cnss : Calibration done is 1
01-01 08:01:20.654 0 0 D cnss : Sending iova starting 0xa0000000 with size 0x10010000
01-01 08:01:20.655 0 0 E swr-wcd rx_swr_ctrl: swrm_get_logical_dev_num: device 0xd01170224 is not ready
01-01 08:01:20.661 0 0 D cnss : PM relax, state: 0x141, count: 0
01-01 08:01:20.663 0 0 I cnss-daemon: pm_release_vote: pm_handle is NULL
01-01 08:01:20.663 0 0 I cnss-daemon: pm_release_vote: pm_handle is NULL
01-01 08:01:20.663 0 0 I cnss-daemon: wlfw_build_cal_table: not read /data/vendor/wifi/wlfw_cal_00.bin
01-01 08:01:20.664 0 0 E swr_get_logical_dev_num: Error -22 to get logical addr for device d01170224
01-01 08:01:20.666 0 0 I cnss-daemon: wlfw_build_cal_table: not read /data/vendor/wifi/wlfw_cal_02.bin
01-01 08:01:20.666 0 0 I cnss-daemon: wlfw_build_cal_table: not read /data/vendor/wifi/wlfw_cal_03.bin
01-01 08:01:20.672 0 0 I cnss-daemon: wlfw_build_cal_table: not read /data/vendor/wifi/wlfw_cal_04.bin
01-01 08:01:20.673 0 0 E swr-wcd rx_swr_ctrl: swrm_get_logical_dev_num: device 0xd01170224 is not ready
01-01 08:01:20.678 0 0 D cnss : Received QMI WLFW request memory indication
01-01 08:01:20.681 0 0 D cnss : FW requests for memory, size: 0x5e0000, type: 1
01-01 08:01:20.681 0 0 D cnss : FW requests for memory, size: 0xd8000, type: 4
01-01 08:01:20.681 0 0 D cnss : Posting event: REQUEST_MEM(2), state: 0x141 flags: 0x0
01-01 08:01:20.681 0 0 D cnss : PM stay awake, state: 0x141, count: 1
01-01 08:01:20.681 0 0 E swr_get_logical_dev_num: Error -22 to get logical addr for device d01170224
01-01 08:01:20.682 0 0 D cnss : PM relax, state: 0x141, count: 0
01-01 08:01:20.682 0 0 D cnss : PM stay awake, state: 0x141, count: 1
01-01 08:01:20.682 0 0 D cnss : Processing driver event: REQUEST_MEM(2), state: 0x141
01-01 08:01:20.682 0 0 D cnss : Sending respond memory message, state: 0x141
01-01 08:01:20.683 0 0 D cnss : Memory for FW, va: 0xffffff8025e9c000, pa: 0x00000000a1000000, size: 0x5e0000, type: 1
01-01 08:01:20.683 0 0 D cnss : Memory for FW, va: 0xffffff8021046000, pa: 0x00000000a1600000, size: 0xd8000, type: 4
01-01 08:01:20.690 0 0 E swr-wcd rx_swr_ctrl: swrm_get_logical_dev_num: device 0xd01170224 is not ready
01-01 08:01:20.697 0 0 D cnss : PM relax, state: 0x141, count: 0
01-01 08:01:20.699 0 0 D cnss : Received QMI WLFW FW memory ready indication
01-01 08:01:20.699 0 0 D cnss : Posting event: FW_MEM_READY(3), state: 0x141 flags: 0x0
01-01 08:01:20.699 0 0 D cnss : PM stay awake, state: 0x141, count: 1
01-01 08:01:20.699 0 0 D cnss : PM relax, state: 0x141, count: 0
01-01 08:01:20.699 0 0 I cnss-daemon: wlfw_qmi_ind_cb: Receive Ind : 0x37
01-01 08:01:20.699 0 0 E swr_get_logical_dev_num: Error -22 to get logical addr for device d01170224
01-01 08:01:20.701 0 0 D cnss : PM stay awake, state: 0x141, count: 1
01-01 08:01:20.708 0 0 D cnss : Processing driver event: FW_MEM_READY(3), state: 0x141
01-01 08:01:20.708 0 0 D cnss : Sending target capability message, state: 0x143
01-01 08:01:20.708 0 0 E wcd938x_codec wcd938x-codec: wcd938x_bind: Slave bind failed, ret = -517
01-01 08:01:20.715 0 0 D cnss : Voltage for CPR: 948mV
01-01 08:01:20.720 0 0 D cnss : Update TCS CMD data address 0x000000000b2e5844 with voltage 950mV
01-01 08:01:20.720 0 0 D cnss : Device frequency is 24000000 HZ
01-01 08:01:20.721 0 0 D cnss : Target capability: chip_id: 0x0, chip_family: 0xb, board_id: 0xff, soc_id: 0xffffffff, fw_version: 0x101a0521, fw_build_timestamp: 2021-12-20 07:54, fw_build_id: QC_IMAGE_VERSION_STRING=WLAN.HST.1.0.1.r1-01313-QCAHSTSWPL_SILICONZ-1, otp_version: 0x480020
01-01 08:01:20.721 0 0 D cnss : Sending BDF download message, state: 0x143, type: 4
01-01 08:01:20.721 0 0 D cnss : FW name added with prefix: qca6390/regdb.bin
01-01 08:01:20.721 0 0 W cnss2 b0000000.qcom,cnss-qca6390: Falling back to syfs fallback for: qca6390/regdb.bin
01-01 08:01:20.753 0 0 I ueventd : firmware: loading 'qca6390/regdb.bin' for '/devices/platform/soc/b0000000.qcom,cnss-qca6390/firmware/qca6390!regdb.bin'
01-01 08:01:20.758 0 0 E ueventd : firmware: could not find firmware for qca6390/regdb.bin
01-01 08:01:20.766 0 0 E ueventd : firmware: attempted /etc/firmware/qca6390/regdb.bin, open failed: No such file or directory
01-01 08:01:20.777 0 0 E ueventd : firmware: attempted /odm/firmware/qca6390/regdb.bin, open failed: No such file or directory
01-01 08:01:20.787 0 0 E ueventd : firmware: attempted /vendor/firmware/qca6390/regdb.bin, open failed: No such file or directory
01-01 08:01:20.798 0 0 E ueventd : firmware: attempted /firmware/image/qca6390/regdb.bin, open failed: No such file or directory
01-01 08:01:20.809 0 0 E ueventd : firmware: attempted /vendor/firmware_mnt/image/qca6390/regdb.bin, open failed: No such file or directory
01-01 08:01:20.821 0 0 I ueventd : loading /devices/platform/soc/b0000000.qcom,cnss-qca6390/firmware/qca6390!regdb.bin took 68ms
01-01 08:01:20.829 0 0 E cnss : Failed to load BDF: qca6390/regdb.bin
01-01 08:01:20.835 0 0 D cnss : Sending BDF download message, state: 0x143, type: 1
01-01 08:01:20.837 0 0 D cnss : FW name added with prefix: qca6390/bdwlan.elf
01-01 08:01:20.837 0 0 W cnss2 b0000000.qcom,cnss-qca6390: Falling back to syfs fallback for: qca6390/bdwlan.elf
01-01 08:01:20.866 0 0 D cnss : Downloading BDF: qca6390/bdwlan.elf, size: 57908
01-01 08:01:20.919 0 0 D cnss : Sending M3 information message, state: 0x143
01-01 08:01:20.919 0 0 D cnss : M3 memory, va: 0xffffff8022501000, pa: 0x00000000a1800000, size: 0x411bc
01-01 08:01:20.922 0 0 D cnss : Received QMI WLFW FW initialization done indication
01-01 08:01:20.922 0 0 D cnss : Posting event: FW_READY(4), state: 0x143 flags: 0x0
01-01 08:01:20.922 0 0 D cnss : PM relax, state: 0x143, count: 0
01-01 08:01:20.922 0 0 D cnss : PM stay awake, state: 0x143, count: 1
01-01 08:01:20.922 0 0 D cnss : Processing driver event: FW_READY(4), state: 0x143
01-01 08:01:20.922 0 0 D cnss : PCIE Gen speed not setup
01-01 08:01:20.922 0 0 I [kworke][0x5c68b61c][00:13:20.731115] wlan: [478:I:HDD] hdd_pm_qos_add_request: 9360: Set cpu_mask 0f for affine_cores
01-01 08:01:20.922 0 0 I [kworke][0x5c68b848][00:13:20.731144] wlan: [478:I:HDD] hdd_pm_qos_add_request: 9362: Set cpu_mask 0f for affine_cores
01-01 08:01:20.925 0 0 D cnss : Sending ini sync request, state: 0x147, fw_log_mode: 1
01-01 08:01:20.937 0 0 I [kworke][0x5c6d1bf2][00:13:20.746127] wlan: [478:I:HIF] Initializing Runtime PM wakelock &sc->prevent_linkdown_lock
01-01 08:01:20.937 0 0 I [kworke][0x5c6d262b][00:13:20.746263] wlan: [478:I:HIF] hif_pci_enable_bus: con_mode = 0x0, WLAN_SOC_device_id = 0x1101
01-01 08:01:20.937 0 0 I [kworke][0x5c6d292f][00:13:20.746303] wlan: [478:I:HIF] hif_pci_enable_bus: hif_enable_pci done
01-01 08:01:20.938 0 0 I [kworke][0x5c6d47e8][00:13:20.746712] wlan: [478:I:HIF] *********** QCA6390 *************
01-01 08:01:20.938 0 0 I [kworke][0x5c6d49f3][00:13:20.746740] wlan: [478:I:HIF] hif_pci_enable_bus: hif_type = 0x12, target_type = 0x17
01-01 08:01:20.938 0 0 I [kworke][0x5c6d4bfc][00:13:20.746767] wlan: [478:I:HIF] hif_register_tbl_attach: HIF_TYPE_QCA6390
01-01 08:01:20.938 0 0 I [kworke][0x5c6d5632][00:13:20.746903] wlan: [478:I:HIF] hif_target_register_tbl_attach: TARGET_TYPE_QCA6390
01-01 08:01:20.938 0 0 I [kworke][0x5c6d5832][00:13:20.746930] wlan: [478:I:HIF] hif_pci_enable_bus:Skip tgt_wake up for srng devices
01-01 08:01:20.940 0 0 E [kworke][0x5c6dd59a][00:13:20.748602] wlan: [478:E:TXRX] hif_print_hal_shadow_register_cfg: num_config 28
01-01 08:01:20.953 0 0 I [kworke][0x5c71ad7c][00:13:20.761720] wlan: [478:I:TXRX] hif_print_hal_shadow_register_cfg: i 0, val a3b034
01-01 08:01:20.953 0 0 I [kworke][0x5c71db75][00:13:20.762333] wlan: [478:I:TXRX] hif_print_hal_shadow_register_cfg: i 1, val a3b03c
01-01 08:01:20.954 0 0 I [kworke][0x5c71dd7a][00:13:20.762360] wlan: [478:I:TXRX] hif_print_hal_shadow_register_cfg: i 2, val a3b044
01-01 08:01:20.954 0 0 I [kworke][0x5c71e3f9][00:13:20.762447] wlan: [478:I:TXRX] hif_print_hal_shadow_register_cfg: i 3, val a3b04c
01-01 08:01:20.954 0 0 I [kworke][0x5c71e5f5][00:13:20.762473] wlan: [478:I:TXRX] hif_print_hal_shadow_register_cfg: i 4, val a3b054
01-01 08:01:20.954 0 0 I [kworke][0x5c71e7e4][00:13:20.762499] wlan: [478:I:TXRX] hif_print_hal_shadow_register_cfg: i 5, val a3b028
01-01 08:01:20.954 0 0 I [kworke][0x5c71e9d5][00:13:20.762525] wlan: [478:I:TXRX] hif_print_hal_shadow_register_cfg: i 6, val a3b020
01-01 08:01:20.954 0 0 I [kworke][0x5c71ebbe][00:13:20.762550] wlan: [478:I:TXRX] hif_print_hal_shadow_register_cfg: i 7, val a3b06c
01-01 08:01:20.954 0 0 I [kworke][0x5c71edad][00:13:20.762576] wlan: [478:I:TXRX] hif_print_hal_shadow_register_cfg: i 8, val a46000
01-01 08:01:20.954 0 0 I [kworke][0x5c71ef98][00:13:20.762601] wlan: [478:I:TXRX] hif_print_hal_shadow_register_cfg: i 9, val a46008
01-01 08:01:20.954 0 0 I [kworke][0x5c71f18d][00:13:20.762628] wlan: [478:I:TXRX] hif_print_hal_shadow_register_cfg: i 10, val a46010
01-01 08:01:20.954 0 0 I [kworke][0x5c71f377][00:13:20.762653] wlan: [478:I:TXRX] hif_print_hal_shadow_register_cfg: i 11, val a46018
01-01 08:01:20.954 0 0 I [kworke][0x5c71f561][00:13:20.762679] wlan: [478:I:TXRX] hif_print_hal_shadow_register_cfg: i 12, val a46034
01-01 08:01:20.954 0 0 I [kworke][0x5c71f747][00:13:20.762704] wlan: [478:I:TXRX] hif_print_hal_shadow_register_cfg: i 13, val a370b0
01-01 08:01:20.954 0 0 I [kworke][0x5c71f92c][00:13:20.762729] wlan: [478:I:TXRX] hif_print_hal_shadow_register_cfg: i 14, val a37018
01-01 08:01:20.954 0 0 I [kworke][0x5c71fb13][00:13:20.762755] wlan: [478:I:TXRX] hif_print_hal_shadow_register_cfg: i 15, val a370c4
01-01 08:01:20.954 0 0 I [kworke][0x5c71fcf8][00:13:20.762780] wlan: [478:I:TXRX] hif_print_hal_shadow_register_cfg: i 16, val a370cc
01-01 08:01:20.954 0 0 I [kworke][0x5c71fedb][00:13:20.762805] wlan: [478:I:TXRX] hif_print_hal_shadow_register_cfg: i 17, val a370d4
01-01 08:01:20.954 0 0 I [kworke][0x5c7200c1][00:13:20.762830] wlan: [478:I:TXRX] hif_print_hal_shadow_register_cfg: i 18, val a370dc
01-01 08:01:20.954 0 0 I [kworke][0x5c7202a7][00:13:20.762856] wlan: [478:I:TXRX] hif_print_hal_shadow_register_cfg: i 19, val a00400
01-01 08:01:20.954 0 0 I [kworke][0x5c72048d][00:13:20.762881] wlan: [478:I:TXRX] hif_print_hal_shadow_register_cfg: i 20, val a03400
01-01 08:01:20.954 0 0 I [kworke][0x5c7206bd][00:13:20.762910] wlan: [478:I:TXRX] hif_print_hal_shadow_register_cfg: i 21, val a0340c
01-01 08:01:20.954 0 0 I [kworke][0x5c7208a5][00:13:20.762935] wlan: [478:I:TXRX] hif_print_hal_shadow_register_cfg: i 22, val a05400
01-01 08:01:20.954 0 0 I [kworke][0x5c720a8a][00:13:20.762961] wlan: [478:I:TXRX] hif_print_hal_shadow_register_cfg: i 23, val a0540c
01-01 08:01:20.954 0 0 I [kworke][0x5c720c77][00:13:20.762986] wlan: [478:I:TXRX] hif_print_hal_shadow_register_cfg: i 24, val a06400
01-01 08:01:20.954 0 0 I [kworke][0x5c720e5f][00:13:20.763012] wlan: [478:I:TXRX] hif_print_hal_shadow_register_cfg: i 25, val a08400
01-01 08:01:20.954 0 0 I [kworke][0x5c721049][00:13:20.763037] wlan: [478:I:TXRX] hif_print_hal_shadow_register_cfg: i 26, val a0b400
01-01 08:01:20.954 0 0 I [kworke][0x5c721230][00:13:20.763063] wlan: [478:I:TXRX] hif_print_hal_shadow_register_cfg: i 27, val a0b40c
01-01 08:01:20.954 0 0 D cnss : Mode: 0, config: ffffff801c7db848, host_version: 5.2.022.10G
01-01 08:01:20.954 0 0 D cnss : Sending WLAN config message, state: 0x147
01-01 08:01:20.964 0 0 D cnss : Sending mode message, mode: MISSION(0), state: 0x147
01-01 08:01:20.989 0 0 D cnss : Received QMI WLFW pin connect result indication
01-01 08:01:20.989 0 0 D cnss : Pin connect Result: pwr_pin: 0x1 phy_io_pin: 0x0 rf_io_pin: 0x0
01-01 08:01:20.989 0 0 D cnss : Assign MSI to user: CE, num_vectors: 10, user_base_data: 803, base_vector: 3
01-01 08:01:21.018 0 0 I [kworke][0x5c84cd36][00:13:20.826995] wlan: [478:I:HIF] ce_srng_dest_ring_setup: ce_id 1
01-01 08:01:21.018 0 0 D cnss : Assign MSI to user: CE, num_vectors: 10, user_base_data: 803, base_vector: 3
01-01 08:01:21.018 0 0 I [kworke][0x5c84e205][00:13:20.827273] wlan: [478:I:HIF] ce_srng_status_ring_setup: ce_id 1
01-01 08:01:21.018 0 0 D cnss : Assign MSI to user: CE, num_vectors: 10, user_base_data: 803, base_vector: 3
01-01 08:01:21.019 0 0 I [kworke][0x5c84f14c][00:13:20.827476] wlan: [478:I:HIF] ce_srng_dest_ring_setup: ce_id 2
01-01 08:01:21.019 0 0 D cnss : Assign MSI to user: CE, num_vectors: 10, user_base_data: 803, base_vector: 3
01-01 08:01:21.019 0 0 I [kworke][0x5c8500ed][00:13:20.827686] wlan: [478:I:HIF] ce_srng_status_ring_setup: ce_id 2
01-01 08:01:21.019 0 0 D cnss : Assign MSI to user: CE, num_vectors: 10, user_base_data: 803, base_vector: 3
01-01 08:01:21.019 0 0 D cnss : Assign MSI to user: CE, num_vectors: 10, user_base_data: 803, base_vector: 3
01-01 08:01:21.039 0 0 I [kworke][0x5c8ad0b7][00:13:20.847521] wlan: [478:I:HIF] ce_srng_dest_ring_setup: ce_id 5
01-01 08:01:21.039 0 0 D cnss : Assign MSI to user: CE, num_vectors: 10, user_base_data: 803, base_vector: 3
01-01 08:01:21.039 0 0 I [kworke][0x5c8adbb6][00:13:20.847668] wlan: [478:I:HIF] ce_srng_status_ring_setup: ce_id 5
01-01 08:01:21.039 0 0 D cnss : Assign MSI to user: CE, num_vectors: 10, user_base_data: 803, base_vector: 3
01-01 08:01:21.039 0 0 I [kworke][0x5c8ae8f6][00:13:20.847845] wlan: [478:I:HIF] hif_configure_irq: E
01-01 08:01:21.039 0 0 D cnss : Assign MSI to user: WAKE, num_vectors: 1, user_base_data: 813, base_vector: 13
01-01 08:01:21.039 0 0 D cnss : Get IRQ number 425 for vector index 13
01-01 08:01:21.039 0 0 D cnss : Assign MSI to user: CE, num_vectors: 10, user_base_data: 803, base_vector: 3
01-01 08:01:21.039 0 0 D cnss : Get IRQ number 415 for vector index 3
01-01 08:01:21.039 0 0 D cnss : Get IRQ number 416 for vector index 4
01-01 08:01:21.039 0 0 D cnss : Get IRQ number 417 for vector index 5
01-01 08:01:21.039 0 0 D cnss : Get IRQ number 418 for vector index 6
01-01 08:01:21.039 0 0 D cnss : Get IRQ number 420 for vector index 8
01-01 08:01:21.039 0 0 D cnss : Get IRQ number 421 for vector index 9
01-01 08:01:21.039 0 0 D cnss : Get IRQ number 423 for vector index 11
01-01 08:01:21.039 0 0 E [kworke][0x5c8b0a90][00:13:20.848293] wlan: [478:E:mlme] mlme_init_reg_cfg: 2374: null pdev
01-01 08:01:21.049 0 0 E [kworke][0x5c8de4ae][00:13:20.858028] wlan: [478:E:WMI] WMI handle is NULL
01-01 08:01:21.057 0 0 I [kworke][0x5c9049d7][00:13:20.866203] wlan: [478:I:HIF] Initializing Runtime PM wakelock &p2p_soc_obj->roc_runtime_lock
01-01 08:01:21.057 0 0 D cnss : Platform cap_flag is 0x4
01-01 08:01:21.057 0 0 E [kworke][0x5c904e01][00:13:20.866259] wlan: [478:E:QDF] cds_get_context: 1486: Module ID 66 context is Null
01-01 08:01:21.103 0 0 E [kworke][0x5c9dcf50][00:13:20.912356] wlan: [478:E:QDF] cds_get_context: 1486: Module ID 66 context is Null
01-01 08:01:21.133 0 0 I [kworke][0x5ca68c0a][00:13:20.942181] wlan: [478:I:HIF] Initializing Runtime PM wakelock &psoc_wakelock->wmi_cmd_rsp_runtime_lock
01-01 08:01:21.136 0 0 F [kworke][0x5ca7446b][00:13:20.944638] wlan: [478:F:WMA] WMA --> wmi_unified_attach - success
01-01 08:01:21.146 0 0 I [kworke][0x5caa5441][00:13:20.955089] wlan: [478:I:HIF] Initializing Runtime PM wakelock &vdev->vdev_set_key_runtime_wakelock
01-01 08:01:21.148 0 0 I [kworke][0x5caab9be][00:13:20.956442] wlan: [478:I:HIF] Initializing Runtime PM wakelock &vdev->vdev_set_key_runtime_wakelock
01-01 08:01:21.149 0 0 I [kworke][0x5cab1afe][00:13:20.957739] wlan: [478:I:HIF] Initializing Runtime PM wakelock &vdev->vdev_set_key_runtime_wakelock
01-01 08:01:21.150 0 0 I [kworke][0x5cab68b9][00:13:20.958775] wlan: [478:I:HIF] Initializing Runtime PM wakelock &vdev->vdev_set_key_runtime_wakelock
01-01 08:01:21.151 0 0 I [kworke][0x5caba433][00:13:20.959568] wlan: [478:I:HIF] Initializing Runtime PM wakelock &vdev->vdev_set_key_runtime_wakelock
01-01 08:01:21.151 0 0 I [kworke][0x5cabce33][00:13:20.960128] wlan: [478:I:HIF] Initializing Runtime PM wakelock &vdev->vdev_set_key_runtime_wakelock
01-01 08:01:21.152 0 0 I [kworke][0x5cac2998][00:13:20.961347] wlan: [478:I:HIF] Initializing Runtime PM wakelock &wma_handle->wmi_cmd_rsp_runtime_lock
01-01 08:01:21.152 0 0 I [kworke][0x5cac2ca2][00:13:20.961387] wlan: [478:I:HIF] Initializing Runtime PM wakelock &wma_handle->sap_prevent_runtime_pm_lock
01-01 08:01:21.181 0 0 E [kworke][0x5cb4a596][00:13:20.990306] wlan: [478:E:QDF] htc_wait_target: 684: Target Ready! TX resource : 1 size:2176, MaxMsgsPerHTCBundle = 1
01-01 08:01:21.196 0 0 E [kworke][0x5cb8d1fd][00:13:21.004552] wlan: [478:E:QDF] htc_setup_target_buffer_assignments: 576: SVS Index : 1 TX : 0x100 : alloc:1
01-01 08:01:21.209 0 0 D cnss : Assign MSI to user: DP, num_vectors: 18, user_base_data: 814, base_vector: 14
01-01 08:01:21.210 0 0 I [kworke][0x5cbd0865][00:13:21.018931] wlan: [478:I:HIF] +hif_update_pipe_callback pipeid 5
01-01 08:01:21.210 0 0 I [kworke][0x5cbd0907][00:13:21.018939] wlan: [478:I:HIF] -hif_update_pipe_callback
01-01 08:01:21.210 0 0 D cnss : Assign MSI to user: DP, num_vectors: 18, user_base_data: 814, base_vector: 14
01-01 08:01:21.212 0 0 E [kworke][0x5cbdb9ae][00:13:21.021294] wlan: [478:E:DP] dp_srng_get_str_from_hal_ring_type: 7726: Invalid ring type
01-01 08:01:21.224 0 0 D cnss : Assign MSI to user: DP, num_vectors: 18, user_base_data: 814, base_vector: 14
01-01 08:01:21.224 0 0 D cnss : Assign MSI to user: DP, num_vectors: 18, user_base_data: 814, base_vector: 14
01-01 08:01:21.225 0 0 D cnss : Assign MSI to user: DP, num_vectors: 18, user_base_data: 814, base_vector: 14
01-01 08:01:21.225 0 0 D cnss : Assign MSI to user: DP, num_vectors: 18, user_base_data: 814, base_vector: 14
01-01 08:01:21.225 0 0 D cnss : Assign MSI to user: DP, num_vectors: 18, user_base_data: 814, base_vector: 14
01-01 08:01:21.225 0 0 D cnss : Assign MSI to user: DP, num_vectors: 18, user_base_data: 814, base_vector: 14
01-01 08:01:21.225 0 0 D cnss : Assign MSI to user: DP, num_vectors: 18, user_base_data: 814, base_vector: 14
01-01 08:01:21.225 0 0 D cnss : Assign MSI to user: DP, num_vectors: 18, user_base_data: 814, base_vector: 14
01-01 08:01:21.225 0 0 I [kworke][0x5cc17710][00:13:21.034059] wlan: [478:I:DP] dp_tx_soc_attach Tx Desc Alloc num_pool = 4, descs = 4096
01-01 08:01:21.225 0 0 I [kworke][0x5cc190b7][00:13:21.034401] wlan: [478:I:DP] dp_tx_soc_attach MSDU Ext Desc Alloc 4, descs = 4096
01-01 08:01:21.226 0 0 I [kworke][0x5cc1c997][00:13:21.035160] wlan: [478:I:DP] dp_tx_soc_attach HAL Tx init Success
01-01 08:01:21.226 0 0 D cnss : Assign MSI to user: DP, num_vectors: 18, user_base_data: 814, base_vector: 14
01-01 08:01:21.227 0 0 D cnss : Assign MSI to user: DP, num_vectors: 18, user_base_data: 814, base_vector: 14
01-01 08:01:21.227 0 0 I [kworke][0x5cc1e59e][00:13:21.035533] wlan: [478:I:DP] dp_soc_cmn_setup: 3274: num_reo_dest_rings 4
01-01 08:01:21.227 0 0 D cnss : Assign MSI to user: DP, num_vectors: 18, user_base_data: 814, base_vector: 14
01-01 08:01:21.227 0 0 D cnss : Assign MSI to user: DP, num_vectors: 18, user_base_data: 814, base_vector: 14
01-01 08:01:21.227 0 0 D cnss : Assign MSI to user: DP, num_vectors: 18, user_base_data: 814, base_vector: 14
01-01 08:01:21.227 0 0 D cnss : Assign MSI to user: DP, num_vectors: 18, user_base_data: 814, base_vector: 14
01-01 08:01:21.227 0 0 D cnss : Assign MSI to user: DP, num_vectors: 18, user_base_data: 814, base_vector: 14
01-01 08:01:21.227 0 0 D cnss : Assign MSI to user: DP, num_vectors: 18, user_base_data: 814, base_vector: 14
01-01 08:01:21.227 0 0 D cnss : Assign MSI to user: DP, num_vectors: 18, user_base_data: 814, base_vector: 14
01-01 08:01:21.227 0 0 D cnss : Assign MSI to user: DP, num_vectors: 18, user_base_data: 814, base_vector: 14
01-01 08:01:21.228 0 0 D cnss : Assign MSI to user: DP, num_vectors: 18, user_base_data: 814, base_vector: 14
01-01 08:01:21.228 0 0 D cnss : Assign MSI to user: DP, num_vectors: 18, user_base_data: 814, base_vector: 14
01-01 08:01:21.228 0 0 D cnss : Assign MSI to user: DP, num_vectors: 18, user_base_data: 814, base_vector: 14
01-01 08:01:21.228 0 0 I [kworke][0x5cc262d2][00:13:21.037203] wlan: [478:I:HAL] hal_reo_set_err_dst_remap_6390: 1024: HWIO_REO_R0_ERROR_DESTINATION_MAPPING_IX_0 0x28005b6d
01-01 08:01:21.228 0 0 D cnss : Assign MSI to user: DP, num_vectors: 18, user_base_data: 814, base_vector: 14
01-01 08:01:21.228 0 0 D cnss : Assign MSI to user: DP, num_vectors: 18, user_base_data: 814, base_vector: 14
01-01 08:01:21.228 0 0 D cnss : Assign MSI to user: DP, num_vectors: 18, user_base_data: 814, base_vector: 14
01-01 08:01:21.228 0 0 D cnss : Assign MSI to user: DP, num_vectors: 18, user_base_data: 814, base_vector: 14
01-01 08:01:21.229 0 0 D cnss : Assign MSI to user: DP, num_vectors: 18, user_base_data: 814, base_vector: 14
01-01 08:01:21.229 0 0 D cnss : Assign MSI to user: DP, num_vectors: 18, user_base_data: 814, base_vector: 14
01-01 08:01:21.297 0 0 I init : starting service 'vendor.light-hal-2-0'...
01-01 08:01:21.358 0 0 I init : Service 'vendor.light-hal-2-0' (pid 3751) exited with status 0
01-01 08:01:21.358 0 0 I init : Sending signal 9 to service 'vendor.light-hal-2-0' (pid 3751) process group...
01-01 08:01:21.359 0 0 I libprocessgroup: Successfully killed process cgroup uid 1000 pid 3751 in 0ms
01-01 08:01:21.366 0 0 I [kworke][0x5ceabd76][00:13:21.174945] wlan: [478:I:DP] Peer pool init
01-01 08:01:21.366 0 0 W [kworke][0x5ceac939][00:13:21.175102] wlan: [478:W:DP] dp_rx_pdev_mon_attach: pdev attach id=0
01-01 08:01:21.392 0 0 D cnss : Assign MSI to user: DP, num_vectors: 18, user_base_data: 814, base_vector: 14
01-01 08:01:21.392 0 0 D cnss : Get IRQ number 426 for vector index 14
01-01 08:01:21.392 0 0 D cnss : Assign MSI to user: DP, num_vectors: 18, user_base_data: 814, base_vector: 14
01-01 08:01:21.392 0 0 D cnss : Get IRQ number 427 for vector index 15
01-01 08:01:21.392 0 0 D cnss : Assign MSI to user: DP, num_vectors: 18, user_base_data: 814, base_vector: 14
01-01 08:01:21.392 0 0 D cnss : Get IRQ number 428 for vector index 16
01-01 08:01:21.392 0 0 D cnss : Assign MSI to user: DP, num_vectors: 18, user_base_data: 814, base_vector: 14
01-01 08:01:21.392 0 0 D cnss : Get IRQ number 429 for vector index 17
01-01 08:01:21.392 0 0 D cnss : Assign MSI to user: DP, num_vectors: 18, user_base_data: 814, base_vector: 14
01-01 08:01:21.392 0 0 D cnss : Assign MSI to user: DP, num_vectors: 18, user_base_data: 814, base_vector: 14
01-01 08:01:21.392 0 0 D cnss : Get IRQ number 431 for vector index 19
01-01 08:01:21.392 0 0 D cnss : Assign MSI to user: DP, num_vectors: 18, user_base_data: 814, base_vector: 14
01-01 08:01:21.392 0 0 D cnss : Get IRQ number 432 for vector index 20
01-01 08:01:21.396 0 0 E [kworke][0x5cf35f52][00:13:21.204409] wlan: [478:E:HIF] hif_pci_ce_irq_set_affinity_hint: 3708: Unable to set cpu mask for offline CPU 0
01-01 08:01:21.413 0 0 I [kworke][0x5cf86163][00:13:21.221505] wlan: [995:I:WMA] wma_rx_service_ready_event: Firmware build version : 101a0521
01-01 08:01:21.413 0 0 I [kworke][0x5cf8646f][00:13:21.221546] wlan: [995:I:WMA] wma_rx_service_ready_event: Board id: 0, Board version: 8 0 0 0 6
01-01 08:01:21.425 0 0 I [kworke][0x5cfc0ee0][00:13:21.234059] wlan: [995:I:WMA] wma_is_dbs_mandatory: 5417: MAC0 does not support both bands 2 DBS is mandatory
01-01 08:01:21.425 0 0 E [kworke][0x5cfc2162][00:13:21.234305] wlan: [995:E:QDF] copy_fw_abi_version_tlv: 6979: copy_fw_abi_version_tlv: INIT_CMD version: 1, 0, 0x5f414351, 0x4c4d, 0x0, 0x0
01-01 08:01:21.584 0 0 D : mv2112_read_status
01-01 08:01:21.584 0 0 D mv2112_update_link: 3.0x901(1G): 0x80
01-01 08:01:21.584 0 0 D mv2112_update_link: 3.0x8109(100M): 0x0
01-01 08:01:21.584 0 0 D mv2112_update_link: link 0x0
01-01 08:01:21.584 0 0 D mv2112_read_status: autoneg is disabled
01-01 08:01:21.629 0 0 E [kworke][0x5d37d843][00:13:21.438130] wlan: [338:E:QDF] ready_extract_init_status_tlv: 8884: ready_extract_init_status_tlv:0
01-01 08:01:21.645 0 0 E [kworke][0x5d3c5130][00:13:21.453396] wlan: [338:E:QDF] cds_get_context: 1486: Module ID 65 context is Null
01-01 08:01:21.656 0 0 F [kworke][0x5d3fb93b][00:13:21.465024] wlan: [338:F:DP] cdp_ipa_set_uc_tx_partition_base invalid instance
01-01 08:01:21.668 0 0 I [kworke][0x5d431258][00:13:21.476450] wlan: [338:I:WMA] wma_he_update_tgt_services: 996: 11ax is enabled
01-01 08:01:21.670 0 0 I [kworke][0x5d43d748][00:13:21.479076] wlan: [338:I:HIF] Initializing Runtime PM wakelock &mgmt_txrx_pdev_ctx->wakelock_tx_runtime_cmp
01-01 08:01:21.671 0 0 I [kworke][0x5d442e8c][00:13:21.480239] wlan: [338:I:dfs] WLAN_DEBUG_DFS_ALWAYS : wlan_dfs_pdev_obj_create_notification: 421: dfs_offload 1
01-01 08:01:21.671 0 0 I [kworke][0x5d4430dc][00:13:21.480270] wlan: [338:I:SPECTRAL] null_get_capability: 1715: SPECTRAL : get_capability not registered
01-01 08:01:21.671 0 0 I [kworke][0x5d44338b][00:13:21.480306] wlan: [338:I:SPECTRAL] target_if_pdev_spectral_init: 2249: HAL_CAP_PHYDIAG : Capable
01-01 08:01:21.671 0 0 I [kworke][0x5d44341f][00:13:21.480314] wlan: [338:I:SPECTRAL] null_get_capability: 1715: SPECTRAL : get_capability not registered
01-01 08:01:21.671 0 0 I [kworke][0x5d4434ab][00:13:21.480321] wlan: [338:I:SPECTRAL] target_if_pdev_spectral_init: 2253: HAL_CAP_RADAR : Capable
01-01 08:01:21.671 0 0 I [kworke][0x5d443539][00:13:21.480328] wlan: [338:I:SPECTRAL] null_get_capability: 1715: SPECTRAL : get_capability not registered
01-01 08:01:21.671 0 0 I [kworke][0x5d4435c6][00:13:21.480336] wlan: [338:I:SPECTRAL] target_if_pdev_spectral_init: 2258: HAL_CAP_SPECTRAL_SCAN : Capable
01-01 08:01:21.671 0 0 I [kworke][0x5d443692][00:13:21.480346] wlan: [338:I:SPECTRAL] null_get_tsf64: 1703: SPECTRAL : get_tsf64 not registered
01-01 08:01:21.671 0 0 I [kworke][0x5d44384a][00:13:21.480369] wlan: [338:I:GREEN_AP] wlan_green_ap_pdev_obj_create_notification: 106: Green AP creation successful, green ap ctx: ffffffc8f0cbb0e8, pdev: ffffffc9118e80e8
01-01 08:01:21.672 0 0 I [kworke][0x5d443c38][00:13:21.480422] wlan: [338:I:IPA] wlan_ipa_wdi_init: 540: ipa_over_gsi: 1, is_smmu_enabled: 1
01-01 08:01:21.674 0 0 I [kworke][0x5d44dd5b][00:13:21.482570] wlan: [338:I:REGULATORY] reg_set_band: 483: set band bitmap: 3
01-01 08:01:21.674 0 0 I [kworke][0x5d44ec50][00:13:21.482769] wlan: [338:I:HIF] Initializing Runtime PM wakelock &ctx->dfs
01-01 08:01:21.674 0 0 I [kworke][0x5d44edca][00:13:21.482789] wlan: [338:I:HIF] Initializing Runtime PM wakelock &ctx->connect
01-01 08:01:21.674 0 0 I [kworke][0x5d44ef27][00:13:21.482807] wlan: [338:I:HIF] Initializing Runtime PM wakelock &ctx->user
01-01 08:01:21.674 0 0 I [kworke][0x5d44f0a4][00:13:21.482827] wlan: [338:I:HIF] Initializing Runtime PM wakelock &scan_priv->runtime_pm_lock
01-01 08:01:21.674 0 0 I [kworke][0x5d44f30e][00:13:21.482859] wlan: [338:I:GREEN_AP] target_if_green_ap_register_egap_event_handler: 131: Set the Enhance Green AP event handler
01-01 08:01:21.674 0 0 E [kworke][0x5d44f3f9][00:13:21.482872] wlan: [338:E:QDF] dp_peer_map_attach_wifi3: 10048: dp_peer_map_attach_wifi3 max_peers 55, max_ast_index: 144
01-01 08:01:21.690 0 0 I [kworke][0x5d49ad1a][00:13:21.498993] wlan: [338:I:DP]
01-01 08:01:21.690 0 0 I : <=== cfg max peer id 55 ====>
01-01 08:01:21.690 0 0 I [kworke][0x5d49af4a][00:13:21.499023] wlan: [338:I:DP]
01-01 08:01:21.690 0 0 I : <=== cfg max ast idx 144 ====>
01-01 08:01:21.690 0 0 I [kworke][0x5d49b07d][00:13:21.499039] wlan: [338:I:DP] ast hash_elems: 512, max_ast_idx: 144
01-01 08:01:21.691 0 0 I [kworke][0x5d49d64c][00:13:21.499543] wlan: [478:I:WMA] wma_wait_for_ready_event: 6926: FW ready event received
01-01 08:01:21.698 0 0 E [kworke][0x5d4c04d0][00:13:21.506989] wlan: [478:E:WMI] send_action_oui_cmd_tlv: 220: Invalid action id
01-01 08:01:21.709 0 0 E [kworke][0x5d4f3955][00:13:21.517930] wlan: [478:E:action_oui] ucfg_action_oui_send: 160: Failed to send: 7
01-01 08:01:21.720 0 0 E [kworke][0x5d5285bd][00:13:21.529188] wlan: [478:E:WMI] send_action_oui_cmd_tlv: 220: Invalid action id
01-01 08:01:21.731 0 0 E [kworke][0x5d55b854][00:13:21.540103] wlan: [478:E:action_oui] ucfg_action_oui_send: 160: Failed to send: 9
01-01 08:01:21.742 0 0 E [kworke][0x5d590431][00:13:21.551354] wlan: [478:E:HDD] hdd_action_oui_send: 13281: Failed to send one or all action_ouis
01-01 08:01:21.765 0 0 D cnss : dma-coherent is enabled
01-01 08:01:21.765 0 0 D cnss : IOMMU map: iova b0000000, len 4096
01-01 08:01:21.765 0 0 D cnss : IOMMU map: iova_addr b0000040
01-01 08:01:21.765 0 0 D cnss : dma-coherent is enabled
01-01 08:01:21.765 0 0 D cnss : IOMMU map: iova b0001000, len 4096
01-01 08:01:21.765 0 0 D cnss : IOMMU map: iova_addr b0001018
01-01 08:01:21.767 0 0 E [kworke][0x5d6031b2][00:13:21.575855] wlan: [478:E:TXRX] dp_rxdma_ring_config: 5022: DBS enabled max_mac_rings 2
01-01 08:01:21.779 0 0 E [kworke][0x5d6396bb][00:13:21.587442] wlan: [478:E:TXRX] dp_rxdma_ring_config: 5033: pdev_id 0 max_mac_rings 2
01-01 08:01:21.790 0 0 E [kworke][0x5d66ec21][00:13:21.598820] wlan: [478:E:TXRX] dp_rxdma_ring_config: 5050: mac_id 0
01-01 08:01:21.800 0 0 E [kworke][0x5d69dea8][00:13:21.608881] wlan: [478:E:TXRX] dp_rxdma_ring_config: 5050: mac_id 1
01-01 08:01:21.810 0 0 I [kworke][0x5d6ce8bb][00:13:21.619255] wlan: [478:I:POLICY_MGR] policy_mgr_update_5g_scc_prefer: 398: overwrite pm_second_connection_pcl_dbs_2x2_table, index 2 mode 3 system prefer 0 new pcl 6
01-01 08:01:21.810 0 0 I [kworke][0x5d6ce94b][00:13:21.619262] wlan: [478:I:POLICY_MGR] policy_mgr_update_5g_scc_prefer: 404: overwrite pm_second_connection_pcl_dbs_2x2_table, index 3 mode 3 system prefer 0 new pcl 6
