09-24 00:12:56.700 1129 1129 I SystemServerTiming: OnBootPhase_550_com.android.server.pm.PackageInstallerService$Lifecycle
09-24 00:12:56.700 1129 1129 D SystemServerTiming: OnBootPhase_550_com.android.server.pm.PackageInstallerService$Lifecycle took to complete: 0ms
09-24 00:12:56.700 1129 1129 I SystemServerTiming: OnBootPhase_550_com.android.server.pm.UserManagerService$LifeCycle
09-24 00:12:56.700 1129 1129 D SystemServerTiming: OnBootPhase_550_com.android.server.pm.UserManagerService$LifeCycle took to complete: 0ms
09-24 00:12:56.700 1129 1129 I SystemServerTiming: OnBootPhase_550_com.android.server.om.OverlayManagerService
09-24 00:12:56.701 1129 1129 D SystemServerTiming: OnBootPhase_550_com.android.server.om.OverlayManagerService took to complete: 0ms
09-24 00:12:56.701 1129 1129 I SystemServerTiming: OnBootPhase_550_com.android.server.SensorPrivacyService
09-24 00:12:56.701 1129 1129 D SystemServerTiming: OnBootPhase_550_com.android.server.SensorPrivacyService took to complete: 0ms
09-24 00:12:56.701 1129 1129 I SystemServerTiming: OnBootPhase_550_com.android.server.sensors.SensorService
09-24 00:12:56.701 1129 1129 D SystemServerTiming: OnBootPhase_550_com.android.server.sensors.SensorService took to complete: 0ms
09-24 00:12:56.701 1129 1129 I SystemServerTiming: OnBootPhase_550_com.android.server.SystemConfigService
09-24 00:12:56.701 1129 1129 D SystemServerTiming: OnBootPhase_550_com.android.server.SystemConfigService took to complete: 0ms
09-24 00:12:56.701 1129 1129 I SystemServerTiming: OnBootPhase_550_com.android.server.BatteryService
09-24 00:12:56.701 1129 1129 D SystemServerTiming: OnBootPhase_550_com.android.server.BatteryService took to complete: 0ms
09-24 00:12:56.701 1129 1129 I SystemServerTiming: OnBootPhase_550_com.android.server.usage.UsageStatsService
09-24 00:12:56.701 1129 1129 D SystemServerTiming: OnBootPhase_550_com.android.server.usage.UsageStatsService took to complete: 0ms
09-24 00:12:56.701 1129 1129 I SystemServerTiming: OnBootPhase_550_com.android.server.webkit.WebViewUpdateService
09-24 00:12:56.701 1129 1129 D SystemServerTiming: OnBootPhase_550_com.android.server.webkit.WebViewUpdateService took to complete: 0ms
09-24 00:12:56.701 1129 1129 I SystemServerTiming: OnBootPhase_550_com.android.server.CachedDeviceStateService
09-24 00:12:56.701 1129 1129 D SystemServerTiming: OnBootPhase_550_com.android.server.CachedDeviceStateService took to complete: 0ms
09-24 00:12:56.701 1129 1129 I SystemServerTiming: OnBootPhase_550_com.android.server.BinderCallsStatsService$LifeCycle
09-24 00:12:56.702 1129 1129 D SystemServerTiming: OnBootPhase_550_com.android.server.BinderCallsStatsService$LifeCycle took to complete: 0ms
09-24 00:12:56.702 1129 1129 I SystemServerTiming: OnBootPhase_550_com.android.server.LooperStatsService$Lifecycle
09-24 00:12:56.702 1129 1129 D SystemServerTiming: OnBootPhase_550_com.android.server.LooperStatsService$Lifecycle took to complete: 0ms
09-24 00:12:56.702 1129 1129 I SystemServerTiming: OnBootPhase_550_com.android.server.rollback.RollbackManagerService
09-24 00:12:56.702 1129 1129 D SystemServerTiming: OnBootPhase_550_com.android.server.rollback.RollbackManagerService took to complete: 0ms
09-24 00:12:56.702 1129 1129 I SystemServerTiming: OnBootPhase_550_com.android.server.os.NativeTombstoneManagerService
09-24 00:12:56.702 1129 1129 D SystemServerTiming: OnBootPhase_550_com.android.server.os.NativeTombstoneManagerService took to complete: 0ms
09-24 00:12:56.702 1129 1129 I SystemServerTiming: OnBootPhase_550_com.android.server.os.BugreportManagerService
09-24 00:12:56.702 1129 1129 D SystemServerTiming: OnBootPhase_550_com.android.server.os.BugreportManagerService took to complete: 0ms
09-24 00:12:56.702 1129 1129 I SystemServerTiming: OnBootPhase_550_com.android.server.gpu.GpuService
09-24 00:12:56.702 1129 1129 D SystemServerTiming: OnBootPhase_550_com.android.server.gpu.GpuService took to complete: 0ms
09-24 00:12:56.702 1129 1129 I SystemServerTiming: OnBootPhase_550_com.android.server.security.KeyChainSystemService
09-24 00:12:56.702 1129 1129 D SystemServerTiming: OnBootPhase_550_com.android.server.security.KeyChainSystemService took to complete: 0ms
09-24 00:12:56.702 1129 1129 I SystemServerTiming: OnBootPhase_550_com.android.server.telecom.TelecomLoaderService
09-24 00:12:56.706 1129 1129 W ActivityManager: Too early to start/bind service in system_server: Phase=550 ComponentInfo{com.android.server.telecom/com.android.server.telecom.components.TelecomService}
01-01 08:00:56.902 0 0 D cnss : Posting event: REGISTER_DRIVER(7)-sync, state: 0x20009 flags: 0x5
01-01 08:00:56.902 0 0 D cnss : Processing driver event: COLD_BOOT_CAL_DONE(6), state: 0x20001
01-01 08:00:56.902 0 0 D cnss : Processing driver event: SERVER_EXIT(1), state: 0x20001
01-01 08:00:56.902 0 0 I cnss : QMI WLFW service disconnected, state: 0x20000
09-24 00:12:56.707 1129 1129 D CompatibilityChangeReporter: Compat change id reported: 168419799; UID 1000; state: DISABLED
09-24 00:12:56.708 1129 1129 W ActivityManager: Too early to start/bind service in system_server: Phase=550 ComponentInfo{com.android.server.telecom/com.android.server.telecom.components.TelecomService}
09-24 00:12:56.708 1129 1129 D SystemServerTiming: OnBootPhase_550_com.android.server.telecom.TelecomLoaderService took to complete: 5ms
09-24 00:12:56.708 1129 1129 I SystemServerTiming: OnBootPhase_550_com.android.server.accounts.AccountManagerService$Lifecycle
09-24 00:12:56.708 1129 1129 D SystemServerTiming: OnBootPhase_550_com.android.server.accounts.AccountManagerService$Lifecycle took to complete: 0ms
09-24 00:12:56.708 1129 1129 I SystemServerTiming: OnBootPhase_550_com.android.server.content.ContentService$Lifecycle
09-24 00:12:56.714 1129 1129 I SyncManager: No initial accounts
01-01 08:00:56.911 0 0 D cnss : Processing driver event: REGISTER_DRIVER-sync(7), state: 0x0
01-01 08:00:56.911 0 0 D cnss : Regulator vdd-wlan-io is being enabled
09-24 00:12:56.720 1129 1129 D SystemServerTiming: OnBootPhase_550_com.android.server.content.ContentService$Lifecycle took to complete: 12ms
01-01 08:00:56.911 0 0 D cnss : Regulator wlan-ant-switch is being enabled
09-24 00:12:56.720 1129 1129 I SystemServerTiming: OnBootPhase_550_com.android.server.DropBoxManagerService
09-24 00:12:56.720 1129 1129 D SystemServerTiming: OnBootPhase_550_com.android.server.DropBoxManagerService took to complete: 0ms
09-24 00:12:56.720 1129 1129 I SystemServerTiming: OnBootPhase_550_com.android.role.RoleService
09-24 00:12:56.720 1129 1129 D SystemServerTiming: OnBootPhase_550_com.android.role.RoleService took to complete: 0ms
09-24 00:12:56.720 1129 1129 I SystemServerTiming: OnBootPhase_550_com.android.server.vibrator.VibratorManagerService$Lifecycle
09-24 00:12:56.720 1129 1129 D SystemServerTiming: OnBootPhase_550_com.android.server.vibrator.VibratorManagerService$Lifecycle took to complete: 0ms
09-24 00:12:56.720 1129 1129 I SystemServerTiming: OnBootPhase_550_com.android.server.alarm.AlarmManagerService
09-24 00:12:56.721 1129 1129 D SystemServerTiming: OnBootPhase_550_com.android.server.alarm.AlarmManagerService took to complete: 0ms
09-24 00:12:56.721 1129 1129 I SystemServerTiming: OnBootPhase_550_com.android.server.devicestate.DeviceStateManagerService
09-24 00:12:56.721 1129 1129 D SystemServerTiming: OnBootPhase_550_com.android.server.devicestate.DeviceStateManagerService took to complete: 0ms
09-24 00:12:56.721 1129 1129 I SystemServerTiming: OnBootPhase_550_com.android.server.camera.CameraServiceProxy
09-24 00:12:56.721 1129 1129 D SystemServerTiming: OnBootPhase_550_com.android.server.camera.CameraServiceProxy took to complete: 0ms
09-24 00:12:56.721 1129 1129 I SystemServerTiming: OnBootPhase_550_com.android.server.BluetoothService
09-24 00:12:56.721 1129 1129 D BluetoothManagerService: Bluetooth boot completed
09-24 00:12:56.721 1129 1129 D BluetoothManagerService: Auto-enabling Bluetooth.
01-01 08:00:56.913 0 0 D cnss : Regulator vdd-wlan-aon is being enabled
01-01 08:00:56.913 0 0 D cnss : Regulator vdd-wlan-dig is being enabled
09-24 00:12:56.726 1129 1129 D SystemServerTiming: OnBootPhase_550_com.android.server.BluetoothService took to complete: 6ms
09-24 00:12:56.727 1129 1129 I SystemServerTiming: OnBootPhase_550_com.android.server.connectivity.IpConnectivityMetrics
09-24 00:12:56.727 1129 1129 D SystemServerTiming: OnBootPhase_550_com.android.server.connectivity.IpConnectivityMetrics took to complete: 0ms
09-24 00:12:56.727 1129 1129 I SystemServerTiming: OnBootPhase_550_com.android.server.net.watchlist.NetworkWatchlistService$Lifecycle
09-24 00:12:56.727 1129 1215 D BluetoothManagerService: MESSAGE_ENABLE(0): mBluetooth = null
09-24 00:12:56.727 1129 1215 D BluetoothManagerService: MESSAGE_ENABLE: handleEnable
09-24 00:12:56.727 1129 1215 D BluetoothManagerService: binding Bluetooth service
01-01 08:00:56.918 0 0 D cnss : Regulator vdd-wlan-rfa1 is being enabled
09-24 00:12:56.729 1129 1129 D SystemServerTiming: OnBootPhase_550_com.android.server.net.watchlist.NetworkWatchlistService$Lifecycle took to complete: 2ms
09-24 00:12:56.729 1129 1129 I SystemServerTiming: OnBootPhase_550_com.android.server.PinnerService
09-24 00:12:56.729 1129 1129 D SystemServerTiming: OnBootPhase_550_com.android.server.PinnerService took to complete: 0ms
09-24 00:12:56.729 1129 1215 D CompatibilityChangeReporter: Compat change id reported: 135634846; UID 1002; state: DISABLED
09-24 00:12:56.730 1129 1215 D CompatibilityChangeReporter: Compat change id reported: 177438394; UID 1002; state: DISABLED
09-24 00:12:56.730 1129 1129 I SystemServerTiming: OnBootPhase_550_com.google.android.startop.iorap.IorapForwardingService
09-24 00:12:56.730 1129 1129 D SystemServerTiming: OnBootPhase_550_com.google.android.startop.iorap.IorapForwardingService took to complete: 0ms
09-24 00:12:56.731 1129 1129 I SystemServerTiming: OnBootPhase_550_com.android.server.ActivityTriggerService
09-24 00:12:56.731 1129 1215 D CompatibilityChangeReporter: Compat change id reported: 135772972; UID 1002; state: DISABLED
09-24 00:12:56.731 1129 1129 D SystemServerTiming: OnBootPhase_550_com.android.server.ActivityTriggerService took to complete: 0ms
09-24 00:12:56.731 1129 1129 I SystemServerTiming: OnBootPhase_550_com.android.server.integrity.AppIntegrityManagerService
09-24 00:12:56.731 1129 1129 D SystemServerTiming: OnBootPhase_550_com.android.server.integrity.AppIntegrityManagerService took to complete: 0ms
01-01 08:00:56.921 0 0 D cnss : Regulator vdd-wlan-rfa2 is being enabled
01-01 08:00:56.922 0 0 D cnss : BT_EN_GPIO State: Off. Delay WLAN_GPIO enable
09-24 00:12:56.731 1129 1129 I SystemServerTiming: OnBootPhase_550_com.android.server.inputmethod.InputMethodManagerService$Lifecycle
09-24 00:12:56.731 1129 1215 D CompatibilityChangeReporter: Compat change id reported: 135754954; UID 1002; state: ENABLED
09-24 00:12:56.732 1129 1215 D BluetoothManagerService: Binding BT service. Current user: 0
09-24 00:12:56.739 1129 1129 W InputMethodManagerService: Default IME is uninstalled. Choose new default IME.
09-24 00:12:56.742 1129 1886 I DropBoxManagerService: add tag=system_server_wtf isTagEnabled=true flags=0x2
09-24 00:12:56.743 1129 1887 I DropBoxManagerService: add tag=system_server_wtf isTagEnabled=true flags=0x2
09-24 00:12:56.762 1129 1129 D SystemServerTiming: OnBootPhase_550_com.android.server.inputmethod.InputMethodManagerService$Lifecycle took to complete: 32ms
09-24 00:12:56.763 1129 1129 I SystemServerTiming: OnBootPhase_550_com.android.server.accessibility.AccessibilityManagerService$Lifecycle
09-24 00:12:56.763 1129 1129 D SystemServerTiming: OnBootPhase_550_com.android.server.accessibility.AccessibilityManagerService$Lifecycle took to complete: 0ms
09-24 00:12:56.763 1129 1129 I SystemServerTiming: OnBootPhase_550_com.android.server.StorageManagerService$Lifecycle
09-24 00:12:56.763 1129 1129 D SystemServerTiming: OnBootPhase_550_com.android.server.StorageManagerService$Lifecycle took to complete: 0ms
09-24 00:12:56.763 1129 1129 I SystemServerTiming: OnBootPhase_550_com.android.server.usage.StorageStatsService$Lifecycle
09-24 00:12:56.763 1129 1129 D SystemServerTiming: OnBootPhase_550_com.android.server.usage.StorageStatsService$Lifecycle took to complete: 0ms
09-24 00:12:56.763 1129 1129 I SystemServerTiming: OnBootPhase_550_com.android.server.UiModeManagerService
09-24 00:12:56.763 1129 1129 D SystemServerTiming: OnBootPhase_550_com.android.server.UiModeManagerService took to complete: 0ms
09-24 00:12:56.763 1129 1129 I SystemServerTiming: OnBootPhase_550_com.android.server.locksettings.LockSettingsService$Lifecycle
09-24 00:12:56.764 1129 1129 I RebootEscrowManager: No reboot escrow data found for users, skipping loading escrow data
09-24 00:12:56.766 1129 1129 D SystemServerTiming: OnBootPhase_550_com.android.server.locksettings.LockSettingsService$Lifecycle took to complete: 3ms
09-24 00:12:56.766 1129 1129 I SystemServerTiming: OnBootPhase_550_com.android.server.PersistentDataBlockService
09-24 00:12:56.766 1129 1129 D SystemServerTiming: OnBootPhase_550_com.android.server.PersistentDataBlockService took to complete: 0ms
09-24 00:12:56.766 1129 1129 I SystemServerTiming: OnBootPhase_550_com.android.server.testharness.TestHarnessModeService
09-24 00:12:56.766 1129 1129 D SystemServerTiming: OnBootPhase_550_com.android.server.testharness.TestHarnessModeService took to complete: 0ms
09-24 00:12:56.766 1129 1129 I SystemServerTiming: OnBootPhase_550_com.android.server.oemlock.OemLockService
09-24 00:12:56.766 1129 1129 D SystemServerTiming: OnBootPhase_550_com.android.server.oemlock.OemLockService took to complete: 0ms
09-24 00:12:56.766 1129 1129 I SystemServerTiming: OnBootPhase_550_com.android.server.DeviceIdleController
09-24 00:12:56.766 1129 1129 D SystemServerTiming: OnBootPhase_550_com.android.server.DeviceIdleController took to complete: 0ms
09-24 00:12:56.766 1129 1129 I SystemServerTiming: OnBootPhase_550_com.android.server.devicepolicy.DevicePolicyManagerService$Lifecycle
09-24 00:12:56.766 1129 1129 D SystemServerTiming: OnBootPhase_550_com.android.server.devicepolicy.DevicePolicyManagerService$Lifecycle took to complete: 0ms
09-24 00:12:56.766 1129 1129 I SystemServerTiming: OnBootPhase_550_com.android.server.texttospeech.TextToSpeechManagerService
09-24 00:12:56.767 1129 1129 D SystemServerTiming: OnBootPhase_550_com.android.server.texttospeech.TextToSpeechManagerService took to complete: 0ms
09-24 00:12:56.767 1129 1129 I SystemServerTiming: OnBootPhase_550_com.android.server.speech.SpeechRecognitionManagerService
09-24 00:12:56.767 1129 1129 D SystemServerTiming: OnBootPhase_550_com.android.server.speech.SpeechRecognitionManagerService took to complete: 0ms
09-24 00:12:56.767 1129 1129 I SystemServerTiming: OnBootPhase_550_com.android.server.searchui.SearchUiManagerService
09-24 00:12:56.767 1129 1129 D SystemServerTiming: OnBootPhase_550_com.android.server.searchui.SearchUiManagerService took to complete: 0ms
09-24 00:12:56.767 1129 1129 I SystemServerTiming: OnBootPhase_550_com.android.server.smartspace.SmartspaceManagerService
09-24 00:12:56.767 1129 1129 D SystemServerTiming: OnBootPhase_550_com.android.server.smartspace.SmartspaceManagerService took to complete: 0ms
09-24 00:12:56.767 1129 1129 I SystemServerTiming: OnBootPhase_550_com.android.server.graphics.fonts.FontManagerService$Lifecycle
09-24 00:12:56.767 1129 1129 D SystemServerTiming: OnBootPhase_550_com.android.server.graphics.fonts.FontManagerService$Lifecycle took to complete: 0ms
09-24 00:12:56.767 1129 1129 I SystemServerTiming: OnBootPhase_550_com.android.server.textservices.TextServicesManagerService$Lifecycle
09-24 00:12:56.767 1129 1129 D SystemServerTiming: OnBootPhase_550_com.android.server.textservices.TextServicesManagerService$Lifecycle took to complete: 0ms
09-24 00:12:56.767 1129 1129 I SystemServerTiming: OnBootPhase_550_com.android.server.textclassifier.TextClassificationManagerService$Lifecycle
09-24 00:12:56.767 1129 1129 D SystemServerTiming: OnBootPhase_550_com.android.server.textclassifier.TextClassificationManagerService$Lifecycle took to complete: 0ms
09-24 00:12:56.767 1129 1129 I SystemServerTiming: OnBootPhase_550_com.android.server.NetworkScoreService$Lifecycle
09-24 00:12:56.767 1129 1129 D SystemServerTiming: OnBootPhase_550_com.android.server.NetworkScoreService$Lifecycle took to complete: 0ms
09-24 00:12:56.767 1129 1129 I SystemServerTiming: OnBootPhase_550_com.android.server.wifi.WifiService
09-24 00:12:56.767 1129 1129 D SystemServerTiming: OnBootPhase_550_com.android.server.wifi.WifiService took to complete: 0ms
09-24 00:12:56.767 1129 1129 I SystemServerTiming: OnBootPhase_550_com.android.server.wifi.scanner.WifiScanningService
09-24 00:12:56.767 1129 1129 D SystemServerTiming: OnBootPhase_550_com.android.server.wifi.scanner.WifiScanningService took to complete: 0ms
09-24 00:12:56.767 1129 1129 I SystemServerTiming: OnBootPhase_550_com.android.server.wifi.rtt.RttService
09-24 00:12:56.768 1129 1129 D SystemServerTiming: OnBootPhase_550_com.android.server.wifi.rtt.RttService took to complete: 0ms
09-24 00:12:56.768 1129 1129 I SystemServerTiming: OnBootPhase_550_com.android.server.wifi.aware.WifiAwareService
09-24 00:12:56.768 1129 1129 D SystemServerTiming: OnBootPhase_550_com.android.server.wifi.aware.WifiAwareService took to complete: 0ms
09-24 00:12:56.768 1129 1129 I SystemServerTiming: OnBootPhase_550_com.android.server.wifi.p2p.WifiP2pService
09-24 00:12:56.768 1129 1129 D SystemServerTiming: OnBootPhase_550_com.android.server.wifi.p2p.WifiP2pService took to complete: 0ms
09-24 00:12:56.768 1129 1129 I SystemServerTiming: OnBootPhase_550_com.android.server.ethernet.EthernetService
09-24 00:12:56.768 1129 1129 D SystemServerTiming: OnBootPhase_550_com.android.server.ethernet.EthernetService took to complete: 0ms
09-24 00:12:56.768 1129 1129 I SystemServerTiming: OnBootPhase_550_com.android.server.ConnectivityServiceInitializer
09-24 00:12:56.768 1129 1129 D SystemServerTiming: OnBootPhase_550_com.android.server.ConnectivityServiceInitializer took to complete: 0ms
09-24 00:12:56.768 1129 1129 I SystemServerTiming: OnBootPhase_550_com.android.server.notification.NotificationManagerService
09-24 00:12:56.768 1129 1129 D SystemServerTiming: OnBootPhase_550_com.android.server.notification.NotificationManagerService took to complete: 0ms
09-24 00:12:56.768 1129 1129 I SystemServerTiming: OnBootPhase_550_com.android.server.storage.DeviceStorageMonitorService
09-24 00:12:56.768 1129 1129 D SystemServerTiming: OnBootPhase_550_com.android.server.storage.DeviceStorageMonitorService took to complete: 0ms
09-24 00:12:56.768 1129 1129 I SystemServerTiming: OnBootPhase_550_com.android.server.location.LocationManagerService$Lifecycle
09-24 00:12:56.768 1129 1129 D SystemServerTiming: OnBootPhase_550_com.android.server.location.LocationManagerService$Lifecycle took to complete: 0ms
09-24 00:12:56.768 1129 1129 I SystemServerTiming: OnBootPhase_550_com.android.server.timedetector.TimeDetectorService$Lifecycle
09-24 00:12:56.768 1129 1129 D SystemServerTiming: OnBootPhase_550_com.android.server.timedetector.TimeDetectorService$Lifecycle took to complete: 0ms
09-24 00:12:56.768 1129 1129 I SystemServerTiming: OnBootPhase_550_com.android.server.timezonedetector.TimeZoneDetectorService$Lifecycle
09-24 00:12:56.768 1129 1129 D SystemServerTiming: OnBootPhase_550_com.android.server.timezonedetector.TimeZoneDetectorService$Lifecycle took to complete: 0ms
09-24 00:12:56.768 1129 1129 I SystemServerTiming: OnBootPhase_550_com.android.server.timezonedetector.location.LocationTimeZoneManagerService$Lifecycle
09-24 00:12:56.769 1129 1129 D SystemServerTiming: OnBootPhase_550_com.android.server.timezonedetector.location.LocationTimeZoneManagerService$Lifecycle took to complete: 0ms
09-24 00:12:56.769 1129 1129 I SystemServerTiming: OnBootPhase_550_com.android.server.search.SearchManagerService$Lifecycle
09-24 00:12:56.769 1129 1129 D SystemServerTiming: OnBootPhase_550_com.android.server.search.SearchManagerService$Lifecycle took to complete: 0ms
09-24 00:12:56.769 1129 1129 I SystemServerTiming: OnBootPhase_550_com.android.server.wallpaper.WallpaperManagerService$Lifecycle
09-24 00:12:56.771 1129 1129 I WallpaperManagerService: No static wallpaper imagery; defaults will be shown
09-24 00:12:56.771 1129 1129 V WallpaperManagerService: bindWallpaperComponentLocked: componentName=ComponentInfo{com.android.systemui/com.android.systemui.ImageWallpaper}
01-01 08:00:56.970 0 0 I init : starting service 'qvrd_vndr'...
01-01 08:00:56.971 0 0 I init : Created socket '/dev/socket/qvrservice_vndr', mode 660, user 1000, group 1000
09-24 00:12:56.813 1129 1129 D CompatibilityChangeReporter: Compat change id reported: 135634846; UID 10087; state: DISABLED
09-24 00:12:56.813 1129 1129 D CompatibilityChangeReporter: Compat change id reported: 177438394; UID 10087; state: DISABLED
09-24 00:12:56.814 1129 1129 D CompatibilityChangeReporter: Compat change id reported: 135772972; UID 10087; state: DISABLED
09-24 00:12:56.814 1129 1129 D CompatibilityChangeReporter: Compat change id reported: 135754954; UID 10087; state: ENABLED
09-24 00:12:56.814 1129 1234 W ActivityManager: Slow operation: 86ms so far, now at startProcess: done updating battery stats
09-24 00:12:56.814 1129 1234 W ActivityManager: Slow operation: 86ms so far, now at startProcess: building log message
09-24 00:12:56.814 1129 1234 I ActivityManager: Start proc 1888:com.android.bluetooth/1002 for service {com.android.bluetooth/com.android.bluetooth.btservice.AdapterService}
09-24 00:12:56.815 1129 1234 W ActivityManager: Slow operation: 86ms so far, now at startProcess: starting to update pids map
09-24 00:12:56.815 1129 1234 W ActivityManager: Slow operation: 86ms so far, now at startProcess: done updating pids map
09-24 00:12:56.815 1129 1234 D CompatibilityChangeReporter: Compat change id reported: 143937733; UID 10087; state: ENABLED
01-01 08:00:57.008 0 0 D : mv2112_read_status
01-01 08:00:57.008 0 0 D mv2112_update_link: 3.0x901(1G): 0x80
01-01 08:00:57.008 0 0 D mv2112_update_link: 3.0x8109(100M): 0x0
01-01 08:00:57.008 0 0 D mv2112_update_link: link 0x0
01-01 08:00:57.008 0 0 D mv2112_read_status: autoneg is disabled
01-01 08:00:57.009 0 0 I binder : 1888:1888 ioctl 40046210 7fea9046a4 returned -22
09-24 00:12:56.820 1129 1129 W WallpaperManagerService: Invalid wallpaper data
09-24 00:12:56.820 1129 1129 E WallpaperManagerService: Unable to apply new wallpaper
09-24 00:12:56.821 1129 1129 W SystemServiceManager: Service com.android.server.wallpaper.WallpaperManagerService$Lifecycle took 52 ms in onBootPhase
09-24 00:12:56.821 1129 1129 D SystemServerTiming: OnBootPhase_550_com.android.server.wallpaper.WallpaperManagerService$Lifecycle took to complete: 52ms
09-24 00:12:56.821 1129 1129 I SystemServerTiming: OnBootPhase_550_com.android.server.audio.AudioService$Lifecycle
09-24 00:12:56.821 1129 1129 D SystemServerTiming: OnBootPhase_550_com.android.server.audio.AudioService$Lifecycle took to complete: 0ms
09-24 00:12:56.821 1129 1129 I SystemServerTiming: OnBootPhase_550_com.android.server.soundtrigger_middleware.SoundTriggerMiddlewareService$Lifecycle
09-24 00:12:56.821 1129 1129 D SystemServerTiming: OnBootPhase_550_com.android.server.soundtrigger_middleware.SoundTriggerMiddlewareService$Lifecycle took to complete: 0ms
09-24 00:12:56.821 1129 1129 I SystemServerTiming: OnBootPhase_550_com.android.server.DockObserver
09-24 00:12:56.821 1129 1129 D SystemServerTiming: OnBootPhase_550_com.android.server.DockObserver took to complete: 0ms
09-24 00:12:56.821 1129 1129 I SystemServerTiming: OnBootPhase_550_com.android.server.midi.MidiService$Lifecycle
09-24 00:12:56.822 1129 1129 D SystemServerTiming: OnBootPhase_550_com.android.server.midi.MidiService$Lifecycle took to complete: 0ms
09-24 00:12:56.822 1129 1129 I SystemServerTiming: OnBootPhase_550_com.android.server.adb.AdbService$Lifecycle
09-24 00:12:56.822 1129 1839 W BluetoothManagerService: bindBluetoothProfileService:Trying to bind to profile: 1, while Bluetooth is disabled
09-24 00:12:56.822 1129 1129 D SystemServerTiming: OnBootPhase_550_com.android.server.adb.AdbService$Lifecycle took to complete: 0ms
09-24 00:12:56.822 1129 1129 I SystemServerTiming: OnBootPhase_550_com.android.server.usb.UsbService$Lifecycle
09-24 00:12:56.822 1129 1129 D SystemServerTiming: OnBootPhase_550_com.android.server.usb.UsbService$Lifecycle took to complete: 0ms
09-24 00:12:56.823 1129 1722 I SystemServerTimingAsync: InitThreadPoolExec:UsbService$Lifecycle#onBootPhase
09-24 00:12:56.823 1129 1722 D SystemServerInitThreadPool: Started executing UsbService$Lifecycle#onBootPhase
09-24 00:12:56.823 1129 1129 I SystemServerTiming: OnBootPhase_550_com.android.server.twilight.TwilightService
09-24 00:12:56.823 1129 1129 D SystemServerTiming: OnBootPhase_550_com.android.server.twilight.TwilightService took to complete: 0ms
09-24 00:12:56.823 1129 1129 I SystemServerTiming: OnBootPhase_550_com.android.server.display.color.ColorDisplayService
09-24 00:12:56.823 1129 1129 D SystemServerTiming: OnBootPhase_550_com.android.server.display.color.ColorDisplayService took to complete: 0ms
09-24 00:12:56.823 1129 1129 I SystemServerTiming: OnBootPhase_550_com.android.server.job.JobSchedulerService
09-24 00:12:56.823 1129 1129 D SystemServerTiming: OnBootPhase_550_com.android.server.job.JobSchedulerService took to complete: 0ms
09-24 00:12:56.823 1129 1129 I SystemServerTiming: OnBootPhase_550_com.android.server.soundtrigger.SoundTriggerService
09-24 00:12:56.823 1129 1129 D SoundTriggerService: onBootPhase: 550 : false
09-24 00:12:56.823 1129 1129 D SystemServerTiming: OnBootPhase_550_com.android.server.soundtrigger.SoundTriggerService took to complete: 0ms
09-24 00:12:56.823 1129 1129 I SystemServerTiming: OnBootPhase_550_com.android.server.trust.TrustManagerService
09-24 00:12:56.823 1129 1129 D SystemServerTiming: OnBootPhase_550_com.android.server.trust.TrustManagerService took to complete: 0ms
09-24 00:12:56.824 1129 1129 I SystemServerTiming: OnBootPhase_550_com.android.server.backup.BackupManagerService$Lifecycle
09-24 00:12:56.824 1129 1129 D SystemServerTiming: OnBootPhase_550_com.android.server.backup.BackupManagerService$Lifecycle took to complete: 0ms
09-24 00:12:56.824 1129 1129 I SystemServerTiming: OnBootPhase_550_com.android.server.appwidget.AppWidgetService
09-24 00:12:56.824 1129 1129 D SystemServerTiming: OnBootPhase_550_com.android.server.appwidget.AppWidgetService took to complete: 0ms
09-24 00:12:56.824 1129 1129 I SystemServerTiming: OnBootPhase_550_com.android.server.voiceinteraction.VoiceInteractionManagerService
09-24 00:12:56.824 1129 1722 D SystemServerInitThreadPool: Finished executing UsbService$Lifecycle#onBootPhase
09-24 00:12:56.824 1129 1722 D SystemServerTimingAsync: InitThreadPoolExec:UsbService$Lifecycle#onBootPhase took to complete: 1ms
09-24 00:12:56.824 1129 1129 D SystemServerTiming: OnBootPhase_550_com.android.server.voiceinteraction.VoiceInteractionManagerService took to complete: 0ms
09-24 00:12:56.824 1129 1129 I SystemServerTiming: OnBootPhase_550_com.android.server.apphibernation.AppHibernationService
09-24 00:12:56.825 1129 1129 D SystemServerTiming: OnBootPhase_550_com.android.server.apphibernation.AppHibernationService took to complete: 0ms
09-24 00:12:56.825 1129 1129 I SystemServerTiming: OnBootPhase_550_com.android.server.GestureLauncherService
09-24 00:12:56.825 1129 1129 D SystemServerTiming: OnBootPhase_550_com.android.server.GestureLauncherService took to complete: 0ms
09-24 00:12:56.825 1129 1129 I SystemServerTiming: OnBootPhase_550_com.android.server.SensorNotificationService
09-24 00:12:56.825 1129 1129 D SystemServerTiming: OnBootPhase_550_com.android.server.SensorNotificationService took to complete: 0ms
09-24 00:12:56.825 1129 1129 I SystemServerTiming: OnBootPhase_550_com.android.server.emergency.EmergencyAffordanceService
09-24 00:12:56.825 1129 1129 D SystemServerTiming: OnBootPhase_550_com.android.server.emergency.EmergencyAffordanceService took to complete: 0ms
09-24 00:12:56.825 1129 1129 I SystemServerTiming: OnBootPhase_550_com.android.server.blob.BlobStoreManagerService
09-24 00:12:56.826 1129 1129 D SystemServerTiming: OnBootPhase_550_com.android.server.blob.BlobStoreManagerService took to complete: 0ms
09-24 00:12:56.826 1129 1129 I SystemServerTiming: OnBootPhase_550_com.android.server.dreams.DreamManagerService
09-24 00:12:56.826 1129 1781 I UsbPortManager: ClientCallback V1_2:
09-24 00:12:56.826 1129 1129 D SystemServerTiming: OnBootPhase_550_com.android.server.dreams.DreamManagerService took to complete: 0ms
09-24 00:12:56.826 1129 1129 I SystemServerTiming: OnBootPhase_550_com.android.server.companion.CompanionDeviceManagerService
09-24 00:12:56.826 1129 1129 D SystemServerTiming: OnBootPhase_550_com.android.server.companion.CompanionDeviceManagerService took to complete: 0ms
09-24 00:12:56.826 1129 1129 I SystemServerTiming: OnBootPhase_550_com.android.server.restrictions.RestrictionsManagerService
09-24 00:12:56.826 1129 1129 D SystemServerTiming: OnBootPhase_550_com.android.server.restrictions.RestrictionsManagerService took to complete: 0ms
09-24 00:12:56.826 1129 1129 I SystemServerTiming: OnBootPhase_550_com.android.server.media.MediaSessionService
09-24 00:12:56.826 1129 1129 D SystemServerTiming: OnBootPhase_550_com.android.server.media.MediaSessionService took to complete: 1ms
09-24 00:12:56.826 1129 1129 I SystemServerTiming: OnBootPhase_550_com.android.server.media.MediaResourceMonitorService
09-24 00:12:56.826 1889 1889 F linker : CANNOT LINK EXECUTABLE "/vendor/bin/hw/qvrservice": library "vendor.qti.hardware.qxr-V1-ndk_platform.so" not found: needed by /vendor/lib64/libqvrservice.so in namespace (default)
09-24 00:12:56.826 1129 1129 D SystemServerTiming: OnBootPhase_550_com.android.server.media.MediaResourceMonitorService took to complete: 0ms
09-24 00:12:56.826 1129 1129 I SystemServerTiming: OnBootPhase_550_com.android.server.biometrics.sensors.fingerprint.FingerprintService
09-24 00:12:56.826 1129 1129 D SystemServerTiming: OnBootPhase_550_com.android.server.biometrics.sensors.fingerprint.FingerprintService took to complete: 0ms
09-24 00:12:56.827 1129 1129 I SystemServerTiming: OnBootPhase_550_com.android.server.biometrics.BiometricService
09-24 00:12:56.827 1129 1129 D SystemServerTiming: OnBootPhase_550_com.android.server.biometrics.BiometricService took to complete: 0ms
09-24 00:12:56.827 1129 1129 I SystemServerTiming: OnBootPhase_550_com.android.server.biometrics.AuthService
09-24 00:12:56.827 1129 1129 D SystemServerTiming: OnBootPhase_550_com.android.server.biometrics.AuthService took to complete: 0ms
09-24 00:12:56.827 1129 1129 I SystemServerTiming: OnBootPhase_550_com.android.server.pm.ShortcutService$Lifecycle
09-24 00:12:56.827 1129 1129 D SystemServerTiming: OnBootPhase_550_com.android.server.pm.ShortcutService$Lifecycle took to complete: 0ms
09-24 00:12:56.827 1129 1129 I SystemServerTiming: OnBootPhase_550_com.android.server.pm.LauncherAppsService
09-24 00:12:56.827 1129 1129 D SystemServerTiming: OnBootPhase_550_com.android.server.pm.LauncherAppsService took to complete: 0ms
09-24 00:12:56.827 1129 1129 I SystemServerTiming: OnBootPhase_550_com.android.server.pm.CrossProfileAppsService
09-24 00:12:56.827 1129 1129 D SystemServerTiming: OnBootPhase_550_com.android.server.pm.CrossProfileAppsService took to complete: 0ms
09-24 00:12:56.827 1129 1129 I SystemServerTiming: OnBootPhase_550_com.android.server.people.PeopleService
09-24 00:12:56.827 1129 1129 D SystemServerTiming: OnBootPhase_550_com.android.server.people.PeopleService took to complete: 0ms
09-24 00:12:56.827 1129 1129 I SystemServerTiming: OnBootPhase_550_com.android.server.media.metrics.MediaMetricsManagerService
09-24 00:12:56.827 1129 1129 D SystemServerTiming: OnBootPhase_550_com.android.server.media.metrics.MediaMetricsManagerService took to complete: 0ms
09-24 00:12:56.827 1129 1129 I SystemServerTiming: OnBootPhase_550_com.android.server.media.projection.MediaProjectionManagerService
09-24 00:12:56.827 1129 1129 D SystemServerTiming: OnBootPhase_550_com.android.server.media.projection.MediaProjectionManagerService took to complete: 0ms
09-24 00:12:56.827 1129 1129 I SystemServerTiming: OnBootPhase_550_com.android.server.slice.SliceManagerService$Lifecycle
09-24 00:12:56.827 1129 1129 D SystemServerTiming: OnBootPhase_550_com.android.server.slice.SliceManagerService$Lifecycle took to complete: 0ms
09-24 00:12:56.827 1129 1213 I UsbPortManager: USB port added: port=UsbPort{id=, supportedModes=nonesupportedContaminantProtectionModes=0supportsEnableContaminantPresenceProtection=falsesupportsEnableContaminantPresenceDetection=false, status=UsbPortStatus{connected=false, currentMode=none, currentPowerRole=no-power, currentDataRole=no-data, supportedRoleCombinations=[no-power:no-data], contaminantDetectionStatus=0, contaminantProtectionStatus=0}, canChangeMode=false, canChangePowerRole=false, canChangeDataRole=false, connectedAtMillis=0, lastConnectDurationMillis=0
09-24 00:12:56.827 1129 1129 I SystemServerTiming: OnBootPhase_550_com.android.server.stats.StatsCompanion$Lifecycle
09-24 00:12:56.828 1129 1129 D SystemServerTiming: OnBootPhase_550_com.android.server.stats.StatsCompanion$Lifecycle took to complete: 0ms
09-24 00:12:56.828 1129 1129 I SystemServerTiming: OnBootPhase_550_com.android.server.scheduling.RebootReadinessManagerService$Lifecycle
09-24 00:12:56.828 1129 1129 D SystemServerTiming: OnBootPhase_550_com.android.server.scheduling.RebootReadinessManagerService$Lifecycle took to complete: 0ms
09-24 00:12:56.828 1129 1129 I SystemServerTiming: OnBootPhase_550_com.android.server.stats.pull.StatsPullAtomService
09-24 00:12:56.828 1129 1129 D SystemServerTiming: OnBootPhase_550_com.android.server.stats.pull.StatsPullAtomService took to complete: 0ms
09-24 00:12:56.828 1129 1129 I SystemServerTiming: OnBootPhase_550_com.android.server.incident.IncidentCompanionService
09-24 00:12:56.828 1129 1129 D SystemServerTiming: OnBootPhase_550_com.android.server.incident.IncidentCompanionService took to complete: 0ms
09-24 00:12:56.828 1129 1129 I SystemServerTiming: OnBootPhase_550_com.android.server.MmsServiceBroker
09-24 00:12:56.828 1129 1129 D SystemServerTiming: OnBootPhase_550_com.android.server.MmsServiceBroker took to complete: 0ms
09-24 00:12:56.828 1129 1129 I SystemServerTiming: OnBootPhase_550_com.android.server.autofill.AutofillManagerService
09-24 00:12:56.828 1129 1129 D SystemServerTiming: OnBootPhase_550_com.android.server.autofill.AutofillManagerService took to complete: 0ms
09-24 00:12:56.828 1129 1129 I SystemServerTiming: OnBootPhase_550_com.android.server.clipboard.ClipboardService
09-24 00:12:56.828 1129 1129 D SystemServerTiming: OnBootPhase_550_com.android.server.clipboard.ClipboardService took to complete: 0ms
09-24 00:12:56.828 1129 1129 I SystemServerTiming: OnBootPhase_550_com.android.server.appbinding.AppBindingService$Lifecycle
09-24 00:12:56.830 1129 1129 I AppBindingService: Updating constants with: null
09-24 00:12:56.830 1129 1129 D SystemServerTiming: OnBootPhase_550_com.android.server.appbinding.AppBindingService$Lifecycle took to complete: 2ms
09-24 00:12:56.830 1129 1129 I SystemServerTiming: OnBootPhase_550_com.android.server.tracing.TracingServiceProxy
09-24 00:12:56.830 1129 1129 D SystemServerTiming: OnBootPhase_550_com.android.server.tracing.TracingServiceProxy took to complete: 0ms
09-24 00:12:56.830 1129 1129 I SystemServerTiming: OnBootPhase_550_com.android.server.policy.PermissionPolicyService
01-01 08:00:57.025 0 0 D cnss : Assert WLAN_EN GPIO successfully
01-01 08:00:57.025 0 0 D cnss : Resuming PCI link
01-01 08:00:57.025 0 0 I msm_pcie_enable: PCIe: Assert the reset of endpoint of RC0.
09-24 00:12:56.849 1129 1571 D CompatibilityChangeReporter: Compat change id reported: 168419799; UID 1002; state: DISABLED
09-24 00:12:56.851 1129 1129 I PackageManager: Permission ownership changed. Updating all permissions.
01-01 08:00:57.043 0 0 I msm-dwc3 a600000.ssusb: DWC3 exited from low power mode
01-01 08:00:57.046 0 0 I msm_pcie_enable: PCIe: RC0: PCIE20_PARF_INT_ALL_MASK: 0x7f80d202
01-01 08:00:57.048 0 0 I pcie_phy_init: PCIe RC0 PHY is ready!
01-01 08:00:57.054 0 0 I msm-dwc3 a800000.ssusb: DWC3 exited from low power mode
09-24 00:12:56.866 1129 1129 D SystemServerTiming: OnBootPhase_550_com.android.server.policy.PermissionPolicyService took to complete: 36ms
09-24 00:12:56.866 1129 1129 I SystemServerTiming: OnBootPhase_550_com.android.server.pm.StagingManager$Lifecycle
09-24 00:12:56.866 1129 1129 D SystemServerTiming: OnBootPhase_550_com.android.server.pm.StagingManager$Lifecycle took to complete: 0ms
09-24 00:12:56.866 1129 1129 I SystemServerTiming: OnBootPhase_550_com.android.server.app.GameManagerService$Lifecycle
09-24 00:12:56.867 1129 1129 D SystemServerTiming: OnBootPhase_550_com.android.server.app.GameManagerService$Lifecycle took to complete: 0ms
09-24 00:12:56.867 1129 1129 I SystemServerTiming: OnBootPhase_550_com.android.server.appsearch.AppSearchManagerService
09-24 00:12:56.867 1129 1129 D SystemServerTiming: OnBootPhase_550_com.android.server.appsearch.AppSearchManagerService took to complete: 0ms
09-24 00:12:56.867 1129 1129 I SystemServerTiming: OnBootPhase_550_com.android.server.media.MediaCommunicationService
09-24 00:12:56.867 1129 1129 D SystemServerTiming: OnBootPhase_550_com.android.server.media.MediaCommunicationService took to complete: 0ms
09-24 00:12:56.867 1129 1129 D SystemServerTiming: OnBootPhase_550 took to complete: 171ms
09-24 00:12:56.867 1129 1129 D SystemServerTiming: StartActivityManagerReadyPhase took to complete: 172ms
09-24 00:12:56.867 1129 1129 I SystemServerTiming: StartObservingNativeCrashes
09-24 00:12:56.867 1129 1129 D SystemServerTiming: StartObservingNativeCrashes took to complete: 1ms
09-24 00:12:56.867 1129 1129 I SystemServerTiming: RegisterAppOpsPolicy
01-01 08:00:57.060 0 0 I msm_pcie_enable: PCIe: Release the reset of endpoint of RC0.
09-24 00:12:56.868 1129 1234 W ActivityManager: Slow operation: 55ms so far, now at startProcess: returned from zygote!
09-24 00:12:56.874 1129 1234 W ActivityManager: Slow operation: 61ms so far, now at startProcess: done updating battery stats
09-24 00:12:56.874 1129 1234 W ActivityManager: Slow operation: 61ms so far, now at startProcess: building log message
09-24 00:12:56.874 1129 1234 I ActivityManager: Start proc 1910:com.android.systemui/u0a87 for service {com.android.systemui/com.android.systemui.ImageWallpaper}
09-24 00:12:56.874 1129 1234 W ActivityManager: Slow operation: 61ms so far, now at startProcess: starting to update pids map
09-24 00:12:56.874 1129 1129 D SystemServerTiming: RegisterAppOpsPolicy took to complete: 7ms
09-24 00:12:56.875 1129 1222 I SystemServerTimingAsync: InitThreadPoolExec:WebViewFactoryPreparation
09-24 00:12:56.875 1129 1234 W ActivityManager: Slow operation: 62ms so far, now at startProcess: done updating pids map
09-24 00:12:56.875 1129 1222 D SystemServerInitThreadPool: Started executing WebViewFactoryPreparation
09-24 00:12:56.875 1129 1222 I SystemServer: WebViewFactoryPreparation
09-24 00:12:56.875 1129 1222 I SystemServerTimingAsync: WebViewFactoryPreparation
09-24 00:12:56.875 1129 1129 I SystemServerTiming: MakeNetworkManagementServiceReady
09-24 00:12:56.876 1129 1222 D CompatibilityChangeReporter: Compat change id reported: 135634846; UID 1000; state: DISABLED
09-24 00:12:56.876 1129 1222 D CompatibilityChangeReporter: Compat change id reported: 177438394; UID 1000; state: DISABLED
09-24 00:12:56.877 1129 1222 D CompatibilityChangeReporter: Compat change id reported: 135772972; UID 1000; state: DISABLED
09-24 00:12:56.877 1129 1222 D CompatibilityChangeReporter: Compat change id reported: 178038272; UID 1000; state: DISABLED
09-24 00:12:56.877 1129 1222 D SystemServerTimingAsync: WebViewFactoryPreparation took to complete: 2ms
09-24 00:12:56.877 1129 1222 D SystemServerInitThreadPool: Finished executing WebViewFactoryPreparation
09-24 00:12:56.877 1129 1222 D SystemServerTimingAsync: InitThreadPoolExec:WebViewFactoryPreparation took to complete: 3ms
09-24 00:12:56.881 1129 1129 D SystemServerTiming: MakeNetworkManagementServiceReady took to complete: 5ms
09-24 00:12:56.881 1129 1129 I SystemServerTiming: MakeIpSecServiceReady
09-24 00:12:56.883 1129 1129 D IpSecService: IpSecService is ready
09-24 00:12:56.883 1129 1129 D SystemServerTiming: MakeIpSecServiceReady took to complete: 2ms
09-24 00:12:56.883 1129 1129 I SystemServerTiming: MakeNetworkStatsServiceReady
01-01 08:00:57.079 0 0 I msm_pcie_link_train: PCIe RC0 link initialized
09-24 00:12:56.895 1129 1243 W BatteryExternalStatsWorker: error reading modem stats:ERROR_PHONE_NOT_AVAILABLE
09-24 00:12:56.905 1129 1810 W NetworkPolicy: setRestrictBackgroundUL: already false
01-01 08:00:57.097 0 0 I cnss_pci 0000: 01:00.0: enabling device (0000 -> 0002)
01-01 08:00:57.097 0 0 D cnss : Config PCIe remap window register to 0x4000003f
01-01 08:00:57.098 0 0 D cnss : Read register offset 0x1f8031c, val = 0x6
01-01 08:00:57.098 0 0 D cnss : Write val 0x2 to register offset 0x1f8031c
01-01 08:00:57.098 0 0 D cnss : Setting MHI state: INIT(0)
01-01 08:00:57.099 0 0 D cnss : Setting MHI state: POWER_ON(2)
01-01 08:00:57.103 0 0 W cnss_pci 0000: 01:00.0: Falling back to syfs fallback for: qca6390/amss20.bin
09-24 00:12:56.913 1129 1129 D SystemServerTiming: MakeNetworkStatsServiceReady took to complete: 30ms
09-24 00:12:56.914 1129 1129 I SystemServerTiming: MakeConnectivityServiceReady
09-24 00:12:56.928 1129 1129 D SystemServerTiming: MakeConnectivityServiceReady took to complete: 14ms
09-24 00:12:56.928 1129 1129 I SystemServerTiming: MakeVpnManagerServiceReady
09-24 00:12:56.940 1916 1916 F linker : CANNOT LINK EXECUTABLE "/vendor/bin/hw/sxrservice": library "vendor.qti.hardware.qxr-V1-ndk_platform.so" not found: needed by main executable
09-24 00:12:56.941 1129 1129 D SystemServerTiming: MakeVpnManagerServiceReady took to complete: 13ms
09-24 00:12:56.941 1129 1129 I SystemServerTiming: MakeVcnManagementServiceReady
01-01 08:00:57.144 0 0 I ueventd : firmware: loading 'qca6390/amss20.bin' for '/devices/platform/soc/1c00000.qcom,pcie/pci0000:00/0000:00:00.0/0000:01:00.0/firmware/qca6390!amss20.bin'
09-24 00:12:56.945 1129 1129 D SystemServerTiming: MakeVcnManagementServiceReady took to complete: 4ms
09-24 00:12:56.945 1129 1129 I SystemServerTiming: MakeNetworkPolicyServiceReady
09-24 00:12:56.946 1129 1129 D SystemServerTiming: MakeNetworkPolicyServiceReady took to complete: 0ms
09-24 00:12:56.946 1129 1129 I SystemServerTiming: PhaseThirdPartyAppsCanStart
09-24 00:12:56.946 1129 1129 I SystemServiceManager: Starting phase 600
09-24 00:12:56.946 1129 1129 I SystemServerTiming: OnBootPhase_600
09-24 00:12:56.946 1129 1129 I SystemServerTiming: OnBootPhase_600_com.android.server.security.FileIntegrityService
09-24 00:12:56.946 1129 1129 D SystemServerTiming: OnBootPhase_600_com.android.server.security.FileIntegrityService took to complete: 0ms
09-24 00:12:56.946 1129 1129 I SystemServerTiming: OnBootPhase_600_com.android.server.pm.Installer
09-24 00:12:56.946 1129 1129 D SystemServerTiming: OnBootPhase_600_com.android.server.pm.Installer took to complete: 0ms
09-24 00:12:56.946 1129 1129 I SystemServerTiming: OnBootPhase_600_com.android.server.os.DeviceIdentifiersPolicyService
09-24 00:12:56.946 1129 1129 D SystemServerTiming: OnBootPhase_600_com.android.server.os.DeviceIdentifiersPolicyService took to complete: 0ms
09-24 00:12:56.946 1129 1129 I SystemServerTiming: OnBootPhase_600_com.android.server.uri.UriGrantsManagerService$Lifecycle
09-24 00:12:56.946 1129 1129 D SystemServerTiming: OnBootPhase_600_com.android.server.uri.UriGrantsManagerService$Lifecycle took to complete: 0ms
09-24 00:12:56.946 1129 1129 I SystemServerTiming: OnBootPhase_600_com.android.server.powerstats.PowerStatsService
09-24 00:12:56.946 1129 1129 D SystemServerTiming: OnBootPhase_600_com.android.server.powerstats.PowerStatsService took to complete: 0ms
09-24 00:12:56.946 1129 1129 I SystemServerTiming: OnBootPhase_600_com.android.server.wm.ActivityTaskManagerService$Lifecycle
09-24 00:12:56.947 1129 1129 D SystemServerTiming: OnBootPhase_600_com.android.server.wm.ActivityTaskManagerService$Lifecycle took to complete: 0ms
09-24 00:12:56.947 1129 1129 I SystemServerTiming: OnBootPhase_600_com.android.server.am.ActivityManagerService$Lifecycle
09-24 00:12:56.947 1129 1129 I ExplicitHealthCheckController: Explicit health checks enabled.
09-24 00:12:56.947 1129 1129 I PackageWatchdog: Syncing state, reason: health check state enabled
09-24 00:12:56.947 1129 1129 I PackageWatchdog: Not pruning observers, elapsed time: 0ms
09-24 00:12:56.947 1129 1129 I PackageWatchdog: Cancelling state sync, nothing to sync
09-24 00:12:56.947 1129 1229 I PackageWatchdog: Saving observer state to file
09-24 00:12:56.947 1129 1129 D SystemServerTiming: OnBootPhase_600_com.android.server.am.ActivityManagerService$Lifecycle took to complete: 1ms
09-24 00:12:56.948 1129 1129 I SystemServerTiming: OnBootPhase_600_com.android.server.pm.DataLoaderManagerService
09-24 00:12:56.948 1129 1129 D SystemServerTiming: OnBootPhase_600_com.android.server.pm.DataLoaderManagerService took to complete: 0ms
09-24 00:12:56.948 1129 1129 I SystemServerTiming: OnBootPhase_600_com.android.server.power.PowerManagerService
09-24 00:12:56.948 1129 1129 D SystemServerTiming: OnBootPhase_600_com.android.server.power.PowerManagerService took to complete: 0ms
09-24 00:12:56.949 1129 1129 I SystemServerTiming: OnBootPhase_600_com.android.server.power.ThermalManagerService
09-24 00:12:56.949 1129 1129 D SystemServerTiming: OnBootPhase_600_com.android.server.power.ThermalManagerService took to complete: 0ms
09-24 00:12:56.949 1129 1129 I SystemServerTiming: OnBootPhase_600_com.android.server.power.hint.HintManagerService
09-24 00:12:56.949 1129 1129 D SystemServerTiming: OnBootPhase_600_com.android.server.power.hint.HintManagerService took to complete: 0ms
09-24 00:12:56.949 1129 1129 I SystemServerTiming: OnBootPhase_600_com.android.server.recoverysystem.RecoverySystemService$Lifecycle
09-24 00:12:56.949 1129 1129 D SystemServerTiming: OnBootPhase_600_com.android.server.recoverysystem.RecoverySystemService$Lifecycle took to complete: 0ms
09-24 00:12:56.949 1129 1129 I SystemServerTiming: OnBootPhase_600_com.android.server.lights.LightsService
09-24 00:12:56.949 1129 1129 D SystemServerTiming: OnBootPhase_600_com.android.server.lights.LightsService took to complete: 0ms
09-24 00:12:56.949 1129 1129 I SystemServerTiming: OnBootPhase_600_com.android.server.display.DisplayManagerService
09-24 00:12:56.949 1129 1129 D SystemServerTiming: OnBootPhase_600_com.android.server.display.DisplayManagerService took to complete: 0ms
09-24 00:12:56.949 1129 1129 I SystemServerTiming: OnBootPhase_600_com.android.server.pm.verify.domain.DomainVerificationService
09-24 00:12:56.949 1129 1129 D SystemServerTiming: OnBootPhase_600_com.android.server.pm.verify.domain.DomainVerificationService took to complete: 0ms
09-24 00:12:56.949 1129 1129 I SystemServerTiming: OnBootPhase_600_com.android.server.pm.PackageInstallerService$Lifecycle
09-24 00:12:56.949 1129 1129 D SystemServerTiming: OnBootPhase_600_com.android.server.pm.PackageInstallerService$Lifecycle took to complete: 0ms
09-24 00:12:56.949 1129 1129 I SystemServerTiming: OnBootPhase_600_com.android.server.pm.UserManagerService$LifeCycle
09-24 00:12:56.949 1129 1129 D SystemServerTiming: OnBootPhase_600_com.android.server.pm.UserManagerService$LifeCycle took to complete: 0ms
09-24 00:12:56.949 1129 1129 I SystemServerTiming: OnBootPhase_600_com.android.server.om.OverlayManagerService
09-24 00:12:56.949 1129 1129 D SystemServerTiming: OnBootPhase_600_com.android.server.om.OverlayManagerService took to complete: 0ms
09-24 00:12:56.950 1129 1129 I SystemServerTiming: OnBootPhase_600_com.android.server.SensorPrivacyService
09-24 00:12:56.950 1129 1129 D SystemServerTiming: OnBootPhase_600_com.android.server.SensorPrivacyService took to complete: 0ms
09-24 00:12:56.950 1129 1129 I SystemServerTiming: OnBootPhase_600_com.android.server.sensors.SensorService
09-24 00:12:56.950 1129 1129 D SystemServerTiming: OnBootPhase_600_com.android.server.sensors.SensorService took to complete: 0ms
09-24 00:12:56.950 1129 1129 I SystemServerTiming: OnBootPhase_600_com.android.server.SystemConfigService
09-24 00:12:56.950 1129 1129 D SystemServerTiming: OnBootPhase_600_com.android.server.SystemConfigService took to complete: 0ms
09-24 00:12:56.950 1129 1129 I SystemServerTiming: OnBootPhase_600_com.android.server.BatteryService
09-24 00:12:56.950 1129 1129 D SystemServerTiming: OnBootPhase_600_com.android.server.BatteryService took to complete: 0ms
09-24 00:12:56.950 1129 1129 I SystemServerTiming: OnBootPhase_600_com.android.server.usage.UsageStatsService
09-24 00:12:56.950 1129 1129 D SystemServerTiming: OnBootPhase_600_com.android.server.usage.UsageStatsService took to complete: 0ms
09-24 00:12:56.950 1129 1129 I SystemServerTiming: OnBootPhase_600_com.android.server.webkit.WebViewUpdateService
09-24 00:12:56.950 1129 1129 D SystemServerTiming: OnBootPhase_600_com.android.server.webkit.WebViewUpdateService took to complete: 0ms
09-24 00:12:56.950 1129 1129 I SystemServerTiming: OnBootPhase_600_com.android.server.CachedDeviceStateService
09-24 00:12:56.950 1129 1129 D SystemServerTiming: OnBootPhase_600_com.android.server.CachedDeviceStateService took to complete: 0ms
09-24 00:12:56.950 1129 1129 I SystemServerTiming: OnBootPhase_600_com.android.server.BinderCallsStatsService$LifeCycle
09-24 00:12:56.950 1129 1129 D SystemServerTiming: OnBootPhase_600_com.android.server.BinderCallsStatsService$LifeCycle took to complete: 0ms
09-24 00:12:56.950 1129 1129 I SystemServerTiming: OnBootPhase_600_com.android.server.LooperStatsService$Lifecycle
