09-24 00:13:54.640 2313 2313 W ContextImpl: Calling a method in the system process without a qualified user: android.app.ContextImpl.startService:1816 android.content.ContextWrapper.startService:774 com.qualcomm.qti.qdma.dme.DMENativeInterface.QDMAFileTransferResponse:2117 com.qualcomm.qti.qdma.transfer.QDMATransferDownload.sendDLResultMsgToHandler:334 com.qualcomm.qti.qdma.transfer.QDMATransferDownload.sendCombineResult:328
01-01 08:01:55.377 0 0 D : mv2112_read_status
01-01 08:01:55.377 0 0 D mv2112_update_link: 3.0x901(1G): 0x80
01-01 08:01:55.377 0 0 D mv2112_update_link: 3.0x8109(100M): 0x0
01-01 08:01:55.377 0 0 D mv2112_update_link: link 0x0
01-01 08:01:55.377 0 0 D mv2112_read_status: autoneg is disabled
01-01 08:01:55.463 0 0 I [schedu][0x83f01328][00:13:55.271876] wlan: [3749:I:OSIF] scan start scan id 40967
09-24 00:13:55.329 2313 3919 W ContextImpl: Calling a method in the system process without a qualified user: android.app.ContextImpl.stopService:1828 android.content.ContextWrapper.stopService:784 com.qualcomm.qti.qdma.app.ApplicationManager$1.run:2494 java.util.TimerThread.mainLoop:562 java.util.TimerThread.run:512
01-01 08:01:56.400 0 0 D : mv2112_read_status
01-01 08:01:56.401 0 0 D mv2112_update_link: 3.0x901(1G): 0x80
01-01 08:01:56.401 0 0 D mv2112_update_link: 3.0x8109(100M): 0x0
01-01 08:01:56.401 0 0 D mv2112_update_link: link 0x0
01-01 08:01:56.401 0 0 D mv2112_read_status: autoneg is disabled
01-01 08:01:56.519 0 0 I init : starting service 'vendor.light-hal-2-0'...
01-01 08:01:56.614 0 0 I init : Service 'vendor.light-hal-2-0' (pid 3922) exited with status 0
01-01 08:01:56.614 0 0 I init : Sending signal 9 to service 'vendor.light-hal-2-0' (pid 3922) process group...
01-01 08:01:56.615 0 0 I libprocessgroup: Successfully killed process cgroup uid 1000 pid 3922 in 0ms
09-24 00:13:56.540 1129 1213 D CompatibilityChangeReporter: Compat change id reported: 168419799; UID 10098; state: DISABLED
01-01 08:01:57.292 0 0 I afe_find_cal_topo_id_by_port: port id: 0x9000, dev_acdb_id: 0
01-01 08:01:57.292 0 0 I afe_find_cal_topo_id_by_port: top_id:112fc acdb_id:15 afe_port:0x9000
01-01 08:01:57.292 0 0 I afe_get_cal_topology_id: port_id = 0x9000 acdb_id = 15 topology_id = 0x112fc cal_type_index=8 ret=0
01-01 08:01:57.293 0 0 I afe_send_port_topology_id: AFE set topology id 0x112fc enable for port 0x9000 ret 0
01-01 08:01:57.293 0 0 I send_afe_cal_type: cal_index is 0
01-01 08:01:57.293 0 0 I send_afe_cal_type: dev_acdb_id[55] is 0
01-01 08:01:57.293 0 0 I send_afe_cal_type: Sending cal_index cal 0
01-01 08:01:57.293 0 0 E send_afe_cal_type: No cal sent for cal_index 0, port_id = 0x9000! ret -22
01-01 08:01:57.302 0 0 I afe_send_hw_delay: port_id 0x9000 rate 48000 delay_usec 474 status 0
01-01 08:01:57.354 0 0 I [schedu][0x861a2048][00:13:57.163037] wlan: [3749:I:OSIF] vdev 0, scan id 40967 type COMPLETED(1) reason COMPLETED(1) scan found 35 bss
01-01 08:01:57.396 0 0 W logd : Skipping entries from slow reader, pid 1279, fd 14, from LogBuffer::Prune()
01-01 08:01:57.424 0 0 D : mv2112_read_status
01-01 08:01:57.424 0 0 D mv2112_update_link: 3.0x901(1G): 0x80
01-01 08:01:57.424 0 0 D mv2112_update_link: 3.0x8109(100M): 0x0
01-01 08:01:57.424 0 0 D mv2112_update_link: link 0x0
01-01 08:01:57.424 0 0 D mv2112_read_status: autoneg is disabled
09-24 00:13:57.284 1129 1233 W BroadcastQueue: Permission Denial: broadcasting Intent { act=android.net.conn.CONNECTIVITY_CHANGE flg=0x4200010 (has extras) } from null (pid=-1, uid=-1) requires android.permission.CHANGE_NETWORK_STATE due to registered receiver BroadcastFilter{7f50224 1000/u0 ReceiverList{d1c8ab7 2348 com.android.settings/1000/u0 remote:c4f5db6}}
09-24 00:13:57.284 1129 1233 W BroadcastQueue: Permission Denial: broadcasting Intent { act=android.net.wifi.STATE_CHANGE flg=0x4000010 (has extras) } from null (pid=-1, uid=-1) requires android.permission.CHANGE_NETWORK_STATE due to registered receiver BroadcastFilter{7f50224 1000/u0 ReceiverList{d1c8ab7 2348 com.android.settings/1000/u0 remote:c4f5db6}}
09-24 00:13:57.285 1129 1233 W BroadcastQueue: Permission Denial: broadcasting Intent { act=android.net.conn.CONNECTIVITY_CHANGE flg=0x4200010 (has extras) } from null (pid=-1, uid=-1) requires android.permission.CHANGE_NETWORK_STATE due to registered receiver BroadcastFilter{651b53 1000/u0 ReceiverList{d6b9f42 2348 com.android.settings/1000/u0 remote:5d1118d}}
09-24 00:13:57.285 1129 1233 W BroadcastQueue: Permission Denial: broadcasting Intent { act=android.net.wifi.STATE_CHANGE flg=0x4000010 (has extras) } from null (pid=-1, uid=-1) requires android.permission.CHANGE_NETWORK_STATE due to registered receiver BroadcastFilter{651b53 1000/u0 ReceiverList{d6b9f42 2348 com.android.settings/1000/u0 remote:5d1118d}}
01-01 08:01:57.481 0 0 I init : starting service 'qvrd_vndr'...
01-01 08:01:57.489 0 0 I init : Created socket '/dev/socket/qvrservice_vndr', mode 660, user 1000, group 1000
01-01 08:01:57.494 0 0 I init : Created socket '/dev/socket/qvrservice_vndr_camera', mode 660, user 1000, group 1000
01-01 08:01:57.521 0 0 I init : starting service 'sxrd'...
09-24 00:13:57.363 3931 3931 F linker : CANNOT LINK EXECUTABLE "/vendor/bin/hw/qvrservice": library "vendor.qti.hardware.qxr-V1-ndk_platform.so" not found: needed by /vendor/lib64/libqvrservice.so in namespace (default)
01-01 08:01:57.555 0 0 I init : Service 'qvrd_vndr' (pid 3931) exited with status 1
01-01 08:01:57.555 0 0 I init : Sending signal 9 to service 'qvrd_vndr' (pid 3931) process group...
09-24 00:13:57.373 3932 3932 F linker : CANNOT LINK EXECUTABLE "/vendor/bin/hw/sxrservice": library "vendor.qti.hardware.qxr-V1-ndk_platform.so" not found: needed by main executable
01-01 08:01:58.448 0 0 D : mv2112_read_status
01-01 08:01:58.448 0 0 D mv2112_update_link: 3.0x901(1G): 0x80
01-01 08:01:58.449 0 0 D mv2112_update_link: 3.0x8109(100M): 0x0
01-01 08:01:58.449 0 0 D mv2112_update_link: link 0x0
01-01 08:01:58.449 0 0 D mv2112_read_status: autoneg is disabled
01-01 08:01:59.472 0 0 D : mv2112_read_status
01-01 08:01:59.473 0 0 D mv2112_update_link: 3.0x901(1G): 0x80
01-01 08:01:59.473 0 0 D mv2112_update_link: 3.0x8109(100M): 0x0
01-01 08:01:59.473 0 0 D mv2112_update_link: link 0x0
01-01 08:01:59.473 0 0 D mv2112_read_status: autoneg is disabled
01-01 08:02:00.496 0 0 D : mv2112_read_status
01-01 08:02:00.497 0 0 D mv2112_update_link: 3.0x901(1G): 0x80
01-01 08:02:00.497 0 0 D mv2112_update_link: 3.0x8109(100M): 0x0
01-01 08:02:00.497 0 0 D mv2112_update_link: link 0x0
01-01 08:02:00.497 0 0 D mv2112_read_status: autoneg is disabled
01-01 08:02:00.612 0 0 I afe_close: port_id = 0x9000
01-01 08:02:00.829 0 0 I afe_find_cal_topo_id_by_port: port id: 0x9000, dev_acdb_id: 0
01-01 08:02:00.829 0 0 I afe_find_cal_topo_id_by_port: top_id:112fc acdb_id:15 afe_port:0x9000
01-01 08:02:00.829 0 0 I afe_get_cal_topology_id: port_id = 0x9000 acdb_id = 15 topology_id = 0x112fc cal_type_index=8 ret=0
01-01 08:02:00.830 0 0 I afe_send_port_topology_id: AFE set topology id 0x112fc enable for port 0x9000 ret 0
01-01 08:02:00.830 0 0 I send_afe_cal_type: cal_index is 0
01-01 08:02:00.830 0 0 I send_afe_cal_type: dev_acdb_id[55] is 0
01-01 08:02:00.830 0 0 I send_afe_cal_type: Sending cal_index cal 0
01-01 08:02:00.830 0 0 E send_afe_cal_type: No cal sent for cal_index 0, port_id = 0x9000! ret -22
01-01 08:02:00.839 0 0 I afe_send_hw_delay: port_id 0x9000 rate 48000 delay_usec 474 status 0
09-24 00:14:00.970 1129 2029 D CompatibilityChangeReporter: Compat change id reported: 168419799; UID 10087; state: DISABLED
09-24 00:14:01.048 1129 1571 I NotificationService: cancelToast pkg=com.android.settings token=android.os.BinderProxy@c2e5cf2
09-24 00:14:01.195 1129 1571 I NotificationService: cancelToast pkg=com.android.settings token=android.os.BinderProxy@f41563e
01-01 08:02:01.520 0 0 D : mv2112_read_status
01-01 08:02:01.521 0 0 D mv2112_update_link: 3.0x901(1G): 0x80
01-01 08:02:01.521 0 0 D mv2112_update_link: 3.0x8109(100M): 0x0
01-01 08:02:01.521 0 0 D mv2112_update_link: link 0x0
01-01 08:02:01.521 0 0 D mv2112_read_status: autoneg is disabled
09-24 00:14:01.337 1129 1571 W NotificationService: Toast already killed. pkg=com.android.settings token=android.os.BinderProxy@c2e5cf2
09-24 00:14:01.338 1129 2029 I NotificationService: cancelToast pkg=com.android.settings token=android.os.BinderProxy@ec02c31
01-01 08:02:01.539 0 0 I perf : interrupt took too long (2539 > 2500), lowering kernel.perf_event_max_sample_rate to 78750
09-24 00:14:01.353 1129 2029 W WindowManager: Attempted to add a toast window with unknown token android.os.Binder@2c5c1ec. Aborting.
01-01 08:02:01.546 0 0 D BUG : MAX_LOCKDEP_CHAINS too low!
01-01 08:02:01.551 0 0 D : turning off the locking correctness validator.
01-01 08:02:01.556 0 0 D : Please attach the output of /proc/lock_stat to the bug report
01-01 08:02:01.556 0 0 I : CPU: 7 PID: 395 Comm: kworker/7:3 Tainted: G S W O 4.19.157+ #1
01-01 08:02:01.556 0 0 I Hardware name: Qualcomm Technologies, Inc. kona MTP-RmPM8150b. VX1(MCE) EVT1 (DT)
01-01 08:02:01.556 0 0 I Workqueue: events __qdf_periodic_work_handler [wlan]
01-01 08:02:01.556 0 0 I Call trace:
01-01 08:02:01.556 0 0 I init : starting service 'vendor.light-hal-2-0'...
01-01 08:02:01.595 0 0 I : dump_backtrace+0x0/0x258
01-01 08:02:01.595 0 0 I : show_stack+0x20/0x30
01-01 08:02:01.595 0 0 I : dump_stack+0xd8/0x12c
01-01 08:02:01.595 0 0 I : __lock_acquire+0x1df8/0x1e58
01-01 08:02:01.595 0 0 I : lock_acquire+0x1cc/0x218
01-01 08:02:01.595 0 0 I : _raw_spin_lock+0x48/0x88
01-01 08:02:01.595 0 0 I : dp_aggregate_pdev_stats+0xb48/0x1c58 [wlan]
01-01 08:02:01.595 0 0 I : dp_txrx_path_stats+0x1dc/0x8e0 [wlan]
01-01 08:02:01.628 0 0 I : dp_txrx_dump_stats+0x58/0x130 [wlan]
01-01 08:02:01.628 0 0 I : hdd_bus_bw_work_handler+0x1f08/0x21b0 [wlan]
01-01 08:02:01.638 0 0 I : __qdf_periodic_work_handler+0x1c/0x50 [wlan]
01-01 08:02:01.638 0 0 I : process_one_work+0x38c/0x660
01-01 08:02:01.638 0 0 I init : Service 'vendor.light-hal-2-0' (pid 3939) exited with status 0
01-01 08:02:01.638 0 0 I init : Sending signal 9 to service 'vendor.light-hal-2-0' (pid 3939) process group...
01-01 08:02:01.639 0 0 I libprocessgroup: Successfully killed process cgroup uid 1000 pid 3939 in 0ms
09-24 00:14:01.461 1129 1162 I NotificationService: cancelToast pkg=com.android.settings token=android.os.BinderProxy@72abf33
09-24 00:14:01.465 1129 1233 D PackageManager: Instant App installer not found with android.intent.action.INSTALL_INSTANT_APP_PACKAGE
09-24 00:14:01.465 1129 1233 D PackageManager: Clear ephemeral installer activity
09-24 00:14:01.467 1129 1336 I ActivityManager: Killing 3565:com.android.shell/2000 (adj 925): change com.android.shell
01-01 08:02:01.673 0 0 I : worker_thread+0x268/0x4b8
09-24 00:14:01.480 1129 1213 D CompanionDeviceManagerService: onPackageModified(packageName = com.android.shell)
09-24 00:14:01.485 1129 1129 I Telecom : DefaultDialerCache: Refreshing default dialer for user 0: now null: DDC.oR@ABo
01-01 08:02:01.673 0 0 I : kthread+0x140/0x150
01-01 08:02:01.673 0 0 I : ret_from_fork+0x10/0x1c
09-24 00:14:01.489 1129 1162 D PackageManager: Instant App installer not found with android.intent.action.INSTALL_INSTANT_APP_PACKAGE
09-24 00:14:01.489 1129 1162 D PackageManager: Clear ephemeral installer activity
09-24 00:14:01.622 1129 2029 W NotificationService: Toast already killed. pkg=com.android.settings token=android.os.BinderProxy@ec02c31
09-24 00:14:01.665 1129 2845 V ActivityManager: Got obituary of 3565:com.android.shell
09-24 00:14:01.785 1129 1229 W VoiceInteractionManager: no available voice recognition services found for user 0
01-01 08:02:02.521 0 0 I init : starting service 'qvrd_vndr'...
01-01 08:02:02.531 0 0 I init : Created socket '/dev/socket/qvrservice_vndr', mode 660, user 1000, group 1000
01-01 08:02:02.541 0 0 I init : Created socket '/dev/socket/qvrservice_vndr_camera', mode 660, user 1000, group 1000
01-01 08:02:02.544 0 0 D : mv2112_read_status
01-01 08:02:02.555 0 0 D mv2112_update_link: 3.0x901(1G): 0x80
01-01 08:02:02.561 0 0 D mv2112_update_link: 3.0x8109(100M): 0x0
01-01 08:02:02.564 0 0 I init : starting service 'sxrd'...
09-24 00:14:02.386 3945 3945 F linker : CANNOT LINK EXECUTABLE "/vendor/bin/hw/qvrservice": library "vendor.qti.hardware.qxr-V1-ndk_platform.so" not found: needed by /vendor/lib64/libqvrservice.so in namespace (default)
01-01 08:02:02.566 0 0 D mv2112_update_link: link 0x0
01-01 08:02:02.575 0 0 D mv2112_read_status: autoneg is disabled
09-24 00:14:02.398 3946 3946 F linker : CANNOT LINK EXECUTABLE "/vendor/bin/hw/sxrservice": library "vendor.qti.hardware.qxr-V1-ndk_platform.so" not found: needed by main executable
01-01 08:02:02.581 0 0 I init : Service 'qvrd_vndr' (pid 3945) exited with status 1
01-01 08:02:02.587 0 0 I init : Sending signal 9 to service 'qvrd_vndr' (pid 3945) process group...
09-24 00:14:02.498 1129 1213 D CompanionDeviceManagerService: onPackageModified(packageName = com.android.settings)
09-24 00:14:02.519 1129 1129 I Telecom : DefaultDialerCache: Refreshing default dialer for user 0: now null: DDC.oR@ABs
09-24 00:14:02.536 1129 1229 W VoiceInteractionManager: no available voice recognition services found for user 0
01-01 08:02:02.748 0 0 I binder : 3947:3947 ioctl 40046210 7fc1960624 returned -22
01-01 08:02:03.600 0 0 D : mv2112_read_status
01-01 08:02:03.603 0 0 D mv2112_update_link: 3.0x901(1G): 0x80
01-01 08:02:03.610 0 0 D mv2112_update_link: 3.0x8109(100M): 0x0
01-01 08:02:03.616 0 0 D mv2112_update_link: link 0x0
01-01 08:02:03.620 0 0 D mv2112_read_status: autoneg is disabled
01-01 08:02:04.624 0 0 D : mv2112_read_status
01-01 08:02:04.627 0 0 D mv2112_update_link: 3.0x901(1G): 0x80
01-01 08:02:04.633 0 0 D mv2112_update_link: 3.0x8109(100M): 0x0
01-01 08:02:04.638 0 0 D mv2112_update_link: link 0x0
01-01 08:02:04.642 0 0 D mv2112_read_status: autoneg is disabled
09-24 00:14:04.724 1129 1162 E UserRestrictionsUtils: Unknown restriction queried by uid 1000 (com.android.dynsystem et al): null
09-24 00:14:04.726 1129 1162 E UserRestrictionsUtils: Unknown restriction queried by uid 1000 (com.android.dynsystem et al): null
09-24 00:14:04.730 1129 1162 E UserRestrictionsUtils: Unknown restriction queried by uid 1000 (com.android.dynsystem et al): null
09-24 00:14:04.731 1129 1162 E UserRestrictionsUtils: Unknown restriction queried by uid 1000 (com.android.dynsystem et al): null
09-24 00:14:04.735 1129 1162 E UserRestrictionsUtils: Unknown restriction queried by uid 1000 (com.android.dynsystem et al): null
09-24 00:14:04.740 1129 1162 E UserRestrictionsUtils: Unknown restriction queried by uid 1000 (com.android.dynsystem et al): null
09-24 00:14:04.741 1129 1162 E UserRestrictionsUtils: Unknown restriction queried by uid 1000 (com.android.dynsystem et al): null
09-24 00:14:04.745 1129 1162 E UserRestrictionsUtils: Unknown restriction queried by uid 1000 (com.android.dynsystem et al): null
09-24 00:14:04.752 1129 1162 E UserRestrictionsUtils: Unknown restriction queried by uid 1000 (com.android.dynsystem et al): null
09-24 00:14:04.868 1129 1162 I ProcessStatsService: Added stats: 1970-01-01-08-00-53, over +37m11s717ms
09-24 00:14:04.890 1129 1162 I ProcessStatsService: Added stats: 1970-01-01-08-00-50, over +37m13s177ms
09-24 00:14:04.908 1129 1162 I ProcessStatsService: Added stats: 1970-01-01-08-00-49, over +30m2s920ms
01-01 08:02:05.241 0 0 I binder : 2348:3943 transaction failed 29201/-1, size 0-0 line 3079
09-24 00:14:05.087 1129 1162 I ProcessStatsService: Added stats: 1970-01-01-08-00-53, over +37m11s717ms
01-01 08:02:05.260 0 0 I binder : 2348:3943 transaction failed 29201/-1, size 0-0 line 3079
09-24 00:14:05.119 1129 1162 I ProcessStatsService: Added stats: 1970-01-01-08-00-50, over +37m13s177ms
09-24 00:14:05.140 1129 1162 I ProcessStatsService: Added stats: 1970-01-01-08-00-49, over +30m2s920ms
09-24 00:14:05.179 1129 1215 I DropBoxManagerService: add tag=system_server_strictmode isTagEnabled=true flags=0x2
01-01 08:02:05.648 0 0 D : mv2112_read_status
01-01 08:02:05.651 0 0 D mv2112_update_link: 3.0x901(1G): 0x80
01-01 08:02:05.658 0 0 D mv2112_update_link: 3.0x8109(100M): 0x0
01-01 08:02:05.663 0 0 D mv2112_update_link: link 0x0
01-01 08:02:05.667 0 0 D mv2112_read_status: autoneg is disabled
09-24 00:14:05.596 1129 2845 W NotificationService: Toast already killed. pkg=com.android.settings token=android.os.BinderProxy@8bd3cd9
01-01 08:02:06.580 0 0 I init : starting service 'vendor.light-hal-2-0'...
01-01 08:02:06.665 0 0 I init : Service 'vendor.light-hal-2-0' (pid 3960) exited with status 0
01-01 08:02:06.672 0 0 D : mv2112_read_status
01-01 08:02:06.673 0 0 I init : Sending signal 9 to service 'vendor.light-hal-2-0' (pid 3960) process group...
01-01 08:02:06.676 0 0 D mv2112_update_link: 3.0x901(1G): 0x80
01-01 08:02:06.686 0 0 I libprocessgroup: Successfully killed process cgroup uid 1000 pid 3960 in 0ms
01-01 08:02:06.691 0 0 D mv2112_update_link: 3.0x8109(100M): 0x0
01-01 08:02:06.704 0 0 D mv2112_update_link: link 0x0
01-01 08:02:06.708 0 0 D mv2112_read_status: autoneg is disabled
01-01 08:02:07.562 0 0 I init : starting service 'qvrd_vndr'...
01-01 08:02:07.570 0 0 I init : Created socket '/dev/socket/qvrservice_vndr', mode 660, user 1000, group 1000
01-01 08:02:07.582 0 0 I init : Created socket '/dev/socket/qvrservice_vndr_camera', mode 660, user 1000, group 1000
01-01 08:02:07.623 0 0 I init : starting service 'sxrd'...
09-24 00:14:07.467 3962 3962 F linker : CANNOT LINK EXECUTABLE "/vendor/bin/hw/sxrservice": library "vendor.qti.hardware.qxr-V1-ndk_platform.so" not found: needed by main executable
01-01 08:02:07.659 0 0 I init : Service 'sxrd' (pid 3962) exited with status 1
01-01 08:02:07.665 0 0 I init : Sending signal 9 to service 'sxrd' (pid 3962) process group...
09-24 00:14:07.474 3961 3961 F linker : CANNOT LINK EXECUTABLE "/vendor/bin/hw/qvrservice": library "vendor.qti.hardware.qxr-V1-ndk_platform.so" not found: needed by /vendor/lib64/libqvrservice.so in namespace (default)
01-01 08:02:07.728 0 0 D : mv2112_read_status
01-01 08:02:07.731 0 0 D mv2112_update_link: 3.0x901(1G): 0x80
01-01 08:02:07.737 0 0 D mv2112_update_link: 3.0x8109(100M): 0x0
01-01 08:02:07.742 0 0 D mv2112_update_link: link 0x0
01-01 08:02:07.747 0 0 D mv2112_read_status: autoneg is disabled
01-01 08:02:08.139 0 0 I afe_close: port_id = 0x9000
09-24 00:14:08.515 1129 2845 I ProcessStatsService: Added stats: 1970-01-01-08-00-53, over +37m11s717ms
09-24 00:14:08.532 1129 2845 I ProcessStatsService: Added stats: 1970-01-01-08-00-50, over +37m13s177ms
09-24 00:14:08.550 1129 2845 I ProcessStatsService: Added stats: 1970-01-01-08-00-49, over +30m2s920ms
01-01 08:02:08.766 0 0 D : mv2112_read_status
01-01 08:02:08.770 0 0 D mv2112_update_link: 3.0x901(1G): 0x80
01-01 08:02:08.795 0 0 D mv2112_update_link: 3.0x8109(100M): 0x0
01-01 08:02:08.800 0 0 D mv2112_update_link: link 0x0
01-01 08:02:08.804 0 0 D mv2112_read_status: autoneg is disabled
01-01 08:02:09.808 0 0 D : mv2112_read_status
01-01 08:02:09.811 0 0 D mv2112_update_link: 3.0x901(1G): 0x80
01-01 08:02:09.817 0 0 D mv2112_update_link: 3.0x8109(100M): 0x0
01-01 08:02:09.822 0 0 D mv2112_update_link: link 0x0
01-01 08:02:09.826 0 0 D mv2112_read_status: autoneg is disabled
01-01 08:02:10.495 0 0 I afe_find_cal_topo_id_by_port: port id: 0x9000, dev_acdb_id: 0
01-01 08:02:10.502 0 0 I afe_find_cal_topo_id_by_port: top_id:112fc acdb_id:15 afe_port:0x9000
01-01 08:02:10.510 0 0 I afe_get_cal_topology_id: port_id = 0x9000 acdb_id = 15 topology_id = 0x112fc cal_type_index=8 ret=0
01-01 08:02:10.521 0 0 I afe_send_port_topology_id: AFE set topology id 0x112fc enable for port 0x9000 ret 0
01-01 08:02:10.530 0 0 I send_afe_cal_type: cal_index is 0
01-01 08:02:10.534 0 0 I send_afe_cal_type: dev_acdb_id[55] is 0
01-01 08:02:10.539 0 0 I send_afe_cal_type: Sending cal_index cal 0
01-01 08:02:10.545 0 0 E send_afe_cal_type: No cal sent for cal_index 0, port_id = 0x9000! ret -22
01-01 08:02:10.553 0 0 I afe_send_hw_delay: port_id 0x9000 rate 48000 delay_usec 474 status 0
01-01 08:02:10.832 0 0 D : mv2112_read_status
01-01 08:02:10.835 0 0 D mv2112_update_link: 3.0x901(1G): 0x80
01-01 08:02:10.842 0 0 D mv2112_update_link: 3.0x8109(100M): 0x0
01-01 08:02:10.847 0 0 D mv2112_update_link: link 0x0
01-01 08:02:10.852 0 0 D mv2112_read_status: autoneg is disabled
01-01 08:02:11.619 0 0 I init : starting service 'vendor.light-hal-2-0'...
09-24 00:14:11.472 1129 3447 D PackageManager: Instant App installer not found with android.intent.action.INSTALL_INSTANT_APP_PACKAGE
09-24 00:14:11.472 1129 3447 D PackageManager: Clear ephemeral installer activity
01-01 08:02:11.666 0 0 W logd : Skipping entries from slow reader, pid 1279, fd 14, from LogBuffer::Prune()
01-01 08:02:11.701 0 0 I init : Service 'vendor.light-hal-2-0' (pid 3967) exited with status 0
01-01 08:02:11.710 0 0 I init : Sending signal 9 to service 'vendor.light-hal-2-0' (pid 3967) process group...
01-01 08:02:11.722 0 0 I libprocessgroup: Successfully killed process cgroup uid 1000 pid 3967 in 0ms
01-01 08:02:11.856 0 0 D : mv2112_read_status
01-01 08:02:11.860 0 0 D mv2112_update_link: 3.0x901(1G): 0x80
01-01 08:02:11.865 0 0 D mv2112_update_link: 3.0x8109(100M): 0x0
01-01 08:02:11.871 0 0 D mv2112_update_link: link 0x0
01-01 08:02:11.882 0 0 D mv2112_read_status: autoneg is disabled
09-24 00:14:12.056 1129 1129 W WindowManager: removeWindowToken: Attempted to remove non-existing token: android.os.Binder@d24eda8
09-24 00:14:12.197 1129 1129 W WindowManager: removeWindowToken: Attempted to remove non-existing token: android.os.Binder@53b7f43
09-24 00:14:12.341 1129 1129 W WindowManager: removeWindowToken: Attempted to remove non-existing token: android.os.Binder@2c5c1ec
01-01 08:02:12.619 0 0 I init : starting service 'qvrd_vndr'...
01-01 08:02:12.629 0 0 I init : Created socket '/dev/socket/qvrservice_vndr', mode 660, user 1000, group 1000
01-01 08:02:12.641 0 0 I init : Created socket '/dev/socket/qvrservice_vndr_camera', mode 660, user 1000, group 1000
09-24 00:14:12.462 1129 1129 W WindowManager: removeWindowToken: Attempted to remove non-existing token: android.os.Binder@445b097
09-24 00:14:12.481 1129 1213 D CompanionDeviceManagerService: onPackageModified(packageName = com.android.traceur)
09-24 00:14:12.488 1129 1129 I Telecom : DefaultDialerCache: Refreshing default dialer for user 0: now null: DDC.oR@ABw
01-01 08:02:12.684 0 0 I init : starting service 'sxrd'...
09-24 00:14:12.515 1129 1229 W VoiceInteractionManager: no available voice recognition services found for user 0
09-24 00:14:12.519 3969 3969 F linker : CANNOT LINK EXECUTABLE "/vendor/bin/hw/sxrservice": library "vendor.qti.hardware.qxr-V1-ndk_platform.so" not found: needed by main executable
01-01 08:02:12.711 0 0 I init : Service 'sxrd' (pid 3969) exited with status 1
01-01 08:02:12.717 0 0 I init : Sending signal 9 to service 'sxrd' (pid 3969) process group...
09-24 00:14:12.536 3968 3968 F linker : CANNOT LINK EXECUTABLE "/vendor/bin/hw/qvrservice": library "vendor.qti.hardware.qxr-V1-ndk_platform.so" not found: needed by /vendor/lib64/libqvrservice.so in namespace (default)
09-24 00:14:12.596 1129 3447 W OverlayManager: service 'idmap' died
01-01 08:02:12.912 0 0 D : mv2112_read_status
01-01 08:02:12.916 0 0 D mv2112_update_link: 3.0x901(1G): 0x80
01-01 08:02:12.922 0 0 D mv2112_update_link: 3.0x8109(100M): 0x0
01-01 08:02:12.928 0 0 D mv2112_update_link: link 0x0
01-01 08:02:12.932 0 0 D mv2112_read_status: autoneg is disabled
01-01 08:02:13.867 0 0 I afe_close: port_id = 0x9000
01-01 08:02:13.936 0 0 D : mv2112_read_status
01-01 08:02:13.940 0 0 D mv2112_update_link: 3.0x901(1G): 0x80
01-01 08:02:13.946 0 0 D mv2112_update_link: 3.0x8109(100M): 0x0
01-01 08:02:13.953 0 0 D mv2112_update_link: link 0x0
01-01 08:02:13.958 0 0 D mv2112_read_status: autoneg is disabled
01-01 08:02:14.960 0 0 D : mv2112_read_status
01-01 08:02:14.964 0 0 D mv2112_update_link: 3.0x901(1G): 0x80
01-01 08:02:14.970 0 0 D mv2112_update_link: 3.0x8109(100M): 0x0
01-01 08:02:14.976 0 0 D mv2112_update_link: link 0x0
01-01 08:02:14.980 0 0 D mv2112_read_status: autoneg is disabled
09-24 00:14:14.800 1129 1571 I ActivityManager: bugreportplus requested by UID 1000
09-24 00:14:14.801 1129 1233 I ActivityManager: com.android.shell is exempt from freezer
09-24 00:14:14.801 1129 1233 D CompatibilityChangeReporter: Compat change id reported: 135634846; UID 2000; state: DISABLED
09-24 00:14:14.801 1129 1233 D CompatibilityChangeReporter: Compat change id reported: 177438394; UID 2000; state: DISABLED
09-24 00:14:14.802 1129 1233 D CompatibilityChangeReporter: Compat change id reported: 135772972; UID 2000; state: DISABLED
09-24 00:14:14.802 1129 1233 D CompatibilityChangeReporter: Compat change id reported: 135754954; UID 2000; state: ENABLED
01-01 08:02:15.017 0 0 I afe_find_cal_topo_id_by_port: port id: 0x9000, dev_acdb_id: 0
01-01 08:02:15.024 0 0 I afe_find_cal_topo_id_by_port: top_id:112fc acdb_id:15 afe_port:0x9000
01-01 08:02:15.032 0 0 I afe_get_cal_topology_id: port_id = 0x9000 acdb_id = 15 topology_id = 0x112fc cal_type_index=8 ret=0
09-24 00:14:14.849 1129 1234 I ActivityManager: Start proc 3970:com.android.shell/2000 for broadcast {com.android.shell/com.android.shell.BugreportRequestedReceiver}
01-01 08:02:15.043 0 0 I afe_send_port_topology_id: AFE set topology id 0x112fc enable for port 0x9000 ret 0
01-01 08:02:15.052 0 0 I send_afe_cal_type: cal_index is 0
01-01 08:02:15.056 0 0 I send_afe_cal_type: dev_acdb_id[55] is 0
01-01 08:02:15.061 0 0 I send_afe_cal_type: Sending cal_index cal 0
01-01 08:02:15.067 0 0 E send_afe_cal_type: No cal sent for cal_index 0, port_id = 0x9000! ret -22
01-01 08:02:15.072 0 0 I binder : 3970:3970 ioctl 40046210 7fea9046a4 returned -22
01-01 08:02:15.075 0 0 I afe_send_hw_delay: port_id 0x9000 rate 48000 delay_usec 474 status 0
09-24 00:14:14.899 1129 1571 D CompatibilityChangeReporter: Compat change id reported: 168419799; UID 2000; state: DISABLED
01-01 08:02:15.324 0 0 I binder : 3990:3990 ioctl 40046210 7fcb1efb24 returned -22
09-24 00:14:15.518 1129 1571 I BugreportManagerService: Waiting to get dumpstate service handle (0ms)
09-24 00:14:15.521 1129 1571 I BugreportManagerService: Got bugreport service handle.
01-01 08:02:15.728 0 0 I binder : 3990:3992 ioctl 40046210 6f1d7e84e4 returned -22
01-01 08:02:15.819 0 0 I binder : 3993:3993 ioctl 40046210 7ff8bc3e04 returned -22
09-24 00:14:15.646 1129 1233 D CompatibilityChangeReporter: Compat change id reported: 168419799; UID 10035; state: DISABLED
09-24 00:14:15.676 1129 1571 I ActivityManager: Background started FGS: Allowed [callingPackage: com.android.shell; callingUid: 2000; uidState: RCVR; intent: Intent { act=com.android.internal.intent.action.BUGREPORT_REQUESTED cmp=com.android.shell/.BugreportProgressService (has extras) }; code:SYSTEM_UID; tempAllowListReason:<,reasonCode:SYSTEM_ALLOW_LISTED,duration:9223372036854775807,callingUid:-1>; targetSdkVersion:31; callerTargetSdkVersion:31; startForegroundCount:0; bindFromPackage:null]
01-01 08:02:15.890 0 0 I binder : 3996:3996 ioctl 40046210 7ff0ad87c4 returned -22
01-01 08:02:15.984 0 0 D : mv2112_read_status
01-01 08:02:15.987 0 0 D mv2112_update_link: 3.0x901(1G): 0x80
01-01 08:02:15.994 0 0 D mv2112_update_link: 3.0x8109(100M): 0x0
01-01 08:02:15.999 0 0 D mv2112_update_link: link 0x0
01-01 08:02:16.026 0 0 D mv2112_read_status: autoneg is disabled
09-24 00:14:15.853 1129 1571 D CompatibilityChangeReporter: Compat change id reported: 184838306; UID 1000; state: DISABLED
09-24 00:14:15.855 1129 1571 D CompatibilityChangeReporter: Compat change id reported: 185004937; UID 1000; state: DISABLED
09-24 00:14:15.870 1129 4000 E AppOps : Attribution not found: uid=0 pkg=root(null) op=VIBRATE
09-24 00:14:15.888 1129 1129 W NotificationHistory: Attempted to add notif for locked/gone/disabled user 0
09-24 00:14:16.319 1129 1129 W WindowManager: removeWindowToken: Attempted to remove non-existing token: android.os.Binder@a481b8f
01-01 08:02:16.657 0 0 I init : starting service 'vendor.light-hal-2-0'...
01-01 08:02:16.746 0 0 I binder : 4020:4020 ioctl 40046210 7fd36c7d94 returned -22
01-01 08:02:16.749 0 0 I init : Service 'vendor.light-hal-2-0' (pid 4019) exited with status 0
01-01 08:02:16.761 0 0 I init : Sending signal 9 to service 'vendor.light-hal-2-0' (pid 4019) process group...
01-01 08:02:16.772 0 0 I libprocessgroup: Successfully killed process cgroup uid 1000 pid 4019 in 0ms
01-01 08:02:16.825 0 0 I binder : 4024:4024 ioctl 40046210 7fd1229f24 returned -22
01-01 08:02:16.918 0 0 I logd : logdr: UID=0 GID=0 PID=4027 n tail=0 logMask=99 pid=0 start=0ns deadline=0ns
01-01 08:02:17.040 0 0 D : mv2112_read_status
01-01 08:02:17.043 0 0 D mv2112_update_link: 3.0x901(1G): 0x80
01-01 08:02:17.050 0 0 D mv2112_update_link: 3.0x8109(100M): 0x0
01-01 08:02:17.055 0 0 D mv2112_update_link: link 0x0
01-01 08:02:17.059 0 0 D mv2112_read_status: autoneg is disabled
01-01 08:02:17.676 0 0 I init : starting service 'qvrd_vndr'...
01-01 08:02:17.683 0 0 I init : Created socket '/dev/socket/qvrservice_vndr', mode 660, user 1000, group 1000
01-01 08:02:17.697 0 0 I init : Created socket '/dev/socket/qvrservice_vndr_camera', mode 660, user 1000, group 1000
01-01 08:02:17.721 0 0 I init : starting service 'sxrd'...
09-24 00:14:17.547 4029 4029 F linker : CANNOT LINK EXECUTABLE "/vendor/bin/hw/qvrservice": library "vendor.qti.hardware.qxr-V1-ndk_platform.so" not found: needed by /vendor/lib64/libqvrservice.so in namespace (default)
01-01 08:02:17.739 0 0 I init : Service 'qvrd_vndr' (pid 4029) exited with status 1
01-01 08:02:17.746 0 0 I init : Sending signal 9 to service 'qvrd_vndr' (pid 4029) process group...
09-24 00:14:17.568 4030 4030 F linker : CANNOT LINK EXECUTABLE "/vendor/bin/hw/sxrservice": library "vendor.qti.hardware.qxr-V1-ndk_platform.so" not found: needed by main executable
01-01 08:02:18.064 0 0 D : mv2112_read_status
01-01 08:02:18.067 0 0 D mv2112_update_link: 3.0x901(1G): 0x80
01-01 08:02:18.074 0 0 D mv2112_update_link: 3.0x8109(100M): 0x0
01-01 08:02:18.079 0 0 D mv2112_update_link: link 0x0
01-01 08:02:18.083 0 0 D mv2112_read_status: autoneg is disabled
01-01 08:02:18.160 0 0 I logd : logdr: UID=0 GID=0 PID=4031 n tail=0 logMask=4 pid=0 start=0ns deadline=0ns
01-01 08:02:18.281 0 0 I logd : logdr: UID=0 GID=0 PID=4033 n tail=0 logMask=20 pid=0 start=0ns deadline=0ns
01-01 08:02:18.352 0 0 I logd : logdr: UID=0 GID=0 PID=4035 n tail=0 logMask=2 pid=0 start=0ns deadline=0ns
01-01 08:02:18.397 0 0 I afe_close: port_id = 0x9000
01-01 08:02:18.425 0 0 E logd : FrameworkListener: read() failed (Connection reset by peer)
01-01 08:02:19.088 0 0 D : mv2112_read_status
01-01 08:02:19.092 0 0 D mv2112_update_link: 3.0x901(1G): 0x80
01-01 08:02:19.106 0 0 D mv2112_update_link: 3.0x8109(100M): 0x0
01-01 08:02:19.111 0 0 D mv2112_update_link: link 0x0
01-01 08:02:19.115 0 0 D mv2112_read_status: autoneg is disabled
01-01 08:02:19.340 0 0 I binder : 4070:4070 ioctl 40046210 7fc7cb60a4 returned -22
01-01 08:02:19.438 0 0 I binder : 4074:4074 ioctl 40046210 7ffbcccb04 returned -22
09-24 00:14:19.489 1129 1213 I ActivityTaskManager: START u0 {flg=0x10000000 cmp=com.android.systemui/.wifi.WifiDebuggingActivity (has extras)} from uid 1000
09-24 00:14:19.498 1129 1213 W ActivityTaskManager: Can't find TaskDisplayArea to determine support for multi window. Task id=12 attached=false
01-01 08:02:19.685 0 0 I afe_find_cal_topo_id_by_port: port id: 0x9000, dev_acdb_id: 0
01-01 08:02:19.692 0 0 I afe_find_cal_topo_id_by_port: top_id:112fc acdb_id:15 afe_port:0x9000
01-01 08:02:19.700 0 0 I afe_get_cal_topology_id: port_id = 0x9000 acdb_id = 15 topology_id = 0x112fc cal_type_index=8 ret=0
09-24 00:14:19.515 1129 1213 D CompatibilityChangeReporter: Compat change id reported: 174042980; UID 10087; state: DISABLED
09-24 00:14:19.516 1129 1213 D CompatibilityChangeReporter: Compat change id reported: 184838306; UID 10087; state: DISABLED
09-24 00:14:19.517 1129 1213 D CompatibilityChangeReporter: Compat change id reported: 185004937; UID 10087; state: DISABLED
09-24 00:14:19.518 1129 1213 D CompatibilityChangeReporter: Compat change id reported: 181136395; UID 10087; state: DISABLED
09-24 00:14:19.520 1129 1213 D CompatibilityChangeReporter: Compat change id reported: 174042936; UID 10087; state: DISABLED
01-01 08:02:19.711 0 0 I afe_send_port_topology_id: AFE set topology id 0x112fc enable for port 0x9000 ret 0
01-01 08:02:19.720 0 0 I send_afe_cal_type: cal_index is 0
01-01 08:02:19.724 0 0 I send_afe_cal_type: dev_acdb_id[55] is 0
01-01 08:02:19.729 0 0 I send_afe_cal_type: Sending cal_index cal 0
09-24 00:14:19.539 1129 2845 I ActivityTaskManager: FOREGROUND_APPLICATION_CHANGED to com.android.systemui.wifi.WifiDebuggingActivity
09-24 00:14:19.544 1129 2845 I ActivityTaskManager: The Process com.android.systemui Already Exists in BG. So sending its PID: 1910
01-01 08:02:19.735 0 0 E send_afe_cal_type: No cal sent for cal_index 0, port_id = 0x9000! ret -22
01-01 08:02:19.743 0 0 I afe_send_hw_delay: port_id 0x9000 rate 48000 delay_usec 474 status 0
09-24 00:14:19.577 1129 1213 D AutofillManagerService: Close system dialogs
01-01 08:02:20.144 0 0 D : mv2112_read_status
01-01 08:02:20.149 0 0 D mv2112_update_link: 3.0x901(1G): 0x80
01-01 08:02:20.161 0 0 D mv2112_update_link: 3.0x8109(100M): 0x0
01-01 08:02:20.166 0 0 D mv2112_update_link: link 0x0
01-01 08:02:20.170 0 0 D mv2112_read_status: autoneg is disabled
01-01 08:02:20.435 0 0 I binder : 4112:4112 ioctl 40046210 7ff98ed824 returned -22
01-01 08:02:20.475 0 0 I binder : 4115:4115 ioctl 40046210 7fca4af114 returned -22
01-01 08:02:21.200 0 0 D : mv2112_read_status
01-01 08:02:21.203 0 0 D mv2112_update_link: 3.0x901(1G): 0x80
01-01 08:02:21.209 0 0 D mv2112_update_link: 3.0x8109(100M): 0x0
01-01 08:02:21.215 0 0 D mv2112_update_link: link 0x0
01-01 08:02:21.220 0 0 D mv2112_read_status: autoneg is disabled
01-01 08:02:21.449 0 0 W logd : Skipping entries from slow reader, pid 1279, fd 14, from LogBuffer::Prune()
01-01 08:02:21.469 0 0 I binder : undelivered transaction 81148, process died.
01-01 08:02:21.683 0 0 I init : starting service 'vendor.light-hal-2-0'...
01-01 08:02:21.762 0 0 I init : Service 'vendor.light-hal-2-0' (pid 4141) exited with status 0
01-01 08:02:21.770 0 0 I init : Sending signal 9 to service 'vendor.light-hal-2-0' (pid 4141) process group...
01-01 08:02:21.781 0 0 I libprocessgroup: Successfully killed process cgroup uid 1000 pid 4141 in 1ms
01-01 08:02:21.899 0 0 I init : Untracked pid 4140 exited with status 0
01-01 08:02:21.935 0 0 I init : Untracked pid 4143 exited with status 0
01-01 08:02:22.224 0 0 D : mv2112_read_status
01-01 08:02:22.227 0 0 D mv2112_update_link: 3.0x901(1G): 0x80
01-01 08:02:22.244 0 0 D mv2112_update_link: 3.0x8109(100M): 0x0
01-01 08:02:22.249 0 0 D mv2112_update_link: link 0x0
01-01 08:02:22.254 0 0 D mv2112_read_status: autoneg is disabled
01-01 08:02:22.325 0 0 I init : Untracked pid 4148 exited with status 0
01-01 08:02:22.344 0 0 I init : Untracked pid 4150 exited with status 0
01-01 08:02:22.428 0 0 I init : Service 'gsid' (pid 4115) exited with status 0 oneshot service took 1.976000 seconds in background
01-01 08:02:22.440 0 0 I init : Sending signal 9 to service 'gsid' (pid 4115) process group...
09-24 00:14:22.594 4160 4160 F linker : CANNOT LINK EXECUTABLE "/vendor/bin/hw/sxrservice": library "vendor.qti.hardware.qxr-V1-ndk_platform.so" not found: needed by main executable
09-24 00:14:22.596 4159 4159 F linker : CANNOT LINK EXECUTABLE "/vendor/bin/hw/qvrservice": library "vendor.qti.hardware.qxr-V1-ndk_platform.so" not found: needed by /vendor/lib64/libqvrservice.so in namespace (default)
01-01 08:02:23.280 0 0 D : mv2112_read_status
01-01 08:02:23.283 0 0 D mv2112_update_link: 3.0x901(1G): 0x80
01-01 08:02:23.289 0 0 D mv2112_update_link: 3.0x8109(100M): 0x0
01-01 08:02:23.294 0 0 D mv2112_update_link: link 0x0
01-01 08:02:23.298 0 0 D mv2112_read_status: autoneg is disabled
01-01 08:02:24.304 0 0 D : mv2112_read_status
01-01 08:02:24.308 0 0 D mv2112_update_link: 3.0x901(1G): 0x80
01-01 08:02:24.313 0 0 D mv2112_update_link: 3.0x8109(100M): 0x0
01-01 08:02:24.318 0 0 D mv2112_update_link: link 0x0
01-01 08:02:24.322 0 0 D mv2112_read_status: autoneg is disabled
01-01 08:02:25.311 0 0 I afe_close: port_id = 0x9000
01-01 08:02:25.328 0 0 D : mv2112_read_status
01-01 08:02:25.333 0 0 D mv2112_update_link: 3.0x901(1G): 0x80
01-01 08:02:25.338 0 0 D mv2112_update_link: 3.0x8109(100M): 0x0
01-01 08:02:25.343 0 0 D mv2112_update_link: link 0x0
01-01 08:02:25.347 0 0 D mv2112_read_status: autoneg is disabled
01-01 08:02:25.635 0 0 I afe_find_cal_topo_id_by_port: port id: 0x9000, dev_acdb_id: 0
01-01 08:02:25.642 0 0 I afe_find_cal_topo_id_by_port: top_id:112fc acdb_id:15 afe_port:0x9000
01-01 08:02:25.650 0 0 I afe_get_cal_topology_id: port_id = 0x9000 acdb_id = 15 topology_id = 0x112fc cal_type_index=8 ret=0
01-01 08:02:25.661 0 0 I afe_send_port_topology_id: AFE set topology id 0x112fc enable for port 0x9000 ret 0
09-24 00:14:25.480 1129 2845 I ActivityTaskManager: FOREGROUND_APPLICATION_CHANGED to com.android.settings.homepage.SettingsHomepageActivity
01-01 08:02:25.670 0 0 I send_afe_cal_type: cal_index is 0
01-01 08:02:25.675 0 0 I send_afe_cal_type: dev_acdb_id[55] is 0
01-01 08:02:25.680 0 0 I send_afe_cal_type: Sending cal_index cal 0
01-01 08:02:25.685 0 0 E send_afe_cal_type: No cal sent for cal_index 0, port_id = 0x9000! ret -22
01-01 08:02:25.694 0 0 I afe_send_hw_delay: port_id 0x9000 rate 48000 delay_usec 474 status 0
09-24 00:14:25.616 1129 1215 I DropBoxManagerService: add tag=system_server_strictmode isTagEnabled=true flags=0x2
09-24 00:14:25.657 1129 2194 I ProcessStatsService: Added stats: 1970-01-01-08-00-53, over +37m11s717ms
09-24 00:14:25.676 1129 2194 I ProcessStatsService: Added stats: 1970-01-01-08-00-50, over +37m13s177ms
09-24 00:14:25.694 1129 2194 I ProcessStatsService: Added stats: 1970-01-01-08-00-49, over +30m2s920ms
09-24 00:14:25.769 1129 1218 W ActivityTaskManager: Can't find TaskDisplayArea to determine support for multi window. Task id=12 attached=false
09-24 00:14:25.769 1129 1218 W ActivityTaskManager: Can't find TaskDisplayArea to determine support for multi window. Task id=12 attached=false
01-01 08:02:26.352 0 0 D : mv2112_read_status
01-01 08:02:26.355 0 0 D mv2112_update_link: 3.0x901(1G): 0x80
01-01 08:02:26.365 0 0 D mv2112_update_link: 3.0x8109(100M): 0x0
01-01 08:02:26.371 0 0 D mv2112_update_link: link 0x0
01-01 08:02:26.376 0 0 D mv2112_read_status: autoneg is disabled
01-01 08:02:26.720 0 0 I init : starting service 'vendor.light-hal-2-0'...
01-01 08:02:26.805 0 0 I init : Service 'vendor.light-hal-2-0' (pid 4189) exited with status 0
01-01 08:02:26.814 0 0 I init : Sending signal 9 to service 'vendor.light-hal-2-0' (pid 4189) process group...
01-01 08:02:26.824 0 0 I libprocessgroup: Successfully killed process cgroup uid 1000 pid 4189 in 0ms
01-01 08:02:27.408 0 0 D : mv2112_read_status
01-01 08:02:27.411 0 0 D mv2112_update_link: 3.0x901(1G): 0x80
01-01 08:02:27.417 0 0 D mv2112_update_link: 3.0x8109(100M): 0x0
01-01 08:02:27.422 0 0 D mv2112_update_link: link 0x0
01-01 08:02:27.422 0 0 D mv2112_read_status: autoneg is disabled
01-01 08:02:27.742 0 0 I init : starting service 'qvrd_vndr'...
01-01 08:02:27.756 0 0 I init : Created socket '/dev/socket/qvrservice_vndr', mode 660, user 1000, group 1000
01-01 08:02:27.769 0 0 I init : Created socket '/dev/socket/qvrservice_vndr_camera', mode 660, user 1000, group 1000
01-01 08:02:27.811 0 0 I init : starting service 'sxrd'...
09-24 00:14:27.651 4190 4190 F linker : CANNOT LINK EXECUTABLE "/vendor/bin/hw/qvrservice": library "vendor.qti.hardware.qxr-V1-ndk_platform.so" not found: needed by /vendor/lib64/libqvrservice.so in namespace (default)
01-01 08:02:27.843 0 0 I init : Service 'qvrd_vndr' (pid 4190) exited with status 1
01-01 08:02:27.850 0 0 I init : Sending signal 9 to service 'qvrd_vndr' (pid 4190) process group...
09-24 00:14:27.675 4191 4191 F linker : CANNOT LINK EXECUTABLE "/vendor/bin/hw/sxrservice": library "vendor.qti.hardware.qxr-V1-ndk_platform.so" not found: needed by main executable
01-01 08:02:28.045 0 0 I nf_conntrack: default automatic helper assignment has been turned off for security reasons and CT-based firewall rule not found. Use the iptables CT target to attach helpers instead.
01-01 08:02:28.434 0 0 D : mv2112_read_status
01-01 08:02:28.437 0 0 D mv2112_update_link: 3.0x901(1G): 0x80
01-01 08:02:28.443 0 0 D mv2112_update_link: 3.0x8109(100M): 0x0
01-01 08:02:28.448 0 0 D mv2112_update_link: link 0x0
01-01 08:02:28.453 0 0 D mv2112_read_status: autoneg is disabled
09-24 00:14:28.500 1129 2778 E TaskPersister: File error accessing recents directory (directory doesn't exist?).
01-01 08:02:29.039 0 0 I afe_close: port_id = 0x9000
01-01 08:02:29.090 0 0 I afe_find_cal_topo_id_by_port: port id: 0x9000, dev_acdb_id: 0
01-01 08:02:29.097 0 0 I afe_find_cal_topo_id_by_port: top_id:112fc acdb_id:15 afe_port:0x9000
01-01 08:02:29.105 0 0 I afe_get_cal_topology_id: port_id = 0x9000 acdb_id = 15 topology_id = 0x112fc cal_type_index=8 ret=0
01-01 08:02:29.116 0 0 I afe_send_port_topology_id: AFE set topology id 0x112fc enable for port 0x9000 ret 0
01-01 08:02:29.125 0 0 I send_afe_cal_type: cal_index is 0
01-01 08:02:29.130 0 0 I send_afe_cal_type: dev_acdb_id[55] is 0
01-01 08:02:29.135 0 0 I send_afe_cal_type: Sending cal_index cal 0
01-01 08:02:29.140 0 0 E send_afe_cal_type: No cal sent for cal_index 0, port_id = 0x9000! ret -22
01-01 08:02:29.149 0 0 I afe_send_hw_delay: port_id 0x9000 rate 48000 delay_usec 474 status 0
09-24 00:14:29.039 1129 2782 E UserRestrictionsUtils: Unknown restriction queried by uid 1000 (com.android.dynsystem et al): null
01-01 08:02:29.285 0 0 W logd : Skipping entries from slow reader, pid 1279, fd 14, from LogBuffer::Prune()
01-01 08:02:29.404 0 0 I [schedu][0xaac7d2ad][00:14:29.213203] wlan: [3749:I:OSIF] scan start scan id 40968
01-01 08:02:29.456 0 0 D : mv2112_read_status
01-01 08:02:29.460 0 0 D mv2112_update_link: 3.0x901(1G): 0x80
01-01 08:02:29.465 0 0 D mv2112_update_link: 3.0x8109(100M): 0x0
01-01 08:02:29.470 0 0 D mv2112_update_link: link 0x0
01-01 08:02:29.475 0 0 D mv2112_read_status: autoneg is disabled
01-01 08:02:30.480 0 0 D : mv2112_read_status
01-01 08:02:30.484 0 0 D mv2112_update_link: 3.0x901(1G): 0x80
01-01 08:02:30.490 0 0 D mv2112_update_link: 3.0x8109(100M): 0x0
01-01 08:02:30.495 0 0 D mv2112_update_link: link 0x0
01-01 08:02:30.499 0 0 D mv2112_read_status: autoneg is disabled
01-01 08:02:31.145 0 0 I [schedu][0xacc5de03][00:14:30.954153] wlan: [3749:I:OSIF] vdev 0, scan id 40968 type COMPLETED(1) reason COMPLETED(1) scan found 36 bss
01-01 08:02:31.504 0 0 D : mv2112_read_status
01-01 08:02:31.507 0 0 D mv2112_update_link: 3.0x901(1G): 0x80
01-01 08:02:31.513 0 0 D mv2112_update_link: 3.0x8109(100M): 0x0
01-01 08:02:31.518 0 0 D mv2112_update_link: link 0x0
01-01 08:02:31.523 0 0 D mv2112_read_status: autoneg is disabled
01-01 08:02:31.763 0 0 I init : starting service 'vendor.light-hal-2-0'...
01-01 08:02:31.863 0 0 I init : Service 'vendor.light-hal-2-0' (pid 4194) exited with status 0
01-01 08:02:31.871 0 0 I init : Sending signal 9 to service 'vendor.light-hal-2-0' (pid 4194) process group...
01-01 08:02:31.881 0 0 I libprocessgroup: Successfully killed process cgroup uid 1000 pid 4194 in 0ms
09-24 00:14:31.981 1129 2033 I ActivityTaskManager: START u0 {act=android.intent.action.MAIN cmp=com.android.settings/.SubSettings (has extras)} from uid 1000
09-24 00:14:32.000 1129 2194 I ActivityTaskManager: FOREGROUND_APPLICATION_CHANGED to com.android.settings.SubSettings
09-24 00:14:32.000 1129 2194 I ActivityTaskManager: The Process com.android.settings Already Exists in BG. So sending its PID: 2348
09-24 00:14:32.004 1129 2194 W ActivityTaskManager: Tried to set launchTime (0) < mLastActivityLaunchTime (82131)
09-24 00:14:32.030 1129 2033 I ActivityTaskManager: START u0 {act=android.intent.action.MAIN cmp=com.android.settings/.homepage.SettingsHomepageActivity (has extras)} from uid 1000
01-01 08:02:32.228 0 0 W logd : Skipping entries from slow reader, pid 1279, fd 14, from LogBuffer::Prune()
09-24 00:14:32.055 1129 2033 W ActivityTaskManager: Duplicate finish request for r=ActivityRecord{fa597a9 u0 com.android.settings/.SubSettings t11 f}}
09-24 00:14:32.063 1129 2033 I ActivityTaskManager: FOREGROUND_APPLICATION_CHANGED to com.android.settings.homepage.SettingsHomepageActivity
01-01 08:02:32.528 0 0 D : mv2112_read_status
01-01 08:02:32.531 0 0 D mv2112_update_link: 3.0x901(1G): 0x80
01-01 08:02:32.537 0 0 D mv2112_update_link: 3.0x8109(100M): 0x0
01-01 08:02:32.542 0 0 D mv2112_update_link: link 0x0
01-01 08:02:32.546 0 0 D mv2112_read_status: autoneg is disabled
01-01 08:02:32.803 0 0 I init : starting service 'qvrd_vndr'...
01-01 08:02:32.815 0 0 I init : Created socket '/dev/socket/qvrservice_vndr', mode 660, user 1000, group 1000
01-01 08:02:32.826 0 0 I init : Created socket '/dev/socket/qvrservice_vndr_camera', mode 660, user 1000, group 1000
01-01 08:02:32.847 0 0 I init : starting service 'sxrd'...
01-01 08:02:32.847 0 0 I [schedu][0xaeb88aa6][00:14:32.656294] wlan: [3749:I:OSIF] scan start scan id 40969
09-24 00:14:32.680 4198 4198 F linker : CANNOT LINK EXECUTABLE "/vendor/bin/hw/qvrservice": library "vendor.qti.hardware.qxr-V1-ndk_platform.so" not found: needed by /vendor/lib64/libqvrservice.so in namespace (default)
09-24 00:14:32.696 4201 4201 F linker : CANNOT LINK EXECUTABLE "/vendor/bin/hw/sxrservice": library "vendor.qti.hardware.qxr-V1-ndk_platform.so" not found: needed by main executable
01-01 08:02:32.874 0 0 I init : Service 'qvrd_vndr' (pid 4198) exited with status 1
01-01 08:02:32.881 0 0 I init : Sending signal 9 to service 'qvrd_vndr' (pid 4198) process group...
01-01 08:02:33.552 0 0 D : mv2112_read_status
01-01 08:02:33.556 0 0 D mv2112_update_link: 3.0x901(1G): 0x80
01-01 08:02:33.561 0 0 D mv2112_update_link: 3.0x8109(100M): 0x0
01-01 08:02:33.566 0 0 D mv2112_update_link: link 0x0
01-01 08:02:33.571 0 0 D mv2112_read_status: autoneg is disabled
01-01 08:02:34.576 0 0 D : mv2112_read_status
01-01 08:02:34.580 0 0 D mv2112_update_link: 3.0x901(1G): 0x80
01-01 08:02:34.586 0 0 D mv2112_update_link: 3.0x8109(100M): 0x0
01-01 08:02:34.593 0 0 D mv2112_update_link: link 0x0
01-01 08:02:34.597 0 0 D mv2112_read_status: autoneg is disabled
01-01 08:02:34.624 0 0 I [schedu][0xb0c1251c][00:14:34.433287] wlan: [3749:I:OSIF] vdev 0, scan id 40969 type COMPLETED(1) reason COMPLETED(1) scan found 38 bss
01-01 08:02:34.661 0 0 W logd : Skipping entries from slow reader, pid 1279, fd 14, from LogBuffer::Prune()
01-01 08:02:34.666 0 0 I binder : 4204:4204 ioctl 40046210 7fd7cb9f94 returned -22
01-01 08:02:34.724 0 0 I binder : 4206:4206 ioctl 40046210 7fece33e94 returned -22
01-01 08:02:35.476 0 0 I afe_close: port_id = 0x9000
01-01 08:02:35.600 0 0 D : mv2112_read_status
01-01 08:02:35.603 0 0 D mv2112_update_link: 3.0x901(1G): 0x80
01-01 08:02:35.609 0 0 D mv2112_update_link: 3.0x8109(100M): 0x0
01-01 08:02:35.614 0 0 D mv2112_update_link: link 0x0
01-01 08:02:35.619 0 0 D mv2112_read_status: autoneg is disabled
09-24 00:14:35.519 1129 2778 E TaskPersister: File error accessing recents directory (directory doesn't exist?).
01-01 08:02:36.624 0 0 D : mv2112_read_status
01-01 08:02:36.627 0 0 D mv2112_update_link: 3.0x901(1G): 0x80
01-01 08:02:36.634 0 0 D mv2112_update_link: 3.0x8109(100M): 0x0
01-01 08:02:36.641 0 0 D mv2112_update_link: link 0x0
01-01 08:02:36.646 0 0 D mv2112_read_status: autoneg is disabled
01-01 08:02:36.794 0 0 I init : starting service 'vendor.light-hal-2-0'...
01-01 08:02:36.884 0 0 I init : Service 'vendor.light-hal-2-0' (pid 5062) exited with status 0
01-01 08:02:36.892 0 0 I init : Sending signal 9 to service 'vendor.light-hal-2-0' (pid 5062) process group...
01-01 08:02:36.902 0 0 I libprocessgroup: Successfully killed process cgroup uid 1000 pid 5062 in 0ms
01-01 08:02:37.463 0 0 I binder : 5082:5082 ioctl 40046210 7fed48d104 returned -22
01-01 08:02:37.474 0 0 I binder : 5082:5082 ioctl 40046210 7fed48d0b4 returned -22
01-01 08:02:37.581 0 0 I binder : 5096:5096 ioctl 40046210 7fd9eb77d4 returned -22
01-01 08:02:37.648 0 0 D : mv2112_read_status
01-01 08:02:37.651 0 0 D mv2112_update_link: 3.0x901(1G): 0x80
01-01 08:02:37.658 0 0 D mv2112_update_link: 3.0x8109(100M): 0x0
01-01 08:02:37.660 0 0 I binder : 5097:5097 ioctl 40046210 7fdbb4b194 returned -22
01-01 08:02:37.670 0 0 D mv2112_update_link: link 0x0
01-01 08:02:37.670 0 0 D mv2112_read_status: autoneg is disabled
01-01 08:02:37.740 0 0 I binder : 5098:5098 ioctl 40046210 7fd55cbfe4 returned -22
01-01 08:02:37.820 0 0 I binder : 5100:5100 ioctl 40046210 7fe3461ff4 returned -22
01-01 08:02:37.846 0 0 I init : starting service 'qvrd_vndr'...
01-01 08:02:37.854 0 0 I init : Created socket '/dev/socket/qvrservice_vndr', mode 660, user 1000, group 1000
01-01 08:02:37.865 0 0 I init : Created socket '/dev/socket/qvrservice_vndr_camera', mode 660, user 1000, group 1000
01-01 08:02:37.892 0 0 I init : starting service 'sxrd'...
01-01 08:02:37.912 0 0 I binder : 5102:5102 ioctl 40046210 7fefa91c84 returned -22
09-24 00:14:37.732 5103 5103 F linker : CANNOT LINK EXECUTABLE "/vendor/bin/hw/qvrservice": library "vendor.qti.hardware.qxr-V1-ndk_platform.so" not found: needed by /vendor/lib64/libqvrservice.so in namespace (default)
09-24 00:14:37.748 5104 5104 F linker : CANNOT LINK EXECUTABLE "/vendor/bin/hw/sxrservice": library "vendor.qti.hardware.qxr-V1-ndk_platform.so" not found: needed by main executable
01-01 08:02:37.929 0 0 I init : Service 'qvrd_vndr' (pid 5103) exited with status 1
01-01 08:02:37.935 0 0 I init : Sending signal 9 to service 'qvrd_vndr' (pid 5103) process group...
01-01 08:02:37.998 0 0 I binder : 5106:5106 ioctl 40046210 7ff1572d24 returned -22
