09-24 00:12:57.157 1129 1129 V StorageManagerService: Package com.android.providers.downloads does not have legacy storage
09-24 00:12:57.157 1129 1129 V StorageManagerService: Package com.android.internal.systemui.onehanded.gestural does not have legacy storage
09-24 00:12:57.157 1129 1129 V StorageManagerService: Package vendor.qti.hardware.cacert.server does not have legacy storage
09-24 00:12:57.157 1129 1129 V StorageManagerService: Package vendor.qti.iwlan does not have legacy storage
09-24 00:12:57.158 1129 1129 V StorageManagerService: Package com.qualcomm.qti.optinoverlay does not have legacy storage
09-24 00:12:57.158 1129 1129 V StorageManagerService: Package com.android.soundrecorder does not have legacy storage
09-24 00:12:57.158 1129 1129 V StorageManagerService: Package com.qualcomm.uimremoteserver does not have legacy storage
09-24 00:12:57.158 1129 1129 V StorageManagerService: Package com.tc.logclient does not have legacy storage
09-24 00:12:57.158 1129 1129 V StorageManagerService: Package android.qvaoverlay.common does not have legacy storage
09-24 00:12:57.158 1129 1129 V StorageManagerService: Package com.android.providers.downloads.ui does not have legacy storage
09-24 00:12:57.158 1129 1129 V StorageManagerService: Package com.android.pacprocessor does not have legacy storage
09-24 00:12:57.158 1129 1129 V StorageManagerService: Package com.android.networkstack does not have legacy storage
09-24 00:12:57.158 1129 1129 V StorageManagerService: Package android.overlay.common does not have legacy storage
09-24 00:12:57.158 1129 1129 V StorageManagerService: Package com.android.connectivity.resources does not have legacy storage
09-24 00:12:57.158 1129 1129 V StorageManagerService: Package com.android.modulemetadata does not have legacy storage
09-24 00:12:57.158 1129 1129 V StorageManagerService: Package com.android.certinstaller does not have legacy storage
09-24 00:12:57.158 1129 1129 V StorageManagerService: Package com.android.internal.systemui.navbar.threebutton does not have legacy storage
09-24 00:12:57.158 1129 1129 V StorageManagerService: Package android does not have legacy storage
09-24 00:12:57.159 1129 1129 V StorageManagerService: Package com.qualcomm.wfd.service does not have legacy storage
09-24 00:12:57.159 1129 1129 V StorageManagerService: Package ts.car.uart does not have legacy storage
09-24 00:12:57.159 1129 1129 V StorageManagerService: Package com.android.egg does not have legacy storage
09-24 00:12:57.159 1129 1129 V StorageManagerService: Package com.android.mtp does not have legacy storage
09-24 00:12:57.159 1129 1129 V StorageManagerService: Package com.android.nfc does not have legacy storage
09-24 00:12:57.159 1129 1129 V StorageManagerService: Package com.android.stk does not have legacy storage
09-24 00:12:57.159 1129 1129 V StorageManagerService: Package com.android.launcher3 does not have legacy storage
09-24 00:12:57.159 1129 1129 V StorageManagerService: Package com.android.backupconfirm does not have legacy storage
09-24 00:12:57.159 1129 1129 V StorageManagerService: Package vendor.qti.qesdk.sysservice does not have legacy storage
09-24 00:12:57.159 1129 1129 V StorageManagerService: Package com.android.provision does not have legacy storage
09-24 00:12:57.159 1129 1129 V StorageManagerService: Package android.overlay.target does not have legacy storage
09-24 00:12:57.159 1129 1129 V StorageManagerService: Package com.qti.pasrservice does not have legacy storage
09-24 00:12:57.160 1129 1129 V StorageManagerService: Package com.android.settings.intelligence does not have legacy storage
09-24 00:12:57.160 1129 1129 V StorageManagerService: Package com.android.calendar does not have legacy storage
09-24 00:12:57.160 1129 1129 V StorageManagerService: Package com.android.internal.systemui.navbar.gestural_extra_wide_back does not have legacy storage
09-24 00:12:57.160 1129 1129 V StorageManagerService: Package com.qualcomm.qti.dynamicddsservice does not have legacy storage
09-24 00:12:57.160 1129 1129 V StorageManagerService: Package com.qualcomm.qti.xrvd.service does not have legacy storage
09-24 00:12:57.160 1129 1129 V StorageManagerService: Package com.android.providers.settings does not have legacy storage
09-24 00:12:57.160 1129 1129 V StorageManagerService: Package com.android.sharedstoragebackup does not have legacy storage
09-24 00:12:57.160 1129 1129 V StorageManagerService: Package com.android.printspooler does not have legacy storage
09-24 00:12:57.160 1129 1129 V StorageManagerService: Package com.qti.qualcomm.mstatssystemservice does not have legacy storage
09-24 00:12:57.160 1129 1129 V StorageManagerService: Package com.qualcomm.qti.services.systemhelper does not have legacy storage
09-24 00:12:57.160 1129 1129 V StorageManagerService: Package com.android.wifi.resources.overlay.common does not have legacy storage
09-24 00:12:57.160 1129 1129 V StorageManagerService: Package com.android.dreams.basic does not have legacy storage
09-24 00:12:57.160 1129 1129 V StorageManagerService: Package com.android.webview does not have legacy storage
09-24 00:12:57.160 1129 1129 V StorageManagerService: Package com.android.se does not have legacy storage
09-24 00:12:57.161 1129 1129 V StorageManagerService: Package com.android.inputdevices does not have legacy storage
09-24 00:12:57.161 1129 1129 V StorageManagerService: Package com.android.bips does not have legacy storage
09-24 00:12:57.161 1129 1129 V StorageManagerService: Package com.qti.dpmserviceapp does not have legacy storage
09-24 00:12:57.161 1129 1129 V StorageManagerService: Package com.thundercomm.remotecontrolservice does not have legacy storage
09-24 00:12:57.161 1129 1129 V StorageManagerService: Package com.android.musicfx does not have legacy storage
09-24 00:12:57.161 1129 1129 V StorageManagerService: Package com.android.settings.overlay.common does not have legacy storage
09-24 00:12:57.161 1129 1129 V StorageManagerService: Package com.qualcomm.qti.qccnetstat does not have legacy storage
09-24 00:12:57.161 1129 1129 V StorageManagerService: Package com.example.android.locationattribution does not have legacy storage
09-24 00:12:57.161 1129 1129 V StorageManagerService: Package android.ext.shared does not have legacy storage
09-24 00:12:57.161 1129 1129 V StorageManagerService: Package com.android.onetimeinitializer does not have legacy storage
09-24 00:12:57.161 1129 1129 V StorageManagerService: Package com.android.server.telecom does not have legacy storage
09-24 00:12:57.161 1129 1129 V StorageManagerService: Package com.android.keychain does not have legacy storage
09-24 00:12:57.161 1129 1129 V StorageManagerService: Package com.qti.snapdragon.qdcm_ff does not have legacy storage
09-24 00:12:57.161 1129 1129 V StorageManagerService: Package com.android.wifi.resources.overlay.target does not have legacy storage
09-24 00:12:57.162 1129 1129 V StorageManagerService: Package com.android.printservice.recommendation does not have legacy storage
09-24 00:12:57.162 1129 1129 V StorageManagerService: Package com.thundercomm.mcuupgrade does not have legacy storage
09-24 00:12:57.162 1129 1129 V StorageManagerService: Package com.android.gallery3d has legacy storage
09-24 00:12:57.162 1129 1129 V StorageManagerService: Package android.ext.services does not have legacy storage
09-24 00:12:57.162 1129 1129 V StorageManagerService: Package com.android.wifi.resources does not have legacy storage
09-24 00:12:57.162 1129 1129 V StorageManagerService: Package com.android.systemui.overlay.common does not have legacy storage
09-24 00:12:57.162 1129 1129 V StorageManagerService: Package com.android.cameraextensions does not have legacy storage
09-24 00:12:57.162 1129 1129 V StorageManagerService: Package com.android.localtransport does not have legacy storage
09-24 00:12:57.162 1129 1129 V StorageManagerService: Package com.android.packageinstaller does not have legacy storage
09-24 00:12:57.162 1129 1129 V StorageManagerService: Package com.qualcomm.qti.devicestatisticsservice does not have legacy storage
09-24 00:12:57.162 1129 1129 V StorageManagerService: Package com.android.theme.font.notoserifsource does not have legacy storage
09-24 00:12:57.162 1129 1129 V StorageManagerService: Package com.android.proxyhandler does not have legacy storage
09-24 00:12:57.162 1129 1129 V StorageManagerService: Package com.android.internal.display.cutout.emulation.waterfall does not have legacy storage
09-24 00:12:57.162 1129 1129 V StorageManagerService: Package com.qualcomm.qti.workloadclassifier does not have legacy storage
09-24 00:12:57.163 1129 1129 V StorageManagerService: Package com.android.inputmethod.latin does not have legacy storage
09-24 00:12:57.163 1129 1129 V StorageManagerService: Package com.android.providers.settings.overlay does not have legacy storage
09-24 00:12:57.163 1129 1129 V StorageManagerService: Package com.android.managedprovisioning does not have legacy storage
09-24 00:12:57.163 1129 1129 V StorageManagerService: Package com.android.networkstack.tethering does not have legacy storage
09-24 00:12:57.163 1129 1129 V StorageManagerService: Package com.android.soundpicker does not have legacy storage
09-24 00:12:57.163 1129 1129 V StorageManagerService: Package com.android.dreams.phototable does not have legacy storage
09-24 00:12:57.163 1129 1129 V StorageManagerService: Package com.android.wallpaper.livepicker does not have legacy storage
09-24 00:12:57.163 1129 1129 V StorageManagerService: Package com.android.apps.tag does not have legacy storage
09-24 00:12:57.163 1129 1129 V StorageManagerService: Package com.android.storagemanager does not have legacy storage
09-24 00:12:57.163 1129 1129 V StorageManagerService: Package com.android.bookmarkprovider does not have legacy storage
09-24 00:12:57.163 1129 1129 V StorageManagerService: Package com.android.settings does not have legacy storage
09-24 00:12:57.163 1129 1129 V StorageManagerService: Package com.android.networkstack.permissionconfig does not have legacy storage
09-24 00:12:57.163 1129 1129 V StorageManagerService: Package com.qualcomm.location does not have legacy storage
09-24 00:12:57.164 1129 1129 V StorageManagerService: Package com.android.cts.ctsshim does not have legacy storage
09-24 00:12:57.164 1129 1129 V StorageManagerService: Package com.caf.fmradio does not have legacy storage
09-24 00:12:57.164 1129 1129 V StorageManagerService: Package com.qti.diagservices does not have legacy storage
09-24 00:12:57.164 1129 1129 V StorageManagerService: Package com.android.vpndialogs does not have legacy storage
09-24 00:12:57.164 1129 1129 V StorageManagerService: Package com.qualcomm.location.XT does not have legacy storage
09-24 00:12:57.164 1129 1129 V StorageManagerService: Package com.android.music does not have legacy storage
09-24 00:12:57.164 1129 1129 V StorageManagerService: Package com.android.shell does not have legacy storage
09-24 00:12:57.164 1129 1129 V StorageManagerService: Package com.android.wallpaperbackup does not have legacy storage
09-24 00:12:57.164 1129 1129 V StorageManagerService: Package com.android.providers.userdictionary does not have legacy storage
09-24 00:12:57.164 1129 1129 V StorageManagerService: Package com.android.providers.media.module does not have legacy storage
09-24 00:12:57.164 1129 1129 V StorageManagerService: Package com.android.emergency does not have legacy storage
09-24 00:12:57.164 1129 1129 V StorageManagerService: Package com.android.hotspot2.osulogin does not have legacy storage
09-24 00:12:57.164 1129 1129 V StorageManagerService: Package com.qualcomm.qti.qdma does not have legacy storage
09-24 00:12:57.165 1129 1129 V StorageManagerService: Package com.qualcomm.qti.qmmi does not have legacy storage
09-24 00:12:57.165 1129 1129 V StorageManagerService: Package com.qualcomm.qti.usta does not have legacy storage
09-24 00:12:57.165 1129 1129 V StorageManagerService: Package com.qualcomm.qti.xrcb does not have legacy storage
09-24 00:12:57.165 1129 1129 V StorageManagerService: Package com.android.internal.systemui.navbar.gestural does not have legacy storage
09-24 00:12:57.165 1129 1129 V StorageManagerService: Package com.android.location.fused does not have legacy storage
09-24 00:12:57.165 1129 1129 V StorageManagerService: Package com.android.deskclock does not have legacy storage
09-24 00:12:57.165 1129 1129 V StorageManagerService: Package com.android.systemui does not have legacy storage
09-24 00:12:57.165 1129 1129 V StorageManagerService: Package com.android.bluetoothmidiservice does not have legacy storage
09-24 00:12:57.165 1129 1129 V StorageManagerService: Package com.qti.ltebc does not have legacy storage
09-24 00:12:57.165 1129 1129 V StorageManagerService: Package com.android.permissioncontroller does not have legacy storage
09-24 00:12:57.165 1129 1129 V StorageManagerService: Package com.android.traceur does not have legacy storage
09-24 00:12:57.165 1129 1129 V StorageManagerService: Package com.qualcomm.qti.qccauthmgr does not have legacy storage
09-24 00:12:57.166 1129 1129 V StorageManagerService: Package com.qualcomm.qti.qms.service.trustzoneaccess does not have legacy storage
09-24 00:12:57.166 1129 1129 V StorageManagerService: Package com.qualcomm.qtil.aptxui does not have legacy storage
09-24 00:12:57.166 1129 1129 V StorageManagerService: Package com.android.bluetooth does not have legacy storage
09-24 00:12:57.166 1129 1129 V StorageManagerService: Package com.qualcomm.timeservice does not have legacy storage
09-24 00:12:57.166 1129 1129 V StorageManagerService: Package com.qualcomm.embms does not have legacy storage
09-24 00:12:57.166 1129 1129 V StorageManagerService: Package com.android.providers.contacts does not have legacy storage
09-24 00:12:57.166 1129 1129 V StorageManagerService: Package com.android.captiveportallogin does not have legacy storage
09-24 00:12:57.166 1129 1129 V StorageManagerService: Package com.android.internal.systemui.navbar.gestural_narrow_back does not have legacy storage
09-24 00:12:57.166 1129 1129 V StorageManagerService: Package com.android.cellbroadcastreceiver.overlay.common does not have legacy storage
09-24 00:12:57.166 1129 1129 V StorageManagerService: Package com.qualcomm.qti.sensors.qsensortest does not have legacy storage
09-24 00:12:57.167 1129 1129 D SystemServerTiming: ssm.onStartUser-0_com.android.server.StorageManagerService$Lifecycle took to complete: 14ms
09-24 00:12:57.167 1129 1129 I SystemServerTiming: ssm.onStartUser-0_com.android.server.usage.StorageStatsService$Lifecycle
09-24 00:12:57.167 1129 1129 D SystemServerTiming: ssm.onStartUser-0_com.android.server.usage.StorageStatsService$Lifecycle took to complete: 0ms
09-24 00:12:57.167 1129 1129 I SystemServerTiming: ssm.onStartUser-0_com.android.server.UiModeManagerService
09-24 00:12:57.167 1129 1129 D SystemServerTiming: ssm.onStartUser-0_com.android.server.UiModeManagerService took to complete: 0ms
09-24 00:12:57.167 1129 1129 I SystemServerTiming: ssm.onStartUser-0_com.android.server.locksettings.LockSettingsService$Lifecycle
09-24 00:12:57.167 1129 1129 D SystemServerTiming: ssm.onStartUser-0_com.android.server.locksettings.LockSettingsService$Lifecycle took to complete: 0ms
09-24 00:12:57.167 1129 1129 I SystemServerTiming: ssm.onStartUser-0_com.android.server.PersistentDataBlockService
09-24 00:12:57.167 1129 1129 D SystemServerTiming: ssm.onStartUser-0_com.android.server.PersistentDataBlockService took to complete: 0ms
09-24 00:12:57.167 1129 1129 I SystemServerTiming: ssm.onStartUser-0_com.android.server.testharness.TestHarnessModeService
09-24 00:12:57.167 1129 1129 D SystemServerTiming: ssm.onStartUser-0_com.android.server.testharness.TestHarnessModeService took to complete: 0ms
09-24 00:12:57.167 1129 1129 I SystemServerTiming: ssm.onStartUser-0_com.android.server.oemlock.OemLockService
09-24 00:12:57.167 1129 1129 D SystemServerTiming: ssm.onStartUser-0_com.android.server.oemlock.OemLockService took to complete: 0ms
09-24 00:12:57.167 1129 1129 I SystemServerTiming: ssm.onStartUser-0_com.android.server.DeviceIdleController
09-24 00:12:57.167 1129 1129 D SystemServerTiming: ssm.onStartUser-0_com.android.server.DeviceIdleController took to complete: 0ms
09-24 00:12:57.167 1129 1129 I SystemServerTiming: ssm.onStartUser-0_com.android.server.devicepolicy.DevicePolicyManagerService$Lifecycle
09-24 00:12:57.168 1129 1129 D SystemServerTiming: ssm.onStartUser-0_com.android.server.devicepolicy.DevicePolicyManagerService$Lifecycle took to complete: 0ms
09-24 00:12:57.168 1129 1129 I SystemServerTiming: ssm.onStartUser-0_com.android.server.texttospeech.TextToSpeechManagerService
09-24 00:12:57.168 1129 1129 D SystemServerTiming: ssm.onStartUser-0_com.android.server.texttospeech.TextToSpeechManagerService took to complete: 0ms
09-24 00:12:57.168 1129 1129 I SystemServerTiming: ssm.onStartUser-0_com.android.server.speech.SpeechRecognitionManagerService
09-24 00:12:57.168 1129 1129 D SystemServerTiming: ssm.onStartUser-0_com.android.server.speech.SpeechRecognitionManagerService took to complete: 0ms
09-24 00:12:57.168 1129 1129 I SystemServerTiming: ssm.onStartUser-0_com.android.server.searchui.SearchUiManagerService
09-24 00:12:57.168 1129 1129 D SystemServerTiming: ssm.onStartUser-0_com.android.server.searchui.SearchUiManagerService took to complete: 0ms
09-24 00:12:57.168 1129 1129 I SystemServerTiming: ssm.onStartUser-0_com.android.server.smartspace.SmartspaceManagerService
09-24 00:12:57.168 1129 1129 D SystemServerTiming: ssm.onStartUser-0_com.android.server.smartspace.SmartspaceManagerService took to complete: 0ms
09-24 00:12:57.168 1129 1129 I SystemServerTiming: ssm.onStartUser-0_com.android.server.graphics.fonts.FontManagerService$Lifecycle
09-24 00:12:57.168 1129 1129 D SystemServerTiming: ssm.onStartUser-0_com.android.server.graphics.fonts.FontManagerService$Lifecycle took to complete: 0ms
09-24 00:12:57.170 1129 1129 I SystemServerTiming: ssm.onStartUser-0_com.android.server.textservices.TextServicesManagerService$Lifecycle
09-24 00:12:57.170 1129 1129 D SystemServerTiming: ssm.onStartUser-0_com.android.server.textservices.TextServicesManagerService$Lifecycle took to complete: 0ms
09-24 00:12:57.170 1129 1129 I SystemServerTiming: ssm.onStartUser-0_com.android.server.textclassifier.TextClassificationManagerService$Lifecycle
09-24 00:12:57.171 1129 1129 D SystemServerTiming: ssm.onStartUser-0_com.android.server.textclassifier.TextClassificationManagerService$Lifecycle took to complete: 1ms
09-24 00:12:57.171 1129 1129 I SystemServerTiming: ssm.onStartUser-0_com.android.server.NetworkScoreService$Lifecycle
09-24 00:12:57.172 1129 1129 D SystemServerTiming: ssm.onStartUser-0_com.android.server.NetworkScoreService$Lifecycle took to complete: 0ms
09-24 00:12:57.172 1129 1129 I SystemServerTiming: ssm.onStartUser-0_com.android.server.wifi.WifiService
09-24 00:12:57.172 1129 1129 D SystemServerTiming: ssm.onStartUser-0_com.android.server.wifi.WifiService took to complete: 0ms
09-24 00:12:57.172 1129 1129 I SystemServerTiming: ssm.onStartUser-0_com.android.server.wifi.scanner.WifiScanningService
09-24 00:12:57.172 1129 1129 D SystemServerTiming: ssm.onStartUser-0_com.android.server.wifi.scanner.WifiScanningService took to complete: 0ms
09-24 00:12:57.172 1129 1129 I SystemServerTiming: ssm.onStartUser-0_com.android.server.wifi.rtt.RttService
09-24 00:12:57.172 1129 1129 D SystemServerTiming: ssm.onStartUser-0_com.android.server.wifi.rtt.RttService took to complete: 0ms
09-24 00:12:57.172 1129 1129 I SystemServerTiming: ssm.onStartUser-0_com.android.server.wifi.aware.WifiAwareService
09-24 00:12:57.172 1129 1129 D SystemServerTiming: ssm.onStartUser-0_com.android.server.wifi.aware.WifiAwareService took to complete: 0ms
09-24 00:12:57.172 1129 1129 I SystemServerTiming: ssm.onStartUser-0_com.android.server.wifi.p2p.WifiP2pService
09-24 00:12:57.172 1129 1129 D SystemServerTiming: ssm.onStartUser-0_com.android.server.wifi.p2p.WifiP2pService took to complete: 0ms
09-24 00:12:57.172 1129 1129 I SystemServerTiming: ssm.onStartUser-0_com.android.server.ethernet.EthernetService
09-24 00:12:57.172 1129 1129 D SystemServerTiming: ssm.onStartUser-0_com.android.server.ethernet.EthernetService took to complete: 0ms
09-24 00:12:57.172 1129 1129 I SystemServerTiming: ssm.onStartUser-0_com.android.server.ConnectivityServiceInitializer
09-24 00:12:57.172 1129 1129 D SystemServerTiming: ssm.onStartUser-0_com.android.server.ConnectivityServiceInitializer took to complete: 0ms
09-24 00:12:57.172 1129 1129 I SystemServerTiming: ssm.onStartUser-0_com.android.server.notification.NotificationManagerService
09-24 00:12:57.172 1129 1129 D SystemServerTiming: ssm.onStartUser-0_com.android.server.notification.NotificationManagerService took to complete: 0ms
09-24 00:12:57.172 1129 1129 I SystemServerTiming: ssm.onStartUser-0_com.android.server.storage.DeviceStorageMonitorService
09-24 00:12:57.172 1129 1129 D SystemServerTiming: ssm.onStartUser-0_com.android.server.storage.DeviceStorageMonitorService took to complete: 0ms
09-24 00:12:57.173 1129 1129 I SystemServerTiming: ssm.onStartUser-0_com.android.server.location.LocationManagerService$Lifecycle
09-24 00:12:57.173 1129 1129 D SystemServerTiming: ssm.onStartUser-0_com.android.server.location.LocationManagerService$Lifecycle took to complete: 0ms
09-24 00:12:57.173 1129 1129 I SystemServerTiming: ssm.onStartUser-0_com.android.server.timedetector.TimeDetectorService$Lifecycle
09-24 00:12:57.173 1129 1129 D SystemServerTiming: ssm.onStartUser-0_com.android.server.timedetector.TimeDetectorService$Lifecycle took to complete: 0ms
09-24 00:12:57.173 1129 1129 I SystemServerTiming: ssm.onStartUser-0_com.android.server.timezonedetector.TimeZoneDetectorService$Lifecycle
09-24 00:12:57.173 1129 1129 D SystemServerTiming: ssm.onStartUser-0_com.android.server.timezonedetector.TimeZoneDetectorService$Lifecycle took to complete: 0ms
09-24 00:12:57.173 1129 1129 I SystemServerTiming: ssm.onStartUser-0_com.android.server.timezonedetector.location.LocationTimeZoneManagerService$Lifecycle
09-24 00:12:57.173 1129 1129 D SystemServerTiming: ssm.onStartUser-0_com.android.server.timezonedetector.location.LocationTimeZoneManagerService$Lifecycle took to complete: 0ms
09-24 00:12:57.173 1129 1129 I SystemServerTiming: ssm.onStartUser-0_com.android.server.search.SearchManagerService$Lifecycle
09-24 00:12:57.173 1129 1129 D SystemServerTiming: ssm.onStartUser-0_com.android.server.search.SearchManagerService$Lifecycle took to complete: 0ms
09-24 00:12:57.173 1129 1129 I SystemServerTiming: ssm.onStartUser-0_com.android.server.wallpaper.WallpaperManagerService$Lifecycle
09-24 00:12:57.173 1129 1129 D SystemServerTiming: ssm.onStartUser-0_com.android.server.wallpaper.WallpaperManagerService$Lifecycle took to complete: 0ms
09-24 00:12:57.174 1129 1129 I SystemServerTiming: ssm.onStartUser-0_com.android.server.audio.AudioService$Lifecycle
09-24 00:12:57.174 1129 1129 D SystemServerTiming: ssm.onStartUser-0_com.android.server.audio.AudioService$Lifecycle took to complete: 0ms
09-24 00:12:57.174 1129 1129 I SystemServerTiming: ssm.onStartUser-0_com.android.server.soundtrigger_middleware.SoundTriggerMiddlewareService$Lifecycle
09-24 00:12:57.174 1129 1129 D SystemServerTiming: ssm.onStartUser-0_com.android.server.soundtrigger_middleware.SoundTriggerMiddlewareService$Lifecycle took to complete: 0ms
09-24 00:12:57.174 1129 1129 I SystemServerTiming: ssm.onStartUser-0_com.android.server.DockObserver
09-24 00:12:57.174 1129 1129 D SystemServerTiming: ssm.onStartUser-0_com.android.server.DockObserver took to complete: 0ms
09-24 00:12:57.174 1129 1129 I SystemServerTiming: ssm.onStartUser-0_com.android.server.midi.MidiService$Lifecycle
09-24 00:12:57.174 1129 1129 D SystemServerTiming: ssm.onStartUser-0_com.android.server.midi.MidiService$Lifecycle took to complete: 0ms
09-24 00:12:57.174 1129 1129 I SystemServerTiming: ssm.onStartUser-0_com.android.server.adb.AdbService$Lifecycle
09-24 00:12:57.174 1129 1129 D SystemServerTiming: ssm.onStartUser-0_com.android.server.adb.AdbService$Lifecycle took to complete: 0ms
09-24 00:12:57.174 1129 1129 I SystemServerTiming: ssm.onStartUser-0_com.android.server.usb.UsbService$Lifecycle
09-24 00:12:57.174 1129 1129 D SystemServerTiming: ssm.onStartUser-0_com.android.server.usb.UsbService$Lifecycle took to complete: 0ms
09-24 00:12:57.174 1129 1129 I SystemServerTiming: ssm.onStartUser-0_com.android.server.twilight.TwilightService
09-24 00:12:57.174 1129 1129 D SystemServerTiming: ssm.onStartUser-0_com.android.server.twilight.TwilightService took to complete: 0ms
09-24 00:12:57.175 1129 1129 I SystemServerTiming: ssm.onStartUser-0_com.android.server.display.color.ColorDisplayService
09-24 00:12:57.175 1129 1129 D SystemServerTiming: ssm.onStartUser-0_com.android.server.display.color.ColorDisplayService took to complete: 0ms
09-24 00:12:57.175 1129 1129 I SystemServerTiming: ssm.onStartUser-0_com.android.server.job.JobSchedulerService
09-24 00:12:57.175 1129 1129 D SystemServerTiming: ssm.onStartUser-0_com.android.server.job.JobSchedulerService took to complete: 0ms
09-24 00:12:57.175 1129 1129 I SystemServerTiming: ssm.onStartUser-0_com.android.server.soundtrigger.SoundTriggerService
09-24 00:12:57.175 1129 1129 D SystemServerTiming: ssm.onStartUser-0_com.android.server.soundtrigger.SoundTriggerService took to complete: 0ms
09-24 00:12:57.175 1129 1129 I SystemServerTiming: ssm.onStartUser-0_com.android.server.trust.TrustManagerService
09-24 00:12:57.175 1129 1129 D SystemServerTiming: ssm.onStartUser-0_com.android.server.trust.TrustManagerService took to complete: 0ms
09-24 00:12:57.175 1129 1129 I SystemServerTiming: ssm.onStartUser-0_com.android.server.backup.BackupManagerService$Lifecycle
09-24 00:12:57.175 1129 1129 D SystemServerTiming: ssm.onStartUser-0_com.android.server.backup.BackupManagerService$Lifecycle took to complete: 0ms
09-24 00:12:57.175 1129 1129 I SystemServerTiming: ssm.onStartUser-0_com.android.server.appwidget.AppWidgetService
09-24 00:12:57.175 1129 1129 D SystemServerTiming: ssm.onStartUser-0_com.android.server.appwidget.AppWidgetService took to complete: 0ms
09-24 00:12:57.175 1129 1129 I SystemServerTiming: ssm.onStartUser-0_com.android.server.voiceinteraction.VoiceInteractionManagerService
09-24 00:12:57.176 1129 1129 W VoiceInteractionManager: no available voice recognition services found for user 0
09-24 00:12:57.176 1129 1129 D SystemServerTiming: ssm.onStartUser-0_com.android.server.voiceinteraction.VoiceInteractionManagerService took to complete: 0ms
09-24 00:12:57.176 1129 1129 I SystemServerTiming: ssm.onStartUser-0_com.android.server.apphibernation.AppHibernationService
09-24 00:12:57.176 1129 1129 D SystemServerTiming: ssm.onStartUser-0_com.android.server.apphibernation.AppHibernationService took to complete: 0ms
09-24 00:12:57.176 1129 1129 I SystemServerTiming: ssm.onStartUser-0_com.android.server.GestureLauncherService
09-24 00:12:57.176 1129 1129 D SystemServerTiming: ssm.onStartUser-0_com.android.server.GestureLauncherService took to complete: 0ms
09-24 00:12:57.176 1129 1129 I SystemServerTiming: ssm.onStartUser-0_com.android.server.SensorNotificationService
09-24 00:12:57.176 1129 1129 D SystemServerTiming: ssm.onStartUser-0_com.android.server.SensorNotificationService took to complete: 0ms
09-24 00:12:57.176 1129 1129 I SystemServerTiming: ssm.onStartUser-0_com.android.server.emergency.EmergencyAffordanceService
09-24 00:12:57.176 1129 1129 D SystemServerTiming: ssm.onStartUser-0_com.android.server.emergency.EmergencyAffordanceService took to complete: 0ms
09-24 00:12:57.176 1129 1129 I SystemServerTiming: ssm.onStartUser-0_com.android.server.blob.BlobStoreManagerService
09-24 00:12:57.176 1129 1129 D SystemServerTiming: ssm.onStartUser-0_com.android.server.blob.BlobStoreManagerService took to complete: 0ms
09-24 00:12:57.176 1129 1129 I SystemServerTiming: ssm.onStartUser-0_com.android.server.dreams.DreamManagerService
09-24 00:12:57.176 1129 1129 D SystemServerTiming: ssm.onStartUser-0_com.android.server.dreams.DreamManagerService took to complete: 0ms
09-24 00:12:57.176 1129 1129 I SystemServerTiming: ssm.onStartUser-0_com.android.server.companion.CompanionDeviceManagerService
09-24 00:12:57.177 1129 1129 D SystemServerTiming: ssm.onStartUser-0_com.android.server.companion.CompanionDeviceManagerService took to complete: 0ms
09-24 00:12:57.177 1129 1129 I SystemServerTiming: ssm.onStartUser-0_com.android.server.restrictions.RestrictionsManagerService
09-24 00:12:57.177 1129 1129 D SystemServerTiming: ssm.onStartUser-0_com.android.server.restrictions.RestrictionsManagerService took to complete: 0ms
09-24 00:12:57.177 1129 1129 I SystemServerTiming: ssm.onStartUser-0_com.android.server.media.MediaSessionService
09-24 00:12:57.177 1129 1129 D SystemServerTiming: ssm.onStartUser-0_com.android.server.media.MediaSessionService took to complete: 0ms
09-24 00:12:57.177 1129 1129 I SystemServerTiming: ssm.onStartUser-0_com.android.server.media.MediaResourceMonitorService
09-24 00:12:57.177 1129 1129 D SystemServerTiming: ssm.onStartUser-0_com.android.server.media.MediaResourceMonitorService took to complete: 0ms
09-24 00:12:57.177 1129 1129 I SystemServerTiming: ssm.onStartUser-0_com.android.server.biometrics.sensors.fingerprint.FingerprintService
09-24 00:12:57.177 1129 1129 D SystemServerTiming: ssm.onStartUser-0_com.android.server.biometrics.sensors.fingerprint.FingerprintService took to complete: 0ms
09-24 00:12:57.177 1129 1129 I SystemServerTiming: ssm.onStartUser-0_com.android.server.biometrics.BiometricService
09-24 00:12:57.177 1129 1129 D SystemServerTiming: ssm.onStartUser-0_com.android.server.biometrics.BiometricService took to complete: 0ms
09-24 00:12:57.177 1129 1129 I SystemServerTiming: ssm.onStartUser-0_com.android.server.biometrics.AuthService
09-24 00:12:57.177 1129 1129 D SystemServerTiming: ssm.onStartUser-0_com.android.server.biometrics.AuthService took to complete: 0ms
09-24 00:12:57.177 1129 1129 I SystemServerTiming: ssm.onStartUser-0_com.android.server.pm.ShortcutService$Lifecycle
09-24 00:12:57.177 1129 1129 D SystemServerTiming: ssm.onStartUser-0_com.android.server.pm.ShortcutService$Lifecycle took to complete: 0ms
09-24 00:12:57.177 1129 1129 I SystemServerTiming: ssm.onStartUser-0_com.android.server.pm.LauncherAppsService
09-24 00:12:57.177 1129 1129 D SystemServerTiming: ssm.onStartUser-0_com.android.server.pm.LauncherAppsService took to complete: 0ms
09-24 00:12:57.177 1129 1129 I SystemServerTiming: ssm.onStartUser-0_com.android.server.pm.CrossProfileAppsService
09-24 00:12:57.177 1129 1129 D SystemServerTiming: ssm.onStartUser-0_com.android.server.pm.CrossProfileAppsService took to complete: 0ms
09-24 00:12:57.177 1129 1129 I SystemServerTiming: ssm.onStartUser-0_com.android.server.people.PeopleService
09-24 00:12:57.177 1129 1129 D SystemServerTiming: ssm.onStartUser-0_com.android.server.people.PeopleService took to complete: 0ms
09-24 00:12:57.178 1129 1129 I SystemServerTiming: ssm.onStartUser-0_com.android.server.media.metrics.MediaMetricsManagerService
09-24 00:12:57.178 1129 1129 D SystemServerTiming: ssm.onStartUser-0_com.android.server.media.metrics.MediaMetricsManagerService took to complete: 0ms
09-24 00:12:57.178 1129 1129 I SystemServerTiming: ssm.onStartUser-0_com.android.server.media.projection.MediaProjectionManagerService
09-24 00:12:57.178 1129 1129 D SystemServerTiming: ssm.onStartUser-0_com.android.server.media.projection.MediaProjectionManagerService took to complete: 0ms
09-24 00:12:57.178 1129 1129 I SystemServerTiming: ssm.onStartUser-0_com.android.server.slice.SliceManagerService$Lifecycle
09-24 00:12:57.178 1129 1129 D SystemServerTiming: ssm.onStartUser-0_com.android.server.slice.SliceManagerService$Lifecycle took to complete: 0ms
09-24 00:12:57.178 1129 1129 I SystemServerTiming: ssm.onStartUser-0_com.android.server.stats.StatsCompanion$Lifecycle
09-24 00:12:57.178 1129 1129 D SystemServerTiming: ssm.onStartUser-0_com.android.server.stats.StatsCompanion$Lifecycle took to complete: 0ms
09-24 00:12:57.178 1129 1129 I SystemServerTiming: ssm.onStartUser-0_com.android.server.scheduling.RebootReadinessManagerService$Lifecycle
09-24 00:12:57.178 1129 1129 D SystemServerTiming: ssm.onStartUser-0_com.android.server.scheduling.RebootReadinessManagerService$Lifecycle took to complete: 0ms
09-24 00:12:57.178 1129 1129 I SystemServerTiming: ssm.onStartUser-0_com.android.server.stats.pull.StatsPullAtomService
09-24 00:12:57.178 1129 1129 D SystemServerTiming: ssm.onStartUser-0_com.android.server.stats.pull.StatsPullAtomService took to complete: 0ms
09-24 00:12:57.178 1129 1129 I SystemServerTiming: ssm.onStartUser-0_com.android.server.incident.IncidentCompanionService
09-24 00:12:57.178 1129 1129 D SystemServerTiming: ssm.onStartUser-0_com.android.server.incident.IncidentCompanionService took to complete: 0ms
09-24 00:12:57.178 1129 1129 I SystemServerTiming: ssm.onStartUser-0_com.android.server.MmsServiceBroker
09-24 00:12:57.178 1129 1129 D SystemServerTiming: ssm.onStartUser-0_com.android.server.MmsServiceBroker took to complete: 0ms
09-24 00:12:57.178 1129 1129 I SystemServerTiming: ssm.onStartUser-0_com.android.server.autofill.AutofillManagerService
09-24 00:12:57.178 1129 1129 D SystemServerTiming: ssm.onStartUser-0_com.android.server.autofill.AutofillManagerService took to complete: 0ms
09-24 00:12:57.178 1129 1129 I SystemServerTiming: ssm.onStartUser-0_com.android.server.clipboard.ClipboardService
09-24 00:12:57.178 1129 1129 D SystemServerTiming: ssm.onStartUser-0_com.android.server.clipboard.ClipboardService took to complete: 0ms
09-24 00:12:57.179 1129 1129 I SystemServerTiming: ssm.onStartUser-0_com.android.server.appbinding.AppBindingService$Lifecycle
09-24 00:12:57.179 1129 1129 W AppBindingService: [Default SMS app] u0 Target package not found
09-24 00:12:57.179 1129 1129 D SystemServerTiming: ssm.onStartUser-0_com.android.server.appbinding.AppBindingService$Lifecycle took to complete: 0ms
09-24 00:12:57.179 1129 1129 I SystemServerTiming: ssm.onStartUser-0_com.android.server.tracing.TracingServiceProxy
09-24 00:12:57.179 1129 1129 D SystemServerTiming: ssm.onStartUser-0_com.android.server.tracing.TracingServiceProxy took to complete: 0ms
09-24 00:12:57.179 1129 1129 I SystemServerTiming: ssm.onStartUser-0_com.android.server.policy.PermissionPolicyService
09-24 00:12:57.179 1129 1129 D SystemServerTiming: ssm.onStartUser-0_com.android.server.policy.PermissionPolicyService took to complete: 0ms
09-24 00:12:57.179 1129 1129 I SystemServerTiming: ssm.onStartUser-0_com.android.server.pm.StagingManager$Lifecycle
09-24 00:12:57.179 1129 1129 D SystemServerTiming: ssm.onStartUser-0_com.android.server.pm.StagingManager$Lifecycle took to complete: 0ms
09-24 00:12:57.179 1129 1129 I SystemServerTiming: ssm.onStartUser-0_com.android.server.app.GameManagerService$Lifecycle
09-24 00:12:57.181 1129 1129 V GameManagerService: Settings file doesn't exists, skip reading
09-24 00:12:57.181 1129 1129 D SystemServerTiming: ssm.onStartUser-0_com.android.server.app.GameManagerService$Lifecycle took to complete: 2ms
09-24 00:12:57.181 1129 1129 I SystemServerTiming: ssm.onStartUser-0_com.android.server.appsearch.AppSearchManagerService
09-24 00:12:57.181 1129 1129 D SystemServerTiming: ssm.onStartUser-0_com.android.server.appsearch.AppSearchManagerService took to complete: 0ms
09-24 00:12:57.182 1129 1129 I SystemServerTiming: ssm.onStartUser-0_com.android.server.media.MediaCommunicationService
09-24 00:12:57.182 1129 1129 D SystemServerTiming: ssm.onStartUser-0_com.android.server.media.MediaCommunicationService took to complete: 0ms
09-24 00:12:57.182 1129 1129 D SystemServerTiming: ssm.StartUser-0 took to complete: 42ms
09-24 00:12:57.182 1129 1129 I SystemServerTiming: startPersistentApps
09-24 00:12:57.183 1129 1129 D CompatibilityChangeReporter: Compat change id reported: 135754954; UID 1000; state: ENABLED
09-24 00:12:57.185 1129 1129 D CompatibilityChangeReporter: Compat change id reported: 135634846; UID 1001; state: DISABLED
09-24 00:12:57.185 1129 1129 D CompatibilityChangeReporter: Compat change id reported: 177438394; UID 1001; state: DISABLED
09-24 00:12:57.186 1129 1129 D CompatibilityChangeReporter: Compat change id reported: 135772972; UID 1001; state: DISABLED
09-24 00:12:57.186 1129 1129 D CompatibilityChangeReporter: Compat change id reported: 135754954; UID 1001; state: ENABLED
09-24 00:12:57.187 1129 1129 D CompatibilityChangeReporter: Compat change id reported: 135634846; UID 10051; state: DISABLED
01-01 08:00:57.378 0 0 I binder : 1974:1974 ioctl 40046210 7fea9046a4 returned -22
09-24 00:12:57.187 1129 1129 D CompatibilityChangeReporter: Compat change id reported: 177438394; UID 10051; state: DISABLED
09-24 00:12:57.187 1129 1129 D CompatibilityChangeReporter: Compat change id reported: 135772972; UID 10051; state: DISABLED
09-24 00:12:57.188 1129 1129 D CompatibilityChangeReporter: Compat change id reported: 135754954; UID 10051; state: DISABLED
09-24 00:12:57.189 1129 1129 D CompatibilityChangeReporter: Compat change id reported: 135634846; UID 10091; state: DISABLED
09-24 00:12:57.189 1129 1129 D CompatibilityChangeReporter: Compat change id reported: 177438394; UID 10091; state: DISABLED
09-24 00:12:57.189 1129 1129 D CompatibilityChangeReporter: Compat change id reported: 135772972; UID 10091; state: DISABLED
09-24 00:12:57.190 1129 1129 D CompatibilityChangeReporter: Compat change id reported: 135754954; UID 10091; state: DISABLED
09-24 00:12:57.190 1129 1129 D CompatibilityChangeReporter: Compat change id reported: 135634846; UID 1068; state: DISABLED
09-24 00:12:57.193 1129 1129 D CompatibilityChangeReporter: Compat change id reported: 135634846; UID 10063; state: DISABLED
09-24 00:12:57.193 1129 1129 D CompatibilityChangeReporter: Compat change id reported: 177438394; UID 10063; state: DISABLED
09-24 00:12:57.193 1129 1129 D CompatibilityChangeReporter: Compat change id reported: 135772972; UID 10063; state: DISABLED
09-24 00:12:57.193 1129 1129 D CompatibilityChangeReporter: Compat change id reported: 135754954; UID 10063; state: ENABLED
09-24 00:12:57.194 1129 1129 D SystemServerTiming: startPersistentApps took to complete: 13ms
09-24 00:12:57.194 1129 1129 I SystemServerTiming: startHomeOnAllDisplays
09-24 00:12:57.195 1129 1129 I ActivityTaskManager: START u0 {act=android.intent.action.MAIN cat=[android.intent.category.HOME] flg=0x10000100 cmp=com.android.settings/.FallbackHome (has extras)} from uid 0
09-24 00:12:57.215 1129 1129 D CompatibilityChangeReporter: Compat change id reported: 174042980; UID 1000; state: DISABLED
09-24 00:12:57.252 1129 1234 W ActivityManager: Slow operation: 132ms so far, now at startProcess: returned from zygote!
09-24 00:12:57.275 1129 1129 I ActivityTaskManager: FOREGROUND_APPLICATION_CHANGED to com.android.settings.FallbackHome
09-24 00:12:57.278 1129 1129 D SystemServerTiming: startHomeOnAllDisplays took to complete: 84ms
09-24 00:12:57.278 1129 1129 I SystemServerTiming: showSystemReadyErrorDialogs
09-24 00:12:57.283 1129 2018 W ContextImpl: Calling a method in the system process without a qualified user: android.app.ContextImpl.bindService:1895 android.content.ContextWrapper.bindService:810 com.qualcomm.qti.activityextension.ActivityNotifier.bindToDynamicDDSService:103 com.qualcomm.qti.activityextension.ActivityNotifier.handleSendActivityInvokeNotification:184 com.qualcomm.qti.activityextension.ActivityNotifier.access$300:26
09-24 00:12:57.329 1129 1129 D SystemServerTiming: showSystemReadyErrorDialogs took to complete: 50ms
09-24 00:12:57.330 1129 1129 I SystemServerTiming: sendUserStartBroadcast
09-24 00:12:57.330 1129 1129 D SystemServerTiming: sendUserStartBroadcast took to complete: 1ms
09-24 00:12:57.331 1129 1129 I SystemServerTiming: resumeTopActivities
09-24 00:12:57.333 1129 1129 D SystemServerTiming: resumeTopActivities took to complete: 2ms
09-24 00:12:57.333 1129 1129 I SystemServerTiming: sendUserSwitchBroadcasts
09-24 00:12:57.333 1129 1129 D SystemServerTiming: sendUserSwitchBroadcasts took to complete: 1ms
09-24 00:12:57.333 1129 1129 I SystemServerTiming: setBinderProxies
09-24 00:12:57.334 1129 1129 D SystemServerTiming: setBinderProxies took to complete: 0ms
09-24 00:12:57.334 1129 1129 D SystemServerTiming: ActivityManagerStartApps took to complete: 194ms
09-24 00:12:57.334 1129 1129 D SystemServerTiming: PhaseActivityManagerReady took to complete: 668ms
09-24 00:12:57.334 1129 1129 I SystemServerTiming: StartSystemUI
01-01 08:00:57.529 0 0 I msm_vidc: high: 00000001: ....e: Opening video instance: ffffffc9218fc000, 0
09-24 00:12:57.348 1129 1571 D CompatibilityChangeReporter: Compat change id reported: 181136395; UID 1000; state: DISABLED
09-24 00:12:57.350 1129 1571 D CompatibilityChangeReporter: Compat change id reported: 174042936; UID 1000; state: DISABLED
09-24 00:12:57.352 1129 1234 W ActivityManager: Slow operation: 233ms so far, now at startProcess: done updating battery stats
09-24 00:12:57.353 1129 1234 W ActivityManager: Slow operation: 233ms so far, now at startProcess: building log message
09-24 00:12:57.353 1129 1234 I ActivityManager: Start proc 2017:com.android.networkstack.process/1073 for service {com.android.networkstack/com.android.server.NetworkStackService}
09-24 00:12:57.353 1129 1234 W ActivityManager: Slow operation: 233ms so far, now at startProcess: starting to update pids map
09-24 00:12:57.357 1129 1234 W ActivityManager: Slow operation: 237ms so far, now at startProcess: done updating pids map
09-24 00:12:57.357 1129 1234 W ActivityManager: Slow operation: 175ms so far, now at startProcess: asking zygote to start proc
01-01 08:00:57.561 0 0 I binder : 2017:2017 ioctl 40046210 7fea9046a4 returned -22
09-24 00:12:57.365 1129 2018 W ContextImpl: Calling a method in the system process without a qualified user: android.app.ContextImpl.bindService:1895 android.content.ContextWrapper.bindService:810 com.qualcomm.qti.activityextension.ActivityNotifier.bindToDynamicDDSService:103 com.qualcomm.qti.activityextension.ActivityNotifier.handleSendActivityInvokeNotification:184 com.qualcomm.qti.activityextension.ActivityNotifier.access$300:26
09-24 00:12:57.371 1129 1216 D CompatibilityChangeReporter: Compat change id reported: 135634846; UID 1000; state: DISABLED
09-24 00:12:57.371 1129 1216 D CompatibilityChangeReporter: Compat change id reported: 177438394; UID 1000; state: DISABLED
09-24 00:12:57.372 1129 1216 D CompatibilityChangeReporter: Compat change id reported: 135772972; UID 1000; state: DISABLED
09-24 00:12:57.372 1129 1216 D CompatibilityChangeReporter: Compat change id reported: 135754954; UID 1000; state: ENABLED
01-01 08:00:57.570 0 0 I binder : 1309:1309 ioctl 40046210 7fdd0c3584 returned -22
09-24 00:12:57.376 1129 1571 W StorageManagerService: No primary storage defined yet; hacking together a stub
09-24 00:12:57.379 1129 2018 W ContextImpl: Calling a method in the system process without a qualified user: android.app.ContextImpl.bindService:1895 android.content.ContextWrapper.bindService:810 com.qualcomm.qti.activityextension.ActivityNotifier.bindToDynamicDDSService:103 com.qualcomm.qti.activityextension.ActivityNotifier.handleSendActivityInvokeNotification:184 com.qualcomm.qti.activityextension.ActivityNotifier.access$300:26
09-24 00:12:57.391 1129 1129 D SystemServerTiming: StartSystemUI took to complete: 57ms
09-24 00:12:57.391 1129 1129 I SystemServerTiming: startMicroService
09-24 00:12:57.392 1129 1129 D SystemServerTiming: startMicroService took to complete: 1ms
09-24 00:12:57.392 1129 1129 I SystemServerTiming: startRemoteControlService
09-24 00:12:57.393 1129 1129 D SystemServerTiming: startRemoteControlService took to complete: 1ms
09-24 00:12:57.393 1129 1129 D SystemServerTiming: startOtherServices took to complete: 2661ms
09-24 00:12:57.393 1129 1129 D SystemServerTiming: StartServices took to complete: 8282ms
01-01 08:00:57.598 0 0 I msm_vidc: high: 00000001: h265e: Closed video instance: ffffffc9218fc000
09-24 00:12:57.405 1129 1129 W Looper : Slow delivery took 6792ms main h=android.app.PropertyInvalidatedCache$AutoCorker$1 c=null m=0
09-24 00:12:57.415 1129 1162 D CompatibilityChangeReporter: Compat change id reported: 168419799; UID 1073; state: DISABLED
01-01 08:00:57.620 0 0 D cnss : MHI status cb is called with reason MISSION_MODE(6)
09-24 00:12:57.422 1129 1162 D CompatibilityChangeReporter: Compat change id reported: 168419799; UID 1073; state: DISABLED
01-01 08:00:57.628 0 0 D cnss : Completed event: REGISTER_DRIVER(7), state: 0x10, ret: 0/0
09-24 00:12:57.431 1129 2033 W PackageManager: Loading a package that does not exist for the calling user. package=null, user=0
09-24 00:12:57.437 1129 1129 D ConditionProviders.SCP: onConnected
09-24 00:12:57.439 1129 1129 D ConditionProviders: Subscribing to condition://android/event?userId=-10000&calendar=&reply=1 with ComponentInfo{android/com.android.server.notification.EventConditionProvider}
09-24 00:12:57.440 1129 1129 D ConditionProviders: Subscribing to condition://android/schedule?days=1.2.3.4.5.6.7&start=22.0&end=7.0&exitAtAlarm=true with ComponentInfo{android/com.android.server.notification.ScheduleConditionProvider}
01-01 08:00:57.628 0 0 D cnss : PM relax, state: 0x10, count: 0
01-01 08:00:57.629 0 0 D cnss : PM stay awake, state: 0x10, count: 1
01-01 08:00:57.629 0 0 D cnss : PM relax, state: 0x10, count: 0
09-24 00:12:57.445 1129 1129 D CompatibilityChangeReporter: Compat change id reported: 135634846; UID 10100; state: DISABLED
09-24 00:12:57.445 1129 1129 D CompatibilityChangeReporter: Compat change id reported: 177438394; UID 10100; state: DISABLED
09-24 00:12:57.445 1129 1129 D CompatibilityChangeReporter: Compat change id reported: 135772972; UID 10100; state: DISABLED
09-24 00:12:57.445 1129 1129 D CompatibilityChangeReporter: Compat change id reported: 135754954; UID 10100; state: ENABLED
01-01 08:00:57.664 0 0 E : [drm:dp_display_init_aux_switch][msm-dp-err][111 ]failed to register notifier (-22)
09-24 00:12:57.455 1129 2033 W PackageManager: Loading a package that does not exist for the calling user. package=null, user=0
09-24 00:12:57.455 1129 1234 W ActivityManager: Slow operation: 274ms so far, now at startProcess: returned from zygote!
09-24 00:12:57.456 1129 1234 W ActivityManager: Slow operation: 274ms so far, now at startProcess: done updating battery stats
09-24 00:12:57.456 1129 1234 W ActivityManager: Slow operation: 274ms so far, now at startProcess: building log message
09-24 00:12:57.456 1129 1234 I ActivityManager: Start proc 2049:com.thundercomm.microservice/1000 for added application com.thundercomm.microservice
09-24 00:12:57.456 1129 1234 W ActivityManager: Slow operation: 274ms so far, now at startProcess: starting to update pids map
09-24 00:12:57.457 1129 1234 W ActivityManager: Slow operation: 275ms so far, now at startProcess: done updating pids map
09-24 00:12:57.457 1129 1234 W ActivityManager: Slow operation: 273ms so far, now at startProcess: asking zygote to start proc
09-24 00:12:57.518 1129 1234 W ActivityManager: Slow operation: 334ms so far, now at startProcess: returned from zygote!
09-24 00:12:57.518 1129 1234 W ActivityManager: Slow operation: 334ms so far, now at startProcess: done updating battery stats
09-24 00:12:57.518 1129 1234 W ActivityManager: Slow operation: 334ms so far, now at startProcess: building log message
09-24 00:12:57.518 1129 1234 I ActivityManager: Start proc 2054:com.thundercomm.microsettings/1000 for added application com.thundercomm.microsettings
09-24 00:12:57.518 1129 1234 W ActivityManager: Slow operation: 335ms so far, now at startProcess: starting to update pids map
09-24 00:12:57.521 1129 1234 W ActivityManager: Slow operation: 337ms so far, now at startProcess: done updating pids map
09-24 00:12:57.521 1129 1234 W ActivityManager: Slow operation: 337ms so far, now at startProcess: asking zygote to start proc
01-01 08:00:57.716 0 0 E swr-wcd rx_swr_ctrl: swrm_get_logical_dev_num: device 0xd01170224 is not ready
01-01 08:00:57.729 0 0 E swr_get_logical_dev_num: Error -22 to get logical addr for device d01170224
01-01 08:00:57.741 0 0 E swr-wcd rx_swr_ctrl: swrm_get_logical_dev_num: device 0xd01170224 is not ready
01-01 08:00:57.750 0 0 E swr_get_logical_dev_num: Error -22 to get logical addr for device d01170224
09-24 00:12:57.573 1129 1234 W ActivityManager: Slow operation: 389ms so far, now at startProcess: returned from zygote!
09-24 00:12:57.573 1129 1234 W ActivityManager: Slow operation: 390ms so far, now at startProcess: done updating battery stats
09-24 00:12:57.573 1129 1234 W ActivityManager: Slow operation: 390ms so far, now at startProcess: building log message
09-24 00:12:57.574 1129 1234 I ActivityManager: Start proc 2075:.dataservices/1001 for added application .dataservices
09-24 00:12:57.574 1129 1234 W ActivityManager: Slow operation: 390ms so far, now at startProcess: starting to update pids map
09-24 00:12:57.575 1129 1234 W ActivityManager: Slow operation: 391ms so far, now at startProcess: done updating pids map
09-24 00:12:57.575 1129 1234 W ActivityManager: Slow operation: 388ms so far, now at startProcess: asking zygote to start proc
09-24 00:12:57.575 1129 1234 D CompatibilityChangeReporter: Compat change id reported: 143937733; UID 10051; state: DISABLED
01-01 08:00:57.761 0 0 E swr-wcd rx_swr_ctrl: swrm_get_logical_dev_num: device 0xd01170224 is not ready
01-01 08:00:57.763 0 0 I binder : 2049:2049 ioctl 40046210 7fea9046a4 returned -22
01-01 08:00:57.775 0 0 I binder : 2054:2054 ioctl 40046210 7fea9046a4 returned -22
01-01 08:00:57.780 0 0 E swr_get_logical_dev_num: Error -22 to get logical addr for device d01170224
09-24 00:12:57.610 1129 1162 D CompatibilityChangeReporter: Compat change id reported: 168419799; UID 1000; state: DISABLED
