01-01 08:00:49.809 1129 1243 W KernelMemoryBandwidthStats: No kernel memory bandwidth stats available
01-01 08:00:49.810 0 0 I CAM_ERR : CAM-SENSOR: cam_sensor_core_power_up: 2062 failed
01-01 08:00:49.823 0 0 E kona-asoc-snd soc: qcom,msm-audio-apr:qcom,q6core-audio:sound: ASoC: Failed to add route DMIC7_OUTPUT -> direct -> VA SWR_MIC6
01-01 08:00:49.823 0 0 E kona-asoc-snd soc: qcom,msm-audio-apr:qcom,q6core-audio:sound: ASoC: no source widget found for DMIC8_OUTPUT
01-01 08:00:49.823 0 0 E kona-asoc-snd soc: qcom,msm-audio-apr:qcom,q6core-audio:sound: ASoC: Failed to add route DMIC8_OUTPUT -> direct -> VA SWR_MIC7
01-01 08:00:49.823 0 0 W kona-asoc-snd soc: qcom,msm-audio-apr:qcom,q6core-audio:sound: ASoC: no DMI vendor name!
01-01 08:00:49.921 0 0 I kona-asoc-snd soc: qcom,msm-audio-apr:qcom,q6core-audio:sound: msm_asoc_machine_probe: Sound card kona-mtp-snd-card registered
01-01 08:00:49.931 0 0 I qcom,camera ac4f000.qcom,cci: qcom,cam-sensor0: Dropping the link to regulator.57
01-01 08:00:49.941 1129 1129 I IntentFirewall: Read new rules (A:0 B:0 S:0)
01-01 08:00:49.967 1129 1129 D AppOps : AppOpsService published
01-01 08:00:49.968 1129 1129 D SystemServerTiming: StartActivityManager took to complete: 367ms
01-01 08:00:49.968 1129 1129 I SystemServerTiming: StartDataLoaderManagerService
01-01 08:00:49.968 1129 1129 I SystemServiceManager: Starting com.android.server.pm.DataLoaderManagerService
01-01 08:00:49.971 1129 1129 D SystemServerTiming: StartDataLoaderManagerService took to complete: 3ms
01-01 08:00:49.971 1129 1129 I SystemServerTiming: StartIncrementalService
01-01 08:00:49.979 1129 1129 D SystemServerTiming: StartIncrementalService took to complete: 8ms
01-01 08:00:49.979 1129 1129 I SystemServerTiming: StartPowerManager
01-01 08:00:49.979 1129 1129 I SystemServiceManager: Starting com.android.server.power.PowerManagerService
01-01 08:00:49.983 0 0 E wlan : Loading driver v5.2.022.10G +TIMER_MANAGER +MEMORY_DEBUG +PANIC_ON_BUG; 2022-09-24T01:25:13Z; cld:; cmn:;
01-01 08:00:49.995 0 0 I CAM_ERR : CAM-SENSOR: cam_sensor_core_power_up: 2131 seq_val:100 > num_vreg: 4
01-01 08:00:49.997 0 0 W swr-wcd wsa_swr_ctrl: DMA mask not set
01-01 08:00:50.003 0 0 W swr-wcd tx_swr_ctrl: DMA mask not set
01-01 08:00:50.019 0 0 I qcom,camera ac4f000.qcom,cci: qcom,cam-sensor0: Dropping the link to regulator.55
01-01 08:00:50.042 1129 1129 D SystemServerTiming: StartPowerManager took to complete: 63ms
01-01 08:00:50.043 1129 1129 I SystemServerTiming: StartThermalManager
01-01 08:00:50.043 1129 1129 I SystemServiceManager: Starting com.android.server.power.ThermalManagerService
01-01 08:00:50.043 1129 1129 D SystemServerTiming: StartThermalManager took to complete: 0ms
01-01 08:00:50.044 1129 1129 I SystemServerTiming: StartHintManager
01-01 08:00:50.044 1129 1129 I SystemServiceManager: Starting com.android.server.power.hint.HintManagerService
01-01 08:00:50.046 1129 1129 D SystemServerTiming: StartHintManager took to complete: 2ms
01-01 08:00:50.046 1129 1129 I SystemServerTiming: InitPowerManagement
01-01 08:00:50.049 1129 1129 D SystemServerTiming: InitPowerManagement took to complete: 3ms
01-01 08:00:50.049 1129 1129 I SystemServerTiming: StartRecoverySystemService
01-01 08:00:50.049 1129 1129 I SystemServiceManager: Starting com.android.server.recoverysystem.RecoverySystemService$Lifecycle
01-01 08:00:50.051 1129 1129 D SystemServerTiming: StartRecoverySystemService took to complete: 2ms
01-01 08:00:50.051 1129 1129 I PackageWatchdog: Syncing state, reason: added new observer
01-01 08:00:50.051 1129 1129 I PackageWatchdog: Not pruning observers, elapsed time: 0ms
01-01 08:00:50.051 1129 1129 I PackageWatchdog: Cancelling state sync, nothing to sync
01-01 08:00:50.051 1129 1229 I PackageWatchdog: Saving observer state to file
01-01 08:00:50.053 1129 1129 I SystemServerTiming: StartLightsService
01-01 08:00:50.053 1129 1129 I SystemServiceManager: Starting com.android.server.lights.LightsService
01-01 08:00:50.057 1129 1129 D SystemServerTiming: StartLightsService took to complete: 4ms
01-01 08:00:50.058 1129 1129 I SystemServerTiming: StartSidekickService
01-01 08:00:50.058 1129 1129 D SystemServerTiming: StartSidekickService took to complete: 0ms
01-01 08:00:50.058 1129 1129 I SystemServerTiming: StartDisplayManager
01-01 08:00:50.058 1129 1129 I SystemServiceManager: Starting com.android.server.display.DisplayManagerService
01-01 08:00:50.075 1129 1129 D SystemServerTiming: StartDisplayManager took to complete: 17ms
01-01 08:00:50.075 1129 1129 I SystemServerTiming: WaitForDisplay
01-01 08:00:50.075 1129 1129 I SystemServiceManager: Starting phase 100
01-01 08:00:50.076 1129 1129 I SystemServerTiming: OnBootPhase_100
01-01 08:00:50.076 1129 1129 I SystemServerTiming: OnBootPhase_100_com.android.server.security.FileIntegrityService
01-01 08:00:50.076 1129 1129 D SystemServerTiming: OnBootPhase_100_com.android.server.security.FileIntegrityService took to complete: 0ms
01-01 08:00:50.076 1129 1129 I SystemServerTiming: OnBootPhase_100_com.android.server.pm.Installer
01-01 08:00:50.076 1129 1129 D SystemServerTiming: OnBootPhase_100_com.android.server.pm.Installer took to complete: 0ms
01-01 08:00:50.076 1129 1129 I SystemServerTiming: OnBootPhase_100_com.android.server.os.DeviceIdentifiersPolicyService
01-01 08:00:50.076 1129 1129 D SystemServerTiming: OnBootPhase_100_com.android.server.os.DeviceIdentifiersPolicyService took to complete: 0ms
01-01 08:00:50.076 1129 1129 I SystemServerTiming: OnBootPhase_100_com.android.server.uri.UriGrantsManagerService$Lifecycle
01-01 08:00:50.076 1129 1129 D SystemServerTiming: OnBootPhase_100_com.android.server.uri.UriGrantsManagerService$Lifecycle took to complete: 0ms
01-01 08:00:50.076 1129 1129 I SystemServerTiming: OnBootPhase_100_com.android.server.powerstats.PowerStatsService
01-01 08:00:50.076 1129 1129 D SystemServerTiming: OnBootPhase_100_com.android.server.powerstats.PowerStatsService took to complete: 0ms
01-01 08:00:50.076 1129 1129 I SystemServerTiming: OnBootPhase_100_com.android.server.wm.ActivityTaskManagerService$Lifecycle
01-01 08:00:50.076 1129 1129 D SystemServerTiming: OnBootPhase_100_com.android.server.wm.ActivityTaskManagerService$Lifecycle took to complete: 0ms
01-01 08:00:50.076 1129 1129 I SystemServerTiming: OnBootPhase_100_com.android.server.am.ActivityManagerService$Lifecycle
01-01 08:00:50.076 1129 1129 D SystemServerTiming: OnBootPhase_100_com.android.server.am.ActivityManagerService$Lifecycle took to complete: 0ms
01-01 08:00:50.076 1129 1129 I SystemServerTiming: OnBootPhase_100_com.android.server.pm.DataLoaderManagerService
01-01 08:00:50.076 1129 1129 D SystemServerTiming: OnBootPhase_100_com.android.server.pm.DataLoaderManagerService took to complete: 0ms
01-01 08:00:50.077 1129 1129 I SystemServerTiming: OnBootPhase_100_com.android.server.power.PowerManagerService
01-01 08:00:50.077 1129 1129 D SystemServerTiming: OnBootPhase_100_com.android.server.power.PowerManagerService took to complete: 0ms
01-01 08:00:50.077 1129 1129 I SystemServerTiming: OnBootPhase_100_com.android.server.power.ThermalManagerService
01-01 08:00:50.077 1129 1129 D SystemServerTiming: OnBootPhase_100_com.android.server.power.ThermalManagerService took to complete: 0ms
01-01 08:00:50.077 1129 1129 I SystemServerTiming: OnBootPhase_100_com.android.server.power.hint.HintManagerService
01-01 08:00:50.077 1129 1129 D SystemServerTiming: OnBootPhase_100_com.android.server.power.hint.HintManagerService took to complete: 0ms
01-01 08:00:50.077 1129 1129 I SystemServerTiming: OnBootPhase_100_com.android.server.recoverysystem.RecoverySystemService$Lifecycle
01-01 08:00:50.077 1129 1129 D SystemServerTiming: OnBootPhase_100_com.android.server.recoverysystem.RecoverySystemService$Lifecycle took to complete: 0ms
01-01 08:00:50.077 1129 1129 I SystemServerTiming: OnBootPhase_100_com.android.server.lights.LightsService
01-01 08:00:50.077 1129 1129 D SystemServerTiming: OnBootPhase_100_com.android.server.lights.LightsService took to complete: 0ms
01-01 08:00:50.077 1129 1129 I SystemServerTiming: OnBootPhase_100_com.android.server.display.DisplayManagerService
01-01 08:00:50.097 0 0 I binder : 1263:1263 ioctl 40046210 ffb06558 returned -22
01-01 08:00:50.110 0 0 E : [drm:dp_display_init_aux_switch][msm-dp-err][1090]failed to register notifier (-22)
01-01 08:00:50.110 1129 1216 I DisplayDeviceRepository: Display device added: DisplayDeviceInfo{"内置屏幕": uniqueId="local:4630946370410392961", 2380 x 1020, modeId 1, defaultModeId 1, supportedModes [{id=1, width=2380, height=1020, fps=60.000004, alternativeRefreshRates=[]}], colorMode 0, supportedColorModes [0], hdrCapabilities HdrCapabilities{mSupportedHdrTypes=[2, 3, 4], mMaxLuminance=500.0, mMaxAverageLuminance=500.0, mMinLuminance=0.0}, allmSupported false, gameContentTypeSupported false, density 240, 319.851 x 319.851 dpi, appVsyncOff 1000000, presDeadline 16666666, touch INTERNAL, rotation 0, type INTERNAL, address {port=129, model=0x40446d3026322d}, deviceProductInfo DeviceProductInfo{name=, manufacturerPnpId=QCM, productId=1, modelYear=null, manufactureDate=ManufactureDate{week=27, year=2006}, connectionToSinkType=0}, state UNKNOWN, frameRateOverride , brightnessMinimum 0.0, brightnessMaximum 1.0, brightnessDefault 1.0, FLAG_DEFAULT_DISPLAY, FLAG_ROTATES_WITH_CONTENT, FLAG_SECURE, FLAG_SUPPORTS_PROTECTED_BUFFERS}
01-01 08:00:50.119 1129 1216 I LogicalDisplayMapper: Applying layout: [{addr: {port=129, model=0x40446d3026322d}, dispId: 0(ON)}], Previous layout: null
01-01 08:00:50.122 0 0 I CAM_ERR : CAM-CCI: cam_cci_irq: 238 Base:ffffff801a055000, M0_Q1 NACK ERROR: 0x10000000
01-01 08:00:50.123 0 0 E ipa3_uc_reg_rdyCB: 2973 bad parm. inout=0000000000000000
01-01 08:00:50.134 1129 1216 I LogicalDisplayMapper: Adding new display: 0: DisplayInfo{"内置屏幕", displayId 0", displayGroupId -1, FLAG_SECURE, FLAG_SUPPORTS_PROTECTED_BUFFERS, FLAG_TRUSTED, real 2380 x 1020, largest app 2380 x 1020, smallest app 2380 x 1020, appVsyncOff 1000000, presDeadline 16666666, mode 1, defaultMode 1, modes [{id=1, width=2380, height=1020, fps=60.000004, alternativeRefreshRates=[]}], hdrCapabilities HdrCapabilities{mSupportedHdrTypes=[2, 3, 4], mMaxLuminance=500.0, mMaxAverageLuminance=500.0, mMinLuminance=0.0}, userDisabledHdrTypes [], minimalPostProcessingSupported false, rotation 0, state UNKNOWN, type INTERNAL, uniqueId "local:4630946370410392961", app 2380 x 1020, density 240 (319.851 x 319.851) dpi, layerStack 0, colorMode 0, supportedColorModes [0], address {port=129, model=0x40446d3026322d}, deviceProductInfo DeviceProductInfo{name=, manufacturerPnpId=QCM, productId=1, modelYear=null, manufactureDate=ManufactureDate{week=27, year=2006}, connectionToSinkType=0}, removeMode 0, refreshRateOverride 0.0, brightnessMinimum 0.0, brightnessMaximum 1.0, brightnessDefault 1.0}
01-01 08:00:50.135 1129 1216 I LogicalDisplayMapper: Setting new display group 0 for display 0, from previous group: null
01-01 08:00:50.139 1129 1216 E DisplayDeviceConfig: requesting nits when no mapping exists.
01-01 08:00:50.131 0 0 I : wlan_hdd_state wlan major(475) initialized
01-01 08:00:50.136 0 0 I CAM_ERR : CAM-CCI: cam_cci_read: 1306 ERROR with Slave 0x34:
01-01 08:00:50.147 0 0 E swr-wcd wsa_swr_ctrl: swrm_get_logical_dev_num: device 0x1020170211 is not ready
01-01 08:00:50.148 0 0 D cnss : Start to wait for calibration to complete
01-01 08:00:50.159 0 0 I CAM_ERR : CAM-CCI: cam_cci_read_bytes: 1561 failed to read rc:-22
01-01 08:00:50.162 1129 1216 E DisplayDeviceConfig: requesting nits when no mapping exists.
01-01 08:00:50.172 0 0 E swr_get_logical_dev_num: Error -22 to get logical addr for device 1020170211
01-01 08:00:50.184 0 0 I CAM_ERR : CAM-SENSOR: cam_cci_i2c_read: 35 rc = -22
01-01 08:00:50.197 0 0 W wsa881x : probe of wsa881x.1020170211 failed with error -22
01-01 08:00:50.188 1129 1129 W SystemServiceManager: Service com.android.server.display.DisplayManagerService took 110 ms in onBootPhase
01-01 08:00:50.188 1129 1129 D SystemServerTiming: OnBootPhase_100_com.android.server.display.DisplayManagerService took to complete: 111ms
01-01 08:00:50.188 1129 1129 D SystemServerTiming: OnBootPhase_100 took to complete: 112ms
01-01 08:00:50.188 1129 1129 D SystemServerTiming: WaitForDisplay took to complete: 113ms
01-01 08:00:50.188 1129 1129 I SystemServerTiming: StartDomainVerificationService
01-01 08:00:50.188 1269 1269 I iorapd : iorapd (the prefetchening) firing up
01-01 08:00:50.192 1129 1129 D SystemServerTiming: StartDomainVerificationService took to complete: 4ms
01-01 08:00:50.192 1129 1129 I SystemServerTiming: StartPackageManagerService
01-01 08:00:50.192 1129 1129 I Watchdog: Pausing HandlerChecker: main thread for reason: packagemanagermain. Pause count: 1
01-01 08:00:50.194 1129 1129 I PackageManagerTiming: create package manager
01-01 08:00:50.195 1129 1216 I DisplayDeviceRepository: Display device changed state: "内置屏幕", ON
01-01 08:00:50.196 1269 1269 I iorapd : Opened existing database at '/data/misc/iorapd/sqlite.db'
01-01 08:00:50.197 1269 1269 W iorapd : Reconnect to package manager service: 1 times
01-01 08:00:50.205 0 0 I binder : 1269:1269 ioctl 40046210 7fc2ea9254 returned -22
01-01 08:00:50.208 0 0 I CAM_WARN: CAM-SENSOR: cam_sensor_match_id: 769 read id: 0x0 expected id 0x563:
01-01 08:00:50.228 0 0 E swr-wcd wsa_swr_ctrl: swrm_get_logical_dev_num: device 0x1020170212 is not ready
01-01 08:00:50.224 1129 1129 I PackageManagerTiming: readListOfPackagesToBeDisabled
01-01 08:00:50.224 1129 1129 D PackageManagerTiming: readListOfPackagesToBeDisabled took to complete: 0ms
01-01 08:00:50.225 1129 1129 I PackageManagerTiming: createSubComponents
01-01 08:00:50.345 1129 1252 W ProcessCpuTracker: Failed to stat(/proc/1250): android.system.ErrnoException: stat failed: ENOENT (No such file or directory)
01-01 08:00:50.346 1129 1252 W ProcessCpuTracker: Skipping unknown process pid 1250
01-01 08:00:50.346 1129 1252 W ProcessCpuTracker: Failed to stat(/proc/1251): android.system.ErrnoException: stat failed: ENOENT (No such file or directory)
01-01 08:00:50.346 1129 1252 W ProcessCpuTracker: Skipping unknown process pid 1251
01-01 08:00:50.347 1129 1252 W ProcessCpuTracker: Failed to stat(/proc/1261): android.system.ErrnoException: stat failed: ENOENT (No such file or directory)
01-01 08:00:50.347 1129 1252 W ProcessCpuTracker: Skipping unknown process pid 1261
01-01 08:00:50.236 0 0 W : ------------[ cut here ]------------
01-01 08:00:50.453 0 0 I init : starting service 'vendor.media.omx'...
01-01 08:00:50.455 0 0 I : cam_cc_mclk0_clk already disabled
01-01 08:00:50.480 0 0 I init : starting service 'vendor.cnd'...
01-01 08:00:50.492 0 0 W : WARNING: CPU: 0 PID: 849 at drivers/clk/clk.c:1144 clk_core_disable+0x230/0x270
01-01 08:00:50.514 0 0 I init : starting service 'wifidisplayhalservice'...
01-01 08:00:50.516 0 0 I : Modules linked in: wlan(O+) tsnv(O) machine_dlkm(O) wcd938x_slave_dlkm(O) wcd938x_dlkm(O) wcd9xxx_dlkm(O) mbhc_dlkm(O) tx_macro_dlkm(O) rx_macro_dlkm(O) va_macro_dlkm(O) wsa_macro_dlkm(O) swr_ctrl_dlkm(O) bolero_cdc_dlkm(O) wsa881x_dlkm(O) wcd_core_dlkm(O) stub_dlkm(O) hdmi_dlkm(O) swr_dlkm(O) pinctrl_lpi_dlkm(O) pinctrl_wcd_dlkm(O) usf_dlkm(O) native_dlkm(O) platform_dlkm(O) q6_dlkm(O) adsp_loader_dlkm(O) apr_dlkm(O) snd_event_dlkm(O) q6_notifier_dlkm(O) q6_pdr_dlkm(O) msm_11ad_proxy
01-01 08:00:50.538 0 0 I init : starting service 'ethernet'...
01-01 08:00:50.539 0 0 I : CPU: 0 PID: 849 Comm: android.hardwar Tainted: G S W O 4.19.157+ #1
01-01 08:00:50.562 0 0 I init : starting service 'vendor.ims_rtp_daemon'...
01-01 08:00:50.563 0 0 I Hardware name: Qualcomm Technologies, Inc. kona MTP-RmPM8150b. VX1(MCE) EVT1 (DT)
01-01 08:00:50.587 1129 1229 W Installer: installd not found; trying again
01-01 08:00:50.585 0 0 I init : starting service 'vendor.imsqmidaemon'...
01-01 08:00:50.587 0 0 I pstate : 60400085 (nZCv daIf +PAN -UAO)
01-01 08:00:50.599 0 0 I init : Created socket '/dev/socket/ims_qmid', mode 660, user 1000, group 1001
01-01 08:00:50.607 0 0 I pc : clk_core_disable+0x230/0x270
01-01 08:00:50.607 0 0 I lr : clk_core_disable+0x230/0x270
01-01 08:00:50.607 0 0 I sp : ffffff80146d3970
01-01 08:00:50.607 0 0 I : x29: ffffff80146d3970 x28: ffffffc940253280
01-01 08:00:50.607 0 0 I : x27: 0000000000000001 x26: 0000000000000068
01-01 08:00:50.626 0 0 I init : starting service 'vendor.imsrcsservice'...
01-01 08:00:50.631 0 0 I : x25: ffffffad1f532c88 x24: ffffffad20b54606
01-01 08:00:50.631 0 0 I : x23: ffffffad20b5458e x22: ffffffc984878800
01-01 08:00:50.631 0 0 I : x21: 0000000000000000 x20: ffffffc98c5cd480
01-01 08:00:50.640 0 0 I : x19: ffffffc98c5cd480 x18: 0000000000000034
01-01 08:00:50.640 0 0 I : x17: ffffffad224f5000 x16: 000000000000003a
01-01 08:00:50.640 0 0 I : x15: ffffffad200e1510 x14: 742064656c696146
01-01 08:00:50.640 0 0 I : x13: 0000000000000000 x12: 00000000000000e0
01-01 08:00:50.640 0 0 I : x11: 0000000000000000 x10: 0000000000000001
01-01 08:00:50.640 0 0 I : x9 : 10e28163c9bba800 x8 : 10e28163c9bba800
01-01 08:00:50.640 0 0 I : x7 : ffffffad1e9831e4 x6 : 0000000000000000
01-01 08:00:50.640 0 0 I : x5 : 0000000000000080 x4 : 0000000000000001
01-01 08:00:50.640 0 0 I : x3 : 0000000000000000 x2 : 0000000000000007
01-01 08:00:50.640 0 0 I : x1 : 0000000000000007 x0 : 0000000000000021
01-01 08:00:50.640 0 0 I Call trace:
01-01 08:00:50.640 0 0 I : clk_core_disable+0x230/0x270
01-01 08:00:50.640 0 0 I : clk_disable+0x34/0x98
01-01 08:00:50.640 0 0 I : cam_soc_util_clk_disable+0x4c/0x68
01-01 08:00:50.640 0 0 I : cam_sensor_util_power_down+0x258/0x4b8
01-01 08:00:50.640 0 0 I : cam_sensor_power_down+0x34/0x130
01-01 08:00:50.640 0 0 I : cam_sensor_driver_cmd+0x35c/0x12e0
01-01 08:00:50.640 0 0 I : cam_sensor_subdev_ioctl+0x3c/0x80
01-01 08:00:50.640 0 0 I : subdev_do_ioctl_lock+0x764/0xbc8
01-01 08:00:50.640 0 0 I : video_usercopy+0x38c/0x850
01-01 08:00:50.640 0 0 I : subdev_ioctl+0x38/0x48
01-01 08:00:50.640 0 0 I : v4l2_ioctl+0x6c/0x80
01-01 08:00:50.640 0 0 I : do_vfs_ioctl+0x748/0x1210
01-01 08:00:50.640 0 0 I : __arm64_sys_ioctl+0x78/0xa0
01-01 08:00:50.640 0 0 I : el0_svc_common+0xa4/0x190
01-01 08:00:50.640 0 0 I : el0_svc_handler+0x6c/0x88
01-01 08:00:50.640 0 0 I : el0_svc+0x8/0xc
01-01 08:00:50.640 0 0 I : irq event stamp: 303778
01-01 08:00:50.640 0 0 I : hardirqs last enabled at (303777): [] _raw_spin_unlock_irq+0x34/0x68
01-01 08:00:50.640 0 0 I : hardirqs last disabled at (303778): [] clk_enable_lock+0x20/0xc8
01-01 08:00:50.640 0 0 I : softirqs last enabled at (303766): [] __do_softirq+0x50c/0x554
01-01 08:00:50.640 0 0 I : softirqs last disabled at (303753): [] irq_exit+0xfc/0x120
01-01 08:00:50.640 0 0 W : ---[ end trace 3d8c5eba44710777 ]---
01-01 08:00:50.641 0 0 E swr_get_logical_dev_num: Error -22 to get logical addr for device 1020170212
01-01 08:00:50.641 0 0 W : ------------[ cut here ]------------
01-01 08:00:50.649 0 0 I : cam_cc_mclk0_clk already unprepared
01-01 08:00:50.649 0 0 W : WARNING: CPU: 3 PID: 849 at drivers/clk/clk.c:981 clk_core_unprepare+0x384/0x400
01-01 08:00:50.649 0 0 I : Modules linked in: wlan(O+) tsnv(O) machine_dlkm(O) wcd938x_slave_dlkm(O) wcd938x_dlkm(O) wcd9xxx_dlkm(O) mbhc_dlkm(O) tx_macro_dlkm(O) rx_macro_dlkm(O) va_macro_dlkm(O) wsa_macro_dlkm(O) swr_ctrl_dlkm(O) bolero_cdc_dlkm(O) wsa881x_dlkm(O) wcd_core_dlkm(O) stub_dlkm(O) hdmi_dlkm(O) swr_dlkm(O) pinctrl_lpi_dlkm(O) pinctrl_wcd_dlkm(O) usf_dlkm(O) native_dlkm(O) platform_dlkm(O) q6_dlkm(O) adsp_loader_dlkm(O) apr_dlkm(O) snd_event_dlkm(O) q6_notifier_dlkm(O) q6_pdr_dlkm(O) msm_11ad_proxy
01-01 08:00:50.649 0 0 I : CPU: 3 PID: 849 Comm: android.hardwar Tainted: G S W O 4.19.157+ #1
01-01 08:00:50.649 0 0 I Hardware name: Qualcomm Technologies, Inc. kona MTP-RmPM8150b. VX1(MCE) EVT1 (DT)
01-01 08:00:50.649 0 0 I pstate : 60400005 (nZCv daif +PAN -UAO)
01-01 08:00:50.649 0 0 I pc : clk_core_unprepare+0x384/0x400
01-01 08:00:50.649 0 0 I lr : clk_core_unprepare+0x384/0x400
01-01 08:00:50.649 0 0 I sp : ffffff80146d3960
01-01 08:00:50.649 0 0 I : x29: ffffff80146d3960 x28: ffffffc940253280
01-01 08:00:50.649 0 0 I : x27: 0000000000000001 x26: 0000000000000068
01-01 08:00:50.649 0 0 I : x25: ffffffad1f532c88 x24: ffffffad20b54606
01-01 08:00:50.649 0 0 I : x23: ffffffad20b5458e x22: ffffffc984878800
01-01 08:00:50.649 0 0 I : x21: ffffffad22d79000 x20: ffffffad22d79000
01-01 08:00:50.649 0 0 I : x19: ffffffc98c5cd480 x18: 0000000000000034
01-01 08:00:50.649 0 0 I : x17: ffffffad224f5000 x16: 00000000fffb6ecc
01-01 08:00:50.649 0 0 I : x15: 00000000000b6ecc
01-01 08:00:50.649 0 0 W wsa881x : probe of wsa881x.1020170212 failed with error -22
01-01 08:00:50.649 0 0 I : x14: 00000000000000c2
01-01 08:00:50.649 0 0 I : x13: 0000000000000004 x12: 0000000030e6342b
01-01 08:00:50.649 0 0 I : x11: 0000000000000015 x10: 000000000682aaab
01-01 08:00:50.649 0 0 I : x9 : 10e28163c9bba800 x8 : 10e28163c9bba800
01-01 08:00:50.649 0 0 I : x7 : ffffffad1e982700 x6 : 0000000000000000
01-01 08:00:50.650 0 0 I : x5 : 0000000000000080 x4 : 0000000000000001
01-01 08:00:50.650 0 0 I : x3 : ffffff80146d3588 x2 : ffffffad1e897b48
01-01 08:00:50.650 0 0 I : x1 : ffffffad1e982874 x0 : 0000000000000023
01-01 08:00:50.650 0 0 I Call trace:
01-01 08:00:50.650 0 0 I : clk_core_unprepare+0x384/0x400
01-01 08:00:50.650 0 0 I : clk_unprepare+0x88/0x108
01-01 08:00:50.650 0 0 I : cam_soc_util_clk_disable+0x54/0x68
01-01 08:00:50.650 0 0 I : cam_sensor_util_power_down+0x258/0x4b8
01-01 08:00:50.650 0 0 I : cam_sensor_power_down+0x34/0x130
01-01 08:00:50.650 0 0 I : cam_sensor_driver_cmd+0x35c/0x12e0
01-01 08:00:50.650 0 0 I : cam_sensor_subdev_ioctl+0x3c/0x80
01-01 08:00:50.650 0 0 I : subdev_do_ioctl_lock+0x764/0xbc8
01-01 08:00:50.650 0 0 I : video_usercopy+0x38c/0x850
01-01 08:00:50.650 0 0 I : subdev_ioctl+0x38/0x48
01-01 08:00:50.650 0 0 I : v4l2_ioctl+0x6c/0x80
01-01 08:00:50.650 0 0 I : do_vfs_ioctl+0x748/0x1210
01-01 08:00:50.650 0 0 I : __arm64_sys_ioctl+0x78/0xa0
01-01 08:00:50.650 0 0 I : el0_svc_common+0xa4/0x190
01-01 08:00:50.650 0 0 I : el0_svc_handler+0x6c/0x88
01-01 08:00:50.650 0 0 I : el0_svc+0x8/0xc
01-01 08:00:50.650 0 0 I : irq event stamp: 303934
01-01 08:00:50.650 0 0 I : hardirqs last enabled at (303933): [] console_unlock+0x4bc/0x568
01-01 08:00:50.650 0 0 I : hardirqs last disabled at (303934): [] do_debug_exception+0x84/0x150
01-01 08:00:50.650 0 0 I : softirqs last enabled at (303924): [] __do_softirq+0x50c/0x554
01-01 08:00:50.650 0 0 I : softirqs last disabled at (303909): [] irq_exit+0xfc/0x120
01-01 08:00:50.650 0 0 W : ---[ end trace 3d8c5eba44710778 ]---
01-01 08:00:50.650 0 0 I qcom,camera ac4f000.qcom,cci: qcom,cam-sensor0: Dropping the link to regulator.77
01-01 08:00:50.652 0 0 I CAM_ERR : CAM-UTIL: cam_soc_util_regulator_disable: 1415 Invalid NULL parameter
01-01 08:00:50.652 0 0 I CAM_ERR : CAM-SENSOR: cam_sensor_util_power_down: 2290 Reg: cam_vio disable failed
01-01 08:00:50.652 0 0 I CAM_ERR : CAM-UTIL: cam_soc_util_regulator_disable: 1415 Invalid NULL parameter
01-01 08:00:50.652 0 0 I CAM_ERR : CAM-SENSOR: cam_sensor_util_power_down: 2290 Reg: cam_vana disable failed
01-01 08:00:50.654 0 0 W : ------------[ cut here ]------------
01-01 08:00:50.654 0 0 I : unbalanced disables for titan_top_gdsc
01-01 08:00:50.654 0 0 W : WARNING: CPU: 3 PID: 849 at drivers/regulator/core.c:2401 _regulator_disable+0x1a0/0x1b0
01-01 08:00:50.654 0 0 I : Modules linked in: wlan(O+) tsnv(O) machine_dlkm(O) wcd938x_slave_dlkm(O) wcd938x_dlkm(O) wcd9xxx_dlkm(O) mbhc_dlkm(O) tx_macro_dlkm(O) rx_macro_dlkm(O) va_macro_dlkm(O) wsa_macro_dlkm(O) swr_ctrl_dlkm(O) bolero_cdc_dlkm(O) wsa881x_dlkm(O) wcd_core_dlkm(O) stub_dlkm(O) hdmi_dlkm(O) swr_dlkm(O) pinctrl_lpi_dlkm(O) pinctrl_wcd_dlkm(O) usf_dlkm(O) native_dlkm(O) platform_dlkm(O) q6_dlkm(O) adsp_loader_dlkm(O) apr_dlkm(O) snd_event_dlkm(O) q6_notifier_dlkm(O) q6_pdr_dlkm(O) msm_11ad_proxy
01-01 08:00:50.654 0 0 I : CPU: 3 PID: 849 Comm: android.hardwar Tainted: G S W O 4.19.157+ #1
01-01 08:00:50.654 0 0 I Hardware name: Qualcomm Technologies, Inc. kona MTP-RmPM8150b. VX1(MCE) EVT1 (DT)
01-01 08:00:50.654 0 0 I pstate : 60400005 (nZCv daif +PAN -UAO)
01-01 08:00:50.654 0 0 I pc : _regulator_disable+0x1a0/0x1b0
01-01 08:00:50.654 0 0 I lr : _regulator_disable+0x19c/0x1b0
01-01 08:00:50.654 0 0 I sp : ffffff80146d33d0
01-01 08:00:50.654 0 0 I : x29: ffffff80146d33d0 x28: 0000000000000000
01-01 08:00:50.654 0 0 I : x27: 0000007fc5106870 x26: ffffffc984da8000
01-01 08:00:50.654 0 0 I : x25: ffffffad1f532c88 x24: ffffffc950bfe940
01-01 08:00:50.654 0 0 I : x23: ffffffc984daad18 x22: ffffffc984d037f0
01-01 08:00:50.654 0 0 I : x21: ffffffc98c5193a8 x20: 00000000fffffffb
01-01 08:00:50.654 0 0 I : x19: ffffffc98c519280 x18: 0000000000000038
01-01 08:00:50.654 0 0 I : x17: ffffffad224f5000 x16: 00000000fffb5f80
01-01 08:00:50.654 0 0 I : x15: 00000000000b5f80 x14: 00000000000000c2
01-01 08:00:50.654 0 0 I : x13: 0000000000000004 x12: 0000000030e7a2ea
01-01 08:00:50.654 0 0 I : x11: 0000000000000015 x10: 000000000682aaab
01-01 08:00:50.654 0 0 I : x9 : 10e28163c9bba800 x8 : 10e28163c9bba800
01-01 08:00:50.654 0 0 I : x7 : ffffffad1e982700 x6 : 0000000000000000
01-01 08:00:50.654 0 0 I : x5 : 0000000000000080 x4 : 0000000000000001
01-01 08:00:50.654 0 0 I : x3 : ffffff80146d2ff8 x2 : 0000000000000007
01-01 08:00:50.654 0 0 I : x1 : ffffffad1e982874 x0 : 0000000000000026
01-01 08:00:50.654 0 0 I Call trace:
01-01 08:00:50.654 0 0 I : _regulator_disable+0x1a0/0x1b0
01-01 08:00:50.654 0 0 I : regulator_disable+0x3c/0x88
01-01 08:00:50.655 0 0 I : cam_soc_util_disable_platform_resource+0xb0/0x100
01-01 08:00:50.655 0 0 I : cam_cpas_soc_disable_resources+0x30/0x78
01-01 08:00:50.655 0 0 I : cam_cpas_hw_stop+0x2a0/0x4e0
01-01 08:00:50.655 0 0 I : cam_cpas_stop+0x58/0x110
01-01 08:00:50.655 0 0 I : cam_cci_soc_release+0x110/0x1a0
01-01 08:00:50.655 0 0 I : cam_cci_core_cfg+0x14c/0x15e8
01-01 08:00:50.655 0 0 I : cam_cci_subdev_ioctl+0x50/0xc0
01-01 08:00:50.655 0 0 I : cam_sensor_cci_i2c_util+0x60/0xd0
01-01 08:00:50.655 0 0 I : camera_io_release+0x38/0x88
01-01 08:00:50.655 0 0 I : cam_sensor_power_down+0x64/0x130
01-01 08:00:50.655 0 0 I : cam_sensor_driver_cmd+0x35c/0x12e0
01-01 08:00:50.655 0 0 I : cam_sensor_subdev_ioctl+0x3c/0x80
01-01 08:00:50.655 0 0 I : subdev_do_ioctl_lock+0x764/0xbc8
01-01 08:00:50.655 0 0 I : video_usercopy+0x38c/0x850
01-01 08:00:50.655 0 0 I : subdev_ioctl+0x38/0x48
01-01 08:00:50.655 0 0 I : v4l2_ioctl+0x6c/0x80
01-01 08:00:50.655 0 0 I : do_vfs_ioctl+0x748/0x1210
01-01 08:00:50.655 0 0 I : __arm64_sys_ioctl+0x78/0xa0
01-01 08:00:50.655 0 0 I : el0_svc_common+0xa4/0x190
01-01 08:00:50.655 0 0 I : el0_svc_handler+0x6c/0x88
01-01 08:00:50.655 0 0 I : el0_svc+0x8/0xc
01-01 08:00:50.655 0 0 I : irq event stamp: 304198
01-01 08:00:50.655 0 0 I : hardirqs last enabled at (304197): [] console_unlock+0x4bc/0x568
01-01 08:00:50.655 0 0 I : hardirqs last disabled at (304198): [] do_debug_exception+0x84/0x150
01-01 08:00:50.655 0 0 I : softirqs last enabled at (303924): [] __do_softirq+0x50c/0x554
01-01 08:00:50.655 0 0 I : softirqs last disabled at (303909): [] irq_exit+0xfc/0x120
01-01 08:00:50.655 0 0 W : ---[ end trace 3d8c5eba44710779 ]---
01-01 08:00:50.657 0 0 E swr-wcd rx_swr_ctrl: swrm_get_logical_dev_num: device 0xd01170224 is not ready
01-01 08:00:50.666 0 0 E swr-wcd wsa_swr_ctrl: swrm_get_logical_dev_num: device 0x1021170213 is not ready
01-01 08:00:50.668 0 0 I init : starting service 'thermal-engine'...
01-01 08:00:50.675 0 0 E swr_get_logical_dev_num: Error -22 to get logical addr for device 1021170213
01-01 08:00:50.680 0 0 I init : Created socket '/dev/socket/thermal-send-client', mode 660, user 1000, group 2907
01-01 08:00:50.683 0 0 E swr_get_logical_dev_num: Error -22 to get logical addr for device d01170224
01-01 08:00:50.692 0 0 W wsa881x : probe of wsa881x.1021170213 failed with error -22
01-01 08:00:50.696 0 0 E swr-wcd rx_swr_ctrl: swrm_get_logical_dev_num: device 0xd01170224 is not ready
01-01 08:00:50.705 0 0 E swr-wcd wsa_swr_ctrl: swrm_get_logical_dev_num: device 0x1021170214 is not ready
01-01 08:00:50.706 0 0 I qcom,camera ac50000.qcom,cci: qcom,cam-sensor3: Linked as a consumer to regulator.57
01-01 08:00:50.714 0 0 E swr_get_logical_dev_num: Error -22 to get logical addr for device d01170224
01-01 08:00:50.714 0 0 E swr_get_logical_dev_num: Error -22 to get logical addr for device 1021170214
01-01 08:00:50.731 0 0 E swr-wcd rx_swr_ctrl: swrm_get_logical_dev_num: device 0xd01170224 is not ready
01-01 08:00:50.741 0 0 E swr_get_logical_dev_num: Error -22 to get logical addr for device d01170224
01-01 08:00:50.747 0 0 I qcom,camera ac50000.qcom,cci: qcom,cam-sensor3: Linked as a consumer to regulator.86
01-01 08:00:50.750 0 0 E swr-wcd rx_swr_ctrl: swrm_get_logical_dev_num: device 0xd01170224 is not ready
01-01 08:00:50.760 0 0 W wsa881x : probe of wsa881x.1021170214 failed with error -22
01-01 08:00:50.766 0 0 E swr_get_logical_dev_num: Error -22 to get logical addr for device d01170224
01-01 08:00:50.769 1129 1129 D PackageManagerTiming: createSubComponents took to complete: 544ms
01-01 08:00:50.770 1129 1129 I PackageManagerTiming: addSharedUsers
01-01 08:00:50.770 1129 1129 D PackageManagerTiming: addSharedUsers took to complete: 0ms
01-01 08:00:50.771 1129 1129 I PackageManagerTiming: get system config
01-01 08:00:50.771 1129 1129 D PackageManagerTiming: get system config took to complete: 0ms
01-01 08:00:50.782 0 0 I qcom,camera ac50000.qcom,cci: qcom,cam-sensor3: Linked as a consumer to regulator.77
01-01 08:00:50.777 1129 1129 D PackageManager: Directories scanned as system partitions: [/system:0, /vendor:524288, /odm:4194304, /oem:262144, /product:1048576, /system_ext:2097152, /apex/com.android.vndk.v30:8388608, /apex/com.android.wifi:8388608, /apex/com.android.vndk.v31:8388608, /apex/com.android.tzdata:8388608, /apex/com.android.tethering:8388608, /apex/com.android.sdkext:8388608, /apex/com.android.scheduling:8388608, /apex/com.android.runtime:8388608, /apex/com.android.resolv:8388608, /apex/com.android.permission:8388608, /apex/com.android.os.statsd:8388608, /apex/com.android.neuralnetworks:8388608, /apex/com.android.mediaprovider:8388608, /apex/com.android.media.swcodec:8388608, /apex/com.android.media:8388608, /apex/com.android.ipsec:8388608, /apex/com.android.i18n:8388608, /apex/com.android.extservices:8388608, /apex/com.android.conscrypt:8388608, /apex/com.android.art:8388608, /apex/com.android.appsearch:8388608, /apex/com.android.adbd:8388608]
01-01 08:00:50.783 1129 1129 D SELinuxMMAC: Using policy file /system/etc/selinux/plat_mac_permissions.xml
01-01 08:00:50.788 0 0 E swr-wcd rx_swr_ctrl: swrm_get_logical_dev_num: device 0xd01170224 is not ready
01-01 08:00:50.797 0 0 E swr_get_logical_dev_num: Error -22 to get logical addr for device d01170224
01-01 08:00:50.793 1129 1129 D SELinuxMMAC: Using policy file /system_ext/etc/selinux/system_ext_mac_permissions.xml
01-01 08:00:50.798 1129 1129 D SELinuxMMAC: Using policy file /product/etc/selinux/product_mac_permissions.xml
01-01 08:00:50.800 0 0 I CAM_ERR : CAM-CCI: cam_cci_irq: 264 Base:ffffff801a05d000, M1_Q1 NACK ERROR: 0x40000000
01-01 08:00:50.807 0 0 E wcd938x_codec wcd938x-codec: wcd938x_bind: Slave bind failed, ret = -517
01-01 08:00:50.807 0 0 I CAM_ERR : CAM-CCI: cam_cci_read: 1306 ERROR with Slave 0x20:
01-01 08:00:50.816 0 0 I CAM_ERR : CAM-CCI: cam_cci_read_bytes: 1561 failed to read rc:-22
01-01 08:00:50.816 0 0 I CAM_ERR : CAM-SENSOR: cam_cci_i2c_read: 35 rc = -22
01-01 08:00:50.816 0 0 I CAM_WARN: CAM-SENSOR: cam_sensor_match_id: 769 read id: 0x0 expected id 0x885a:
01-01 08:00:50.818 0 0 I qcom,camera ac50000.qcom,cci: qcom,cam-sensor3: Dropping the link to regulator.77
01-01 08:00:50.807 1129 1129 D SELinuxMMAC: Using policy file /vendor/etc/selinux/vendor_mac_permissions.xml
01-01 08:00:50.810 1129 1129 D SELinuxMMAC: Using policy file /odm/etc/selinux/odm_mac_permissions.xml
01-01 08:00:50.813 1129 1129 I PackageManagerTiming: loadFallbacks
01-01 08:00:50.814 1129 1129 D PackageManagerTiming: loadFallbacks took to complete: 1ms
01-01 08:00:50.814 1129 1129 I PackageManagerTiming: read user settings
01-01 08:00:50.830 0 0 I qcom,camera ac50000.qcom,cci: qcom,cam-sensor3: Dropping the link to regulator.86
01-01 08:00:50.831 0 0 I qcom,camera ac50000.qcom,cci: qcom,cam-sensor3: Dropping the link to regulator.57
01-01 08:00:50.832 0 0 E : [drm:dp_display_init_aux_switch][msm-dp-err][1140]failed to register notifier (-22)
01-01 08:00:50.874 1330 1330 I imsrcsd : Uce Service HAL is starting up...
01-01 08:00:50.876 0 0 E swr-wcd rx_swr_ctrl: swrm_get_logical_dev_num: device 0xd01170224 is not ready
01-01 08:00:50.900 0 0 E swr_get_logical_dev_num: Error -22 to get logical addr for device d01170224
01-01 08:00:50.902 0 0 I qcom,camera ac50000.qcom,cci: qcom,cam-sensor6: Linked as a consumer to regulator.56
01-01 08:00:50.924 0 0 I qcom,camera ac50000.qcom,cci: qcom,cam-sensor6: Linked as a consumer to regulator.54
01-01 08:00:50.925 0 0 W subsys-pil-tz soc: qcom,kgsl-hyp: Falling back to syfs fallback for: a650_zap.mdt
01-01 08:00:50.928 0 0 E swr-wcd rx_swr_ctrl: swrm_get_logical_dev_num: device 0xd01170224 is not ready
01-01 08:00:50.928 0 0 I qcom,camera ac50000.qcom,cci: qcom,cam-sensor6: Linked as a consumer to regulator.57
01-01 08:00:50.944 0 0 I ueventd : firmware: loading 'a650_zap.mdt' for '/devices/platform/soc/soc:qcom,kgsl-hyp/firmware/a650_zap.mdt'
01-01 08:00:50.946 0 0 E swr_get_logical_dev_num: Error -22 to get logical addr for device d01170224
01-01 08:00:50.947 0 0 I qcom,camera ac50000.qcom,cci: qcom,cam-sensor6: Linked as a consumer to regulator.77
01-01 08:00:50.955 0 0 I ueventd : loading /devices/platform/soc/soc:qcom,kgsl-hyp/firmware/a650_zap.mdt took 12ms
01-01 08:00:50.957 0 0 E swr-wcd rx_swr_ctrl: swrm_get_logical_dev_num: device 0xd01170224 is not ready
01-01 08:00:50.949 1129 1129 W android.permission.PermissionManager: Missing ActivityManager; assuming 1000 holds android.permission.SET_PREFERRED_APPLICATIONS
01-01 08:00:50.952 1129 1129 W android.permission.PermissionManager: Missing ActivityManager; assuming 1000 holds android.permission.SET_PREFERRED_APPLICATIONS
01-01 08:00:50.953 1129 1129 W android.permission.PermissionManager: Missing ActivityManager; assuming 1000 holds android.permission.SET_PREFERRED_APPLICATIONS
01-01 08:00:50.957 1129 1129 W android.permission.PermissionManager: Missing ActivityManager; assuming 1000 holds android.permission.SET_PREFERRED_APPLICATIONS
01-01 08:00:50.962 0 0 I lan743x 0001: 01:00.0 eth0: using MSIX interrupts, number of vectors = 6
01-01 08:00:50.965 0 0 E swr_get_logical_dev_num: Error -22 to get logical addr for device d01170224
01-01 08:00:50.958 1129 1129 W android.permission.PermissionManager: Missing ActivityManager; assuming 1000 holds android.permission.SET_PREFERRED_APPLICATIONS
01-01 08:00:50.959 1129 1129 W android.permission.PermissionManager: Missing ActivityManager; assuming 1000 holds android.permission.SET_PREFERRED_APPLICATIONS
01-01 08:00:50.960 1129 1129 W android.permission.PermissionManager: Missing ActivityManager; assuming 1000 holds android.permission.SET_PREFERRED_APPLICATIONS
01-01 08:00:50.976 0 0 E swr-wcd rx_swr_ctrl: swrm_get_logical_dev_num: device 0xd01170224 is not ready
01-01 08:00:50.985 0 0 E swr_get_logical_dev_num: Error -22 to get logical addr for device d01170224
01-01 08:00:50.990 0 0 I mv2112_config_aneg: autoneg 1
01-01 08:00:50.990 0 0 I binder : 1309:1309 ioctl 40046210 7fdd0c3fc4 returned -22
01-01 08:00:50.993 0 0 I : mv2112_restart_aneg
01-01 08:00:50.985 1129 1129 W android.permission.PermissionManager: Missing ActivityManager; assuming 1000 holds android.permission.SET_PREFERRED_APPLICATIONS
01-01 08:00:50.994 0 0 D : mv2112_read_status
01-01 08:00:50.995 1129 1129 W android.permission.PermissionManager: Missing ActivityManager; assuming 1000 holds android.permission.SET_PREFERRED_APPLICATIONS
01-01 08:00:51.002 1330 1330 I imsrcsd : Uce Service HAL loading imsrcsbaseimpl
01-01 08:00:51.003 1129 1129 W android.permission.PermissionManager: Missing ActivityManager; assuming 1000 holds android.permission.SET_PREFERRED_APPLICATIONS
01-01 08:00:51.016 1129 1129 W android.permission.PermissionManager: Missing ActivityManager; assuming 1000 holds android.permission.SET_PREFERRED_APPLICATIONS
01-01 08:00:51.017 1129 1129 W android.permission.PermissionManager: Missing ActivityManager; assuming 1000 holds android.permission.SET_PREFERRED_APPLICATIONS
01-01 08:00:51.017 1129 1129 W android.permission.PermissionManager: Missing ActivityManager; assuming 1000 holds android.permission.SET_PREFERRED_APPLICATIONS
01-01 08:00:51.018 1129 1129 W android.permission.PermissionManager: Missing ActivityManager; assuming 1000 holds android.permission.SET_PREFERRED_APPLICATIONS
01-01 08:00:51.018 1129 1129 W android.permission.PermissionManager: Missing ActivityManager; assuming 1000 holds android.permission.SET_PREFERRED_APPLICATIONS
01-01 08:00:51.019 1129 1129 W android.permission.PermissionManager: Missing ActivityManager; assuming 1000 holds android.permission.SET_PREFERRED_APPLICATIONS
01-01 08:00:51.019 1129 1129 W android.permission.PermissionManager: Missing ActivityManager; assuming 1000 holds android.permission.SET_PREFERRED_APPLICATIONS
01-01 08:00:51.020 1129 1129 W android.permission.PermissionManager: Missing ActivityManager; assuming 1000 holds android.permission.SET_PREFERRED_APPLICATIONS
01-01 08:00:51.021 1129 1129 W android.permission.PermissionManager: Missing ActivityManager; assuming 1000 holds android.permission.SET_PREFERRED_APPLICATIONS
01-01 08:00:51.023 1129 1129 W android.permission.PermissionManager: Missing ActivityManager; assuming 1000 holds android.permission.SET_PREFERRED_APPLICATIONS
01-01 08:00:51.024 1129 1129 W android.permission.PermissionManager: Missing ActivityManager; assuming 1000 holds android.permission.SET_PREFERRED_APPLICATIONS
01-01 08:00:51.027 1129 1129 W android.permission.PermissionManager: Missing ActivityManager; assuming 1000 holds android.permission.SET_PREFERRED_APPLICATIONS
01-01 08:00:51.035 1129 1129 W android.permission.PermissionManager: Missing ActivityManager; assuming 1000 holds android.permission.SET_PREFERRED_APPLICATIONS
01-01 08:00:51.036 1129 1129 W android.permission.PermissionManager: Missing ActivityManager; assuming 1000 holds android.permission.SET_PREFERRED_APPLICATIONS
01-01 08:00:51.038 1129 1129 W android.permission.PermissionManager: Missing ActivityManager; assuming 1000 holds android.permission.SET_PREFERRED_APPLICATIONS
01-01 08:00:50.994 0 0 D mv2112_update_link: 3.0x901(1G): 0x80
01-01 08:00:50.994 0 0 E swr-wcd rx_swr_ctrl: swrm_get_logical_dev_num: device 0xd01170224 is not ready
01-01 08:00:50.994 0 0 D mv2112_update_link: 3.0x8109(100M): 0x0
01-01 08:00:50.995 0 0 I CAM_ERR : CAM-CCI: cam_cci_irq: 238 Base:ffffff801a05d000, M0_Q1 NACK ERROR: 0x10000000
01-01 08:00:50.995 0 0 I CAM_ERR : CAM-CCI: cam_cci_read: 1306 ERROR with Slave 0xc0:
01-01 08:00:50.995 0 0 I CAM_ERR : CAM-CCI: cam_cci_read_bytes: 1561 failed to read rc:-22
01-01 08:00:50.995 0 0 I CAM_ERR : CAM-SENSOR: cam_cci_i2c_read: 35 rc = -22
01-01 08:00:50.995 0 0 I CAM_WARN: CAM-SENSOR: cam_sensor_match_id: 769 read id: 0x0 expected id 0x9281:
01-01 08:00:50.996 0 0 I qcom,camera ac50000.qcom,cci: qcom,cam-sensor6: Dropping the link to regulator.77
01-01 08:00:51.000 0 0 I qcom,camera ac50000.qcom,cci: qcom,cam-sensor6: Dropping the link to regulator.57
01-01 08:00:51.001 0 0 I qcom,camera ac50000.qcom,cci: qcom,cam-sensor6: Dropping the link to regulator.54
01-01 08:00:51.001 0 0 I qcom,camera ac50000.qcom,cci: qcom,cam-sensor6: Dropping the link to regulator.56
01-01 08:00:51.003 0 0 E swr_get_logical_dev_num: Error -22 to get logical addr for device d01170224
01-01 08:00:51.007 0 0 D mv2112_update_link: link 0x0
01-01 08:00:51.012 0 0 E wcd938x_codec wcd938x-codec: wcd938x_bind: Slave bind failed, ret = -517
01-01 08:00:51.026 0 0 I lan743x 0001: 01:00.0 eth0: successfully registered ptp clock
01-01 08:00:51.026 0 0 I binder : 1297:1297 ioctl 40046210 7fe66b9364 returned -22
01-01 08:00:51.051 0 0 I qcom,camera ac4f000.qcom,cci: qcom,cam-sensor5: Linked as a consumer to regulator.56
01-01 08:00:51.039 1129 1129 W android.permission.PermissionManager: Missing ActivityManager; assuming 1000 holds android.permission.SET_PREFERRED_APPLICATIONS
01-01 08:00:51.057 0 0 I binder : 1306:1306 ioctl 40046210 7fe310a384 returned -22
01-01 08:00:51.041 1129 1129 W android.permission.PermissionManager: Missing ActivityManager; assuming 1000 holds android.permission.SET_PREFERRED_APPLICATIONS
01-01 08:00:51.044 1129 1129 W android.permission.PermissionManager: Missing ActivityManager; assuming 1000 holds android.permission.SET_PREFERRED_APPLICATIONS
01-01 08:00:51.045 1129 1129 W android.permission.PermissionManager: Missing ActivityManager; assuming 1000 holds android.permission.SET_PREFERRED_APPLICATIONS
01-01 08:00:51.063 0 0 I subsys-pil-tz soc: qcom,kgsl-hyp: a650_zap: loading from 0x00000000fcf00000 to 0x00000000fcf01000
01-01 08:00:51.064 0 0 I qcom,camera ac4f000.qcom,cci: qcom,cam-sensor5: Linked as a consumer to regulator.53
01-01 08:00:51.071 0 0 W subsys-pil-tz soc: qcom,kgsl-hyp: Falling back to syfs fallback for: a650_zap.b02
01-01 08:00:51.072 0 0 I qcom,camera ac4f000.qcom,cci: qcom,cam-sensor5: Linked as a consumer to regulator.57
01-01 08:00:51.074 0 0 I qcom,camera ac4f000.qcom,cci: qcom,cam-sensor5: Linked as a consumer to regulator.77
01-01 08:00:51.078 0 0 I binder : 1306:1306 ioctl 40046210 7fe310a2b4 returned -22
01-01 08:00:51.088 0 0 I ueventd : firmware: loading 'a650_zap.b02' for '/devices/platform/soc/soc:qcom,kgsl-hyp/firmware/a650_zap.b02'
01-01 08:00:51.093 0 0 I ueventd : loading /devices/platform/soc/soc:qcom,kgsl-hyp/firmware/a650_zap.b02 took 5ms
01-01 08:00:51.093 0 0 I subsys-pil-tz soc: qcom,kgsl-hyp: a650_zap: Brought out of reset
01-01 08:00:51.095 0 0 I binder : 1298:1298 ioctl 40046210 7fce4e3014 returned -22
01-01 08:00:51.108 0 0 I CAM_ERR : CAM-CCI: cam_cci_irq: 264 Base:ffffff801a055000, M1_Q1 NACK ERROR: 0x40000000
01-01 08:00:51.050 1129 1129 W android.permission.PermissionManager: Missing ActivityManager; assuming 1000 holds android.permission.SET_PREFERRED_APPLICATIONS
01-01 08:00:51.108 0 0 I CAM_ERR : CAM-CCI: cam_cci_read: 1306 ERROR with Slave 0xc0:
01-01 08:00:51.062 1129 1129 W android.permission.PermissionManager: Missing ActivityManager; assuming 1000 holds android.permission.SET_PREFERRED_APPLICATIONS
01-01 08:00:51.066 1129 1129 W android.permission.PermissionManager: Missing ActivityManager; assuming 1000 holds android.permission.SET_PREFERRED_APPLICATIONS
01-01 08:00:51.067 1129 1129 W android.permission.PermissionManager: Missing ActivityManager; assuming 1000 holds android.permission.SET_PREFERRED_APPLICATIONS
01-01 08:00:51.067 1306 1306 W storaged: health: invalid battery status
01-01 08:00:51.070 1129 1129 W android.permission.PermissionManager: Missing ActivityManager; assuming 1000 holds android.permission.SET_PREFERRED_APPLICATIONS
01-01 08:00:51.071 1129 1129 W android.permission.PermissionManager: Missing ActivityManager; assuming 1000 holds android.permission.SET_PREFERRED_APPLICATIONS
01-01 08:00:51.071 1129 1129 W android.permission.PermissionManager: Missing ActivityManager; assuming 1000 holds android.permission.SET_PREFERRED_APPLICATIONS
01-01 08:00:51.072 1129 1129 W android.permission.PermissionManager: Missing ActivityManager; assuming 1000 holds android.permission.SET_PREFERRED_APPLICATIONS
01-01 08:00:51.073 1129 1129 W android.permission.PermissionManager: Missing ActivityManager; assuming 1000 holds android.permission.SET_PREFERRED_APPLICATIONS
01-01 08:00:51.073 1129 1129 W android.permission.PermissionManager: Missing ActivityManager; assuming 1000 holds android.permission.SET_PREFERRED_APPLICATIONS
01-01 08:00:51.074 1129 1129 W android.permission.PermissionManager: Missing ActivityManager; assuming 1000 holds android.permission.SET_PREFERRED_APPLICATIONS
01-01 08:00:51.074 1129 1129 W android.permission.PermissionManager: Missing ActivityManager; assuming 1000 holds android.permission.SET_PREFERRED_APPLICATIONS
01-01 08:00:51.075 1129 1129 W android.permission.PermissionManager: Missing ActivityManager; assuming 1000 holds android.permission.SET_PREFERRED_APPLICATIONS
01-01 08:00:51.075 1129 1129 W android.permission.PermissionManager: Missing ActivityManager; assuming 1000 holds android.permission.SET_PREFERRED_APPLICATIONS
01-01 08:00:51.076 1129 1129 W android.permission.PermissionManager: Missing ActivityManager; assuming 1000 holds android.permission.SET_PREFERRED_APPLICATIONS
01-01 08:00:51.076 1129 1129 W android.permission.PermissionManager: Missing ActivityManager; assuming 1000 holds android.permission.SET_PREFERRED_APPLICATIONS
01-01 08:00:51.077 1129 1129 W android.permission.PermissionManager: Missing ActivityManager; assuming 1000 holds android.permission.SET_PREFERRED_APPLICATIONS
01-01 08:00:51.077 1129 1129 W android.permission.PermissionManager: Missing ActivityManager; assuming 1000 holds android.permission.SET_PREFERRED_APPLICATIONS
01-01 08:00:51.080 1129 1129 W android.permission.PermissionManager: Missing ActivityManager; assuming 1000 holds android.permission.SET_PREFERRED_APPLICATIONS
01-01 08:00:51.081 1129 1129 W android.permission.PermissionManager: Missing ActivityManager; assuming 1000 holds android.permission.SET_PREFERRED_APPLICATIONS
01-01 08:00:51.082 1129 1129 W android.permission.PermissionManager: Missing ActivityManager; assuming 1000 holds android.permission.SET_PREFERRED_APPLICATIONS
01-01 08:00:51.082 1129 1129 W android.permission.PermissionManager: Missing ActivityManager; assuming 1000 holds android.permission.SET_PREFERRED_APPLICATIONS
01-01 08:00:51.082 1129 1129 W android.permission.PermissionManager: Missing ActivityManager; assuming 1000 holds android.permission.SET_PREFERRED_APPLICATIONS
01-01 08:00:51.083 1129 1129 W android.permission.PermissionManager: Missing ActivityManager; assuming 1000 holds android.permission.SET_PREFERRED_APPLICATIONS
01-01 08:00:51.083 1129 1129 W android.permission.PermissionManager: Missing ActivityManager; assuming 1000 holds android.permission.SET_PREFERRED_APPLICATIONS
01-01 08:00:51.084 1129 1129 W android.permission.PermissionManager: Missing ActivityManager; assuming 1000 holds android.permission.SET_PREFERRED_APPLICATIONS
01-01 08:00:51.087 1129 1129 W android.permission.PermissionManager: Missing ActivityManager; assuming 1000 holds android.permission.SET_PREFERRED_APPLICATIONS
01-01 08:00:51.087 1129 1129 W android.permission.PermissionManager: Missing ActivityManager; assuming 1000 holds android.permission.SET_PREFERRED_APPLICATIONS
01-01 08:00:51.088 1129 1129 W android.permission.PermissionManager: Missing ActivityManager; assuming 1000 holds android.permission.SET_PREFERRED_APPLICATIONS
01-01 08:00:51.089 1129 1129 W android.permission.PermissionManager: Missing ActivityManager; assuming 1000 holds android.permission.SET_PREFERRED_APPLICATIONS
01-01 08:00:51.089 1129 1129 W android.permission.PermissionManager: Missing ActivityManager; assuming 1000 holds android.permission.SET_PREFERRED_APPLICATIONS
01-01 08:00:51.090 1129 1129 W android.permission.PermissionManager: Missing ActivityManager; assuming 1000 holds android.permission.SET_PREFERRED_APPLICATIONS
01-01 08:00:51.091 1129 1129 W android.permission.PermissionManager: Missing ActivityManager; assuming 1000 holds android.permission.SET_PREFERRED_APPLICATIONS
01-01 08:00:51.091 1129 1129 W android.permission.PermissionManager: Missing ActivityManager; assuming 1000 holds android.permission.SET_PREFERRED_APPLICATIONS
01-01 08:00:51.092 1129 1129 W android.permission.PermissionManager: Missing ActivityManager; assuming 1000 holds android.permission.SET_PREFERRED_APPLICATIONS
01-01 08:00:51.092 1129 1129 W android.permission.PermissionManager: Missing ActivityManager; assuming 1000 holds android.permission.SET_PREFERRED_APPLICATIONS
01-01 08:00:51.093 1129 1129 W android.permission.PermissionManager: Missing ActivityManager; assuming 1000 holds android.permission.SET_PREFERRED_APPLICATIONS
01-01 08:00:51.093 1129 1129 W android.permission.PermissionManager: Missing ActivityManager; assuming 1000 holds android.permission.SET_PREFERRED_APPLICATIONS
01-01 08:00:51.093 1129 1129 W android.permission.PermissionManager: Missing ActivityManager; assuming 1000 holds android.permission.SET_PREFERRED_APPLICATIONS
01-01 08:00:51.094 1129 1129 W android.permission.PermissionManager: Missing ActivityManager; assuming 1000 holds android.permission.SET_PREFERRED_APPLICATIONS
01-01 08:00:51.094 1129 1129 W android.permission.PermissionManager: Missing ActivityManager; assuming 1000 holds android.permission.SET_PREFERRED_APPLICATIONS
01-01 08:00:51.095 1129 1129 W android.permission.PermissionManager: Missing ActivityManager; assuming 1000 holds android.permission.SET_PREFERRED_APPLICATIONS
01-01 08:00:51.095 1129 1129 W android.permission.PermissionManager: Missing ActivityManager; assuming 1000 holds android.permission.SET_PREFERRED_APPLICATIONS
01-01 08:00:51.095 1129 1129 W android.permission.PermissionManager: Missing ActivityManager; assuming 1000 holds android.permission.SET_PREFERRED_APPLICATIONS
01-01 08:00:51.096 1129 1129 W android.permission.PermissionManager: Missing ActivityManager; assuming 1000 holds android.permission.SET_PREFERRED_APPLICATIONS
01-01 08:00:51.096 1129 1129 W android.permission.PermissionManager: Missing ActivityManager; assuming 1000 holds android.permission.SET_PREFERRED_APPLICATIONS
01-01 08:00:51.097 1129 1129 W android.permission.PermissionManager: Missing ActivityManager; assuming 1000 holds android.permission.SET_PREFERRED_APPLICATIONS
