09-24 00:13:03.075 1129 1873 D CompatibilityChangeReporter: Compat change id reported: 135754954; UID 10090; state: ENABLED
09-24 00:13:03.099 1129 1873 D CompatibilityChangeReporter: Compat change id reported: 182478738; UID 1001; state: DISABLED
01-01 08:01:03.296 0 0 E msm-dwc3 a600000.ssusb: ep [gsi-epin1,29] already configured as msm endpoint
01-01 08:01:03.311 0 0 E msm-dwc3 a600000.ssusb: ep [gsi-epin2,31] already configured as msm endpoint
09-24 00:13:03.129 1129 1234 W ActivityManager: Slow operation: 114ms so far, now at startProcess: returned from zygote!
09-24 00:13:03.129 1129 1234 W ActivityManager: Slow operation: 114ms so far, now at startProcess: done updating battery stats
09-24 00:13:03.129 1129 1234 W ActivityManager: Slow operation: 114ms so far, now at startProcess: building log message
09-24 00:13:03.129 1129 1234 I ActivityManager: Start proc 3103:com.qualcomm.location.XT/u0a79 for service {com.qualcomm.location.XT/com.qualcomm.location.XT.XTSrv}
09-24 00:13:03.129 1129 1234 W ActivityManager: Slow operation: 114ms so far, now at startProcess: starting to update pids map
09-24 00:13:03.130 1129 1234 W ActivityManager: Slow operation: 115ms so far, now at startProcess: done updating pids map
09-24 00:13:03.130 1129 1234 W ActivityManager: Slow operation: 56ms so far, now at startProcess: asking zygote to start proc
09-24 00:13:03.130 1129 1234 D CompatibilityChangeReporter: Compat change id reported: 143937733; UID 10090; state: ENABLED
09-24 00:13:03.141 1129 2788 I StorageUserConnection: Service: [ComponentInfo{com.android.providers.media.module/com.android.providers.media.fuse.ExternalStorageServiceImpl}] connected. User [0]
01-01 08:01:03.332 0 0 E msm-dwc3 a600000.ssusb: ep [gsi-epout1,30] already configured as msm endpoint
09-24 00:13:03.143 1129 1873 D CompatibilityChangeReporter: Compat change id reported: 157233955; UID 10082; state: DISABLED
01-01 08:01:03.359 0 0 I android_work: did not send uevent (0 0 0000000000000000)
09-24 00:13:03.207 1129 1234 W ActivityManager: Slow operation: 134ms so far, now at startProcess: returned from zygote!
09-24 00:13:03.209 1129 1234 W ActivityManager: Slow operation: 136ms so far, now at startProcess: done updating battery stats
09-24 00:13:03.210 1129 1234 W ActivityManager: Slow operation: 136ms so far, now at startProcess: building log message
09-24 00:13:03.210 1129 1234 I ActivityManager: Start proc 3121:com.qualcomm.qtil.aptxui/u0a90 for broadcast {com.qualcomm.qtil.aptxui/com.qualcomm.qtil.aptxui.aptxuiBootReceiver}
09-24 00:13:03.210 1129 1234 W ActivityManager: Slow operation: 136ms so far, now at startProcess: starting to update pids map
09-24 00:13:03.211 1129 1234 W ActivityManager: Slow operation: 137ms so far, now at startProcess: done updating pids map
01-01 08:01:03.405 0 0 I binder : 3103:3103 ioctl 40046210 7fea9046a4 returned -22
09-24 00:13:03.237 1129 1571 D CompatibilityChangeReporter: Compat change id reported: 171306433; UID 1000; state: ENABLED
09-24 00:13:03.239 1129 2845 D CompatibilityChangeReporter: Compat change id reported: 168419799; UID 10079; state: DISABLED
01-01 08:01:03.474 0 0 I binder : 3121:3121 ioctl 40046210 7fea9046a4 returned -22
09-24 00:13:03.305 1129 2845 D CompatibilityChangeReporter: Compat change id reported: 168419799; UID 10090; state: DISABLED
01-01 08:01:03.578 0 0 I binder : 3103:3164 ioctl 40046210 789aec4944 returned -22
09-24 00:13:03.512 1129 1873 D CompatibilityChangeReporter: Compat change id reported: 168419799; UID 10032; state: DISABLED
09-24 00:13:03.515 1129 1873 W ActivityTaskManager: Current config: {1.0 ?mcc?mnc [zh_CN] ldltr sw680dp w1586dp h608dp 240dpi lrg long hdr land finger -keyb/v/h -nav/h winConfig={ mBounds=Rect(0, 0 - 2380, 1020) mAppBounds=Rect(0, 0 - 2380, 948) mMaxBounds=Rect(0, 0 - 2380, 1020) mWindowingMode=fullscreen mDisplayWindowingMode=fullscreen mActivityType=undefined mAlwaysOnTop=undefined mRotation=ROTATION_0} s.10 fontWeightAdjustment=0} unchanged for IME proc com.sohu.inputmethod.sogou.car
09-24 00:13:03.515 1129 1873 W ActivityTaskManager: Current config: {1.0 ?mcc?mnc [zh_CN] ldltr sw680dp w1586dp h608dp 240dpi lrg long hdr land finger -keyb/v/h -nav/h winConfig={ mBounds=Rect(0, 0 - 2380, 1020) mAppBounds=Rect(0, 0 - 2380, 948) mMaxBounds=Rect(0, 0 - 2380, 1020) mWindowingMode=fullscreen mDisplayWindowingMode=fullscreen mActivityType=undefined mAlwaysOnTop=undefined mRotation=ROTATION_0} s.10 fontWeightAdjustment=0} unchanged for IME proc com.sohu.inputmethod.sogou.car
01-01 08:01:03.908 0 0 I binder : 2085:2085 ioctl 40046210 7fea904034 returned -22
09-24 00:13:03.702 1129 1873 D CompatibilityChangeReporter: Compat change id reported: 168419799; UID 10051; state: DISABLED
09-24 00:13:03.721 2138 2138 W ContextImpl: Calling a method in the system process without a qualified user: android.app.ContextImpl.startService:1816 android.content.ContextWrapper.startService:774 android.content.ContextWrapper.startService:774 vendor.qti.qesdk.sysservice.QesdkSysReceiver.onReceive:42 android.app.ActivityThread.handleReceiver:4309
09-24 00:13:03.732 1129 2845 D CompatibilityChangeReporter: Compat change id reported: 168419799; UID 10075; state: DISABLED
09-24 00:13:03.763 1129 1873 D CompatibilityChangeReporter: Compat change id reported: 135634846; UID 10035; state: DISABLED
09-24 00:13:03.763 1129 1873 D CompatibilityChangeReporter: Compat change id reported: 177438394; UID 10035; state: DISABLED
09-24 00:13:03.763 1129 1873 D CompatibilityChangeReporter: Compat change id reported: 135772972; UID 10035; state: DISABLED
09-24 00:13:03.763 1129 1873 D CompatibilityChangeReporter: Compat change id reported: 135754954; UID 10035; state: ENABLED
09-24 00:13:03.765 1129 1234 D CompatibilityChangeReporter: Compat change id reported: 143937733; UID 10035; state: ENABLED
09-24 00:13:03.789 1129 1216 D ColorDisplayService: NightDisplayTintController Animation cancelled: false to matrix:
09-24 00:13:03.789 1129 1216 D ColorDisplayService: 1.000000 0.000000 0.000000 0.000000 0.000000 1.000000 0.000000 0.000000 0.000000 0.000000 1.000000 0.000000 0.000000 0.000000 0.000000 1.000000 min matrix coefficients:
09-24 00:13:03.789 1129 1216 D ColorDisplayService: 1.000000 0.000000 0.000000 0.000000 0.000000 1.000000 0.000000 0.000000 0.000000 0.000000 1.000000 0.000000 0.000000 0.000000 0.000000 1.000000 max matrix coefficients:
09-24 00:13:03.789 1129 1216 D ColorDisplayService: 1.000000 0.000000 0.000000 0.000000 0.000000 1.000000 0.000000 0.000000 0.000000 0.000000 1.000000 0.000000 0.000000 0.000000 0.000000 1.000000
09-24 00:13:03.802 1129 1234 I ActivityManager: Start proc 3212:com.android.traceur/u0a35 for broadcast {com.android.traceur/com.android.traceur.Receiver}
01-01 08:01:04.036 0 0 I binder : 3212:3212 ioctl 40046210 7fea9046a4 returned -22
09-24 00:13:03.853 1129 2029 D CompatibilityChangeReporter: Compat change id reported: 168419799; UID 10035; state: DISABLED
01-01 08:01:04.184 0 0 D : mv2112_read_status
01-01 08:01:04.184 0 0 D mv2112_update_link: 3.0x901(1G): 0x80
01-01 08:01:04.184 0 0 D mv2112_update_link: 3.0x8109(100M): 0x0
01-01 08:01:04.184 0 0 D mv2112_update_link: link 0x0
01-01 08:01:04.184 0 0 D mv2112_read_status: autoneg is disabled
09-24 00:13:04.146 560 560 I vold : Bind mounting /mnt/runtime/default/emulated/0/Android/data on /mnt/user/0/emulated/0/Android/data
09-24 00:13:04.156 560 560 I vold : Bind mounted /mnt/runtime/default/emulated/0/Android/data on /mnt/user/0/emulated/0/Android/data
09-24 00:13:04.156 560 560 I vold : Bind mounting /mnt/runtime/default/emulated/0/Android/obb on /mnt/user/0/emulated/0/Android/obb
09-24 00:13:04.163 560 560 I vold : Bind mounted /mnt/runtime/default/emulated/0/Android/obb on /mnt/user/0/emulated/0/Android/obb
09-24 00:13:04.164 560 560 I vold : Bind mounting /mnt/runtime/write/emulated/0/Android/obb on /mnt/installer/0/emulated/0/Android/obb
09-24 00:13:04.168 560 560 I vold : Bind mounted /mnt/runtime/write/emulated/0/Android/obb on /mnt/installer/0/emulated/0/Android/obb
09-24 00:13:04.168 560 560 I vold : Configuring read_ahead of /mnt/user/0/emulated fuse filesystem to 256kb
09-24 00:13:04.169 560 560 I vold : Writing 256 to /sys/class/bdi/0:74/read_ahead_kb
09-24 00:13:04.169 560 560 I vold : Configuring max_ratio of /mnt/user/0/emulated fuse filesystem to 40
09-24 00:13:04.169 560 560 I vold : Writing 40 to /sys/class/bdi/0:74/max_ratio
09-24 00:13:04.170 1129 1790 I StorageManagerService: Mounted volume VolumeInfo{emulated;0}:
09-24 00:13:04.170 1129 1790 I StorageManagerService: type=EMULATED diskId=null partGuid= mountFlags=PRIMARY|VISIBLE
09-24 00:13:04.170 1129 1790 I StorageManagerService: mountUserId=0 state=CHECKING
09-24 00:13:04.170 1129 1790 I StorageManagerService: fsType=null fsUuid=null fsLabel=null
09-24 00:13:04.170 1129 1790 I StorageManagerService: path=/storage/emulated internalPath=/data/media
09-24 00:13:04.173 1129 2029 D CompatibilityChangeReporter: Compat change id reported: 135634846; UID 1000; state: DISABLED
09-24 00:13:04.173 1129 2029 D CompatibilityChangeReporter: Compat change id reported: 177438394; UID 1000; state: DISABLED
09-24 00:13:04.174 1129 2029 D CompatibilityChangeReporter: Compat change id reported: 135772972; UID 1000; state: DISABLED
09-24 00:13:04.174 1129 2029 D CompatibilityChangeReporter: Compat change id reported: 135754954; UID 1000; state: DISABLED
09-24 00:13:04.175 1129 1790 I StorageSessionController: Notifying volume state changed for session with id: emulated;0
09-24 00:13:04.183 1129 1790 I StorageSessionController: Notifying volume state changed for session with id: emulated;0
09-24 00:13:04.195 1129 1790 I StorageSessionController: Notifying volume state changed for session with id: emulated;0
09-24 00:13:04.213 1129 1234 I ActivityManager: Start proc 3247:com.qualcomm.qti.qmmi/1000 for broadcast {com.qualcomm.qti.qmmi/com.qualcomm.qti.qmmi.framework.QmmiReceiver}
09-24 00:13:04.218 1129 1790 D StorageManagerService: Volume emulated;0 broadcasting mounted to UserHandle{0}
09-24 00:13:04.222 1129 1790 D StorageManagerService: Volume emulated;0 broadcasting mounted to UserHandle{0}
09-24 00:13:04.258 1129 2845 D CompatibilityChangeReporter: Compat change id reported: 149924527; UID 10099; state: ENABLED
09-24 00:13:04.259 1129 2845 D CompatibilityChangeReporter: Compat change id reported: 132649864; UID 10099; state: DISABLED
09-24 00:13:04.260 1129 2845 D CompatibilityChangeReporter: Compat change id reported: 182734110; UID 10099; state: DISABLED
01-01 08:01:04.455 0 0 I binder : 3247:3247 ioctl 40046210 7fea9046a4 returned -22
09-24 00:13:04.515 1129 1571 D CompatibilityChangeReporter: Compat change id reported: 168419799; UID 10063; state: DISABLED
09-24 00:13:04.523 2285 2285 E AndroidRuntime: FATAL EXCEPTION: main
09-24 00:13:04.523 2285 2285 E AndroidRuntime: Process: com.qualcomm.qti.devicestatisticsservice, PID: 2285
09-24 00:13:04.523 2285 2285 E AndroidRuntime: java.lang.NoClassDefFoundError: Failed resolution of: Landroid/hidl/manager/V1_0/IServiceNotification$Stub;
09-24 00:13:04.523 2285 2285 E AndroidRuntime: at com.qualcomm.qti.devicestatisticsservice.DeviceStatisticsService.onStartCommand(DeviceStatisticsService.java:83)
09-24 00:13:04.523 2285 2285 E AndroidRuntime: at android.app.ActivityThread.handleServiceArgs(ActivityThread.java:4640)
09-24 00:13:04.523 2285 2285 E AndroidRuntime: at android.app.ActivityThread.access$2000(ActivityThread.java:248)
09-24 00:13:04.523 2285 2285 E AndroidRuntime: at android.app.ActivityThread$H.handleMessage(ActivityThread.java:2092)
09-24 00:13:04.523 2285 2285 E AndroidRuntime: at android.os.Handler.dispatchMessage(Handler.java:106)
09-24 00:13:04.523 2285 2285 E AndroidRuntime: at android.os.Looper.loopOnce(Looper.java:201)
09-24 00:13:04.523 2285 2285 E AndroidRuntime: at android.os.Looper.loop(Looper.java:288)
09-24 00:13:04.523 2285 2285 E AndroidRuntime: at android.app.ActivityThread.main(ActivityThread.java:7880)
09-24 00:13:04.523 2285 2285 E AndroidRuntime: at java.lang.reflect.Method.invoke(Native Method)
09-24 00:13:04.523 2285 2285 E AndroidRuntime: at com.android.internal.os.RuntimeInit$MethodAndArgsCaller.run(RuntimeInit.java:548)
09-24 00:13:04.523 2285 2285 E AndroidRuntime: at com.android.internal.os.ZygoteInit.main(ZygoteInit.java:1009)
09-24 00:13:04.523 2285 2285 E AndroidRuntime: Caused by: java.lang.ClassNotFoundException: android.hidl.manager.V1_0.IServiceNotification$Stub
09-24 00:13:04.523 2285 2285 E AndroidRuntime: ... 11 more
09-24 00:13:04.530 1129 3275 I DropBoxManagerService: add tag=system_app_crash isTagEnabled=true flags=0x2
09-24 00:13:04.543 1129 1873 D CompatibilityChangeReporter: Compat change id reported: 168419799; UID 1000; state: DISABLED
09-24 00:13:04.549 1129 1129 E BootReceiver: Could not open /sys/kernel/tracing/instances/bootreceiver/trace_pipe
09-24 00:13:04.549 1129 1129 E BootReceiver: android.system.ErrnoException: open failed: ENOENT (No such file or directory)
09-24 00:13:04.549 1129 1129 E BootReceiver: at libcore.io.Linux.open(Native Method)
09-24 00:13:04.549 1129 1129 E BootReceiver: at libcore.io.ForwardingOs.open(ForwardingOs.java:567)
09-24 00:13:04.549 1129 1129 E BootReceiver: at libcore.io.BlockGuardOs.open(BlockGuardOs.java:273)
09-24 00:13:04.549 1129 1129 E BootReceiver: at android.system.Os.open(Os.java:501)
09-24 00:13:04.549 1129 1129 E BootReceiver: at com.android.server.BootReceiver.onReceive(BootReceiver.java:167)
09-24 00:13:04.549 1129 1129 E BootReceiver: at android.app.ActivityThread.handleReceiver(ActivityThread.java:4309)
09-24 00:13:04.549 1129 1129 E BootReceiver: at android.app.ActivityThread.access$1600(ActivityThread.java:248)
09-24 00:13:04.549 1129 1129 E BootReceiver: at android.app.ActivityThread$H.handleMessage(ActivityThread.java:2065)
09-24 00:13:04.549 1129 1129 E BootReceiver: at android.os.Handler.dispatchMessage(Handler.java:106)
09-24 00:13:04.549 1129 1129 E BootReceiver: at android.os.Looper.loopOnce(Looper.java:201)
09-24 00:13:04.549 1129 1129 E BootReceiver: at android.os.Looper.loop(Looper.java:288)
09-24 00:13:04.549 1129 1129 E BootReceiver: at com.android.server.SystemServer.run(SystemServer.java:908)
09-24 00:13:04.549 1129 1129 E BootReceiver: at com.android.server.SystemServer.main(SystemServer.java:615)
09-24 00:13:04.549 1129 1129 E BootReceiver: at java.lang.reflect.Method.invoke(Native Method)
09-24 00:13:04.549 1129 1129 E BootReceiver: at com.android.internal.os.RuntimeInit$MethodAndArgsCaller.run(RuntimeInit.java:548)
09-24 00:13:04.549 1129 1129 E BootReceiver: at com.android.internal.os.ZygoteInit.main(ZygoteInit.java:987)
09-24 00:13:04.596 1129 2029 I ActivityManager: Process com.qualcomm.qti.devicestatisticsservice (pid 2285) has died: pers PER
09-24 00:13:04.602 1129 2029 W ActivityManager: Scheduling restart of crashed service com.qualcomm.qti.devicestatisticsservice/.DeviceStatisticsService in 0ms for persistent
09-24 00:13:04.609 1129 3276 I DropBoxManagerService: add tag=SYSTEM_BOOT isTagEnabled=true flags=0x2
09-24 00:13:04.611 1129 3276 I BootReceiver: Copying audit failures to DropBox
09-24 00:13:04.612 1129 3276 I BootReceiver: Checking for fsck errors
09-24 00:13:04.613 1129 3276 I BootReceiver: fs_stat, partition:persist stat:0xb
09-24 00:13:04.613 1129 3276 I BootReceiver: fs_stat, partition:dsp_a stat:0x3
09-24 00:13:04.619 1129 2029 W ActivityManager: Re-adding persistent process ProcessRecord{6411a9b 2285:com.qualcomm.qti.devicestatisticsservice/u0a63}
09-24 00:13:04.620 1129 2029 D CompatibilityChangeReporter: Compat change id reported: 135634846; UID 10063; state: DISABLED
09-24 00:13:04.620 1129 2029 D CompatibilityChangeReporter: Compat change id reported: 177438394; UID 10063; state: DISABLED
09-24 00:13:04.621 1129 2029 D CompatibilityChangeReporter: Compat change id reported: 135772972; UID 10063; state: DISABLED
09-24 00:13:04.621 1129 2029 D CompatibilityChangeReporter: Compat change id reported: 135754954; UID 10063; state: ENABLED
09-24 00:13:04.621 1129 1234 D CompatibilityChangeReporter: Compat change id reported: 143937733; UID 10063; state: ENABLED
09-24 00:13:04.627 1129 3276 D CompatibilityChangeReporter: Compat change id reported: 135634846; UID 10021; state: DISABLED
09-24 00:13:04.627 1129 3276 D CompatibilityChangeReporter: Compat change id reported: 177438394; UID 10021; state: DISABLED
09-24 00:13:04.627 1129 3276 D CompatibilityChangeReporter: Compat change id reported: 135772972; UID 10021; state: DISABLED
09-24 00:13:04.627 1129 3276 D CompatibilityChangeReporter: Compat change id reported: 135754954; UID 10021; state: ENABLED
09-24 00:13:04.644 1129 2029 D CompatibilityChangeReporter: Compat change id reported: 168419799; UID 10076; state: DISABLED
09-24 00:13:04.661 1129 1234 I ActivityManager: Start proc 3282:com.qualcomm.qti.devicestatisticsservice/u0a63 for restart com.qualcomm.qti.devicestatisticsservice
09-24 00:13:04.661 1129 1234 D CompatibilityChangeReporter: Compat change id reported: 143937733; UID 10021; state: ENABLED
09-24 00:13:04.686 1129 1873 W OverlayManager: service 'idmap' died
09-24 00:13:04.696 1129 1234 W ActivityManager: Slow operation: 70ms so far, now at startProcess: returned from zygote!
09-24 00:13:04.697 1129 1234 W ActivityManager: Slow operation: 70ms so far, now at startProcess: done updating battery stats
09-24 00:13:04.697 1129 1234 W ActivityManager: Slow operation: 70ms so far, now at startProcess: building log message
09-24 00:13:04.697 1129 1234 I ActivityManager: Start proc 3283:android.process.media/u0a21 for content provider {com.android.providers.downloads/com.android.providers.downloads.DownloadProvider}
09-24 00:13:04.697 1129 1234 W ActivityManager: Slow operation: 70ms so far, now at startProcess: starting to update pids map
09-24 00:13:04.697 1129 1234 W ActivityManager: Slow operation: 71ms so far, now at startProcess: done updating pids map
09-24 00:13:04.703 1129 1873 D CompatibilityChangeReporter: Compat change id reported: 135634846; UID 1000; state: DISABLED
09-24 00:13:04.703 1129 1873 D CompatibilityChangeReporter: Compat change id reported: 177438394; UID 1000; state: DISABLED
09-24 00:13:04.703 1129 1873 D CompatibilityChangeReporter: Compat change id reported: 135772972; UID 1000; state: DISABLED
09-24 00:13:04.703 1129 1873 D CompatibilityChangeReporter: Compat change id reported: 135754954; UID 1000; state: ENABLED
01-01 08:01:04.907 0 0 I binder : 2867:3290 ioctl 40046210 7836fbe604 returned -22
09-24 00:13:04.740 1129 1234 I ActivityManager: Start proc 3301:com.qti.diagservices/1000 for broadcast {com.qti.diagservices/com.qti.diagservices.Diag_OnBoot}
01-01 08:01:04.916 0 0 I binder : 3282:3282 ioctl 40046210 7fea9046a4 returned -22
01-01 08:01:04.950 0 0 I binder : 3283:3283 ioctl 40046210 7fea9046a4 returned -22
09-24 00:13:04.776 1129 1873 D CompatibilityChangeReporter: Compat change id reported: 168419799; UID 10021; state: DISABLED
01-01 08:01:04.977 0 0 I binder : 3301:3301 ioctl 40046210 7fea9046a4 returned -22
09-24 00:13:04.789 1129 1873 D CompatibilityChangeReporter: Compat change id reported: 172100307; UID 10099; state: DISABLED
09-24 00:13:04.829 1129 1234 I ActivityManager: Start proc 3334:com.android.localtransport/1000 for service {com.android.localtransport/com.android.localtransport.LocalTransportService}
01-01 08:01:05.088 0 0 I binder : 3334:3334 ioctl 40046210 7fea9046a4 returned -22
09-24 00:13:04.913 3301 3301 W ContextImpl: Calling a method in the system process without a qualified user: android.app.ContextImpl.startService:1816 android.content.ContextWrapper.startService:774 android.content.ContextWrapper.startService:774 com.qti.diagservices.Diag_OnBoot.onReceive:40 android.app.ActivityThread.handleReceiver:4309
09-24 00:13:04.922 1129 2845 D CompatibilityChangeReporter: Compat change id reported: 168419799; UID 1000; state: DISABLED
09-24 00:13:04.932 1129 1129 I Telecom : DefaultDialerCache: Refreshing default dialer for user 0: now null: DDC.oR@ABA
09-24 00:13:04.932 1129 1129 I Telecom : MissedCallNotifierImpl: reloadAfterBootComplete: user=0: TSBCR.oR@ABE
09-24 00:13:04.934 1129 1129 I Telecom : MissedCallNotifierImpl: reloadAfterBootComplete: user=0: TSBCR.oR@ABE
09-24 00:13:04.935 1129 1129 D CompatibilityChangeReporter: Compat change id reported: 135634846; UID 10070; state: DISABLED
09-24 00:13:04.935 1129 1129 D CompatibilityChangeReporter: Compat change id reported: 177438394; UID 10070; state: DISABLED
09-24 00:13:04.935 1129 1129 D CompatibilityChangeReporter: Compat change id reported: 135772972; UID 10070; state: DISABLED
09-24 00:13:04.935 1129 1129 D CompatibilityChangeReporter: Compat change id reported: 135754954; UID 10070; state: DISABLED
09-24 00:13:04.936 1129 1234 D CompatibilityChangeReporter: Compat change id reported: 143937733; UID 10070; state: DISABLED
09-24 00:13:04.943 1129 3354 D CompatibilityChangeReporter: Compat change id reported: 135634846; UID 10019; state: DISABLED
09-24 00:13:04.943 1129 3354 D CompatibilityChangeReporter: Compat change id reported: 177438394; UID 10019; state: DISABLED
09-24 00:13:04.943 1129 3354 D CompatibilityChangeReporter: Compat change id reported: 135772972; UID 10019; state: DISABLED
09-24 00:13:04.944 1129 3354 D CompatibilityChangeReporter: Compat change id reported: 135754954; UID 10019; state: ENABLED
09-24 00:13:04.974 1129 1234 I ActivityManager: Start proc 3359:com.android.calendar/u0a70 for broadcast {com.android.calendar/com.android.calendar.alerts.AlertReceiver}
09-24 00:13:04.974 1129 1234 D CompatibilityChangeReporter: Compat change id reported: 143937733; UID 10019; state: ENABLED
01-01 08:01:05.200 0 0 D : mv2112_read_status
01-01 08:01:05.200 0 0 D mv2112_update_link: 3.0x901(1G): 0x80
01-01 08:01:05.201 0 0 D mv2112_update_link: 3.0x8109(100M): 0x0
01-01 08:01:05.201 0 0 D mv2112_update_link: link 0x0
01-01 08:01:05.201 0 0 D mv2112_read_status: autoneg is disabled
09-24 00:13:05.011 1129 1234 W ActivityManager: Slow operation: 68ms so far, now at startProcess: returned from zygote!
09-24 00:13:05.011 1129 1129 I TransportClient: LocalTransportService#0: Notifying [TransportManager.registerTransport()] transport = IBackupTransport
09-24 00:13:05.011 1129 1234 W ActivityManager: Slow operation: 68ms so far, now at startProcess: done updating battery stats
09-24 00:13:05.011 1129 1234 W ActivityManager: Slow operation: 68ms so far, now at startProcess: building log message
09-24 00:13:05.011 1129 1234 I ActivityManager: Start proc 3360:android.process.acore/u0a19 for content provider {com.android.providers.contacts/com.android.providers.contacts.CallLogProvider}
09-24 00:13:05.011 1129 1234 W ActivityManager: Slow operation: 69ms so far, now at startProcess: starting to update pids map
09-24 00:13:05.011 1129 1234 W ActivityManager: Slow operation: 69ms so far, now at startProcess: done updating pids map
01-01 08:01:05.221 0 0 I binder : 3359:3359 ioctl 40046210 7fea9046a4 returned -22
09-24 00:13:05.038 1129 2771 D BackupTransportManager: Transport com.android.localtransport/.LocalTransportService registered
09-24 00:13:05.039 1129 2771 D BackupManagerService: [UserID:0] Transport com.android.localtransport/.LocalTransport registered 3263ms after first request (delay = 3000ms)
09-24 00:13:05.059 1129 1873 D CompatibilityChangeReporter: Compat change id reported: 168419799; UID 10070; state: DISABLED
01-01 08:01:05.258 0 0 I binder : 3360:3360 ioctl 40046210 7fea9046a4 returned -22
09-24 00:13:05.069 1129 2771 I BackupManagerService: [UserID:0] Found 67 stale backup journal(s), scheduling.
09-24 00:13:05.076 1129 2771 V BackupManagerConstants: getKeyValueBackupIntervalMilliseconds(...) returns 14400000
09-24 00:13:05.076 1129 2771 V BackupManagerConstants: getKeyValueBackupFuzzMilliseconds(...) returns 600000
09-24 00:13:05.076 1129 2771 V BackupManagerConstants: getKeyValueBackupRequiredNetworkType(...) returns 1
09-24 00:13:05.077 1129 2771 V BackupManagerConstants: getKeyValueBackupRequireCharging(...) returns true
09-24 00:13:05.077 1129 2771 V KeyValueBackupJob: Scheduling k/v pass in 241 minutes
09-24 00:13:05.084 1129 2029 D CompatibilityChangeReporter: Compat change id reported: 168419799; UID 10019; state: DISABLED
09-24 00:13:05.172 1129 1215 I DropBoxManagerService: add tag=system_server_strictmode isTagEnabled=true flags=0x2
09-24 00:13:05.177 1129 2771 I BackupManagerService: [UserID:0] Stale backup journals: Scheduled 9 package(s) total
09-24 00:13:05.193 1129 1571 D CountryDetector: The first listener is added
09-24 00:13:05.267 1129 1571 D CompatibilityChangeReporter: Compat change id reported: 135634846; UID 1000; state: DISABLED
09-24 00:13:05.267 1129 1571 D CompatibilityChangeReporter: Compat change id reported: 177438394; UID 1000; state: DISABLED
09-24 00:13:05.267 1129 1571 D CompatibilityChangeReporter: Compat change id reported: 135772972; UID 1000; state: DISABLED
09-24 00:13:05.267 1129 1571 D CompatibilityChangeReporter: Compat change id reported: 135754954; UID 1000; state: ENABLED
09-24 00:13:05.303 1129 1234 I ActivityManager: Start proc 3407:com.android.dynsystem/1000 for broadcast {com.android.dynsystem/com.android.dynsystem.BootCompletedReceiver}
01-01 08:01:05.563 0 0 I binder : 3407:3407 ioctl 40046210 7fea9046a4 returned -22
09-24 00:13:05.379 1129 2029 D CompatibilityChangeReporter: Compat change id reported: 168419799; UID 1000; state: DISABLED
09-24 00:13:05.494 1129 2029 D CompatibilityChangeReporter: Compat change id reported: 135634846; UID 1000; state: DISABLED
09-24 00:13:05.495 1129 2029 D CompatibilityChangeReporter: Compat change id reported: 177438394; UID 1000; state: DISABLED
09-24 00:13:05.495 1129 2029 D CompatibilityChangeReporter: Compat change id reported: 135772972; UID 1000; state: DISABLED
09-24 00:13:05.495 1129 2029 D CompatibilityChangeReporter: Compat change id reported: 135754954; UID 1000; state: ENABLED
09-24 00:13:05.543 1129 1234 I ActivityManager: Start proc 3428:com.android.dynsystem:dynsystem/1000 for service {com.android.dynsystem/com.android.dynsystem.DynamicSystemInstallationService}
01-01 08:01:05.775 0 0 I binder : 3428:3428 ioctl 40046210 7fea9046a4 returned -22
09-24 00:13:05.680 1129 2845 I DynamicSystemService: isInstalled(): false
09-24 00:13:05.693 1129 1571 I ActivityManager: Process com.android.inputmethod.latin (pid 2630) has died: fg RCVR
09-24 00:13:05.713 1129 1216 W ActivityManager: setHasOverlayUi called on unknown pid: 2630
09-24 00:13:05.714 1129 1233 I ActivityManager: com.android.managedprovisioning is exempt from freezer
09-24 00:13:05.714 1129 1233 D CompatibilityChangeReporter: Compat change id reported: 135634846; UID 10027; state: DISABLED
09-24 00:13:05.715 1129 1233 D CompatibilityChangeReporter: Compat change id reported: 177438394; UID 10027; state: DISABLED
09-24 00:13:05.715 1129 1233 D CompatibilityChangeReporter: Compat change id reported: 135772972; UID 10027; state: DISABLED
09-24 00:13:05.715 1129 1233 D CompatibilityChangeReporter: Compat change id reported: 135754954; UID 10027; state: ENABLED
09-24 00:13:05.716 1129 1234 D CompatibilityChangeReporter: Compat change id reported: 143937733; UID 10027; state: ENABLED
09-24 00:13:05.760 1129 1234 I ActivityManager: Start proc 3450:com.android.managedprovisioning/u0a27 for broadcast {com.android.managedprovisioning/com.android.managedprovisioning.BootReminder}
01-01 08:01:05.997 0 0 I binder : 3450:3450 ioctl 40046210 7fea9046a4 returned -22
09-24 00:13:05.815 1129 1571 D CompatibilityChangeReporter: Compat change id reported: 168419799; UID 10027; state: DISABLED
01-01 08:01:06.165 0 0 W logd : Skipping entries from slow reader, pid 1279, fd 14, from LogBuffer::Prune()
09-24 00:13:06.026 1129 2845 D CompatibilityChangeReporter: Compat change id reported: 168419799; UID 10021; state: DISABLED
01-01 08:01:06.220 0 0 I init : starting service 'vendor.light-hal-2-0'...
01-01 08:01:06.224 0 0 D : mv2112_read_status
01-01 08:01:06.224 0 0 D mv2112_update_link: 3.0x901(1G): 0x80
01-01 08:01:06.224 0 0 D mv2112_update_link: 3.0x8109(100M): 0x0
01-01 08:01:06.224 0 0 D mv2112_update_link: link 0x0
01-01 08:01:06.224 0 0 D mv2112_read_status: autoneg is disabled
09-24 00:13:06.039 1129 3447 D CompatibilityChangeReporter: Compat change id reported: 135634846; UID 10060; state: DISABLED
09-24 00:13:06.040 1129 3447 D CompatibilityChangeReporter: Compat change id reported: 177438394; UID 10060; state: DISABLED
09-24 00:13:06.040 1129 3447 D CompatibilityChangeReporter: Compat change id reported: 135772972; UID 10060; state: DISABLED
09-24 00:13:06.041 1129 3447 D CompatibilityChangeReporter: Compat change id reported: 135754954; UID 10060; state: ENABLED
09-24 00:13:06.041 1129 1234 D CompatibilityChangeReporter: Compat change id reported: 143937733; UID 10060; state: ENABLED
09-24 00:13:06.078 1129 1234 I ActivityManager: Start proc 3474:com.android.onetimeinitializer/u0a60 for broadcast {com.android.onetimeinitializer/com.android.onetimeinitializer.OneTimeInitializerReceiver}
01-01 08:01:06.298 0 0 I init : Service 'vendor.light-hal-2-0' (pid 3472) exited with status 0
01-01 08:01:06.298 0 0 I init : Sending signal 9 to service 'vendor.light-hal-2-0' (pid 3472) process group...
01-01 08:01:06.299 0 0 I libprocessgroup: Successfully killed process cgroup uid 1000 pid 3472 in 1ms
01-01 08:01:06.317 0 0 I binder : 3474:3474 ioctl 40046210 7fea9046a4 returned -22
09-24 00:13:06.133 1129 3447 D CompatibilityChangeReporter: Compat change id reported: 168419799; UID 10060; state: DISABLED
09-24 00:13:06.243 1129 3447 I ActivityManager: com.android.packageinstaller is exempt from freezer
09-24 00:13:06.243 1129 3447 D CompatibilityChangeReporter: Compat change id reported: 135634846; UID 10028; state: DISABLED
09-24 00:13:06.243 1129 3447 D CompatibilityChangeReporter: Compat change id reported: 177438394; UID 10028; state: DISABLED
09-24 00:13:06.243 1129 3447 D CompatibilityChangeReporter: Compat change id reported: 135772972; UID 10028; state: DISABLED
09-24 00:13:06.243 1129 3447 D CompatibilityChangeReporter: Compat change id reported: 135754954; UID 10028; state: ENABLED
09-24 00:13:06.244 1129 1234 D CompatibilityChangeReporter: Compat change id reported: 143937733; UID 10028; state: ENABLED
09-24 00:13:06.281 1129 1234 I ActivityManager: Start proc 3496:com.android.packageinstaller/u0a28 for broadcast {com.android.packageinstaller/com.android.packageinstaller.TemporaryFileManager}
01-01 08:01:06.522 0 0 I binder : 3496:3496 ioctl 40046210 7fea9046a4 returned -22
09-24 00:13:06.338 1129 1571 D CompatibilityChangeReporter: Compat change id reported: 168419799; UID 10028; state: DISABLED
09-24 00:13:06.477 1129 1571 D CompatibilityChangeReporter: Compat change id reported: 135634846; UID 10098; state: DISABLED
09-24 00:13:06.477 1129 1571 D CompatibilityChangeReporter: Compat change id reported: 177438394; UID 10098; state: DISABLED
09-24 00:13:06.478 1129 1571 D CompatibilityChangeReporter: Compat change id reported: 135772972; UID 10098; state: DISABLED
09-24 00:13:06.478 1129 1571 D CompatibilityChangeReporter: Compat change id reported: 135754954; UID 10098; state: DISABLED
09-24 00:13:06.478 1129 1234 D CompatibilityChangeReporter: Compat change id reported: 143937733; UID 10098; state: DISABLED
09-24 00:13:06.515 1129 1234 I ActivityManager: Start proc 3517:com.android.permissioncontroller/u0a98 for broadcast {com.android.permissioncontroller/com.android.permissioncontroller.permission.service.LocationAccessCheck$SetupPeriodicBackgroundLocationAccessCheck}
01-01 08:01:06.763 0 0 I binder : 3517:3517 ioctl 40046210 7fea9046a4 returned -22
09-24 00:13:06.599 1129 1571 D CompatibilityChangeReporter: Compat change id reported: 168419799; UID 10098; state: DISABLED
09-24 00:13:06.889 1129 3447 D CompatibilityChangeReporter: Compat change id reported: 135634846; UID 10033; state: DISABLED
09-24 00:13:06.889 1129 3447 D CompatibilityChangeReporter: Compat change id reported: 177438394; UID 10033; state: DISABLED
09-24 00:13:06.890 1129 3447 D CompatibilityChangeReporter: Compat change id reported: 135772972; UID 10033; state: DISABLED
09-24 00:13:06.890 1129 3447 D CompatibilityChangeReporter: Compat change id reported: 135754954; UID 10033; state: ENABLED
09-24 00:13:06.890 1129 1234 D CompatibilityChangeReporter: Compat change id reported: 143937733; UID 10033; state: ENABLED
01-01 08:01:07.100 0 0 I init : starting service 'qvrd_vndr'...
01-01 08:01:07.104 0 0 I init : Created socket '/dev/socket/qvrservice_vndr', mode 660, user 1000, group 1000
01-01 08:01:07.106 0 0 I init : Created socket '/dev/socket/qvrservice_vndr_camera', mode 660, user 1000, group 1000
09-24 00:13:06.927 1129 1234 I ActivityManager: Start proc 3541:com.android.providers.calendar/u0a33 for broadcast {com.android.providers.calendar/com.android.providers.calendar.CalendarReceiver}
01-01 08:01:07.114 0 0 W audit : audit_lost=1 audit_rate_limit=5 audit_backlog_limit=64
01-01 08:01:07.114 0 0 E audit : rate limit exceeded
01-01 08:01:07.145 0 0 I init : starting service 'sxrd'...
01-01 08:01:07.157 0 0 I init : Service 'ethernet' (pid 2911) exited with status 1 oneshot service took 4.872000 seconds in background
01-01 08:01:07.157 0 0 I init : Sending signal 9 to service 'ethernet' (pid 2911) process group...
01-01 08:01:07.170 0 0 I binder : 3541:3541 ioctl 40046210 7fea9046a4 returned -22
09-24 00:13:06.986 1129 3447 D CompatibilityChangeReporter: Compat change id reported: 168419799; UID 10033; state: DISABLED
09-24 00:13:06.998 3543 3543 F linker : CANNOT LINK EXECUTABLE "/vendor/bin/hw/sxrservice": library "vendor.qti.hardware.qxr-V1-ndk_platform.so" not found: needed by main executable
09-24 00:13:06.998 3542 3542 F linker : CANNOT LINK EXECUTABLE "/vendor/bin/hw/qvrservice": library "vendor.qti.hardware.qxr-V1-ndk_platform.so" not found: needed by /vendor/lib64/libqvrservice.so in namespace (default)
01-01 08:01:07.252 0 0 D : mv2112_read_status
01-01 08:01:07.252 0 0 D mv2112_update_link: 3.0x901(1G): 0x80
01-01 08:01:07.252 0 0 D mv2112_update_link: 3.0x8109(100M): 0x0
01-01 08:01:07.252 0 0 D mv2112_update_link: link 0x0
01-01 08:01:07.252 0 0 D mv2112_read_status: autoneg is disabled
09-24 00:13:07.167 1129 3447 D CompatibilityChangeReporter: Compat change id reported: 171306433; UID 10033; state: ENABLED
09-24 00:13:07.174 1129 2845 D CompatibilityChangeReporter: Compat change id reported: 143231523; UID 10033; state: DISABLED
09-24 00:13:07.197 1129 3447 D CompatibilityChangeReporter: Compat change id reported: 168419799; UID 10099; state: DISABLED
09-24 00:13:07.205 1129 3447 D CompatibilityChangeReporter: Compat change id reported: 168419799; UID 1000; state: DISABLED
09-24 00:13:07.235 1129 3447 I ActivityManager: com.android.shell is exempt from freezer
09-24 00:13:07.235 1129 3447 D CompatibilityChangeReporter: Compat change id reported: 135634846; UID 2000; state: DISABLED
09-24 00:13:07.235 1129 3447 D CompatibilityChangeReporter: Compat change id reported: 177438394; UID 2000; state: DISABLED
09-24 00:13:07.236 1129 3447 D CompatibilityChangeReporter: Compat change id reported: 135772972; UID 2000; state: DISABLED
09-24 00:13:07.236 1129 3447 D CompatibilityChangeReporter: Compat change id reported: 135754954; UID 2000; state: ENABLED
09-24 00:13:07.296 1129 1234 W ActivityManager: Slow operation: 62ms so far, now at startProcess: returned from zygote!
09-24 00:13:07.297 1129 1234 W ActivityManager: Slow operation: 62ms so far, now at startProcess: done updating battery stats
09-24 00:13:07.297 1129 1234 W ActivityManager: Slow operation: 62ms so far, now at startProcess: building log message
09-24 00:13:07.297 1129 1234 I ActivityManager: Start proc 3565:com.android.shell/2000 for broadcast {com.android.shell/com.android.shell.HeapDumpReceiver}
09-24 00:13:07.297 1129 1234 W ActivityManager: Slow operation: 62ms so far, now at startProcess: starting to update pids map
09-24 00:13:07.297 1129 1234 W ActivityManager: Slow operation: 62ms so far, now at startProcess: done updating pids map
01-01 08:01:07.534 0 0 I binder : 3565:3565 ioctl 40046210 7fea9046a4 returned -22
09-24 00:13:07.351 1129 3447 D CompatibilityChangeReporter: Compat change id reported: 168419799; UID 2000; state: DISABLED
09-24 00:13:07.473 1129 3447 D CompatibilityChangeReporter: Compat change id reported: 135634846; UID 1001; state: DISABLED
09-24 00:13:07.474 1129 3447 D CompatibilityChangeReporter: Compat change id reported: 177438394; UID 1001; state: DISABLED
09-24 00:13:07.474 1129 3447 D CompatibilityChangeReporter: Compat change id reported: 135772972; UID 1001; state: DISABLED
09-24 00:13:07.474 1129 3447 D CompatibilityChangeReporter: Compat change id reported: 135754954; UID 1001; state: ENABLED
09-24 00:13:07.526 1129 1234 W ActivityManager: Slow operation: 53ms so far, now at startProcess: returned from zygote!
09-24 00:13:07.527 1129 1234 W ActivityManager: Slow operation: 54ms so far, now at startProcess: done updating battery stats
09-24 00:13:07.527 1129 1234 I Watchdog: Interesting Java process com.android.phone started. Pid 3583
09-24 00:13:07.527 1129 1234 W ActivityManager: Slow operation: 54ms so far, now at startProcess: building log message
09-24 00:13:07.527 1129 1234 I ActivityManager: Start proc 3583:com.android.phone/1001 for broadcast {com.android.stk/com.android.stk.BootCompletedReceiver}
09-24 00:13:07.527 1129 1234 W ActivityManager: Slow operation: 54ms so far, now at startProcess: starting to update pids map
09-24 00:13:07.527 1129 1234 W ActivityManager: Slow operation: 54ms so far, now at startProcess: done updating pids map
01-01 08:01:07.775 0 0 I binder : 3583:3583 ioctl 40046210 7fea9046a4 returned -22
09-24 00:13:07.766 1129 3447 D CompatibilityChangeReporter: Compat change id reported: 135634846; UID 10078; state: DISABLED
09-24 00:13:07.766 1129 3447 D CompatibilityChangeReporter: Compat change id reported: 177438394; UID 10078; state: DISABLED
09-24 00:13:07.767 1129 3447 D CompatibilityChangeReporter: Compat change id reported: 135772972; UID 10078; state: DISABLED
09-24 00:13:07.767 1129 3447 D CompatibilityChangeReporter: Compat change id reported: 135754954; UID 10078; state: ENABLED
09-24 00:13:07.768 1129 1234 D CompatibilityChangeReporter: Compat change id reported: 143937733; UID 10078; state: ENABLED
09-24 00:13:07.833 1129 1234 W ActivityManager: Slow operation: 69ms so far, now at startProcess: returned from zygote!
09-24 00:13:07.834 1129 1234 W ActivityManager: Slow operation: 69ms so far, now at startProcess: done updating battery stats
09-24 00:13:07.834 1129 1234 W ActivityManager: Slow operation: 69ms so far, now at startProcess: building log message
09-24 00:13:07.834 1129 1234 I ActivityManager: Start proc 3602:com.qti.ltebc/u0a78 for broadcast {com.qti.ltebc/com.qualcomm.ltebc.LTEBroadcastBootReceiver}
09-24 00:13:07.834 1129 1234 W ActivityManager: Slow operation: 69ms so far, now at startProcess: starting to update pids map
09-24 00:13:07.834 1129 1234 W ActivityManager: Slow operation: 69ms so far, now at startProcess: done updating pids map
01-01 08:01:08.087 0 0 I binder : 3602:3602 ioctl 40046210 7fea9046a4 returned -22
09-24 00:13:07.907 1129 3447 D CompatibilityChangeReporter: Compat change id reported: 168419799; UID 10078; state: DISABLED
01-01 08:01:08.272 0 0 D : mv2112_read_status
01-01 08:01:08.272 0 0 D mv2112_update_link: 3.0x901(1G): 0x80
01-01 08:01:08.272 0 0 D mv2112_update_link: 3.0x8109(100M): 0x0
01-01 08:01:08.272 0 0 D mv2112_update_link: link 0x0
01-01 08:01:08.272 0 0 D mv2112_read_status: autoneg is disabled
01-01 08:01:09.296 0 0 D : mv2112_read_status
01-01 08:01:09.296 0 0 D mv2112_update_link: 3.0x901(1G): 0x80
01-01 08:01:09.296 0 0 D mv2112_update_link: 3.0x8109(100M): 0x0
01-01 08:01:09.296 0 0 D mv2112_update_link: link 0x0
01-01 08:01:09.296 0 0 D mv2112_read_status: autoneg is disabled
01-01 08:01:10.320 0 0 D : mv2112_read_status
01-01 08:01:10.320 0 0 D mv2112_update_link: 3.0x901(1G): 0x80
01-01 08:01:10.320 0 0 D mv2112_update_link: 3.0x8109(100M): 0x0
01-01 08:01:10.320 0 0 D mv2112_update_link: link 0x0
01-01 08:01:10.320 0 0 D mv2112_read_status: autoneg is disabled
01-01 08:01:11.234 0 0 I init : starting service 'vendor.light-hal-2-0'...
01-01 08:01:11.326 0 0 I init : Service 'vendor.light-hal-2-0' (pid 3621) exited with status 0
01-01 08:01:11.326 0 0 I init : Sending signal 9 to service 'vendor.light-hal-2-0' (pid 3621) process group...
01-01 08:01:11.327 0 0 I libprocessgroup: Successfully killed process cgroup uid 1000 pid 3621 in 0ms
01-01 08:01:11.344 0 0 D : mv2112_read_status
01-01 08:01:11.344 0 0 D mv2112_update_link: 3.0x901(1G): 0x80
01-01 08:01:11.344 0 0 D mv2112_update_link: 3.0x8109(100M): 0x0
01-01 08:01:11.344 0 0 D mv2112_update_link: link 0x0
01-01 08:01:11.344 0 0 D mv2112_read_status: autoneg is disabled
01-01 08:01:11.828 0 0 I [kworke][0x52006bd4][00:13:11.637007] wlan: [110:I:HDD] hdd_psoc_idle_timeout_callback: 11422: Psoc idle timeout elapsed; starting psoc shutdown
01-01 08:01:11.828 0 0 D cnss : Doing idle shutdown
01-01 08:01:11.828 0 0 D cnss : Posting event: IDLE_SHUTDOWN(14)-sync, state: 0x107 flags: 0x3
01-01 08:01:11.828 0 0 D cnss : PM stay awake, state: 0x107, count: 1
01-01 08:01:11.831 0 0 D cnss : Processing driver event: IDLE_SHUTDOWN-sync(14), state: 0x107
01-01 08:01:11.842 0 0 E [schedu][0x52046ac5][00:13:11.650644] wlan: [2484:E:SYS] Processing SYS MC STOP
01-01 08:01:11.858 0 0 I [kworke][0x52092715][00:13:11.666808] wlan: [478:I:IPA] wlan_ipa_uc_disable_pipes: 1379: IPA WDI Pipes are already deactivated
01-01 08:01:11.899 0 0 D cnss : IOMMU unmap: iova b0001000, len 4096
01-01 08:01:11.899 0 0 D cnss : IOMMU unmap: iova b0000000, len 4096
01-01 08:01:11.913 0 0 D cnss : Assign MSI to user: CE, num_vectors: 10, user_base_data: 803, base_vector: 3
01-01 08:01:11.913 0 0 D cnss : Get IRQ number 415 for vector index 3
01-01 08:01:11.913 0 0 D cnss : Get IRQ number 416 for vector index 4
01-01 08:01:11.913 0 0 D cnss : Get IRQ number 417 for vector index 5
01-01 08:01:11.913 0 0 D cnss : Get IRQ number 418 for vector index 6
01-01 08:01:11.914 0 0 D cnss : Get IRQ number 420 for vector index 8
01-01 08:01:11.914 0 0 D cnss : Get IRQ number 421 for vector index 9
01-01 08:01:11.914 0 0 D cnss : Get IRQ number 423 for vector index 11
01-01 08:01:11.914 0 0 I [kworke][0x52198faf][00:13:11.722815] wlan: [478:I:WMI] WMI Stop
01-01 08:01:11.914 0 0 I [kworke][0x52199104][00:13:11.722833] wlan: [478:I:HTC] htc_stop: endpoints cleanup
01-01 08:01:11.914 0 0 I [kworke][0x5219a06d][00:13:11.723038] wlan: [478:I:HTC] htc_stop: stopping hif layer
01-01 08:01:11.972 0 0 I [kworke][0x522ab052][00:13:11.781276] wlan: [478:I:HTC] htc_stop: flush endpoints Tx lookup queue
01-01 08:01:11.972 0 0 I [kworke][0x522ab1ad][00:13:11.781294] wlan: [478:I:HTC] htc_stop: resetting endpoints state
01-01 08:01:12.001 0 0 I [kworke][0x5232eded][00:13:11.809404] wlan: [478:I:HIF] Deinitializing Runtime PM wakelock &ctx->user
01-01 08:01:12.001 0 0 I [kworke][0x5232ff1b][00:13:11.809634] wlan: [478:I:HIF] Deinitializing Runtime PM wakelock &ctx->connect
01-01 08:01:12.001 0 0 I [kworke][0x5233022d][00:13:11.809674] wlan: [478:I:HIF] Deinitializing Runtime PM wakelock &ctx->dfs
01-01 08:01:12.001 0 0 I [kworke][0x52330422][00:13:11.809700] wlan: [478:I:HIF] Deinitializing Runtime PM wakelock &scan_priv->runtime_pm_lock
01-01 08:01:12.124 0 0 E [kworke][0x5257116f][00:13:11.932758] wlan: [478:E:DP] dp_srng_cleanup: 1669: Ring type: 14, num:1 not setup
01-01 08:01:12.135 0 0 E [kworke][0x525a595e][00:13:11.943957] wlan: [478:E:DP] dp_srng_cleanup: 1669: Ring type: 14, num:1 not setup
01-01 08:01:12.141 0 0 I init : starting service 'qvrd_vndr'...
01-01 08:01:12.146 0 0 E [kworke][0x525da4bd][00:13:11.955202] wlan: [478:E:DP] dp_srng_cleanup: 1669: Ring type: 14, num:2 not setup
01-01 08:01:12.146 0 0 E [kworke][0x525da752][00:13:11.955236] wlan: [478:E:DP] dp_srng_cleanup: 1669: Ring type: 15, num:0 not setup
01-01 08:01:12.146 0 0 E [kworke][0x525da98e][00:13:11.955266] wlan: [478:E:DP] dp_srng_cleanup: 1669: Ring type: 15, num:0 not setup
01-01 08:01:12.161 0 0 I init : Created socket '/dev/socket/qvrservice_vndr', mode 660, user 1000, group 1000
01-01 08:01:12.169 0 0 I [kworke][0x5264353e][00:13:11.977609] wlan: [478:I:DP] dp_tx_soc_detach Tx Desc Pool Free num_pool = 4, descs = 4096
01-01 08:01:12.169 0 0 I [kworke][0x52644813][00:13:11.977859] wlan: [478:I:DP] dp_tx_soc_detach MSDU Ext Desc Pool 4 Free descs = 4096
01-01 08:01:12.181 0 0 I init : Created socket '/dev/socket/qvrservice_vndr_camera', mode 660, user 1000, group 1000
01-01 08:01:12.190 0 0 E [kworke][0x526a7074][00:13:11.998878] wlan: [478:E:DP] dp_srng_cleanup: 1669: Ring type: 13, num:3 not setup
01-01 08:01:12.195 0 0 I init : starting service 'sxrd'...
01-01 08:01:12.210 0 0 I [kworke][0x52704e5c][00:13:12.018904] wlan: [478:I:HIF] Deinitializing Runtime PM wakelock &wma_handle->sap_prevent_runtime_pm_lock
01-01 08:01:12.210 0 0 I [kworke][0x52705070][00:13:12.018931] wlan: [478:I:HIF] Deinitializing Runtime PM wakelock &wma_handle->wmi_cmd_rsp_runtime_lock
01-01 08:01:12.212 0 0 I [kworke][0x5270ca22][00:13:12.020554] wlan: [478:I:HIF] Deinitializing Runtime PM wakelock &vdev->vdev_set_key_runtime_wakelock
01-01 08:01:12.213 0 0 I [kworke][0x52711b77][00:13:12.021638] wlan: [478:I:HIF] Deinitializing Runtime PM wakelock &vdev->vdev_set_key_runtime_wakelock
01-01 08:01:12.214 0 0 I [kworke][0x527146ca][00:13:12.022216] wlan: [478:I:HIF] Deinitializing Runtime PM wakelock &vdev->vdev_set_key_runtime_wakelock
01-01 08:01:12.214 0 0 I [kworke][0x5271986a][00:13:12.023304] wlan: [478:I:HIF] Deinitializing Runtime PM wakelock &vdev->vdev_set_key_runtime_wakelock
01-01 08:01:12.215 0 0 I [kworke][0x5271caa8][00:13:12.023975] wlan: [478:I:HIF] Deinitializing Runtime PM wakelock &vdev->vdev_set_key_runtime_wakelock
01-01 08:01:12.216 0 0 I [kworke][0x5271ffa1][00:13:12.024681] wlan: [478:I:HIF] Deinitializing Runtime PM wakelock &vdev->vdev_set_key_runtime_wakelock
01-01 08:01:12.217 0 0 I [kworke][0x52724555][00:13:12.025610] wlan: [478:I:HIF] Deinitializing Runtime PM wakelock &p2p_soc_obj->roc_runtime_lock
01-01 08:01:12.217 0 0 E [kworke][0x52724a7c][00:13:12.025678] wlan: [478:E:WMI] WMI handle is NULL
01-01 08:01:12.225 0 0 I [kworke][0x5274b5fe][00:13:12.033938] wlan: [478:I:OSIF] os_if_spectral_free_skb: 558: Socket buffer is null, msg_type= 0
01-01 08:01:12.225 0 0 I [kworke][0x5274b67f][00:13:12.033945] wlan: [478:I:OSIF] os_if_spectral_free_skb: 558: Socket buffer is null, msg_type= 1
01-01 08:01:12.225 0 0 I [kworke][0x5274b6f6][00:13:12.033951] wlan: [478:I:OSIF] os_if_spectral_free_skb: 558: Socket buffer is null, msg_type= 2
01-01 08:01:12.226 0 0 I [kworke][0x52750d13][00:13:12.035100] wlan: [478:I:HIF] Deinitializing Runtime PM wakelock &mgmt_txrx_pdev_ctx->wakelock_tx_runtime_cmp
09-24 00:13:12.038 3622 3622 F linker : CANNOT LINK EXECUTABLE "/vendor/bin/hw/qvrservice": library "vendor.qti.hardware.qxr-V1-ndk_platform.so" not found: needed by /vendor/lib64/libqvrservice.so in namespace (default)
09-24 00:13:12.040 3623 3623 F linker : CANNOT LINK EXECUTABLE "/vendor/bin/hw/sxrservice": library "vendor.qti.hardware.qxr-V1-ndk_platform.so" not found: needed by main executable
01-01 08:01:12.231 0 0 I init : Service 'qvrd_vndr' (pid 3622) exited with status 1
01-01 08:01:12.231 0 0 I init : Sending signal 9 to service 'qvrd_vndr' (pid 3622) process group...
01-01 08:01:12.234 0 0 I [kworke][0x52775950][00:13:12.042943] wlan: [478:I:SPECTRAL] target_if_spectral_detach: 2036: spectral detach
01-01 08:01:12.234 0 0 I [kworke][0x52775bd3][00:13:12.042976] wlan: [478:I:GREEN_AP] wlan_green_ap_pdev_obj_destroy_notification: 146: Deleting green ap pdev obj, green ap ctx: ffffffc9370ad0e8, pdev: ffffffc911c01ee8
01-01 08:01:12.234 0 0 I [kworke][0x5277654f][00:13:12.043103] wlan: [478:I:GREEN_AP] wlan_green_ap_pdev_obj_destroy_notification: 159: green ap deletion successful
01-01 08:01:12.237 0 0 I [kworke][0x5278207a][00:13:12.045599] wlan: [478:I:HIF] Deinitializing Runtime PM wakelock &psoc_wakelock->wmi_cmd_rsp_runtime_lock
01-01 08:01:12.237 0 0 I [kworke][0x527839f1][00:13:12.045938] wlan: [478:I:HIF] hif_pci_disable_bus: X
01-01 08:01:12.237 0 0 D cnss : Sending mode message, mode: OFF(4), state: 0x187
01-01 08:01:12.250 0 0 E [kworke][0x527bf6a7][00:13:12.058694] wlan: [478:E:QDF] cds_get_context: 1486: Module ID 61 context is Null
01-01 08:01:12.261 0 0 I [kworke][0x527f386c][00:13:12.069811] wlan: [478:I:HIF] Deinitializing Runtime PM wakelock &sc->prevent_linkdown_lock
01-01 08:01:12.262 0 0 D cnss : Read register offset 0x1f8031c, val = 0x2
01-01 08:01:12.262 0 0 D cnss : Write val 0x3 to register offset 0x1f8031c
01-01 08:01:12.264 0 0 I cnss-daemon: wlfw_qmi_err_cb: Server disconnect, err -2 client 0x5K
01-01 08:01:12.264 0 0 D cnss : Setting MHI state: POWER_OFF(4)
01-01 08:01:12.271 0 0 D cnss : WLFW server exiting
01-01 08:01:12.271 0 0 D cnss : Posting event: SERVER_EXIT(1), state: 0x20187 flags: 0x0
01-01 08:01:12.308 0 0 D cnss : Suspending PCI link
01-01 08:01:12.319 0 0 I msm_pcie_disable: PCIe: Assert the reset of endpoint of RC0.
01-01 08:01:12.320 0 0 D cnss : Setting MHI state: DEINIT(1)
01-01 08:01:12.321 0 0 D cnss : De-assert WLAN_EN GPIO successfully
01-01 08:01:12.321 0 0 D cnss : Regulator vdd-wlan-rfa2 is being disabled
01-01 08:01:12.321 0 0 D cnss : Regulator vdd-wlan-rfa1 is being disabled
01-01 08:01:12.321 0 0 D cnss : Regulator vdd-wlan-dig is being disabled
01-01 08:01:12.321 0 0 D cnss : Regulator vdd-wlan-aon is being disabled
01-01 08:01:12.321 0 0 D cnss : Regulator wlan-ant-switch is being disabled
01-01 08:01:12.321 0 0 D cnss : Regulator vdd-wlan-io is being disabled
01-01 08:01:12.321 0 0 D cnss : Processing driver event: SERVER_EXIT(1), state: 0x20101
01-01 08:01:12.321 0 0 I cnss : QMI WLFW service disconnected, state: 0x20100
