09-24 00:13:00.471 1129 1216 D ActivityManagerTiming: OnBootPhase_1000_com.android.server.apphibernation.AppHibernationService took to complete: 0ms
09-24 00:13:00.471 1129 1216 I ActivityManagerTiming: OnBootPhase_1000_com.android.server.GestureLauncherService
09-24 00:13:00.471 1129 1216 D ActivityManagerTiming: OnBootPhase_1000_com.android.server.GestureLauncherService took to complete: 0ms
09-24 00:13:00.471 1129 1216 I ActivityManagerTiming: OnBootPhase_1000_com.android.server.SensorNotificationService
09-24 00:13:00.478 1129 2631 I HibernationStateDiskStore: No hibernation file on disk for file /data/system/hibernation/states
09-24 00:13:00.483 1129 1216 D CompatibilityChangeReporter: Compat change id reported: 168936375; UID 1000; state: ENABLED
09-24 00:13:00.483 1129 1216 D CompatibilityChangeReporter: Compat change id reported: 168936375; UID 1000; state: DISABLED
09-24 00:13:00.485 1129 1216 D CompatibilityChangeReporter: Compat change id reported: 73144566; UID 1000; state: ENABLED
09-24 00:13:00.486 1129 1216 D CompatibilityChangeReporter: Compat change id reported: 73144566; UID 1000; state: DISABLED
09-24 00:13:00.486 1129 1216 D ActivityManagerTiming: OnBootPhase_1000_com.android.server.SensorNotificationService took to complete: 15ms
09-24 00:13:00.486 1129 1216 I ActivityManagerTiming: OnBootPhase_1000_com.android.server.emergency.EmergencyAffordanceService
09-24 00:13:00.486 1129 1216 D ActivityManagerTiming: OnBootPhase_1000_com.android.server.emergency.EmergencyAffordanceService took to complete: 0ms
09-24 00:13:00.486 1129 1216 I ActivityManagerTiming: OnBootPhase_1000_com.android.server.blob.BlobStoreManagerService
09-24 00:13:00.487 1129 1216 D ActivityManagerTiming: OnBootPhase_1000_com.android.server.blob.BlobStoreManagerService took to complete: 0ms
09-24 00:13:00.487 1129 1216 I ActivityManagerTiming: OnBootPhase_1000_com.android.server.dreams.DreamManagerService
09-24 00:13:00.487 1129 1216 D ActivityManagerTiming: OnBootPhase_1000_com.android.server.dreams.DreamManagerService took to complete: 0ms
09-24 00:13:00.487 1129 1216 I ActivityManagerTiming: OnBootPhase_1000_com.android.server.companion.CompanionDeviceManagerService
09-24 00:13:00.487 1129 1216 D ActivityManagerTiming: OnBootPhase_1000_com.android.server.companion.CompanionDeviceManagerService took to complete: 0ms
09-24 00:13:00.487 1129 1216 I ActivityManagerTiming: OnBootPhase_1000_com.android.server.restrictions.RestrictionsManagerService
09-24 00:13:00.487 1129 1216 D ActivityManagerTiming: OnBootPhase_1000_com.android.server.restrictions.RestrictionsManagerService took to complete: 0ms
09-24 00:13:00.487 1129 1216 I ActivityManagerTiming: OnBootPhase_1000_com.android.server.media.MediaSessionService
09-24 00:13:00.492 1129 1216 D ActivityManagerTiming: OnBootPhase_1000_com.android.server.media.MediaSessionService took to complete: 3ms
09-24 00:13:00.492 1129 1216 I ActivityManagerTiming: OnBootPhase_1000_com.android.server.media.MediaResourceMonitorService
09-24 00:13:00.492 1129 1216 D ActivityManagerTiming: OnBootPhase_1000_com.android.server.media.MediaResourceMonitorService took to complete: 0ms
09-24 00:13:00.492 1129 1216 I ActivityManagerTiming: OnBootPhase_1000_com.android.server.biometrics.sensors.fingerprint.FingerprintService
09-24 00:13:00.492 1129 1216 D ActivityManagerTiming: OnBootPhase_1000_com.android.server.biometrics.sensors.fingerprint.FingerprintService took to complete: 0ms
09-24 00:13:00.492 1129 1216 I ActivityManagerTiming: OnBootPhase_1000_com.android.server.biometrics.BiometricService
09-24 00:13:00.492 1129 1216 D ActivityManagerTiming: OnBootPhase_1000_com.android.server.biometrics.BiometricService took to complete: 0ms
09-24 00:13:00.492 1129 1216 I ActivityManagerTiming: OnBootPhase_1000_com.android.server.biometrics.AuthService
09-24 00:13:00.492 1129 1216 D ActivityManagerTiming: OnBootPhase_1000_com.android.server.biometrics.AuthService took to complete: 0ms
09-24 00:13:00.492 1129 1216 I ActivityManagerTiming: OnBootPhase_1000_com.android.server.pm.ShortcutService$Lifecycle
09-24 00:13:00.492 1129 1216 D ActivityManagerTiming: OnBootPhase_1000_com.android.server.pm.ShortcutService$Lifecycle took to complete: 0ms
09-24 00:13:00.492 1129 1216 I ActivityManagerTiming: OnBootPhase_1000_com.android.server.pm.LauncherAppsService
09-24 00:13:00.492 1129 1216 D ActivityManagerTiming: OnBootPhase_1000_com.android.server.pm.LauncherAppsService took to complete: 0ms
09-24 00:13:00.493 1129 1216 I ActivityManagerTiming: OnBootPhase_1000_com.android.server.pm.CrossProfileAppsService
09-24 00:13:00.493 1129 1216 D ActivityManagerTiming: OnBootPhase_1000_com.android.server.pm.CrossProfileAppsService took to complete: 0ms
09-24 00:13:00.493 1129 1216 I ActivityManagerTiming: OnBootPhase_1000_com.android.server.people.PeopleService
09-24 00:13:00.493 1129 1216 D ActivityManagerTiming: OnBootPhase_1000_com.android.server.people.PeopleService took to complete: 0ms
09-24 00:13:00.493 1129 1216 I ActivityManagerTiming: OnBootPhase_1000_com.android.server.media.metrics.MediaMetricsManagerService
09-24 00:13:00.493 1129 1216 D ActivityManagerTiming: OnBootPhase_1000_com.android.server.media.metrics.MediaMetricsManagerService took to complete: 0ms
09-24 00:13:00.493 1129 1216 I ActivityManagerTiming: OnBootPhase_1000_com.android.server.media.projection.MediaProjectionManagerService
09-24 00:13:00.493 1129 1216 D ActivityManagerTiming: OnBootPhase_1000_com.android.server.media.projection.MediaProjectionManagerService took to complete: 0ms
09-24 00:13:00.493 1129 1216 I ActivityManagerTiming: OnBootPhase_1000_com.android.server.slice.SliceManagerService$Lifecycle
09-24 00:13:00.493 1129 1216 D ActivityManagerTiming: OnBootPhase_1000_com.android.server.slice.SliceManagerService$Lifecycle took to complete: 0ms
09-24 00:13:00.493 1129 1216 I ActivityManagerTiming: OnBootPhase_1000_com.android.server.stats.StatsCompanion$Lifecycle
09-24 00:13:00.493 1129 1216 D ActivityManagerTiming: OnBootPhase_1000_com.android.server.stats.StatsCompanion$Lifecycle took to complete: 1ms
09-24 00:13:00.493 1129 1216 I ActivityManagerTiming: OnBootPhase_1000_com.android.server.scheduling.RebootReadinessManagerService$Lifecycle
09-24 00:13:00.493 1129 1216 D ActivityManagerTiming: OnBootPhase_1000_com.android.server.scheduling.RebootReadinessManagerService$Lifecycle took to complete: 0ms
09-24 00:13:00.494 1129 1216 I ActivityManagerTiming: OnBootPhase_1000_com.android.server.stats.pull.StatsPullAtomService
09-24 00:13:00.494 1129 1216 D ActivityManagerTiming: OnBootPhase_1000_com.android.server.stats.pull.StatsPullAtomService took to complete: 0ms
09-24 00:13:00.494 1129 1216 I ActivityManagerTiming: OnBootPhase_1000_com.android.server.incident.IncidentCompanionService
09-24 00:13:00.494 1129 1216 D ActivityManagerTiming: OnBootPhase_1000_com.android.server.incident.IncidentCompanionService took to complete: 0ms
09-24 00:13:00.494 1129 1216 I ActivityManagerTiming: OnBootPhase_1000_com.android.server.MmsServiceBroker
09-24 00:13:00.494 1129 1216 D ActivityManagerTiming: OnBootPhase_1000_com.android.server.MmsServiceBroker took to complete: 0ms
09-24 00:13:00.494 1129 1216 I ActivityManagerTiming: OnBootPhase_1000_com.android.server.autofill.AutofillManagerService
09-24 00:13:00.494 1129 1216 D ActivityManagerTiming: OnBootPhase_1000_com.android.server.autofill.AutofillManagerService took to complete: 0ms
09-24 00:13:00.494 1129 1216 I ActivityManagerTiming: OnBootPhase_1000_com.android.server.clipboard.ClipboardService
09-24 00:13:00.494 1129 1216 D ActivityManagerTiming: OnBootPhase_1000_com.android.server.clipboard.ClipboardService took to complete: 0ms
09-24 00:13:00.494 1129 1216 I ActivityManagerTiming: OnBootPhase_1000_com.android.server.appbinding.AppBindingService$Lifecycle
09-24 00:13:00.494 1129 1216 D ActivityManagerTiming: OnBootPhase_1000_com.android.server.appbinding.AppBindingService$Lifecycle took to complete: 0ms
09-24 00:13:00.494 1129 1216 I ActivityManagerTiming: OnBootPhase_1000_com.android.server.tracing.TracingServiceProxy
09-24 00:13:00.494 1129 1216 D ActivityManagerTiming: OnBootPhase_1000_com.android.server.tracing.TracingServiceProxy took to complete: 0ms
09-24 00:13:00.494 1129 1216 I ActivityManagerTiming: OnBootPhase_1000_com.android.server.policy.PermissionPolicyService
09-24 00:13:00.494 1129 1216 D ActivityManagerTiming: OnBootPhase_1000_com.android.server.policy.PermissionPolicyService took to complete: 0ms
09-24 00:13:00.494 1129 1216 I ActivityManagerTiming: OnBootPhase_1000_com.android.server.pm.StagingManager$Lifecycle
09-24 00:13:00.494 1129 1216 D ActivityManagerTiming: OnBootPhase_1000_com.android.server.pm.StagingManager$Lifecycle took to complete: 0ms
09-24 00:13:00.494 1129 1216 I ActivityManagerTiming: OnBootPhase_1000_com.android.server.app.GameManagerService$Lifecycle
09-24 00:13:00.495 1129 1216 D GameManagerService: onBootCompleted
09-24 00:13:00.495 1129 1216 D ActivityManagerTiming: OnBootPhase_1000_com.android.server.app.GameManagerService$Lifecycle took to complete: 0ms
09-24 00:13:00.495 1129 1216 I ActivityManagerTiming: OnBootPhase_1000_com.android.server.appsearch.AppSearchManagerService
09-24 00:13:00.495 1129 1216 D ActivityManagerTiming: OnBootPhase_1000_com.android.server.appsearch.AppSearchManagerService took to complete: 0ms
09-24 00:13:00.495 1129 1216 I ActivityManagerTiming: OnBootPhase_1000_com.android.server.media.MediaCommunicationService
09-24 00:13:00.495 1129 1216 D ActivityManagerTiming: OnBootPhase_1000_com.android.server.media.MediaCommunicationService took to complete: 0ms
09-24 00:13:00.495 1129 1216 D ActivityManagerTiming: OnBootPhase_1000 took to complete: 160ms
09-24 00:13:00.495 1129 1216 D ActivityManagerTiming: TotalBootTime took to complete: 12392ms
09-24 00:13:00.495 1129 1216 D SystemServerInitThreadPool: Shutdown requested
09-24 00:13:00.495 1129 1216 I SystemServerTiming: WaitInitThreadPoolShutdown
01-01 08:01:00.694 0 0 I init : processing action (sys.boot_completed=1) from (/system/etc/init/hw/init.rc:1163)
01-01 08:01:00.695 0 0 I init : starting service 'exec 30 (/bin/rm -rf /data/per_boot)'...
09-24 00:13:00.501 1129 1216 D SystemServerInitThreadPool: Shutdown successful
09-24 00:13:00.501 1129 1216 D SystemServerTiming: WaitInitThreadPoolShutdown took to complete: 6ms
09-24 00:13:00.534 1129 1216 I ActivityManager: User 0 state changed from BOOTING to RUNNING_LOCKED
09-24 00:13:00.537 1129 1216 W ActivityManager: UserLifecycleEvent 4 received without an active userJourneySession.
01-01 08:01:00.731 0 0 I init : SVC_EXEC service 'exec 30 (/bin/rm -rf /data/per_boot)' pid 2637 (uid 1000 gid 1000+0 context default) started; waiting...
09-24 00:13:00.548 1129 1216 D StorageManagerService: unlockUserKey: 0 isFileEncryptedNativeOrEmulated: true hasToken: false hasSecret: false
09-24 00:13:00.549 560 560 D vold : fscrypt_unlock_user_key 0 serial=0
09-24 00:13:00.552 560 560 D vold : Trying user CE key /data/misc/vold/user_keys/ce/0/current
01-01 08:01:00.774 0 0 I init : Service 'exec 30 (/bin/rm -rf /data/per_boot)' (pid 2637) exited with status 0 waiting took 0.052000 seconds
01-01 08:01:00.774 0 0 I init : Sending signal 9 to service 'exec 30 (/bin/rm -rf /data/per_boot)' (pid 2637) process group...
01-01 08:01:00.774 0 0 I libprocessgroup: Successfully killed process cgroup uid 1000 pid 2637 in 0ms
01-01 08:01:00.776 0 0 I init : Encryption policy of /data/per_boot set to 88e3a1fcc3807106cadbf3b680790217 v2 modes 1/4 flags 0xa
01-01 08:01:00.777 0 0 I init : processing action (sys.boot_completed=1) from (/vendor/etc/init/hw/init.qcom.rc:473)
01-01 08:01:00.777 0 0 I : Boot completed
01-01 08:01:00.785 0 0 I init : processing action (sys.boot_completed=1) from (/vendor/etc/init/hw/init.qcom.rc:737)
01-01 08:01:00.786 0 0 I init : starting service 'qcom-post-boot'...
01-01 08:01:00.811 0 0 W QSEECOM : __qseecom_unload_app: App (8) is unloaded
09-24 00:13:00.622 560 560 D vold : Successfully retrieved key
01-01 08:01:00.817 0 0 D qbt : qbt_release: entry minor_no=0 fd_available=0
01-01 08:01:00.817 0 0 D qbt : qbt_release: Releasing wakelock
01-01 08:01:00.817 0 0 D qbt : qbt_release: exit : fd_available=1
01-01 08:01:00.817 0 0 D qbt : qbt_release: entry minor_no=1 fd_available=1
01-01 08:01:00.817 0 0 D qbt : qbt_release: exit : fd_available=1
09-24 00:13:00.627 1129 1129 W Looper : Drained
09-24 00:13:00.628 1129 1129 W Looper : Slow dispatch took 501ms main h=android.os.Handler c=com.android.server.biometrics.sensors.BiometricScheduler$InternalCallback$$ExternalSyntheticLambda0@e5c6849 m=0
09-24 00:13:00.628 1129 1129 W Looper : Slow delivery took 502ms main h=com.android.server.alarm.AlarmManagerService$AlarmHandler c=null m=4
09-24 00:13:00.629 1129 1129 D BluetoothManagerService: Bluetooth Adapter address changed to 22:22:99:AC:4C:5C
09-24 00:13:00.629 1129 1129 D BluetoothManagerService: Stored Bluetoothaddress: 22:22:99:AC:4C:5C
09-24 00:13:00.629 1129 1129 D BluetoothManagerService: Bluetooth Adapter name changed to QCOM-BTD by android
09-24 00:13:00.629 1129 1129 D BluetoothManagerService: Stored Bluetooth name: QCOM-BTD
09-24 00:13:00.629 1129 1129 D BluetoothManagerService: Bluetooth Adapter address changed to 22:22:99:AC:4C:5C
09-24 00:13:00.629 1129 1129 D BluetoothManagerService: Stored Bluetoothaddress: 22:22:99:AC:4C:5C
09-24 00:13:00.634 1129 1129 D CompanionDeviceManagerService: Received BT state transition broadcast: BLE_TURNING_ON -> BLE_ON
09-24 00:13:00.635 1129 1129 I CompanionDeviceManagerService: startBleScan()
09-24 00:13:00.635 1129 1129 I CompanionDeviceManagerService: Read associations from disk: {0=[]}
09-24 00:13:00.635 1129 1129 D BluetoothManagerService: BluetoothServiceConnection: com.android.bluetooth.gatt.GattService
09-24 00:13:00.635 1129 1215 D BluetoothManagerService: MESSAGE_BLUETOOTH_SERVICE_CONNECTED: 2
09-24 00:13:00.636 1129 1215 D BluetoothManagerService: continueFromBleOnState()
09-24 00:13:00.639 1129 1129 D BiometricScheduler/Fingerprint21: [Finishing] {[1] FingerprintUpdateActiveUserClient, proto=1, owner=android, cookie=0, requestId=-1, userId=0}, success: true
09-24 00:13:00.639 1129 1129 D BiometricScheduler/Fingerprint21: [Polled] {[2] FingerprintInternalCleanupClient, proto=7, owner=android, cookie=0, requestId=-1, userId=0}, State: 0
09-24 00:13:00.639 1129 1129 D BiometricScheduler/Fingerprint21: [Starting] {[2] FingerprintInternalCleanupClient, proto=7, owner=android, cookie=0, requestId=-1, userId=0}, State: 0
09-24 00:13:00.639 1129 1129 D BiometricScheduler/Fingerprint21: [Started] {[2] FingerprintInternalCleanupClient, proto=7, owner=android, cookie=0, requestId=-1, userId=0}
09-24 00:13:00.639 1129 1129 D Biometrics/InternalCleanupClient: Starting enumerate: {[3] FingerprintInternalEnumerateClient, proto=6, owner=android, cookie=0, requestId=-1, userId=0}
09-24 00:13:00.640 1129 1215 D BluetoothManagerService: Persisting Bluetooth Setting: 1
09-24 00:13:00.642 1129 1215 D BluetoothManagerService: MESSAGE_BLUETOOTH_STATE_CHANGE: BLE_ON > TURNING_ON
09-24 00:13:00.643 1129 1215 D BluetoothManagerService: Sending BLE State Change: BLE_ON > TURNING_ON
09-24 00:13:00.643 560 560 D vold : Installed fscrypt key with ref 2ce8c34edd4cc51cf890b8260e5c5858 to /data
09-24 00:13:00.644 560 560 D vold : Added fscrypt-provisioning key for 2ce8c34edd4cc51cf890b8260e5c5858 to session keyring
09-24 00:13:00.644 560 560 D vold : Installed ce key for user 0
09-24 00:13:00.647 1129 1129 W Looper : Drained
01-01 08:01:00.842 0 0 D qbt : qbt_open: entry minor_no=0 fd_available=1
01-01 08:01:00.842 0 0 D qbt : qbt_open: exit : 0 fd_available=0
01-01 08:01:00.842 0 0 D qbt : qbt_open: entry minor_no=1 fd_available=0
01-01 08:01:00.842 0 0 D qbt : qbt_open: exit : 0 fd_available=0
01-01 08:01:00.842 0 0 D qbt : qbt_ioctl: cmd received 107
01-01 08:01:00.842 0 0 D qbt : qbt_ioctl: Acquiring wakelock
01-01 08:01:00.864 0 0 I binder : 2630:2630 ioctl 40046210 7fea9046a4 returned -22
09-24 00:13:00.674 1129 1216 W ActivityManager: UserLifecycleEvent 5 received without an active userJourneySession.
09-24 00:13:00.674 1129 1216 D ActivityManager: Started unlocking user 0
09-24 00:13:00.674 1129 1216 D ActivityManager: Unlocking user 0 progress 0
09-24 00:13:00.674 1129 1216 D ActivityManager: Unlocking user 0 progress 5
09-24 00:13:00.677 1129 1233 D CompatibilityChangeReporter: Compat change id reported: 135634846; UID 10075; state: DISABLED
09-24 00:13:00.677 1129 1233 D CompatibilityChangeReporter: Compat change id reported: 177438394; UID 10075; state: DISABLED
09-24 00:13:00.677 1129 1233 D CompatibilityChangeReporter: Compat change id reported: 135772972; UID 10075; state: DISABLED
09-24 00:13:00.677 1129 1233 D CompatibilityChangeReporter: Compat change id reported: 135754954; UID 10075; state: DISABLED
09-24 00:13:00.678 1129 1234 D CompatibilityChangeReporter: Compat change id reported: 143937733; UID 10075; state: DISABLED
09-24 00:13:00.682 1129 1216 D ActivityManagerTiming: FinishBooting took to complete: 367ms
09-24 00:13:00.682 1129 1215 D BluetoothManagerService: Sending State Change: OFF > TURNING_ON
09-24 00:13:00.684 1129 1213 W Looper : Slow dispatch took 140ms android.fg h=com.android.server.DropBoxManagerService$DropBoxManagerBroadcastHandler c=null m=2
09-24 00:13:00.685 560 560 D vold : fscrypt_prepare_user_storage for volume null, user 0, serial 0, flags 2
09-24 00:13:00.685 560 560 D vold : Preparing: /data/system_ce/0
09-24 00:13:00.685 560 560 D vold : Preparing: /data/misc_ce/0
09-24 00:13:00.685 560 560 D vold : Preparing: /data/vendor_ce/0
09-24 00:13:00.687 1129 1129 D CompanionDeviceManagerService: Received BT state transition broadcast: BLE_ON -> TURNING_ON
01-01 08:01:00.886 0 0 W QSEECOM : qseecom_load_app: App (fingerpr) does'nt exist, loading apps for first time
09-24 00:13:00.693 560 560 D vold : Preparing: /data/media/0
09-24 00:13:00.693 1129 1162 D CompatibilityChangeReporter: Compat change id reported: 168419799; UID 10071; state: DISABLED
09-24 00:13:00.695 560 560 D vold : Preparing: /data/data
09-24 00:13:00.695 560 560 I vold : Verified that /data/system_ce/0 has the encryption policy 2ce8c34edd4cc51cf890b8260e5c5858 v2 modes 1/4 flags 0xa
09-24 00:13:00.696 560 560 I vold : Verified that /data/misc_ce/0 has the encryption policy 2ce8c34edd4cc51cf890b8260e5c5858 v2 modes 1/4 flags 0xa
09-24 00:13:00.696 560 560 I vold : Verified that /data/vendor_ce/0 has the encryption policy 2ce8c34edd4cc51cf890b8260e5c5858 v2 modes 1/4 flags 0xa
09-24 00:13:00.696 560 560 I vold : Verified that /data/media/0 has the encryption policy 2ce8c34edd4cc51cf890b8260e5c5858 v2 modes 1/4 flags 0xa
09-24 00:13:00.696 560 560 I vold : Verified that /data/data has the encryption policy 2ce8c34edd4cc51cf890b8260e5c5858 v2 modes 1/4 flags 0xa
09-24 00:13:00.696 560 560 D vold : Starting restorecon of /data/system_ce/0
09-24 00:13:00.699 1129 1216 D ColorDisplayService: setUp: currentUser=0
09-24 00:13:00.721 1129 1215 I DropBoxManagerService: add tag=system_server_strictmode isTagEnabled=true flags=0x2
09-24 00:13:00.724 560 560 D vold : Finished restorecon of /data/system_ce/0
09-24 00:13:00.725 560 560 D vold : Starting restorecon of /data/vendor_ce/0
09-24 00:13:00.732 1129 1234 W ActivityManager: Slow operation: 55ms so far, now at startProcess: returned from zygote!
09-24 00:13:00.739 1129 1216 D ColorDisplayService: onNightDisplayAutoModeChanged: autoMode=0
09-24 00:13:00.739 1129 1216 I ColorDisplayService: Turning off night display
09-24 00:13:00.739 1129 1216 D ColorDisplayService: Setting bright color reduction level: 50
09-24 00:13:00.739 1129 1259 V DisplayPowerController[0]: Brightness [0.0] manual adjustment.
09-24 00:13:00.741 1129 1215 I DropBoxManagerService: add tag=system_server_strictmode isTagEnabled=true flags=0x2
09-24 00:13:00.748 560 560 D vold : Finished restorecon of /data/vendor_ce/0
09-24 00:13:00.748 560 560 D vold : Starting restorecon of /data/misc_ce/0
09-24 00:13:00.749 1129 1234 W ActivityManager: Slow operation: 65ms so far, now at startProcess: done updating battery stats
09-24 00:13:00.750 1129 1234 W ActivityManager: Slow operation: 73ms so far, now at startProcess: building log message
09-24 00:13:00.750 1129 1234 I ActivityManager: Start proc 2668:com.android.deskclock/u0a75 for broadcast {com.android.deskclock/com.android.deskclock.AlarmInitReceiver}
09-24 00:13:00.750 1129 1234 W ActivityManager: Slow operation: 73ms so far, now at startProcess: starting to update pids map
09-24 00:13:00.751 1129 1234 W ActivityManager: Slow operation: 74ms so far, now at startProcess: done updating pids map
01-01 08:01:01.004 0 0 W QSEECOM : qseecom_load_app: App with id 9 (fingerpr) now loaded
01-01 08:01:01.007 0 0 I binder : 2668:2668 ioctl 40046210 7fea9046a4 returned -22
09-24 00:13:00.771 560 560 D vold : Finished restorecon of /data/misc_ce/0
09-24 00:13:00.771 560 560 D vold : /system/bin/vold_prepare_subdirs
09-24 00:13:00.771 560 560 D vold : prepare
09-24 00:13:00.771 560 560 D vold :
09-24 00:13:00.771 560 560 D vold : 0
09-24 00:13:00.771 560 560 D vold : 2
09-24 00:13:00.785 1129 2632 W AdbDebuggingManager: Read failed with count -1
09-24 00:13:00.803 1129 1215 I DropBoxManagerService: add tag=system_server_strictmode isTagEnabled=true flags=0x2
09-24 00:13:00.804 1129 1215 I DropBoxManagerService: add tag=system_server_strictmode isTagEnabled=true flags=0x2
09-24 00:13:00.905 1129 2033 D CompatibilityChangeReporter: Compat change id reported: 168419799; UID 10075; state: DISABLED
09-24 00:13:00.906 1129 1129 W NotificationHistory: Attempted to add notif for locked/gone/disabled user 0
09-24 00:13:00.908 1129 2033 W ActivityManager: Slow operation: 53ms so far, now at attachApplicationLocked: immediately before bindApplication
01-01 08:01:01.104 0 0 D : mv2112_read_status
01-01 08:01:01.104 0 0 D mv2112_update_link: 3.0x901(1G): 0x80
01-01 08:01:01.105 0 0 D mv2112_update_link: 3.0x8109(100M): 0x0
01-01 08:01:01.105 0 0 D mv2112_update_link: link 0x0
01-01 08:01:01.105 0 0 D mv2112_read_status: autoneg is disabled
09-24 00:13:00.909 1129 2033 W ActivityManager: Slow operation: 54ms so far, now at attachApplicationLocked: immediately after bindApplication
09-24 00:13:00.909 1129 2033 W ActivityManager: Slow operation: 54ms so far, now at attachApplicationLocked: after updateLruProcessLocked
09-24 00:13:00.910 1129 2033 D CompatibilityChangeReporter: Compat change id reported: 181136395; UID 1000; state: DISABLED
09-24 00:13:00.911 1129 2033 D CompatibilityChangeReporter: Compat change id reported: 174042936; UID 1000; state: DISABLED
09-24 00:13:00.913 1129 2033 D CompatibilityChangeReporter: Compat change id reported: 174042980; UID 1000; state: DISABLED
09-24 00:13:00.913 1129 2033 W ActivityManager: Slow operation: 58ms so far, now at attachApplicationLocked: after mServices.attachApplicationLocked
09-24 00:13:00.914 1129 2033 W ActivityManager: Slow operation: 59ms so far, now at attachApplicationLocked: after sendPendingBroadcastsLocked
01-01 08:01:01.120 0 0 W logd : Skipping entries from slow reader, pid 1279, fd 14, from LogBuffer::Prune()
01-01 08:01:01.123 0 0 W logd : Skipping entries from slow reader, pid 1279, fd 14, from LogBuffer::Prune()
09-24 00:13:00.930 1129 1213 V UserDataPreparer: Found /data/user/0 with serial number 0
09-24 00:13:00.930 1129 1213 V UserDataPreparer: Found /data/system_ce/0 with serial number 0
09-24 00:13:00.932 1129 1213 D UserDataPreparer: Setting property: sys.user.0.ce_available=true
09-24 00:13:00.933 1129 1213 V PackageManager: reconcileAppsData for null u0 0x2 migrateAppData=false
01-01 08:01:01.189 0 0 I : read descriptors
01-01 08:01:01.189 0 0 I : read strings
09-24 00:13:01.073 1129 2033 D CompatibilityChangeReporter: Compat change id reported: 168419799; UID 10071; state: DISABLED
09-24 00:13:01.076 2630 2721 W ActivityThread: Failed to find provider info for user_dictionary (user not unlocked)
09-24 00:13:01.083 1129 2033 W ActivityTaskManager: Current config: {1.0 ?mcc?mnc [zh_CN] ldltr sw680dp w1586dp h608dp 240dpi lrg long hdr land finger -keyb/v/h -nav/h winConfig={ mBounds=Rect(0, 0 - 2380, 1020) mAppBounds=Rect(0, 0 - 2380, 948) mMaxBounds=Rect(0, 0 - 2380, 1020) mWindowingMode=fullscreen mDisplayWindowingMode=fullscreen mActivityType=undefined mAlwaysOnTop=undefined mRotation=ROTATION_0} s.10 fontWeightAdjustment=0} unchanged for IME proc com.android.inputmethod.latin
09-24 00:13:01.083 1129 2033 W ActivityTaskManager: Current config: {1.0 ?mcc?mnc [zh_CN] ldltr sw680dp w1586dp h608dp 240dpi lrg long hdr land finger -keyb/v/h -nav/h winConfig={ mBounds=Rect(0, 0 - 2380, 1020) mAppBounds=Rect(0, 0 - 2380, 948) mMaxBounds=Rect(0, 0 - 2380, 1020) mWindowingMode=fullscreen mDisplayWindowingMode=fullscreen mActivityType=undefined mAlwaysOnTop=undefined mRotation=ROTATION_0} s.10 fontWeightAdjustment=0} unchanged for IME proc com.android.inputmethod.latin
01-01 08:01:01.287 0 0 W QSEECOM : __qseecom_unload_app: App (9) is unloaded
01-01 08:01:01.288 0 0 D qbt : qbt_release: entry minor_no=0 fd_available=0
01-01 08:01:01.288 0 0 D qbt : qbt_release: Releasing wakelock
01-01 08:01:01.288 0 0 D qbt : qbt_release: exit : fd_available=1
01-01 08:01:01.288 0 0 D qbt : qbt_release: entry minor_no=1 fd_available=1
01-01 08:01:01.288 0 0 D qbt : qbt_release: exit : fd_available=1
09-24 00:13:01.098 1129 1129 D Fingerprint21: handleError, client: FingerprintInternalCleanupClient, error: 2, vendorCode: 0
09-24 00:13:01.098 1129 1129 E Fingerprint21: onError for non-error consumer: FingerprintInternalCleanupClient
01-01 08:01:01.293 0 0 W logd : Skipping entries from slow reader, pid 1279, fd 14, from LogBuffer::Prune()
09-24 00:13:01.251 1129 1129 I Telecom : BluetoothDeviceManager: Got BluetoothHearingAid: android.bluetooth.BluetoothHearingAid@9ca7c64: BMSL.oSC@AAw
09-24 00:13:01.264 1888 2742 W ActivityThread: Failed to find provider info for com.android.contacts (user not unlocked)
09-24 00:13:01.295 1129 1873 D CompatibilityChangeReporter: Compat change id reported: 168419799; UID 10091; state: DISABLED
09-24 00:13:01.301 1129 1873 D CompatibilityChangeReporter: Compat change id reported: 135634846; UID 10082; state: DISABLED
09-24 00:13:01.301 1129 1873 D CompatibilityChangeReporter: Compat change id reported: 177438394; UID 10082; state: DISABLED
09-24 00:13:01.301 1129 1873 D CompatibilityChangeReporter: Compat change id reported: 135772972; UID 10082; state: DISABLED
09-24 00:13:01.301 1129 1873 D CompatibilityChangeReporter: Compat change id reported: 135754954; UID 10082; state: ENABLED
09-24 00:13:01.301 1129 1234 D CompatibilityChangeReporter: Compat change id reported: 143937733; UID 10082; state: ENABLED
09-24 00:13:01.312 1129 1215 D BluetoothManagerService: MESSAGE_BLUETOOTH_STATE_CHANGE: TURNING_ON > ON
09-24 00:13:01.312 1129 1215 D BluetoothManagerService: Broadcasting onBluetoothStateChange(true) to 10 receivers.
09-24 00:13:01.312 1129 1215 D BluetoothManagerService: Creating new ProfileServiceConnections object for profile: 1
09-24 00:13:01.314 1129 1215 W BluetoothManagerService: psc is not null in bindBluetoothProfileService
09-24 00:13:01.314 1129 1215 D BluetoothManagerService: Sending BLE State Change: TURNING_ON > ON
09-24 00:13:01.316 1129 1215 D BluetoothManagerService: Sending State Change: TURNING_ON > ON
09-24 00:13:01.322 1129 1129 D CompanionDeviceManagerService: Received BT state transition broadcast: TURNING_ON -> ON
09-24 00:13:01.322 1129 1129 I CompanionDeviceManagerService: startBleScan()
09-24 00:13:01.346 1129 2452 W BluetoothManagerService: psc is not null in bindBluetoothProfileService
09-24 00:13:01.363 1129 1234 W ActivityManager: Slow operation: 62ms so far, now at startProcess: returned from zygote!
09-24 00:13:01.371 1129 1234 W ActivityManager: Slow operation: 71ms so far, now at startProcess: done updating battery stats
09-24 00:13:01.373 1129 1234 W ActivityManager: Slow operation: 72ms so far, now at startProcess: building log message
09-24 00:13:01.373 1129 1234 I ActivityManager: Start proc 2756:com.qualcomm.location/u0a82 for broadcast {com.qualcomm.location/com.qualcomm.location.LocationServiceReceiver}
09-24 00:13:01.373 1129 1234 W ActivityManager: Slow operation: 72ms so far, now at startProcess: starting to update pids map
09-24 00:13:01.373 1129 1234 W ActivityManager: Slow operation: 73ms so far, now at startProcess: done updating pids map
09-24 00:13:01.415 1129 1129 I Telecom : BluetoothDeviceManager: Got BluetoothHeadset: com.android.server.telecom.BluetoothHeadsetProxy@ae19092: BMSL.oSC@AA0
09-24 00:13:01.431 1129 1213 V PackageManager: reconcileAppsData finished 139 packages
09-24 00:13:01.432 1129 1213 I ActivityManager: User 0 state changed from RUNNING_LOCKED to RUNNING_UNLOCKING
09-24 00:13:01.434 1129 1213 D ActivityManager: Unlocking user 0 progress 20
09-24 00:13:01.434 1129 1213 W Looper : Slow dispatch took 751ms android.fg h=android.os.Handler c=com.android.server.am.UserController$$ExternalSyntheticLambda3@31e588c m=0
09-24 00:13:01.434 1129 1213 W Looper : Slow delivery took 760ms android.fg h=android.os.Handler c=com.android.server.am.UserController$$ExternalSyntheticLambda1@d2a9fea m=0
09-24 00:13:01.435 1129 1233 I SystemServerTimingAsync: ssm.UnlockingUser-0
09-24 00:13:01.435 1129 1233 I SystemServiceManager: Calling onUnlockingUser 0
09-24 00:13:01.435 1129 1233 I SystemServerTimingAsync: ssm.onUnlockingUser-0_com.android.server.security.FileIntegrityService
09-24 00:13:01.435 1129 1233 D SystemServerTimingAsync: ssm.onUnlockingUser-0_com.android.server.security.FileIntegrityService took to complete: 0ms
09-24 00:13:01.435 1129 1233 I SystemServerTimingAsync: ssm.onUnlockingUser-0_com.android.server.pm.Installer
09-24 00:13:01.435 1129 1233 D SystemServerTimingAsync: ssm.onUnlockingUser-0_com.android.server.pm.Installer took to complete: 0ms
09-24 00:13:01.435 1129 1233 I SystemServerTimingAsync: ssm.onUnlockingUser-0_com.android.server.os.DeviceIdentifiersPolicyService
09-24 00:13:01.435 1129 1233 D SystemServerTimingAsync: ssm.onUnlockingUser-0_com.android.server.os.DeviceIdentifiersPolicyService took to complete: 0ms
09-24 00:13:01.435 1129 1233 I SystemServerTimingAsync: ssm.onUnlockingUser-0_com.android.server.uri.UriGrantsManagerService$Lifecycle
09-24 00:13:01.435 1129 1233 D SystemServerTimingAsync: ssm.onUnlockingUser-0_com.android.server.uri.UriGrantsManagerService$Lifecycle took to complete: 0ms
09-24 00:13:01.435 1129 1233 I SystemServerTimingAsync: ssm.onUnlockingUser-0_com.android.server.powerstats.PowerStatsService
09-24 00:13:01.437 1129 1233 D SystemServerTimingAsync: ssm.onUnlockingUser-0_com.android.server.powerstats.PowerStatsService took to complete: 0ms
09-24 00:13:01.437 1129 1233 I SystemServerTimingAsync: ssm.onUnlockingUser-0_com.android.server.wm.ActivityTaskManagerService$Lifecycle
09-24 00:13:01.437 1129 1233 D SystemServerTimingAsync: ssm.onUnlockingUser-0_com.android.server.wm.ActivityTaskManagerService$Lifecycle took to complete: 0ms
09-24 00:13:01.437 1129 1233 I SystemServerTimingAsync: ssm.onUnlockingUser-0_com.android.server.am.ActivityManagerService$Lifecycle
09-24 00:13:01.437 1129 1233 D SystemServerTimingAsync: ssm.onUnlockingUser-0_com.android.server.am.ActivityManagerService$Lifecycle took to complete: 0ms
09-24 00:13:01.437 1129 1233 I SystemServerTimingAsync: ssm.onUnlockingUser-0_com.android.server.pm.DataLoaderManagerService
09-24 00:13:01.437 1129 1233 D SystemServerTimingAsync: ssm.onUnlockingUser-0_com.android.server.pm.DataLoaderManagerService took to complete: 0ms
09-24 00:13:01.437 1129 1233 I SystemServerTimingAsync: ssm.onUnlockingUser-0_com.android.server.power.PowerManagerService
09-24 00:13:01.437 1129 1233 D SystemServerTimingAsync: ssm.onUnlockingUser-0_com.android.server.power.PowerManagerService took to complete: 0ms
09-24 00:13:01.438 1129 1233 I SystemServerTimingAsync: ssm.onUnlockingUser-0_com.android.server.power.ThermalManagerService
09-24 00:13:01.438 1129 1233 D SystemServerTimingAsync: ssm.onUnlockingUser-0_com.android.server.power.ThermalManagerService took to complete: 0ms
09-24 00:13:01.438 1129 1233 I SystemServerTimingAsync: ssm.onUnlockingUser-0_com.android.server.power.hint.HintManagerService
09-24 00:13:01.438 1129 1233 D SystemServerTimingAsync: ssm.onUnlockingUser-0_com.android.server.power.hint.HintManagerService took to complete: 0ms
09-24 00:13:01.438 1129 1233 I SystemServerTimingAsync: ssm.onUnlockingUser-0_com.android.server.recoverysystem.RecoverySystemService$Lifecycle
09-24 00:13:01.438 1129 1233 D SystemServerTimingAsync: ssm.onUnlockingUser-0_com.android.server.recoverysystem.RecoverySystemService$Lifecycle took to complete: 0ms
09-24 00:13:01.438 1129 1233 I SystemServerTimingAsync: ssm.onUnlockingUser-0_com.android.server.lights.LightsService
09-24 00:13:01.438 1129 1233 D SystemServerTimingAsync: ssm.onUnlockingUser-0_com.android.server.lights.LightsService took to complete: 0ms
09-24 00:13:01.438 1129 1233 I SystemServerTimingAsync: ssm.onUnlockingUser-0_com.android.server.display.DisplayManagerService
09-24 00:13:01.438 1129 1233 D SystemServerTimingAsync: ssm.onUnlockingUser-0_com.android.server.display.DisplayManagerService took to complete: 0ms
09-24 00:13:01.438 1129 1233 I SystemServerTimingAsync: ssm.onUnlockingUser-0_com.android.server.pm.verify.domain.DomainVerificationService
09-24 00:13:01.438 1129 1233 D SystemServerTimingAsync: ssm.onUnlockingUser-0_com.android.server.pm.verify.domain.DomainVerificationService took to complete: 0ms
09-24 00:13:01.438 1129 1233 I SystemServerTimingAsync: ssm.onUnlockingUser-0_com.android.server.pm.PackageInstallerService$Lifecycle
09-24 00:13:01.438 1129 1233 D SystemServerTimingAsync: ssm.onUnlockingUser-0_com.android.server.pm.PackageInstallerService$Lifecycle took to complete: 0ms
09-24 00:13:01.438 1129 1233 I SystemServerTimingAsync: ssm.onUnlockingUser-0_com.android.server.pm.UserManagerService$LifeCycle
09-24 00:13:01.439 1129 1233 D SystemServerTimingAsync: ssm.onUnlockingUser-0_com.android.server.pm.UserManagerService$LifeCycle took to complete: 0ms
09-24 00:13:01.439 1129 1233 I SystemServerTimingAsync: ssm.onUnlockingUser-0_com.android.server.om.OverlayManagerService
09-24 00:13:01.439 1129 1233 D SystemServerTimingAsync: ssm.onUnlockingUser-0_com.android.server.om.OverlayManagerService took to complete: 0ms
09-24 00:13:01.439 1129 1233 I SystemServerTimingAsync: ssm.onUnlockingUser-0_com.android.server.SensorPrivacyService
09-24 00:13:01.439 1129 1233 D SystemServerTimingAsync: ssm.onUnlockingUser-0_com.android.server.SensorPrivacyService took to complete: 0ms
09-24 00:13:01.439 1129 1233 I SystemServerTimingAsync: ssm.onUnlockingUser-0_com.android.server.sensors.SensorService
09-24 00:13:01.439 1129 1233 D SystemServerTimingAsync: ssm.onUnlockingUser-0_com.android.server.sensors.SensorService took to complete: 0ms
09-24 00:13:01.439 1129 1233 I SystemServerTimingAsync: ssm.onUnlockingUser-0_com.android.server.SystemConfigService
09-24 00:13:01.439 1129 1233 D SystemServerTimingAsync: ssm.onUnlockingUser-0_com.android.server.SystemConfigService took to complete: 0ms
09-24 00:13:01.439 1129 1233 I SystemServerTimingAsync: ssm.onUnlockingUser-0_com.android.server.BatteryService
09-24 00:13:01.439 1129 1233 D SystemServerTimingAsync: ssm.onUnlockingUser-0_com.android.server.BatteryService took to complete: 0ms
09-24 00:13:01.439 1129 1233 I SystemServerTimingAsync: ssm.onUnlockingUser-0_com.android.server.usage.UsageStatsService
09-24 00:13:01.440 1129 1233 D SystemServerTimingAsync: ssm.onUnlockingUser-0_com.android.server.usage.UsageStatsService took to complete: 0ms
09-24 00:13:01.440 1129 1233 I SystemServerTimingAsync: ssm.onUnlockingUser-0_com.android.server.webkit.WebViewUpdateService
09-24 00:13:01.440 1129 1233 D SystemServerTimingAsync: ssm.onUnlockingUser-0_com.android.server.webkit.WebViewUpdateService took to complete: 0ms
09-24 00:13:01.440 1129 1233 I SystemServerTimingAsync: ssm.onUnlockingUser-0_com.android.server.CachedDeviceStateService
09-24 00:13:01.440 1129 1233 D SystemServerTimingAsync: ssm.onUnlockingUser-0_com.android.server.CachedDeviceStateService took to complete: 0ms
09-24 00:13:01.440 1129 1233 I SystemServerTimingAsync: ssm.onUnlockingUser-0_com.android.server.BinderCallsStatsService$LifeCycle
09-24 00:13:01.440 1129 1233 D SystemServerTimingAsync: ssm.onUnlockingUser-0_com.android.server.BinderCallsStatsService$LifeCycle took to complete: 0ms
09-24 00:13:01.440 1129 1233 I SystemServerTimingAsync: ssm.onUnlockingUser-0_com.android.server.LooperStatsService$Lifecycle
09-24 00:13:01.440 1129 1233 D SystemServerTimingAsync: ssm.onUnlockingUser-0_com.android.server.LooperStatsService$Lifecycle took to complete: 0ms
09-24 00:13:01.440 1129 1233 I SystemServerTimingAsync: ssm.onUnlockingUser-0_com.android.server.rollback.RollbackManagerService
09-24 00:13:01.443 1129 1233 D SystemServerTimingAsync: ssm.onUnlockingUser-0_com.android.server.rollback.RollbackManagerService took to complete: 2ms
09-24 00:13:01.443 1129 1233 I SystemServerTimingAsync: ssm.onUnlockingUser-0_com.android.server.os.NativeTombstoneManagerService
09-24 00:13:01.443 1129 1233 D SystemServerTimingAsync: ssm.onUnlockingUser-0_com.android.server.os.NativeTombstoneManagerService took to complete: 0ms
09-24 00:13:01.443 1129 1233 I SystemServerTimingAsync: ssm.onUnlockingUser-0_com.android.server.os.BugreportManagerService
09-24 00:13:01.443 1129 1233 D SystemServerTimingAsync: ssm.onUnlockingUser-0_com.android.server.os.BugreportManagerService took to complete: 0ms
09-24 00:13:01.443 1129 1233 I SystemServerTimingAsync: ssm.onUnlockingUser-0_com.android.server.gpu.GpuService
09-24 00:13:01.443 1129 1233 D SystemServerTimingAsync: ssm.onUnlockingUser-0_com.android.server.gpu.GpuService took to complete: 0ms
09-24 00:13:01.443 1129 1233 I SystemServerTimingAsync: ssm.onUnlockingUser-0_com.android.server.security.KeyChainSystemService
09-24 00:13:01.443 1129 1233 D SystemServerTimingAsync: ssm.onUnlockingUser-0_com.android.server.security.KeyChainSystemService took to complete: 0ms
09-24 00:13:01.443 1129 1233 I SystemServerTimingAsync: ssm.onUnlockingUser-0_com.android.server.telecom.TelecomLoaderService
09-24 00:13:01.444 1129 1233 D SystemServerTimingAsync: ssm.onUnlockingUser-0_com.android.server.telecom.TelecomLoaderService took to complete: 0ms
09-24 00:13:01.444 1129 1233 I SystemServerTimingAsync: ssm.onUnlockingUser-0_com.android.server.accounts.AccountManagerService$Lifecycle
09-24 00:13:01.444 1129 1233 D SystemServerTimingAsync: ssm.onUnlockingUser-0_com.android.server.accounts.AccountManagerService$Lifecycle took to complete: 0ms
09-24 00:13:01.444 1129 1233 I SystemServerTimingAsync: ssm.onUnlockingUser-0_com.android.server.content.ContentService$Lifecycle
09-24 00:13:01.444 1129 1233 D SystemServerTimingAsync: ssm.onUnlockingUser-0_com.android.server.content.ContentService$Lifecycle took to complete: 0ms
09-24 00:13:01.444 1129 1233 I SystemServerTimingAsync: ssm.onUnlockingUser-0_com.android.server.DropBoxManagerService
09-24 00:13:01.445 1129 1233 D SystemServerTimingAsync: ssm.onUnlockingUser-0_com.android.server.DropBoxManagerService took to complete: 0ms
09-24 00:13:01.445 1129 1233 I SystemServerTimingAsync: ssm.onUnlockingUser-0_com.android.role.RoleService
09-24 00:13:01.445 1129 1233 D SystemServerTimingAsync: ssm.onUnlockingUser-0_com.android.role.RoleService took to complete: 0ms
09-24 00:13:01.445 1129 1233 I SystemServerTimingAsync: ssm.onUnlockingUser-0_com.android.server.vibrator.VibratorManagerService$Lifecycle
09-24 00:13:01.445 1129 1233 D SystemServerTimingAsync: ssm.onUnlockingUser-0_com.android.server.vibrator.VibratorManagerService$Lifecycle took to complete: 0ms
09-24 00:13:01.445 1129 1233 I SystemServerTimingAsync: ssm.onUnlockingUser-0_com.android.server.alarm.AlarmManagerService
09-24 00:13:01.445 1129 1233 D SystemServerTimingAsync: ssm.onUnlockingUser-0_com.android.server.alarm.AlarmManagerService took to complete: 0ms
09-24 00:13:01.445 1129 1233 I SystemServerTimingAsync: ssm.onUnlockingUser-0_com.android.server.devicestate.DeviceStateManagerService
09-24 00:13:01.445 1129 1233 D SystemServerTimingAsync: ssm.onUnlockingUser-0_com.android.server.devicestate.DeviceStateManagerService took to complete: 0ms
09-24 00:13:01.445 1129 1233 I SystemServerTimingAsync: ssm.onUnlockingUser-0_com.android.server.camera.CameraServiceProxy
09-24 00:13:01.445 1129 1233 D SystemServerTimingAsync: ssm.onUnlockingUser-0_com.android.server.camera.CameraServiceProxy took to complete: 0ms
09-24 00:13:01.447 1129 1233 I SystemServerTimingAsync: ssm.onUnlockingUser-0_com.android.server.BluetoothService
09-24 00:13:01.447 1129 1233 D BluetoothManagerService: User 0 unlocked
09-24 00:13:01.447 1129 1233 D SystemServerTimingAsync: ssm.onUnlockingUser-0_com.android.server.BluetoothService took to complete: 0ms
09-24 00:13:01.447 1129 1233 I SystemServerTimingAsync: ssm.onUnlockingUser-0_com.android.server.connectivity.IpConnectivityMetrics
09-24 00:13:01.448 1129 1233 D SystemServerTimingAsync: ssm.onUnlockingUser-0_com.android.server.connectivity.IpConnectivityMetrics took to complete: 0ms
09-24 00:13:01.448 1129 1233 I SystemServerTimingAsync: ssm.onUnlockingUser-0_com.android.server.net.watchlist.NetworkWatchlistService$Lifecycle
09-24 00:13:01.448 1129 1233 D SystemServerTimingAsync: ssm.onUnlockingUser-0_com.android.server.net.watchlist.NetworkWatchlistService$Lifecycle took to complete: 0ms
09-24 00:13:01.448 1129 1233 I SystemServerTimingAsync: ssm.onUnlockingUser-0_com.android.server.PinnerService
09-24 00:13:01.448 1129 1215 D BluetoothManagerService: MESSAGE_USER_UNLOCKED
09-24 00:13:01.449 1129 1233 D SystemServerTimingAsync: ssm.onUnlockingUser-0_com.android.server.PinnerService took to complete: 0ms
09-24 00:13:01.449 1129 1233 I SystemServerTimingAsync: ssm.onUnlockingUser-0_com.google.android.startop.iorap.IorapForwardingService
09-24 00:13:01.449 1129 1233 D SystemServerTimingAsync: ssm.onUnlockingUser-0_com.google.android.startop.iorap.IorapForwardingService took to complete: 0ms
09-24 00:13:01.449 1129 1233 I SystemServerTimingAsync: ssm.onUnlockingUser-0_com.android.server.ActivityTriggerService
09-24 00:13:01.449 1129 1233 D SystemServerTimingAsync: ssm.onUnlockingUser-0_com.android.server.ActivityTriggerService took to complete: 0ms
09-24 00:13:01.449 1129 1233 I SystemServerTimingAsync: ssm.onUnlockingUser-0_com.android.server.integrity.AppIntegrityManagerService
09-24 00:13:01.449 1129 1233 D SystemServerTimingAsync: ssm.onUnlockingUser-0_com.android.server.integrity.AppIntegrityManagerService took to complete: 0ms
09-24 00:13:01.449 1129 1233 I SystemServerTimingAsync: ssm.onUnlockingUser-0_com.android.server.inputmethod.InputMethodManagerService$Lifecycle
09-24 00:13:01.449 1129 1233 D SystemServerTimingAsync: ssm.onUnlockingUser-0_com.android.server.inputmethod.InputMethodManagerService$Lifecycle took to complete: 0ms
09-24 00:13:01.449 1129 1233 I SystemServerTimingAsync: ssm.onUnlockingUser-0_com.android.server.accessibility.AccessibilityManagerService$Lifecycle
09-24 00:13:01.449 1129 1233 D SystemServerTimingAsync: ssm.onUnlockingUser-0_com.android.server.accessibility.AccessibilityManagerService$Lifecycle took to complete: 0ms
09-24 00:13:01.449 1129 1233 I SystemServerTimingAsync: ssm.onUnlockingUser-0_com.android.server.StorageManagerService$Lifecycle
09-24 00:13:01.449 1129 1233 D StorageManagerService: onUnlockUser 0
09-24 00:13:01.449 1129 1233 I StorageSessionController: On user unlock 0
09-24 00:13:01.449 1129 1233 I StorageSessionController: Initialialising...
09-24 00:13:01.450 560 560 I vold : onUserStarted: 0
09-24 00:13:01.451 1129 2452 V StorageManagerService: Found primary storage at VolumeInfo{emulated;0}:
09-24 00:13:01.451 1129 2452 V StorageManagerService: type=EMULATED diskId=null partGuid= mountFlags=0 mountUserId=0
09-24 00:13:01.451 1129 2452 V StorageManagerService: state=UNMOUNTED
09-24 00:13:01.451 1129 2452 V StorageManagerService: fsType=null fsUuid=null fsLabel=null
09-24 00:13:01.451 1129 2452 V StorageManagerService: path=null internalPath=null
09-24 00:13:01.451 1129 1790 I StorageManagerService: Mounting volume VolumeInfo{emulated;0}:
09-24 00:13:01.451 1129 1790 I StorageManagerService: type=EMULATED diskId=null partGuid= mountFlags=PRIMARY|VISIBLE
09-24 00:13:01.451 1129 1790 I StorageManagerService: mountUserId=0 state=UNMOUNTED
09-24 00:13:01.451 1129 1790 I StorageManagerService: fsType=null fsUuid=null fsLabel=null
09-24 00:13:01.451 1129 1790 I StorageManagerService: path=null internalPath=null
09-24 00:13:01.454 1129 1213 W Looper : Drained
09-24 00:13:01.459 560 560 I vold : Executing sdcardfs
09-24 00:13:01.488 1129 1873 D CompatibilityChangeReporter: Compat change id reported: 135634846; UID 10032; state: DISABLED
09-24 00:13:01.489 1129 1234 D CompatibilityChangeReporter: Compat change id reported: 143937733; UID 10032; state: DISABLED
09-24 00:13:01.497 1129 1233 D SystemServerTimingAsync: ssm.onUnlockingUser-0_com.android.server.StorageManagerService$Lifecycle took to complete: 48ms
09-24 00:13:01.497 1129 1233 I SystemServerTimingAsync: ssm.onUnlockingUser-0_com.android.server.usage.StorageStatsService$Lifecycle
09-24 00:13:01.498 1129 1233 D SystemServerTimingAsync: ssm.onUnlockingUser-0_com.android.server.usage.StorageStatsService$Lifecycle took to complete: 0ms
09-24 00:13:01.498 1129 1233 I SystemServerTimingAsync: ssm.onUnlockingUser-0_com.android.server.UiModeManagerService
09-24 00:13:01.498 1129 1233 D SystemServerTimingAsync: ssm.onUnlockingUser-0_com.android.server.UiModeManagerService took to complete: 0ms
09-24 00:13:01.498 1129 1233 I SystemServerTimingAsync: ssm.onUnlockingUser-0_com.android.server.locksettings.LockSettingsService$Lifecycle
09-24 00:13:01.498 1129 1233 D SystemServerTimingAsync: ssm.onUnlockingUser-0_com.android.server.locksettings.LockSettingsService$Lifecycle took to complete: 0ms
09-24 00:13:01.498 1129 1233 I SystemServerTimingAsync: ssm.onUnlockingUser-0_com.android.server.PersistentDataBlockService
09-24 00:13:01.498 1129 1233 D SystemServerTimingAsync: ssm.onUnlockingUser-0_com.android.server.PersistentDataBlockService took to complete: 0ms
09-24 00:13:01.498 1129 1233 I SystemServerTimingAsync: ssm.onUnlockingUser-0_com.android.server.testharness.TestHarnessModeService
09-24 00:13:01.498 1129 1233 D SystemServerTimingAsync: ssm.onUnlockingUser-0_com.android.server.testharness.TestHarnessModeService took to complete: 0ms
09-24 00:13:01.498 1129 1233 I SystemServerTimingAsync: ssm.onUnlockingUser-0_com.android.server.oemlock.OemLockService
09-24 00:13:01.498 1129 1233 D SystemServerTimingAsync: ssm.onUnlockingUser-0_com.android.server.oemlock.OemLockService took to complete: 0ms
09-24 00:13:01.498 1129 1233 I SystemServerTimingAsync: ssm.onUnlockingUser-0_com.android.server.DeviceIdleController
09-24 00:13:01.498 1129 1233 D SystemServerTimingAsync: ssm.onUnlockingUser-0_com.android.server.DeviceIdleController took to complete: 0ms
09-24 00:13:01.499 1129 1233 I SystemServerTimingAsync: ssm.onUnlockingUser-0_com.android.server.devicepolicy.DevicePolicyManagerService$Lifecycle
09-24 00:13:01.499 1129 1233 D SystemServerTimingAsync: ssm.onUnlockingUser-0_com.android.server.devicepolicy.DevicePolicyManagerService$Lifecycle took to complete: 0ms
09-24 00:13:01.499 1129 1233 I SystemServerTimingAsync: ssm.onUnlockingUser-0_com.android.server.texttospeech.TextToSpeechManagerService
09-24 00:13:01.499 1129 1233 D SystemServerTimingAsync: ssm.onUnlockingUser-0_com.android.server.texttospeech.TextToSpeechManagerService took to complete: 1ms
09-24 00:13:01.499 1129 1233 I SystemServerTimingAsync: ssm.onUnlockingUser-0_com.android.server.speech.SpeechRecognitionManagerService
09-24 00:13:01.500 1129 1233 D SystemServerTimingAsync: ssm.onUnlockingUser-0_com.android.server.speech.SpeechRecognitionManagerService took to complete: 0ms
09-24 00:13:01.500 1129 1233 I SystemServerTimingAsync: ssm.onUnlockingUser-0_com.android.server.searchui.SearchUiManagerService
09-24 00:13:01.501 1129 1233 D SystemServerTimingAsync: ssm.onUnlockingUser-0_com.android.server.searchui.SearchUiManagerService took to complete: 1ms
09-24 00:13:01.501 1129 1233 I SystemServerTimingAsync: ssm.onUnlockingUser-0_com.android.server.smartspace.SmartspaceManagerService
09-24 00:13:01.501 1129 1233 D SystemServerTimingAsync: ssm.onUnlockingUser-0_com.android.server.smartspace.SmartspaceManagerService took to complete: 0ms
09-24 00:13:01.501 1129 1233 I SystemServerTimingAsync: ssm.onUnlockingUser-0_com.android.server.graphics.fonts.FontManagerService$Lifecycle
09-24 00:13:01.501 1129 1233 D SystemServerTimingAsync: ssm.onUnlockingUser-0_com.android.server.graphics.fonts.FontManagerService$Lifecycle took to complete: 0ms
09-24 00:13:01.501 1129 1233 I SystemServerTimingAsync: ssm.onUnlockingUser-0_com.android.server.textservices.TextServicesManagerService$Lifecycle
09-24 00:13:01.504 1129 1233 D SystemServerTimingAsync: ssm.onUnlockingUser-0_com.android.server.textservices.TextServicesManagerService$Lifecycle took to complete: 3ms
09-24 00:13:01.505 1129 1233 I SystemServerTimingAsync: ssm.onUnlockingUser-0_com.android.server.textclassifier.TextClassificationManagerService$Lifecycle
09-24 00:13:01.505 1129 1233 D SystemServerTimingAsync: ssm.onUnlockingUser-0_com.android.server.textclassifier.TextClassificationManagerService$Lifecycle took to complete: 0ms
09-24 00:13:01.505 1129 1233 I SystemServerTimingAsync: ssm.onUnlockingUser-0_com.android.server.NetworkScoreService$Lifecycle
09-24 00:13:01.505 1129 1233 D SystemServerTimingAsync: ssm.onUnlockingUser-0_com.android.server.NetworkScoreService$Lifecycle took to complete: 0ms
09-24 00:13:01.505 1129 1233 I SystemServerTimingAsync: ssm.onUnlockingUser-0_com.android.server.wifi.WifiService
