09-24 00:15:22.283 1402 3877 D LOWI-9.0.0.87.a: [LOWI-Scan] is_qcom_ie, bss_age: 0
09-24 00:15:22.283 1402 3877 D LOWI-9.0.0.87.a: [LOWI-Scan] BSS 4c:a6:4d:b1:84:42 LOWI_PHY_MODE_11NG_HT20(5), Beacon Interval: 100, LOWI_ENCRYPTION_TYPE_WPA_PSK 11mcRanging: No, ANQP: No, LCI: No, Civic: No, capability(0x1411): ESS Privacy ShortSlotTime
09-24 00:15:22.283 1402 3877 D LOWI-9.0.0.87.a: [LOWI-Scan] BSS 4c:a6:4d:b1:84:42 FREQ: 2462, cFreq1[40:80:160] = [0:0:0] cFreq2 = 0 Country Code = CN
09-24 00:15:22.283 1402 3877 D LOWI-9.0.0.87.a: [LOWI-Scan] BSS 4c:a6:4d:b1:84:42 (wlan0) ASSO: NO AddInfo: 0x0, TSF 0, 00:03:14.030, RSSI: -162, CPL: 127, AGE: 552, SSID HH-Guest, TSFDelta: 0xc2ce0357, TXRate: 0
09-24 00:15:22.283 1402 3877 D LOWI-9.0.0.87.a: [LOWI-Scan]
09-24 00:15:22.283 1402 3877 D LOWI-9.0.0.87.a: [LOWI-Scan] print_bss_handler: Report Probe TSF 194031286 as it greater than Beacon TSF 176049473
09-24 00:15:22.283 1402 3877 D LOWI-9.0.0.87.a: [LOWI-Scan] decode_rsn_wpa_ie: LOWI_ENCRYPTION_TYPE_WPA_EAP
09-24 00:15:22.283 1402 3877 D LOWI-9.0.0.87.a: [LOWI-Scan] is_qcom_ie, bss_age: 0
09-24 00:15:22.284 1402 3877 D LOWI-9.0.0.87.a: [LOWI-Scan] BSS 4c:a6:4d:b1:84:43 LOWI_PHY_MODE_11NG_HT20(5), Beacon Interval: 100, LOWI_ENCRYPTION_TYPE_WPA_EAP 11mcRanging: No, ANQP: No, LCI: No, Civic: No, capability(0x1411): ESS Privacy ShortSlotTime
09-24 00:15:22.284 1402 3877 D LOWI-9.0.0.87.a: [LOWI-Scan] BSS 4c:a6:4d:b1:84:43 FREQ: 2462, cFreq1[40:80:160] = [0:0:0] cFreq2 = 0 Country Code = CN
09-24 00:15:22.284 1402 3877 D LOWI-9.0.0.87.a: [LOWI-Scan] BSS 4c:a6:4d:b1:84:43 (wlan0) ASSO: NO AddInfo: 0x0, TSF 0, 00:03:14.031, RSSI: -160, CPL: 127, AGE: 552, SSID HH-mobile, TSFDelta: 0xc31b0af9, TXRate: 0
09-24 00:15:22.285 1402 3877 D LOWI-9.0.0.87.a: [LOWI-Scan]
09-24 00:15:22.285 1402 3877 D LOWI-9.0.0.87.a: [LOWI-Scan] print_bss_handler: Report Probe TSF 194031942 as it greater than Beacon TSF 176051299
09-24 00:15:22.285 1402 3877 D LOWI-9.0.0.87.a: [LOWI-Scan] decode_rsn_wpa_ie: LOWI_ENCRYPTION_TYPE_WPA_PSK
09-24 00:15:22.285 1402 3877 D LOWI-9.0.0.87.a: [LOWI-Scan] is_qcom_ie, bss_age: 0
09-24 00:15:22.285 1402 3877 D LOWI-9.0.0.87.a: [LOWI-Scan] BSS 4c:a6:4d:b1:84:44 LOWI_PHY_MODE_11NG_HT20(5), Beacon Interval: 100, LOWI_ENCRYPTION_TYPE_WPA_PSK 11mcRanging: No, ANQP: No, LCI: No, Civic: No, capability(0x1411): ESS Privacy ShortSlotTime
09-24 00:15:22.285 1402 3877 D LOWI-9.0.0.87.a: [LOWI-Scan] BSS 4c:a6:4d:b1:84:44 FREQ: 2462, cFreq1[40:80:160] = [0:0:0] cFreq2 = 0 Country Code = CN
09-24 00:15:22.285 1402 3877 D LOWI-9.0.0.87.a: [LOWI-Scan] BSS 4c:a6:4d:b1:84:44 (wlan0) ASSO: NO AddInfo: 0x0, TSF 0, 00:03:14.031, RSSI: -158, CPL: 127, AGE: 552, SSID HH-Partner, TSFDelta: 0xc33b1c35, TXRate: 0
09-24 00:15:22.285 1402 3877 D LOWI-9.0.0.87.a: [LOWI-Scan]
09-24 00:15:22.285 1402 3877 D LOWI-9.0.0.87.a: [LOWI-Scan] print_bss_handler: Report Probe TSF 185141958 as it greater than Beacon TSF 185090391
09-24 00:15:22.285 1402 3877 D LOWI-9.0.0.87.a: [LOWI-Scan] decode_rsn_wpa_ie: LOWI_ENCRYPTION_TYPE_WPA_PSK
09-24 00:15:22.285 1402 3877 D LOWI-9.0.0.87.a: [LOWI-Scan] is_qcom_ie, bss_age: 0
09-24 00:15:22.285 1402 3877 D LOWI-9.0.0.87.a: [LOWI-Scan] BSS 3c:51:0e:47:ad:00 LOWI_PHY_MODE_11NG_HT20(5), Beacon Interval: 100, LOWI_ENCRYPTION_TYPE_WPA_PSK 11mcRanging: No, ANQP: No, LCI: No, Civic: No, capability(0x1111): ESS Privacy SpectrumMgmt
09-24 00:15:22.285 1402 3877 D LOWI-9.0.0.87.a: [LOWI-Scan] BSS 3c:51:0e:47:ad:00 FREQ: 2412, cFreq1[40:80:160] = [0:0:0] cFreq2 = 0 Country Code = CN
09-24 00:15:22.286 1402 3877 D LOWI-9.0.0.87.a: [LOWI-Scan] BSS 3c:51:0e:47:ad:00 (wlan0) ASSO: NO AddInfo: 0x0, TSF 0, 00:03:05.141, RSSI: -120, CPL: 127, AGE: 9447, SSID HiPhi-PDI, TSFDelta: 0xacc31e5a, TXRate: 0
09-24 00:15:22.286 1402 3877 D LOWI-9.0.0.87.a: [LOWI-Scan]
09-24 00:15:22.286 1402 3877 D LOWI-9.0.0.87.a: [LOWI-Scan] print_bss_handler: Report beacon TSF 193551345 as it greater than probe TSF 185561826
09-24 00:15:22.286 1402 3877 D LOWI-9.0.0.87.a: [LOWI-Scan] decode_rsn_wpa_ie: LOWI_ENCRYPTION_TYPE_WPA_EAP
09-24 00:15:22.286 1402 3877 D LOWI-9.0.0.87.a: [LOWI-Scan] is_qcom_ie, bss_age: 0
09-24 00:15:22.286 1402 3877 D LOWI-9.0.0.87.a: [LOWI-Scan] BSS 68:9e:0b:ef:b3:60 LOWI_PHY_MODE_11NG_HT20(5), Beacon Interval: 100, LOWI_ENCRYPTION_TYPE_WPA_EAP 11mcRanging: No, ANQP: No, LCI: No, Civic: No, capability(0x1111): ESS Privacy SpectrumMgmt
09-24 00:15:22.286 1402 3877 D LOWI-9.0.0.87.a: [LOWI-Scan] BSS 68:9e:0b:ef:b3:60 FREQ: 2437, cFreq1[40:80:160] = [0:0:0] cFreq2 = 0 Country Code = CN
09-24 00:15:22.286 1402 3877 D LOWI-9.0.0.87.a: [LOWI-Scan] BSS 68:9e:0b:ef:b3:60 (wlan0) ASSO: NO AddInfo: 0x1, TSF 0, 00:03:13.551, RSSI: -158, CPL: 127, AGE: 1032, SSID HH, TSFDelta: 0xb6eb66b6, TXRate: 0
09-24 00:15:22.286 1402 3877 D LOWI-9.0.0.87.a: [LOWI-Scan]
09-24 00:15:22.286 1402 3877 D LOWI-9.0.0.87.a: [LOWI-Scan] print_bss_handler: Report Probe TSF 193552128 as it greater than Beacon TSF 193494417
09-24 00:15:22.286 1402 3877 D LOWI-9.0.0.87.a: [LOWI-Scan] decode_rsn_wpa_ie: LOWI_ENCRYPTION_TYPE_WPA_PSK
09-24 00:15:22.286 1402 3877 D LOWI-9.0.0.87.a: [LOWI-Scan] is_qcom_ie, bss_age: 0
09-24 00:15:22.286 1402 3877 D LOWI-9.0.0.87.a: [LOWI-Scan] BSS 3c:51:0e:2e:f4:a0 LOWI_PHY_MODE_11NG_HT20(5), Beacon Interval: 100, LOWI_ENCRYPTION_TYPE_WPA_PSK 11mcRanging: No, ANQP: No, LCI: No, Civic: No, capability(0x1111): ESS Privacy SpectrumMgmt
09-24 00:15:22.286 1402 3877 D LOWI-9.0.0.87.a: [LOWI-Scan] BSS 3c:51:0e:2e:f4:a0 FREQ: 2437, cFreq1[40:80:160] = [0:0:0] cFreq2 = 0 Country Code = CN
09-24 00:15:22.286 1402 3877 D LOWI-9.0.0.87.a: [LOWI-Scan] BSS 3c:51:0e:2e:f4:a0 (wlan0) ASSO: NO AddInfo: 0x0, TSF 0, 00:03:13.552, RSSI: -148, CPL: 127, AGE: 1028, SSID HiPhi-PDI, TSFDelta: 0xb95bcf4e, TXRate: 0
09-24 00:15:22.287 1402 3877 D LOWI-9.0.0.87.a: [LOWI-Scan]
09-24 00:15:22.287 1402 3877 D LOWI-9.0.0.87.a: [LOWI-Scan] print_bss_handler: Report beacon TSF 185667108 as it greater than probe TSF 185596370
09-24 00:15:22.287 1402 3877 D LOWI-9.0.0.87.a: [LOWI-Scan] decode_rsn_wpa_ie: LOWI_ENCRYPTION_TYPE_WPA_PSK
09-24 00:15:22.287 1402 3877 D LOWI-9.0.0.87.a: [LOWI-Scan] is_qcom_ie, bss_age: 0
09-24 00:15:22.287 1402 3877 D LOWI-9.0.0.87.a: [LOWI-Scan] BSS 68:9e:0b:ef:b3:61 LOWI_PHY_MODE_11NG_HT20(5), Beacon Interval: 100, LOWI_ENCRYPTION_TYPE_WPA_PSK 11mcRanging: No, ANQP: No, LCI: No, Civic: No, capability(0x1111): ESS Privacy SpectrumMgmt
09-24 00:15:22.287 1402 3877 D LOWI-9.0.0.87.a: [LOWI-Scan] BSS 68:9e:0b:ef:b3:61 FREQ: 2437, cFreq1[40:80:160] = [0:0:0] cFreq2 = 0 Country Code = CN
09-24 00:15:22.287 1402 3877 D LOWI-9.0.0.87.a: [LOWI-Scan] BSS 68:9e:0b:ef:b3:61 (wlan0) ASSO: NO AddInfo: 0x1, TSF 0, 00:03:05.667, RSSI: -154, CPL: 127, AGE: 8924, SSID HHT-FACTORY-OTA, TSFDelta: 0xb79976f4, TXRate: 0
09-24 00:15:22.287 1402 3877 D LOWI-9.0.0.87.a: [LOWI-Scan]
09-24 00:15:22.287 1402 3877 D LOWI-9.0.0.87.a: [LOWI-Scan] print_bss_handler: Report beacon TSF 193762864 as it greater than probe TSF 165804332
09-24 00:15:22.287 1402 3877 D LOWI-9.0.0.87.a: [LOWI-Scan] decode_rsn_wpa_ie: LOWI_ENCRYPTION_TYPE_WPA_PSK
09-24 00:15:22.287 1402 3877 D LOWI-9.0.0.87.a: [LOWI-Scan] is_qcom_ie, bss_age: 0
09-24 00:15:22.287 1402 3877 D LOWI-9.0.0.87.a: [LOWI-Scan] BSS d6:72:26:02:22:99 LOWI_PHY_MODE_11NG_HT40(7), Beacon Interval: 100, LOWI_ENCRYPTION_TYPE_WPA_PSK 11mcRanging: No, ANQP: No, LCI: No, Civic: No, capability(0x0411): ESS Privacy ShortSlotTime
09-24 00:15:22.287 1402 3877 D LOWI-9.0.0.87.a: [LOWI-Scan] BSS d6:72:26:02:22:99 FREQ: 2447, cFreq1[40:80:160] = [2437:0:0] cFreq2 = 0 Country Code = CN
09-24 00:15:22.287 1402 3877 D LOWI-9.0.0.87.a: [LOWI-Scan] BSS d6:72:26:02:22:99 (wlan0) ASSO: NO AddInfo: 0x1, TSF 0, 00:03:13.762, RSSI: -156, CPL: 127, AGE: 820, SSID ZTE_1234567890, TSFDelta: 0x55cef100, TXRate: 0
09-24 00:15:22.288 1402 3877 D LOWI-9.0.0.87.a: [LOWI-Scan]
09-24 00:15:22.288 1402 3877 D LOWI-9.0.0.87.a: [LOWI-Scan] print_bss_handler: Report Probe TSF 172964651 as it greater than Beacon TSF 155077051
09-24 00:15:22.288 1402 3877 D LOWI-9.0.0.87.a: [LOWI-Scan] decode_rsn_wpa_ie: LOWI_ENCRYPTION_TYPE_WPA_PSK
09-24 00:15:22.288 1402 3877 D LOWI-9.0.0.87.a: [LOWI-Scan] is_qcom_ie, bss_age: 0
09-24 00:15:22.288 1402 3877 D LOWI-9.0.0.87.a: [LOWI-Scan] adjust_age:AP AGE upper limit reached. Dont store
09-24 00:15:22.288 1402 3877 D LOWI-9.0.0.87.a: [LOWI-Scan] BSS 68:9e:0b:ef:b5:81 LOWI_PHY_MODE_11NG_HT20(5), Beacon Interval: 100, LOWI_ENCRYPTION_TYPE_WPA_PSK 11mcRanging: No, ANQP: No, LCI: No, Civic: No, capability(0x1111): ESS Privacy SpectrumMgmt
09-24 00:15:22.288 1402 3877 D LOWI-9.0.0.87.a: [LOWI-Scan] BSS 68:9e:0b:ef:b5:81 FREQ: 2412, cFreq1[40:80:160] = [0:0:0] cFreq2 = 0 Country Code = CN
09-24 00:15:22.288 1402 3877 D LOWI-9.0.0.87.a: [LOWI-Scan] BSS 68:9e:0b:ef:b5:81 (wlan0) ASSO: NO AddInfo: 0x0, TSF 0, 00:02:52.964, RSSI: -158, CPL: 127, AGE: 21616, SSID HHT-FACTORY-OTA, TSFDelta: 0xaae73055, TXRate: 0
09-24 00:15:22.288 1402 3877 D LOWI-9.0.0.87.a: [LOWI-Scan]
09-24 00:15:22.288 1402 3877 D LOWI-9.0.0.87.a: [LOWI-Scan] print_bss_handler: Report Probe TSF 193550973 as it greater than Beacon TSF 193498784
09-24 00:15:22.288 1402 3877 D LOWI-9.0.0.87.a: [LOWI-Scan] decode_rsn_wpa_ie: LOWI_ENCRYPTION_TYPE_WPA_PSK
09-24 00:15:22.288 1402 3877 D LOWI-9.0.0.87.a: [LOWI-Scan] is_qcom_ie, bss_age: 0
09-24 00:15:22.288 1402 3877 D LOWI-9.0.0.87.a: [LOWI-Scan] BSS c6:d4:4a:1a:f5:bd LOWI_PHY_MODE_11NG_HT20(5), Beacon Interval: 100, LOWI_ENCRYPTION_TYPE_WPA_PSK 11mcRanging: No, ANQP: No, LCI: No, Civic: No, capability(0x1511): ESS Privacy SpectrumMgmt ShortSlotTime
09-24 00:15:22.288 1402 3877 D LOWI-9.0.0.87.a: [LOWI-Scan] BSS c6:d4:4a:1a:f5:bd FREQ: 2437, cFreq1[40:80:160] = [0:0:0] cFreq2 = 0 Country Code = CN
09-24 00:15:22.288 1402 3877 D LOWI-9.0.0.87.a: [LOWI-Scan] BSS c6:d4:4a:1a:f5:bd (wlan0) ASSO: NO AddInfo: 0x0, TSF 0, 00:03:13.550, RSSI: -154, CPL: 127, AGE: 1032, SSID _________iPhone, TSFDelta: 0x77c2c501, TXRate: 0
09-24 00:15:22.289 1402 3877 D LOWI-9.0.0.87.a: [LOWI-Scan]
09-24 00:15:22.289 1402 3877 D LOWI-9.0.0.87.a: [LOWI-Scan] print_bss_handler: Report Probe TSF 193508924 as it greater than Beacon TSF 185611761
09-24 00:15:22.289 1402 3877 D LOWI-9.0.0.87.a: [LOWI-Scan] decode_rsn_wpa_ie: LOWI_ENCRYPTION_TYPE_WPA_PSK
09-24 00:15:22.289 1402 3877 D LOWI-9.0.0.87.a: [LOWI-Scan] is_qcom_ie, bss_age: 0
09-24 00:15:22.289 1402 3877 D LOWI-9.0.0.87.a: [LOWI-Scan] BSS f2:65:c2:f6:96:a0 LOWI_PHY_MODE_11NG_HT20(5), Beacon Interval: 100, LOWI_ENCRYPTION_TYPE_WPA_PSK 11mcRanging: No, ANQP: No, LCI: No, Civic: No, capability(0x0511): ESS Privacy SpectrumMgmt ShortSlotTime
09-24 00:15:22.289 1402 3877 D LOWI-9.0.0.87.a: [LOWI-Scan] BSS f2:65:c2:f6:96:a0 FREQ: 2437, cFreq1[40:80:160] = [0:0:0] cFreq2 = 0 Country Code = CN
09-24 00:15:22.289 1402 3877 D LOWI-9.0.0.87.a: [LOWI-Scan] BSS f2:65:c2:f6:96:a0 (wlan0) ASSO: NO AddInfo: 0x0, TSF 0, 00:03:13.508, RSSI: -134, CPL: 127, AGE: 1072, SSID hotspot96A0, TSFDelta: 0x9397907, TXRate: 0
09-24 00:15:22.289 1402 3877 D LOWI-9.0.0.87.a: [LOWI-Scan]
09-24 00:15:22.289 1402 3877 D LOWI-9.0.0.87.a: [LOWI-Scan] print_bss_handler: Report beacon TSF 185476454 as it greater than probe TSF 185476454
09-24 00:15:22.289 1402 3877 D LOWI-9.0.0.87.a: [LOWI-Scan] decode_rsn_wpa_ie: LOWI_ENCRYPTION_TYPE_WPA_PSK
09-24 00:15:22.289 1402 3877 D LOWI-9.0.0.87.a: [LOWI-Scan] is_qcom_ie, bss_age: 0
09-24 00:15:22.289 1402 3877 D LOWI-9.0.0.87.a: [LOWI-Scan] BSS d4:72:26:02:22:6f LOWI_PHY_MODE_11NG_HT40(7), Beacon Interval: 100, LOWI_ENCRYPTION_TYPE_WPA_PSK 11mcRanging: No, ANQP: No, LCI: No, Civic: No, capability(0x0411): ESS Privacy ShortSlotTime
09-24 00:15:22.289 1402 3877 D LOWI-9.0.0.87.a: [LOWI-Scan] BSS d4:72:26:02:22:6f FREQ: 2432, cFreq1[40:80:160] = [2422:0:0] cFreq2 = 0 Country Code = CN
09-24 00:15:22.289 1402 3877 D LOWI-9.0.0.87.a: [LOWI-Scan] BSS d4:72:26:02:22:6f (wlan0) ASSO: NO AddInfo: 0x1, TSF 0, 00:03:05.476, RSSI: -158, CPL: 127, AGE: 9113, SSID ZTE_02226F, TSFDelta: 0x68f80f69, TXRate: 0
09-24 00:15:22.290 1402 3877 D LOWI-9.0.0.87.a: [LOWI-Scan]
09-24 00:15:22.290 1402 3877 D LOWI-9.0.0.87.a: [LOWI-Scan] print_bss_handler: Report Probe TSF 193390462 as it greater than Beacon TSF 0
09-24 00:15:22.290 1402 3877 D LOWI-9.0.0.87.a: [LOWI-Scan] decode_rsn_wpa_ie: LOWI_ENCRYPTION_TYPE_WPA_PSK
09-24 00:15:22.290 1402 3877 D LOWI-9.0.0.87.a: [LOWI-Scan] is_qcom_ie, bss_age: 0
09-24 00:15:22.290 1402 3877 D LOWI-9.0.0.87.a: [LOWI-Scan] BSS 98:97:cc:7e:02:70 LOWI_PHY_MODE_11AC_VHT80(10), Beacon Interval: 100, LOWI_ENCRYPTION_TYPE_WPA_PSK 11mcRanging: No, ANQP: No, LCI: No, Civic: No, capability(0x1011): ESS Privacy
09-24 00:15:22.290 1402 3877 D LOWI-9.0.0.87.a: [LOWI-Scan] BSS 98:97:cc:7e:02:70 FREQ: 5745, cFreq1[40:80:160] = [5755:5775:0] cFreq2 = 0 Country Code = CN
09-24 00:15:22.290 1402 3877 D LOWI-9.0.0.87.a: [LOWI-Scan] BSS 98:97:cc:7e:02:70 (wlan0) ASSO: NO AddInfo: 0x0, TSF 0, 00:03:13.390, RSSI: -170, CPL: 127, AGE: 1192, SSID TP-LINK_026E, TSFDelta: 0xa7b93ea4, TXRate: 0
09-24 00:15:22.290 1402 3877 D LOWI-9.0.0.87.a: [LOWI-Scan]
09-24 00:15:22.290 1402 3877 D LOWI-9.0.0.87.a: [LOWI-Scan] print_bss_handler: Report beacon TSF 185664999 as it greater than probe TSF 185664999
09-24 00:15:22.290 1402 3877 D LOWI-9.0.0.87.a: [LOWI-Scan] decode_rsn_wpa_ie: LOWI_ENCRYPTION_TYPE_WPA_EAP
09-24 00:15:22.290 1402 3877 D LOWI-9.0.0.87.a: [LOWI-Scan] is_qcom_ie, bss_age: 0
09-24 00:15:22.290 1402 3877 D LOWI-9.0.0.87.a: [LOWI-Scan] BSS 54:9f:c6:c7:e7:20 LOWI_PHY_MODE_11NG_HT20(5), Beacon Interval: 100, LOWI_ENCRYPTION_TYPE_WPA_EAP 11mcRanging: No, ANQP: No, LCI: No, Civic: No, capability(0x1111): ESS Privacy SpectrumMgmt
09-24 00:15:22.290 1402 3877 D LOWI-9.0.0.87.a: [LOWI-Scan] BSS 54:9f:c6:c7:e7:20 FREQ: 2437, cFreq1[40:80:160] = [0:0:0] cFreq2 = 0 Country Code = CN
09-24 00:15:22.290 1402 3877 D LOWI-9.0.0.87.a: [LOWI-Scan] BSS 54:9f:c6:c7:e7:20 (wlan0) ASSO: NO AddInfo: 0x1, TSF 0, 00:03:05.664, RSSI: -150, CPL: 127, AGE: 8925, SSID HH, TSFDelta: 0xb9d6816e, TXRate: 0
09-24 00:15:22.290 1402 3877 D LOWI-9.0.0.87.a: [LOWIDiagLog] Log: lowiMeasResult->request: invalid null argument
09-24 00:15:22.290 1402 3877 I LOWI-9.0.0.87.a: [LOWI-Scan] lowi_close_record:Scan done in 120596ms, 45 APs in scan results
09-24 00:15:22.290 1402 3877 D LOWI-9.0.0.87.a: [LOWI-Scan] WipsScanUsingNL: passive scan cached 0, took 7893 ms, err 0
09-24 00:15:22.290 1402 3877 D LOWI-9.0.0.87.a: [LOWI-Scan] lowi_proc_req_passive_scan_with_live_meas - No WLAN Frames to be parsed
09-24 00:15:22.290 1402 3877 D LOWI-9.0.0.87.a: [LOWIScanResultReceiver] Send scan meas to listener
09-24 00:15:22.290 1402 3877 D LOWI-9.0.0.87.a: [LOWIScanResultReceiver] Enter passive listening mode
09-24 00:15:22.290 1402 3877 D LOWI-9.0.0.87.a: [LOWIWifiDriverInterface] getMeasurements - Passive listening mode
09-24 00:15:22.290 1402 3877 D LOWI-9.0.0.87.a: [LOWI-Scan] WipsScanUsingNL:wait -1 sec for netlink message
09-24 00:15:22.293 1402 1485 D LOWI-9.0.0.87.a: [LOWIEventReceiver] handleEvent:FROM:NA, TO:NA, REQ:NA, IREQ:NA, REQ_ID:0, RESP:NA, INFO:NA
09-24 00:15:22.293 1402 1485 D LOWI-9.0.0.87.a: [LOWIBackgroundScanMgr] isRspForBgScanMgr: evt(LOWI_NO_EVT) - not handled
09-24 00:15:22.293 1402 1485 D LOWI-9.0.0.87.a: [LOWIScheduler] manageMsg: NULL results or NULL request in results
09-24 00:15:22.293 1402 1485 D LOWI-9.0.0.87.a: [LOWIController] Measurements received
09-24 00:15:22.293 1402 1485 D LOWI-9.0.0.87.a: [LOWICacheManager] putInCache:Num of Meas to add: 45
09-24 00:15:22.294 1402 1485 D LOWI-9.0.0.87.a: [LOWIController] processMeasurementResults: No current Request. Cache measurements
09-24 00:15:22.294 1402 1485 D LOWI-9.0.0.87.a: [LOWIControllerExtn] sendLOWILpDiscoveryScanResponse: Not a discovery scan response
09-24 00:15:22.322 1910 1910 D InterruptionStateProvider: No bubble up: not allowed to bubble: 0|com.android.shell|1|null|2000
09-24 00:15:22.323 1910 1910 D InterruptionStateProvider: No heads up: unimportant notification: 0|com.android.shell|1|null|2000
09-24 00:15:22.328 1910 2199 D PeopleSpaceWidgetMgr: Sbn doesn't contain valid PeopleTileKey: null/0/com.android.shell
09-24 00:15:22.347 1910 1910 V NotificationMediaManager: DEBUG_MEDIA: updating album art for notification null metadata=null metaDataChanged=false state=0
09-24 00:15:22.348 2348 2348 D WifiDetailsPrefCtrl2: Update UI!
09-24 00:15:22.354 2348 2348 D WifiDetailsPrefCtrl2: Wifi Type 6
09-24 00:15:22.360 2348 2348 D DashboardFragment: Preference key is null in Controller WifiDetailPreferenceController2
09-24 00:15:22.633 1129 1571 I WifiService: startScan uid=1000
09-24 00:15:22.643 1402 3877 D LOWI-9.0.0.87.a: [LOWI-Scan] wait_event:Wait done with Cmd 33
09-24 00:15:22.643 1402 3877 D LOWI-9.0.0.87.a: [LOWI-Scan] do_listen_events: Rcvd valid Netlink Cmd 0 Err 0
01-01 08:03:22.902 0 0 I [schedu][0xe800dd74][00:15:22.710521] wlan: [3749:I:OSIF] scan start scan id 40979
09-24 00:15:22.758 1910 1910 D InterruptionStateProvider: No bubble up: not allowed to bubble: 0|com.android.shell|1|null|2000
09-24 00:15:22.759 1910 1910 D InterruptionStateProvider: No heads up: unimportant notification: 0|com.android.shell|1|null|2000
09-24 00:15:22.765 1910 2199 D PeopleSpaceWidgetMgr: Sbn doesn't contain valid PeopleTileKey: null/0/com.android.shell
09-24 00:15:22.774 1910 1910 V NotificationMediaManager: DEBUG_MEDIA: updating album art for notification null metadata=null metaDataChanged=false state=0
01-01 08:03:23.180 0 0 I init : starting service 'qvrd_vndr'...
01-01 08:03:23.190 0 0 I init : Created socket '/dev/socket/qvrservice_vndr', mode 660, user 1000, group 1000
01-01 08:03:23.201 0 0 I init : Created socket '/dev/socket/qvrservice_vndr_camera', mode 660, user 1000, group 1000
09-24 00:15:23.029 665 679 I mpu_uart: [MSG-P:RECV]:No message received in 1000 ms
01-01 08:03:23.224 0 0 I init : starting service 'sxrd'...
09-24 00:15:23.074 5862 5862 F linker : CANNOT LINK EXECUTABLE "/vendor/bin/hw/sxrservice": library "vendor.qti.hardware.qxr-V1-ndk_platform.so" not found: needed by main executable
09-24 00:15:23.075 5861 5861 F linker : CANNOT LINK EXECUTABLE "/vendor/bin/hw/qvrservice": library "vendor.qti.hardware.qxr-V1-ndk_platform.so" not found: needed by /vendor/lib64/libqvrservice.so in namespace (default)
01-01 08:03:23.267 0 0 I init : Service 'sxrd' (pid 5862) exited with status 1
01-01 08:03:23.273 0 0 I init : Sending signal 9 to service 'sxrd' (pid 5862) process group...
09-24 00:15:23.158 1910 1910 D InterruptionStateProvider: No bubble up: not allowed to bubble: 0|com.android.shell|1|null|2000
09-24 00:15:23.159 1910 1910 D InterruptionStateProvider: No heads up: unimportant notification: 0|com.android.shell|1|null|2000
09-24 00:15:23.168 1910 2199 D PeopleSpaceWidgetMgr: Sbn doesn't contain valid PeopleTileKey: null/0/com.android.shell
01-01 08:03:23.344 0 0 D : mv2112_read_status
01-01 08:03:23.352 0 0 D mv2112_update_link: 3.0x901(1G): 0x80
01-01 08:03:23.358 0 0 D mv2112_update_link: 3.0x8109(100M): 0x0
01-01 08:03:23.363 0 0 D mv2112_update_link: link 0x0
01-01 08:03:23.368 0 0 D mv2112_read_status: autoneg is disabled
09-24 00:15:23.194 1910 1910 V NotificationMediaManager: DEBUG_MEDIA: updating album art for notification null metadata=null metaDataChanged=false state=0
09-24 00:15:23.553 1910 1910 D InterruptionStateProvider: No bubble up: not allowed to bubble: 0|com.android.shell|1|null|2000
09-24 00:15:23.554 1910 1910 D InterruptionStateProvider: No heads up: unimportant notification: 0|com.android.shell|1|null|2000
09-24 00:15:23.560 1910 2199 D PeopleSpaceWidgetMgr: Sbn doesn't contain valid PeopleTileKey: null/0/com.android.shell
09-24 00:15:23.581 1910 1910 V NotificationMediaManager: DEBUG_MEDIA: updating album art for notification null metadata=null metaDataChanged=false state=0
09-24 00:15:23.979 1910 1910 D InterruptionStateProvider: No bubble up: not allowed to bubble: 0|com.android.shell|1|null|2000
09-24 00:15:23.980 1910 1910 D InterruptionStateProvider: No heads up: unimportant notification: 0|com.android.shell|1|null|2000
09-24 00:15:23.990 1910 2199 D PeopleSpaceWidgetMgr: Sbn doesn't contain valid PeopleTileKey: null/0/com.android.shell
09-24 00:15:24.027 1910 1910 V NotificationMediaManager: DEBUG_MEDIA: updating album art for notification null metadata=null metaDataChanged=false state=0
09-24 00:15:24.029 665 679 I mpu_uart: [MSG-P:RECV]:No message received in 1000 ms
09-24 00:15:24.184 3990 3992 D dumpstate: Setting progress: 3005/5000 (60%)
09-24 00:15:24.197 3970 3970 D BugreportProgressService: Progress #1: 60.00%
01-01 08:03:24.400 0 0 D : mv2112_read_status
01-01 08:03:24.403 0 0 D mv2112_update_link: 3.0x901(1G): 0x80
01-01 08:03:24.409 0 0 D mv2112_update_link: 3.0x8109(100M): 0x0
01-01 08:03:24.415 0 0 D mv2112_update_link: link 0x0
01-01 08:03:24.420 0 0 D mv2112_read_status: autoneg is disabled
09-24 00:15:24.399 1402 3877 D LOWI-9.0.0.87.a: [LOWI-Scan] wait_event:Wait done with Cmd 34
09-24 00:15:24.400 1402 3877 D LOWI-9.0.0.87.a: [LOWI-Scan] do_listen_events: Rcvd valid Netlink Cmd 34 Err 0
09-24 00:15:24.400 1129 1873 D WifiNl80211Manager: Scan result ready event
09-24 00:15:24.400 1129 1873 D WifiNative: Scan result ready event
09-24 00:15:24.401 1402 3877 D LOWI-9.0.0.87.a: [LOWI-Scan]
09-24 00:15:24.401 1402 3877 D LOWI-9.0.0.87.a: [LOWI-Scan] print_bss_handler: Report Probe TSF 195137457 as it greater than Beacon TSF 155078048
09-24 00:15:24.401 1402 3877 D LOWI-9.0.0.87.a: [LOWI-Scan] decode_rsn_wpa_ie: LOWI_ENCRYPTION_TYPE_WPA_PSK
09-24 00:15:24.401 1402 3877 D LOWI-9.0.0.87.a: [LOWI-Scan] is_qcom_ie, bss_age: 0
09-24 00:15:24.401 1402 3877 D LOWI-9.0.0.87.a: [LOWI-Scan] BSS 3c:51:0e:47:ad:0f LOWI_PHY_MODE_11AC_VHT40(9), Beacon Interval: 100, LOWI_ENCRYPTION_TYPE_WPA_PSK 11mcRanging: No, ANQP: No, LCI: No, Civic: No, capability(0x1111): ESS Privacy SpectrumMgmt
09-24 00:15:24.401 1402 3877 D LOWI-9.0.0.87.a: [LOWI-Scan] BSS 3c:51:0e:47:ad:0f FREQ: 5180, cFreq1[40:80:160] = [5190:0:0] cFreq2 = 0 Country Code = CN
09-24 00:15:24.401 1402 3877 D LOWI-9.0.0.87.a: [LOWI-Scan] BSS 3c:51:0e:47:ad:0f (wlan0) ASSO: NO AddInfo: 0x0, TSF 0, 00:03:15.137, RSSI: -172, CPL: 127, AGE: 1596, SSID HiPhi-PDI, TSFDelta: 0xad8dc42f, TXRate: 0
09-24 00:15:24.402 1402 3877 D LOWI-9.0.0.87.a: [LOWI-Scan]
09-24 00:15:24.402 1402 3877 D LOWI-9.0.0.87.a: [LOWI-Scan] print_bss_handler: Report Probe TSF 195137881 as it greater than Beacon TSF 195128858
09-24 00:15:24.402 1402 3877 D LOWI-9.0.0.87.a: [LOWI-Scan] decode_rsn_wpa_ie: LOWI_ENCRYPTION_TYPE_WPA_EAP
09-24 00:15:24.402 1402 3877 D LOWI-9.0.0.87.a: [LOWI-Scan] is_qcom_ie, bss_age: 0
09-24 00:15:24.402 1402 3877 D LOWI-9.0.0.87.a: [LOWI-Scan] BSS 68:9e:0b:ef:b5:8f LOWI_PHY_MODE_11AC_VHT40(9), Beacon Interval: 100, LOWI_ENCRYPTION_TYPE_WPA_EAP 11mcRanging: No, ANQP: No, LCI: No, Civic: No, capability(0x1111): ESS Privacy SpectrumMgmt
09-24 00:15:24.402 1402 3877 D LOWI-9.0.0.87.a: [LOWI-Scan] BSS 68:9e:0b:ef:b5:8f FREQ: 5180, cFreq1[40:80:160] = [5190:0:0] cFreq2 = 0 Country Code = CN
09-24 00:15:24.402 1402 3877 D LOWI-9.0.0.87.a: [LOWI-Scan] BSS 68:9e:0b:ef:b5:8f (wlan0) ASSO: NO AddInfo: 0x0, TSF 0, 00:03:15.137, RSSI: -150, CPL: 127, AGE: 1596, SSID HH, TSFDelta: 0xaa8f4dae, TXRate: 0
09-24 00:15:24.402 1402 3877 D LOWI-9.0.0.87.a: [LOWI-Scan]
09-24 00:15:24.402 1402 3877 D LOWI-9.0.0.87.a: [LOWI-Scan] print_bss_handler: Report Probe TSF 195138895 as it greater than Beacon TSF 195129553
09-24 00:15:24.402 1402 3877 D LOWI-9.0.0.87.a: [LOWI-Scan] decode_rsn_wpa_ie: LOWI_ENCRYPTION_TYPE_WPA_PSK
09-24 00:15:24.402 1402 3877 D LOWI-9.0.0.87.a: [LOWI-Scan] is_qcom_ie, bss_age: 0
09-24 00:15:24.402 1402 3877 D LOWI-9.0.0.87.a: [LOWI-Scan] BSS 68:9e:0b:ef:b5:8e LOWI_PHY_MODE_11AC_VHT40(9), Beacon Interval: 100, LOWI_ENCRYPTION_TYPE_WPA_PSK 11mcRanging: No, ANQP: No, LCI: No, Civic: No, capability(0x1111): ESS Privacy SpectrumMgmt
09-24 00:15:24.402 1402 3877 D LOWI-9.0.0.87.a: [LOWI-Scan] BSS 68:9e:0b:ef:b5:8e FREQ: 5180, cFreq1[40:80:160] = [5190:0:0] cFreq2 = 0 Country Code = CN
09-24 00:15:24.402 1402 3877 D LOWI-9.0.0.87.a: [LOWI-Scan] BSS 68:9e:0b:ef:b5:8e (wlan0) ASSO: NO AddInfo: 0x0, TSF 0, 00:03:15.138, RSSI: -148, CPL: 127, AGE: 1596, SSID HHT-FACTORY-OTA, TSFDelta: 0xaa92f3d1, TXRate: 0
09-24 00:15:24.407 1402 3877 D LOWI-9.0.0.87.a: [LOWI-Scan]
09-24 00:15:24.407 1402 3877 D LOWI-9.0.0.87.a: [LOWI-Scan] print_bss_handler: Report Probe TSF 195176607 as it greater than Beacon TSF 195099829
09-24 00:15:24.407 1402 3877 D LOWI-9.0.0.87.a: [LOWI-Scan] decode_rsn_wpa_ie: LOWI_ENCRYPTION_TYPE_WPA_PSK
09-24 00:15:24.407 1402 3877 D LOWI-9.0.0.87.a: [LOWI-Scan] is_qcom_ie, bss_age: 0
09-24 00:15:24.407 1402 3877 D LOWI-9.0.0.87.a: [LOWI-Scan] BSS 3c:51:0e:47:7c:20 LOWI_PHY_MODE_11NG_HT20(5), Beacon Interval: 100, LOWI_ENCRYPTION_TYPE_WPA_PSK 11mcRanging: No, ANQP: No, LCI: No, Civic: No, capability(0x1111): ESS Privacy SpectrumMgmt
09-24 00:15:24.407 1402 3877 D LOWI-9.0.0.87.a: [LOWI-Scan] BSS 3c:51:0e:47:7c:20 FREQ: 2412, cFreq1[40:80:160] = [0:0:0] cFreq2 = 0 Country Code = CN
09-24 00:15:24.408 1402 3877 D LOWI-9.0.0.87.a: [LOWI-Scan] BSS 3c:51:0e:47:7c:20 (wlan0) ASSO: NO AddInfo: 0x0, TSF 0, 00:03:15.176, RSSI: -142, CPL: 127, AGE: 1556, SSID HiPhi-PDI, TSFDelta: 0xac0d81e9, TXRate: 0
09-24 00:15:24.408 1402 3877 D LOWI-9.0.0.87.a: [LOWI-Scan]
09-24 00:15:24.408 1402 3877 D LOWI-9.0.0.87.a: [LOWI-Scan] print_bss_handler: Report Probe TSF 195175785 as it greater than Beacon TSF 193005071
09-24 00:15:24.408 1402 3877 D LOWI-9.0.0.87.a: [LOWI-Scan] decode_rsn_wpa_ie: LOWI_ENCRYPTION_TYPE_WPA_PSK
09-24 00:15:24.408 1402 3877 D LOWI-9.0.0.87.a: [LOWI-Scan] is_qcom_ie, bss_age: 0
09-24 00:15:24.408 1402 3877 D LOWI-9.0.0.87.a: [LOWI-Scan] BSS b8:11:4b:7f:ed:00 LOWI_PHY_MODE_11NG_HT20(5), Beacon Interval: 100, LOWI_ENCRYPTION_TYPE_WPA_PSK 11mcRanging: No, ANQP: No, LCI: No, Civic: No, capability(0x1111): ESS Privacy SpectrumMgmt
09-24 00:15:24.408 1402 3877 D LOWI-9.0.0.87.a: [LOWI-Scan] BSS b8:11:4b:7f:ed:00 FREQ: 2412, cFreq1[40:80:160] = [0:0:0] cFreq2 = 0 Country Code = CN
09-24 00:15:24.408 1402 3877 D LOWI-9.0.0.87.a: [LOWI-Scan] BSS b8:11:4b:7f:ed:00 (wlan0) ASSO: NO AddInfo: 0x0, TSF 0, 00:03:15.175, RSSI: -146, CPL: 127, AGE: 1560, SSID HiPhi-OTA, TSFDelta: 0xde2a183a, TXRate: 0
09-24 00:15:24.409 1402 3877 D LOWI-9.0.0.87.a: [LOWI-Scan]
09-24 00:15:24.409 1402 3877 D LOWI-9.0.0.87.a: [LOWI-Scan] print_bss_handler: Report Probe TSF 195138450 as it greater than Beacon TSF 165114010
09-24 00:15:24.409 1402 3877 D LOWI-9.0.0.87.a: [LOWI-Scan] decode_rsn_wpa_ie: LOWI_ENCRYPTION_TYPE_WPA_PSK
09-24 00:15:24.409 1402 3877 D LOWI-9.0.0.87.a: [LOWI-Scan] is_qcom_ie, bss_age: 0
09-24 00:15:24.409 1402 3877 D LOWI-9.0.0.87.a: [LOWI-Scan] BSS b8:11:4b:7f:e8:20 LOWI_PHY_MODE_11NG_HT20(5), Beacon Interval: 100, LOWI_ENCRYPTION_TYPE_WPA_PSK 11mcRanging: No, ANQP: No, LCI: No, Civic: No, capability(0x1111): ESS Privacy SpectrumMgmt
09-24 00:15:24.409 1402 3877 D LOWI-9.0.0.87.a: [LOWI-Scan] BSS b8:11:4b:7f:e8:20 FREQ: 2412, cFreq1[40:80:160] = [0:0:0] cFreq2 = 0 Country Code = CN
09-24 00:15:24.409 1402 3877 D LOWI-9.0.0.87.a: [LOWI-Scan] BSS b8:11:4b:7f:e8:20 (wlan0) ASSO: NO AddInfo: 0x0, TSF 0, 00:03:15.138, RSSI: -152, CPL: 127, AGE: 1596, SSID HiPhi-OTA, TSFDelta: 0xad52734b, TXRate: 0
09-24 00:15:24.409 1402 3877 D LOWI-9.0.0.87.a: [LOWI-Scan]
09-24 00:15:24.409 1402 3877 D LOWI-9.0.0.87.a: [LOWI-Scan] print_bss_handler: Report Probe TSF 195347901 as it greater than Beacon TSF 97701579
09-24 00:15:24.410 1402 3877 D LOWI-9.0.0.87.a: [LOWI-Scan] decode_rsn_wpa_ie: LOWI_ENCRYPTION_TYPE_WPA_PSK
09-24 00:15:24.410 1402 3877 D LOWI-9.0.0.87.a: [LOWI-Scan] is_qcom_ie, bss_age: 0
09-24 00:15:24.410 1402 3877 D LOWI-9.0.0.87.a: [LOWI-Scan] BSS 3c:51:0e:2e:ae:8f LOWI_PHY_MODE_11AC_VHT40(9), Beacon Interval: 100, LOWI_ENCRYPTION_TYPE_WPA_PSK 11mcRanging: No, ANQP: No, LCI: No, Civic: No, capability(0x1111): ESS Privacy SpectrumMgmt
09-24 00:15:24.410 1402 3877 D LOWI-9.0.0.87.a: [LOWI-Scan] BSS 3c:51:0e:2e:ae:8f FREQ: 5220, cFreq1[40:80:160] = [5230:0:0] cFreq2 = 0 Country Code = CN
09-24 00:15:24.410 1402 3877 D LOWI-9.0.0.87.a: [LOWI-Scan] BSS 3c:51:0e:2e:ae:8f (wlan0) ASSO: NO AddInfo: 0x0, TSF 0, 00:03:15.347, RSSI: -158, CPL: 127, AGE: 1388, SSID HiPhi-PDI, TSFDelta: 0xb2555207, TXRate: 0
09-24 00:15:24.410 1402 3877 D LOWI-9.0.0.87.a: [LOWI-Scan]
09-24 00:15:24.410 1402 3877 D LOWI-9.0.0.87.a: [LOWI-Scan] print_bss_handler: Report beacon TSF 195068524 as it greater than probe TSF 193015117
09-24 00:15:24.410 1402 3877 D LOWI-9.0.0.87.a: [LOWI-Scan] decode_rsn_wpa_ie: LOWI_ENCRYPTION_TYPE_WPA_PSK
09-24 00:15:24.410 1402 3877 D LOWI-9.0.0.87.a: [LOWI-Scan] is_qcom_ie, bss_age: 0
09-24 00:15:24.410 1402 3877 D LOWI-9.0.0.87.a: [LOWI-Scan] BSS e8:db:84:1c:8d:b5 LOWI_PHY_MODE_11NG_HT40(7), Beacon Interval: 100, LOWI_ENCRYPTION_TYPE_WPA_PSK 11mcRanging: No, ANQP: No, LCI: No, Civic: No, capability(0x0431): ESS Privacy ShortPreamble ShortSlotTime
09-24 00:15:24.411 1402 3877 D LOWI-9.0.0.87.a: [LOWI-Scan] BSS e8:db:84:1c:8d:b5 FREQ: 2412, cFreq1[40:80:160] = [2422:0:0] cFreq2 = 0 Country Code = CN
09-24 00:15:24.411 1402 3877 D LOWI-9.0.0.87.a: [LOWI-Scan] BSS e8:db:84:1c:8d:b5 (wlan0) ASSO: NO AddInfo: 0x1, TSF 0, 00:03:15.068, RSSI: -150, CPL: 127, AGE: 1664, SSID 93B6C609, TSFDelta: 0x797772a6, TXRate: 0
09-24 00:15:24.411 1910 1910 D InterruptionStateProvider: No bubble up: not allowed to bubble: 0|com.android.shell|1|null|2000
09-24 00:15:24.411 1402 3877 D LOWI-9.0.0.87.a: [LOWI-Scan]
09-24 00:15:24.411 1402 3877 D LOWI-9.0.0.87.a: [LOWI-Scan] print_bss_handler: Report Probe TSF 195176244 as it greater than Beacon TSF 195113276
09-24 00:15:24.411 1402 3877 D LOWI-9.0.0.87.a: [LOWI-Scan] decode_rsn_wpa_ie: LOWI_ENCRYPTION_TYPE_WPA_EAP
09-24 00:15:24.411 1402 3877 D LOWI-9.0.0.87.a: [LOWI-Scan] is_qcom_ie, bss_age: 0
09-24 00:15:24.411 1402 3877 D LOWI-9.0.0.87.a: [LOWI-Scan] BSS 68:9e:0b:ef:b5:80 LOWI_PHY_MODE_11NG_HT20(5), Beacon Interval: 100, LOWI_ENCRYPTION_TYPE_WPA_EAP 11mcRanging: No, ANQP: No, LCI: No, Civic: No, capability(0x1111): ESS Privacy SpectrumMgmt
09-24 00:15:24.411 1402 3877 D LOWI-9.0.0.87.a: [LOWI-Scan] BSS 68:9e:0b:ef:b5:80 FREQ: 2412, cFreq1[40:80:160] = [0:0:0] cFreq2 = 0 Country Code = CN
09-24 00:15:24.411 1402 3877 D LOWI-9.0.0.87.a: [LOWI-Scan] BSS 68:9e:0b:ef:b5:80 (wlan0) ASSO: NO AddInfo: 0x0, TSF 0, 00:03:15.176, RSSI: -152, CPL: 127, AGE: 1556, SSID HH, TSFDelta: 0xaa982c22, TXRate: 0
09-24 00:15:24.412 1910 1910 D InterruptionStateProvider: No heads up: unimportant notification: 0|com.android.shell|1|null|2000
09-24 00:15:24.412 1402 3877 D LOWI-9.0.0.87.a: [LOWI-Scan] -- associated
09-24 00:15:24.412 1402 3877 D LOWI-9.0.0.87.a: [LOWI-Scan]
09-24 00:15:24.412 1402 3877 D LOWI-9.0.0.87.a: [LOWI-Scan] print_bss_handler: Report beacon TSF 196611338 as it greater than probe TSF 195532093
09-24 00:15:24.412 1402 3877 D LOWI-9.0.0.87.a: [LOWI-Scan] decode_rsn_wpa_ie: LOWI_ENCRYPTION_TYPE_WPA_PSK
09-24 00:15:24.412 1402 3877 D LOWI-9.0.0.87.a: [LOWI-Scan] is_qcom_ie, bss_age: 0
09-24 00:15:24.412 1402 3877 D LOWI-9.0.0.87.a: [LOWI-Scan] BSS 4a:33:e3:d5:c7:14 LOWI_PHY_MODE_11AC_VHT80(10), Beacon Interval: 100, LOWI_ENCRYPTION_TYPE_WPA_PSK 11mcRanging: No, ANQP: No, LCI: No, Civic: No, capability(0x1111): ESS Privacy SpectrumMgmt
09-24 00:15:24.412 1402 3877 D LOWI-9.0.0.87.a: [LOWI-Scan] BSS 4a:33:e3:d5:c7:14 FREQ: 5745, cFreq1[40:80:160] = [5755:5775:0] cFreq2 = 0 Country Code = CN
09-24 00:15:24.412 1402 3877 D LOWI-9.0.0.87.a: [LOWI-Scan] BSS 4a:33:e3:d5:c7:14 (wlan0) ASSO: YES AddInfo: 0x1, TSF 0, 00:03:16.611, RSSI: -102, CPL: 127, AGE: 0, SSID _______________ iPhone, TSFDelta: 0xac9b560a, TXRate: 0
09-24 00:15:24.413 1402 3877 D LOWI-9.0.0.87.a: [LOWI-Scan]
09-24 00:15:24.413 1402 3877 D LOWI-9.0.0.87.a: [LOWI-Scan] print_bss_handler: Report Probe TSF 195654617 as it greater than Beacon TSF 173473114
09-24 00:15:24.413 1402 3877 D LOWI-9.0.0.87.a: [LOWI-Scan] decode_rsn_wpa_ie: LOWI_ENCRYPTION_TYPE_WPA_PSK
09-24 00:15:24.413 1402 3877 D LOWI-9.0.0.87.a: [LOWI-Scan] is_qcom_ie, bss_age: 0
09-24 00:15:24.413 1402 3877 D LOWI-9.0.0.87.a: [LOWI-Scan] BSS b8:11:4b:7f:e8:2f LOWI_PHY_MODE_11AC_VHT40(9), Beacon Interval: 100, LOWI_ENCRYPTION_TYPE_WPA_PSK 11mcRanging: No, ANQP: No, LCI: No, Civic: No, capability(0x1111): ESS Privacy SpectrumMgmt
09-24 00:15:24.413 1402 3877 D LOWI-9.0.0.87.a: [LOWI-Scan] BSS b8:11:4b:7f:e8:2f FREQ: 5765, cFreq1[40:80:160] = [5755:0:0] cFreq2 = 0 Country Code = CN
09-24 00:15:24.413 1402 3877 D LOWI-9.0.0.87.a: [LOWI-Scan] BSS b8:11:4b:7f:e8:2f (wlan0) ASSO: NO AddInfo: 0x0, TSF 0, 00:03:15.654, RSSI: -156, CPL: 127, AGE: 1084, SSID HiPhi-OTA, TSFDelta: 0xbc3d2d24, TXRate: 0
09-24 00:15:24.413 1402 3877 D LOWI-9.0.0.87.a: [LOWI-Scan]
09-24 00:15:24.414 1402 3877 D LOWI-9.0.0.87.a: [LOWI-Scan] print_bss_handler: Report Probe TSF 195648924 as it greater than Beacon TSF 142248579
09-24 00:15:24.414 1402 3877 D LOWI-9.0.0.87.a: [LOWI-Scan] decode_rsn_wpa_ie: LOWI_ENCRYPTION_TYPE_WPA_PSK
09-24 00:15:24.414 1402 3877 D LOWI-9.0.0.87.a: [LOWI-Scan] is_qcom_ie, bss_age: 0
09-24 00:15:24.414 1402 3877 D LOWI-9.0.0.87.a: [LOWI-Scan] BSS 6c:31:0e:27:99:af LOWI_PHY_MODE_11AC_VHT40(9), Beacon Interval: 100, LOWI_ENCRYPTION_TYPE_WPA_PSK 11mcRanging: No, ANQP: No, LCI: No, Civic: No, capability(0x1111): ESS Privacy SpectrumMgmt
09-24 00:15:24.414 1402 3877 D LOWI-9.0.0.87.a: [LOWI-Scan] BSS 6c:31:0e:27:99:af FREQ: 5765, cFreq1[40:80:160] = [5755:0:0] cFreq2 = 0 Country Code = CN
09-24 00:15:24.414 1402 3877 D LOWI-9.0.0.87.a: [LOWI-Scan] BSS 6c:31:0e:27:99:af (wlan0) ASSO: NO AddInfo: 0x0, TSF 0, 00:03:15.648, RSSI: -118, CPL: 127, AGE: 1088, SSID HiPhi-OTA, TSFDelta: 0xbbffcdb1, TXRate: 0
09-24 00:15:24.414 1402 3877 D LOWI-9.0.0.87.a: [LOWI-Scan]
09-24 00:15:24.414 1402 3877 D LOWI-9.0.0.87.a: [LOWI-Scan] print_bss_handler: Report Probe TSF 195647539 as it greater than Beacon TSF 173473800
09-24 00:15:24.414 1402 3877 D LOWI-9.0.0.87.a: [LOWI-Scan] decode_rsn_wpa_ie: LOWI_ENCRYPTION_TYPE_WPA_PSK
09-24 00:15:24.414 1402 3877 D LOWI-9.0.0.87.a: [LOWI-Scan] is_qcom_ie, bss_age: 0
09-24 00:15:24.415 1402 3877 D LOWI-9.0.0.87.a: [LOWI-Scan] BSS dc:77:4c:52:28:4f LOWI_PHY_MODE_11AC_VHT40(9), Beacon Interval: 100, LOWI_ENCRYPTION_TYPE_WPA_PSK 11mcRanging: No, ANQP: No, LCI: No, Civic: No, capability(0x1111): ESS Privacy SpectrumMgmt
09-24 00:15:24.415 1402 3877 D LOWI-9.0.0.87.a: [LOWI-Scan] BSS dc:77:4c:52:28:4f FREQ: 5765, cFreq1[40:80:160] = [5755:0:0] cFreq2 = 0 Country Code = CN
09-24 00:15:24.415 1402 3877 D LOWI-9.0.0.87.a: [LOWI-Scan] BSS dc:77:4c:52:28:4f (wlan0) ASSO: NO AddInfo: 0x0, TSF 0, 00:03:15.647, RSSI: -150, CPL: 127, AGE: 1092, SSID HiPhi-OTA, TSFDelta: 0xbd203317, TXRate: 0
09-24 00:15:24.415 1402 3877 D LOWI-9.0.0.87.a: [LOWI-Scan]
09-24 00:15:24.415 1402 3877 D LOWI-9.0.0.87.a: [LOWI-Scan] print_bss_handler: Report Probe TSF 195868687 as it greater than Beacon TSF 83273178
09-24 00:15:24.415 1402 3877 D LOWI-9.0.0.87.a: [LOWI-Scan] decode_rsn_wpa_ie: LOWI_ENCRYPTION_TYPE_WPA_PSK
09-24 00:15:24.415 1402 3877 D LOWI-9.0.0.87.a: [LOWI-Scan] is_qcom_ie, bss_age: 0
09-24 00:15:24.415 1402 3877 D LOWI-9.0.0.87.a: [LOWI-Scan] BSS dc:77:4c:52:29:4f LOWI_PHY_MODE_11AC_VHT40(9), Beacon Interval: 100, LOWI_ENCRYPTION_TYPE_WPA_PSK 11mcRanging: No, ANQP: No, LCI: No, Civic: No, capability(0x1111): ESS Privacy SpectrumMgmt
09-24 00:15:24.415 1402 3877 D LOWI-9.0.0.87.a: [LOWI-Scan] BSS dc:77:4c:52:29:4f FREQ: 5805, cFreq1[40:80:160] = [5795:0:0] cFreq2 = 0 Country Code = CN
09-24 00:15:24.416 1402 3877 D LOWI-9.0.0.87.a: [LOWI-Scan] BSS dc:77:4c:52:29:4f (wlan0) ASSO: NO AddInfo: 0x0, TSF 0, 00:03:15.868, RSSI: -136, CPL: 127, AGE: 868, SSID HiPhi-OTA, TSFDelta: 0xc3df4537, TXRate: 0
09-24 00:15:24.416 1402 3877 D LOWI-9.0.0.87.a: [LOWI-Scan]
09-24 00:15:24.416 1402 3877 D LOWI-9.0.0.87.a: [LOWI-Scan] print_bss_handler: Report Probe TSF 195867750 as it greater than Beacon TSF 93297430
09-24 00:15:24.416 1402 3877 D LOWI-9.0.0.87.a: [LOWI-Scan] decode_rsn_wpa_ie: LOWI_ENCRYPTION_TYPE_WPA_PSK
09-24 00:15:24.416 1402 3877 D LOWI-9.0.0.87.a: [LOWI-Scan] is_qcom_ie, bss_age: 0
09-24 00:15:24.416 1402 3877 D LOWI-9.0.0.87.a: [LOWI-Scan] BSS b8:11:4b:7f:ed:0f LOWI_PHY_MODE_11AC_VHT40(9), Beacon Interval: 100, LOWI_ENCRYPTION_TYPE_WPA_PSK 11mcRanging: No, ANQP: No, LCI: No, Civic: No, capability(0x1111): ESS Privacy SpectrumMgmt
09-24 00:15:24.422 1402 3877 D LOWI-9.0.0.87.a: [LOWI-Scan] BSS b8:11:4b:7f:ed:0f FREQ: 5805, cFreq1[40:80:160] = [5795:0:0] cFreq2 = 0 Country Code = CN
09-24 00:15:24.422 1402 3877 D LOWI-9.0.0.87.a: [LOWI-Scan] BSS b8:11:4b:7f:ed:0f (wlan0) ASSO: NO AddInfo: 0x0, TSF 0, 00:03:15.867, RSSI: -110, CPL: 127, AGE: 872, SSID HiPhi-OTA, TSFDelta: 0xf329a3a9, TXRate: 0
09-24 00:15:24.422 1402 3877 D LOWI-9.0.0.87.a: [LOWI-Scan]
09-24 00:15:24.422 1402 3877 D LOWI-9.0.0.87.a: [LOWI-Scan] print_bss_handler: Report beacon TSF 195655252 as it greater than probe TSF 195643956
09-24 00:15:24.422 1402 3877 D LOWI-9.0.0.87.a: [LOWI-Scan] decode_rsn_wpa_ie: LOWI_ENCRYPTION_TYPE_WPA_PSK
09-24 00:15:24.422 1402 3877 D LOWI-9.0.0.87.a: [LOWI-Scan] is_qcom_ie, bss_age: 0
09-24 00:15:24.422 1402 3877 D LOWI-9.0.0.87.a: [LOWI-Scan] BSS 3c:51:0e:2e:ae:80 LOWI_PHY_MODE_11NG_HT20(5), Beacon Interval: 100, LOWI_ENCRYPTION_TYPE_WPA_PSK 11mcRanging: No, ANQP: No, LCI: No, Civic: No, capability(0x1511): ESS Privacy SpectrumMgmt ShortSlotTime
09-24 00:15:24.422 1402 3877 D LOWI-9.0.0.87.a: [LOWI-Scan] BSS 3c:51:0e:2e:ae:80 FREQ: 2437, cFreq1[40:80:160] = [0:0:0] cFreq2 = 0 Country Code = CN
09-24 00:15:24.422 1402 3877 D LOWI-9.0.0.87.a: [LOWI-Scan] BSS 3c:51:0e:2e:ae:80 (wlan0) ASSO: NO AddInfo: 0x1, TSF 0, 00:03:15.655, RSSI: -136, CPL: 127, AGE: 1084, SSID HiPhi-PDI, TSFDelta: 0xba088e4c, TXRate: 0
09-24 00:15:24.422 1402 3877 D LOWI-9.0.0.87.a: [LOWI-Scan]
09-24 00:15:24.422 1402 3877 D LOWI-9.0.0.87.a: [LOWI-Scan] print_bss_handler: Report Probe TSF 196332122 as it greater than Beacon TSF 194138935
09-24 00:15:24.422 1402 3877 D LOWI-9.0.0.87.a: [LOWI-Scan] decode_rsn_wpa_ie: LOWI_ENCRYPTION_TYPE_WPA_PSK
09-24 00:15:24.422 1402 3877 D LOWI-9.0.0.87.a: [LOWI-Scan] is_qcom_ie, bss_age: 0
09-24 00:15:24.422 1402 3877 D LOWI-9.0.0.87.a: [LOWI-Scan] BSS 68:9e:0b:ef:b3:6e LOWI_PHY_MODE_11AC_VHT40(9), Beacon Interval: 100, LOWI_ENCRYPTION_TYPE_WPA_PSK 11mcRanging: No, ANQP: No, LCI: No, Civic: No, capability(0x1111): ESS Privacy SpectrumMgmt
09-24 00:15:24.422 1402 3877 D LOWI-9.0.0.87.a: [LOWI-Scan] BSS 68:9e:0b:ef:b3:6e FREQ: 5280, cFreq1[40:80:160] = [5270:0:0] cFreq2 = 0 Country Code = CN
09-24 00:15:24.422 1402 3877 D LOWI-9.0.0.87.a: [LOWI-Scan] BSS 68:9e:0b:ef:b3:6e (wlan0) ASSO: NO AddInfo: 0x0, TSF 0, 00:03:16.332, RSSI: -162, CPL: 127, AGE: 404, SSID HHT-FACTORY-OTA, TSFDelta: 0xcd4f04ed, TXRate: 0
09-24 00:15:24.423 1402 3877 D LOWI-9.0.0.87.a: [LOWI-Scan]
09-24 00:15:24.423 1402 3877 D LOWI-9.0.0.87.a: [LOWI-Scan] print_bss_handler: Report Probe TSF 196331266 as it greater than Beacon TSF 196319181
09-24 00:15:24.423 1402 3877 D LOWI-9.0.0.87.a: [LOWI-Scan] decode_rsn_wpa_ie: LOWI_ENCRYPTION_TYPE_WPA_PSK
09-24 00:15:24.423 1402 3877 D LOWI-9.0.0.87.a: [LOWI-Scan] is_qcom_ie, bss_age: 0
09-24 00:15:24.423 1402 3877 D LOWI-9.0.0.87.a: [LOWI-Scan] BSS 3c:51:0e:2e:f4:af LOWI_PHY_MODE_11AC_VHT40(9), Beacon Interval: 100, LOWI_ENCRYPTION_TYPE_WPA_PSK 11mcRanging: No, ANQP: No, LCI: No, Civic: No, capability(0x1111): ESS Privacy SpectrumMgmt
09-24 00:15:24.423 1402 3877 D LOWI-9.0.0.87.a: [LOWI-Scan] BSS 3c:51:0e:2e:f4:af FREQ: 5280, cFreq1[40:80:160] = [5270:0:0] cFreq2 = 0 Country Code = CN
09-24 00:15:24.423 1402 3877 D LOWI-9.0.0.87.a: [LOWI-Scan] BSS 3c:51:0e:2e:f4:af (wlan0) ASSO: NO AddInfo: 0x0, TSF 0, 00:03:16.331, RSSI: -174, CPL: 127, AGE: 408, SSID HiPhi-PDI, TSFDelta: 0xce75a5c5, TXRate: 0
09-24 00:15:24.423 1402 3877 D LOWI-9.0.0.87.a: [LOWI-Scan]
09-24 00:15:24.423 1402 3877 D LOWI-9.0.0.87.a: [LOWI-Scan] print_bss_handler: Report Probe TSF 196331730 as it greater than Beacon TSF 196288223
09-24 00:15:24.423 1402 3877 D LOWI-9.0.0.87.a: [LOWI-Scan] decode_rsn_wpa_ie: LOWI_ENCRYPTION_TYPE_WPA_EAP
09-24 00:15:24.423 1402 3877 D LOWI-9.0.0.87.a: [LOWI-Scan] is_qcom_ie, bss_age: 0
09-24 00:15:24.423 1402 3877 D LOWI-9.0.0.87.a: [LOWI-Scan] BSS 68:9e:0b:ef:b3:6f LOWI_PHY_MODE_11AC_VHT40(9), Beacon Interval: 100, LOWI_ENCRYPTION_TYPE_WPA_EAP 11mcRanging: No, ANQP: No, LCI: No, Civic: No, capability(0x1111): ESS Privacy SpectrumMgmt
09-24 00:15:24.423 1402 3877 D LOWI-9.0.0.87.a: [LOWI-Scan] BSS 68:9e:0b:ef:b3:6f FREQ: 5280, cFreq1[40:80:160] = [5270:0:0] cFreq2 = 0 Country Code = CN
09-24 00:15:24.423 1402 3877 D LOWI-9.0.0.87.a: [LOWI-Scan] BSS 68:9e:0b:ef:b3:6f (wlan0) ASSO: NO AddInfo: 0x0, TSF 0, 00:03:16.331, RSSI: -160, CPL: 127, AGE: 408, SSID HH, TSFDelta: 0xcd4a46e1, TXRate: 0
09-24 00:15:24.423 1402 3877 D LOWI-9.0.0.87.a: [LOWI-Scan]
09-24 00:15:24.423 1402 3877 D LOWI-9.0.0.87.a: [LOWI-Scan] print_bss_handler: Report Probe TSF 195849817 as it greater than Beacon TSF 195846087
09-24 00:15:24.423 1402 3877 D LOWI-9.0.0.87.a: [LOWI-Scan] decode_rsn_wpa_ie: LOWI_ENCRYPTION_TYPE_WPA_PSK
09-24 00:15:24.424 1402 3877 D LOWI-9.0.0.87.a: [LOWI-Scan] is_qcom_ie, bss_age: 0
09-24 00:15:24.424 1402 3877 D LOWI-9.0.0.87.a: [LOWI-Scan] BSS d4:72:26:02:22:99 LOWI_PHY_MODE_11NG_HT40(7), Beacon Interval: 100, LOWI_ENCRYPTION_TYPE_WPA_PSK 11mcRanging: No, ANQP: No, LCI: No, Civic: No, capability(0x0411): ESS Privacy ShortSlotTime
09-24 00:15:24.424 1402 3877 D LOWI-9.0.0.87.a: [LOWI-Scan] BSS d4:72:26:02:22:99 FREQ: 2447, cFreq1[40:80:160] = [2437:0:0] cFreq2 = 0 Country Code = CN
09-24 00:15:24.424 1402 3877 D LOWI-9.0.0.87.a: [LOWI-Scan] BSS d4:72:26:02:22:99 (wlan0) ASSO: NO AddInfo: 0x0, TSF 0, 00:03:15.849, RSSI: -148, CPL: 127, AGE: 888, SSID ZTE_022299, TSFDelta: 0x54f1b21a, TXRate: 0
09-24 00:15:24.424 1402 3877 D LOWI-9.0.0.87.a: [LOWI-Scan]
09-24 00:15:24.424 1402 3877 D LOWI-9.0.0.87.a: [LOWI-Scan] print_bss_handler: Report Probe TSF 196711795 as it greater than Beacon TSF 196688551
09-24 00:15:24.424 1402 3877 D LOWI-9.0.0.87.a: [LOWI-Scan] decode_rsn_wpa_ie: LOWI_ENCRYPTION_TYPE_WPA_PSK
09-24 00:15:24.424 1402 3877 D LOWI-9.0.0.87.a: [LOWI-Scan] is_qcom_ie, bss_age: 0
09-24 00:15:24.424 1402 3877 D LOWI-9.0.0.87.a: [LOWI-Scan] BSS 3c:51:0e:47:7c:2f LOWI_PHY_MODE_11AC_VHT40(9), Beacon Interval: 100, LOWI_ENCRYPTION_TYPE_WPA_PSK 11mcRanging: No, ANQP: No, LCI: No, Civic: No, capability(0x1111): ESS Privacy SpectrumMgmt
09-24 00:15:24.424 1402 3877 D LOWI-9.0.0.87.a: [LOWI-Scan] BSS 3c:51:0e:47:7c:2f FREQ: 5320, cFreq1[40:80:160] = [5310:0:0] cFreq2 = 0 Country Code = CN
09-24 00:15:24.424 1402 3877 D LOWI-9.0.0.87.a: [LOWI-Scan] BSS 3c:51:0e:47:7c:2f (wlan0) ASSO: NO AddInfo: 0x0, TSF 0, 00:03:16.711, RSSI: -146, CPL: 127, AGE: 28, SSID HiPhi-PDI, TSFDelta: 0xd9035340, TXRate: 0
09-24 00:15:24.425 1402 3877 D LOWI-9.0.0.87.a: [LOWI-Scan]
09-24 00:15:24.425 1402 3877 D LOWI-9.0.0.87.a: [LOWI-Scan] print_bss_handler: Report Probe TSF 196715716 as it greater than Beacon TSF 196690496
09-24 00:15:24.425 1402 3877 D LOWI-9.0.0.87.a: [LOWI-Scan] decode_rsn_wpa_ie: LOWI_ENCRYPTION_TYPE_WPA_PSK
09-24 00:15:24.425 1402 3877 D LOWI-9.0.0.87.a: [LOWI-Scan] is_qcom_ie, bss_age: 0
09-24 00:15:24.425 1402 3877 D LOWI-9.0.0.87.a: [LOWI-Scan] BSS 4c:a6:4d:b1:84:4b LOWI_PHY_MODE_11AC_VHT40(9), Beacon Interval: 100, LOWI_ENCRYPTION_TYPE_WPA_PSK 11mcRanging: No, ANQP: No, LCI: No, Civic: No, capability(0x1511): ESS Privacy SpectrumMgmt ShortSlotTime
09-24 00:15:24.425 1402 3877 D LOWI-9.0.0.87.a: [LOWI-Scan] BSS 4c:a6:4d:b1:84:4b FREQ: 5320, cFreq1[40:80:160] = [5310:0:0] cFreq2 = 0 Country Code = CN
09-24 00:15:24.425 1402 3877 D LOWI-9.0.0.87.a: [LOWI-Scan] BSS 4c:a6:4d:b1:84:4b (wlan0) ASSO: NO AddInfo: 0x0, TSF 0, 00:03:16.715, RSSI: -158, CPL: 127, AGE: 24, SSID HH-Partner, TSFDelta: 0xd4c09d37, TXRate: 0
09-24 00:15:24.425 1402 3877 D LOWI-9.0.0.87.a: [LOWI-Scan]
09-24 00:15:24.425 1402 3877 D LOWI-9.0.0.87.a: [LOWI-Scan] print_bss_handler: Report Probe TSF 196715005 as it greater than Beacon TSF 196691540
09-24 00:15:24.425 1402 3877 D LOWI-9.0.0.87.a: [LOWI-Scan] decode_rsn_wpa_ie: LOWI_ENCRYPTION_TYPE_WPA_EAP
09-24 00:15:24.425 1402 3877 D LOWI-9.0.0.87.a: [LOWI-Scan] is_qcom_ie, bss_age: 0
09-24 00:15:24.425 1402 3877 D LOWI-9.0.0.87.a: [LOWI-Scan] BSS 4c:a6:4d:b1:84:4c LOWI_PHY_MODE_11AC_VHT40(9), Beacon Interval: 100, LOWI_ENCRYPTION_TYPE_WPA_EAP 11mcRanging: No, ANQP: No, LCI: No, Civic: No, capability(0x1511): ESS Privacy SpectrumMgmt ShortSlotTime
09-24 00:15:24.425 1910 2199 D PeopleSpaceWidgetMgr: Sbn doesn't contain valid PeopleTileKey: null/0/com.android.shell
09-24 00:15:24.425 1402 3877 D LOWI-9.0.0.87.a: [LOWI-Scan] BSS 4c:a6:4d:b1:84:4c FREQ: 5320, cFreq1[40:80:160] = [5310:0:0] cFreq2 = 0 Country Code = CN
09-24 00:15:24.425 1402 3877 D LOWI-9.0.0.87.a: [LOWI-Scan] BSS 4c:a6:4d:b1:84:4c (wlan0) ASSO: NO AddInfo: 0x0, TSF 0, 00:03:16.715, RSSI: -158, CPL: 127, AGE: 24, SSID HH-mobile, TSFDelta: 0xd4bcbd8a, TXRate: 0
09-24 00:15:24.426 1402 3877 D LOWI-9.0.0.87.a: [LOWI-Scan]
09-24 00:15:24.426 1402 3877 D LOWI-9.0.0.87.a: [LOWI-Scan] print_bss_handler: Report Probe TSF 196713812 as it greater than Beacon TSF 196692722
09-24 00:15:24.426 1402 3877 D LOWI-9.0.0.87.a: [LOWI-Scan] decode_rsn_wpa_ie: LOWI_ENCRYPTION_TYPE_WPA_PSK
09-24 00:15:24.426 1402 3877 D LOWI-9.0.0.87.a: [LOWI-Scan] is_qcom_ie, bss_age: 0
09-24 00:15:24.426 1402 3877 D LOWI-9.0.0.87.a: [LOWI-Scan] BSS 4c:a6:4d:b1:84:4d LOWI_PHY_MODE_11AC_VHT40(9), Beacon Interval: 100, LOWI_ENCRYPTION_TYPE_WPA_PSK 11mcRanging: No, ANQP: No, LCI: No, Civic: No, capability(0x1511): ESS Privacy SpectrumMgmt ShortSlotTime
09-24 00:15:24.426 1402 3877 D LOWI-9.0.0.87.a: [LOWI-Scan] BSS 4c:a6:4d:b1:84:4d FREQ: 5320, cFreq1[40:80:160] = [5310:0:0] cFreq2 = 0 Country Code = CN
09-24 00:15:24.426 1402 3877 D LOWI-9.0.0.87.a: [LOWI-Scan] BSS 4c:a6:4d:b1:84:4d (wlan0) ASSO: NO AddInfo: 0x0, TSF 0, 00:03:16.713, RSSI: -158, CPL: 127, AGE: 24, SSID HH-Guest, TSFDelta: 0xd4b8d648, TXRate: 0
09-24 00:15:24.427 1402 3877 D LOWI-9.0.0.87.a: [LOWI-Scan]
09-24 00:15:24.427 1402 3877 D LOWI-9.0.0.87.a: [LOWI-Scan] print_bss_handler: Report beacon TSF 196693620 as it greater than probe TSF 196693620
09-24 00:15:24.427 1402 3877 D LOWI-9.0.0.87.a: [LOWI-Scan] decode_rsn_wpa_ie: LOWI_ENCRYPTION_TYPE_WPA_PSK
09-24 00:15:24.427 1402 3877 D LOWI-9.0.0.87.a: [LOWI-Scan] is_qcom_ie, bss_age: 0
09-24 00:15:24.427 1402 3877 D LOWI-9.0.0.87.a: [LOWI-Scan] BSS 4c:a6:4d:b1:84:4e LOWI_PHY_MODE_11AC_VHT40(9), Beacon Interval: 100, LOWI_ENCRYPTION_TYPE_WPA_PSK 11mcRanging: No, ANQP: No, LCI: No, Civic: No, capability(0x1511): ESS Privacy SpectrumMgmt ShortSlotTime
09-24 00:15:24.427 1402 3877 D LOWI-9.0.0.87.a: [LOWI-Scan] BSS 4c:a6:4d:b1:84:4e FREQ: 5320, cFreq1[40:80:160] = [5310:0:0] cFreq2 = 0 Country Code = CN
09-24 00:15:24.427 1402 3877 D LOWI-9.0.0.87.a: [LOWI-Scan] BSS 4c:a6:4d:b1:84:4e (wlan0) ASSO: NO AddInfo: 0x1, TSF 0, 00:03:16.693, RSSI: -158, CPL: 127, AGE: 44, SSID , TSFDelta: 0xd4164194, TXRate: 0
09-24 00:15:24.427 1402 3877 D LOWI-9.0.0.87.a: [LOWI-Scan]
09-24 00:15:24.427 1402 3877 D LOWI-9.0.0.87.a: [LOWI-Scan] print_bss_handler: Report Probe TSF 196712695 as it greater than Beacon TSF 196694707
09-24 00:15:24.427 1402 3877 D LOWI-9.0.0.87.a: [LOWI-Scan] decode_rsn_wpa_ie: LOWI_ENCRYPTION_TYPE_WPA_EAP
09-24 00:15:24.427 1402 3877 D LOWI-9.0.0.87.a: [LOWI-Scan] is_qcom_ie, bss_age: 0
09-24 00:15:24.427 1402 3877 D LOWI-9.0.0.87.a: [LOWI-Scan] BSS 4c:a6:4d:b1:84:4f LOWI_PHY_MODE_11AC_VHT40(9), Beacon Interval: 100, LOWI_ENCRYPTION_TYPE_WPA_EAP 11mcRanging: No, ANQP: No, LCI: No, Civic: No, capability(0x1511): ESS Privacy SpectrumMgmt ShortSlotTime
09-24 00:15:24.427 1402 3877 D LOWI-9.0.0.87.a: [LOWI-Scan] BSS 4c:a6:4d:b1:84:4f FREQ: 5320, cFreq1[40:80:160] = [5310:0:0] cFreq2 = 0 Country Code = CN
09-24 00:15:24.427 1402 3877 D LOWI-9.0.0.87.a: [LOWI-Scan] BSS 4c:a6:4d:b1:84:4f (wlan0) ASSO: NO AddInfo: 0x0, TSF 0, 00:03:16.712, RSSI: -156, CPL: 127, AGE: 24, SSID HH, TSFDelta: 0xd4b503b4, TXRate: 0
09-24 00:15:24.428 1402 3877 D LOWI-9.0.0.87.a: [LOWI-Scan]
09-24 00:15:24.428 1402 3877 D LOWI-9.0.0.87.a: [LOWI-Scan] print_bss_handler: Report Probe TSF 196176338 as it greater than Beacon TSF 193966751
09-24 00:15:24.428 1402 3877 D LOWI-9.0.0.87.a: [LOWI-Scan] decode_rsn_wpa_ie: LOWI_ENCRYPTION_TYPE_WPA_EAP
09-24 00:15:24.428 1402 3877 D LOWI-9.0.0.87.a: [LOWI-Scan] is_qcom_ie, bss_age: 0
09-24 00:15:24.428 1402 3877 D LOWI-9.0.0.87.a: [LOWI-Scan] BSS 4c:a6:4d:b1:84:40 LOWI_PHY_MODE_11NG_HT20(5), Beacon Interval: 100, LOWI_ENCRYPTION_TYPE_WPA_EAP 11mcRanging: No, ANQP: No, LCI: No, Civic: No, capability(0x1411): ESS Privacy ShortSlotTime
09-24 00:15:24.428 1402 3877 D LOWI-9.0.0.87.a: [LOWI-Scan] BSS 4c:a6:4d:b1:84:40 FREQ: 2462, cFreq1[40:80:160] = [0:0:0] cFreq2 = 0 Country Code = CN
09-24 00:15:24.428 1402 3877 D LOWI-9.0.0.87.a: [LOWI-Scan] BSS 4c:a6:4d:b1:84:40 (wlan0) ASSO: NO AddInfo: 0x0, TSF 0, 00:03:16.176, RSSI: -136, CPL: 127, AGE: 560, SSID HH, TSFDelta: 0xc455f79c, TXRate: 0
09-24 00:15:24.429 1402 3877 D LOWI-9.0.0.87.a: [LOWI-Scan]
09-24 00:15:24.429 1402 3877 D LOWI-9.0.0.87.a: [LOWI-Scan] print_bss_handler: Report beacon TSF 196148499 as it greater than probe TSF 193955340
09-24 00:15:24.429 1402 3877 D LOWI-9.0.0.87.a: [LOWI-Scan] decode_rsn_wpa_ie: LOWI_ENCRYPTION_TYPE_WPA_PSK
09-24 00:15:24.429 1402 3877 D LOWI-9.0.0.87.a: [LOWI-Scan] is_qcom_ie, bss_age: 0
09-24 00:15:24.429 1402 3877 D LOWI-9.0.0.87.a: [LOWI-Scan] BSS 6c:31:0e:27:99:a0 LOWI_PHY_MODE_11NG_HT20(5), Beacon Interval: 100, LOWI_ENCRYPTION_TYPE_WPA_PSK 11mcRanging: No, ANQP: No, LCI: No, Civic: No, capability(0x1111): ESS Privacy SpectrumMgmt
