01-01 08:00:45.073 0 0 W subsys-pil-tz abb0000.qcom,cvpss: Falling back to syfs fallback for: cvpss.b04
01-01 08:00:45.073 0 0 W subsys-pil-tz abb0000.qcom,cvpss: Falling back to syfs fallback for: cvpss.b05
01-01 08:00:45.073 0 0 W subsys-pil-tz abb0000.qcom,cvpss: Falling back to syfs fallback for: cvpss.b09
01-01 08:00:45.074 0 0 W subsys-pil-tz abb0000.qcom,cvpss: Falling back to syfs fallback for: cvpss.b10
01-01 08:00:45.074 0 0 W subsys-pil-tz abb0000.qcom,cvpss: Falling back to syfs fallback for: cvpss.b19
01-01 08:00:45.234 0 0 I subsys-pil-tz 9800000.qcom,npu: npu: Brought out of reset
01-01 08:00:45.242 0 0 I subsys-pil-tz abb0000.qcom,cvpss: cvpss: Brought out of reset
01-01 08:00:45.258 0 0 E : [drm:dp_display_init_aux_switch][msm-dp-err][77 ]failed to register notifier (-22)
01-01 08:00:45.281 0 0 I NPU_INFO: npu_get_fw_caps: 236 fw caps 0:2007
01-01 08:00:45.281 0 0 W NPU_WARN: host_session_msg_hdlr: 1904 handle npu session msg when FW is disabled
01-01 08:00:45.295 0 0 I NPU_INFO: npu_get_fw_caps: 236 fw caps 1:80000005
01-01 08:00:45.301 0 0 I NPU_INFO: npu_get_fw_caps: 236 fw caps 2:0
01-01 08:00:45.307 0 0 I NPU_INFO: npu_get_fw_caps: 236 fw caps 3:0
01-01 08:00:45.312 0 0 I NPU_INFO: npu_get_fw_caps: 236 fw caps 4:0
01-01 08:00:45.317 0 0 I NPU_INFO: npu_get_fw_caps: 236 fw caps 5:0
01-01 08:00:45.323 0 0 I NPU_INFO: npu_get_fw_caps: 236 fw caps 6:0
01-01 08:00:45.328 0 0 I NPU_INFO: npu_get_fw_caps: 236 fw caps 7:0
01-01 08:00:45.341 0 0 I qcom_smd_qrtr_probe: Entered
01-01 08:00:45.351 0 0 I qcom_smd_qrtr_probe: SMD QRTR driver probed
01-01 08:00:45.366 0 0 I msm_cvp : info: Closed cvp instance: ffffffc966c90080 session_id = 0
01-01 08:00:45.381 0 0 E : [drm:dp_display_init_aux_switch][msm-dp-err][7 ]failed to register notifier (-22)
01-01 08:00:45.334 691 691 D Zygote32Timing: PostZygoteInitGC took to complete: 23ms
01-01 08:00:45.334 691 691 D Zygote32Timing: ZygoteInit took to complete: 34ms
01-01 08:00:45.402 690 690 D Zygote64Timing: BeginPreload took to complete: 94ms
01-01 08:00:46.030 0 0 I init : Service 'exec 20 (/vendor/bin/init.qcom.early_boot.sh)' (pid 793) exited with status 0 waiting took 0.650000 seconds
01-01 08:00:46.042 0 0 I init : Sending signal 9 to service 'exec 20 (/vendor/bin/init.qcom.early_boot.sh)' (pid 793) process group...
01-01 08:00:46.054 0 0 I libprocessgroup: Successfully killed process cgroup uid 0 pid 793 in 0ms
01-01 08:00:46.063 0 0 I init : Command 'exec u:r:vendor_qti_init_shell:s0 -- /vendor/bin/init.qti.can.sh' action=early-boot (/vendor/etc/init/hw/init.qcom.rc:92) took 0ms and failed: Could not start exec service: Cannot find '/vendor/bin/init.qti.can.sh': No such file or directory
01-01 08:00:46.088 0 0 E init : Unable to set property 'ro.sf.lcd_density' from uid:0 gid:0 pid:482: Read-only property was already set
01-01 08:00:46.104 0 0 I init : processing action (early-boot) from (/vendor/etc/init/hw/init.target.rc:76)
01-01 08:00:46.113 0 0 I init : processing action (early-boot) from (/system/etc/init/installd.rc:5)
01-01 08:00:46.148 0 0 I init : processing action (early-boot) from (/vendor/etc/init/init.vendor.sensors.rc:32)
01-01 08:00:46.159 0 0 I subsys-restart: __subsystem_get(): Changing subsys fw_name to slpi
01-01 08:00:46.167 0 0 W subsys-pil-tz 5c00000.qcom,ssc: Falling back to syfs fallback for: slpi.mdt
01-01 08:00:46.172 0 0 I init : processing action (early-boot) from (/vendor/etc/init/ipa_fws.rc:6)
01-01 08:00:46.184 0 0 I init : processing action (early-boot) from (/vendor/etc/init/ssgtzd.rc:11)
01-01 08:00:46.197 0 0 I subsys-pil-tz 5c00000.qcom,ssc: slpi: loading from 0x0000000088c00000 to 0x000000008a100000
01-01 08:00:46.212 0 0 W subsys-pil-tz 5c00000.qcom,ssc: Falling back to syfs fallback for: slpi.b02
01-01 08:00:46.212 0 0 W subsys-pil-tz 5c00000.qcom,ssc: Falling back to syfs fallback for: slpi.b03
01-01 08:00:46.213 0 0 W subsys-pil-tz 5c00000.qcom,ssc: Falling back to syfs fallback for: slpi.b04
01-01 08:00:46.213 0 0 W subsys-pil-tz 5c00000.qcom,ssc: Falling back to syfs fallback for: slpi.b05
01-01 08:00:46.213 0 0 W subsys-pil-tz 5c00000.qcom,ssc: Falling back to syfs fallback for: slpi.b06
01-01 08:00:46.214 0 0 W subsys-pil-tz 5c00000.qcom,ssc: Falling back to syfs fallback for: slpi.b07
01-01 08:00:46.214 0 0 W subsys-pil-tz 5c00000.qcom,ssc: Falling back to syfs fallback for: slpi.b08
01-01 08:00:46.214 0 0 W subsys-pil-tz 5c00000.qcom,ssc: Falling back to syfs fallback for: slpi.b09
01-01 08:00:46.215 0 0 W subsys-pil-tz 5c00000.qcom,ssc: Falling back to syfs fallback for: slpi.b10
01-01 08:00:46.215 0 0 W subsys-pil-tz 5c00000.qcom,ssc: Falling back to syfs fallback for: slpi.b12
01-01 08:00:46.215 0 0 W subsys-pil-tz 5c00000.qcom,ssc: Falling back to syfs fallback for: slpi.b11
01-01 08:00:46.216 0 0 W subsys-pil-tz 5c00000.qcom,ssc: Falling back to syfs fallback for: slpi.b14
01-01 08:00:46.216 0 0 W subsys-pil-tz 5c00000.qcom,ssc: Falling back to syfs fallback for: slpi.b13
01-01 08:00:46.216 0 0 W subsys-pil-tz 5c00000.qcom,ssc: Falling back to syfs fallback for: slpi.b15
01-01 08:00:46.216 0 0 W subsys-pil-tz 5c00000.qcom,ssc: Falling back to syfs fallback for: slpi.b16
01-01 08:00:46.216 0 0 W subsys-pil-tz 5c00000.qcom,ssc: Falling back to syfs fallback for: slpi.b17
01-01 08:00:46.221 0 0 W subsys-pil-tz 5c00000.qcom,ssc: Falling back to syfs fallback for: slpi.b18
01-01 08:00:46.224 0 0 W subsys-pil-tz 5c00000.qcom,ssc: Falling back to syfs fallback for: slpi.b19
01-01 08:00:46.224 0 0 W subsys-pil-tz 5c00000.qcom,ssc: Falling back to syfs fallback for: slpi.b20
01-01 08:00:46.373 0 0 I binder : 837:837 ioctl 40046210 7fdc0bc114 returned -22
01-01 08:00:46.382 0 0 I binder : 841:841 ioctl 40046210 7fc236c944 returned -22
01-01 08:00:46.391 0 0 I binder : 841:841 ioctl 40046210 7fc236c924 returned -22
01-01 08:00:46.538 0 0 I subsys-pil-tz 5c00000.qcom,ssc: slpi: Brought out of reset
01-01 08:00:46.597 0 0 I subsys-pil-tz 5c00000.qcom,ssc: Subsystem error monitoring/handling services are up
01-01 08:00:46.606 0 0 I subsys-pil-tz 5c00000.qcom,ssc: slpi: Power/Clock ready interrupt received
01-01 08:00:46.615 0 0 I qcom_rpmh DRV: apps_rsc TCS Busy, retrying RPMH message send: addr=0x30030
01-01 08:00:46.623 0 0 I qcom_rpmh DRV: apps_rsc TCS Busy, retrying RPMH message send: addr=0x30040
01-01 08:00:46.643 0 0 I adsprpc : fastrpc_restart_notifier_cb: slpi subsystem is up
01-01 08:00:46.646 0 0 I adsprpc : fastrpc_rpmsg_probe: opened rpmsg channel for slpi
01-01 08:00:46.647 0 0 I binder : 950:950 ioctl 40046210 7fe1856aa4 returned -22
01-01 08:00:46.673 0 0 E : [drm:dp_display_init_aux_switch][msm-dp-err][605 ]failed to register notifier (-22)
01-01 08:00:46.697 0 0 I qcom_smd_qrtr_probe: Entered
01-01 08:00:46.697 0 0 E : [drm:dp_display_init_aux_switch][msm-dp-err][605 ]failed to register notifier (-22)
01-01 08:00:46.704 0 0 I qcom_smd_qrtr_probe: SMD QRTR driver probed
01-01 08:00:46.743 0 0 E : [drm:dp_display_init_aux_switch][msm-dp-err][7 ]failed to register notifier (-22)
01-01 08:00:46.825 0 0 I binder : 958:958 ioctl 40046210 7fd36b8cd4 returned -22
01-01 08:00:46.516 964 964 I android.hardware.wifi@1.0-service: Wifi Hal is booting up...
01-01 08:00:46.527 964 964 I HidlServiceManagement: Registered android.hardware.wifi@1.4::IWifi/default (start delay of 359ms)
01-01 08:00:47.219 0 0 W QSEECOM : qseecom_load_app: App (soter64) does'nt exist, loading apps for first time
01-01 08:00:47.252 0 0 W QSEECOM : qseecom_load_app: App with id 4 (soter64) now loaded
01-01 08:00:47.278 0 0 I binder : 1001:1001 ioctl 40046210 7fd5ba5e04 returned -22
01-01 08:00:46.902 1023 1023 I irsc_util: Starting irsc tool
01-01 08:00:46.919 1023 1023 I irsc_util: Num of entries:298
01-01 08:00:46.920 1023 1023 I irsc_util: Ending irsc tool
01-01 08:00:47.587 0 0 W cam-a5 ac00000.qcom,a5: Falling back to syfs fallback for: CAMERA_ICP.elf
01-01 08:00:47.651 0 0 I msm_vidc: high: 00000001: ....d: Opening video instance: ffffffc94f628000, 1
01-01 08:00:47.665 0 0 E diag : In diag_send_feature_mask_update, control channel is not open, p: 5, ffffffad22d8f318
01-01 08:00:47.666 0 0 I msm_vidc_v4l2 aa00000.qcom,vidc: Linked as a consumer to regulator.81
01-01 08:00:47.684 0 0 E diag : In diag_send_peripheral_buffering_mode, buffering flag not set for 3
01-01 08:00:47.689 0 0 I msm_vidc_v4l2 aa00000.qcom,vidc: Linked as a consumer to regulator.80
01-01 08:00:47.696 0 0 E diag : In diag_send_peripheral_buffering_mode, buffering flag not set for 5
01-01 08:00:47.123 690 690 D Zygote64Timing: PreloadClasses took to complete: 1721ms
01-01 08:00:47.718 0 0 W healthd : No battery devices found
01-01 08:00:47.724 0 0 E diag : In diag_send_feature_mask_update, control channel is not open, p: 1, ffffffad22d8e9d8
01-01 08:00:47.729 0 0 E diag : In diag_send_peripheral_buffering_mode, buffering flag not set for 1
01-01 08:00:47.730 0 0 I CAM_INFO: CAM-HFI: cam_hfi_init: 883 Init IO1 : [0x10c00000 0xcf300000] IO2 [0xe0200000 0x1ed00000]
01-01 08:00:47.734 0 0 I coresight-remote-etm soc: turing_etm0: Connection established between QMI handle and 13 service
01-01 08:00:47.737 0 0 I coresight-remote-etm soc: audio_etm0: Connection established between QMI handle and 5 service
01-01 08:00:47.738 0 0 I subsys-restart: __subsystem_get(): Changing subsys fw_name to venus
01-01 08:00:47.740 0 0 I sysmon-qmi: ssctl_new_server: Connection established between QMI handle and adsp's SSCTL service
01-01 08:00:47.744 0 0 I CAM_INFO: CAM-ICP: cam_icp_mgr_hw_open: 3892 FW download done successfully
01-01 08:00:47.744 0 0 I CAM_INFO: CAM-ICP: cam_icp_mgr_process_dbg_buf: 2585 FW_DBG:CICP_FW_E : HFI :QC_IMAGE_VERSION_STRING=CICP.FW.3.0-00012,OEM_IMAGE_VERSION_STRING=CRM,BUILD_TIME: Dec 1 2020 11:05:55,CACHE_ENABLED at icphostinterface.c:636 QC_IMAGE_VERSION_STRING=CICP.FW.3.0-00012 OEM_IMAGE_VERSION_STRING=CRM
01-01 08:00:47.744 0 0 I CAM_INFO: CAM-ICP: cam_icp_mgr_process_dbg_buf: 2585 FW_DBG:CICP_FW_E : HFI :ELF variant: CACHE-ENABLED:T480:API_V2:USE_CDM_1_1: , API version: 0x2000058 at icphostinterface.c:637 QC_IMAGE_VERSION_STRING=CICP.FW.3.0-00012 OEM_IMAGE_VERSION_STRING=CRM
01-01 08:00:47.745 0 0 I sysmon-qmi: ssctl_new_server: Connection established between QMI handle and cdsp's SSCTL service
01-01 08:00:47.746 0 0 D cnss : WLFW server arriving: node 7 port 1
01-01 08:00:47.746 0 0 D cnss : Posting event: SERVER_ARRIVE(0), state: 0x8 flags: 0x0
01-01 08:00:47.746 0 0 D cnss : PM stay awake, state: 0x8, count: 1
01-01 08:00:47.746 0 0 D cnss : PM relax, state: 0x8, count: 0
01-01 08:00:47.747 0 0 D cnss : PM stay awake, state: 0x8, count: 1
01-01 08:00:47.747 0 0 D cnss : Processing driver event: SERVER_ARRIVE(0), state: 0x8
01-01 08:00:47.747 0 0 I cnss : QMI WLFW service connected, state: 0x9
01-01 08:00:47.747 0 0 D cnss : Sending indication register message, state: 0x9
01-01 08:00:47.750 0 0 I sysmon-qmi: ssctl_new_server: Connection established between QMI handle and slpi's SSCTL service
01-01 08:00:47.750 0 0 I coresight-remote-etm soc: ssc_etm0: Connection established between QMI handle and 8 service
01-01 08:00:47.170 0 0 W healthd : battery none chg=
01-01 08:00:47.181 0 0 D cnss : Sending host capability message, state: 0x9
01-01 08:00:47.188 0 0 E diag : In diag_send_feature_mask_update, control channel is not open, p: 6, ffffffad22d8f568
01-01 08:00:47.191 0 0 I sysmon-qmi: ssctl_new_server: Connection established between QMI handle and slpi's SSCTL service
01-01 08:00:47.191 0 0 I coresight-remote-etm soc: npu_etm0: Connection established between QMI handle and 14 service
01-01 08:00:47.194 0 0 I servloc : service_locator_new_server: Connection established with the Service locator
01-01 08:00:47.194 0 0 D cnss : Number of clients is 2
01-01 08:00:47.194 0 0 D cnss : Assign MSI to user: WAKE, num_vectors: 1, user_base_data: 813, base_vector: 13
01-01 08:00:47.194 0 0 D cnss : WAKE MSI base data is 813
01-01 08:00:47.194 0 0 D cnss : Calibration done is 0
01-01 08:00:47.194 0 0 D cnss : Sending iova starting 0xa0000000 with size 0x10010000
01-01 08:00:47.195 0 0 I servloc : init_service_locator: Service locator initialized
01-01 08:00:47.213 0 0 W subsys-pil-tz aab0000.qcom,venus: Falling back to syfs fallback for: venus.mdt
01-01 08:00:47.216 0 0 D cnss : PM relax, state: 0x9, count: 0
01-01 08:00:47.223 0 0 I binder : 1048:1048 ioctl 40046210 7fc3d45f74 returned -22
01-01 08:00:47.226 0 0 E diag : In diag_send_peripheral_buffering_mode, buffering flag not set for 6
01-01 08:00:47.200 690 690 D Zygote64Timing: CacheNonBootClasspathClassLoaders took to complete: 77ms
01-01 08:00:47.237 0 0 I service-notifier: service_notifier_new_server: Connection established between QMI handle and 74 service
01-01 08:00:47.235 690 690 D Zygote64Timing: PreloadResources took to complete: 35ms
01-01 08:00:47.259 0 0 I subsys-pil-tz aab0000.qcom,venus: venus: loading from 0x0000000086e00000 to 0x0000000087300000
01-01 08:00:47.264 0 0 W subsys-pil-tz aab0000.qcom,venus: Falling back to syfs fallback for: venus.b02
01-01 08:00:47.267 0 0 W subsys-pil-tz aab0000.qcom,venus: Falling back to syfs fallback for: venus.b03
01-01 08:00:47.267 0 0 W subsys-pil-tz aab0000.qcom,venus: Falling back to syfs fallback for: venus.b04
01-01 08:00:47.267 0 0 W subsys-pil-tz aab0000.qcom,venus: Falling back to syfs fallback for: venus.b05
01-01 08:00:47.269 0 0 W subsys-pil-tz aab0000.qcom,venus: Falling back to syfs fallback for: venus.b07
01-01 08:00:47.269 0 0 W subsys-pil-tz aab0000.qcom,venus: Falling back to syfs fallback for: venus.b06
01-01 08:00:47.272 0 0 W subsys-pil-tz aab0000.qcom,venus: Falling back to syfs fallback for: venus.b08
01-01 08:00:47.272 0 0 W subsys-pil-tz aab0000.qcom,venus: Falling back to syfs fallback for: venus.b10
01-01 08:00:47.272 0 0 W subsys-pil-tz aab0000.qcom,venus: Falling back to syfs fallback for: venus.b09
01-01 08:00:47.277 0 0 W subsys-pil-tz aab0000.qcom,venus: Falling back to syfs fallback for: venus.b19
01-01 08:00:47.284 0 0 I adsprpc : fastrpc_get_service_location_notify: PDR notifier for adsp registered for msm/adsp/audio_pd (audio_pdr_adsprpc)
01-01 08:00:47.285 0 0 I audio_notifer_reg_service: service PDR_ADSP is in use
01-01 08:00:47.309 0 0 I adsprpc : fastrpc_pdr_notifier_cb: msm/adsp/audio_pd (audio_pdr_adsprpc) is up on adsp
01-01 08:00:47.344 0 0 I adsprpc : fastrpc_get_service_location_notify: audio_pdr_adsprpc (msm/adsp/audio_pd) PDR service for adsp is uninitialized
01-01 08:00:47.356 0 0 I apr_adsp_up: Q6 is Up
01-01 08:00:47.390 0 0 I sps : BAM 0x0000000003a84000 (va:0xffffff801c740000) enabled: ver:0x19, number of pipes:25
01-01 08:00:47.392 0 0 E rmt_storage: ERR:main: Mmap Failed for rmts (-1)...pausing execution!
01-01 08:00:47.394 0 0 I binder : 1049:1049 ioctl 40046210 7ff133fe74 returned -22
01-01 08:00:47.400 0 0 I msm-audio-ion soc: qcom,msm-audio-apr:qcom,msm-audio-ion: Linked as a consumer to 15000000.apps-smmu
01-01 08:00:47.403 0 0 I iommu : Adding device soc:qcom,msm-audio-apr:qcom,msm-audio-ion to group 59
01-01 08:00:47.413 0 0 I sps : BAM 0x0000000003a84000 is registered.
01-01 08:00:47.433 0 0 I subsys-pil-tz aab0000.qcom,venus: venus: Brought out of reset
01-01 08:00:47.450 0 0 E : [drm:dp_display_init_aux_switch][msm-dp-err][54 ]failed to register notifier (-22)
01-01 08:00:47.486 0 0 I msm_vidc: high: 00000001: h264d: Closed video instance: ffffffc94f628000
01-01 08:00:47.487 0 0 I msm_vidc: high: 00000001: ....d: Opening video instance: ffffffc94f628000, 1
01-01 08:00:47.495 0 0 I : Mass Storage Function, version: 2009/09/11
01-01 08:00:47.495 0 0 I LUN : removable file: (no medium)
01-01 08:00:47.501 0 0 I msm_vidc: high: 00000001: h264d: Closed video instance: ffffffc94f628000
01-01 08:00:47.504 0 0 I msm_vidc: high: 00000001: ....d: Opening video instance: ffffffc94f6f4000, 1
01-01 08:00:47.532 0 0 I msm_vidc: high: 00000001: h265d: Closed video instance: ffffffc94f6f4000
01-01 08:00:47.535 0 0 I msm_vidc: high: 00000001: ....d: Opening video instance: ffffffc94f6f4000, 1
01-01 08:00:47.536 0 0 I : file system registered
01-01 08:00:47.542 0 0 I msm_vidc: high: 00000001: h265d: Closed video instance: ffffffc94f6f4000
01-01 08:00:47.544 0 0 I msm_vidc: high: 00000001: ....d: Opening video instance: ffffffc94f738000, 1
01-01 08:00:47.551 0 0 E : [drm:dp_display_init_aux_switch][msm-dp-err][54 ]failed to register notifier (-22)
01-01 08:00:47.559 0 0 I msm_vidc: high: 00000001: vp8d: Closed video instance: ffffffc94f738000
01-01 08:00:47.561 0 0 I msm_vidc: high: 00000001: ....d: Opening video instance: ffffffc94f738000, 1
01-01 08:00:47.572 0 0 E : [drm:dp_display_init_aux_switch][msm-dp-err][54 ]failed to register notifier (-22)
01-01 08:00:47.573 0 0 I msm_vidc: high: 00000001: vp9d: Closed video instance: ffffffc94f738000
01-01 08:00:47.573 0 0 I f_cdev_alloc: port_name:at_usb0 (ffffffc950038080) portno:(0)
01-01 08:00:47.584 0 0 I f_cdev_alloc: port_name:at_usb1 (ffffffc95003da80) portno:(1)
01-01 08:00:47.587 0 0 I msm_vidc: high: 00000001: ....d: Opening video instance: ffffffc94f698000, 1
01-01 08:00:47.592 0 0 W kona-asoc-snd soc: qcom,msm-audio-apr:qcom,q6core-audio:sound: msm_init_aux_dev: Max WSA devices is 0 for this target?
01-01 08:00:47.593 0 0 I f_cdev_alloc: port_name:at_usb2 (ffffffc95003ec80) portno:(2)
01-01 08:00:47.594 0 0 E kona-asoc-snd soc: qcom,msm-audio-apr:qcom,q6core-audio:sound: ASoC: CODEC DAI wsa_macro_vifeedback not registered
01-01 08:00:47.597 0 0 I msm_vidc: high: 00000002: ....d: Opening video instance: ffffffc94d564000, 1
01-01 08:00:47.598 0 0 I msm_vidc: high: 00000001: vp9d: Closed video instance: ffffffc94f698000
01-01 08:00:47.591 690 690 D Zygote64Timing: ZygotePreload took to complete: 2283ms
01-01 08:00:47.614 0 0 W : bolero-clk-rsc-mngr bolero-clk-rsc-mngr: DMA mask not set
01-01 08:00:47.619 0 0 E : [drm:dp_display_init_aux_switch][msm-dp-err][1090]failed to register notifier (-22)
01-01 08:00:47.622 0 0 I msm_vidc: high: 00000002: mpg2d: Closed video instance: ffffffc94d564000
01-01 08:00:47.631 0 0 I msm_vidc: high: 00000001: ....d: Opening video instance: ffffffc94d564000, 1
01-01 08:00:47.638 0 0 I msm_vidc: high: 00000001: mpg2d: Closed video instance: ffffffc94d564000
01-01 08:00:47.640 0 0 E qcom-lpi-pinctrl soc: qcom,msm-audio-apr:qcom,q6core-audio:lpi_pinctrl@33c0000: snd_event_notify: No snd dev entry found
01-01 08:00:47.641 0 0 I msm_vidc: high: 00000001: ....e: Opening video instance: ffffffc94d55c000, 0
01-01 08:00:47.655 0 0 W tx_macro tx-macro: DMA mask not set
01-01 08:00:47.655 0 0 E tx_macro tx-macro: tx_macro_probe: va-macro not registered yet, defer
01-01 08:00:47.663 0 0 I msm_vidc: high: 00000001: h264e: Closed video instance: ffffffc94d55c000
01-01 08:00:47.665 0 0 I msm_vidc: high: 00000001: ....e: Opening video instance: ffffffc94d55c000, 0
01-01 08:00:47.667 0 0 W kona-asoc-snd soc: qcom,msm-audio-apr:qcom,q6core-audio:sound: msm_init_aux_dev: Max WSA devices is 0 for this target?
01-01 08:00:47.671 0 0 W rx_macro rx-macro: DMA mask not set
01-01 08:00:47.671 0 0 E rx_macro rx-macro: rx_macro_probe: va-macro not registered yet, defer
01-01 08:00:47.672 0 0 I msm_vidc: high: 00000001: h265e: Closed video instance: ffffffc94d55c000
01-01 08:00:47.677 690 690 D Zygote64Timing: PostZygoteInitGC took to complete: 86ms
01-01 08:00:47.677 690 690 D Zygote64Timing: ZygoteInit took to complete: 2382ms
01-01 08:00:47.680 0 0 E kona-asoc-snd soc: qcom,msm-audio-apr:qcom,q6core-audio:sound: ASoC: CODEC DAI wsa_macro_vifeedback not registered
01-01 08:00:47.688 0 0 I msm_vidc: high: 00000001: ....e: Opening video instance: ffffffc94d660000, 0
01-01 08:00:47.705 0 0 I msm_vidc: high: 00000001: h265e: Closed video instance: ffffffc94d660000
01-01 08:00:47.714 0 0 I msm_vidc: high: 00000001: ....e: Opening video instance: ffffffc94d6a4000, 0
01-01 08:00:47.717 0 0 E : [drm:dp_display_init_aux_switch][msm-dp-err][1090]failed to register notifier (-22)
01-01 08:00:47.720 0 0 I binder : 1043:1043 ioctl 40046210 7ffafd2604 returned -22
01-01 08:00:47.727 0 0 I binder : 1043:1043 ioctl 40046210 7ffafd2624 returned -22
01-01 08:00:47.729 0 0 W wsa_macro wsa-macro: DMA mask not set
01-01 08:00:47.729 0 0 E wsa_macro wsa-macro: wsa_macro_probe: va-macro not registered yet, defer
01-01 08:00:47.732 0 0 I binder : 1054:1054 ioctl 40046210 7fe2bfbec4 returned -22
01-01 08:00:47.732 0 0 I msm_vidc: high: 00000001: h265e: Closed video instance: ffffffc94d6a4000
01-01 08:00:47.742 0 0 I msm_vidc: high: 00000001: ....e: Opening video instance: ffffffc94d534000, 0
01-01 08:00:47.749 0 0 I msm_vidc: err : 00000001: ....e: msm_vidc_comm_update_ctrl: failed: control name Ltr Count, min 0, max 0, step 0, default_value 0
01-01 08:00:47.755 0 0 W va_macro va-macro: DMA mask not set
01-01 08:00:47.755 0 0 E msm_cdc_pinctrl_get_gpiodata: device node is null
01-01 08:00:47.758 0 0 I msm_vidc: high: 00000001: vp8e: Closed video instance: ffffffc94d534000
01-01 08:00:47.775 0 0 E tx_macro tx-macro: tx_macro_probe: va-macro not registered yet, defer
01-01 08:00:47.775 0 0 I binder : 1054:1054 ioctl 40046210 7fe2bfd8f4 returned -22
01-01 08:00:47.784 0 0 I va_macro va-macro: Linked as a consumer to regulator.7
01-01 08:00:47.784 0 0 I va_macro va-macro: bolero_register_macro: register macro successful:3
01-01 08:00:47.788 0 0 W wcd938x_codec wcd938x-codec: DMA mask not set
01-01 08:00:47.788 0 0 I wcd938x_codec wcd938x-codec: msm_cdc_dt_parse_vreg_info: cdc-vdd-rxtx: vol=[1800000 1800000]uV, curr=[30000]uA, ond 0 lpm 0
01-01 08:00:47.788 0 0 I wcd938x_codec wcd938x-codec: msm_cdc_dt_parse_vreg_info: cdc-vddio: vol=[1800000 1800000]uV, curr=[30000]uA, ond 0 lpm 0
01-01 08:00:47.788 0 0 I wcd938x_codec wcd938x-codec: msm_cdc_dt_parse_vreg_info: cdc-vdd-buck: vol=[1800000 1800000]uV, curr=[650000]uA, ond 0 lpm 0
01-01 08:00:47.788 0 0 I wcd938x_codec wcd938x-codec: msm_cdc_dt_parse_vreg_info: cdc-vdd-mic-bias: vol=[3296000 3296000]uV, curr=[30000]uA, ond 0 lpm 0
01-01 08:00:47.789 0 0 I wcd938x_codec wcd938x-codec: Linked as a consumer to regulator.7
01-01 08:00:47.790 0 0 I wcd938x_codec wcd938x-codec: Linked as a consumer to regulator.48
01-01 08:00:47.794 0 0 I platform soc: qcom,msm-audio-apr:qcom,voice-mhi-audio: assigned reserved memory node mailbox_region
01-01 08:00:47.808 0 0 I rx_macro rx-macro: bolero_register_macro: register macro successful:1
01-01 08:00:47.817 0 0 W kona-asoc-snd soc: qcom,msm-audio-apr:qcom,q6core-audio:sound: msm_init_aux_dev: Max WSA devices is 0 for this target?
01-01 08:00:47.819 0 0 E kona-asoc-snd soc: qcom,msm-audio-apr:qcom,q6core-audio:sound: ASoC: CODEC DAI wsa_macro_vifeedback not registered
01-01 08:00:47.835 0 0 I wsa_macro wsa-macro: bolero_register_macro: register macro successful:2
01-01 08:00:47.838 0 0 E : [drm:dp_display_init_aux_switch][msm-dp-err][1090]failed to register notifier (-22)
01-01 08:00:47.849 0 0 I tx_macro tx-macro: bolero_register_macro: register macro successful:0
01-01 08:00:47.856 0 0 W kona-asoc-snd soc: qcom,msm-audio-apr:qcom,q6core-audio:sound: msm_init_aux_dev: Max WSA devices is 0 for this target?
01-01 08:00:47.914 0 0 W swr-wcd rx_swr_ctrl: DMA mask not set
01-01 08:00:47.927 0 0 W kgsl-3d0: Falling back to syfs fallback for: a650_sqe.fw
01-01 08:00:48.011 0 0 E msm-pcm-routing soc: qcom,msm-pcm-routing: ASoC: no source widget found for AUDIO_REF_EC_UL30 MUX
01-01 08:00:48.022 0 0 E msm-pcm-routing soc: qcom,msm-pcm-routing: ASoC: Failed to add route AUDIO_REF_EC_UL30 MUX -> direct -> MM_UL30
01-01 08:00:48.031 0 0 W kgsl-3d0: Falling back to syfs fallback for: a650_gmu.bin
01-01 08:00:48.039 0 0 E msm-pcm-routing soc: qcom,msm-pcm-routing: ASoC: no source widget found for AUX_PCM_TX
01-01 08:00:48.048 0 0 E msm-pcm-routing soc: qcom,msm-pcm-routing: ASoC: Failed to add route AUX_PCM_TX -> AUX_PCM_UL_TX -> VoLTE Stub Tx Mixer
01-01 08:00:48.063 0 0 E msm-pcm-routing soc: qcom,msm-pcm-routing: ASoC: no source widget found for AUX_PCM_RX
01-01 08:00:48.072 0 0 E msm-pcm-routing soc: qcom,msm-pcm-routing: ASoC: Failed to add route AUX_PCM_RX -> direct -> BE_OUT
01-01 08:00:48.088 0 0 W msm-pcm-routing soc: qcom,msm-pcm-routing: ASoC: no dapm match for MM_DL23 --> MultiMedia23 --> QUIN_TDM_RX_1 Audio Mixer
01-01 08:00:48.088 0 0 E msm-pcm-routing soc: qcom,msm-pcm-routing: ASoC: Failed to add route MM_DL23 -> MultiMedia23 -> QUIN_TDM_RX_1 Audio Mixer
01-01 08:00:48.100 0 0 W msm-pcm-routing soc: qcom,msm-pcm-routing: ASoC: no dapm match for MM_DL24 --> MultiMedia24 --> QUIN_TDM_RX_1 Audio Mixer
01-01 08:00:48.100 0 0 E msm-pcm-routing soc: qcom,msm-pcm-routing: ASoC: Failed to add route MM_DL24 -> MultiMedia24 -> QUIN_TDM_RX_1 Audio Mixer
01-01 08:00:48.113 0 0 W msm-pcm-routing soc: qcom,msm-pcm-routing: ASoC: no dapm match for MM_DL25 --> MultiMedia25 --> QUIN_TDM_RX_1 Audio Mixer
01-01 08:00:48.113 0 0 E msm-pcm-routing soc: qcom,msm-pcm-routing: ASoC: Failed to add route MM_DL25 -> MultiMedia25 -> QUIN_TDM_RX_1 Audio Mixer
01-01 08:00:48.157 0 0 E msm-pcm-routing soc: qcom,msm-pcm-routing: ASoC: no source widget found for AUX_PCM_TX
01-01 08:00:48.167 0 0 E msm-pcm-routing soc: qcom,msm-pcm-routing: ASoC: Failed to add route AUX_PCM_TX -> AUX_PCM_UL_TX -> SLIMBUS_0_RX Port Mixer
01-01 08:00:48.179 0 0 E msm-pcm-routing soc: qcom,msm-pcm-routing: ASoC: no source widget found for SEC_AUX_PCM_TX
01-01 08:00:48.189 0 0 E msm-pcm-routing soc: qcom,msm-pcm-routing: ASoC: Failed to add route SEC_AUX_PCM_TX -> SEC_AUX_PCM_UL_TX -> SLIMBUS_0_RX Port Mixer
01-01 08:00:48.202 0 0 E msm-pcm-routing soc: qcom,msm-pcm-routing: ASoC: no source widget found for TERT_AUX_PCM_TX
01-01 08:00:48.212 0 0 E msm-pcm-routing soc: qcom,msm-pcm-routing: ASoC: Failed to add route TERT_AUX_PCM_TX -> TERT_AUXPCM_UL_TX -> SLIMBUS_0_RX Port Mixer
01-01 08:00:48.221 0 0 I binder : 1129:1129 ioctl 40046210 7fea9049e4 returned -22
01-01 08:00:48.226 0 0 E msm-pcm-routing soc: qcom,msm-pcm-routing: ASoC: no source widget found for QUAT_AUX_PCM_TX
01-01 08:00:48.235 0 0 E msm-pcm-routing soc: qcom,msm-pcm-routing: ASoC: Failed to add route QUAT_AUX_PCM_TX -> QUAT_AUXPCM_UL_TX -> SLIMBUS_0_RX Port Mixer
01-01 08:00:48.249 0 0 E msm-pcm-routing soc: qcom,msm-pcm-routing: ASoC: no source widget found for QUIN_AUX_PCM_TX
01-01 08:00:48.258 0 0 E msm-pcm-routing soc: qcom,msm-pcm-routing: ASoC: Failed to add route QUIN_AUX_PCM_TX -> QUIN_AUXPCM_UL_TX -> SLIMBUS_0_RX Port Mixer
01-01 08:00:48.272 0 0 E msm-pcm-routing soc: qcom,msm-pcm-routing: ASoC: no source widget found for SEN_AUX_PCM_TX
01-01 08:00:48.281 0 0 E msm-pcm-routing soc: qcom,msm-pcm-routing: ASoC: Failed to add route SEN_AUX_PCM_TX -> SEN_AUXPCM_UL_TX -> SLIMBUS_0_RX Port Mixer
01-01 08:00:48.303 1129 1129 I SystemServerTiming: InitBeforeStartServices
01-01 08:00:48.307 1129 1129 I SystemServer: Entered the Android system server!
01-01 08:00:48.491 0 0 I binder : 1151:1151 ioctl 40046210 7fcb2019a4 returned -22
01-01 08:00:48.641 1129 1129 I SystemServerInitThreadPool: Creating instance with 8 threads
01-01 08:00:48.740 0 0 E msm-dai-fe soc: qcom,msm-dai-fe: ASoC: no sink widget found for AUXPCM_DL_HL
01-01 08:00:48.749 0 0 E msm-dai-fe soc: qcom,msm-dai-fe: ASoC: Failed to add route AUXPCM_HOSTLESS Playback -> direct -> AUXPCM_DL_HL
01-01 08:00:48.760 0 0 E msm-dai-fe soc: qcom,msm-dai-fe: ASoC: no source widget found for AUXPCM_UL_HL
01-01 08:00:48.768 0 0 E msm-dai-fe soc: qcom,msm-dai-fe: ASoC: Failed to add route AUXPCM_UL_HL -> direct -> AUXPCM_HOSTLESS Capture
01-01 08:00:48.786 0 0 E msm-auxpcm-dev soc: qcom,msm-pri-auxpcm: ASoC: no source widget found for AUX_PCM_RX
01-01 08:00:48.795 0 0 E msm-auxpcm-dev soc: qcom,msm-pri-auxpcm: ASoC: Failed to add route AUX_PCM_RX -> direct -> AUX PCM Playback
01-01 08:00:48.806 0 0 E msm-auxpcm-dev soc: qcom,msm-pri-auxpcm: ASoC: no sink widget found for AUX_PCM_TX
01-01 08:00:48.815 0 0 E msm-auxpcm-dev soc: qcom,msm-pri-auxpcm: ASoC: Failed to add route AUX PCM Capture -> direct -> AUX_PCM_TX
01-01 08:00:48.826 0 0 E msm-auxpcm-dev soc: qcom,msm-sec-auxpcm: ASoC: no source widget found for SEC_AUX_PCM_RX
01-01 08:00:48.836 0 0 E msm-auxpcm-dev soc: qcom,msm-sec-auxpcm: ASoC: Failed to add route SEC_AUX_PCM_RX -> direct -> Sec AUX PCM Playback
01-01 08:00:48.848 0 0 E msm-auxpcm-dev soc: qcom,msm-sec-auxpcm: ASoC: no sink widget found for SEC_AUX_PCM_TX
01-01 08:00:48.857 0 0 E msm-auxpcm-dev soc: qcom,msm-sec-auxpcm: ASoC: Failed to add route Sec AUX PCM Capture -> direct -> SEC_AUX_PCM_TX
01-01 08:00:48.869 0 0 E msm-auxpcm-dev soc: qcom,msm-tert-auxpcm: ASoC: no source widget found for TERT_AUX_PCM_RX
01-01 08:00:48.878 0 0 E msm-auxpcm-dev soc: qcom,msm-tert-auxpcm: ASoC: Failed to add route TERT_AUX_PCM_RX -> direct -> Tert AUX PCM Playback
01-01 08:00:48.890 0 0 E msm-auxpcm-dev soc: qcom,msm-tert-auxpcm: ASoC: no sink widget found for TERT_AUX_PCM_TX
01-01 08:00:48.900 0 0 E msm-auxpcm-dev soc: qcom,msm-tert-auxpcm: ASoC: Failed to add route Tert AUX PCM Capture -> direct -> TERT_AUX_PCM_TX
01-01 08:00:48.912 0 0 E msm-auxpcm-dev soc: qcom,msm-quat-auxpcm: ASoC: no source widget found for QUAT_AUX_PCM_RX
01-01 08:00:48.921 0 0 E msm-auxpcm-dev soc: qcom,msm-quat-auxpcm: ASoC: Failed to add route QUAT_AUX_PCM_RX -> direct -> Quat AUX PCM Playback
01-01 08:00:48.934 0 0 E msm-auxpcm-dev soc: qcom,msm-quat-auxpcm: ASoC: no sink widget found for QUAT_AUX_PCM_TX
01-01 08:00:48.943 0 0 E msm-auxpcm-dev soc: qcom,msm-quat-auxpcm: ASoC: Failed to add route Quat AUX PCM Capture -> direct -> QUAT_AUX_PCM_TX
01-01 08:00:48.943 0 0 E msm-auxpcm-dev soc: qcom,msm-quin-auxpcm: ASoC: no source widget found for QUIN_AUX_PCM_RX
01-01 08:00:48.943 0 0 E msm-auxpcm-dev soc: qcom,msm-quin-auxpcm: ASoC: Failed to add route QUIN_AUX_PCM_RX -> direct -> Quin AUX PCM Playback
01-01 08:00:48.943 0 0 E msm-auxpcm-dev soc: qcom,msm-quin-auxpcm: ASoC: no sink widget found for QUIN_AUX_PCM_TX
01-01 08:00:48.943 0 0 E msm-auxpcm-dev soc: qcom,msm-quin-auxpcm: ASoC: Failed to add route Quin AUX PCM Capture -> direct -> QUIN_AUX_PCM_TX
01-01 08:00:48.943 0 0 E msm-auxpcm-dev soc: qcom,msm-sen-auxpcm: ASoC: no source widget found for SEN_AUX_PCM_RX
01-01 08:00:48.943 0 0 E msm-auxpcm-dev soc: qcom,msm-sen-auxpcm: ASoC: Failed to add route SEN_AUX_PCM_RX -> direct -> Sen AUX PCM Playback
01-01 08:00:48.943 0 0 E msm-auxpcm-dev soc: qcom,msm-sen-auxpcm: ASoC: no sink widget found for SEN_AUX_PCM_TX
01-01 08:00:48.977 0 0 E msm-auxpcm-dev soc: qcom,msm-sen-auxpcm: ASoC: Failed to add route Sen AUX PCM Capture -> direct -> SEN_AUX_PCM_TX
01-01 08:00:48.977 0 0 W msm-dai-q6-hdmi soc: qcom,msm-dai-q6-dp: DAI driver id is not set
01-01 08:00:48.985 0 0 I qcom,camera ac50000.qcom,cci: qcom,cam-sensor2: Linked as a consumer to regulator.57
01-01 08:00:48.986 0 0 I qcom,camera ac50000.qcom,cci: qcom,cam-sensor2: Linked as a consumer to regulator.56
01-01 08:00:48.987 0 0 I qcom,camera ac50000.qcom,cci: qcom,cam-sensor2: Linked as a consumer to regulator.54
01-01 08:00:49.049 0 0 I qcom,camera ac50000.qcom,cci: qcom,cam-sensor2: Linked as a consumer to regulator.77
01-01 08:00:49.070 0 0 I CAM_ERR : CAM-CCI: cam_cci_irq: 238 Base:ffffff801a05d000, M0_Q1 NACK ERROR: 0x10000000
01-01 08:00:49.071 0 0 I CAM_ERR : CAM-CCI: cam_cci_read: 1306 ERROR with Slave 0x20:
01-01 08:00:49.071 0 0 I CAM_ERR : CAM-CCI: cam_cci_read_bytes: 1561 failed to read rc:-22
01-01 08:00:49.071 0 0 I CAM_ERR : CAM-SENSOR: cam_cci_i2c_read: 35 rc = -22
01-01 08:00:49.071 0 0 I CAM_WARN: CAM-SENSOR: cam_sensor_match_id: 769 read id: 0x0 expected id 0x885a:
01-01 08:00:49.071 0 0 I qcom,camera ac50000.qcom,cci: qcom,cam-sensor2: Dropping the link to regulator.77
01-01 08:00:49.078 0 0 I qcom,camera ac50000.qcom,cci: qcom,cam-sensor2: Dropping the link to regulator.54
01-01 08:00:49.078 0 0 I qcom,camera ac50000.qcom,cci: qcom,cam-sensor2: Dropping the link to regulator.56
01-01 08:00:49.078 0 0 I qcom,camera ac50000.qcom,cci: qcom,cam-sensor2: Dropping the link to regulator.57
01-01 08:00:49.091 0 0 E msm-dcc 1023000.dcc_v2: DCC is not ready Disabling DCC...
01-01 08:00:49.108 0 0 I qcom,camera ac4f000.qcom,cci: qcom,cam-sensor4: Linked as a consumer to regulator.55
01-01 08:00:49.113 0 0 I qcom,camera ac4f000.qcom,cci: qcom,cam-sensor4: Linked as a consumer to regulator.57
01-01 08:00:49.113 0 0 I qcom,camera ac4f000.qcom,cci: qcom,cam-sensor4: Linked as a consumer to regulator.77
01-01 08:00:49.113 0 0 I CAM_ERR : CAM-UTIL: cam_soc_util_regulator_enable: 1459 cam_clk set voltage failed
01-01 08:00:49.113 0 0 I CAM_ERR : CAM-SENSOR: cam_sensor_core_power_up: 1928 Reg enable failed
01-01 08:00:49.113 0 0 I CAM_ERR : CAM-SENSOR: cam_sensor_core_power_up: 2062 failed
01-01 08:00:49.113 0 0 I qcom,camera ac4f000.qcom,cci: qcom,cam-sensor4: Dropping the link to regulator.57
01-01 08:00:49.113 0 0 I CAM_ERR : CAM-SENSOR: cam_sensor_core_power_up: 2131 seq_val:100 > num_vreg: 4
01-01 08:00:49.116 0 0 I qcom,camera ac4f000.qcom,cci: qcom,cam-sensor4: Dropping the link to regulator.55
01-01 08:00:49.123 0 0 I CAM_ERR : CAM-CCI: cam_cci_irq: 238 Base:ffffff801a055000, M0_Q1 NACK ERROR: 0x10000000
01-01 08:00:49.123 0 0 I CAM_ERR : CAM-CCI: cam_cci_read: 1306 ERROR with Slave 0xc0:
01-01 08:00:49.123 0 0 I CAM_ERR : CAM-CCI: cam_cci_read_bytes: 1561 failed to read rc:-22
01-01 08:00:49.123 0 0 I CAM_ERR : CAM-SENSOR: cam_cci_i2c_read: 35 rc = -22
01-01 08:00:49.123 0 0 I CAM_WARN: CAM-SENSOR: cam_sensor_match_id: 769 read id: 0x0 expected id 0x9281:
01-01 08:00:49.123 0 0 W : ------------[ cut here ]------------
01-01 08:00:49.123 0 0 I : cam_cc_mclk0_clk already disabled
01-01 08:00:49.123 0 0 W : WARNING: CPU: 7 PID: 849 at drivers/clk/clk.c:1144 clk_core_disable+0x230/0x270
01-01 08:00:49.123 0 0 I : Modules linked in: tsnv(O) machine_dlkm(O) wcd938x_slave_dlkm(O) wcd938x_dlkm(O) wcd9xxx_dlkm(O) mbhc_dlkm(O) tx_macro_dlkm(O) rx_macro_dlkm(O) va_macro_dlkm(O) wsa_macro_dlkm(O) swr_ctrl_dlkm(O) bolero_cdc_dlkm(O) wsa881x_dlkm(O) wcd_core_dlkm(O) stub_dlkm(O) hdmi_dlkm(O) swr_dlkm(O) pinctrl_lpi_dlkm(O) pinctrl_wcd_dlkm(O) usf_dlkm(O) native_dlkm(O) platform_dlkm(O) q6_dlkm(O) adsp_loader_dlkm(O) apr_dlkm(O) snd_event_dlkm(O) q6_notifier_dlkm(O) q6_pdr_dlkm(O) msm_11ad_proxy
01-01 08:00:49.123 0 0 I : CPU: 7 PID: 849 Comm: android.hardwar Tainted: G S O 4.19.157+ #1
01-01 08:00:49.123 0 0 I Hardware name: Qualcomm Technologies, Inc. kona MTP-RmPM8150b. VX1(MCE) EVT1 (DT)
01-01 08:00:49.123 0 0 I pstate : 60400085 (nZCv daIf +PAN -UAO)
01-01 08:00:49.123 0 0 I pc : clk_core_disable+0x230/0x270
01-01 08:00:49.123 0 0 I lr : clk_core_disable+0x230/0x270
01-01 08:00:49.123 0 0 I sp : ffffff80146d3970
01-01 08:00:49.123 0 0 I : x29: ffffff80146d3970 x28: ffffffc943b11e80
01-01 08:00:49.123 0 0 I : x27: 0000000000000000 x26: 0000000000000068
01-01 08:00:49.123 0 0 I : x25: ffffffad1f532c88 x24: ffffffad20b54606
01-01 08:00:49.123 0 0 I : x23: ffffffad20b5458e x22: ffffffc984880a80
01-01 08:00:49.123 0 0 I : x21: 0000000000000000 x20: ffffffc98c5cd480
01-01 08:00:49.123 0 0 I : x19: ffffffc98c5cd480 x18: 0000000000000034
01-01 08:00:49.123 0 0 I : x17: ffffffad224f5000 x16: 00000000fffc2958
01-01 08:00:49.123 0 0 I : x15: 00000000000c2958 x14: 00000000000000c2
01-01 08:00:49.123 0 0 I : x13: 0000000000000000 x12: 00000000000000e0
01-01 08:00:49.123 0 0 I : x11: 0000000000000000 x10: 0000000000000000
01-01 08:00:49.123 0 0 I : x9 : 10e28163c9bba800 x8 : 10e28163c9bba800
01-01 08:00:49.123 0 0 I : x7 : ffffffad1e982700 x6 : 0000000000000000
01-01 08:00:49.123 0 0 I : x5 : 0000000000000080 x4 : 0000000000000001
01-01 08:00:49.123 0 0 I : x3 : 0000000000000000 x2 : 0000000000000003
01-01 08:00:49.123 0 0 I : x1 : 0000000000000003 x0 : 0000000000000021
01-01 08:00:49.123 0 0 I Call trace:
01-01 08:00:49.123 0 0 I : clk_core_disable+0x230/0x270
01-01 08:00:49.123 0 0 I : clk_disable+0x34/0x98
01-01 08:00:49.123 0 0 I : cam_soc_util_clk_disable+0x4c/0x68
01-01 08:00:49.123 0 0 I : cam_sensor_util_power_down+0x258/0x4b8
01-01 08:00:49.123 0 0 I : cam_sensor_power_down+0x34/0x130
01-01 08:00:49.123 0 0 I : cam_sensor_driver_cmd+0x35c/0x12e0
01-01 08:00:49.123 0 0 I : cam_sensor_subdev_ioctl+0x3c/0x80
01-01 08:00:49.123 0 0 I : subdev_do_ioctl_lock+0x764/0xbc8
01-01 08:00:49.123 0 0 I : video_usercopy+0x38c/0x850
01-01 08:00:49.123 0 0 I : subdev_ioctl+0x38/0x48
01-01 08:00:49.123 0 0 I : v4l2_ioctl+0x6c/0x80
01-01 08:00:49.123 0 0 I : do_vfs_ioctl+0x748/0x1210
01-01 08:00:49.123 0 0 I : __arm64_sys_ioctl+0x78/0xa0
01-01 08:00:49.123 0 0 I : el0_svc_common+0xa4/0x190
01-01 08:00:49.123 0 0 I : el0_svc_handler+0x6c/0x88
01-01 08:00:49.123 0 0 I : el0_svc+0x8/0xc
01-01 08:00:49.123 0 0 I : irq event stamp: 288922
01-01 08:00:49.123 0 0 I : hardirqs last enabled at (288921): [] console_unlock+0x4bc/0x568
01-01 08:00:49.123 0 0 I : hardirqs last disabled at (288922): [] clk_enable_lock+0x20/0xc8
01-01 08:00:49.123 0 0 I : softirqs last enabled at (288028): [] __do_softirq+0x50c/0x554
01-01 08:00:49.123 0 0 I : softirqs last disabled at (287995): [] irq_exit+0xfc/0x120
01-01 08:00:49.123 0 0 W : ---[ end trace 3d8c5eba44710774 ]---
01-01 08:00:49.123 0 0 W : ------------[ cut here ]------------
01-01 08:00:49.123 0 0 I : cam_cc_mclk0_clk already unprepared
01-01 08:00:49.123 0 0 W : WARNING: CPU: 7 PID: 849 at drivers/clk/clk.c:981 clk_core_unprepare+0x384/0x400
01-01 08:00:49.123 0 0 I : Modules linked in: tsnv(O) machine_dlkm(O) wcd938x_slave_dlkm(O) wcd938x_dlkm(O) wcd9xxx_dlkm(O) mbhc_dlkm(O) tx_macro_dlkm(O) rx_macro_dlkm(O) va_macro_dlkm(O) wsa_macro_dlkm(O) swr_ctrl_dlkm(O) bolero_cdc_dlkm(O) wsa881x_dlkm(O) wcd_core_dlkm(O) stub_dlkm(O) hdmi_dlkm(O) swr_dlkm(O) pinctrl_lpi_dlkm(O) pinctrl_wcd_dlkm(O) usf_dlkm(O) native_dlkm(O) platform_dlkm(O) q6_dlkm(O) adsp_loader_dlkm(O) apr_dlkm(O) snd_event_dlkm(O) q6_notifier_dlkm(O) q6_pdr_dlkm(O) msm_11ad_proxy
01-01 08:00:49.123 0 0 I : CPU: 7 PID: 849 Comm: android.hardwar Tainted: G S W O 4.19.157+ #1
01-01 08:00:49.123 0 0 I Hardware name: Qualcomm Technologies, Inc. kona MTP-RmPM8150b. VX1(MCE) EVT1 (DT)
01-01 08:00:49.123 0 0 I pstate : 60400005 (nZCv daif +PAN -UAO)
01-01 08:00:49.123 0 0 I pc : clk_core_unprepare+0x384/0x400
01-01 08:00:49.123 0 0 I lr : clk_core_unprepare+0x384/0x400
01-01 08:00:49.123 0 0 I sp : ffffff80146d3960
01-01 08:00:49.123 0 0 I : x29: ffffff80146d3960 x28: ffffffc943b11e80
01-01 08:00:49.123 0 0 I : x27: 0000000000000000 x26: 0000000000000068
01-01 08:00:49.123 0 0 I : x25: ffffffad1f532c88 x24: ffffffad20b54606
01-01 08:00:49.123 0 0 I : x23: ffffffad20b5458e x22: ffffffc984880a80
01-01 08:00:49.123 0 0 I : x21: ffffffad22d79000 x20: ffffffad22d79000
01-01 08:00:49.123 0 0 I : x19: ffffffc98c5cd480 x18: 0000000000000034
01-01 08:00:49.123 0 0 I : x17: ffffffad224f5000 x16: 00000000fffc1cb0
01-01 08:00:49.123 0 0 I : x15: 00000000000c1cb0 x14: 00000000000000c2
01-01 08:00:49.123 0 0 I : x13: 0000000000000004 x12: 000000002f2727bf
01-01 08:00:49.123 0 0 I : x11: 0000000000000015 x10: 000000000682aaab
01-01 08:00:49.123 0 0 I : x9 : 10e28163c9bba800 x8 : 10e28163c9bba800
01-01 08:00:49.123 0 0 I : x7 : ffffffad1e982700 x6 : 0000000000000000
01-01 08:00:49.123 0 0 I : x5 : 0000000000000080 x4 : 0000000000000001
01-01 08:00:49.123 0 0 I : x3 : ffffff80146d3588 x2 : ffffffad1e897b48
01-01 08:00:49.123 0 0 I : x1 : ffffffad1e982874 x0 : 0000000000000023
01-01 08:00:49.123 0 0 I Call trace:
01-01 08:00:49.123 0 0 I : clk_core_unprepare+0x384/0x400
01-01 08:00:49.123 0 0 I : clk_unprepare+0x88/0x108
01-01 08:00:49.123 0 0 I : cam_soc_util_clk_disable+0x54/0x68
01-01 08:00:49.123 0 0 I : cam_sensor_util_power_down+0x258/0x4b8
01-01 08:00:49.123 0 0 I : cam_sensor_power_down+0x34/0x130
01-01 08:00:49.123 0 0 I : cam_sensor_driver_cmd+0x35c/0x12e0
01-01 08:00:49.123 0 0 I : cam_sensor_subdev_ioctl+0x3c/0x80
01-01 08:00:49.123 0 0 I : subdev_do_ioctl_lock+0x764/0xbc8
01-01 08:00:49.123 0 0 I : video_usercopy+0x38c/0x850
01-01 08:00:49.123 0 0 I : subdev_ioctl+0x38/0x48
01-01 08:00:49.123 0 0 I : v4l2_ioctl+0x6c/0x80
01-01 08:00:49.123 0 0 I : do_vfs_ioctl+0x748/0x1210
01-01 08:00:49.123 0 0 I : __arm64_sys_ioctl+0x78/0xa0
01-01 08:00:49.123 0 0 I : el0_svc_common+0xa4/0x190
01-01 08:00:49.123 0 0 I : el0_svc_handler+0x6c/0x88
01-01 08:00:49.123 0 0 I : el0_svc+0x8/0xc
01-01 08:00:49.123 0 0 I : irq event stamp: 288936
01-01 08:00:49.123 0 0 I : hardirqs last enabled at (288935): [] console_unlock+0x4bc/0x568
01-01 08:00:49.123 0 0 I : hardirqs last disabled at (288936): [] do_debug_exception+0x84/0x150
01-01 08:00:49.123 0 0 I : softirqs last enabled at (288028): [] __do_softirq+0x50c/0x554
01-01 08:00:49.123 0 0 I : softirqs last disabled at (287995): [] irq_exit+0xfc/0x120
01-01 08:00:49.123 0 0 W : ---[ end trace 3d8c5eba44710775 ]---
01-01 08:00:49.123 0 0 I qcom,camera ac4f000.qcom,cci: qcom,cam-sensor4: Dropping the link to regulator.77
01-01 08:00:49.128 0 0 I CAM_ERR : CAM-UTIL: cam_soc_util_regulator_disable: 1415 Invalid NULL parameter
01-01 08:00:49.128 0 0 I CAM_ERR : CAM-SENSOR: cam_sensor_util_power_down: 2290 Reg: cam_vio disable failed
01-01 08:00:49.128 0 0 I CAM_ERR : CAM-UTIL: cam_soc_util_regulator_disable: 1415 Invalid NULL parameter
01-01 08:00:49.128 0 0 I CAM_ERR : CAM-SENSOR: cam_sensor_util_power_down: 2290 Reg: cam_vana disable failed
01-01 08:00:49.129 0 0 W : ------------[ cut here ]------------
01-01 08:00:49.129 0 0 I : unbalanced disables for titan_top_gdsc
01-01 08:00:49.129 0 0 W : WARNING: CPU: 7 PID: 849 at drivers/regulator/core.c:2401 _regulator_disable+0x1a0/0x1b0
01-01 08:00:49.130 0 0 I : Modules linked in: tsnv(O) machine_dlkm(O) wcd938x_slave_dlkm(O) wcd938x_dlkm(O) wcd9xxx_dlkm(O) mbhc_dlkm(O) tx_macro_dlkm(O) rx_macro_dlkm(O) va_macro_dlkm(O) wsa_macro_dlkm(O) swr_ctrl_dlkm(O) bolero_cdc_dlkm(O) wsa881x_dlkm(O) wcd_core_dlkm(O) stub_dlkm(O) hdmi_dlkm(O) swr_dlkm(O) pinctrl_lpi_dlkm(O) pinctrl_wcd_dlkm(O) usf_dlkm(O) native_dlkm(O) platform_dlkm(O) q6_dlkm(O) adsp_loader_dlkm(O) apr_dlkm(O) snd_event_dlkm(O) q6_notifier_dlkm(O) q6_pdr_dlkm(O) msm_11ad_proxy
01-01 08:00:49.130 0 0 I : CPU: 7 PID: 849 Comm: android.hardwar Tainted: G S W O 4.19.157+ #1
01-01 08:00:49.130 0 0 I Hardware name: Qualcomm Technologies, Inc. kona MTP-RmPM8150b. VX1(MCE) EVT1 (DT)
01-01 08:00:49.130 0 0 I pstate : 60400005 (nZCv daif +PAN -UAO)
01-01 08:00:49.130 0 0 I pc : _regulator_disable+0x1a0/0x1b0
01-01 08:00:49.130 0 0 I lr : _regulator_disable+0x19c/0x1b0
01-01 08:00:49.130 0 0 I sp : ffffff80146d33d0
01-01 08:00:49.130 0 0 I : x29: ffffff80146d33d0 x28: 0000000000000000
01-01 08:00:49.130 0 0 I : x27: 0000007fc5106870 x26: ffffffc984da8000
01-01 08:00:49.130 0 0 I : x25: ffffffad1f532c88 x24: ffffffc951b97c00
01-01 08:00:49.130 0 0 I : x23: ffffffc984daad18 x22: ffffffc984d037f0
01-01 08:00:49.130 0 0 I : x21: ffffffc98c5193a8 x20: 00000000fffffffb
01-01 08:00:49.130 0 0 I : x19: ffffffc98c519280 x18: 0000000000000038
01-01 08:00:49.130 0 0 I : x17: ffffffad224f5000 x16: 00000000fffc0dd0
01-01 08:00:49.130 0 0 I : x15: 00000000000c0dd0 x14: 00000000000000c2
01-01 08:00:49.130 0 0 I : x13: 0000000000000004 x12: 000000002f2905ec
01-01 08:00:49.130 0 0 I : x11: 0000000000000015 x10: 000000000682aaab
01-01 08:00:49.130 0 0 I : x9 : 10e28163c9bba800 x8 : 10e28163c9bba800
01-01 08:00:49.130 0 0 I : x7 : ffffffad1e982700 x6 : 0000000000000000
01-01 08:00:49.130 0 0 I : x5 : 0000000000000080 x4 : 0000000000000001
01-01 08:00:49.130 0 0 I : x3 : ffffff80146d2ff8 x2 : ffffffad1e897b48
01-01 08:00:49.130 0 0 I : x1 : ffffffad1e982874 x0 : 0000000000000026
01-01 08:00:49.130 0 0 I Call trace:
01-01 08:00:49.130 0 0 I : _regulator_disable+0x1a0/0x1b0
01-01 08:00:49.130 0 0 I : regulator_disable+0x3c/0x88
01-01 08:00:49.130 0 0 I : cam_soc_util_disable_platform_resource+0xb0/0x100
01-01 08:00:49.130 0 0 I : cam_cpas_soc_disable_resources+0x30/0x78
01-01 08:00:49.130 0 0 I : cam_cpas_hw_stop+0x2a0/0x4e0
01-01 08:00:49.130 0 0 I : cam_cpas_stop+0x58/0x110
01-01 08:00:49.130 0 0 I : cam_cci_soc_release+0x110/0x1a0
01-01 08:00:49.130 0 0 I : cam_cci_core_cfg+0x14c/0x15e8
01-01 08:00:49.130 0 0 I : cam_cci_subdev_ioctl+0x50/0xc0
01-01 08:00:49.130 0 0 I : cam_sensor_cci_i2c_util+0x60/0xd0
01-01 08:00:49.130 0 0 I : camera_io_release+0x38/0x88
01-01 08:00:49.130 0 0 I : cam_sensor_power_down+0x64/0x130
01-01 08:00:49.130 0 0 I : cam_sensor_driver_cmd+0x35c/0x12e0
01-01 08:00:49.130 0 0 I : cam_sensor_subdev_ioctl+0x3c/0x80
01-01 08:00:49.130 0 0 I : subdev_do_ioctl_lock+0x764/0xbc8
01-01 08:00:49.130 0 0 I : video_usercopy+0x38c/0x850
01-01 08:00:49.130 0 0 I : subdev_ioctl+0x38/0x48
01-01 08:00:49.130 0 0 I : v4l2_ioctl+0x6c/0x80
01-01 08:00:49.130 0 0 I : do_vfs_ioctl+0x748/0x1210
01-01 08:00:49.130 0 0 I : __arm64_sys_ioctl+0x78/0xa0
01-01 08:00:49.130 0 0 I : el0_svc_common+0xa4/0x190
01-01 08:00:49.130 0 0 I : el0_svc_handler+0x6c/0x88
01-01 08:00:49.130 0 0 I : el0_svc+0x8/0xc
01-01 08:00:49.130 0 0 I : irq event stamp: 289256
01-01 08:00:49.130 0 0 I : hardirqs last enabled at (289255): [] console_unlock+0x4bc/0x568
01-01 08:00:49.130 0 0 I : hardirqs last disabled at (289256): [] do_debug_exception+0x84/0x150
01-01 08:00:49.130 0 0 I : softirqs last enabled at (289236): [] __do_softirq+0x50c/0x554
01-01 08:00:49.130 0 0 I : softirqs last disabled at (289213): [] irq_exit+0xfc/0x120
01-01 08:00:49.130 0 0 W : ---[ end trace 3d8c5eba44710776 ]---
01-01 08:00:49.158 0 0 I qcom,camera ac50000.qcom,cci: qcom,cam-sensor3: Linked as a consumer to regulator.86
01-01 08:00:49.158 0 0 E bolero-codec soc: qcom,msm-audio-apr:qcom,q6core-audio:bolero-cdc: ASoC: unknown pin WSA AIF VI
01-01 08:00:49.164 0 0 I qcom,camera ac50000.qcom,cci: qcom,cam-sensor3: Linked as a consumer to regulator.57
01-01 08:00:49.166 0 0 I qcom,camera ac50000.qcom,cci: qcom,cam-sensor3: Linked as a consumer to regulator.77
01-01 08:00:49.180 0 0 E kona-asoc-snd soc: qcom,msm-audio-apr:qcom,q6core-audio:sound: ASoC: no source widget found for MIC BIAS1
01-01 08:00:49.191 0 0 E kona-asoc-snd soc: qcom,msm-audio-apr:qcom,q6core-audio:sound: ASoC: Failed to add route MIC BIAS1 -> direct -> AMIC1
01-01 08:00:49.193 0 0 I CAM_ERR : CAM-CCI: cam_cci_irq: 264 Base:ffffff801a05d000, M1_Q1 NACK ERROR: 0x40000000
01-01 08:00:49.203 0 0 E kona-asoc-snd soc: qcom,msm-audio-apr:qcom,q6core-audio:sound: ASoC: no sink widget found for MIC BIAS1
01-01 08:00:49.203 0 0 I CAM_ERR : CAM-CCI: cam_cci_read: 1306 ERROR with Slave 0xc0:
01-01 08:00:49.214 0 0 E kona-asoc-snd soc: qcom,msm-audio-apr:qcom,q6core-audio:sound: ASoC: Failed to add route Analog Mic1 -> direct -> MIC BIAS1
01-01 08:00:49.214 0 0 E kona-asoc-snd soc: qcom,msm-audio-apr:qcom,q6core-audio:sound: ASoC: no source widget found for MIC BIAS2
01-01 08:00:49.228 0 0 I CAM_ERR : CAM-CCI: cam_cci_read_bytes: 1561 failed to read rc:-22
01-01 08:00:49.237 0 0 E kona-asoc-snd soc: qcom,msm-audio-apr:qcom,q6core-audio:sound: ASoC: Failed to add route MIC BIAS2 -> direct -> AMIC2
01-01 08:00:49.237 0 0 E kona-asoc-snd soc: qcom,msm-audio-apr:qcom,q6core-audio:sound: ASoC: no sink widget found for MIC BIAS2
01-01 08:00:49.250 0 0 I CAM_ERR : CAM-SENSOR: cam_cci_i2c_read: 35 rc = -22
01-01 08:00:49.260 0 0 E kona-asoc-snd soc: qcom,msm-audio-apr:qcom,q6core-audio:sound: ASoC: Failed to add route Analog Mic2 -> direct -> MIC BIAS2
01-01 08:00:49.260 0 0 E kona-asoc-snd soc: qcom,msm-audio-apr:qcom,q6core-audio:sound: ASoC: no source widget found for MIC BIAS3
01-01 08:00:49.273 0 0 I CAM_WARN: CAM-SENSOR: cam_sensor_match_id: 769 read id: 0x0 expected id 0x9281:
01-01 08:00:49.284 0 0 E kona-asoc-snd soc: qcom,msm-audio-apr:qcom,q6core-audio:sound: ASoC: Failed to add route MIC BIAS3 -> direct -> AMIC3
01-01 08:00:49.284 0 0 E kona-asoc-snd soc: qcom,msm-audio-apr:qcom,q6core-audio:sound: ASoC: no sink widget found for MIC BIAS3
01-01 08:00:49.296 0 0 I qcom,camera ac50000.qcom,cci: qcom,cam-sensor3: Dropping the link to regulator.77
01-01 08:00:49.295 1129 1129 D SystemServerTiming: InitBeforeStartServices took to complete: 992ms
01-01 08:00:49.297 0 0 E msm-dcc 1023000.dcc_v2: DCC list passed 3
01-01 08:00:49.297 0 0 I msm-dcc 1023000.dcc_v2: All values written to enable.
01-01 08:00:49.298 0 0 E msm-dcc 1023000.dcc_v2: DCC list passed 4
01-01 08:00:49.298 0 0 I msm-dcc 1023000.dcc_v2: All values written to enable.
01-01 08:00:49.298 0 0 E msm-dcc 1023000.dcc_v2: DCC list passed 6
01-01 08:00:49.299 0 0 I msm-dcc 1023000.dcc_v2: All values written to enable.
01-01 08:00:49.306 0 0 E kona-asoc-snd soc: qcom,msm-audio-apr:qcom,q6core-audio:sound: ASoC: Failed to add route Analog Mic3 -> direct -> MIC BIAS3
01-01 08:00:49.306 0 0 E kona-asoc-snd soc: qcom,msm-audio-apr:qcom,q6core-audio:sound: ASoC: no source widget found for MIC BIAS3
01-01 08:00:49.306 0 0 E kona-asoc-snd soc: qcom,msm-audio-apr:qcom,q6core-audio:sound: ASoC: Failed to add route MIC BIAS3 -> direct -> AMIC4
01-01 08:00:49.306 0 0 E kona-asoc-snd soc: qcom,msm-audio-apr:qcom,q6core-audio:sound: ASoC: no sink widget found for MIC BIAS3
01-01 08:00:49.306 0 0 E kona-asoc-snd soc: qcom,msm-audio-apr:qcom,q6core-audio:sound: ASoC: Failed to add route Analog Mic4 -> direct -> MIC BIAS3
01-01 08:00:49.306 0 0 E kona-asoc-snd soc: qcom,msm-audio-apr:qcom,q6core-audio:sound: ASoC: no source widget found for MIC BIAS4
01-01 08:00:49.306 0 0 E kona-asoc-snd soc: qcom,msm-audio-apr:qcom,q6core-audio:sound: ASoC: Failed to add route MIC BIAS4 -> direct -> AMIC5
01-01 08:00:49.306 0 0 E kona-asoc-snd soc: qcom,msm-audio-apr:qcom,q6core-audio:sound: ASoC: no sink widget found for MIC BIAS4
01-01 08:00:49.306 0 0 E kona-asoc-snd soc: qcom,msm-audio-apr:qcom,q6core-audio:sound: ASoC: Failed to add route Analog Mic5 -> direct -> MIC BIAS4
01-01 08:00:49.306 0 0 E kona-asoc-snd soc: qcom,msm-audio-apr:qcom,q6core-audio:sound: ASoC: no source widget found for MIC BIAS3
01-01 08:00:49.306 0 0 E kona-asoc-snd soc: qcom,msm-audio-apr:qcom,q6core-audio:sound: ASoC: Failed to add route MIC BIAS3 -> direct -> TX DMIC0
