09-24 00:13:01.506 1129 1233 D SystemServerTimingAsync: ssm.onUnlockingUser-0_com.android.server.wifi.WifiService took to complete: 0ms
09-24 00:13:01.506 1129 1233 I SystemServerTimingAsync: ssm.onUnlockingUser-0_com.android.server.wifi.scanner.WifiScanningService
09-24 00:13:01.506 1129 1233 D SystemServerTimingAsync: ssm.onUnlockingUser-0_com.android.server.wifi.scanner.WifiScanningService took to complete: 0ms
09-24 00:13:01.506 1129 1233 I SystemServerTimingAsync: ssm.onUnlockingUser-0_com.android.server.wifi.rtt.RttService
09-24 00:13:01.506 1129 1233 D SystemServerTimingAsync: ssm.onUnlockingUser-0_com.android.server.wifi.rtt.RttService took to complete: 0ms
09-24 00:13:01.506 1129 1233 I SystemServerTimingAsync: ssm.onUnlockingUser-0_com.android.server.wifi.aware.WifiAwareService
09-24 00:13:01.507 1129 1233 D SystemServerTimingAsync: ssm.onUnlockingUser-0_com.android.server.wifi.aware.WifiAwareService took to complete: 0ms
09-24 00:13:01.507 1129 1233 I SystemServerTimingAsync: ssm.onUnlockingUser-0_com.android.server.wifi.p2p.WifiP2pService
09-24 00:13:01.507 1129 1233 D SystemServerTimingAsync: ssm.onUnlockingUser-0_com.android.server.wifi.p2p.WifiP2pService took to complete: 0ms
09-24 00:13:01.507 1129 1233 I SystemServerTimingAsync: ssm.onUnlockingUser-0_com.android.server.ethernet.EthernetService
09-24 00:13:01.507 1129 1233 D SystemServerTimingAsync: ssm.onUnlockingUser-0_com.android.server.ethernet.EthernetService took to complete: 0ms
09-24 00:13:01.507 1129 1233 I SystemServerTimingAsync: ssm.onUnlockingUser-0_com.android.server.ConnectivityServiceInitializer
09-24 00:13:01.507 1129 1233 D SystemServerTimingAsync: ssm.onUnlockingUser-0_com.android.server.ConnectivityServiceInitializer took to complete: 0ms
09-24 00:13:01.507 1129 1233 I SystemServerTimingAsync: ssm.onUnlockingUser-0_com.android.server.notification.NotificationManagerService
09-24 00:13:01.507 1129 1233 D SystemServerTimingAsync: ssm.onUnlockingUser-0_com.android.server.notification.NotificationManagerService took to complete: 0ms
09-24 00:13:01.508 1129 1129 I NotificationHistory: Attempted to unlock gone/disabled user 0
09-24 00:13:01.509 1129 1233 I SystemServerTimingAsync: ssm.onUnlockingUser-0_com.android.server.storage.DeviceStorageMonitorService
09-24 00:13:01.509 1129 1233 D SystemServerTimingAsync: ssm.onUnlockingUser-0_com.android.server.storage.DeviceStorageMonitorService took to complete: 0ms
09-24 00:13:01.509 1129 1233 I SystemServerTimingAsync: ssm.onUnlockingUser-0_com.android.server.location.LocationManagerService$Lifecycle
09-24 00:13:01.509 1129 1233 D SystemServerTimingAsync: ssm.onUnlockingUser-0_com.android.server.location.LocationManagerService$Lifecycle took to complete: 0ms
09-24 00:13:01.509 1129 1233 I SystemServerTimingAsync: ssm.onUnlockingUser-0_com.android.server.timedetector.TimeDetectorService$Lifecycle
09-24 00:13:01.509 1129 1233 D SystemServerTimingAsync: ssm.onUnlockingUser-0_com.android.server.timedetector.TimeDetectorService$Lifecycle took to complete: 0ms
09-24 00:13:01.509 1129 1233 I SystemServerTimingAsync: ssm.onUnlockingUser-0_com.android.server.timezonedetector.TimeZoneDetectorService$Lifecycle
09-24 00:13:01.509 1129 1233 D SystemServerTimingAsync: ssm.onUnlockingUser-0_com.android.server.timezonedetector.TimeZoneDetectorService$Lifecycle took to complete: 0ms
09-24 00:13:01.509 1129 1233 I SystemServerTimingAsync: ssm.onUnlockingUser-0_com.android.server.timezonedetector.location.LocationTimeZoneManagerService$Lifecycle
09-24 00:13:01.509 1129 1233 D SystemServerTimingAsync: ssm.onUnlockingUser-0_com.android.server.timezonedetector.location.LocationTimeZoneManagerService$Lifecycle took to complete: 0ms
09-24 00:13:01.509 1129 1233 I SystemServerTimingAsync: ssm.onUnlockingUser-0_com.android.server.search.SearchManagerService$Lifecycle
09-24 00:13:01.510 1129 1233 D SystemServerTimingAsync: ssm.onUnlockingUser-0_com.android.server.search.SearchManagerService$Lifecycle took to complete: 0ms
09-24 00:13:01.510 1129 1233 I SystemServerTimingAsync: ssm.onUnlockingUser-0_com.android.server.wallpaper.WallpaperManagerService$Lifecycle
09-24 00:13:01.510 1129 1233 I WallpaperManagerService: on-unlock-user-0
09-24 00:13:01.512 1129 1233 D WallpaperManagerService: on-unlock-user-0 took to complete: 3ms
09-24 00:13:01.513 1129 1233 D SystemServerTimingAsync: ssm.onUnlockingUser-0_com.android.server.wallpaper.WallpaperManagerService$Lifecycle took to complete: 3ms
09-24 00:13:01.513 1129 1233 I SystemServerTimingAsync: ssm.onUnlockingUser-0_com.android.server.audio.AudioService$Lifecycle
09-24 00:13:01.513 1129 1233 D SystemServerTimingAsync: ssm.onUnlockingUser-0_com.android.server.audio.AudioService$Lifecycle took to complete: 0ms
09-24 00:13:01.513 1129 1233 I SystemServerTimingAsync: ssm.onUnlockingUser-0_com.android.server.soundtrigger_middleware.SoundTriggerMiddlewareService$Lifecycle
09-24 00:13:01.513 1129 1233 D SystemServerTimingAsync: ssm.onUnlockingUser-0_com.android.server.soundtrigger_middleware.SoundTriggerMiddlewareService$Lifecycle took to complete: 0ms
09-24 00:13:01.513 1129 1233 I SystemServerTimingAsync: ssm.onUnlockingUser-0_com.android.server.DockObserver
09-24 00:13:01.513 1129 1233 D SystemServerTimingAsync: ssm.onUnlockingUser-0_com.android.server.DockObserver took to complete: 0ms
09-24 00:13:01.513 1129 1233 I SystemServerTimingAsync: ssm.onUnlockingUser-0_com.android.server.midi.MidiService$Lifecycle
09-24 00:13:01.513 1129 1233 D SystemServerTimingAsync: ssm.onUnlockingUser-0_com.android.server.midi.MidiService$Lifecycle took to complete: 0ms
09-24 00:13:01.513 1129 1233 I SystemServerTimingAsync: ssm.onUnlockingUser-0_com.android.server.adb.AdbService$Lifecycle
09-24 00:13:01.513 1129 1233 D SystemServerTimingAsync: ssm.onUnlockingUser-0_com.android.server.adb.AdbService$Lifecycle took to complete: 0ms
09-24 00:13:01.513 1129 1233 I SystemServerTimingAsync: ssm.onUnlockingUser-0_com.android.server.usb.UsbService$Lifecycle
09-24 00:13:01.513 1129 1233 D SystemServerTimingAsync: ssm.onUnlockingUser-0_com.android.server.usb.UsbService$Lifecycle took to complete: 0ms
09-24 00:13:01.513 1129 1233 I SystemServerTimingAsync: ssm.onUnlockingUser-0_com.android.server.twilight.TwilightService
09-24 00:13:01.514 1129 1233 D SystemServerTimingAsync: ssm.onUnlockingUser-0_com.android.server.twilight.TwilightService took to complete: 0ms
09-24 00:13:01.514 1129 1233 I SystemServerTimingAsync: ssm.onUnlockingUser-0_com.android.server.display.color.ColorDisplayService
09-24 00:13:01.514 1129 1233 D SystemServerTimingAsync: ssm.onUnlockingUser-0_com.android.server.display.color.ColorDisplayService took to complete: 0ms
09-24 00:13:01.514 1129 1233 I SystemServerTimingAsync: ssm.onUnlockingUser-0_com.android.server.job.JobSchedulerService
09-24 00:13:01.514 1129 1233 D SystemServerTimingAsync: ssm.onUnlockingUser-0_com.android.server.job.JobSchedulerService took to complete: 0ms
09-24 00:13:01.514 1129 1233 I SystemServerTimingAsync: ssm.onUnlockingUser-0_com.android.server.soundtrigger.SoundTriggerService
09-24 00:13:01.514 1129 1233 D SystemServerTimingAsync: ssm.onUnlockingUser-0_com.android.server.soundtrigger.SoundTriggerService took to complete: 0ms
09-24 00:13:01.514 1129 1233 I SystemServerTimingAsync: ssm.onUnlockingUser-0_com.android.server.trust.TrustManagerService
09-24 00:13:01.514 1129 1233 D SystemServerTimingAsync: ssm.onUnlockingUser-0_com.android.server.trust.TrustManagerService took to complete: 0ms
09-24 00:13:01.514 1129 1233 I SystemServerTimingAsync: ssm.onUnlockingUser-0_com.android.server.backup.BackupManagerService$Lifecycle
09-24 00:13:01.514 1129 1233 D SystemServerTimingAsync: ssm.onUnlockingUser-0_com.android.server.backup.BackupManagerService$Lifecycle took to complete: 0ms
09-24 00:13:01.514 1129 1233 I SystemServerTimingAsync: ssm.onUnlockingUser-0_com.android.server.appwidget.AppWidgetService
09-24 00:13:01.514 1129 1233 D SystemServerTimingAsync: ssm.onUnlockingUser-0_com.android.server.appwidget.AppWidgetService took to complete: 0ms
09-24 00:13:01.515 1129 1233 I SystemServerTimingAsync: ssm.onUnlockingUser-0_com.android.server.voiceinteraction.VoiceInteractionManagerService
09-24 00:13:01.515 1129 1233 W VoiceInteractionManager: no available voice recognition services found for user 0
09-24 00:13:01.515 1129 1233 D SystemServerTimingAsync: ssm.onUnlockingUser-0_com.android.server.voiceinteraction.VoiceInteractionManagerService took to complete: 0ms
09-24 00:13:01.515 1129 1233 I SystemServerTimingAsync: ssm.onUnlockingUser-0_com.android.server.apphibernation.AppHibernationService
09-24 00:13:01.515 1129 2631 I HibernationStateDiskStore: No hibernation file on disk for file /data/system_ce/0/hibernation/states
09-24 00:13:01.518 1129 1854 I BackupManagerService: Starting service for user: 0
09-24 00:13:01.518 1129 1854 V BackupManagerService: [UserID:0] Starting with transport com.android.localtransport/.LocalTransport
09-24 00:13:01.518 1129 1854 D BackupManagerService: [UserID:0] Started thread backup-0
09-24 00:13:01.519 1129 1233 D SystemServerTimingAsync: ssm.onUnlockingUser-0_com.android.server.apphibernation.AppHibernationService took to complete: 3ms
09-24 00:13:01.519 1129 1233 I SystemServerTimingAsync: ssm.onUnlockingUser-0_com.android.server.GestureLauncherService
09-24 00:13:01.519 1129 1233 D SystemServerTimingAsync: ssm.onUnlockingUser-0_com.android.server.GestureLauncherService took to complete: 0ms
09-24 00:13:01.519 1129 1233 I SystemServerTimingAsync: ssm.onUnlockingUser-0_com.android.server.SensorNotificationService
09-24 00:13:01.519 1129 1233 D SystemServerTimingAsync: ssm.onUnlockingUser-0_com.android.server.SensorNotificationService took to complete: 0ms
09-24 00:13:01.519 1129 1233 I SystemServerTimingAsync: ssm.onUnlockingUser-0_com.android.server.emergency.EmergencyAffordanceService
09-24 00:13:01.519 1129 1233 D SystemServerTimingAsync: ssm.onUnlockingUser-0_com.android.server.emergency.EmergencyAffordanceService took to complete: 0ms
09-24 00:13:01.519 1129 1233 I SystemServerTimingAsync: ssm.onUnlockingUser-0_com.android.server.blob.BlobStoreManagerService
09-24 00:13:01.519 1129 1233 D SystemServerTimingAsync: ssm.onUnlockingUser-0_com.android.server.blob.BlobStoreManagerService took to complete: 0ms
09-24 00:13:01.519 1129 1233 I SystemServerTimingAsync: ssm.onUnlockingUser-0_com.android.server.dreams.DreamManagerService
09-24 00:13:01.519 1129 1233 D SystemServerTimingAsync: ssm.onUnlockingUser-0_com.android.server.dreams.DreamManagerService took to complete: 0ms
09-24 00:13:01.519 1129 1233 I SystemServerTimingAsync: ssm.onUnlockingUser-0_com.android.server.companion.CompanionDeviceManagerService
09-24 00:13:01.519 1129 1233 D SystemServerTimingAsync: ssm.onUnlockingUser-0_com.android.server.companion.CompanionDeviceManagerService took to complete: 0ms
09-24 00:13:01.519 1129 1233 I SystemServerTimingAsync: ssm.onUnlockingUser-0_com.android.server.restrictions.RestrictionsManagerService
09-24 00:13:01.519 1129 1233 D SystemServerTimingAsync: ssm.onUnlockingUser-0_com.android.server.restrictions.RestrictionsManagerService took to complete: 0ms
09-24 00:13:01.519 560 560 D vold : Waiting for sdcardfs to spin up...
09-24 00:13:01.519 1129 1233 I SystemServerTimingAsync: ssm.onUnlockingUser-0_com.android.server.media.MediaSessionService
09-24 00:13:01.519 1129 1233 D SystemServerTimingAsync: ssm.onUnlockingUser-0_com.android.server.media.MediaSessionService took to complete: 0ms
09-24 00:13:01.519 1129 1233 I SystemServerTimingAsync: ssm.onUnlockingUser-0_com.android.server.media.MediaResourceMonitorService
09-24 00:13:01.520 1129 1233 D SystemServerTimingAsync: ssm.onUnlockingUser-0_com.android.server.media.MediaResourceMonitorService took to complete: 0ms
09-24 00:13:01.520 1129 1233 I SystemServerTimingAsync: ssm.onUnlockingUser-0_com.android.server.biometrics.sensors.fingerprint.FingerprintService
09-24 00:13:01.520 1129 1233 D SystemServerTimingAsync: ssm.onUnlockingUser-0_com.android.server.biometrics.sensors.fingerprint.FingerprintService took to complete: 0ms
09-24 00:13:01.520 1129 1233 I SystemServerTimingAsync: ssm.onUnlockingUser-0_com.android.server.biometrics.BiometricService
09-24 00:13:01.520 1129 1233 D SystemServerTimingAsync: ssm.onUnlockingUser-0_com.android.server.biometrics.BiometricService took to complete: 0ms
09-24 00:13:01.520 1129 1233 I SystemServerTimingAsync: ssm.onUnlockingUser-0_com.android.server.biometrics.AuthService
09-24 00:13:01.520 1129 1233 D SystemServerTimingAsync: ssm.onUnlockingUser-0_com.android.server.biometrics.AuthService took to complete: 0ms
09-24 00:13:01.520 1129 1233 I SystemServerTimingAsync: ssm.onUnlockingUser-0_com.android.server.pm.ShortcutService$Lifecycle
09-24 00:13:01.520 1129 1233 D SystemServerTimingAsync: ssm.onUnlockingUser-0_com.android.server.pm.ShortcutService$Lifecycle took to complete: 1ms
09-24 00:13:01.520 1129 1233 I SystemServerTimingAsync: ssm.onUnlockingUser-0_com.android.server.pm.LauncherAppsService
09-24 00:13:01.521 1129 1233 D SystemServerTimingAsync: ssm.onUnlockingUser-0_com.android.server.pm.LauncherAppsService took to complete: 0ms
09-24 00:13:01.521 1129 1233 I SystemServerTimingAsync: ssm.onUnlockingUser-0_com.android.server.pm.CrossProfileAppsService
09-24 00:13:01.521 1129 1233 D SystemServerTimingAsync: ssm.onUnlockingUser-0_com.android.server.pm.CrossProfileAppsService took to complete: 0ms
09-24 00:13:01.521 1129 1233 I SystemServerTimingAsync: ssm.onUnlockingUser-0_com.android.server.people.PeopleService
09-24 00:13:01.521 1129 1233 D SystemServerTimingAsync: ssm.onUnlockingUser-0_com.android.server.people.PeopleService took to complete: 0ms
09-24 00:13:01.521 1129 1233 I SystemServerTimingAsync: ssm.onUnlockingUser-0_com.android.server.media.metrics.MediaMetricsManagerService
09-24 00:13:01.521 1129 1233 D SystemServerTimingAsync: ssm.onUnlockingUser-0_com.android.server.media.metrics.MediaMetricsManagerService took to complete: 0ms
09-24 00:13:01.521 1129 1233 I SystemServerTimingAsync: ssm.onUnlockingUser-0_com.android.server.media.projection.MediaProjectionManagerService
09-24 00:13:01.521 1129 1233 D SystemServerTimingAsync: ssm.onUnlockingUser-0_com.android.server.media.projection.MediaProjectionManagerService took to complete: 0ms
09-24 00:13:01.521 1129 1233 I SystemServerTimingAsync: ssm.onUnlockingUser-0_com.android.server.slice.SliceManagerService$Lifecycle
09-24 00:13:01.521 1129 1233 D SystemServerTimingAsync: ssm.onUnlockingUser-0_com.android.server.slice.SliceManagerService$Lifecycle took to complete: 0ms
09-24 00:13:01.521 1129 1233 I SystemServerTimingAsync: ssm.onUnlockingUser-0_com.android.server.stats.StatsCompanion$Lifecycle
09-24 00:13:01.521 1129 1233 D SystemServerTimingAsync: ssm.onUnlockingUser-0_com.android.server.stats.StatsCompanion$Lifecycle took to complete: 0ms
09-24 00:13:01.521 1129 1233 I SystemServerTimingAsync: ssm.onUnlockingUser-0_com.android.server.scheduling.RebootReadinessManagerService$Lifecycle
09-24 00:13:01.521 1129 1233 D SystemServerTimingAsync: ssm.onUnlockingUser-0_com.android.server.scheduling.RebootReadinessManagerService$Lifecycle took to complete: 0ms
09-24 00:13:01.521 1129 1233 I SystemServerTimingAsync: ssm.onUnlockingUser-0_com.android.server.stats.pull.StatsPullAtomService
09-24 00:13:01.521 1129 1233 D SystemServerTimingAsync: ssm.onUnlockingUser-0_com.android.server.stats.pull.StatsPullAtomService took to complete: 0ms
09-24 00:13:01.521 1129 1233 I SystemServerTimingAsync: ssm.onUnlockingUser-0_com.android.server.incident.IncidentCompanionService
09-24 00:13:01.521 1129 1233 D SystemServerTimingAsync: ssm.onUnlockingUser-0_com.android.server.incident.IncidentCompanionService took to complete: 0ms
09-24 00:13:01.521 1129 1233 I SystemServerTimingAsync: ssm.onUnlockingUser-0_com.android.server.MmsServiceBroker
09-24 00:13:01.521 1129 1233 D SystemServerTimingAsync: ssm.onUnlockingUser-0_com.android.server.MmsServiceBroker took to complete: 0ms
09-24 00:13:01.521 1129 1233 I SystemServerTimingAsync: ssm.onUnlockingUser-0_com.android.server.autofill.AutofillManagerService
09-24 00:13:01.522 1129 1214 D AutofillUI: destroySaveUiUiThread(): already destroyed
09-24 00:13:01.522 1129 1233 D AutofillManagerServiceImpl: Reset component for user 0:
09-24 00:13:01.522 1129 1233 D FieldClassificationStrategy: reset(): service is not bound. Do nothing.
09-24 00:13:01.522 1129 1233 D SystemServerTimingAsync: ssm.onUnlockingUser-0_com.android.server.autofill.AutofillManagerService took to complete: 0ms
09-24 00:13:01.522 1129 1233 I SystemServerTimingAsync: ssm.onUnlockingUser-0_com.android.server.clipboard.ClipboardService
09-24 00:13:01.522 1129 1233 D SystemServerTimingAsync: ssm.onUnlockingUser-0_com.android.server.clipboard.ClipboardService took to complete: 0ms
09-24 00:13:01.522 1129 1233 I SystemServerTimingAsync: ssm.onUnlockingUser-0_com.android.server.appbinding.AppBindingService$Lifecycle
09-24 00:13:01.522 1129 1233 W AppBindingService: [Default SMS app] u0 Target package not found
09-24 00:13:01.522 1129 1233 D SystemServerTimingAsync: ssm.onUnlockingUser-0_com.android.server.appbinding.AppBindingService$Lifecycle took to complete: 0ms
09-24 00:13:01.522 1129 1233 I SystemServerTimingAsync: ssm.onUnlockingUser-0_com.android.server.tracing.TracingServiceProxy
09-24 00:13:01.522 1129 1233 D SystemServerTimingAsync: ssm.onUnlockingUser-0_com.android.server.tracing.TracingServiceProxy took to complete: 0ms
09-24 00:13:01.522 1129 1233 I SystemServerTimingAsync: ssm.onUnlockingUser-0_com.android.server.policy.PermissionPolicyService
09-24 00:13:01.522 1129 1233 D SystemServerTimingAsync: ssm.onUnlockingUser-0_com.android.server.policy.PermissionPolicyService took to complete: 0ms
09-24 00:13:01.523 1129 1233 I SystemServerTimingAsync: ssm.onUnlockingUser-0_com.android.server.pm.StagingManager$Lifecycle
09-24 00:13:01.523 1129 1233 D SystemServerTimingAsync: ssm.onUnlockingUser-0_com.android.server.pm.StagingManager$Lifecycle took to complete: 0ms
09-24 00:13:01.523 1129 1233 I SystemServerTimingAsync: ssm.onUnlockingUser-0_com.android.server.app.GameManagerService$Lifecycle
09-24 00:13:01.523 1129 1233 D SystemServerTimingAsync: ssm.onUnlockingUser-0_com.android.server.app.GameManagerService$Lifecycle took to complete: 0ms
09-24 00:13:01.523 1129 1233 I SystemServerTimingAsync: ssm.onUnlockingUser-0_com.android.server.appsearch.AppSearchManagerService
09-24 00:13:01.525 1129 1233 D SystemServerTimingAsync: ssm.onUnlockingUser-0_com.android.server.appsearch.AppSearchManagerService took to complete: 1ms
09-24 00:13:01.525 1129 1233 I SystemServerTimingAsync: ssm.onUnlockingUser-0_com.android.server.media.MediaCommunicationService
09-24 00:13:01.525 1129 1233 D SystemServerTimingAsync: ssm.onUnlockingUser-0_com.android.server.media.MediaCommunicationService took to complete: 0ms
09-24 00:13:01.525 1129 1233 D SystemServerTimingAsync: ssm.UnlockingUser-0 took to complete: 90ms
09-24 00:13:01.525 1129 1233 W ActivityManager: UserLifecycleEvent 5 received without an active userJourneySession.
09-24 00:13:01.525 1129 1233 W ActivityManager: UserLifecycleEvent 6 received without an active userJourneySession.
09-24 00:13:01.526 1129 1233 I ActivityManager: User 0 state changed from RUNNING_UNLOCKING to RUNNING_UNLOCKED
09-24 00:13:01.526 1129 1213 I ActivityTaskManager: Loading recents for user 0 into memory.
09-24 00:13:01.526 1129 1233 D SystemServerTiming: SystemUserUnlock took to complete: 853ms
09-24 00:13:01.535 1129 1213 V PackageConfigPersister: loadPackages: empty list files from /data/system_ce/0/package_configs
09-24 00:13:01.542 1129 1233 D CompatibilityChangeReporter: Compat change id reported: 135634846; UID 10054; state: DISABLED
09-24 00:13:01.542 1129 1233 D CompatibilityChangeReporter: Compat change id reported: 177438394; UID 10054; state: DISABLED
09-24 00:13:01.542 1129 1233 D CompatibilityChangeReporter: Compat change id reported: 135772972; UID 10054; state: DISABLED
09-24 00:13:01.542 1129 1233 D CompatibilityChangeReporter: Compat change id reported: 135754954; UID 10054; state: ENABLED
09-24 00:13:01.543 1129 1233 D CompatibilityChangeReporter: Compat change id reported: 135634846; UID 10052; state: DISABLED
09-24 00:13:01.543 1129 1233 D CompatibilityChangeReporter: Compat change id reported: 177438394; UID 10052; state: DISABLED
09-24 00:13:01.544 1129 1233 D CompatibilityChangeReporter: Compat change id reported: 135772972; UID 10052; state: DISABLED
09-24 00:13:01.544 1129 1233 D CompatibilityChangeReporter: Compat change id reported: 135754954; UID 10052; state: ENABLED
09-24 00:13:01.548 1129 1233 D CompatibilityChangeReporter: Compat change id reported: 135634846; UID 10076; state: DISABLED
09-24 00:13:01.548 1129 1233 D CompatibilityChangeReporter: Compat change id reported: 177438394; UID 10076; state: DISABLED
09-24 00:13:01.548 1129 1233 D CompatibilityChangeReporter: Compat change id reported: 135772972; UID 10076; state: DISABLED
09-24 00:13:01.548 1129 1233 D CompatibilityChangeReporter: Compat change id reported: 135754954; UID 10076; state: DISABLED
09-24 00:13:01.549 1129 1233 D CompatibilityChangeReporter: Compat change id reported: 135634846; UID 10088; state: DISABLED
09-24 00:13:01.549 1129 1233 D CompatibilityChangeReporter: Compat change id reported: 177438394; UID 10088; state: DISABLED
09-24 00:13:01.549 1129 1233 D CompatibilityChangeReporter: Compat change id reported: 135772972; UID 10088; state: DISABLED
09-24 00:13:01.550 1129 1233 D CompatibilityChangeReporter: Compat change id reported: 135754954; UID 10088; state: ENABLED
09-24 00:13:01.550 1129 1233 D CompatibilityChangeReporter: Compat change id reported: 135634846; UID 10089; state: DISABLED
09-24 00:13:01.551 1129 1233 D CompatibilityChangeReporter: Compat change id reported: 177438394; UID 10089; state: DISABLED
09-24 00:13:01.552 1129 1233 D CompatibilityChangeReporter: Compat change id reported: 135772972; UID 10089; state: DISABLED
09-24 00:13:01.554 1129 1233 D CompatibilityChangeReporter: Compat change id reported: 135754954; UID 10089; state: ENABLED
09-24 00:13:01.555 1129 1234 W ActivityManager: Slow operation: 68ms so far, now at startProcess: returned from zygote!
09-24 00:13:01.557 1129 1234 W ActivityManager: Slow operation: 69ms so far, now at startProcess: done updating battery stats
09-24 00:13:01.557 1129 1234 W ActivityManager: Slow operation: 69ms so far, now at startProcess: building log message
09-24 00:13:01.557 1129 1234 I ActivityManager: Start proc 2777:com.sohu.inputmethod.sogou.car/u0a32 for service {com.sohu.inputmethod.sogou.car/com.sohu.inputmethod.sogou.car.CrossSogouIME}
09-24 00:13:01.559 1129 1234 W ActivityManager: Slow operation: 71ms so far, now at startProcess: starting to update pids map
09-24 00:13:01.561 1129 1234 W ActivityManager: Slow operation: 73ms so far, now at startProcess: done updating pids map
09-24 00:13:01.563 1129 1234 D CompatibilityChangeReporter: Compat change id reported: 143937733; UID 10054; state: ENABLED
09-24 00:13:01.575 560 560 D vold : Waiting for sdcardfs to spin up...
09-24 00:13:01.575 1129 1233 I ActivityManager: Posting BOOT_COMPLETED user #0
09-24 00:13:01.578 1129 1129 V NotificationAssistants: disabling notification assistant for user 0: ComponentInfo{android.ext.services/android.ext.services.notification.Assistant}
09-24 00:13:01.578 1129 1129 D NotificationListeners: Removing active service ComponentInfo{android.ext.services/android.ext.services.notification.Assistant}
09-24 00:13:01.581 1129 1233 I SystemServerTimingAsync: ssm.UnlockedUser-0
09-24 00:13:01.581 1129 1233 I SystemServiceManager: Calling onUnlockedUser 0
09-24 00:13:01.581 1129 1233 I SystemServerTimingAsync: ssm.onUnlockedUser-0_com.android.server.security.FileIntegrityService
09-24 00:13:01.581 1129 1233 D SystemServerTimingAsync: ssm.onUnlockedUser-0_com.android.server.security.FileIntegrityService took to complete: 0ms
09-24 00:13:01.581 1129 1233 I SystemServerTimingAsync: ssm.onUnlockedUser-0_com.android.server.pm.Installer
09-24 00:13:01.582 1129 1233 D SystemServerTimingAsync: ssm.onUnlockedUser-0_com.android.server.pm.Installer took to complete: 0ms
09-24 00:13:01.582 1129 1233 I SystemServerTimingAsync: ssm.onUnlockedUser-0_com.android.server.os.DeviceIdentifiersPolicyService
09-24 00:13:01.582 1129 1233 D SystemServerTimingAsync: ssm.onUnlockedUser-0_com.android.server.os.DeviceIdentifiersPolicyService took to complete: 0ms
09-24 00:13:01.582 1129 1233 I SystemServerTimingAsync: ssm.onUnlockedUser-0_com.android.server.uri.UriGrantsManagerService$Lifecycle
09-24 00:13:01.582 1129 1233 D SystemServerTimingAsync: ssm.onUnlockedUser-0_com.android.server.uri.UriGrantsManagerService$Lifecycle took to complete: 0ms
09-24 00:13:01.582 1129 1233 I SystemServerTimingAsync: ssm.onUnlockedUser-0_com.android.server.powerstats.PowerStatsService
09-24 00:13:01.582 1129 1233 D SystemServerTimingAsync: ssm.onUnlockedUser-0_com.android.server.powerstats.PowerStatsService took to complete: 0ms
09-24 00:13:01.582 1129 1233 I SystemServerTimingAsync: ssm.onUnlockedUser-0_com.android.server.wm.ActivityTaskManagerService$Lifecycle
09-24 00:13:01.583 1129 1233 I LaunchParamsPersister: Didn't find launch param folder for user 0
09-24 00:13:01.583 1129 1233 D SystemServerTimingAsync: ssm.onUnlockedUser-0_com.android.server.wm.ActivityTaskManagerService$Lifecycle took to complete: 1ms
09-24 00:13:01.583 1129 1233 I SystemServerTimingAsync: ssm.onUnlockedUser-0_com.android.server.am.ActivityManagerService$Lifecycle
09-24 00:13:01.583 1129 1233 D SystemServerTimingAsync: ssm.onUnlockedUser-0_com.android.server.am.ActivityManagerService$Lifecycle took to complete: 0ms
09-24 00:13:01.583 1129 1233 I SystemServerTimingAsync: ssm.onUnlockedUser-0_com.android.server.pm.DataLoaderManagerService
09-24 00:13:01.583 1129 1233 D SystemServerTimingAsync: ssm.onUnlockedUser-0_com.android.server.pm.DataLoaderManagerService took to complete: 0ms
09-24 00:13:01.583 1129 1233 I SystemServerTimingAsync: ssm.onUnlockedUser-0_com.android.server.power.PowerManagerService
09-24 00:13:01.583 1129 1233 D SystemServerTimingAsync: ssm.onUnlockedUser-0_com.android.server.power.PowerManagerService took to complete: 0ms
09-24 00:13:01.583 1129 1873 D CompatibilityChangeReporter: Compat change id reported: 135634846; UID 1000; state: DISABLED
09-24 00:13:01.584 1129 1873 D CompatibilityChangeReporter: Compat change id reported: 177438394; UID 1000; state: DISABLED
09-24 00:13:01.584 1129 1873 D CompatibilityChangeReporter: Compat change id reported: 135772972; UID 1000; state: DISABLED
09-24 00:13:01.584 1129 1873 D CompatibilityChangeReporter: Compat change id reported: 135754954; UID 1000; state: ENABLED
09-24 00:13:01.584 1129 1233 I SystemServerTimingAsync: ssm.onUnlockedUser-0_com.android.server.power.ThermalManagerService
09-24 00:13:01.584 1129 1233 D SystemServerTimingAsync: ssm.onUnlockedUser-0_com.android.server.power.ThermalManagerService took to complete: 0ms
09-24 00:13:01.584 1129 1233 I SystemServerTimingAsync: ssm.onUnlockedUser-0_com.android.server.power.hint.HintManagerService
09-24 00:13:01.585 1129 1233 D SystemServerTimingAsync: ssm.onUnlockedUser-0_com.android.server.power.hint.HintManagerService took to complete: 0ms
09-24 00:13:01.585 1129 1233 I SystemServerTimingAsync: ssm.onUnlockedUser-0_com.android.server.recoverysystem.RecoverySystemService$Lifecycle
09-24 00:13:01.585 1129 1233 D SystemServerTimingAsync: ssm.onUnlockedUser-0_com.android.server.recoverysystem.RecoverySystemService$Lifecycle took to complete: 0ms
09-24 00:13:01.585 1129 1233 I SystemServerTimingAsync: ssm.onUnlockedUser-0_com.android.server.lights.LightsService
09-24 00:13:01.585 1129 1233 D SystemServerTimingAsync: ssm.onUnlockedUser-0_com.android.server.lights.LightsService took to complete: 0ms
09-24 00:13:01.585 1129 1233 I SystemServerTimingAsync: ssm.onUnlockedUser-0_com.android.server.display.DisplayManagerService
09-24 00:13:01.585 1129 1233 D SystemServerTimingAsync: ssm.onUnlockedUser-0_com.android.server.display.DisplayManagerService took to complete: 0ms
09-24 00:13:01.585 1129 1233 I SystemServerTimingAsync: ssm.onUnlockedUser-0_com.android.server.pm.verify.domain.DomainVerificationService
09-24 00:13:01.585 1129 1233 D SystemServerTimingAsync: ssm.onUnlockedUser-0_com.android.server.pm.verify.domain.DomainVerificationService took to complete: 0ms
01-01 08:01:01.798 0 0 I : sdcardfs version 2.0
01-01 08:01:01.798 0 0 I sdcardfs: dev_name -> /data/media
01-01 08:01:01.798 0 0 I sdcardfs: options -> fsuid=1023,fsgid=1023,multiuser,derive_gid,default_normal,unshared_obb,mask=6,userid=0,gid=1015
01-01 08:01:01.798 0 0 I sdcardfs: mnt -> ffffffc913d25460
01-01 08:01:01.799 0 0 I sdcardfs: mounted on top of /data/media type f2fs
09-24 00:13:01.585 1129 1233 I SystemServerTimingAsync: ssm.onUnlockedUser-0_com.android.server.pm.PackageInstallerService$Lifecycle
09-24 00:13:01.585 1129 1233 D SystemServerTimingAsync: ssm.onUnlockedUser-0_com.android.server.pm.PackageInstallerService$Lifecycle took to complete: 0ms
09-24 00:13:01.585 1129 1233 I SystemServerTimingAsync: ssm.onUnlockedUser-0_com.android.server.pm.UserManagerService$LifeCycle
09-24 00:13:01.585 1129 1233 D SystemServerTimingAsync: ssm.onUnlockedUser-0_com.android.server.pm.UserManagerService$LifeCycle took to complete: 0ms
09-24 00:13:01.585 1129 1233 I SystemServerTimingAsync: ssm.onUnlockedUser-0_com.android.server.om.OverlayManagerService
09-24 00:13:01.585 1129 1233 D SystemServerTimingAsync: ssm.onUnlockedUser-0_com.android.server.om.OverlayManagerService took to complete: 0ms
09-24 00:13:01.585 1129 1233 I SystemServerTimingAsync: ssm.onUnlockedUser-0_com.android.server.SensorPrivacyService
09-24 00:13:01.586 1129 1233 D SystemServerTimingAsync: ssm.onUnlockedUser-0_com.android.server.SensorPrivacyService took to complete: 0ms
09-24 00:13:01.586 1129 1233 I SystemServerTimingAsync: ssm.onUnlockedUser-0_com.android.server.sensors.SensorService
09-24 00:13:01.586 1129 1233 D SystemServerTimingAsync: ssm.onUnlockedUser-0_com.android.server.sensors.SensorService took to complete: 0ms
09-24 00:13:01.586 1129 1233 I SystemServerTimingAsync: ssm.onUnlockedUser-0_com.android.server.SystemConfigService
09-24 00:13:01.586 1129 1233 D SystemServerTimingAsync: ssm.onUnlockedUser-0_com.android.server.SystemConfigService took to complete: 0ms
09-24 00:13:01.586 1129 1233 I SystemServerTimingAsync: ssm.onUnlockedUser-0_com.android.server.BatteryService
09-24 00:13:01.586 1129 1233 D SystemServerTimingAsync: ssm.onUnlockedUser-0_com.android.server.BatteryService took to complete: 0ms
09-24 00:13:01.586 1129 1233 I SystemServerTimingAsync: ssm.onUnlockedUser-0_com.android.server.usage.UsageStatsService
09-24 00:13:01.586 1129 1233 D SystemServerTimingAsync: ssm.onUnlockedUser-0_com.android.server.usage.UsageStatsService took to complete: 0ms
09-24 00:13:01.586 1129 1233 I SystemServerTimingAsync: ssm.onUnlockedUser-0_com.android.server.webkit.WebViewUpdateService
09-24 00:13:01.586 1129 1233 D SystemServerTimingAsync: ssm.onUnlockedUser-0_com.android.server.webkit.WebViewUpdateService took to complete: 0ms
09-24 00:13:01.586 1129 1233 I SystemServerTimingAsync: ssm.onUnlockedUser-0_com.android.server.CachedDeviceStateService
09-24 00:13:01.586 1129 1233 D SystemServerTimingAsync: ssm.onUnlockedUser-0_com.android.server.CachedDeviceStateService took to complete: 0ms
09-24 00:13:01.586 1129 1233 I SystemServerTimingAsync: ssm.onUnlockedUser-0_com.android.server.BinderCallsStatsService$LifeCycle
09-24 00:13:01.586 1129 1233 D SystemServerTimingAsync: ssm.onUnlockedUser-0_com.android.server.BinderCallsStatsService$LifeCycle took to complete: 0ms
09-24 00:13:01.586 1129 1233 I SystemServerTimingAsync: ssm.onUnlockedUser-0_com.android.server.LooperStatsService$Lifecycle
09-24 00:13:01.586 1129 1233 D SystemServerTimingAsync: ssm.onUnlockedUser-0_com.android.server.LooperStatsService$Lifecycle took to complete: 0ms
09-24 00:13:01.586 1129 1233 I SystemServerTimingAsync: ssm.onUnlockedUser-0_com.android.server.rollback.RollbackManagerService
09-24 00:13:01.586 1129 1233 D SystemServerTimingAsync: ssm.onUnlockedUser-0_com.android.server.rollback.RollbackManagerService took to complete: 0ms
09-24 00:13:01.587 1129 1233 I SystemServerTimingAsync: ssm.onUnlockedUser-0_com.android.server.os.NativeTombstoneManagerService
09-24 00:13:01.587 1129 1233 D SystemServerTimingAsync: ssm.onUnlockedUser-0_com.android.server.os.NativeTombstoneManagerService took to complete: 0ms
09-24 00:13:01.587 1129 1233 I SystemServerTimingAsync: ssm.onUnlockedUser-0_com.android.server.os.BugreportManagerService
09-24 00:13:01.587 1129 1233 D SystemServerTimingAsync: ssm.onUnlockedUser-0_com.android.server.os.BugreportManagerService took to complete: 0ms
09-24 00:13:01.587 1129 1233 I SystemServerTimingAsync: ssm.onUnlockedUser-0_com.android.server.gpu.GpuService
09-24 00:13:01.587 1129 1233 D SystemServerTimingAsync: ssm.onUnlockedUser-0_com.android.server.gpu.GpuService took to complete: 0ms
01-01 08:01:01.807 0 0 I : Remount options were mask=23,gid=9997 for vfsmnt ffffffc9014c7060.
01-01 08:01:01.807 0 0 I sdcardfs: options - debug:1
01-01 08:01:01.807 0 0 I sdcardfs: options - gid:9997
01-01 08:01:01.807 0 0 I sdcardfs: options - mask:23
01-01 08:01:01.809 0 0 I : Remount options were mask=7,gid=9997 for vfsmnt ffffffc90156b860.
01-01 08:01:01.809 0 0 I sdcardfs: options - debug:1
01-01 08:01:01.809 0 0 I sdcardfs: options - gid:9997
01-01 08:01:01.809 0 0 I sdcardfs: options - mask:7
01-01 08:01:01.810 0 0 I : Remount options were mask=7,gid=9997 for vfsmnt ffffffc901569560.
01-01 08:01:01.810 0 0 I sdcardfs: options - debug:1
01-01 08:01:01.810 0 0 I sdcardfs: options - gid:9997
01-01 08:01:01.810 0 0 I sdcardfs: options - mask:7
09-24 00:13:01.587 1129 1233 I SystemServerTimingAsync: ssm.onUnlockedUser-0_com.android.server.security.KeyChainSystemService
09-24 00:13:01.587 1129 1233 D SystemServerTimingAsync: ssm.onUnlockedUser-0_com.android.server.security.KeyChainSystemService took to complete: 0ms
09-24 00:13:01.587 1129 1233 I SystemServerTimingAsync: ssm.onUnlockedUser-0_com.android.server.telecom.TelecomLoaderService
09-24 00:13:01.587 1129 1233 D SystemServerTimingAsync: ssm.onUnlockedUser-0_com.android.server.telecom.TelecomLoaderService took to complete: 0ms
09-24 00:13:01.587 1129 1233 I SystemServerTimingAsync: ssm.onUnlockedUser-0_com.android.server.accounts.AccountManagerService$Lifecycle
09-24 00:13:01.587 1129 1233 D SystemServerTimingAsync: ssm.onUnlockedUser-0_com.android.server.accounts.AccountManagerService$Lifecycle took to complete: 0ms
09-24 00:13:01.587 1129 1233 I SystemServerTimingAsync: ssm.onUnlockedUser-0_com.android.server.content.ContentService$Lifecycle
09-24 00:13:01.587 1129 1233 D SystemServerTimingAsync: ssm.onUnlockedUser-0_com.android.server.content.ContentService$Lifecycle took to complete: 0ms
09-24 00:13:01.587 1129 1233 I SystemServerTimingAsync: ssm.onUnlockedUser-0_com.android.server.DropBoxManagerService
09-24 00:13:01.587 1129 1233 D SystemServerTimingAsync: ssm.onUnlockedUser-0_com.android.server.DropBoxManagerService took to complete: 0ms
09-24 00:13:01.587 1129 1233 I SystemServerTimingAsync: ssm.onUnlockedUser-0_com.android.role.RoleService
09-24 00:13:01.587 1129 1233 D SystemServerTimingAsync: ssm.onUnlockedUser-0_com.android.role.RoleService took to complete: 0ms
09-24 00:13:01.588 1129 1233 I SystemServerTimingAsync: ssm.onUnlockedUser-0_com.android.server.vibrator.VibratorManagerService$Lifecycle
09-24 00:13:01.588 1129 1233 D SystemServerTimingAsync: ssm.onUnlockedUser-0_com.android.server.vibrator.VibratorManagerService$Lifecycle took to complete: 0ms
09-24 00:13:01.588 1129 1233 I SystemServerTimingAsync: ssm.onUnlockedUser-0_com.android.server.alarm.AlarmManagerService
09-24 00:13:01.588 1129 1233 D SystemServerTimingAsync: ssm.onUnlockedUser-0_com.android.server.alarm.AlarmManagerService took to complete: 0ms
09-24 00:13:01.588 1129 1233 I SystemServerTimingAsync: ssm.onUnlockedUser-0_com.android.server.devicestate.DeviceStateManagerService
09-24 00:13:01.588 1129 1233 D SystemServerTimingAsync: ssm.onUnlockedUser-0_com.android.server.devicestate.DeviceStateManagerService took to complete: 0ms
09-24 00:13:01.588 1129 1233 I SystemServerTimingAsync: ssm.onUnlockedUser-0_com.android.server.camera.CameraServiceProxy
09-24 00:13:01.588 1129 1233 D SystemServerTimingAsync: ssm.onUnlockedUser-0_com.android.server.camera.CameraServiceProxy took to complete: 0ms
09-24 00:13:01.588 1129 1233 I SystemServerTimingAsync: ssm.onUnlockedUser-0_com.android.server.BluetoothService
09-24 00:13:01.588 1129 1233 D SystemServerTimingAsync: ssm.onUnlockedUser-0_com.android.server.BluetoothService took to complete: 0ms
09-24 00:13:01.588 1129 1233 I SystemServerTimingAsync: ssm.onUnlockedUser-0_com.android.server.connectivity.IpConnectivityMetrics
09-24 00:13:01.588 1129 1233 D SystemServerTimingAsync: ssm.onUnlockedUser-0_com.android.server.connectivity.IpConnectivityMetrics took to complete: 0ms
09-24 00:13:01.588 1129 1233 I SystemServerTimingAsync: ssm.onUnlockedUser-0_com.android.server.net.watchlist.NetworkWatchlistService$Lifecycle
09-24 00:13:01.588 1129 1233 D SystemServerTimingAsync: ssm.onUnlockedUser-0_com.android.server.net.watchlist.NetworkWatchlistService$Lifecycle took to complete: 0ms
09-24 00:13:01.588 1129 1233 I SystemServerTimingAsync: ssm.onUnlockedUser-0_com.android.server.PinnerService
09-24 00:13:01.588 1129 1233 D SystemServerTimingAsync: ssm.onUnlockedUser-0_com.android.server.PinnerService took to complete: 0ms
09-24 00:13:01.588 1129 1233 I SystemServerTimingAsync: ssm.onUnlockedUser-0_com.google.android.startop.iorap.IorapForwardingService
09-24 00:13:01.592 1129 1233 D SystemServerTimingAsync: ssm.onUnlockedUser-0_com.google.android.startop.iorap.IorapForwardingService took to complete: 0ms
09-24 00:13:01.592 1129 1233 I SystemServerTimingAsync: ssm.onUnlockedUser-0_com.android.server.ActivityTriggerService
09-24 00:13:01.592 1129 1233 D SystemServerTimingAsync: ssm.onUnlockedUser-0_com.android.server.ActivityTriggerService took to complete: 0ms
09-24 00:13:01.592 1129 1233 I SystemServerTimingAsync: ssm.onUnlockedUser-0_com.android.server.integrity.AppIntegrityManagerService
09-24 00:13:01.592 1129 1233 D SystemServerTimingAsync: ssm.onUnlockedUser-0_com.android.server.integrity.AppIntegrityManagerService took to complete: 0ms
09-24 00:13:01.592 1129 1233 I SystemServerTimingAsync: ssm.onUnlockedUser-0_com.android.server.inputmethod.InputMethodManagerService$Lifecycle
09-24 00:13:01.592 1129 1233 D SystemServerTimingAsync: ssm.onUnlockedUser-0_com.android.server.inputmethod.InputMethodManagerService$Lifecycle took to complete: 0ms
09-24 00:13:01.592 1129 1233 I SystemServerTimingAsync: ssm.onUnlockedUser-0_com.android.server.accessibility.AccessibilityManagerService$Lifecycle
09-24 00:13:01.592 1129 1233 D SystemServerTimingAsync: ssm.onUnlockedUser-0_com.android.server.accessibility.AccessibilityManagerService$Lifecycle took to complete: 0ms
09-24 00:13:01.592 1129 1233 I SystemServerTimingAsync: ssm.onUnlockedUser-0_com.android.server.StorageManagerService$Lifecycle
09-24 00:13:01.592 1129 1233 D SystemServerTimingAsync: ssm.onUnlockedUser-0_com.android.server.StorageManagerService$Lifecycle took to complete: 0ms
09-24 00:13:01.592 1129 1233 I SystemServerTimingAsync: ssm.onUnlockedUser-0_com.android.server.usage.StorageStatsService$Lifecycle
09-24 00:13:01.592 1129 1233 D SystemServerTimingAsync: ssm.onUnlockedUser-0_com.android.server.usage.StorageStatsService$Lifecycle took to complete: 0ms
09-24 00:13:01.592 1129 1233 I SystemServerTimingAsync: ssm.onUnlockedUser-0_com.android.server.UiModeManagerService
09-24 00:13:01.593 1129 1233 D SystemServerTimingAsync: ssm.onUnlockedUser-0_com.android.server.UiModeManagerService took to complete: 0ms
09-24 00:13:01.593 1129 1233 I SystemServerTimingAsync: ssm.onUnlockedUser-0_com.android.server.locksettings.LockSettingsService$Lifecycle
09-24 00:13:01.593 1129 1233 D SystemServerTimingAsync: ssm.onUnlockedUser-0_com.android.server.locksettings.LockSettingsService$Lifecycle took to complete: 0ms
09-24 00:13:01.593 1129 1233 I SystemServerTimingAsync: ssm.onUnlockedUser-0_com.android.server.PersistentDataBlockService
09-24 00:13:01.593 1129 1233 D SystemServerTimingAsync: ssm.onUnlockedUser-0_com.android.server.PersistentDataBlockService took to complete: 0ms
09-24 00:13:01.593 1129 1233 I SystemServerTimingAsync: ssm.onUnlockedUser-0_com.android.server.testharness.TestHarnessModeService
09-24 00:13:01.593 1129 1233 D SystemServerTimingAsync: ssm.onUnlockedUser-0_com.android.server.testharness.TestHarnessModeService took to complete: 0ms
09-24 00:13:01.593 1129 1233 I SystemServerTimingAsync: ssm.onUnlockedUser-0_com.android.server.oemlock.OemLockService
09-24 00:13:01.593 1129 1233 D SystemServerTimingAsync: ssm.onUnlockedUser-0_com.android.server.oemlock.OemLockService took to complete: 0ms
09-24 00:13:01.593 1129 1233 I SystemServerTimingAsync: ssm.onUnlockedUser-0_com.android.server.DeviceIdleController
09-24 00:13:01.593 1129 1233 D SystemServerTimingAsync: ssm.onUnlockedUser-0_com.android.server.DeviceIdleController took to complete: 0ms
09-24 00:13:01.593 1129 1233 I SystemServerTimingAsync: ssm.onUnlockedUser-0_com.android.server.devicepolicy.DevicePolicyManagerService$Lifecycle
09-24 00:13:01.593 1129 1233 D SystemServerTimingAsync: ssm.onUnlockedUser-0_com.android.server.devicepolicy.DevicePolicyManagerService$Lifecycle took to complete: 1ms
09-24 00:13:01.593 1129 1233 I SystemServerTimingAsync: ssm.onUnlockedUser-0_com.android.server.texttospeech.TextToSpeechManagerService
09-24 00:13:01.593 1129 1233 D SystemServerTimingAsync: ssm.onUnlockedUser-0_com.android.server.texttospeech.TextToSpeechManagerService took to complete: 0ms
09-24 00:13:01.593 1129 1233 I SystemServerTimingAsync: ssm.onUnlockedUser-0_com.android.server.speech.SpeechRecognitionManagerService
09-24 00:13:01.593 1129 1233 D SystemServerTimingAsync: ssm.onUnlockedUser-0_com.android.server.speech.SpeechRecognitionManagerService took to complete: 0ms
09-24 00:13:01.594 1129 1233 I SystemServerTimingAsync: ssm.onUnlockedUser-0_com.android.server.searchui.SearchUiManagerService
09-24 00:13:01.594 1129 1233 D SystemServerTimingAsync: ssm.onUnlockedUser-0_com.android.server.searchui.SearchUiManagerService took to complete: 0ms
09-24 00:13:01.594 1129 1233 I SystemServerTimingAsync: ssm.onUnlockedUser-0_com.android.server.smartspace.SmartspaceManagerService
09-24 00:13:01.594 1129 1233 D SystemServerTimingAsync: ssm.onUnlockedUser-0_com.android.server.smartspace.SmartspaceManagerService took to complete: 0ms
09-24 00:13:01.595 1129 1233 I SystemServerTimingAsync: ssm.onUnlockedUser-0_com.android.server.graphics.fonts.FontManagerService$Lifecycle
09-24 00:13:01.595 1129 1233 D SystemServerTimingAsync: ssm.onUnlockedUser-0_com.android.server.graphics.fonts.FontManagerService$Lifecycle took to complete: 0ms
09-24 00:13:01.595 1129 1233 I SystemServerTimingAsync: ssm.onUnlockedUser-0_com.android.server.textservices.TextServicesManagerService$Lifecycle
09-24 00:13:01.595 1129 1233 D SystemServerTimingAsync: ssm.onUnlockedUser-0_com.android.server.textservices.TextServicesManagerService$Lifecycle took to complete: 0ms
09-24 00:13:01.595 1129 1233 I SystemServerTimingAsync: ssm.onUnlockedUser-0_com.android.server.textclassifier.TextClassificationManagerService$Lifecycle
09-24 00:13:01.595 1129 1233 D SystemServerTimingAsync: ssm.onUnlockedUser-0_com.android.server.textclassifier.TextClassificationManagerService$Lifecycle took to complete: 0ms
09-24 00:13:01.595 1129 1233 I SystemServerTimingAsync: ssm.onUnlockedUser-0_com.android.server.NetworkScoreService$Lifecycle
09-24 00:13:01.595 1129 1233 D SystemServerTimingAsync: ssm.onUnlockedUser-0_com.android.server.NetworkScoreService$Lifecycle took to complete: 0ms
09-24 00:13:01.595 1129 1233 I SystemServerTimingAsync: ssm.onUnlockedUser-0_com.android.server.wifi.WifiService
09-24 00:13:01.595 1129 1233 D SystemServerTimingAsync: ssm.onUnlockedUser-0_com.android.server.wifi.WifiService took to complete: 0ms
09-24 00:13:01.596 1129 1129 V NotificationAssistants: enabling notification assistant for 0: ComponentInfo{android.ext.services/android.ext.services.notification.Assistant}
09-24 00:13:01.596 1129 2452 W StorageManagerService: Reporting emulated;0 unmounted due to system locked
09-24 00:13:01.597 1129 1129 V NotificationAssistants: binding: Intent { act=android.service.notification.NotificationAssistantService cmp=android.ext.services/.notification.Assistant (has extras) }
09-24 00:13:01.600 1129 1233 I SystemServerTimingAsync: ssm.onUnlockedUser-0_com.android.server.wifi.scanner.WifiScanningService
09-24 00:13:01.600 1129 1233 D SystemServerTimingAsync: ssm.onUnlockedUser-0_com.android.server.wifi.scanner.WifiScanningService took to complete: 0ms
09-24 00:13:01.601 1129 1233 I SystemServerTimingAsync: ssm.onUnlockedUser-0_com.android.server.wifi.rtt.RttService
09-24 00:13:01.601 1129 1233 D SystemServerTimingAsync: ssm.onUnlockedUser-0_com.android.server.wifi.rtt.RttService took to complete: 0ms
09-24 00:13:01.601 1129 1233 I SystemServerTimingAsync: ssm.onUnlockedUser-0_com.android.server.wifi.aware.WifiAwareService
09-24 00:13:01.601 1129 1233 D SystemServerTimingAsync: ssm.onUnlockedUser-0_com.android.server.wifi.aware.WifiAwareService took to complete: 0ms
09-24 00:13:01.601 1129 1233 I SystemServerTimingAsync: ssm.onUnlockedUser-0_com.android.server.wifi.p2p.WifiP2pService
09-24 00:13:01.601 1129 1233 D SystemServerTimingAsync: ssm.onUnlockedUser-0_com.android.server.wifi.p2p.WifiP2pService took to complete: 0ms
09-24 00:13:01.601 1129 1233 I SystemServerTimingAsync: ssm.onUnlockedUser-0_com.android.server.ethernet.EthernetService
09-24 00:13:01.601 1129 1233 D SystemServerTimingAsync: ssm.onUnlockedUser-0_com.android.server.ethernet.EthernetService took to complete: 0ms
09-24 00:13:01.601 1129 1233 I SystemServerTimingAsync: ssm.onUnlockedUser-0_com.android.server.ConnectivityServiceInitializer
09-24 00:13:01.601 1129 1233 D SystemServerTimingAsync: ssm.onUnlockedUser-0_com.android.server.ConnectivityServiceInitializer took to complete: 0ms
09-24 00:13:01.601 1129 1233 I SystemServerTimingAsync: ssm.onUnlockedUser-0_com.android.server.notification.NotificationManagerService
09-24 00:13:01.601 1129 1233 D SystemServerTimingAsync: ssm.onUnlockedUser-0_com.android.server.notification.NotificationManagerService took to complete: 0ms
09-24 00:13:01.601 1129 1233 I SystemServerTimingAsync: ssm.onUnlockedUser-0_com.android.server.storage.DeviceStorageMonitorService
09-24 00:13:01.601 1129 1233 D SystemServerTimingAsync: ssm.onUnlockedUser-0_com.android.server.storage.DeviceStorageMonitorService took to complete: 0ms
09-24 00:13:01.601 1129 1233 I SystemServerTimingAsync: ssm.onUnlockedUser-0_com.android.server.location.LocationManagerService$Lifecycle
09-24 00:13:01.601 1129 1233 D SystemServerTimingAsync: ssm.onUnlockedUser-0_com.android.server.location.LocationManagerService$Lifecycle took to complete: 0ms
09-24 00:13:01.601 1129 1233 I SystemServerTimingAsync: ssm.onUnlockedUser-0_com.android.server.timedetector.TimeDetectorService$Lifecycle
09-24 00:13:01.601 1129 1233 D SystemServerTimingAsync: ssm.onUnlockedUser-0_com.android.server.timedetector.TimeDetectorService$Lifecycle took to complete: 0ms
09-24 00:13:01.601 1129 1233 I SystemServerTimingAsync: ssm.onUnlockedUser-0_com.android.server.timezonedetector.TimeZoneDetectorService$Lifecycle
09-24 00:13:01.601 1129 1233 D SystemServerTimingAsync: ssm.onUnlockedUser-0_com.android.server.timezonedetector.TimeZoneDetectorService$Lifecycle took to complete: 0ms
09-24 00:13:01.601 1129 1233 I SystemServerTimingAsync: ssm.onUnlockedUser-0_com.android.server.timezonedetector.location.LocationTimeZoneManagerService$Lifecycle
09-24 00:13:01.602 1129 1233 D SystemServerTimingAsync: ssm.onUnlockedUser-0_com.android.server.timezonedetector.location.LocationTimeZoneManagerService$Lifecycle took to complete: 0ms
09-24 00:13:01.602 1129 1233 I SystemServerTimingAsync: ssm.onUnlockedUser-0_com.android.server.search.SearchManagerService$Lifecycle
09-24 00:13:01.602 1129 1233 D SystemServerTimingAsync: ssm.onUnlockedUser-0_com.android.server.search.SearchManagerService$Lifecycle took to complete: 0ms
09-24 00:13:01.602 1129 1233 I SystemServerTimingAsync: ssm.onUnlockedUser-0_com.android.server.wallpaper.WallpaperManagerService$Lifecycle
09-24 00:13:01.602 1129 1233 D SystemServerTimingAsync: ssm.onUnlockedUser-0_com.android.server.wallpaper.WallpaperManagerService$Lifecycle took to complete: 0ms
09-24 00:13:01.602 1129 1233 I SystemServerTimingAsync: ssm.onUnlockedUser-0_com.android.server.audio.AudioService$Lifecycle
09-24 00:13:01.602 1129 1233 D SystemServerTimingAsync: ssm.onUnlockedUser-0_com.android.server.audio.AudioService$Lifecycle took to complete: 0ms
09-24 00:13:01.602 1129 1233 I SystemServerTimingAsync: ssm.onUnlockedUser-0_com.android.server.soundtrigger_middleware.SoundTriggerMiddlewareService$Lifecycle
09-24 00:13:01.602 1129 1233 D SystemServerTimingAsync: ssm.onUnlockedUser-0_com.android.server.soundtrigger_middleware.SoundTriggerMiddlewareService$Lifecycle took to complete: 0ms
09-24 00:13:01.602 1129 1233 I SystemServerTimingAsync: ssm.onUnlockedUser-0_com.android.server.DockObserver
09-24 00:13:01.602 1129 1233 D SystemServerTimingAsync: ssm.onUnlockedUser-0_com.android.server.DockObserver took to complete: 0ms
09-24 00:13:01.602 1129 1233 I SystemServerTimingAsync: ssm.onUnlockedUser-0_com.android.server.midi.MidiService$Lifecycle
09-24 00:13:01.602 1129 1233 D SystemServerTimingAsync: ssm.onUnlockedUser-0_com.android.server.midi.MidiService$Lifecycle took to complete: 0ms
