09-24 00:16:02.230 1402 3877 D LOWI-9.0.0.87.a: [LOWI-Scan] BSS dc:77:4c:52:28:40 FREQ: 2462, cFreq1[40:80:160] = [0:0:0] cFreq2 = 0 Country Code = CN
09-24 00:16:02.230 1402 3877 D LOWI-9.0.0.87.a: [LOWI-Scan] BSS dc:77:4c:52:28:40 (wlan0) ASSO: NO AddInfo: 0x0, TSF 0, 00:03:53.708, RSSI: -162, CPL: 127, AGE: 820, SSID HiPhi-OTA, TSFDelta: 0xc5aede8b, TXRate: 0
09-24 00:16:02.230 1402 3877 D LOWI-9.0.0.87.a: [LOWIDiagLog] Log: lowiMeasResult->request: invalid null argument
09-24 00:16:02.230 1402 3877 I LOWI-9.0.0.87.a: [LOWI-Scan] lowi_close_record:Scan done in 160536ms, 42 APs in scan results
09-24 00:16:02.230 1402 3877 D LOWI-9.0.0.87.a: [LOWI-Scan] WipsScanUsingNL: passive scan cached 0, took 9743 ms, err 0
09-24 00:16:02.230 1402 3877 D LOWI-9.0.0.87.a: [LOWI-Scan] lowi_proc_req_passive_scan_with_live_meas - No WLAN Frames to be parsed
09-24 00:16:02.230 1402 3877 D LOWI-9.0.0.87.a: [LOWIScanResultReceiver] Send scan meas to listener
09-24 00:16:02.230 1402 3877 D LOWI-9.0.0.87.a: [LOWIScanResultReceiver] Enter passive listening mode
09-24 00:16:02.230 1402 3877 D LOWI-9.0.0.87.a: [LOWIWifiDriverInterface] getMeasurements - Passive listening mode
09-24 00:16:02.230 1402 3877 D LOWI-9.0.0.87.a: [LOWI-Scan] WipsScanUsingNL:wait -1 sec for netlink message
09-24 00:16:02.230 1402 1485 D LOWI-9.0.0.87.a: [LOWIEventReceiver] handleEvent:FROM:NA, TO:NA, REQ:NA, IREQ:NA, REQ_ID:0, RESP:NA, INFO:NA
09-24 00:16:02.230 1402 1485 D LOWI-9.0.0.87.a: [LOWIBackgroundScanMgr] isRspForBgScanMgr: evt(LOWI_NO_EVT) - not handled
09-24 00:16:02.230 1402 1485 D LOWI-9.0.0.87.a: [LOWIScheduler] manageMsg: NULL results or NULL request in results
09-24 00:16:02.231 1402 1485 D LOWI-9.0.0.87.a: [LOWIController] Measurements received
09-24 00:16:02.231 1402 1485 D LOWI-9.0.0.87.a: [LOWICacheManager] putInCache:Num of Meas to add: 42
09-24 00:16:02.233 1402 1485 D LOWI-9.0.0.87.a: [LOWIController] processMeasurementResults: No current Request. Cache measurements
09-24 00:16:02.233 1402 1485 D LOWI-9.0.0.87.a: [LOWIControllerExtn] sendLOWILpDiscoveryScanResponse: Not a discovery scan response
09-24 00:16:02.281 1129 1981 D SntpClient: request time failed: java.net.SocketTimeoutException: Poll timed out
09-24 00:16:02.294 2348 2348 D WifiDetailsPrefCtrl2: Update UI!
09-24 00:16:02.301 2348 2348 D WifiDetailsPrefCtrl2: Wifi Type 6
09-24 00:16:02.304 2348 2348 D DashboardFragment: Preference key is null in Controller WifiDetailPreferenceController2
01-01 08:04:02.672 0 0 D : mv2112_read_status
01-01 08:04:02.675 0 0 D mv2112_update_link: 3.0x901(1G): 0x80
01-01 08:04:02.681 0 0 D mv2112_update_link: 3.0x8109(100M): 0x0
01-01 08:04:02.686 0 0 D mv2112_update_link: link 0x0
01-01 08:04:02.690 0 0 D mv2112_read_status: autoneg is disabled
09-24 00:16:03.014 3990 3992 D dumpstate: Adjusting max progress from 7353 to 8090
09-24 00:16:03.053 665 679 I mpu_uart: [MSG-P:RECV]:No message received in 1000 ms
01-01 08:04:03.546 0 0 I init : starting service 'qvrd_vndr'...
01-01 08:04:03.555 0 0 I init : Created socket '/dev/socket/qvrservice_vndr', mode 660, user 1000, group 1000
01-01 08:04:03.570 0 0 I init : Created socket '/dev/socket/qvrservice_vndr_camera', mode 660, user 1000, group 1000
01-01 08:04:03.619 0 0 I init : starting service 'sxrd'...
09-24 00:16:03.452 6373 6373 F linker : CANNOT LINK EXECUTABLE "/vendor/bin/hw/qvrservice": library "vendor.qti.hardware.qxr-V1-ndk_platform.so" not found: needed by /vendor/lib64/libqvrservice.so in namespace (default)
01-01 08:04:03.645 0 0 I init : Service 'qvrd_vndr' (pid 6373) exited with status 1
01-01 08:04:03.651 0 0 I init : Sending signal 9 to service 'qvrd_vndr' (pid 6373) process group...
09-24 00:16:03.486 6374 6374 F linker : CANNOT LINK EXECUTABLE "/vendor/bin/hw/sxrservice": library "vendor.qti.hardware.qxr-V1-ndk_platform.so" not found: needed by main executable
01-01 08:04:03.696 0 0 D : mv2112_read_status
01-01 08:04:03.699 0 0 D mv2112_update_link: 3.0x901(1G): 0x80
01-01 08:04:03.706 0 0 D mv2112_update_link: 3.0x8109(100M): 0x0
01-01 08:04:03.711 0 0 D mv2112_update_link: link 0x0
01-01 08:04:03.715 0 0 D mv2112_read_status: autoneg is disabled
09-24 00:16:04.053 665 679 I mpu_uart: [MSG-P:RECV]:No message received in 1000 ms
09-24 00:16:04.072 665 678 I mpu_uart: [MSG-P:R]:recv sync frame timeout
01-01 08:04:04.720 0 0 D : mv2112_read_status
01-01 08:04:04.724 0 0 D mv2112_update_link: 3.0x901(1G): 0x80
01-01 08:04:04.730 0 0 D mv2112_update_link: 3.0x8109(100M): 0x0
01-01 08:04:04.735 0 0 D mv2112_update_link: link 0x0
01-01 08:04:04.739 0 0 D mv2112_read_status: autoneg is disabled
09-24 00:16:05.049 3990 3992 D dumpstate: Duration of 'for_each_pid(SMAPS OF ALL PROCESSES)': 60.26s
09-24 00:16:05.054 665 679 I mpu_uart: [MSG-P:RECV]:No message received in 1000 ms
09-24 00:16:05.547 3990 3992 D dumpstate: Adding dir /data/misc/nfc/logs (recursive: 1)
09-24 00:16:05.547 3990 3992 D dumpstate: AddAnrTraceDir(): dump_traces_file=/data/user_de/0/com.android.shell/files/bugreports/dumptrace_oKNrEh, anr_traces_dir=/data/anr
09-24 00:16:05.547 3990 3992 D dumpstate: Dumping current ANR traces (/data/user_de/0/com.android.shell/files/bugreports/dumptrace_oKNrEh) to the main bugreport entry
01-01 08:04:05.744 0 0 D : mv2112_read_status
01-01 08:04:05.747 0 0 D mv2112_update_link: 3.0x901(1G): 0x80
01-01 08:04:05.754 0 0 D mv2112_update_link: 3.0x8109(100M): 0x0
01-01 08:04:05.759 0 0 D mv2112_update_link: link 0x0
01-01 08:04:05.763 0 0 D mv2112_read_status: autoneg is disabled
09-24 00:16:05.698 6392 6392 D ProcessState: Binder ioctl to enable oneway spam detection failed: Invalid argument
01-01 08:04:05.883 0 0 I binder : 6392:6392 ioctl 40046210 7fe93ff0b4 returned -22
09-24 00:16:06.054 665 679 I mpu_uart: [MSG-P:RECV]:No message received in 1000 ms
01-01 08:04:06.768 0 0 D : mv2112_read_status
01-01 08:04:06.772 0 0 D mv2112_update_link: 3.0x901(1G): 0x80
01-01 08:04:06.777 0 0 D mv2112_update_link: 3.0x8109(100M): 0x0
01-01 08:04:06.782 0 0 D mv2112_update_link: link 0x0
01-01 08:04:06.786 0 0 D mv2112_read_status: autoneg is disabled
01-01 08:04:07.198 0 0 I init : starting service 'vendor.light-hal-2-0'...
09-24 00:16:07.055 665 679 I mpu_uart: [MSG-P:RECV]:No message received in 1000 ms
09-24 00:16:07.065 515 515 I hwservicemanager: getTransport: Cannot find entry android.hardware.light@2.0::ILight/default in either framework or device VINTF manifest.
09-24 00:16:07.070 6413 6413 E light : light_open lights keyboard failed: -22
09-24 00:16:07.070 6413 6413 E light : Light passthrough failed to load legacy HAL.
09-24 00:16:07.071 6413 6413 E light : light_open lights buttons failed: -22
09-24 00:16:07.071 6413 6413 E light : Light passthrough failed to load legacy HAL.
09-24 00:16:07.072 665 678 I mpu_uart: [MSG-P:R]:recv sync frame timeout
09-24 00:16:07.075 6413 6413 E light : light_open lights bluetooth failed: -22
09-24 00:16:07.075 6413 6413 E light : Light passthrough failed to load legacy HAL.
09-24 00:16:07.075 6413 6413 E light : light_open lights wifi failed: -22
09-24 00:16:07.075 6413 6413 E light : Light passthrough failed to load legacy HAL.
09-24 00:16:07.077 515 515 I hwservicemanager: getTransport: Cannot find entry android.hardware.light@2.0::ILight/default in either framework or device VINTF manifest.
09-24 00:16:07.077 6413 6413 E HidlServiceManagement: Service android.hardware.light@2.0::ILight/default must be in VINTF manifest in order to register/get.
09-24 00:16:07.077 6413 6413 E LegacySupport: Could not register service android.hardware.light@2.0::ILight/default (-2147483648).
01-01 08:04:07.271 0 0 I init : Service 'vendor.light-hal-2-0' (pid 6413) exited with status 0
01-01 08:04:07.280 0 0 I init : Sending signal 9 to service 'vendor.light-hal-2-0' (pid 6413) process group...
01-01 08:04:07.290 0 0 I libprocessgroup: Successfully killed process cgroup uid 1000 pid 6413 in 0ms
09-24 00:16:07.232 3990 3992 D dumpstate: Duration of 'DUMP ROUTE TABLES': 1.06s
09-24 00:16:07.290 1129 1981 D SntpClient: request time failed: java.net.SocketTimeoutException: Poll timed out
09-24 00:16:07.457 1129 2029 D ActivityManager: freezer override set to true
01-01 08:04:07.792 0 0 D : mv2112_read_status
01-01 08:04:07.796 0 0 D mv2112_update_link: 3.0x901(1G): 0x80
01-01 08:04:07.801 0 0 D mv2112_update_link: 3.0x8109(100M): 0x0
01-01 08:04:07.806 0 0 D mv2112_update_link: link 0x0
01-01 08:04:07.811 0 0 D mv2112_read_status: autoneg is disabled
09-24 00:16:07.719 2348 5244 I ndroid.setting: Explicit concurrent copying GC freed 251206(8272KB) AllocSpace objects, 7(236KB) LOS objects, 49% free, 9433KB/18MB, paused 188us,25us total 119.378ms
09-24 00:16:07.823 1888 2839 I droid.bluetoot: Explicit concurrent copying GC freed 2490(282KB) AllocSpace objects, 1(20KB) LOS objects, 49% free, 2368KB/4736KB, paused 126us,127us total 42.630ms
09-24 00:16:07.965 2777 3871 I ethod.sogou.ca: Explicit concurrent copying GC freed 257(62KB) AllocSpace objects, 1(20KB) LOS objects, 24% free, 2299KB/3065KB, paused 353us,56us total 47.887ms
09-24 00:16:08.055 665 679 I mpu_uart: [MSG-P:RECV]:No message received in 1000 ms
09-24 00:16:08.173 2410 2786 I droid.launcher: Explicit concurrent copying GC freed 993(112KB) AllocSpace objects, 1(20KB) LOS objects, 49% free, 4395KB/8791KB, paused 170us,38us total 68.055ms
09-24 00:16:08.298 2668 6083 I droid.deskcloc: Explicit concurrent copying GC freed 237(29KB) AllocSpace objects, 0(0B) LOS objects, 24% free, 2273KB/3031KB, paused 163us,33us total 45.564ms
01-01 08:04:08.609 0 0 I init : starting service 'qvrd_vndr'...
01-01 08:04:08.617 0 0 I init : Created socket '/dev/socket/qvrservice_vndr', mode 660, user 1000, group 1000
01-01 08:04:08.631 0 0 I init : Created socket '/dev/socket/qvrservice_vndr_camera', mode 660, user 1000, group 1000
09-24 00:16:08.450 2979 3244 I FuseDaemon: Explicit concurrent copying GC freed 623(64KB) AllocSpace objects, 1(20KB) LOS objects, 49% free, 2164KB/4329KB, paused 37us,11us total 7.627ms
01-01 08:04:08.676 0 0 I init : starting service 'sxrd'...
09-24 00:16:08.511 6426 6426 F linker : CANNOT LINK EXECUTABLE "/vendor/bin/hw/qvrservice": library "vendor.qti.hardware.qxr-V1-ndk_platform.so" not found: needed by /vendor/lib64/libqvrservice.so in namespace (default)
01-01 08:04:08.703 0 0 I init : Service 'qvrd_vndr' (pid 6426) exited with status 1
01-01 08:04:08.710 0 0 I init : Sending signal 9 to service 'qvrd_vndr' (pid 6426) process group...
09-24 00:16:08.530 2492 5349 I .qti.qccauthmg: Explicit concurrent copying GC freed 193(32KB) AllocSpace objects, 1(20KB) LOS objects, 24% free, 1929KB/2573KB, paused 72us,24us total 26.916ms
09-24 00:16:08.549 6428 6428 F linker : CANNOT LINK EXECUTABLE "/vendor/bin/hw/sxrservice": library "vendor.qti.hardware.qxr-V1-ndk_platform.so" not found: needed by main executable
01-01 08:04:08.816 0 0 D : mv2112_read_status
01-01 08:04:08.819 0 0 D mv2112_update_link: 3.0x901(1G): 0x80
01-01 08:04:08.825 0 0 D mv2112_update_link: 3.0x8109(100M): 0x0
01-01 08:04:08.830 0 0 D mv2112_update_link: link 0x0
01-01 08:04:08.834 0 0 D mv2112_read_status: autoneg is disabled
09-24 00:16:08.722 3517 3957 I ssioncontrolle: Explicit concurrent copying GC freed 171(31KB) AllocSpace objects, 1(20KB) LOS objects, 24% free, 2558KB/3411KB, paused 165us,37us total 50.194ms
09-24 00:16:08.893 3212 3228 I android.traceu: Explicit concurrent copying GC freed 162(31KB) AllocSpace objects, 1(20KB) LOS objects, 24% free, 1928KB/2571KB, paused 157us,20us total 27.304ms
09-24 00:16:09.056 665 679 I mpu_uart: [MSG-P:RECV]:No message received in 1000 ms
09-24 00:16:09.076 3970 3986 I m.android.shel: Explicit concurrent copying GC freed 37750(1253KB) AllocSpace objects, 1(20KB) LOS objects, 49% free, 1936KB/3873KB, paused 165us,26us total 33.323ms
09-24 00:16:09.192 3809 3824 I trustzoneacces: Explicit concurrent copying GC freed 142(31KB) AllocSpace objects, 1(20KB) LOS objects, 24% free, 1934KB/2578KB, paused 73us,24us total 17.398ms
09-24 00:16:09.366 2396 2425 I id.ext.service: Explicit concurrent copying GC freed 6265(315KB) AllocSpace objects, 1(20KB) LOS objects, 49% free, 2006KB/4013KB, paused 164us,45us total 38.085ms
09-24 00:16:09.514 3541 3558 I viders.calenda: Explicit concurrent copying GC freed 191(31KB) AllocSpace objects, 1(20KB) LOS objects, 24% free, 1972KB/2629KB, paused 160us,25us total 38.824ms
01-01 08:04:09.840 0 0 D : mv2112_read_status
01-01 08:04:09.843 0 0 D mv2112_update_link: 3.0x901(1G): 0x80
01-01 08:04:09.849 0 0 D mv2112_update_link: 3.0x8109(100M): 0x0
01-01 08:04:09.854 0 0 D mv2112_update_link: link 0x0
01-01 08:04:09.858 0 0 D mv2112_read_status: autoneg is disabled
09-24 00:16:09.675 3283 3840 I d.process.medi: Explicit concurrent copying GC freed 191(31KB) AllocSpace objects, 1(20KB) LOS objects, 24% free, 1982KB/2642KB, paused 109us,20us total 22.782ms
09-24 00:16:09.849 3650 3667 I externalstorag: Explicit concurrent copying GC freed 147(31KB) AllocSpace objects, 1(20KB) LOS objects, 24% free, 1919KB/2558KB, paused 71us,23us total 28.887ms
09-24 00:16:10.006 3121 3154 I omm.qtil.aptxu: Explicit concurrent copying GC freed 158(31KB) AllocSpace objects, 1(20KB) LOS objects, 24% free, 1919KB/2559KB, paused 76us,33us total 27.128ms
09-24 00:16:10.056 665 679 I mpu_uart: [MSG-P:RECV]:No message received in 1000 ms
09-24 00:16:10.076 665 678 I mpu_uart: [MSG-P:R]:recv sync frame timeout
09-24 00:16:10.175 3630 3645 I nectionsecurit: Explicit concurrent copying GC freed 153(31KB) AllocSpace objects, 1(20KB) LOS objects, 24% free, 1919KB/2559KB, paused 254us,42us total 29.076ms
09-24 00:16:10.342 1129 1162 I WifiService: startScan uid=1000
09-24 00:16:10.353 1402 3877 D LOWI-9.0.0.87.a: [LOWI-Scan] wait_event:Wait done with Cmd 33
09-24 00:16:10.353 1402 3877 D LOWI-9.0.0.87.a: [LOWI-Scan] do_listen_events: Rcvd valid Netlink Cmd 0 Err 0
09-24 00:16:10.357 3103 3132 I omm.location.X: Explicit concurrent copying GC freed 154(47KB) AllocSpace objects, 1(20KB) LOS objects, 49% free, 1951KB/3903KB, paused 191us,24us total 29.227ms
01-01 08:04:10.605 0 0 I [schedu][0x11e986b97][00:16:10.413750] wlan: [3749:I:OSIF] scan start scan id 40985
09-24 00:16:10.471 1129 1162 I WifiService: startScan uid=1000
09-24 00:16:10.513 3583 3598 I m.android.phon: Explicit concurrent copying GC freed 158(31KB) AllocSpace objects, 1(20KB) LOS objects, 24% free, 1916KB/2554KB, paused 82us,24us total 29.667ms
09-24 00:16:10.658 3496 3512 I ackageinstalle: Explicit concurrent copying GC freed 158(31KB) AllocSpace objects, 1(20KB) LOS objects, 24% free, 1912KB/2549KB, paused 128us,21us total 24.482ms
01-01 08:04:10.864 0 0 D : mv2112_read_status
01-01 08:04:10.867 0 0 D mv2112_update_link: 3.0x901(1G): 0x80
01-01 08:04:10.873 0 0 D mv2112_update_link: 3.0x8109(100M): 0x0
01-01 08:04:10.878 0 0 D mv2112_update_link: link 0x0
01-01 08:04:10.882 0 0 D mv2112_read_status: autoneg is disabled
09-24 00:16:10.808 3474 3490 I timeinitialize: Explicit concurrent copying GC freed 143(31KB) AllocSpace objects, 1(20KB) LOS objects, 24% free, 1908KB/2544KB, paused 79us,20us total 16.710ms
09-24 00:16:10.969 3450 3465 I gedprovisionin: Explicit concurrent copying GC freed 162(31KB) AllocSpace objects, 1(20KB) LOS objects, 24% free, 2036KB/2714KB, paused 90us,17us total 19.201ms
09-24 00:16:11.057 665 679 I mpu_uart: [MSG-P:RECV]:No message received in 1000 ms
09-24 00:16:11.132 3428 3444 I ystem:dynsyste: Explicit concurrent copying GC freed 145(31KB) AllocSpace objects, 1(20KB) LOS objects, 24% free, 1912KB/2549KB, paused 91us,24us total 20.396ms
09-24 00:16:11.301 3407 3423 I droid.dynsyste: Explicit concurrent copying GC freed 145(31KB) AllocSpace objects, 1(20KB) LOS objects, 24% free, 1908KB/2544KB, paused 100us,30us total 26.128ms
09-24 00:16:11.471 3360 3841 I d.process.acor: Explicit concurrent copying GC freed 195(48KB) AllocSpace objects, 1(20KB) LOS objects, 24% free, 2292KB/3056KB, paused 75us,23us total 26.074ms
09-24 00:16:11.623 3359 3374 I ndroid.calenda: Explicit concurrent copying GC freed 157(31KB) AllocSpace objects, 1(20KB) LOS objects, 24% free, 1914KB/2552KB, paused 71us,17us total 14.472ms
01-01 08:04:11.888 0 0 D : mv2112_read_status
01-01 08:04:11.891 0 0 D mv2112_update_link: 3.0x901(1G): 0x80
01-01 08:04:11.896 0 0 D mv2112_update_link: 3.0x8109(100M): 0x0
01-01 08:04:11.902 0 0 D mv2112_update_link: link 0x0
01-01 08:04:11.907 0 0 D mv2112_read_status: autoneg is disabled
09-24 00:16:11.786 3334 3842 I .localtranspor: Explicit concurrent copying GC freed 146(31KB) AllocSpace objects, 1(20KB) LOS objects, 24% free, 1916KB/2555KB, paused 72us,19us total 15.185ms
09-24 00:16:11.948 3301 3333 I ti.diagservice: Explicit concurrent copying GC freed 141(31KB) AllocSpace objects, 1(20KB) LOS objects, 24% free, 1914KB/2552KB, paused 71us,28us total 15.142ms
01-01 08:04:12.222 0 0 I init : starting service 'vendor.light-hal-2-0'...
09-24 00:16:12.057 665 679 I mpu_uart: [MSG-P:RECV]:No message received in 1000 ms
09-24 00:16:12.098 515 515 I hwservicemanager: getTransport: Cannot find entry android.hardware.light@2.0::ILight/default in either framework or device VINTF manifest.
09-24 00:16:12.101 6450 6450 E light : light_open lights keyboard failed: -22
09-24 00:16:12.101 6450 6450 E light : Light passthrough failed to load legacy HAL.
09-24 00:16:12.102 6450 6450 E light : light_open lights buttons failed: -22
09-24 00:16:12.102 6450 6450 E light : Light passthrough failed to load legacy HAL.
09-24 00:16:12.105 6450 6450 E light : light_open lights bluetooth failed: -22
09-24 00:16:12.105 6450 6450 E light : Light passthrough failed to load legacy HAL.
09-24 00:16:12.105 3247 3264 I alcomm.qti.qmm: Explicit concurrent copying GC freed 153(31KB) AllocSpace objects, 1(20KB) LOS objects, 24% free, 1911KB/2548KB, paused 72us,21us total 16.076ms
09-24 00:16:12.105 6450 6450 E light : light_open lights wifi failed: -22
09-24 00:16:12.105 6450 6450 E light : Light passthrough failed to load legacy HAL.
09-24 00:16:12.106 515 515 I hwservicemanager: getTransport: Cannot find entry android.hardware.light@2.0::ILight/default in either framework or device VINTF manifest.
09-24 00:16:12.106 6450 6450 E HidlServiceManagement: Service android.hardware.light@2.0::ILight/default must be in VINTF manifest in order to register/get.
09-24 00:16:12.106 6450 6450 E LegacySupport: Could not register service android.hardware.light@2.0::ILight/default (-2147483648).
01-01 08:04:12.300 0 0 I init : Service 'vendor.light-hal-2-0' (pid 6450) exited with status 0
01-01 08:04:12.308 0 0 I init : Sending signal 9 to service 'vendor.light-hal-2-0' (pid 6450) process group...
01-01 08:04:12.319 0 0 I libprocessgroup: Successfully killed process cgroup uid 1000 pid 6450 in 1ms
09-24 00:16:12.261 2945 3010 I ndroid.keychai: Explicit concurrent copying GC freed 162(31KB) AllocSpace objects, 1(20KB) LOS objects, 24% free, 1911KB/2549KB, paused 73us,21us total 14.890ms
09-24 00:16:12.311 1129 1981 D SntpClient: request time failed: java.net.SocketTimeoutException: Poll timed out
09-24 00:16:12.324 1402 3877 D LOWI-9.0.0.87.a: [LOWI-Scan] wait_event:Wait done with Cmd 34
09-24 00:16:12.324 1402 3877 D LOWI-9.0.0.87.a: [LOWI-Scan] do_listen_events: Rcvd valid Netlink Cmd 34 Err 0
09-24 00:16:12.325 1129 1162 D WifiNl80211Manager: Scan result ready event
09-24 00:16:12.325 1129 1162 D WifiNative: Scan result ready event
09-24 00:16:12.325 1402 3877 D LOWI-9.0.0.87.a: [LOWI-Scan]
09-24 00:16:12.325 1402 3877 D LOWI-9.0.0.87.a: [LOWI-Scan] print_bss_handler: Report beacon TSF 242809606 as it greater than probe TSF 242794283
09-24 00:16:12.325 1402 3877 D LOWI-9.0.0.87.a: [LOWI-Scan] decode_rsn_wpa_ie: LOWI_ENCRYPTION_TYPE_WPA_PSK
09-24 00:16:12.326 1402 3877 D LOWI-9.0.0.87.a: [LOWI-Scan] is_qcom_ie, bss_age: 0
09-24 00:16:12.326 1402 3877 D LOWI-9.0.0.87.a: [LOWI-Scan] BSS 3c:51:0e:47:7c:20 LOWI_PHY_MODE_11NG_HT20(5), Beacon Interval: 100, LOWI_ENCRYPTION_TYPE_WPA_PSK 11mcRanging: No, ANQP: No, LCI: No, Civic: No, capability(0x1111): ESS Privacy SpectrumMgmt
09-24 00:16:12.326 1402 3877 D LOWI-9.0.0.87.a: [LOWI-Scan] BSS 3c:51:0e:47:7c:20 FREQ: 2412, cFreq1[40:80:160] = [0:0:0] cFreq2 = 0 Country Code = CN
09-24 00:16:12.326 1402 3877 D LOWI-9.0.0.87.a: [LOWI-Scan] BSS 3c:51:0e:47:7c:20 (wlan0) ASSO: NO AddInfo: 0x1, TSF 0, 00:04:02.809, RSSI: -142, CPL: 127, AGE: 1852, SSID HiPhi-PDI, TSFDelta: 0xa764dd8e, TXRate: 0
09-24 00:16:12.326 1402 3877 D LOWI-9.0.0.87.a: [LOWI-Scan]
09-24 00:16:12.326 1402 3877 D LOWI-9.0.0.87.a: [LOWI-Scan] print_bss_handler: Report Probe TSF 242839389 as it greater than Beacon TSF 242770903
09-24 00:16:12.326 1402 3877 D LOWI-9.0.0.87.a: [LOWI-Scan] decode_rsn_wpa_ie: LOWI_ENCRYPTION_TYPE_WPA_PSK
09-24 00:16:12.326 1402 3877 D LOWI-9.0.0.87.a: [LOWI-Scan] is_qcom_ie, bss_age: 0
09-24 00:16:12.326 1402 3877 D LOWI-9.0.0.87.a: [LOWI-Scan] BSS b8:11:4b:7f:ed:00 LOWI_PHY_MODE_11NG_HT20(5), Beacon Interval: 100, LOWI_ENCRYPTION_TYPE_WPA_PSK 11mcRanging: No, ANQP: No, LCI: No, Civic: No, capability(0x1111): ESS Privacy SpectrumMgmt
09-24 00:16:12.326 1402 3877 D LOWI-9.0.0.87.a: [LOWI-Scan] BSS b8:11:4b:7f:ed:00 FREQ: 2412, cFreq1[40:80:160] = [0:0:0] cFreq2 = 0 Country Code = CN
09-24 00:16:12.326 1402 3877 D LOWI-9.0.0.87.a: [LOWI-Scan] BSS b8:11:4b:7f:ed:00 (wlan0) ASSO: NO AddInfo: 0x0, TSF 0, 00:04:02.839, RSSI: -130, CPL: 127, AGE: 1824, SSID HiPhi-OTA, TSFDelta: 0xda5f467a, TXRate: 0
09-24 00:16:12.327 1402 3877 D LOWI-9.0.0.87.a: [LOWI-Scan]
09-24 00:16:12.327 1402 3877 D LOWI-9.0.0.87.a: [LOWI-Scan] print_bss_handler: Report Probe TSF 242845514 as it greater than Beacon TSF 232791405
09-24 00:16:12.327 1402 3877 D LOWI-9.0.0.87.a: [LOWI-Scan] decode_rsn_wpa_ie: LOWI_ENCRYPTION_TYPE_WPA_PSK
09-24 00:16:12.327 1402 3877 D LOWI-9.0.0.87.a: [LOWI-Scan] is_qcom_ie, bss_age: 0
09-24 00:16:12.327 1402 3877 D LOWI-9.0.0.87.a: [LOWI-Scan] BSS b8:11:4b:7f:e8:20 LOWI_PHY_MODE_11NG_HT20(5), Beacon Interval: 100, LOWI_ENCRYPTION_TYPE_WPA_PSK 11mcRanging: No, ANQP: No, LCI: No, Civic: No, capability(0x1111): ESS Privacy SpectrumMgmt
09-24 00:16:12.327 1402 3877 D LOWI-9.0.0.87.a: [LOWI-Scan] BSS b8:11:4b:7f:e8:20 FREQ: 2412, cFreq1[40:80:160] = [0:0:0] cFreq2 = 0 Country Code = CN
09-24 00:16:12.327 1402 3877 D LOWI-9.0.0.87.a: [LOWI-Scan] BSS b8:11:4b:7f:e8:20 (wlan0) ASSO: NO AddInfo: 0x0, TSF 0, 00:04:02.845, RSSI: -150, CPL: 127, AGE: 1816, SSID HiPhi-OTA, TSFDelta: 0xaa801669, TXRate: 0
09-24 00:16:12.327 1402 3877 D LOWI-9.0.0.87.a: [LOWI-Scan]
09-24 00:16:12.327 1402 3877 D LOWI-9.0.0.87.a: [LOWI-Scan] print_bss_handler: Report Probe TSF 243163092 as it greater than Beacon TSF 97701579
09-24 00:16:12.327 1402 3877 D LOWI-9.0.0.87.a: [LOWI-Scan] decode_rsn_wpa_ie: LOWI_ENCRYPTION_TYPE_WPA_PSK
09-24 00:16:12.327 1402 3877 D LOWI-9.0.0.87.a: [LOWI-Scan] is_qcom_ie, bss_age: 0
09-24 00:16:12.327 1402 3877 D LOWI-9.0.0.87.a: [LOWI-Scan] BSS 3c:51:0e:2e:ae:8f LOWI_PHY_MODE_11AC_VHT40(9), Beacon Interval: 100, LOWI_ENCRYPTION_TYPE_WPA_PSK 11mcRanging: No, ANQP: No, LCI: No, Civic: No, capability(0x1111): ESS Privacy SpectrumMgmt
09-24 00:16:12.327 1402 3877 D LOWI-9.0.0.87.a: [LOWI-Scan] BSS 3c:51:0e:2e:ae:8f FREQ: 5220, cFreq1[40:80:160] = [5230:0:0] cFreq2 = 0 Country Code = CN
09-24 00:16:12.327 1402 3877 D LOWI-9.0.0.87.a: [LOWI-Scan] BSS 3c:51:0e:2e:ae:8f (wlan0) ASSO: NO AddInfo: 0x0, TSF 0, 00:04:03.163, RSSI: -162, CPL: 127, AGE: 1500, SSID HiPhi-PDI, TSFDelta: 0xb5afe260, TXRate: 0
09-24 00:16:12.328 1402 3877 D LOWI-9.0.0.87.a: [LOWI-Scan]
09-24 00:16:12.328 1402 3877 D LOWI-9.0.0.87.a: [LOWI-Scan] print_bss_handler: Report beacon TSF 242786430 as it greater than probe TSF 232802313
09-24 00:16:12.328 1402 3877 D LOWI-9.0.0.87.a: [LOWI-Scan] decode_rsn_wpa_ie: LOWI_ENCRYPTION_TYPE_WPA_PSK
09-24 00:16:12.328 1402 3877 D LOWI-9.0.0.87.a: [LOWI-Scan] is_qcom_ie, bss_age: 0
09-24 00:16:12.328 1402 3877 D LOWI-9.0.0.87.a: [LOWI-Scan] BSS e8:db:84:1c:8d:b5 LOWI_PHY_MODE_11NG_HT40(7), Beacon Interval: 100, LOWI_ENCRYPTION_TYPE_WPA_PSK 11mcRanging: No, ANQP: No, LCI: No, Civic: No, capability(0x0431): ESS Privacy ShortPreamble ShortSlotTime
09-24 00:16:12.328 1402 3877 D LOWI-9.0.0.87.a: [LOWI-Scan] BSS e8:db:84:1c:8d:b5 FREQ: 2412, cFreq1[40:80:160] = [2422:0:0] cFreq2 = 0 Country Code = CN
09-24 00:16:12.328 1402 3877 D LOWI-9.0.0.87.a: [LOWI-Scan] BSS e8:db:84:1c:8d:b5 (wlan0) ASSO: NO AddInfo: 0x1, TSF 0, 00:04:02.786, RSSI: -150, CPL: 127, AGE: 1876, SSID 93B6C609, TSFDelta: 0x7810b1da, TXRate: 0
09-24 00:16:12.345 1129 1821 D WificondScannerImpl: Filtering out 3 scan results.
09-24 00:16:12.354 1402 3877 D LOWI-9.0.0.87.a: [LOWI-Scan]
09-24 00:16:12.355 1402 3877 D LOWI-9.0.0.87.a: [LOWI-Scan] print_bss_handler: Report beacon TSF 242838220 as it greater than probe TSF 242806806
09-24 00:16:12.355 1402 3877 D LOWI-9.0.0.87.a: [LOWI-Scan] decode_rsn_wpa_ie: LOWI_ENCRYPTION_TYPE_WPA_EAP
09-24 00:16:12.355 1402 3877 D LOWI-9.0.0.87.a: [LOWI-Scan] is_qcom_ie, bss_age: 0
09-24 00:16:12.355 1402 3877 D LOWI-9.0.0.87.a: [LOWI-Scan] BSS 68:9e:0b:ef:b5:80 LOWI_PHY_MODE_11NG_HT20(5), Beacon Interval: 100, LOWI_ENCRYPTION_TYPE_WPA_EAP 11mcRanging: No, ANQP: No, LCI: No, Civic: No, capability(0x1111): ESS Privacy SpectrumMgmt
09-24 00:16:12.355 1402 3877 D LOWI-9.0.0.87.a: [LOWI-Scan] BSS 68:9e:0b:ef:b5:80 FREQ: 2412, cFreq1[40:80:160] = [0:0:0] cFreq2 = 0 Country Code = CN
09-24 00:16:12.355 1402 3877 D LOWI-9.0.0.87.a: [LOWI-Scan] BSS 68:9e:0b:ef:b5:80 (wlan0) ASSO: NO AddInfo: 0x1, TSF 0, 00:04:02.838, RSSI: -144, CPL: 127, AGE: 1824, SSID HH, TSFDelta: 0xa660b29a, TXRate: 0
01-01 08:04:12.533 0 0 I [schedu][0x120cd30b4][00:16:12.341496] wlan: [3749:I:OSIF] vdev 0, scan id 40985 type COMPLETED(1) reason COMPLETED(1) scan found 42 bss
09-24 00:16:12.355 1402 3877 D LOWI-9.0.0.87.a: [LOWI-Scan] -- associated
09-24 00:16:12.356 1402 3877 D LOWI-9.0.0.87.a: [LOWI-Scan]
09-24 00:16:12.356 1402 3877 D LOWI-9.0.0.87.a: [LOWI-Scan] print_bss_handler: Report beacon TSF 244537477 as it greater than probe TSF 243425371
09-24 00:16:12.356 1402 3877 D LOWI-9.0.0.87.a: [LOWI-Scan] decode_rsn_wpa_ie: LOWI_ENCRYPTION_TYPE_WPA_PSK
09-24 00:16:12.356 1402 3877 D LOWI-9.0.0.87.a: [LOWI-Scan] is_qcom_ie, bss_age: 0
09-24 00:16:12.356 1402 3877 D LOWI-9.0.0.87.a: [LOWI-Scan] BSS 4a:33:e3:d5:c7:14 LOWI_PHY_MODE_11AC_VHT80(10), Beacon Interval: 100, LOWI_ENCRYPTION_TYPE_WPA_PSK 11mcRanging: No, ANQP: No, LCI: No, Civic: No, capability(0x1111): ESS Privacy SpectrumMgmt
09-24 00:16:12.356 1402 3877 D LOWI-9.0.0.87.a: [LOWI-Scan] BSS 4a:33:e3:d5:c7:14 FREQ: 5745, cFreq1[40:80:160] = [5755:5775:0] cFreq2 = 0 Country Code = CN
09-24 00:16:12.356 1402 3877 D LOWI-9.0.0.87.a: [LOWI-Scan] BSS 4a:33:e3:d5:c7:14 (wlan0) ASSO: YES AddInfo: 0x1, TSF 0, 00:04:04.537, RSSI: -98, CPL: 127, AGE: 0, SSID _______________ iPhone, TSFDelta: 0xb2131621, TXRate: 0
09-24 00:16:12.356 1402 3877 D LOWI-9.0.0.87.a: [LOWI-Scan]
09-24 00:16:12.356 1402 3877 D LOWI-9.0.0.87.a: [LOWI-Scan] print_bss_handler: Report Probe TSF 243569096 as it greater than Beacon TSF 233351737
09-24 00:16:12.356 1402 3877 D LOWI-9.0.0.87.a: [LOWI-Scan] decode_rsn_wpa_ie: LOWI_ENCRYPTION_TYPE_WPA_PSK
09-24 00:16:12.356 1402 3877 D LOWI-9.0.0.87.a: [LOWI-Scan] is_qcom_ie, bss_age: 0
09-24 00:16:12.356 1402 3877 D LOWI-9.0.0.87.a: [LOWI-Scan] BSS b8:11:4b:7f:e8:2f LOWI_PHY_MODE_11AC_VHT40(9), Beacon Interval: 100, LOWI_ENCRYPTION_TYPE_WPA_PSK 11mcRanging: No, ANQP: No, LCI: No, Civic: No, capability(0x1111): ESS Privacy SpectrumMgmt
09-24 00:16:12.356 1402 3877 D LOWI-9.0.0.87.a: [LOWI-Scan] BSS b8:11:4b:7f:e8:2f FREQ: 5765, cFreq1[40:80:160] = [5755:0:0] cFreq2 = 0 Country Code = CN
09-24 00:16:12.356 1402 3877 D LOWI-9.0.0.87.a: [LOWI-Scan] BSS b8:11:4b:7f:e8:2f (wlan0) ASSO: NO AddInfo: 0x0, TSF 0, 00:04:03.569, RSSI: -156, CPL: 127, AGE: 1092, SSID HiPhi-OTA, TSFDelta: 0xc29e2326, TXRate: 0
09-24 00:16:12.356 1402 3877 D LOWI-9.0.0.87.a: [LOWI-Scan]
09-24 00:16:12.356 1402 3877 D LOWI-9.0.0.87.a: [LOWI-Scan] print_bss_handler: Report Probe TSF 243567397 as it greater than Beacon TSF 142248579
09-24 00:16:12.357 1402 3877 D LOWI-9.0.0.87.a: [LOWI-Scan] decode_rsn_wpa_ie: LOWI_ENCRYPTION_TYPE_WPA_PSK
09-24 00:16:12.357 1402 3877 D LOWI-9.0.0.87.a: [LOWI-Scan] is_qcom_ie, bss_age: 0
09-24 00:16:12.357 1402 3877 D LOWI-9.0.0.87.a: [LOWI-Scan] BSS 6c:31:0e:27:99:af LOWI_PHY_MODE_11AC_VHT40(9), Beacon Interval: 100, LOWI_ENCRYPTION_TYPE_WPA_PSK 11mcRanging: No, ANQP: No, LCI: No, Civic: No, capability(0x1111): ESS Privacy SpectrumMgmt
09-24 00:16:12.357 1402 3877 D LOWI-9.0.0.87.a: [LOWI-Scan] BSS 6c:31:0e:27:99:af FREQ: 5765, cFreq1[40:80:160] = [5755:0:0] cFreq2 = 0 Country Code = CN
09-24 00:16:12.357 1402 3877 D LOWI-9.0.0.87.a: [LOWI-Scan] BSS 6c:31:0e:27:99:af (wlan0) ASSO: NO AddInfo: 0x0, TSF 0, 00:04:03.567, RSSI: -124, CPL: 127, AGE: 1096, SSID HiPhi-OTA, TSFDelta: 0xc25ce91e, TXRate: 0
09-24 00:16:12.357 1402 3877 D LOWI-9.0.0.87.a: [LOWI-Scan]
09-24 00:16:12.357 1402 3877 D LOWI-9.0.0.87.a: [LOWI-Scan] print_bss_handler: Report Probe TSF 243568200 as it greater than Beacon TSF 173473800
09-24 00:16:12.357 1402 3877 D LOWI-9.0.0.87.a: [LOWI-Scan] decode_rsn_wpa_ie: LOWI_ENCRYPTION_TYPE_WPA_PSK
09-24 00:16:12.357 1402 3877 D LOWI-9.0.0.87.a: [LOWI-Scan] is_qcom_ie, bss_age: 0
09-24 00:16:12.357 1402 3877 D LOWI-9.0.0.87.a: [LOWI-Scan] BSS dc:77:4c:52:28:4f LOWI_PHY_MODE_11AC_VHT40(9), Beacon Interval: 100, LOWI_ENCRYPTION_TYPE_WPA_PSK 11mcRanging: No, ANQP: No, LCI: No, Civic: No, capability(0x1111): ESS Privacy SpectrumMgmt
09-24 00:16:12.357 1402 3877 D LOWI-9.0.0.87.a: [LOWI-Scan] BSS dc:77:4c:52:28:4f FREQ: 5765, cFreq1[40:80:160] = [5755:0:0] cFreq2 = 0 Country Code = CN
09-24 00:16:12.357 1402 3877 D LOWI-9.0.0.87.a: [LOWI-Scan] BSS dc:77:4c:52:28:4f (wlan0) ASSO: NO AddInfo: 0x0, TSF 0, 00:04:03.568, RSSI: -154, CPL: 127, AGE: 1092, SSID HiPhi-OTA, TSFDelta: 0xc384d1cc, TXRate: 0
09-24 00:16:12.357 1402 3877 D LOWI-9.0.0.87.a: [LOWI-Scan]
09-24 00:16:12.357 1402 3877 D LOWI-9.0.0.87.a: [LOWI-Scan] print_bss_handler: Report Probe TSF 243787611 as it greater than Beacon TSF 83273178
09-24 00:16:12.357 1402 3877 D LOWI-9.0.0.87.a: [LOWI-Scan] decode_rsn_wpa_ie: LOWI_ENCRYPTION_TYPE_WPA_PSK
09-24 00:16:12.357 1402 3877 D LOWI-9.0.0.87.a: [LOWI-Scan] is_qcom_ie, bss_age: 0
09-24 00:16:12.358 1402 3877 D LOWI-9.0.0.87.a: [LOWI-Scan] BSS dc:77:4c:52:29:4f LOWI_PHY_MODE_11AC_VHT40(9), Beacon Interval: 100, LOWI_ENCRYPTION_TYPE_WPA_PSK 11mcRanging: No, ANQP: No, LCI: No, Civic: No, capability(0x1111): ESS Privacy SpectrumMgmt
09-24 00:16:12.358 1402 3877 D LOWI-9.0.0.87.a: [LOWI-Scan] BSS dc:77:4c:52:29:4f FREQ: 5805, cFreq1[40:80:160] = [5795:0:0] cFreq2 = 0 Country Code = CN
09-24 00:16:12.358 1402 3877 D LOWI-9.0.0.87.a: [LOWI-Scan] BSS dc:77:4c:52:29:4f (wlan0) ASSO: NO AddInfo: 0x0, TSF 0, 00:04:03.787, RSSI: -138, CPL: 127, AGE: 876, SSID HiPhi-OTA, TSFDelta: 0xca3fd5cc, TXRate: 0
09-24 00:16:12.358 1402 3877 D LOWI-9.0.0.87.a: [LOWI-Scan]
09-24 00:16:12.358 1402 3877 D LOWI-9.0.0.87.a: [LOWI-Scan] print_bss_handler: Report Probe TSF 243787133 as it greater than Beacon TSF 93297430
09-24 00:16:12.358 1402 3877 D LOWI-9.0.0.87.a: [LOWI-Scan] decode_rsn_wpa_ie: LOWI_ENCRYPTION_TYPE_WPA_PSK
09-24 00:16:12.358 1402 3877 D LOWI-9.0.0.87.a: [LOWI-Scan] is_qcom_ie, bss_age: 0
09-24 00:16:12.358 1402 3877 D LOWI-9.0.0.87.a: [LOWI-Scan] BSS b8:11:4b:7f:ed:0f LOWI_PHY_MODE_11AC_VHT40(9), Beacon Interval: 100, LOWI_ENCRYPTION_TYPE_WPA_PSK 11mcRanging: No, ANQP: No, LCI: No, Civic: No, capability(0x1111): ESS Privacy SpectrumMgmt
09-24 00:16:12.358 1402 3877 D LOWI-9.0.0.87.a: [LOWI-Scan] BSS b8:11:4b:7f:ed:0f FREQ: 5805, cFreq1[40:80:160] = [5795:0:0] cFreq2 = 0 Country Code = CN
09-24 00:16:12.358 1402 3877 D LOWI-9.0.0.87.a: [LOWI-Scan] BSS b8:11:4b:7f:ed:0f (wlan0) ASSO: NO AddInfo: 0x0, TSF 0, 00:04:03.787, RSSI: -110, CPL: 127, AGE: 876, SSID HiPhi-OTA, TSFDelta: 0xf98a11e6, TXRate: 0
09-24 00:16:12.358 1402 3877 D LOWI-9.0.0.87.a: [LOWI-Scan]
09-24 00:16:12.358 1402 3877 D LOWI-9.0.0.87.a: [LOWI-Scan] print_bss_handler: Report Probe TSF 243306938 as it greater than Beacon TSF 233241581
09-24 00:16:12.358 1402 3877 D LOWI-9.0.0.87.a: [LOWI-Scan] decode_rsn_wpa_ie: LOWI_ENCRYPTION_TYPE_WPA_PSK
09-24 00:16:12.358 1402 3877 D LOWI-9.0.0.87.a: [LOWI-Scan] is_qcom_ie, bss_age: 0
09-24 00:16:12.359 1402 3877 D LOWI-9.0.0.87.a: [LOWI-Scan] BSS 3c:51:0e:2e:ae:80 LOWI_PHY_MODE_11NG_HT20(5), Beacon Interval: 100, LOWI_ENCRYPTION_TYPE_WPA_PSK 11mcRanging: No, ANQP: No, LCI: No, Civic: No, capability(0x1511): ESS Privacy SpectrumMgmt ShortSlotTime
09-24 00:16:12.359 1402 3877 D LOWI-9.0.0.87.a: [LOWI-Scan] BSS 3c:51:0e:2e:ae:80 FREQ: 2437, cFreq1[40:80:160] = [0:0:0] cFreq2 = 0 Country Code = CN
09-24 00:16:12.359 1402 3877 D LOWI-9.0.0.87.a: [LOWI-Scan] BSS 3c:51:0e:2e:ae:80 (wlan0) ASSO: NO AddInfo: 0x0, TSF 0, 00:04:03.306, RSSI: -136, CPL: 127, AGE: 1356, SSID HiPhi-PDI, TSFDelta: 0xb5a7ae42, TXRate: 0
09-24 00:16:12.359 1402 3877 D LOWI-9.0.0.87.a: [LOWI-Scan]
09-24 00:16:12.359 1402 3877 D LOWI-9.0.0.87.a: [LOWI-Scan] print_bss_handler: Report Probe TSF 244235413 as it greater than Beacon TSF 234075587
09-24 00:16:12.359 1402 3877 D LOWI-9.0.0.87.a: [LOWI-Scan] decode_rsn_wpa_ie: LOWI_ENCRYPTION_TYPE_WPA_PSK
09-24 00:16:12.359 1402 3877 D LOWI-9.0.0.87.a: [LOWI-Scan] is_qcom_ie, bss_age: 0
09-24 00:16:12.359 1402 3877 D LOWI-9.0.0.87.a: [LOWI-Scan] BSS 68:9e:0b:ef:b3:6e LOWI_PHY_MODE_11AC_VHT40(9), Beacon Interval: 100, LOWI_ENCRYPTION_TYPE_WPA_PSK 11mcRanging: No, ANQP: No, LCI: No, Civic: No, capability(0x1111): ESS Privacy SpectrumMgmt
09-24 00:16:12.359 1402 3877 D LOWI-9.0.0.87.a: [LOWI-Scan] BSS 68:9e:0b:ef:b3:6e FREQ: 5280, cFreq1[40:80:160] = [5270:0:0] cFreq2 = 0 Country Code = CN
09-24 00:16:12.359 1402 3877 D LOWI-9.0.0.87.a: [LOWI-Scan] BSS 68:9e:0b:ef:b3:6e (wlan0) ASSO: NO AddInfo: 0x0, TSF 0, 00:04:04.235, RSSI: -160, CPL: 127, AGE: 428, SSID HHT-FACTORY-OTA, TSFDelta: 0xd33dded2, TXRate: 0
09-24 00:16:12.359 1402 3877 D LOWI-9.0.0.87.a: [LOWI-Scan]
09-24 00:16:12.359 1402 3877 D LOWI-9.0.0.87.a: [LOWI-Scan] print_bss_handler: Report beacon TSF 244237980 as it greater than probe TSF 244234681
09-24 00:16:12.359 1402 3877 D LOWI-9.0.0.87.a: [LOWI-Scan] decode_rsn_wpa_ie: LOWI_ENCRYPTION_TYPE_WPA_PSK
09-24 00:16:12.359 1402 3877 D LOWI-9.0.0.87.a: [LOWI-Scan] is_qcom_ie, bss_age: 0
09-24 00:16:12.359 1402 3877 D LOWI-9.0.0.87.a: [LOWI-Scan] BSS 3c:51:0e:2e:f4:af LOWI_PHY_MODE_11AC_VHT40(9), Beacon Interval: 100, LOWI_ENCRYPTION_TYPE_WPA_PSK 11mcRanging: No, ANQP: No, LCI: No, Civic: No, capability(0x1111): ESS Privacy SpectrumMgmt
09-24 00:16:12.360 1402 3877 D LOWI-9.0.0.87.a: [LOWI-Scan] BSS 3c:51:0e:2e:f4:af FREQ: 5280, cFreq1[40:80:160] = [5270:0:0] cFreq2 = 0 Country Code = CN
09-24 00:16:12.360 1402 3877 D LOWI-9.0.0.87.a: [LOWI-Scan] BSS 3c:51:0e:2e:f4:af (wlan0) ASSO: NO AddInfo: 0x1, TSF 0, 00:04:04.237, RSSI: -176, CPL: 127, AGE: 424, SSID HiPhi-PDI, TSFDelta: 0xd46de859, TXRate: 0
09-24 00:16:12.360 1402 3877 D LOWI-9.0.0.87.a: [LOWI-Scan]
09-24 00:16:12.360 1402 3877 D LOWI-9.0.0.87.a: [LOWI-Scan] print_bss_handler: Report Probe TSF 244233753 as it greater than Beacon TSF 244210011
09-24 00:16:12.360 1402 3877 D LOWI-9.0.0.87.a: [LOWI-Scan] decode_rsn_wpa_ie: LOWI_ENCRYPTION_TYPE_WPA_EAP
09-24 00:16:12.360 1402 3877 D LOWI-9.0.0.87.a: [LOWI-Scan] is_qcom_ie, bss_age: 0
09-24 00:16:12.360 1402 3877 D LOWI-9.0.0.87.a: [LOWI-Scan] BSS 68:9e:0b:ef:b3:6f LOWI_PHY_MODE_11AC_VHT40(9), Beacon Interval: 100, LOWI_ENCRYPTION_TYPE_WPA_EAP 11mcRanging: No, ANQP: No, LCI: No, Civic: No, capability(0x1111): ESS Privacy SpectrumMgmt
09-24 00:16:12.360 1402 3877 D LOWI-9.0.0.87.a: [LOWI-Scan] BSS 68:9e:0b:ef:b3:6f FREQ: 5280, cFreq1[40:80:160] = [5270:0:0] cFreq2 = 0 Country Code = CN
09-24 00:16:12.360 1402 3877 D LOWI-9.0.0.87.a: [LOWI-Scan] BSS 68:9e:0b:ef:b3:6f (wlan0) ASSO: NO AddInfo: 0x0, TSF 0, 00:04:04.233, RSSI: -160, CPL: 127, AGE: 428, SSID HH, TSFDelta: 0xd334b44c, TXRate: 0
09-24 00:16:12.360 1402 3877 D LOWI-9.0.0.87.a: [LOWI-Scan]
09-24 00:16:12.360 1402 3877 D LOWI-9.0.0.87.a: [LOWI-Scan] print_bss_handler: Report beacon TSF 243455115 as it greater than probe TSF 205783963
09-24 00:16:12.360 1402 3877 D LOWI-9.0.0.87.a: [LOWI-Scan] decode_rsn_wpa_ie: LOWI_ENCRYPTION_TYPE_WPA_PSK
09-24 00:16:12.360 1402 3877 D LOWI-9.0.0.87.a: [LOWI-Scan] is_qcom_ie, bss_age: 0
09-24 00:16:12.360 1402 3877 D LOWI-9.0.0.87.a: [LOWI-Scan] BSS d4:72:26:02:22:99 LOWI_PHY_MODE_11NG_HT40(7), Beacon Interval: 100, LOWI_ENCRYPTION_TYPE_WPA_PSK 11mcRanging: No, ANQP: No, LCI: No, Civic: No, capability(0x0411): ESS Privacy ShortSlotTime
09-24 00:16:12.360 1402 3877 D LOWI-9.0.0.87.a: [LOWI-Scan] BSS d4:72:26:02:22:99 FREQ: 2447, cFreq1[40:80:160] = [2437:0:0] cFreq2 = 0 Country Code = CN
09-24 00:16:12.361 1402 3877 D LOWI-9.0.0.87.a: [LOWI-Scan] BSS d4:72:26:02:22:99 (wlan0) ASSO: NO AddInfo: 0x1, TSF 0, 00:04:03.455, RSSI: -154, CPL: 127, AGE: 1208, SSID ZTE_022299, TSFDelta: 0x523fa032, TXRate: 0
09-24 00:16:12.361 1402 3877 D LOWI-9.0.0.87.a: [LOWI-Scan]
09-24 00:16:12.361 1402 3877 D LOWI-9.0.0.87.a: [LOWI-Scan] print_bss_handler: Report Probe TSF 244635724 as it greater than Beacon TSF 244611867
09-24 00:16:12.361 1402 3877 D LOWI-9.0.0.87.a: [LOWI-Scan] decode_rsn_wpa_ie: LOWI_ENCRYPTION_TYPE_WPA_PSK
09-24 00:16:12.361 1402 3877 D LOWI-9.0.0.87.a: [LOWI-Scan] is_qcom_ie, bss_age: 0
09-24 00:16:12.361 1402 3877 D LOWI-9.0.0.87.a: [LOWI-Scan] BSS 3c:51:0e:47:7c:2f LOWI_PHY_MODE_11AC_VHT40(9), Beacon Interval: 100, LOWI_ENCRYPTION_TYPE_WPA_PSK 11mcRanging: No, ANQP: No, LCI: No, Civic: No, capability(0x1111): ESS Privacy SpectrumMgmt
09-24 00:16:12.361 1402 3877 D LOWI-9.0.0.87.a: [LOWI-Scan] BSS 3c:51:0e:47:7c:2f FREQ: 5320, cFreq1[40:80:160] = [5310:0:0] cFreq2 = 0 Country Code = CN
09-24 00:16:12.361 1402 3877 D LOWI-9.0.0.87.a: [LOWI-Scan] BSS 3c:51:0e:47:7c:2f (wlan0) ASSO: NO AddInfo: 0x0, TSF 0, 00:04:04.635, RSSI: -148, CPL: 127, AGE: 28, SSID HiPhi-PDI, TSFDelta: 0xdf72b0b9, TXRate: 0
09-24 00:16:12.361 1402 3877 D LOWI-9.0.0.87.a: [LOWI-Scan]
09-24 00:16:12.361 1402 3877 D LOWI-9.0.0.87.a: [LOWI-Scan] print_bss_handler: Report Probe TSF 244637832 as it greater than Beacon TSF 244613864
09-24 00:16:12.361 1402 3877 D LOWI-9.0.0.87.a: [LOWI-Scan] decode_rsn_wpa_ie: LOWI_ENCRYPTION_TYPE_WPA_PSK
09-24 00:16:12.361 1402 3877 D LOWI-9.0.0.87.a: [LOWI-Scan] is_qcom_ie, bss_age: 0
09-24 00:16:12.361 1402 3877 D LOWI-9.0.0.87.a: [LOWI-Scan] BSS 4c:a6:4d:b1:84:4b LOWI_PHY_MODE_11AC_VHT40(9), Beacon Interval: 100, LOWI_ENCRYPTION_TYPE_WPA_PSK 11mcRanging: No, ANQP: No, LCI: No, Civic: No, capability(0x1511): ESS Privacy SpectrumMgmt ShortSlotTime
09-24 00:16:12.361 1402 3877 D LOWI-9.0.0.87.a: [LOWI-Scan] BSS 4c:a6:4d:b1:84:4b FREQ: 5320, cFreq1[40:80:160] = [5310:0:0] cFreq2 = 0 Country Code = CN
09-24 00:16:12.361 1402 3877 D LOWI-9.0.0.87.a: [LOWI-Scan] BSS 4c:a6:4d:b1:84:4b (wlan0) ASSO: NO AddInfo: 0x0, TSF 0, 00:04:04.637, RSSI: -164, CPL: 127, AGE: 24, SSID HH-Partner, TSFDelta: 0xdb2fe9af, TXRate: 0
09-24 00:16:12.362 1402 3877 D LOWI-9.0.0.87.a: [LOWI-Scan]
09-24 00:16:12.362 1402 3877 D LOWI-9.0.0.87.a: [LOWI-Scan] print_bss_handler: Report Probe TSF 244637512 as it greater than Beacon TSF 244614352
09-24 00:16:12.362 1402 3877 D LOWI-9.0.0.87.a: [LOWI-Scan] decode_rsn_wpa_ie: LOWI_ENCRYPTION_TYPE_WPA_EAP
09-24 00:16:12.362 1402 3877 D LOWI-9.0.0.87.a: [LOWI-Scan] is_qcom_ie, bss_age: 0
09-24 00:16:12.362 1402 3877 D LOWI-9.0.0.87.a: [LOWI-Scan] BSS 4c:a6:4d:b1:84:4c LOWI_PHY_MODE_11AC_VHT40(9), Beacon Interval: 100, LOWI_ENCRYPTION_TYPE_WPA_EAP 11mcRanging: No, ANQP: No, LCI: No, Civic: No, capability(0x1511): ESS Privacy SpectrumMgmt ShortSlotTime
09-24 00:16:12.362 1402 3877 D LOWI-9.0.0.87.a: [LOWI-Scan] BSS 4c:a6:4d:b1:84:4c FREQ: 5320, cFreq1[40:80:160] = [5310:0:0] cFreq2 = 0 Country Code = CN
09-24 00:16:12.362 1402 3877 D LOWI-9.0.0.87.a: [LOWI-Scan] BSS 4c:a6:4d:b1:84:4c (wlan0) ASSO: NO AddInfo: 0x0, TSF 0, 00:04:04.637, RSSI: -164, CPL: 127, AGE: 24, SSID HH-mobile, TSFDelta: 0xdb2c0823, TXRate: 0
09-24 00:16:12.362 1402 3877 D LOWI-9.0.0.87.a: [LOWI-Scan]
09-24 00:16:12.362 1402 3877 D LOWI-9.0.0.87.a: [LOWI-Scan] print_bss_handler: Report Probe TSF 244637052 as it greater than Beacon TSF 244614798
09-24 00:16:12.362 1402 3877 D LOWI-9.0.0.87.a: [LOWI-Scan] decode_rsn_wpa_ie: LOWI_ENCRYPTION_TYPE_WPA_PSK
09-24 00:16:12.362 1402 3877 D LOWI-9.0.0.87.a: [LOWI-Scan] is_qcom_ie, bss_age: 0
09-24 00:16:12.362 1402 3877 D LOWI-9.0.0.87.a: [LOWI-Scan] BSS 4c:a6:4d:b1:84:4d LOWI_PHY_MODE_11AC_VHT40(9), Beacon Interval: 100, LOWI_ENCRYPTION_TYPE_WPA_PSK 11mcRanging: No, ANQP: No, LCI: No, Civic: No, capability(0x1511): ESS Privacy SpectrumMgmt ShortSlotTime
09-24 00:16:12.362 1402 3877 D LOWI-9.0.0.87.a: [LOWI-Scan] BSS 4c:a6:4d:b1:84:4d FREQ: 5320, cFreq1[40:80:160] = [5310:0:0] cFreq2 = 0 Country Code = CN
09-24 00:16:12.362 1402 3877 D LOWI-9.0.0.87.a: [LOWI-Scan] BSS 4c:a6:4d:b1:84:4d (wlan0) ASSO: NO AddInfo: 0x0, TSF 0, 00:04:04.637, RSSI: -164, CPL: 127, AGE: 24, SSID HH-Guest, TSFDelta: 0xdb2820f9, TXRate: 0
09-24 00:16:12.363 1402 3877 D LOWI-9.0.0.87.a: [LOWI-Scan]
09-24 00:16:12.363 1402 3877 D LOWI-9.0.0.87.a: [LOWI-Scan] print_bss_handler: Report beacon TSF 244615974 as it greater than probe TSF 244615974
09-24 00:16:12.363 1402 3877 D LOWI-9.0.0.87.a: [LOWI-Scan] decode_rsn_wpa_ie: LOWI_ENCRYPTION_TYPE_WPA_PSK
09-24 00:16:12.363 1402 3877 D LOWI-9.0.0.87.a: [LOWI-Scan] is_qcom_ie, bss_age: 0
09-24 00:16:12.363 1402 3877 D LOWI-9.0.0.87.a: [LOWI-Scan] BSS 4c:a6:4d:b1:84:4e LOWI_PHY_MODE_11AC_VHT40(9), Beacon Interval: 100, LOWI_ENCRYPTION_TYPE_WPA_PSK 11mcRanging: No, ANQP: No, LCI: No, Civic: No, capability(0x1511): ESS Privacy SpectrumMgmt ShortSlotTime
09-24 00:16:12.363 1402 3877 D LOWI-9.0.0.87.a: [LOWI-Scan] BSS 4c:a6:4d:b1:84:4e FREQ: 5320, cFreq1[40:80:160] = [5310:0:0] cFreq2 = 0 Country Code = CN
09-24 00:16:12.363 1402 3877 D LOWI-9.0.0.87.a: [LOWI-Scan] BSS 4c:a6:4d:b1:84:4e (wlan0) ASSO: NO AddInfo: 0x1, TSF 0, 00:04:04.615, RSSI: -162, CPL: 127, AGE: 48, SSID , TSFDelta: 0xda8bcfe4, TXRate: 0
09-24 00:16:12.363 1402 3877 D LOWI-9.0.0.87.a: [LOWI-Scan]
09-24 00:16:12.363 1402 3877 D LOWI-9.0.0.87.a: [LOWI-Scan] print_bss_handler: Report Probe TSF 244636291 as it greater than Beacon TSF 244619336
09-24 00:16:12.363 1402 3877 D LOWI-9.0.0.87.a: [LOWI-Scan] decode_rsn_wpa_ie: LOWI_ENCRYPTION_TYPE_WPA_EAP
09-24 00:16:12.363 1402 3877 D LOWI-9.0.0.87.a: [LOWI-Scan] is_qcom_ie, bss_age: 0
09-24 00:16:12.363 1402 3877 D LOWI-9.0.0.87.a: [LOWI-Scan] BSS 4c:a6:4d:b1:84:4f LOWI_PHY_MODE_11AC_VHT40(9), Beacon Interval: 100, LOWI_ENCRYPTION_TYPE_WPA_EAP 11mcRanging: No, ANQP: No, LCI: No, Civic: No, capability(0x1511): ESS Privacy SpectrumMgmt ShortSlotTime
09-24 00:16:12.363 1402 3877 D LOWI-9.0.0.87.a: [LOWI-Scan] BSS 4c:a6:4d:b1:84:4f FREQ: 5320, cFreq1[40:80:160] = [5310:0:0] cFreq2 = 0 Country Code = CN
09-24 00:16:12.363 1402 3877 D LOWI-9.0.0.87.a: [LOWI-Scan] BSS 4c:a6:4d:b1:84:4f (wlan0) ASSO: NO AddInfo: 0x0, TSF 0, 00:04:04.636, RSSI: -162, CPL: 127, AGE: 24, SSID HH, TSFDelta: 0xdb244e65, TXRate: 0
09-24 00:16:12.364 1402 3877 D LOWI-9.0.0.87.a: [LOWI-Scan]
09-24 00:16:12.364 1402 3877 D LOWI-9.0.0.87.a: [LOWI-Scan] print_bss_handler: Report Probe TSF 243774125 as it greater than Beacon TSF 233697851
09-24 00:16:12.364 1402 3877 D LOWI-9.0.0.87.a: [LOWI-Scan] decode_rsn_wpa_ie: LOWI_ENCRYPTION_TYPE_WPA_EAP
09-24 00:16:12.364 1402 3877 D LOWI-9.0.0.87.a: [LOWI-Scan] is_qcom_ie, bss_age: 0
09-24 00:16:12.364 1402 3877 D LOWI-9.0.0.87.a: [LOWI-Scan] BSS 4c:a6:4d:b1:84:40 LOWI_PHY_MODE_11NG_HT20(5), Beacon Interval: 100, LOWI_ENCRYPTION_TYPE_WPA_EAP 11mcRanging: No, ANQP: No, LCI: No, Civic: No, capability(0x1411): ESS Privacy ShortSlotTime
09-24 00:16:12.364 1402 3877 D LOWI-9.0.0.87.a: [LOWI-Scan] BSS 4c:a6:4d:b1:84:40 FREQ: 2462, cFreq1[40:80:160] = [0:0:0] cFreq2 = 0 Country Code = CN
09-24 00:16:12.364 1402 3877 D LOWI-9.0.0.87.a: [LOWI-Scan] BSS 4c:a6:4d:b1:84:40 (wlan0) ASSO: NO AddInfo: 0x0, TSF 0, 00:04:03.774, RSSI: -162, CPL: 127, AGE: 888, SSID HH, TSFDelta: 0xbf38e48d, TXRate: 0
09-24 00:16:12.364 1402 3877 D LOWI-9.0.0.87.a: [LOWI-Scan]
09-24 00:16:12.364 1402 3877 D LOWI-9.0.0.87.a: [LOWI-Scan] print_bss_handler: Report Probe TSF 243789037 as it greater than Beacon TSF 243767407
09-24 00:16:12.364 1402 3877 D LOWI-9.0.0.87.a: [LOWI-Scan] decode_rsn_wpa_ie: LOWI_ENCRYPTION_TYPE_WPA_PSK
09-24 00:16:12.364 1402 3877 D LOWI-9.0.0.87.a: [LOWI-Scan] is_qcom_ie, bss_age: 0
09-24 00:16:12.364 1402 3877 D LOWI-9.0.0.87.a: [LOWI-Scan] BSS 6c:31:0e:27:99:a0 LOWI_PHY_MODE_11NG_HT20(5), Beacon Interval: 100, LOWI_ENCRYPTION_TYPE_WPA_PSK 11mcRanging: No, ANQP: No, LCI: No, Civic: No, capability(0x1111): ESS Privacy SpectrumMgmt
09-24 00:16:12.364 1402 3877 D LOWI-9.0.0.87.a: [LOWI-Scan] BSS 6c:31:0e:27:99:a0 FREQ: 2462, cFreq1[40:80:160] = [0:0:0] cFreq2 = 0 Country Code = CN
09-24 00:16:12.364 1402 3877 D LOWI-9.0.0.87.a: [LOWI-Scan] BSS 6c:31:0e:27:99:a0 (wlan0) ASSO: NO AddInfo: 0x0, TSF 0, 00:04:03.789, RSSI: -146, CPL: 127, AGE: 872, SSID HiPhi-OTA, TSFDelta: 0xc55c2a14, TXRate: 0
09-24 00:16:12.365 1402 3877 D LOWI-9.0.0.87.a: [LOWI-Scan]
09-24 00:16:12.365 1402 3877 D LOWI-9.0.0.87.a: [LOWI-Scan] print_bss_handler: Report Probe TSF 243837383 as it greater than Beacon TSF 243791331
09-24 00:16:12.365 1402 3877 D LOWI-9.0.0.87.a: [LOWI-Scan] decode_rsn_wpa_ie: LOWI_ENCRYPTION_TYPE_WPA_PSK
09-24 00:16:12.365 1402 3877 D LOWI-9.0.0.87.a: [LOWI-Scan] is_qcom_ie, bss_age: 0
09-24 00:16:12.365 1402 3877 D LOWI-9.0.0.87.a: [LOWI-Scan] BSS dc:77:4c:52:29:40 LOWI_PHY_MODE_11NG_HT20(5), Beacon Interval: 100, LOWI_ENCRYPTION_TYPE_WPA_PSK 11mcRanging: No, ANQP: No, LCI: No, Civic: No, capability(0x1111): ESS Privacy SpectrumMgmt
09-24 00:16:12.365 1402 3877 D LOWI-9.0.0.87.a: [LOWI-Scan] BSS dc:77:4c:52:29:40 FREQ: 2462, cFreq1[40:80:160] = [0:0:0] cFreq2 = 0 Country Code = CN
09-24 00:16:12.365 1402 3877 D LOWI-9.0.0.87.a: [LOWI-Scan] BSS dc:77:4c:52:29:40 (wlan0) ASSO: NO AddInfo: 0x0, TSF 0, 00:04:03.837, RSSI: -152, CPL: 127, AGE: 824, SSID HiPhi-OTA, TSFDelta: 0xc71e82be, TXRate: 0
09-24 00:16:12.365 1402 3877 D LOWI-9.0.0.87.a: [LOWI-Scan]
09-24 00:16:12.365 1402 3877 D LOWI-9.0.0.87.a: [LOWI-Scan] print_bss_handler: Report beacon TSF 243773789 as it greater than probe TSF 142575427
09-24 00:16:12.365 1402 3877 D LOWI-9.0.0.87.a: [LOWI-Scan] decode_rsn_wpa_ie: LOWI_ENCRYPTION_TYPE_WPA_PSK
09-24 00:16:12.365 1402 3877 D LOWI-9.0.0.87.a: [LOWI-Scan] is_qcom_ie, bss_age: 0
09-24 00:16:12.365 1402 3877 D LOWI-9.0.0.87.a: [LOWI-Scan] BSS 98:97:cc:7e:02:6e LOWI_PHY_MODE_11NG_HT40(7), Beacon Interval: 100, LOWI_ENCRYPTION_TYPE_WPA_PSK 11mcRanging: No, ANQP: No, LCI: No, Civic: No, capability(0x1411): ESS Privacy ShortSlotTime
09-24 00:16:12.365 1402 3877 D LOWI-9.0.0.87.a: [LOWI-Scan] BSS 98:97:cc:7e:02:6e FREQ: 2462, cFreq1[40:80:160] = [2452:0:0] cFreq2 = 0 Country Code = CN
09-24 00:16:12.365 1402 3877 D LOWI-9.0.0.87.a: [LOWI-Scan] BSS 98:97:cc:7e:02:6e (wlan0) ASSO: NO AddInfo: 0x1, TSF 0, 00:04:03.773, RSSI: -136, CPL: 127, AGE: 888, SSID TP-LINK_026E, TSFDelta: 0xbb9dd66f, TXRate: 0
09-24 00:16:12.366 1402 3877 D LOWI-9.0.0.87.a: [LOWI-Scan]
09-24 00:16:12.366 1402 3877 D LOWI-9.0.0.87.a: [LOWI-Scan] print_bss_handler: Report Probe TSF 243797263 as it greater than Beacon TSF 176047136
09-24 00:16:12.366 1402 3877 D LOWI-9.0.0.87.a: [LOWI-Scan] decode_rsn_wpa_ie: LOWI_ENCRYPTION_TYPE_WPA_PSK
09-24 00:16:12.366 1402 3877 D LOWI-9.0.0.87.a: [LOWI-Scan] is_qcom_ie, bss_age: 0
09-24 00:16:12.366 1402 3877 D LOWI-9.0.0.87.a: [LOWI-Scan] BSS 4c:a6:4d:b1:84:42 LOWI_PHY_MODE_11NG_HT20(5), Beacon Interval: 100, LOWI_ENCRYPTION_TYPE_WPA_PSK 11mcRanging: No, ANQP: No, LCI: No, Civic: No, capability(0x1411): ESS Privacy ShortSlotTime
09-24 00:16:12.366 1402 3877 D LOWI-9.0.0.87.a: [LOWI-Scan] BSS 4c:a6:4d:b1:84:42 FREQ: 2462, cFreq1[40:80:160] = [0:0:0] cFreq2 = 0 Country Code = CN
09-24 00:16:12.366 1402 3877 D LOWI-9.0.0.87.a: [LOWI-Scan] BSS 4c:a6:4d:b1:84:42 (wlan0) ASSO: NO AddInfo: 0x0, TSF 0, 00:04:03.797, RSSI: -162, CPL: 127, AGE: 864, SSID HH-Guest, TSFDelta: 0xbfe39cea, TXRate: 0
09-24 00:16:12.366 1402 3877 D LOWI-9.0.0.87.a: [LOWI-Scan]
09-24 00:16:12.366 1402 3877 D LOWI-9.0.0.87.a: [LOWI-Scan] print_bss_handler: Report Probe TSF 243786397 as it greater than Beacon TSF 224076519
09-24 00:16:12.366 1402 3877 D LOWI-9.0.0.87.a: [LOWI-Scan] decode_rsn_wpa_ie: LOWI_ENCRYPTION_TYPE_WPA_EAP
09-24 00:16:12.366 1402 3877 D LOWI-9.0.0.87.a: [LOWI-Scan] is_qcom_ie, bss_age: 0
09-24 00:16:12.366 1402 3877 D LOWI-9.0.0.87.a: [LOWI-Scan] BSS 4c:a6:4d:b1:84:43 LOWI_PHY_MODE_11NG_HT20(5), Beacon Interval: 100, LOWI_ENCRYPTION_TYPE_WPA_EAP 11mcRanging: No, ANQP: No, LCI: No, Civic: No, capability(0x1411): ESS Privacy ShortSlotTime
09-24 00:16:12.366 1402 3877 D LOWI-9.0.0.87.a: [LOWI-Scan] BSS 4c:a6:4d:b1:84:43 FREQ: 2462, cFreq1[40:80:160] = [0:0:0] cFreq2 = 0 Country Code = CN
09-24 00:16:12.366 1402 3877 D LOWI-9.0.0.87.a: [LOWI-Scan] BSS 4c:a6:4d:b1:84:43 (wlan0) ASSO: NO AddInfo: 0x0, TSF 0, 00:04:03.786, RSSI: -164, CPL: 127, AGE: 876, SSID HH-mobile, TSFDelta: 0xbf68f0ee, TXRate: 0
09-24 00:16:12.366 1402 3877 D LOWI-9.0.0.87.a: [LOWI-Scan]
09-24 00:16:12.366 1402 3877 D LOWI-9.0.0.87.a: [LOWI-Scan] print_bss_handler: Report Probe TSF 243838041 as it greater than Beacon TSF 176051299
09-24 00:16:12.366 1402 3877 D LOWI-9.0.0.87.a: [LOWI-Scan] decode_rsn_wpa_ie: LOWI_ENCRYPTION_TYPE_WPA_PSK
09-24 00:16:12.366 1402 3877 D LOWI-9.0.0.87.a: [LOWI-Scan] is_qcom_ie, bss_age: 0
09-24 00:16:12.366 1402 3877 D LOWI-9.0.0.87.a: [LOWI-Scan] BSS 4c:a6:4d:b1:84:44 LOWI_PHY_MODE_11NG_HT20(5), Beacon Interval: 100, LOWI_ENCRYPTION_TYPE_WPA_PSK 11mcRanging: No, ANQP: No, LCI: No, Civic: No, capability(0x1411): ESS Privacy ShortSlotTime
