09-24 00:16:12.367 1402 3877 D LOWI-9.0.0.87.a: [LOWI-Scan] BSS 4c:a6:4d:b1:84:44 FREQ: 2462, cFreq1[40:80:160] = [0:0:0] cFreq2 = 0 Country Code = CN
09-24 00:16:12.367 1402 3877 D LOWI-9.0.0.87.a: [LOWI-Scan] BSS 4c:a6:4d:b1:84:44 (wlan0) ASSO: NO AddInfo: 0x0, TSF 0, 00:04:03.838, RSSI: -164, CPL: 127, AGE: 824, SSID HH-Partner, TSFDelta: 0xc057df15, TXRate: 0
09-24 00:16:12.367 1402 3877 D LOWI-9.0.0.87.a: [LOWI-Scan]
09-24 00:16:12.367 1402 3877 D LOWI-9.0.0.87.a: [LOWI-Scan] print_bss_handler: Report beacon TSF 242852937 as it greater than probe TSF 242842847
09-24 00:16:12.367 1402 3877 D LOWI-9.0.0.87.a: [LOWI-Scan] decode_rsn_wpa_ie: LOWI_ENCRYPTION_TYPE_WPA_PSK
09-24 00:16:12.367 1402 3877 D LOWI-9.0.0.87.a: [LOWI-Scan] is_qcom_ie, bss_age: 0
09-24 00:16:12.367 1402 3877 D LOWI-9.0.0.87.a: [LOWI-Scan] BSS 3c:51:0e:47:ad:00 LOWI_PHY_MODE_11NG_HT20(5), Beacon Interval: 100, LOWI_ENCRYPTION_TYPE_WPA_PSK 11mcRanging: No, ANQP: No, LCI: No, Civic: No, capability(0x1111): ESS Privacy SpectrumMgmt
09-24 00:16:12.367 1402 3877 D LOWI-9.0.0.87.a: [LOWI-Scan] BSS 3c:51:0e:47:ad:00 FREQ: 2412, cFreq1[40:80:160] = [0:0:0] cFreq2 = 0 Country Code = CN
09-24 00:16:12.367 1402 3877 D LOWI-9.0.0.87.a: [LOWI-Scan] BSS 3c:51:0e:47:ad:00 (wlan0) ASSO: NO AddInfo: 0x1, TSF 0, 00:04:02.852, RSSI: -158, CPL: 127, AGE: 1808, SSID HiPhi-PDI, TSFDelta: 0xa9d5490e, TXRate: 0
09-24 00:16:12.367 1402 3877 D LOWI-9.0.0.87.a: [LOWI-Scan]
09-24 00:16:12.367 1402 3877 D LOWI-9.0.0.87.a: [LOWI-Scan] print_bss_handler: Report Probe TSF 243310865 as it greater than Beacon TSF 223212631
09-24 00:16:12.367 1402 3877 D LOWI-9.0.0.87.a: [LOWI-Scan] decode_rsn_wpa_ie: LOWI_ENCRYPTION_TYPE_WPA_EAP
09-24 00:16:12.367 1402 3877 D LOWI-9.0.0.87.a: [LOWI-Scan] is_qcom_ie, bss_age: 0
09-24 00:16:12.367 1402 3877 D LOWI-9.0.0.87.a: [LOWI-Scan] BSS 68:9e:0b:ef:b3:60 LOWI_PHY_MODE_11NG_HT20(5), Beacon Interval: 100, LOWI_ENCRYPTION_TYPE_WPA_EAP 11mcRanging: No, ANQP: No, LCI: No, Civic: No, capability(0x1111): ESS Privacy SpectrumMgmt
09-24 00:16:12.367 1402 3877 D LOWI-9.0.0.87.a: [LOWI-Scan] BSS 68:9e:0b:ef:b3:60 FREQ: 2437, cFreq1[40:80:160] = [0:0:0] cFreq2 = 0 Country Code = CN
09-24 00:16:12.367 1402 3877 D LOWI-9.0.0.87.a: [LOWI-Scan] BSS 68:9e:0b:ef:b3:60 (wlan0) ASSO: NO AddInfo: 0x0, TSF 0, 00:04:03.310, RSSI: -156, CPL: 127, AGE: 1352, SSID HH, TSFDelta: 0xb4c8e4c3, TXRate: 0
09-24 00:16:12.368 1402 3877 D LOWI-9.0.0.87.a: [LOWI-Scan]
09-24 00:16:12.368 1402 3877 D LOWI-9.0.0.87.a: [LOWI-Scan] print_bss_handler: Report Probe TSF 243277297 as it greater than Beacon TSF 233221369
09-24 00:16:12.368 1402 3877 D LOWI-9.0.0.87.a: [LOWI-Scan] decode_rsn_wpa_ie: LOWI_ENCRYPTION_TYPE_WPA_PSK
09-24 00:16:12.368 1402 3877 D LOWI-9.0.0.87.a: [LOWI-Scan] is_qcom_ie, bss_age: 0
09-24 00:16:12.368 1402 3877 D LOWI-9.0.0.87.a: [LOWI-Scan] BSS 3c:51:0e:2e:f4:a0 LOWI_PHY_MODE_11NG_HT20(5), Beacon Interval: 100, LOWI_ENCRYPTION_TYPE_WPA_PSK 11mcRanging: No, ANQP: No, LCI: No, Civic: No, capability(0x1111): ESS Privacy SpectrumMgmt
09-24 00:16:12.368 1402 3877 D LOWI-9.0.0.87.a: [LOWI-Scan] BSS 3c:51:0e:2e:f4:a0 FREQ: 2437, cFreq1[40:80:160] = [0:0:0] cFreq2 = 0 Country Code = CN
09-24 00:16:12.368 1402 3877 D LOWI-9.0.0.87.a: [LOWI-Scan] BSS 3c:51:0e:2e:f4:a0 (wlan0) ASSO: NO AddInfo: 0x0, TSF 0, 00:04:03.277, RSSI: -158, CPL: 127, AGE: 1384, SSID HiPhi-PDI, TSFDelta: 0xb5217bae, TXRate: 0
09-24 00:16:12.368 1402 3877 D LOWI-9.0.0.87.a: [LOWI-Scan]
09-24 00:16:12.368 1402 3877 D LOWI-9.0.0.87.a: [LOWI-Scan] print_bss_handler: Report Probe TSF 243311173 as it greater than Beacon TSF 203586940
09-24 00:16:12.368 1402 3877 D LOWI-9.0.0.87.a: [LOWI-Scan] decode_rsn_wpa_ie: LOWI_ENCRYPTION_TYPE_WPA_PSK
09-24 00:16:12.368 1402 3877 D LOWI-9.0.0.87.a: [LOWI-Scan] is_qcom_ie, bss_age: 0
09-24 00:16:12.368 1402 3877 D LOWI-9.0.0.87.a: [LOWI-Scan] BSS 68:9e:0b:ef:b3:61 LOWI_PHY_MODE_11NG_HT20(5), Beacon Interval: 100, LOWI_ENCRYPTION_TYPE_WPA_PSK 11mcRanging: No, ANQP: No, LCI: No, Civic: No, capability(0x1111): ESS Privacy SpectrumMgmt
09-24 00:16:12.368 1402 3877 D LOWI-9.0.0.87.a: [LOWI-Scan] BSS 68:9e:0b:ef:b3:61 FREQ: 2437, cFreq1[40:80:160] = [0:0:0] cFreq2 = 0 Country Code = CN
09-24 00:16:12.368 1402 3877 D LOWI-9.0.0.87.a: [LOWI-Scan] BSS 68:9e:0b:ef:b3:61 (wlan0) ASSO: NO AddInfo: 0x0, TSF 0, 00:04:03.311, RSSI: -112, CPL: 127, AGE: 1352, SSID HHT-FACTORY-OTA, TSFDelta: 0xb4d98f52, TXRate: 0
09-24 00:16:12.369 1402 3877 D LOWI-9.0.0.87.a: [LOWI-Scan]
09-24 00:16:12.369 1402 3877 D LOWI-9.0.0.87.a: [LOWI-Scan] print_bss_handler: Report beacon TSF 233494997 as it greater than probe TSF 223417451
09-24 00:16:12.369 1402 3877 D LOWI-9.0.0.87.a: [LOWI-Scan] decode_rsn_wpa_ie: LOWI_ENCRYPTION_TYPE_WPA_PSK
09-24 00:16:12.369 1402 3877 D LOWI-9.0.0.87.a: [LOWI-Scan] is_qcom_ie, bss_age: 0
09-24 00:16:12.369 1402 3877 D LOWI-9.0.0.87.a: [LOWI-Scan] adjust_age:AP AGE upper limit reached. Dont store
09-24 00:16:12.369 1402 3877 D LOWI-9.0.0.87.a: [LOWI-Scan] BSS d6:72:26:02:22:99 LOWI_PHY_MODE_11NG_HT40(7), Beacon Interval: 100, LOWI_ENCRYPTION_TYPE_WPA_PSK 11mcRanging: No, ANQP: No, LCI: No, Civic: No, capability(0x0411): ESS Privacy ShortSlotTime
09-24 00:16:12.369 1402 3877 D LOWI-9.0.0.87.a: [LOWI-Scan] BSS d6:72:26:02:22:99 FREQ: 2447, cFreq1[40:80:160] = [2437:0:0] cFreq2 = 0 Country Code = CN
09-24 00:16:12.369 1402 3877 D LOWI-9.0.0.87.a: [LOWI-Scan] BSS d6:72:26:02:22:99 (wlan0) ASSO: NO AddInfo: 0x1, TSF 0, 00:03:53.494, RSSI: -152, CPL: 127, AGE: 11168, SSID ZTE_1234567890, TSFDelta: 0x517dd51c, TXRate: 0
09-24 00:16:12.369 1402 3877 D LOWI-9.0.0.87.a: [LOWI-Scan]
09-24 00:16:12.369 1402 3877 D LOWI-9.0.0.87.a: [LOWI-Scan] print_bss_handler: Report Probe TSF 242841948 as it greater than Beacon TSF 242841006
09-24 00:16:12.369 1402 3877 D LOWI-9.0.0.87.a: [LOWI-Scan] decode_rsn_wpa_ie: LOWI_ENCRYPTION_TYPE_WPA_PSK
09-24 00:16:12.369 1402 3877 D LOWI-9.0.0.87.a: [LOWI-Scan] is_qcom_ie, bss_age: 0
09-24 00:16:12.369 1402 3877 D LOWI-9.0.0.87.a: [LOWI-Scan] BSS 68:9e:0b:ef:b5:81 LOWI_PHY_MODE_11NG_HT20(5), Beacon Interval: 100, LOWI_ENCRYPTION_TYPE_WPA_PSK 11mcRanging: No, ANQP: No, LCI: No, Civic: No, capability(0x1111): ESS Privacy SpectrumMgmt
09-24 00:16:12.369 1402 3877 D LOWI-9.0.0.87.a: [LOWI-Scan] BSS 68:9e:0b:ef:b5:81 FREQ: 2412, cFreq1[40:80:160] = [0:0:0] cFreq2 = 0 Country Code = CN
09-24 00:16:12.369 1402 3877 D LOWI-9.0.0.87.a: [LOWI-Scan] BSS 68:9e:0b:ef:b5:81 (wlan0) ASSO: NO AddInfo: 0x0, TSF 0, 00:04:02.841, RSSI: -142, CPL: 127, AGE: 1820, SSID HHT-FACTORY-OTA, TSFDelta: 0xa6d2a202, TXRate: 0
09-24 00:16:12.369 1402 3877 D LOWI-9.0.0.87.a: [LOWI-Scan]
09-24 00:16:12.369 1402 3877 D LOWI-9.0.0.87.a: [LOWI-Scan] print_bss_handler: Report Probe TSF 233257542 as it greater than Beacon TSF 233241224
09-24 00:16:12.370 1402 3877 D LOWI-9.0.0.87.a: [LOWI-Scan] decode_rsn_wpa_ie: LOWI_ENCRYPTION_TYPE_WPA_PSK
09-24 00:16:12.370 1402 3877 D LOWI-9.0.0.87.a: [LOWI-Scan] is_qcom_ie, bss_age: 0
09-24 00:16:12.370 1402 3877 D LOWI-9.0.0.87.a: [LOWI-Scan] adjust_age:AP AGE upper limit reached. Dont store
09-24 00:16:12.370 1402 3877 D LOWI-9.0.0.87.a: [LOWI-Scan] BSS c6:d4:4a:1a:f5:bd LOWI_PHY_MODE_11NG_HT20(5), Beacon Interval: 100, LOWI_ENCRYPTION_TYPE_WPA_PSK 11mcRanging: No, ANQP: No, LCI: No, Civic: No, capability(0x1511): ESS Privacy SpectrumMgmt ShortSlotTime
09-24 00:16:12.370 1402 3877 D LOWI-9.0.0.87.a: [LOWI-Scan] BSS c6:d4:4a:1a:f5:bd FREQ: 2437, cFreq1[40:80:160] = [0:0:0] cFreq2 = 0 Country Code = CN
09-24 00:16:12.370 1402 3877 D LOWI-9.0.0.87.a: [LOWI-Scan] BSS c6:d4:4a:1a:f5:bd (wlan0) ASSO: NO AddInfo: 0x0, TSF 0, 00:03:53.257, RSSI: -146, CPL: 127, AGE: 11404, SSID _________iPhone, TSFDelta: 0x75142375, TXRate: 0
09-24 00:16:12.370 1402 3877 D LOWI-9.0.0.87.a: [LOWI-Scan]
09-24 00:16:12.370 1402 3877 D LOWI-9.0.0.87.a: [LOWI-Scan] print_bss_handler: Report Probe TSF 243285881 as it greater than Beacon TSF 243278031
09-24 00:16:12.370 1402 3877 D LOWI-9.0.0.87.a: [LOWI-Scan] decode_rsn_wpa_ie: LOWI_ENCRYPTION_TYPE_WPA_PSK
09-24 00:16:12.370 1402 3877 D LOWI-9.0.0.87.a: [LOWI-Scan] is_qcom_ie, bss_age: 0
09-24 00:16:12.370 1402 3877 D LOWI-9.0.0.87.a: [LOWI-Scan] BSS f2:65:c2:f6:96:a0 LOWI_PHY_MODE_11NG_HT20(5), Beacon Interval: 100, LOWI_ENCRYPTION_TYPE_WPA_PSK 11mcRanging: No, ANQP: No, LCI: No, Civic: No, capability(0x0511): ESS Privacy SpectrumMgmt ShortSlotTime
09-24 00:16:12.370 1402 3877 D LOWI-9.0.0.87.a: [LOWI-Scan] BSS f2:65:c2:f6:96:a0 FREQ: 2437, cFreq1[40:80:160] = [0:0:0] cFreq2 = 0 Country Code = CN
09-24 00:16:12.370 1402 3877 D LOWI-9.0.0.87.a: [LOWI-Scan] BSS f2:65:c2:f6:96:a0 (wlan0) ASSO: NO AddInfo: 0x0, TSF 0, 00:04:03.285, RSSI: -136, CPL: 127, AGE: 1376, SSID hotspot96A0, TSFDelta: 0x616be2d, TXRate: 0
09-24 00:16:12.370 1402 3877 D LOWI-9.0.0.87.a: [LOWI-Scan]
09-24 00:16:12.370 1402 3877 D LOWI-9.0.0.87.a: [LOWI-Scan] print_bss_handler: Report beacon TSF 243424130 as it greater than probe TSF 233233882
09-24 00:16:12.370 1402 3877 D LOWI-9.0.0.87.a: [LOWI-Scan] decode_rsn_wpa_ie: LOWI_ENCRYPTION_TYPE_WPA_PSK
09-24 00:16:12.370 1402 3877 D LOWI-9.0.0.87.a: [LOWI-Scan] is_qcom_ie, bss_age: 0
09-24 00:16:12.370 1402 3877 D LOWI-9.0.0.87.a: [LOWI-Scan] BSS 98:97:cc:7e:02:70 LOWI_PHY_MODE_11AC_VHT80(10), Beacon Interval: 100, LOWI_ENCRYPTION_TYPE_WPA_PSK 11mcRanging: No, ANQP: No, LCI: No, Civic: No, capability(0x1011): ESS Privacy
09-24 00:16:12.370 1402 3877 D LOWI-9.0.0.87.a: [LOWI-Scan] BSS 98:97:cc:7e:02:70 FREQ: 5745, cFreq1[40:80:160] = [5755:5775:0] cFreq2 = 0 Country Code = CN
09-24 00:16:12.370 1402 3877 D LOWI-9.0.0.87.a: [LOWI-Scan] BSS 98:97:cc:7e:02:70 (wlan0) ASSO: NO AddInfo: 0x1, TSF 0, 00:04:03.424, RSSI: -172, CPL: 127, AGE: 1236, SSID TP-LINK_026E, TSFDelta: 0xa7d96dc1, TXRate: 0
09-24 00:16:12.371 1402 3877 D LOWI-9.0.0.87.a: [LOWI-Scan]
09-24 00:16:12.371 1402 3877 D LOWI-9.0.0.87.a: [LOWI-Scan] print_bss_handler: Report Probe TSF 243427058 as it greater than Beacon TSF 233223179
09-24 00:16:12.371 1402 3877 D LOWI-9.0.0.87.a: [LOWI-Scan] decode_rsn_wpa_ie: LOWI_ENCRYPTION_TYPE_WPA_PSK
09-24 00:16:12.371 1402 3877 D LOWI-9.0.0.87.a: [LOWI-Scan] is_qcom_ie, bss_age: 0
09-24 00:16:12.371 1402 3877 D LOWI-9.0.0.87.a: [LOWI-Scan] BSS 6a:db:33:f7:dc:fc LOWI_PHY_MODE_11AC_VHT80(10), Beacon Interval: 100, LOWI_ENCRYPTION_TYPE_WPA_PSK 11mcRanging: No, ANQP: No, LCI: No, Civic: No, capability(0x1111): ESS Privacy SpectrumMgmt
09-24 00:16:12.371 1402 3877 D LOWI-9.0.0.87.a: [LOWI-Scan] BSS 6a:db:33:f7:dc:fc FREQ: 5745, cFreq1[40:80:160] = [5755:5775:0] cFreq2 = 0 Country Code = CN
09-24 00:16:12.371 1402 3877 D LOWI-9.0.0.87.a: [LOWI-Scan] BSS 6a:db:33:f7:dc:fc (wlan0) ASSO: NO AddInfo: 0x0, TSF 0, 00:04:03.427, RSSI: -154, CPL: 127, AGE: 1236, SSID iPhone (3), TSFDelta: 0xd71f75cc, TXRate: 0
09-24 00:16:12.371 1402 3877 D LOWI-9.0.0.87.a: [LOWI-Scan]
09-24 00:16:12.371 1402 3877 D LOWI-9.0.0.87.a: [LOWI-Scan] print_bss_handler: Report beacon TSF 233698917 as it greater than probe TSF 233698917
09-24 00:16:12.371 1402 3877 D LOWI-9.0.0.87.a: [LOWI-Scan] decode_rsn_wpa_ie: LOWI_ENCRYPTION_TYPE_WPA_PSK
09-24 00:16:12.371 1402 3877 D LOWI-9.0.0.87.a: [LOWI-Scan] is_qcom_ie, bss_age: 0
09-24 00:16:12.371 1402 3877 D LOWI-9.0.0.87.a: [LOWI-Scan] adjust_age:AP AGE upper limit reached. Dont store
09-24 00:16:12.371 1402 3877 D LOWI-9.0.0.87.a: [LOWI-Scan] BSS 4c:a6:4d:b1:84:41 LOWI_PHY_MODE_11NG_HT20(5), Beacon Interval: 100, LOWI_ENCRYPTION_TYPE_WPA_PSK 11mcRanging: No, ANQP: No, LCI: No, Civic: No, capability(0x1411): ESS Privacy ShortSlotTime
09-24 00:16:12.371 1402 3877 D LOWI-9.0.0.87.a: [LOWI-Scan] BSS 4c:a6:4d:b1:84:41 FREQ: 2462, cFreq1[40:80:160] = [0:0:0] cFreq2 = 0 Country Code = CN
09-24 00:16:12.371 1402 3877 D LOWI-9.0.0.87.a: [LOWI-Scan] BSS 4c:a6:4d:b1:84:41 (wlan0) ASSO: NO AddInfo: 0x1, TSF 0, 00:03:53.698, RSSI: -162, CPL: 127, AGE: 10964, SSID , TSFDelta: 0xbe8a2a3c, TXRate: 0
09-24 00:16:12.372 1402 3877 D LOWI-9.0.0.87.a: [LOWI-Scan]
09-24 00:16:12.372 1402 3877 D LOWI-9.0.0.87.a: [LOWI-Scan] print_bss_handler: Report Probe TSF 243794855 as it greater than Beacon TSF 0
09-24 00:16:12.372 1402 3877 D LOWI-9.0.0.87.a: [LOWI-Scan] decode_rsn_wpa_ie: LOWI_ENCRYPTION_TYPE_WPA_PSK
09-24 00:16:12.372 1402 3877 D LOWI-9.0.0.87.a: [LOWI-Scan] is_qcom_ie, bss_age: 0
09-24 00:16:12.372 1402 3877 D LOWI-9.0.0.87.a: [LOWI-Scan] BSS dc:77:4c:52:28:40 LOWI_PHY_MODE_11NG_HT20(5), Beacon Interval: 100, LOWI_ENCRYPTION_TYPE_WPA_PSK 11mcRanging: No, ANQP: No, LCI: No, Civic: No, capability(0x1111): ESS Privacy SpectrumMgmt
09-24 00:16:12.372 1402 3877 D LOWI-9.0.0.87.a: [LOWI-Scan] BSS dc:77:4c:52:28:40 FREQ: 2462, cFreq1[40:80:160] = [0:0:0] cFreq2 = 0 Country Code = CN
09-24 00:16:12.372 1402 3877 D LOWI-9.0.0.87.a: [LOWI-Scan] BSS dc:77:4c:52:28:40 (wlan0) ASSO: NO AddInfo: 0x0, TSF 0, 00:04:03.794, RSSI: -164, CPL: 127, AGE: 868, SSID HiPhi-OTA, TSFDelta: 0xc6acd1bc, TXRate: 0
09-24 00:16:12.372 1402 3877 D LOWI-9.0.0.87.a: [LOWI-Scan]
09-24 00:16:12.372 1402 3877 D LOWI-9.0.0.87.a: [LOWI-Scan] print_bss_handler: Report Probe TSF 242855658 as it greater than Beacon TSF 242843319
09-24 00:16:12.372 1402 3877 D LOWI-9.0.0.87.a: [LOWI-Scan] decode_rsn_wpa_ie: LOWI_ENCRYPTION_TYPE_WPA_PSK
09-24 00:16:12.372 1402 3877 D LOWI-9.0.0.87.a: [LOWI-Scan] is_qcom_ie, bss_age: 0
09-24 00:16:12.372 1402 3877 D LOWI-9.0.0.87.a: [LOWI-Scan] BSS 3c:51:0e:47:ad:0f LOWI_PHY_MODE_11AC_VHT40(9), Beacon Interval: 100, LOWI_ENCRYPTION_TYPE_WPA_PSK 11mcRanging: No, ANQP: No, LCI: No, Civic: No, capability(0x1111): ESS Privacy SpectrumMgmt
09-24 00:16:12.372 1402 3877 D LOWI-9.0.0.87.a: [LOWI-Scan] BSS 3c:51:0e:47:ad:0f FREQ: 5180, cFreq1[40:80:160] = [5190:0:0] cFreq2 = 0 Country Code = CN
09-24 00:16:12.372 1402 3877 D LOWI-9.0.0.87.a: [LOWI-Scan] BSS 3c:51:0e:47:ad:0f (wlan0) ASSO: NO AddInfo: 0x0, TSF 0, 00:04:02.855, RSSI: -170, CPL: 127, AGE: 1808, SSID HiPhi-PDI, TSFDelta: 0xae2a6813, TXRate: 0
09-24 00:16:12.372 1402 3877 D LOWI-9.0.0.87.a: [LOWI-Scan]
09-24 00:16:12.372 1402 3877 D LOWI-9.0.0.87.a: [LOWI-Scan] print_bss_handler: Report Probe TSF 242854806 as it greater than Beacon TSF 242853298
09-24 00:16:12.372 1402 3877 D LOWI-9.0.0.87.a: [LOWI-Scan] decode_rsn_wpa_ie: LOWI_ENCRYPTION_TYPE_WPA_EAP
09-24 00:16:12.373 1402 3877 D LOWI-9.0.0.87.a: [LOWI-Scan] is_qcom_ie, bss_age: 0
09-24 00:16:12.373 1402 3877 D LOWI-9.0.0.87.a: [LOWI-Scan] BSS 68:9e:0b:ef:b5:8f LOWI_PHY_MODE_11AC_VHT40(9), Beacon Interval: 100, LOWI_ENCRYPTION_TYPE_WPA_EAP 11mcRanging: No, ANQP: No, LCI: No, Civic: No, capability(0x1111): ESS Privacy SpectrumMgmt
09-24 00:16:12.373 1402 3877 D LOWI-9.0.0.87.a: [LOWI-Scan] BSS 68:9e:0b:ef:b5:8f FREQ: 5180, cFreq1[40:80:160] = [5190:0:0] cFreq2 = 0 Country Code = CN
09-24 00:16:12.373 1402 3877 D LOWI-9.0.0.87.a: [LOWI-Scan] BSS 68:9e:0b:ef:b5:8f (wlan0) ASSO: NO AddInfo: 0x0, TSF 0, 00:04:02.854, RSSI: -142, CPL: 127, AGE: 1808, SSID HH, TSFDelta: 0xab20e8f3, TXRate: 0
09-24 00:16:12.373 1402 3877 D LOWI-9.0.0.87.a: [LOWI-Scan]
09-24 00:16:12.373 1402 3877 D LOWI-9.0.0.87.a: [LOWI-Scan] print_bss_handler: Report Probe TSF 242855188 as it greater than Beacon TSF 242853704
09-24 00:16:12.373 1402 3877 D LOWI-9.0.0.87.a: [LOWI-Scan] decode_rsn_wpa_ie: LOWI_ENCRYPTION_TYPE_WPA_PSK
09-24 00:16:12.373 1402 3877 D LOWI-9.0.0.87.a: [LOWI-Scan] is_qcom_ie, bss_age: 0
09-24 00:16:12.373 1402 3877 D LOWI-9.0.0.87.a: [LOWI-Scan] BSS 68:9e:0b:ef:b5:8e LOWI_PHY_MODE_11AC_VHT40(9), Beacon Interval: 100, LOWI_ENCRYPTION_TYPE_WPA_PSK 11mcRanging: No, ANQP: No, LCI: No, Civic: No, capability(0x1111): ESS Privacy SpectrumMgmt
09-24 00:16:12.373 1402 3877 D LOWI-9.0.0.87.a: [LOWI-Scan] BSS 68:9e:0b:ef:b5:8e FREQ: 5180, cFreq1[40:80:160] = [5190:0:0] cFreq2 = 0 Country Code = CN
09-24 00:16:12.373 1402 3877 D LOWI-9.0.0.87.a: [LOWI-Scan] BSS 68:9e:0b:ef:b5:8e (wlan0) ASSO: NO AddInfo: 0x0, TSF 0, 00:04:02.855, RSSI: -142, CPL: 127, AGE: 1808, SSID HHT-FACTORY-OTA, TSFDelta: 0xab248efe, TXRate: 0
09-24 00:16:12.373 1402 3877 D LOWI-9.0.0.87.a: [LOWIDiagLog] Log: lowiMeasResult->request: invalid null argument
09-24 00:16:12.373 1402 3877 I LOWI-9.0.0.87.a: [LOWI-Scan] lowi_close_record:Scan done in 170679ms, 45 APs in scan results
09-24 00:16:12.373 1402 3877 D LOWI-9.0.0.87.a: [LOWI-Scan] WipsScanUsingNL: passive scan cached 0, took 10143 ms, err 0
09-24 00:16:12.373 1402 3877 D LOWI-9.0.0.87.a: [LOWI-Scan] lowi_proc_req_passive_scan_with_live_meas - No WLAN Frames to be parsed
09-24 00:16:12.373 1402 3877 D LOWI-9.0.0.87.a: [LOWIScanResultReceiver] Send scan meas to listener
09-24 00:16:12.373 1402 3877 D LOWI-9.0.0.87.a: [LOWIScanResultReceiver] Enter passive listening mode
09-24 00:16:12.373 1402 3877 D LOWI-9.0.0.87.a: [LOWIWifiDriverInterface] getMeasurements - Passive listening mode
09-24 00:16:12.373 1402 3877 D LOWI-9.0.0.87.a: [LOWI-Scan] WipsScanUsingNL:wait -1 sec for netlink message
09-24 00:16:12.373 1402 1485 D LOWI-9.0.0.87.a: [LOWIEventReceiver] handleEvent:FROM:NA, TO:NA, REQ:NA, IREQ:NA, REQ_ID:0, RESP:NA, INFO:NA
09-24 00:16:12.373 1402 1485 D LOWI-9.0.0.87.a: [LOWIBackgroundScanMgr] isRspForBgScanMgr: evt(LOWI_NO_EVT) - not handled
09-24 00:16:12.373 1402 1485 D LOWI-9.0.0.87.a: [LOWIScheduler] manageMsg: NULL results or NULL request in results
09-24 00:16:12.373 1402 1485 D LOWI-9.0.0.87.a: [LOWIController] Measurements received
09-24 00:16:12.373 1402 1485 D LOWI-9.0.0.87.a: [LOWICacheManager] putInCache:Num of Meas to add: 45
09-24 00:16:12.374 1402 1485 D LOWI-9.0.0.87.a: [LOWIController] processMeasurementResults: No current Request. Cache measurements
09-24 00:16:12.374 1402 1485 D LOWI-9.0.0.87.a: [LOWIControllerExtn] sendLOWILpDiscoveryScanResponse: Not a discovery scan response
09-24 00:16:12.386 2348 2348 D WifiDetailsPrefCtrl2: Update UI!
09-24 00:16:12.388 2936 2980 I alcomm.locatio: Explicit concurrent copying GC freed 185(47KB) AllocSpace objects, 1(20KB) LOS objects, 49% free, 2058KB/4117KB, paused 37us,9us total 5.216ms
09-24 00:16:12.391 2348 2348 D WifiDetailsPrefCtrl2: Wifi Type 6
09-24 00:16:12.394 2348 2348 D DashboardFragment: Preference key is null in Controller WifiDetailPreferenceController2
09-24 00:16:12.424 2348 5244 I OpenGLRenderer: Davey! duration=9223371792120ms; Flags=0, FrameTimelineVsyncId=9418, IntendedVsync=244734400830, Vsync=244734400830, InputEventId=0, HandleInputStart=244734952873, AnimationStart=244734953967, PerformTraversalsStart=244734954540, DrawStart=244747060842, FrameDeadline=244751067496, FrameInterval=244734949384, FrameStartTime=16666666, SyncQueued=244747531467, SyncStart=244747601675, IssueDrawCommandsStart=244747933811, SwapBuffers=244748786519, FrameCompleted=9223372036854775807, DequeueBufferDuration=13021, QueueBufferDuration=822657, GpuCompleted=9223372036854775807, SwapBuffersCompleted=244750024853, DisplayPresentTime=150760626763,
09-24 00:16:12.439 2913 2943 I kloadclassifie: Explicit concurrent copying GC freed 156(31KB) AllocSpace objects, 1(20KB) LOS objects, 49% free, 1920KB/3840KB, paused 34us,8us total 4.604ms
09-24 00:16:12.497 2877 2909 I .qti.qccnetsta: Explicit concurrent copying GC freed 153(31KB) AllocSpace objects, 1(20KB) LOS objects, 49% free, 1909KB/3819KB, paused 34us,6us total 4.111ms
09-24 00:16:12.553 2867 2891 I mhelper_servic: Explicit concurrent copying GC freed 151(31KB) AllocSpace objects, 1(20KB) LOS objects, 49% free, 1919KB/3839KB, paused 36us,7us total 4.165ms
09-24 00:16:12.602 2838 2868 I .pasr : Explicit concurrent copying GC freed 143(31KB) AllocSpace objects, 1(20KB) LOS objects, 49% free, 1911KB/3823KB, paused 36us,6us total 4.197ms
09-24 00:16:12.654 2787 2842 I ts.car.uart: Explicit concurrent copying GC freed 154(31KB) AllocSpace objects, 1(20KB) LOS objects, 49% free, 1915KB/3830KB, paused 34us,7us total 4.142ms
01-01 08:04:12.912 0 0 D : mv2112_read_status
01-01 08:04:12.915 0 0 D mv2112_update_link: 3.0x901(1G): 0x80
01-01 08:04:12.921 0 0 D mv2112_update_link: 3.0x8109(100M): 0x0
09-24 00:16:12.729 2313 4187 I alcomm.qti.qdm: Explicit concurrent copying GC freed 189(32KB) AllocSpace objects, 1(20KB) LOS objects, 49% free, 2348KB/4696KB, paused 80us,35us total 23.382ms
01-01 08:04:12.926 0 0 D mv2112_update_link: link 0x0
01-01 08:04:12.930 0 0 D mv2112_read_status: autoneg is disabled
09-24 00:16:12.815 3282 3300 I atisticsservic: Explicit concurrent copying GC freed 143(31KB) AllocSpace objects, 1(20KB) LOS objects, 49% free, 1909KB/3819KB, paused 36us,7us total 4.340ms
09-24 00:16:12.873 2248 2288 I econtrolservic: Explicit concurrent copying GC freed 159(31KB) AllocSpace objects, 1(20KB) LOS objects, 49% free, 1921KB/3842KB, paused 35us,8us total 4.225ms
09-24 00:16:12.922 2243 2286 I com.android.se: Explicit concurrent copying GC freed 158(31KB) AllocSpace objects, 1(20KB) LOS objects, 49% free, 1933KB/3866KB, paused 36us,8us total 4.405ms
09-24 00:16:12.973 2175 2245 I tssystemservic: Explicit concurrent copying GC freed 141(31KB) AllocSpace objects, 1(20KB) LOS objects, 49% free, 1907KB/3815KB, paused 35us,8us total 4.111ms
09-24 00:16:13.028 2138 2168 I esdk.sysservic: Explicit concurrent copying GC freed 140(31KB) AllocSpace objects, 1(20KB) LOS objects, 49% free, 1913KB/3826KB, paused 38us,7us total 4.641ms
09-24 00:16:13.057 665 679 I mpu_uart: [MSG-P:RECV]:No message received in 1000 ms
09-24 00:16:13.076 665 678 I mpu_uart: [MSG-P:R]:recv sync frame timeout
09-24 00:16:13.095 2075 2119 I .dataservices: Explicit concurrent copying GC freed 206(63KB) AllocSpace objects, 1(20KB) LOS objects, 49% free, 1999KB/3998KB, paused 77us,27us total 17.997ms
09-24 00:16:13.178 2085 2116 I qtidataservice: Explicit concurrent copying GC freed 160(32KB) AllocSpace objects, 1(20KB) LOS objects, 49% free, 1916KB/3833KB, paused 42us,8us total 4.785ms
09-24 00:16:13.245 2054 2124 I m.microsetting: Explicit concurrent copying GC freed 169(31KB) AllocSpace objects, 1(20KB) LOS objects, 49% free, 2032KB/4064KB, paused 37us,10us total 5.434ms
09-24 00:16:13.299 2049 2087 I mm.microservic: Explicit concurrent copying GC freed 157(31KB) AllocSpace objects, 1(20KB) LOS objects, 49% free, 1928KB/3856KB, paused 40us,7us total 4.665ms
09-24 00:16:13.387 2017 2048 I rkstack.proces: Explicit concurrent copying GC freed 12109(490KB) AllocSpace objects, 9(500KB) LOS objects, 49% free, 2383KB/4767KB, paused 74us,17us total 26.818ms
01-01 08:04:13.665 0 0 I init : starting service 'qvrd_vndr'...
01-01 08:04:13.670 0 0 I init : Created socket '/dev/socket/qvrservice_vndr', mode 660, user 1000, group 1000
01-01 08:04:13.680 0 0 I init : Created socket '/dev/socket/qvrservice_vndr_camera', mode 660, user 1000, group 1000
01-01 08:04:13.702 0 0 I init : starting service 'sxrd'...
09-24 00:16:13.526 1910 2476 I ndroid.systemu: Explicit concurrent copying GC freed 32276(1286KB) AllocSpace objects, 0(0B) LOS objects, 49% free, 6564KB/12MB, paused 96us,24us total 70.064ms
09-24 00:16:13.531 1569 1569 W livelock: sample 2.223s
09-24 00:16:13.549 6471 6471 F linker : CANNOT LINK EXECUTABLE "/vendor/bin/hw/qvrservice": library "vendor.qti.hardware.qxr-V1-ndk_platform.so" not found: needed by /vendor/lib64/libqvrservice.so in namespace (default)
09-24 00:16:13.550 6472 6472 F linker : CANNOT LINK EXECUTABLE "/vendor/bin/hw/sxrservice": library "vendor.qti.hardware.qxr-V1-ndk_platform.so" not found: needed by main executable
01-01 08:04:13.742 0 0 I init : Service 'qvrd_vndr' (pid 6471) exited with status 1
01-01 08:04:13.748 0 0 I init : Sending signal 9 to service 'qvrd_vndr' (pid 6471) process group...
09-24 00:16:13.675 1129 2029 I system_server: Explicit concurrent copying GC freed 244860(8819KB) AllocSpace objects, 6(216KB) LOS objects, 49% free, 11MB/22MB, paused 56us,50us total 67.984ms
01-01 08:04:13.936 0 0 D : mv2112_read_status
01-01 08:04:13.940 0 0 D mv2112_update_link: 3.0x901(1G): 0x80
01-01 08:04:13.945 0 0 D mv2112_update_link: 3.0x8109(100M): 0x0
01-01 08:04:13.950 0 0 D mv2112_update_link: link 0x0
01-01 08:04:13.955 0 0 D mv2112_read_status: autoneg is disabled
09-24 00:16:14.059 665 679 I mpu_uart: [MSG-P:RECV]:No message received in 1000 ms
09-24 00:16:14.670 1129 2029 E system_server: Invalid file format: /sys/fs/bpf/map_gpu_mem_gpu_mem_total_map
09-24 00:16:14.670 1129 2029 D ActivityManager: freezer override set to false
09-24 00:16:14.747 3990 3992 D dumpstate: Duration of 'DUMPSYS HIGH': 7.30s
01-01 08:04:14.980 0 0 D : mv2112_read_status
01-01 08:04:14.983 0 0 D mv2112_update_link: 3.0x901(1G): 0x80
01-01 08:04:14.988 0 0 D mv2112_update_link: 3.0x8109(100M): 0x0
01-01 08:04:14.994 0 0 D mv2112_update_link: link 0x0
01-01 08:04:14.998 0 0 D mv2112_read_status: autoneg is disabled
09-24 00:16:14.854 6476 6476 D ProcessState: Binder ioctl to enable oneway spam detection failed: Invalid argument
01-01 08:04:15.039 0 0 I binder : 6476:6476 ioctl 40046210 7fdaba46b4 returned -22
09-24 00:16:15.060 665 679 I mpu_uart: [MSG-P:RECV]:No message received in 1000 ms
01-01 08:04:16.017 0 0 D : mv2112_read_status
01-01 08:04:16.020 0 0 D mv2112_update_link: 3.0x901(1G): 0x80
01-01 08:04:16.026 0 0 D mv2112_update_link: 3.0x8109(100M): 0x0
01-01 08:04:16.031 0 0 D mv2112_update_link: link 0x0
01-01 08:04:16.035 0 0 D mv2112_read_status: autoneg is disabled
09-24 00:16:16.060 665 679 I mpu_uart: [MSG-P:RECV]:No message received in 1000 ms
09-24 00:16:16.078 665 678 I mpu_uart: [MSG-P:R]:recv sync frame timeout
01-01 08:04:17.040 0 0 D : mv2112_read_status
01-01 08:04:17.044 0 0 D mv2112_update_link: 3.0x901(1G): 0x80
01-01 08:04:17.049 0 0 D mv2112_update_link: 3.0x8109(100M): 0x0
01-01 08:04:17.054 0 0 D mv2112_update_link: link 0x0
01-01 08:04:17.059 0 0 D mv2112_read_status: autoneg is disabled
01-01 08:04:17.246 0 0 I init : starting service 'vendor.light-hal-2-0'...
09-24 00:16:17.061 665 679 I mpu_uart: [MSG-P:RECV]:No message received in 1000 ms
09-24 00:16:17.119 515 515 I hwservicemanager: getTransport: Cannot find entry android.hardware.light@2.0::ILight/default in either framework or device VINTF manifest.
09-24 00:16:17.123 6494 6494 E light : light_open lights keyboard failed: -22
09-24 00:16:17.123 6494 6494 E light : Light passthrough failed to load legacy HAL.
09-24 00:16:17.124 6494 6494 E light : light_open lights buttons failed: -22
09-24 00:16:17.124 6494 6494 E light : Light passthrough failed to load legacy HAL.
09-24 00:16:17.126 6494 6494 E light : light_open lights bluetooth failed: -22
09-24 00:16:17.126 6494 6494 E light : Light passthrough failed to load legacy HAL.
09-24 00:16:17.127 6494 6494 E light : light_open lights wifi failed: -22
09-24 00:16:17.127 6494 6494 E light : Light passthrough failed to load legacy HAL.
09-24 00:16:17.128 515 515 I hwservicemanager: getTransport: Cannot find entry android.hardware.light@2.0::ILight/default in either framework or device VINTF manifest.
09-24 00:16:17.129 6494 6494 E HidlServiceManagement: Service android.hardware.light@2.0::ILight/default must be in VINTF manifest in order to register/get.
09-24 00:16:17.129 6494 6494 E LegacySupport: Could not register service android.hardware.light@2.0::ILight/default (-2147483648).
01-01 08:04:17.323 0 0 I init : Service 'vendor.light-hal-2-0' (pid 6494) exited with status 0
01-01 08:04:17.331 0 0 I init : Sending signal 9 to service 'vendor.light-hal-2-0' (pid 6494) process group...
01-01 08:04:17.341 0 0 I libprocessgroup: Successfully killed process cgroup uid 1000 pid 6494 in 1ms
09-24 00:16:17.321 1129 1981 D SntpClient: request time failed: java.net.SocketTimeoutException: Poll timed out
09-24 00:16:17.322 1129 1981 D SntpClient: request time failed
01-01 08:04:18.064 0 0 D : mv2112_read_status
01-01 08:04:18.067 0 0 D mv2112_update_link: 3.0x901(1G): 0x80
01-01 08:04:18.076 0 0 D mv2112_update_link: 3.0x8109(100M): 0x0
01-01 08:04:18.085 0 0 D mv2112_update_link: link 0x0
01-01 08:04:18.089 0 0 D mv2112_read_status: autoneg is disabled
09-24 00:16:18.061 665 679 I mpu_uart: [MSG-P:RECV]:No message received in 1000 ms
01-01 08:04:18.701 0 0 I init : starting service 'qvrd_vndr'...
01-01 08:04:18.708 0 0 I init : Created socket '/dev/socket/qvrservice_vndr', mode 660, user 1000, group 1000
01-01 08:04:18.719 0 0 I init : Created socket '/dev/socket/qvrservice_vndr_camera', mode 660, user 1000, group 1000
01-01 08:04:18.760 0 0 I init : starting service 'sxrd'...
09-24 00:16:18.611 6496 6496 F linker : CANNOT LINK EXECUTABLE "/vendor/bin/hw/sxrservice": library "vendor.qti.hardware.qxr-V1-ndk_platform.so" not found: needed by main executable
09-24 00:16:18.612 6495 6495 F linker : CANNOT LINK EXECUTABLE "/vendor/bin/hw/qvrservice": library "vendor.qti.hardware.qxr-V1-ndk_platform.so" not found: needed by /vendor/lib64/libqvrservice.so in namespace (default)
01-01 08:04:18.804 0 0 I init : Service 'sxrd' (pid 6496) exited with status 1
01-01 08:04:18.811 0 0 I init : Sending signal 9 to service 'sxrd' (pid 6496) process group...
01-01 08:04:19.120 0 0 D : mv2112_read_status
01-01 08:04:19.124 0 0 D mv2112_update_link: 3.0x901(1G): 0x80
01-01 08:04:19.129 0 0 D mv2112_update_link: 3.0x8109(100M): 0x0
01-01 08:04:19.134 0 0 D mv2112_update_link: link 0x0
01-01 08:04:19.138 0 0 D mv2112_read_status: autoneg is disabled
09-24 00:16:19.062 665 679 I mpu_uart: [MSG-P:RECV]:No message received in 1000 ms
09-24 00:16:19.080 665 678 I mpu_uart: [MSG-P:R]:recv sync frame timeout
09-24 00:16:19.800 3990 3992 D dumpstate: Duration of 'SERVICE HIGH connectivity': 5.05s
01-01 08:04:20.144 0 0 D : mv2112_read_status
01-01 08:04:20.148 0 0 D mv2112_update_link: 3.0x901(1G): 0x80
01-01 08:04:20.153 0 0 D mv2112_update_link: 3.0x8109(100M): 0x0
01-01 08:04:20.158 0 0 D mv2112_update_link: link 0x0
01-01 08:04:20.163 0 0 D mv2112_read_status: autoneg is disabled
01-01 08:04:20.183 0 0 I binder : 6498:6498 ioctl 40046210 7fdd7ad8d4 returned -22
09-24 00:16:19.998 6498 6498 D ProcessState: Binder ioctl to enable oneway spam detection failed: Invalid argument
09-24 00:16:20.062 665 679 I mpu_uart: [MSG-P:RECV]:No message received in 1000 ms
09-24 00:16:20.238 3990 3992 D dumpstate: Adding dir /data/misc/wmtrace (recursive: 0)
09-24 00:16:20.238 3990 3992 D dumpstate: Adding dir /data/misc/snapshotctl_log (recursive: 0)
09-24 00:16:20.307 1129 2029 D CompatibilityChangeReporter: Compat change id reported: 174042980; UID 10035; state: DISABLED
09-24 00:16:20.308 1129 2029 D CompatibilityChangeReporter: Compat change id reported: 174042980; UID 2000; state: DISABLED
09-24 00:16:20.358 1129 2782 I WifiService: startScan uid=1000
09-24 00:16:20.373 1402 3877 D LOWI-9.0.0.87.a: [LOWI-Scan] wait_event:Wait done with Cmd 33
09-24 00:16:20.373 1402 3877 D LOWI-9.0.0.87.a: [LOWI-Scan] do_listen_events: Rcvd valid Netlink Cmd 0 Err 0
01-01 08:04:20.630 0 0 I [schedu][0x12a1185cb][00:16:20.439058] wlan: [3749:I:OSIF] scan start scan id 40986
09-24 00:16:20.492 1129 2029 I WifiService: startScan uid=1000
09-24 00:16:20.627 1129 2029 I AdbDebuggingManager: Cannot read user keys
09-24 00:16:20.627 1129 2029 I AdbDebuggingManager: java.io.FileNotFoundException: /data/misc/adb/adb_keys: open failed: ENOENT (No such file or directory)
09-24 00:16:20.627 1129 2029 I AdbDebuggingManager: at libcore.io.IoBridge.open(IoBridge.java:575)
09-24 00:16:20.627 1129 2029 I AdbDebuggingManager: at java.io.FileInputStream.(FileInputStream.java:160)
09-24 00:16:20.627 1129 2029 I AdbDebuggingManager: at android.os.FileUtils.readTextFile(FileUtils.java:637)
09-24 00:16:20.627 1129 2029 I AdbDebuggingManager: at com.android.server.adb.AdbDebuggingManager.dump(AdbDebuggingManager.java:1755)
09-24 00:16:20.627 1129 2029 I AdbDebuggingManager: at com.android.server.adb.AdbService.dump(AdbService.java:546)
09-24 00:16:20.627 1129 2029 I AdbDebuggingManager: at android.os.Binder.doDump(Binder.java:887)
09-24 00:16:20.627 1129 2029 I AdbDebuggingManager: at android.os.Binder.dump(Binder.java:877)
09-24 00:16:20.627 1129 2029 I AdbDebuggingManager: at android.os.Binder.onTransact(Binder.java:813)
09-24 00:16:20.627 1129 2029 I AdbDebuggingManager: at android.debug.IAdbManager$Stub.onTransact(IAdbManager.java:343)
09-24 00:16:20.627 1129 2029 I AdbDebuggingManager: at android.os.Binder.execTransactInternal(Binder.java:1184)
09-24 00:16:20.627 1129 2029 I AdbDebuggingManager: at android.os.Binder.execTransact(Binder.java:1143)
09-24 00:16:20.627 1129 2029 I AdbDebuggingManager: Caused by: android.system.ErrnoException: open failed: ENOENT (No such file or directory)
09-24 00:16:20.627 1129 2029 I AdbDebuggingManager: at libcore.io.Linux.open(Native Method)
09-24 00:16:20.627 1129 2029 I AdbDebuggingManager: at libcore.io.ForwardingOs.open(ForwardingOs.java:567)
09-24 00:16:20.627 1129 2029 I AdbDebuggingManager: at libcore.io.BlockGuardOs.open(BlockGuardOs.java:273)
09-24 00:16:20.627 1129 2029 I AdbDebuggingManager: at libcore.io.IoBridge.open(IoBridge.java:561)
09-24 00:16:20.627 1129 2029 I AdbDebuggingManager: ... 10 more
09-24 00:16:20.628 1129 2029 I AdbDebuggingManager: Cannot read system keys
09-24 00:16:20.628 1129 2029 I AdbDebuggingManager: java.io.FileNotFoundException: /adb_keys: open failed: ENOENT (No such file or directory)
09-24 00:16:20.628 1129 2029 I AdbDebuggingManager: at libcore.io.IoBridge.open(IoBridge.java:575)
09-24 00:16:20.628 1129 2029 I AdbDebuggingManager: at java.io.FileInputStream.(FileInputStream.java:160)
09-24 00:16:20.628 1129 2029 I AdbDebuggingManager: at android.os.FileUtils.readTextFile(FileUtils.java:637)
09-24 00:16:20.628 1129 2029 I AdbDebuggingManager: at com.android.server.adb.AdbDebuggingManager.dump(AdbDebuggingManager.java:1762)
09-24 00:16:20.628 1129 2029 I AdbDebuggingManager: at com.android.server.adb.AdbService.dump(AdbService.java:546)
09-24 00:16:20.628 1129 2029 I AdbDebuggingManager: at android.os.Binder.doDump(Binder.java:887)
09-24 00:16:20.628 1129 2029 I AdbDebuggingManager: at android.os.Binder.dump(Binder.java:877)
09-24 00:16:20.628 1129 2029 I AdbDebuggingManager: at android.os.Binder.onTransact(Binder.java:813)
09-24 00:16:20.628 1129 2029 I AdbDebuggingManager: at android.debug.IAdbManager$Stub.onTransact(IAdbManager.java:343)
09-24 00:16:20.628 1129 2029 I AdbDebuggingManager: at android.os.Binder.execTransactInternal(Binder.java:1184)
09-24 00:16:20.628 1129 2029 I AdbDebuggingManager: at android.os.Binder.execTransact(Binder.java:1143)
09-24 00:16:20.628 1129 2029 I AdbDebuggingManager: Caused by: android.system.ErrnoException: open failed: ENOENT (No such file or directory)
09-24 00:16:20.628 1129 2029 I AdbDebuggingManager: at libcore.io.Linux.open(Native Method)
09-24 00:16:20.628 1129 2029 I AdbDebuggingManager: at libcore.io.ForwardingOs.open(ForwardingOs.java:567)
09-24 00:16:20.628 1129 2029 I AdbDebuggingManager: at libcore.io.BlockGuardOs.open(BlockGuardOs.java:273)
09-24 00:16:20.628 1129 2029 I AdbDebuggingManager: at libcore.io.IoBridge.open(IoBridge.java:561)
09-24 00:16:20.628 1129 2029 I AdbDebuggingManager: ... 10 more
01-01 08:04:20.860 0 0 I binder : 3990:6517 transaction failed 29201/-1, size 40-8 line 3079
01-01 08:04:20.871 0 0 I binder : 3990:6518 transaction failed 29201/-1, size 40-8 line 3079
09-24 00:16:20.795 1129 2029 W AutofillManagerService: Ignoring invalid dump arg: -a
09-24 00:16:20.796 1129 2029 V AutofillManagerServiceImpl: getServiceUidLocked(): no mServiceInfo
09-24 00:16:20.797 1129 2029 V FieldClassificationStrategy: getServiceComponentName(): ComponentInfo{android.ext.services/android.ext.services.autofill.AutofillFieldClassificationServiceImpl}
09-24 00:16:20.839 1129 1243 W BatteryExternalStatsWorker: error reading modem stats:ERROR_PHONE_NOT_AVAILABLE
09-24 00:16:20.841 845 845 D vendor.qti.bluetooth@1.0-ibs_handler: SerialClockVote: vote for UART CLK ON
09-24 00:16:20.842 845 845 D vendor.qti.bluetooth@1.0-wake_lock: Acquire wakelock is acquired
09-24 00:16:20.843 845 845 I vendor.qti.bluetooth@1.0-ibs_handler: DeviceWakeUp: Writing IBS_WAKE_IND
09-24 00:16:20.843 845 2564 I vendor.qti.bluetooth@1.0-ibs_handler: ProcessIbsCmd: Received IBS_WAKE_ACK: 0xFC
09-24 00:16:20.843 845 2564 I vendor.qti.bluetooth@1.0-ibs_handler: ProcessIbsCmd: Signal wack_cond_
09-24 00:16:20.843 845 845 D vendor.qti.bluetooth@1.0-ibs_handler: DeviceWakeUp: Unblocked from waiting for FC, pthread_cond_timedwait ret = 0
09-24 00:16:20.844 845 2564 I vendor.qti.bluetooth@1.0-ibs_handler: ProcessIbsCmd: Received IBS_WAKE_IND: 0xFD
09-24 00:16:20.844 845 2564 I vendor.qti.bluetooth@1.0-ibs_handler: ProcessIbsCmd: Writing IBS_WAKE_ACK
09-24 00:16:20.869 1129 1243 E KernelCpuSpeedReader: Failed to read cpu-freq: /sys/devices/system/cpu/cpu4/cpufreq/stats/time_in_state: open failed: ENOENT (No such file or directory)
09-24 00:16:20.869 1129 1243 E KernelCpuSpeedReader: Failed to read cpu-freq: /sys/devices/system/cpu/cpu0/cpufreq/stats/time_in_state: open failed: ENOENT (No such file or directory)
09-24 00:16:20.869 1129 1243 E system_server: Cannot read thread CPU times for PID 1129
09-24 00:16:20.872 588 601 E android.system.suspend@1.0-service: Error opening kernel wakelock stats for: wakeup58: Permission denied
09-24 00:16:20.872 588 601 E android.system.suspend@1.0-service: Error opening kernel wakelock stats for: wakeup86: Permission denied
09-24 00:16:20.876 588 601 E android.system.suspend@1.0-service: Error opening kernel wakelock stats for: wakeup4: Permission denied
09-24 00:16:20.880 588 601 E android.system.suspend@1.0-service: Error opening kernel wakelock stats for: wakeup38: Permission denied
09-24 00:16:20.887 588 601 E android.system.suspend@1.0-service: Error opening kernel wakelock stats for: wakeup28: Permission denied
09-24 00:16:20.867 588 588 W Binder:588_2: type=1400 audit(0.0:318): avc: denied { read } for name="wakeup58" dev="sysfs" ino=90333 scontext=u:r:system_suspend:s0 tcontext=u:object_r:sysfs:s0 tclass=dir permissive=0
01-01 08:04:21.080 0 0 W audit : audit_lost=162 audit_rate_limit=5 audit_backlog_limit=64
01-01 08:04:21.091 0 0 E audit : rate limit exceeded
09-24 00:16:20.900 588 601 E android.system.suspend@1.0-service: Error opening kernel wakelock stats for: wakeup56: Permission denied
09-24 00:16:20.902 588 601 E android.system.suspend@1.0-service: Error opening kernel wakelock stats for: wakeup18: Permission denied
09-24 00:16:20.904 588 601 E android.system.suspend@1.0-service: Error opening kernel wakelock stats for: wakeup46: Permission denied
09-24 00:16:20.904 588 601 E android.system.suspend@1.0-service: Error opening kernel wakelock stats for: wakeup2: Permission denied
09-24 00:16:20.905 588 601 E android.system.suspend@1.0-service: Error opening kernel wakelock stats for: wakeup106: Permission denied
09-24 00:16:20.906 588 601 E android.system.suspend@1.0-service: Error opening kernel wakelock stats for: wakeup64: Permission denied
09-24 00:16:20.907 588 601 E android.system.suspend@1.0-service: Error opening kernel wakelock stats for: wakeup26: Permission denied
09-24 00:16:20.908 588 601 E android.system.suspend@1.0-service: Error opening kernel wakelock stats for: wakeup54: Permission denied
09-24 00:16:20.908 588 601 E android.system.suspend@1.0-service: Error opening kernel wakelock stats for: wakeup16: Permission denied
09-24 00:16:20.909 588 601 E android.system.suspend@1.0-service: Error opening kernel wakelock stats for: wakeup0: Permission denied
09-24 00:16:20.910 588 601 E android.system.suspend@1.0-service: Error opening kernel wakelock stats for: wakeup104: Permission denied
09-24 00:16:20.910 588 601 E android.system.suspend@1.0-service: Error opening kernel wakelock stats for: wakeup34: Permission denied
09-24 00:16:20.911 588 601 E android.system.suspend@1.0-service: Error opening kernel wakelock stats for: wakeup62: Permission denied
09-24 00:16:20.912 588 601 E android.system.suspend@1.0-service: Error opening kernel wakelock stats for: wakeup24: Permission denied
09-24 00:16:20.913 588 601 E android.system.suspend@1.0-service: Error opening kernel wakelock stats for: wakeup52: Permission denied
09-24 00:16:20.913 588 601 E android.system.suspend@1.0-service: Error opening kernel wakelock stats for: wakeup9: Permission denied
09-24 00:16:20.913 588 601 E android.system.suspend@1.0-service: Error opening kernel wakelock stats for: wakeup80: Permission denied
09-24 00:16:20.913 588 601 E android.system.suspend@1.0-service: Error opening kernel wakelock stats for: wakeup14: Permission denied
09-24 00:16:20.914 588 601 E android.system.suspend@1.0-service: Error opening kernel wakelock stats for: wakeup42: Permission denied
09-24 00:16:20.916 588 601 E android.system.suspend@1.0-service: Error opening kernel wakelock stats for: wakeup32: Permission denied
09-24 00:16:20.916 588 601 E android.system.suspend@1.0-service: Error opening kernel wakelock stats for: wakeup60: Permission denied
09-24 00:16:20.917 588 601 E android.system.suspend@1.0-service: Error opening kernel wakelock stats for: wakeup22: Permission denied
09-24 00:16:20.918 588 601 E android.system.suspend@1.0-service: Error opening kernel wakelock stats for: wakeup50: Permission denied
09-24 00:16:20.918 588 601 E android.system.suspend@1.0-service: Error opening kernel wakelock stats for: wakeup7: Permission denied
09-24 00:16:20.918 588 601 E android.system.suspend@1.0-service: Error opening kernel wakelock stats for: wakeup12: Permission denied
09-24 00:16:20.919 588 601 E android.system.suspend@1.0-service: Error opening kernel wakelock stats for: wakeup40: Permission denied
09-24 00:16:20.921 588 601 E android.system.suspend@1.0-service: Error opening kernel wakelock stats for: wakeup30: Permission denied
09-24 00:16:20.921 588 601 E android.system.suspend@1.0-service: Error opening kernel wakelock stats for: wakeup59: Permission denied
09-24 00:16:20.922 588 601 E android.system.suspend@1.0-service: Error opening kernel wakelock stats for: wakeup87: Permission denied
09-24 00:16:20.922 588 601 E android.system.suspend@1.0-service: Error opening kernel wakelock stats for: wakeup20: Permission denied
09-24 00:16:20.923 588 601 E android.system.suspend@1.0-service: Error opening kernel wakelock stats for: wakeup5: Permission denied
09-24 00:16:20.867 588 588 W Binder:588_2: type=1400 audit(0.0:319): avc: denied { read } for name="wakeup86" dev="sysfs" ino=98278 scontext=u:r:system_suspend:s0 tcontext=u:object_r:sysfs:s0 tclass=dir permissive=0
09-24 00:16:20.924 588 601 E android.system.suspend@1.0-service: Error opening kernel wakelock stats for: wakeup10: Permission denied
09-24 00:16:20.924 588 601 E android.system.suspend@1.0-service: Error opening kernel wakelock stats for: wakeup39: Permission denied
09-24 00:16:20.926 845 2564 I vendor.qti.bluetooth@1.0-ibs_handler: ProcessIbsCmd: Received IBS_SLEEP_IND: 0xFE
09-24 00:16:20.926 588 601 E android.system.suspend@1.0-service: Error opening kernel wakelock stats for: wakeup29: Permission denied
09-24 00:16:20.927 588 601 E android.system.suspend@1.0-service: Error opening kernel wakelock stats for: wakeup57: Permission denied
09-24 00:16:20.930 588 601 E android.system.suspend@1.0-service: Error opening kernel wakelock stats for: wakeup107: Permission denied
09-24 00:16:20.930 588 601 E android.system.suspend@1.0-service: Error opening kernel wakelock stats for: wakeup65: Permission denied
09-24 00:16:20.932 588 601 E android.system.suspend@1.0-service: Error opening kernel wakelock stats for: wakeup55: Permission denied
09-24 00:16:20.933 588 601 E android.system.suspend@1.0-service: Error opening kernel wakelock stats for: wakeup45: Permission denied
09-24 00:16:20.933 588 601 E android.system.suspend@1.0-service: Error opening kernel wakelock stats for: wakeup1: Permission denied
09-24 00:16:20.934 588 601 E android.system.suspend@1.0-service: Error opening kernel wakelock stats for: wakeup105: Permission denied
09-24 00:16:20.936 588 601 E android.system.suspend@1.0-service: Error opening kernel wakelock stats for: wakeup63: Permission denied
09-24 00:16:20.938 588 601 E android.system.suspend@1.0-service: Error opening kernel wakelock stats for: wakeup53: Permission denied
09-24 00:16:20.939 588 601 E android.system.suspend@1.0-service: Error opening kernel wakelock stats for: wakeup43: Permission denied
09-24 00:16:20.941 588 601 E android.system.suspend@1.0-service: Error opening kernel wakelock stats for: wakeup33: Permission denied
09-24 00:16:20.941 588 601 E android.system.suspend@1.0-service: Error opening kernel wakelock stats for: wakeup61: Permission denied
09-24 00:16:20.943 588 601 E android.system.suspend@1.0-service: Error opening kernel wakelock stats for: wakeup8: Permission denied
09-24 00:16:20.943 588 601 E android.system.suspend@1.0-service: Error opening kernel wakelock stats for: wakeup41: Permission denied
09-24 00:16:20.871 588 588 W Binder:588_2: type=1400 audit(0.0:320): avc: denied { read } for name="wakeup4" dev="sysfs" ino=52981 scontext=u:r:system_suspend:s0 tcontext=u:object_r:sysfs:s0 tclass=dir permissive=0
09-24 00:16:20.945 588 601 E android.system.suspend@1.0-service: Error opening kernel wakelock stats for: wakeup31: Permission denied
09-24 00:16:20.945 588 601 E android.system.suspend@1.0-service: Error opening kernel wakelock stats for: wakeup6: Permission denied
09-24 00:16:20.875 588 588 W Binder:588_2: type=1400 audit(0.0:321): avc: denied { read } for name="wakeup38" dev="sysfs" ino=73704 scontext=u:r:system_suspend:s0 tcontext=u:object_r:sysfs:s0 tclass=dir permissive=0
09-24 00:16:20.963 689 4063 I netd : trafficSwapActiveStatsMap() <13.04ms>
09-24 00:16:20.974 689 4063 I netd : tetherGetStats() -> {[]} <4.75ms>
09-24 00:16:20.883 588 588 W Binder:588_2: type=1400 audit(0.0:322): avc: denied { read } for name="wakeup28" dev="sysfs" ino=62592 scontext=u:r:system_suspend:s0 tcontext=u:object_r:sysfs:s0 tclass=dir permissive=0
01-01 08:04:21.180 0 0 D : mv2112_read_status
01-01 08:04:21.183 0 0 D mv2112_update_link: 3.0x901(1G): 0x80
01-01 08:04:21.188 0 0 D mv2112_update_link: 3.0x8109(100M): 0x0
01-01 08:04:21.193 0 0 D mv2112_update_link: link 0x0
01-01 08:04:21.198 0 0 D mv2112_read_status: autoneg is disabled
09-24 00:16:21.043 1888 2839 D HeadsetService: isInbandRingingEnabled returning: false
09-24 00:16:21.043 1888 2839 I AudioManager: In isBluetoothScoOn(), calling application: com.android.bluetooth
09-24 00:16:21.043 1888 2839 V Avrcp_ext: for index 0
09-24 00:16:21.043 1888 2839 V Avrcp_ext: for index 1
09-24 00:16:21.043 1888 2839 V Avrcp_ext: for index 2
09-24 00:16:21.043 1888 2839 V Avrcp_ext: for index 3
09-24 00:16:21.043 1888 2839 V Avrcp_ext: for index 4
09-24 00:16:21.044 1888 2839 E bt_btif : bta_av_co_get_active_peer: peer index out of bounds: 5
09-24 00:16:21.054 1129 2029 D ActivityManager: freezer override set to true
09-24 00:16:21.062 665 679 I mpu_uart: [MSG-P:RECV]:No message received in 1000 ms
09-24 00:16:21.134 1129 1157 I system_server: JIT allocated 87KB for compiled code of void android.os.BatteryStats.dumpLocked(android.content.Context, java.io.PrintWriter, java.lang.String, int, int, boolean)
09-24 00:16:21.134 1129 1157 I system_server: Compiler allocated 25MB to compile void android.os.BatteryStats.dumpLocked(android.content.Context, java.io.PrintWriter, java.lang.String, int, int, boolean)
09-24 00:16:21.732 1129 2029 D ActivityManager: freezer override set to false
09-24 00:16:21.781 1129 2029 W SyncLogger: Dumping /data/system/syncmanager-log/synclog-2022-09-24.log
09-24 00:16:21.807 1129 2029 D ActivityManager: freezer override set to true
09-24 00:16:21.844 845 2586 I vendor.qti.bluetooth@1.0-ibs_handler: DeviceSleep: TX Awake, Sending SLEEP_IND
09-24 00:16:21.844 845 2586 D vendor.qti.bluetooth@1.0-ibs_handler: SerialClockVote: vote for UART CLK OFF
09-24 00:16:21.995 845 2341 D vendor.qti.bluetooth@1.0-wake_lock: Release wakelock is released
01-01 08:04:22.224 0 0 D : mv2112_read_status
01-01 08:04:22.228 0 0 D mv2112_update_link: 3.0x901(1G): 0x80
01-01 08:04:22.233 0 0 D mv2112_update_link: 3.0x8109(100M): 0x0
01-01 08:04:22.238 0 0 D mv2112_update_link: link 0x0
01-01 08:04:22.242 0 0 D mv2112_read_status: autoneg is disabled
09-24 00:16:22.063 665 679 I mpu_uart: [MSG-P:RECV]:No message received in 1000 ms
09-24 00:16:22.067 1129 2029 D ActivityManager: freezer override set to false
09-24 00:16:22.085 665 678 I mpu_uart: [MSG-P:R]:recv sync frame timeout
01-01 08:04:22.273 0 0 I init : starting service 'vendor.light-hal-2-0'...
09-24 00:16:22.091 1129 2029 I DevicePolicyManager: Packages subject to suspension: com.android.documentsui,com.android.quicksearchbox,com.android.soundrecorder,com.tc.logclient,com.android.calendar,com.example.android.locationattribution,com.thundercomm.mcuupgrade,com.android.gallery3d,com.caf.fmradio,com.android.music,com.qualcomm.qti.usta,com.android.deskclock,com.qualcomm.qti.sensors.qsensortest
09-24 00:16:22.111 1129 2029 W DiskStatsService: Recent Disk Write Speed data unavailable!
09-24 00:16:22.139 689 4063 I resolv : res_stats_usable_server: NS stats: S 5 + E 0 + T 0 + I 0 = 5, rtt = 162, min_samples = 8
09-24 00:16:22.139 689 4063 I resolv : res_stats_usable_server: NS stats: S 0 + E 0 + T 0 + I 0 = 0, rtt = -1, min_samples = 8
09-24 00:16:22.154 1402 3877 D LOWI-9.0.0.87.a: [LOWI-Scan] wait_event:Wait done with Cmd 34
09-24 00:16:22.155 1402 3877 D LOWI-9.0.0.87.a: [LOWI-Scan] do_listen_events: Rcvd valid Netlink Cmd 34 Err 0
09-24 00:16:22.156 1402 3877 D LOWI-9.0.0.87.a: [LOWI-Scan]
09-24 00:16:22.156 1402 3877 D LOWI-9.0.0.87.a: [LOWI-Scan] print_bss_handler: Report Probe TSF 252861432 as it greater than Beacon TSF 242809606
09-24 00:16:22.156 1402 3877 D LOWI-9.0.0.87.a: [LOWI-Scan] decode_rsn_wpa_ie: LOWI_ENCRYPTION_TYPE_WPA_PSK
09-24 00:16:22.156 1402 3877 D LOWI-9.0.0.87.a: [LOWI-Scan] is_qcom_ie, bss_age: 0
09-24 00:16:22.156 1402 3877 D LOWI-9.0.0.87.a: [LOWI-Scan] BSS 3c:51:0e:47:7c:20 LOWI_PHY_MODE_11NG_HT20(5), Beacon Interval: 100, LOWI_ENCRYPTION_TYPE_WPA_PSK 11mcRanging: No, ANQP: No, LCI: No, Civic: No, capability(0x1111): ESS Privacy SpectrumMgmt
