09-24 00:15:39.632 1910 2591 D BufferPoolAccessor2.0: Destruction - bufferpool2 0xb40000799c0a9a68 cached: 0/0M, 0/0% in use; allocs: 7, 43% recycled; transfers: 38, 79% unfetched
09-24 00:15:39.632 1129 1781 D BufferPoolAccessor2.0: Destruction - bufferpool2 0xb40000799c0b98c8 cached: 0/0M, 0/0% in use; allocs: 7, 29% recycled; transfers: 18, 72% unfetched
09-24 00:15:39.632 1129 2598 D BufferPoolAccessor2.0: Destruction - bufferpool2 0xb40000799c0b3c48 cached: 0/0M, 0/0% in use; allocs: 7, 43% recycled; transfers: 34, 88% unfetched
09-24 00:15:39.632 1303 6092 E ion : ioctl c0044901 failed with code -1: Inappropriate ioctl for device
09-24 00:15:39.632 1910 2591 D BufferPoolAccessor2.0: bufferpool2 0xb40000799c0b1e38 : 0(0 size) total buffers - 0(0 size) used buffers - 1/7 (recycle/alloc) - 7/18 (fetch/transfer)
09-24 00:15:39.632 1910 2591 D BufferPoolAccessor2.0: Destruction - bufferpool2 0xb40000799c0b1e38 cached: 0/0M, 0/0% in use; allocs: 7, 14% recycled; transfers: 18, 61% unfetched
09-24 00:15:39.633 1303 6092 I CCodecBufferChannel: pipelineRoom(3) is <= numClientBuffers(3). Not signalling any more buffers to client
09-24 00:15:39.635 1303 6092 I CCodecBufferChannel: pipelineRoom(2) is <= numClientBuffers(2). Not signalling any more buffers to client
09-24 00:15:39.635 1303 6092 I CCodecBufferChannel: pipelineRoom(1) is <= numClientBuffers(1). Not signalling any more buffers to client
09-24 00:15:39.637 1372 6096 D SimpleC2Component: Using output block pool with poolID 26 => got 26 - 0
09-24 00:15:39.647 1303 6091 I ExtendedNuUtils: Both src and dst missing for bit-width
09-24 00:15:39.647 1303 6091 I ExtendedNuUtils: Overriding durationUs: with 64 bit src value 1728000
09-24 00:15:39.647 1303 6091 I ExtendedNuUtils: Both src and dst missing for channel-mask
09-24 00:15:39.653 830 1840 D audio_hw_primary: adev_get_parameters:vr_audio_mode_on
09-24 00:15:39.653 830 1840 I audio_hw_primary: getting vr mode to 0
09-24 00:15:39.653 830 1840 D audio_hw_primary: adev_get_parameters: exit: returns - vr_audio_mode_on=false
09-24 00:15:39.653 1043 1844 I hash_map_utils: system/bt/osi/src/hash_map_utils.cc:81 hash_map_utils_dump_string_keys_string_values: key: 'vr_audio_mode_on' value: ''
09-24 00:15:39.656 1043 1844 D AudioFlinger: Client defaulted notificationFrames to 12000 for frameCount 24000
09-24 00:15:39.660 1043 1844 D AF::TrackHandle: OpPlayAudio: track:60 usage:5 not muted
09-24 00:15:39.702 830 1840 I EffectsFactory: EffectCreate() create_effect
09-24 00:15:39.703 1910 1910 D InterruptionStateProvider: No bubble up: not allowed to bubble: 0|com.android.shell|1|null|2000
09-24 00:15:39.704 1910 1910 D InterruptionStateProvider: No heads up: unimportant notification: 0|com.android.shell|1|null|2000
09-24 00:15:39.704 830 853 E volume_listener: check_and_set_gain_dep_cal: Failed to set gain dep cal level
01-01 08:03:39.889 0 0 D : mv2112_read_status
01-01 08:03:39.893 0 0 D mv2112_update_link: 3.0x901(1G): 0x80
09-24 00:15:39.710 1910 2199 D PeopleSpaceWidgetMgr: Sbn doesn't contain valid PeopleTileKey: null/0/com.android.shell
01-01 08:03:39.899 0 0 D mv2112_update_link: 3.0x8109(100M): 0x0
01-01 08:03:39.906 0 0 D mv2112_update_link: link 0x0
01-01 08:03:39.911 0 0 D mv2112_read_status: autoneg is disabled
09-24 00:15:39.711 830 3693 D audio_hw_primary: start_output_stream: enter: stream(0xe55064c0)usecase(1: low-latency-playback) devices(0x2) is_haptic_usecase(0)
09-24 00:15:39.711 983 983 E ANDR-PERF-TARGET: Error: Invalid logical cluster id 0
09-24 00:15:39.711 983 983 E ANDR-PERF-REQUEST: invalid request
09-24 00:15:39.711 983 983 E ANDR-PERF-MPCTL: invalid request, no optimizations performed
09-24 00:15:39.713 830 3693 E audio_hw_extn: audio_extn_perf_lock_acquire: Failed to acquire perf lock, err: -1
09-24 00:15:39.713 830 3693 D audio_hw_primary: select_devices for use case (low-latency-playback)
09-24 00:15:39.713 830 3693 I msm8974_platform: platform_check_and_set_codec_backend_cfg:becf: afe: bitwidth 16, samplerate 48000 channels 2, backend_idx 0 usecase = 1 device (speaker)
09-24 00:15:39.713 830 3693 D msm8974_platform: platform_split_snd_device: snd_device(2) num devices(1) new_snd_devices(0)
09-24 00:15:39.713 830 3693 I msm8974_platform: platform_check_and_set_codec_backend_cfg: new_snd_devices[0] is 2
09-24 00:15:39.713 830 3693 I msm8974_platform: platform_check_codec_backend_cfg:becf: afe: bitwidth 16, samplerate 48000 channels 2, backend_idx 0 usecase = 1 device (speaker)
09-24 00:15:39.715 830 3693 D audio_hw_extn: audio_extn_enable_hifi_filter: mixer_value set 0
09-24 00:15:39.715 830 3693 D msm8974_platform: platform_check_codec_backend_cfg:becf: updated afe: bitwidth 16, samplerate 48000 channels 2,backend_idx 0 usecase = 1 device (speaker)
09-24 00:15:39.715 830 3693 D msm8974_platform: platform_check_codec_backend_cfg:becf: afe: playback on codec device not supporting native playback set default Sample Rate(48k)
09-24 00:15:39.715 830 3693 I msm8974_platform: platform_check_codec_backend_cfg:becf: afe: Codec selected backend: 0 updated bit width: 16 and sample rate: 48000
09-24 00:15:39.715 830 3693 D audio_hw_primary: check_usecases_codec_backend:becf: force routing 0
09-24 00:15:39.715 830 3693 E msm8974_platform: platform_check_backends_match: Invalid snd_device =
09-24 00:15:39.715 830 3693 D audio_hw_primary: check_usecases_codec_backend:becf: (78) check_usecases curr device: speaker, usecase device: backends match 0
09-24 00:15:39.715 830 3693 D audio_hw_primary: check_usecases_codec_backend:becf: check_usecases num.of Usecases to switch 0
09-24 00:15:39.715 830 3693 D hardware_info: hw_info_append_hw_type : device_name = speaker
09-24 00:15:39.715 830 3693 D msm8974_platform: platform_split_snd_device: snd_device(2) num devices(0) new_snd_devices(0)
09-24 00:15:39.715 830 3693 D audio_hw_primary: enable_snd_device: snd_device(2: speaker)
09-24 00:15:39.715 830 3693 D msm8974_platform: platform_get_island_cfg_on_device:island cfg status on snd_device = (speaker 0)
09-24 00:15:39.715 830 3693 I soundtrigger: audio_extn_sound_trigger_update_device_status: device 0x2 of type 0 for Event 1, with Raise=0
09-24 00:15:39.715 830 3693 D audio_route: Apply path: speaker
09-24 00:15:39.715 830 3693 I audio_hw_utils: audio_extn_utils_update_stream_output_app_type_cfg Allowing 24 and above bits playback on speaker ONLY at default sampling rate
09-24 00:15:39.715 830 3693 E soundtrigger: audio_extn_sound_trigger_update_stream_status: invalid input device 0x0, for event 3
09-24 00:15:39.715 830 3693 D soundtrigger: audio_extn_sound_trigger_update_stream_status: uc_info->id 1 of type 0 for Event 3, with Raise=0
09-24 00:15:39.715 830 3693 D audio_hw_utils: audio_extn_utils_send_app_type_cfg: usecase->out_snd_device speaker
09-24 00:15:39.715 830 3693 D msm8974_platform: platform_split_snd_device: snd_device(2) num devices(0) new_snd_devices(0)
09-24 00:15:39.716 830 3693 D audio_hw_utils: audio_extn_btsco_get_sample_rate:Not a BT SCO device, need not update sampling rate
09-24 00:15:39.716 830 3693 I audio_hw_utils: send_app_type_cfg_for_device PLAYBACK app_type 69937, acdb_dev_id 15, sample_rate 48000, snd_device_be_idx 179
09-24 00:15:39.716 830 3693 D msm8974_platform: platform_split_snd_device: snd_device(2) num devices(1) new_snd_devices(0)
09-24 00:15:39.716 830 3693 D audio_hw_utils: audio_extn_btsco_get_sample_rate:Not a BT SCO device, need not update sampling rate
01-01 08:03:39.918 0 0 I afe_find_cal_topo_id_by_port: port id: 0x9000, dev_acdb_id: 0
01-01 08:03:39.925 0 0 I afe_find_cal_topo_id_by_port: top_id:112fc acdb_id:15 afe_port:0x9000
09-24 00:15:39.716 830 3693 D ACDB-LOADER: ACDB -> send_audio_cal, acdb_id = 15, path = 0, app id = 0x11131, sample rate = 48000, afe_sample_rate = 48000
09-24 00:15:39.716 830 3693 D ACDB-LOADER: ACDB -> send_asm_topology
09-24 00:15:39.716 830 3693 D ACDB-LOADER: ACDB -> ACDB_CMD_GET_AUDPROC_STREAM_TOPOLOGY_ID
09-24 00:15:39.716 830 3693 D ACDB-LOADER: ACDB -> send_adm_topology
09-24 00:15:39.716 830 3693 D ACDB-LOADER: ACDB -> ACDB_CMD_GET_AUDPROC_COMMON_TOPOLOGY_ID
09-24 00:15:39.717 830 3693 D ACDB-LOADER: ACDB -> send_audtable
09-24 00:15:39.717 830 3693 D ACDB-LOADER: ACDB -> ACDB_CMD_GET_AUDPROC_INSTANCE_COMMON_TABLE_SIZE
09-24 00:15:39.717 830 3693 D ACDB-LOADER: ACDB -> ACDB_CMD_GET_AUDPROC_INSTANCE_COMMON_TABLE
01-01 08:03:39.933 0 0 I afe_get_cal_topology_id: port_id = 0x9000 acdb_id = 15 topology_id = 0x112fc cal_type_index=8 ret=0
09-24 00:15:39.717 830 3693 D ACDB-LOADER: ACDB -> AUDIO_SET_AUDPROC_CAL cal_type[11] acdb_id[15] app_type[69937]
09-24 00:15:39.717 830 3693 D ACDB-LOADER: ACDB -> send_audvoltable
01-01 08:03:39.944 0 0 I afe_send_port_topology_id: AFE set topology id 0x112fc enable for port 0x9000 ret 0
09-24 00:15:39.717 830 3693 D ACDB-LOADER: ACDB -> ACDB_CMD_GET_AUDPROC_INSTANCE_GAIN_DEP_STEP_TABLE_SIZE
09-24 00:15:39.717 830 3693 D ACDB-LOADER: ACDB -> ACDB_CMD_GET_AUDPROC_INSTANCE_GAIN_DEP_STEP_TABLE, vol index 0
09-24 00:15:39.717 830 3693 D ACDB-LOADER: ACDB -> AUDIO_SET_VOL_CAL cal type = 12
09-24 00:15:39.717 830 3693 D ACDB-LOADER: ACDB -> ACDB_CMD_GET_AUDPROC_INSTANCE_STREAM_TABLE_SIZE
09-24 00:15:39.717 830 3693 D ACDB-LOADER: ACDB -> send_audstrmtable
09-24 00:15:39.717 830 3693 D ACDB-LOADER: ACDB -> ACDB_CMD_GET_AUDPROC_INSTANCE_STREAM_TABLE
09-24 00:15:39.717 830 3693 D ACDB-LOADER: ACDB -> audstrm_cal->cal_type.cal_data.cal_size = 20
09-24 00:15:39.717 830 3693 D ACDB-LOADER: ACDB -> send_afe_topology
09-24 00:15:39.717 830 3693 D ACDB-LOADER: ACDB -> ACDB_CMD_GET_AFE_TOPOLOGY_ID
09-24 00:15:39.718 830 3693 D ACDB-LOADER: ACDB -> GET_AFE_TOPOLOGY_ID for adcd_id 15, Topology Id 112fc
09-24 00:15:39.718 830 3693 D ACDB-LOADER: ACDB -> send_afe_cal
09-24 00:15:39.718 830 3693 D ACDB-LOADER: ACDB -> ACDB_CMD_GET_AFE_INSTANCE_COMMON_TABLE_SIZE
09-24 00:15:39.718 830 3693 D android.hardware.audio.service: Failed to fetch the lookup information of the device 0000000F
09-24 00:15:39.718 830 3693 D ACDB-LOADER: Error: ACDB_CMD_GET_AFE_INSTANCE_COMMON_TABLE_SIZE Returned = -19
09-24 00:15:39.718 830 3693 D ACDB-LOADER: ACDB -> ACDB_CMD_GET_AFE_INSTANCE_COMMON_TABLE
09-24 00:15:39.718 830 3693 D android.hardware.audio.service: Failed to fetch the lookup information of the device 0000000F
09-24 00:15:39.718 830 3693 D ACDB-LOADER: Error: ACDB AFE returned = -19
09-24 00:15:39.718 830 3693 D ACDB-LOADER: ACDB -> AUDIO_SET_AFE_CAL cal_type[16] acdb_id[15]
09-24 00:15:39.718 830 3693 D ACDB-LOADER: ACDB -> send_hw_delay : acdb_id = 15 path = 0
09-24 00:15:39.718 830 3693 D ACDB-LOADER: ACDB -> ACDB_AVSYNC_INFO: ACDB_CMD_GET_DEVICE_PROPERTY
09-24 00:15:39.718 830 3693 D msm8974_platform: platform_split_snd_device: snd_device(2) num devices(0) new_snd_devices(0)
09-24 00:15:39.718 830 3693 I msm8974_platform: platform_get_custom_mtmx_params: no matching param with id 0 ip_ch 2 op_ch 2 uc_id 1 snd_dev 2
09-24 00:15:39.718 830 3693 D audio_hw_primary: enable_audio_route: apply mixer and update path: low-latency-playback
09-24 00:15:39.718 830 3693 D audio_route: Apply path: low-latency-playback
09-24 00:15:39.719 1910 1910 V NotificationMediaManager: DEBUG_MEDIA: updating album art for notification null metadata=null metaDataChanged=false state=0
09-24 00:15:39.719 830 3693 D audio_hw_primary: select_devices: done
09-24 00:15:39.736 1888 2698 D Avrcp_ext: AudioManager Player: AudioPlaybackConfiguration piid:327 deviceId:0 type:android.media.SoundPool u/pid:10087/1910 state:idle attr:AudioAttributes: usage=USAGE_ASSISTANCE_SONIFICATION content=CONTENT_TYPE_SONIFICATION flags=0x800 tags= bundle=null sessionId:0
09-24 00:15:39.736 1888 2698 D Avrcp_ext: AudioManager Player: AudioPlaybackConfiguration piid:319 deviceId:0 type:android.media.SoundPool u/pid:1000/1129 state:idle attr:AudioAttributes: usage=USAGE_ASSISTANCE_SONIFICATION content=CONTENT_TYPE_SONIFICATION flags=0x800 tags= bundle=null sessionId:0
09-24 00:15:39.736 1888 2698 D Avrcp_ext: AudioManager Player: AudioPlaybackConfiguration piid:335 deviceId:3 type:android.media.MediaPlayer u/pid:10087/1910 state:started attr:AudioAttributes: usage=USAGE_NOTIFICATION content=CONTENT_TYPE_SONIFICATION flags=0x800 tags= bundle=null sessionId:0
09-24 00:15:39.737 1888 2698 D Avrcp_ext: AudioManager Player in started state: com.android.systemui
09-24 00:15:39.737 1888 2698 D Avrcp_ext: AudioManager Active Player: com.android.systemui
09-24 00:15:39.737 1888 2698 D Avrcp_ext: AudioManager isPlaying: true, mAudioPlaybackIsActive = true
01-01 08:03:39.953 0 0 I send_afe_cal_type: cal_index is 0
01-01 08:03:39.958 0 0 I send_afe_cal_type: dev_acdb_id[55] is 0
01-01 08:03:39.963 0 0 I send_afe_cal_type: Sending cal_index cal 0
01-01 08:03:39.968 0 0 E send_afe_cal_type: No cal sent for cal_index 0, port_id = 0x9000! ret -22
01-01 08:03:39.977 0 0 I afe_send_hw_delay: port_id 0x9000 rate 48000 delay_usec 474 status 0
09-24 00:15:39.815 830 3693 D msm8974_platform: platform_set_channel_map mixer_ctl_name:Playback Channel Map9
09-24 00:15:39.815 830 3693 D msm8974_platform: platform_set_channel_map: set mapping(1 2 0 0 0 0 0 0) for channel:2
09-24 00:15:39.817 830 3693 E audio_hw_extn: audio_extn_perf_lock_release: Perf lock release error
09-24 00:15:39.817 830 3693 D audio_hw_primary: start_output_stream: exit
09-24 00:15:39.817 830 3693 D audio_hw_primary: out_write: retry previous failed cal level set
09-24 00:15:39.817 830 3693 D msm8974_platform: platform_split_snd_device: snd_device(2) num devices(1) new_snd_devices(0)
09-24 00:15:39.817 830 3693 D ACDB-LOADER: ACDB -> send_audvoltable
09-24 00:15:39.817 830 3693 D ACDB-LOADER: ACDB -> ACDB_CMD_GET_AUDPROC_INSTANCE_GAIN_DEP_STEP_TABLE_SIZE
09-24 00:15:39.817 830 3693 D ACDB-LOADER: ACDB -> ACDB_CMD_GET_AUDPROC_INSTANCE_GAIN_DEP_STEP_TABLE, vol index 0
09-24 00:15:39.817 830 3693 D ACDB-LOADER: ACDB -> AUDIO_SET_VOL_CAL cal type = 40
09-24 00:15:39.829 830 1842 D msm8974_platform: platform_split_snd_device: snd_device(2) num devices(1) new_snd_devices(0)
09-24 00:15:39.829 830 1842 D ACDB-LOADER: ACDB -> send_audvoltable
09-24 00:15:39.829 830 1842 D ACDB-LOADER: ACDB -> ACDB_CMD_GET_AUDPROC_INSTANCE_GAIN_DEP_STEP_TABLE_SIZE
09-24 00:15:39.829 830 1842 D ACDB-LOADER: ACDB -> ACDB_CMD_GET_AUDPROC_INSTANCE_GAIN_DEP_STEP_TABLE, vol index 2
09-24 00:15:39.829 830 1842 D ACDB-LOADER: ACDB -> AUDIO_SET_VOL_CAL cal type = 40
09-24 00:15:40.022 1910 1910 D InterruptionStateProvider: No bubble up: not allowed to bubble: 0|com.android.shell|1|null|2000
09-24 00:15:40.022 1910 1910 D InterruptionStateProvider: No heads up: unimportant notification: 0|com.android.shell|1|null|2000
09-24 00:15:40.034 1910 2199 D PeopleSpaceWidgetMgr: Sbn doesn't contain valid PeopleTileKey: null/0/com.android.shell
09-24 00:15:40.042 665 679 I mpu_uart: [MSG-P:RECV]:No message received in 1000 ms
09-24 00:15:40.048 665 678 I mpu_uart: [MSG-P:R]:recv sync frame timeout
09-24 00:15:40.054 1910 1910 V NotificationMediaManager: DEBUG_MEDIA: updating album art for notification null metadata=null metaDataChanged=false state=0
09-24 00:15:40.121 1129 2029 D ActivityTrigger: ActivityTrigger activityPauseTrigger
09-24 00:15:40.130 1129 3447 I DreamManagerService: Gently waking up from dream.
09-24 00:15:40.131 1129 1213 I DreamManagerService: Performing gentle wake from dream.
09-24 00:15:40.142 1129 2029 I ActivityTaskManager: FOREGROUND_APPLICATION_CHANGED to com.android.settings.homepage.SettingsHomepageActivity
09-24 00:15:40.145 1910 1968 D KeyguardViewMediator: setOccluded false
09-24 00:15:40.146 1910 1910 D StatusBar: disable disable2
09-24 00:15:40.147 1910 1910 D KeyguardViewMediator: adjustStatusBarLocked: mShowing=false mOccluded=false isSecure=false force=false --> flags=0x0
09-24 00:15:40.165 2348 2348 W BatteryBroadcastRcvr: Problem reading the battery meter.
09-24 00:15:40.169 1129 1825 D ConnectivityService: NetReassign [no changes]
09-24 00:15:40.170 1129 2845 D ConnectivityService: requestNetwork for uid/pid:1000/2348 activeRequest: null callbackRequest: 66 [NetworkRequest [ REQUEST id=67, [ Capabilities: INTERNET&NOT_RESTRICTED&TRUSTED&NOT_VCN_MANAGED Uid: 1000 RequestorUid: 1000 RequestorPkg: com.android.settings] ]] callback flags: 0 priority: 2147483647
09-24 00:15:40.173 1129 2029 I WifiService: allowConnectOnPartialScanResults=true uid=1000
09-24 00:15:40.174 1129 1825 D ConnectivityService: NetReassign [67 : null → 100]
09-24 00:15:40.175 1054 1054 I BpBinder: onLastStrongRef automatically unlinking death recipients:
09-24 00:15:40.177 1129 6050 D ConnectivityService: requestNetwork for uid/pid:1000/2348 activeRequest: null callbackRequest: 69 [NetworkRequest [ REQUEST id=70, [ Capabilities: INTERNET&NOT_RESTRICTED&TRUSTED&NOT_VCN_MANAGED Uid: 1000 RequestorUid: 1000 RequestorPkg: com.android.settings] ]] callback flags: 0 priority: 2147483647
09-24 00:15:40.182 1129 1872 D Ethernet: got request NetworkRequest [ REQUEST id=67, [ Capabilities: INTERNET&NOT_RESTRICTED&TRUSTED&NOT_VCN_MANAGED Uid: 1000 RequestorUid: 1000 RequestorPkg: com.android.settings] ]
09-24 00:15:40.182 1129 1872 D EthernetNetworkFactory: acceptRequest, request: NetworkRequest [ REQUEST id=67, [ Capabilities: INTERNET&NOT_RESTRICTED&TRUSTED&NOT_VCN_MANAGED Uid: 1000 RequestorUid: 1000 RequestorPkg: com.android.settings] ]
09-24 00:15:40.182 1129 1872 I EthernetNetworkFactory: networkForRequest, request: NetworkRequest [ REQUEST id=67, [ Capabilities: INTERNET&NOT_RESTRICTED&TRUSTED&NOT_VCN_MANAGED Uid: 1000 RequestorUid: 1000 RequestorPkg: com.android.settings] ], network: null
09-24 00:15:40.186 1129 1825 D ConnectivityService: NetReassign [no changes]
09-24 00:15:40.187 1129 1814 D WifiNetworkFactory: got request NetworkRequest [ REQUEST id=67, [ Capabilities: INTERNET&NOT_RESTRICTED&TRUSTED&NOT_VCN_MANAGED Uid: 1000 RequestorUid: 1000 RequestorPkg: com.android.settings] ]
09-24 00:15:40.188 1129 1814 D UntrustedWifiNetworkFactory: got request NetworkRequest [ REQUEST id=67, [ Capabilities: INTERNET&NOT_RESTRICTED&TRUSTED&NOT_VCN_MANAGED Uid: 1000 RequestorUid: 1000 RequestorPkg: com.android.settings] ]
09-24 00:15:40.188 1129 1814 D OemPaidWifiNetworkFactory: got request NetworkRequest [ REQUEST id=67, [ Capabilities: INTERNET&NOT_RESTRICTED&TRUSTED&NOT_VCN_MANAGED Uid: 1000 RequestorUid: 1000 RequestorPkg: com.android.settings] ]
09-24 00:15:40.188 2348 6107 D UsageGraph: No enabled state changed, skipping updateCategory call
09-24 00:15:40.189 1129 1825 D ConnectivityService: NetReassign [70 : null → 100]
09-24 00:15:40.191 1129 1872 D Ethernet: got request NetworkRequest [ REQUEST id=70, [ Capabilities: INTERNET&NOT_RESTRICTED&TRUSTED&NOT_VCN_MANAGED Uid: 1000 RequestorUid: 1000 RequestorPkg: com.android.settings] ]
09-24 00:15:40.191 1129 1872 D EthernetNetworkFactory: acceptRequest, request: NetworkRequest [ REQUEST id=70, [ Capabilities: INTERNET&NOT_RESTRICTED&TRUSTED&NOT_VCN_MANAGED Uid: 1000 RequestorUid: 1000 RequestorPkg: com.android.settings] ]
09-24 00:15:40.191 1129 1872 I EthernetNetworkFactory: networkForRequest, request: NetworkRequest [ REQUEST id=70, [ Capabilities: INTERNET&NOT_RESTRICTED&TRUSTED&NOT_VCN_MANAGED Uid: 1000 RequestorUid: 1000 RequestorPkg: com.android.settings] ], network: null
09-24 00:15:40.193 1129 1814 D WifiNetworkFactory: got request NetworkRequest [ REQUEST id=70, [ Capabilities: INTERNET&NOT_RESTRICTED&TRUSTED&NOT_VCN_MANAGED Uid: 1000 RequestorUid: 1000 RequestorPkg: com.android.settings] ]
09-24 00:15:40.193 2348 2348 D WifiDetailsPrefCtrl2: Update UI!
09-24 00:15:40.193 1129 1814 D UntrustedWifiNetworkFactory: got request NetworkRequest [ REQUEST id=70, [ Capabilities: INTERNET&NOT_RESTRICTED&TRUSTED&NOT_VCN_MANAGED Uid: 1000 RequestorUid: 1000 RequestorPkg: com.android.settings] ]
09-24 00:15:40.193 1129 1814 D OemPaidWifiNetworkFactory: got request NetworkRequest [ REQUEST id=70, [ Capabilities: INTERNET&NOT_RESTRICTED&TRUSTED&NOT_VCN_MANAGED Uid: 1000 RequestorUid: 1000 RequestorPkg: com.android.settings] ]
09-24 00:15:40.196 2348 3712 D BatteryTipLoader: BatteryInfoLoader post query: 2ms
09-24 00:15:40.196 2348 3712 D BatteryInfo: time for getBatteryInfo: 0ms
09-24 00:15:40.196 2348 3712 D BatteryTipLoader: BatteryInfoLoader.loadInBackground: 2ms
09-24 00:15:40.197 2348 2348 D WifiDetailsPrefCtrl2: Wifi Type 6
09-24 00:15:40.199 1129 1825 D ConnectivityService: NetReassign [no changes]
09-24 00:15:40.201 2348 2348 D DashboardFragment: Preference key is null in Controller WifiDetailPreferenceController2
09-24 00:15:40.203 2348 4196 D BatteryInfo: time for getStats: 0ms
09-24 00:15:40.203 1129 2782 I WifiService: startScan uid=1000
09-24 00:15:40.204 2348 4196 D BatteryInfo: time for regular BatteryInfo: 1ms
09-24 00:15:40.205 2348 4196 D BatteryInfo: time for getBatteryInfo: 0ms
09-24 00:15:40.222 1402 3877 D LOWI-9.0.0.87.a: [LOWI-Scan] wait_event:Wait done with Cmd 33
09-24 00:15:40.222 1402 3877 D LOWI-9.0.0.87.a: [LOWI-Scan] do_listen_events: Rcvd valid Netlink Cmd 0 Err 0
09-24 00:15:40.228 1129 1259 I PowerManagerService: Powering on display group fromDreaming (groupId=0, uid=1000, reason=WAKE_REASON_UNKNOWN, details=android.server.power:DREAM_FINISHED)...
09-24 00:15:40.228 1129 1259 I PowerManagerService: Waking up from Dreaming (uid=1000, reason=WAKE_REASON_UNKNOWN, details=android.server.power:DREAM_FINISHED)...
09-24 00:15:40.251 1129 2845 I WifiService: startScan uid=1000
09-24 00:15:40.294 2348 2348 W BatteryBroadcastRcvr: Problem reading the battery meter.
09-24 00:15:40.302 2348 2348 D WifiDetailsPrefCtrl2: Update UI!
09-24 00:15:40.303 2348 3711 D BatteryTipLoader: BatteryInfoLoader post query: 1ms
09-24 00:15:40.303 2348 3711 D BatteryInfo: time for getBatteryInfo: 0ms
09-24 00:15:40.303 2348 3711 D BatteryTipLoader: BatteryInfoLoader.loadInBackground: 1ms
09-24 00:15:40.305 2348 2348 D WifiDetailsPrefCtrl2: Wifi Type 6
09-24 00:15:40.307 2348 2348 D DashboardFragment: Preference key is null in Controller WifiDetailPreferenceController2
09-24 00:15:40.307 2348 6107 D BatteryInfo: time for getStats: 0ms
09-24 00:15:40.308 2348 6107 D BatteryInfo: time for regular BatteryInfo: 1ms
09-24 00:15:40.308 2348 6107 D BatteryInfo: time for getBatteryInfo: 0ms
01-01 08:03:40.492 0 0 I [schedu][0xfc222bb2][00:15:40.300469] wlan: [3749:I:OSIF] scan start scan id 40982
09-24 00:15:40.315 2348 2348 D WifiDetailsPrefCtrl2: Update UI!
09-24 00:15:40.318 2348 2348 D WifiDetailsPrefCtrl2: Wifi Type 6
09-24 00:15:40.320 2348 2348 D DashboardFragment: Preference key is null in Controller WifiDetailPreferenceController2
09-24 00:15:40.331 2348 2348 D WifiDetailsPrefCtrl2: Update UI!
09-24 00:15:40.334 2348 2348 D WifiDetailsPrefCtrl2: Wifi Type 6
09-24 00:15:40.338 2348 2348 D DashboardFragment: Preference key is null in Controller WifiDetailPreferenceController2
09-24 00:15:40.346 2348 2348 D WifiDetailsPrefCtrl2: Update UI!
09-24 00:15:40.348 2348 2348 D WifiDetailsPrefCtrl2: Wifi Type 6
09-24 00:15:40.352 2348 2348 D DashboardFragment: Preference key is null in Controller WifiDetailPreferenceController2
09-24 00:15:40.359 2348 2348 D WifiDetailsPrefCtrl2: Update UI!
09-24 00:15:40.362 2348 2348 D WifiDetailsPrefCtrl2: Wifi Type 6
09-24 00:15:40.363 1910 1910 D InterruptionStateProvider: No bubble up: not allowed to bubble: 0|com.android.shell|1|null|2000
09-24 00:15:40.363 1910 1910 D InterruptionStateProvider: No heads up: unimportant notification: 0|com.android.shell|1|null|2000
09-24 00:15:40.367 1910 2199 D PeopleSpaceWidgetMgr: Sbn doesn't contain valid PeopleTileKey: null/0/com.android.shell
09-24 00:15:40.368 2348 2348 D DashboardFragment: Preference key is null in Controller WifiDetailPreferenceController2
09-24 00:15:40.375 2348 2348 D WifiDetailsPrefCtrl2: Update UI!
09-24 00:15:40.377 2348 2348 D WifiDetailsPrefCtrl2: Wifi Type 6
09-24 00:15:40.379 2348 2348 D DashboardFragment: Preference key is null in Controller WifiDetailPreferenceController2
09-24 00:15:40.384 2348 2348 D BatteryInfo: time for callback: 0ms
09-24 00:15:40.419 1910 1910 V NotificationMediaManager: DEBUG_MEDIA: updating album art for notification null metadata=null metaDataChanged=false state=0
09-24 00:15:40.429 2348 2348 D WifiDetailsPrefCtrl2: Update UI!
09-24 00:15:40.432 2348 2348 D WifiDetailsPrefCtrl2: Wifi Type 6
09-24 00:15:40.436 2348 2348 D DashboardFragment: Preference key is null in Controller WifiDetailPreferenceController2
09-24 00:15:40.448 2348 2348 D WifiDetailsPrefCtrl2: Update UI!
09-24 00:15:40.451 2348 2348 D WifiDetailsPrefCtrl2: Wifi Type 6
09-24 00:15:40.455 2348 2348 D DashboardFragment: Preference key is null in Controller WifiDetailPreferenceController2
09-24 00:15:40.464 2348 2348 D WifiDetailsPrefCtrl2: Update UI!
09-24 00:15:40.466 2348 2348 D WifiDetailsPrefCtrl2: Wifi Type 6
09-24 00:15:40.468 2348 2348 D DashboardFragment: Preference key is null in Controller WifiDetailPreferenceController2
09-24 00:15:40.478 2348 2348 D WifiDetailsPrefCtrl2: Update UI!
09-24 00:15:40.481 2348 2348 D WifiDetailsPrefCtrl2: Wifi Type 6
09-24 00:15:40.484 2348 2348 D DashboardFragment: Preference key is null in Controller WifiDetailPreferenceController2
09-24 00:15:40.500 2348 2348 D BatteryInfo: time for callback: 0ms
09-24 00:15:40.502 2777 2777 D Sogou : onUnbindInput finish
09-24 00:15:40.504 2777 2777 D Sogou : onFinishInput:
09-24 00:15:40.619 3990 3992 D dumpstate: Adjusting max progress from 5000 to 5505
09-24 00:15:40.626 1910 1910 D InterruptionStateProvider: No bubble up: not allowed to bubble: 0|com.android.shell|1|null|2000
09-24 00:15:40.628 1910 1910 D InterruptionStateProvider: No heads up: unimportant notification: 0|com.android.shell|1|null|2000
09-24 00:15:40.639 1910 2199 D PeopleSpaceWidgetMgr: Sbn doesn't contain valid PeopleTileKey: null/0/com.android.shell
09-24 00:15:40.676 1910 1910 V NotificationMediaManager: DEBUG_MEDIA: updating album art for notification null metadata=null metaDataChanged=false state=0
01-01 08:03:40.944 0 0 D : mv2112_read_status
01-01 08:03:40.948 0 0 D mv2112_update_link: 3.0x901(1G): 0x80
01-01 08:03:40.955 0 0 D mv2112_update_link: 3.0x8109(100M): 0x0
01-01 08:03:40.960 0 0 D mv2112_update_link: link 0x0
01-01 08:03:40.965 0 0 D mv2112_read_status: autoneg is disabled
09-24 00:15:40.861 2668 2668 V Screensaver: Screensaver detached from window
09-24 00:15:40.861 1129 2782 I DreamManagerService: Leaving dreamland.
09-24 00:15:40.862 1129 1213 I DreamManagerService: Performing gentle wake from dream.
09-24 00:15:40.862 1129 1213 I DreamController: Stopping dream: name=ComponentInfo{com.android.deskclock/com.android.deskclock.Screensaver}, isTest=false, canDoze=false, userId=0, reason='finished self'(from 'finished self')
09-24 00:15:40.862 1129 2782 W InputManager-JNI: Input channel object '701432e com.android.deskclock/android.service.dreams.DreamActivity (client)' was disposed without first being removed with the input manager!
09-24 00:15:40.872 1129 1218 W ActivityTaskManager: Can't find TaskDisplayArea to determine support for multi window. Task id=13 attached=false
09-24 00:15:40.876 1129 1218 W Choreographer: Frame time is 0.08507 ms in the future! Check that graphics HAL is generating vsync timestamps using the correct timebase.
09-24 00:15:41.042 665 679 I mpu_uart: [MSG-P:RECV]:No message received in 1000 ms
09-24 00:15:41.118 1303 6092 D CCodecBufferChannel: [c2.android.vorbis.decoder#264] buffers after EOS ignored (0 us)
09-24 00:15:41.120 1303 6089 D AudioTrack: stop(36): called with 82980 frames delivered
09-24 00:15:41.570 830 1840 D audio_hw_primary: out_set_parameters: enter: usecase(1: low-latency-playback) kvpairs: suspend_playback=true
09-24 00:15:41.570 830 1840 D audio_hw_extn: audio_extn_fm_set_parameters: Enter
09-24 00:15:41.581 830 1840 D audio_hw_primary: out_set_parameters: enter: usecase(1: low-latency-playback) kvpairs: suspend_playback=false
09-24 00:15:41.581 830 1840 D audio_hw_extn: audio_extn_fm_set_parameters: Enter
09-24 00:15:41.584 830 1842 D audio_hw_primary: out_set_parameters: enter: usecase(1: low-latency-playback) kvpairs: suspend_playback=true
09-24 00:15:41.584 830 1842 D audio_hw_extn: audio_extn_fm_set_parameters: Enter
09-24 00:15:41.594 830 1840 D audio_hw_primary: out_set_parameters: enter: usecase(1: low-latency-playback) kvpairs: suspend_playback=false
09-24 00:15:41.595 830 1840 D audio_hw_extn: audio_extn_fm_set_parameters: Enter
09-24 00:15:41.598 1129 1162 I MediaFocusControl: abandonAudioFocus() from uid/pid 10087/1910 clientId=android.media.AudioManager@3f89f6c
09-24 00:15:41.599 1910 6073 V MediaPlayer: resetDrmState: mDrmInfo=null mDrmProvisioningThread=null mPrepareDrmInProgress=false mActiveDrmScheme=false
09-24 00:15:41.599 1910 6073 V MediaPlayer: cleanDrmObj: mDrmObj=null mDrmSessionId=null
09-24 00:15:41.599 830 1842 D audio_hw_primary: out_set_parameters: enter: usecase(1: low-latency-playback) kvpairs: suspend_playback=true
09-24 00:15:41.599 830 1842 D audio_hw_extn: audio_extn_fm_set_parameters: Enter
09-24 00:15:41.599 1303 3273 D NuPlayerDriver: reset(0xef400470) at state 6
09-24 00:15:41.601 1888 2698 D Avrcp_ext: AudioManager Player: AudioPlaybackConfiguration piid:327 deviceId:0 type:android.media.SoundPool u/pid:10087/1910 state:idle attr:AudioAttributes: usage=USAGE_ASSISTANCE_SONIFICATION content=CONTENT_TYPE_SONIFICATION flags=0x800 tags= bundle=null sessionId:0
09-24 00:15:41.601 1888 2698 D Avrcp_ext: AudioManager Player: AudioPlaybackConfiguration piid:319 deviceId:0 type:android.media.SoundPool u/pid:1000/1129 state:idle attr:AudioAttributes: usage=USAGE_ASSISTANCE_SONIFICATION content=CONTENT_TYPE_SONIFICATION flags=0x800 tags= bundle=null sessionId:0
09-24 00:15:41.601 1888 2698 D Avrcp_ext: AudioManager Player: AudioPlaybackConfiguration piid:335 deviceId:3 type:android.media.MediaPlayer u/pid:10087/1910 state:stopped attr:AudioAttributes: usage=USAGE_NOTIFICATION content=CONTENT_TYPE_SONIFICATION flags=0x800 tags= bundle=null sessionId:0
09-24 00:15:41.601 1888 2698 D Avrcp_ext: AudioManager isPlaying: false, mAudioPlaybackIsActive = true
09-24 00:15:41.601 1888 2698 D Avrcp_ext: AudioManager Reset Active Player
09-24 00:15:41.602 1888 2698 V Avrcp_ext: updateCurrentMediaState: mMediaController: MediaController (com.android.systemui@e16b120) null
09-24 00:15:41.602 1888 2698 W Avrcp_ext: isMusicActive: false getBluetoothPlayState: 2 A2dp State: 11 mAudioPlaybackIsActive: false
09-24 00:15:41.602 1888 2698 D Avrcp_ext: isMusicActive = false mAudioPlaybackIsActive = false player state = null
09-24 00:15:41.603 1888 2698 I Avrcp_ext: Skipping update due to invalid playback state
09-24 00:15:41.603 1888 2698 V Avrcp_ext: updatePlaybackState, state: null device: null
09-24 00:15:41.603 1888 2698 V Avrcp_ext: Device: no name:
09-24 00:15:41.603 1888 2698 V Avrcp_ext: Device: no name:
09-24 00:15:41.603 1888 2698 V Avrcp_ext: Device: no name:
09-24 00:15:41.603 1888 2698 V Avrcp_ext: Device: no name:
09-24 00:15:41.603 1888 2698 V Avrcp_ext: Device: no name:
09-24 00:15:41.603 1888 2698 V Avrcp_ext: updatePlayerStateAndPosition, old=PlaybackState {state=2, position=-1, buffered position=0, speed=0.0, updated=211922, actions=0, custom actions=[], active item id=-1, error=null}, state=null
09-24 00:15:41.603 1888 2698 I Avrcp_ext: updatePlayerStateAndPosition: device: state = null
09-24 00:15:41.604 830 1842 D audio_hw_primary: out_set_parameters: enter: usecase(1: low-latency-playback) kvpairs: suspend_playback=false
09-24 00:15:41.604 1888 2698 D Avrcp_ext: AudioManager Player: AudioPlaybackConfiguration piid:327 deviceId:0 type:android.media.SoundPool u/pid:10087/1910 state:idle attr:AudioAttributes: usage=USAGE_ASSISTANCE_SONIFICATION content=CONTENT_TYPE_SONIFICATION flags=0x800 tags= bundle=null sessionId:0
09-24 00:15:41.604 830 1842 D audio_hw_extn: audio_extn_fm_set_parameters: Enter
09-24 00:15:41.604 1888 2698 D Avrcp_ext: AudioManager Player: AudioPlaybackConfiguration piid:319 deviceId:0 type:android.media.SoundPool u/pid:1000/1129 state:idle attr:AudioAttributes: usage=USAGE_ASSISTANCE_SONIFICATION content=CONTENT_TYPE_SONIFICATION flags=0x800 tags= bundle=null sessionId:0
09-24 00:15:41.604 1888 2698 D Avrcp_ext: AudioManager isPlaying: false, mAudioPlaybackIsActive = false
09-24 00:15:41.604 1888 2698 D Avrcp_ext: AudioManager Reset Active Player
09-24 00:15:41.609 1303 6092 I hw-BpHwBinder: onLastStrongRef automatically unlinking death recipients
09-24 00:15:41.609 1372 1372 I hw-BpHwBinder: onLastStrongRef automatically unlinking death recipients
09-24 00:15:41.611 1372 1372 V C2Store : in ~ComponentModule
09-24 00:15:41.611 1372 1372 V C2Store : unloading dll
09-24 00:15:41.616 1303 6076 D NuPlayerDriver: notifyResetComplete(0xef400470)
09-24 00:15:41.616 1303 3273 W AMessage: failed to post message as target looper for handler 0 is gone.
01-01 08:03:41.803 0 0 W logd : Skipping entries from slow reader, pid 1279, fd 14, from LogBuffer::Prune()
09-24 00:15:41.653 830 1842 D audio_hw_primary: out_set_parameters: enter: usecase(1: low-latency-playback) kvpairs: suspend_playback=true
09-24 00:15:41.653 830 1842 D audio_hw_extn: audio_extn_fm_set_parameters: Enter
09-24 00:15:41.653 830 1842 D msm8974_platform: platform_split_snd_device: snd_device(2) num devices(1) new_snd_devices(0)
09-24 00:15:41.654 830 1842 D ACDB-LOADER: ACDB -> send_audvoltable
09-24 00:15:41.654 830 1842 D ACDB-LOADER: ACDB -> ACDB_CMD_GET_AUDPROC_INSTANCE_GAIN_DEP_STEP_TABLE_SIZE
09-24 00:15:41.654 830 1842 D ACDB-LOADER: ACDB -> ACDB_CMD_GET_AUDPROC_INSTANCE_GAIN_DEP_STEP_TABLE, vol index 0
09-24 00:15:41.654 830 1842 D ACDB-LOADER: ACDB -> AUDIO_SET_VOL_CAL cal type = 40
09-24 00:15:41.655 830 1840 D msm8974_platform: platform_split_snd_device: snd_device(2) num devices(1) new_snd_devices(0)
01-01 08:03:42.001 0 0 D : mv2112_read_status
01-01 08:03:42.017 0 0 D mv2112_update_link: 3.0x901(1G): 0x80
01-01 08:03:42.022 0 0 D mv2112_update_link: 3.0x8109(100M): 0x0
01-01 08:03:42.028 0 0 D mv2112_update_link: link 0x0
01-01 08:03:42.032 0 0 D mv2112_read_status: autoneg is disabled
09-24 00:15:41.908 1402 3877 D LOWI-9.0.0.87.a: [LOWI-Scan] wait_event:Wait done with Cmd 34
09-24 00:15:41.908 1402 3877 D LOWI-9.0.0.87.a: [LOWI-Scan] do_listen_events: Rcvd valid Netlink Cmd 34 Err 0
09-24 00:15:41.910 1129 1162 D WifiNl80211Manager: Scan result ready event
09-24 00:15:41.911 1402 3877 D LOWI-9.0.0.87.a: [LOWI-Scan]
09-24 00:15:41.911 1129 1162 D WifiNative: Scan result ready event
09-24 00:15:41.911 1402 3877 D LOWI-9.0.0.87.a: [LOWI-Scan] print_bss_handler: Report Probe TSF 203026072 as it greater than Beacon TSF 155078048
09-24 00:15:41.911 1402 3877 D LOWI-9.0.0.87.a: [LOWI-Scan] decode_rsn_wpa_ie: LOWI_ENCRYPTION_TYPE_WPA_PSK
09-24 00:15:41.911 1402 3877 D LOWI-9.0.0.87.a: [LOWI-Scan] is_qcom_ie, bss_age: 0
09-24 00:15:41.911 1402 3877 D LOWI-9.0.0.87.a: [LOWI-Scan] adjust_age:AP AGE upper limit reached. Dont store
09-24 00:15:41.911 1402 3877 D LOWI-9.0.0.87.a: [LOWI-Scan] BSS 3c:51:0e:47:ad:0f LOWI_PHY_MODE_11AC_VHT40(9), Beacon Interval: 100, LOWI_ENCRYPTION_TYPE_WPA_PSK 11mcRanging: No, ANQP: No, LCI: No, Civic: No, capability(0x1111): ESS Privacy SpectrumMgmt
09-24 00:15:41.911 1402 3877 D LOWI-9.0.0.87.a: [LOWI-Scan] BSS 3c:51:0e:47:ad:0f FREQ: 5180, cFreq1[40:80:160] = [5190:0:0] cFreq2 = 0 Country Code = CN
09-24 00:15:41.911 1402 3877 D LOWI-9.0.0.87.a: [LOWI-Scan] BSS 3c:51:0e:47:ad:0f (wlan0) ASSO: NO AddInfo: 0x0, TSF 0, 00:03:23.026, RSSI: -170, CPL: 127, AGE: 11220, SSID HiPhi-PDI, TSFDelta: 0xac1305d2, TXRate: 0
09-24 00:15:41.911 1402 3877 D LOWI-9.0.0.87.a: [LOWI-Scan]
01-01 08:03:42.100 0 0 I init : starting service 'vendor.light-hal-2-0'...
01-01 08:03:42.105 0 0 I [schedu][0xfdfaf248][00:15:41.914209] wlan: [3749:I:OSIF] vdev 0, scan id 40982 type COMPLETED(1) reason COMPLETED(1) scan found 29 bss
09-24 00:15:41.912 1402 3877 D LOWI-9.0.0.87.a: [LOWI-Scan] print_bss_handler: Report Probe TSF 203025124 as it greater than Beacon TSF 195128858
09-24 00:15:41.912 1402 3877 D LOWI-9.0.0.87.a: [LOWI-Scan] decode_rsn_wpa_ie: LOWI_ENCRYPTION_TYPE_WPA_EAP
09-24 00:15:41.912 1402 3877 D LOWI-9.0.0.87.a: [LOWI-Scan] is_qcom_ie, bss_age: 0
09-24 00:15:41.912 1402 3877 D LOWI-9.0.0.87.a: [LOWI-Scan] adjust_age:AP AGE upper limit reached. Dont store
09-24 00:15:41.912 1402 3877 D LOWI-9.0.0.87.a: [LOWI-Scan] BSS 68:9e:0b:ef:b5:8f LOWI_PHY_MODE_11AC_VHT40(9), Beacon Interval: 100, LOWI_ENCRYPTION_TYPE_WPA_EAP 11mcRanging: No, ANQP: No, LCI: No, Civic: No, capability(0x1111): ESS Privacy SpectrumMgmt
09-24 00:15:41.912 1402 3877 D LOWI-9.0.0.87.a: [LOWI-Scan] BSS 68:9e:0b:ef:b5:8f FREQ: 5180, cFreq1[40:80:160] = [5190:0:0] cFreq2 = 0 Country Code = CN
09-24 00:15:41.913 1402 3877 D LOWI-9.0.0.87.a: [LOWI-Scan] BSS 68:9e:0b:ef:b5:8f (wlan0) ASSO: NO AddInfo: 0x0, TSF 0, 00:03:23.025, RSSI: -144, CPL: 127, AGE: 11220, SSID HH, TSFDelta: 0xa9097529, TXRate: 0
09-24 00:15:41.913 1402 3877 D LOWI-9.0.0.87.a: [LOWI-Scan]
09-24 00:15:41.914 1402 3877 D LOWI-9.0.0.87.a: [LOWI-Scan] print_bss_handler: Report Probe TSF 203025579 as it greater than Beacon TSF 195129553
09-24 00:15:41.914 1402 3877 D LOWI-9.0.0.87.a: [LOWI-Scan] decode_rsn_wpa_ie: LOWI_ENCRYPTION_TYPE_WPA_PSK
09-24 00:15:41.914 1402 3877 D LOWI-9.0.0.87.a: [LOWI-Scan] is_qcom_ie, bss_age: 0
09-24 00:15:41.914 1402 3877 D LOWI-9.0.0.87.a: [LOWI-Scan] adjust_age:AP AGE upper limit reached. Dont store
09-24 00:15:41.914 1402 3877 D LOWI-9.0.0.87.a: [LOWI-Scan] BSS 68:9e:0b:ef:b5:8e LOWI_PHY_MODE_11AC_VHT40(9), Beacon Interval: 100, LOWI_ENCRYPTION_TYPE_WPA_PSK 11mcRanging: No, ANQP: No, LCI: No, Civic: No, capability(0x1111): ESS Privacy SpectrumMgmt
09-24 00:15:41.914 1402 3877 D LOWI-9.0.0.87.a: [LOWI-Scan] BSS 68:9e:0b:ef:b5:8e FREQ: 5180, cFreq1[40:80:160] = [5190:0:0] cFreq2 = 0 Country Code = CN
09-24 00:15:41.914 1402 3877 D LOWI-9.0.0.87.a: [LOWI-Scan] BSS 68:9e:0b:ef:b5:8e (wlan0) ASSO: NO AddInfo: 0x0, TSF 0, 00:03:23.025, RSSI: -144, CPL: 127, AGE: 11220, SSID HHT-FACTORY-OTA, TSFDelta: 0xa90cf9fd, TXRate: 0
09-24 00:15:41.914 1402 3877 D LOWI-9.0.0.87.a: [LOWI-Scan]
09-24 00:15:41.915 1402 3877 D LOWI-9.0.0.87.a: [LOWI-Scan] print_bss_handler: Report Probe TSF 212725095 as it greater than Beacon TSF 212706200
09-24 00:15:41.915 1402 3877 D LOWI-9.0.0.87.a: [LOWI-Scan] decode_rsn_wpa_ie: LOWI_ENCRYPTION_TYPE_WPA_PSK
09-24 00:15:41.915 1402 3877 D LOWI-9.0.0.87.a: [LOWI-Scan] is_qcom_ie, bss_age: 0
09-24 00:15:41.915 1402 3877 D LOWI-9.0.0.87.a: [LOWI-Scan] BSS 3c:51:0e:47:7c:20 LOWI_PHY_MODE_11NG_HT20(5), Beacon Interval: 100, LOWI_ENCRYPTION_TYPE_WPA_PSK 11mcRanging: No, ANQP: No, LCI: No, Civic: No, capability(0x1111): ESS Privacy SpectrumMgmt
09-24 00:15:41.915 1402 3877 D LOWI-9.0.0.87.a: [LOWI-Scan] BSS 3c:51:0e:47:7c:20 FREQ: 2412, cFreq1[40:80:160] = [0:0:0] cFreq2 = 0 Country Code = CN
09-24 00:15:41.915 1402 3877 D LOWI-9.0.0.87.a: [LOWI-Scan] BSS 3c:51:0e:47:7c:20 (wlan0) ASSO: NO AddInfo: 0x0, TSF 0, 00:03:32.725, RSSI: -142, CPL: 127, AGE: 1520, SSID HiPhi-PDI, TSFDelta: 0xaa35095e, TXRate: 0
09-24 00:15:41.915 1402 3877 D LOWI-9.0.0.87.a: [LOWI-Scan]
09-24 00:15:41.915 1402 3877 D LOWI-9.0.0.87.a: [LOWI-Scan] print_bss_handler: Report Probe TSF 212705947 as it greater than Beacon TSF 212674756
09-24 00:15:41.915 1402 3877 D LOWI-9.0.0.87.a: [LOWI-Scan] decode_rsn_wpa_ie: LOWI_ENCRYPTION_TYPE_WPA_PSK
09-24 00:15:41.915 1402 3877 D LOWI-9.0.0.87.a: [LOWI-Scan] is_qcom_ie, bss_age: 0
09-24 00:15:41.916 1402 3877 D LOWI-9.0.0.87.a: [LOWI-Scan] BSS b8:11:4b:7f:ed:00 LOWI_PHY_MODE_11NG_HT20(5), Beacon Interval: 100, LOWI_ENCRYPTION_TYPE_WPA_PSK 11mcRanging: No, ANQP: No, LCI: No, Civic: No, capability(0x1111): ESS Privacy SpectrumMgmt
09-24 00:15:41.916 1402 3877 D LOWI-9.0.0.87.a: [LOWI-Scan] BSS b8:11:4b:7f:ed:00 FREQ: 2412, cFreq1[40:80:160] = [0:0:0] cFreq2 = 0 Country Code = CN
09-24 00:15:41.916 1402 3877 D LOWI-9.0.0.87.a: [LOWI-Scan] BSS b8:11:4b:7f:ed:00 (wlan0) ASSO: NO AddInfo: 0x0, TSF 0, 00:03:32.705, RSSI: -140, CPL: 127, AGE: 1540, SSID HiPhi-OTA, TSFDelta: 0xdbcab951, TXRate: 0
09-24 00:15:41.916 1402 3877 D LOWI-9.0.0.87.a: [LOWI-Scan]
09-24 00:15:41.916 1402 3877 D LOWI-9.0.0.87.a: [LOWI-Scan] print_bss_handler: Report Probe TSF 212724268 as it greater than Beacon TSF 212710075
09-24 00:15:41.916 1402 3877 D LOWI-9.0.0.87.a: [LOWI-Scan] decode_rsn_wpa_ie: LOWI_ENCRYPTION_TYPE_WPA_PSK
09-24 00:15:41.916 1402 3877 D LOWI-9.0.0.87.a: [LOWI-Scan] is_qcom_ie, bss_age: 0
09-24 00:15:41.916 1402 3877 D LOWI-9.0.0.87.a: [LOWI-Scan] BSS b8:11:4b:7f:e8:20 LOWI_PHY_MODE_11NG_HT20(5), Beacon Interval: 100, LOWI_ENCRYPTION_TYPE_WPA_PSK 11mcRanging: No, ANQP: No, LCI: No, Civic: No, capability(0x1111): ESS Privacy SpectrumMgmt
09-24 00:15:41.917 1402 3877 D LOWI-9.0.0.87.a: [LOWI-Scan] BSS b8:11:4b:7f:e8:20 FREQ: 2412, cFreq1[40:80:160] = [0:0:0] cFreq2 = 0 Country Code = CN
09-24 00:15:41.917 1402 3877 D LOWI-9.0.0.87.a: [LOWI-Scan] BSS b8:11:4b:7f:e8:20 (wlan0) ASSO: NO AddInfo: 0x0, TSF 0, 00:03:32.724, RSSI: -148, CPL: 127, AGE: 1520, SSID HiPhi-OTA, TSFDelta: 0xabeebd21, TXRate: 0
09-24 00:15:41.917 1402 3877 D LOWI-9.0.0.87.a: [LOWI-Scan]
09-24 00:15:41.917 1402 3877 D LOWI-9.0.0.87.a: [LOWI-Scan] print_bss_handler: Report Probe TSF 212863624 as it greater than Beacon TSF 97701579
09-24 00:15:41.917 1402 3877 D LOWI-9.0.0.87.a: [LOWI-Scan] decode_rsn_wpa_ie: LOWI_ENCRYPTION_TYPE_WPA_PSK
09-24 00:15:41.917 1402 3877 D LOWI-9.0.0.87.a: [LOWI-Scan] is_qcom_ie, bss_age: 0
09-24 00:15:41.917 1402 3877 D LOWI-9.0.0.87.a: [LOWI-Scan] BSS 3c:51:0e:2e:ae:8f LOWI_PHY_MODE_11AC_VHT40(9), Beacon Interval: 100, LOWI_ENCRYPTION_TYPE_WPA_PSK 11mcRanging: No, ANQP: No, LCI: No, Civic: No, capability(0x1111): ESS Privacy SpectrumMgmt
09-24 00:15:41.918 1402 3877 D LOWI-9.0.0.87.a: [LOWI-Scan] BSS 3c:51:0e:2e:ae:8f FREQ: 5220, cFreq1[40:80:160] = [5230:0:0] cFreq2 = 0 Country Code = CN
09-24 00:15:41.918 1402 3877 D LOWI-9.0.0.87.a: [LOWI-Scan] BSS 3c:51:0e:2e:ae:8f (wlan0) ASSO: NO AddInfo: 0x0, TSF 0, 00:03:32.863, RSSI: -160, CPL: 127, AGE: 1384, SSID HiPhi-PDI, TSFDelta: 0xaf3038cb, TXRate: 0
09-24 00:15:41.918 1402 3877 D LOWI-9.0.0.87.a: [LOWI-Scan]
09-24 00:15:41.918 1402 3877 D LOWI-9.0.0.87.a: [LOWI-Scan] print_bss_handler: Report beacon TSF 203063194 as it greater than probe TSF 193015117
09-24 00:15:41.918 1402 3877 D LOWI-9.0.0.87.a: [LOWI-Scan] decode_rsn_wpa_ie: LOWI_ENCRYPTION_TYPE_WPA_PSK
09-24 00:15:41.918 1402 3877 D LOWI-9.0.0.87.a: [LOWI-Scan] is_qcom_ie, bss_age: 0
09-24 00:15:41.918 1402 3877 D LOWI-9.0.0.87.a: [LOWI-Scan] adjust_age:AP AGE upper limit reached. Dont store
09-24 00:15:41.918 1402 3877 D LOWI-9.0.0.87.a: [LOWI-Scan] BSS e8:db:84:1c:8d:b5 LOWI_PHY_MODE_11NG_HT40(7), Beacon Interval: 100, LOWI_ENCRYPTION_TYPE_WPA_PSK 11mcRanging: No, ANQP: No, LCI: No, Civic: No, capability(0x0431): ESS Privacy ShortPreamble ShortSlotTime
09-24 00:15:41.918 1402 3877 D LOWI-9.0.0.87.a: [LOWI-Scan] BSS e8:db:84:1c:8d:b5 FREQ: 2412, cFreq1[40:80:160] = [2422:0:0] cFreq2 = 0 Country Code = CN
09-24 00:15:41.919 1402 3877 D LOWI-9.0.0.87.a: [LOWI-Scan] BSS e8:db:84:1c:8d:b5 (wlan0) ASSO: NO AddInfo: 0x1, TSF 0, 00:03:23.063, RSSI: -152, CPL: 127, AGE: 11184, SSID 93B6C609, TSFDelta: 0x797772a6, TXRate: 0
09-24 00:15:41.919 1402 3877 D LOWI-9.0.0.87.a: [LOWI-Scan]
09-24 00:15:41.919 1402 3877 D LOWI-9.0.0.87.a: [LOWI-Scan] print_bss_handler: Report Probe TSF 212726674 as it greater than Beacon TSF 195113276
09-24 00:15:41.919 1402 3877 D LOWI-9.0.0.87.a: [LOWI-Scan] decode_rsn_wpa_ie: LOWI_ENCRYPTION_TYPE_WPA_EAP
09-24 00:15:41.919 1402 3877 D LOWI-9.0.0.87.a: [LOWI-Scan] is_qcom_ie, bss_age: 0
09-24 00:15:41.919 1402 3877 D LOWI-9.0.0.87.a: [LOWI-Scan] BSS 68:9e:0b:ef:b5:80 LOWI_PHY_MODE_11NG_HT20(5), Beacon Interval: 100, LOWI_ENCRYPTION_TYPE_WPA_EAP 11mcRanging: No, ANQP: No, LCI: No, Civic: No, capability(0x1111): ESS Privacy SpectrumMgmt
09-24 00:15:41.919 1402 3877 D LOWI-9.0.0.87.a: [LOWI-Scan] BSS 68:9e:0b:ef:b5:80 FREQ: 2412, cFreq1[40:80:160] = [0:0:0] cFreq2 = 0 Country Code = CN
09-24 00:15:41.920 1402 3877 D LOWI-9.0.0.87.a: [LOWI-Scan] BSS 68:9e:0b:ef:b5:80 (wlan0) ASSO: NO AddInfo: 0x0, TSF 0, 00:03:32.726, RSSI: -144, CPL: 127, AGE: 1520, SSID HH, TSFDelta: 0xa8fd87e8, TXRate: 0
09-24 00:15:41.922 1402 3877 D LOWI-9.0.0.87.a: [LOWI-Scan] -- associated
09-24 00:15:41.922 1402 3877 D LOWI-9.0.0.87.a: [LOWI-Scan]
09-24 00:15:41.922 1402 3877 D LOWI-9.0.0.87.a: [LOWI-Scan] print_bss_handler: Report beacon TSF 213719248 as it greater than probe TSF 213050177
09-24 00:15:41.922 1402 3877 D LOWI-9.0.0.87.a: [LOWI-Scan] decode_rsn_wpa_ie: LOWI_ENCRYPTION_TYPE_WPA_PSK
09-24 00:15:41.922 1402 3877 D LOWI-9.0.0.87.a: [LOWI-Scan] is_qcom_ie, bss_age: 0
09-24 00:15:41.922 1402 3877 D LOWI-9.0.0.87.a: [LOWI-Scan] BSS 4a:33:e3:d5:c7:14 LOWI_PHY_MODE_11AC_VHT80(10), Beacon Interval: 100, LOWI_ENCRYPTION_TYPE_WPA_PSK 11mcRanging: No, ANQP: No, LCI: No, Civic: No, capability(0x1111): ESS Privacy SpectrumMgmt
09-24 00:15:41.922 1402 3877 D LOWI-9.0.0.87.a: [LOWI-Scan] BSS 4a:33:e3:d5:c7:14 FREQ: 5745, cFreq1[40:80:160] = [5755:5775:0] cFreq2 = 0 Country Code = CN
09-24 00:15:41.922 1402 3877 D LOWI-9.0.0.87.a: [LOWI-Scan] BSS 4a:33:e3:d5:c7:14 (wlan0) ASSO: YES AddInfo: 0x1, TSF 0, 00:03:33.719, RSSI: -86, CPL: 127, AGE: 0, SSID _______________ iPhone, TSFDelta: 0xa9866b41, TXRate: 0
09-24 00:15:41.923 1402 3877 D LOWI-9.0.0.87.a: [LOWI-Scan]
09-24 00:15:41.923 1402 3877 D LOWI-9.0.0.87.a: [LOWI-Scan] print_bss_handler: Report Probe TSF 213172624 as it greater than Beacon TSF 173473114
09-24 00:15:41.923 1402 3877 D LOWI-9.0.0.87.a: [LOWI-Scan] decode_rsn_wpa_ie: LOWI_ENCRYPTION_TYPE_WPA_PSK
09-24 00:15:41.923 1402 3877 D LOWI-9.0.0.87.a: [LOWI-Scan] is_qcom_ie, bss_age: 0
09-24 00:15:41.923 1402 3877 D LOWI-9.0.0.87.a: [LOWI-Scan] BSS b8:11:4b:7f:e8:2f LOWI_PHY_MODE_11AC_VHT40(9), Beacon Interval: 100, LOWI_ENCRYPTION_TYPE_WPA_PSK 11mcRanging: No, ANQP: No, LCI: No, Civic: No, capability(0x1111): ESS Privacy SpectrumMgmt
09-24 00:15:41.923 1402 3877 D LOWI-9.0.0.87.a: [LOWI-Scan] BSS b8:11:4b:7f:e8:2f FREQ: 5765, cFreq1[40:80:160] = [5755:0:0] cFreq2 = 0 Country Code = CN
09-24 00:15:41.923 1402 3877 D LOWI-9.0.0.87.a: [LOWI-Scan] BSS b8:11:4b:7f:e8:2f (wlan0) ASSO: NO AddInfo: 0x0, TSF 0, 00:03:33.172, RSSI: -154, CPL: 127, AGE: 1072, SSID HiPhi-OTA, TSFDelta: 0xb95b4fbc, TXRate: 0
09-24 00:15:41.924 1402 3877 D LOWI-9.0.0.87.a: [LOWI-Scan]
09-24 00:15:41.924 1402 3877 D LOWI-9.0.0.87.a: [LOWI-Scan] print_bss_handler: Report Probe TSF 213169392 as it greater than Beacon TSF 142248579
09-24 00:15:41.924 1402 3877 D LOWI-9.0.0.87.a: [LOWI-Scan] decode_rsn_wpa_ie: LOWI_ENCRYPTION_TYPE_WPA_PSK
09-24 00:15:41.924 1402 3877 D LOWI-9.0.0.87.a: [LOWI-Scan] is_qcom_ie, bss_age: 0
09-24 00:15:41.924 1402 3877 D LOWI-9.0.0.87.a: [LOWI-Scan] BSS 6c:31:0e:27:99:af LOWI_PHY_MODE_11AC_VHT40(9), Beacon Interval: 100, LOWI_ENCRYPTION_TYPE_WPA_PSK 11mcRanging: No, ANQP: No, LCI: No, Civic: No, capability(0x1111): ESS Privacy SpectrumMgmt
09-24 00:15:41.924 1402 3877 D LOWI-9.0.0.87.a: [LOWI-Scan] BSS 6c:31:0e:27:99:af FREQ: 5765, cFreq1[40:80:160] = [5755:0:0] cFreq2 = 0 Country Code = CN
09-24 00:15:41.924 1402 3877 D LOWI-9.0.0.87.a: [LOWI-Scan] BSS 6c:31:0e:27:99:af (wlan0) ASSO: NO AddInfo: 0x0, TSF 0, 00:03:33.169, RSSI: -122, CPL: 127, AGE: 1076, SSID HiPhi-OTA, TSFDelta: 0xb912f1a4, TXRate: 0
09-24 00:15:41.925 1402 3877 D LOWI-9.0.0.87.a: [LOWI-Scan]
09-24 00:15:41.925 1402 3877 D LOWI-9.0.0.87.a: [LOWI-Scan] print_bss_handler: Report Probe TSF 213168995 as it greater than Beacon TSF 173473800
09-24 00:15:41.925 1402 3877 D LOWI-9.0.0.87.a: [LOWI-Scan] decode_rsn_wpa_ie: LOWI_ENCRYPTION_TYPE_WPA_PSK
09-24 00:15:41.925 1402 3877 D LOWI-9.0.0.87.a: [LOWI-Scan] is_qcom_ie, bss_age: 0
09-24 00:15:41.925 1402 3877 D LOWI-9.0.0.87.a: [LOWI-Scan] BSS dc:77:4c:52:28:4f LOWI_PHY_MODE_11AC_VHT40(9), Beacon Interval: 100, LOWI_ENCRYPTION_TYPE_WPA_PSK 11mcRanging: No, ANQP: No, LCI: No, Civic: No, capability(0x1111): ESS Privacy SpectrumMgmt
09-24 00:15:41.925 1402 3877 D LOWI-9.0.0.87.a: [LOWI-Scan] BSS dc:77:4c:52:28:4f FREQ: 5765, cFreq1[40:80:160] = [5755:0:0] cFreq2 = 0 Country Code = CN
09-24 00:15:41.925 1402 3877 D LOWI-9.0.0.87.a: [LOWI-Scan] BSS dc:77:4c:52:28:4f (wlan0) ASSO: NO AddInfo: 0x0, TSF 0, 00:03:33.168, RSSI: -150, CPL: 127, AGE: 1076, SSID HiPhi-OTA, TSFDelta: 0xba335710, TXRate: 0
09-24 00:15:41.926 1402 3877 D LOWI-9.0.0.87.a: [LOWI-Scan]
09-24 00:15:41.926 1402 3877 D LOWI-9.0.0.87.a: [LOWI-Scan] print_bss_handler: Report Probe TSF 213383539 as it greater than Beacon TSF 83273178
09-24 00:15:41.926 1402 3877 D LOWI-9.0.0.87.a: [LOWI-Scan] decode_rsn_wpa_ie: LOWI_ENCRYPTION_TYPE_WPA_PSK
09-24 00:15:41.926 1402 3877 D LOWI-9.0.0.87.a: [LOWI-Scan] is_qcom_ie, bss_age: 0
09-24 00:15:41.926 1402 3877 D LOWI-9.0.0.87.a: [LOWI-Scan] BSS dc:77:4c:52:29:4f LOWI_PHY_MODE_11AC_VHT40(9), Beacon Interval: 100, LOWI_ENCRYPTION_TYPE_WPA_PSK 11mcRanging: No, ANQP: No, LCI: No, Civic: No, capability(0x1111): ESS Privacy SpectrumMgmt
09-24 00:15:41.926 1402 3877 D LOWI-9.0.0.87.a: [LOWI-Scan] BSS dc:77:4c:52:29:4f FREQ: 5805, cFreq1[40:80:160] = [5795:0:0] cFreq2 = 0 Country Code = CN
09-24 00:15:41.926 1402 3877 D LOWI-9.0.0.87.a: [LOWI-Scan] BSS dc:77:4c:52:29:4f (wlan0) ASSO: NO AddInfo: 0x0, TSF 0, 00:03:33.383, RSSI: -136, CPL: 127, AGE: 864, SSID HiPhi-OTA, TSFDelta: 0xc0a66320, TXRate: 0
09-24 00:15:41.927 1402 3877 D LOWI-9.0.0.87.a: [LOWI-Scan]
09-24 00:15:41.927 1402 3877 D LOWI-9.0.0.87.a: [LOWI-Scan] print_bss_handler: Report Probe TSF 213382824 as it greater than Beacon TSF 93297430
09-24 00:15:41.927 1402 3877 D LOWI-9.0.0.87.a: [LOWI-Scan] decode_rsn_wpa_ie: LOWI_ENCRYPTION_TYPE_WPA_PSK
09-24 00:15:41.927 1402 3877 D LOWI-9.0.0.87.a: [LOWI-Scan] is_qcom_ie, bss_age: 0
