01-01 08:00:59.640 0 0 D cnss : Assign MSI to user: DP, num_vectors: 18, user_base_data: 814, base_vector: 14
01-01 08:00:59.640 0 0 D cnss : Assign MSI to user: DP, num_vectors: 18, user_base_data: 814, base_vector: 14
01-01 08:00:59.640 0 0 D cnss : Assign MSI to user: DP, num_vectors: 18, user_base_data: 814, base_vector: 14
01-01 08:00:59.641 0 0 D cnss : Assign MSI to user: DP, num_vectors: 18, user_base_data: 814, base_vector: 14
09-24 00:12:59.525 1129 2452 D CompatibilityChangeReporter: Compat change id reported: 171306433; UID 1000; state: ENABLED
01-01 08:00:59.722 0 0 I binder : 1910:2172 ioctl 40046210 78304c41f4 returned -22
09-24 00:12:59.577 1910 2350 W ActivityThread: Failed to find provider info for com.android.contacts (user not unlocked)
01-01 08:00:59.779 0 0 W logd : Skipping entries from slow reader, pid 1279, fd 14, from LogBuffer::Prune()
01-01 08:00:59.779 0 0 W logd : Skipping entries from slow reader, pid 1279, fd 14, from LogBuffer::Prune()
01-01 08:00:59.802 0 0 I [kworke][0x443d2a3d][00:12:59.610955] wlan: [8:I:DP] Peer pool init
01-01 08:00:59.802 0 0 W [kworke][0x443d360c][00:12:59.611113] wlan: [8:W:DP] dp_rx_pdev_mon_attach: pdev attach id=0
09-24 00:12:59.616 1910 2350 W ActivityThread: Failed to find provider info for com.android.contacts (user not unlocked)
09-24 00:12:59.632 1910 2350 W ActivityThread: Failed to find provider info for com.android.contacts (user not unlocked)
01-01 08:00:59.829 0 0 D cnss : Assign MSI to user: DP, num_vectors: 18, user_base_data: 814, base_vector: 14
01-01 08:00:59.829 0 0 D cnss : Get IRQ number 426 for vector index 14
01-01 08:00:59.829 0 0 D cnss : Assign MSI to user: DP, num_vectors: 18, user_base_data: 814, base_vector: 14
01-01 08:00:59.829 0 0 D cnss : Get IRQ number 427 for vector index 15
01-01 08:00:59.829 0 0 D cnss : Assign MSI to user: DP, num_vectors: 18, user_base_data: 814, base_vector: 14
01-01 08:00:59.829 0 0 D cnss : Get IRQ number 428 for vector index 16
01-01 08:00:59.829 0 0 D cnss : Assign MSI to user: DP, num_vectors: 18, user_base_data: 814, base_vector: 14
01-01 08:00:59.829 0 0 D cnss : Get IRQ number 429 for vector index 17
01-01 08:00:59.829 0 0 D cnss : Assign MSI to user: DP, num_vectors: 18, user_base_data: 814, base_vector: 14
01-01 08:00:59.829 0 0 D cnss : Assign MSI to user: DP, num_vectors: 18, user_base_data: 814, base_vector: 14
01-01 08:00:59.829 0 0 D cnss : Get IRQ number 431 for vector index 19
01-01 08:00:59.829 0 0 D cnss : Assign MSI to user: DP, num_vectors: 18, user_base_data: 814, base_vector: 14
01-01 08:00:59.829 0 0 D cnss : Get IRQ number 432 for vector index 20
01-01 08:00:59.836 0 0 E [kworke][0x44471c7d][00:12:59.644907] wlan: [8:E:HIF] hif_pci_ce_irq_set_affinity_hint: 3708: Unable to set cpu mask for offline CPU 0
01-01 08:00:59.856 0 0 I [kworke][0x444d13a4][00:12:59.665267] wlan: [478:I:WMA] wma_rx_service_ready_event: Firmware build version : 101a0521
01-01 08:00:59.856 0 0 I [kworke][0x444d1517][00:12:59.665286] wlan: [478:I:WMA] wma_rx_service_ready_event: Board id: 0, Board version: 8 0 0 0 6
01-01 08:00:59.858 0 0 I [kworke][0x444da46f][00:12:59.667198] wlan: [478:I:WMA] wma_is_dbs_mandatory: 5417: MAC0 does not support both bands 2 DBS is mandatory
01-01 08:00:59.858 0 0 E [kworke][0x444dac3f][00:12:59.667302] wlan: [478:E:QDF] copy_fw_abi_version_tlv: 6979: copy_fw_abi_version_tlv: INIT_CMD version: 1, 0, 0x5f414351, 0x4c4d, 0x0, 0x0
09-24 00:12:59.751 1129 2033 D Fingerprint21: Daemon was null, reconnecting, current operation: null
09-24 00:12:59.754 1129 2033 D Fingerprint21: Fingerprint HAL ready, HAL ID: 5326416
09-24 00:12:59.754 1129 1129 D BiometricScheduler/Fingerprint21: [Added] {[0] FingerprintUpdateActiveUserClient, proto=1, owner=android, cookie=0, requestId=-1, userId=0}, new queue size: 1
09-24 00:12:59.754 1129 1129 D BiometricScheduler/Fingerprint21: [Polled] {[0] FingerprintUpdateActiveUserClient, proto=1, owner=android, cookie=0, requestId=-1, userId=0}, State: 0
09-24 00:12:59.754 1129 1129 D BiometricScheduler/Fingerprint21: [Starting] {[0] FingerprintUpdateActiveUserClient, proto=1, owner=android, cookie=0, requestId=-1, userId=0}, State: 0
09-24 00:12:59.754 1129 1129 D BiometricScheduler/Fingerprint21: [Started] {[0] FingerprintUpdateActiveUserClient, proto=1, owner=android, cookie=0, requestId=-1, userId=0}
01-01 08:00:59.950 0 0 D qbt : qbt_open: entry minor_no=0 fd_available=1
01-01 08:00:59.950 0 0 D qbt : qbt_open: exit : 0 fd_available=0
01-01 08:00:59.951 0 0 D qbt : qbt_open: entry minor_no=1 fd_available=0
01-01 08:00:59.951 0 0 D qbt : qbt_open: exit : 0 fd_available=0
01-01 08:00:59.951 0 0 D qbt : qbt_ioctl: cmd received 107
01-01 08:00:59.951 0 0 D qbt : qbt_ioctl: Acquiring wakelock
01-01 08:00:59.986 0 0 W QSEECOM : qseecom_load_app: App (fingerpr) does'nt exist, loading apps for first time
09-24 00:12:59.800 1910 2350 W ActivityThread: Failed to find provider info for com.android.contacts (user not unlocked)
01-01 08:01:00.063 0 0 E [kworke][0x448987d2][00:12:59.871616] wlan: [274:E:QDF] ready_extract_init_status_tlv: 8884: ready_extract_init_status_tlv:0
01-01 08:01:00.077 0 0 E [kworke][0x448d9a48][00:12:59.885517] wlan: [274:E:QDF] cds_get_context: 1486: Module ID 65 context is Null
01-01 08:01:00.078 0 0 W QSEECOM : qseecom_load_app: App with id 7 (fingerpr) now loaded
01-01 08:01:00.080 0 0 D : mv2112_read_status
01-01 08:01:00.080 0 0 D mv2112_update_link: 3.0x901(1G): 0x80
01-01 08:01:00.081 0 0 D mv2112_update_link: 3.0x8109(100M): 0x0
01-01 08:01:00.081 0 0 D mv2112_update_link: link 0x0
01-01 08:01:00.081 0 0 D mv2112_read_status: autoneg is disabled
01-01 08:01:00.089 0 0 F [kworke][0x44912077][00:12:59.897548] wlan: [274:F:DP] cdp_ipa_set_uc_tx_partition_base invalid instance
01-01 08:01:00.100 0 0 I [kworke][0x44948ab0][00:12:59.909204] wlan: [274:I:WMA] wma_he_update_tgt_services: 996: 11ax is enabled
01-01 08:01:00.112 0 0 W logd : Skipping entries from slow reader, pid 1279, fd 14, from LogBuffer::Prune()
01-01 08:01:00.112 0 0 W logd : Skipping entries from slow reader, pid 1279, fd 14, from LogBuffer::Prune()
01-01 08:01:00.119 0 0 I [kworke][0x449a0a04][00:12:59.927966] wlan: [274:I:HIF] Initializing Runtime PM wakelock &mgmt_txrx_pdev_ctx->wakelock_tx_runtime_cmp
01-01 08:01:00.121 0 0 I [kworke][0x449a8996][00:12:59.929666] wlan: [274:I:dfs] WLAN_DEBUG_DFS_ALWAYS : wlan_dfs_pdev_obj_create_notification: 421: dfs_offload 1
01-01 08:01:00.121 0 0 I [kworke][0x449a8bb2][00:12:59.929695] wlan: [274:I:SPECTRAL] null_get_capability: 1715: SPECTRAL : get_capability not registered
01-01 08:01:00.121 0 0 I [kworke][0x449a8c34][00:12:59.929701] wlan: [274:I:SPECTRAL] target_if_pdev_spectral_init: 2249: HAL_CAP_PHYDIAG : Capable
01-01 08:01:00.121 0 0 I [kworke][0x449a8cb6][00:12:59.929708] wlan: [274:I:SPECTRAL] null_get_capability: 1715: SPECTRAL : get_capability not registered
01-01 08:01:00.121 0 0 I [kworke][0x449a8d33][00:12:59.929715] wlan: [274:I:SPECTRAL] target_if_pdev_spectral_init: 2253: HAL_CAP_RADAR : Capable
01-01 08:01:00.122 0 0 I [kworke][0x449a8db0][00:12:59.929721] wlan: [274:I:SPECTRAL] null_get_capability: 1715: SPECTRAL : get_capability not registered
01-01 08:01:00.122 0 0 I [kworke][0x449ae9a8][00:12:59.930948] wlan: [274:I:SPECTRAL] target_if_pdev_spectral_init: 2258: HAL_CAP_SPECTRAL_SCAN : Capable
01-01 08:01:00.122 0 0 I [kworke][0x449aeab1][00:12:59.930961] wlan: [274:I:SPECTRAL] null_get_tsf64: 1703: SPECTRAL : get_tsf64 not registered
01-01 08:01:00.122 0 0 I [kworke][0x449aec89][00:12:59.930986] wlan: [274:I:GREEN_AP] wlan_green_ap_pdev_obj_create_notification: 106: Green AP creation successful, green ap ctx: ffffffc9370ad0e8, pdev: ffffffc911c01ee8
01-01 08:01:00.122 0 0 I [kworke][0x449af057][00:12:59.931036] wlan: [274:I:IPA] wlan_ipa_wdi_init: 540: ipa_over_gsi: 1, is_smmu_enabled: 1
01-01 08:01:00.127 0 0 I [kworke][0x449c48bd][00:12:59.935629] wlan: [274:I:REGULATORY] reg_set_band: 483: set band bitmap: 3
01-01 08:01:00.128 0 0 I [kworke][0x449c9536][00:12:59.936648] wlan: [274:I:HIF] Initializing Runtime PM wakelock &ctx->dfs
01-01 08:01:00.128 0 0 I [kworke][0x449c968c][00:12:59.936666] wlan: [274:I:HIF] Initializing Runtime PM wakelock &ctx->connect
01-01 08:01:00.128 0 0 I [kworke][0x449c9787][00:12:59.936679] wlan: [274:I:HIF] Initializing Runtime PM wakelock &ctx->user
01-01 08:01:00.128 0 0 I [kworke][0x449c9ac4][00:12:59.936722] wlan: [274:I:HIF] Initializing Runtime PM wakelock &scan_priv->runtime_pm_lock
01-01 08:01:00.128 0 0 I [kworke][0x449c9e66][00:12:59.936771] wlan: [274:I:GREEN_AP] target_if_green_ap_register_egap_event_handler: 131: Set the Enhance Green AP event handler
01-01 08:01:00.128 0 0 E [kworke][0x449cb0ef][00:12:59.937018] wlan: [274:E:QDF] dp_peer_map_attach_wifi3: 10048: dp_peer_map_attach_wifi3 max_peers 55, max_ast_index: 144
01-01 08:01:00.144 0 0 I [kworke][0x44a17424][00:12:59.953274] wlan: [274:I:DP]
01-01 08:01:00.144 0 0 I : <=== cfg max peer id 55 ====>
01-01 08:01:00.144 0 0 I [kworke][0x44a175dc][00:12:59.953297] wlan: [274:I:DP]
01-01 08:01:00.144 0 0 I : <=== cfg max ast idx 144 ====>
01-01 08:01:00.144 0 0 I [kworke][0x44a17702][00:12:59.953312] wlan: [274:I:DP] ast hash_elems: 512, max_ast_idx: 144
01-01 08:01:00.147 0 0 I [kworke][0x44a219e6][00:12:59.955485] wlan: [8:I:WMA] wma_wait_for_ready_event: 6926: FW ready event received
01-01 08:01:00.149 0 0 E bt_ioctl: BT_CMD_PWR_CTRL pwr_cntrl:2
01-01 08:01:00.154 0 0 E [kworke][0x44a4464a][00:12:59.962902] wlan: [8:E:WMI] send_action_oui_cmd_tlv: 220: Invalid action id
01-01 08:01:00.154 0 0 E [kworke][0x44a44792][00:12:59.962920] wlan: [8:E:action_oui] ucfg_action_oui_send: 160: Failed to send: 7
01-01 08:01:00.154 0 0 E [kworke][0x44a448ae][00:12:59.962934] wlan: [8:E:WMI] send_action_oui_cmd_tlv: 220: Invalid action id
01-01 08:01:00.154 0 0 E [kworke][0x44a449b0][00:12:59.962948] wlan: [8:E:action_oui] ucfg_action_oui_send: 160: Failed to send: 9
01-01 08:01:00.165 0 0 E bt_vreg_unvote: vreg_unvote successful for : qca,bt-vdd-rfa2
01-01 08:01:00.176 0 0 E [kworke][0x44aaa1ba][00:12:59.984602] wlan: [8:E:HDD] hdd_action_oui_send: 13281: Failed to send one or all action_ouis
01-01 08:01:00.216 0 0 D cnss : dma-coherent is enabled
01-01 08:01:00.218 0 0 E bt_vreg_unvote: vreg_unvote successful for : qca,bt-vdd-rfa1
01-01 08:01:00.218 0 0 E bt_vreg_unvote: vreg_unvote successful for : qca,bt-vdd-dig
01-01 08:01:00.225 0 0 D cnss : IOMMU map: iova b0000000, len 4096
01-01 08:01:00.225 0 0 D cnss : IOMMU map: iova_addr b0000040
01-01 08:01:00.225 0 0 D cnss : dma-coherent is enabled
01-01 08:01:00.225 0 0 D cnss : IOMMU map: iova b0001000, len 4096
01-01 08:01:00.225 0 0 D cnss : IOMMU map: iova_addr b0001018
01-01 08:01:00.232 0 0 E bt_vreg_unvote: vreg_unvote successful for : qca,bt-vdd-aon
01-01 08:01:00.236 0 0 E [kworke][0x44bc3580][00:13:00.044601] wlan: [8:E:TXRX] dp_rxdma_ring_config: 5022: DBS enabled max_mac_rings 2
01-01 08:01:00.251 0 0 E [kworke][0x44c0ba6e][00:13:00.060028] wlan: [8:E:TXRX] dp_rxdma_ring_config: 5033: pdev_id 0 max_mac_rings 2
01-01 08:01:00.263 0 0 E [kworke][0x44c41632][00:13:00.071493] wlan: [8:E:TXRX] dp_rxdma_ring_config: 5050: mac_id 0
01-01 08:01:00.274 0 0 E [kworke][0x44c75d50][00:13:00.082679] wlan: [8:E:TXRX] dp_rxdma_ring_config: 5050: mac_id 1
01-01 08:01:00.287 0 0 I [kworke][0x44cb5388][00:13:00.096202] wlan: [8:I:POLICY_MGR] policy_mgr_update_5g_scc_prefer: 398: overwrite pm_second_connection_pcl_dbs_2x2_table, index 2 mode 3 system prefer 0 new pcl 6
01-01 08:01:00.287 0 0 I [kworke][0x44cb56a8][00:13:00.096243] wlan: [8:I:POLICY_MGR] policy_mgr_update_5g_scc_prefer: 404: overwrite pm_second_connection_pcl_dbs_2x2_table, index 3 mode 3 system prefer 0 new pcl 6
01-01 08:01:00.290 0 0 E [kworke][0x44cc2cc3][00:13:00.099098] wlan: [8:E:REGULATORY] reg_freq_width_to_chan_op_class: 512: no op class for frequency 5745
01-01 08:01:00.300 0 0 W QSEECOM : __qseecom_unload_app: App (7) is unloaded
01-01 08:01:00.306 0 0 D qbt : qbt_release: entry minor_no=0 fd_available=0
01-01 08:01:00.306 0 0 D qbt : qbt_release: Releasing wakelock
01-01 08:01:00.306 0 0 D qbt : qbt_release: exit : fd_available=1
01-01 08:01:00.306 0 0 D qbt : qbt_release: entry minor_no=1 fd_available=1
01-01 08:01:00.306 0 0 D qbt : qbt_release: exit : fd_available=1
01-01 08:01:00.307 0 0 I [kworke][0x44d0f98a][00:13:00.115482] wlan: [8:I:HIF] hif_pm_runtime_start: Enabling RUNTIME PM, Delay: 500 ms
01-01 08:01:00.333 0 0 D qbt : qbt_open: entry minor_no=0 fd_available=1
09-24 00:13:00.117 1129 1129 W Looper : Slow dispatch took 363ms main h=android.os.Handler c=com.android.server.biometrics.sensors.fingerprint.hidl.Fingerprint21$$ExternalSyntheticLambda2@f0ef07 m=0
09-24 00:13:00.117 1129 1129 D BiometricScheduler/Fingerprint21: [Added] {[1] FingerprintUpdateActiveUserClient, proto=1, owner=android, cookie=0, requestId=-1, userId=0}, new queue size: 1
09-24 00:13:00.117 1129 1129 V BiometricScheduler/Fingerprint21: Not idle, current operation: {[0] FingerprintUpdateActiveUserClient, proto=1, owner=android, cookie=0, requestId=-1, userId=0}, State: 2
09-24 00:13:00.117 1129 1129 D BiometricScheduler/Fingerprint21: [Added] {[2] FingerprintInternalCleanupClient, proto=7, owner=android, cookie=0, requestId=-1, userId=0}, new queue size: 2
09-24 00:13:00.117 1129 1129 V BiometricScheduler/Fingerprint21: Not idle, current operation: {[0] FingerprintUpdateActiveUserClient, proto=1, owner=android, cookie=0, requestId=-1, userId=0}, State: 2
09-24 00:13:00.117 1129 1129 W Looper : Slow delivery took 363ms main h=android.os.Handler c=com.android.server.biometrics.sensors.fingerprint.hidl.Fingerprint21$$ExternalSyntheticLambda12@6e6565d m=0
09-24 00:13:00.126 1129 1129 D BiometricScheduler/Fingerprint21: [Finishing] {[0] FingerprintUpdateActiveUserClient, proto=1, owner=android, cookie=0, requestId=-1, userId=0}, success: true
09-24 00:13:00.126 1129 1129 D BiometricScheduler/Fingerprint21: [Polled] {[1] FingerprintUpdateActiveUserClient, proto=1, owner=android, cookie=0, requestId=-1, userId=0}, State: 0
09-24 00:13:00.128 1129 1129 D BiometricScheduler/Fingerprint21: [Starting] {[1] FingerprintUpdateActiveUserClient, proto=1, owner=android, cookie=0, requestId=-1, userId=0}, State: 0
09-24 00:13:00.128 1129 1129 D BiometricScheduler/Fingerprint21: [Started] {[1] FingerprintUpdateActiveUserClient, proto=1, owner=android, cookie=0, requestId=-1, userId=0}
01-01 08:01:00.333 0 0 D qbt : qbt_open: exit : 0 fd_available=0
01-01 08:01:00.333 0 0 D qbt : qbt_open: entry minor_no=1 fd_available=0
01-01 08:01:00.333 0 0 D qbt : qbt_open: exit : 0 fd_available=0
01-01 08:01:00.333 0 0 D qbt : qbt_ioctl: cmd received 107
01-01 08:01:00.333 0 0 D qbt : qbt_ioctl: Acquiring wakelock
01-01 08:01:00.354 0 0 E cnss_utils: WLAN MAC address is not set, type 0
01-01 08:01:00.361 0 0 W cnss_pci 0000: 01:00.0: Falling back to syfs fallback for: wlan/qca_cld/qca6390/wlan_mac.bin
01-01 08:01:00.386 0 0 W QSEECOM : qseecom_load_app: App (fingerpr) does'nt exist, loading apps for first time
01-01 08:01:00.403 0 0 I [kworke][0x44ed4151][00:13:00.212011] wlan: [8:I:HDD] hdd_initialize_mac_address: 12589: using default MAC address
01-01 08:01:00.412 0 0 I binder : undelivered transaction 21864, process died.
09-24 00:13:00.266 1129 1216 I WindowManager: ******* TELLING SURFACE FLINGER WE ARE BOOTED!
01-01 08:01:00.502 0 0 W QSEECOM : qseecom_load_app: App with id 8 (fingerpr) now loaded
09-24 00:13:00.314 1129 1216 I ActivityManagerTiming: FinishBooting
09-24 00:13:00.325 1129 1216 I ActivityManager: About to commit checkpoint
09-24 00:13:00.335 1129 1216 I SystemServiceManager: Starting phase 1000
09-24 00:13:00.335 1129 1216 I ActivityManagerTiming: OnBootPhase_1000
09-24 00:13:00.335 1129 1216 I ActivityManagerTiming: OnBootPhase_1000_com.android.server.security.FileIntegrityService
09-24 00:13:00.335 1129 1216 D ActivityManagerTiming: OnBootPhase_1000_com.android.server.security.FileIntegrityService took to complete: 0ms
09-24 00:13:00.335 1129 1216 I ActivityManagerTiming: OnBootPhase_1000_com.android.server.pm.Installer
09-24 00:13:00.335 1129 1216 D ActivityManagerTiming: OnBootPhase_1000_com.android.server.pm.Installer took to complete: 0ms
09-24 00:13:00.335 1129 1216 I ActivityManagerTiming: OnBootPhase_1000_com.android.server.os.DeviceIdentifiersPolicyService
09-24 00:13:00.335 1129 1216 D ActivityManagerTiming: OnBootPhase_1000_com.android.server.os.DeviceIdentifiersPolicyService took to complete: 0ms
09-24 00:13:00.335 1129 1216 I ActivityManagerTiming: OnBootPhase_1000_com.android.server.uri.UriGrantsManagerService$Lifecycle
09-24 00:13:00.335 1129 1216 D ActivityManagerTiming: OnBootPhase_1000_com.android.server.uri.UriGrantsManagerService$Lifecycle took to complete: 0ms
09-24 00:13:00.335 1129 1216 I ActivityManagerTiming: OnBootPhase_1000_com.android.server.powerstats.PowerStatsService
09-24 00:13:00.335 1129 1216 E PowerStatsService: Failed to start PowerStatsService loggers
09-24 00:13:00.335 1129 1216 D ActivityManagerTiming: OnBootPhase_1000_com.android.server.powerstats.PowerStatsService took to complete: 0ms
09-24 00:13:00.336 1129 1216 I ActivityManagerTiming: OnBootPhase_1000_com.android.server.wm.ActivityTaskManagerService$Lifecycle
09-24 00:13:00.336 1129 1216 D ActivityManagerTiming: OnBootPhase_1000_com.android.server.wm.ActivityTaskManagerService$Lifecycle took to complete: 0ms
01-01 08:01:00.515 0 0 E [kworke][0x450dfad9][00:13:00.323712] wlan: [8:E:QDF] qdf_mutex_create: already initialized lock
09-24 00:13:00.336 1129 1216 I ActivityManagerTiming: OnBootPhase_1000_com.android.server.am.ActivityManagerService$Lifecycle
01-01 08:01:00.526 0 0 E [kworke][0x45114a13][00:13:00.335008] wlan: [8:E:HDD] hdd_open_adapter: 6512: Interface p2p0 wow debug_fs init failed
09-24 00:13:00.336 1129 1216 D ActivityManagerTiming: OnBootPhase_1000_com.android.server.am.ActivityManagerService$Lifecycle took to complete: 0ms
01-01 08:01:00.538 0 0 E : [drm:dsi_display_set_backlight] *ERROR* [msm-dsi-error]: unable to set backlight
09-24 00:13:00.336 1129 1216 I ActivityManagerTiming: OnBootPhase_1000_com.android.server.pm.DataLoaderManagerService
01-01 08:01:00.538 0 0 W logd : Skipping entries from slow reader, pid 1279, fd 14, from LogBuffer::Prune()
09-24 00:13:00.336 1129 1216 D ActivityManagerTiming: OnBootPhase_1000_com.android.server.pm.DataLoaderManagerService took to complete: 0ms
01-01 08:01:00.538 0 0 W logd : Skipping entries from slow reader, pid 1279, fd 14, from LogBuffer::Prune()
09-24 00:13:00.336 1129 1216 I ActivityManagerTiming: OnBootPhase_1000_com.android.server.power.PowerManagerService
09-24 00:13:00.337 1129 1216 D ActivityManagerTiming: OnBootPhase_1000_com.android.server.power.PowerManagerService took to complete: 1ms
09-24 00:13:00.337 1129 1216 I ActivityManagerTiming: OnBootPhase_1000_com.android.server.power.ThermalManagerService
09-24 00:13:00.337 1129 1216 D ActivityManagerTiming: OnBootPhase_1000_com.android.server.power.ThermalManagerService took to complete: 0ms
09-24 00:13:00.337 1129 1216 I ActivityManagerTiming: OnBootPhase_1000_com.android.server.power.hint.HintManagerService
09-24 00:13:00.337 1129 1216 D ActivityManagerTiming: OnBootPhase_1000_com.android.server.power.hint.HintManagerService took to complete: 0ms
09-24 00:13:00.337 1129 1216 I ActivityManagerTiming: OnBootPhase_1000_com.android.server.recoverysystem.RecoverySystemService$Lifecycle
09-24 00:13:00.337 1129 1216 D ActivityManagerTiming: OnBootPhase_1000_com.android.server.recoverysystem.RecoverySystemService$Lifecycle took to complete: 0ms
09-24 00:13:00.337 1129 1216 I ActivityManagerTiming: OnBootPhase_1000_com.android.server.lights.LightsService
09-24 00:13:00.337 1129 1216 D ActivityManagerTiming: OnBootPhase_1000_com.android.server.lights.LightsService took to complete: 0ms
09-24 00:13:00.337 1129 1216 I ActivityManagerTiming: OnBootPhase_1000_com.android.server.display.DisplayManagerService
09-24 00:13:00.337 1129 1215 D BluetoothManagerService: MESSAGE_BLUETOOTH_STATE_CHANGE: BLE_TURNING_ON > BLE_ON
09-24 00:13:00.337 1129 1215 D BluetoothManagerService: Bluetooth is in LE only mode
09-24 00:13:00.337 1129 1215 D BluetoothManagerService: Binding Bluetooth GATT service
09-24 00:13:00.338 1129 1215 D BluetoothManagerService: Sending BLE State Change: BLE_TURNING_ON > BLE_ON
09-24 00:13:00.341 1129 1259 V DisplayPowerController[0]: Brightness [0.0] reason changing to: 'manual', previous reason: 'override'.
09-24 00:13:00.342 1129 1879 E DisplayDeviceConfig: requesting nits when no mapping exists.
09-24 00:13:00.343 1129 1879 E DisplayDeviceConfig: requesting nits when no mapping exists.
09-24 00:13:00.343 1129 1216 D ActivityManagerTiming: OnBootPhase_1000_com.android.server.display.DisplayManagerService took to complete: 6ms
09-24 00:13:00.343 1129 1216 I ActivityManagerTiming: OnBootPhase_1000_com.android.server.pm.verify.domain.DomainVerificationService
09-24 00:13:00.343 1129 1216 D ActivityManagerTiming: OnBootPhase_1000_com.android.server.pm.verify.domain.DomainVerificationService took to complete: 0ms
09-24 00:13:00.343 1129 1216 I ActivityManagerTiming: OnBootPhase_1000_com.android.server.pm.PackageInstallerService$Lifecycle
09-24 00:13:00.343 1129 1216 D ActivityManagerTiming: OnBootPhase_1000_com.android.server.pm.PackageInstallerService$Lifecycle took to complete: 0ms
09-24 00:13:00.343 1129 1216 I ActivityManagerTiming: OnBootPhase_1000_com.android.server.pm.UserManagerService$LifeCycle
09-24 00:13:00.343 1129 1216 D ActivityManagerTiming: OnBootPhase_1000_com.android.server.pm.UserManagerService$LifeCycle took to complete: 0ms
09-24 00:13:00.343 1129 1216 I ActivityManagerTiming: OnBootPhase_1000_com.android.server.om.OverlayManagerService
09-24 00:13:00.343 1129 1216 D ActivityManagerTiming: OnBootPhase_1000_com.android.server.om.OverlayManagerService took to complete: 0ms
09-24 00:13:00.343 1129 1216 I ActivityManagerTiming: OnBootPhase_1000_com.android.server.SensorPrivacyService
09-24 00:13:00.343 1129 1216 D ActivityManagerTiming: OnBootPhase_1000_com.android.server.SensorPrivacyService took to complete: 0ms
09-24 00:13:00.344 1129 1216 I ActivityManagerTiming: OnBootPhase_1000_com.android.server.sensors.SensorService
09-24 00:13:00.344 1129 1216 D ActivityManagerTiming: OnBootPhase_1000_com.android.server.sensors.SensorService took to complete: 0ms
09-24 00:13:00.344 1129 1216 I ActivityManagerTiming: OnBootPhase_1000_com.android.server.SystemConfigService
09-24 00:13:00.361 1129 1233 I DropBoxManagerService: add tag=system_server_wtf isTagEnabled=true flags=0x2
09-24 00:13:00.367 1129 1873 D CompatibilityChangeReporter: Compat change id reported: 135634846; UID 10071; state: DISABLED
09-24 00:13:00.368 1129 1873 D CompatibilityChangeReporter: Compat change id reported: 177438394; UID 10071; state: DISABLED
09-24 00:13:00.368 1129 1873 D CompatibilityChangeReporter: Compat change id reported: 135772972; UID 10071; state: DISABLED
09-24 00:13:00.368 1129 1873 D CompatibilityChangeReporter: Compat change id reported: 135754954; UID 10071; state: ENABLED
09-24 00:13:00.368 1129 1216 D ActivityManagerTiming: OnBootPhase_1000_com.android.server.SystemConfigService took to complete: 0ms
09-24 00:13:00.368 1129 1216 I ActivityManagerTiming: OnBootPhase_1000_com.android.server.BatteryService
09-24 00:13:00.368 1129 1216 D ActivityManagerTiming: OnBootPhase_1000_com.android.server.BatteryService took to complete: 0ms
09-24 00:13:00.369 1129 1216 I ActivityManagerTiming: OnBootPhase_1000_com.android.server.usage.UsageStatsService
09-24 00:13:00.369 1129 1234 D CompatibilityChangeReporter: Compat change id reported: 143937733; UID 10071; state: ENABLED
09-24 00:13:00.370 1129 1216 D ActivityManagerTiming: OnBootPhase_1000_com.android.server.usage.UsageStatsService took to complete: 2ms
09-24 00:13:00.370 1129 1216 I ActivityManagerTiming: OnBootPhase_1000_com.android.server.webkit.WebViewUpdateService
09-24 00:13:00.370 1129 1216 D ActivityManagerTiming: OnBootPhase_1000_com.android.server.webkit.WebViewUpdateService took to complete: 0ms
09-24 00:13:00.370 1129 1216 I ActivityManagerTiming: OnBootPhase_1000_com.android.server.CachedDeviceStateService
09-24 00:13:00.371 1129 1216 D ActivityManagerTiming: OnBootPhase_1000_com.android.server.CachedDeviceStateService took to complete: 0ms
09-24 00:13:00.371 1129 1216 I ActivityManagerTiming: OnBootPhase_1000_com.android.server.BinderCallsStatsService$LifeCycle
09-24 00:13:00.371 1129 1216 D ActivityManagerTiming: OnBootPhase_1000_com.android.server.BinderCallsStatsService$LifeCycle took to complete: 0ms
09-24 00:13:00.371 1129 1216 I ActivityManagerTiming: OnBootPhase_1000_com.android.server.LooperStatsService$Lifecycle
09-24 00:13:00.371 1129 1216 D ActivityManagerTiming: OnBootPhase_1000_com.android.server.LooperStatsService$Lifecycle took to complete: 0ms
09-24 00:13:00.371 1129 1216 I ActivityManagerTiming: OnBootPhase_1000_com.android.server.rollback.RollbackManagerService
09-24 00:13:00.371 1129 1216 D ActivityManagerTiming: OnBootPhase_1000_com.android.server.rollback.RollbackManagerService took to complete: 1ms
09-24 00:13:00.371 1129 1216 I ActivityManagerTiming: OnBootPhase_1000_com.android.server.os.NativeTombstoneManagerService
09-24 00:13:00.371 1129 1216 D ActivityManagerTiming: OnBootPhase_1000_com.android.server.os.NativeTombstoneManagerService took to complete: 0ms
09-24 00:13:00.371 1129 1216 I ActivityManagerTiming: OnBootPhase_1000_com.android.server.os.BugreportManagerService
09-24 00:13:00.371 1129 1216 D ActivityManagerTiming: OnBootPhase_1000_com.android.server.os.BugreportManagerService took to complete: 0ms
09-24 00:13:00.372 1129 1216 I ActivityManagerTiming: OnBootPhase_1000_com.android.server.gpu.GpuService
09-24 00:13:00.374 1129 1741 D RollbackManager: mRollbackLifetimeDurationInMillis=1209600000
09-24 00:13:00.374 1129 1730 D AppStandbyController: Loading headless system app cache. appIdleEnabled=false
09-24 00:13:00.394 1129 1216 D ActivityManagerTiming: OnBootPhase_1000_com.android.server.gpu.GpuService took to complete: 21ms
01-01 08:01:00.564 0 0 E [kworke][0x451c7b20][00:13:00.373209] wlan: [8:E:QDF] qdf_mutex_create: already initialized lock
01-01 08:01:00.575 0 0 E [kworke][0x451fbf42][00:13:00.384357] wlan: [8:E:HDD] hdd_open_adapter: 6512: Interface wifi-aware0 wow debug_fs init failed
01-01 08:01:00.594 0 0 W : ------------[ cut here ]------------
01-01 08:01:00.594 0 0 I : IRQs not enabled as expected
01-01 08:01:00.594 0 0 W : WARNING: CPU: 1 PID: 8 at kernel/softirq.c:161 __local_bh_enable_ip+0x140/0x158
01-01 08:01:00.594 0 0 I : Modules linked in: wlan(O) tsnv(O) machine_dlkm(O) wcd938x_slave_dlkm(O) wcd938x_dlkm(O) wcd9xxx_dlkm(O) mbhc_dlkm(O) tx_macro_dlkm(O) rx_macro_dlkm(O) va_macro_dlkm(O) wsa_macro_dlkm(O) swr_ctrl_dlkm(O) bolero_cdc_dlkm(O) wsa881x_dlkm(O) wcd_core_dlkm(O) stub_dlkm(O) hdmi_dlkm(O) swr_dlkm(O) pinctrl_lpi_dlkm(O) pinctrl_wcd_dlkm(O) usf_dlkm(O) native_dlkm(O) platform_dlkm(O) q6_dlkm(O) adsp_loader_dlkm(O) apr_dlkm(O) snd_event_dlkm(O) q6_notifier_dlkm(O) q6_pdr_dlkm(O) msm_11ad_proxy
01-01 08:01:00.594 0 0 I : CPU: 1 PID: 8 Comm: kworker/u16:0 Tainted: G S W O 4.19.157+ #1
01-01 08:01:00.594 0 0 I Hardware name: Qualcomm Technologies, Inc. kona MTP-RmPM8150b. VX1(MCE) EVT1 (DT)
01-01 08:01:00.594 0 0 I Workqueue: cnss_driver_event cnss_driver_event_work
01-01 08:01:00.594 0 0 I pstate : 60c00085 (nZCv daIf +PAN +UAO)
01-01 08:01:00.594 0 0 I pc : __local_bh_enable_ip+0x140/0x158
01-01 08:01:00.594 0 0 I lr : __local_bh_enable_ip+0x140/0x158
01-01 08:01:00.594 0 0 I sp : ffffff80080cbb60
01-01 08:01:00.594 0 0 I : x29: ffffff80080cbb60 x28: dead000000000100
01-01 08:01:00.594 0 0 I : x27: ffffffad20b864c4 x26: ffffffc9875cc670
01-01 08:01:00.594 0 0 I : x25: ffffffc911291580 x24: 000000000000003f
01-01 08:01:00.594 0 0 I : x23: ffffff801b60310c x22: 000000004000003f
01-01 08:01:00.595 0 0 I : x21: ffffffc850508040 x20: ffffffad1f2fd528
01-01 08:01:00.595 0 0 I : x19: 0000000000000201 x18: 000000000000002c
01-01 08:01:00.595 0 0 I : x17: ffffffad224f5000 x16: 00000000fff84320
01-01 08:01:00.595 0 0 I : x15: 0000000000084320 x14: 00000000000000c2
01-01 08:01:00.595 0 0 I : x13: 0000000000000000 x12: 00000000000000e0
01-01 08:01:00.595 0 0 I : x11: 0000000000000000 x10: 0000000000000001
01-01 08:01:00.595 0 0 I : x9 : 10e28163c9bba800 x8 : 10e28163c9bba800
01-01 08:01:00.595 0 0 I : x7 : ffffffad1e982700 x6 : 0000000000000000
01-01 08:01:00.595 0 0 I : x5 : 0000000000000080 x4 : 0000000000000001
01-01 08:01:00.595 0 0 I : x3 : 0000000000000000 x2 : 0000000000000007
01-01 08:01:00.595 0 0 I : x1 : 0000000000000007 x0 : 000000000000001c
01-01 08:01:00.595 0 0 I Call trace:
01-01 08:01:00.595 0 0 I : __local_bh_enable_ip+0x140/0x158
01-01 08:01:00.595 0 0 I : _raw_spin_unlock_bh+0x3c/0x48
01-01 08:01:00.595 0 0 I : cnss_pci_reg_write+0xf0/0x1a8
01-01 08:01:00.595 0 0 I : cnss_pci_time_sync_work_hdlr+0x24c/0x6a8
01-01 08:01:00.595 0 0 I : cnss_pci_call_driver_probe+0x138/0x2d0
01-01 08:01:00.595 0 0 I : cnss_bus_call_driver_probe+0x28/0x80
01-01 08:01:00.595 0 0 I : cnss_driver_event_work+0x2e8/0xcb8
01-01 08:01:00.595 0 0 I : process_one_work+0x38c/0x660
01-01 08:01:00.595 0 0 I : worker_thread+0x268/0x4b8
01-01 08:01:00.595 0 0 I : kthread+0x140/0x150
01-01 08:01:00.595 0 0 I : ret_from_fork+0x10/0x1c
01-01 08:01:00.595 0 0 I : irq event stamp: 592195
01-01 08:01:00.595 0 0 I : hardirqs last enabled at (592193): [] _raw_spin_unlock_irqrestore+0x44/0x88
01-01 08:01:00.595 0 0 I : hardirqs last disabled at (592194): [] _raw_spin_lock_irqsave+0x28/0x98
01-01 08:01:00.595 0 0 I : softirqs last enabled at (592188): [] mhi_device_get_sync_atomic+0x68/0x2d8
01-01 08:01:00.595 0 0 I : softirqs last disabled at (592195): [] cnss_pci_reg_write+0x58/0x1a8
01-01 08:01:00.595 0 0 W : ---[ end trace 3d8c5eba4471078c ]---
01-01 08:01:00.595 0 0 D cnss : Host time = 60421180 us, device time = 3534010 us, offset = 56887170 us
01-01 08:01:00.595 0 0 D cnss : Updated time sync regs [0x984] = 0x3640782, [0x988] = 0x0
01-01 08:01:00.595 0 0 D cnss : Removing vote for Regulator vdd-wlan-rfa2
01-01 08:01:00.596 0 0 D cnss : Removing vote for Regulator vdd-wlan-rfa1
01-01 08:01:00.596 0 0 D cnss : Removing vote for Regulator vdd-wlan-dig
01-01 08:01:00.596 0 0 D cnss : Removing vote for Regulator vdd-wlan-aon
01-01 08:01:00.596 0 0 D cnss : Removing vote for Regulator vdd-wlan-io
01-01 08:01:00.596 0 0 D cnss : PM relax, state: 0x107, count: 0
01-01 08:01:00.596 0 0 D cnss : PM stay awake, state: 0x107, count: 1
01-01 08:01:00.596 0 0 D cnss : PM relax, state: 0x107, count: 0
09-24 00:13:00.394 1129 1216 I ActivityManagerTiming: OnBootPhase_1000_com.android.server.security.KeyChainSystemService
09-24 00:13:00.411 1129 1216 D ActivityManagerTiming: OnBootPhase_1000_com.android.server.security.KeyChainSystemService took to complete: 0ms
09-24 00:13:00.411 1129 1216 I ActivityManagerTiming: OnBootPhase_1000_com.android.server.telecom.TelecomLoaderService
09-24 00:13:00.411 1129 1216 D ActivityManagerTiming: OnBootPhase_1000_com.android.server.telecom.TelecomLoaderService took to complete: 0ms
09-24 00:13:00.415 1129 1216 I ActivityManagerTiming: OnBootPhase_1000_com.android.server.accounts.AccountManagerService$Lifecycle
09-24 00:13:00.415 1129 1216 D ActivityManagerTiming: OnBootPhase_1000_com.android.server.accounts.AccountManagerService$Lifecycle took to complete: 0ms
09-24 00:13:00.415 1129 1216 I ActivityManagerTiming: OnBootPhase_1000_com.android.server.content.ContentService$Lifecycle
09-24 00:13:00.415 1129 1216 D ActivityManagerTiming: OnBootPhase_1000_com.android.server.content.ContentService$Lifecycle took to complete: 0ms
09-24 00:13:00.415 1129 1216 I ActivityManagerTiming: OnBootPhase_1000_com.android.server.DropBoxManagerService
09-24 00:13:00.415 1129 1216 D ActivityManagerTiming: OnBootPhase_1000_com.android.server.DropBoxManagerService took to complete: 0ms
09-24 00:13:00.415 1129 1216 I ActivityManagerTiming: OnBootPhase_1000_com.android.role.RoleService
09-24 00:13:00.415 1129 1216 D ActivityManagerTiming: OnBootPhase_1000_com.android.role.RoleService took to complete: 0ms
09-24 00:13:00.415 1129 1216 I ActivityManagerTiming: OnBootPhase_1000_com.android.server.vibrator.VibratorManagerService$Lifecycle
09-24 00:13:00.416 1129 1216 D ActivityManagerTiming: OnBootPhase_1000_com.android.server.vibrator.VibratorManagerService$Lifecycle took to complete: 0ms
09-24 00:13:00.416 1129 1216 I ActivityManagerTiming: OnBootPhase_1000_com.android.server.alarm.AlarmManagerService
09-24 00:13:00.416 1129 1216 D ActivityManagerTiming: OnBootPhase_1000_com.android.server.alarm.AlarmManagerService took to complete: 0ms
09-24 00:13:00.416 1129 1216 I ActivityManagerTiming: OnBootPhase_1000_com.android.server.devicestate.DeviceStateManagerService
09-24 00:13:00.416 1129 1216 D ActivityManagerTiming: OnBootPhase_1000_com.android.server.devicestate.DeviceStateManagerService took to complete: 0ms
09-24 00:13:00.416 1129 1216 I ActivityManagerTiming: OnBootPhase_1000_com.android.server.camera.CameraServiceProxy
09-24 00:13:00.418 1129 1216 D ActivityManagerTiming: OnBootPhase_1000_com.android.server.camera.CameraServiceProxy took to complete: 1ms
09-24 00:13:00.420 1129 1216 I ActivityManagerTiming: OnBootPhase_1000_com.android.server.BluetoothService
09-24 00:13:00.420 1129 1216 D ActivityManagerTiming: OnBootPhase_1000_com.android.server.BluetoothService took to complete: 0ms
09-24 00:13:00.420 1129 1216 I ActivityManagerTiming: OnBootPhase_1000_com.android.server.connectivity.IpConnectivityMetrics
09-24 00:13:00.420 1129 1216 D ActivityManagerTiming: OnBootPhase_1000_com.android.server.connectivity.IpConnectivityMetrics took to complete: 0ms
09-24 00:13:00.420 1129 1216 I ActivityManagerTiming: OnBootPhase_1000_com.android.server.net.watchlist.NetworkWatchlistService$Lifecycle
09-24 00:13:00.420 1129 1216 D ActivityManagerTiming: OnBootPhase_1000_com.android.server.net.watchlist.NetworkWatchlistService$Lifecycle took to complete: 0ms
09-24 00:13:00.420 1129 1216 I ActivityManagerTiming: OnBootPhase_1000_com.android.server.PinnerService
09-24 00:13:00.421 1129 1216 D ActivityManagerTiming: OnBootPhase_1000_com.android.server.PinnerService took to complete: 0ms
09-24 00:13:00.421 1129 1216 I ActivityManagerTiming: OnBootPhase_1000_com.google.android.startop.iorap.IorapForwardingService
09-24 00:13:00.422 1129 1216 D ActivityManagerTiming: OnBootPhase_1000_com.google.android.startop.iorap.IorapForwardingService took to complete: 1ms
09-24 00:13:00.422 1129 1216 I ActivityManagerTiming: OnBootPhase_1000_com.android.server.ActivityTriggerService
09-24 00:13:00.422 1129 1216 D ActivityManagerTiming: OnBootPhase_1000_com.android.server.ActivityTriggerService took to complete: 0ms
09-24 00:13:00.422 1129 1216 I ActivityManagerTiming: OnBootPhase_1000_com.android.server.integrity.AppIntegrityManagerService
09-24 00:13:00.422 1129 1216 D ActivityManagerTiming: OnBootPhase_1000_com.android.server.integrity.AppIntegrityManagerService took to complete: 0ms
09-24 00:13:00.422 1129 1216 I ActivityManagerTiming: OnBootPhase_1000_com.android.server.inputmethod.InputMethodManagerService$Lifecycle
09-24 00:13:00.422 1129 1216 D ActivityManagerTiming: OnBootPhase_1000_com.android.server.inputmethod.InputMethodManagerService$Lifecycle took to complete: 0ms
09-24 00:13:00.422 1129 1216 I ActivityManagerTiming: OnBootPhase_1000_com.android.server.accessibility.AccessibilityManagerService$Lifecycle
09-24 00:13:00.422 1129 1216 D ActivityManagerTiming: OnBootPhase_1000_com.android.server.accessibility.AccessibilityManagerService$Lifecycle took to complete: 0ms
09-24 00:13:00.422 1129 1216 I ActivityManagerTiming: OnBootPhase_1000_com.android.server.StorageManagerService$Lifecycle
09-24 00:13:00.422 1129 1216 D ActivityManagerTiming: OnBootPhase_1000_com.android.server.StorageManagerService$Lifecycle took to complete: 0ms
09-24 00:13:00.422 1129 1216 I ActivityManagerTiming: OnBootPhase_1000_com.android.server.usage.StorageStatsService$Lifecycle
09-24 00:13:00.422 1129 1216 D ActivityManagerTiming: OnBootPhase_1000_com.android.server.usage.StorageStatsService$Lifecycle took to complete: 0ms
09-24 00:13:00.422 1129 1216 I ActivityManagerTiming: OnBootPhase_1000_com.android.server.UiModeManagerService
09-24 00:13:00.422 1129 1216 D ActivityManagerTiming: OnBootPhase_1000_com.android.server.UiModeManagerService took to complete: 0ms
09-24 00:13:00.422 1129 1216 I ActivityManagerTiming: OnBootPhase_1000_com.android.server.locksettings.LockSettingsService$Lifecycle
09-24 00:13:00.422 1129 1216 D ActivityManagerTiming: OnBootPhase_1000_com.android.server.locksettings.LockSettingsService$Lifecycle took to complete: 0ms
09-24 00:13:00.422 1129 1216 I ActivityManagerTiming: OnBootPhase_1000_com.android.server.PersistentDataBlockService
09-24 00:13:00.422 1129 1216 D ActivityManagerTiming: OnBootPhase_1000_com.android.server.PersistentDataBlockService took to complete: 0ms
09-24 00:13:00.422 1129 1216 I ActivityManagerTiming: OnBootPhase_1000_com.android.server.testharness.TestHarnessModeService
09-24 00:13:00.423 1129 1216 D TestHarnessModeService: Completing Test Harness Mode setup.
09-24 00:13:00.424 1129 1790 D StorageManagerService: Thinking about init, mBootCompleted=true, mDaemonConnected=true
09-24 00:13:00.424 1129 1790 D StorageManagerService: Thinking about reset, mBootCompleted=true, mDaemonConnected=true
09-24 00:13:00.425 1129 1790 I StorageSessionController: Started resetting external storage service...
09-24 00:13:00.425 1129 1790 I StorageSessionController: Finished resetting external storage service
09-24 00:13:00.425 1129 1790 I StorageManagerService: Resetting vold...
09-24 00:13:00.428 1129 1790 I StorageManagerService: Reset vold
09-24 00:13:00.428 560 560 I vold : onUserAdded: 0
09-24 00:13:00.455 1129 1216 D ActivityManagerTiming: OnBootPhase_1000_com.android.server.testharness.TestHarnessModeService took to complete: 33ms
09-24 00:13:00.455 1129 1216 I ActivityManagerTiming: OnBootPhase_1000_com.android.server.oemlock.OemLockService
09-24 00:13:00.456 1129 1216 D ActivityManagerTiming: OnBootPhase_1000_com.android.server.oemlock.OemLockService took to complete: 0ms
09-24 00:13:00.456 1129 1216 I ActivityManagerTiming: OnBootPhase_1000_com.android.server.DeviceIdleController
09-24 00:13:00.456 1129 1216 D ActivityManagerTiming: OnBootPhase_1000_com.android.server.DeviceIdleController took to complete: 0ms
09-24 00:13:00.456 1129 1216 I ActivityManagerTiming: OnBootPhase_1000_com.android.server.devicepolicy.DevicePolicyManagerService$Lifecycle
09-24 00:13:00.456 1129 1216 D ActivityManagerTiming: OnBootPhase_1000_com.android.server.devicepolicy.DevicePolicyManagerService$Lifecycle took to complete: 0ms
09-24 00:13:00.456 1129 1216 I ActivityManagerTiming: OnBootPhase_1000_com.android.server.texttospeech.TextToSpeechManagerService
09-24 00:13:00.456 1129 1216 D ActivityManagerTiming: OnBootPhase_1000_com.android.server.texttospeech.TextToSpeechManagerService took to complete: 0ms
09-24 00:13:00.456 1129 1216 I ActivityManagerTiming: OnBootPhase_1000_com.android.server.speech.SpeechRecognitionManagerService
09-24 00:13:00.456 1129 1216 D ActivityManagerTiming: OnBootPhase_1000_com.android.server.speech.SpeechRecognitionManagerService took to complete: 0ms
09-24 00:13:00.456 1129 1216 I ActivityManagerTiming: OnBootPhase_1000_com.android.server.searchui.SearchUiManagerService
09-24 00:13:00.456 1129 1216 D ActivityManagerTiming: OnBootPhase_1000_com.android.server.searchui.SearchUiManagerService took to complete: 0ms
09-24 00:13:00.456 1129 1216 I ActivityManagerTiming: OnBootPhase_1000_com.android.server.smartspace.SmartspaceManagerService
09-24 00:13:00.456 1129 1216 D ActivityManagerTiming: OnBootPhase_1000_com.android.server.smartspace.SmartspaceManagerService took to complete: 0ms
09-24 00:13:00.456 1129 1216 I ActivityManagerTiming: OnBootPhase_1000_com.android.server.graphics.fonts.FontManagerService$Lifecycle
09-24 00:13:00.456 1129 1216 D ActivityManagerTiming: OnBootPhase_1000_com.android.server.graphics.fonts.FontManagerService$Lifecycle took to complete: 0ms
09-24 00:13:00.456 1129 1216 I ActivityManagerTiming: OnBootPhase_1000_com.android.server.textservices.TextServicesManagerService$Lifecycle
09-24 00:13:00.456 1129 1216 D ActivityManagerTiming: OnBootPhase_1000_com.android.server.textservices.TextServicesManagerService$Lifecycle took to complete: 0ms
09-24 00:13:00.456 1129 1216 I ActivityManagerTiming: OnBootPhase_1000_com.android.server.textclassifier.TextClassificationManagerService$Lifecycle
09-24 00:13:00.457 1129 1216 D ActivityManagerTiming: OnBootPhase_1000_com.android.server.textclassifier.TextClassificationManagerService$Lifecycle took to complete: 0ms
09-24 00:13:00.457 1129 1216 I ActivityManagerTiming: OnBootPhase_1000_com.android.server.NetworkScoreService$Lifecycle
09-24 00:13:00.457 1129 1216 D ActivityManagerTiming: OnBootPhase_1000_com.android.server.NetworkScoreService$Lifecycle took to complete: 0ms
09-24 00:13:00.457 1129 1216 I ActivityManagerTiming: OnBootPhase_1000_com.android.server.wifi.WifiService
09-24 00:13:00.457 1129 1216 D ActivityManagerTiming: OnBootPhase_1000_com.android.server.wifi.WifiService took to complete: 0ms
09-24 00:13:00.457 1129 1216 I ActivityManagerTiming: OnBootPhase_1000_com.android.server.wifi.scanner.WifiScanningService
09-24 00:13:00.457 1129 1216 D ActivityManagerTiming: OnBootPhase_1000_com.android.server.wifi.scanner.WifiScanningService took to complete: 0ms
09-24 00:13:00.457 1129 1216 I ActivityManagerTiming: OnBootPhase_1000_com.android.server.wifi.rtt.RttService
09-24 00:13:00.457 1129 1216 D ActivityManagerTiming: OnBootPhase_1000_com.android.server.wifi.rtt.RttService took to complete: 0ms
09-24 00:13:00.457 1129 1216 I ActivityManagerTiming: OnBootPhase_1000_com.android.server.wifi.aware.WifiAwareService
09-24 00:13:00.464 1129 1216 D ActivityManagerTiming: OnBootPhase_1000_com.android.server.wifi.aware.WifiAwareService took to complete: 6ms
09-24 00:13:00.464 1129 1216 I ActivityManagerTiming: OnBootPhase_1000_com.android.server.wifi.p2p.WifiP2pService
09-24 00:13:00.464 1129 1216 D ActivityManagerTiming: OnBootPhase_1000_com.android.server.wifi.p2p.WifiP2pService took to complete: 0ms
09-24 00:13:00.464 1129 1216 I ActivityManagerTiming: OnBootPhase_1000_com.android.server.ethernet.EthernetService
09-24 00:13:00.464 1129 1216 D ActivityManagerTiming: OnBootPhase_1000_com.android.server.ethernet.EthernetService took to complete: 0ms
09-24 00:13:00.464 1129 1216 I ActivityManagerTiming: OnBootPhase_1000_com.android.server.ConnectivityServiceInitializer
09-24 00:13:00.464 1129 1216 D ActivityManagerTiming: OnBootPhase_1000_com.android.server.ConnectivityServiceInitializer took to complete: 0ms
09-24 00:13:00.464 1129 1216 I ActivityManagerTiming: OnBootPhase_1000_com.android.server.notification.NotificationManagerService
09-24 00:13:00.465 1129 1216 D ActivityManagerTiming: OnBootPhase_1000_com.android.server.notification.NotificationManagerService took to complete: 0ms
09-24 00:13:00.465 1129 1216 I ActivityManagerTiming: OnBootPhase_1000_com.android.server.storage.DeviceStorageMonitorService
09-24 00:13:00.465 1129 1216 D ActivityManagerTiming: OnBootPhase_1000_com.android.server.storage.DeviceStorageMonitorService took to complete: 0ms
09-24 00:13:00.465 1129 1216 I ActivityManagerTiming: OnBootPhase_1000_com.android.server.location.LocationManagerService$Lifecycle
09-24 00:13:00.465 1129 1216 D ActivityManagerTiming: OnBootPhase_1000_com.android.server.location.LocationManagerService$Lifecycle took to complete: 0ms
09-24 00:13:00.465 1129 1216 I ActivityManagerTiming: OnBootPhase_1000_com.android.server.timedetector.TimeDetectorService$Lifecycle
09-24 00:13:00.465 1129 1216 D ActivityManagerTiming: OnBootPhase_1000_com.android.server.timedetector.TimeDetectorService$Lifecycle took to complete: 0ms
09-24 00:13:00.465 1129 1216 I ActivityManagerTiming: OnBootPhase_1000_com.android.server.timezonedetector.TimeZoneDetectorService$Lifecycle
09-24 00:13:00.465 1129 1216 D ActivityManagerTiming: OnBootPhase_1000_com.android.server.timezonedetector.TimeZoneDetectorService$Lifecycle took to complete: 0ms
09-24 00:13:00.465 1129 1216 I ActivityManagerTiming: OnBootPhase_1000_com.android.server.timezonedetector.location.LocationTimeZoneManagerService$Lifecycle
09-24 00:13:00.465 1129 1216 D ActivityManagerTiming: OnBootPhase_1000_com.android.server.timezonedetector.location.LocationTimeZoneManagerService$Lifecycle took to complete: 0ms
09-24 00:13:00.465 1129 1216 I ActivityManagerTiming: OnBootPhase_1000_com.android.server.search.SearchManagerService$Lifecycle
09-24 00:13:00.465 1129 1216 D ActivityManagerTiming: OnBootPhase_1000_com.android.server.search.SearchManagerService$Lifecycle took to complete: 0ms
09-24 00:13:00.465 1129 1216 I ActivityManagerTiming: OnBootPhase_1000_com.android.server.wallpaper.WallpaperManagerService$Lifecycle
09-24 00:13:00.465 1129 1216 D ActivityManagerTiming: OnBootPhase_1000_com.android.server.wallpaper.WallpaperManagerService$Lifecycle took to complete: 0ms
09-24 00:13:00.465 1129 1216 I ActivityManagerTiming: OnBootPhase_1000_com.android.server.audio.AudioService$Lifecycle
09-24 00:13:00.465 1129 1216 D ActivityManagerTiming: OnBootPhase_1000_com.android.server.audio.AudioService$Lifecycle took to complete: 0ms
09-24 00:13:00.465 1129 1216 I ActivityManagerTiming: OnBootPhase_1000_com.android.server.soundtrigger_middleware.SoundTriggerMiddlewareService$Lifecycle
09-24 00:13:00.465 1129 1216 D ActivityManagerTiming: OnBootPhase_1000_com.android.server.soundtrigger_middleware.SoundTriggerMiddlewareService$Lifecycle took to complete: 0ms
09-24 00:13:00.465 1129 1216 I ActivityManagerTiming: OnBootPhase_1000_com.android.server.DockObserver
09-24 00:13:00.466 1129 1216 D ActivityManagerTiming: OnBootPhase_1000_com.android.server.DockObserver took to complete: 0ms
09-24 00:13:00.466 1129 1216 I ActivityManagerTiming: OnBootPhase_1000_com.android.server.midi.MidiService$Lifecycle
09-24 00:13:00.466 1129 1216 D ActivityManagerTiming: OnBootPhase_1000_com.android.server.midi.MidiService$Lifecycle took to complete: 0ms
09-24 00:13:00.466 1129 1216 I ActivityManagerTiming: OnBootPhase_1000_com.android.server.adb.AdbService$Lifecycle
09-24 00:13:00.467 1129 1216 D ActivityManagerTiming: OnBootPhase_1000_com.android.server.adb.AdbService$Lifecycle took to complete: 1ms
09-24 00:13:00.467 1129 1216 I ActivityManagerTiming: OnBootPhase_1000_com.android.server.usb.UsbService$Lifecycle
09-24 00:13:00.467 1129 1216 D ActivityManagerTiming: OnBootPhase_1000_com.android.server.usb.UsbService$Lifecycle took to complete: 0ms
09-24 00:13:00.467 1129 1216 I ActivityManagerTiming: OnBootPhase_1000_com.android.server.twilight.TwilightService
09-24 00:13:00.467 1129 1234 W ActivityManager: Slow operation: 111ms so far, now at startProcess: returned from zygote!
09-24 00:13:00.467 1129 1234 W ActivityManager: Slow operation: 112ms so far, now at startProcess: done updating battery stats
09-24 00:13:00.467 1129 1234 W ActivityManager: Slow operation: 112ms so far, now at startProcess: building log message
09-24 00:13:00.467 1129 1234 I ActivityManager: Start proc 2630:com.android.inputmethod.latin/u0a71 for service {com.android.inputmethod.latin/com.android.inputmethod.latin.LatinIME}
09-24 00:13:00.467 1129 1234 W ActivityManager: Slow operation: 112ms so far, now at startProcess: starting to update pids map
09-24 00:13:00.468 1129 1234 W ActivityManager: Slow operation: 112ms so far, now at startProcess: done updating pids map
09-24 00:13:00.469 1129 1216 D ActivityManagerTiming: OnBootPhase_1000_com.android.server.twilight.TwilightService took to complete: 3ms
09-24 00:13:00.469 1129 1216 I ActivityManagerTiming: OnBootPhase_1000_com.android.server.display.color.ColorDisplayService
09-24 00:13:00.469 1129 1216 D ActivityManagerTiming: OnBootPhase_1000_com.android.server.display.color.ColorDisplayService took to complete: 0ms
09-24 00:13:00.469 1129 1216 I ActivityManagerTiming: OnBootPhase_1000_com.android.server.job.JobSchedulerService
09-24 00:13:00.470 1129 1216 D ActivityManagerTiming: OnBootPhase_1000_com.android.server.job.JobSchedulerService took to complete: 0ms
09-24 00:13:00.470 1129 1216 I ActivityManagerTiming: OnBootPhase_1000_com.android.server.soundtrigger.SoundTriggerService
09-24 00:13:00.470 1129 1216 D SoundTriggerService: onBootPhase: 1000 : false
09-24 00:13:00.470 1129 1216 D ActivityManagerTiming: OnBootPhase_1000_com.android.server.soundtrigger.SoundTriggerService took to complete: 0ms
09-24 00:13:00.470 1129 1216 I ActivityManagerTiming: OnBootPhase_1000_com.android.server.trust.TrustManagerService
09-24 00:13:00.470 1129 1216 D ActivityManagerTiming: OnBootPhase_1000_com.android.server.trust.TrustManagerService took to complete: 0ms
09-24 00:13:00.470 1129 1216 I ActivityManagerTiming: OnBootPhase_1000_com.android.server.backup.BackupManagerService$Lifecycle
09-24 00:13:00.470 1129 1216 D ActivityManagerTiming: OnBootPhase_1000_com.android.server.backup.BackupManagerService$Lifecycle took to complete: 0ms
09-24 00:13:00.470 1129 1216 I ActivityManagerTiming: OnBootPhase_1000_com.android.server.appwidget.AppWidgetService
09-24 00:13:00.470 1129 1216 D ActivityManagerTiming: OnBootPhase_1000_com.android.server.appwidget.AppWidgetService took to complete: 0ms
09-24 00:13:00.470 1129 1216 I ActivityManagerTiming: OnBootPhase_1000_com.android.server.voiceinteraction.VoiceInteractionManagerService
09-24 00:13:00.470 1129 1216 D ActivityManagerTiming: OnBootPhase_1000_com.android.server.voiceinteraction.VoiceInteractionManagerService took to complete: 0ms
09-24 00:13:00.470 1129 1216 I ActivityManagerTiming: OnBootPhase_1000_com.android.server.apphibernation.AppHibernationService
