09-24 00:12:56.602 1129 1129 I SystemServerTiming: OnBootPhase_520_com.android.server.pm.DataLoaderManagerService
09-24 00:12:56.602 1129 1129 D SystemServerTiming: OnBootPhase_520_com.android.server.pm.DataLoaderManagerService took to complete: 0ms
09-24 00:12:56.602 1129 1129 I SystemServerTiming: OnBootPhase_520_com.android.server.power.PowerManagerService
09-24 00:12:56.603 1129 1129 D SystemServerTiming: OnBootPhase_520_com.android.server.power.PowerManagerService took to complete: 0ms
09-24 00:12:56.603 1129 1129 I SystemServerTiming: OnBootPhase_520_com.android.server.power.ThermalManagerService
09-24 00:12:56.603 1129 1129 D SystemServerTiming: OnBootPhase_520_com.android.server.power.ThermalManagerService took to complete: 0ms
09-24 00:12:56.603 1129 1129 I SystemServerTiming: OnBootPhase_520_com.android.server.power.hint.HintManagerService
09-24 00:12:56.603 1129 1129 D SystemServerTiming: OnBootPhase_520_com.android.server.power.hint.HintManagerService took to complete: 0ms
09-24 00:12:56.603 1129 1129 I SystemServerTiming: OnBootPhase_520_com.android.server.recoverysystem.RecoverySystemService$Lifecycle
09-24 00:12:56.603 1129 1129 D SystemServerTiming: OnBootPhase_520_com.android.server.recoverysystem.RecoverySystemService$Lifecycle took to complete: 0ms
09-24 00:12:56.603 1129 1129 I SystemServerTiming: OnBootPhase_520_com.android.server.lights.LightsService
09-24 00:12:56.603 1129 1129 D SystemServerTiming: OnBootPhase_520_com.android.server.lights.LightsService took to complete: 0ms
09-24 00:12:56.603 1129 1129 I SystemServerTiming: OnBootPhase_520_com.android.server.display.DisplayManagerService
09-24 00:12:56.603 1129 1129 D SystemServerTiming: OnBootPhase_520_com.android.server.display.DisplayManagerService took to complete: 0ms
09-24 00:12:56.603 1129 1129 I SystemServerTiming: OnBootPhase_520_com.android.server.pm.verify.domain.DomainVerificationService
09-24 00:12:56.603 1129 1129 D SystemServerTiming: OnBootPhase_520_com.android.server.pm.verify.domain.DomainVerificationService took to complete: 0ms
09-24 00:12:56.603 1129 1129 I SystemServerTiming: OnBootPhase_520_com.android.server.pm.PackageInstallerService$Lifecycle
09-24 00:12:56.603 1129 1129 D SystemServerTiming: OnBootPhase_520_com.android.server.pm.PackageInstallerService$Lifecycle took to complete: 0ms
09-24 00:12:56.603 1129 1129 I SystemServerTiming: OnBootPhase_520_com.android.server.pm.UserManagerService$LifeCycle
09-24 00:12:56.603 1129 1129 D SystemServerTiming: OnBootPhase_520_com.android.server.pm.UserManagerService$LifeCycle took to complete: 0ms
09-24 00:12:56.603 1129 1129 I SystemServerTiming: OnBootPhase_520_com.android.server.om.OverlayManagerService
09-24 00:12:56.603 1129 1129 D SystemServerTiming: OnBootPhase_520_com.android.server.om.OverlayManagerService took to complete: 0ms
09-24 00:12:56.603 1129 1129 I SystemServerTiming: OnBootPhase_520_com.android.server.SensorPrivacyService
09-24 00:12:56.604 1129 1129 D SystemServerTiming: OnBootPhase_520_com.android.server.SensorPrivacyService took to complete: 0ms
09-24 00:12:56.604 1129 1129 I SystemServerTiming: OnBootPhase_520_com.android.server.sensors.SensorService
09-24 00:12:56.604 1129 1129 D SystemServerTiming: OnBootPhase_520_com.android.server.sensors.SensorService took to complete: 0ms
09-24 00:12:56.604 1129 1129 I SystemServerTiming: OnBootPhase_520_com.android.server.SystemConfigService
09-24 00:12:56.604 1129 1129 D SystemServerTiming: OnBootPhase_520_com.android.server.SystemConfigService took to complete: 0ms
09-24 00:12:56.604 1129 1129 I SystemServerTiming: OnBootPhase_520_com.android.server.BatteryService
09-24 00:12:56.604 1129 1129 D SystemServerTiming: OnBootPhase_520_com.android.server.BatteryService took to complete: 0ms
09-24 00:12:56.604 1129 1129 I SystemServerTiming: OnBootPhase_520_com.android.server.usage.UsageStatsService
09-24 00:12:56.604 1129 1129 D SystemServerTiming: OnBootPhase_520_com.android.server.usage.UsageStatsService took to complete: 0ms
09-24 00:12:56.604 1129 1129 I SystemServerTiming: OnBootPhase_520_com.android.server.webkit.WebViewUpdateService
09-24 00:12:56.604 1129 1129 D SystemServerTiming: OnBootPhase_520_com.android.server.webkit.WebViewUpdateService took to complete: 0ms
09-24 00:12:56.604 1129 1129 I SystemServerTiming: OnBootPhase_520_com.android.server.CachedDeviceStateService
09-24 00:12:56.604 1129 1129 D SystemServerTiming: OnBootPhase_520_com.android.server.CachedDeviceStateService took to complete: 0ms
09-24 00:12:56.604 1129 1129 I SystemServerTiming: OnBootPhase_520_com.android.server.BinderCallsStatsService$LifeCycle
09-24 00:12:56.604 1129 1129 D SystemServerTiming: OnBootPhase_520_com.android.server.BinderCallsStatsService$LifeCycle took to complete: 0ms
09-24 00:12:56.604 1129 1129 I SystemServerTiming: OnBootPhase_520_com.android.server.LooperStatsService$Lifecycle
09-24 00:12:56.604 1129 1129 D SystemServerTiming: OnBootPhase_520_com.android.server.LooperStatsService$Lifecycle took to complete: 0ms
09-24 00:12:56.604 1129 1129 I SystemServerTiming: OnBootPhase_520_com.android.server.rollback.RollbackManagerService
09-24 00:12:56.604 1129 1129 D SystemServerTiming: OnBootPhase_520_com.android.server.rollback.RollbackManagerService took to complete: 0ms
09-24 00:12:56.605 1129 1129 I SystemServerTiming: OnBootPhase_520_com.android.server.os.NativeTombstoneManagerService
09-24 00:12:56.605 1129 1129 D SystemServerTiming: OnBootPhase_520_com.android.server.os.NativeTombstoneManagerService took to complete: 0ms
09-24 00:12:56.605 1129 1129 I SystemServerTiming: OnBootPhase_520_com.android.server.os.BugreportManagerService
09-24 00:12:56.605 1129 1129 D SystemServerTiming: OnBootPhase_520_com.android.server.os.BugreportManagerService took to complete: 0ms
09-24 00:12:56.605 1129 1129 I SystemServerTiming: OnBootPhase_520_com.android.server.gpu.GpuService
09-24 00:12:56.605 1129 1129 D SystemServerTiming: OnBootPhase_520_com.android.server.gpu.GpuService took to complete: 0ms
09-24 00:12:56.605 1129 1129 I SystemServerTiming: OnBootPhase_520_com.android.server.security.KeyChainSystemService
09-24 00:12:56.605 1129 1129 D SystemServerTiming: OnBootPhase_520_com.android.server.security.KeyChainSystemService took to complete: 0ms
09-24 00:12:56.605 1129 1129 I SystemServerTiming: OnBootPhase_520_com.android.server.telecom.TelecomLoaderService
09-24 00:12:56.605 1129 1129 D SystemServerTiming: OnBootPhase_520_com.android.server.telecom.TelecomLoaderService took to complete: 0ms
09-24 00:12:56.605 1129 1129 I SystemServerTiming: OnBootPhase_520_com.android.server.accounts.AccountManagerService$Lifecycle
09-24 00:12:56.605 1129 1129 D SystemServerTiming: OnBootPhase_520_com.android.server.accounts.AccountManagerService$Lifecycle took to complete: 0ms
09-24 00:12:56.605 1129 1129 I SystemServerTiming: OnBootPhase_520_com.android.server.content.ContentService$Lifecycle
09-24 00:12:56.605 1129 1129 D SystemServerTiming: OnBootPhase_520_com.android.server.content.ContentService$Lifecycle took to complete: 0ms
09-24 00:12:56.605 1129 1129 I SystemServerTiming: OnBootPhase_520_com.android.server.DropBoxManagerService
09-24 00:12:56.605 1129 1129 D SystemServerTiming: OnBootPhase_520_com.android.server.DropBoxManagerService took to complete: 0ms
09-24 00:12:56.605 1129 1129 I SystemServerTiming: OnBootPhase_520_com.android.role.RoleService
09-24 00:12:56.605 1129 1129 D SystemServerTiming: OnBootPhase_520_com.android.role.RoleService took to complete: 0ms
09-24 00:12:56.605 1129 1129 I SystemServerTiming: OnBootPhase_520_com.android.server.vibrator.VibratorManagerService$Lifecycle
09-24 00:12:56.605 1129 1129 D SystemServerTiming: OnBootPhase_520_com.android.server.vibrator.VibratorManagerService$Lifecycle took to complete: 0ms
09-24 00:12:56.605 1129 1129 I SystemServerTiming: OnBootPhase_520_com.android.server.alarm.AlarmManagerService
09-24 00:12:56.606 1129 1129 D SystemServerTiming: OnBootPhase_520_com.android.server.alarm.AlarmManagerService took to complete: 0ms
09-24 00:12:56.606 1129 1129 I SystemServerTiming: OnBootPhase_520_com.android.server.devicestate.DeviceStateManagerService
09-24 00:12:56.606 1129 1129 D SystemServerTiming: OnBootPhase_520_com.android.server.devicestate.DeviceStateManagerService took to complete: 0ms
09-24 00:12:56.606 1129 1129 I SystemServerTiming: OnBootPhase_520_com.android.server.camera.CameraServiceProxy
09-24 00:12:56.606 1129 1129 D SystemServerTiming: OnBootPhase_520_com.android.server.camera.CameraServiceProxy took to complete: 0ms
09-24 00:12:56.606 1129 1129 I SystemServerTiming: OnBootPhase_520_com.android.server.BluetoothService
09-24 00:12:56.606 1129 1129 D SystemServerTiming: OnBootPhase_520_com.android.server.BluetoothService took to complete: 0ms
09-24 00:12:56.606 1129 1129 I SystemServerTiming: OnBootPhase_520_com.android.server.connectivity.IpConnectivityMetrics
09-24 00:12:56.606 1129 1129 D SystemServerTiming: OnBootPhase_520_com.android.server.connectivity.IpConnectivityMetrics took to complete: 0ms
09-24 00:12:56.606 1129 1129 I SystemServerTiming: OnBootPhase_520_com.android.server.net.watchlist.NetworkWatchlistService$Lifecycle
09-24 00:12:56.606 1129 1129 D SystemServerTiming: OnBootPhase_520_com.android.server.net.watchlist.NetworkWatchlistService$Lifecycle took to complete: 0ms
09-24 00:12:56.606 1129 1129 I SystemServerTiming: OnBootPhase_520_com.android.server.PinnerService
09-24 00:12:56.606 1129 1129 D SystemServerTiming: OnBootPhase_520_com.android.server.PinnerService took to complete: 0ms
09-24 00:12:56.606 1129 1129 I SystemServerTiming: OnBootPhase_520_com.google.android.startop.iorap.IorapForwardingService
09-24 00:12:56.606 1129 1129 D SystemServerTiming: OnBootPhase_520_com.google.android.startop.iorap.IorapForwardingService took to complete: 0ms
09-24 00:12:56.606 1129 1129 I SystemServerTiming: OnBootPhase_520_com.android.server.ActivityTriggerService
09-24 00:12:56.606 1129 1129 D SystemServerTiming: OnBootPhase_520_com.android.server.ActivityTriggerService took to complete: 0ms
09-24 00:12:56.606 1129 1129 I SystemServerTiming: OnBootPhase_520_com.android.server.integrity.AppIntegrityManagerService
09-24 00:12:56.606 1129 1129 D SystemServerTiming: OnBootPhase_520_com.android.server.integrity.AppIntegrityManagerService took to complete: 0ms
09-24 00:12:56.606 1129 1129 I SystemServerTiming: OnBootPhase_520_com.android.server.inputmethod.InputMethodManagerService$Lifecycle
09-24 00:12:56.606 1129 1129 D SystemServerTiming: OnBootPhase_520_com.android.server.inputmethod.InputMethodManagerService$Lifecycle took to complete: 0ms
09-24 00:12:56.606 1129 1129 I SystemServerTiming: OnBootPhase_520_com.android.server.accessibility.AccessibilityManagerService$Lifecycle
09-24 00:12:56.606 1129 1129 D SystemServerTiming: OnBootPhase_520_com.android.server.accessibility.AccessibilityManagerService$Lifecycle took to complete: 0ms
09-24 00:12:56.607 1129 1129 I SystemServerTiming: OnBootPhase_520_com.android.server.StorageManagerService$Lifecycle
09-24 00:12:56.607 1129 1129 D SystemServerTiming: OnBootPhase_520_com.android.server.StorageManagerService$Lifecycle took to complete: 0ms
09-24 00:12:56.607 1129 1129 I SystemServerTiming: OnBootPhase_520_com.android.server.usage.StorageStatsService$Lifecycle
09-24 00:12:56.607 1129 1129 D SystemServerTiming: OnBootPhase_520_com.android.server.usage.StorageStatsService$Lifecycle took to complete: 0ms
09-24 00:12:56.607 1129 1129 I SystemServerTiming: OnBootPhase_520_com.android.server.UiModeManagerService
09-24 00:12:56.607 1129 1129 D SystemServerTiming: OnBootPhase_520_com.android.server.UiModeManagerService took to complete: 0ms
09-24 00:12:56.607 1129 1129 I SystemServerTiming: OnBootPhase_520_com.android.server.locksettings.LockSettingsService$Lifecycle
09-24 00:12:56.607 1129 1129 D SystemServerTiming: OnBootPhase_520_com.android.server.locksettings.LockSettingsService$Lifecycle took to complete: 0ms
09-24 00:12:56.607 1129 1129 I SystemServerTiming: OnBootPhase_520_com.android.server.PersistentDataBlockService
09-24 00:12:56.607 1129 1129 D SystemServerTiming: OnBootPhase_520_com.android.server.PersistentDataBlockService took to complete: 0ms
09-24 00:12:56.607 1129 1129 I SystemServerTiming: OnBootPhase_520_com.android.server.testharness.TestHarnessModeService
01-01 08:00:56.796 0 0 D cnss : Setting MHI state: POWER_OFF(4)
09-24 00:12:56.612 1129 1129 D SystemServerTiming: OnBootPhase_520_com.android.server.testharness.TestHarnessModeService took to complete: 0ms
09-24 00:12:56.612 1129 1129 I SystemServerTiming: OnBootPhase_520_com.android.server.oemlock.OemLockService
09-24 00:12:56.612 1129 1129 D SystemServerTiming: OnBootPhase_520_com.android.server.oemlock.OemLockService took to complete: 0ms
09-24 00:12:56.612 1129 1129 I SystemServerTiming: OnBootPhase_520_com.android.server.DeviceIdleController
09-24 00:12:56.612 1129 1129 D SystemServerTiming: OnBootPhase_520_com.android.server.DeviceIdleController took to complete: 0ms
09-24 00:12:56.612 1129 1129 I SystemServerTiming: OnBootPhase_520_com.android.server.devicepolicy.DevicePolicyManagerService$Lifecycle
09-24 00:12:56.612 1129 1129 D SystemServerTiming: OnBootPhase_520_com.android.server.devicepolicy.DevicePolicyManagerService$Lifecycle took to complete: 0ms
09-24 00:12:56.612 1129 1129 I SystemServerTiming: OnBootPhase_520_com.android.server.texttospeech.TextToSpeechManagerService
09-24 00:12:56.612 1129 1129 D SystemServerTiming: OnBootPhase_520_com.android.server.texttospeech.TextToSpeechManagerService took to complete: 0ms
09-24 00:12:56.613 1129 1129 I SystemServerTiming: OnBootPhase_520_com.android.server.speech.SpeechRecognitionManagerService
09-24 00:12:56.613 1129 1129 D SystemServerTiming: OnBootPhase_520_com.android.server.speech.SpeechRecognitionManagerService took to complete: 0ms
09-24 00:12:56.613 1129 1129 I SystemServerTiming: OnBootPhase_520_com.android.server.searchui.SearchUiManagerService
09-24 00:12:56.613 1129 1129 D SystemServerTiming: OnBootPhase_520_com.android.server.searchui.SearchUiManagerService took to complete: 0ms
09-24 00:12:56.613 1129 1129 I SystemServerTiming: OnBootPhase_520_com.android.server.smartspace.SmartspaceManagerService
09-24 00:12:56.613 1129 1129 D SystemServerTiming: OnBootPhase_520_com.android.server.smartspace.SmartspaceManagerService took to complete: 0ms
09-24 00:12:56.613 1129 1129 I SystemServerTiming: OnBootPhase_520_com.android.server.graphics.fonts.FontManagerService$Lifecycle
09-24 00:12:56.613 1129 1129 D SystemServerTiming: OnBootPhase_520_com.android.server.graphics.fonts.FontManagerService$Lifecycle took to complete: 0ms
09-24 00:12:56.613 1129 1129 I SystemServerTiming: OnBootPhase_520_com.android.server.textservices.TextServicesManagerService$Lifecycle
09-24 00:12:56.613 1129 1129 D SystemServerTiming: OnBootPhase_520_com.android.server.textservices.TextServicesManagerService$Lifecycle took to complete: 0ms
09-24 00:12:56.613 1129 1129 I SystemServerTiming: OnBootPhase_520_com.android.server.textclassifier.TextClassificationManagerService$Lifecycle
09-24 00:12:56.614 1129 1129 D SystemServerTiming: OnBootPhase_520_com.android.server.textclassifier.TextClassificationManagerService$Lifecycle took to complete: 0ms
09-24 00:12:56.614 1129 1129 I SystemServerTiming: OnBootPhase_520_com.android.server.NetworkScoreService$Lifecycle
09-24 00:12:56.614 1129 1129 D SystemServerTiming: OnBootPhase_520_com.android.server.NetworkScoreService$Lifecycle took to complete: 0ms
09-24 00:12:56.614 1129 1129 I SystemServerTiming: OnBootPhase_520_com.android.server.wifi.WifiService
09-24 00:12:56.614 1129 1129 D SystemServerTiming: OnBootPhase_520_com.android.server.wifi.WifiService took to complete: 0ms
09-24 00:12:56.614 1129 1129 I SystemServerTiming: OnBootPhase_520_com.android.server.wifi.scanner.WifiScanningService
09-24 00:12:56.614 1129 1129 D SystemServerTiming: OnBootPhase_520_com.android.server.wifi.scanner.WifiScanningService took to complete: 0ms
09-24 00:12:56.614 1129 1129 I SystemServerTiming: OnBootPhase_520_com.android.server.wifi.rtt.RttService
09-24 00:12:56.615 1129 1129 D SystemServerTiming: OnBootPhase_520_com.android.server.wifi.rtt.RttService took to complete: 1ms
09-24 00:12:56.615 1129 1129 I SystemServerTiming: OnBootPhase_520_com.android.server.wifi.aware.WifiAwareService
09-24 00:12:56.615 1129 1129 D SystemServerTiming: OnBootPhase_520_com.android.server.wifi.aware.WifiAwareService took to complete: 0ms
09-24 00:12:56.615 1129 1129 I SystemServerTiming: OnBootPhase_520_com.android.server.wifi.p2p.WifiP2pService
09-24 00:12:56.616 1129 1129 D SystemServerTiming: OnBootPhase_520_com.android.server.wifi.p2p.WifiP2pService took to complete: 0ms
09-24 00:12:56.616 1129 1129 I SystemServerTiming: OnBootPhase_520_com.android.server.ethernet.EthernetService
09-24 00:12:56.616 1129 1129 D SystemServerTiming: OnBootPhase_520_com.android.server.ethernet.EthernetService took to complete: 0ms
09-24 00:12:56.616 1129 1129 I SystemServerTiming: OnBootPhase_520_com.android.server.ConnectivityServiceInitializer
09-24 00:12:56.616 1129 1129 D SystemServerTiming: OnBootPhase_520_com.android.server.ConnectivityServiceInitializer took to complete: 0ms
09-24 00:12:56.616 1129 1129 I SystemServerTiming: OnBootPhase_520_com.android.server.notification.NotificationManagerService
09-24 00:12:56.616 1129 1129 D SystemServerTiming: OnBootPhase_520_com.android.server.notification.NotificationManagerService took to complete: 0ms
09-24 00:12:56.616 1129 1129 I SystemServerTiming: OnBootPhase_520_com.android.server.storage.DeviceStorageMonitorService
09-24 00:12:56.616 1129 1129 D SystemServerTiming: OnBootPhase_520_com.android.server.storage.DeviceStorageMonitorService took to complete: 0ms
09-24 00:12:56.616 1129 1129 I SystemServerTiming: OnBootPhase_520_com.android.server.location.LocationManagerService$Lifecycle
09-24 00:12:56.617 1129 1129 D SystemServerTiming: OnBootPhase_520_com.android.server.location.LocationManagerService$Lifecycle took to complete: 0ms
09-24 00:12:56.617 1129 1129 I SystemServerTiming: OnBootPhase_520_com.android.server.timedetector.TimeDetectorService$Lifecycle
09-24 00:12:56.617 1129 1129 D SystemServerTiming: OnBootPhase_520_com.android.server.timedetector.TimeDetectorService$Lifecycle took to complete: 0ms
09-24 00:12:56.617 1129 1129 I SystemServerTiming: OnBootPhase_520_com.android.server.timezonedetector.TimeZoneDetectorService$Lifecycle
09-24 00:12:56.617 1129 1129 D SystemServerTiming: OnBootPhase_520_com.android.server.timezonedetector.TimeZoneDetectorService$Lifecycle took to complete: 0ms
09-24 00:12:56.617 1129 1129 I SystemServerTiming: OnBootPhase_520_com.android.server.timezonedetector.location.LocationTimeZoneManagerService$Lifecycle
09-24 00:12:56.617 1129 1129 D SystemServerTiming: OnBootPhase_520_com.android.server.timezonedetector.location.LocationTimeZoneManagerService$Lifecycle took to complete: 0ms
09-24 00:12:56.617 1129 1129 I SystemServerTiming: OnBootPhase_520_com.android.server.search.SearchManagerService$Lifecycle
09-24 00:12:56.617 1129 1129 D SystemServerTiming: OnBootPhase_520_com.android.server.search.SearchManagerService$Lifecycle took to complete: 0ms
09-24 00:12:56.618 1129 1129 I SystemServerTiming: OnBootPhase_520_com.android.server.wallpaper.WallpaperManagerService$Lifecycle
09-24 00:12:56.618 1129 1129 D SystemServerTiming: OnBootPhase_520_com.android.server.wallpaper.WallpaperManagerService$Lifecycle took to complete: 0ms
09-24 00:12:56.619 1129 1129 I SystemServerTiming: OnBootPhase_520_com.android.server.audio.AudioService$Lifecycle
09-24 00:12:56.619 1129 1129 D SystemServerTiming: OnBootPhase_520_com.android.server.audio.AudioService$Lifecycle took to complete: 0ms
09-24 00:12:56.619 1129 1129 I SystemServerTiming: OnBootPhase_520_com.android.server.soundtrigger_middleware.SoundTriggerMiddlewareService$Lifecycle
09-24 00:12:56.619 1129 1129 D SystemServerTiming: OnBootPhase_520_com.android.server.soundtrigger_middleware.SoundTriggerMiddlewareService$Lifecycle took to complete: 0ms
09-24 00:12:56.619 1129 1129 I SystemServerTiming: OnBootPhase_520_com.android.server.DockObserver
09-24 00:12:56.619 1129 1129 D SystemServerTiming: OnBootPhase_520_com.android.server.DockObserver took to complete: 0ms
09-24 00:12:56.619 1129 1129 I SystemServerTiming: OnBootPhase_520_com.android.server.midi.MidiService$Lifecycle
09-24 00:12:56.619 1129 1129 D SystemServerTiming: OnBootPhase_520_com.android.server.midi.MidiService$Lifecycle took to complete: 0ms
09-24 00:12:56.619 1129 1129 I SystemServerTiming: OnBootPhase_520_com.android.server.adb.AdbService$Lifecycle
09-24 00:12:56.619 1129 1129 D SystemServerTiming: OnBootPhase_520_com.android.server.adb.AdbService$Lifecycle took to complete: 0ms
09-24 00:12:56.619 1129 1129 I SystemServerTiming: OnBootPhase_520_com.android.server.usb.UsbService$Lifecycle
09-24 00:12:56.620 1129 1129 D SystemServerTiming: OnBootPhase_520_com.android.server.usb.UsbService$Lifecycle took to complete: 0ms
09-24 00:12:56.620 1129 1129 I SystemServerTiming: OnBootPhase_520_com.android.server.twilight.TwilightService
09-24 00:12:56.620 1129 1129 D SystemServerTiming: OnBootPhase_520_com.android.server.twilight.TwilightService took to complete: 0ms
09-24 00:12:56.620 1129 1129 I SystemServerTiming: OnBootPhase_520_com.android.server.display.color.ColorDisplayService
09-24 00:12:56.620 1129 1129 D SystemServerTiming: OnBootPhase_520_com.android.server.display.color.ColorDisplayService took to complete: 0ms
09-24 00:12:56.620 1129 1129 I SystemServerTiming: OnBootPhase_520_com.android.server.job.JobSchedulerService
09-24 00:12:56.620 1129 1129 D SystemServerTiming: OnBootPhase_520_com.android.server.job.JobSchedulerService took to complete: 0ms
09-24 00:12:56.620 1129 1129 I SystemServerTiming: OnBootPhase_520_com.android.server.soundtrigger.SoundTriggerService
09-24 00:12:56.620 1129 1129 D SoundTriggerService: onBootPhase: 520 : false
09-24 00:12:56.620 1129 1129 D SystemServerTiming: OnBootPhase_520_com.android.server.soundtrigger.SoundTriggerService took to complete: 0ms
09-24 00:12:56.620 1129 1129 I SystemServerTiming: OnBootPhase_520_com.android.server.trust.TrustManagerService
09-24 00:12:56.620 1129 1129 D SystemServerTiming: OnBootPhase_520_com.android.server.trust.TrustManagerService took to complete: 0ms
09-24 00:12:56.620 1129 1129 I SystemServerTiming: OnBootPhase_520_com.android.server.backup.BackupManagerService$Lifecycle
09-24 00:12:56.620 1129 1129 D SystemServerTiming: OnBootPhase_520_com.android.server.backup.BackupManagerService$Lifecycle took to complete: 0ms
09-24 00:12:56.621 1129 1129 I SystemServerTiming: OnBootPhase_520_com.android.server.appwidget.AppWidgetService
09-24 00:12:56.621 1269 1269 I iorapd : iorapd (the prefetchening) readied up
09-24 00:12:56.621 1129 1129 D SystemServerTiming: OnBootPhase_520_com.android.server.appwidget.AppWidgetService took to complete: 0ms
09-24 00:12:56.621 1129 1129 I SystemServerTiming: OnBootPhase_520_com.android.server.voiceinteraction.VoiceInteractionManagerService
09-24 00:12:56.621 1129 1129 D SystemServerTiming: OnBootPhase_520_com.android.server.voiceinteraction.VoiceInteractionManagerService took to complete: 0ms
09-24 00:12:56.621 1129 1129 I SystemServerTiming: OnBootPhase_520_com.android.server.apphibernation.AppHibernationService
09-24 00:12:56.621 1129 1129 D SystemServerTiming: OnBootPhase_520_com.android.server.apphibernation.AppHibernationService took to complete: 0ms
09-24 00:12:56.621 1129 1129 I SystemServerTiming: OnBootPhase_520_com.android.server.GestureLauncherService
09-24 00:12:56.621 1129 1129 D SystemServerTiming: OnBootPhase_520_com.android.server.GestureLauncherService took to complete: 0ms
09-24 00:12:56.621 1129 1129 I SystemServerTiming: OnBootPhase_520_com.android.server.SensorNotificationService
09-24 00:12:56.621 1129 1129 D SystemServerTiming: OnBootPhase_520_com.android.server.SensorNotificationService took to complete: 0ms
09-24 00:12:56.621 1129 1129 I SystemServerTiming: OnBootPhase_520_com.android.server.emergency.EmergencyAffordanceService
09-24 00:12:56.621 1129 1129 D SystemServerTiming: OnBootPhase_520_com.android.server.emergency.EmergencyAffordanceService took to complete: 0ms
09-24 00:12:56.621 1129 1129 I SystemServerTiming: OnBootPhase_520_com.android.server.blob.BlobStoreManagerService
09-24 00:12:56.622 1129 1129 D SystemServerTiming: OnBootPhase_520_com.android.server.blob.BlobStoreManagerService took to complete: 0ms
09-24 00:12:56.622 1129 1129 I SystemServerTiming: OnBootPhase_520_com.android.server.dreams.DreamManagerService
09-24 00:12:56.622 1129 1129 D SystemServerTiming: OnBootPhase_520_com.android.server.dreams.DreamManagerService took to complete: 0ms
09-24 00:12:56.622 1129 1129 I SystemServerTiming: OnBootPhase_520_com.android.server.companion.CompanionDeviceManagerService
09-24 00:12:56.622 1129 1129 D SystemServerTiming: OnBootPhase_520_com.android.server.companion.CompanionDeviceManagerService took to complete: 0ms
09-24 00:12:56.622 1129 1129 I SystemServerTiming: OnBootPhase_520_com.android.server.restrictions.RestrictionsManagerService
09-24 00:12:56.622 1129 1129 D SystemServerTiming: OnBootPhase_520_com.android.server.restrictions.RestrictionsManagerService took to complete: 0ms
09-24 00:12:56.622 1129 1129 I SystemServerTiming: OnBootPhase_520_com.android.server.media.MediaSessionService
09-24 00:12:56.622 1129 1129 D SystemServerTiming: OnBootPhase_520_com.android.server.media.MediaSessionService took to complete: 0ms
09-24 00:12:56.622 1129 1129 I SystemServerTiming: OnBootPhase_520_com.android.server.media.MediaResourceMonitorService
09-24 00:12:56.622 1129 1129 D SystemServerTiming: OnBootPhase_520_com.android.server.media.MediaResourceMonitorService took to complete: 0ms
09-24 00:12:56.622 1129 1129 I SystemServerTiming: OnBootPhase_520_com.android.server.biometrics.sensors.fingerprint.FingerprintService
09-24 00:12:56.622 1129 1129 D SystemServerTiming: OnBootPhase_520_com.android.server.biometrics.sensors.fingerprint.FingerprintService took to complete: 0ms
09-24 00:12:56.622 1129 1129 I SystemServerTiming: OnBootPhase_520_com.android.server.biometrics.BiometricService
09-24 00:12:56.622 1129 1129 D SystemServerTiming: OnBootPhase_520_com.android.server.biometrics.BiometricService took to complete: 0ms
09-24 00:12:56.623 1129 1129 I SystemServerTiming: OnBootPhase_520_com.android.server.biometrics.AuthService
09-24 00:12:56.623 1129 1129 D SystemServerTiming: OnBootPhase_520_com.android.server.biometrics.AuthService took to complete: 0ms
09-24 00:12:56.623 1129 1129 I SystemServerTiming: OnBootPhase_520_com.android.server.pm.ShortcutService$Lifecycle
09-24 00:12:56.623 1129 1129 D SystemServerTiming: OnBootPhase_520_com.android.server.pm.ShortcutService$Lifecycle took to complete: 0ms
09-24 00:12:56.623 1129 1129 I SystemServerTiming: OnBootPhase_520_com.android.server.pm.LauncherAppsService
09-24 00:12:56.623 1129 1129 D SystemServerTiming: OnBootPhase_520_com.android.server.pm.LauncherAppsService took to complete: 0ms
09-24 00:12:56.623 1129 1129 I SystemServerTiming: OnBootPhase_520_com.android.server.pm.CrossProfileAppsService
09-24 00:12:56.623 1129 1129 D SystemServerTiming: OnBootPhase_520_com.android.server.pm.CrossProfileAppsService took to complete: 0ms
09-24 00:12:56.623 1129 1129 I SystemServerTiming: OnBootPhase_520_com.android.server.people.PeopleService
09-24 00:12:56.623 1129 1129 D SystemServerTiming: OnBootPhase_520_com.android.server.people.PeopleService took to complete: 0ms
09-24 00:12:56.623 1129 1129 I SystemServerTiming: OnBootPhase_520_com.android.server.media.metrics.MediaMetricsManagerService
09-24 00:12:56.623 1129 1129 D SystemServerTiming: OnBootPhase_520_com.android.server.media.metrics.MediaMetricsManagerService took to complete: 0ms
09-24 00:12:56.624 1129 1129 I SystemServerTiming: OnBootPhase_520_com.android.server.media.projection.MediaProjectionManagerService
09-24 00:12:56.624 1129 1129 D SystemServerTiming: OnBootPhase_520_com.android.server.media.projection.MediaProjectionManagerService took to complete: 0ms
09-24 00:12:56.624 1129 1129 I SystemServerTiming: OnBootPhase_520_com.android.server.slice.SliceManagerService$Lifecycle
09-24 00:12:56.624 1129 1129 D SystemServerTiming: OnBootPhase_520_com.android.server.slice.SliceManagerService$Lifecycle took to complete: 0ms
09-24 00:12:56.624 1129 1129 I SystemServerTiming: OnBootPhase_520_com.android.server.stats.StatsCompanion$Lifecycle
09-24 00:12:56.624 1129 1129 D SystemServerTiming: OnBootPhase_520_com.android.server.stats.StatsCompanion$Lifecycle took to complete: 0ms
09-24 00:12:56.624 1129 1129 I SystemServerTiming: OnBootPhase_520_com.android.server.scheduling.RebootReadinessManagerService$Lifecycle
09-24 00:12:56.624 1129 1129 D SystemServerTiming: OnBootPhase_520_com.android.server.scheduling.RebootReadinessManagerService$Lifecycle took to complete: 0ms
09-24 00:12:56.624 1129 1129 I SystemServerTiming: OnBootPhase_520_com.android.server.stats.pull.StatsPullAtomService
09-24 00:12:56.624 1129 1129 D SystemServerTiming: OnBootPhase_520_com.android.server.stats.pull.StatsPullAtomService took to complete: 0ms
09-24 00:12:56.624 1129 1129 I SystemServerTiming: OnBootPhase_520_com.android.server.incident.IncidentCompanionService
09-24 00:12:56.624 1129 1129 D SystemServerTiming: OnBootPhase_520_com.android.server.incident.IncidentCompanionService took to complete: 0ms
09-24 00:12:56.624 1129 1129 I SystemServerTiming: OnBootPhase_520_com.android.server.MmsServiceBroker
09-24 00:12:56.625 1129 1129 D SystemServerTiming: OnBootPhase_520_com.android.server.MmsServiceBroker took to complete: 0ms
09-24 00:12:56.625 1129 1129 I SystemServerTiming: OnBootPhase_520_com.android.server.autofill.AutofillManagerService
09-24 00:12:56.625 1129 1129 D SystemServerTiming: OnBootPhase_520_com.android.server.autofill.AutofillManagerService took to complete: 0ms
09-24 00:12:56.625 1129 1129 I SystemServerTiming: OnBootPhase_520_com.android.server.clipboard.ClipboardService
09-24 00:12:56.625 1129 1129 D SystemServerTiming: OnBootPhase_520_com.android.server.clipboard.ClipboardService took to complete: 0ms
09-24 00:12:56.625 1129 1129 I SystemServerTiming: OnBootPhase_520_com.android.server.appbinding.AppBindingService$Lifecycle
09-24 00:12:56.625 1129 1129 D SystemServerTiming: OnBootPhase_520_com.android.server.appbinding.AppBindingService$Lifecycle took to complete: 0ms
09-24 00:12:56.625 1129 1129 I SystemServerTiming: OnBootPhase_520_com.android.server.tracing.TracingServiceProxy
09-24 00:12:56.625 1129 1129 D SystemServerTiming: OnBootPhase_520_com.android.server.tracing.TracingServiceProxy took to complete: 0ms
09-24 00:12:56.625 1129 1129 I SystemServerTiming: OnBootPhase_520_com.android.server.policy.PermissionPolicyService
09-24 00:12:56.625 1129 1129 D SystemServerTiming: OnBootPhase_520_com.android.server.policy.PermissionPolicyService took to complete: 0ms
09-24 00:12:56.625 1129 1129 I SystemServerTiming: OnBootPhase_520_com.android.server.pm.StagingManager$Lifecycle
09-24 00:12:56.625 1129 1129 D SystemServerTiming: OnBootPhase_520_com.android.server.pm.StagingManager$Lifecycle took to complete: 0ms
09-24 00:12:56.625 1129 1129 I SystemServerTiming: OnBootPhase_520_com.android.server.app.GameManagerService$Lifecycle
09-24 00:12:56.626 1129 1129 D SystemServerTiming: OnBootPhase_520_com.android.server.app.GameManagerService$Lifecycle took to complete: 0ms
09-24 00:12:56.626 1129 1129 D SystemServerTiming: OnBootPhase_520 took to complete: 24ms
09-24 00:12:56.626 1129 1129 D SystemServerTiming: StartBootPhaseDeviceSpecificServicesReady took to complete: 24ms
09-24 00:12:56.626 1129 1129 I SystemServerTiming: AppSearchManagerService
01-01 08:00:56.844 0 0 D cnss : Suspending PCI link
01-01 08:00:56.844 0 0 I msm_pcie_disable: PCIe: Assert the reset of endpoint of RC0.
01-01 08:00:56.845 0 0 D cnss : Setting MHI state: DEINIT(1)
01-01 08:00:56.845 0 0 D cnss : De-assert WLAN_EN GPIO successfully
01-01 08:00:56.845 0 0 D cnss : Regulator vdd-wlan-rfa2 is being disabled
01-01 08:00:56.845 0 0 D cnss : Regulator vdd-wlan-rfa1 is being disabled
01-01 08:00:56.845 0 0 D cnss : Regulator vdd-wlan-dig is being disabled
01-01 08:00:56.845 0 0 D cnss : Regulator vdd-wlan-aon is being disabled
01-01 08:00:56.845 0 0 D cnss : Regulator wlan-ant-switch is being disabled
01-01 08:00:56.845 0 0 D cnss : Regulator vdd-wlan-io is being disabled
09-24 00:12:56.662 1129 1129 I SystemServiceManager: Starting com.android.server.appsearch.AppSearchManagerService
09-24 00:12:56.664 1129 1129 D SystemServerTiming: AppSearchManagerService took to complete: 38ms
09-24 00:12:56.664 1129 1129 I SystemServerTiming: StartMediaCommunicationService
09-24 00:12:56.664 1129 1129 I SystemServiceManager: Starting com.android.server.media.MediaCommunicationService
09-24 00:12:56.665 1129 1129 D SystemServerTiming: StartMediaCommunicationService took to complete: 2ms
09-24 00:12:56.665 1129 1129 I SystemServerTiming: PhaseActivityManagerReady
09-24 00:12:56.665 1129 1129 I SystemServerTiming: controllersReady
09-24 00:12:56.670 1129 1746 I SystemServerTimingAsync: InitThreadPoolExec:Update app-ops uidState in case package com.android.providers.media.module changed
09-24 00:12:56.670 1129 1746 D SystemServerInitThreadPool: Started executing Update app-ops uidState in case package com.android.providers.media.module changed
09-24 00:12:56.670 1129 1771 I SystemServerTimingAsync: InitThreadPoolExec:Update app-ops uidState in case package com.qualcomm.qtil.aptxui changed
09-24 00:12:56.670 1129 1771 D SystemServerInitThreadPool: Started executing Update app-ops uidState in case package com.qualcomm.qtil.aptxui changed
09-24 00:12:56.670 1129 1791 I SystemServerTimingAsync: InitThreadPoolExec:Update app-ops uidState in case package com.android.systemui changed
09-24 00:12:56.670 1129 1791 D SystemServerInitThreadPool: Started executing Update app-ops uidState in case package com.android.systemui changed
09-24 00:12:56.671 1129 1689 I SystemServerTimingAsync: InitThreadPoolExec:Update app-ops uidState in case package com.android.launcher3 changed
09-24 00:12:56.671 1129 1795 I SystemServerTimingAsync: InitThreadPoolExec:Update app-ops uidState in case package com.qualcomm.location changed
09-24 00:12:56.671 1129 1745 I SystemServerTimingAsync: InitThreadPoolExec:Update app-ops uidState in case package com.qti.ltebc changed
09-24 00:12:56.671 1129 1745 D SystemServerInitThreadPool: Started executing Update app-ops uidState in case package com.qti.ltebc changed
09-24 00:12:56.671 1129 1795 D SystemServerInitThreadPool: Started executing Update app-ops uidState in case package com.qualcomm.location changed
09-24 00:12:56.671 1129 1222 I SystemServerTimingAsync: InitThreadPoolExec:Update app-ops uidState in case package com.android.deskclock changed
09-24 00:12:56.671 1129 1222 D SystemServerInitThreadPool: Started executing Update app-ops uidState in case package com.android.deskclock changed
09-24 00:12:56.671 1129 1746 D SystemServerInitThreadPool: Finished executing Update app-ops uidState in case package com.android.providers.media.module changed
09-24 00:12:56.671 1129 1722 I SystemServerTimingAsync: InitThreadPoolExec:Update app-ops uidState in case package com.android.providers.calendar changed
09-24 00:12:56.671 1129 1791 D SystemServerInitThreadPool: Finished executing Update app-ops uidState in case package com.android.systemui changed
09-24 00:12:56.671 1129 1222 D SystemServerInitThreadPool: Finished executing Update app-ops uidState in case package com.android.deskclock changed
09-24 00:12:56.671 1129 1795 D SystemServerInitThreadPool: Finished executing Update app-ops uidState in case package com.qualcomm.location changed
09-24 00:12:56.671 1129 1791 D SystemServerTimingAsync: InitThreadPoolExec:Update app-ops uidState in case package com.android.systemui changed took to complete: 1ms
09-24 00:12:56.671 1129 1746 D SystemServerTimingAsync: InitThreadPoolExec:Update app-ops uidState in case package com.android.providers.media.module changed took to complete: 1ms
09-24 00:12:56.672 1129 1722 D SystemServerInitThreadPool: Started executing Update app-ops uidState in case package com.android.providers.calendar changed
09-24 00:12:56.672 1129 1771 D SystemServerInitThreadPool: Finished executing Update app-ops uidState in case package com.qualcomm.qtil.aptxui changed
09-24 00:12:56.672 1129 1771 D SystemServerTimingAsync: InitThreadPoolExec:Update app-ops uidState in case package com.qualcomm.qtil.aptxui changed took to complete: 2ms
09-24 00:12:56.672 1129 1722 D SystemServerInitThreadPool: Finished executing Update app-ops uidState in case package com.android.providers.calendar changed
09-24 00:12:56.672 1129 1722 D SystemServerTimingAsync: InitThreadPoolExec:Update app-ops uidState in case package com.android.providers.calendar changed took to complete: 0ms
09-24 00:12:56.672 1129 1722 I SystemServerTimingAsync: InitThreadPoolExec:Update app-ops uidState in case package com.android.providers.contacts changed
09-24 00:12:56.672 1129 1722 D SystemServerInitThreadPool: Started executing Update app-ops uidState in case package com.android.providers.contacts changed
09-24 00:12:56.672 1129 1722 D SystemServerInitThreadPool: Finished executing Update app-ops uidState in case package com.android.providers.contacts changed
09-24 00:12:56.672 1129 1722 D SystemServerTimingAsync: InitThreadPoolExec:Update app-ops uidState in case package com.android.providers.contacts changed took to complete: 1ms
09-24 00:12:56.672 1129 1722 I SystemServerTimingAsync: InitThreadPoolExec:Update app-ops uidState in case package com.android.bluetooth changed
09-24 00:12:56.672 1129 1722 D SystemServerInitThreadPool: Started executing Update app-ops uidState in case package com.android.bluetooth changed
09-24 00:12:56.672 1129 1722 D SystemServerInitThreadPool: Finished executing Update app-ops uidState in case package com.android.bluetooth changed
09-24 00:12:56.672 1129 1722 D SystemServerTimingAsync: InitThreadPoolExec:Update app-ops uidState in case package com.android.bluetooth changed took to complete: 0ms
09-24 00:12:56.673 1129 1722 I SystemServerTimingAsync: InitThreadPoolExec:Update app-ops uidState in case package android changed
09-24 00:12:56.673 1129 1722 D SystemServerInitThreadPool: Started executing Update app-ops uidState in case package android changed
09-24 00:12:56.673 1129 1722 D SystemServerInitThreadPool: Finished executing Update app-ops uidState in case package android changed
09-24 00:12:56.673 1129 1722 D SystemServerTimingAsync: InitThreadPoolExec:Update app-ops uidState in case package android changed took to complete: 0ms
09-24 00:12:56.673 1129 1722 I SystemServerTimingAsync: InitThreadPoolExec:Update app-ops uidState in case package com.android.server.telecom changed
09-24 00:12:56.673 1129 1722 D SystemServerInitThreadPool: Started executing Update app-ops uidState in case package com.android.server.telecom changed
09-24 00:12:56.673 1129 1722 D SystemServerInitThreadPool: Finished executing Update app-ops uidState in case package com.android.server.telecom changed
09-24 00:12:56.673 1129 1722 D SystemServerTimingAsync: InitThreadPoolExec:Update app-ops uidState in case package com.android.server.telecom changed took to complete: 0ms
09-24 00:12:56.673 1129 1722 I SystemServerTimingAsync: InitThreadPoolExec:Update app-ops uidState in case package com.android.settings changed
09-24 00:12:56.673 1129 1722 D SystemServerInitThreadPool: Started executing Update app-ops uidState in case package com.android.settings changed
09-24 00:12:56.673 1129 1722 D SystemServerInitThreadPool: Finished executing Update app-ops uidState in case package com.android.settings changed
09-24 00:12:56.673 1129 1722 D SystemServerTimingAsync: InitThreadPoolExec:Update app-ops uidState in case package com.android.settings changed took to complete: 0ms
09-24 00:12:56.673 1129 1222 D SystemServerTimingAsync: InitThreadPoolExec:Update app-ops uidState in case package com.android.deskclock changed took to complete: 1ms
09-24 00:12:56.673 1129 1795 D SystemServerTimingAsync: InitThreadPoolExec:Update app-ops uidState in case package com.qualcomm.location changed took to complete: 1ms
09-24 00:12:56.674 1129 1791 I SystemServerTimingAsync: InitThreadPoolExec:Update app-ops uidState in case package com.sohu.inputmethod.sogou.car changed
09-24 00:12:56.674 1129 1746 I SystemServerTimingAsync: InitThreadPoolExec:Update app-ops uidState in case package com.android.providers.downloads changed
09-24 00:12:56.674 1129 1129 D SystemServerTiming: controllersReady took to complete: 9ms
09-24 00:12:56.674 1129 1745 D SystemServerInitThreadPool: Finished executing Update app-ops uidState in case package com.qti.ltebc changed
09-24 00:12:56.674 1129 1745 D SystemServerTimingAsync: InitThreadPoolExec:Update app-ops uidState in case package com.qti.ltebc changed took to complete: 4ms
09-24 00:12:56.674 1129 1771 I SystemServerTimingAsync: InitThreadPoolExec:Update app-ops uidState in case package com.android.providers.userdictionary changed
09-24 00:12:56.675 1129 1771 D SystemServerInitThreadPool: Started executing Update app-ops uidState in case package com.android.providers.userdictionary changed
09-24 00:12:56.675 1129 1771 D SystemServerInitThreadPool: Finished executing Update app-ops uidState in case package com.android.providers.userdictionary changed
09-24 00:12:56.675 1129 1771 D SystemServerTimingAsync: InitThreadPoolExec:Update app-ops uidState in case package com.android.providers.userdictionary changed took to complete: 0ms
09-24 00:12:56.675 1129 1746 D SystemServerInitThreadPool: Started executing Update app-ops uidState in case package com.android.providers.downloads changed
09-24 00:12:56.675 1129 1746 D SystemServerInitThreadPool: Finished executing Update app-ops uidState in case package com.android.providers.downloads changed
09-24 00:12:56.675 1129 1746 D SystemServerTimingAsync: InitThreadPoolExec:Update app-ops uidState in case package com.android.providers.downloads changed took to complete: 0ms
09-24 00:12:56.678 1129 1689 D SystemServerInitThreadPool: Started executing Update app-ops uidState in case package com.android.launcher3 changed
09-24 00:12:56.678 1129 1791 D SystemServerInitThreadPool: Started executing Update app-ops uidState in case package com.sohu.inputmethod.sogou.car changed
09-24 00:12:56.678 1129 1689 D SystemServerInitThreadPool: Finished executing Update app-ops uidState in case package com.android.launcher3 changed
09-24 00:12:56.678 1129 1689 D SystemServerTimingAsync: InitThreadPoolExec:Update app-ops uidState in case package com.android.launcher3 changed took to complete: 8ms
09-24 00:12:56.678 1129 1791 D SystemServerInitThreadPool: Finished executing Update app-ops uidState in case package com.sohu.inputmethod.sogou.car changed
09-24 00:12:56.678 1129 1791 D SystemServerTimingAsync: InitThreadPoolExec:Update app-ops uidState in case package com.sohu.inputmethod.sogou.car changed took to complete: 5ms
09-24 00:12:56.679 1129 1129 I SystemServerTiming: killProcesses
09-24 00:12:56.679 1129 1129 D SystemServerTiming: killProcesses took to complete: 0ms
09-24 00:12:56.679 1129 1129 I ActivityManager: System now ready
09-24 00:12:56.679 1129 1129 I SystemServerTiming: updateTopComponentForFactoryTest
09-24 00:12:56.679 1129 1129 D SystemServerTiming: updateTopComponentForFactoryTest took to complete: 0ms
09-24 00:12:56.679 1129 1129 I SystemServerTiming: registerActivityLaunchObserver
09-24 00:12:56.680 1129 1129 D SystemServerTiming: registerActivityLaunchObserver took to complete: 0ms
09-24 00:12:56.680 1129 1129 I SystemServerTiming: watchDeviceProvisioning
09-24 00:12:56.690 1129 1129 D SystemServerTiming: watchDeviceProvisioning took to complete: 10ms
09-24 00:12:56.690 1129 1129 I SystemServerTiming: retrieveSettings
09-24 00:12:56.692 1129 1129 I ActivityTaskManager: Config changes=10000000 {1.0 ?mcc?mnc [zh_CN] ldltr sw680dp w1586dp h608dp 240dpi lrg long land finger -keyb/v/h -nav/h winConfig={ mBounds=Rect(0, 0 - 2380, 1020) mAppBounds=Rect(0, 0 - 2380, 948) mMaxBounds=Rect(0, 0 - 2380, 1020) mWindowingMode=fullscreen mDisplayWindowingMode=fullscreen mActivityType=undefined mAlwaysOnTop=undefined mRotation=ROTATION_0} s.8 fontWeightAdjustment=0}
09-24 00:12:56.693 1129 1129 I WindowManager: Override config changes=10000000 {1.0 ?mcc?mnc [zh_CN] ldltr sw680dp w1586dp h608dp 240dpi lrg long land finger -keyb/v/h -nav/h winConfig={ mBounds=Rect(0, 0 - 2380, 1020) mAppBounds=Rect(0, 0 - 2380, 948) mMaxBounds=Rect(0, 0 - 2380, 1020) mWindowingMode=fullscreen mDisplayWindowingMode=fullscreen mActivityType=undefined mAlwaysOnTop=undefined mRotation=ROTATION_0} s.8 fontWeightAdjustment=0} for displayId=0
09-24 00:12:56.694 1129 1129 D SystemServerTiming: retrieveSettings took to complete: 5ms
09-24 00:12:56.694 1129 1129 I SystemServerTiming: Ugm.onSystemReady
09-24 00:12:56.695 1129 1129 D SystemServerTiming: Ugm.onSystemReady took to complete: 0ms
09-24 00:12:56.695 1129 1129 I SystemServerTiming: updateForceBackgroundCheck
09-24 00:12:56.695 1129 1129 D SystemServerTiming: updateForceBackgroundCheck took to complete: 0ms
09-24 00:12:56.695 1129 1129 I SystemServer: Making services ready
09-24 00:12:56.695 1129 1129 I SystemServerTiming: StartActivityManagerReadyPhase
09-24 00:12:56.695 1129 1129 I SystemServiceManager: Starting phase 550
09-24 00:12:56.695 1129 1129 I SystemServerTiming: OnBootPhase_550
09-24 00:12:56.695 1129 1129 I SystemServerTiming: OnBootPhase_550_com.android.server.security.FileIntegrityService
09-24 00:12:56.695 1129 1129 D SystemServerTiming: OnBootPhase_550_com.android.server.security.FileIntegrityService took to complete: 0ms
09-24 00:12:56.695 1129 1129 I SystemServerTiming: OnBootPhase_550_com.android.server.pm.Installer
09-24 00:12:56.695 1129 1129 D SystemServerTiming: OnBootPhase_550_com.android.server.pm.Installer took to complete: 0ms
09-24 00:12:56.695 1129 1129 I SystemServerTiming: OnBootPhase_550_com.android.server.os.DeviceIdentifiersPolicyService
09-24 00:12:56.695 1129 1129 D SystemServerTiming: OnBootPhase_550_com.android.server.os.DeviceIdentifiersPolicyService took to complete: 0ms
09-24 00:12:56.696 1129 1129 I SystemServerTiming: OnBootPhase_550_com.android.server.uri.UriGrantsManagerService$Lifecycle
09-24 00:12:56.696 1129 1129 D SystemServerTiming: OnBootPhase_550_com.android.server.uri.UriGrantsManagerService$Lifecycle took to complete: 0ms
09-24 00:12:56.696 1129 1129 I SystemServerTiming: OnBootPhase_550_com.android.server.powerstats.PowerStatsService
09-24 00:12:56.696 1129 1129 D SystemServerTiming: OnBootPhase_550_com.android.server.powerstats.PowerStatsService took to complete: 0ms
09-24 00:12:56.696 1129 1129 I SystemServerTiming: OnBootPhase_550_com.android.server.wm.ActivityTaskManagerService$Lifecycle
09-24 00:12:56.696 1129 1129 D SystemServerTiming: OnBootPhase_550_com.android.server.wm.ActivityTaskManagerService$Lifecycle took to complete: 0ms
09-24 00:12:56.696 1129 1129 I SystemServerTiming: OnBootPhase_550_com.android.server.am.ActivityManagerService$Lifecycle
09-24 00:12:56.696 1129 1129 D SystemServerTiming: OnBootPhase_550_com.android.server.am.ActivityManagerService$Lifecycle took to complete: 0ms
09-24 00:12:56.696 1129 1129 I SystemServerTiming: OnBootPhase_550_com.android.server.pm.DataLoaderManagerService
09-24 00:12:56.696 1129 1129 D SystemServerTiming: OnBootPhase_550_com.android.server.pm.DataLoaderManagerService took to complete: 0ms
09-24 00:12:56.696 1129 1129 I SystemServerTiming: OnBootPhase_550_com.android.server.power.PowerManagerService
09-24 00:12:56.696 1129 1129 D SystemServerTiming: OnBootPhase_550_com.android.server.power.PowerManagerService took to complete: 0ms
09-24 00:12:56.696 1129 1129 I SystemServerTiming: OnBootPhase_550_com.android.server.power.ThermalManagerService
09-24 00:12:56.698 1129 1129 I ThermalHalWrapper: Thermal HAL 2.0 service connected.
09-24 00:12:56.699 1129 1129 E ThermalHalWrapper: Couldn't get temperatures because of HAL error: ThermalHAL not initialized properly.
09-24 00:12:56.699 1129 1129 W ThermalManagerService: Thermal HAL reported invalid data, abort connection
09-24 00:12:56.700 1129 1129 E ThermalHalWrapper: Couldn't get temperature thresholds because of HAL error: ThermalHAL not initialized properly.
09-24 00:12:56.700 1129 1129 D SystemServerTiming: OnBootPhase_550_com.android.server.power.ThermalManagerService took to complete: 3ms
09-24 00:12:56.700 1129 1129 I SystemServerTiming: OnBootPhase_550_com.android.server.power.hint.HintManagerService
09-24 00:12:56.700 1129 1129 D SystemServerTiming: OnBootPhase_550_com.android.server.power.hint.HintManagerService took to complete: 0ms
09-24 00:12:56.700 1129 1129 I SystemServerTiming: OnBootPhase_550_com.android.server.recoverysystem.RecoverySystemService$Lifecycle
09-24 00:12:56.700 1129 1129 D SystemServerTiming: OnBootPhase_550_com.android.server.recoverysystem.RecoverySystemService$Lifecycle took to complete: 0ms
09-24 00:12:56.700 1129 1129 I SystemServerTiming: OnBootPhase_550_com.android.server.lights.LightsService
09-24 00:12:56.700 1129 1129 D SystemServerTiming: OnBootPhase_550_com.android.server.lights.LightsService took to complete: 0ms
09-24 00:12:56.700 1129 1129 I SystemServerTiming: OnBootPhase_550_com.android.server.display.DisplayManagerService
09-24 00:12:56.700 1129 1129 D SystemServerTiming: OnBootPhase_550_com.android.server.display.DisplayManagerService took to complete: 0ms
09-24 00:12:56.700 1129 1129 I SystemServerTiming: OnBootPhase_550_com.android.server.pm.verify.domain.DomainVerificationService
09-24 00:12:56.700 1129 1129 D SystemServerTiming: OnBootPhase_550_com.android.server.pm.verify.domain.DomainVerificationService took to complete: 0ms
