09-24 00:16:22.156 1402 3877 D LOWI-9.0.0.87.a: [LOWI-Scan] BSS 3c:51:0e:47:7c:20 FREQ: 2412, cFreq1[40:80:160] = [0:0:0] cFreq2 = 0 Country Code = CN
09-24 00:16:22.156 1402 3877 D LOWI-9.0.0.87.a: [LOWI-Scan] BSS 3c:51:0e:47:7c:20 (wlan0) ASSO: NO AddInfo: 0x0, TSF 0, 00:04:12.861, RSSI: -132, CPL: 127, AGE: 1628, SSID HiPhi-PDI, TSFDelta: 0xa7bc6036, TXRate: 0
09-24 00:16:22.156 1129 2029 D WifiNl80211Manager: Scan result ready event
09-24 00:16:22.156 1129 2029 D WifiNative: Scan result ready event
09-24 00:16:22.156 1402 3877 D LOWI-9.0.0.87.a: [LOWI-Scan]
09-24 00:16:22.157 1402 3877 D LOWI-9.0.0.87.a: [LOWI-Scan] print_bss_handler: Report Probe TSF 252861892 as it greater than Beacon TSF 252818665
09-24 00:16:22.157 1402 3877 D LOWI-9.0.0.87.a: [LOWI-Scan] decode_rsn_wpa_ie: LOWI_ENCRYPTION_TYPE_WPA_PSK
09-24 00:16:22.157 1402 3877 D LOWI-9.0.0.87.a: [LOWI-Scan] is_qcom_ie, bss_age: 0
09-24 00:16:22.157 1402 3877 D LOWI-9.0.0.87.a: [LOWI-Scan] BSS b8:11:4b:7f:ed:00 LOWI_PHY_MODE_11NG_HT20(5), Beacon Interval: 100, LOWI_ENCRYPTION_TYPE_WPA_PSK 11mcRanging: No, ANQP: No, LCI: No, Civic: No, capability(0x1111): ESS Privacy SpectrumMgmt
09-24 00:16:22.157 1402 3877 D LOWI-9.0.0.87.a: [LOWI-Scan] BSS b8:11:4b:7f:ed:00 FREQ: 2412, cFreq1[40:80:160] = [0:0:0] cFreq2 = 0 Country Code = CN
09-24 00:16:22.157 1402 3877 D LOWI-9.0.0.87.a: [LOWI-Scan] BSS b8:11:4b:7f:ed:00 (wlan0) ASSO: NO AddInfo: 0x0, TSF 0, 00:04:12.861, RSSI: -136, CPL: 127, AGE: 1628, SSID HiPhi-OTA, TSFDelta: 0xda316223, TXRate: 0
09-24 00:16:22.157 515 515 I hwservicemanager: getTransport: Cannot find entry android.hardware.light@2.0::ILight/default in either framework or device VINTF manifest.
09-24 00:16:22.157 1402 3877 D LOWI-9.0.0.87.a: [LOWI-Scan]
09-24 00:16:22.157 1402 3877 D LOWI-9.0.0.87.a: [LOWI-Scan] print_bss_handler: Report Probe TSF 252849941 as it greater than Beacon TSF 232791405
09-24 00:16:22.157 1402 3877 D LOWI-9.0.0.87.a: [LOWI-Scan] decode_rsn_wpa_ie: LOWI_ENCRYPTION_TYPE_WPA_PSK
09-24 00:16:22.157 1402 3877 D LOWI-9.0.0.87.a: [LOWI-Scan] is_qcom_ie, bss_age: 0
09-24 00:16:22.157 1402 3877 D LOWI-9.0.0.87.a: [LOWI-Scan] BSS b8:11:4b:7f:e8:20 LOWI_PHY_MODE_11NG_HT20(5), Beacon Interval: 100, LOWI_ENCRYPTION_TYPE_WPA_PSK 11mcRanging: No, ANQP: No, LCI: No, Civic: No, capability(0x1111): ESS Privacy SpectrumMgmt
09-24 00:16:22.158 1402 3877 D LOWI-9.0.0.87.a: [LOWI-Scan] BSS b8:11:4b:7f:e8:20 FREQ: 2412, cFreq1[40:80:160] = [0:0:0] cFreq2 = 0 Country Code = CN
09-24 00:16:22.158 1402 3877 D LOWI-9.0.0.87.a: [LOWI-Scan] BSS b8:11:4b:7f:e8:20 (wlan0) ASSO: NO AddInfo: 0x0, TSF 0, 00:04:12.849, RSSI: -150, CPL: 127, AGE: 1640, SSID HiPhi-OTA, TSFDelta: 0xa90e167d, TXRate: 0
09-24 00:16:22.158 1402 3877 D LOWI-9.0.0.87.a: [LOWI-Scan]
09-24 00:16:22.158 1402 3877 D LOWI-9.0.0.87.a: [LOWI-Scan] print_bss_handler: Report Probe TSF 253105415 as it greater than Beacon TSF 97701579
09-24 00:16:22.158 1402 3877 D LOWI-9.0.0.87.a: [LOWI-Scan] decode_rsn_wpa_ie: LOWI_ENCRYPTION_TYPE_WPA_PSK
09-24 00:16:22.158 1402 3877 D LOWI-9.0.0.87.a: [LOWI-Scan] is_qcom_ie, bss_age: 0
09-24 00:16:22.158 1402 3877 D LOWI-9.0.0.87.a: [LOWI-Scan] BSS 3c:51:0e:2e:ae:8f LOWI_PHY_MODE_11AC_VHT40(9), Beacon Interval: 100, LOWI_ENCRYPTION_TYPE_WPA_PSK 11mcRanging: No, ANQP: No, LCI: No, Civic: No, capability(0x1111): ESS Privacy SpectrumMgmt
09-24 00:16:22.158 1402 3877 D LOWI-9.0.0.87.a: [LOWI-Scan] BSS 3c:51:0e:2e:ae:8f FREQ: 5220, cFreq1[40:80:160] = [5230:0:0] cFreq2 = 0 Country Code = CN
09-24 00:16:22.158 1402 3877 D LOWI-9.0.0.87.a: [LOWI-Scan] BSS 3c:51:0e:2e:ae:8f (wlan0) ASSO: NO AddInfo: 0x0, TSF 0, 00:04:13.105, RSSI: -164, CPL: 127, AGE: 1384, SSID HiPhi-PDI, TSFDelta: 0xafb4484a, TXRate: 0
09-24 00:16:22.159 1402 3877 D LOWI-9.0.0.87.a: [LOWI-Scan]
09-24 00:16:22.159 1402 3877 D LOWI-9.0.0.87.a: [LOWI-Scan] print_bss_handler: Report beacon TSF 252846922 as it greater than probe TSF 232802313
09-24 00:16:22.159 1402 3877 D LOWI-9.0.0.87.a: [LOWI-Scan] decode_rsn_wpa_ie: LOWI_ENCRYPTION_TYPE_WPA_PSK
09-24 00:16:22.159 1402 3877 D LOWI-9.0.0.87.a: [LOWI-Scan] is_qcom_ie, bss_age: 0
09-24 00:16:22.159 1402 3877 D LOWI-9.0.0.87.a: [LOWI-Scan] BSS e8:db:84:1c:8d:b5 LOWI_PHY_MODE_11NG_HT40(7), Beacon Interval: 100, LOWI_ENCRYPTION_TYPE_WPA_PSK 11mcRanging: No, ANQP: No, LCI: No, Civic: No, capability(0x0431): ESS Privacy ShortPreamble ShortSlotTime
09-24 00:16:22.159 1402 3877 D LOWI-9.0.0.87.a: [LOWI-Scan] BSS e8:db:84:1c:8d:b5 FREQ: 2412, cFreq1[40:80:160] = [2422:0:0] cFreq2 = 0 Country Code = CN
09-24 00:16:22.159 1402 3877 D LOWI-9.0.0.87.a: [LOWI-Scan] BSS e8:db:84:1c:8d:b5 (wlan0) ASSO: NO AddInfo: 0x1, TSF 0, 00:04:12.846, RSSI: -146, CPL: 127, AGE: 1644, SSID 93B6C609, TSFDelta: 0x7810b1da, TXRate: 0
09-24 00:16:22.159 1402 3877 D LOWI-9.0.0.87.a: [LOWI-Scan]
09-24 00:16:22.159 1402 3877 D LOWI-9.0.0.87.a: [LOWI-Scan] print_bss_handler: Report Probe TSF 252846328 as it greater than Beacon TSF 242838220
09-24 00:16:22.160 1402 3877 D LOWI-9.0.0.87.a: [LOWI-Scan] decode_rsn_wpa_ie: LOWI_ENCRYPTION_TYPE_WPA_EAP
09-24 00:16:22.160 1402 3877 D LOWI-9.0.0.87.a: [LOWI-Scan] is_qcom_ie, bss_age: 0
09-24 00:16:22.160 1402 3877 D LOWI-9.0.0.87.a: [LOWI-Scan] BSS 68:9e:0b:ef:b5:80 LOWI_PHY_MODE_11NG_HT20(5), Beacon Interval: 100, LOWI_ENCRYPTION_TYPE_WPA_EAP 11mcRanging: No, ANQP: No, LCI: No, Civic: No, capability(0x1111): ESS Privacy SpectrumMgmt
09-24 00:16:22.160 1402 3877 D LOWI-9.0.0.87.a: [LOWI-Scan] BSS 68:9e:0b:ef:b5:80 FREQ: 2412, cFreq1[40:80:160] = [0:0:0] cFreq2 = 0 Country Code = CN
09-24 00:16:22.160 1402 3877 D LOWI-9.0.0.87.a: [LOWI-Scan] BSS 68:9e:0b:ef:b5:80 (wlan0) ASSO: NO AddInfo: 0x0, TSF 0, 00:04:12.846, RSSI: -146, CPL: 127, AGE: 1644, SSID HH, TSFDelta: 0xa565f30c, TXRate: 0
09-24 00:16:22.160 6661 6661 E light : light_open lights keyboard failed: -22
01-01 08:04:22.353 0 0 I [schedu][0x12c0a2e70][00:16:22.161626] wlan: [3749:I:OSIF] vdev 0, scan id 40986 type COMPLETED(1) reason COMPLETED(1) scan found 34 bss
09-24 00:16:22.160 6661 6661 E light : Light passthrough failed to load legacy HAL.
09-24 00:16:22.160 1402 3877 D LOWI-9.0.0.87.a: [LOWI-Scan] -- associated
09-24 00:16:22.160 1402 3877 D LOWI-9.0.0.87.a: [LOWI-Scan]
09-24 00:16:22.160 6661 6661 E light : light_open lights buttons failed: -22
09-24 00:16:22.160 6661 6661 E light : Light passthrough failed to load legacy HAL.
09-24 00:16:22.162 6661 6661 E light : light_open lights bluetooth failed: -22
09-24 00:16:22.162 6661 6661 E light : Light passthrough failed to load legacy HAL.
09-24 00:16:22.163 6661 6661 E light : light_open lights wifi failed: -22
09-24 00:16:22.163 6661 6661 E light : Light passthrough failed to load legacy HAL.
09-24 00:16:22.168 1402 3877 D LOWI-9.0.0.87.a: [LOWI-Scan] print_bss_handler: Report beacon TSF 254377018 as it greater than probe TSF 253295166
09-24 00:16:22.168 1402 3877 D LOWI-9.0.0.87.a: [LOWI-Scan] decode_rsn_wpa_ie: LOWI_ENCRYPTION_TYPE_WPA_PSK
09-24 00:16:22.169 1402 3877 D LOWI-9.0.0.87.a: [LOWI-Scan] is_qcom_ie, bss_age: 0
09-24 00:16:22.169 1402 3877 D LOWI-9.0.0.87.a: [LOWI-Scan] BSS 4a:33:e3:d5:c7:14 LOWI_PHY_MODE_11AC_VHT80(10), Beacon Interval: 100, LOWI_ENCRYPTION_TYPE_WPA_PSK 11mcRanging: No, ANQP: No, LCI: No, Civic: No, capability(0x1111): ESS Privacy SpectrumMgmt
09-24 00:16:22.169 1402 3877 D LOWI-9.0.0.87.a: [LOWI-Scan] BSS 4a:33:e3:d5:c7:14 FREQ: 5745, cFreq1[40:80:160] = [5755:5775:0] cFreq2 = 0 Country Code = CN
09-24 00:16:22.169 1402 3877 D LOWI-9.0.0.87.a: [LOWI-Scan] BSS 4a:33:e3:d5:c7:14 (wlan0) ASSO: YES AddInfo: 0x1, TSF 0, 00:04:14.377, RSSI: -86, CPL: 127, AGE: 0, SSID _______________ iPhone, TSFDelta: 0xaa22497d, TXRate: 0
09-24 00:16:22.169 1402 3877 D LOWI-9.0.0.87.a: [LOWI-Scan]
09-24 00:16:22.169 1402 3877 D LOWI-9.0.0.87.a: [LOWI-Scan] print_bss_handler: Report beacon TSF 253424387 as it greater than probe TSF 253414076
09-24 00:16:22.169 1402 3877 D LOWI-9.0.0.87.a: [LOWI-Scan] decode_rsn_wpa_ie: LOWI_ENCRYPTION_TYPE_WPA_PSK
09-24 00:16:22.169 1402 3877 D LOWI-9.0.0.87.a: [LOWI-Scan] is_qcom_ie, bss_age: 0
09-24 00:16:22.169 1402 3877 D LOWI-9.0.0.87.a: [LOWI-Scan] BSS b8:11:4b:7f:e8:2f LOWI_PHY_MODE_11AC_VHT40(9), Beacon Interval: 100, LOWI_ENCRYPTION_TYPE_WPA_PSK 11mcRanging: No, ANQP: No, LCI: No, Civic: No, capability(0x1111): ESS Privacy SpectrumMgmt
09-24 00:16:22.169 1402 3877 D LOWI-9.0.0.87.a: [LOWI-Scan] BSS b8:11:4b:7f:e8:2f FREQ: 5765, cFreq1[40:80:160] = [5755:0:0] cFreq2 = 0 Country Code = CN
09-24 00:16:22.170 1402 3877 D LOWI-9.0.0.87.a: [LOWI-Scan] BSS b8:11:4b:7f:e8:2f (wlan0) ASSO: NO AddInfo: 0x1, TSF 0, 00:04:13.424, RSSI: -160, CPL: 127, AGE: 1064, SSID HiPhi-OTA, TSFDelta: 0xb9e86d2a, TXRate: 0
09-24 00:16:22.170 1402 3877 D LOWI-9.0.0.87.a: [LOWI-Scan]
09-24 00:16:22.170 1402 3877 D LOWI-9.0.0.87.a: [LOWI-Scan] print_bss_handler: Report Probe TSF 253414599 as it greater than Beacon TSF 142248579
09-24 00:16:22.170 1402 3877 D LOWI-9.0.0.87.a: [LOWI-Scan] decode_rsn_wpa_ie: LOWI_ENCRYPTION_TYPE_WPA_PSK
09-24 00:16:22.170 1402 3877 D LOWI-9.0.0.87.a: [LOWI-Scan] is_qcom_ie, bss_age: 0
09-24 00:16:22.170 1402 3877 D LOWI-9.0.0.87.a: [LOWI-Scan] BSS 6c:31:0e:27:99:af LOWI_PHY_MODE_11AC_VHT40(9), Beacon Interval: 100, LOWI_ENCRYPTION_TYPE_WPA_PSK 11mcRanging: No, ANQP: No, LCI: No, Civic: No, capability(0x1111): ESS Privacy SpectrumMgmt
09-24 00:16:22.170 1402 3877 D LOWI-9.0.0.87.a: [LOWI-Scan] BSS 6c:31:0e:27:99:af FREQ: 5765, cFreq1[40:80:160] = [5755:0:0] cFreq2 = 0 Country Code = CN
09-24 00:16:22.170 1402 3877 D LOWI-9.0.0.87.a: [LOWI-Scan] BSS 6c:31:0e:27:99:af (wlan0) ASSO: NO AddInfo: 0x0, TSF 0, 00:04:13.414, RSSI: -126, CPL: 127, AGE: 1076, SSID HiPhi-OTA, TSFDelta: 0xb9b2a17e, TXRate: 0
09-24 00:16:22.171 1402 3877 D LOWI-9.0.0.87.a: [LOWI-Scan]
09-24 00:16:22.171 1402 3877 D LOWI-9.0.0.87.a: [LOWI-Scan] print_bss_handler: Report Probe TSF 253412974 as it greater than Beacon TSF 173473800
09-24 00:16:22.171 1402 3877 D LOWI-9.0.0.87.a: [LOWI-Scan] decode_rsn_wpa_ie: LOWI_ENCRYPTION_TYPE_WPA_PSK
09-24 00:16:22.171 1402 3877 D LOWI-9.0.0.87.a: [LOWI-Scan] is_qcom_ie, bss_age: 0
09-24 00:16:22.171 1402 3877 D LOWI-9.0.0.87.a: [LOWI-Scan] BSS dc:77:4c:52:28:4f LOWI_PHY_MODE_11AC_VHT40(9), Beacon Interval: 100, LOWI_ENCRYPTION_TYPE_WPA_PSK 11mcRanging: No, ANQP: No, LCI: No, Civic: No, capability(0x1111): ESS Privacy SpectrumMgmt
09-24 00:16:22.171 1402 3877 D LOWI-9.0.0.87.a: [LOWI-Scan] BSS dc:77:4c:52:28:4f FREQ: 5765, cFreq1[40:80:160] = [5755:0:0] cFreq2 = 0 Country Code = CN
09-24 00:16:22.171 1402 3877 D LOWI-9.0.0.87.a: [LOWI-Scan] BSS dc:77:4c:52:28:4f (wlan0) ASSO: NO AddInfo: 0x0, TSF 0, 00:04:13.412, RSSI: -154, CPL: 127, AGE: 1076, SSID HiPhi-OTA, TSFDelta: 0xbac81873, TXRate: 0
09-24 00:16:22.172 1402 3877 D LOWI-9.0.0.87.a: [LOWI-Scan]
09-24 00:16:22.172 1402 3877 D LOWI-9.0.0.87.a: [LOWI-Scan] print_bss_handler: Report Probe TSF 253629303 as it greater than Beacon TSF 83273178
09-24 00:16:22.172 1402 3877 D LOWI-9.0.0.87.a: [LOWI-Scan] decode_rsn_wpa_ie: LOWI_ENCRYPTION_TYPE_WPA_PSK
09-24 00:16:22.172 1402 3877 D LOWI-9.0.0.87.a: [LOWI-Scan] is_qcom_ie, bss_age: 0
09-24 00:16:22.172 1402 3877 D LOWI-9.0.0.87.a: [LOWI-Scan] BSS dc:77:4c:52:29:4f LOWI_PHY_MODE_11AC_VHT40(9), Beacon Interval: 100, LOWI_ENCRYPTION_TYPE_WPA_PSK 11mcRanging: No, ANQP: No, LCI: No, Civic: No, capability(0x1111): ESS Privacy SpectrumMgmt
09-24 00:16:22.172 1402 3877 D LOWI-9.0.0.87.a: [LOWI-Scan] BSS dc:77:4c:52:29:4f FREQ: 5805, cFreq1[40:80:160] = [5795:0:0] cFreq2 = 0 Country Code = CN
09-24 00:16:22.172 1402 3877 D LOWI-9.0.0.87.a: [LOWI-Scan] BSS dc:77:4c:52:29:4f (wlan0) ASSO: NO AddInfo: 0x0, TSF 0, 00:04:13.629, RSSI: -134, CPL: 127, AGE: 860, SSID HiPhi-OTA, TSFDelta: 0xc16fe2e4, TXRate: 0
09-24 00:16:22.173 1402 3877 D LOWI-9.0.0.87.a: [LOWI-Scan]
09-24 00:16:22.173 1402 3877 D LOWI-9.0.0.87.a: [LOWI-Scan] print_bss_handler: Report Probe TSF 253628923 as it greater than Beacon TSF 93297430
09-24 00:16:22.173 1402 3877 D LOWI-9.0.0.87.a: [LOWI-Scan] decode_rsn_wpa_ie: LOWI_ENCRYPTION_TYPE_WPA_PSK
09-24 00:16:22.173 1402 3877 D LOWI-9.0.0.87.a: [LOWI-Scan] is_qcom_ie, bss_age: 0
09-24 00:16:22.173 1402 3877 D LOWI-9.0.0.87.a: [LOWI-Scan] BSS b8:11:4b:7f:ed:0f LOWI_PHY_MODE_11AC_VHT40(9), Beacon Interval: 100, LOWI_ENCRYPTION_TYPE_WPA_PSK 11mcRanging: No, ANQP: No, LCI: No, Civic: No, capability(0x1111): ESS Privacy SpectrumMgmt
09-24 00:16:22.173 1402 3877 D LOWI-9.0.0.87.a: [LOWI-Scan] BSS b8:11:4b:7f:ed:0f FREQ: 5805, cFreq1[40:80:160] = [5795:0:0] cFreq2 = 0 Country Code = CN
09-24 00:16:22.173 1402 3877 D LOWI-9.0.0.87.a: [LOWI-Scan] BSS b8:11:4b:7f:ed:0f (wlan0) ASSO: NO AddInfo: 0x0, TSF 0, 00:04:13.628, RSSI: -108, CPL: 127, AGE: 860, SSID HiPhi-OTA, TSFDelta: 0xf0ba474f, TXRate: 0
09-24 00:16:22.174 1402 3877 D LOWI-9.0.0.87.a: [LOWI-Scan]
09-24 00:16:22.174 1402 3877 D LOWI-9.0.0.87.a: [LOWI-Scan] print_bss_handler: Report Probe TSF 253324754 as it greater than Beacon TSF 253306169
09-24 00:16:22.174 1402 3877 D LOWI-9.0.0.87.a: [LOWI-Scan] decode_rsn_wpa_ie: LOWI_ENCRYPTION_TYPE_WPA_PSK
09-24 00:16:22.174 1402 3877 D LOWI-9.0.0.87.a: [LOWI-Scan] is_qcom_ie, bss_age: 0
09-24 00:16:22.174 1402 3877 D LOWI-9.0.0.87.a: [LOWI-Scan] BSS 3c:51:0e:2e:ae:80 LOWI_PHY_MODE_11NG_HT20(5), Beacon Interval: 100, LOWI_ENCRYPTION_TYPE_WPA_PSK 11mcRanging: No, ANQP: No, LCI: No, Civic: No, capability(0x1511): ESS Privacy SpectrumMgmt ShortSlotTime
09-24 00:16:22.174 1402 3877 D LOWI-9.0.0.87.a: [LOWI-Scan] BSS 3c:51:0e:2e:ae:80 FREQ: 2437, cFreq1[40:80:160] = [0:0:0] cFreq2 = 0 Country Code = CN
09-24 00:16:22.174 1402 3877 D LOWI-9.0.0.87.a: [LOWI-Scan] BSS 3c:51:0e:2e:ae:80 (wlan0) ASSO: NO AddInfo: 0x0, TSF 0, 00:04:13.324, RSSI: -144, CPL: 127, AGE: 1164, SSID HiPhi-PDI, TSFDelta: 0xb53b019f, TXRate: 0
09-24 00:16:22.175 1402 3877 D LOWI-9.0.0.87.a: [LOWI-Scan]
09-24 00:16:22.175 1402 3877 D LOWI-9.0.0.87.a: [LOWI-Scan] print_bss_handler: Report Probe TSF 254061322 as it greater than Beacon TSF 254044600
09-24 00:16:22.175 1402 3877 D LOWI-9.0.0.87.a: [LOWI-Scan] decode_rsn_wpa_ie: LOWI_ENCRYPTION_TYPE_WPA_PSK
09-24 00:16:22.175 1402 3877 D LOWI-9.0.0.87.a: [LOWI-Scan] is_qcom_ie, bss_age: 0
09-24 00:16:22.175 1402 3877 D LOWI-9.0.0.87.a: [LOWI-Scan] BSS 68:9e:0b:ef:b3:6e LOWI_PHY_MODE_11AC_VHT40(9), Beacon Interval: 100, LOWI_ENCRYPTION_TYPE_WPA_PSK 11mcRanging: No, ANQP: No, LCI: No, Civic: No, capability(0x1111): ESS Privacy SpectrumMgmt
09-24 00:16:22.175 1402 3877 D LOWI-9.0.0.87.a: [LOWI-Scan] BSS 68:9e:0b:ef:b3:6e FREQ: 5280, cFreq1[40:80:160] = [5270:0:0] cFreq2 = 0 Country Code = CN
09-24 00:16:22.175 1402 3877 D LOWI-9.0.0.87.a: [LOWI-Scan] BSS 68:9e:0b:ef:b3:6e (wlan0) ASSO: NO AddInfo: 0x0, TSF 0, 00:04:14.061, RSSI: -162, CPL: 127, AGE: 428, SSID HHT-FACTORY-OTA, TSFDelta: 0xc9e14506, TXRate: 0
09-24 00:16:22.175 1402 3877 D LOWI-9.0.0.87.a: [LOWI-Scan]
09-24 00:16:22.175 1402 3877 D LOWI-9.0.0.87.a: [LOWI-Scan] print_bss_handler: Report beacon TSF 254067871 as it greater than probe TSF 254060950
09-24 00:16:22.175 1402 3877 D LOWI-9.0.0.87.a: [LOWI-Scan] decode_rsn_wpa_ie: LOWI_ENCRYPTION_TYPE_WPA_PSK
09-24 00:16:22.175 1402 3877 D LOWI-9.0.0.87.a: [LOWI-Scan] is_qcom_ie, bss_age: 0
09-24 00:16:22.175 1402 3877 D LOWI-9.0.0.87.a: [LOWI-Scan] BSS 3c:51:0e:2e:f4:af LOWI_PHY_MODE_11AC_VHT40(9), Beacon Interval: 100, LOWI_ENCRYPTION_TYPE_WPA_PSK 11mcRanging: No, ANQP: No, LCI: No, Civic: No, capability(0x1111): ESS Privacy SpectrumMgmt
09-24 00:16:22.176 1402 3877 D LOWI-9.0.0.87.a: [LOWI-Scan] BSS 3c:51:0e:2e:f4:af FREQ: 5280, cFreq1[40:80:160] = [5270:0:0] cFreq2 = 0 Country Code = CN
09-24 00:16:22.176 1402 3877 D LOWI-9.0.0.87.a: [LOWI-Scan] BSS 3c:51:0e:2e:f4:af (wlan0) ASSO: NO AddInfo: 0x1, TSF 0, 00:04:14.067, RSSI: -180, CPL: 127, AGE: 424, SSID HiPhi-PDI, TSFDelta: 0xcb08042f, TXRate: 0
09-24 00:16:22.176 515 515 I hwservicemanager: getTransport: Cannot find entry android.hardware.light@2.0::ILight/default in either framework or device VINTF manifest.
09-24 00:16:22.176 1402 3877 D LOWI-9.0.0.87.a: [LOWI-Scan]
09-24 00:16:22.176 1402 3877 D LOWI-9.0.0.87.a: [LOWI-Scan] print_bss_handler: Report Probe TSF 254060604 as it greater than Beacon TSF 254041572
09-24 00:16:22.176 1402 3877 D LOWI-9.0.0.87.a: [LOWI-Scan] decode_rsn_wpa_ie: LOWI_ENCRYPTION_TYPE_WPA_EAP
09-24 00:16:22.176 1402 3877 D LOWI-9.0.0.87.a: [LOWI-Scan] is_qcom_ie, bss_age: 0
09-24 00:16:22.176 1402 3877 D LOWI-9.0.0.87.a: [LOWI-Scan] BSS 68:9e:0b:ef:b3:6f LOWI_PHY_MODE_11AC_VHT40(9), Beacon Interval: 100, LOWI_ENCRYPTION_TYPE_WPA_EAP 11mcRanging: No, ANQP: No, LCI: No, Civic: No, capability(0x1111): ESS Privacy SpectrumMgmt
09-24 00:16:22.176 1402 3877 D LOWI-9.0.0.87.a: [LOWI-Scan] BSS 68:9e:0b:ef:b3:6f FREQ: 5280, cFreq1[40:80:160] = [5270:0:0] cFreq2 = 0 Country Code = CN
09-24 00:16:22.176 1402 3877 D LOWI-9.0.0.87.a: [LOWI-Scan] BSS 68:9e:0b:ef:b3:6f (wlan0) ASSO: NO AddInfo: 0x0, TSF 0, 00:04:14.060, RSSI: -162, CPL: 127, AGE: 428, SSID HH, TSFDelta: 0xc9cebfc8, TXRate: 0
09-24 00:16:22.177 6661 6661 E HidlServiceManagement: Service android.hardware.light@2.0::ILight/default must be in VINTF manifest in order to register/get.
09-24 00:16:22.177 6661 6661 E LegacySupport: Could not register service android.hardware.light@2.0::ILight/default (-2147483648).
09-24 00:16:22.177 1402 3877 D LOWI-9.0.0.87.a: [LOWI-Scan]
09-24 00:16:22.177 1402 3877 D LOWI-9.0.0.87.a: [LOWI-Scan] print_bss_handler: Report beacon TSF 243455115 as it greater than probe TSF 205783963
09-24 00:16:22.177 1402 3877 D LOWI-9.0.0.87.a: [LOWI-Scan] decode_rsn_wpa_ie: LOWI_ENCRYPTION_TYPE_WPA_PSK
09-24 00:16:22.177 1402 3877 D LOWI-9.0.0.87.a: [LOWI-Scan] is_qcom_ie, bss_age: 0
09-24 00:16:22.177 1402 3877 D LOWI-9.0.0.87.a: [LOWI-Scan] adjust_age:AP AGE upper limit reached. Dont store
09-24 00:16:22.177 1402 3877 D LOWI-9.0.0.87.a: [LOWI-Scan] BSS d4:72:26:02:22:99 LOWI_PHY_MODE_11NG_HT40(7), Beacon Interval: 100, LOWI_ENCRYPTION_TYPE_WPA_PSK 11mcRanging: No, ANQP: No, LCI: No, Civic: No, capability(0x0411): ESS Privacy ShortSlotTime
09-24 00:16:22.177 1402 3877 D LOWI-9.0.0.87.a: [LOWI-Scan] BSS d4:72:26:02:22:99 FREQ: 2447, cFreq1[40:80:160] = [2437:0:0] cFreq2 = 0 Country Code = CN
09-24 00:16:22.177 1402 3877 D LOWI-9.0.0.87.a: [LOWI-Scan] BSS d4:72:26:02:22:99 (wlan0) ASSO: NO AddInfo: 0x1, TSF 0, 00:04:03.455, RSSI: -154, CPL: 127, AGE: 11036, SSID ZTE_022299, TSFDelta: 0x523fa032, TXRate: 0
09-24 00:16:22.178 1402 3877 D LOWI-9.0.0.87.a: [LOWI-Scan]
09-24 00:16:22.178 1402 3877 D LOWI-9.0.0.87.a: [LOWI-Scan] print_bss_handler: Report Probe TSF 254469593 as it greater than Beacon TSF 254444637
09-24 00:16:22.178 1402 3877 D LOWI-9.0.0.87.a: [LOWI-Scan] decode_rsn_wpa_ie: LOWI_ENCRYPTION_TYPE_WPA_PSK
09-24 00:16:22.178 1402 3877 D LOWI-9.0.0.87.a: [LOWI-Scan] is_qcom_ie, bss_age: 0
09-24 00:16:22.178 1402 3877 D LOWI-9.0.0.87.a: [LOWI-Scan] BSS 3c:51:0e:47:7c:2f LOWI_PHY_MODE_11AC_VHT40(9), Beacon Interval: 100, LOWI_ENCRYPTION_TYPE_WPA_PSK 11mcRanging: No, ANQP: No, LCI: No, Civic: No, capability(0x1111): ESS Privacy SpectrumMgmt
09-24 00:16:22.178 1402 3877 D LOWI-9.0.0.87.a: [LOWI-Scan] BSS 3c:51:0e:47:7c:2f FREQ: 5320, cFreq1[40:80:160] = [5310:0:0] cFreq2 = 0 Country Code = CN
09-24 00:16:22.178 1402 3877 D LOWI-9.0.0.87.a: [LOWI-Scan] BSS 3c:51:0e:47:7c:2f (wlan0) ASSO: NO AddInfo: 0x0, TSF 0, 00:04:14.469, RSSI: -146, CPL: 127, AGE: 20, SSID HiPhi-PDI, TSFDelta: 0xd6586a18, TXRate: 0
09-24 00:16:22.179 1402 3877 D LOWI-9.0.0.87.a: [LOWI-Scan]
09-24 00:16:22.179 1402 3877 D LOWI-9.0.0.87.a: [LOWI-Scan] print_bss_handler: Report Probe TSF 254471850 as it greater than Beacon TSF 254445829
09-24 00:16:22.179 1402 3877 D LOWI-9.0.0.87.a: [LOWI-Scan] decode_rsn_wpa_ie: LOWI_ENCRYPTION_TYPE_WPA_PSK
09-24 00:16:22.179 1402 3877 D LOWI-9.0.0.87.a: [LOWI-Scan] is_qcom_ie, bss_age: 0
09-24 00:16:22.179 1402 3877 D LOWI-9.0.0.87.a: [LOWI-Scan] BSS 4c:a6:4d:b1:84:4b LOWI_PHY_MODE_11AC_VHT40(9), Beacon Interval: 100, LOWI_ENCRYPTION_TYPE_WPA_PSK 11mcRanging: No, ANQP: No, LCI: No, Civic: No, capability(0x1511): ESS Privacy SpectrumMgmt ShortSlotTime
09-24 00:16:22.179 1402 3877 D LOWI-9.0.0.87.a: [LOWI-Scan] BSS 4c:a6:4d:b1:84:4b FREQ: 5320, cFreq1[40:80:160] = [5310:0:0] cFreq2 = 0 Country Code = CN
09-24 00:16:22.179 1402 3877 D LOWI-9.0.0.87.a: [LOWI-Scan] BSS 4c:a6:4d:b1:84:4b (wlan0) ASSO: NO AddInfo: 0x0, TSF 0, 00:04:14.471, RSSI: -168, CPL: 127, AGE: 20, SSID HH-Partner, TSFDelta: 0xd215a3e8, TXRate: 0
09-24 00:16:22.179 1402 3877 D LOWI-9.0.0.87.a: [LOWI-Scan]
09-24 00:16:22.180 1402 3877 D LOWI-9.0.0.87.a: [LOWI-Scan] print_bss_handler: Report Probe TSF 254471544 as it greater than Beacon TSF 254446221
09-24 00:16:22.180 1402 3877 D LOWI-9.0.0.87.a: [LOWI-Scan] decode_rsn_wpa_ie: LOWI_ENCRYPTION_TYPE_WPA_EAP
09-24 00:16:22.180 1402 3877 D LOWI-9.0.0.87.a: [LOWI-Scan] is_qcom_ie, bss_age: 0
09-24 00:16:22.180 1402 3877 D LOWI-9.0.0.87.a: [LOWI-Scan] BSS 4c:a6:4d:b1:84:4c LOWI_PHY_MODE_11AC_VHT40(9), Beacon Interval: 100, LOWI_ENCRYPTION_TYPE_WPA_EAP 11mcRanging: No, ANQP: No, LCI: No, Civic: No, capability(0x1511): ESS Privacy SpectrumMgmt ShortSlotTime
09-24 00:16:22.180 1402 3877 D LOWI-9.0.0.87.a: [LOWI-Scan] BSS 4c:a6:4d:b1:84:4c FREQ: 5320, cFreq1[40:80:160] = [5310:0:0] cFreq2 = 0 Country Code = CN
09-24 00:16:22.180 1402 3877 D LOWI-9.0.0.87.a: [LOWI-Scan] BSS 4c:a6:4d:b1:84:4c (wlan0) ASSO: NO AddInfo: 0x0, TSF 0, 00:04:14.471, RSSI: -166, CPL: 127, AGE: 20, SSID HH-mobile, TSFDelta: 0xd211c25c, TXRate: 0
09-24 00:16:22.180 1402 3877 D LOWI-9.0.0.87.a: [LOWI-Scan]
09-24 00:16:22.180 1402 3877 D LOWI-9.0.0.87.a: [LOWI-Scan] print_bss_handler: Report Probe TSF 254471206 as it greater than Beacon TSF 254446839
09-24 00:16:22.180 1402 3877 D LOWI-9.0.0.87.a: [LOWI-Scan] decode_rsn_wpa_ie: LOWI_ENCRYPTION_TYPE_WPA_PSK
09-24 00:16:22.180 1402 3877 D LOWI-9.0.0.87.a: [LOWI-Scan] is_qcom_ie, bss_age: 0
09-24 00:16:22.180 1402 3877 D LOWI-9.0.0.87.a: [LOWI-Scan] BSS 4c:a6:4d:b1:84:4d LOWI_PHY_MODE_11AC_VHT40(9), Beacon Interval: 100, LOWI_ENCRYPTION_TYPE_WPA_PSK 11mcRanging: No, ANQP: No, LCI: No, Civic: No, capability(0x1511): ESS Privacy SpectrumMgmt ShortSlotTime
09-24 00:16:22.180 1402 3877 D LOWI-9.0.0.87.a: [LOWI-Scan] BSS 4c:a6:4d:b1:84:4d FREQ: 5320, cFreq1[40:80:160] = [5310:0:0] cFreq2 = 0 Country Code = CN
09-24 00:16:22.181 1402 3877 D LOWI-9.0.0.87.a: [LOWI-Scan] BSS 4c:a6:4d:b1:84:4d (wlan0) ASSO: NO AddInfo: 0x0, TSF 0, 00:04:14.471, RSSI: -168, CPL: 127, AGE: 20, SSID HH-Guest, TSFDelta: 0xd20ddb32, TXRate: 0
09-24 00:16:22.181 1402 3877 D LOWI-9.0.0.87.a: [LOWI-Scan]
09-24 00:16:22.181 1402 3877 D LOWI-9.0.0.87.a: [LOWI-Scan] print_bss_handler: Report beacon TSF 254449082 as it greater than probe TSF 254449082
09-24 00:16:22.182 1402 3877 D LOWI-9.0.0.87.a: [LOWI-Scan] decode_rsn_wpa_ie: LOWI_ENCRYPTION_TYPE_WPA_PSK
09-24 00:16:22.182 1402 3877 D LOWI-9.0.0.87.a: [LOWI-Scan] is_qcom_ie, bss_age: 0
09-24 00:16:22.182 1402 3877 D LOWI-9.0.0.87.a: [LOWI-Scan] BSS 4c:a6:4d:b1:84:4e LOWI_PHY_MODE_11AC_VHT40(9), Beacon Interval: 100, LOWI_ENCRYPTION_TYPE_WPA_PSK 11mcRanging: No, ANQP: No, LCI: No, Civic: No, capability(0x1511): ESS Privacy SpectrumMgmt ShortSlotTime
09-24 00:16:22.182 1402 3877 D LOWI-9.0.0.87.a: [LOWI-Scan] BSS 4c:a6:4d:b1:84:4e FREQ: 5320, cFreq1[40:80:160] = [5310:0:0] cFreq2 = 0 Country Code = CN
09-24 00:16:22.182 1402 3877 D LOWI-9.0.0.87.a: [LOWI-Scan] BSS 4c:a6:4d:b1:84:4e (wlan0) ASSO: NO AddInfo: 0x1, TSF 0, 00:04:14.449, RSSI: -166, CPL: 127, AGE: 40, SSID , TSFDelta: 0xd167f4a4, TXRate: 0
09-24 00:16:22.182 1402 3877 D LOWI-9.0.0.87.a: [LOWI-Scan]
09-24 00:16:22.182 1402 3877 D LOWI-9.0.0.87.a: [LOWI-Scan] print_bss_handler: Report Probe TSF 254469904 as it greater than Beacon TSF 254449459
09-24 00:16:22.182 1402 3877 D LOWI-9.0.0.87.a: [LOWI-Scan] decode_rsn_wpa_ie: LOWI_ENCRYPTION_TYPE_WPA_EAP
09-24 00:16:22.182 1402 3877 D LOWI-9.0.0.87.a: [LOWI-Scan] is_qcom_ie, bss_age: 0
09-24 00:16:22.182 1402 3877 D LOWI-9.0.0.87.a: [LOWI-Scan] BSS 4c:a6:4d:b1:84:4f LOWI_PHY_MODE_11AC_VHT40(9), Beacon Interval: 100, LOWI_ENCRYPTION_TYPE_WPA_EAP 11mcRanging: No, ANQP: No, LCI: No, Civic: No, capability(0x1511): ESS Privacy SpectrumMgmt ShortSlotTime
09-24 00:16:22.183 1402 3877 D LOWI-9.0.0.87.a: [LOWI-Scan] BSS 4c:a6:4d:b1:84:4f FREQ: 5320, cFreq1[40:80:160] = [5310:0:0] cFreq2 = 0 Country Code = CN
09-24 00:16:22.183 1402 3877 D LOWI-9.0.0.87.a: [LOWI-Scan] BSS 4c:a6:4d:b1:84:4f (wlan0) ASSO: NO AddInfo: 0x0, TSF 0, 00:04:14.469, RSSI: -166, CPL: 127, AGE: 20, SSID HH, TSFDelta: 0xd20a089e, TXRate: 0
09-24 00:16:22.183 1402 3877 D LOWI-9.0.0.87.a: [LOWI-Scan]
09-24 00:16:22.183 1402 3877 D LOWI-9.0.0.87.a: [LOWI-Scan] print_bss_handler: Report Probe TSF 243774125 as it greater than Beacon TSF 233697851
09-24 00:16:22.183 1402 3877 D LOWI-9.0.0.87.a: [LOWI-Scan] decode_rsn_wpa_ie: LOWI_ENCRYPTION_TYPE_WPA_EAP
09-24 00:16:22.183 1402 3877 D LOWI-9.0.0.87.a: [LOWI-Scan] is_qcom_ie, bss_age: 0
09-24 00:16:22.183 1402 3877 D LOWI-9.0.0.87.a: [LOWI-Scan] adjust_age:AP AGE upper limit reached. Dont store
09-24 00:16:22.183 1402 3877 D LOWI-9.0.0.87.a: [LOWI-Scan] BSS 4c:a6:4d:b1:84:40 LOWI_PHY_MODE_11NG_HT20(5), Beacon Interval: 100, LOWI_ENCRYPTION_TYPE_WPA_EAP 11mcRanging: No, ANQP: No, LCI: No, Civic: No, capability(0x1411): ESS Privacy ShortSlotTime
09-24 00:16:22.183 1402 3877 D LOWI-9.0.0.87.a: [LOWI-Scan] BSS 4c:a6:4d:b1:84:40 FREQ: 2462, cFreq1[40:80:160] = [0:0:0] cFreq2 = 0 Country Code = CN
09-24 00:16:22.183 1402 3877 D LOWI-9.0.0.87.a: [LOWI-Scan] BSS 4c:a6:4d:b1:84:40 (wlan0) ASSO: NO AddInfo: 0x0, TSF 0, 00:04:03.774, RSSI: -162, CPL: 127, AGE: 10716, SSID HH, TSFDelta: 0xbf38e48d, TXRate: 0
09-24 00:16:22.185 1402 3877 D LOWI-9.0.0.87.a: [LOWI-Scan]
09-24 00:16:22.185 1402 3877 D LOWI-9.0.0.87.a: [LOWI-Scan] print_bss_handler: Report Probe TSF 253830985 as it greater than Beacon TSF 253812661
09-24 00:16:22.185 1402 3877 D LOWI-9.0.0.87.a: [LOWI-Scan] decode_rsn_wpa_ie: LOWI_ENCRYPTION_TYPE_WPA_PSK
09-24 00:16:22.185 1402 3877 D LOWI-9.0.0.87.a: [LOWI-Scan] is_qcom_ie, bss_age: 0
09-24 00:16:22.185 1402 3877 D LOWI-9.0.0.87.a: [LOWI-Scan] BSS 6c:31:0e:27:99:a0 LOWI_PHY_MODE_11NG_HT20(5), Beacon Interval: 100, LOWI_ENCRYPTION_TYPE_WPA_PSK 11mcRanging: No, ANQP: No, LCI: No, Civic: No, capability(0x1111): ESS Privacy SpectrumMgmt
09-24 00:16:22.185 1402 3877 D LOWI-9.0.0.87.a: [LOWI-Scan] BSS 6c:31:0e:27:99:a0 FREQ: 2462, cFreq1[40:80:160] = [0:0:0] cFreq2 = 0 Country Code = CN
09-24 00:16:22.185 1402 3877 D LOWI-9.0.0.87.a: [LOWI-Scan] BSS 6c:31:0e:27:99:a0 (wlan0) ASSO: NO AddInfo: 0x0, TSF 0, 00:04:13.830, RSSI: -148, CPL: 127, AGE: 660, SSID HiPhi-OTA, TSFDelta: 0xc516033c, TXRate: 0
09-24 00:16:22.185 1402 3877 D LOWI-9.0.0.87.a: [LOWI-Scan]
09-24 00:16:22.185 1402 3877 D LOWI-9.0.0.87.a: [LOWI-Scan] print_bss_handler: Report beacon TSF 253826007 as it greater than probe TSF 253819865
09-24 00:16:22.185 1402 3877 D LOWI-9.0.0.87.a: [LOWI-Scan] decode_rsn_wpa_ie: LOWI_ENCRYPTION_TYPE_WPA_PSK
09-24 00:16:22.186 1402 3877 D LOWI-9.0.0.87.a: [LOWI-Scan] is_qcom_ie, bss_age: 0
09-24 00:16:22.186 1402 3877 D LOWI-9.0.0.87.a: [LOWI-Scan] BSS dc:77:4c:52:29:40 LOWI_PHY_MODE_11NG_HT20(5), Beacon Interval: 100, LOWI_ENCRYPTION_TYPE_WPA_PSK 11mcRanging: No, ANQP: No, LCI: No, Civic: No, capability(0x1111): ESS Privacy SpectrumMgmt
09-24 00:16:22.186 1402 3877 D LOWI-9.0.0.87.a: [LOWI-Scan] BSS dc:77:4c:52:29:40 FREQ: 2462, cFreq1[40:80:160] = [0:0:0] cFreq2 = 0 Country Code = CN
09-24 00:16:22.186 1402 3877 D LOWI-9.0.0.87.a: [LOWI-Scan] BSS dc:77:4c:52:29:40 (wlan0) ASSO: NO AddInfo: 0x1, TSF 0, 00:04:13.826, RSSI: -150, CPL: 127, AGE: 664, SSID HiPhi-OTA, TSFDelta: 0xc626f1bd, TXRate: 0
09-24 00:16:22.186 1402 3877 D LOWI-9.0.0.87.a: [LOWI-Scan]
09-24 00:16:22.186 1402 3877 D LOWI-9.0.0.87.a: [LOWI-Scan] print_bss_handler: Report Probe TSF 253787185 as it greater than Beacon TSF 243773789
09-24 00:16:22.186 1402 3877 D LOWI-9.0.0.87.a: [LOWI-Scan] decode_rsn_wpa_ie: LOWI_ENCRYPTION_TYPE_WPA_PSK
09-24 00:16:22.186 1402 3877 D LOWI-9.0.0.87.a: [LOWI-Scan] is_qcom_ie, bss_age: 0
09-24 00:16:22.186 1402 3877 D LOWI-9.0.0.87.a: [LOWI-Scan] BSS 98:97:cc:7e:02:6e LOWI_PHY_MODE_11NG_HT40(7), Beacon Interval: 100, LOWI_ENCRYPTION_TYPE_WPA_PSK 11mcRanging: No, ANQP: No, LCI: No, Civic: No, capability(0x1411): ESS Privacy ShortSlotTime
09-24 00:16:22.186 1402 3877 D LOWI-9.0.0.87.a: [LOWI-Scan] BSS 98:97:cc:7e:02:6e FREQ: 2462, cFreq1[40:80:160] = [2452:0:0] cFreq2 = 0 Country Code = CN
09-24 00:16:22.186 1402 3877 D LOWI-9.0.0.87.a: [LOWI-Scan] BSS 98:97:cc:7e:02:6e (wlan0) ASSO: NO AddInfo: 0x0, TSF 0, 00:04:13.787, RSSI: -144, CPL: 127, AGE: 704, SSID TP-LINK_026E, TSFDelta: 0xb482b246, TXRate: 0
09-24 00:16:22.186 1402 3877 D LOWI-9.0.0.87.a: [LOWI-Scan]
09-24 00:16:22.186 1402 3877 D LOWI-9.0.0.87.a: [LOWI-Scan] print_bss_handler: Report Probe TSF 243797263 as it greater than Beacon TSF 176047136
09-24 00:16:22.186 1402 3877 D LOWI-9.0.0.87.a: [LOWI-Scan] decode_rsn_wpa_ie: LOWI_ENCRYPTION_TYPE_WPA_PSK
09-24 00:16:22.186 1402 3877 D LOWI-9.0.0.87.a: [LOWI-Scan] is_qcom_ie, bss_age: 0
09-24 00:16:22.186 1402 3877 D LOWI-9.0.0.87.a: [LOWI-Scan] adjust_age:AP AGE upper limit reached. Dont store
09-24 00:16:22.186 1402 3877 D LOWI-9.0.0.87.a: [LOWI-Scan] BSS 4c:a6:4d:b1:84:42 LOWI_PHY_MODE_11NG_HT20(5), Beacon Interval: 100, LOWI_ENCRYPTION_TYPE_WPA_PSK 11mcRanging: No, ANQP: No, LCI: No, Civic: No, capability(0x1411): ESS Privacy ShortSlotTime
09-24 00:16:22.187 1402 3877 D LOWI-9.0.0.87.a: [LOWI-Scan] BSS 4c:a6:4d:b1:84:42 FREQ: 2462, cFreq1[40:80:160] = [0:0:0] cFreq2 = 0 Country Code = CN
09-24 00:16:22.187 1402 3877 D LOWI-9.0.0.87.a: [LOWI-Scan] BSS 4c:a6:4d:b1:84:42 (wlan0) ASSO: NO AddInfo: 0x0, TSF 0, 00:04:03.797, RSSI: -162, CPL: 127, AGE: 10692, SSID HH-Guest, TSFDelta: 0xbfe39cea, TXRate: 0
09-24 00:16:22.187 1402 3877 D LOWI-9.0.0.87.a: [LOWI-Scan]
09-24 00:16:22.187 1402 3877 D LOWI-9.0.0.87.a: [LOWI-Scan] print_bss_handler: Report Probe TSF 243786397 as it greater than Beacon TSF 224076519
09-24 00:16:22.187 1402 3877 D LOWI-9.0.0.87.a: [LOWI-Scan] decode_rsn_wpa_ie: LOWI_ENCRYPTION_TYPE_WPA_EAP
09-24 00:16:22.187 1402 3877 D LOWI-9.0.0.87.a: [LOWI-Scan] is_qcom_ie, bss_age: 0
09-24 00:16:22.187 1402 3877 D LOWI-9.0.0.87.a: [LOWI-Scan] adjust_age:AP AGE upper limit reached. Dont store
09-24 00:16:22.187 1402 3877 D LOWI-9.0.0.87.a: [LOWI-Scan] BSS 4c:a6:4d:b1:84:43 LOWI_PHY_MODE_11NG_HT20(5), Beacon Interval: 100, LOWI_ENCRYPTION_TYPE_WPA_EAP 11mcRanging: No, ANQP: No, LCI: No, Civic: No, capability(0x1411): ESS Privacy ShortSlotTime
09-24 00:16:22.187 1402 3877 D LOWI-9.0.0.87.a: [LOWI-Scan] BSS 4c:a6:4d:b1:84:43 FREQ: 2462, cFreq1[40:80:160] = [0:0:0] cFreq2 = 0 Country Code = CN
09-24 00:16:22.187 1402 3877 D LOWI-9.0.0.87.a: [LOWI-Scan] BSS 4c:a6:4d:b1:84:43 (wlan0) ASSO: NO AddInfo: 0x0, TSF 0, 00:04:03.786, RSSI: -164, CPL: 127, AGE: 10704, SSID HH-mobile, TSFDelta: 0xbf68f0ee, TXRate: 0
09-24 00:16:22.187 1402 3877 D LOWI-9.0.0.87.a: [LOWI-Scan]
09-24 00:16:22.187 1402 3877 D LOWI-9.0.0.87.a: [LOWI-Scan] print_bss_handler: Report Probe TSF 243838041 as it greater than Beacon TSF 176051299
09-24 00:16:22.187 1402 3877 D LOWI-9.0.0.87.a: [LOWI-Scan] decode_rsn_wpa_ie: LOWI_ENCRYPTION_TYPE_WPA_PSK
09-24 00:16:22.187 1402 3877 D LOWI-9.0.0.87.a: [LOWI-Scan] is_qcom_ie, bss_age: 0
09-24 00:16:22.188 1402 3877 D LOWI-9.0.0.87.a: [LOWI-Scan] adjust_age:AP AGE upper limit reached. Dont store
09-24 00:16:22.188 1402 3877 D LOWI-9.0.0.87.a: [LOWI-Scan] BSS 4c:a6:4d:b1:84:44 LOWI_PHY_MODE_11NG_HT20(5), Beacon Interval: 100, LOWI_ENCRYPTION_TYPE_WPA_PSK 11mcRanging: No, ANQP: No, LCI: No, Civic: No, capability(0x1411): ESS Privacy ShortSlotTime
09-24 00:16:22.188 1402 3877 D LOWI-9.0.0.87.a: [LOWI-Scan] BSS 4c:a6:4d:b1:84:44 FREQ: 2462, cFreq1[40:80:160] = [0:0:0] cFreq2 = 0 Country Code = CN
09-24 00:16:22.188 1402 3877 D LOWI-9.0.0.87.a: [LOWI-Scan] BSS 4c:a6:4d:b1:84:44 (wlan0) ASSO: NO AddInfo: 0x0, TSF 0, 00:04:03.838, RSSI: -164, CPL: 127, AGE: 10652, SSID HH-Partner, TSFDelta: 0xc057df15, TXRate: 0
09-24 00:16:22.188 1402 3877 D LOWI-9.0.0.87.a: [LOWI-Scan]
09-24 00:16:22.188 1402 3877 D LOWI-9.0.0.87.a: [LOWI-Scan] print_bss_handler: Report Probe TSF 252850582 as it greater than Beacon TSF 242852937
09-24 00:16:22.188 1402 3877 D LOWI-9.0.0.87.a: [LOWI-Scan] decode_rsn_wpa_ie: LOWI_ENCRYPTION_TYPE_WPA_PSK
09-24 00:16:22.188 1402 3877 D LOWI-9.0.0.87.a: [LOWI-Scan] is_qcom_ie, bss_age: 0
09-24 00:16:22.188 1402 3877 D LOWI-9.0.0.87.a: [LOWI-Scan] BSS 3c:51:0e:47:ad:00 LOWI_PHY_MODE_11NG_HT20(5), Beacon Interval: 100, LOWI_ENCRYPTION_TYPE_WPA_PSK 11mcRanging: No, ANQP: No, LCI: No, Civic: No, capability(0x1111): ESS Privacy SpectrumMgmt
09-24 00:16:22.188 1402 3877 D LOWI-9.0.0.87.a: [LOWI-Scan] BSS 3c:51:0e:47:ad:00 FREQ: 2412, cFreq1[40:80:160] = [0:0:0] cFreq2 = 0 Country Code = CN
09-24 00:16:22.188 1402 3877 D LOWI-9.0.0.87.a: [LOWI-Scan] BSS 3c:51:0e:47:ad:00 (wlan0) ASSO: NO AddInfo: 0x0, TSF 0, 00:04:12.850, RSSI: -154, CPL: 127, AGE: 1640, SSID HiPhi-PDI, TSFDelta: 0xa89f0904, TXRate: 0
09-24 00:16:22.189 1402 3877 D LOWI-9.0.0.87.a: [LOWI-Scan]
09-24 00:16:22.189 1402 3877 D LOWI-9.0.0.87.a: [LOWI-Scan] print_bss_handler: Report beacon TSF 253324288 as it greater than probe TSF 253295905
09-24 00:16:22.189 1402 3877 D LOWI-9.0.0.87.a: [LOWI-Scan] decode_rsn_wpa_ie: LOWI_ENCRYPTION_TYPE_WPA_EAP
09-24 00:16:22.189 1402 3877 D LOWI-9.0.0.87.a: [LOWI-Scan] is_qcom_ie, bss_age: 0
09-24 00:16:22.189 1402 3877 D LOWI-9.0.0.87.a: [LOWI-Scan] BSS 68:9e:0b:ef:b3:60 LOWI_PHY_MODE_11NG_HT20(5), Beacon Interval: 100, LOWI_ENCRYPTION_TYPE_WPA_EAP 11mcRanging: No, ANQP: No, LCI: No, Civic: No, capability(0x1111): ESS Privacy SpectrumMgmt
09-24 00:16:22.189 1402 3877 D LOWI-9.0.0.87.a: [LOWI-Scan] BSS 68:9e:0b:ef:b3:60 FREQ: 2437, cFreq1[40:80:160] = [0:0:0] cFreq2 = 0 Country Code = CN
09-24 00:16:22.189 1402 3877 D LOWI-9.0.0.87.a: [LOWI-Scan] BSS 68:9e:0b:ef:b3:60 (wlan0) ASSO: NO AddInfo: 0x1, TSF 0, 00:04:13.324, RSSI: -150, CPL: 127, AGE: 1164, SSID HH, TSFDelta: 0xb2f3cac5, TXRate: 0
09-24 00:16:22.189 1402 3877 D LOWI-9.0.0.87.a: [LOWI-Scan]
09-24 00:16:22.189 1402 3877 D LOWI-9.0.0.87.a: [LOWI-Scan] print_bss_handler: Report Probe TSF 253313227 as it greater than Beacon TSF 233221369
09-24 00:16:22.189 1402 3877 D LOWI-9.0.0.87.a: [LOWI-Scan] decode_rsn_wpa_ie: LOWI_ENCRYPTION_TYPE_WPA_PSK
09-24 00:16:22.189 1402 3877 D LOWI-9.0.0.87.a: [LOWI-Scan] is_qcom_ie, bss_age: 0
09-24 00:16:22.189 1402 3877 D LOWI-9.0.0.87.a: [LOWI-Scan] BSS 3c:51:0e:2e:f4:a0 LOWI_PHY_MODE_11NG_HT20(5), Beacon Interval: 100, LOWI_ENCRYPTION_TYPE_WPA_PSK 11mcRanging: No, ANQP: No, LCI: No, Civic: No, capability(0x1111): ESS Privacy SpectrumMgmt
09-24 00:16:22.189 1402 3877 D LOWI-9.0.0.87.a: [LOWI-Scan] BSS 3c:51:0e:2e:f4:a0 FREQ: 2437, cFreq1[40:80:160] = [0:0:0] cFreq2 = 0 Country Code = CN
09-24 00:16:22.189 1402 3877 D LOWI-9.0.0.87.a: [LOWI-Scan] BSS 3c:51:0e:2e:f4:a0 (wlan0) ASSO: NO AddInfo: 0x0, TSF 0, 00:04:13.313, RSSI: -152, CPL: 127, AGE: 1176, SSID HiPhi-PDI, TSFDelta: 0xb522aa95, TXRate: 0
09-24 00:16:22.190 1402 3877 D LOWI-9.0.0.87.a: [LOWI-Scan]
09-24 00:16:22.190 1402 3877 D LOWI-9.0.0.87.a: [LOWI-Scan] print_bss_handler: Report Probe TSF 253264854 as it greater than Beacon TSF 203586940
09-24 00:16:22.190 1402 3877 D LOWI-9.0.0.87.a: [LOWI-Scan] decode_rsn_wpa_ie: LOWI_ENCRYPTION_TYPE_WPA_PSK
09-24 00:16:22.190 1402 3877 D LOWI-9.0.0.87.a: [LOWI-Scan] is_qcom_ie, bss_age: 0
09-24 00:16:22.190 1402 3877 D LOWI-9.0.0.87.a: [LOWI-Scan] BSS 68:9e:0b:ef:b3:61 LOWI_PHY_MODE_11NG_HT20(5), Beacon Interval: 100, LOWI_ENCRYPTION_TYPE_WPA_PSK 11mcRanging: No, ANQP: No, LCI: No, Civic: No, capability(0x1111): ESS Privacy SpectrumMgmt
09-24 00:16:22.190 1402 3877 D LOWI-9.0.0.87.a: [LOWI-Scan] BSS 68:9e:0b:ef:b3:61 FREQ: 2437, cFreq1[40:80:160] = [0:0:0] cFreq2 = 0 Country Code = CN
09-24 00:16:22.190 1402 3877 D LOWI-9.0.0.87.a: [LOWI-Scan] BSS 68:9e:0b:ef:b3:61 (wlan0) ASSO: NO AddInfo: 0x0, TSF 0, 00:04:13.264, RSSI: -154, CPL: 127, AGE: 1224, SSID HHT-FACTORY-OTA, TSFDelta: 0xb20d0576, TXRate: 0
09-24 00:16:22.190 1402 3877 D LOWI-9.0.0.87.a: [LOWI-Scan]
09-24 00:16:22.190 1402 3877 D LOWI-9.0.0.87.a: [LOWI-Scan] print_bss_handler: Report beacon TSF 233494997 as it greater than probe TSF 223417451
09-24 00:16:22.190 1402 3877 D LOWI-9.0.0.87.a: [LOWI-Scan] decode_rsn_wpa_ie: LOWI_ENCRYPTION_TYPE_WPA_PSK
09-24 00:16:22.190 1402 3877 D LOWI-9.0.0.87.a: [LOWI-Scan] is_qcom_ie, bss_age: 0
09-24 00:16:22.190 1402 3877 D LOWI-9.0.0.87.a: [LOWI-Scan] adjust_age:AP AGE upper limit reached. Dont store
09-24 00:16:22.190 1402 3877 D LOWI-9.0.0.87.a: [LOWI-Scan] BSS d6:72:26:02:22:99 LOWI_PHY_MODE_11NG_HT40(7), Beacon Interval: 100, LOWI_ENCRYPTION_TYPE_WPA_PSK 11mcRanging: No, ANQP: No, LCI: No, Civic: No, capability(0x0411): ESS Privacy ShortSlotTime
09-24 00:16:22.190 1402 3877 D LOWI-9.0.0.87.a: [LOWI-Scan] BSS d6:72:26:02:22:99 FREQ: 2447, cFreq1[40:80:160] = [2437:0:0] cFreq2 = 0 Country Code = CN
09-24 00:16:22.190 1402 3877 D LOWI-9.0.0.87.a: [LOWI-Scan] BSS d6:72:26:02:22:99 (wlan0) ASSO: NO AddInfo: 0x1, TSF 0, 00:03:53.494, RSSI: -152, CPL: 127, AGE: 20996, SSID ZTE_1234567890, TSFDelta: 0x517dd51c, TXRate: 0
09-24 00:16:22.191 1402 3877 D LOWI-9.0.0.87.a: [LOWI-Scan]
09-24 00:16:22.191 1402 3877 D LOWI-9.0.0.87.a: [LOWI-Scan] print_bss_handler: Report beacon TSF 252860969 as it greater than probe TSF 252848627
09-24 00:16:22.191 1129 1821 D WificondScannerImpl: Filtering out 11 scan results.
09-24 00:16:22.191 1402 3877 D LOWI-9.0.0.87.a: [LOWI-Scan] decode_rsn_wpa_ie: LOWI_ENCRYPTION_TYPE_WPA_PSK
09-24 00:16:22.191 1402 3877 D LOWI-9.0.0.87.a: [LOWI-Scan] is_qcom_ie, bss_age: 0
09-24 00:16:22.191 1402 3877 D LOWI-9.0.0.87.a: [LOWI-Scan] BSS 68:9e:0b:ef:b5:81 LOWI_PHY_MODE_11NG_HT20(5), Beacon Interval: 100, LOWI_ENCRYPTION_TYPE_WPA_PSK 11mcRanging: No, ANQP: No, LCI: No, Civic: No, capability(0x1111): ESS Privacy SpectrumMgmt
09-24 00:16:22.191 1402 3877 D LOWI-9.0.0.87.a: [LOWI-Scan] BSS 68:9e:0b:ef:b5:81 FREQ: 2412, cFreq1[40:80:160] = [0:0:0] cFreq2 = 0 Country Code = CN
09-24 00:16:22.191 1402 3877 D LOWI-9.0.0.87.a: [LOWI-Scan] BSS 68:9e:0b:ef:b5:81 (wlan0) ASSO: NO AddInfo: 0x1, TSF 0, 00:04:12.860, RSSI: -146, CPL: 127, AGE: 1628, SSID HHT-FACTORY-OTA, TSFDelta: 0xa593ebb5, TXRate: 0
09-24 00:16:22.191 1402 3877 D LOWI-9.0.0.87.a: [LOWI-Scan]
09-24 00:16:22.191 1402 3877 D LOWI-9.0.0.87.a: [LOWI-Scan] print_bss_handler: Report Probe TSF 253320762 as it greater than Beacon TSF 253306892
09-24 00:16:22.191 1402 3877 D LOWI-9.0.0.87.a: [LOWI-Scan] decode_rsn_wpa_ie: LOWI_ENCRYPTION_TYPE_WPA_PSK
09-24 00:16:22.191 1402 3877 D LOWI-9.0.0.87.a: [LOWI-Scan] is_qcom_ie, bss_age: 0
09-24 00:16:22.191 1402 3877 D LOWI-9.0.0.87.a: [LOWI-Scan] BSS c6:d4:4a:1a:f5:bd LOWI_PHY_MODE_11NG_HT20(5), Beacon Interval: 100, LOWI_ENCRYPTION_TYPE_WPA_PSK 11mcRanging: No, ANQP: No, LCI: No, Civic: No, capability(0x1511): ESS Privacy SpectrumMgmt ShortSlotTime
09-24 00:16:22.191 1402 3877 D LOWI-9.0.0.87.a: [LOWI-Scan] BSS c6:d4:4a:1a:f5:bd FREQ: 2437, cFreq1[40:80:160] = [0:0:0] cFreq2 = 0 Country Code = CN
09-24 00:16:22.191 1402 3877 D LOWI-9.0.0.87.a: [LOWI-Scan] BSS c6:d4:4a:1a:f5:bd (wlan0) ASSO: NO AddInfo: 0x0, TSF 0, 00:04:13.320, RSSI: -150, CPL: 127, AGE: 1168, SSID _________iPhone, TSFDelta: 0x73f04854, TXRate: 0
09-24 00:16:22.192 1402 3877 D LOWI-9.0.0.87.a: [LOWI-Scan]
09-24 00:16:22.192 1402 3877 D LOWI-9.0.0.87.a: [LOWI-Scan] print_bss_handler: Report Probe TSF 253318776 as it greater than Beacon TSF 243278031
09-24 00:16:22.192 1402 3877 D LOWI-9.0.0.87.a: [LOWI-Scan] decode_rsn_wpa_ie: LOWI_ENCRYPTION_TYPE_WPA_PSK
09-24 00:16:22.192 1402 3877 D LOWI-9.0.0.87.a: [LOWI-Scan] is_qcom_ie, bss_age: 0
09-24 00:16:22.192 1402 3877 D LOWI-9.0.0.87.a: [LOWI-Scan] BSS f2:65:c2:f6:96:a0 LOWI_PHY_MODE_11NG_HT20(5), Beacon Interval: 100, LOWI_ENCRYPTION_TYPE_WPA_PSK 11mcRanging: No, ANQP: No, LCI: No, Civic: No, capability(0x0511): ESS Privacy SpectrumMgmt ShortSlotTime
09-24 00:16:22.192 1402 3877 D LOWI-9.0.0.87.a: [LOWI-Scan] BSS f2:65:c2:f6:96:a0 FREQ: 2437, cFreq1[40:80:160] = [0:0:0] cFreq2 = 0 Country Code = CN
09-24 00:16:22.192 1402 3877 D LOWI-9.0.0.87.a: [LOWI-Scan] BSS f2:65:c2:f6:96:a0 (wlan0) ASSO: NO AddInfo: 0x0, TSF 0, 00:04:13.318, RSSI: -134, CPL: 127, AGE: 1172, SSID hotspot96A0, TSFDelta: 0x589591f, TXRate: 0
09-24 00:16:22.192 1402 3877 D LOWI-9.0.0.87.a: [LOWI-Scan]
09-24 00:16:22.192 1402 3877 D LOWI-9.0.0.87.a: [LOWI-Scan] print_bss_handler: Report beacon TSF 243424130 as it greater than probe TSF 233233882
09-24 00:16:22.192 1402 3877 D LOWI-9.0.0.87.a: [LOWI-Scan] decode_rsn_wpa_ie: LOWI_ENCRYPTION_TYPE_WPA_PSK
09-24 00:16:22.192 1402 3877 D LOWI-9.0.0.87.a: [LOWI-Scan] is_qcom_ie, bss_age: 0
09-24 00:16:22.192 1402 3877 D LOWI-9.0.0.87.a: [LOWI-Scan] adjust_age:AP AGE upper limit reached. Dont store
09-24 00:16:22.192 1402 3877 D LOWI-9.0.0.87.a: [LOWI-Scan] BSS 98:97:cc:7e:02:70 LOWI_PHY_MODE_11AC_VHT80(10), Beacon Interval: 100, LOWI_ENCRYPTION_TYPE_WPA_PSK 11mcRanging: No, ANQP: No, LCI: No, Civic: No, capability(0x1011): ESS Privacy
09-24 00:16:22.192 1402 3877 D LOWI-9.0.0.87.a: [LOWI-Scan] BSS 98:97:cc:7e:02:70 FREQ: 5745, cFreq1[40:80:160] = [5755:5775:0] cFreq2 = 0 Country Code = CN
09-24 00:16:22.192 1402 3877 D LOWI-9.0.0.87.a: [LOWI-Scan] BSS 98:97:cc:7e:02:70 (wlan0) ASSO: NO AddInfo: 0x1, TSF 0, 00:04:03.424, RSSI: -172, CPL: 127, AGE: 11064, SSID TP-LINK_026E, TSFDelta: 0xa7d96dc1, TXRate: 0
09-24 00:16:22.193 1402 3877 D LOWI-9.0.0.87.a: [LOWI-Scan]
09-24 00:16:22.193 1402 3877 D LOWI-9.0.0.87.a: [LOWI-Scan] print_bss_handler: Report Probe TSF 253274517 as it greater than Beacon TSF 233223179
09-24 00:16:22.193 1402 3877 D LOWI-9.0.0.87.a: [LOWI-Scan] decode_rsn_wpa_ie: LOWI_ENCRYPTION_TYPE_WPA_PSK
09-24 00:16:22.193 1402 3877 D LOWI-9.0.0.87.a: [LOWI-Scan] is_qcom_ie, bss_age: 0
09-24 00:16:22.193 1402 3877 D LOWI-9.0.0.87.a: [LOWI-Scan] BSS 6a:db:33:f7:dc:fc LOWI_PHY_MODE_11AC_VHT80(10), Beacon Interval: 100, LOWI_ENCRYPTION_TYPE_WPA_PSK 11mcRanging: No, ANQP: No, LCI: No, Civic: No, capability(0x1111): ESS Privacy SpectrumMgmt
09-24 00:16:22.193 1402 3877 D LOWI-9.0.0.87.a: [LOWI-Scan] BSS 6a:db:33:f7:dc:fc FREQ: 5745, cFreq1[40:80:160] = [5755:5775:0] cFreq2 = 0 Country Code = CN
09-24 00:16:22.193 1402 3877 D LOWI-9.0.0.87.a: [LOWI-Scan] BSS 6a:db:33:f7:dc:fc (wlan0) ASSO: NO AddInfo: 0x0, TSF 0, 00:04:13.274, RSSI: -156, CPL: 127, AGE: 1216, SSID iPhone (3), TSFDelta: 0xce9921b7, TXRate: 0
09-24 00:16:22.193 1402 3877 D LOWI-9.0.0.87.a: [LOWI-Scan]
09-24 00:16:22.193 1402 3877 D LOWI-9.0.0.87.a: [LOWI-Scan] print_bss_handler: Report beacon TSF 233698917 as it greater than probe TSF 233698917
09-24 00:16:22.193 1402 3877 D LOWI-9.0.0.87.a: [LOWI-Scan] decode_rsn_wpa_ie: LOWI_ENCRYPTION_TYPE_WPA_PSK
09-24 00:16:22.193 1402 3877 D LOWI-9.0.0.87.a: [LOWI-Scan] is_qcom_ie, bss_age: 0
09-24 00:16:22.193 1402 3877 D LOWI-9.0.0.87.a: [LOWI-Scan] adjust_age:AP AGE upper limit reached. Dont store
09-24 00:16:22.193 1402 3877 D LOWI-9.0.0.87.a: [LOWI-Scan] BSS 4c:a6:4d:b1:84:41 LOWI_PHY_MODE_11NG_HT20(5), Beacon Interval: 100, LOWI_ENCRYPTION_TYPE_WPA_PSK 11mcRanging: No, ANQP: No, LCI: No, Civic: No, capability(0x1411): ESS Privacy ShortSlotTime
09-24 00:16:22.193 1402 3877 D LOWI-9.0.0.87.a: [LOWI-Scan] BSS 4c:a6:4d:b1:84:41 FREQ: 2462, cFreq1[40:80:160] = [0:0:0] cFreq2 = 0 Country Code = CN
09-24 00:16:22.193 1402 3877 D LOWI-9.0.0.87.a: [LOWI-Scan] BSS 4c:a6:4d:b1:84:41 (wlan0) ASSO: NO AddInfo: 0x1, TSF 0, 00:03:53.698, RSSI: -162, CPL: 127, AGE: 20792, SSID , TSFDelta: 0xbe8a2a3c, TXRate: 0
09-24 00:16:22.193 1402 3877 D LOWI-9.0.0.87.a: [LOWI-Scan]
09-24 00:16:22.193 1402 3877 D LOWI-9.0.0.87.a: [LOWI-Scan] print_bss_handler: Report Probe TSF 253812265 as it greater than Beacon TSF 0
09-24 00:16:22.193 1402 3877 D LOWI-9.0.0.87.a: [LOWI-Scan] decode_rsn_wpa_ie: LOWI_ENCRYPTION_TYPE_WPA_PSK
09-24 00:16:22.193 1402 3877 D LOWI-9.0.0.87.a: [LOWI-Scan] is_qcom_ie, bss_age: 0
09-24 00:16:22.193 1402 3877 D LOWI-9.0.0.87.a: [LOWI-Scan] BSS dc:77:4c:52:28:40 LOWI_PHY_MODE_11NG_HT20(5), Beacon Interval: 100, LOWI_ENCRYPTION_TYPE_WPA_PSK 11mcRanging: No, ANQP: No, LCI: No, Civic: No, capability(0x1111): ESS Privacy SpectrumMgmt
09-24 00:16:22.193 1402 3877 D LOWI-9.0.0.87.a: [LOWI-Scan] BSS dc:77:4c:52:28:40 FREQ: 2462, cFreq1[40:80:160] = [0:0:0] cFreq2 = 0 Country Code = CN
09-24 00:16:22.193 1402 3877 D LOWI-9.0.0.87.a: [LOWI-Scan] BSS dc:77:4c:52:28:40 (wlan0) ASSO: NO AddInfo: 0x0, TSF 0, 00:04:13.812, RSSI: -164, CPL: 127, AGE: 676, SSID HiPhi-OTA, TSFDelta: 0xc53af941, TXRate: 0
09-24 00:16:22.193 1402 3877 D LOWI-9.0.0.87.a: [LOWI-Scan]
09-24 00:16:22.194 1402 3877 D LOWI-9.0.0.87.a: [LOWI-Scan] print_bss_handler: Report Probe TSF 242855658 as it greater than Beacon TSF 242843319
09-24 00:16:22.194 1402 3877 D LOWI-9.0.0.87.a: [LOWI-Scan] decode_rsn_wpa_ie: LOWI_ENCRYPTION_TYPE_WPA_PSK
09-24 00:16:22.194 1402 3877 D LOWI-9.0.0.87.a: [LOWI-Scan] is_qcom_ie, bss_age: 0
09-24 00:16:22.194 1402 3877 D LOWI-9.0.0.87.a: [LOWI-Scan] adjust_age:AP AGE upper limit reached. Dont store
09-24 00:16:22.194 1402 3877 D LOWI-9.0.0.87.a: [LOWI-Scan] BSS 3c:51:0e:47:ad:0f LOWI_PHY_MODE_11AC_VHT40(9), Beacon Interval: 100, LOWI_ENCRYPTION_TYPE_WPA_PSK 11mcRanging: No, ANQP: No, LCI: No, Civic: No, capability(0x1111): ESS Privacy SpectrumMgmt
09-24 00:16:22.194 1402 3877 D LOWI-9.0.0.87.a: [LOWI-Scan] BSS 3c:51:0e:47:ad:0f FREQ: 5180, cFreq1[40:80:160] = [5190:0:0] cFreq2 = 0 Country Code = CN
09-24 00:16:22.194 1402 3877 D LOWI-9.0.0.87.a: [LOWI-Scan] BSS 3c:51:0e:47:ad:0f (wlan0) ASSO: NO AddInfo: 0x0, TSF 0, 00:04:02.855, RSSI: -170, CPL: 127, AGE: 11636, SSID HiPhi-PDI, TSFDelta: 0xae2a6813, TXRate: 0
09-24 00:16:22.194 1402 3877 D LOWI-9.0.0.87.a: [LOWI-Scan]
09-24 00:16:22.194 1402 3877 D LOWI-9.0.0.87.a: [LOWI-Scan] print_bss_handler: Report Probe TSF 242854806 as it greater than Beacon TSF 242853298
09-24 00:16:22.194 1402 3877 D LOWI-9.0.0.87.a: [LOWI-Scan] decode_rsn_wpa_ie: LOWI_ENCRYPTION_TYPE_WPA_EAP
09-24 00:16:22.194 1402 3877 D LOWI-9.0.0.87.a: [LOWI-Scan] is_qcom_ie, bss_age: 0
09-24 00:16:22.194 1402 3877 D LOWI-9.0.0.87.a: [LOWI-Scan] adjust_age:AP AGE upper limit reached. Dont store
09-24 00:16:22.194 1402 3877 D LOWI-9.0.0.87.a: [LOWI-Scan] BSS 68:9e:0b:ef:b5:8f LOWI_PHY_MODE_11AC_VHT40(9), Beacon Interval: 100, LOWI_ENCRYPTION_TYPE_WPA_EAP 11mcRanging: No, ANQP: No, LCI: No, Civic: No, capability(0x1111): ESS Privacy SpectrumMgmt
09-24 00:16:22.194 1402 3877 D LOWI-9.0.0.87.a: [LOWI-Scan] BSS 68:9e:0b:ef:b5:8f FREQ: 5180, cFreq1[40:80:160] = [5190:0:0] cFreq2 = 0 Country Code = CN
09-24 00:16:22.194 1402 3877 D LOWI-9.0.0.87.a: [LOWI-Scan] BSS 68:9e:0b:ef:b5:8f (wlan0) ASSO: NO AddInfo: 0x0, TSF 0, 00:04:02.854, RSSI: -142, CPL: 127, AGE: 11636, SSID HH, TSFDelta: 0xab20e8f3, TXRate: 0
09-24 00:16:22.194 1402 3877 D LOWI-9.0.0.87.a: [LOWI-Scan]
09-24 00:16:22.194 1402 3877 D LOWI-9.0.0.87.a: [LOWI-Scan] print_bss_handler: Report Probe TSF 242855188 as it greater than Beacon TSF 242853704
09-24 00:16:22.194 1402 3877 D LOWI-9.0.0.87.a: [LOWI-Scan] decode_rsn_wpa_ie: LOWI_ENCRYPTION_TYPE_WPA_PSK
09-24 00:16:22.194 1402 3877 D LOWI-9.0.0.87.a: [LOWI-Scan] is_qcom_ie, bss_age: 0
09-24 00:16:22.194 1402 3877 D LOWI-9.0.0.87.a: [LOWI-Scan] adjust_age:AP AGE upper limit reached. Dont store
09-24 00:16:22.194 1402 3877 D LOWI-9.0.0.87.a: [LOWI-Scan] BSS 68:9e:0b:ef:b5:8e LOWI_PHY_MODE_11AC_VHT40(9), Beacon Interval: 100, LOWI_ENCRYPTION_TYPE_WPA_PSK 11mcRanging: No, ANQP: No, LCI: No, Civic: No, capability(0x1111): ESS Privacy SpectrumMgmt
09-24 00:16:22.194 1402 3877 D LOWI-9.0.0.87.a: [LOWI-Scan] BSS 68:9e:0b:ef:b5:8e FREQ: 5180, cFreq1[40:80:160] = [5190:0:0] cFreq2 = 0 Country Code = CN
09-24 00:16:22.194 1402 3877 D LOWI-9.0.0.87.a: [LOWI-Scan] BSS 68:9e:0b:ef:b5:8e (wlan0) ASSO: NO AddInfo: 0x0, TSF 0, 00:04:02.855, RSSI: -142, CPL: 127, AGE: 11636, SSID HHT-FACTORY-OTA, TSFDelta: 0xab248efe, TXRate: 0
09-24 00:16:22.194 1402 3877 D LOWI-9.0.0.87.a: [LOWIDiagLog] Log: lowiMeasResult->request: invalid null argument
09-24 00:16:22.194 1402 3877 I LOWI-9.0.0.87.a: [LOWI-Scan] lowi_close_record:Scan done in 180500ms, 45 APs in scan results
09-24 00:16:22.194 1402 3877 D LOWI-9.0.0.87.a: [LOWI-Scan] WipsScanUsingNL: passive scan cached 0, took 9821 ms, err 0
09-24 00:16:22.194 1402 3877 D LOWI-9.0.0.87.a: [LOWI-Scan] lowi_proc_req_passive_scan_with_live_meas - No WLAN Frames to be parsed
09-24 00:16:22.194 1402 3877 D LOWI-9.0.0.87.a: [LOWIScanResultReceiver] Send scan meas to listener
09-24 00:16:22.194 1402 3877 D LOWI-9.0.0.87.a: [LOWIScanResultReceiver] Enter passive listening mode
09-24 00:16:22.194 1402 3877 D LOWI-9.0.0.87.a: [LOWIWifiDriverInterface] getMeasurements - Passive listening mode
09-24 00:16:22.194 1402 3877 D LOWI-9.0.0.87.a: [LOWI-Scan] WipsScanUsingNL:wait -1 sec for netlink message
01-01 08:04:22.371 0 0 I init : Service 'vendor.light-hal-2-0' (pid 6661) exited with status 0
09-24 00:16:22.197 1402 1485 D LOWI-9.0.0.87.a: [LOWIEventReceiver] handleEvent:FROM:NA, TO:NA, REQ:NA, IREQ:NA, REQ_ID:0, RESP:NA, INFO:NA
01-01 08:04:22.377 0 0 W logd : Skipping entries from slow reader, pid 1279, fd 14, from LogBuffer::Prune()
09-24 00:16:22.197 1402 1485 D LOWI-9.0.0.87.a: [LOWIBackgroundScanMgr] isRspForBgScanMgr: evt(LOWI_NO_EVT) - not handled
01-01 08:04:22.379 0 0 I init : Sending signal 9 to service 'vendor.light-hal-2-0' (pid 6661) process group...
09-24 00:16:22.197 1402 1485 D LOWI-9.0.0.87.a: [LOWIScheduler] manageMsg: NULL results or NULL request in results
09-24 00:16:22.197 1402 1485 D LOWI-9.0.0.87.a: [LOWIController] Measurements received
