09-24 00:15:32.297 1402 3877 D LOWI-9.0.0.87.a: [LOWI-Scan] BSS b8:11:4b:7f:e8:2f FREQ: 5765, cFreq1[40:80:160] = [5755:0:0] cFreq2 = 0 Country Code = CN
09-24 00:15:32.297 1402 3877 D LOWI-9.0.0.87.a: [LOWI-Scan] BSS b8:11:4b:7f:e8:2f (wlan0) ASSO: NO AddInfo: 0x0, TSF 0, 00:03:23.539, RSSI: -166, CPL: 127, AGE: 1080, SSID HiPhi-OTA, TSFDelta: 0xbad7a319, TXRate: 0
09-24 00:15:32.297 1402 3877 D LOWI-9.0.0.87.a: [LOWI-Scan]
09-24 00:15:32.298 1402 3877 D LOWI-9.0.0.87.a: [LOWI-Scan] print_bss_handler: Report Probe TSF 203540632 as it greater than Beacon TSF 142248579
09-24 00:15:32.298 1402 3877 D LOWI-9.0.0.87.a: [LOWI-Scan] decode_rsn_wpa_ie: LOWI_ENCRYPTION_TYPE_WPA_PSK
09-24 00:15:32.298 1402 3877 D LOWI-9.0.0.87.a: [LOWI-Scan] is_qcom_ie, bss_age: 0
09-24 00:15:32.298 1402 3877 D LOWI-9.0.0.87.a: [LOWI-Scan] BSS 6c:31:0e:27:99:af LOWI_PHY_MODE_11AC_VHT40(9), Beacon Interval: 100, LOWI_ENCRYPTION_TYPE_WPA_PSK 11mcRanging: No, ANQP: No, LCI: No, Civic: No, capability(0x1111): ESS Privacy SpectrumMgmt
09-24 00:15:32.298 1402 3877 D LOWI-9.0.0.87.a: [LOWI-Scan] BSS 6c:31:0e:27:99:af FREQ: 5765, cFreq1[40:80:160] = [5755:0:0] cFreq2 = 0 Country Code = CN
09-24 00:15:32.298 1402 3877 D LOWI-9.0.0.87.a: [LOWI-Scan] BSS 6c:31:0e:27:99:af (wlan0) ASSO: NO AddInfo: 0x0, TSF 0, 00:03:23.540, RSSI: -126, CPL: 127, AGE: 1076, SSID HiPhi-OTA, TSFDelta: 0xbaa1c68c, TXRate: 0
09-24 00:15:32.298 1402 3877 D LOWI-9.0.0.87.a: [LOWI-Scan]
09-24 00:15:32.298 1402 3877 D LOWI-9.0.0.87.a: [LOWI-Scan] print_bss_handler: Report Probe TSF 203541466 as it greater than Beacon TSF 173473800
09-24 00:15:32.298 1402 3877 D LOWI-9.0.0.87.a: [LOWI-Scan] decode_rsn_wpa_ie: LOWI_ENCRYPTION_TYPE_WPA_PSK
09-24 00:15:32.298 1402 3877 D LOWI-9.0.0.87.a: [LOWI-Scan] is_qcom_ie, bss_age: 0
09-24 00:15:32.298 1402 3877 D LOWI-9.0.0.87.a: [LOWI-Scan] BSS dc:77:4c:52:28:4f LOWI_PHY_MODE_11AC_VHT40(9), Beacon Interval: 100, LOWI_ENCRYPTION_TYPE_WPA_PSK 11mcRanging: No, ANQP: No, LCI: No, Civic: No, capability(0x1111): ESS Privacy SpectrumMgmt
09-24 00:15:32.299 1402 3877 D LOWI-9.0.0.87.a: [LOWI-Scan] BSS dc:77:4c:52:28:4f FREQ: 5765, cFreq1[40:80:160] = [5755:0:0] cFreq2 = 0 Country Code = CN
09-24 00:15:32.299 1402 3877 D LOWI-9.0.0.87.a: [LOWI-Scan] BSS dc:77:4c:52:28:4f (wlan0) ASSO: NO AddInfo: 0x0, TSF 0, 00:03:23.541, RSSI: -150, CPL: 127, AGE: 1076, SSID HiPhi-OTA, TSFDelta: 0xbbc9ae12, TXRate: 0
09-24 00:15:32.299 1402 3877 D LOWI-9.0.0.87.a: [LOWI-Scan]
09-24 00:15:32.299 1402 3877 D LOWI-9.0.0.87.a: [LOWI-Scan] print_bss_handler: Report Probe TSF 203757404 as it greater than Beacon TSF 83273178
09-24 00:15:32.299 1402 3877 D LOWI-9.0.0.87.a: [LOWI-Scan] decode_rsn_wpa_ie: LOWI_ENCRYPTION_TYPE_WPA_PSK
09-24 00:15:32.299 1402 3877 D LOWI-9.0.0.87.a: [LOWI-Scan] is_qcom_ie, bss_age: 0
09-24 00:15:32.299 1402 3877 D LOWI-9.0.0.87.a: [LOWI-Scan] BSS dc:77:4c:52:29:4f LOWI_PHY_MODE_11AC_VHT40(9), Beacon Interval: 100, LOWI_ENCRYPTION_TYPE_WPA_PSK 11mcRanging: No, ANQP: No, LCI: No, Civic: No, capability(0x1111): ESS Privacy SpectrumMgmt
09-24 00:15:32.299 1402 3877 D LOWI-9.0.0.87.a: [LOWI-Scan] BSS dc:77:4c:52:29:4f FREQ: 5805, cFreq1[40:80:160] = [5795:0:0] cFreq2 = 0 Country Code = CN
09-24 00:15:32.299 1402 3877 D LOWI-9.0.0.87.a: [LOWI-Scan] BSS dc:77:4c:52:29:4f (wlan0) ASSO: NO AddInfo: 0x0, TSF 0, 00:03:23.757, RSSI: -138, CPL: 127, AGE: 860, SSID HiPhi-OTA, TSFDelta: 0xc276beff, TXRate: 0
09-24 00:15:32.302 1402 3877 D LOWI-9.0.0.87.a: [LOWI-Scan]
09-24 00:15:32.302 1402 3877 D LOWI-9.0.0.87.a: [LOWI-Scan] print_bss_handler: Report Probe TSF 203757863 as it greater than Beacon TSF 93297430
09-24 00:15:32.302 1402 3877 D LOWI-9.0.0.87.a: [LOWI-Scan] decode_rsn_wpa_ie: LOWI_ENCRYPTION_TYPE_WPA_PSK
09-24 00:15:32.302 1402 3877 D LOWI-9.0.0.87.a: [LOWI-Scan] is_qcom_ie, bss_age: 0
09-24 00:15:32.302 1402 3877 D LOWI-9.0.0.87.a: [LOWI-Scan] BSS b8:11:4b:7f:ed:0f LOWI_PHY_MODE_11AC_VHT40(9), Beacon Interval: 100, LOWI_ENCRYPTION_TYPE_WPA_PSK 11mcRanging: No, ANQP: No, LCI: No, Civic: No, capability(0x1111): ESS Privacy SpectrumMgmt
09-24 00:15:32.302 1402 3877 D LOWI-9.0.0.87.a: [LOWI-Scan] BSS b8:11:4b:7f:ed:0f FREQ: 5805, cFreq1[40:80:160] = [5795:0:0] cFreq2 = 0 Country Code = CN
09-24 00:15:32.302 1402 3877 D LOWI-9.0.0.87.a: [LOWI-Scan] BSS b8:11:4b:7f:ed:0f (wlan0) ASSO: NO AddInfo: 0x0, TSF 0, 00:03:23.757, RSSI: -104, CPL: 127, AGE: 860, SSID HiPhi-OTA, TSFDelta: 0xf1c89f12, TXRate: 0
09-24 00:15:32.303 1402 3877 D LOWI-9.0.0.87.a: [LOWI-Scan]
09-24 00:15:32.303 1402 3877 D LOWI-9.0.0.87.a: [LOWI-Scan] print_bss_handler: Report Probe TSF 203543596 as it greater than Beacon TSF 203537157
09-24 00:15:32.303 1402 3877 D LOWI-9.0.0.87.a: [LOWI-Scan] decode_rsn_wpa_ie: LOWI_ENCRYPTION_TYPE_WPA_PSK
09-24 00:15:32.303 1402 3877 D LOWI-9.0.0.87.a: [LOWI-Scan] is_qcom_ie, bss_age: 0
09-24 00:15:32.303 1402 3877 D LOWI-9.0.0.87.a: [LOWI-Scan] BSS 3c:51:0e:2e:ae:80 LOWI_PHY_MODE_11NG_HT20(5), Beacon Interval: 100, LOWI_ENCRYPTION_TYPE_WPA_PSK 11mcRanging: No, ANQP: No, LCI: No, Civic: No, capability(0x1511): ESS Privacy SpectrumMgmt ShortSlotTime
09-24 00:15:32.303 1402 3877 D LOWI-9.0.0.87.a: [LOWI-Scan] BSS 3c:51:0e:2e:ae:80 FREQ: 2437, cFreq1[40:80:160] = [0:0:0] cFreq2 = 0 Country Code = CN
09-24 00:15:32.303 1402 3877 D LOWI-9.0.0.87.a: [LOWI-Scan] BSS 3c:51:0e:2e:ae:80 (wlan0) ASSO: NO AddInfo: 0x0, TSF 0, 00:03:23.543, RSSI: -134, CPL: 127, AGE: 1076, SSID HiPhi-PDI, TSFDelta: 0xb8d21edf, TXRate: 0
09-24 00:15:32.304 1402 3877 D LOWI-9.0.0.87.a: [LOWI-Scan]
09-24 00:15:32.304 1402 3877 D LOWI-9.0.0.87.a: [LOWI-Scan] print_bss_handler: Report Probe TSF 196332122 as it greater than Beacon TSF 194138935
09-24 00:15:32.304 1402 3877 D LOWI-9.0.0.87.a: [LOWI-Scan] decode_rsn_wpa_ie: LOWI_ENCRYPTION_TYPE_WPA_PSK
09-24 00:15:32.304 1402 3877 D LOWI-9.0.0.87.a: [LOWI-Scan] is_qcom_ie, bss_age: 0
09-24 00:15:32.304 1402 3877 D LOWI-9.0.0.87.a: [LOWI-Scan] BSS 68:9e:0b:ef:b3:6e LOWI_PHY_MODE_11AC_VHT40(9), Beacon Interval: 100, LOWI_ENCRYPTION_TYPE_WPA_PSK 11mcRanging: No, ANQP: No, LCI: No, Civic: No, capability(0x1111): ESS Privacy SpectrumMgmt
09-24 00:15:32.304 1402 3877 D LOWI-9.0.0.87.a: [LOWI-Scan] BSS 68:9e:0b:ef:b3:6e FREQ: 5280, cFreq1[40:80:160] = [5270:0:0] cFreq2 = 0 Country Code = CN
09-24 00:15:32.304 1402 3877 D LOWI-9.0.0.87.a: [LOWI-Scan] BSS 68:9e:0b:ef:b3:6e (wlan0) ASSO: NO AddInfo: 0x0, TSF 0, 00:03:16.332, RSSI: -162, CPL: 127, AGE: 8286, SSID HHT-FACTORY-OTA, TSFDelta: 0xcd4f04ed, TXRate: 0
09-24 00:15:32.305 1402 3877 D LOWI-9.0.0.87.a: [LOWI-Scan]
09-24 00:15:32.305 1402 3877 D LOWI-9.0.0.87.a: [LOWI-Scan] print_bss_handler: Report Probe TSF 196331266 as it greater than Beacon TSF 196319181
09-24 00:15:32.305 1402 3877 D LOWI-9.0.0.87.a: [LOWI-Scan] decode_rsn_wpa_ie: LOWI_ENCRYPTION_TYPE_WPA_PSK
09-24 00:15:32.305 1402 3877 D LOWI-9.0.0.87.a: [LOWI-Scan] is_qcom_ie, bss_age: 0
09-24 00:15:32.305 1402 3877 D LOWI-9.0.0.87.a: [LOWI-Scan] BSS 3c:51:0e:2e:f4:af LOWI_PHY_MODE_11AC_VHT40(9), Beacon Interval: 100, LOWI_ENCRYPTION_TYPE_WPA_PSK 11mcRanging: No, ANQP: No, LCI: No, Civic: No, capability(0x1111): ESS Privacy SpectrumMgmt
09-24 00:15:32.305 1402 3877 D LOWI-9.0.0.87.a: [LOWI-Scan] BSS 3c:51:0e:2e:f4:af FREQ: 5280, cFreq1[40:80:160] = [5270:0:0] cFreq2 = 0 Country Code = CN
09-24 00:15:32.305 1402 3877 D LOWI-9.0.0.87.a: [LOWI-Scan] BSS 3c:51:0e:2e:f4:af (wlan0) ASSO: NO AddInfo: 0x0, TSF 0, 00:03:16.331, RSSI: -174, CPL: 127, AGE: 8291, SSID HiPhi-PDI, TSFDelta: 0xce75a5c5, TXRate: 0
09-24 00:15:32.305 1402 3877 D LOWI-9.0.0.87.a: [LOWI-Scan]
09-24 00:15:32.305 1402 3877 D LOWI-9.0.0.87.a: [LOWI-Scan] print_bss_handler: Report Probe TSF 196331730 as it greater than Beacon TSF 196288223
09-24 00:15:32.305 1402 3877 D LOWI-9.0.0.87.a: [LOWI-Scan] decode_rsn_wpa_ie: LOWI_ENCRYPTION_TYPE_WPA_EAP
09-24 00:15:32.305 1402 3877 D LOWI-9.0.0.87.a: [LOWI-Scan] is_qcom_ie, bss_age: 0
09-24 00:15:32.305 1402 3877 D LOWI-9.0.0.87.a: [LOWI-Scan] BSS 68:9e:0b:ef:b3:6f LOWI_PHY_MODE_11AC_VHT40(9), Beacon Interval: 100, LOWI_ENCRYPTION_TYPE_WPA_EAP 11mcRanging: No, ANQP: No, LCI: No, Civic: No, capability(0x1111): ESS Privacy SpectrumMgmt
09-24 00:15:32.305 1402 3877 D LOWI-9.0.0.87.a: [LOWI-Scan] BSS 68:9e:0b:ef:b3:6f FREQ: 5280, cFreq1[40:80:160] = [5270:0:0] cFreq2 = 0 Country Code = CN
09-24 00:15:32.305 1402 3877 D LOWI-9.0.0.87.a: [LOWI-Scan] BSS 68:9e:0b:ef:b3:6f (wlan0) ASSO: NO AddInfo: 0x0, TSF 0, 00:03:16.331, RSSI: -160, CPL: 127, AGE: 8290, SSID HH, TSFDelta: 0xcd4a46e1, TXRate: 0
09-24 00:15:32.306 1402 3877 D LOWI-9.0.0.87.a: [LOWI-Scan]
09-24 00:15:32.306 1402 3877 D LOWI-9.0.0.87.a: [LOWI-Scan] print_bss_handler: Report beacon TSF 203736134 as it greater than probe TSF 195849817
09-24 00:15:32.306 1402 3877 D LOWI-9.0.0.87.a: [LOWI-Scan] decode_rsn_wpa_ie: LOWI_ENCRYPTION_TYPE_WPA_PSK
09-24 00:15:32.306 1402 3877 D LOWI-9.0.0.87.a: [LOWI-Scan] is_qcom_ie, bss_age: 0
09-24 00:15:32.306 1402 3877 D LOWI-9.0.0.87.a: [LOWI-Scan] BSS d4:72:26:02:22:99 LOWI_PHY_MODE_11NG_HT40(7), Beacon Interval: 100, LOWI_ENCRYPTION_TYPE_WPA_PSK 11mcRanging: No, ANQP: No, LCI: No, Civic: No, capability(0x0411): ESS Privacy ShortSlotTime
09-24 00:15:32.306 1402 3877 D LOWI-9.0.0.87.a: [LOWI-Scan] BSS d4:72:26:02:22:99 FREQ: 2447, cFreq1[40:80:160] = [2437:0:0] cFreq2 = 0 Country Code = CN
09-24 00:15:32.306 1402 3877 D LOWI-9.0.0.87.a: [LOWI-Scan] BSS d4:72:26:02:22:99 (wlan0) ASSO: NO AddInfo: 0x1, TSF 0, 00:03:23.736, RSSI: -154, CPL: 127, AGE: 880, SSID ZTE_022299, TSFDelta: 0x54f1b21a, TXRate: 0
09-24 00:15:32.306 1402 3877 D LOWI-9.0.0.87.a: [LOWI-Scan]
09-24 00:15:32.306 1402 3877 D LOWI-9.0.0.87.a: [LOWI-Scan] print_bss_handler: Report Probe TSF 204601577 as it greater than Beacon TSF 204573912
09-24 00:15:32.306 1402 3877 D LOWI-9.0.0.87.a: [LOWI-Scan] decode_rsn_wpa_ie: LOWI_ENCRYPTION_TYPE_WPA_PSK
09-24 00:15:32.306 1402 3877 D LOWI-9.0.0.87.a: [LOWI-Scan] is_qcom_ie, bss_age: 0
09-24 00:15:32.306 1402 3877 D LOWI-9.0.0.87.a: [LOWI-Scan] BSS 3c:51:0e:47:7c:2f LOWI_PHY_MODE_11AC_VHT40(9), Beacon Interval: 100, LOWI_ENCRYPTION_TYPE_WPA_PSK 11mcRanging: No, ANQP: No, LCI: No, Civic: No, capability(0x1111): ESS Privacy SpectrumMgmt
09-24 00:15:32.306 1402 3877 D LOWI-9.0.0.87.a: [LOWI-Scan] BSS 3c:51:0e:47:7c:2f FREQ: 5320, cFreq1[40:80:160] = [5310:0:0] cFreq2 = 0 Country Code = CN
09-24 00:15:32.306 1402 3877 D LOWI-9.0.0.87.a: [LOWI-Scan] BSS 3c:51:0e:47:7c:2f (wlan0) ASSO: NO AddInfo: 0x0, TSF 0, 00:03:24.601, RSSI: -150, CPL: 127, AGE: 16, SSID HiPhi-PDI, TSFDelta: 0xd767cde4, TXRate: 0
09-24 00:15:32.306 1402 3877 D LOWI-9.0.0.87.a: [LOWI-Scan]
09-24 00:15:32.306 1402 3877 D LOWI-9.0.0.87.a: [LOWI-Scan] print_bss_handler: Report Probe TSF 204603521 as it greater than Beacon TSF 204576125
09-24 00:15:32.306 1402 3877 D LOWI-9.0.0.87.a: [LOWI-Scan] decode_rsn_wpa_ie: LOWI_ENCRYPTION_TYPE_WPA_PSK
09-24 00:15:32.306 1402 3877 D LOWI-9.0.0.87.a: [LOWI-Scan] is_qcom_ie, bss_age: 0
09-24 00:15:32.306 1402 3877 D LOWI-9.0.0.87.a: [LOWI-Scan] BSS 4c:a6:4d:b1:84:4b LOWI_PHY_MODE_11AC_VHT40(9), Beacon Interval: 100, LOWI_ENCRYPTION_TYPE_WPA_PSK 11mcRanging: No, ANQP: No, LCI: No, Civic: No, capability(0x1511): ESS Privacy SpectrumMgmt ShortSlotTime
09-24 00:15:32.306 1402 3877 D LOWI-9.0.0.87.a: [LOWI-Scan] BSS 4c:a6:4d:b1:84:4b FREQ: 5320, cFreq1[40:80:160] = [5310:0:0] cFreq2 = 0 Country Code = CN
09-24 00:15:32.306 1402 3877 D LOWI-9.0.0.87.a: [LOWI-Scan] BSS 4c:a6:4d:b1:84:4b (wlan0) ASSO: NO AddInfo: 0x0, TSF 0, 00:03:24.603, RSSI: -164, CPL: 127, AGE: 16, SSID HH-Partner, TSFDelta: 0xd3251509, TXRate: 0
09-24 00:15:32.307 1402 3877 D LOWI-9.0.0.87.a: [LOWI-Scan]
09-24 00:15:32.307 1402 3877 D LOWI-9.0.0.87.a: [LOWI-Scan] print_bss_handler: Report Probe TSF 204603118 as it greater than Beacon TSF 204577130
09-24 00:15:32.307 1402 3877 D LOWI-9.0.0.87.a: [LOWI-Scan] decode_rsn_wpa_ie: LOWI_ENCRYPTION_TYPE_WPA_EAP
09-24 00:15:32.307 1402 3877 D LOWI-9.0.0.87.a: [LOWI-Scan] is_qcom_ie, bss_age: 0
09-24 00:15:32.307 1402 3877 D LOWI-9.0.0.87.a: [LOWI-Scan] BSS 4c:a6:4d:b1:84:4c LOWI_PHY_MODE_11AC_VHT40(9), Beacon Interval: 100, LOWI_ENCRYPTION_TYPE_WPA_EAP 11mcRanging: No, ANQP: No, LCI: No, Civic: No, capability(0x1511): ESS Privacy SpectrumMgmt ShortSlotTime
09-24 00:15:32.307 1402 3877 D LOWI-9.0.0.87.a: [LOWI-Scan] BSS 4c:a6:4d:b1:84:4c FREQ: 5320, cFreq1[40:80:160] = [5310:0:0] cFreq2 = 0 Country Code = CN
09-24 00:15:32.307 1402 3877 D LOWI-9.0.0.87.a: [LOWI-Scan] BSS 4c:a6:4d:b1:84:4c (wlan0) ASSO: NO AddInfo: 0x0, TSF 0, 00:03:24.603, RSSI: -164, CPL: 127, AGE: 16, SSID HH-mobile, TSFDelta: 0xd3212a22, TXRate: 0
09-24 00:15:32.307 1402 3877 D LOWI-9.0.0.87.a: [LOWI-Scan]
09-24 00:15:32.307 1402 3877 D LOWI-9.0.0.87.a: [LOWI-Scan] print_bss_handler: Report Probe TSF 204602675 as it greater than Beacon TSF 204577756
09-24 00:15:32.307 1402 3877 D LOWI-9.0.0.87.a: [LOWI-Scan] decode_rsn_wpa_ie: LOWI_ENCRYPTION_TYPE_WPA_PSK
09-24 00:15:32.307 1402 3877 D LOWI-9.0.0.87.a: [LOWI-Scan] is_qcom_ie, bss_age: 0
09-24 00:15:32.307 1402 3877 D LOWI-9.0.0.87.a: [LOWI-Scan] BSS 4c:a6:4d:b1:84:4d LOWI_PHY_MODE_11AC_VHT40(9), Beacon Interval: 100, LOWI_ENCRYPTION_TYPE_WPA_PSK 11mcRanging: No, ANQP: No, LCI: No, Civic: No, capability(0x1511): ESS Privacy SpectrumMgmt ShortSlotTime
09-24 00:15:32.307 1402 3877 D LOWI-9.0.0.87.a: [LOWI-Scan] BSS 4c:a6:4d:b1:84:4d FREQ: 5320, cFreq1[40:80:160] = [5310:0:0] cFreq2 = 0 Country Code = CN
09-24 00:15:32.307 1402 3877 D LOWI-9.0.0.87.a: [LOWI-Scan] BSS 4c:a6:4d:b1:84:4d (wlan0) ASSO: NO AddInfo: 0x0, TSF 0, 00:03:24.602, RSSI: -164, CPL: 127, AGE: 16, SSID HH-Guest, TSFDelta: 0xd31d48ad, TXRate: 0
09-24 00:15:32.307 1402 3877 D LOWI-9.0.0.87.a: [LOWI-Scan]
09-24 00:15:32.307 1402 3877 D LOWI-9.0.0.87.a: [LOWI-Scan] print_bss_handler: Report beacon TSF 204578391 as it greater than probe TSF 204578391
09-24 00:15:32.307 1402 3877 D LOWI-9.0.0.87.a: [LOWI-Scan] decode_rsn_wpa_ie: LOWI_ENCRYPTION_TYPE_WPA_PSK
09-24 00:15:32.307 1402 3877 D LOWI-9.0.0.87.a: [LOWI-Scan] is_qcom_ie, bss_age: 0
09-24 00:15:32.307 1402 3877 D LOWI-9.0.0.87.a: [LOWI-Scan] BSS 4c:a6:4d:b1:84:4e LOWI_PHY_MODE_11AC_VHT40(9), Beacon Interval: 100, LOWI_ENCRYPTION_TYPE_WPA_PSK 11mcRanging: No, ANQP: No, LCI: No, Civic: No, capability(0x1511): ESS Privacy SpectrumMgmt ShortSlotTime
09-24 00:15:32.307 1402 3877 D LOWI-9.0.0.87.a: [LOWI-Scan] BSS 4c:a6:4d:b1:84:4e FREQ: 5320, cFreq1[40:80:160] = [5310:0:0] cFreq2 = 0 Country Code = CN
09-24 00:15:32.307 1402 3877 D LOWI-9.0.0.87.a: [LOWI-Scan] BSS 4c:a6:4d:b1:84:4e (wlan0) ASSO: NO AddInfo: 0x1, TSF 0, 00:03:24.578, RSSI: -166, CPL: 127, AGE: 40, SSID , TSFDelta: 0xd27a8084, TXRate: 0
09-24 00:15:32.308 1402 3877 D LOWI-9.0.0.87.a: [LOWI-Scan]
09-24 00:15:32.308 1402 3877 D LOWI-9.0.0.87.a: [LOWI-Scan] print_bss_handler: Report Probe TSF 204602005 as it greater than Beacon TSF 204579059
09-24 00:15:32.308 1402 3877 D LOWI-9.0.0.87.a: [LOWI-Scan] decode_rsn_wpa_ie: LOWI_ENCRYPTION_TYPE_WPA_EAP
09-24 00:15:32.308 1402 3877 D LOWI-9.0.0.87.a: [LOWI-Scan] is_qcom_ie, bss_age: 0
09-24 00:15:32.308 1402 3877 D LOWI-9.0.0.87.a: [LOWI-Scan] BSS 4c:a6:4d:b1:84:4f LOWI_PHY_MODE_11AC_VHT40(9), Beacon Interval: 100, LOWI_ENCRYPTION_TYPE_WPA_EAP 11mcRanging: No, ANQP: No, LCI: No, Civic: No, capability(0x1511): ESS Privacy SpectrumMgmt ShortSlotTime
09-24 00:15:32.308 1402 3877 D LOWI-9.0.0.87.a: [LOWI-Scan] BSS 4c:a6:4d:b1:84:4f FREQ: 5320, cFreq1[40:80:160] = [5310:0:0] cFreq2 = 0 Country Code = CN
09-24 00:15:32.308 1402 3877 D LOWI-9.0.0.87.a: [LOWI-Scan] BSS 4c:a6:4d:b1:84:4f (wlan0) ASSO: NO AddInfo: 0x0, TSF 0, 00:03:24.602, RSSI: -164, CPL: 127, AGE: 16, SSID HH, TSFDelta: 0xd3196ca6, TXRate: 0
09-24 00:15:32.308 1402 3877 D LOWI-9.0.0.87.a: [LOWI-Scan]
09-24 00:15:32.308 1402 3877 D LOWI-9.0.0.87.a: [LOWI-Scan] print_bss_handler: Report beacon TSF 204000739 as it greater than probe TSF 196176338
09-24 00:15:32.308 1402 3877 D LOWI-9.0.0.87.a: [LOWI-Scan] decode_rsn_wpa_ie: LOWI_ENCRYPTION_TYPE_WPA_EAP
09-24 00:15:32.308 1402 3877 D LOWI-9.0.0.87.a: [LOWI-Scan] is_qcom_ie, bss_age: 0
09-24 00:15:32.308 1402 3877 D LOWI-9.0.0.87.a: [LOWI-Scan] BSS 4c:a6:4d:b1:84:40 LOWI_PHY_MODE_11NG_HT20(5), Beacon Interval: 100, LOWI_ENCRYPTION_TYPE_WPA_EAP 11mcRanging: No, ANQP: No, LCI: No, Civic: No, capability(0x1411): ESS Privacy ShortSlotTime
09-24 00:15:32.308 1402 3877 D LOWI-9.0.0.87.a: [LOWI-Scan] BSS 4c:a6:4d:b1:84:40 FREQ: 2462, cFreq1[40:80:160] = [0:0:0] cFreq2 = 0 Country Code = CN
09-24 00:15:32.308 1402 3877 D LOWI-9.0.0.87.a: [LOWI-Scan] BSS 4c:a6:4d:b1:84:40 (wlan0) ASSO: NO AddInfo: 0x1, TSF 0, 00:03:24.000, RSSI: -164, CPL: 127, AGE: 616, SSID HH, TSFDelta: 0xc455f79c, TXRate: 0
09-24 00:15:32.308 1402 3877 D LOWI-9.0.0.87.a: [LOWI-Scan]
09-24 00:15:32.308 1129 1821 D WificondScannerImpl: Filtering out 13 scan results.
09-24 00:15:32.308 1402 3877 D LOWI-9.0.0.87.a: [LOWI-Scan] print_bss_handler: Report Probe TSF 204066891 as it greater than Beacon TSF 204026551
09-24 00:15:32.308 1402 3877 D LOWI-9.0.0.87.a: [LOWI-Scan] decode_rsn_wpa_ie: LOWI_ENCRYPTION_TYPE_WPA_PSK
09-24 00:15:32.308 1402 3877 D LOWI-9.0.0.87.a: [LOWI-Scan] is_qcom_ie, bss_age: 0
09-24 00:15:32.308 1402 3877 D LOWI-9.0.0.87.a: [LOWI-Scan] BSS 6c:31:0e:27:99:a0 LOWI_PHY_MODE_11NG_HT20(5), Beacon Interval: 100, LOWI_ENCRYPTION_TYPE_WPA_PSK 11mcRanging: No, ANQP: No, LCI: No, Civic: No, capability(0x1111): ESS Privacy SpectrumMgmt
09-24 00:15:32.308 1402 3877 D LOWI-9.0.0.87.a: [LOWI-Scan] BSS 6c:31:0e:27:99:a0 FREQ: 2462, cFreq1[40:80:160] = [0:0:0] cFreq2 = 0 Country Code = CN
09-24 00:15:32.308 1402 3877 D LOWI-9.0.0.87.a: [LOWI-Scan] BSS 6c:31:0e:27:99:a0 (wlan0) ASSO: NO AddInfo: 0x0, TSF 0, 00:03:24.066, RSSI: -148, CPL: 127, AGE: 552, SSID HiPhi-OTA, TSFDelta: 0xc8c61036, TXRate: 0
09-24 00:15:32.309 1402 3877 D LOWI-9.0.0.87.a: [LOWI-Scan]
09-24 00:15:32.309 1402 3877 D LOWI-9.0.0.87.a: [LOWI-Scan] print_bss_handler: Report Probe TSF 183999026 as it greater than Beacon TSF 156043133
09-24 00:15:32.309 1402 3877 D LOWI-9.0.0.87.a: [LOWI-Scan] decode_rsn_wpa_ie: LOWI_ENCRYPTION_TYPE_WPA_PSK
09-24 00:15:32.309 1402 3877 D LOWI-9.0.0.87.a: [LOWI-Scan] is_qcom_ie, bss_age: 0
09-24 00:15:32.309 1402 3877 D LOWI-9.0.0.87.a: [LOWI-Scan] adjust_age:AP AGE upper limit reached. Dont store
09-24 00:15:32.309 1402 3877 D LOWI-9.0.0.87.a: [LOWI-Scan] BSS dc:77:4c:52:28:40 LOWI_PHY_MODE_11NG_HT20(5), Beacon Interval: 100, LOWI_ENCRYPTION_TYPE_WPA_PSK 11mcRanging: No, ANQP: No, LCI: No, Civic: No, capability(0x1111): ESS Privacy SpectrumMgmt
09-24 00:15:32.309 1402 3877 D LOWI-9.0.0.87.a: [LOWI-Scan] BSS dc:77:4c:52:28:40 FREQ: 2462, cFreq1[40:80:160] = [0:0:0] cFreq2 = 0 Country Code = CN
09-24 00:15:32.309 1402 3877 D LOWI-9.0.0.87.a: [LOWI-Scan] BSS dc:77:4c:52:28:40 (wlan0) ASSO: NO AddInfo: 0x0, TSF 0, 00:03:03.999, RSSI: -168, CPL: 127, AGE: 20620, SSID HiPhi-OTA, TSFDelta: 0xcab4b9a4, TXRate: 0
09-24 00:15:32.309 1402 3877 D LOWI-9.0.0.87.a: [LOWI-Scan]
09-24 00:15:32.309 1402 3877 D LOWI-9.0.0.87.a: [LOWI-Scan] print_bss_handler: Report beacon TSF 204067725 as it greater than probe TSF 204066141
09-24 00:15:32.309 1402 3877 D LOWI-9.0.0.87.a: [LOWI-Scan] decode_rsn_wpa_ie: LOWI_ENCRYPTION_TYPE_WPA_PSK
09-24 00:15:32.309 1402 3877 D LOWI-9.0.0.87.a: [LOWI-Scan] is_qcom_ie, bss_age: 0
09-24 00:15:32.309 1402 3877 D LOWI-9.0.0.87.a: [LOWI-Scan] BSS dc:77:4c:52:29:40 LOWI_PHY_MODE_11NG_HT20(5), Beacon Interval: 100, LOWI_ENCRYPTION_TYPE_WPA_PSK 11mcRanging: No, ANQP: No, LCI: No, Civic: No, capability(0x1111): ESS Privacy SpectrumMgmt
09-24 00:15:32.309 1402 3877 D LOWI-9.0.0.87.a: [LOWI-Scan] BSS dc:77:4c:52:29:40 FREQ: 2462, cFreq1[40:80:160] = [0:0:0] cFreq2 = 0 Country Code = CN
09-24 00:15:32.309 1402 3877 D LOWI-9.0.0.87.a: [LOWI-Scan] BSS dc:77:4c:52:29:40 (wlan0) ASSO: NO AddInfo: 0x1, TSF 0, 00:03:24.067, RSSI: -150, CPL: 127, AGE: 552, SSID HiPhi-OTA, TSFDelta: 0xc9fdd346, TXRate: 0
09-24 00:15:32.309 1402 3877 D LOWI-9.0.0.87.a: [LOWI-Scan]
09-24 00:15:32.309 1402 3877 D LOWI-9.0.0.87.a: [LOWI-Scan] print_bss_handler: Report beacon TSF 204065352 as it greater than probe TSF 142575427
09-24 00:15:32.309 1402 3877 D LOWI-9.0.0.87.a: [LOWI-Scan] decode_rsn_wpa_ie: LOWI_ENCRYPTION_TYPE_WPA_PSK
09-24 00:15:32.309 1402 3877 D LOWI-9.0.0.87.a: [LOWI-Scan] is_qcom_ie, bss_age: 0
09-24 00:15:32.309 1402 3877 D LOWI-9.0.0.87.a: [LOWI-Scan] BSS 98:97:cc:7e:02:6e LOWI_PHY_MODE_11NG_HT40(7), Beacon Interval: 100, LOWI_ENCRYPTION_TYPE_WPA_PSK 11mcRanging: No, ANQP: No, LCI: No, Civic: No, capability(0x1411): ESS Privacy ShortSlotTime
09-24 00:15:32.309 1402 3877 D LOWI-9.0.0.87.a: [LOWI-Scan] BSS 98:97:cc:7e:02:6e FREQ: 2462, cFreq1[40:80:160] = [2452:0:0] cFreq2 = 0 Country Code = CN
09-24 00:15:32.310 1402 3877 D LOWI-9.0.0.87.a: [LOWI-Scan] BSS 98:97:cc:7e:02:6e (wlan0) ASSO: NO AddInfo: 0x1, TSF 0, 00:03:24.065, RSSI: -138, CPL: 127, AGE: 552, SSID TP-LINK_026E, TSFDelta: 0xbb9dd66f, TXRate: 0
09-24 00:15:32.310 1402 3877 D LOWI-9.0.0.87.a: [LOWI-Scan]
09-24 00:15:32.310 1402 3877 D LOWI-9.0.0.87.a: [LOWI-Scan] print_bss_handler: Report Probe TSF 196176950 as it greater than Beacon TSF 176047136
09-24 00:15:32.310 1402 3877 D LOWI-9.0.0.87.a: [LOWI-Scan] decode_rsn_wpa_ie: LOWI_ENCRYPTION_TYPE_WPA_PSK
09-24 00:15:32.310 1402 3877 D LOWI-9.0.0.87.a: [LOWI-Scan] is_qcom_ie, bss_age: 0
09-24 00:15:32.310 1402 3877 D LOWI-9.0.0.87.a: [LOWI-Scan] BSS 4c:a6:4d:b1:84:42 LOWI_PHY_MODE_11NG_HT20(5), Beacon Interval: 100, LOWI_ENCRYPTION_TYPE_WPA_PSK 11mcRanging: No, ANQP: No, LCI: No, Civic: No, capability(0x1411): ESS Privacy ShortSlotTime
09-24 00:15:32.310 1402 3877 D LOWI-9.0.0.87.a: [LOWI-Scan] BSS 4c:a6:4d:b1:84:42 FREQ: 2462, cFreq1[40:80:160] = [0:0:0] cFreq2 = 0 Country Code = CN
09-24 00:15:32.310 1402 3877 D LOWI-9.0.0.87.a: [LOWI-Scan] BSS 4c:a6:4d:b1:84:42 (wlan0) ASSO: NO AddInfo: 0x0, TSF 0, 00:03:16.176, RSSI: -162, CPL: 127, AGE: 8439, SSID HH-Guest, TSFDelta: 0xc4b2a696, TXRate: 0
09-24 00:15:32.310 1402 3877 D LOWI-9.0.0.87.a: [LOWI-Scan]
09-24 00:15:32.310 1402 3877 D LOWI-9.0.0.87.a: [LOWI-Scan] print_bss_handler: Report Probe TSF 196177307 as it greater than Beacon TSF 176049473
09-24 00:15:32.310 1402 3877 D LOWI-9.0.0.87.a: [LOWI-Scan] decode_rsn_wpa_ie: LOWI_ENCRYPTION_TYPE_WPA_EAP
09-24 00:15:32.310 1402 3877 D LOWI-9.0.0.87.a: [LOWI-Scan] is_qcom_ie, bss_age: 0
09-24 00:15:32.310 1402 3877 D LOWI-9.0.0.87.a: [LOWI-Scan] BSS 4c:a6:4d:b1:84:43 LOWI_PHY_MODE_11NG_HT20(5), Beacon Interval: 100, LOWI_ENCRYPTION_TYPE_WPA_EAP 11mcRanging: No, ANQP: No, LCI: No, Civic: No, capability(0x1411): ESS Privacy ShortSlotTime
09-24 00:15:32.310 1402 3877 D LOWI-9.0.0.87.a: [LOWI-Scan] BSS 4c:a6:4d:b1:84:43 FREQ: 2462, cFreq1[40:80:160] = [0:0:0] cFreq2 = 0 Country Code = CN
09-24 00:15:32.310 1402 3877 D LOWI-9.0.0.87.a: [LOWI-Scan] BSS 4c:a6:4d:b1:84:43 (wlan0) ASSO: NO AddInfo: 0x0, TSF 0, 00:03:16.177, RSSI: -160, CPL: 127, AGE: 8438, SSID HH-mobile, TSFDelta: 0xc4dda5b1, TXRate: 0
09-24 00:15:32.310 1402 3877 D LOWI-9.0.0.87.a: [LOWI-Scan]
09-24 00:15:32.310 1402 3877 D LOWI-9.0.0.87.a: [LOWI-Scan] print_bss_handler: Report Probe TSF 194031942 as it greater than Beacon TSF 176051299
09-24 00:15:32.310 1402 3877 D LOWI-9.0.0.87.a: [LOWI-Scan] decode_rsn_wpa_ie: LOWI_ENCRYPTION_TYPE_WPA_PSK
09-24 00:15:32.310 1402 3877 D LOWI-9.0.0.87.a: [LOWI-Scan] is_qcom_ie, bss_age: 0
09-24 00:15:32.311 1402 3877 D LOWI-9.0.0.87.a: [LOWI-Scan] adjust_age:AP AGE upper limit reached. Dont store
09-24 00:15:32.311 1402 3877 D LOWI-9.0.0.87.a: [LOWI-Scan] BSS 4c:a6:4d:b1:84:44 LOWI_PHY_MODE_11NG_HT20(5), Beacon Interval: 100, LOWI_ENCRYPTION_TYPE_WPA_PSK 11mcRanging: No, ANQP: No, LCI: No, Civic: No, capability(0x1411): ESS Privacy ShortSlotTime
09-24 00:15:32.311 1402 3877 D LOWI-9.0.0.87.a: [LOWI-Scan] BSS 4c:a6:4d:b1:84:44 FREQ: 2462, cFreq1[40:80:160] = [0:0:0] cFreq2 = 0 Country Code = CN
09-24 00:15:32.311 1402 3877 D LOWI-9.0.0.87.a: [LOWI-Scan] BSS 4c:a6:4d:b1:84:44 (wlan0) ASSO: NO AddInfo: 0x0, TSF 0, 00:03:14.031, RSSI: -158, CPL: 127, AGE: 10588, SSID HH-Partner, TSFDelta: 0xc33b1c35, TXRate: 0
09-24 00:15:32.311 1402 3877 D LOWI-9.0.0.87.a: [LOWI-Scan]
09-24 00:15:32.311 1402 3877 D LOWI-9.0.0.87.a: [LOWI-Scan] print_bss_handler: Report Probe TSF 203036917 as it greater than Beacon TSF 203020556
09-24 00:15:32.311 1402 3877 D LOWI-9.0.0.87.a: [LOWI-Scan] decode_rsn_wpa_ie: LOWI_ENCRYPTION_TYPE_WPA_PSK
09-24 00:15:32.311 1402 3877 D LOWI-9.0.0.87.a: [LOWI-Scan] is_qcom_ie, bss_age: 0
09-24 00:15:32.311 1402 3877 D LOWI-9.0.0.87.a: [LOWI-Scan] BSS 3c:51:0e:47:ad:00 LOWI_PHY_MODE_11NG_HT20(5), Beacon Interval: 100, LOWI_ENCRYPTION_TYPE_WPA_PSK 11mcRanging: No, ANQP: No, LCI: No, Civic: No, capability(0x1111): ESS Privacy SpectrumMgmt
09-24 00:15:32.311 1402 3877 D LOWI-9.0.0.87.a: [LOWI-Scan] BSS 3c:51:0e:47:ad:00 FREQ: 2412, cFreq1[40:80:160] = [0:0:0] cFreq2 = 0 Country Code = CN
09-24 00:15:32.311 1402 3877 D LOWI-9.0.0.87.a: [LOWI-Scan] BSS 3c:51:0e:47:ad:00 (wlan0) ASSO: NO AddInfo: 0x0, TSF 0, 00:03:23.036, RSSI: -156, CPL: 127, AGE: 1580, SSID HiPhi-PDI, TSFDelta: 0xab5e0493, TXRate: 0
09-24 00:15:32.311 1402 3877 D LOWI-9.0.0.87.a: [LOWI-Scan]
09-24 00:15:32.311 1402 3877 D LOWI-9.0.0.87.a: [LOWI-Scan] print_bss_handler: Report beacon TSF 203586410 as it greater than probe TSF 203521835
09-24 00:15:32.311 1402 3877 D LOWI-9.0.0.87.a: [LOWI-Scan] decode_rsn_wpa_ie: LOWI_ENCRYPTION_TYPE_WPA_EAP
09-24 00:15:32.311 1402 3877 D LOWI-9.0.0.87.a: [LOWI-Scan] is_qcom_ie, bss_age: 0
09-24 00:15:32.311 1402 3877 D LOWI-9.0.0.87.a: [LOWI-Scan] BSS 68:9e:0b:ef:b3:60 LOWI_PHY_MODE_11NG_HT20(5), Beacon Interval: 100, LOWI_ENCRYPTION_TYPE_WPA_EAP 11mcRanging: No, ANQP: No, LCI: No, Civic: No, capability(0x1111): ESS Privacy SpectrumMgmt
09-24 00:15:32.311 1402 3877 D LOWI-9.0.0.87.a: [LOWI-Scan] BSS 68:9e:0b:ef:b3:60 FREQ: 2437, cFreq1[40:80:160] = [0:0:0] cFreq2 = 0 Country Code = CN
09-24 00:15:32.311 1402 3877 D LOWI-9.0.0.87.a: [LOWI-Scan] BSS 68:9e:0b:ef:b3:60 (wlan0) ASSO: NO AddInfo: 0x1, TSF 0, 00:03:23.586, RSSI: -160, CPL: 127, AGE: 1032, SSID HH, TSFDelta: 0xb6557e0a, TXRate: 0
09-24 00:15:32.311 1402 3877 D LOWI-9.0.0.87.a: [LOWI-Scan]
09-24 00:15:32.311 1402 3877 D LOWI-9.0.0.87.a: [LOWI-Scan] print_bss_handler: Report Probe TSF 195650817 as it greater than Beacon TSF 195640478
09-24 00:15:32.311 1402 3877 D LOWI-9.0.0.87.a: [LOWI-Scan] decode_rsn_wpa_ie: LOWI_ENCRYPTION_TYPE_WPA_PSK
09-24 00:15:32.311 1402 3877 D LOWI-9.0.0.87.a: [LOWI-Scan] is_qcom_ie, bss_age: 0
09-24 00:15:32.311 1402 3877 D LOWI-9.0.0.87.a: [LOWI-Scan] BSS 3c:51:0e:2e:f4:a0 LOWI_PHY_MODE_11NG_HT20(5), Beacon Interval: 100, LOWI_ENCRYPTION_TYPE_WPA_PSK 11mcRanging: No, ANQP: No, LCI: No, Civic: No, capability(0x1111): ESS Privacy SpectrumMgmt
09-24 00:15:32.312 1402 3877 D LOWI-9.0.0.87.a: [LOWI-Scan] BSS 3c:51:0e:2e:f4:a0 FREQ: 2437, cFreq1[40:80:160] = [0:0:0] cFreq2 = 0 Country Code = CN
09-24 00:15:32.312 1402 3877 D LOWI-9.0.0.87.a: [LOWI-Scan] BSS 3c:51:0e:2e:f4:a0 (wlan0) ASSO: NO AddInfo: 0x0, TSF 0, 00:03:15.650, RSSI: -154, CPL: 127, AGE: 8964, SSID HiPhi-PDI, TSFDelta: 0xba54aee0, TXRate: 0
09-24 00:15:32.312 1402 3877 D LOWI-9.0.0.87.a: [LOWI-Scan]
09-24 00:15:32.312 1402 3877 D LOWI-9.0.0.87.a: [LOWI-Scan] print_bss_handler: Report beacon TSF 203586940 as it greater than probe TSF 203523150
09-24 00:15:32.312 1402 3877 D LOWI-9.0.0.87.a: [LOWI-Scan] decode_rsn_wpa_ie: LOWI_ENCRYPTION_TYPE_WPA_PSK
09-24 00:15:32.312 1402 3877 D LOWI-9.0.0.87.a: [LOWI-Scan] is_qcom_ie, bss_age: 0
09-24 00:15:32.312 1402 3877 D LOWI-9.0.0.87.a: [LOWI-Scan] BSS 68:9e:0b:ef:b3:61 LOWI_PHY_MODE_11NG_HT20(5), Beacon Interval: 100, LOWI_ENCRYPTION_TYPE_WPA_PSK 11mcRanging: No, ANQP: No, LCI: No, Civic: No, capability(0x1111): ESS Privacy SpectrumMgmt
09-24 00:15:32.312 1402 3877 D LOWI-9.0.0.87.a: [LOWI-Scan] BSS 68:9e:0b:ef:b3:61 FREQ: 2437, cFreq1[40:80:160] = [0:0:0] cFreq2 = 0 Country Code = CN
09-24 00:15:32.312 1402 3877 D LOWI-9.0.0.87.a: [LOWI-Scan] BSS 68:9e:0b:ef:b3:61 (wlan0) ASSO: NO AddInfo: 0x1, TSF 0, 00:03:23.586, RSSI: -160, CPL: 127, AGE: 1032, SSID HHT-FACTORY-OTA, TSFDelta: 0xb6b2a60f, TXRate: 0
09-24 00:15:32.312 1402 3877 D LOWI-9.0.0.87.a: [LOWI-Scan]
09-24 00:15:32.312 1402 3877 D LOWI-9.0.0.87.a: [LOWI-Scan] print_bss_handler: Report beacon TSF 195906934 as it greater than probe TSF 165804332
09-24 00:15:32.312 1402 3877 D LOWI-9.0.0.87.a: [LOWI-Scan] decode_rsn_wpa_ie: LOWI_ENCRYPTION_TYPE_WPA_PSK
01-01 08:03:32.489 0 0 I [schedu][0xf2f99adf][00:15:32.297685] wlan: [3749:I:OSIF] vdev 0, scan id 40980 type COMPLETED(1) reason COMPLETED(1) scan found 32 bss
09-24 00:15:32.312 1402 3877 D LOWI-9.0.0.87.a: [LOWI-Scan] is_qcom_ie, bss_age: 0
09-24 00:15:32.312 1402 3877 D LOWI-9.0.0.87.a: [LOWI-Scan] BSS d6:72:26:02:22:99 LOWI_PHY_MODE_11NG_HT40(7), Beacon Interval: 100, LOWI_ENCRYPTION_TYPE_WPA_PSK 11mcRanging: No, ANQP: No, LCI: No, Civic: No, capability(0x0411): ESS Privacy ShortSlotTime
09-24 00:15:32.312 1402 3877 D LOWI-9.0.0.87.a: [LOWI-Scan] BSS d6:72:26:02:22:99 FREQ: 2447, cFreq1[40:80:160] = [2437:0:0] cFreq2 = 0 Country Code = CN
09-24 00:15:32.312 1402 3877 D LOWI-9.0.0.87.a: [LOWI-Scan] BSS d6:72:26:02:22:99 (wlan0) ASSO: NO AddInfo: 0x1, TSF 0, 00:03:15.906, RSSI: -156, CPL: 127, AGE: 8708, SSID ZTE_1234567890, TSFDelta: 0x55cef100, TXRate: 0
09-24 00:15:32.312 1402 3877 D LOWI-9.0.0.87.a: [LOWI-Scan]
09-24 00:15:32.312 1402 3877 D LOWI-9.0.0.87.a: [LOWI-Scan] print_bss_handler: Report Probe TSF 203062740 as it greater than Beacon TSF 155077051
09-24 00:15:32.313 1402 3877 D LOWI-9.0.0.87.a: [LOWI-Scan] decode_rsn_wpa_ie: LOWI_ENCRYPTION_TYPE_WPA_PSK
09-24 00:15:32.313 1402 3877 D LOWI-9.0.0.87.a: [LOWI-Scan] is_qcom_ie, bss_age: 0
09-24 00:15:32.313 1402 3877 D LOWI-9.0.0.87.a: [LOWI-Scan] BSS 68:9e:0b:ef:b5:81 LOWI_PHY_MODE_11NG_HT20(5), Beacon Interval: 100, LOWI_ENCRYPTION_TYPE_WPA_PSK 11mcRanging: No, ANQP: No, LCI: No, Civic: No, capability(0x1111): ESS Privacy SpectrumMgmt
09-24 00:15:32.313 1402 3877 D LOWI-9.0.0.87.a: [LOWI-Scan] BSS 68:9e:0b:ef:b5:81 FREQ: 2412, cFreq1[40:80:160] = [0:0:0] cFreq2 = 0 Country Code = CN
09-24 00:15:32.313 1402 3877 D LOWI-9.0.0.87.a: [LOWI-Scan] BSS 68:9e:0b:ef:b5:81 (wlan0) ASSO: NO AddInfo: 0x0, TSF 0, 00:03:23.062, RSSI: -140, CPL: 127, AGE: 1556, SSID HHT-FACTORY-OTA, TSFDelta: 0xa92d7261, TXRate: 0
09-24 00:15:32.313 1402 3877 D LOWI-9.0.0.87.a: [LOWI-Scan]
09-24 00:15:32.313 1402 3877 D LOWI-9.0.0.87.a: [LOWI-Scan] print_bss_handler: Report Probe TSF 203542257 as it greater than Beacon TSF 203536664
09-24 00:15:32.313 1402 3877 D LOWI-9.0.0.87.a: [LOWI-Scan] decode_rsn_wpa_ie: LOWI_ENCRYPTION_TYPE_WPA_PSK
09-24 00:15:32.313 1402 3877 D LOWI-9.0.0.87.a: [LOWI-Scan] is_qcom_ie, bss_age: 0
09-24 00:15:32.313 1402 3877 D LOWI-9.0.0.87.a: [LOWI-Scan] BSS c6:d4:4a:1a:f5:bd LOWI_PHY_MODE_11NG_HT20(5), Beacon Interval: 100, LOWI_ENCRYPTION_TYPE_WPA_PSK 11mcRanging: No, ANQP: No, LCI: No, Civic: No, capability(0x1511): ESS Privacy SpectrumMgmt ShortSlotTime
09-24 00:15:32.313 1402 3877 D LOWI-9.0.0.87.a: [LOWI-Scan] BSS c6:d4:4a:1a:f5:bd FREQ: 2437, cFreq1[40:80:160] = [0:0:0] cFreq2 = 0 Country Code = CN
09-24 00:15:32.313 1402 3877 D LOWI-9.0.0.87.a: [LOWI-Scan] BSS c6:d4:4a:1a:f5:bd (wlan0) ASSO: NO AddInfo: 0x0, TSF 0, 00:03:23.542, RSSI: -138, CPL: 127, AGE: 1076, SSID _________iPhone, TSFDelta: 0x77954293, TXRate: 0
09-24 00:15:32.313 1402 3877 D LOWI-9.0.0.87.a: [LOWI-Scan]
09-24 00:15:32.313 1402 3877 D LOWI-9.0.0.87.a: [LOWI-Scan] print_bss_handler: Report Probe TSF 195655793 as it greater than Beacon TSF 185611761
09-24 00:15:32.313 1402 3877 D LOWI-9.0.0.87.a: [LOWI-Scan] decode_rsn_wpa_ie: LOWI_ENCRYPTION_TYPE_WPA_PSK
09-24 00:15:32.313 1402 3877 D LOWI-9.0.0.87.a: [LOWI-Scan] is_qcom_ie, bss_age: 0
09-24 00:15:32.313 1402 3877 D LOWI-9.0.0.87.a: [LOWI-Scan] BSS f2:65:c2:f6:96:a0 LOWI_PHY_MODE_11NG_HT20(5), Beacon Interval: 100, LOWI_ENCRYPTION_TYPE_WPA_PSK 11mcRanging: No, ANQP: No, LCI: No, Civic: No, capability(0x0511): ESS Privacy SpectrumMgmt ShortSlotTime
09-24 00:15:32.313 1402 3877 D LOWI-9.0.0.87.a: [LOWI-Scan] BSS f2:65:c2:f6:96:a0 FREQ: 2437, cFreq1[40:80:160] = [0:0:0] cFreq2 = 0 Country Code = CN
09-24 00:15:32.313 1402 3877 D LOWI-9.0.0.87.a: [LOWI-Scan] BSS f2:65:c2:f6:96:a0 (wlan0) ASSO: NO AddInfo: 0x0, TSF 0, 00:03:15.655, RSSI: -152, CPL: 127, AGE: 8959, SSID hotspot96A0, TSFDelta: 0xac5e9c0, TXRate: 0
09-24 00:15:32.314 1402 3877 D LOWI-9.0.0.87.a: [LOWI-Scan]
09-24 00:15:32.314 1402 3877 D LOWI-9.0.0.87.a: [LOWI-Scan] print_bss_handler: Report beacon TSF 185476454 as it greater than probe TSF 185476454
09-24 00:15:32.314 1402 3877 D LOWI-9.0.0.87.a: [LOWI-Scan] decode_rsn_wpa_ie: LOWI_ENCRYPTION_TYPE_WPA_PSK
09-24 00:15:32.314 1402 3877 D LOWI-9.0.0.87.a: [LOWI-Scan] is_qcom_ie, bss_age: 0
09-24 00:15:32.314 1402 3877 D LOWI-9.0.0.87.a: [LOWI-Scan] adjust_age:AP AGE upper limit reached. Dont store
09-24 00:15:32.314 1402 3877 D LOWI-9.0.0.87.a: [LOWI-Scan] BSS d4:72:26:02:22:6f LOWI_PHY_MODE_11NG_HT40(7), Beacon Interval: 100, LOWI_ENCRYPTION_TYPE_WPA_PSK 11mcRanging: No, ANQP: No, LCI: No, Civic: No, capability(0x0411): ESS Privacy ShortSlotTime
09-24 00:15:32.314 1402 3877 D LOWI-9.0.0.87.a: [LOWI-Scan] BSS d4:72:26:02:22:6f FREQ: 2432, cFreq1[40:80:160] = [2422:0:0] cFreq2 = 0 Country Code = CN
09-24 00:15:32.314 1402 3877 D LOWI-9.0.0.87.a: [LOWI-Scan] BSS d4:72:26:02:22:6f (wlan0) ASSO: NO AddInfo: 0x1, TSF 0, 00:03:05.476, RSSI: -158, CPL: 127, AGE: 19140, SSID ZTE_02226F, TSFDelta: 0x68f80f69, TXRate: 0
09-24 00:15:32.314 1402 3877 D LOWI-9.0.0.87.a: [LOWI-Scan]
09-24 00:15:32.314 1402 3877 D LOWI-9.0.0.87.a: [LOWI-Scan] print_bss_handler: Report Probe TSF 203425391 as it greater than Beacon TSF 0
09-24 00:15:32.314 1402 3877 D LOWI-9.0.0.87.a: [LOWI-Scan] decode_rsn_wpa_ie: LOWI_ENCRYPTION_TYPE_WPA_PSK
09-24 00:15:32.314 1402 3877 D LOWI-9.0.0.87.a: [LOWI-Scan] is_qcom_ie, bss_age: 0
09-24 00:15:32.314 1402 3877 D LOWI-9.0.0.87.a: [LOWI-Scan] BSS 98:97:cc:7e:02:70 LOWI_PHY_MODE_11AC_VHT80(10), Beacon Interval: 100, LOWI_ENCRYPTION_TYPE_WPA_PSK 11mcRanging: No, ANQP: No, LCI: No, Civic: No, capability(0x1011): ESS Privacy
09-24 00:15:32.314 1402 3877 D LOWI-9.0.0.87.a: [LOWI-Scan] BSS 98:97:cc:7e:02:70 FREQ: 5745, cFreq1[40:80:160] = [5755:5775:0] cFreq2 = 0 Country Code = CN
09-24 00:15:32.314 1402 3877 D LOWI-9.0.0.87.a: [LOWI-Scan] BSS 98:97:cc:7e:02:70 (wlan0) ASSO: NO AddInfo: 0x0, TSF 0, 00:03:23.425, RSSI: -162, CPL: 127, AGE: 1192, SSID TP-LINK_026E, TSFDelta: 0xa7cbaeb2, TXRate: 0
09-24 00:15:32.314 1402 3877 D LOWI-9.0.0.87.a: [LOWI-Scan]
09-24 00:15:32.314 1402 3877 D LOWI-9.0.0.87.a: [LOWI-Scan] print_bss_handler: Report beacon TSF 185664999 as it greater than probe TSF 185664999
09-24 00:15:32.314 1402 3877 D LOWI-9.0.0.87.a: [LOWI-Scan] decode_rsn_wpa_ie: LOWI_ENCRYPTION_TYPE_WPA_EAP
09-24 00:15:32.314 1402 3877 D LOWI-9.0.0.87.a: [LOWI-Scan] is_qcom_ie, bss_age: 0
09-24 00:15:32.314 1402 3877 D LOWI-9.0.0.87.a: [LOWI-Scan] adjust_age:AP AGE upper limit reached. Dont store
09-24 00:15:32.314 1402 3877 D LOWI-9.0.0.87.a: [LOWI-Scan] BSS 54:9f:c6:c7:e7:20 LOWI_PHY_MODE_11NG_HT20(5), Beacon Interval: 100, LOWI_ENCRYPTION_TYPE_WPA_EAP 11mcRanging: No, ANQP: No, LCI: No, Civic: No, capability(0x1111): ESS Privacy SpectrumMgmt
09-24 00:15:32.314 1402 3877 D LOWI-9.0.0.87.a: [LOWI-Scan] BSS 54:9f:c6:c7:e7:20 FREQ: 2437, cFreq1[40:80:160] = [0:0:0] cFreq2 = 0 Country Code = CN
09-24 00:15:32.314 1402 3877 D LOWI-9.0.0.87.a: [LOWI-Scan] BSS 54:9f:c6:c7:e7:20 (wlan0) ASSO: NO AddInfo: 0x1, TSF 0, 00:03:05.664, RSSI: -150, CPL: 127, AGE: 18952, SSID HH, TSFDelta: 0xb9d6816e, TXRate: 0
09-24 00:15:32.315 1402 3877 D LOWI-9.0.0.87.a: [LOWIDiagLog] Log: lowiMeasResult->request: invalid null argument
09-24 00:15:32.315 1402 3877 I LOWI-9.0.0.87.a: [LOWI-Scan] lowi_close_record:Scan done in 130620ms, 45 APs in scan results
09-24 00:15:32.315 1402 3877 D LOWI-9.0.0.87.a: [LOWI-Scan] WipsScanUsingNL: passive scan cached 0, took 7873 ms, err 0
09-24 00:15:32.315 1402 3877 D LOWI-9.0.0.87.a: [LOWI-Scan] lowi_proc_req_passive_scan_with_live_meas - No WLAN Frames to be parsed
09-24 00:15:32.315 1402 3877 D LOWI-9.0.0.87.a: [LOWIScanResultReceiver] Send scan meas to listener
09-24 00:15:32.315 1402 3877 D LOWI-9.0.0.87.a: [LOWIScanResultReceiver] Enter passive listening mode
09-24 00:15:32.315 1402 3877 D LOWI-9.0.0.87.a: [LOWIWifiDriverInterface] getMeasurements - Passive listening mode
09-24 00:15:32.315 1402 3877 D LOWI-9.0.0.87.a: [LOWI-Scan] WipsScanUsingNL:wait -1 sec for netlink message
09-24 00:15:32.315 1402 1485 D LOWI-9.0.0.87.a: [LOWIEventReceiver] handleEvent:FROM:NA, TO:NA, REQ:NA, IREQ:NA, REQ_ID:0, RESP:NA, INFO:NA
09-24 00:15:32.315 1402 1485 D LOWI-9.0.0.87.a: [LOWIBackgroundScanMgr] isRspForBgScanMgr: evt(LOWI_NO_EVT) - not handled
09-24 00:15:32.315 1402 1485 D LOWI-9.0.0.87.a: [LOWIScheduler] manageMsg: NULL results or NULL request in results
09-24 00:15:32.315 1402 1485 D LOWI-9.0.0.87.a: [LOWIController] Measurements received
09-24 00:15:32.315 1402 1485 D LOWI-9.0.0.87.a: [LOWICacheManager] putInCache:Num of Meas to add: 45
09-24 00:15:32.316 1402 1485 D LOWI-9.0.0.87.a: [LOWIController] processMeasurementResults: No current Request. Cache measurements
09-24 00:15:32.316 1402 1485 D LOWI-9.0.0.87.a: [LOWIControllerExtn] sendLOWILpDiscoveryScanResponse: Not a discovery scan response
09-24 00:15:32.364 2348 2348 D WifiDetailsPrefCtrl2: Update UI!
09-24 00:15:32.370 2348 2348 D WifiDetailsPrefCtrl2: Wifi Type 6
09-24 00:15:32.376 2348 2348 D DashboardFragment: Preference key is null in Controller WifiDetailPreferenceController2
09-24 00:15:32.378 1910 1910 D InterruptionStateProvider: No bubble up: not allowed to bubble: 0|com.android.shell|1|null|2000
09-24 00:15:32.379 1910 1910 D InterruptionStateProvider: No heads up: unimportant notification: 0|com.android.shell|1|null|2000
09-24 00:15:32.386 1910 2199 D PeopleSpaceWidgetMgr: Sbn doesn't contain valid PeopleTileKey: null/0/com.android.shell
09-24 00:15:32.398 1910 1910 V NotificationMediaManager: DEBUG_MEDIA: updating album art for notification null metadata=null metaDataChanged=false state=0
01-01 08:03:32.656 0 0 D : mv2112_read_status
01-01 08:03:32.660 0 0 D mv2112_update_link: 3.0x901(1G): 0x80
01-01 08:03:32.667 0 0 D mv2112_update_link: 3.0x8109(100M): 0x0
01-01 08:03:32.672 0 0 D mv2112_update_link: link 0x0
01-01 08:03:32.676 0 0 D mv2112_read_status: autoneg is disabled
09-24 00:15:32.637 1129 2033 I WifiService: startScan uid=1000
09-24 00:15:32.649 1402 3877 D LOWI-9.0.0.87.a: [LOWI-Scan] wait_event:Wait done with Cmd 33
09-24 00:15:32.650 1402 3877 D LOWI-9.0.0.87.a: [LOWI-Scan] do_listen_events: Rcvd valid Netlink Cmd 0 Err 0
01-01 08:03:32.911 0 0 I [schedu][0xf375701f][00:15:32.720370] wlan: [3749:I:OSIF] scan start scan id 40981
09-24 00:15:32.745 1910 1910 D InterruptionStateProvider: No bubble up: not allowed to bubble: 0|com.android.shell|1|null|2000
09-24 00:15:32.746 1910 1910 D InterruptionStateProvider: No heads up: unimportant notification: 0|com.android.shell|1|null|2000
09-24 00:15:32.751 1910 2199 D PeopleSpaceWidgetMgr: Sbn doesn't contain valid PeopleTileKey: null/0/com.android.shell
09-24 00:15:32.769 1910 1910 V NotificationMediaManager: DEBUG_MEDIA: updating album art for notification null metadata=null metaDataChanged=false state=0
09-24 00:15:32.942 3990 3992 D dumpstate: Setting progress: 4005/5000 (80%)
09-24 00:15:32.949 3970 3970 D BugreportProgressService: Progress #1: 80.00%
09-24 00:15:33.033 665 679 I mpu_uart: [MSG-P:RECV]:No message received in 1000 ms
01-01 08:03:33.264 0 0 I init : starting service 'qvrd_vndr'...
01-01 08:03:33.271 0 0 I init : Created socket '/dev/socket/qvrservice_vndr', mode 660, user 1000, group 1000
01-01 08:03:33.283 0 0 I init : Created socket '/dev/socket/qvrservice_vndr_camera', mode 660, user 1000, group 1000
01-01 08:03:33.305 0 0 I init : starting service 'sxrd'...
09-24 00:15:33.159 1910 1910 D InterruptionStateProvider: No bubble up: not allowed to bubble: 0|com.android.shell|1|null|2000
09-24 00:15:33.160 1910 1910 D InterruptionStateProvider: No heads up: unimportant notification: 0|com.android.shell|1|null|2000
09-24 00:15:33.165 5984 5984 F linker : CANNOT LINK EXECUTABLE "/vendor/bin/hw/sxrservice": library "vendor.qti.hardware.qxr-V1-ndk_platform.so" not found: needed by main executable
09-24 00:15:33.166 5983 5983 F linker : CANNOT LINK EXECUTABLE "/vendor/bin/hw/qvrservice": library "vendor.qti.hardware.qxr-V1-ndk_platform.so" not found: needed by /vendor/lib64/libqvrservice.so in namespace (default)
09-24 00:15:33.166 1910 2199 D PeopleSpaceWidgetMgr: Sbn doesn't contain valid PeopleTileKey: null/0/com.android.shell
01-01 08:03:33.357 0 0 I init : Service 'sxrd' (pid 5984) exited with status 1
01-01 08:03:33.364 0 0 I init : Sending signal 9 to service 'sxrd' (pid 5984) process group...
09-24 00:15:33.207 1910 1910 V NotificationMediaManager: DEBUG_MEDIA: updating album art for notification null metadata=null metaDataChanged=false state=0
01-01 08:03:33.680 0 0 D : mv2112_read_status
01-01 08:03:33.683 0 0 D mv2112_update_link: 3.0x901(1G): 0x80
09-24 00:15:33.519 1910 1910 D InterruptionStateProvider: No bubble up: not allowed to bubble: 0|com.android.shell|1|null|2000
09-24 00:15:33.520 1910 1910 D InterruptionStateProvider: No heads up: unimportant notification: 0|com.android.shell|1|null|2000
09-24 00:15:33.525 1910 2199 D PeopleSpaceWidgetMgr: Sbn doesn't contain valid PeopleTileKey: null/0/com.android.shell
01-01 08:03:33.716 0 0 D mv2112_update_link: 3.0x8109(100M): 0x0
01-01 08:03:33.721 0 0 D mv2112_update_link: link 0x0
01-01 08:03:33.726 0 0 D mv2112_read_status: autoneg is disabled
09-24 00:15:33.542 1910 1910 V NotificationMediaManager: DEBUG_MEDIA: updating album art for notification null metadata=null metaDataChanged=false state=0
09-24 00:15:33.917 1910 1910 D InterruptionStateProvider: No bubble up: not allowed to bubble: 0|com.android.shell|1|null|2000
09-24 00:15:33.918 1910 1910 D InterruptionStateProvider: No heads up: unimportant notification: 0|com.android.shell|1|null|2000
09-24 00:15:33.924 1910 2199 D PeopleSpaceWidgetMgr: Sbn doesn't contain valid PeopleTileKey: null/0/com.android.shell
09-24 00:15:33.934 1910 1910 V NotificationMediaManager: DEBUG_MEDIA: updating album art for notification null metadata=null metaDataChanged=false state=0
09-24 00:15:34.033 665 679 I mpu_uart: [MSG-P:RECV]:No message received in 1000 ms
09-24 00:15:34.044 665 678 I mpu_uart: [MSG-P:R]:recv sync frame timeout
09-24 00:15:34.331 1910 1910 D InterruptionStateProvider: No bubble up: not allowed to bubble: 0|com.android.shell|1|null|2000
09-24 00:15:34.332 1910 1910 D InterruptionStateProvider: No heads up: unimportant notification: 0|com.android.shell|1|null|2000
09-24 00:15:34.337 1402 3877 D LOWI-9.0.0.87.a: [LOWI-Scan] wait_event:Wait done with Cmd 34
09-24 00:15:34.338 1402 3877 D LOWI-9.0.0.87.a: [LOWI-Scan] do_listen_events: Rcvd valid Netlink Cmd 34 Err 0
09-24 00:15:34.344 1129 2033 D WifiNl80211Manager: Scan result ready event
09-24 00:15:34.344 1129 2033 D WifiNative: Scan result ready event
09-24 00:15:34.345 1402 3877 D LOWI-9.0.0.87.a: [LOWI-Scan]
09-24 00:15:34.345 1402 3877 D LOWI-9.0.0.87.a: [LOWI-Scan] print_bss_handler: Report Probe TSF 203026072 as it greater than Beacon TSF 155078048
09-24 00:15:34.345 1402 3877 D LOWI-9.0.0.87.a: [LOWI-Scan] decode_rsn_wpa_ie: LOWI_ENCRYPTION_TYPE_WPA_PSK
09-24 00:15:34.346 1402 3877 D LOWI-9.0.0.87.a: [LOWI-Scan] is_qcom_ie, bss_age: 0
09-24 00:15:34.346 1402 3877 D LOWI-9.0.0.87.a: [LOWI-Scan] BSS 3c:51:0e:47:ad:0f LOWI_PHY_MODE_11AC_VHT40(9), Beacon Interval: 100, LOWI_ENCRYPTION_TYPE_WPA_PSK 11mcRanging: No, ANQP: No, LCI: No, Civic: No, capability(0x1111): ESS Privacy SpectrumMgmt
09-24 00:15:34.346 1402 3877 D LOWI-9.0.0.87.a: [LOWI-Scan] BSS 3c:51:0e:47:ad:0f FREQ: 5180, cFreq1[40:80:160] = [5190:0:0] cFreq2 = 0 Country Code = CN
09-24 00:15:34.346 1402 3877 D LOWI-9.0.0.87.a: [LOWI-Scan] BSS 3c:51:0e:47:ad:0f (wlan0) ASSO: NO AddInfo: 0x0, TSF 0, 00:03:23.026, RSSI: -170, CPL: 127, AGE: 3651, SSID HiPhi-PDI, TSFDelta: 0xac1305d2, TXRate: 0
09-24 00:15:34.346 1402 3877 D LOWI-9.0.0.87.a: [LOWI-Scan]
09-24 00:15:34.346 1402 3877 D LOWI-9.0.0.87.a: [LOWI-Scan] print_bss_handler: Report Probe TSF 203025124 as it greater than Beacon TSF 195128858
09-24 00:15:34.346 1402 3877 D LOWI-9.0.0.87.a: [LOWI-Scan] decode_rsn_wpa_ie: LOWI_ENCRYPTION_TYPE_WPA_EAP
09-24 00:15:34.346 1402 3877 D LOWI-9.0.0.87.a: [LOWI-Scan] is_qcom_ie, bss_age: 0
09-24 00:15:34.346 1402 3877 D LOWI-9.0.0.87.a: [LOWI-Scan] BSS 68:9e:0b:ef:b5:8f LOWI_PHY_MODE_11AC_VHT40(9), Beacon Interval: 100, LOWI_ENCRYPTION_TYPE_WPA_EAP 11mcRanging: No, ANQP: No, LCI: No, Civic: No, capability(0x1111): ESS Privacy SpectrumMgmt
09-24 00:15:34.346 1402 3877 D LOWI-9.0.0.87.a: [LOWI-Scan] BSS 68:9e:0b:ef:b5:8f FREQ: 5180, cFreq1[40:80:160] = [5190:0:0] cFreq2 = 0 Country Code = CN
09-24 00:15:34.347 1402 3877 D LOWI-9.0.0.87.a: [LOWI-Scan] BSS 68:9e:0b:ef:b5:8f (wlan0) ASSO: NO AddInfo: 0x0, TSF 0, 00:03:23.025, RSSI: -144, CPL: 127, AGE: 3650, SSID HH, TSFDelta: 0xa9097529, TXRate: 0
09-24 00:15:34.347 1402 3877 D LOWI-9.0.0.87.a: [LOWI-Scan]
09-24 00:15:34.347 1402 3877 D LOWI-9.0.0.87.a: [LOWI-Scan] print_bss_handler: Report Probe TSF 203025579 as it greater than Beacon TSF 195129553
09-24 00:15:34.347 1402 3877 D LOWI-9.0.0.87.a: [LOWI-Scan] decode_rsn_wpa_ie: LOWI_ENCRYPTION_TYPE_WPA_PSK
09-24 00:15:34.347 1402 3877 D LOWI-9.0.0.87.a: [LOWI-Scan] is_qcom_ie, bss_age: 0
09-24 00:15:34.347 1402 3877 D LOWI-9.0.0.87.a: [LOWI-Scan] BSS 68:9e:0b:ef:b5:8e LOWI_PHY_MODE_11AC_VHT40(9), Beacon Interval: 100, LOWI_ENCRYPTION_TYPE_WPA_PSK 11mcRanging: No, ANQP: No, LCI: No, Civic: No, capability(0x1111): ESS Privacy SpectrumMgmt
09-24 00:15:34.347 1402 3877 D LOWI-9.0.0.87.a: [LOWI-Scan] BSS 68:9e:0b:ef:b5:8e FREQ: 5180, cFreq1[40:80:160] = [5190:0:0] cFreq2 = 0 Country Code = CN
09-24 00:15:34.347 1402 3877 D LOWI-9.0.0.87.a: [LOWI-Scan] BSS 68:9e:0b:ef:b5:8e (wlan0) ASSO: NO AddInfo: 0x0, TSF 0, 00:03:23.025, RSSI: -144, CPL: 127, AGE: 3650, SSID HHT-FACTORY-OTA, TSFDelta: 0xa90cf9fd, TXRate: 0
09-24 00:15:34.348 1402 3877 D LOWI-9.0.0.87.a: [LOWI-Scan]
09-24 00:15:34.348 1402 3877 D LOWI-9.0.0.87.a: [LOWI-Scan] print_bss_handler: Report Probe TSF 205137786 as it greater than Beacon TSF 205127690
09-24 00:15:34.348 1402 3877 D LOWI-9.0.0.87.a: [LOWI-Scan] decode_rsn_wpa_ie: LOWI_ENCRYPTION_TYPE_WPA_PSK
09-24 00:15:34.348 1402 3877 D LOWI-9.0.0.87.a: [LOWI-Scan] is_qcom_ie, bss_age: 0
09-24 00:15:34.348 1402 3877 D LOWI-9.0.0.87.a: [LOWI-Scan] BSS 3c:51:0e:47:7c:20 LOWI_PHY_MODE_11NG_HT20(5), Beacon Interval: 100, LOWI_ENCRYPTION_TYPE_WPA_PSK 11mcRanging: No, ANQP: No, LCI: No, Civic: No, capability(0x1111): ESS Privacy SpectrumMgmt
09-24 00:15:34.348 1402 3877 D LOWI-9.0.0.87.a: [LOWI-Scan] BSS 3c:51:0e:47:7c:20 FREQ: 2412, cFreq1[40:80:160] = [0:0:0] cFreq2 = 0 Country Code = CN
09-24 00:15:34.348 1402 3877 D LOWI-9.0.0.87.a: [LOWI-Scan] BSS 3c:51:0e:47:7c:20 (wlan0) ASSO: NO AddInfo: 0x0, TSF 0, 00:03:25.137, RSSI: -128, CPL: 127, AGE: 1536, SSID HiPhi-PDI, TSFDelta: 0xaa94572f, TXRate: 0
09-24 00:15:34.349 1402 3877 D LOWI-9.0.0.87.a: [LOWI-Scan]
09-24 00:15:34.349 1402 3877 D LOWI-9.0.0.87.a: [LOWI-Scan] print_bss_handler: Report Probe TSF 205140134 as it greater than Beacon TSF 205096180
09-24 00:15:34.349 1402 3877 D LOWI-9.0.0.87.a: [LOWI-Scan] decode_rsn_wpa_ie: LOWI_ENCRYPTION_TYPE_WPA_PSK
09-24 00:15:34.349 1402 3877 D LOWI-9.0.0.87.a: [LOWI-Scan] is_qcom_ie, bss_age: 0
09-24 00:15:34.349 1402 3877 D LOWI-9.0.0.87.a: [LOWI-Scan] BSS b8:11:4b:7f:ed:00 LOWI_PHY_MODE_11NG_HT20(5), Beacon Interval: 100, LOWI_ENCRYPTION_TYPE_WPA_PSK 11mcRanging: No, ANQP: No, LCI: No, Civic: No, capability(0x1111): ESS Privacy SpectrumMgmt
09-24 00:15:34.349 1402 3877 D LOWI-9.0.0.87.a: [LOWI-Scan] BSS b8:11:4b:7f:ed:00 FREQ: 2412, cFreq1[40:80:160] = [0:0:0] cFreq2 = 0 Country Code = CN
09-24 00:15:34.349 1402 3877 D LOWI-9.0.0.87.a: [LOWI-Scan] BSS b8:11:4b:7f:ed:00 (wlan0) ASSO: NO AddInfo: 0x0, TSF 0, 00:03:25.140, RSSI: -142, CPL: 127, AGE: 1532, SSID HiPhi-OTA, TSFDelta: 0xdd098cd5, TXRate: 0
09-24 00:15:34.350 1402 3877 D LOWI-9.0.0.87.a: [LOWI-Scan]
09-24 00:15:34.350 1402 3877 D LOWI-9.0.0.87.a: [LOWI-Scan] print_bss_handler: Report Probe TSF 195138450 as it greater than Beacon TSF 165114010
09-24 00:15:34.350 1402 3877 D LOWI-9.0.0.87.a: [LOWI-Scan] decode_rsn_wpa_ie: LOWI_ENCRYPTION_TYPE_WPA_PSK
09-24 00:15:34.350 1402 3877 D LOWI-9.0.0.87.a: [LOWI-Scan] is_qcom_ie, bss_age: 0
09-24 00:15:34.350 1402 3877 D LOWI-9.0.0.87.a: [LOWI-Scan] adjust_age:AP AGE upper limit reached. Dont store
09-24 00:15:34.350 1402 3877 D LOWI-9.0.0.87.a: [LOWI-Scan] BSS b8:11:4b:7f:e8:20 LOWI_PHY_MODE_11NG_HT20(5), Beacon Interval: 100, LOWI_ENCRYPTION_TYPE_WPA_PSK 11mcRanging: No, ANQP: No, LCI: No, Civic: No, capability(0x1111): ESS Privacy SpectrumMgmt
09-24 00:15:34.350 1402 3877 D LOWI-9.0.0.87.a: [LOWI-Scan] BSS b8:11:4b:7f:e8:20 FREQ: 2412, cFreq1[40:80:160] = [0:0:0] cFreq2 = 0 Country Code = CN
09-24 00:15:34.350 1402 3877 D LOWI-9.0.0.87.a: [LOWI-Scan] BSS b8:11:4b:7f:e8:20 (wlan0) ASSO: NO AddInfo: 0x0, TSF 0, 00:03:15.138, RSSI: -152, CPL: 127, AGE: 11536, SSID HiPhi-OTA, TSFDelta: 0xad52734b, TXRate: 0
09-24 00:15:34.351 1402 3877 D LOWI-9.0.0.87.a: [LOWI-Scan]
09-24 00:15:34.351 1402 3877 D LOWI-9.0.0.87.a: [LOWI-Scan] print_bss_handler: Report Probe TSF 205290129 as it greater than Beacon TSF 97701579
09-24 00:15:34.351 1402 3877 D LOWI-9.0.0.87.a: [LOWI-Scan] decode_rsn_wpa_ie: LOWI_ENCRYPTION_TYPE_WPA_PSK
09-24 00:15:34.351 1402 3877 D LOWI-9.0.0.87.a: [LOWI-Scan] is_qcom_ie, bss_age: 0
