11-04 02:02:19.670 1474 1641 I sysui_multi_action: [319,15,322,74,325,1302,757,761,758,9,759,5,806,com.android.launcher3,871,com.android.launcher3.uioverrides.QuickstepLauncher,905,0,1320,4,1321,1]
11-04 02:02:19.678 7556 7556 I view_enqueue_input_event: [Motion - Cancel,com.android.deskclock/com.android.deskclock.DeskClock]
11-04 02:02:19.679 2809 2809 I sysui_latency: [1,103]
11-04 02:02:19.685 1474 2005 I input_interaction: Interaction with: edge-swipe (server), swipe-up (server), PointerEventDispatcher0 (server),
11-04 02:02:19.687 1474 1645 I input_focus: [Focus request recents_animation_input_consumer,reason=UpdateInputWindows]
11-04 02:02:19.716 1474 2005 I input_focus: [Focus leaving 5a0d5eb com.android.deskclock/com.android.deskclock.DeskClock (server),reason=NOT_FOCUSABLE]
11-04 02:02:19.716 1474 2005 I input_focus: [Focus entering recents_animation_input_consumer (server),reason=setFocusedWindow]
11-04 02:02:19.965 1474 1654 I sysui_latency: [8,101]
11-04 02:02:20.601 1474 1655 I am_uid_idle: 10084
11-04 02:02:21.549 1474 2005 I input_interaction: Interaction with: c2f885b com.android.launcher3/com.android.launcher3.uioverrides.QuickstepLauncher (server), edge-swipe (server), swipe-up (server), PointerEventDispatcher0 (server),
11-04 02:02:22.030 1474 7392 I wm_task_moved: [1,1,6]
11-04 02:02:22.033 1474 7392 I wm_focused_root_task: [0,0,1,58,RecentsAnimation.onAnimationFinished()]
11-04 02:02:22.034 7556 7556 I wm_on_top_resumed_lost_called: [86550324,com.android.deskclock.DeskClock,topStateChangedWhenResumed]
11-04 02:02:22.038 1474 7392 I wm_pause_activity: [0,86550324,com.android.deskclock/.DeskClock,userLeaving=false,pauseBackTasks]
11-04 02:02:22.041 1474 7392 I wm_set_resumed_activity: [0,com.android.launcher3/.uioverrides.QuickstepLauncher,resumeTopActivityInnerLocked]
11-04 02:02:22.044 1474 7392 I wm_resume_activity: [0,59699080,10,com.android.launcher3/.uioverrides.QuickstepLauncher]
11-04 02:02:22.044 1474 7392 I wm_add_to_stopping: [0,86550324,com.android.deskclock/.DeskClock,makeInvisible]
11-04 02:02:22.046 2809 2809 I wm_on_resume_called: [59699080,com.android.launcher3.uioverrides.QuickstepLauncher,RESUME_ACTIVITY]
11-04 02:02:22.055 1474 1645 I input_focus: [Focus request c2f885b com.android.launcher3/com.android.launcher3.uioverrides.QuickstepLauncher,reason=UpdateInputWindows]
11-04 02:02:22.058 1474 1644 I sysui_multi_action: [757,803,799,window_time_0,802,3]
11-04 02:02:22.059 1474 1644 I wm_stop_activity: [0,86550324,com.android.deskclock/.DeskClock]
11-04 02:02:22.061 7556 7556 I wm_on_paused_called: [86550324,com.android.deskclock.DeskClock,performPause]
11-04 02:02:22.063 1474 1644 I sysui_multi_action: [757,803,799,window_time_0,802,0]
11-04 02:02:22.071 2809 2809 I wm_on_top_resumed_gained_called: [59699080,com.android.launcher3.uioverrides.QuickstepLauncher,topStateChangedWhenResumed]
11-04 02:02:22.073 1474 2005 I input_focus: [Focus leaving recents_animation_input_consumer (server),reason=NOT_VISIBLE]
11-04 02:02:22.073 1474 2005 I input_focus: [Focus entering c2f885b com.android.launcher3/com.android.launcher3.uioverrides.QuickstepLauncher (server),reason=setFocusedWindow]
11-04 02:02:22.091 1474 1654 I am_pss : [7394,1000,com.android.settings,38701056,26099712,0,167288832,0,19,8]
11-04 02:02:22.099 7556 7556 I wm_on_stop_called: [86550324,com.android.deskclock.DeskClock,STOP_ACTIVITY_ITEM]
11-04 02:02:22.159 1474 7392 I wm_finish_activity: [0,86550324,58,com.android.deskclock/.DeskClock,recent-task-trimmed]
11-04 02:02:22.160 1474 7392 I wm_destroy_activity: [0,86550324,58,com.android.deskclock/.DeskClock,finish-imm:finishIfPossible]
11-04 02:02:22.162 1474 1644 I am_kill : [0,7556,com.android.deskclock,900,remove task]
11-04 02:02:22.166 1474 1644 I sysui_multi_action: [757,803,799,window_time_0,802,1]
11-04 02:02:22.216 1474 5397 I am_proc_died: [0,7556,com.android.deskclock,900,18]
11-04 02:02:22.220 1474 5397 I am_uid_stopped: 10063
11-04 02:02:22.221 1474 5397 I wm_task_removed: [58,removeChild:removeChild last r=ActivityRecord{528a734 u0 com.android.deskclock/.DeskClock t-1 f}} in t=Task{7282ff #58 type=standard A=10063:com.android.deskclock U=0 visible=false mode=fullscreen translucent=true sz=0}]
11-04 02:02:22.221 1474 5397 I wm_task_removed: [58,removeChild]
11-04 02:02:22.367 1474 2005 I input_interaction: Interaction with: c2f885b com.android.launcher3/com.android.launcher3.uioverrides.QuickstepLauncher (server), 6b99821 com.android.systemui.ImageWallpaper (server), edge-swipe (server), swipe-up (server), PointerEventDispatcher0 (server),
11-04 02:02:28.996 1474 2005 I input_interaction: Interaction with: 823cadf StatusBar (server), edge-swipe (server), swipe-up (server), PointerEventDispatcher0 (server),
11-04 02:02:29.005 2358 2358 I sysui_multi_action: [757,803,799,panel_open,802,1]
11-04 02:02:29.007 2358 2358 I sysui_multi_action: [757,1328,758,4,1326,58,1327,1,1329,0]
11-04 02:02:29.134 1474 5415 I sysui_multi_action: [757,127,758,1]
11-04 02:02:29.135 1474 5415 I sysui_multi_action: [757,804,799,note_load,801,3,802,1]
11-04 02:02:29.135 1474 5415 I notification_panel_revealed: 3
11-04 02:02:29.141 1474 1474 I notification_enqueue: [10081,2358,com.android.systemui,2048,NULL,0,Notification(channel=updateNotification shortcut=null contentView=null vibrate=null sound=null defaults=0x0 flags=0x0 color=0x00000000 vis=PRIVATE),1]
11-04 02:02:29.142 2358 2358 I sysui_multi_action: [757,111,758,2]
11-04 02:02:29.142 2358 2358 I sysui_multi_action: [757,111,758,2]
11-04 02:02:29.170 1474 1645 I input_focus: [Focus request 4d6f832 NotificationShade,reason=UpdateInputWindows]
11-04 02:02:29.184 2358 2358 I sysui_multi_action: [757,111,758,1]
11-04 02:02:29.184 2358 2358 I sysui_multi_action: [757,126,758,1,759,126,927,0,928,1,1593,0]
11-04 02:02:29.184 2358 2358 I sysui_multi_action: [757,113,758,1,759,113,927,1,928,1,1593,0]
11-04 02:02:29.184 2358 2358 I sysui_multi_action: [757,0,758,1,759,0,927,2,928,0,1593,0]
11-04 02:02:29.185 2358 2358 I sysui_multi_action: [757,0,758,1,759,0,927,3,928,0,1593,0]
11-04 02:02:29.185 2358 2358 I sysui_multi_action: [757,491,758,1,759,491,927,4,928,0,1311,-1,1593,0]
11-04 02:02:29.185 2358 2358 I sysui_multi_action: [757,0,758,1,759,0,927,5,928,0,1593,0]
11-04 02:02:29.185 2358 2358 I sysui_multi_action: [757,111,758,1]
11-04 02:02:29.185 2358 2358 I sysui_multi_action: [757,126,758,1,759,126,927,0,928,1,1593,0]
11-04 02:02:29.185 2358 2358 I sysui_multi_action: [757,113,758,1,759,113,927,1,928,1,1593,0]
11-04 02:02:29.185 2358 2358 I sysui_multi_action: [757,0,758,1,759,0,927,2,928,0,1593,0]
11-04 02:02:29.185 2358 2358 I sysui_multi_action: [757,0,758,1,759,0,927,3,928,0,1593,0]
11-04 02:02:29.197 1474 2005 I input_focus: [Focus leaving c2f885b com.android.launcher3/com.android.launcher3.uioverrides.QuickstepLauncher (server),reason=Waiting for window because NOT_VISIBLE]
11-04 02:02:29.207 2358 2358 I sysui_multi_action: [757,111,758,2]
11-04 02:02:29.208 2358 2358 I sysui_multi_action: [757,111,758,2]
11-04 02:02:29.208 1474 1474 I notification_enqueue: [10081,2358,com.android.systemui,2048,NULL,0,Notification(channel=updateNotification shortcut=null contentView=null vibrate=null sound=null defaults=0x0 flags=0x0 color=0x00000000 vis=PRIVATE),1]
11-04 02:02:29.224 1474 2005 I input_focus: [Focus entering 4d6f832 NotificationShade (server),reason=Window became focusable. Previous reason: NOT_VISIBLE]
11-04 02:02:29.226 2358 2358 I sysui_multi_action: [757,111,758,1]
11-04 02:02:29.226 2358 2358 I sysui_multi_action: [757,126,758,1,759,126,927,0,928,1,1593,0]
11-04 02:02:29.226 2358 2358 I sysui_multi_action: [757,113,758,1,759,113,927,1,928,1,1593,0]
11-04 02:02:29.226 2358 2358 I sysui_multi_action: [757,0,758,1,759,0,927,2,928,0,1593,0]
11-04 02:02:29.226 2358 2358 I sysui_multi_action: [757,0,758,1,759,0,927,3,928,0,1593,0]
11-04 02:02:29.227 2358 2358 I sysui_multi_action: [757,491,758,1,759,491,927,4,928,0,1311,-1,1593,0]
11-04 02:02:29.227 2358 2358 I sysui_multi_action: [757,0,758,1,759,0,927,5,928,0,1593,0]
11-04 02:02:29.227 2358 2358 I sysui_multi_action: [757,111,758,1]
11-04 02:02:29.227 2358 2358 I sysui_multi_action: [757,126,758,1,759,126,927,0,928,1,1593,0]
11-04 02:02:29.227 2358 2358 I sysui_multi_action: [757,113,758,1,759,113,927,1,928,1,1593,0]
11-04 02:02:29.227 2358 2358 I sysui_multi_action: [757,0,758,1,759,0,927,2,928,0,1593,0]
11-04 02:02:29.227 2358 2358 I sysui_multi_action: [757,0,758,1,759,0,927,3,928,0,1593,0]
11-04 02:02:29.254 2358 2358 I sysui_multi_action: [757,111,758,2]
11-04 02:02:29.254 2358 2358 I sysui_multi_action: [757,111,758,2]
11-04 02:02:29.254 1474 1474 I notification_enqueue: [10081,2358,com.android.systemui,2048,NULL,0,Notification(channel=updateNotification shortcut=null contentView=null vibrate=null sound=null defaults=0x0 flags=0x0 color=0x00000000 vis=PRIVATE),1]
11-04 02:02:29.270 2358 2358 I sysui_multi_action: [757,111,758,1]
11-04 02:02:29.270 2358 2358 I sysui_multi_action: [757,126,758,1,759,126,927,0,928,1,1593,0]
11-04 02:02:29.270 2358 2358 I sysui_multi_action: [757,113,758,1,759,113,927,1,928,1,1593,0]
11-04 02:02:29.270 2358 2358 I sysui_multi_action: [757,0,758,1,759,0,927,2,928,0,1593,0]
11-04 02:02:29.270 2358 2358 I sysui_multi_action: [757,0,758,1,759,0,927,3,928,0,1593,0]
11-04 02:02:29.271 2358 2358 I sysui_multi_action: [757,491,758,1,759,491,927,4,928,0,1311,-1,1593,0]
11-04 02:02:29.271 2358 2358 I sysui_multi_action: [757,0,758,1,759,0,927,5,928,0,1593,0]
11-04 02:02:29.271 2358 2358 I sysui_multi_action: [757,111,758,1]
11-04 02:02:29.271 2358 2358 I sysui_multi_action: [757,126,758,1,759,126,927,0,928,1,1593,0]
11-04 02:02:29.271 2358 2358 I sysui_multi_action: [757,113,758,1,759,113,927,1,928,1,1593,0]
11-04 02:02:29.271 2358 2358 I sysui_multi_action: [757,0,758,1,759,0,927,2,928,0,1593,0]
11-04 02:02:29.271 2358 2358 I sysui_multi_action: [757,0,758,1,759,0,927,3,928,0,1593,0]
11-04 02:02:29.726 1474 5415 I sysui_multi_action: [757,128,758,1,793,899141,794,0,795,899141,796,26,798,0,806,android,857,DEVELOPER_IMPORTANT,858,4,947,0,1395,3,1500,898938,1688,1]
11-04 02:02:29.727 1474 5415 I sysui_multi_action: [757,804,799,note_freshness,801,899141,802,1]
11-04 02:02:29.727 1474 5415 I notification_visibility: [-1|android|26|null|1000,1,899141,899141,0,0]
11-04 02:02:29.727 1474 5415 I sysui_multi_action: [757,128,758,1,793,611497,794,0,795,86891,796,17303299,797,com.android.wifi,798,1,806,android,857,NETWORK_AVAILABLE,858,2,947,0,1395,3,1500,86684,1688,1]
11-04 02:02:29.727 1474 5415 I sysui_multi_action: [757,1501,758,1,793,611497,794,0,795,86891,796,17303299,797,com.android.wifi,806,android,857,NETWORK_AVAILABLE,858,2,947,0,1500,0,1688,1]
11-04 02:02:29.727 1474 5415 I sysui_multi_action: [757,804,799,note_interruptive,801,0,802,1]
11-04 02:02:29.728 1474 5415 I sysui_multi_action: [757,804,799,note_freshness,801,86891,802,1]
11-04 02:02:29.728 1474 5415 I notification_visibility: [0|android|17303299|com.android.wifi|1000,1,611497,86891,0,1]
11-04 02:02:29.728 1474 5415 I sysui_multi_action: [757,128,758,1,793,1290070,794,0,795,1290070,796,32,798,2,806,android,857,USB,858,1,947,0,1395,3,1500,1289653,1688,1]
11-04 02:02:29.728 1474 5415 I sysui_multi_action: [757,804,799,note_freshness,801,1290070,802,1]
11-04 02:02:29.728 1474 5415 I notification_visibility: [-1|android|32|null|1000,1,1290070,1290070,0,2]
11-04 02:02:30.183 1474 2005 I input_interaction: Interaction with: 4d6f832 NotificationShade (server), edge-swipe (server), swipe-up (server), PointerEventDispatcher0 (server),
11-04 02:02:32.341 2358 2358 I sysui_multi_action: [757,407,758,4,759,1]
11-04 02:02:32.750 1474 5397 I sysui_multi_action: [757,128,758,3,793,614520,794,3023,795,89914,796,17303299,797,com.android.wifi,806,android,857,NETWORK_AVAILABLE,858,2,947,0,1500,3023,1688,1]
11-04 02:02:34.380 1474 5415 I sysui_multi_action: [757,129,758,4,759,1,793,616150,794,4653,795,91544,796,17303299,797,com.android.wifi,798,3,806,android,857,NETWORK_AVAILABLE,858,2,947,0,1395,3,1500,4653,1600,0,1601,0,1629,3,1688,1]
11-04 02:02:34.380 1474 5415 I notification_action_clicked: [0|android|17303299|com.android.wifi|1000,1,616150,91544,4653,3,3]
11-04 02:02:34.393 1474 2289 I wm_task_created: [59,-1]
11-04 02:02:34.400 1474 2289 I wm_task_moved: [59,1,6]
11-04 02:02:34.400 1474 2289 I wm_task_to_front: [0,59]
11-04 02:02:34.401 1474 2289 I wm_create_task: [0,59]
11-04 02:02:34.401 1474 2289 I wm_create_activity: [0,212995672,59,com.android.settings/.Settings$WifiSettingsActivity,android.settings.WIFI_SETTINGS,NULL,NULL,268435456]
11-04 02:02:34.401 1474 2289 I wm_task_moved: [59,1,6]
11-04 02:02:34.401 2809 2809 I wm_on_top_resumed_lost_called: [59699080,com.android.launcher3.uioverrides.QuickstepLauncher,topStateChangedWhenResumed]
11-04 02:02:34.404 1474 2289 I wm_pause_activity: [0,59699080,com.android.launcher3/.uioverrides.QuickstepLauncher,userLeaving=true,pauseBackTasks]
11-04 02:02:34.409 2809 2809 I wm_on_paused_called: [59699080,com.android.launcher3.uioverrides.QuickstepLauncher,performPause]
11-04 02:02:34.409 1474 1474 I sysui_multi_action: [757,128,758,5,759,8,793,616179,794,4682,795,91573,796,17303299,797,com.android.wifi,806,android,857,NETWORK_AVAILABLE,858,2,947,0,1500,4682,1688,1]
11-04 02:02:34.410 1474 1474 I notification_canceled: [0|android|17303299|com.android.wifi|1000,8,616179,91573,4682,-1,-1,NULL]
11-04 02:02:34.413 1474 7614 I wm_add_to_stopping: [0,59699080,com.android.launcher3/.uioverrides.QuickstepLauncher,makeInvisible]
11-04 02:02:34.415 1474 7614 I wm_restart_activity: [0,212995672,59,com.android.settings/.Settings$WifiSettingsActivity]
11-04 02:02:34.416 1474 7614 I wm_set_resumed_activity: [0,com.android.settings/.Settings$WifiSettingsActivity,minimalResumeActivityLocked]
11-04 02:02:34.451 1474 2005 I input_focus: [Focus leaving 4d6f832 NotificationShade (server),reason=NOT_FOCUSABLE]
11-04 02:02:34.460 1474 7614 I wm_task_created: [60,-1]
11-04 02:02:34.466 1474 7614 I wm_task_moved: [60,1,7]
11-04 02:02:34.466 1474 7614 I wm_task_to_front: [0,60]
11-04 02:02:34.467 1474 7614 I wm_create_task: [0,60]
11-04 02:02:34.467 1474 7614 I wm_create_activity: [0,221024233,60,com.android.settings/.homepage.SettingsHomepageActivity,android.settings.WIFI_SETTINGS,NULL,NULL,268435456]
11-04 02:02:34.467 1474 7614 I wm_task_moved: [60,1,7]
11-04 02:02:34.469 1474 7614 I wm_pause_activity: [0,212995672,com.android.settings/.Settings$WifiSettingsActivity,userLeaving=true,pauseBackTasks]
11-04 02:02:34.473 1474 7614 I wm_finish_activity: [0,212995672,59,com.android.settings/.Settings$WifiSettingsActivity,app-request]
11-04 02:02:34.473 7394 7394 I wm_on_create_called: [212995672,com.android.settings.Settings$WifiSettingsActivity,performCreate]
11-04 02:02:34.476 1474 6185 I wm_add_to_stopping: [0,212995672,com.android.settings/.Settings$WifiSettingsActivity,completeFinishing]
11-04 02:02:34.479 1474 6185 I wm_restart_activity: [0,221024233,60,com.android.settings/.homepage.SettingsHomepageActivity]
11-04 02:02:34.479 1474 6185 I wm_set_resumed_activity: [0,com.android.settings/.homepage.SettingsHomepageActivity,minimalResumeActivityLocked]
11-04 02:02:34.483 1474 1644 I sysui_multi_action: [757,803,799,window_time_0,802,12]
11-04 02:02:34.489 1474 1644 I wm_destroy_activity: [0,212995672,59,com.android.settings/.Settings$WifiSettingsActivity,finish-imm:idle]
11-04 02:02:34.490 1474 1644 I sysui_multi_action: [757,803,799,window_time_0,802,0]
11-04 02:02:34.511 7394 7394 I wm_on_create_called: [221024233,com.android.settings.homepage.SettingsHomepageActivity,performCreate]
11-04 02:02:34.539 7394 7394 I wm_on_start_called: [221024233,com.android.settings.homepage.SettingsHomepageActivity,handleStartActivity]
11-04 02:02:34.539 7394 7394 I snet_event_log: [120484087,-1,]
11-04 02:02:34.539 7394 7394 I wm_on_resume_called: [221024233,com.android.settings.homepage.SettingsHomepageActivity,RESUME_ACTIVITY]
11-04 02:02:34.540 7394 7394 I sysui_multi_action: [757,35,758,1,833,0,1089,28]
11-04 02:02:34.543 7394 7394 I sysui_multi_action: [757,1729,758,4,854,isParalleledControllers:false,1089,32]
11-04 02:02:34.550 7394 7394 I wm_on_top_resumed_gained_called: [221024233,com.android.settings.homepage.SettingsHomepageActivity,topStateChangedWhenResumed]
11-04 02:02:34.550 7394 7394 I wm_on_destroy_called: [212995672,com.android.settings.Settings$WifiSettingsActivity,performDestroy]
11-04 02:02:34.553 1474 5415 I wm_task_removed: [59,removeChild:removeChild last r=ActivityRecord{cb20e58 u0 com.android.settings/.Settings$WifiSettingsActivity t-1 f}} in t=Task{f3541a5 #59 type=standard A=1000:com.android.settings U=0 visible=false mode=fullscreen translucent=true sz=0}]
11-04 02:02:34.553 1474 5415 I wm_task_removed: [59,removeChild]
11-04 02:02:34.589 1474 1645 I input_focus: [Focus request 3578ef com.android.settings/com.android.settings.homepage.SettingsHomepageActivity,reason=UpdateInputWindows]
11-04 02:02:34.601 2358 2358 I sysui_multi_action: [757,111,758,2]
11-04 02:02:34.602 2358 2358 I sysui_multi_action: [757,111,758,2]
11-04 02:02:34.602 1474 1474 I notification_enqueue: [10081,2358,com.android.systemui,2048,NULL,0,Notification(channel=updateNotification shortcut=null contentView=null vibrate=null sound=null defaults=0x0 flags=0x0 color=0x00000000 vis=PRIVATE),1]
11-04 02:02:34.612 2358 2358 I sysui_multi_action: [757,111,758,1]
11-04 02:02:34.612 2358 2358 I sysui_multi_action: [757,126,758,1,759,126,927,0,928,1,1593,1]
11-04 02:02:34.613 2358 2358 I sysui_multi_action: [757,113,758,1,759,113,927,1,928,1,1593,1]
11-04 02:02:34.613 2358 2358 I sysui_multi_action: [757,0,758,1,759,0,927,2,928,0,1593,1]
11-04 02:02:34.613 2358 2358 I sysui_multi_action: [757,0,758,1,759,0,927,3,928,0,1593,1]
11-04 02:02:34.613 2358 2358 I sysui_multi_action: [757,491,758,1,759,491,927,4,928,0,1311,-1,1593,0]
11-04 02:02:34.613 2358 2358 I sysui_multi_action: [757,0,758,1,759,0,927,5,928,0,1593,0]
11-04 02:02:34.613 2358 2358 I sysui_multi_action: [757,111,758,1]
11-04 02:02:34.613 2358 2358 I sysui_multi_action: [757,126,758,1,759,126,927,0,928,1,1593,1]
11-04 02:02:34.614 2358 2358 I sysui_multi_action: [757,113,758,1,759,113,927,1,928,1,1593,1]
11-04 02:02:34.614 2358 2358 I sysui_multi_action: [757,0,758,1,759,0,927,2,928,0,1593,1]
11-04 02:02:34.614 2358 2358 I sysui_multi_action: [757,0,758,1,759,0,927,3,928,0,1593,1]
11-04 02:02:34.629 1474 1645 I sysui_multi_action: [324,1,757,1090,758,12,806,com.android.settings,871,com.android.settings.homepage.SettingsHomepageActivity,1091,239]
11-04 02:02:34.632 1474 1641 I sysui_multi_action: [319,139,321,137,322,239,325,1317,757,761,758,8,759,1,806,com.android.settings,871,com.android.settings.homepage.SettingsHomepageActivity,904,com.android.settings,905,0,1320,4,1321,1]
11-04 02:02:34.634 1474 1641 I wm_activity_launch_time: [0,221024233,com.android.settings/.homepage.SettingsHomepageActivity,239]
11-04 02:02:34.637 1474 1474 I notification_enqueue: [10081,2358,com.android.systemui,2048,NULL,0,Notification(channel=updateNotification shortcut=null contentView=null vibrate=null sound=null defaults=0x0 flags=0x0 color=0x00000000 vis=PRIVATE),1]
11-04 02:02:34.638 2358 2358 I sysui_multi_action: [757,111,758,2]
11-04 02:02:34.639 2358 2358 I sysui_multi_action: [757,111,758,2]
11-04 02:02:34.648 2358 2358 I sysui_multi_action: [757,111,758,1]
11-04 02:02:34.649 2358 2358 I sysui_multi_action: [757,126,758,1,759,126,927,0,928,1,1593,1]
11-04 02:02:34.649 2358 2358 I sysui_multi_action: [757,113,758,1,759,113,927,1,928,1,1593,1]
11-04 02:02:34.649 2358 2358 I sysui_multi_action: [757,0,758,1,759,0,927,2,928,0,1593,1]
11-04 02:02:34.649 2358 2358 I sysui_multi_action: [757,0,758,1,759,0,927,3,928,0,1593,1]
11-04 02:02:34.649 2358 2358 I sysui_multi_action: [757,491,758,1,759,491,927,4,928,0,1311,-1,1593,0]
11-04 02:02:34.649 2358 2358 I sysui_multi_action: [757,0,758,1,759,0,927,5,928,0,1593,0]
11-04 02:02:34.649 2358 2358 I sysui_multi_action: [757,111,758,1]
11-04 02:02:34.649 2358 2358 I sysui_multi_action: [757,126,758,1,759,126,927,0,928,1,1593,1]
11-04 02:02:34.649 2358 2358 I sysui_multi_action: [757,113,758,1,759,113,927,1,928,1,1593,1]
11-04 02:02:34.649 2358 2358 I sysui_multi_action: [757,0,758,1,759,0,927,2,928,0,1593,1]
11-04 02:02:34.649 2358 2358 I sysui_multi_action: [757,0,758,1,759,0,927,3,928,0,1593,1]
11-04 02:02:34.651 1474 2005 I input_focus: [Focus entering 3578ef com.android.settings/com.android.settings.homepage.SettingsHomepageActivity (server),reason=Window became focusable. Previous reason: NOT_VISIBLE]
11-04 02:02:34.670 2358 2358 I sysui_multi_action: [757,111,758,2]
11-04 02:02:34.670 1474 1474 I notification_enqueue: [10081,2358,com.android.systemui,2048,NULL,0,Notification(channel=updateNotification shortcut=null contentView=null vibrate=null sound=null defaults=0x0 flags=0x0 color=0x00000000 vis=PRIVATE),1]
11-04 02:02:34.670 2358 2358 I sysui_multi_action: [757,111,758,2]
11-04 02:02:34.678 2358 2358 I sysui_multi_action: [757,111,758,1]
11-04 02:02:34.678 2358 2358 I sysui_multi_action: [757,126,758,1,759,126,927,0,928,1,1593,1]
11-04 02:02:34.678 2358 2358 I sysui_multi_action: [757,113,758,1,759,113,927,1,928,1,1593,1]
11-04 02:02:34.678 2358 2358 I sysui_multi_action: [757,0,758,1,759,0,927,2,928,0,1593,1]
11-04 02:02:34.678 2358 2358 I sysui_multi_action: [757,0,758,1,759,0,927,3,928,0,1593,1]
11-04 02:02:34.678 2358 2358 I sysui_multi_action: [757,491,758,1,759,491,927,4,928,0,1311,-1,1593,0]
11-04 02:02:34.678 2358 2358 I sysui_multi_action: [757,0,758,1,759,0,927,5,928,0,1593,0]
11-04 02:02:34.678 2358 2358 I sysui_multi_action: [757,111,758,1]
11-04 02:02:34.678 2358 2358 I sysui_multi_action: [757,126,758,1,759,126,927,0,928,1,1593,1]
11-04 02:02:34.678 2358 2358 I sysui_multi_action: [757,113,758,1,759,113,927,1,928,1,1593,1]
11-04 02:02:34.678 2358 2358 I sysui_multi_action: [757,0,758,1,759,0,927,2,928,0,1593,1]
11-04 02:02:34.678 2358 2358 I sysui_multi_action: [757,0,758,1,759,0,927,3,928,0,1593,1]
11-04 02:02:34.694 2358 2358 I sysui_multi_action: [757,111,758,2]
11-04 02:02:34.694 1474 1474 I notification_enqueue: [10081,2358,com.android.systemui,2048,NULL,0,Notification(channel=updateNotification shortcut=null contentView=null vibrate=null sound=null defaults=0x0 flags=0x0 color=0x00000000 vis=PRIVATE),1]
11-04 02:02:34.694 2358 2358 I sysui_multi_action: [757,111,758,2]
11-04 02:02:34.704 2358 2358 I sysui_multi_action: [757,111,758,1]
11-04 02:02:34.704 2358 2358 I sysui_multi_action: [757,126,758,1,759,126,927,0,928,1,1593,0]
11-04 02:02:34.704 2358 2358 I sysui_multi_action: [757,113,758,1,759,113,927,1,928,1,1593,0]
11-04 02:02:34.704 2358 2358 I sysui_multi_action: [757,0,758,1,759,0,927,2,928,0,1593,0]
11-04 02:02:34.704 2358 2358 I sysui_multi_action: [757,0,758,1,759,0,927,3,928,0,1593,0]
11-04 02:02:34.704 2358 2358 I sysui_multi_action: [757,491,758,1,759,491,927,4,928,0,1311,-1,1593,0]
11-04 02:02:34.705 2358 2358 I sysui_multi_action: [757,0,758,1,759,0,927,5,928,0,1593,0]
11-04 02:02:34.705 2358 2358 I sysui_multi_action: [757,111,758,1]
11-04 02:02:34.705 2358 2358 I sysui_multi_action: [757,126,758,1,759,126,927,0,928,1,1593,0]
11-04 02:02:34.705 2358 2358 I sysui_multi_action: [757,113,758,1,759,113,927,1,928,1,1593,0]
11-04 02:02:34.705 2358 2358 I sysui_multi_action: [757,0,758,1,759,0,927,2,928,0,1593,0]
11-04 02:02:34.705 2358 2358 I sysui_multi_action: [757,0,758,1,759,0,927,3,928,0,1593,0]
11-04 02:02:34.721 2358 2358 I sysui_multi_action: [757,111,758,2]
11-04 02:02:34.721 2358 2358 I sysui_multi_action: [757,111,758,2]
11-04 02:02:34.722 1474 1474 I notification_enqueue: [10081,2358,com.android.systemui,2048,NULL,0,Notification(channel=updateNotification shortcut=null contentView=null vibrate=null sound=null defaults=0x0 flags=0x0 color=0x00000000 vis=PRIVATE),1]
11-04 02:02:34.728 2358 2358 I sysui_multi_action: [757,111,758,1]
11-04 02:02:34.728 2358 2358 I sysui_multi_action: [757,126,758,1,759,126,927,0,928,1,1593,0]
11-04 02:02:34.728 2358 2358 I sysui_multi_action: [757,113,758,1,759,113,927,1,928,1,1593,0]
11-04 02:02:34.728 2358 2358 I sysui_multi_action: [757,0,758,1,759,0,927,2,928,0,1593,0]
11-04 02:02:34.728 2358 2358 I sysui_multi_action: [757,0,758,1,759,0,927,3,928,0,1593,0]
11-04 02:02:34.728 2358 2358 I sysui_multi_action: [757,491,758,1,759,491,927,4,928,0,1311,-1,1593,0]
11-04 02:02:34.729 2358 2358 I sysui_multi_action: [757,0,758,1,759,0,927,5,928,0,1593,0]
11-04 02:02:34.729 2358 2358 I sysui_multi_action: [757,111,758,1]
11-04 02:02:34.729 2358 2358 I sysui_multi_action: [757,126,758,1,759,126,927,0,928,1,1593,1]
11-04 02:02:34.729 2358 2358 I sysui_multi_action: [757,113,758,1,759,113,927,1,928,1,1593,1]
11-04 02:02:34.729 2358 2358 I sysui_multi_action: [757,0,758,1,759,0,927,2,928,0,1593,1]
11-04 02:02:34.729 2358 2358 I sysui_multi_action: [757,0,758,1,759,0,927,3,928,0,1593,1]
11-04 02:02:34.743 1474 1474 I notification_enqueue: [10081,2358,com.android.systemui,2048,NULL,0,Notification(channel=updateNotification shortcut=null contentView=null vibrate=null sound=null defaults=0x0 flags=0x0 color=0x00000000 vis=PRIVATE),1]
11-04 02:02:34.744 2358 2358 I sysui_multi_action: [757,111,758,2]
11-04 02:02:34.744 2358 2358 I sysui_multi_action: [757,111,758,2]
11-04 02:02:34.750 2358 2358 I sysui_multi_action: [757,111,758,1]
11-04 02:02:34.750 2358 2358 I sysui_multi_action: [757,126,758,1,759,126,927,0,928,1,1593,1]
11-04 02:02:34.750 2358 2358 I sysui_multi_action: [757,113,758,1,759,113,927,1,928,1,1593,1]
11-04 02:02:34.750 2358 2358 I sysui_multi_action: [757,0,758,1,759,0,927,2,928,0,1593,1]
11-04 02:02:34.750 2358 2358 I sysui_multi_action: [757,0,758,1,759,0,927,3,928,0,1593,1]
11-04 02:02:34.750 2358 2358 I sysui_multi_action: [757,491,758,1,759,491,927,4,928,0,1311,-1,1593,0]
11-04 02:02:34.750 2358 2358 I sysui_multi_action: [757,0,758,1,759,0,927,5,928,0,1593,0]
11-04 02:02:34.750 2358 2358 I sysui_multi_action: [757,111,758,1]
11-04 02:02:34.750 2358 2358 I sysui_multi_action: [757,126,758,1,759,126,927,0,928,1,1593,1]
11-04 02:02:34.750 2358 2358 I sysui_multi_action: [757,113,758,1,759,113,927,1,928,1,1593,1]
11-04 02:02:34.750 2358 2358 I sysui_multi_action: [757,0,758,1,759,0,927,2,928,0,1593,1]
11-04 02:02:34.750 2358 2358 I sysui_multi_action: [757,0,758,1,759,0,927,3,928,0,1593,1]
11-04 02:02:34.765 2358 2358 I sysui_multi_action: [757,111,758,2]
11-04 02:02:34.765 2358 2358 I sysui_multi_action: [757,111,758,2]
11-04 02:02:34.765 1474 1474 I notification_enqueue: [10081,2358,com.android.systemui,2048,NULL,0,Notification(channel=updateNotification shortcut=null contentView=null vibrate=null sound=null defaults=0x0 flags=0x0 color=0x00000000 vis=PRIVATE),1]
11-04 02:02:34.772 2358 2358 I sysui_multi_action: [757,111,758,1]
11-04 02:02:34.772 2358 2358 I sysui_multi_action: [757,126,758,1,759,126,927,0,928,1,1593,1]
11-04 02:02:34.772 2358 2358 I sysui_multi_action: [757,113,758,1,759,113,927,1,928,1,1593,1]
11-04 02:02:34.772 2358 2358 I sysui_multi_action: [757,0,758,1,759,0,927,2,928,0,1593,1]
11-04 02:02:34.772 2358 2358 I sysui_multi_action: [757,0,758,1,759,0,927,3,928,0,1593,1]
11-04 02:02:34.772 2358 2358 I sysui_multi_action: [757,491,758,1,759,491,927,4,928,0,1311,-1,1593,0]
11-04 02:02:34.772 2358 2358 I sysui_multi_action: [757,0,758,1,759,0,927,5,928,0,1593,0]
11-04 02:02:34.772 2358 2358 I sysui_multi_action: [757,111,758,1]
11-04 02:02:34.772 2358 2358 I sysui_multi_action: [757,126,758,1,759,126,927,0,928,1,1593,1]
11-04 02:02:34.773 2358 2358 I sysui_multi_action: [757,113,758,1,759,113,927,1,928,1,1593,1]
11-04 02:02:34.773 2358 2358 I sysui_multi_action: [757,0,758,1,759,0,927,2,928,0,1593,1]
11-04 02:02:34.773 2358 2358 I sysui_multi_action: [757,0,758,1,759,0,927,3,928,0,1593,1]
11-04 02:02:34.785 1474 7392 I netstats_mobile_sample: [0,0,0,0,0,0,0,0,0,0,0,0,1667498554785]
11-04 02:02:34.785 1474 7392 I netstats_wifi_sample: [0,0,0,0,0,0,0,0,0,0,0,0,1667498554785]
11-04 02:02:34.787 2358 2358 I sysui_multi_action: [757,111,758,2]
11-04 02:02:34.787 2358 2358 I sysui_multi_action: [757,111,758,2]
11-04 02:02:34.787 1474 1474 I notification_enqueue: [10081,2358,com.android.systemui,2048,NULL,0,Notification(channel=updateNotification shortcut=null contentView=null vibrate=null sound=null defaults=0x0 flags=0x0 color=0x00000000 vis=PRIVATE),1]
11-04 02:02:34.795 2358 2358 I sysui_multi_action: [757,111,758,1]
11-04 02:02:34.795 2358 2358 I sysui_multi_action: [757,126,758,1,759,126,927,0,928,1,1593,1]
11-04 02:02:34.795 2358 2358 I sysui_multi_action: [757,113,758,1,759,113,927,1,928,1,1593,1]
11-04 02:02:34.795 2358 2358 I sysui_multi_action: [757,0,758,1,759,0,927,2,928,0,1593,1]
11-04 02:02:34.795 2358 2358 I sysui_multi_action: [757,0,758,1,759,0,927,3,928,0,1593,1]
11-04 02:02:34.795 2358 2358 I sysui_multi_action: [757,491,758,1,759,491,927,4,928,0,1311,-1,1593,0]
11-04 02:02:34.795 2358 2358 I sysui_multi_action: [757,0,758,1,759,0,927,5,928,0,1593,0]
11-04 02:02:34.796 2358 2358 I sysui_multi_action: [757,111,758,1]
11-04 02:02:34.796 2358 2358 I sysui_multi_action: [757,126,758,1,759,126,927,0,928,1,1593,1]
11-04 02:02:34.796 2358 2358 I sysui_multi_action: [757,113,758,1,759,113,927,1,928,1,1593,1]
11-04 02:02:34.796 2358 2358 I sysui_multi_action: [757,0,758,1,759,0,927,2,928,0,1593,1]
11-04 02:02:34.796 2358 2358 I sysui_multi_action: [757,0,758,1,759,0,927,3,928,0,1593,1]
11-04 02:02:34.796 1474 6538 I netstats_mobile_sample: [0,0,0,0,0,0,0,0,0,0,0,0,1667498554796]
11-04 02:02:34.796 1474 6538 I netstats_wifi_sample: [0,0,0,0,0,0,0,0,0,0,0,0,1667498554796]
11-04 02:02:34.804 1474 1644 I wm_stop_activity: [0,59699080,com.android.launcher3/.uioverrides.QuickstepLauncher]
11-04 02:02:34.812 2358 2358 I sysui_multi_action: [757,111,758,2]
11-04 02:02:34.812 2358 2358 I sysui_multi_action: [757,111,758,2]
11-04 02:02:34.812 1474 1474 I notification_enqueue: [10081,2358,com.android.systemui,2048,NULL,0,Notification(channel=updateNotification shortcut=null contentView=null vibrate=null sound=null defaults=0x0 flags=0x0 color=0x00000000 vis=PRIVATE),1]
11-04 02:02:34.818 2358 2358 I sysui_multi_action: [757,111,758,1]
11-04 02:02:34.818 2358 2358 I sysui_multi_action: [757,126,758,1,759,126,927,0,928,1,1593,1]
11-04 02:02:34.818 2358 2358 I sysui_multi_action: [757,113,758,1,759,113,927,1,928,1,1593,1]
11-04 02:02:34.818 2358 2358 I sysui_multi_action: [757,0,758,1,759,0,927,2,928,0,1593,1]
11-04 02:02:34.818 2358 2358 I sysui_multi_action: [757,0,758,1,759,0,927,3,928,0,1593,1]
11-04 02:02:34.818 2358 2358 I sysui_multi_action: [757,491,758,1,759,491,927,4,928,0,1311,-1,1593,1]
11-04 02:02:34.818 2358 2358 I sysui_multi_action: [757,0,758,1,759,0,927,5,928,0,1593,1]
11-04 02:02:34.818 2358 2358 I sysui_multi_action: [757,111,758,1]
11-04 02:02:34.818 2358 2358 I sysui_multi_action: [757,126,758,1,759,126,927,0,928,1,1593,1]
11-04 02:02:34.818 2358 2358 I sysui_multi_action: [757,113,758,1,759,113,927,1,928,1,1593,1]
11-04 02:02:34.818 2358 2358 I sysui_multi_action: [757,0,758,1,759,0,927,2,928,0,1593,1]
11-04 02:02:34.818 2358 2358 I sysui_multi_action: [757,0,758,1,759,0,927,3,928,0,1593,1]
11-04 02:02:34.827 7394 7394 I sysui_multi_action: [757,103,758,1,833,0,1089,54]
11-04 02:02:34.831 2358 2358 I sysui_multi_action: [757,111,758,2]
11-04 02:02:34.831 2358 2358 I sysui_multi_action: [757,111,758,2]
11-04 02:02:34.832 1474 1474 I notification_enqueue: [10081,2358,com.android.systemui,2048,NULL,0,Notification(channel=updateNotification shortcut=null contentView=null vibrate=null sound=null defaults=0x0 flags=0x0 color=0x00000000 vis=PRIVATE),1]
11-04 02:02:34.839 2358 2358 I sysui_multi_action: [757,111,758,1]
11-04 02:02:34.839 2358 2358 I sysui_multi_action: [757,126,758,1,759,126,927,0,928,1,1593,1]
11-04 02:02:34.839 2358 2358 I sysui_multi_action: [757,113,758,1,759,113,927,1,928,1,1593,1]
11-04 02:02:34.839 2358 2358 I sysui_multi_action: [757,0,758,1,759,0,927,2,928,0,1593,1]
11-04 02:02:34.839 2358 2358 I sysui_multi_action: [757,0,758,1,759,0,927,3,928,0,1593,1]
11-04 02:02:34.839 2358 2358 I sysui_multi_action: [757,491,758,1,759,491,927,4,928,0,1311,-1,1593,1]
11-04 02:02:34.839 2358 2358 I sysui_multi_action: [757,0,758,1,759,0,927,5,928,0,1593,1]
11-04 02:02:34.839 2358 2358 I sysui_multi_action: [757,111,758,1]
11-04 02:02:34.839 2358 2358 I sysui_multi_action: [757,126,758,1,759,126,927,0,928,1,1593,1]
11-04 02:02:34.839 2358 2358 I sysui_multi_action: [757,113,758,1,759,113,927,1,928,1,1593,1]
11-04 02:02:34.839 2358 2358 I sysui_multi_action: [757,0,758,1,759,0,927,2,928,0,1593,1]
11-04 02:02:34.839 2358 2358 I sysui_multi_action: [757,0,758,1,759,0,927,3,928,0,1593,1]
11-04 02:02:34.847 2809 2809 I wm_on_stop_called: [59699080,com.android.launcher3.uioverrides.QuickstepLauncher,STOP_ACTIVITY_ITEM]
11-04 02:02:34.856 1474 1474 I notification_enqueue: [10081,2358,com.android.systemui,2048,NULL,0,Notification(channel=updateNotification shortcut=null contentView=null vibrate=null sound=null defaults=0x0 flags=0x0 color=0x00000000 vis=PRIVATE),1]
11-04 02:02:34.856 2358 2358 I sysui_multi_action: [757,111,758,2]
11-04 02:02:34.857 2358 2358 I sysui_multi_action: [757,111,758,2]
11-04 02:02:34.864 2358 2358 I sysui_multi_action: [757,111,758,1]
11-04 02:02:34.864 2358 2358 I sysui_multi_action: [757,126,758,1,759,126,927,0,928,1,1593,1]
11-04 02:02:34.864 2358 2358 I sysui_multi_action: [757,113,758,1,759,113,927,1,928,1,1593,1]
11-04 02:02:34.864 2358 2358 I sysui_multi_action: [757,0,758,1,759,0,927,2,928,0,1593,1]
11-04 02:02:34.864 2358 2358 I sysui_multi_action: [757,0,758,1,759,0,927,3,928,0,1593,1]
11-04 02:02:34.864 2358 2358 I sysui_multi_action: [757,491,758,1,759,491,927,4,928,0,1311,-1,1593,1]
11-04 02:02:34.864 2358 2358 I sysui_multi_action: [757,0,758,1,759,0,927,5,928,0,1593,1]
11-04 02:02:34.864 2358 2358 I sysui_multi_action: [757,111,758,1]
11-04 02:02:34.864 2358 2358 I sysui_multi_action: [757,126,758,1,759,126,927,0,928,1,1593,1]
11-04 02:02:34.864 2358 2358 I sysui_multi_action: [757,113,758,1,759,113,927,1,928,1,1593,1]
11-04 02:02:34.864 2358 2358 I sysui_multi_action: [757,0,758,1,759,0,927,2,928,0,1593,1]
11-04 02:02:34.864 2358 2358 I sysui_multi_action: [757,0,758,1,759,0,927,3,928,0,1593,1]
11-04 02:02:34.880 2358 2358 I sysui_multi_action: [757,111,758,2]
11-04 02:02:34.880 1474 1474 I notification_enqueue: [10081,2358,com.android.systemui,2048,NULL,0,Notification(channel=updateNotification shortcut=null contentView=null vibrate=null sound=null defaults=0x0 flags=0x0 color=0x00000000 vis=PRIVATE),1]
11-04 02:02:34.880 2358 2358 I sysui_multi_action: [757,111,758,2]
11-04 02:02:34.887 2358 2358 I sysui_multi_action: [757,111,758,1]
11-04 02:02:34.887 2358 2358 I sysui_multi_action: [757,126,758,1,759,126,927,0,928,1,1593,1]
11-04 02:02:34.887 2358 2358 I sysui_multi_action: [757,113,758,1,759,113,927,1,928,1,1593,1]
11-04 02:02:34.887 2358 2358 I sysui_multi_action: [757,0,758,1,759,0,927,2,928,0,1593,1]
11-04 02:02:34.887 2358 2358 I sysui_multi_action: [757,0,758,1,759,0,927,3,928,0,1593,1]
11-04 02:02:34.887 2358 2358 I sysui_multi_action: [757,491,758,1,759,491,927,4,928,0,1311,-1,1593,0]
11-04 02:02:34.887 2358 2358 I sysui_multi_action: [757,0,758,1,759,0,927,5,928,0,1593,0]
11-04 02:02:34.887 2358 2358 I sysui_multi_action: [757,111,758,1]
11-04 02:02:34.887 2358 2358 I sysui_multi_action: [757,126,758,1,759,126,927,0,928,1,1593,1]
11-04 02:02:34.887 2358 2358 I sysui_multi_action: [757,113,758,1,759,113,927,1,928,1,1593,1]
11-04 02:02:34.887 2358 2358 I sysui_multi_action: [757,0,758,1,759,0,927,2,928,0,1593,1]
11-04 02:02:34.887 2358 2358 I sysui_multi_action: [757,0,758,1,759,0,927,3,928,0,1593,1]
11-04 02:02:34.902 2358 2358 I sysui_multi_action: [757,111,758,2]
11-04 02:02:34.902 2358 2358 I sysui_multi_action: [757,111,758,2]
11-04 02:02:34.902 1474 1474 I notification_enqueue: [10081,2358,com.android.systemui,2048,NULL,0,Notification(channel=updateNotification shortcut=null contentView=null vibrate=null sound=null defaults=0x0 flags=0x0 color=0x00000000 vis=PRIVATE),1]
11-04 02:02:34.909 2358 2358 I sysui_multi_action: [757,111,758,1]
11-04 02:02:34.909 2358 2358 I sysui_multi_action: [757,126,758,1,759,126,927,0,928,1,1593,1]
11-04 02:02:34.909 2358 2358 I sysui_multi_action: [757,113,758,1,759,113,927,1,928,1,1593,1]
11-04 02:02:34.909 2358 2358 I sysui_multi_action: [757,0,758,1,759,0,927,2,928,0,1593,1]
11-04 02:02:34.909 2358 2358 I sysui_multi_action: [757,0,758,1,759,0,927,3,928,0,1593,1]
11-04 02:02:34.909 2358 2358 I sysui_multi_action: [757,491,758,1,759,491,927,4,928,0,1311,-1,1593,0]
11-04 02:02:34.909 2358 2358 I sysui_multi_action: [757,0,758,1,759,0,927,5,928,0,1593,0]
11-04 02:02:34.909 2358 2358 I sysui_multi_action: [757,111,758,1]
11-04 02:02:34.909 2358 2358 I sysui_multi_action: [757,126,758,1,759,126,927,0,928,1,1593,1]
11-04 02:02:34.909 2358 2358 I sysui_multi_action: [757,113,758,1,759,113,927,1,928,1,1593,1]
11-04 02:02:34.909 2358 2358 I sysui_multi_action: [757,0,758,1,759,0,927,2,928,0,1593,1]
11-04 02:02:34.909 2358 2358 I sysui_multi_action: [757,0,758,1,759,0,927,3,928,0,1593,1]
11-04 02:02:34.928 1474 1474 I notification_enqueue: [10081,2358,com.android.systemui,2048,NULL,0,Notification(channel=updateNotification shortcut=null contentView=null vibrate=null sound=null defaults=0x0 flags=0x0 color=0x00000000 vis=PRIVATE),1]
11-04 02:02:34.928 2358 2358 I sysui_multi_action: [757,111,758,2]
11-04 02:02:34.928 2358 2358 I sysui_multi_action: [757,111,758,2]
11-04 02:02:34.944 2358 2358 I sysui_multi_action: [757,111,758,1]
11-04 02:02:34.944 2358 2358 I sysui_multi_action: [757,126,758,1,759,126,927,0,928,1,1593,1]
11-04 02:02:34.944 2358 2358 I sysui_multi_action: [757,113,758,1,759,113,927,1,928,1,1593,1]
11-04 02:02:34.944 2358 2358 I sysui_multi_action: [757,0,758,1,759,0,927,2,928,0,1593,1]
11-04 02:02:34.944 2358 2358 I sysui_multi_action: [757,0,758,1,759,0,927,3,928,0,1593,1]
11-04 02:02:34.944 2358 2358 I sysui_multi_action: [757,491,758,1,759,491,927,4,928,0,1311,-1,1593,0]
11-04 02:02:34.944 2358 2358 I sysui_multi_action: [757,0,758,1,759,0,927,5,928,0,1593,0]
11-04 02:02:34.944 2358 2358 I sysui_multi_action: [757,111,758,1]
11-04 02:02:34.944 2358 2358 I sysui_multi_action: [757,126,758,1,759,126,927,0,928,1,1593,1]
11-04 02:02:34.944 2358 2358 I sysui_multi_action: [757,113,758,1,759,113,927,1,928,1,1593,1]
11-04 02:02:34.944 2358 2358 I sysui_multi_action: [757,0,758,1,759,0,927,2,928,0,1593,1]
11-04 02:02:34.944 2358 2358 I sysui_multi_action: [757,0,758,1,759,0,927,3,928,0,1593,1]
11-04 02:02:34.969 2358 2358 I sysui_multi_action: [757,111,758,2]
11-04 02:02:34.969 1474 1474 I notification_enqueue: [10081,2358,com.android.systemui,2048,NULL,0,Notification(channel=updateNotification shortcut=null contentView=null vibrate=null sound=null defaults=0x0 flags=0x0 color=0x00000000 vis=PRIVATE),1]
11-04 02:02:34.969 2358 2358 I sysui_multi_action: [757,111,758,2]
11-04 02:02:34.972 1474 5397 I sysui_multi_action: [757,128,758,2,793,904386,794,5245,795,904386,796,26,798,0,806,android,857,DEVELOPER_IMPORTANT,858,4,947,0,1395,3,1500,904183,1688,1]
11-04 02:02:34.972 1474 5397 I notification_visibility: [-1|android|26|null|1000,0,904386,904386,0,0]
11-04 02:02:34.972 1474 5397 I sysui_multi_action: [757,128,758,2,793,1295314,794,5244,795,1295314,796,32,798,2,806,android,857,USB,858,1,947,0,1395,3,1500,1294897,1688,1]
11-04 02:02:34.972 1474 5397 I notification_visibility: [-1|android|32|null|1000,0,1295314,1295314,0,2]
11-04 02:02:34.973 1474 5397 I sysui_multi_action: [757,127,758,2]
11-04 02:02:34.974 1474 5397 I notification_panel_hidden:
11-04 02:02:35.007 2358 2358 I sysui_multi_action: [757,111,758,1]
11-04 02:02:35.008 2358 2358 I sysui_multi_action: [757,126,758,1,759,126,927,0,928,1,1593,0]
11-04 02:02:35.008 2358 2358 I sysui_multi_action: [757,113,758,1,759,113,927,1,928,1,1593,0]
11-04 02:02:35.008 2358 2358 I sysui_multi_action: [757,0,758,1,759,0,927,2,928,0,1593,0]
11-04 02:02:35.008 2358 2358 I sysui_multi_action: [757,0,758,1,759,0,927,3,928,0,1593,0]
11-04 02:02:35.008 2358 2358 I sysui_multi_action: [757,491,758,1,759,491,927,4,928,0,1311,-1,1593,0]
11-04 02:02:35.008 2358 2358 I sysui_multi_action: [757,0,758,1,759,0,927,5,928,0,1593,0]
11-04 02:02:35.008 2358 2358 I sysui_multi_action: [757,111,758,1]
11-04 02:02:35.008 2358 2358 I sysui_multi_action: [757,126,758,1,759,126,927,0,928,1,1593,0]
11-04 02:02:35.008 2358 2358 I sysui_multi_action: [757,113,758,1,759,113,927,1,928,1,1593,0]
11-04 02:02:35.008 2358 2358 I sysui_multi_action: [757,0,758,1,759,0,927,2,928,0,1593,0]
11-04 02:02:35.008 2358 2358 I sysui_multi_action: [757,0,758,1,759,0,927,3,928,0,1593,0]
11-04 02:02:35.597 1474 1724 I service_manager_stats: [100,86,76531]
11-04 02:02:36.161 1364 1399 I liblog : 187
11-04 02:02:38.620 1474 1654 I sysui_multi_action: [757,1717,758,1,759,0]
11-04 02:02:38.621 1474 1654 I sysui_multi_action: [757,1717,758,2,759,0]
11-04 02:02:38.621 1474 1654 I sysui_multi_action: [757,1717,758,3,759,0]
11-04 02:02:43.029 1474 2005 I input_interaction: Interaction with: 3578ef com.android.settings/com.android.settings.homepage.SettingsHomepageActivity (server), edge-swipe (server), swipe-up (server), PointerEventDispatcher0 (server),
11-04 02:02:43.052 1474 6541 I wm_task_moved: [1,0,0]
11-04 02:02:43.053 1474 6541 I wm_task_moved: [1,0,5]
11-04 02:02:43.078 2809 2809 I wm_on_restart_called: [59699080,com.android.launcher3.uioverrides.QuickstepLauncher,performRestartActivity]
11-04 02:02:43.102 2809 2809 I wm_on_start_called: [59699080,com.android.launcher3.uioverrides.QuickstepLauncher,handleStartActivity]
11-04 02:02:43.128 1474 1641 I sysui_multi_action: [319,15,322,68,325,1325,757,761,758,9,759,5,806,com.android.launcher3,871,com.android.launcher3.uioverrides.QuickstepLauncher,905,0,1320,4,1321,1]
11-04 02:02:43.255 1474 6541 I wm_task_moved: [1,0,5]
11-04 02:02:43.256 1474 6541 I wm_add_to_stopping: [0,59699080,com.android.launcher3/.uioverrides.QuickstepLauncher,makeInvisible]
11-04 02:02:43.262 1474 1644 I wm_stop_activity: [0,59699080,com.android.launcher3/.uioverrides.QuickstepLauncher]
11-04 02:02:43.288 2809 2809 I wm_on_stop_called: [59699080,com.android.launcher3.uioverrides.QuickstepLauncher,STOP_ACTIVITY_ITEM]
11-04 02:02:43.572 1474 6541 I wm_task_moved: [1,0,0]
11-04 02:02:43.572 1474 6541 I wm_task_moved: [1,0,5]
11-04 02:02:43.586 2809 2809 I wm_on_restart_called: [59699080,com.android.launcher3.uioverrides.QuickstepLauncher,performRestartActivity]
11-04 02:02:43.602 2809 2809 I wm_on_start_called: [59699080,com.android.launcher3.uioverrides.QuickstepLauncher,handleStartActivity]
11-04 02:02:43.627 1474 1641 I sysui_multi_action: [319,11,322,49,325,1326,757,761,758,9,759,5,806,com.android.launcher3,871,com.android.launcher3.uioverrides.QuickstepLauncher,905,0,1320,4,1321,1]
11-04 02:02:43.772 1474 6185 I wm_task_moved: [1,0,5]
11-04 02:02:43.772 1474 6185 I wm_add_to_stopping: [0,59699080,com.android.launcher3/.uioverrides.QuickstepLauncher,makeInvisible]
11-04 02:02:43.780 1474 1644 I wm_stop_activity: [0,59699080,com.android.launcher3/.uioverrides.QuickstepLauncher]
11-04 02:02:43.805 2809 2809 I wm_on_stop_called: [59699080,com.android.launcher3.uioverrides.QuickstepLauncher,STOP_ACTIVITY_ITEM]
11-04 02:02:44.173 1474 2005 I input_interaction: Interaction with: 3578ef com.android.settings/com.android.settings.homepage.SettingsHomepageActivity (server), PointerEventDispatcher0 (server),
11-04 02:02:44.568 1474 1693 I commit_sys_config_file: [package-user-0,5]
11-04 02:02:46.103 1474 2005 I input_interaction: Interaction with: 3578ef com.android.settings/com.android.settings.homepage.SettingsHomepageActivity (server), edge-swipe (server), swipe-up (server), PointerEventDispatcher0 (server),
11-04 02:02:46.215 7394 7394 I sysui_multi_action: [757,135,758,4,759,0]
11-04 02:02:46.232 1474 7392 I wm_task_moved: [60,1,6]
11-04 02:02:46.232 1474 7392 I wm_set_resumed_activity: [0,com.android.settings/.homepage.SettingsHomepageActivity,positionChildAt]
11-04 02:02:46.232 1474 7392 I wm_create_activity: [0,234514592,60,com.android.settings/.SubSettings,android.intent.action.MAIN,NULL,NULL,0]
11-04 02:02:46.235 1474 7392 I wm_pause_activity: [0,221024233,com.android.settings/.homepage.SettingsHomepageActivity,userLeaving=true,resumeTopActivityInnerLocked]
11-04 02:02:46.239 7394 7394 I wm_on_top_resumed_lost_called: [221024233,com.android.settings.homepage.SettingsHomepageActivity,topStateChangedWhenResumed]
11-04 02:02:46.244 7394 7394 I sysui_multi_action: [757,35,758,2,1089,11704]
11-04 02:02:46.246 7394 7394 I sysui_multi_action: [757,103,758,2,1089,11419]
11-04 02:02:46.247 7394 7394 I wm_on_paused_called: [221024233,com.android.settings.homepage.SettingsHomepageActivity,performPause]
11-04 02:02:46.249 1474 6538 I wm_add_to_stopping: [0,221024233,com.android.settings/.homepage.SettingsHomepageActivity,makeInvisible]
11-04 02:02:46.251 1474 6538 I wm_restart_activity: [0,234514592,60,com.android.settings/.SubSettings]
11-04 02:02:46.253 1474 6538 I wm_set_resumed_activity: [0,com.android.settings/.SubSettings,minimalResumeActivityLocked]
11-04 02:02:46.259 1474 1644 I sysui_multi_action: [757,803,799,window_time_0,802,12]
11-04 02:02:46.282 1474 2005 I input_focus: [Focus leaving 3578ef com.android.settings/com.android.settings.homepage.SettingsHomepageActivity (server),reason=NO_WINDOW]
11-04 02:02:46.285 1474 1654 I am_pss : [7394,1000,com.android.settings,91333632,79937536,0,226803712,0,2,10]
11-04 02:02:46.307 1474 6541 I wm_finish_activity: [0,234514592,60,com.android.settings/.SubSettings,clear-task-stack]
11-04 02:02:46.317 1474 6541 I wm_pause_activity: [0,234514592,com.android.settings/.SubSettings,userLeaving=false,finish]
11-04 02:02:46.317 1474 6541 I wm_new_intent: [0,221024233,60,com.android.settings/.homepage.SettingsHomepageActivity,android.settings.WIFI_SETTINGS,NULL,NULL,268435456]
11-04 02:02:46.318 1474 6541 I wm_task_moved: [60,1,6]
11-04 02:02:46.324 7394 7394 I wm_on_create_called: [234514592,com.android.settings.SubSettings,performCreate]
11-04 02:02:46.329 1474 6185 I wm_add_to_stopping: [0,234514592,com.android.settings/.SubSettings,completeFinishing]
11-04 02:02:46.330 1474 6185 I wm_set_resumed_activity: [0,com.android.settings/.homepage.SettingsHomepageActivity,resumeTopActivityInnerLocked]
11-04 02:02:46.331 1474 6185 I wm_resume_activity: [0,221024233,60,com.android.settings/.homepage.SettingsHomepageActivity]
11-04 02:02:46.339 1474 1645 I input_focus: [Focus request 3578ef com.android.settings/com.android.settings.homepage.SettingsHomepageActivity,reason=UpdateInputWindows]
11-04 02:02:46.339 1474 1644 I sysui_multi_action: [757,803,799,window_time_0,802,0]
11-04 02:02:46.358 7394 7394 I wm_on_activity_result_called: [221024233,com.android.settings.homepage.SettingsHomepageActivity,ACTIVITY_RESULT]
11-04 02:02:46.359 7394 7394 I wm_on_resume_called: [221024233,com.android.settings.homepage.SettingsHomepageActivity,RESUME_ACTIVITY]
11-04 02:02:46.359 7394 7394 I sysui_multi_action: [757,35,758,1,833,0,1089,0]
11-04 02:02:46.361 7394 7394 I sysui_multi_action: [757,103,758,1,833,0,1089,0]
11-04 02:02:46.362 1474 2005 I input_focus: [Focus entering 3578ef com.android.settings/com.android.settings.homepage.SettingsHomepageActivity (server),reason=Window became focusable. Previous reason: NO_WINDOW]
11-04 02:02:46.362 7394 7394 I wm_on_top_resumed_gained_called: [221024233,com.android.settings.homepage.SettingsHomepageActivity,topWhenResuming]
11-04 02:02:46.427 1474 7392 I wm_destroy_activity: [0,234514592,60,com.android.settings/.SubSettings,finish-imm:idle]
11-04 02:02:46.428 7394 7394 I wm_on_destroy_called: [234514592,com.android.settings.SubSettings,performDestroy]
11-04 02:02:46.814 7394 7394 I sysui_multi_action: [757,1800,758,1,833,0,1089,72]
11-04 02:02:48.702 7394 7394 I sysui_multi_action: [757,1800,758,2,1089,1887]
11-04 02:02:50.308 7394 7394 I sysui_multi_action: [757,135,758,4,759,0]
11-04 02:02:50.331 1474 7392 I wm_task_moved: [60,1,6]
11-04 02:02:50.331 1474 7392 I wm_set_resumed_activity: [0,com.android.settings/.homepage.SettingsHomepageActivity,positionChildAt]
11-04 02:02:50.331 1474 7392 I wm_create_activity: [0,10860594,60,com.android.settings/.SubSettings,android.intent.action.MAIN,NULL,NULL,0]
11-04 02:02:50.336 1474 7392 I wm_pause_activity: [0,221024233,com.android.settings/.homepage.SettingsHomepageActivity,userLeaving=true,resumeTopActivityInnerLocked]
11-04 02:02:50.355 7394 7394 I wm_on_top_resumed_lost_called: [221024233,com.android.settings.homepage.SettingsHomepageActivity,topStateChangedWhenResumed]
11-04 02:02:50.360 7394 7394 I sysui_multi_action: [757,35,758,2,1089,4000]
11-04 02:02:50.365 7394 7394 I sysui_multi_action: [757,103,758,2,1089,4004]
11-04 02:02:50.367 7394 7394 I wm_on_paused_called: [221024233,com.android.settings.homepage.SettingsHomepageActivity,performPause]
11-04 02:02:50.369 1474 7392 I wm_add_to_stopping: [0,221024233,com.android.settings/.homepage.SettingsHomepageActivity,makeInvisible]
11-04 02:02:50.370 1474 7392 I wm_restart_activity: [0,10860594,60,com.android.settings/.SubSettings]
11-04 02:02:50.372 1474 7392 I wm_set_resumed_activity: [0,com.android.settings/.SubSettings,minimalResumeActivityLocked]
11-04 02:02:50.379 1474 1644 I sysui_multi_action: [757,803,799,window_time_0,802,4]
11-04 02:02:50.388 1474 2005 I input_focus: [Focus leaving 3578ef com.android.settings/com.android.settings.homepage.SettingsHomepageActivity (server),reason=NO_WINDOW]
11-04 02:02:50.409 1474 7392 I wm_finish_activity: [0,10860594,60,com.android.settings/.SubSettings,clear-task-stack]
11-04 02:02:50.417 1474 7392 I wm_pause_activity: [0,10860594,com.android.settings/.SubSettings,userLeaving=false,finish]
