11-04 01:56:34.713 1474 5559 I wm_task_moved: [10,1,2147483647]
11-04 01:56:34.713 1474 5559 I wm_task_to_front: [0,10]
11-04 01:56:34.714 1474 5559 I wm_focused_root_task: [0,0,1,43,finish-top adjustFocusToNextFocusableTask]
11-04 01:56:34.714 1474 5559 I wm_set_resumed_activity: [0,com.android.launcher3/.uioverrides.QuickstepLauncher,finish-top adjustFocusToNextFocusableTask]
11-04 01:56:34.716 1474 5559 I wm_pause_activity: [0,157231704,com.thundercomm.screensaver/android.service.dreams.DreamActivity,userLeaving=false,finish]
11-04 01:56:34.722 1474 1474 I service_manager_slow: [12,phone]
11-04 01:56:34.722 1474 1474 I service_manager_stats: [120,93,68914]
11-04 01:56:34.732 1474 1644 I sysui_multi_action: [757,803,799,window_time_0,802,69]
11-04 01:56:34.736 4827 4827 I wm_on_top_resumed_lost_called: [157231704,android.service.dreams.DreamActivity,topStateChangedWhenResumed]
11-04 01:56:34.737 4827 4827 I wm_on_paused_called: [157231704,android.service.dreams.DreamActivity,performPause]
11-04 01:56:34.737 1474 2469 I wm_add_to_stopping: [0,157231704,com.thundercomm.screensaver/android.service.dreams.DreamActivity,completeFinishing]
11-04 01:56:34.740 1474 2469 I wm_set_resumed_activity: [0,com.android.launcher3/.uioverrides.QuickstepLauncher,resumeTopActivityInnerLocked]
11-04 01:56:34.742 1474 2469 I wm_resume_activity: [0,59699080,10,com.android.launcher3/.uioverrides.QuickstepLauncher]
11-04 01:56:34.754 2809 2809 I wm_on_restart_called: [59699080,com.android.launcher3.uioverrides.QuickstepLauncher,performRestartActivity]
11-04 01:56:34.754 2809 2809 I wm_on_start_called: [59699080,com.android.launcher3.uioverrides.QuickstepLauncher,handleStartActivity]
11-04 01:56:34.754 2809 2809 I wm_on_resume_called: [59699080,com.android.launcher3.uioverrides.QuickstepLauncher,RESUME_ACTIVITY]
11-04 01:56:34.755 2809 2809 I wm_on_top_resumed_gained_called: [59699080,com.android.launcher3.uioverrides.QuickstepLauncher,topWhenResuming]
11-04 01:56:34.757 1474 1644 I sysui_multi_action: [757,803,799,window_time_0,802,0]
11-04 01:56:34.762 1474 2005 I input_focus: [Focus leaving 75db817 com.thundercomm.screensaver/android.service.dreams.DreamActivity (server),reason=NO_WINDOW]
11-04 01:56:34.765 4827 4827 I view_enqueue_input_event: [Motion - Cancel,com.thundercomm.screensaver/android.service.dreams.DreamActivity]
11-04 01:56:34.766 1474 1645 I input_focus: [Focus request c2f885b com.android.launcher3/com.android.launcher3.uioverrides.QuickstepLauncher,reason=UpdateInputWindows]
11-04 01:56:34.783 1474 1474 I am_uid_active: 10068
11-04 01:56:34.803 1474 2005 I input_focus: [Focus entering c2f885b com.android.launcher3/com.android.launcher3.uioverrides.QuickstepLauncher (server),reason=Window became focusable. Previous reason: NOT_VISIBLE]
11-04 01:56:35.043 1474 1644 I wm_destroy_activity: [0,157231704,43,com.thundercomm.screensaver/android.service.dreams.DreamActivity,finish-imm:idle]
11-04 01:56:35.050 4827 4827 I wm_on_stop_called: [157231704,android.service.dreams.DreamActivity,LIFECYCLER_STOP_ACTIVITY]
11-04 01:56:35.051 4827 4827 I wm_on_destroy_called: [157231704,android.service.dreams.DreamActivity,performDestroy]
11-04 01:56:35.056 1474 1641 I sysui_multi_action: [757,222,758,2]
11-04 01:56:35.057 1474 1641 I sysui_multi_action: [757,804,799,dreaming_minutes,801,1,802,1]
11-04 01:56:35.075 1474 4558 I wm_task_removed: [43,removeChild:removeChild last r=ActivityRecord{95f2a58 u0 com.thundercomm.screensaver/android.service.dreams.DreamActivity t-1 f}} in t=Task{bfdac5d #43 type=dream A=10050:android:com.thundercomm.screensaver/dream U=0 visible=false mode=fullscreen translucent=true sz=0}]
11-04 01:56:35.076 1474 4558 I wm_task_removed: [43,removeChild]
11-04 01:57:27.842 1474 1672 I sysui_multi_action: [757,1696,758,6,759,2]
11-04 01:57:27.847 1474 1655 I am_wtf : [0,1474,system_server,-1,DisplayDeviceConfig,requesting nits when no mapping exists.]
11-04 01:57:27.851 1474 1655 I am_wtf : [0,1474,system_server,-1,DisplayDeviceConfig,requesting nits when no mapping exists.]
11-04 01:57:27.863 1474 1655 I am_wtf : [0,1474,system_server,-1,DisplayDeviceConfig,requesting nits when no mapping exists.]
11-04 01:57:27.865 1474 1655 I am_wtf : [0,1474,system_server,-1,DisplayDeviceConfig,requesting nits when no mapping exists.]
11-04 01:57:27.878 1474 1655 I am_wtf : [0,1474,system_server,-1,DisplayDeviceConfig,requesting nits when no mapping exists.]
11-04 01:57:27.880 1474 1655 I am_wtf : [0,1474,system_server,-1,DisplayDeviceConfig,requesting nits when no mapping exists.]
11-04 01:57:27.895 1474 1655 I am_wtf : [0,1474,system_server,-1,DisplayDeviceConfig,requesting nits when no mapping exists.]
11-04 01:57:27.896 1474 1655 I am_wtf : [0,1474,system_server,-1,DisplayDeviceConfig,requesting nits when no mapping exists.]
11-04 01:57:27.912 1474 1655 I am_wtf : [0,1474,system_server,-1,DisplayDeviceConfig,requesting nits when no mapping exists.]
11-04 01:57:27.912 1474 1655 I am_wtf : [0,1474,system_server,-1,DisplayDeviceConfig,requesting nits when no mapping exists.]
11-04 01:57:27.928 1474 1655 I am_wtf : [0,1474,system_server,-1,DisplayDeviceConfig,requesting nits when no mapping exists.]
11-04 01:57:27.929 1474 1655 I am_wtf : [0,1474,system_server,-1,DisplayDeviceConfig,requesting nits when no mapping exists.]
11-04 01:57:27.945 1474 1655 I am_wtf : [0,1474,system_server,-1,DisplayDeviceConfig,requesting nits when no mapping exists.]
11-04 01:57:27.946 1474 1655 I am_wtf : [0,1474,system_server,-1,DisplayDeviceConfig,requesting nits when no mapping exists.]
11-04 01:57:27.961 1474 1655 I am_wtf : [0,1474,system_server,-1,DisplayDeviceConfig,requesting nits when no mapping exists.]
11-04 01:57:27.962 1474 1655 I am_wtf : [0,1474,system_server,-1,DisplayDeviceConfig,requesting nits when no mapping exists.]
11-04 01:57:27.978 1474 1655 I am_wtf : [0,1474,system_server,-1,DisplayDeviceConfig,requesting nits when no mapping exists.]
11-04 01:57:27.979 1474 1655 I am_wtf : [0,1474,system_server,-1,DisplayDeviceConfig,requesting nits when no mapping exists.]
11-04 01:57:27.995 1474 1655 I am_wtf : [0,1474,system_server,-1,DisplayDeviceConfig,requesting nits when no mapping exists.]
11-04 01:57:27.996 1474 1655 I am_wtf : [0,1474,system_server,-1,DisplayDeviceConfig,requesting nits when no mapping exists.]
11-04 01:57:28.012 1474 1655 I am_wtf : [0,1474,system_server,-1,DisplayDeviceConfig,requesting nits when no mapping exists.]
11-04 01:57:28.013 1474 1655 I am_wtf : [0,1474,system_server,-1,DisplayDeviceConfig,requesting nits when no mapping exists.]
11-04 01:57:28.028 1474 1655 I am_wtf : [0,1474,system_server,-1,DisplayDeviceConfig,requesting nits when no mapping exists.]
11-04 01:57:28.030 1474 1655 I am_wtf : [0,1474,system_server,-1,DisplayDeviceConfig,requesting nits when no mapping exists.]
11-04 01:57:28.045 1474 1655 I am_wtf : [0,1474,system_server,-1,DisplayDeviceConfig,requesting nits when no mapping exists.]
11-04 01:57:28.046 1474 1655 I am_wtf : [0,1474,system_server,-1,DisplayDeviceConfig,requesting nits when no mapping exists.]
11-04 01:57:28.062 1474 1655 I am_wtf : [0,1474,system_server,-1,DisplayDeviceConfig,requesting nits when no mapping exists.]
11-04 01:57:28.064 1474 1655 I am_wtf : [0,1474,system_server,-1,DisplayDeviceConfig,requesting nits when no mapping exists.]
11-04 01:57:28.079 1474 1655 I am_wtf : [0,1474,system_server,-1,DisplayDeviceConfig,requesting nits when no mapping exists.]
11-04 01:57:28.080 1474 1655 I am_wtf : [0,1474,system_server,-1,DisplayDeviceConfig,requesting nits when no mapping exists.]
11-04 01:57:28.095 1474 1655 I am_wtf : [0,1474,system_server,-1,DisplayDeviceConfig,requesting nits when no mapping exists.]
11-04 01:57:28.097 1474 1655 I am_wtf : [0,1474,system_server,-1,DisplayDeviceConfig,requesting nits when no mapping exists.]
11-04 01:57:28.112 1474 1655 I am_wtf : [0,1474,system_server,-1,DisplayDeviceConfig,requesting nits when no mapping exists.]
11-04 01:57:28.113 1474 1655 I am_wtf : [0,1474,system_server,-1,DisplayDeviceConfig,requesting nits when no mapping exists.]
11-04 01:57:28.128 1474 1655 I am_wtf : [0,1474,system_server,-1,DisplayDeviceConfig,requesting nits when no mapping exists.]
11-04 01:57:28.129 1474 1655 I am_wtf : [0,1474,system_server,-1,DisplayDeviceConfig,requesting nits when no mapping exists.]
11-04 01:57:28.145 1474 1655 I am_wtf : [0,1474,system_server,-1,DisplayDeviceConfig,requesting nits when no mapping exists.]
11-04 01:57:28.147 1474 1655 I am_wtf : [0,1474,system_server,-1,DisplayDeviceConfig,requesting nits when no mapping exists.]
11-04 01:57:28.162 1474 1655 I am_wtf : [0,1474,system_server,-1,DisplayDeviceConfig,requesting nits when no mapping exists.]
11-04 01:57:28.163 1474 1655 I am_wtf : [0,1474,system_server,-1,DisplayDeviceConfig,requesting nits when no mapping exists.]
11-04 01:57:28.179 1474 1655 I am_wtf : [0,1474,system_server,-1,DisplayDeviceConfig,requesting nits when no mapping exists.]
11-04 01:57:28.179 1474 1655 I am_wtf : [0,1474,system_server,-1,DisplayDeviceConfig,requesting nits when no mapping exists.]
11-04 01:57:28.195 1474 1655 I am_wtf : [0,1474,system_server,-1,DisplayDeviceConfig,requesting nits when no mapping exists.]
11-04 01:57:28.197 1474 1655 I am_wtf : [0,1474,system_server,-1,DisplayDeviceConfig,requesting nits when no mapping exists.]
11-04 01:57:28.212 1474 1655 I am_wtf : [0,1474,system_server,-1,DisplayDeviceConfig,requesting nits when no mapping exists.]
11-04 01:57:28.213 1474 1655 I am_wtf : [0,1474,system_server,-1,DisplayDeviceConfig,requesting nits when no mapping exists.]
11-04 01:57:28.228 1474 1655 I am_wtf : [0,1474,system_server,-1,DisplayDeviceConfig,requesting nits when no mapping exists.]
11-04 01:57:28.230 1474 1655 I am_wtf : [0,1474,system_server,-1,DisplayDeviceConfig,requesting nits when no mapping exists.]
11-04 01:57:28.246 1474 1655 I am_wtf : [0,1474,system_server,-1,DisplayDeviceConfig,requesting nits when no mapping exists.]
11-04 01:57:28.247 1474 1655 I am_wtf : [0,1474,system_server,-1,DisplayDeviceConfig,requesting nits when no mapping exists.]
11-04 01:57:28.263 1474 1655 I am_wtf : [0,1474,system_server,-1,DisplayDeviceConfig,requesting nits when no mapping exists.]
11-04 01:57:28.264 1474 1655 I am_wtf : [0,1474,system_server,-1,DisplayDeviceConfig,requesting nits when no mapping exists.]
11-04 01:57:28.279 1474 1655 I am_wtf : [0,1474,system_server,-1,DisplayDeviceConfig,requesting nits when no mapping exists.]
11-04 01:57:28.280 1474 1655 I am_wtf : [0,1474,system_server,-1,DisplayDeviceConfig,requesting nits when no mapping exists.]
11-04 01:57:28.296 1474 1655 I am_wtf : [0,1474,system_server,-1,DisplayDeviceConfig,requesting nits when no mapping exists.]
11-04 01:57:28.296 1474 1655 I am_wtf : [0,1474,system_server,-1,DisplayDeviceConfig,requesting nits when no mapping exists.]
11-04 01:57:28.313 1474 1655 I am_wtf : [0,1474,system_server,-1,DisplayDeviceConfig,requesting nits when no mapping exists.]
11-04 01:57:28.313 1474 1655 I am_wtf : [0,1474,system_server,-1,DisplayDeviceConfig,requesting nits when no mapping exists.]
11-04 01:57:28.329 1474 1655 I am_wtf : [0,1474,system_server,-1,DisplayDeviceConfig,requesting nits when no mapping exists.]
11-04 01:57:28.330 1474 1655 I am_wtf : [0,1474,system_server,-1,DisplayDeviceConfig,requesting nits when no mapping exists.]
11-04 01:57:28.346 1474 1655 I am_wtf : [0,1474,system_server,-1,DisplayDeviceConfig,requesting nits when no mapping exists.]
11-04 01:57:28.347 1474 1655 I am_wtf : [0,1474,system_server,-1,DisplayDeviceConfig,requesting nits when no mapping exists.]
11-04 01:57:28.363 1474 1655 I am_wtf : [0,1474,system_server,-1,DisplayDeviceConfig,requesting nits when no mapping exists.]
11-04 01:57:28.364 1474 1655 I am_wtf : [0,1474,system_server,-1,DisplayDeviceConfig,requesting nits when no mapping exists.]
11-04 01:57:28.379 1474 1655 I am_wtf : [0,1474,system_server,-1,DisplayDeviceConfig,requesting nits when no mapping exists.]
11-04 01:57:28.380 1474 1655 I am_wtf : [0,1474,system_server,-1,DisplayDeviceConfig,requesting nits when no mapping exists.]
11-04 01:57:28.396 1474 1655 I am_wtf : [0,1474,system_server,-1,DisplayDeviceConfig,requesting nits when no mapping exists.]
11-04 01:57:28.396 1474 1655 I am_wtf : [0,1474,system_server,-1,DisplayDeviceConfig,requesting nits when no mapping exists.]
11-04 01:57:28.412 1474 1655 I am_wtf : [0,1474,system_server,-1,DisplayDeviceConfig,requesting nits when no mapping exists.]
11-04 01:57:28.413 1474 1655 I am_wtf : [0,1474,system_server,-1,DisplayDeviceConfig,requesting nits when no mapping exists.]
11-04 01:57:28.429 1474 1655 I am_wtf : [0,1474,system_server,-1,DisplayDeviceConfig,requesting nits when no mapping exists.]
11-04 01:57:28.430 1474 1655 I am_wtf : [0,1474,system_server,-1,DisplayDeviceConfig,requesting nits when no mapping exists.]
11-04 01:57:28.446 1474 1655 I am_wtf : [0,1474,system_server,-1,DisplayDeviceConfig,requesting nits when no mapping exists.]
11-04 01:57:28.447 1474 1655 I am_wtf : [0,1474,system_server,-1,DisplayDeviceConfig,requesting nits when no mapping exists.]
11-04 01:57:28.462 1474 1655 I am_wtf : [0,1474,system_server,-1,DisplayDeviceConfig,requesting nits when no mapping exists.]
11-04 01:57:28.463 1474 1655 I am_wtf : [0,1474,system_server,-1,DisplayDeviceConfig,requesting nits when no mapping exists.]
11-04 01:57:28.480 1474 1655 I am_wtf : [0,1474,system_server,-1,DisplayDeviceConfig,requesting nits when no mapping exists.]
11-04 01:57:28.481 1474 1655 I am_wtf : [0,1474,system_server,-1,DisplayDeviceConfig,requesting nits when no mapping exists.]
11-04 01:57:28.496 1474 1655 I am_wtf : [0,1474,system_server,-1,DisplayDeviceConfig,requesting nits when no mapping exists.]
11-04 01:57:28.497 1474 1655 I am_wtf : [0,1474,system_server,-1,DisplayDeviceConfig,requesting nits when no mapping exists.]
11-04 01:57:28.513 1474 1655 I am_wtf : [0,1474,system_server,-1,DisplayDeviceConfig,requesting nits when no mapping exists.]
11-04 01:57:28.514 1474 1655 I am_wtf : [0,1474,system_server,-1,DisplayDeviceConfig,requesting nits when no mapping exists.]
11-04 01:57:28.530 1474 1655 I am_wtf : [0,1474,system_server,-1,DisplayDeviceConfig,requesting nits when no mapping exists.]
11-04 01:57:28.531 1474 1655 I am_wtf : [0,1474,system_server,-1,DisplayDeviceConfig,requesting nits when no mapping exists.]
11-04 01:57:28.546 1474 1655 I am_wtf : [0,1474,system_server,-1,DisplayDeviceConfig,requesting nits when no mapping exists.]
11-04 01:57:28.547 1474 1655 I am_wtf : [0,1474,system_server,-1,DisplayDeviceConfig,requesting nits when no mapping exists.]
11-04 01:57:28.563 1474 1655 I am_wtf : [0,1474,system_server,-1,DisplayDeviceConfig,requesting nits when no mapping exists.]
11-04 01:57:28.563 1474 1655 I am_wtf : [0,1474,system_server,-1,DisplayDeviceConfig,requesting nits when no mapping exists.]
11-04 01:57:28.579 1474 1655 I am_wtf : [0,1474,system_server,-1,DisplayDeviceConfig,requesting nits when no mapping exists.]
11-04 01:57:28.580 1474 1655 I am_wtf : [0,1474,system_server,-1,DisplayDeviceConfig,requesting nits when no mapping exists.]
11-04 01:57:28.596 1474 1655 I am_wtf : [0,1474,system_server,-1,DisplayDeviceConfig,requesting nits when no mapping exists.]
11-04 01:57:28.598 1474 1655 I am_wtf : [0,1474,system_server,-1,DisplayDeviceConfig,requesting nits when no mapping exists.]
11-04 01:57:28.614 1474 1655 I am_wtf : [0,1474,system_server,-1,DisplayDeviceConfig,requesting nits when no mapping exists.]
11-04 01:57:28.614 1474 1655 I am_wtf : [0,1474,system_server,-1,DisplayDeviceConfig,requesting nits when no mapping exists.]
11-04 01:57:28.630 1474 1655 I am_wtf : [0,1474,system_server,-1,DisplayDeviceConfig,requesting nits when no mapping exists.]
11-04 01:57:28.631 1474 1655 I am_wtf : [0,1474,system_server,-1,DisplayDeviceConfig,requesting nits when no mapping exists.]
11-04 01:57:28.646 1474 1655 I am_wtf : [0,1474,system_server,-1,DisplayDeviceConfig,requesting nits when no mapping exists.]
11-04 01:57:28.647 1474 1655 I am_wtf : [0,1474,system_server,-1,DisplayDeviceConfig,requesting nits when no mapping exists.]
11-04 01:57:28.648 1474 1655 I service_manager_stats: [100,50,53926]
11-04 01:57:28.663 1474 1655 I am_wtf : [0,1474,system_server,-1,DisplayDeviceConfig,requesting nits when no mapping exists.]
11-04 01:57:28.664 1474 1655 I am_wtf : [0,1474,system_server,-1,DisplayDeviceConfig,requesting nits when no mapping exists.]
11-04 01:57:28.680 1474 1655 I am_wtf : [0,1474,system_server,-1,DisplayDeviceConfig,requesting nits when no mapping exists.]
11-04 01:57:28.681 1474 1655 I am_wtf : [0,1474,system_server,-1,DisplayDeviceConfig,requesting nits when no mapping exists.]
11-04 01:57:28.696 1474 1655 I am_wtf : [0,1474,system_server,-1,DisplayDeviceConfig,requesting nits when no mapping exists.]
11-04 01:57:28.697 1474 1655 I am_wtf : [0,1474,system_server,-1,DisplayDeviceConfig,requesting nits when no mapping exists.]
11-04 01:57:28.713 1474 1655 I am_wtf : [0,1474,system_server,-1,DisplayDeviceConfig,requesting nits when no mapping exists.]
11-04 01:57:28.715 1474 1655 I am_wtf : [0,1474,system_server,-1,DisplayDeviceConfig,requesting nits when no mapping exists.]
11-04 01:57:28.730 1474 1655 I am_wtf : [0,1474,system_server,-1,DisplayDeviceConfig,requesting nits when no mapping exists.]
11-04 01:57:28.732 1474 1655 I am_wtf : [0,1474,system_server,-1,DisplayDeviceConfig,requesting nits when no mapping exists.]
11-04 01:57:28.747 1474 1655 I am_wtf : [0,1474,system_server,-1,DisplayDeviceConfig,requesting nits when no mapping exists.]
11-04 01:57:28.749 1474 1655 I am_wtf : [0,1474,system_server,-1,DisplayDeviceConfig,requesting nits when no mapping exists.]
11-04 01:57:28.764 1474 1655 I am_wtf : [0,1474,system_server,-1,DisplayDeviceConfig,requesting nits when no mapping exists.]
11-04 01:57:28.766 1474 1655 I am_wtf : [0,1474,system_server,-1,DisplayDeviceConfig,requesting nits when no mapping exists.]
11-04 01:57:28.781 1474 1655 I am_wtf : [0,1474,system_server,-1,DisplayDeviceConfig,requesting nits when no mapping exists.]
11-04 01:57:28.784 1474 1655 I am_wtf : [0,1474,system_server,-1,DisplayDeviceConfig,requesting nits when no mapping exists.]
11-04 01:57:28.797 1474 1655 I am_wtf : [0,1474,system_server,-1,DisplayDeviceConfig,requesting nits when no mapping exists.]
11-04 01:57:28.798 1474 1655 I am_wtf : [0,1474,system_server,-1,DisplayDeviceConfig,requesting nits when no mapping exists.]
11-04 01:57:35.049 1474 1641 I sysui_multi_action: [757,222,758,1]
11-04 01:57:35.070 1474 2759 I wm_task_created: [44,-1]
11-04 01:57:35.072 1474 1654 I am_pss : [6543,10084,com.android.music,12793856,9588736,0,110190592,0,4,10]
11-04 01:57:35.074 1474 2759 I wm_task_moved: [44,1,7]
11-04 01:57:35.074 1474 2759 I wm_task_to_front: [0,44]
11-04 01:57:35.075 1474 2759 I wm_create_task: [0,44]
11-04 01:57:35.075 1474 2759 I wm_create_activity: [0,136694753,44,com.thundercomm.screensaver/android.service.dreams.DreamActivity,NULL,NULL,NULL,276824064]
11-04 01:57:35.075 1474 2759 I wm_task_moved: [44,1,7]
11-04 01:57:35.075 2809 2809 I wm_on_top_resumed_lost_called: [59699080,com.android.launcher3.uioverrides.QuickstepLauncher,topStateChangedWhenResumed]
11-04 01:57:35.076 1474 2759 I wm_pause_activity: [0,59699080,com.android.launcher3/.uioverrides.QuickstepLauncher,userLeaving=true,pauseBackTasks]
11-04 01:57:35.082 2809 2809 I wm_on_paused_called: [59699080,com.android.launcher3.uioverrides.QuickstepLauncher,performPause]
11-04 01:57:35.085 1474 2759 I wm_add_to_stopping: [0,59699080,com.android.launcher3/.uioverrides.QuickstepLauncher,makeInvisible]
11-04 01:57:35.086 1474 2759 I wm_restart_activity: [0,136694753,44,com.thundercomm.screensaver/android.service.dreams.DreamActivity]
11-04 01:57:35.087 1474 2759 I wm_set_resumed_activity: [0,com.thundercomm.screensaver/android.service.dreams.DreamActivity,minimalResumeActivityLocked]
11-04 01:57:35.099 1474 1644 I sysui_multi_action: [757,803,799,window_time_0,802,60]
11-04 01:57:35.101 4827 4827 I wm_on_create_called: [136694753,android.service.dreams.DreamActivity,performCreate]
11-04 01:57:35.102 4827 4827 I wm_on_start_called: [136694753,android.service.dreams.DreamActivity,handleStartActivity]
11-04 01:57:35.103 4827 4827 I wm_on_resume_called: [136694753,android.service.dreams.DreamActivity,RESUME_ACTIVITY]
11-04 01:57:35.109 4827 4827 I wm_on_top_resumed_gained_called: [136694753,android.service.dreams.DreamActivity,topStateChangedWhenResumed]
11-04 01:57:35.118 1474 2005 I input_focus: [Focus leaving c2f885b com.android.launcher3/com.android.launcher3.uioverrides.QuickstepLauncher (server),reason=NO_WINDOW]
11-04 01:57:35.135 1474 1645 I input_focus: [Focus request 652451d com.thundercomm.screensaver/android.service.dreams.DreamActivity,reason=UpdateInputWindows]
11-04 01:57:35.139 2358 2358 I sysui_multi_action: [757,111,758,2]
11-04 01:57:35.140 1474 1474 I notification_enqueue: [10081,2358,com.android.systemui,2048,NULL,0,Notification(channel=updateNotification shortcut=null contentView=null vibrate=null sound=null defaults=0x0 flags=0x0 color=0x00000000 vis=PRIVATE),1]
11-04 01:57:35.140 2358 2358 I sysui_multi_action: [757,111,758,2]
11-04 01:57:35.153 1474 1672 I sysui_multi_action: [757,1696,758,6,759,3]
11-04 01:57:35.157 1474 1641 I sysui_multi_action: [319,77,322,76,325,1017,757,761,758,8,759,2,806,com.thundercomm.screensaver,871,android.service.dreams.DreamActivity,904,com.thundercomm.screensaver,905,0,1320,4,1321,2]
11-04 01:57:35.158 1474 1641 I wm_activity_launch_time: [0,136694753,com.thundercomm.screensaver/android.service.dreams.DreamActivity,76]
11-04 01:57:35.165 2358 2358 I sysui_multi_action: [757,111,758,1]
11-04 01:57:35.166 2358 2358 I sysui_multi_action: [757,126,758,1,759,126,927,0,928,1,1593,0]
11-04 01:57:35.166 2358 2358 I sysui_multi_action: [757,113,758,1,759,113,927,1,928,1,1593,0]
11-04 01:57:35.166 2358 2358 I sysui_multi_action: [757,0,758,1,759,0,927,2,928,0,1593,0]
11-04 01:57:35.166 2358 2358 I sysui_multi_action: [757,0,758,1,759,0,927,3,928,0,1593,0]
11-04 01:57:35.166 2358 2358 I sysui_multi_action: [757,491,758,1,759,491,927,4,928,0,1311,-1,1593,0]
11-04 01:57:35.166 1474 1655 I am_wtf : [0,1474,system_server,-1,DisplayDeviceConfig,requesting nits when no mapping exists.]
11-04 01:57:35.166 2358 2358 I sysui_multi_action: [757,0,758,1,759,0,927,5,928,0,1593,0]
11-04 01:57:35.166 2358 2358 I sysui_multi_action: [757,111,758,1]
11-04 01:57:35.166 2358 2358 I sysui_multi_action: [757,126,758,1,759,126,927,0,928,1,1593,0]
11-04 01:57:35.166 2358 2358 I sysui_multi_action: [757,113,758,1,759,113,927,1,928,1,1593,0]
11-04 01:57:35.166 2358 2358 I sysui_multi_action: [757,0,758,1,759,0,927,2,928,0,1593,0]
11-04 01:57:35.166 2358 2358 I sysui_multi_action: [757,0,758,1,759,0,927,3,928,0,1593,0]
11-04 01:57:35.167 1474 1655 I am_wtf : [0,1474,system_server,-1,DisplayDeviceConfig,requesting nits when no mapping exists.]
11-04 01:57:35.182 1474 2005 I input_focus: [Focus entering 652451d com.thundercomm.screensaver/android.service.dreams.DreamActivity (server),reason=Window became focusable. Previous reason: NOT_VISIBLE]
11-04 01:57:35.183 1474 1655 I am_wtf : [0,1474,system_server,-1,DisplayDeviceConfig,requesting nits when no mapping exists.]
11-04 01:57:35.184 1474 1655 I am_wtf : [0,1474,system_server,-1,DisplayDeviceConfig,requesting nits when no mapping exists.]
11-04 01:57:35.199 1474 1655 I am_wtf : [0,1474,system_server,-1,DisplayDeviceConfig,requesting nits when no mapping exists.]
11-04 01:57:35.201 1474 1655 I am_wtf : [0,1474,system_server,-1,DisplayDeviceConfig,requesting nits when no mapping exists.]
11-04 01:57:35.216 1474 1655 I am_wtf : [0,1474,system_server,-1,DisplayDeviceConfig,requesting nits when no mapping exists.]
11-04 01:57:35.217 1474 1655 I am_wtf : [0,1474,system_server,-1,DisplayDeviceConfig,requesting nits when no mapping exists.]
11-04 01:57:35.232 1474 1655 I am_wtf : [0,1474,system_server,-1,DisplayDeviceConfig,requesting nits when no mapping exists.]
11-04 01:57:35.233 1474 1655 I am_wtf : [0,1474,system_server,-1,DisplayDeviceConfig,requesting nits when no mapping exists.]
11-04 01:57:35.250 1474 1655 I am_wtf : [0,1474,system_server,-1,DisplayDeviceConfig,requesting nits when no mapping exists.]
11-04 01:57:35.251 1474 1655 I am_wtf : [0,1474,system_server,-1,DisplayDeviceConfig,requesting nits when no mapping exists.]
11-04 01:57:35.267 1474 1655 I am_wtf : [0,1474,system_server,-1,DisplayDeviceConfig,requesting nits when no mapping exists.]
11-04 01:57:35.268 1474 1655 I am_wtf : [0,1474,system_server,-1,DisplayDeviceConfig,requesting nits when no mapping exists.]
11-04 01:57:35.282 1474 1655 I am_wtf : [0,1474,system_server,-1,DisplayDeviceConfig,requesting nits when no mapping exists.]
11-04 01:57:35.283 1474 1655 I am_wtf : [0,1474,system_server,-1,DisplayDeviceConfig,requesting nits when no mapping exists.]
11-04 01:57:35.298 1474 1655 I am_wtf : [0,1474,system_server,-1,DisplayDeviceConfig,requesting nits when no mapping exists.]
11-04 01:57:35.299 1474 1655 I am_wtf : [0,1474,system_server,-1,DisplayDeviceConfig,requesting nits when no mapping exists.]
11-04 01:57:35.316 1474 1655 I am_wtf : [0,1474,system_server,-1,DisplayDeviceConfig,requesting nits when no mapping exists.]
11-04 01:57:35.317 1474 1655 I am_wtf : [0,1474,system_server,-1,DisplayDeviceConfig,requesting nits when no mapping exists.]
11-04 01:57:35.333 1474 1655 I am_wtf : [0,1474,system_server,-1,DisplayDeviceConfig,requesting nits when no mapping exists.]
11-04 01:57:35.334 1474 1655 I am_wtf : [0,1474,system_server,-1,DisplayDeviceConfig,requesting nits when no mapping exists.]
11-04 01:57:35.350 1474 1655 I am_wtf : [0,1474,system_server,-1,DisplayDeviceConfig,requesting nits when no mapping exists.]
11-04 01:57:35.351 1474 1655 I am_wtf : [0,1474,system_server,-1,DisplayDeviceConfig,requesting nits when no mapping exists.]
11-04 01:57:35.367 1474 1655 I am_wtf : [0,1474,system_server,-1,DisplayDeviceConfig,requesting nits when no mapping exists.]
11-04 01:57:35.367 1474 1655 I am_wtf : [0,1474,system_server,-1,DisplayDeviceConfig,requesting nits when no mapping exists.]
11-04 01:57:35.386 1474 1655 I am_wtf : [0,1474,system_server,-1,DisplayDeviceConfig,requesting nits when no mapping exists.]
11-04 01:57:35.387 1474 1655 I am_wtf : [0,1474,system_server,-1,DisplayDeviceConfig,requesting nits when no mapping exists.]
11-04 01:57:35.398 1474 1655 I am_wtf : [0,1474,system_server,-1,DisplayDeviceConfig,requesting nits when no mapping exists.]
11-04 01:57:35.399 1474 1655 I am_wtf : [0,1474,system_server,-1,DisplayDeviceConfig,requesting nits when no mapping exists.]
11-04 01:57:35.416 1474 1655 I am_wtf : [0,1474,system_server,-1,DisplayDeviceConfig,requesting nits when no mapping exists.]
11-04 01:57:35.417 1474 1655 I am_wtf : [0,1474,system_server,-1,DisplayDeviceConfig,requesting nits when no mapping exists.]
11-04 01:57:35.433 1474 1655 I am_wtf : [0,1474,system_server,-1,DisplayDeviceConfig,requesting nits when no mapping exists.]
11-04 01:57:35.434 1474 1655 I am_wtf : [0,1474,system_server,-1,DisplayDeviceConfig,requesting nits when no mapping exists.]
11-04 01:57:35.451 1474 1655 I am_wtf : [0,1474,system_server,-1,DisplayDeviceConfig,requesting nits when no mapping exists.]
11-04 01:57:35.453 1474 1655 I am_wtf : [0,1474,system_server,-1,DisplayDeviceConfig,requesting nits when no mapping exists.]
11-04 01:57:35.455 1474 1644 I wm_stop_activity: [0,59699080,com.android.launcher3/.uioverrides.QuickstepLauncher]
11-04 01:57:35.472 1474 1655 I am_wtf : [0,1474,system_server,-1,DisplayDeviceConfig,requesting nits when no mapping exists.]
11-04 01:57:35.472 1474 1655 I am_wtf : [0,1474,system_server,-1,DisplayDeviceConfig,requesting nits when no mapping exists.]
11-04 01:57:35.482 2809 2809 I wm_on_stop_called: [59699080,com.android.launcher3.uioverrides.QuickstepLauncher,STOP_ACTIVITY_ITEM]
11-04 01:57:35.484 1474 1655 I am_wtf : [0,1474,system_server,-1,DisplayDeviceConfig,requesting nits when no mapping exists.]
11-04 01:57:35.485 1474 1655 I am_wtf : [0,1474,system_server,-1,DisplayDeviceConfig,requesting nits when no mapping exists.]
11-04 01:57:35.503 1474 1655 I am_wtf : [0,1474,system_server,-1,DisplayDeviceConfig,requesting nits when no mapping exists.]
11-04 01:57:35.505 1474 1655 I am_wtf : [0,1474,system_server,-1,DisplayDeviceConfig,requesting nits when no mapping exists.]
11-04 01:57:35.516 1474 1655 I am_wtf : [0,1474,system_server,-1,DisplayDeviceConfig,requesting nits when no mapping exists.]
11-04 01:57:35.518 1474 1655 I am_wtf : [0,1474,system_server,-1,DisplayDeviceConfig,requesting nits when no mapping exists.]
11-04 01:57:35.529 1474 1655 I am_wtf : [0,1474,system_server,-1,DisplayDeviceConfig,requesting nits when no mapping exists.]
11-04 01:57:35.531 1474 1655 I am_wtf : [0,1474,system_server,-1,DisplayDeviceConfig,requesting nits when no mapping exists.]
11-04 01:57:35.546 1474 1655 I am_wtf : [0,1474,system_server,-1,DisplayDeviceConfig,requesting nits when no mapping exists.]
11-04 01:57:35.547 1474 1655 I am_wtf : [0,1474,system_server,-1,DisplayDeviceConfig,requesting nits when no mapping exists.]
11-04 01:57:35.563 1474 1655 I am_wtf : [0,1474,system_server,-1,DisplayDeviceConfig,requesting nits when no mapping exists.]
11-04 01:57:35.564 1474 1655 I am_wtf : [0,1474,system_server,-1,DisplayDeviceConfig,requesting nits when no mapping exists.]
11-04 01:57:35.580 1474 1655 I am_wtf : [0,1474,system_server,-1,DisplayDeviceConfig,requesting nits when no mapping exists.]
11-04 01:57:35.581 1474 1655 I am_wtf : [0,1474,system_server,-1,DisplayDeviceConfig,requesting nits when no mapping exists.]
11-04 01:57:35.598 1474 1655 I am_wtf : [0,1474,system_server,-1,DisplayDeviceConfig,requesting nits when no mapping exists.]
11-04 01:57:35.600 1474 1655 I am_wtf : [0,1474,system_server,-1,DisplayDeviceConfig,requesting nits when no mapping exists.]
11-04 01:57:35.613 1474 1655 I am_wtf : [0,1474,system_server,-1,DisplayDeviceConfig,requesting nits when no mapping exists.]
11-04 01:57:35.614 1474 1655 I am_wtf : [0,1474,system_server,-1,DisplayDeviceConfig,requesting nits when no mapping exists.]
11-04 01:57:35.630 1474 1655 I am_wtf : [0,1474,system_server,-1,DisplayDeviceConfig,requesting nits when no mapping exists.]
11-04 01:57:35.631 1474 1655 I am_wtf : [0,1474,system_server,-1,DisplayDeviceConfig,requesting nits when no mapping exists.]
11-04 01:57:35.647 1474 1655 I am_wtf : [0,1474,system_server,-1,DisplayDeviceConfig,requesting nits when no mapping exists.]
11-04 01:57:35.649 1474 1655 I am_wtf : [0,1474,system_server,-1,DisplayDeviceConfig,requesting nits when no mapping exists.]
11-04 01:57:35.663 1474 1655 I am_wtf : [0,1474,system_server,-1,DisplayDeviceConfig,requesting nits when no mapping exists.]
11-04 01:57:35.664 1474 1655 I am_wtf : [0,1474,system_server,-1,DisplayDeviceConfig,requesting nits when no mapping exists.]
11-04 01:57:35.680 1474 1655 I am_wtf : [0,1474,system_server,-1,DisplayDeviceConfig,requesting nits when no mapping exists.]
11-04 01:57:35.681 1474 1655 I am_wtf : [0,1474,system_server,-1,DisplayDeviceConfig,requesting nits when no mapping exists.]
11-04 01:57:35.698 1474 1655 I am_wtf : [0,1474,system_server,-1,DisplayDeviceConfig,requesting nits when no mapping exists.]
11-04 01:57:35.699 1474 1655 I am_wtf : [0,1474,system_server,-1,DisplayDeviceConfig,requesting nits when no mapping exists.]
11-04 01:57:35.714 1474 1655 I am_wtf : [0,1474,system_server,-1,DisplayDeviceConfig,requesting nits when no mapping exists.]
11-04 01:57:35.715 1474 1655 I am_wtf : [0,1474,system_server,-1,DisplayDeviceConfig,requesting nits when no mapping exists.]
11-04 01:57:35.730 1474 1655 I am_wtf : [0,1474,system_server,-1,DisplayDeviceConfig,requesting nits when no mapping exists.]
11-04 01:57:35.732 1474 1655 I am_wtf : [0,1474,system_server,-1,DisplayDeviceConfig,requesting nits when no mapping exists.]
11-04 01:57:35.749 1474 1655 I am_wtf : [0,1474,system_server,-1,DisplayDeviceConfig,requesting nits when no mapping exists.]
11-04 01:57:35.750 1474 1655 I am_wtf : [0,1474,system_server,-1,DisplayDeviceConfig,requesting nits when no mapping exists.]
11-04 01:57:35.764 1474 1655 I am_wtf : [0,1474,system_server,-1,DisplayDeviceConfig,requesting nits when no mapping exists.]
11-04 01:57:35.766 1474 1655 I am_wtf : [0,1474,system_server,-1,DisplayDeviceConfig,requesting nits when no mapping exists.]
11-04 01:57:35.782 1474 1655 I am_wtf : [0,1474,system_server,-1,DisplayDeviceConfig,requesting nits when no mapping exists.]
11-04 01:57:35.784 1474 1655 I am_wtf : [0,1474,system_server,-1,DisplayDeviceConfig,requesting nits when no mapping exists.]
11-04 01:57:35.797 1474 1655 I am_wtf : [0,1474,system_server,-1,DisplayDeviceConfig,requesting nits when no mapping exists.]
11-04 01:57:35.798 1474 1655 I am_wtf : [0,1474,system_server,-1,DisplayDeviceConfig,requesting nits when no mapping exists.]
11-04 01:57:35.813 1474 1655 I am_wtf : [0,1474,system_server,-1,DisplayDeviceConfig,requesting nits when no mapping exists.]
11-04 01:57:35.814 1474 1655 I am_wtf : [0,1474,system_server,-1,DisplayDeviceConfig,requesting nits when no mapping exists.]
11-04 01:57:35.830 1474 1655 I am_wtf : [0,1474,system_server,-1,DisplayDeviceConfig,requesting nits when no mapping exists.]
11-04 01:57:35.832 1474 1655 I am_wtf : [0,1474,system_server,-1,DisplayDeviceConfig,requesting nits when no mapping exists.]
11-04 01:57:35.832 1474 1655 I service_manager_stats: [100,52,7184]
11-04 01:57:35.848 1474 1655 I am_wtf : [0,1474,system_server,-1,DisplayDeviceConfig,requesting nits when no mapping exists.]
11-04 01:57:35.849 1474 1655 I am_wtf : [0,1474,system_server,-1,DisplayDeviceConfig,requesting nits when no mapping exists.]
11-04 01:57:35.864 1474 1655 I am_wtf : [0,1474,system_server,-1,DisplayDeviceConfig,requesting nits when no mapping exists.]
11-04 01:57:35.866 1474 1655 I am_wtf : [0,1474,system_server,-1,DisplayDeviceConfig,requesting nits when no mapping exists.]
11-04 01:57:35.883 1474 1655 I am_wtf : [0,1474,system_server,-1,DisplayDeviceConfig,requesting nits when no mapping exists.]
11-04 01:57:35.884 1474 1655 I am_wtf : [0,1474,system_server,-1,DisplayDeviceConfig,requesting nits when no mapping exists.]
11-04 01:57:35.897 1474 1655 I am_wtf : [0,1474,system_server,-1,DisplayDeviceConfig,requesting nits when no mapping exists.]
11-04 01:57:35.898 1474 1655 I am_wtf : [0,1474,system_server,-1,DisplayDeviceConfig,requesting nits when no mapping exists.]
11-04 01:57:35.914 1474 1655 I am_wtf : [0,1474,system_server,-1,DisplayDeviceConfig,requesting nits when no mapping exists.]
11-04 01:57:35.915 1474 1655 I am_wtf : [0,1474,system_server,-1,DisplayDeviceConfig,requesting nits when no mapping exists.]
11-04 01:57:35.932 1474 1655 I am_wtf : [0,1474,system_server,-1,DisplayDeviceConfig,requesting nits when no mapping exists.]
11-04 01:57:35.934 1474 1655 I am_wtf : [0,1474,system_server,-1,DisplayDeviceConfig,requesting nits when no mapping exists.]
11-04 01:57:35.948 1474 1655 I am_wtf : [0,1474,system_server,-1,DisplayDeviceConfig,requesting nits when no mapping exists.]
11-04 01:57:35.949 1474 1655 I am_wtf : [0,1474,system_server,-1,DisplayDeviceConfig,requesting nits when no mapping exists.]
11-04 01:57:35.964 1474 1655 I am_wtf : [0,1474,system_server,-1,DisplayDeviceConfig,requesting nits when no mapping exists.]
11-04 01:57:35.965 1474 1655 I am_wtf : [0,1474,system_server,-1,DisplayDeviceConfig,requesting nits when no mapping exists.]
11-04 01:57:35.982 1474 1655 I am_wtf : [0,1474,system_server,-1,DisplayDeviceConfig,requesting nits when no mapping exists.]
11-04 01:57:35.984 1474 1655 I am_wtf : [0,1474,system_server,-1,DisplayDeviceConfig,requesting nits when no mapping exists.]
11-04 01:57:35.998 1474 1655 I am_wtf : [0,1474,system_server,-1,DisplayDeviceConfig,requesting nits when no mapping exists.]
11-04 01:57:36.000 1474 1655 I am_wtf : [0,1474,system_server,-1,DisplayDeviceConfig,requesting nits when no mapping exists.]
11-04 01:57:36.018 1474 1655 I am_wtf : [0,1474,system_server,-1,DisplayDeviceConfig,requesting nits when no mapping exists.]
11-04 01:57:36.020 1474 1655 I am_wtf : [0,1474,system_server,-1,DisplayDeviceConfig,requesting nits when no mapping exists.]
11-04 01:57:36.043 1474 1655 I am_wtf : [0,1474,system_server,-1,DisplayDeviceConfig,requesting nits when no mapping exists.]
11-04 01:57:36.044 1474 1655 I am_wtf : [0,1474,system_server,-1,DisplayDeviceConfig,requesting nits when no mapping exists.]
11-04 01:57:36.054 1474 1655 I am_wtf : [0,1474,system_server,-1,DisplayDeviceConfig,requesting nits when no mapping exists.]
11-04 01:57:36.055 1474 1655 I am_wtf : [0,1474,system_server,-1,DisplayDeviceConfig,requesting nits when no mapping exists.]
11-04 01:57:36.077 1474 1655 I am_wtf : [0,1474,system_server,-1,DisplayDeviceConfig,requesting nits when no mapping exists.]
11-04 01:57:36.078 1474 1655 I am_wtf : [0,1474,system_server,-1,DisplayDeviceConfig,requesting nits when no mapping exists.]
11-04 01:57:36.086 1474 1655 I am_wtf : [0,1474,system_server,-1,DisplayDeviceConfig,requesting nits when no mapping exists.]
11-04 01:57:36.086 1474 1655 I am_wtf : [0,1474,system_server,-1,DisplayDeviceConfig,requesting nits when no mapping exists.]
11-04 01:57:36.105 1474 1655 I am_wtf : [0,1474,system_server,-1,DisplayDeviceConfig,requesting nits when no mapping exists.]
11-04 01:57:36.106 1474 1655 I am_wtf : [0,1474,system_server,-1,DisplayDeviceConfig,requesting nits when no mapping exists.]
11-04 01:57:36.123 1474 1655 I am_wtf : [0,1474,system_server,-1,DisplayDeviceConfig,requesting nits when no mapping exists.]
11-04 01:57:36.124 1474 1655 I am_wtf : [0,1474,system_server,-1,DisplayDeviceConfig,requesting nits when no mapping exists.]
11-04 01:58:14.127 1474 1795 I snet_event_log: [172655291,-1,]
11-04 01:58:14.201 1474 1474 I notification_enqueue: [10084,6543,com.android.music,1,NULL,0,Notification(channel=Channel-music shortcut=null contentView=null vibrate=null sound=null defaults=0x0 flags=0x62 color=0x00000000 category=transport actions=3 vis=PRIVATE),1]
11-04 01:58:14.217 1474 1654 I am_pss : [4827,10050,com.thundercomm.screensaver,63884288,56737792,0,186748928,0,2,14]
11-04 01:58:18.624 1474 2005 I input_interaction: Interaction with: 652451d com.thundercomm.screensaver/android.service.dreams.DreamActivity (server), edge-swipe (server), swipe-up (server), PointerEventDispatcher0 (server),
11-04 01:58:18.629 1474 1795 I wm_finish_activity: [0,136694753,44,com.thundercomm.screensaver/android.service.dreams.DreamActivity,finish-activity]
11-04 01:58:18.630 1474 1795 I wm_task_moved: [1,1,6]
11-04 01:58:18.631 1474 1795 I wm_task_moved: [10,1,2147483647]
11-04 01:58:18.631 1474 1795 I wm_task_to_front: [0,10]
11-04 01:58:18.632 1474 1795 I wm_focused_root_task: [0,0,1,44,finish-top adjustFocusToNextFocusableTask]
11-04 01:58:18.632 1474 1795 I wm_set_resumed_activity: [0,com.android.launcher3/.uioverrides.QuickstepLauncher,finish-top adjustFocusToNextFocusableTask]
11-04 01:58:18.634 1474 1795 I wm_pause_activity: [0,136694753,com.thundercomm.screensaver/android.service.dreams.DreamActivity,userLeaving=false,finish]
11-04 01:58:18.648 1474 1644 I sysui_multi_action: [757,803,799,window_time_0,802,44]
11-04 01:58:18.650 4827 4827 I wm_on_top_resumed_lost_called: [136694753,android.service.dreams.DreamActivity,topStateChangedWhenResumed]
11-04 01:58:18.651 4827 4827 I wm_on_paused_called: [136694753,android.service.dreams.DreamActivity,performPause]
11-04 01:58:18.651 1474 1795 I wm_add_to_stopping: [0,136694753,com.thundercomm.screensaver/android.service.dreams.DreamActivity,completeFinishing]
11-04 01:58:18.655 1474 1795 I wm_set_resumed_activity: [0,com.android.launcher3/.uioverrides.QuickstepLauncher,resumeTopActivityInnerLocked]
11-04 01:58:18.657 1474 1795 I wm_resume_activity: [0,59699080,10,com.android.launcher3/.uioverrides.QuickstepLauncher]
11-04 01:58:18.670 2809 2809 I wm_on_restart_called: [59699080,com.android.launcher3.uioverrides.QuickstepLauncher,performRestartActivity]
11-04 01:58:18.670 2809 2809 I wm_on_start_called: [59699080,com.android.launcher3.uioverrides.QuickstepLauncher,handleStartActivity]
11-04 01:58:18.671 1474 1644 I sysui_multi_action: [757,803,799,window_time_0,802,0]
11-04 01:58:18.671 2809 2809 I wm_on_resume_called: [59699080,com.android.launcher3.uioverrides.QuickstepLauncher,RESUME_ACTIVITY]
11-04 01:58:18.671 2809 2809 I wm_on_top_resumed_gained_called: [59699080,com.android.launcher3.uioverrides.QuickstepLauncher,topWhenResuming]
11-04 01:58:18.676 4827 4827 I view_enqueue_input_event: [Motion - Cancel,com.thundercomm.screensaver/android.service.dreams.DreamActivity]
11-04 01:58:18.676 1474 2005 I input_focus: [Focus leaving 652451d com.thundercomm.screensaver/android.service.dreams.DreamActivity (server),reason=NO_WINDOW]
11-04 01:58:18.690 1474 1645 I input_focus: [Focus request c2f885b com.android.launcher3/com.android.launcher3.uioverrides.QuickstepLauncher,reason=UpdateInputWindows]
11-04 01:58:18.720 1474 2005 I input_focus: [Focus entering c2f885b com.android.launcher3/com.android.launcher3.uioverrides.QuickstepLauncher (server),reason=setFocusedWindow]
11-04 01:58:18.960 1474 1644 I wm_destroy_activity: [0,136694753,44,com.thundercomm.screensaver/android.service.dreams.DreamActivity,finish-imm:idle]
11-04 01:58:18.988 4827 4827 I wm_on_stop_called: [136694753,android.service.dreams.DreamActivity,LIFECYCLER_STOP_ACTIVITY]
11-04 01:58:18.988 4827 4827 I wm_on_destroy_called: [136694753,android.service.dreams.DreamActivity,performDestroy]
11-04 01:58:18.993 1474 1641 I sysui_multi_action: [757,222,758,2]
11-04 01:58:18.993 1474 1641 I sysui_multi_action: [757,804,799,dreaming_minutes,801,0,802,1]
11-04 01:58:19.011 1474 1795 I wm_task_removed: [44,removeChild:removeChild last r=ActivityRecord{825cbe1 u0 com.thundercomm.screensaver/android.service.dreams.DreamActivity t-1 f}} in t=Task{88ce542 #44 type=dream A=10050:android:com.thundercomm.screensaver/dream U=0 visible=false mode=fullscreen translucent=true sz=0}]
11-04 01:58:19.011 1474 1795 I wm_task_removed: [44,removeChild]
11-04 01:58:31.620 1474 2005 I input_interaction: Interaction with: c2f885b com.android.launcher3/com.android.launcher3.uioverrides.QuickstepLauncher (server), 6b99821 com.android.systemui.ImageWallpaper (server), edge-swipe (server), swipe-up (server), PointerEventDispatcher0 (server),
11-04 01:58:34.868 1474 1795 I wm_task_created: [45,-1]
11-04 01:58:34.875 1474 1795 I wm_task_moved: [45,1,7]
11-04 01:58:34.875 1474 1795 I wm_task_to_front: [0,45]
11-04 01:58:34.876 1474 1795 I wm_create_task: [0,45]
11-04 01:58:34.876 1474 1795 I wm_create_activity: [0,144746270,45,com.android.music/.VideoBrowserActivity,android.intent.action.MAIN,NULL,NULL,270532608]
11-04 01:58:34.876 1474 1795 I wm_task_moved: [45,1,7]
11-04 01:58:34.879 1474 1795 I wm_pause_activity: [0,59699080,com.android.launcher3/.uioverrides.QuickstepLauncher,userLeaving=true,pauseBackTasks]
11-04 01:58:34.885 2809 2809 I wm_on_top_resumed_lost_called: [59699080,com.android.launcher3.uioverrides.QuickstepLauncher,topStateChangedWhenResumed]
11-04 01:58:34.888 2809 2809 I wm_on_paused_called: [59699080,com.android.launcher3.uioverrides.QuickstepLauncher,performPause]
11-04 01:58:34.892 1474 1796 I wm_add_to_stopping: [0,59699080,com.android.launcher3/.uioverrides.QuickstepLauncher,makeInvisible]
11-04 01:58:34.893 1474 1796 I wm_restart_activity: [0,144746270,45,com.android.music/.VideoBrowserActivity]
11-04 01:58:34.897 1474 1796 I wm_set_resumed_activity: [0,com.android.music/.VideoBrowserActivity,minimalResumeActivityLocked]
11-04 01:58:34.921 1474 1644 I sysui_multi_action: [757,803,799,window_time_0,802,16]
11-04 01:58:34.924 1474 2005 I input_focus: [Focus leaving c2f885b com.android.launcher3/com.android.launcher3.uioverrides.QuickstepLauncher (server),reason=NO_WINDOW]
11-04 01:58:34.950 6543 6543 I wm_on_create_called: [144746270,com.android.music.VideoBrowserActivity,performCreate]
11-04 01:58:34.951 6543 6543 I wm_on_start_called: [144746270,com.android.music.VideoBrowserActivity,handleStartActivity]
11-04 01:58:34.952 6543 6543 I wm_on_resume_called: [144746270,com.android.music.VideoBrowserActivity,RESUME_ACTIVITY]
11-04 01:58:34.956 6543 6543 I wm_on_top_resumed_gained_called: [144746270,com.android.music.VideoBrowserActivity,topStateChangedWhenResumed]
11-04 01:58:34.963 1474 1645 I input_focus: [Focus request 3909eda com.android.music/com.android.music.VideoBrowserActivity,reason=UpdateInputWindows]
11-04 01:58:34.996 1474 1641 I sysui_multi_action: [319,85,321,83,322,137,325,1077,757,761,758,8,759,1,806,com.android.music,871,com.android.music.VideoBrowserActivity,904,com.android.launcher3,905,0,1320,4,1321,1]
11-04 01:58:34.997 1474 1641 I wm_activity_launch_time: [0,144746270,com.android.music/.VideoBrowserActivity,137]
11-04 01:58:35.009 1474 2005 I input_focus: [Focus entering 3909eda com.android.music/com.android.music.VideoBrowserActivity (server),reason=Window became focusable. Previous reason: NOT_VISIBLE]
11-04 01:58:35.496 1474 1644 I wm_stop_activity: [0,59699080,com.android.launcher3/.uioverrides.QuickstepLauncher]
11-04 01:58:35.547 2809 2809 I wm_on_stop_called: [59699080,com.android.launcher3.uioverrides.QuickstepLauncher,STOP_ACTIVITY_ITEM]
11-04 01:58:44.052 1474 2005 I input_interaction: Interaction with: 3909eda com.android.music/com.android.music.VideoBrowserActivity (server), edge-swipe (server), swipe-up (server), PointerEventDispatcher0 (server),
11-04 01:58:44.080 1474 2759 I wm_task_moved: [1,0,0]
11-04 01:58:44.082 1474 2759 I wm_task_moved: [1,0,6]
11-04 01:58:44.093 2809 2809 I wm_on_restart_called: [59699080,com.android.launcher3.uioverrides.QuickstepLauncher,performRestartActivity]
11-04 01:58:44.119 2809 2809 I wm_on_start_called: [59699080,com.android.launcher3.uioverrides.QuickstepLauncher,handleStartActivity]
11-04 01:58:44.137 1474 1641 I sysui_multi_action: [319,15,322,51,325,1086,757,761,758,9,759,5,806,com.android.launcher3,871,com.android.launcher3.uioverrides.QuickstepLauncher,905,0,1320,4,1321,1]
11-04 01:58:44.242 6543 6543 I view_enqueue_input_event: [Motion - Cancel,com.android.music/com.android.music.VideoBrowserActivity]
11-04 01:58:44.244 2809 2809 I sysui_latency: [1,77]
11-04 01:58:44.257 1474 2005 I input_interaction: Interaction with: edge-swipe (server), swipe-up (server), PointerEventDispatcher0 (server),
11-04 01:58:44.257 1474 1645 I input_focus: [Focus request recents_animation_input_consumer,reason=UpdateInputWindows]
11-04 01:58:44.282 1474 2005 I input_focus: [Focus leaving 3909eda com.android.music/com.android.music.VideoBrowserActivity (server),reason=NOT_FOCUSABLE]
11-04 01:58:44.282 1474 2005 I input_focus: [Focus entering recents_animation_input_consumer (server),reason=setFocusedWindow]
11-04 01:58:44.432 1474 1654 I sysui_latency: [8,75]
11-04 01:58:45.050 1474 4558 I wm_task_moved: [1,1,7]
11-04 01:58:45.053 1474 4558 I wm_task_moved: [10,1,2147483647]
11-04 01:58:45.053 1474 4558 I wm_task_to_front: [0,10]
11-04 01:58:45.053 1474 4558 I wm_focused_root_task: [0,0,1,45,RecentsAnimation.onAnimationFinished()]
11-04 01:58:45.053 6543 6543 I wm_on_top_resumed_lost_called: [144746270,com.android.music.VideoBrowserActivity,topStateChangedWhenResumed]
11-04 01:58:45.054 1474 4558 I wm_set_resumed_activity: [0,com.android.launcher3/.uioverrides.QuickstepLauncher,RecentsAnimation.onAnimationFinished()]
11-04 01:58:45.056 1474 4558 I wm_pause_activity: [0,144746270,com.android.music/.VideoBrowserActivity,userLeaving=true,pauseBackTasks]
11-04 01:58:45.058 1474 4558 I wm_add_to_stopping: [0,144746270,com.android.music/.VideoBrowserActivity,makeInvisible]
11-04 01:58:45.059 1474 4558 I wm_set_resumed_activity: [0,com.android.launcher3/.uioverrides.QuickstepLauncher,resumeTopActivityInnerLocked]
11-04 01:58:45.061 1474 4558 I wm_resume_activity: [0,59699080,10,com.android.launcher3/.uioverrides.QuickstepLauncher]
11-04 01:58:45.062 2809 2809 I wm_on_resume_called: [59699080,com.android.launcher3.uioverrides.QuickstepLauncher,RESUME_ACTIVITY]
11-04 01:58:45.072 1474 1645 I input_focus: [Focus request c2f885b com.android.launcher3/com.android.launcher3.uioverrides.QuickstepLauncher,reason=UpdateInputWindows]
11-04 01:58:45.073 6543 6543 I wm_on_paused_called: [144746270,com.android.music.VideoBrowserActivity,performPause]
11-04 01:58:45.074 2809 2809 I wm_on_top_resumed_gained_called: [59699080,com.android.launcher3.uioverrides.QuickstepLauncher,topStateChangedWhenResumed]
11-04 01:58:45.081 1474 1796 I wm_stop_activity: [0,144746270,com.android.music/.VideoBrowserActivity]
11-04 01:58:45.083 1474 2005 I input_focus: [Focus leaving recents_animation_input_consumer (server),reason=NOT_VISIBLE]
11-04 01:58:45.084 1474 2005 I input_focus: [Focus entering c2f885b com.android.launcher3/com.android.launcher3.uioverrides.QuickstepLauncher (server),reason=setFocusedWindow]
11-04 01:58:45.091 1474 1644 I sysui_multi_action: [757,803,799,window_time_0,802,10]
11-04 01:58:45.095 1474 1644 I sysui_multi_action: [757,803,799,window_time_0,802,0]
11-04 01:58:45.103 6543 6543 I wm_on_stop_called: [144746270,com.android.music.VideoBrowserActivity,STOP_ACTIVITY_ITEM]
11-04 01:58:45.118 1474 1654 I am_pss : [4827,10050,com.thundercomm.screensaver,28569600,21643264,0,151654400,0,19,8]
11-04 01:58:45.227 1474 2005 I input_interaction: Interaction with: c2f885b com.android.launcher3/com.android.launcher3.uioverrides.QuickstepLauncher (server), 6b99821 com.android.systemui.ImageWallpaper (server), edge-swipe (server), swipe-up (server), PointerEventDispatcher0 (server),
11-04 01:58:45.355 1474 1796 I wm_task_created: [46,-1]
11-04 01:58:45.360 1474 1796 I wm_task_moved: [46,1,8]
11-04 01:58:45.360 1474 1796 I wm_task_to_front: [0,46]
11-04 01:58:45.360 1474 1796 I wm_create_task: [0,46]
