11-04 02:13:20.795 1474 2289 D UntrustedWifiNetworkFactory: got request NetworkRequest [ REQUEST id=226, [ Capabilities: INTERNET&NOT_RESTRICTED&TRUSTED&NOT_VCN_MANAGED Uid: 1000 RequestorUid: 1000 RequestorPkg: com.android.settings] ]
11-04 02:13:20.795 1474 2289 D OemPaidWifiNetworkFactory: got request NetworkRequest [ REQUEST id=226, [ Capabilities: INTERNET&NOT_RESTRICTED&TRUSTED&NOT_VCN_MANAGED Uid: 1000 RequestorUid: 1000 RequestorPkg: com.android.settings] ]
11-04 02:13:20.799 8277 8277 D MobileNetworkSummaryStatus: network summary query
11-04 02:13:20.801 8277 8324 E TelephonyManager: Error in getUiccCardsInfo: unable to connect to Telephony service.
11-04 02:13:20.801 8277 8321 W MobileNetworkUtils: EuiccManager is not enabled.
11-04 02:13:20.802 8277 8277 W SelectableSubscriptions: Fail to request subIdList
11-04 02:13:20.802 8277 8277 W SelectableSubscriptions: java.lang.NullPointerException: Attempt to invoke interface method 'int java.util.List.size()' on a null object reference
11-04 02:13:20.802 8277 8277 W SelectableSubscriptions: at com.android.settings.network.helper.SelectableSubscriptions.call(SelectableSubscriptions.java:128)
11-04 02:13:20.802 8277 8277 W SelectableSubscriptions: at com.android.settings.network.MobileNetworkSummaryStatus.getSubscriptions(MobileNetworkSummaryStatus.java:158)
11-04 02:13:20.802 8277 8277 W SelectableSubscriptions: at com.android.settings.network.MobileNetworkSummaryStatus.update(MobileNetworkSummaryStatus.java:88)
11-04 02:13:20.802 8277 8277 W SelectableSubscriptions: at com.android.settings.network.MobileNetworkSummaryController.update(MobileNetworkSummaryController.java:170)
11-04 02:13:20.802 8277 8277 W SelectableSubscriptions: at com.android.settings.network.MobileNetworkSummaryController.onResume(MobileNetworkSummaryController.java:95)
11-04 02:13:20.802 8277 8277 W SelectableSubscriptions: at java.lang.reflect.Method.invoke(Native Method)
11-04 02:13:20.802 8277 8277 W SelectableSubscriptions: at androidx.lifecycle.ClassesInfoCache$MethodReference.invokeCallback(ClassesInfoCache.java:216)
11-04 02:13:20.802 8277 8277 W SelectableSubscriptions: at androidx.lifecycle.ClassesInfoCache$CallbackInfo.invokeMethodsForEvent(ClassesInfoCache.java:194)
11-04 02:13:20.802 8277 8277 W SelectableSubscriptions: at androidx.lifecycle.ClassesInfoCache$CallbackInfo.invokeCallbacks(ClassesInfoCache.java:185)
11-04 02:13:20.802 8277 8277 W SelectableSubscriptions: at androidx.lifecycle.ReflectiveGenericLifecycleObserver.onStateChanged(ReflectiveGenericLifecycleObserver.java:37)
11-04 02:13:20.802 8277 8277 W SelectableSubscriptions: at androidx.lifecycle.LifecycleRegistry$ObserverWithState.dispatchEvent(LifecycleRegistry.java:354)
11-04 02:13:20.802 8277 8277 W SelectableSubscriptions: at androidx.lifecycle.LifecycleRegistry.forwardPass(LifecycleRegistry.java:265)
11-04 02:13:20.802 8277 8277 W SelectableSubscriptions: at androidx.lifecycle.LifecycleRegistry.sync(LifecycleRegistry.java:307)
11-04 02:13:20.802 8277 8277 W SelectableSubscriptions: at androidx.lifecycle.LifecycleRegistry.moveToState(LifecycleRegistry.java:148)
11-04 02:13:20.802 8277 8277 W SelectableSubscriptions: at androidx.lifecycle.LifecycleRegistry.handleLifecycleEvent(LifecycleRegistry.java:134)
11-04 02:13:20.802 8277 8277 W SelectableSubscriptions: at com.android.settingslib.core.lifecycle.ObservablePreferenceFragment.onResume(ObservablePreferenceFragment.java:87)
11-04 02:13:20.802 8277 8277 W SelectableSubscriptions: at com.android.settings.core.InstrumentedPreferenceFragment.onResume(InstrumentedPreferenceFragment.java:77)
11-04 02:13:20.802 8277 8277 W SelectableSubscriptions: at com.android.settings.SettingsPreferenceFragment.onResume(SettingsPreferenceFragment.java:198)
11-04 02:13:20.802 8277 8277 W SelectableSubscriptions: at com.android.settings.dashboard.DashboardFragment.onResume(DashboardFragment.java:219)
11-04 02:13:20.802 8277 8277 W SelectableSubscriptions: at androidx.fragment.app.Fragment.performResume(Fragment.java:3029)
11-04 02:13:20.802 8277 8277 W SelectableSubscriptions: at androidx.fragment.app.FragmentStateManager.resume(FragmentStateManager.java:583)
11-04 02:13:20.802 8277 8277 W SelectableSubscriptions: at androidx.fragment.app.FragmentStateManager.moveToExpectedState(FragmentStateManager.java:282)
11-04 02:13:20.802 8277 8277 W SelectableSubscriptions: at androidx.fragment.app.SpecialEffectsController$FragmentStateManagerOperation.complete(SpecialEffectsController.java:742)
11-04 02:13:20.802 8277 8277 W SelectableSubscriptions: at androidx.fragment.app.SpecialEffectsController$Operation.completeSpecialEffect(SpecialEffectsController.java:669)
11-04 02:13:20.802 8277 8277 W SelectableSubscriptions: at androidx.fragment.app.DefaultSpecialEffectsController$SpecialEffectsInfo.completeSpecialEffect(DefaultSpecialEffectsController.java:755)
11-04 02:13:20.802 8277 8277 W SelectableSubscriptions: at androidx.fragment.app.DefaultSpecialEffectsController.startAnimations(DefaultSpecialEffectsController.java:147)
11-04 02:13:20.802 8277 8277 W SelectableSubscriptions: at androidx.fragment.app.DefaultSpecialEffectsController.executeOperations(DefaultSpecialEffectsController.java:120)
11-04 02:13:20.802 8277 8277 W SelectableSubscriptions: at androidx.fragment.app.SpecialEffectsController.executePendingOperations(SpecialEffectsController.java:294)
11-04 02:13:20.802 8277 8277 W SelectableSubscriptions: at androidx.fragment.app.FragmentManager.executeOpsTogether(FragmentManager.java:2222)
11-04 02:13:20.802 8277 8277 W SelectableSubscriptions: at androidx.fragment.app.FragmentManager.removeRedundantOperationsAndExecute(FragmentManager.java:2120)
11-04 02:13:20.802 8277 8277 W SelectableSubscriptions: at androidx.fragment.app.FragmentManager.execPendingActions(FragmentManager.java:2022)
11-04 02:13:20.802 8277 8277 W SelectableSubscriptions: at androidx.fragment.app.FragmentManager.executePendingTransactions(FragmentManager.java:603)
11-04 02:13:20.802 8277 8277 W SelectableSubscriptions: at com.android.settings.homepage.SettingsHomepageActivity.addFragment(SettingsHomepageActivity.java:442)
11-04 02:13:20.802 8277 8277 W SelectableSubscriptions: at com.android.settings.homepage.SettingsHomepageActivity.lambda$changeSettingsDetailsFragment$5(SettingsHomepageActivity.java:415)
11-04 02:13:20.802 8277 8277 W SelectableSubscriptions: at com.android.settings.homepage.SettingsHomepageActivity.$r8$lambda$ovL0LP5AA5-Z3MZSBVit2VRFalA(Unknown Source:0)
11-04 02:13:20.802 8277 8277 W SelectableSubscriptions: at com.android.settings.homepage.SettingsHomepageActivity$$ExternalSyntheticLambda3.run(Unknown Source:10)
11-04 02:13:20.802 8277 8277 W SelectableSubscriptions: at android.os.Handler.handleCallback(Handler.java:938)
11-04 02:13:20.802 8277 8277 W SelectableSubscriptions: at android.os.Handler.dispatchMessage(Handler.java:99)
11-04 02:13:20.802 8277 8277 W SelectableSubscriptions: at android.os.Looper.loopOnce(Looper.java:201)
11-04 02:13:20.802 8277 8277 W SelectableSubscriptions: at android.os.Looper.loop(Looper.java:288)
11-04 02:13:20.802 8277 8277 W SelectableSubscriptions: at android.app.ActivityThread.main(ActivityThread.java:7880)
11-04 02:13:20.802 8277 8277 W SelectableSubscriptions: at java.lang.reflect.Method.invoke(Native Method)
11-04 02:13:20.802 8277 8277 W SelectableSubscriptions: at com.android.internal.os.RuntimeInit$MethodAndArgsCaller.run(RuntimeInit.java:548)
11-04 02:13:20.802 8277 8277 W SelectableSubscriptions: at com.android.internal.os.ZygoteInit.main(ZygoteInit.java:1009)
11-04 02:13:20.802 8277 8277 D MobileNetworkSummaryStatus: network summary query ignored
11-04 02:13:20.802 8277 8277 D SubscriptionsChangeListener: Start
11-04 02:13:20.803 1474 2429 D TelephonyRegistry: listen oscl: mHasNotifySubscriptionInfoChangedOccurred==false no callback
11-04 02:13:20.806 1474 2296 D ConnectivityService: NetReassign [no changes]
11-04 02:13:20.813 8277 8277 I sysui_multi_action: [757,1729,758,4,854,isParalleledControllers:false,1089,88]
11-04 02:13:20.839 1474 1644 I wm_stop_activity: [0,59699080,com.android.launcher3/.uioverrides.QuickstepLauncher]
11-04 02:13:20.847 8277 8277 D BluetoothPan: Proxy object connected
11-04 02:13:20.848 8277 8277 D BluetoothPan: Proxy object connected
11-04 02:13:20.870 2809 2809 D StateManager: goToState: Normal
11-04 02:13:20.872 2809 2809 I wm_on_stop_called: [59699080,com.android.launcher3.uioverrides.QuickstepLauncher,STOP_ACTIVITY_ITEM]
11-04 02:13:20.878 4174 6968 I GameMode_ActivityMonitoringService: onForegroundActivitiesChanged uid 10080 pid 2809 fg false
11-04 02:13:20.881 4174 4205 I GameMode_ActivityMonitoringService: Updating top task to: TaskInfoContainer [topActivity=ComponentInfo{com.android.settings/com.android.settings.Settings}, taskId=72, stackId=72, userId=0, displayId=0, position=6
11-04 02:13:20.881 4174 4205 I GameMode_ActivityMonitoringService: Notifying about top task: TaskInfoContainer [topActivity=ComponentInfo{com.android.settings/com.android.settings.Settings}, taskId=72, stackId=72, userId=0, displayId=0, position=6
11-04 02:13:20.881 4174 4205 D GameMode_GameMode: Show GameMode entry by service!
11-04 02:13:20.881 4174 4205 W ContextImpl: Calling a method in the system process without a qualified user: android.app.ContextImpl.startService:1816 android.content.ContextWrapper.startService:774 com.thundercomm.gamemode.ingame.services.GameModeActionUtils.startGameModeService:39 com.thundercomm.gamemode.ingame.services.GameModeActionUtils.startGameModeEntry:19 com.thundercomm.gamemode.ingame.services.ActivityMonitoringService$1.onActivityLaunch:119
11-04 02:13:20.883 4174 4174 D GameMode_GameMode:GameModeService: onStartCommand: hide_entry
11-04 02:13:20.883 4174 4205 D GameMode: getUriFor setting_content_uri_root = content://com.thundercomm.gamemode.api/gamemode_settings , name = gamemode_isgaming
11-04 02:13:20.885 4174 4205 D GameMode: gamemode_isgaming set to 0
11-04 02:13:20.888 1474 1474 I GameModeConfig: Current uri is uri = content://com.thundercomm.gamemode.api/gamemode_settings/gamemode_isgaming
11-04 02:13:20.888 1474 1474 D GameMode: getUriFor setting_content_uri_root = content://com.thundercomm.gamemode.api/gamemode_settings , name = gamemode_isgaming
11-04 02:13:20.888 4174 4174 D GameMode_GameSettingsObserver: Game Data change!!!! uri = content://com.thundercomm.gamemode.api/gamemode_settings/gamemode_isgaming
11-04 02:13:20.888 4174 4174 D GameMode: getUriFor setting_content_uri_root = content://com.thundercomm.gamemode.api/gamemode_settings , name = gamemode_isgaming
11-04 02:13:20.889 1474 1474 I GameModeConfig: isGameModeOn = false
11-04 02:13:20.890 1474 1474 I GameModeConfig: isGameModeOn = false
11-04 02:13:20.890 1474 1474 I GameModeConfig: isDisableVoice = true
11-04 02:13:20.891 4174 4174 D GameMode_GameMode:GameModeService: updateGlobalSettings = gamemode_isgaming
11-04 02:13:20.956 1474 6184 W InputManager-JNI: Input channel object 'b68e80b Splash Screen com.android.settings (client)' was disposed without first being removed with the input manager!
11-04 02:13:20.971 1200 5327 I OMX-VENC: venc_dev: stats: avg. fps 45.60, bitrate 1395366
11-04 02:13:21.001 1474 5559 I WifiService: startScan uid=1000
11-04 02:13:21.009 1364 6113 D LOWI-9.0.0.87.a: [LOWI-Scan] wait_event:Wait done with Cmd 33
11-04 02:13:21.009 1364 6113 D LOWI-9.0.0.87.a: [LOWI-Scan] do_listen_events: Rcvd valid Netlink Cmd 0 Err 0
11-04 02:13:21.485 3249 3249 W hpplay-java: [main]:IPManager:getActiveNets invalid networkInfo:null
11-04 02:13:21.485 3249 3249 I hpplay-java: [main]:IPManager:getActiveNets eth0:false wifi:false mobile:false ap:false
11-04 02:13:21.485 3249 3249 I hpplay-java: [main]:ServerTaskManager:get local ip:null
11-04 02:13:21.644 1474 2005 I input_interaction: Interaction with: 155fb92 com.android.settings/com.android.settings.Settings (server), edge-swipe (server), swipe-up (server), PointerEventDispatcher0 (server),
11-04 02:13:21.683 648 663 I mpu_uart: [MSG-P:RECV]:No message received in 1000 ms
11-04 02:13:21.748 8277 8277 I DashboardFragment: onPreferenceTreeClick: onPreferenceTreeClick::com.android.settings.wifi.WifiSettings
11-04 02:13:21.750 8277 8277 I sysui_multi_action: [757,830,758,4,833,0,854,main_toggle_wifi,1089,0]
11-04 02:13:21.751 8277 8277 W PreferenceFragment: onPreferenceStartFragment is not implemented in the parent activity - attempting to use a fallback implementation. You should implement this method so that you can configure the new fragment that will be displayed, and set a transition between the fragments.
11-04 02:13:21.771 8277 8277 I sysui_multi_action: [757,746,758,2,1089,979]
11-04 02:13:21.775 8277 8277 D BluetoothPan: Unbinding service...
11-04 02:13:21.780 8277 8277 I TetheringManager: unregisterTetheringEventCallback caller:com.android.settings
11-04 02:13:21.806 1474 5559 W BestClock: java.time.DateTimeException: Missing NTP fix
11-04 02:13:21.810 1474 5559 W BestClock: java.time.DateTimeException: Missing NTP fix
11-04 02:13:21.810 1474 5559 I netstats_mobile_sample: [0,0,0,0,0,0,0,0,0,0,0,0,1667499201810]
11-04 02:13:21.810 1474 5559 I netstats_wifi_sample: [0,0,0,0,0,0,0,0,0,0,0,0,1667499201810]
11-04 02:13:21.814 1474 2286 W BestClock: java.time.DateTimeException: Missing NTP fix
11-04 02:13:21.815 1474 2286 W BestClock: java.time.DateTimeException: Missing NTP fix
11-04 02:13:21.827 1474 5559 W BestClock: java.time.DateTimeException: Missing NTP fix
11-04 02:13:21.831 1474 5559 W BestClock: java.time.DateTimeException: Missing NTP fix
11-04 02:13:21.832 1474 5559 I netstats_mobile_sample: [0,0,0,0,0,0,0,0,0,0,0,0,1667499201831]
11-04 02:13:21.832 1474 5559 I netstats_wifi_sample: [0,0,0,0,0,0,0,0,0,0,0,0,1667499201831]
11-04 02:13:21.833 1474 2286 W BestClock: java.time.DateTimeException: Missing NTP fix
11-04 02:13:21.833 1474 2286 I service_manager_stats: [100,76,28348]
11-04 02:13:21.833 1474 2286 W BestClock: java.time.DateTimeException: Missing NTP fix
11-04 02:13:21.856 648 662 I mpu_uart: [MSG-P:R]:recv sync frame timeout
11-04 02:13:21.869 1474 2429 D ConnectivityService: requestNetwork for uid/pid:1000/8277 activeRequest: null callbackRequest: 230 [NetworkRequest [ REQUEST id=231, [ Capabilities: INTERNET&NOT_RESTRICTED&TRUSTED&NOT_VCN_MANAGED Uid: 1000 RequestorUid: 1000 RequestorPkg: com.android.settings] ]] callback flags: 0 priority: 2147483647
11-04 02:13:21.870 1474 2296 D ConnectivityService: NetReassign [no changes]
11-04 02:13:21.871 1474 2296 D ConnectivityService: NetReassign [no changes]
11-04 02:13:21.872 1474 5559 I WifiService: allowConnectOnPartialScanResults=true uid=1000
11-04 02:13:21.872 1474 2327 D Ethernet: got request NetworkRequest [ REQUEST id=231, [ Capabilities: INTERNET&NOT_RESTRICTED&TRUSTED&NOT_VCN_MANAGED Uid: 1000 RequestorUid: 1000 RequestorPkg: com.android.settings] ]
11-04 02:13:21.872 1474 2327 D EthernetNetworkFactory: acceptRequest, request: NetworkRequest [ REQUEST id=231, [ Capabilities: INTERNET&NOT_RESTRICTED&TRUSTED&NOT_VCN_MANAGED Uid: 1000 RequestorUid: 1000 RequestorPkg: com.android.settings] ]
11-04 02:13:21.872 1474 2327 I EthernetNetworkFactory: networkForRequest, request: NetworkRequest [ REQUEST id=231, [ Capabilities: INTERNET&NOT_RESTRICTED&TRUSTED&NOT_VCN_MANAGED Uid: 1000 RequestorUid: 1000 RequestorPkg: com.android.settings] ], network: null
11-04 02:13:21.872 1474 2289 D WifiNetworkFactory: got request NetworkRequest [ REQUEST id=231, [ Capabilities: INTERNET&NOT_RESTRICTED&TRUSTED&NOT_VCN_MANAGED Uid: 1000 RequestorUid: 1000 RequestorPkg: com.android.settings] ]
11-04 02:13:21.872 1474 2289 D UntrustedWifiNetworkFactory: got request NetworkRequest [ REQUEST id=231, [ Capabilities: INTERNET&NOT_RESTRICTED&TRUSTED&NOT_VCN_MANAGED Uid: 1000 RequestorUid: 1000 RequestorPkg: com.android.settings] ]
11-04 02:13:21.872 1474 2289 D OemPaidWifiNetworkFactory: got request NetworkRequest [ REQUEST id=231, [ Capabilities: INTERNET&NOT_RESTRICTED&TRUSTED&NOT_VCN_MANAGED Uid: 1000 RequestorUid: 1000 RequestorPkg: com.android.settings] ]
11-04 02:13:21.876 8277 8277 I sysui_multi_action: [757,103,758,1,833,0,1089,88]
11-04 02:13:21.972 1200 5327 I OMX-VENC: venc_dev: stats: avg. fps 27.98, bitrate 353906
11-04 02:13:22.044 1474 2429 I WifiService: startScan uid=1000
11-04 02:13:22.163 1474 2005 I input_interaction: Interaction with: 155fb92 com.android.settings/com.android.settings.Settings (server), PointerEventDispatcher0 (server),
11-04 02:13:22.236 1364 6113 D LOWI-9.0.0.87.a: [LOWI-Scan] wait_event:Wait done with Cmd 34
11-04 02:13:22.236 1364 6113 D LOWI-9.0.0.87.a: [LOWI-Scan] do_listen_events: Rcvd valid Netlink Cmd 34 Err 0
11-04 02:13:22.237 1474 2429 D WifiNl80211Manager: Scan result ready event
11-04 02:13:22.237 1364 6113 D LOWI-9.0.0.87.a: [LOWI-Scan]
11-04 02:13:22.237 1364 6113 D LOWI-9.0.0.87.a: [LOWI-Scan] print_bss_handler: Report Probe TSF 1963969523 as it greater than Beacon TSF 1953461770
11-04 02:13:22.237 1364 6113 D LOWI-9.0.0.87.a: [LOWI-Scan] decode_rsn_wpa_ie: LOWI_ENCRYPTION_TYPE_WPA_PSK
11-04 02:13:22.237 1364 6113 D LOWI-9.0.0.87.a: [LOWI-Scan] is_qcom_ie, bss_age: 0
11-04 02:13:22.237 1364 6113 D LOWI-9.0.0.87.a: [LOWI-Scan] BSS b0:39:56:1c:29:7a LOWI_PHY_MODE_11AC_VHT80(10), Beacon Interval: 100, LOWI_ENCRYPTION_TYPE_WPA_PSK 11mcRanging: No, ANQP: No, LCI: No, Civic: No, capability(0x0131): ESS Privacy ShortPreamble SpectrumMgmt
11-04 02:13:22.237 1474 2429 D WifiNative: Scan result ready event
11-04 02:13:22.237 1364 6113 D LOWI-9.0.0.87.a: [LOWI-Scan] BSS b0:39:56:1c:29:7a FREQ: 5180, cFreq1[40:80:160] = [5190:5210:0] cFreq2 = 0 Country Code = CN
11-04 02:13:22.238 1364 6113 D LOWI-9.0.0.87.a: [LOWI-Scan] BSS b0:39:56:1c:29:7a (wlan0) ASSO: NO AddInfo: 0x0, TSF 0, 00:32:43.969, RSSI: -132, CPL: 127, AGE: 1128, SSID lc-test-5G, TSFDelta: 0xa43ccb76, TXRate: 0
11-04 02:13:22.238 1364 6113 D LOWI-9.0.0.87.a: [LOWI-Scan]
11-04 02:13:22.238 1364 6113 D LOWI-9.0.0.87.a: [LOWI-Scan] print_bss_handler: Report Probe TSF 1963969592 as it greater than Beacon TSF 1953450969
11-04 02:13:22.238 1364 6113 D LOWI-9.0.0.87.a: [LOWI-Scan] is_qcom_ie, bss_age: 0
11-04 02:13:22.238 1364 6113 D LOWI-9.0.0.87.a: [LOWI-Scan] BSS 38:a9:1c:35:03:0b LOWI_PHY_MODE_11AC_VHT80(10), Beacon Interval: 100, LOWI_ENCRYPTION_TYPE_OPEN 11mcRanging: No, ANQP: No, LCI: No, Civic: No, capability(0x0501): ESS SpectrumMgmt ShortSlotTime
11-04 02:13:22.238 1364 6113 D LOWI-9.0.0.87.a: [LOWI-Scan] BSS 38:a9:1c:35:03:0b FREQ: 5180, cFreq1[40:80:160] = [5190:5210:0] cFreq2 = 0 Country Code = US
11-04 02:13:22.238 1364 6113 D LOWI-9.0.0.87.a: [LOWI-Scan] BSS 38:a9:1c:35:03:0b (wlan0) ASSO: NO AddInfo: 0x0, TSF 0, 00:32:43.969, RSSI: -66, CPL: 127, AGE: 1128, SSID , TSFDelta: 0xa646e5ad, TXRate: 0
11-04 02:13:22.238 1364 6113 D LOWI-9.0.0.87.a: [LOWI-Scan]
11-04 02:13:22.238 1364 6113 D LOWI-9.0.0.87.a: [LOWI-Scan] print_bss_handler: Report Probe TSF 1964067522 as it greater than Beacon TSF 1953545319
11-04 02:13:22.238 1364 6113 D LOWI-9.0.0.87.a: [LOWI-Scan] decode_rsn_wpa_ie: LOWI_ENCRYPTION_TYPE_WPA_PSK
11-04 02:13:22.238 1364 6113 D LOWI-9.0.0.87.a: [LOWI-Scan] is_qcom_ie, bss_age: 0
11-04 02:13:22.238 1364 6113 D LOWI-9.0.0.87.a: [LOWI-Scan] BSS 5c:02:14:f9:4f:d3 LOWI_PHY_MODE_11AC_VHT80(10), Beacon Interval: 100, LOWI_ENCRYPTION_TYPE_WPA_PSK 11mcRanging: No, ANQP: Yes, LCI: No, Civic: No, capability(0x1931): ESS Privacy ShortPreamble SpectrumMgmt APSD
11-04 02:13:22.238 1364 6113 D LOWI-9.0.0.87.a: [LOWI-Scan] BSS 5c:02:14:f9:4f:d3 FREQ: 5220, cFreq1[40:80:160] = [5230:5210:0] cFreq2 = 0 Country Code = CN
11-04 02:13:22.238 1364 6113 D LOWI-9.0.0.87.a: [LOWI-Scan] BSS 5c:02:14:f9:4f:d3 (wlan0) ASSO: NO AddInfo: 0x0, TSF 0, 00:32:44.067, RSSI: -96, CPL: 127, AGE: 1032, SSID ThunderSoft_XTS_5G, TSFDelta: 0x825ea812, TXRate: 0
11-04 02:13:22.238 1364 6113 D LOWI-9.0.0.87.a: [LOWI-Scan]
11-04 02:13:22.238 1364 6113 D LOWI-9.0.0.87.a: [LOWI-Scan] print_bss_handler: Report Probe TSF 1958640992 as it greater than Beacon TSF 1953639907
11-04 02:13:22.238 1364 6113 D LOWI-9.0.0.87.a: [LOWI-Scan] decode_rsn_wpa_ie: LOWI_ENCRYPTION_TYPE_WPA_PSK
11-04 02:13:22.238 1364 6113 D LOWI-9.0.0.87.a: [LOWI-Scan] is_qcom_ie, bss_age: 0
11-04 02:13:22.238 1364 6113 D LOWI-9.0.0.87.a: [LOWI-Scan] BSS 7c:b5:9b:12:ab:30 LOWI_PHY_MODE_11AC_VHT80(10), Beacon Interval: 100, LOWI_ENCRYPTION_TYPE_WPA_PSK 11mcRanging: No, ANQP: No, LCI: No, Civic: No, capability(0x1011): ESS Privacy
11-04 02:13:22.238 1364 6113 D LOWI-9.0.0.87.a: [LOWI-Scan] BSS 7c:b5:9b:12:ab:30 FREQ: 5745, cFreq1[40:80:160] = [5755:5775:0] cFreq2 = 0 Country Code = CN
11-04 02:13:22.238 1364 6113 D LOWI-9.0.0.87.a: [LOWI-Scan] BSS 7c:b5:9b:12:ab:30 (wlan0) ASSO: NO AddInfo: 0x0, TSF 0, 00:32:38.640, RSSI: -152, CPL: 127, AGE: 6456, SSID TP-LINK_AB2E, TSFDelta: 0xf5d7085c, TXRate: 0
11-04 02:13:22.238 1364 6113 D LOWI-9.0.0.87.a: [LOWI-Scan]
11-04 02:13:22.238 1364 6113 D LOWI-9.0.0.87.a: [LOWI-Scan] print_bss_handler: Report Probe TSF 1964204245 as it greater than Beacon TSF 1964201620
11-04 02:13:22.238 1364 6113 D LOWI-9.0.0.87.a: [LOWI-Scan] decode_rsn_wpa_ie: LOWI_ENCRYPTION_TYPE_WPA_PSK
11-04 02:13:22.238 1364 6113 D LOWI-9.0.0.87.a: [LOWI-Scan] is_qcom_ie, bss_age: 0
11-04 02:13:22.238 1364 6113 D LOWI-9.0.0.87.a: [LOWI-Scan] BSS f4:84:8d:21:25:a9 LOWI_PHY_MODE_11AC_VHT80(10), Beacon Interval: 100, LOWI_ENCRYPTION_TYPE_WPA_PSK 11mcRanging: No, ANQP: No, LCI: No, Civic: No, capability(0x1011): ESS Privacy
11-04 02:13:22.238 1364 6113 D LOWI-9.0.0.87.a: [LOWI-Scan] BSS f4:84:8d:21:25:a9 FREQ: 5765, cFreq1[40:80:160] = [5755:5775:0] cFreq2 = 0 Country Code = CN
11-04 02:13:22.238 1364 6113 D LOWI-9.0.0.87.a: [LOWI-Scan] BSS f4:84:8d:21:25:a9 (wlan0) ASSO: NO AddInfo: 0x0, TSF 0, 00:32:44.204, RSSI: -130, CPL: 127, AGE: 892, SSID TP-LINK_25A7, TSFDelta: 0x25bdf7ad, TXRate: 0
11-04 02:13:22.238 1364 6113 D LOWI-9.0.0.87.a: [LOWI-Scan]
11-04 02:13:22.238 1364 6113 D LOWI-9.0.0.87.a: [LOWI-Scan] print_bss_handler: Report Probe TSF 1964231697 as it greater than Beacon TSF 1964230430
11-04 02:13:22.238 1364 6113 D LOWI-9.0.0.87.a: [LOWI-Scan] decode_rsn_wpa_ie: LOWI_ENCRYPTION_TYPE_WPA_PSK
11-04 02:13:22.238 1364 6113 D LOWI-9.0.0.87.a: [LOWI-Scan] is_qcom_ie, bss_age: 0
11-04 02:13:22.238 1364 6113 D LOWI-9.0.0.87.a: [LOWI-Scan] BSS 18:6f:2d:0a:b8:40 LOWI_PHY_MODE_11NG_HT20(5), Beacon Interval: 100, LOWI_ENCRYPTION_TYPE_WPA_PSK 11mcRanging: No, ANQP: No, LCI: No, Civic: No, capability(0x0531): ESS Privacy ShortPreamble SpectrumMgmt ShortSlotTime
11-04 02:13:22.238 1364 6113 D LOWI-9.0.0.87.a: [LOWI-Scan] BSS 18:6f:2d:0a:b8:40 FREQ: 2427, cFreq1[40:80:160] = [2427:0:0] cFreq2 = 0 Country Code = CN
11-04 02:13:22.238 1364 6113 D LOWI-9.0.0.87.a: [LOWI-Scan] BSS 18:6f:2d:0a:b8:40 (wlan0) ASSO: NO AddInfo: 0x0, TSF 0, 00:32:44.231, RSSI: -100, CPL: 127, AGE: 868, SSID Testing , TSFDelta: 0x72aa69c6, TXRate: 0
11-04 02:13:22.239 1364 6113 D LOWI-9.0.0.87.a: [LOWI-Scan]
11-04 02:13:22.239 1364 6113 D LOWI-9.0.0.87.a: [LOWI-Scan] print_bss_handler: Report beacon TSF 1964444878 as it greater than probe TSF 1964421559
11-04 02:13:22.239 1364 6113 D LOWI-9.0.0.87.a: [LOWI-Scan] decode_rsn_wpa_ie: LOWI_ENCRYPTION_TYPE_WPA_PSK
11-04 02:13:22.239 1364 6113 D LOWI-9.0.0.87.a: [LOWI-Scan] is_qcom_ie, bss_age: 0
11-04 02:13:22.239 1364 6113 D LOWI-9.0.0.87.a: [LOWI-Scan] BSS 18:6f:2d:81:18:50 LOWI_PHY_MODE_11AC_VHT20(8), Beacon Interval: 100, LOWI_ENCRYPTION_TYPE_WPA_PSK 11mcRanging: No, ANQP: No, LCI: No, Civic: No, capability(0x0111): ESS Privacy SpectrumMgmt
11-04 02:13:22.239 1364 6113 D LOWI-9.0.0.87.a: [LOWI-Scan] BSS 18:6f:2d:81:18:50 FREQ: 5260, cFreq1[40:80:160] = [5260:0:0] cFreq2 = 0 Country Code = CN
11-04 02:13:22.239 1364 6113 D LOWI-9.0.0.87.a: [LOWI-Scan] BSS 18:6f:2d:81:18:50 (wlan0) ASSO: NO AddInfo: 0x1, TSF 0, 00:32:44.444, RSSI: -160, CPL: 127, AGE: 652, SSID Testing , TSFDelta: 0x20c4623d, TXRate: 0
11-04 02:13:22.239 1364 6113 D LOWI-9.0.0.87.a: [LOWI-Scan]
11-04 02:13:22.239 1364 6113 D LOWI-9.0.0.87.a: [LOWI-Scan] print_bss_handler: Report beacon TSF 1964446115 as it greater than probe TSF 1964425181
11-04 02:13:22.239 1364 6113 D LOWI-9.0.0.87.a: [LOWI-Scan] decode_rsn_wpa_ie: LOWI_ENCRYPTION_TYPE_WPA_PSK
11-04 02:13:22.239 1364 6113 D LOWI-9.0.0.87.a: [LOWI-Scan] is_qcom_ie, bss_age: 0
11-04 02:13:22.239 1364 6113 D LOWI-9.0.0.87.a: [LOWI-Scan] BSS 18:6f:2d:81:18:55 LOWI_PHY_MODE_11AC_VHT20(8), Beacon Interval: 100, LOWI_ENCRYPTION_TYPE_WPA_PSK 11mcRanging: No, ANQP: No, LCI: No, Civic: No, capability(0x0111): ESS Privacy SpectrumMgmt
11-04 02:13:22.239 1364 6113 D LOWI-9.0.0.87.a: [LOWI-Scan] BSS 18:6f:2d:81:18:55 FREQ: 5260, cFreq1[40:80:160] = [5260:0:0] cFreq2 = 0 Country Code = CN
11-04 02:13:22.239 1364 6113 D LOWI-9.0.0.87.a: [LOWI-Scan] BSS 18:6f:2d:81:18:55 (wlan0) ASSO: NO AddInfo: 0x1, TSF 0, 00:32:44.446, RSSI: -160, CPL: 127, AGE: 652, SSID GM, TSFDelta: 0x20df3fea, TXRate: 0
11-04 02:13:22.240 1364 6113 D LOWI-9.0.0.87.a: [LOWI-Scan]
11-04 02:13:22.240 1364 6113 D LOWI-9.0.0.87.a: [LOWI-Scan] print_bss_handler: Report Probe TSF 1964561399 as it greater than Beacon TSF 1958999757
11-04 02:13:22.240 1364 6113 D LOWI-9.0.0.87.a: [LOWI-Scan] decode_rsn_wpa_ie: LOWI_ENCRYPTION_TYPE_WPA_PSK
11-04 02:13:22.240 1364 6113 D LOWI-9.0.0.87.a: [LOWI-Scan] is_qcom_ie, bss_age: 0
11-04 02:13:22.240 1364 6113 D LOWI-9.0.0.87.a: [LOWI-Scan] BSS 18:6f:2d:80:dd:70 LOWI_PHY_MODE_11AC_VHT20(8), Beacon Interval: 100, LOWI_ENCRYPTION_TYPE_WPA_PSK 11mcRanging: No, ANQP: No, LCI: No, Civic: No, capability(0x0111): ESS Privacy SpectrumMgmt
11-04 02:13:22.240 1364 6113 D LOWI-9.0.0.87.a: [LOWI-Scan] BSS 18:6f:2d:80:dd:70 FREQ: 5280, cFreq1[40:80:160] = [5280:0:0] cFreq2 = 0 Country Code = CN
11-04 02:13:22.240 1364 6113 D LOWI-9.0.0.87.a: [LOWI-Scan] BSS 18:6f:2d:80:dd:70 (wlan0) ASSO: NO AddInfo: 0x0, TSF 0, 00:32:44.561, RSSI: -138, CPL: 127, AGE: 536, SSID Testing , TSFDelta: 0x22bd27cd, TXRate: 0
11-04 02:13:22.240 1364 6113 D LOWI-9.0.0.87.a: [LOWI-Scan]
11-04 02:13:22.240 1364 6113 D LOWI-9.0.0.87.a: [LOWI-Scan] print_bss_handler: Report Probe TSF 1964562007 as it greater than Beacon TSF 1964531057
11-04 02:13:22.240 1364 6113 D LOWI-9.0.0.87.a: [LOWI-Scan] is_qcom_ie, bss_age: 0
11-04 02:13:22.240 1364 6113 D LOWI-9.0.0.87.a: [LOWI-Scan] BSS 18:6f:2d:80:dd:71 LOWI_PHY_MODE_11AC_VHT20(8), Beacon Interval: 100, LOWI_ENCRYPTION_TYPE_OPEN 11mcRanging: No, ANQP: No, LCI: No, Civic: No, capability(0x0101): ESS SpectrumMgmt
11-04 02:13:22.240 1364 6113 D LOWI-9.0.0.87.a: [LOWI-Scan] BSS 18:6f:2d:80:dd:71 FREQ: 5280, cFreq1[40:80:160] = [5280:0:0] cFreq2 = 0 Country Code = CN
11-04 02:13:22.240 1364 6113 D LOWI-9.0.0.87.a: [LOWI-Scan] BSS 18:6f:2d:80:dd:71 (wlan0) ASSO: NO AddInfo: 0x0, TSF 0, 00:32:44.562, RSSI: -140, CPL: 127, AGE: 536, SSID Guest, TSFDelta: 0x22c26a15, TXRate: 0
11-04 02:13:22.240 1364 6113 D LOWI-9.0.0.87.a: [LOWI-Scan]
11-04 02:13:22.240 1364 6113 D LOWI-9.0.0.87.a: [LOWI-Scan] print_bss_handler: Report Probe TSF 1964562408 as it greater than Beacon TSF 1958999869
11-04 02:13:22.240 1364 6113 D LOWI-9.0.0.87.a: [LOWI-Scan] decode_rsn_wpa_ie: LOWI_ENCRYPTION_TYPE_WPA_PSK
11-04 02:13:22.240 1364 6113 D LOWI-9.0.0.87.a: [LOWI-Scan] is_qcom_ie, bss_age: 0
11-04 02:13:22.240 1364 6113 D LOWI-9.0.0.87.a: [LOWI-Scan] BSS 18:6f:2d:80:dd:72 LOWI_PHY_MODE_11AC_VHT20(8), Beacon Interval: 100, LOWI_ENCRYPTION_TYPE_WPA_PSK 11mcRanging: No, ANQP: No, LCI: No, Civic: No, capability(0x0111): ESS Privacy SpectrumMgmt
11-04 02:13:22.240 1364 6113 D LOWI-9.0.0.87.a: [LOWI-Scan] BSS 18:6f:2d:80:dd:72 FREQ: 5280, cFreq1[40:80:160] = [5280:0:0] cFreq2 = 0 Country Code = CN
11-04 02:13:22.240 1364 6113 D LOWI-9.0.0.87.a: [LOWI-Scan] BSS 18:6f:2d:80:dd:72 (wlan0) ASSO: NO AddInfo: 0x0, TSF 0, 00:32:44.562, RSSI: -138, CPL: 127, AGE: 536, SSID ZXHY, TSFDelta: 0x22c4f0e5, TXRate: 0
11-04 02:13:22.241 1364 6113 D LOWI-9.0.0.87.a: [LOWI-Scan]
11-04 02:13:22.241 1364 6113 D LOWI-9.0.0.87.a: [LOWI-Scan] print_bss_handler: Report Probe TSF 1964563986 as it greater than Beacon TSF 1964531659
11-04 02:13:22.241 1364 6113 D LOWI-9.0.0.87.a: [LOWI-Scan] decode_rsn_wpa_ie: LOWI_ENCRYPTION_TYPE_WPA_PSK
11-04 02:13:22.241 1364 6113 D LOWI-9.0.0.87.a: [LOWI-Scan] is_qcom_ie, bss_age: 0
11-04 02:13:22.241 1364 6113 D LOWI-9.0.0.87.a: [LOWI-Scan] BSS 18:6f:2d:80:dd:73 LOWI_PHY_MODE_11AC_VHT20(8), Beacon Interval: 100, LOWI_ENCRYPTION_TYPE_WPA_PSK 11mcRanging: No, ANQP: No, LCI: No, Civic: No, capability(0x0111): ESS Privacy SpectrumMgmt
11-04 02:13:22.241 1364 6113 D LOWI-9.0.0.87.a: [LOWI-Scan] BSS 18:6f:2d:80:dd:73 FREQ: 5280, cFreq1[40:80:160] = [5280:0:0] cFreq2 = 0 Country Code = CN
11-04 02:13:22.241 1364 6113 D LOWI-9.0.0.87.a: [LOWI-Scan] BSS 18:6f:2d:80:dd:73 (wlan0) ASSO: NO AddInfo: 0x0, TSF 0, 00:32:44.563, RSSI: -138, CPL: 127, AGE: 536, SSID Fanya, TSFDelta: 0x22d06813, TXRate: 0
11-04 02:13:22.241 1364 6113 D LOWI-9.0.0.87.a: [LOWI-Scan]
11-04 02:13:22.241 1364 6113 D LOWI-9.0.0.87.a: [LOWI-Scan] print_bss_handler: Report Probe TSF 1964564742 as it greater than Beacon TSF 1964531998
11-04 02:13:22.241 1364 6113 D LOWI-9.0.0.87.a: [LOWI-Scan] decode_rsn_wpa_ie: LOWI_ENCRYPTION_TYPE_WPA_PSK
11-04 02:13:22.241 1364 6113 D LOWI-9.0.0.87.a: [LOWI-Scan] is_qcom_ie, bss_age: 0
11-04 02:13:22.241 1364 6113 D LOWI-9.0.0.87.a: [LOWI-Scan] BSS 18:6f:2d:80:dd:74 LOWI_PHY_MODE_11AC_VHT20(8), Beacon Interval: 100, LOWI_ENCRYPTION_TYPE_WPA_PSK 11mcRanging: No, ANQP: No, LCI: No, Civic: No, capability(0x0111): ESS Privacy SpectrumMgmt
11-04 02:13:22.241 1364 6113 D LOWI-9.0.0.87.a: [LOWI-Scan] BSS 18:6f:2d:80:dd:74 FREQ: 5280, cFreq1[40:80:160] = [5280:0:0] cFreq2 = 0 Country Code = CN
11-04 02:13:22.241 1364 6113 D LOWI-9.0.0.87.a: [LOWI-Scan] BSS 18:6f:2d:80:dd:74 (wlan0) ASSO: NO AddInfo: 0x0, TSF 0, 00:32:44.564, RSSI: -138, CPL: 127, AGE: 532, SSID ThunderSoft, TSFDelta: 0x22d5baca, TXRate: 0
11-04 02:13:22.241 1364 6113 D LOWI-9.0.0.87.a: [LOWI-Scan]
11-04 02:13:22.241 1364 6113 D LOWI-9.0.0.87.a: [LOWI-Scan] print_bss_handler: Report Probe TSF 1964565132 as it greater than Beacon TSF 1964532637
11-04 02:13:22.241 1364 6113 D LOWI-9.0.0.87.a: [LOWI-Scan] decode_rsn_wpa_ie: LOWI_ENCRYPTION_TYPE_WPA_PSK
11-04 02:13:22.241 1364 6113 D LOWI-9.0.0.87.a: [LOWI-Scan] is_qcom_ie, bss_age: 0
11-04 02:13:22.241 1364 6113 D LOWI-9.0.0.87.a: [LOWI-Scan] BSS 18:6f:2d:80:dd:75 LOWI_PHY_MODE_11AC_VHT20(8), Beacon Interval: 100, LOWI_ENCRYPTION_TYPE_WPA_PSK 11mcRanging: No, ANQP: No, LCI: No, Civic: No, capability(0x0111): ESS Privacy SpectrumMgmt
11-04 02:13:22.241 1364 6113 D LOWI-9.0.0.87.a: [LOWI-Scan] BSS 18:6f:2d:80:dd:75 FREQ: 5280, cFreq1[40:80:160] = [5280:0:0] cFreq2 = 0 Country Code = CN
11-04 02:13:22.241 1364 6113 D LOWI-9.0.0.87.a: [LOWI-Scan] BSS 18:6f:2d:80:dd:75 (wlan0) ASSO: NO AddInfo: 0x0, TSF 0, 00:32:44.565, RSSI: -138, CPL: 127, AGE: 532, SSID GM, TSFDelta: 0x22d895a5, TXRate: 0
11-04 02:13:22.242 1364 6113 D LOWI-9.0.0.87.a: [LOWI-Scan]
11-04 02:13:22.242 1364 6113 D LOWI-9.0.0.87.a: [LOWI-Scan] print_bss_handler: Report Probe TSF 1964567294 as it greater than Beacon TSF 1964532815
11-04 02:13:22.242 1364 6113 D LOWI-9.0.0.87.a: [LOWI-Scan] is_qcom_ie, bss_age: 0
11-04 02:13:22.242 1364 6113 D LOWI-9.0.0.87.a: [LOWI-Scan] BSS 18:6f:2d:80:dd:76 LOWI_PHY_MODE_11AC_VHT20(8), Beacon Interval: 100, LOWI_ENCRYPTION_TYPE_OPEN 11mcRanging: No, ANQP: No, LCI: No, Civic: No, capability(0x0101): ESS SpectrumMgmt
11-04 02:13:22.242 1364 6113 D LOWI-9.0.0.87.a: [LOWI-Scan] BSS 18:6f:2d:80:dd:76 FREQ: 5280, cFreq1[40:80:160] = [5280:0:0] cFreq2 = 0 Country Code = CN
11-04 02:13:22.242 1364 6113 D LOWI-9.0.0.87.a: [LOWI-Scan] BSS 18:6f:2d:80:dd:76 (wlan0) ASSO: NO AddInfo: 0x0, TSF 0, 00:32:44.567, RSSI: -138, CPL: 127, AGE: 532, SSID IT, TSFDelta: 0x22e31ce5, TXRate: 0
11-04 02:13:22.242 1364 6113 D LOWI-9.0.0.87.a: [LOWI-Scan]
11-04 02:13:22.242 1364 6113 D LOWI-9.0.0.87.a: [LOWI-Scan] print_bss_handler: Report beacon TSF 1964600672 as it greater than probe TSF 1964560989
11-04 02:13:22.242 1364 6113 D LOWI-9.0.0.87.a: [LOWI-Scan] is_qcom_ie, bss_age: 0
11-04 02:13:22.242 1364 6113 D LOWI-9.0.0.87.a: [LOWI-Scan] BSS 18:6f:2d:81:16:f1 LOWI_PHY_MODE_11AC_VHT20(8), Beacon Interval: 100, LOWI_ENCRYPTION_TYPE_OPEN 11mcRanging: No, ANQP: No, LCI: No, Civic: No, capability(0x0101): ESS SpectrumMgmt
11-04 02:13:22.242 1364 6113 D LOWI-9.0.0.87.a: [LOWI-Scan] BSS 18:6f:2d:81:16:f1 FREQ: 5280, cFreq1[40:80:160] = [5280:0:0] cFreq2 = 0 Country Code = CN
11-04 02:13:22.242 1364 6113 D LOWI-9.0.0.87.a: [LOWI-Scan] BSS 18:6f:2d:81:16:f1 (wlan0) ASSO: NO AddInfo: 0x1, TSF 0, 00:32:44.600, RSSI: -154, CPL: 127, AGE: 496, SSID Guest, TSFDelta: 0x23455d6f, TXRate: 0
11-04 02:13:22.242 1364 6113 D LOWI-9.0.0.87.a: [LOWI-Scan]
11-04 02:13:22.242 1364 6113 D LOWI-9.0.0.87.a: [LOWI-Scan] print_bss_handler: Report Probe TSF 1964715880 as it greater than Beacon TSF 1964690965
11-04 02:13:22.242 1364 6113 D LOWI-9.0.0.87.a: [LOWI-Scan] decode_rsn_wpa_ie: LOWI_ENCRYPTION_TYPE_WPA_PSK
11-04 02:13:22.242 1364 6113 D LOWI-9.0.0.87.a: [LOWI-Scan] is_qcom_ie, bss_age: 0
11-04 02:13:22.242 1364 6113 D LOWI-9.0.0.87.a: [LOWI-Scan] BSS 18:6f:2d:81:20:70 LOWI_PHY_MODE_11AC_VHT20(8), Beacon Interval: 100, LOWI_ENCRYPTION_TYPE_WPA_PSK 11mcRanging: No, ANQP: No, LCI: No, Civic: No, capability(0x0111): ESS Privacy SpectrumMgmt
11-04 02:13:22.242 1364 6113 D LOWI-9.0.0.87.a: [LOWI-Scan] BSS 18:6f:2d:81:20:70 FREQ: 5300, cFreq1[40:80:160] = [5300:0:0] cFreq2 = 0 Country Code = CN
11-04 02:13:22.242 1364 6113 D LOWI-9.0.0.87.a: [LOWI-Scan] BSS 18:6f:2d:81:20:70 (wlan0) ASSO: NO AddInfo: 0x0, TSF 0, 00:32:44.715, RSSI: -154, CPL: 127, AGE: 384, SSID Testing , TSFDelta: 0x264a08dc, TXRate: 0
11-04 02:13:22.242 1364 6113 D LOWI-9.0.0.87.a: [LOWI-Scan]
11-04 02:13:22.242 1364 6113 D LOWI-9.0.0.87.a: [LOWI-Scan] print_bss_handler: Report Probe TSF 1964716465 as it greater than Beacon TSF 1959163208
11-04 02:13:22.242 1364 6113 D LOWI-9.0.0.87.a: [LOWI-Scan] is_qcom_ie, bss_age: 0
11-04 02:13:22.242 1364 6113 D LOWI-9.0.0.87.a: [LOWI-Scan] BSS 18:6f:2d:81:20:71 LOWI_PHY_MODE_11AC_VHT20(8), Beacon Interval: 100, LOWI_ENCRYPTION_TYPE_OPEN 11mcRanging: No, ANQP: No, LCI: No, Civic: No, capability(0x0101): ESS SpectrumMgmt
11-04 02:13:22.243 1364 6113 D LOWI-9.0.0.87.a: [LOWI-Scan] BSS 18:6f:2d:81:20:71 FREQ: 5300, cFreq1[40:80:160] = [5300:0:0] cFreq2 = 0 Country Code = CN
11-04 02:13:22.243 1364 6113 D LOWI-9.0.0.87.a: [LOWI-Scan] BSS 18:6f:2d:81:20:71 (wlan0) ASSO: NO AddInfo: 0x0, TSF 0, 00:32:44.716, RSSI: -158, CPL: 127, AGE: 380, SSID Guest, TSFDelta: 0x264f4946, TXRate: 0
11-04 02:13:22.243 1364 6113 D LOWI-9.0.0.87.a: [LOWI-Scan]
11-04 02:13:22.243 1364 6113 D LOWI-9.0.0.87.a: [LOWI-Scan] print_bss_handler: Report Probe TSF 1964717402 as it greater than Beacon TSF 1964691011
11-04 02:13:22.243 1364 6113 D LOWI-9.0.0.87.a: [LOWI-Scan] decode_rsn_wpa_ie: LOWI_ENCRYPTION_TYPE_WPA_PSK
11-04 02:13:22.243 1364 6113 D LOWI-9.0.0.87.a: [LOWI-Scan] is_qcom_ie, bss_age: 0
11-04 02:13:22.243 1364 6113 D LOWI-9.0.0.87.a: [LOWI-Scan] BSS 18:6f:2d:81:20:72 LOWI_PHY_MODE_11AC_VHT20(8), Beacon Interval: 100, LOWI_ENCRYPTION_TYPE_WPA_PSK 11mcRanging: No, ANQP: No, LCI: No, Civic: No, capability(0x0111): ESS Privacy SpectrumMgmt
11-04 02:13:22.243 1364 6113 D LOWI-9.0.0.87.a: [LOWI-Scan] BSS 18:6f:2d:81:20:72 FREQ: 5300, cFreq1[40:80:160] = [5300:0:0] cFreq2 = 0 Country Code = CN
11-04 02:13:22.243 1364 6113 D LOWI-9.0.0.87.a: [LOWI-Scan] BSS 18:6f:2d:81:20:72 (wlan0) ASSO: NO AddInfo: 0x0, TSF 0, 00:32:44.717, RSSI: -158, CPL: 127, AGE: 380, SSID ZXHY, TSFDelta: 0x2654c419, TXRate: 0
11-04 02:13:22.243 1364 6113 D LOWI-9.0.0.87.a: [LOWI-Scan]
11-04 02:13:22.243 1364 6113 D LOWI-9.0.0.87.a: [LOWI-Scan] print_bss_handler: Report Probe TSF 1964718227 as it greater than Beacon TSF 1964691412
11-04 02:13:22.243 1364 6113 D LOWI-9.0.0.87.a: [LOWI-Scan] decode_rsn_wpa_ie: LOWI_ENCRYPTION_TYPE_WPA_PSK
11-04 02:13:22.243 1364 6113 D LOWI-9.0.0.87.a: [LOWI-Scan] is_qcom_ie, bss_age: 0
11-04 02:13:22.243 1364 6113 D LOWI-9.0.0.87.a: [LOWI-Scan] BSS 18:6f:2d:81:20:73 LOWI_PHY_MODE_11AC_VHT20(8), Beacon Interval: 100, LOWI_ENCRYPTION_TYPE_WPA_PSK 11mcRanging: No, ANQP: No, LCI: No, Civic: No, capability(0x0111): ESS Privacy SpectrumMgmt
11-04 02:13:22.243 1364 6113 D LOWI-9.0.0.87.a: [LOWI-Scan] BSS 18:6f:2d:81:20:73 FREQ: 5300, cFreq1[40:80:160] = [5300:0:0] cFreq2 = 0 Country Code = CN
11-04 02:13:22.243 1364 6113 D LOWI-9.0.0.87.a: [LOWI-Scan] BSS 18:6f:2d:81:20:73 (wlan0) ASSO: NO AddInfo: 0x0, TSF 0, 00:32:44.718, RSSI: -158, CPL: 127, AGE: 380, SSID Fanya, TSFDelta: 0x265a0dbd, TXRate: 0
11-04 02:13:22.243 1364 6113 D LOWI-9.0.0.87.a: [LOWI-Scan]
11-04 02:13:22.243 1364 6113 D LOWI-9.0.0.87.a: [LOWI-Scan] print_bss_handler: Report Probe TSF 1964718856 as it greater than Beacon TSF 1964691498
11-04 02:13:22.243 1364 6113 D LOWI-9.0.0.87.a: [LOWI-Scan] decode_rsn_wpa_ie: LOWI_ENCRYPTION_TYPE_WPA_PSK
11-04 02:13:22.243 1364 6113 D LOWI-9.0.0.87.a: [LOWI-Scan] is_qcom_ie, bss_age: 0
11-04 02:13:22.243 1364 6113 D LOWI-9.0.0.87.a: [LOWI-Scan] BSS 18:6f:2d:81:20:74 LOWI_PHY_MODE_11AC_VHT20(8), Beacon Interval: 100, LOWI_ENCRYPTION_TYPE_WPA_PSK 11mcRanging: No, ANQP: No, LCI: No, Civic: No, capability(0x0111): ESS Privacy SpectrumMgmt
11-04 02:13:22.243 1364 6113 D LOWI-9.0.0.87.a: [LOWI-Scan] BSS 18:6f:2d:81:20:74 FREQ: 5300, cFreq1[40:80:160] = [5300:0:0] cFreq2 = 0 Country Code = CN
11-04 02:13:22.244 1364 6113 D LOWI-9.0.0.87.a: [LOWI-Scan] BSS 18:6f:2d:81:20:74 (wlan0) ASSO: NO AddInfo: 0x0, TSF 0, 00:32:44.718, RSSI: -156, CPL: 127, AGE: 380, SSID ThunderSoft, TSFDelta: 0x265f438c, TXRate: 0
11-04 02:13:22.244 1364 6113 D LOWI-9.0.0.87.a: [LOWI-Scan]
11-04 02:13:22.244 1364 6113 D LOWI-9.0.0.87.a: [LOWI-Scan] print_bss_handler: Report Probe TSF 1964719374 as it greater than Beacon TSF 1964691757
11-04 02:13:22.244 1364 6113 D LOWI-9.0.0.87.a: [LOWI-Scan] decode_rsn_wpa_ie: LOWI_ENCRYPTION_TYPE_WPA_PSK
11-04 02:13:22.244 1364 6113 D LOWI-9.0.0.87.a: [LOWI-Scan] is_qcom_ie, bss_age: 0
11-04 02:13:22.244 1364 6113 D LOWI-9.0.0.87.a: [LOWI-Scan] BSS 18:6f:2d:81:20:75 LOWI_PHY_MODE_11AC_VHT20(8), Beacon Interval: 100, LOWI_ENCRYPTION_TYPE_WPA_PSK 11mcRanging: No, ANQP: No, LCI: No, Civic: No, capability(0x0111): ESS Privacy SpectrumMgmt
11-04 02:13:22.244 1364 6113 D LOWI-9.0.0.87.a: [LOWI-Scan] BSS 18:6f:2d:81:20:75 FREQ: 5300, cFreq1[40:80:160] = [5300:0:0] cFreq2 = 0 Country Code = CN
11-04 02:13:22.244 1364 6113 D LOWI-9.0.0.87.a: [LOWI-Scan] BSS 18:6f:2d:81:20:75 (wlan0) ASSO: NO AddInfo: 0x0, TSF 0, 00:32:44.719, RSSI: -158, CPL: 127, AGE: 380, SSID GM, TSFDelta: 0x26645d03, TXRate: 0
11-04 02:13:22.244 1364 6113 D LOWI-9.0.0.87.a: [LOWI-Scan]
11-04 02:13:22.244 1364 6113 D LOWI-9.0.0.87.a: [LOWI-Scan] print_bss_handler: Report Probe TSF 1964720388 as it greater than Beacon TSF 1964691967
11-04 02:13:22.244 1364 6113 D LOWI-9.0.0.87.a: [LOWI-Scan] is_qcom_ie, bss_age: 0
11-04 02:13:22.244 1364 6113 D LOWI-9.0.0.87.a: [LOWI-Scan] BSS 18:6f:2d:81:20:76 LOWI_PHY_MODE_11AC_VHT20(8), Beacon Interval: 100, LOWI_ENCRYPTION_TYPE_OPEN 11mcRanging: No, ANQP: No, LCI: No, Civic: No, capability(0x0101): ESS SpectrumMgmt
11-04 02:13:22.244 1364 6113 D LOWI-9.0.0.87.a: [LOWI-Scan] BSS 18:6f:2d:81:20:76 FREQ: 5300, cFreq1[40:80:160] = [5300:0:0] cFreq2 = 0 Country Code = CN
11-04 02:13:22.244 1364 6113 D LOWI-9.0.0.87.a: [LOWI-Scan] BSS 18:6f:2d:81:20:76 (wlan0) ASSO: NO AddInfo: 0x0, TSF 0, 00:32:44.720, RSSI: -156, CPL: 127, AGE: 376, SSID IT, TSFDelta: 0x2669a9c6, TXRate: 0
11-04 02:13:22.245 1364 6113 D LOWI-9.0.0.87.a: [LOWI-Scan]
11-04 02:13:22.245 1364 6113 D LOWI-9.0.0.87.a: [LOWI-Scan] print_bss_handler: Report Probe TSF 1964719932 as it greater than Beacon TSF 1964685178
11-04 02:13:22.245 1364 6113 D LOWI-9.0.0.87.a: [LOWI-Scan] decode_rsn_wpa_ie: LOWI_ENCRYPTION_TYPE_WPA_PSK
11-04 02:13:22.245 1364 6113 D LOWI-9.0.0.87.a: [LOWI-Scan] is_qcom_ie, bss_age: 0
11-04 02:13:22.245 1364 6113 D LOWI-9.0.0.87.a: [LOWI-Scan] BSS 5c:02:14:f9:4f:d2 LOWI_PHY_MODE_11AC_VHT20_2G(11), Beacon Interval: 100, LOWI_ENCRYPTION_TYPE_WPA_PSK 11mcRanging: No, ANQP: Yes, LCI: No, Civic: No, capability(0x1431): ESS Privacy ShortPreamble ShortSlotTime
11-04 02:13:22.245 1364 6113 D LOWI-9.0.0.87.a: [LOWI-Scan] BSS 5c:02:14:f9:4f:d2 FREQ: 2452, cFreq1[40:80:160] = [0:0:0] cFreq2 = 0 Country Code = CN
11-04 02:13:22.245 1364 6113 D LOWI-9.0.0.87.a: [LOWI-Scan] BSS 5c:02:14:f9:4f:d2 (wlan0) ASSO: NO AddInfo: 0x0, TSF 0, 00:32:44.719, RSSI: -98, CPL: 127, AGE: 380, SSID ThunderSoft_XTS_2.4G, TSFDelta: 0x91b9a5ef, TXRate: 0
11-04 02:13:22.245 1364 6113 D LOWI-9.0.0.87.a: [LOWI-Scan]
11-04 02:13:22.245 1364 6113 D LOWI-9.0.0.87.a: [LOWI-Scan] print_bss_handler: Report beacon TSF 1965088622 as it greater than probe TSF 1965084446
11-04 02:13:22.245 1364 6113 D LOWI-9.0.0.87.a: [LOWI-Scan] is_qcom_ie, bss_age: 0
11-04 02:13:22.245 1364 6113 D LOWI-9.0.0.87.a: [LOWI-Scan] BSS 58:d9:d5:44:ba:d8 LOWI_PHY_MODE_11NG_HT20(5), Beacon Interval: 100, LOWI_ENCRYPTION_TYPE_OPEN 11mcRanging: No, ANQP: No, LCI: No, Civic: No, capability(0x0411): ESS Privacy ShortSlotTime
11-04 02:13:22.245 1364 6113 D LOWI-9.0.0.87.a: [LOWI-Scan] BSS 58:d9:d5:44:ba:d8 FREQ: 2472, cFreq1[40:80:160] = [0:0:0] cFreq2 = 0 Country Code =
11-04 02:13:22.245 1364 6113 D LOWI-9.0.0.87.a: [LOWI-Scan] BSS 58:d9:d5:44:ba:d8 (wlan0) ASSO: NO AddInfo: 0x1, TSF 0, 00:32:45.088, RSSI: -64, CPL: 127, AGE: 8, SSID TD, TSFDelta: 0x476d32e7, TXRate: 0
11-04 02:13:22.246 1364 6113 D LOWI-9.0.0.87.a: [LOWI-Scan]
11-04 02:13:22.246 1364 6113 D LOWI-9.0.0.87.a: [LOWI-Scan] print_bss_handler: Report beacon TSF 1964445922 as it greater than probe TSF 1964424598
11-04 02:13:22.246 1364 6113 D LOWI-9.0.0.87.a: [LOWI-Scan] decode_rsn_wpa_ie: LOWI_ENCRYPTION_TYPE_WPA_PSK
11-04 02:13:22.246 1364 6113 D LOWI-9.0.0.87.a: [LOWI-Scan] is_qcom_ie, bss_age: 0
11-04 02:13:22.246 1364 6113 D LOWI-9.0.0.87.a: [LOWI-Scan] BSS 18:6f:2d:81:18:54 LOWI_PHY_MODE_11AC_VHT20(8), Beacon Interval: 100, LOWI_ENCRYPTION_TYPE_WPA_PSK 11mcRanging: No, ANQP: No, LCI: No, Civic: No, capability(0x0111): ESS Privacy SpectrumMgmt
11-04 02:13:22.246 1364 6113 D LOWI-9.0.0.87.a: [LOWI-Scan] BSS 18:6f:2d:81:18:54 FREQ: 5260, cFreq1[40:80:160] = [5260:0:0] cFreq2 = 0 Country Code = CN
11-04 02:13:22.246 1364 6113 D LOWI-9.0.0.87.a: [LOWI-Scan] BSS 18:6f:2d:81:18:54 (wlan0) ASSO: NO AddInfo: 0x1, TSF 0, 00:32:44.445, RSSI: -160, CPL: 127, AGE: 652, SSID ThunderSoft, TSFDelta: 0x20d9fe80, TXRate: 0
11-04 02:13:22.246 1364 6113 D LOWI-9.0.0.87.a: [LOWI-Scan]
11-04 02:13:22.246 1364 6113 D LOWI-9.0.0.87.a: [LOWI-Scan] print_bss_handler: Report Probe TSF 1964561759 as it greater than Beacon TSF 1959066824
11-04 02:13:22.246 1364 6113 D LOWI-9.0.0.87.a: [LOWI-Scan] decode_rsn_wpa_ie: LOWI_ENCRYPTION_TYPE_WPA_PSK
11-04 02:13:22.246 1364 6113 D LOWI-9.0.0.87.a: [LOWI-Scan] is_qcom_ie, bss_age: 0
11-04 02:13:22.246 1364 6113 D LOWI-9.0.0.87.a: [LOWI-Scan] BSS 18:6f:2d:81:16:f2 LOWI_PHY_MODE_11AC_VHT20(8), Beacon Interval: 100, LOWI_ENCRYPTION_TYPE_WPA_PSK 11mcRanging: No, ANQP: No, LCI: No, Civic: No, capability(0x0111): ESS Privacy SpectrumMgmt
11-04 02:13:22.246 1364 6113 D LOWI-9.0.0.87.a: [LOWI-Scan] BSS 18:6f:2d:81:16:f2 FREQ: 5280, cFreq1[40:80:160] = [5280:0:0] cFreq2 = 0 Country Code = CN
11-04 02:13:22.246 1364 6113 D LOWI-9.0.0.87.a: [LOWI-Scan] BSS 18:6f:2d:81:16:f2 (wlan0) ASSO: NO AddInfo: 0x0, TSF 0, 00:32:44.561, RSSI: -152, CPL: 127, AGE: 536, SSID ZXHY, TSFDelta: 0x234a7410, TXRate: 0
11-04 02:13:22.246 1364 6113 D LOWI-9.0.0.87.a: [LOWI-Scan]
11-04 02:13:22.246 1364 6113 D LOWI-9.0.0.87.a: [LOWI-Scan] print_bss_handler: Report Probe TSF 1964011887 as it greater than Beacon TSF 1963945990
11-04 02:13:22.246 1364 6113 D LOWI-9.0.0.87.a: [LOWI-Scan] is_qcom_ie, bss_age: 0
11-04 02:13:22.246 1364 6113 D LOWI-9.0.0.87.a: [LOWI-Scan] BSS 38:a9:1c:35:03:06 LOWI_PHY_MODE_11NG_HT20(5), Beacon Interval: 100, LOWI_ENCRYPTION_TYPE_OPEN 11mcRanging: No, ANQP: No, LCI: No, Civic: No, capability(0x0411): ESS Privacy ShortSlotTime
11-04 02:13:22.246 1364 6113 D LOWI-9.0.0.87.a: [LOWI-Scan] BSS 38:a9:1c:35:03:06 FREQ: 2412, cFreq1[40:80:160] = [0:0:0] cFreq2 = 0 Country Code =
11-04 02:13:22.246 1364 6113 D LOWI-9.0.0.87.a: [LOWI-Scan] BSS 38:a9:1c:35:03:06 (wlan0) ASSO: NO AddInfo: 0x0, TSF 0, 00:32:44.011, RSSI: -50, CPL: 127, AGE: 1088, SSID H3C_350304, TSFDelta: 0xa709fd0c, TXRate: 0
11-04 02:13:22.246 1364 6113 D LOWI-9.0.0.87.a: [LOWI-Scan]
11-04 02:13:22.246 1364 6113 D LOWI-9.0.0.87.a: [LOWI-Scan] print_bss_handler: Report Probe TSF 1964233822 as it greater than Beacon TSF 1964230977
11-04 02:13:22.246 1364 6113 D LOWI-9.0.0.87.a: [LOWI-Scan] decode_rsn_wpa_ie: LOWI_ENCRYPTION_TYPE_WPA_PSK
11-04 02:13:22.247 1364 6113 D LOWI-9.0.0.87.a: [LOWI-Scan] is_qcom_ie, bss_age: 0
11-04 02:13:22.247 1364 6113 D LOWI-9.0.0.87.a: [LOWI-Scan] BSS 18:6f:2d:0a:b8:42 LOWI_PHY_MODE_11NG_HT20(5), Beacon Interval: 100, LOWI_ENCRYPTION_TYPE_WPA_PSK 11mcRanging: No, ANQP: No, LCI: No, Civic: No, capability(0x0531): ESS Privacy ShortPreamble SpectrumMgmt ShortSlotTime
11-04 02:13:22.247 1364 6113 D LOWI-9.0.0.87.a: [LOWI-Scan] BSS 18:6f:2d:0a:b8:42 FREQ: 2427, cFreq1[40:80:160] = [2427:0:0] cFreq2 = 0 Country Code = CN
11-04 02:13:22.247 1364 6113 D LOWI-9.0.0.87.a: [LOWI-Scan] BSS 18:6f:2d:0a:b8:42 (wlan0) ASSO: NO AddInfo: 0x0, TSF 0, 00:32:44.233, RSSI: -102, CPL: 127, AGE: 864, SSID ThunderSoft_2.4G, TSFDelta: 0x72c05f9b, TXRate: 0
11-04 02:13:22.247 1364 6113 D LOWI-9.0.0.87.a: [LOWI-Scan]
11-04 02:13:22.247 1364 6113 D LOWI-9.0.0.87.a: [LOWI-Scan] print_bss_handler: Report Probe TSF 1958813698 as it greater than Beacon TSF 1953828859
11-04 02:13:22.247 1364 6113 D LOWI-9.0.0.87.a: [LOWI-Scan] decode_rsn_wpa_ie: LOWI_ENCRYPTION_TYPE_WPA_PSK
11-04 02:13:22.247 1364 6113 D LOWI-9.0.0.87.a: [LOWI-Scan] is_qcom_ie, bss_age: 0
11-04 02:13:22.247 1364 6113 D LOWI-9.0.0.87.a: [LOWI-Scan] BSS 18:6f:2d:81:18:40 LOWI_PHY_MODE_11NG_HT20(5), Beacon Interval: 100, LOWI_ENCRYPTION_TYPE_WPA_PSK 11mcRanging: No, ANQP: No, LCI: No, Civic: No, capability(0x0531): ESS Privacy ShortPreamble SpectrumMgmt ShortSlotTime
11-04 02:13:22.247 1364 6113 D LOWI-9.0.0.87.a: [LOWI-Scan] BSS 18:6f:2d:81:18:40 FREQ: 2432, cFreq1[40:80:160] = [2432:0:0] cFreq2 = 0 Country Code = CN
11-04 02:13:22.247 1364 6113 D LOWI-9.0.0.87.a: [LOWI-Scan] BSS 18:6f:2d:81:18:40 (wlan0) ASSO: NO AddInfo: 0x0, TSF 0, 00:32:38.813, RSSI: -134, CPL: 127, AGE: 6276, SSID Testing , TSFDelta: 0x7071a69d, TXRate: 0
11-04 02:13:22.247 1364 6113 D LOWI-9.0.0.87.a: [LOWI-Scan]
11-04 02:13:22.247 1364 6113 D LOWI-9.0.0.87.a: [LOWI-Scan] print_bss_handler: Report Probe TSF 1964423341 as it greater than Beacon TSF 1958915330
11-04 02:13:22.247 1364 6113 D LOWI-9.0.0.87.a: [LOWI-Scan] decode_rsn_wpa_ie: LOWI_ENCRYPTION_TYPE_WPA_PSK
11-04 02:13:22.247 1364 6113 D LOWI-9.0.0.87.a: [LOWI-Scan] is_qcom_ie, bss_age: 0
11-04 02:13:22.247 1364 6113 D LOWI-9.0.0.87.a: [LOWI-Scan] BSS 18:6f:2d:81:18:52 LOWI_PHY_MODE_11AC_VHT20(8), Beacon Interval: 100, LOWI_ENCRYPTION_TYPE_WPA_PSK 11mcRanging: No, ANQP: No, LCI: No, Civic: No, capability(0x0111): ESS Privacy SpectrumMgmt
11-04 02:13:22.247 1364 6113 D LOWI-9.0.0.87.a: [LOWI-Scan] BSS 18:6f:2d:81:18:52 FREQ: 5260, cFreq1[40:80:160] = [5260:0:0] cFreq2 = 0 Country Code = CN
11-04 02:13:22.247 1364 6113 D LOWI-9.0.0.87.a: [LOWI-Scan] BSS 18:6f:2d:81:18:52 (wlan0) ASSO: NO AddInfo: 0x0, TSF 0, 00:32:44.423, RSSI: -160, CPL: 127, AGE: 680, SSID ZXHY, TSFDelta: 0x20d1e406, TXRate: 0
11-04 02:13:22.249 1364 6113 D LOWI-9.0.0.87.a: [LOWI-Scan]
11-04 02:13:22.249 1364 6113 D LOWI-9.0.0.87.a: [LOWI-Scan] print_bss_handler: Report beacon TSF 1964445141 as it greater than probe TSF 1964422183
11-04 02:13:22.249 1364 6113 D LOWI-9.0.0.87.a: [LOWI-Scan] is_qcom_ie, bss_age: 0
11-04 02:13:22.249 1364 6113 D LOWI-9.0.0.87.a: [LOWI-Scan] BSS 18:6f:2d:81:18:51 LOWI_PHY_MODE_11AC_VHT20(8), Beacon Interval: 100, LOWI_ENCRYPTION_TYPE_OPEN 11mcRanging: No, ANQP: No, LCI: No, Civic: No, capability(0x0101): ESS SpectrumMgmt
11-04 02:13:22.249 1364 6113 D LOWI-9.0.0.87.a: [LOWI-Scan] BSS 18:6f:2d:81:18:51 FREQ: 5260, cFreq1[40:80:160] = [5260:0:0] cFreq2 = 0 Country Code = CN
11-04 02:13:22.249 1364 6113 D LOWI-9.0.0.87.a: [LOWI-Scan] BSS 18:6f:2d:81:18:51 (wlan0) ASSO: NO AddInfo: 0x1, TSF 0, 00:32:44.445, RSSI: -160, CPL: 127, AGE: 656, SSID Guest, TSFDelta: 0x20c9f543, TXRate: 0
11-04 02:13:22.249 1364 6113 D LOWI-9.0.0.87.a: [LOWI-Scan]
11-04 02:13:22.249 1364 6113 D LOWI-9.0.0.87.a: [LOWI-Scan] print_bss_handler: Report beacon TSF 1964446390 as it greater than probe TSF 1964425856
11-04 02:13:22.249 1364 6113 D LOWI-9.0.0.87.a: [LOWI-Scan] is_qcom_ie, bss_age: 0
11-04 02:13:22.249 1364 6113 D LOWI-9.0.0.87.a: [LOWI-Scan] BSS 18:6f:2d:81:18:56 LOWI_PHY_MODE_11AC_VHT20(8), Beacon Interval: 100, LOWI_ENCRYPTION_TYPE_OPEN 11mcRanging: No, ANQP: No, LCI: No, Civic: No, capability(0x0101): ESS SpectrumMgmt
11-04 02:13:22.249 1364 6113 D LOWI-9.0.0.87.a: [LOWI-Scan] BSS 18:6f:2d:81:18:56 FREQ: 5260, cFreq1[40:80:160] = [5260:0:0] cFreq2 = 0 Country Code = CN
11-04 02:13:22.249 1364 6113 D LOWI-9.0.0.87.a: [LOWI-Scan] BSS 18:6f:2d:81:18:56 (wlan0) ASSO: NO AddInfo: 0x1, TSF 0, 00:32:44.446, RSSI: -160, CPL: 127, AGE: 656, SSID IT, TSFDelta: 0x20e4524d, TXRate: 0
11-04 02:13:22.249 1364 6113 D LOWI-9.0.0.87.a: [LOWI-Scan]
11-04 02:13:22.249 1364 6113 D LOWI-9.0.0.87.a: [LOWI-Scan] print_bss_handler: Report Probe TSF 1964009961 as it greater than Beacon TSF 1963997974
11-04 02:13:22.249 1364 6113 D LOWI-9.0.0.87.a: [LOWI-Scan] is_qcom_ie, bss_age: 0
11-04 02:13:22.249 1364 6113 D LOWI-9.0.0.87.a: [LOWI-Scan] BSS 38:a9:1c:35:03:04 LOWI_PHY_MODE_11NG_HT20(5), Beacon Interval: 100, LOWI_ENCRYPTION_TYPE_OPEN 11mcRanging: No, ANQP: No, LCI: No, Civic: No, capability(0x0401): ESS ShortSlotTime
