11-04 01:48:53.830 2358 2358 I sysui_multi_action: [757,126,758,1,759,126,927,0,928,0,1593,1]
11-04 01:48:53.830 2358 2358 I sysui_multi_action: [757,113,758,1,759,113,927,1,928,1,1593,1]
11-04 01:48:53.830 2358 2358 I sysui_multi_action: [757,0,758,1,759,0,927,2,928,0,1593,1]
11-04 01:48:53.830 2358 2358 I sysui_multi_action: [757,0,758,1,759,0,927,3,928,0,1593,1]
11-04 01:48:53.832 1474 2005 I input_focus: [Focus leaving c2f885b com.android.launcher3/com.android.launcher3.uioverrides.QuickstepLauncher (server),reason=setFocusedWindow]
11-04 01:48:53.832 1474 2005 I input_focus: [Focus entering 4d6f832 NotificationShade (server),reason=setFocusedWindow]
11-04 01:48:53.848 2358 2358 I sysui_multi_action: [757,111,758,2]
11-04 01:48:53.848 1474 1474 I notification_enqueue: [10081,2358,com.android.systemui,2048,NULL,0,Notification(channel=updateNotification shortcut=null contentView=null vibrate=null sound=null defaults=0x0 flags=0x0 color=0x00000000 vis=PRIVATE),1]
11-04 01:48:53.848 2358 2358 I sysui_multi_action: [757,111,758,2]
11-04 01:48:53.855 2358 2358 I sysui_multi_action: [757,111,758,1]
11-04 01:48:53.855 2358 2358 I sysui_multi_action: [757,126,758,1,759,126,927,0,928,0,1593,1]
11-04 01:48:53.855 2358 2358 I sysui_multi_action: [757,113,758,1,759,113,927,1,928,1,1593,1]
11-04 01:48:53.855 2358 2358 I sysui_multi_action: [757,0,758,1,759,0,927,2,928,0,1593,1]
11-04 01:48:53.855 2358 2358 I sysui_multi_action: [757,0,758,1,759,0,927,3,928,0,1593,1]
11-04 01:48:53.856 2358 2358 I sysui_multi_action: [757,491,758,1,759,491,927,4,928,0,1311,-1,1593,0]
11-04 01:48:53.856 2358 2358 I sysui_multi_action: [757,0,758,1,759,0,927,5,928,0,1593,0]
11-04 01:48:53.856 2358 2358 I sysui_multi_action: [757,111,758,1]
11-04 01:48:53.856 2358 2358 I sysui_multi_action: [757,126,758,1,759,126,927,0,928,0,1593,1]
11-04 01:48:53.856 2358 2358 I sysui_multi_action: [757,113,758,1,759,113,927,1,928,1,1593,1]
11-04 01:48:53.856 2358 2358 I sysui_multi_action: [757,0,758,1,759,0,927,2,928,0,1593,1]
11-04 01:48:53.856 2358 2358 I sysui_multi_action: [757,0,758,1,759,0,927,3,928,0,1593,1]
11-04 01:48:53.873 1474 1474 I notification_enqueue: [10081,2358,com.android.systemui,2048,NULL,0,Notification(channel=updateNotification shortcut=null contentView=null vibrate=null sound=null defaults=0x0 flags=0x0 color=0x00000000 vis=PRIVATE),1]
11-04 01:48:53.873 2358 2358 I sysui_multi_action: [757,111,758,2]
11-04 01:48:53.873 2358 2358 I sysui_multi_action: [757,111,758,2]
11-04 01:48:53.878 2358 2358 I sysui_multi_action: [757,111,758,1]
11-04 01:48:53.878 2358 2358 I sysui_multi_action: [757,126,758,1,759,126,927,0,928,0,1593,1]
11-04 01:48:53.878 2358 2358 I sysui_multi_action: [757,113,758,1,759,113,927,1,928,1,1593,1]
11-04 01:48:53.878 2358 2358 I sysui_multi_action: [757,0,758,1,759,0,927,2,928,0,1593,1]
11-04 01:48:53.878 2358 2358 I sysui_multi_action: [757,0,758,1,759,0,927,3,928,0,1593,1]
11-04 01:48:53.878 2358 2358 I sysui_multi_action: [757,491,758,1,759,491,927,4,928,0,1311,-1,1593,0]
11-04 01:48:53.878 2358 2358 I sysui_multi_action: [757,0,758,1,759,0,927,5,928,0,1593,0]
11-04 01:48:53.878 2358 2358 I sysui_multi_action: [757,111,758,1]
11-04 01:48:53.878 2358 2358 I sysui_multi_action: [757,126,758,1,759,126,927,0,928,0,1593,1]
11-04 01:48:53.878 2358 2358 I sysui_multi_action: [757,113,758,1,759,113,927,1,928,1,1593,1]
11-04 01:48:53.879 2358 2358 I sysui_multi_action: [757,0,758,1,759,0,927,2,928,0,1593,1]
11-04 01:48:53.879 2358 2358 I sysui_multi_action: [757,0,758,1,759,0,927,3,928,0,1593,1]
11-04 01:48:53.892 2358 2358 I sysui_multi_action: [757,111,758,2]
11-04 01:48:53.892 1474 1474 I notification_enqueue: [10081,2358,com.android.systemui,2048,NULL,0,Notification(channel=updateNotification shortcut=null contentView=null vibrate=null sound=null defaults=0x0 flags=0x0 color=0x00000000 vis=PRIVATE),1]
11-04 01:48:53.892 2358 2358 I sysui_multi_action: [757,111,758,2]
11-04 01:48:53.896 2358 2358 I sysui_multi_action: [757,111,758,1]
11-04 01:48:53.896 2358 2358 I sysui_multi_action: [757,126,758,1,759,126,927,0,928,0,1593,1]
11-04 01:48:53.896 2358 2358 I sysui_multi_action: [757,113,758,1,759,113,927,1,928,1,1593,1]
11-04 01:48:53.897 2358 2358 I sysui_multi_action: [757,0,758,1,759,0,927,2,928,0,1593,1]
11-04 01:48:53.897 2358 2358 I sysui_multi_action: [757,0,758,1,759,0,927,3,928,0,1593,1]
11-04 01:48:53.897 2358 2358 I sysui_multi_action: [757,491,758,1,759,491,927,4,928,0,1311,-1,1593,0]
11-04 01:48:53.897 2358 2358 I sysui_multi_action: [757,0,758,1,759,0,927,5,928,0,1593,0]
11-04 01:48:53.897 2358 2358 I sysui_multi_action: [757,111,758,1]
11-04 01:48:53.897 2358 2358 I sysui_multi_action: [757,126,758,1,759,126,927,0,928,0,1593,1]
11-04 01:48:53.897 2358 2358 I sysui_multi_action: [757,113,758,1,759,113,927,1,928,1,1593,1]
11-04 01:48:53.897 2358 2358 I sysui_multi_action: [757,0,758,1,759,0,927,2,928,0,1593,1]
11-04 01:48:53.897 2358 2358 I sysui_multi_action: [757,0,758,1,759,0,927,3,928,0,1593,1]
11-04 01:48:53.914 2358 2358 I sysui_multi_action: [757,111,758,2]
11-04 01:48:53.914 2358 2358 I sysui_multi_action: [757,111,758,2]
11-04 01:48:53.918 1474 1474 I notification_enqueue: [10081,2358,com.android.systemui,2048,NULL,0,Notification(channel=updateNotification shortcut=null contentView=null vibrate=null sound=null defaults=0x0 flags=0x0 color=0x00000000 vis=PRIVATE),1]
11-04 01:48:53.919 2358 2358 I sysui_multi_action: [757,111,758,1]
11-04 01:48:53.919 2358 2358 I sysui_multi_action: [757,126,758,1,759,126,927,0,928,0,1593,0]
11-04 01:48:53.919 2358 2358 I sysui_multi_action: [757,113,758,1,759,113,927,1,928,1,1593,0]
11-04 01:48:53.919 2358 2358 I sysui_multi_action: [757,0,758,1,759,0,927,2,928,0,1593,0]
11-04 01:48:53.919 2358 2358 I sysui_multi_action: [757,0,758,1,759,0,927,3,928,0,1593,0]
11-04 01:48:53.919 2358 2358 I sysui_multi_action: [757,491,758,1,759,491,927,4,928,0,1311,-1,1593,0]
11-04 01:48:53.919 2358 2358 I sysui_multi_action: [757,0,758,1,759,0,927,5,928,0,1593,0]
11-04 01:48:53.919 2358 2358 I sysui_multi_action: [757,111,758,1]
11-04 01:48:53.919 2358 2358 I sysui_multi_action: [757,126,758,1,759,126,927,0,928,0,1593,1]
11-04 01:48:53.919 2358 2358 I sysui_multi_action: [757,113,758,1,759,113,927,1,928,1,1593,1]
11-04 01:48:53.919 2358 2358 I sysui_multi_action: [757,0,758,1,759,0,927,2,928,0,1593,1]
11-04 01:48:53.919 2358 2358 I sysui_multi_action: [757,0,758,1,759,0,927,3,928,0,1593,1]
11-04 01:48:53.934 2358 2358 I sysui_multi_action: [757,111,758,2]
11-04 01:48:53.934 2358 2358 I sysui_multi_action: [757,111,758,2]
11-04 01:48:53.938 1474 1474 I notification_enqueue: [10081,2358,com.android.systemui,2048,NULL,0,Notification(channel=updateNotification shortcut=null contentView=null vibrate=null sound=null defaults=0x0 flags=0x0 color=0x00000000 vis=PRIVATE),1]
11-04 01:48:53.938 2358 2358 I sysui_multi_action: [757,111,758,1]
11-04 01:48:53.938 2358 2358 I sysui_multi_action: [757,126,758,1,759,126,927,0,928,0,1593,0]
11-04 01:48:53.938 2358 2358 I sysui_multi_action: [757,113,758,1,759,113,927,1,928,1,1593,0]
11-04 01:48:53.938 2358 2358 I sysui_multi_action: [757,0,758,1,759,0,927,2,928,0,1593,0]
11-04 01:48:53.938 2358 2358 I sysui_multi_action: [757,0,758,1,759,0,927,3,928,0,1593,0]
11-04 01:48:53.939 2358 2358 I sysui_multi_action: [757,491,758,1,759,491,927,4,928,0,1311,-1,1593,0]
11-04 01:48:53.939 2358 2358 I sysui_multi_action: [757,0,758,1,759,0,927,5,928,0,1593,0]
11-04 01:48:53.939 2358 2358 I sysui_multi_action: [757,111,758,1]
11-04 01:48:53.939 2358 2358 I sysui_multi_action: [757,126,758,1,759,126,927,0,928,0,1593,0]
11-04 01:48:53.939 2358 2358 I sysui_multi_action: [757,113,758,1,759,113,927,1,928,1,1593,0]
11-04 01:48:53.939 2358 2358 I sysui_multi_action: [757,0,758,1,759,0,927,2,928,0,1593,0]
11-04 01:48:53.939 2358 2358 I sysui_multi_action: [757,0,758,1,759,0,927,3,928,0,1593,0]
11-04 01:48:53.952 1474 1474 I notification_enqueue: [10081,2358,com.android.systemui,2048,NULL,0,Notification(channel=updateNotification shortcut=null contentView=null vibrate=null sound=null defaults=0x0 flags=0x0 color=0x00000000 vis=PRIVATE),1]
11-04 01:48:53.952 2358 2358 I sysui_multi_action: [757,111,758,2]
11-04 01:48:53.952 2358 2358 I sysui_multi_action: [757,111,758,2]
11-04 01:48:53.956 2358 2358 I sysui_multi_action: [757,111,758,1]
11-04 01:48:53.956 2358 2358 I sysui_multi_action: [757,126,758,1,759,126,927,0,928,0,1593,1]
11-04 01:48:53.956 2358 2358 I sysui_multi_action: [757,113,758,1,759,113,927,1,928,1,1593,1]
11-04 01:48:53.956 2358 2358 I sysui_multi_action: [757,0,758,1,759,0,927,2,928,0,1593,1]
11-04 01:48:53.957 2358 2358 I sysui_multi_action: [757,0,758,1,759,0,927,3,928,0,1593,1]
11-04 01:48:53.957 2358 2358 I sysui_multi_action: [757,491,758,1,759,491,927,4,928,0,1311,-1,1593,0]
11-04 01:48:53.957 2358 2358 I sysui_multi_action: [757,0,758,1,759,0,927,5,928,0,1593,0]
11-04 01:48:53.957 2358 2358 I sysui_multi_action: [757,111,758,1]
11-04 01:48:53.957 2358 2358 I sysui_multi_action: [757,126,758,1,759,126,927,0,928,0,1593,1]
11-04 01:48:53.957 2358 2358 I sysui_multi_action: [757,113,758,1,759,113,927,1,928,1,1593,1]
11-04 01:48:53.957 2358 2358 I sysui_multi_action: [757,0,758,1,759,0,927,2,928,0,1593,1]
11-04 01:48:53.957 2358 2358 I sysui_multi_action: [757,0,758,1,759,0,927,3,928,0,1593,1]
11-04 01:48:53.968 1474 1474 I notification_enqueue: [10081,2358,com.android.systemui,2048,NULL,0,Notification(channel=updateNotification shortcut=null contentView=null vibrate=null sound=null defaults=0x0 flags=0x0 color=0x00000000 vis=PRIVATE),1]
11-04 01:48:53.968 2358 2358 I sysui_multi_action: [757,111,758,2]
11-04 01:48:53.968 2358 2358 I sysui_multi_action: [757,111,758,2]
11-04 01:48:53.978 2358 2358 I sysui_multi_action: [757,111,758,1]
11-04 01:48:53.978 2358 2358 I sysui_multi_action: [757,126,758,1,759,126,927,0,928,0,1593,1]
11-04 01:48:53.978 2358 2358 I sysui_multi_action: [757,113,758,1,759,113,927,1,928,1,1593,1]
11-04 01:48:53.978 2358 2358 I sysui_multi_action: [757,0,758,1,759,0,927,2,928,0,1593,1]
11-04 01:48:53.978 2358 2358 I sysui_multi_action: [757,0,758,1,759,0,927,3,928,0,1593,1]
11-04 01:48:53.978 2358 2358 I sysui_multi_action: [757,491,758,1,759,491,927,4,928,0,1311,-1,1593,0]
11-04 01:48:53.978 2358 2358 I sysui_multi_action: [757,0,758,1,759,0,927,5,928,0,1593,0]
11-04 01:48:53.978 2358 2358 I sysui_multi_action: [757,111,758,1]
11-04 01:48:53.978 2358 2358 I sysui_multi_action: [757,126,758,1,759,126,927,0,928,0,1593,1]
11-04 01:48:53.978 2358 2358 I sysui_multi_action: [757,113,758,1,759,113,927,1,928,1,1593,1]
11-04 01:48:53.978 2358 2358 I sysui_multi_action: [757,0,758,1,759,0,927,2,928,0,1593,1]
11-04 01:48:53.978 2358 2358 I sysui_multi_action: [757,0,758,1,759,0,927,3,928,0,1593,1]
11-04 01:48:53.993 2358 2358 I sysui_multi_action: [757,111,758,2]
11-04 01:48:53.993 1474 1474 I notification_enqueue: [10081,2358,com.android.systemui,2048,NULL,0,Notification(channel=updateNotification shortcut=null contentView=null vibrate=null sound=null defaults=0x0 flags=0x0 color=0x00000000 vis=PRIVATE),1]
11-04 01:48:53.993 2358 2358 I sysui_multi_action: [757,111,758,2]
11-04 01:48:53.998 2358 2358 I sysui_multi_action: [757,111,758,1]
11-04 01:48:53.998 2358 2358 I sysui_multi_action: [757,126,758,1,759,126,927,0,928,0,1593,1]
11-04 01:48:53.998 2358 2358 I sysui_multi_action: [757,113,758,1,759,113,927,1,928,1,1593,1]
11-04 01:48:53.998 2358 2358 I sysui_multi_action: [757,0,758,1,759,0,927,2,928,0,1593,1]
11-04 01:48:53.998 2358 2358 I sysui_multi_action: [757,0,758,1,759,0,927,3,928,0,1593,1]
11-04 01:48:53.999 2358 2358 I sysui_multi_action: [757,491,758,1,759,491,927,4,928,0,1311,-1,1593,0]
11-04 01:48:53.999 2358 2358 I sysui_multi_action: [757,0,758,1,759,0,927,5,928,0,1593,0]
11-04 01:48:53.999 2358 2358 I sysui_multi_action: [757,111,758,1]
11-04 01:48:53.999 2358 2358 I sysui_multi_action: [757,126,758,1,759,126,927,0,928,0,1593,1]
11-04 01:48:53.999 2358 2358 I sysui_multi_action: [757,113,758,1,759,113,927,1,928,1,1593,1]
11-04 01:48:53.999 2358 2358 I sysui_multi_action: [757,0,758,1,759,0,927,2,928,0,1593,1]
11-04 01:48:53.999 2358 2358 I sysui_multi_action: [757,0,758,1,759,0,927,3,928,0,1593,1]
11-04 01:48:54.340 1474 5415 I sysui_multi_action: [757,128,758,1,793,83755,794,0,795,83755,796,26,798,0,806,android,857,DEVELOPER_IMPORTANT,858,4,947,0,1395,2,1500,83552,1688,1]
11-04 01:48:54.340 1474 5415 I sysui_multi_action: [757,804,799,note_freshness,801,83755,802,1]
11-04 01:48:54.340 1474 5415 I notification_visibility: [-1|android|26|null|1000,1,83755,83755,0,0]
11-04 01:48:54.341 1474 5415 I sysui_multi_action: [757,128,758,1,793,474683,794,0,795,474683,796,32,798,1,806,android,857,USB,858,1,947,0,1395,2,1500,474266,1688,1]
11-04 01:48:54.341 1474 5415 I sysui_multi_action: [757,804,799,note_freshness,801,474683,802,1]
11-04 01:48:54.341 1474 5415 I notification_visibility: [-1|android|32|null|1000,1,474683,474683,0,1]
11-04 01:48:55.764 1474 2005 I input_interaction: Interaction with: 4d6f832 NotificationShade (server), edge-swipe (server), swipe-up (server), PointerEventDispatcher0 (server),
11-04 01:48:55.880 2358 2358 I sysui_multi_action: [757,407,758,4,759,0]
11-04 01:48:56.272 1474 5559 I sysui_multi_action: [757,128,758,14,793,476614,794,1931,795,476614,796,32,806,android,857,USB,858,1,947,0,1500,476197,1688,1]
11-04 01:48:56.846 2358 2358 I sysui_multi_action: [757,407,758,4,759,1]
11-04 01:48:57.244 1474 5559 I sysui_multi_action: [757,128,758,3,793,477585,794,2902,795,477585,796,32,806,android,857,USB,858,1,947,0,1500,477168,1688,1]
11-04 01:48:57.822 1474 5559 I wm_task_created: [25,-1]
11-04 01:48:57.825 1474 5559 I wm_task_moved: [25,1,6]
11-04 01:48:57.825 1474 5559 I wm_task_to_front: [0,25]
11-04 01:48:57.826 1474 5559 I wm_create_task: [0,25]
11-04 01:48:57.826 1474 5559 I wm_create_activity: [0,81774147,25,com.android.settings/.Settings$UsbDetailsActivity,android.intent.action.MAIN,NULL,NULL,276856832]
11-04 01:48:57.826 1474 5559 I wm_task_moved: [25,1,6]
11-04 01:48:57.826 2809 2809 I wm_on_top_resumed_lost_called: [59699080,com.android.launcher3.uioverrides.QuickstepLauncher,topStateChangedWhenResumed]
11-04 01:48:57.827 1474 5559 I wm_pause_activity: [0,59699080,com.android.launcher3/.uioverrides.QuickstepLauncher,userLeaving=true,pauseBackTasks]
11-04 01:48:57.833 2809 2809 I wm_on_paused_called: [59699080,com.android.launcher3.uioverrides.QuickstepLauncher,performPause]
11-04 01:48:57.833 1474 5559 I sysui_multi_action: [757,128,758,4,793,478175,794,3492,795,478175,796,32,798,3,806,android,857,USB,858,1,947,0,1395,2,1500,477758,1688,1]
11-04 01:48:57.833 1474 5559 I notification_clicked: [-1|android|32|null|1000,478175,478175,3492,3,2]
11-04 01:48:57.834 1474 1474 I sysui_multi_action: [757,804,799,note_click_longevity,801,7,802,1]
11-04 01:48:57.837 1474 1606 I wm_add_to_stopping: [0,59699080,com.android.launcher3/.uioverrides.QuickstepLauncher,makeInvisible]
11-04 01:48:57.845 1474 1644 I sysui_multi_action: [757,803,799,window_time_0,802,5]
11-04 01:48:57.867 1474 1656 I am_proc_start: [0,5633,1000,com.android.settings,pre-top-activity,{com.android.settings/com.android.settings.Settings$UsbDetailsActivity}]
11-04 01:48:57.899 1474 1606 I am_proc_bound: [0,5633,com.android.settings]
11-04 01:48:57.901 1474 1606 I wm_restart_activity: [0,81774147,25,com.android.settings/.Settings$UsbDetailsActivity]
11-04 01:48:57.902 1474 1606 I wm_set_resumed_activity: [0,com.android.settings/.Settings$UsbDetailsActivity,minimalResumeActivityLocked]
11-04 01:48:57.958 1474 5415 I wm_task_created: [26,-1]
11-04 01:48:57.959 1474 5415 I wm_task_moved: [26,1,7]
11-04 01:48:57.959 1474 5415 I wm_task_to_front: [0,26]
11-04 01:48:57.959 1474 5415 I wm_create_task: [0,26]
11-04 01:48:57.959 1474 5415 I wm_create_activity: [0,193804581,26,com.android.settings/.homepage.SettingsHomepageActivity,android.intent.action.MAIN,NULL,NULL,276856832]
11-04 01:48:57.959 1474 5415 I wm_task_moved: [26,1,7]
11-04 01:48:57.960 1474 5415 I wm_pause_activity: [0,81774147,com.android.settings/.Settings$UsbDetailsActivity,userLeaving=true,pauseBackTasks]
11-04 01:48:57.962 1474 5559 I wm_finish_activity: [0,81774147,25,com.android.settings/.Settings$UsbDetailsActivity,app-request]
11-04 01:48:57.962 5633 5633 I wm_on_create_called: [81774147,com.android.settings.Settings$UsbDetailsActivity,performCreate]
11-04 01:48:57.965 1474 5415 I wm_add_to_stopping: [0,81774147,com.android.settings/.Settings$UsbDetailsActivity,completeFinishing]
11-04 01:48:57.968 1474 5415 I wm_restart_activity: [0,193804581,26,com.android.settings/.homepage.SettingsHomepageActivity]
11-04 01:48:57.970 1474 5415 I wm_set_resumed_activity: [0,com.android.settings/.homepage.SettingsHomepageActivity,minimalResumeActivityLocked]
11-04 01:48:57.975 1474 1644 I sysui_multi_action: [757,803,799,window_time_0,802,0]
11-04 01:48:58.008 5633 5633 I wm_on_create_called: [193804581,com.android.settings.homepage.SettingsHomepageActivity,performCreate]
11-04 01:48:58.043 5633 5633 I wm_on_start_called: [193804581,com.android.settings.homepage.SettingsHomepageActivity,handleStartActivity]
11-04 01:48:58.044 5633 5633 I snet_event_log: [120484087,-1,]
11-04 01:48:58.044 5633 5633 I wm_on_resume_called: [193804581,com.android.settings.homepage.SettingsHomepageActivity,RESUME_ACTIVITY]
11-04 01:48:58.045 5633 5633 I sysui_multi_action: [757,35,758,1,833,0,1089,34]
11-04 01:48:58.051 5633 5633 I sysui_multi_action: [757,1729,758,4,854,isParalleledControllers:false,1089,41]
11-04 01:48:58.059 5633 5633 I wm_on_top_resumed_gained_called: [193804581,com.android.settings.homepage.SettingsHomepageActivity,topStateChangedWhenResumed]
11-04 01:48:58.158 1474 1645 I sysui_multi_action: [324,0,757,1090,758,12,806,com.android.settings,871,com.android.settings.homepage.SettingsHomepageActivity,1091,339]
11-04 01:48:58.174 1474 1641 I sysui_multi_action: [319,48,321,44,322,339,325,500,757,761,758,7,759,1,806,com.android.settings,871,com.android.settings.homepage.SettingsHomepageActivity,904,com.android.settings,905,0,945,82,1320,4,1321,1]
11-04 01:48:58.176 1474 1641 I wm_activity_launch_time: [0,193804581,com.android.settings/.homepage.SettingsHomepageActivity,339]
11-04 01:48:58.311 5633 5633 I sysui_multi_action: [757,1291,758,1,833,0,1089,29]
11-04 01:48:58.312 5633 5633 I sysui_multi_action: [757,1729,758,4,854,isParalleledControllers:false,1089,30]
11-04 01:48:58.391 1474 1644 I wm_stop_activity: [0,59699080,com.android.launcher3/.uioverrides.QuickstepLauncher]
11-04 01:48:58.399 1474 1474 I notification_enqueue: [10081,2358,com.android.systemui,2048,NULL,0,Notification(channel=updateNotification shortcut=null contentView=null vibrate=null sound=null defaults=0x0 flags=0x0 color=0x00000000 vis=PRIVATE),1]
11-04 01:48:58.399 2358 2358 I sysui_multi_action: [757,111,758,2]
11-04 01:48:58.399 2358 2358 I sysui_multi_action: [757,111,758,2]
11-04 01:48:58.417 1474 1645 I input_focus: [Focus request 3bb4eb2 com.android.settings/com.android.settings.homepage.SettingsHomepageActivity,reason=UpdateInputWindows]
11-04 01:48:58.421 2809 2809 I wm_on_stop_called: [59699080,com.android.launcher3.uioverrides.QuickstepLauncher,STOP_ACTIVITY_ITEM]
11-04 01:48:58.424 2358 2358 I sysui_multi_action: [757,111,758,1]
11-04 01:48:58.424 2358 2358 I sysui_multi_action: [757,126,758,1,759,126,927,0,928,0,1593,1]
11-04 01:48:58.424 2358 2358 I sysui_multi_action: [757,113,758,1,759,113,927,1,928,1,1593,1]
11-04 01:48:58.424 2358 2358 I sysui_multi_action: [757,0,758,1,759,0,927,2,928,0,1593,1]
11-04 01:48:58.424 2358 2358 I sysui_multi_action: [757,0,758,1,759,0,927,3,928,0,1593,1]
11-04 01:48:58.424 2358 2358 I sysui_multi_action: [757,491,758,1,759,491,927,4,928,0,1311,-1,1593,0]
11-04 01:48:58.424 2358 2358 I sysui_multi_action: [757,0,758,1,759,0,927,5,928,0,1593,0]
11-04 01:48:58.425 2358 2358 I sysui_multi_action: [757,111,758,1]
11-04 01:48:58.425 2358 2358 I sysui_multi_action: [757,126,758,1,759,126,927,0,928,0,1593,1]
11-04 01:48:58.425 2358 2358 I sysui_multi_action: [757,113,758,1,759,113,927,1,928,1,1593,1]
11-04 01:48:58.425 2358 2358 I sysui_multi_action: [757,0,758,1,759,0,927,2,928,0,1593,1]
11-04 01:48:58.425 2358 2358 I sysui_multi_action: [757,0,758,1,759,0,927,3,928,0,1593,1]
11-04 01:48:58.439 1474 5492 I sysui_multi_action: [757,128,758,2,793,87854,794,4099,795,87854,796,26,798,0,806,android,857,DEVELOPER_IMPORTANT,858,4,947,0,1395,2,1500,87651,1688,1]
11-04 01:48:58.439 1474 5492 I notification_visibility: [-1|android|26|null|1000,0,87854,87854,0,0]
11-04 01:48:58.439 1474 5492 I sysui_multi_action: [757,128,758,2,793,478781,794,4098,795,478781,796,32,798,1,806,android,857,USB,858,1,947,0,1395,2,1500,478364,1688,1]
11-04 01:48:58.439 1474 5492 I notification_visibility: [-1|android|32|null|1000,0,478781,478781,0,1]
11-04 01:48:58.442 2358 2358 I sysui_multi_action: [757,111,758,2]
11-04 01:48:58.442 1474 2005 I input_focus: [Focus leaving 4d6f832 NotificationShade (server),reason=NOT_FOCUSABLE]
11-04 01:48:58.442 2358 2358 I sysui_multi_action: [757,111,758,2]
11-04 01:48:58.442 1474 2005 I input_focus: [Focus entering 3bb4eb2 com.android.settings/com.android.settings.homepage.SettingsHomepageActivity (server),reason=setFocusedWindow]
11-04 01:48:58.443 1474 1474 I notification_enqueue: [10081,2358,com.android.systemui,2048,NULL,0,Notification(channel=updateNotification shortcut=null contentView=null vibrate=null sound=null defaults=0x0 flags=0x0 color=0x00000000 vis=PRIVATE),1]
11-04 01:48:58.445 1474 5559 I sysui_multi_action: [757,127,758,2]
11-04 01:48:58.445 1474 5559 I notification_panel_hidden:
11-04 01:48:58.456 2358 2358 I sysui_multi_action: [757,111,758,1]
11-04 01:48:58.456 2358 2358 I sysui_multi_action: [757,126,758,1,759,126,927,0,928,0,1593,1]
11-04 01:48:58.456 2358 2358 I sysui_multi_action: [757,113,758,1,759,113,927,1,928,1,1593,1]
11-04 01:48:58.456 2358 2358 I sysui_multi_action: [757,0,758,1,759,0,927,2,928,0,1593,1]
11-04 01:48:58.456 2358 2358 I sysui_multi_action: [757,0,758,1,759,0,927,3,928,0,1593,1]
11-04 01:48:58.457 2358 2358 I sysui_multi_action: [757,491,758,1,759,491,927,4,928,0,1311,-1,1593,0]
11-04 01:48:58.457 2358 2358 I sysui_multi_action: [757,0,758,1,759,0,927,5,928,0,1593,0]
11-04 01:48:58.457 2358 2358 I sysui_multi_action: [757,111,758,1]
11-04 01:48:58.457 2358 2358 I sysui_multi_action: [757,126,758,1,759,126,927,0,928,0,1593,1]
11-04 01:48:58.457 2358 2358 I sysui_multi_action: [757,113,758,1,759,113,927,1,928,1,1593,1]
11-04 01:48:58.457 2358 2358 I sysui_multi_action: [757,0,758,1,759,0,927,2,928,0,1593,1]
11-04 01:48:58.457 2358 2358 I sysui_multi_action: [757,0,758,1,759,0,927,3,928,0,1593,1]
11-04 01:48:58.490 1474 1644 I wm_destroy_activity: [0,81774147,25,com.android.settings/.Settings$UsbDetailsActivity,finish-imm:idle]
11-04 01:48:58.491 5633 5633 I wm_on_destroy_called: [81774147,com.android.settings.Settings$UsbDetailsActivity,performDestroy]
11-04 01:48:58.492 1474 5559 I wm_task_removed: [25,removeChild:removeChild last r=ActivityRecord{4dfc643 u0 com.android.settings/.Settings$UsbDetailsActivity t-1 f}} in t=Task{81babb #25 type=standard A=1000:com.android.settings U=0 visible=false mode=fullscreen translucent=true sz=0}]
11-04 01:48:58.492 1474 5559 I wm_task_removed: [25,removeChild]
11-04 01:48:59.503 1474 2005 I input_interaction: Interaction with: 3bb4eb2 com.android.settings/com.android.settings.homepage.SettingsHomepageActivity (server), edge-swipe (server), swipe-up (server), PointerEventDispatcher0 (server),
11-04 01:48:59.527 1474 1606 I wm_task_moved: [1,0,0]
11-04 01:48:59.532 1474 1606 I wm_task_moved: [1,0,5]
11-04 01:48:59.542 2809 2809 I wm_on_restart_called: [59699080,com.android.launcher3.uioverrides.QuickstepLauncher,performRestartActivity]
11-04 01:48:59.562 2809 2809 I wm_on_start_called: [59699080,com.android.launcher3.uioverrides.QuickstepLauncher,handleStartActivity]
11-04 01:48:59.579 1474 1641 I sysui_multi_action: [319,16,322,48,325,502,757,761,758,9,759,5,806,com.android.launcher3,871,com.android.launcher3.uioverrides.QuickstepLauncher,905,0,1320,4,1321,1]
11-04 01:48:59.586 5633 5633 I view_enqueue_input_event: [Motion - Cancel,com.android.settings/com.android.settings.homepage.SettingsHomepageActivity]
11-04 01:48:59.587 2809 2809 I sysui_latency: [1,69]
11-04 01:48:59.591 1474 1645 I input_focus: [Focus request recents_animation_input_consumer,reason=UpdateInputWindows]
11-04 01:48:59.601 1474 2005 I input_interaction: Interaction with: edge-swipe (server), swipe-up (server), PointerEventDispatcher0 (server),
11-04 01:48:59.610 1474 2005 I input_focus: [Focus leaving 3bb4eb2 com.android.settings/com.android.settings.homepage.SettingsHomepageActivity (server),reason=NOT_FOCUSABLE]
11-04 01:48:59.610 1474 2005 I input_focus: [Focus entering recents_animation_input_consumer (server),reason=setFocusedWindow]
11-04 01:48:59.877 1474 1654 I sysui_latency: [8,66]
11-04 01:49:00.020 1474 5559 I wm_task_moved: [1,0,5]
11-04 01:49:00.022 1474 5559 I wm_add_to_stopping: [0,59699080,com.android.launcher3/.uioverrides.QuickstepLauncher,makeInvisible]
11-04 01:49:00.035 1474 1645 I input_focus: [Focus request 3bb4eb2 com.android.settings/com.android.settings.homepage.SettingsHomepageActivity,reason=UpdateInputWindows]
11-04 01:49:00.038 1474 1644 I wm_stop_activity: [0,59699080,com.android.launcher3/.uioverrides.QuickstepLauncher]
11-04 01:49:00.045 1474 2005 I input_focus: [Focus leaving recents_animation_input_consumer (server),reason=NOT_VISIBLE]
11-04 01:49:00.045 1474 2005 I input_focus: [Focus entering 3bb4eb2 com.android.settings/com.android.settings.homepage.SettingsHomepageActivity (server),reason=setFocusedWindow]
11-04 01:49:00.078 2809 2809 I wm_on_stop_called: [59699080,com.android.launcher3.uioverrides.QuickstepLauncher,STOP_ACTIVITY_ITEM]
11-04 01:49:00.228 1474 1744 I commit_sys_config_file: [settings-1-0,5]
11-04 01:49:00.744 1474 2005 I input_interaction: Interaction with: 3bb4eb2 com.android.settings/com.android.settings.homepage.SettingsHomepageActivity (server), edge-swipe (server), swipe-up (server), PointerEventDispatcher0 (server),
11-04 01:49:00.768 1474 5559 I wm_task_moved: [1,0,0]
11-04 01:49:00.769 1474 5559 I wm_task_moved: [1,0,5]
11-04 01:49:00.779 2809 2809 I wm_on_restart_called: [59699080,com.android.launcher3.uioverrides.QuickstepLauncher,performRestartActivity]
11-04 01:49:00.799 2809 2809 I wm_on_start_called: [59699080,com.android.launcher3.uioverrides.QuickstepLauncher,handleStartActivity]
11-04 01:49:00.826 1474 1641 I sysui_multi_action: [319,18,322,49,325,503,757,761,758,9,759,5,806,com.android.launcher3,871,com.android.launcher3.uioverrides.QuickstepLauncher,905,0,1320,4,1321,1]
11-04 01:49:00.837 5633 5633 I view_enqueue_input_event: [Motion - Cancel,com.android.settings/com.android.settings.homepage.SettingsHomepageActivity]
11-04 01:49:00.838 2809 2809 I sysui_latency: [1,71]
11-04 01:49:00.844 1474 1645 I input_focus: [Focus request recents_animation_input_consumer,reason=UpdateInputWindows]
11-04 01:49:00.852 1474 2005 I input_interaction: Interaction with: edge-swipe (server), swipe-up (server), PointerEventDispatcher0 (server),
11-04 01:49:00.863 1474 2005 I input_focus: [Focus leaving 3bb4eb2 com.android.settings/com.android.settings.homepage.SettingsHomepageActivity (server),reason=NOT_FOCUSABLE]
11-04 01:49:00.863 1474 2005 I input_focus: [Focus entering recents_animation_input_consumer (server),reason=setFocusedWindow]
11-04 01:49:01.118 1474 1654 I sysui_latency: [8,66]
11-04 01:49:02.266 1474 2005 I input_interaction: Interaction with: c2f885b com.android.launcher3/com.android.launcher3.uioverrides.QuickstepLauncher (server), edge-swipe (server), swipe-up (server), PointerEventDispatcher0 (server),
11-04 01:49:02.778 1474 5492 I wm_task_moved: [1,1,6]
11-04 01:49:02.782 1474 5492 I wm_task_moved: [10,1,2147483647]
11-04 01:49:02.782 1474 5492 I wm_task_to_front: [0,10]
11-04 01:49:02.782 5633 5633 I wm_on_top_resumed_lost_called: [193804581,com.android.settings.homepage.SettingsHomepageActivity,topStateChangedWhenResumed]
11-04 01:49:02.783 1474 5492 I wm_focused_root_task: [0,0,1,26,RecentsAnimation.onAnimationFinished()]
11-04 01:49:02.783 1474 5492 I wm_set_resumed_activity: [0,com.android.launcher3/.uioverrides.QuickstepLauncher,RecentsAnimation.onAnimationFinished()]
11-04 01:49:02.786 1474 5492 I wm_pause_activity: [0,193804581,com.android.settings/.homepage.SettingsHomepageActivity,userLeaving=true,pauseBackTasks]
11-04 01:49:02.789 1474 5492 I wm_add_to_stopping: [0,193804581,com.android.settings/.homepage.SettingsHomepageActivity,makeInvisible]
11-04 01:49:02.790 1474 5492 I wm_set_resumed_activity: [0,com.android.launcher3/.uioverrides.QuickstepLauncher,resumeTopActivityInnerLocked]
11-04 01:49:02.792 1474 5492 I wm_resume_activity: [0,59699080,10,com.android.launcher3/.uioverrides.QuickstepLauncher]
11-04 01:49:02.799 2809 2809 I wm_on_resume_called: [59699080,com.android.launcher3.uioverrides.QuickstepLauncher,RESUME_ACTIVITY]
11-04 01:49:02.808 1474 1645 I input_focus: [Focus request c2f885b com.android.launcher3/com.android.launcher3.uioverrides.QuickstepLauncher,reason=UpdateInputWindows]
11-04 01:49:02.811 2809 2809 I wm_on_top_resumed_gained_called: [59699080,com.android.launcher3.uioverrides.QuickstepLauncher,topStateChangedWhenResumed]
11-04 01:49:02.813 5633 5633 I sysui_multi_action: [757,35,758,2,1089,4768]
11-04 01:49:02.816 5633 5633 I sysui_multi_action: [757,1291,758,2,1089,4505]
11-04 01:49:02.818 5633 5633 I wm_on_paused_called: [193804581,com.android.settings.homepage.SettingsHomepageActivity,performPause]
11-04 01:49:02.818 1474 2005 I input_focus: [Focus leaving recents_animation_input_consumer (server),reason=NOT_VISIBLE]
11-04 01:49:02.819 1474 2005 I input_focus: [Focus entering c2f885b com.android.launcher3/com.android.launcher3.uioverrides.QuickstepLauncher (server),reason=setFocusedWindow]
11-04 01:49:02.819 1474 1644 I wm_stop_activity: [0,193804581,com.android.settings/.homepage.SettingsHomepageActivity]
11-04 01:49:02.820 1474 1644 I sysui_multi_action: [757,803,799,window_time_0,802,5]
11-04 01:49:02.825 1474 1644 I sysui_multi_action: [757,803,799,window_time_0,802,0]
11-04 01:49:02.861 5633 5633 I wm_on_stop_called: [193804581,com.android.settings.homepage.SettingsHomepageActivity,STOP_ACTIVITY_ITEM]
11-04 01:49:03.530 1474 2005 I input_interaction: Interaction with: 823cadf StatusBar (server), edge-swipe (server), swipe-up (server), PointerEventDispatcher0 (server),
11-04 01:49:03.540 2358 2358 I sysui_multi_action: [757,803,799,panel_open,802,1]
11-04 01:49:03.543 2358 2358 I sysui_multi_action: [757,1328,758,4,1326,32,1327,1,1329,0]
11-04 01:49:03.643 1474 3257 I sysui_multi_action: [757,127,758,1]
11-04 01:49:03.644 1474 3257 I sysui_multi_action: [757,804,799,note_load,801,2,802,1]
11-04 01:49:03.644 1474 3257 I notification_panel_revealed: 2
11-04 01:49:03.647 1474 1474 I notification_enqueue: [10081,2358,com.android.systemui,2048,NULL,0,Notification(channel=updateNotification shortcut=null contentView=null vibrate=null sound=null defaults=0x0 flags=0x0 color=0x00000000 vis=PRIVATE),1]
11-04 01:49:03.647 2358 2358 I sysui_multi_action: [757,111,758,2]
11-04 01:49:03.647 2358 2358 I sysui_multi_action: [757,111,758,2]
11-04 01:49:03.664 1474 1645 I input_focus: [Focus request 4d6f832 NotificationShade,reason=UpdateInputWindows]
11-04 01:49:03.670 2358 2358 I sysui_multi_action: [757,111,758,1]
11-04 01:49:03.670 2358 2358 I sysui_multi_action: [757,126,758,1,759,126,927,0,928,0,1593,1]
11-04 01:49:03.671 2358 2358 I sysui_multi_action: [757,113,758,1,759,113,927,1,928,1,1593,1]
11-04 01:49:03.671 2358 2358 I sysui_multi_action: [757,0,758,1,759,0,927,2,928,0,1593,1]
11-04 01:49:03.671 2358 2358 I sysui_multi_action: [757,0,758,1,759,0,927,3,928,0,1593,1]
11-04 01:49:03.671 2358 2358 I sysui_multi_action: [757,491,758,1,759,491,927,4,928,0,1311,-1,1593,0]
11-04 01:49:03.671 2358 2358 I sysui_multi_action: [757,0,758,1,759,0,927,5,928,0,1593,0]
11-04 01:49:03.671 2358 2358 I sysui_multi_action: [757,111,758,1]
11-04 01:49:03.671 2358 2358 I sysui_multi_action: [757,126,758,1,759,126,927,0,928,0,1593,1]
11-04 01:49:03.671 2358 2358 I sysui_multi_action: [757,113,758,1,759,113,927,1,928,1,1593,1]
11-04 01:49:03.672 2358 2358 I sysui_multi_action: [757,0,758,1,759,0,927,2,928,0,1593,1]
11-04 01:49:03.672 2358 2358 I sysui_multi_action: [757,0,758,1,759,0,927,3,928,0,1593,1]
11-04 01:49:03.690 1474 2005 I input_focus: [Focus leaving c2f885b com.android.launcher3/com.android.launcher3.uioverrides.QuickstepLauncher (server),reason=setFocusedWindow]
11-04 01:49:03.690 1474 2005 I input_focus: [Focus entering 4d6f832 NotificationShade (server),reason=setFocusedWindow]
11-04 01:49:03.690 1474 1474 I notification_enqueue: [10081,2358,com.android.systemui,2048,NULL,0,Notification(channel=updateNotification shortcut=null contentView=null vibrate=null sound=null defaults=0x0 flags=0x0 color=0x00000000 vis=PRIVATE),1]
11-04 01:49:03.690 2358 2358 I sysui_multi_action: [757,111,758,2]
11-04 01:49:03.691 2358 2358 I sysui_multi_action: [757,111,758,2]
11-04 01:49:03.698 2358 2358 I sysui_multi_action: [757,111,758,1]
11-04 01:49:03.698 2358 2358 I sysui_multi_action: [757,126,758,1,759,126,927,0,928,0,1593,1]
11-04 01:49:03.698 2358 2358 I sysui_multi_action: [757,113,758,1,759,113,927,1,928,1,1593,1]
11-04 01:49:03.698 2358 2358 I sysui_multi_action: [757,0,758,1,759,0,927,2,928,0,1593,1]
11-04 01:49:03.698 2358 2358 I sysui_multi_action: [757,0,758,1,759,0,927,3,928,0,1593,1]
11-04 01:49:03.698 2358 2358 I sysui_multi_action: [757,491,758,1,759,491,927,4,928,0,1311,-1,1593,0]
11-04 01:49:03.698 2358 2358 I sysui_multi_action: [757,0,758,1,759,0,927,5,928,0,1593,0]
11-04 01:49:03.698 2358 2358 I sysui_multi_action: [757,111,758,1]
11-04 01:49:03.699 2358 2358 I sysui_multi_action: [757,126,758,1,759,126,927,0,928,0,1593,1]
11-04 01:49:03.699 2358 2358 I sysui_multi_action: [757,113,758,1,759,113,927,1,928,1,1593,1]
11-04 01:49:03.699 2358 2358 I sysui_multi_action: [757,0,758,1,759,0,927,2,928,0,1593,1]
11-04 01:49:03.699 2358 2358 I sysui_multi_action: [757,0,758,1,759,0,927,3,928,0,1593,1]
11-04 01:49:03.722 2358 2358 I sysui_multi_action: [757,111,758,2]
11-04 01:49:03.722 1474 1474 I notification_enqueue: [10081,2358,com.android.systemui,2048,NULL,0,Notification(channel=updateNotification shortcut=null contentView=null vibrate=null sound=null defaults=0x0 flags=0x0 color=0x00000000 vis=PRIVATE),1]
11-04 01:49:03.722 2358 2358 I sysui_multi_action: [757,111,758,2]
11-04 01:49:03.730 2358 2358 I sysui_multi_action: [757,111,758,1]
11-04 01:49:03.730 2358 2358 I sysui_multi_action: [757,126,758,1,759,126,927,0,928,0,1593,1]
11-04 01:49:03.730 2358 2358 I sysui_multi_action: [757,113,758,1,759,113,927,1,928,1,1593,1]
11-04 01:49:03.730 2358 2358 I sysui_multi_action: [757,0,758,1,759,0,927,2,928,0,1593,1]
11-04 01:49:03.730 2358 2358 I sysui_multi_action: [757,0,758,1,759,0,927,3,928,0,1593,1]
11-04 01:49:03.731 2358 2358 I sysui_multi_action: [757,491,758,1,759,491,927,4,928,0,1311,-1,1593,0]
11-04 01:49:03.731 2358 2358 I sysui_multi_action: [757,0,758,1,759,0,927,5,928,0,1593,0]
11-04 01:49:03.731 2358 2358 I sysui_multi_action: [757,111,758,1]
11-04 01:49:03.731 2358 2358 I sysui_multi_action: [757,126,758,1,759,126,927,0,928,0,1593,1]
11-04 01:49:03.731 2358 2358 I sysui_multi_action: [757,113,758,1,759,113,927,1,928,1,1593,1]
11-04 01:49:03.731 2358 2358 I sysui_multi_action: [757,0,758,1,759,0,927,2,928,0,1593,1]
11-04 01:49:03.731 2358 2358 I sysui_multi_action: [757,0,758,1,759,0,927,3,928,0,1593,1]
11-04 01:49:03.747 2358 2358 I sysui_multi_action: [757,111,758,2]
11-04 01:49:03.747 2358 2358 I sysui_multi_action: [757,111,758,2]
11-04 01:49:03.747 1474 1474 I notification_enqueue: [10081,2358,com.android.systemui,2048,NULL,0,Notification(channel=updateNotification shortcut=null contentView=null vibrate=null sound=null defaults=0x0 flags=0x0 color=0x00000000 vis=PRIVATE),1]
11-04 01:49:03.752 2358 2358 I sysui_multi_action: [757,111,758,1]
11-04 01:49:03.752 2358 2358 I sysui_multi_action: [757,126,758,1,759,126,927,0,928,0,1593,1]
11-04 01:49:03.752 2358 2358 I sysui_multi_action: [757,113,758,1,759,113,927,1,928,1,1593,1]
11-04 01:49:03.752 2358 2358 I sysui_multi_action: [757,0,758,1,759,0,927,2,928,0,1593,1]
11-04 01:49:03.752 2358 2358 I sysui_multi_action: [757,0,758,1,759,0,927,3,928,0,1593,1]
11-04 01:49:03.752 2358 2358 I sysui_multi_action: [757,491,758,1,759,491,927,4,928,0,1311,-1,1593,0]
11-04 01:49:03.752 2358 2358 I sysui_multi_action: [757,0,758,1,759,0,927,5,928,0,1593,0]
11-04 01:49:03.752 2358 2358 I sysui_multi_action: [757,111,758,1]
11-04 01:49:03.753 2358 2358 I sysui_multi_action: [757,126,758,1,759,126,927,0,928,0,1593,1]
11-04 01:49:03.753 2358 2358 I sysui_multi_action: [757,113,758,1,759,113,927,1,928,1,1593,1]
11-04 01:49:03.753 2358 2358 I sysui_multi_action: [757,0,758,1,759,0,927,2,928,0,1593,1]
11-04 01:49:03.753 2358 2358 I sysui_multi_action: [757,0,758,1,759,0,927,3,928,0,1593,1]
11-04 01:49:03.765 2358 2358 I sysui_multi_action: [757,111,758,2]
11-04 01:49:03.765 2358 2358 I sysui_multi_action: [757,111,758,2]
11-04 01:49:03.766 1474 1474 I notification_enqueue: [10081,2358,com.android.systemui,2048,NULL,0,Notification(channel=updateNotification shortcut=null contentView=null vibrate=null sound=null defaults=0x0 flags=0x0 color=0x00000000 vis=PRIVATE),1]
11-04 01:49:03.770 2358 2358 I sysui_multi_action: [757,111,758,1]
11-04 01:49:03.770 2358 2358 I sysui_multi_action: [757,126,758,1,759,126,927,0,928,0,1593,1]
11-04 01:49:03.770 2358 2358 I sysui_multi_action: [757,113,758,1,759,113,927,1,928,1,1593,1]
11-04 01:49:03.770 2358 2358 I sysui_multi_action: [757,0,758,1,759,0,927,2,928,0,1593,1]
11-04 01:49:03.770 2358 2358 I sysui_multi_action: [757,0,758,1,759,0,927,3,928,0,1593,1]
11-04 01:49:03.770 2358 2358 I sysui_multi_action: [757,491,758,1,759,491,927,4,928,0,1311,-1,1593,0]
11-04 01:49:03.770 2358 2358 I sysui_multi_action: [757,0,758,1,759,0,927,5,928,0,1593,0]
11-04 01:49:03.770 2358 2358 I sysui_multi_action: [757,111,758,1]
11-04 01:49:03.770 2358 2358 I sysui_multi_action: [757,126,758,1,759,126,927,0,928,0,1593,1]
11-04 01:49:03.770 2358 2358 I sysui_multi_action: [757,113,758,1,759,113,927,1,928,1,1593,1]
11-04 01:49:03.770 2358 2358 I sysui_multi_action: [757,0,758,1,759,0,927,2,928,0,1593,1]
11-04 01:49:03.770 2358 2358 I sysui_multi_action: [757,0,758,1,759,0,927,3,928,0,1593,1]
11-04 01:49:04.192 1474 5559 I sysui_multi_action: [757,128,758,1,793,93607,794,0,795,93607,796,26,798,0,806,android,857,DEVELOPER_IMPORTANT,858,4,947,0,1395,2,1500,93404,1688,1]
11-04 01:49:04.192 1474 5559 I sysui_multi_action: [757,804,799,note_freshness,801,93607,802,1]
11-04 01:49:04.193 1474 5559 I notification_visibility: [-1|android|26|null|1000,1,93607,93607,0,0]
11-04 01:49:04.193 1474 5559 I sysui_multi_action: [757,128,758,1,793,484535,794,0,795,484535,796,32,798,1,806,android,857,USB,858,1,947,0,1395,2,1500,484118,1688,1]
11-04 01:49:04.193 1474 5559 I sysui_multi_action: [757,804,799,note_freshness,801,484535,802,1]
11-04 01:49:04.193 1474 5559 I notification_visibility: [-1|android|32|null|1000,1,484535,484535,0,1]
11-04 01:49:04.551 1474 2005 I input_interaction: Interaction with: 4d6f832 NotificationShade (server), edge-swipe (server), swipe-up (server), PointerEventDispatcher0 (server),
11-04 01:49:04.684 1474 3257 I wm_task_created: [27,-1]
11-04 01:49:04.689 1474 3257 I wm_task_moved: [27,1,7]
11-04 01:49:04.689 1474 3257 I wm_task_to_front: [0,27]
11-04 01:49:04.690 1474 3257 I wm_create_task: [0,27]
11-04 01:49:04.690 1474 3257 I wm_create_activity: [0,79103885,27,com.android.settings/.Settings$DevelopmentSettingsDashboardActivity,android.settings.APPLICATION_DEVELOPMENT_SETTINGS,NULL,NULL,268468224]
11-04 01:49:04.690 1474 3257 I wm_task_moved: [27,1,7]
11-04 01:49:04.690 2809 2809 I wm_on_top_resumed_lost_called: [59699080,com.android.launcher3.uioverrides.QuickstepLauncher,topStateChangedWhenResumed]
11-04 01:49:04.692 1474 3257 I wm_pause_activity: [0,59699080,com.android.launcher3/.uioverrides.QuickstepLauncher,userLeaving=true,pauseBackTasks]
11-04 01:49:04.698 2809 2809 I wm_on_paused_called: [59699080,com.android.launcher3.uioverrides.QuickstepLauncher,performPause]
11-04 01:49:04.699 1474 3257 I sysui_multi_action: [757,128,758,4,793,94113,794,506,795,94113,796,26,798,2,806,android,857,DEVELOPER_IMPORTANT,858,4,947,0,1395,2,1500,93910,1688,1]
11-04 01:49:04.699 1474 3257 I notification_clicked: [-1|android|26|null|1000,94113,94113,506,2,2]
11-04 01:49:04.700 1474 1474 I sysui_multi_action: [757,804,799,note_click_longevity,801,1,802,1]
11-04 01:49:04.702 1474 5397 I wm_add_to_stopping: [0,59699080,com.android.launcher3/.uioverrides.QuickstepLauncher,makeInvisible]
11-04 01:49:04.703 1474 5397 I wm_restart_activity: [0,79103885,27,com.android.settings/.Settings$DevelopmentSettingsDashboardActivity]
11-04 01:49:04.704 1474 5397 I wm_set_resumed_activity: [0,com.android.settings/.Settings$DevelopmentSettingsDashboardActivity,minimalResumeActivityLocked]
11-04 01:49:04.722 1474 1644 I sysui_multi_action: [757,803,799,window_time_0,802,2]
11-04 01:49:04.736 1474 1606 I wm_task_moved: [26,1,7]
11-04 01:49:04.737 1474 1606 I wm_task_to_front: [0,26]
11-04 01:49:04.738 1474 1606 I wm_focused_root_task: [0,0,26,27,bringingFoundTaskToFront]
11-04 01:49:04.738 1474 1606 I wm_set_resumed_activity: [0,com.android.settings/.homepage.SettingsHomepageActivity,bringingFoundTaskToFront]
11-04 01:49:04.738 1474 1606 I wm_finish_activity: [0,193804581,26,com.android.settings/.homepage.SettingsHomepageActivity,clear-task-all]
11-04 01:49:04.739 1474 1606 I wm_destroy_activity: [0,193804581,26,com.android.settings/.homepage.SettingsHomepageActivity,finish-imm:finishIfPossible]
11-04 01:49:04.740 1474 1606 I wm_task_moved: [26,1,7]
11-04 01:49:04.741 1474 1606 I wm_create_activity: [0,33507275,26,com.android.settings/.homepage.SettingsHomepageActivity,android.settings.APPLICATION_DEVELOPMENT_SETTINGS,NULL,NULL,272662528]
11-04 01:49:04.742 1474 1606 I wm_pause_activity: [0,79103885,com.android.settings/.Settings$DevelopmentSettingsDashboardActivity,userLeaving=true,pauseBackTasks]
11-04 01:49:04.746 1474 1606 I wm_finish_activity: [0,79103885,27,com.android.settings/.Settings$DevelopmentSettingsDashboardActivity,app-request]
11-04 01:49:04.746 5633 5633 I wm_on_create_called: [79103885,com.android.settings.Settings$DevelopmentSettingsDashboardActivity,performCreate]
11-04 01:49:04.752 5633 5633 I wm_on_destroy_called: [193804581,com.android.settings.homepage.SettingsHomepageActivity,performDestroy]
11-04 01:49:04.760 1474 3631 I wm_add_to_stopping: [0,79103885,com.android.settings/.Settings$DevelopmentSettingsDashboardActivity,completeFinishing]
11-04 01:49:04.763 1474 3631 I wm_restart_activity: [0,33507275,26,com.android.settings/.homepage.SettingsHomepageActivity]
11-04 01:49:04.764 1474 3631 I wm_set_resumed_activity: [0,com.android.settings/.homepage.SettingsHomepageActivity,minimalResumeActivityLocked]
11-04 01:49:04.771 1474 1644 I sysui_multi_action: [757,803,799,window_time_0,802,0]
11-04 01:49:04.798 5633 5633 I wm_on_create_called: [33507275,com.android.settings.homepage.SettingsHomepageActivity,performCreate]
11-04 01:49:04.814 5633 5633 I wm_on_start_called: [33507275,com.android.settings.homepage.SettingsHomepageActivity,handleStartActivity]
11-04 01:49:04.814 5633 5633 I snet_event_log: [120484087,-1,]
11-04 01:49:04.814 5633 5633 I wm_on_resume_called: [33507275,com.android.settings.homepage.SettingsHomepageActivity,RESUME_ACTIVITY]
11-04 01:49:04.815 5633 5633 I sysui_multi_action: [757,35,758,1,833,0,1089,16]
11-04 01:49:04.816 5633 5633 I sysui_multi_action: [757,1729,758,4,854,isParalleledControllers:false,1089,17]
11-04 01:49:04.819 5633 5633 I wm_on_top_resumed_gained_called: [33507275,com.android.settings.homepage.SettingsHomepageActivity,topStateChangedWhenResumed]
11-04 01:49:04.869 1474 1645 I sysui_multi_action: [324,1,757,1090,758,12,806,com.android.settings,871,com.android.settings.homepage.SettingsHomepageActivity,1091,190]
11-04 01:49:04.880 1474 1641 I sysui_multi_action: [319,53,321,50,322,190,325,507,757,761,758,8,759,1,806,com.android.settings,871,com.android.settings.homepage.SettingsHomepageActivity,904,com.android.settings,905,0,1320,4,1321,1]
11-04 01:49:04.881 1474 1641 I wm_activity_launch_time: [0,33507275,com.android.settings/.homepage.SettingsHomepageActivity,190]
11-04 01:49:05.083 5633 5633 I auditd : type=1400 audit(0.0:616): avc: denied { read } for comm="ndroid.settings" name="pagetypeinfo" dev="proc" ino=4026531857 scontext=u:r:system_app:s0 tcontext=u:object_r:proc_pagetypeinfo:s0 tclass=file permissive=0
11-04 01:49:05.087 5633 5633 I auditd : type=1400 audit(0.0:617): avc: denied { search } for comm="ndroid.settings" name="zram0" dev="sysfs" ino=56821 scontext=u:r:system_app:s0 tcontext=u:object_r:sysfs_zram:s0 tclass=dir permissive=0
11-04 01:49:05.087 5633 5633 I auditd : type=1400 audit(0.0:618): avc: denied { search } for comm="ndroid.settings" name="zram0" dev="sysfs" ino=56821 scontext=u:r:system_app:s0 tcontext=u:object_r:sysfs_zram:s0 tclass=dir permissive=0
11-04 01:49:05.126 5633 5633 I sysui_multi_action: [757,853,758,4,854,null/switch_bar,1089,1]
11-04 01:49:05.129 5633 5633 I sysui_multi_action: [757,39,758,1,833,0,1089,102]
11-04 01:49:05.130 1474 2469 D TelephonyRegistry: listen oscl: mHasNotifySubscriptionInfoChangedOccurred==false no callback
11-04 01:49:05.132 1474 2469 D TelephonyRegistry: listen oscl: mHasNotifySubscriptionInfoChangedOccurred==false no callback
11-04 01:49:05.131 5633 5633 I auditd : type=1400 audit(0.0:619): avc: denied { read } for comm="pool-2-thread-2" name="pagetypeinfo" dev="proc" ino=4026531857 scontext=u:r:system_app:s0 tcontext=u:object_r:proc_pagetypeinfo:s0 tclass=file permissive=0
11-04 01:49:05.135 5633 5633 I auditd : type=1400 audit(0.0:620): avc: denied { search } for comm="pool-2-thread-2" name="zram0" dev="sysfs" ino=56821 scontext=u:r:system_app:s0 tcontext=u:object_r:sysfs_zram:s0 tclass=dir permissive=0
11-04 01:49:05.135 5633 5633 I auditd : type=1400 audit(0.0:621): avc: denied { search } for comm="pool-2-thread-2" name="zram0" dev="sysfs" ino=56821 scontext=u:r:system_app:s0 tcontext=u:object_r:sysfs_zram:s0 tclass=dir permissive=0
11-04 01:49:05.155 5633 5633 I sysui_multi_action: [757,1729,758,4,854,isParalleledControllers:false,1089,129]
11-04 01:49:05.203 1474 5559 I sysui_multi_action: [757,128,758,2,793,94618,794,1011,795,94618,796,26,798,0,806,android,857,DEVELOPER_IMPORTANT,858,4,947,0,1395,2,1500,94415,1688,1]
11-04 01:49:05.203 1474 5559 I notification_visibility: [-1|android|26|null|1000,0,94618,94618,0,0]
11-04 01:49:05.242 1474 1644 I wm_stop_activity: [0,59699080,com.android.launcher3/.uioverrides.QuickstepLauncher]
11-04 01:49:05.246 2358 2358 I sysui_multi_action: [757,111,758,2]
11-04 01:49:05.246 1474 1474 I notification_enqueue: [10081,2358,com.android.systemui,2048,NULL,0,Notification(channel=updateNotification shortcut=null contentView=null vibrate=null sound=null defaults=0x0 flags=0x0 color=0x00000000 vis=PRIVATE),1]
11-04 01:49:05.246 2358 2358 I sysui_multi_action: [757,111,758,2]
11-04 01:49:05.265 1474 1645 I input_focus: [Focus request 6e487ab com.android.settings/com.android.settings.homepage.SettingsHomepageActivity,reason=UpdateInputWindows]
11-04 01:49:05.269 2358 2358 I sysui_multi_action: [757,111,758,1]
11-04 01:49:05.269 2358 2358 I sysui_multi_action: [757,126,758,1,759,126,927,0,928,0,1593,1]
11-04 01:49:05.269 2358 2358 I sysui_multi_action: [757,113,758,1,759,113,927,1,928,1,1593,1]
11-04 01:49:05.269 2358 2358 I sysui_multi_action: [757,0,758,1,759,0,927,2,928,0,1593,1]
11-04 01:49:05.269 2358 2358 I sysui_multi_action: [757,0,758,1,759,0,927,3,928,0,1593,1]
11-04 01:49:05.270 2358 2358 I sysui_multi_action: [757,491,758,1,759,491,927,4,928,0,1311,-1,1593,0]
11-04 01:49:05.270 2358 2358 I sysui_multi_action: [757,0,758,1,759,0,927,5,928,0,1593,0]
11-04 01:49:05.270 2358 2358 I sysui_multi_action: [757,111,758,1]
11-04 01:49:05.270 2358 2358 I sysui_multi_action: [757,126,758,1,759,126,927,0,928,0,1593,1]
11-04 01:49:05.270 2358 2358 I sysui_multi_action: [757,113,758,1,759,113,927,1,928,1,1593,1]
11-04 01:49:05.270 2358 2358 I sysui_multi_action: [757,0,758,1,759,0,927,2,928,0,1593,1]
11-04 01:49:05.270 2358 2358 I sysui_multi_action: [757,0,758,1,759,0,927,3,928,0,1593,1]
11-04 01:49:05.273 2809 2809 I wm_on_stop_called: [59699080,com.android.launcher3.uioverrides.QuickstepLauncher,STOP_ACTIVITY_ITEM]
11-04 01:49:05.275 1474 1644 I wm_destroy_activity: [0,79103885,27,com.android.settings/.Settings$DevelopmentSettingsDashboardActivity,finish-imm:idle]
11-04 01:49:05.275 1474 2005 I input_focus: [Focus leaving 4d6f832 NotificationShade (server),reason=NOT_FOCUSABLE]
11-04 01:49:05.275 1474 2005 I input_focus: [Focus entering 6e487ab com.android.settings/com.android.settings.homepage.SettingsHomepageActivity (server),reason=setFocusedWindow]
11-04 01:49:05.278 5633 5633 I wm_on_destroy_called: [79103885,com.android.settings.Settings$DevelopmentSettingsDashboardActivity,performDestroy]
11-04 01:49:05.281 1474 5559 I wm_task_removed: [27,removeChild:removeChild last r=ActivityRecord{4b7078d u0 com.android.settings/.Settings$DevelopmentSettingsDashboardActivity t-1 f}} in t=Task{ce43fbc #27 type=standard A=1000:com.android.settings U=0 visible=false mode=fullscreen translucent=true sz=0}]
11-04 01:49:05.281 1474 5559 I wm_task_removed: [27,removeChild]
11-04 01:49:05.290 1474 1474 I notification_enqueue: [10081,2358,com.android.systemui,2048,NULL,0,Notification(channel=updateNotification shortcut=null contentView=null vibrate=null sound=null defaults=0x0 flags=0x0 color=0x00000000 vis=PRIVATE),1]
