11-04 01:49:25.699 1474 5559 I sysui_multi_action: [757,128,758,2,793,115114,794,8829,795,115114,796,26,798,0,806,android,857,DEVELOPER_IMPORTANT,858,4,947,0,1395,2,1500,114911,1688,1]
11-04 01:49:25.699 1474 5559 I notification_visibility: [-1|android|26|null|1000,0,115114,115114,0,0]
11-04 01:49:25.700 1474 5559 I sysui_multi_action: [757,128,758,2,793,506042,794,8829,795,506042,796,32,798,1,806,android,857,USB,858,1,947,0,1395,2,1500,505625,1688,1]
11-04 01:49:25.700 1474 5559 I notification_visibility: [-1|android|32|null|1000,0,506042,506042,0,1]
11-04 01:49:25.701 1474 5559 I sysui_multi_action: [757,127,758,2]
11-04 01:49:25.701 1474 5559 I notification_panel_hidden:
11-04 01:49:25.701 2358 2358 I sysui_multi_action: [757,111,758,1]
11-04 01:49:25.701 2358 2358 I sysui_multi_action: [757,126,758,1,759,126,927,0,928,0,1593,0]
11-04 01:49:25.701 2358 2358 I sysui_multi_action: [757,113,758,1,759,113,927,1,928,1,1593,1]
11-04 01:49:25.702 2358 2358 I sysui_multi_action: [757,0,758,1,759,0,927,2,928,0,1593,1]
11-04 01:49:25.702 2358 2358 I sysui_multi_action: [757,0,758,1,759,0,927,3,928,0,1593,1]
11-04 01:49:25.702 2358 2358 I sysui_multi_action: [757,491,758,1,759,491,927,4,928,0,1311,-1,1593,0]
11-04 01:49:25.702 2358 2358 I sysui_multi_action: [757,0,758,1,759,0,927,5,928,0,1593,0]
11-04 01:49:25.702 2358 2358 I sysui_multi_action: [757,111,758,1]
11-04 01:49:25.702 2358 2358 I sysui_multi_action: [757,126,758,1,759,126,927,0,928,0,1593,1]
11-04 01:49:25.702 2358 2358 I sysui_multi_action: [757,113,758,1,759,113,927,1,928,1,1593,1]
11-04 01:49:25.702 2358 2358 I sysui_multi_action: [757,0,758,1,759,0,927,2,928,0,1593,1]
11-04 01:49:25.702 2358 2358 I sysui_multi_action: [757,0,758,1,759,0,927,3,928,0,1593,1]
11-04 01:49:27.376 1474 2005 I input_interaction: Interaction with: f9cafa3 com.android.systemui/com.android.systemui.screenrecord.ScreenRecordDialog (server), edge-swipe (server), swipe-up (server), PointerEventDispatcher0 (server),
11-04 01:49:28.110 1474 5628 I wm_finish_activity: [0,41486984,30,com.android.systemui/.screenrecord.ScreenRecordDialog,app-request]
11-04 01:49:28.111 1474 5628 I wm_task_moved: [1,1,6]
11-04 01:49:28.116 1474 5628 I wm_task_moved: [10,1,2147483647]
11-04 01:49:28.116 1474 5628 I wm_task_to_front: [0,10]
11-04 01:49:28.116 1474 5628 I wm_focused_root_task: [0,0,1,-1,finish-top adjustFocusToNextFocusableTask]
11-04 01:49:28.129 1474 5628 I wm_pause_activity: [0,41486984,com.android.systemui/.screenrecord.ScreenRecordDialog,userLeaving=false,finish]
11-04 01:49:28.136 1474 1645 I input_focus: [Focus request c2f885b com.android.launcher3/com.android.launcher3.uioverrides.QuickstepLauncher,reason=UpdateInputWindows]
11-04 01:49:28.144 2358 2358 I wm_on_top_resumed_lost_called: [41486984,com.android.systemui.screenrecord.ScreenRecordDialog,topStateChangedWhenResumed]
11-04 01:49:28.145 2358 2358 I wm_on_paused_called: [41486984,com.android.systemui.screenrecord.ScreenRecordDialog,performPause]
11-04 01:49:28.148 1474 5415 I wm_set_resumed_activity: [0,com.android.launcher3/.uioverrides.QuickstepLauncher,resumeTopActivityInnerLocked]
11-04 01:49:28.158 1474 5415 I wm_resume_activity: [0,59699080,10,com.android.launcher3/.uioverrides.QuickstepLauncher]
11-04 01:49:28.167 2809 2809 I wm_on_resume_called: [59699080,com.android.launcher3.uioverrides.QuickstepLauncher,RESUME_ACTIVITY]
11-04 01:49:28.167 2809 2809 I wm_on_top_resumed_gained_called: [59699080,com.android.launcher3.uioverrides.QuickstepLauncher,topWhenResuming]
11-04 01:49:28.175 1474 1644 I sysui_multi_action: [757,803,799,window_time_0,802,3]
11-04 01:49:28.180 1474 2005 I input_focus: [Focus leaving f9cafa3 com.android.systemui/com.android.systemui.screenrecord.ScreenRecordDialog (server),reason=NO_WINDOW]
11-04 01:49:28.181 1474 2005 I input_focus: [Focus entering c2f885b com.android.launcher3/com.android.launcher3.uioverrides.QuickstepLauncher (server),reason=setFocusedWindow]
11-04 01:49:28.214 1474 2429 I wm_destroy_activity: [0,41486984,30,com.android.systemui/.screenrecord.ScreenRecordDialog,finish-idle]
11-04 01:49:28.230 2358 2358 I wm_on_stop_called: [41486984,com.android.systemui.screenrecord.ScreenRecordDialog,LIFECYCLER_STOP_ACTIVITY]
11-04 01:49:28.231 2358 2358 I wm_on_destroy_called: [41486984,com.android.systemui.screenrecord.ScreenRecordDialog,performDestroy]
11-04 01:49:28.428 1474 1645 I wm_task_removed: [30,removeChild:removeChild last r=ActivityRecord{2790a88 u0 com.android.systemui/.screenrecord.ScreenRecordDialog t-1 f}} in t=Task{2c0a2ff #30 type=standard A=10081:com.android.systemui U=0 visible=false mode=fullscreen translucent=true sz=0}]
11-04 01:49:28.428 1474 1645 I wm_task_removed: [30,removeChild]
11-04 01:49:28.956 1474 2005 I input_interaction: Interaction with: c2f885b com.android.launcher3/com.android.launcher3.uioverrides.QuickstepLauncher (server), 6b99821 com.android.systemui.ImageWallpaper (server), edge-swipe (server), swipe-up (server), PointerEventDispatcher0 (server),
11-04 01:49:30.654 1474 5559 I sysui_multi_action: [757,127,758,1]
11-04 01:49:30.655 1474 5559 I sysui_multi_action: [757,804,799,note_load,801,2,802,1]
11-04 01:49:30.655 1474 5559 I notification_panel_revealed: 2
11-04 01:49:30.676 1474 1645 I input_focus: [Focus request 4d6f832 NotificationShade,reason=UpdateInputWindows]
11-04 01:49:30.704 1474 2005 I input_focus: [Focus leaving c2f885b com.android.launcher3/com.android.launcher3.uioverrides.QuickstepLauncher (server),reason=setFocusedWindow]
11-04 01:49:30.704 1474 2005 I input_focus: [Focus entering 4d6f832 NotificationShade (server),reason=setFocusedWindow]
11-04 01:49:30.706 1474 2005 I input_interaction: Interaction with: c2f885b com.android.launcher3/com.android.launcher3.uioverrides.QuickstepLauncher (server), 6b99821 com.android.systemui.ImageWallpaper (server), 4d6f832 NotificationShade (server), edge-swipe (server), swipe-up (server), PointerEventDispatcher0 (server),
11-04 01:49:30.707 2809 2809 I view_enqueue_input_event: [Motion - Cancel,com.android.launcher3/com.android.launcher3.uioverrides.QuickstepLauncher]
11-04 01:49:30.713 2358 2358 I sysui_multi_action: [757,803,799,panel_open,802,1]
11-04 01:49:30.714 2358 2358 I sysui_multi_action: [757,1328,758,4,1326,61,1327,67,1329,0]
11-04 01:49:30.718 1474 2005 I input_interaction: Interaction with: 6b99821 com.android.systemui.ImageWallpaper (server), 4d6f832 NotificationShade (server), edge-swipe (server), swipe-up (server), PointerEventDispatcher0 (server),
11-04 01:49:30.733 1474 1474 I notification_enqueue: [10081,2358,com.android.systemui,2048,NULL,0,Notification(channel=updateNotification shortcut=null contentView=null vibrate=null sound=null defaults=0x0 flags=0x0 color=0x00000000 vis=PRIVATE),1]
11-04 01:49:30.734 2358 2358 I sysui_multi_action: [757,111,758,2]
11-04 01:49:30.734 2358 2358 I sysui_multi_action: [757,111,758,2]
11-04 01:49:30.744 2358 2358 I sysui_multi_action: [757,111,758,1]
11-04 01:49:30.745 2358 2358 I sysui_multi_action: [757,126,758,1,759,126,927,0,928,0,1593,0]
11-04 01:49:30.745 2358 2358 I sysui_multi_action: [757,113,758,1,759,113,927,1,928,1,1593,0]
11-04 01:49:30.745 2358 2358 I sysui_multi_action: [757,0,758,1,759,0,927,2,928,0,1593,0]
11-04 01:49:30.745 2358 2358 I sysui_multi_action: [757,0,758,1,759,0,927,3,928,1,1593,0]
11-04 01:49:30.746 2358 2358 I sysui_multi_action: [757,491,758,1,759,491,927,4,928,0,1311,-1,1593,0]
11-04 01:49:30.746 2358 2358 I sysui_multi_action: [757,0,758,1,759,0,927,5,928,0,1593,0]
11-04 01:49:30.746 2358 2358 I sysui_multi_action: [757,111,758,1]
11-04 01:49:30.746 2358 2358 I sysui_multi_action: [757,126,758,1,759,126,927,0,928,0,1593,0]
11-04 01:49:30.746 2358 2358 I sysui_multi_action: [757,113,758,1,759,113,927,1,928,1,1593,0]
11-04 01:49:30.746 2358 2358 I sysui_multi_action: [757,0,758,1,759,0,927,2,928,0,1593,0]
11-04 01:49:30.747 2358 2358 I sysui_multi_action: [757,0,758,1,759,0,927,3,928,1,1593,0]
11-04 01:49:30.769 2358 2358 I sysui_multi_action: [757,111,758,2]
11-04 01:49:30.769 2358 2358 I sysui_multi_action: [757,111,758,2]
11-04 01:49:30.770 1474 1474 I notification_enqueue: [10081,2358,com.android.systemui,2048,NULL,0,Notification(channel=updateNotification shortcut=null contentView=null vibrate=null sound=null defaults=0x0 flags=0x0 color=0x00000000 vis=PRIVATE),1]
11-04 01:49:30.777 2358 2358 I sysui_multi_action: [757,111,758,1]
11-04 01:49:30.777 2358 2358 I sysui_multi_action: [757,126,758,1,759,126,927,0,928,0,1593,0]
11-04 01:49:30.778 2358 2358 I sysui_multi_action: [757,113,758,1,759,113,927,1,928,1,1593,0]
11-04 01:49:30.778 2358 2358 I sysui_multi_action: [757,0,758,1,759,0,927,2,928,0,1593,0]
11-04 01:49:30.778 2358 2358 I sysui_multi_action: [757,0,758,1,759,0,927,3,928,1,1593,0]
11-04 01:49:30.778 2358 2358 I sysui_multi_action: [757,491,758,1,759,491,927,4,928,0,1311,-1,1593,0]
11-04 01:49:30.778 2358 2358 I sysui_multi_action: [757,0,758,1,759,0,927,5,928,0,1593,0]
11-04 01:49:30.778 2358 2358 I sysui_multi_action: [757,111,758,1]
11-04 01:49:30.778 2358 2358 I sysui_multi_action: [757,126,758,1,759,126,927,0,928,0,1593,0]
11-04 01:49:30.778 2358 2358 I sysui_multi_action: [757,113,758,1,759,113,927,1,928,1,1593,0]
11-04 01:49:30.778 2358 2358 I sysui_multi_action: [757,0,758,1,759,0,927,2,928,0,1593,0]
11-04 01:49:30.778 2358 2358 I sysui_multi_action: [757,0,758,1,759,0,927,3,928,1,1593,0]
11-04 01:49:30.797 2358 2358 I sysui_multi_action: [757,111,758,2]
11-04 01:49:30.797 1474 1474 I notification_enqueue: [10081,2358,com.android.systemui,2048,NULL,0,Notification(channel=updateNotification shortcut=null contentView=null vibrate=null sound=null defaults=0x0 flags=0x0 color=0x00000000 vis=PRIVATE),1]
11-04 01:49:30.797 2358 2358 I sysui_multi_action: [757,111,758,2]
11-04 01:49:30.803 2358 2358 I sysui_multi_action: [757,111,758,1]
11-04 01:49:30.803 2358 2358 I sysui_multi_action: [757,126,758,1,759,126,927,0,928,0,1593,0]
11-04 01:49:30.803 2358 2358 I sysui_multi_action: [757,113,758,1,759,113,927,1,928,1,1593,0]
11-04 01:49:30.803 2358 2358 I sysui_multi_action: [757,0,758,1,759,0,927,2,928,0,1593,0]
11-04 01:49:30.803 2358 2358 I sysui_multi_action: [757,0,758,1,759,0,927,3,928,1,1593,0]
11-04 01:49:30.803 2358 2358 I sysui_multi_action: [757,491,758,1,759,491,927,4,928,0,1311,-1,1593,0]
11-04 01:49:30.803 2358 2358 I sysui_multi_action: [757,0,758,1,759,0,927,5,928,0,1593,0]
11-04 01:49:30.803 2358 2358 I sysui_multi_action: [757,111,758,1]
11-04 01:49:30.803 2358 2358 I sysui_multi_action: [757,126,758,1,759,126,927,0,928,0,1593,0]
11-04 01:49:30.804 2358 2358 I sysui_multi_action: [757,113,758,1,759,113,927,1,928,1,1593,0]
11-04 01:49:30.804 2358 2358 I sysui_multi_action: [757,0,758,1,759,0,927,2,928,0,1593,0]
11-04 01:49:30.804 2358 2358 I sysui_multi_action: [757,0,758,1,759,0,927,3,928,1,1593,0]
11-04 01:49:30.820 2358 2358 I sysui_multi_action: [757,111,758,2]
11-04 01:49:30.820 2358 2358 I sysui_multi_action: [757,111,758,2]
11-04 01:49:30.821 1474 1474 I notification_enqueue: [10081,2358,com.android.systemui,2048,NULL,0,Notification(channel=updateNotification shortcut=null contentView=null vibrate=null sound=null defaults=0x0 flags=0x0 color=0x00000000 vis=PRIVATE),1]
11-04 01:49:30.825 2358 2358 I sysui_multi_action: [757,111,758,1]
11-04 01:49:30.825 2358 2358 I sysui_multi_action: [757,126,758,1,759,126,927,0,928,0,1593,0]
11-04 01:49:30.825 2358 2358 I sysui_multi_action: [757,113,758,1,759,113,927,1,928,1,1593,0]
11-04 01:49:30.825 2358 2358 I sysui_multi_action: [757,0,758,1,759,0,927,2,928,0,1593,0]
11-04 01:49:30.825 2358 2358 I sysui_multi_action: [757,0,758,1,759,0,927,3,928,1,1593,0]
11-04 01:49:30.825 2358 2358 I sysui_multi_action: [757,491,758,1,759,491,927,4,928,0,1311,-1,1593,0]
11-04 01:49:30.825 2358 2358 I sysui_multi_action: [757,0,758,1,759,0,927,5,928,0,1593,0]
11-04 01:49:30.826 2358 2358 I sysui_multi_action: [757,111,758,1]
11-04 01:49:30.826 2358 2358 I sysui_multi_action: [757,126,758,1,759,126,927,0,928,0,1593,0]
11-04 01:49:30.826 2358 2358 I sysui_multi_action: [757,113,758,1,759,113,927,1,928,1,1593,0]
11-04 01:49:30.826 2358 2358 I sysui_multi_action: [757,0,758,1,759,0,927,2,928,0,1593,0]
11-04 01:49:30.826 2358 2358 I sysui_multi_action: [757,0,758,1,759,0,927,3,928,1,1593,0]
11-04 01:49:30.839 2358 2358 I sysui_multi_action: [757,111,758,2]
11-04 01:49:30.839 2358 2358 I sysui_multi_action: [757,111,758,2]
11-04 01:49:30.842 1474 1474 I notification_enqueue: [10081,2358,com.android.systemui,2048,NULL,0,Notification(channel=updateNotification shortcut=null contentView=null vibrate=null sound=null defaults=0x0 flags=0x0 color=0x00000000 vis=PRIVATE),1]
11-04 01:49:30.843 2358 2358 I sysui_multi_action: [757,111,758,1]
11-04 01:49:30.843 2358 2358 I sysui_multi_action: [757,126,758,1,759,126,927,0,928,0,1593,0]
11-04 01:49:30.843 2358 2358 I sysui_multi_action: [757,113,758,1,759,113,927,1,928,1,1593,0]
11-04 01:49:30.843 2358 2358 I sysui_multi_action: [757,0,758,1,759,0,927,2,928,0,1593,0]
11-04 01:49:30.843 2358 2358 I sysui_multi_action: [757,0,758,1,759,0,927,3,928,1,1593,0]
11-04 01:49:30.844 2358 2358 I sysui_multi_action: [757,491,758,1,759,491,927,4,928,0,1311,-1,1593,0]
11-04 01:49:30.844 2358 2358 I sysui_multi_action: [757,0,758,1,759,0,927,5,928,0,1593,0]
11-04 01:49:30.844 2358 2358 I sysui_multi_action: [757,111,758,1]
11-04 01:49:30.844 2358 2358 I sysui_multi_action: [757,126,758,1,759,126,927,0,928,0,1593,0]
11-04 01:49:30.844 2358 2358 I sysui_multi_action: [757,113,758,1,759,113,927,1,928,1,1593,0]
11-04 01:49:30.844 2358 2358 I sysui_multi_action: [757,0,758,1,759,0,927,2,928,0,1593,0]
11-04 01:49:30.844 2358 2358 I sysui_multi_action: [757,0,758,1,759,0,927,3,928,1,1593,0]
11-04 01:49:30.856 2358 2358 I sysui_multi_action: [757,111,758,2]
11-04 01:49:30.856 1474 1474 I notification_enqueue: [10081,2358,com.android.systemui,2048,NULL,0,Notification(channel=updateNotification shortcut=null contentView=null vibrate=null sound=null defaults=0x0 flags=0x0 color=0x00000000 vis=PRIVATE),1]
11-04 01:49:30.856 2358 2358 I sysui_multi_action: [757,111,758,2]
11-04 01:49:30.861 2358 2358 I sysui_multi_action: [757,111,758,1]
11-04 01:49:30.861 2358 2358 I sysui_multi_action: [757,126,758,1,759,126,927,0,928,0,1593,0]
11-04 01:49:30.861 2358 2358 I sysui_multi_action: [757,113,758,1,759,113,927,1,928,1,1593,0]
11-04 01:49:30.861 2358 2358 I sysui_multi_action: [757,0,758,1,759,0,927,2,928,0,1593,0]
11-04 01:49:30.861 2358 2358 I sysui_multi_action: [757,0,758,1,759,0,927,3,928,1,1593,0]
11-04 01:49:30.861 2358 2358 I sysui_multi_action: [757,491,758,1,759,491,927,4,928,0,1311,-1,1593,0]
11-04 01:49:30.861 2358 2358 I sysui_multi_action: [757,0,758,1,759,0,927,5,928,0,1593,0]
11-04 01:49:30.861 2358 2358 I sysui_multi_action: [757,111,758,1]
11-04 01:49:30.861 2358 2358 I sysui_multi_action: [757,126,758,1,759,126,927,0,928,0,1593,0]
11-04 01:49:30.861 2358 2358 I sysui_multi_action: [757,113,758,1,759,113,927,1,928,1,1593,0]
11-04 01:49:30.861 2358 2358 I sysui_multi_action: [757,0,758,1,759,0,927,2,928,0,1593,0]
11-04 01:49:30.861 2358 2358 I sysui_multi_action: [757,0,758,1,759,0,927,3,928,1,1593,0]
11-04 01:49:30.875 2358 2358 I sysui_multi_action: [757,111,758,2]
11-04 01:49:30.875 2358 2358 I sysui_multi_action: [757,111,758,2]
11-04 01:49:30.875 1474 1474 I notification_enqueue: [10081,2358,com.android.systemui,2048,NULL,0,Notification(channel=updateNotification shortcut=null contentView=null vibrate=null sound=null defaults=0x0 flags=0x0 color=0x00000000 vis=PRIVATE),1]
11-04 01:49:30.879 2358 2358 I sysui_multi_action: [757,111,758,1]
11-04 01:49:30.879 2358 2358 I sysui_multi_action: [757,126,758,1,759,126,927,0,928,0,1593,0]
11-04 01:49:30.879 2358 2358 I sysui_multi_action: [757,113,758,1,759,113,927,1,928,1,1593,0]
11-04 01:49:30.879 2358 2358 I sysui_multi_action: [757,0,758,1,759,0,927,2,928,0,1593,0]
11-04 01:49:30.879 2358 2358 I sysui_multi_action: [757,0,758,1,759,0,927,3,928,1,1593,0]
11-04 01:49:30.880 2358 2358 I sysui_multi_action: [757,491,758,1,759,491,927,4,928,0,1311,-1,1593,0]
11-04 01:49:30.880 2358 2358 I sysui_multi_action: [757,0,758,1,759,0,927,5,928,0,1593,0]
11-04 01:49:30.880 2358 2358 I sysui_multi_action: [757,111,758,1]
11-04 01:49:30.880 2358 2358 I sysui_multi_action: [757,126,758,1,759,126,927,0,928,0,1593,0]
11-04 01:49:30.880 2358 2358 I sysui_multi_action: [757,113,758,1,759,113,927,1,928,1,1593,0]
11-04 01:49:30.880 2358 2358 I sysui_multi_action: [757,0,758,1,759,0,927,2,928,0,1593,0]
11-04 01:49:30.880 2358 2358 I sysui_multi_action: [757,0,758,1,759,0,927,3,928,1,1593,0]
11-04 01:49:30.893 2358 2358 I sysui_multi_action: [757,111,758,2]
11-04 01:49:30.893 2358 2358 I sysui_multi_action: [757,111,758,2]
11-04 01:49:30.894 1474 1474 I notification_enqueue: [10081,2358,com.android.systemui,2048,NULL,0,Notification(channel=updateNotification shortcut=null contentView=null vibrate=null sound=null defaults=0x0 flags=0x0 color=0x00000000 vis=PRIVATE),1]
11-04 01:49:30.897 2358 2358 I sysui_multi_action: [757,111,758,1]
11-04 01:49:30.897 2358 2358 I sysui_multi_action: [757,126,758,1,759,126,927,0,928,0,1593,0]
11-04 01:49:30.897 2358 2358 I sysui_multi_action: [757,113,758,1,759,113,927,1,928,1,1593,0]
11-04 01:49:30.897 2358 2358 I sysui_multi_action: [757,0,758,1,759,0,927,2,928,0,1593,0]
11-04 01:49:30.897 2358 2358 I sysui_multi_action: [757,0,758,1,759,0,927,3,928,1,1593,0]
11-04 01:49:30.897 2358 2358 I sysui_multi_action: [757,491,758,1,759,491,927,4,928,0,1311,-1,1593,0]
11-04 01:49:30.897 2358 2358 I sysui_multi_action: [757,0,758,1,759,0,927,5,928,0,1593,0]
11-04 01:49:30.898 2358 2358 I sysui_multi_action: [757,111,758,1]
11-04 01:49:30.898 2358 2358 I sysui_multi_action: [757,126,758,1,759,126,927,0,928,0,1593,0]
11-04 01:49:30.898 2358 2358 I sysui_multi_action: [757,113,758,1,759,113,927,1,928,1,1593,0]
11-04 01:49:30.898 2358 2358 I sysui_multi_action: [757,0,758,1,759,0,927,2,928,0,1593,0]
11-04 01:49:30.898 2358 2358 I sysui_multi_action: [757,0,758,1,759,0,927,3,928,1,1593,0]
11-04 01:49:30.909 2358 2358 I sysui_multi_action: [757,111,758,2]
11-04 01:49:30.909 1474 1474 I notification_enqueue: [10081,2358,com.android.systemui,2048,NULL,0,Notification(channel=updateNotification shortcut=null contentView=null vibrate=null sound=null defaults=0x0 flags=0x0 color=0x00000000 vis=PRIVATE),1]
11-04 01:49:30.909 2358 2358 I sysui_multi_action: [757,111,758,2]
11-04 01:49:30.917 1474 1645 I input_focus: [Focus request c2f885b com.android.launcher3/com.android.launcher3.uioverrides.QuickstepLauncher,reason=UpdateInputWindows]
11-04 01:49:30.921 2358 2358 I sysui_multi_action: [757,111,758,1]
11-04 01:49:30.921 2358 2358 I sysui_multi_action: [757,126,758,1,759,126,927,0,928,0,1593,0]
11-04 01:49:30.921 2358 2358 I sysui_multi_action: [757,113,758,1,759,113,927,1,928,1,1593,0]
11-04 01:49:30.921 2358 2358 I sysui_multi_action: [757,0,758,1,759,0,927,2,928,0,1593,0]
11-04 01:49:30.921 2358 2358 I sysui_multi_action: [757,0,758,1,759,0,927,3,928,1,1593,0]
11-04 01:49:30.921 2358 2358 I sysui_multi_action: [757,491,758,1,759,491,927,4,928,0,1311,-1,1593,0]
11-04 01:49:30.921 2358 2358 I sysui_multi_action: [757,0,758,1,759,0,927,5,928,0,1593,0]
11-04 01:49:30.921 2358 2358 I sysui_multi_action: [757,111,758,1]
11-04 01:49:30.921 2358 2358 I sysui_multi_action: [757,126,758,1,759,126,927,0,928,0,1593,0]
11-04 01:49:30.921 2358 2358 I sysui_multi_action: [757,113,758,1,759,113,927,1,928,1,1593,0]
11-04 01:49:30.921 2358 2358 I sysui_multi_action: [757,0,758,1,759,0,927,2,928,0,1593,0]
11-04 01:49:30.921 2358 2358 I sysui_multi_action: [757,0,758,1,759,0,927,3,928,1,1593,0]
11-04 01:49:30.932 2358 2358 I sysui_multi_action: [757,111,758,2]
11-04 01:49:30.932 1474 1474 I notification_enqueue: [10081,2358,com.android.systemui,2048,NULL,0,Notification(channel=updateNotification shortcut=null contentView=null vibrate=null sound=null defaults=0x0 flags=0x0 color=0x00000000 vis=PRIVATE),1]
11-04 01:49:30.932 2358 2358 I sysui_multi_action: [757,111,758,2]
11-04 01:49:30.937 2358 2358 I sysui_multi_action: [757,111,758,1]
11-04 01:49:30.937 2358 2358 I sysui_multi_action: [757,126,758,1,759,126,927,0,928,0,1593,0]
11-04 01:49:30.937 2358 2358 I sysui_multi_action: [757,113,758,1,759,113,927,1,928,1,1593,0]
11-04 01:49:30.937 2358 2358 I sysui_multi_action: [757,0,758,1,759,0,927,2,928,0,1593,0]
11-04 01:49:30.937 2358 2358 I sysui_multi_action: [757,0,758,1,759,0,927,3,928,1,1593,0]
11-04 01:49:30.937 2358 2358 I sysui_multi_action: [757,491,758,1,759,491,927,4,928,0,1311,-1,1593,0]
11-04 01:49:30.937 2358 2358 I sysui_multi_action: [757,0,758,1,759,0,927,5,928,0,1593,0]
11-04 01:49:30.937 2358 2358 I sysui_multi_action: [757,111,758,1]
11-04 01:49:30.937 2358 2358 I sysui_multi_action: [757,126,758,1,759,126,927,0,928,0,1593,0]
11-04 01:49:30.937 2358 2358 I sysui_multi_action: [757,113,758,1,759,113,927,1,928,1,1593,0]
11-04 01:49:30.937 2358 2358 I sysui_multi_action: [757,0,758,1,759,0,927,2,928,0,1593,0]
11-04 01:49:30.937 2358 2358 I sysui_multi_action: [757,0,758,1,759,0,927,3,928,1,1593,0]
11-04 01:49:30.938 1474 2005 I input_focus: [Focus leaving 4d6f832 NotificationShade (server),reason=NOT_FOCUSABLE]
11-04 01:49:30.938 1474 2005 I input_focus: [Focus entering c2f885b com.android.launcher3/com.android.launcher3.uioverrides.QuickstepLauncher (server),reason=setFocusedWindow]
11-04 01:49:30.947 2358 2358 I sysui_multi_action: [757,111,758,2]
11-04 01:49:30.947 1474 1474 I notification_enqueue: [10081,2358,com.android.systemui,2048,NULL,0,Notification(channel=updateNotification shortcut=null contentView=null vibrate=null sound=null defaults=0x0 flags=0x0 color=0x00000000 vis=PRIVATE),1]
11-04 01:49:30.947 2358 2358 I sysui_multi_action: [757,111,758,2]
11-04 01:49:30.961 2358 2358 I sysui_multi_action: [757,111,758,1]
11-04 01:49:30.961 2358 2358 I sysui_multi_action: [757,126,758,1,759,126,927,0,928,0,1593,0]
11-04 01:49:30.961 2358 2358 I sysui_multi_action: [757,113,758,1,759,113,927,1,928,1,1593,0]
11-04 01:49:30.961 2358 2358 I sysui_multi_action: [757,0,758,1,759,0,927,2,928,0,1593,0]
11-04 01:49:30.961 2358 2358 I sysui_multi_action: [757,0,758,1,759,0,927,3,928,1,1593,0]
11-04 01:49:30.961 2358 2358 I sysui_multi_action: [757,491,758,1,759,491,927,4,928,0,1311,-1,1593,0]
11-04 01:49:30.962 2358 2358 I sysui_multi_action: [757,0,758,1,759,0,927,5,928,0,1593,0]
11-04 01:49:30.962 2358 2358 I sysui_multi_action: [757,111,758,1]
11-04 01:49:30.962 2358 2358 I sysui_multi_action: [757,126,758,1,759,126,927,0,928,0,1593,0]
11-04 01:49:30.962 2358 2358 I sysui_multi_action: [757,113,758,1,759,113,927,1,928,1,1593,0]
11-04 01:49:30.963 2358 2358 I sysui_multi_action: [757,0,758,1,759,0,927,2,928,0,1593,0]
11-04 01:49:30.963 2358 2358 I sysui_multi_action: [757,0,758,1,759,0,927,3,928,1,1593,0]
11-04 01:49:30.971 2358 2358 I sysui_multi_action: [757,111,758,2]
11-04 01:49:30.971 2358 2358 I sysui_multi_action: [757,111,758,2]
11-04 01:49:30.973 1474 1474 I notification_enqueue: [10081,2358,com.android.systemui,2048,NULL,0,Notification(channel=updateNotification shortcut=null contentView=null vibrate=null sound=null defaults=0x0 flags=0x0 color=0x00000000 vis=PRIVATE),1]
11-04 01:49:30.974 1474 2429 I sysui_multi_action: [757,127,758,2]
11-04 01:49:30.974 1474 2429 I notification_panel_hidden:
11-04 01:49:30.990 2358 2358 I sysui_multi_action: [757,111,758,1]
11-04 01:49:30.990 2358 2358 I sysui_multi_action: [757,126,758,1,759,126,927,0,928,0,1593,0]
11-04 01:49:30.990 2358 2358 I sysui_multi_action: [757,113,758,1,759,113,927,1,928,1,1593,0]
11-04 01:49:30.990 2358 2358 I sysui_multi_action: [757,0,758,1,759,0,927,2,928,0,1593,0]
11-04 01:49:30.990 2358 2358 I sysui_multi_action: [757,0,758,1,759,0,927,3,928,1,1593,0]
11-04 01:49:30.990 2358 2358 I sysui_multi_action: [757,491,758,1,759,491,927,4,928,0,1311,-1,1593,0]
11-04 01:49:30.990 2358 2358 I sysui_multi_action: [757,0,758,1,759,0,927,5,928,0,1593,0]
11-04 01:49:30.990 2358 2358 I sysui_multi_action: [757,111,758,1]
11-04 01:49:30.990 2358 2358 I sysui_multi_action: [757,126,758,1,759,126,927,0,928,0,1593,0]
11-04 01:49:30.990 2358 2358 I sysui_multi_action: [757,113,758,1,759,113,927,1,928,1,1593,0]
11-04 01:49:30.991 2358 2358 I sysui_multi_action: [757,0,758,1,759,0,927,2,928,0,1593,0]
11-04 01:49:30.991 2358 2358 I sysui_multi_action: [757,0,758,1,759,0,927,3,928,1,1593,0]
11-04 01:49:31.181 1474 1655 I am_uid_idle: 10084
11-04 01:49:31.196 1474 2005 I input_interaction: Interaction with: c2f885b com.android.launcher3/com.android.launcher3.uioverrides.QuickstepLauncher (server), 6b99821 com.android.systemui.ImageWallpaper (server), edge-swipe (server), swipe-up (server), PointerEventDispatcher0 (server),
11-04 01:49:31.203 503 503 I auditd : avc: denied { find } for pid=1187 uid=1013 name=package_native scontext=u:r:mediaserver:s0 tcontext=u:object_r:package_native_service:s0 tclass=service_manager permissive=0
11-04 01:49:31.204 503 503 I auditd : avc: denied { find } for pid=1187 uid=1013 name=package_native scontext=u:r:mediaserver:s0 tcontext=u:object_r:package_native_service:s0 tclass=service_manager permissive=0
11-04 01:49:31.263 1474 1796 I sysui_multi_action: [757,856,758,1,806,com.android.systemui,857,screen_record,858,3]
11-04 01:49:31.272 1474 1474 I notification_enqueue: [10081,2358,com.android.systemui,4274,NULL,0,Notification(channel=screen_record shortcut=null contentView=null vibrate=null sound=null defaults=0x0 flags=0x42 color=0xffc5221f actions=1 vis=PRIVATE),0]
11-04 01:49:31.278 1474 1642 I sysui_multi_action: [757,1659,758,4,759,2,1660,2]
11-04 01:49:31.335 1474 1744 I commit_sys_config_file: [settings-1-0,5]
11-04 01:49:31.473 1474 1474 I sysui_multi_action: [757,1501,758,1,793,206,794,0,795,206,796,4274,806,com.android.systemui,857,screen_record,858,3,947,0,1500,0,1688,1]
11-04 01:49:31.474 1474 1474 I sysui_multi_action: [757,804,799,note_interruptive,801,0,802,1]
11-04 01:49:31.510 1474 1744 I commit_sys_config_file: [settings-2-0,4]
11-04 01:49:31.518 1474 1643 I commit_sys_config_file: [notification-policy,513545]
11-04 01:49:32.438 1474 2005 I input_interaction: Interaction with: 823cadf StatusBar (server), edge-swipe (server), swipe-up (server), PointerEventDispatcher0 (server),
11-04 01:49:32.446 2358 2358 I sysui_multi_action: [757,803,799,panel_open,802,1]
11-04 01:49:32.448 2358 2358 I sysui_multi_action: [757,1328,758,4,1326,63,1327,1,1329,0]
11-04 01:49:32.617 1474 5415 I sysui_multi_action: [757,127,758,1]
11-04 01:49:32.618 1474 5415 I sysui_multi_action: [757,804,799,note_load,801,3,802,1]
11-04 01:49:32.618 1474 5415 I notification_panel_revealed: 3
11-04 01:49:32.624 1474 1474 I notification_enqueue: [10081,2358,com.android.systemui,2048,NULL,0,Notification(channel=updateNotification shortcut=null contentView=null vibrate=null sound=null defaults=0x0 flags=0x0 color=0x00000000 vis=PRIVATE),1]
11-04 01:49:32.625 2358 2358 I sysui_multi_action: [757,111,758,2]
11-04 01:49:32.626 2358 2358 I sysui_multi_action: [757,111,758,2]
11-04 01:49:32.648 1474 1645 I input_focus: [Focus request 4d6f832 NotificationShade,reason=UpdateInputWindows]
11-04 01:49:32.651 2358 2358 I sysui_multi_action: [757,111,758,1]
11-04 01:49:32.651 2358 2358 I sysui_multi_action: [757,126,758,1,759,126,927,0,928,0,1593,0]
11-04 01:49:32.652 2358 2358 I sysui_multi_action: [757,113,758,1,759,113,927,1,928,1,1593,0]
11-04 01:49:32.652 2358 2358 I sysui_multi_action: [757,0,758,1,759,0,927,2,928,0,1593,0]
11-04 01:49:32.652 2358 2358 I sysui_multi_action: [757,0,758,1,759,0,927,3,928,1,1593,0]
11-04 01:49:32.652 2358 2358 I sysui_multi_action: [757,491,758,1,759,491,927,4,928,0,1311,-1,1593,0]
11-04 01:49:32.653 2358 2358 I sysui_multi_action: [757,0,758,1,759,0,927,5,928,0,1593,0]
11-04 01:49:32.653 2358 2358 I sysui_multi_action: [757,114,758,1,759,114,927,6,928,1,1593,0]
11-04 01:49:32.653 2358 2358 I sysui_multi_action: [757,111,758,1]
11-04 01:49:32.653 2358 2358 I sysui_multi_action: [757,126,758,1,759,126,927,0,928,0,1593,0]
11-04 01:49:32.653 2358 2358 I sysui_multi_action: [757,113,758,1,759,113,927,1,928,1,1593,0]
11-04 01:49:32.653 2358 2358 I sysui_multi_action: [757,0,758,1,759,0,927,2,928,0,1593,0]
11-04 01:49:32.653 2358 2358 I sysui_multi_action: [757,0,758,1,759,0,927,3,928,1,1593,0]
11-04 01:49:32.680 2358 2358 I sysui_multi_action: [757,111,758,2]
11-04 01:49:32.680 1474 1474 I notification_enqueue: [10081,2358,com.android.systemui,2048,NULL,0,Notification(channel=updateNotification shortcut=null contentView=null vibrate=null sound=null defaults=0x0 flags=0x0 color=0x00000000 vis=PRIVATE),1]
11-04 01:49:32.680 2358 2358 I sysui_multi_action: [757,111,758,2]
11-04 01:49:32.687 1474 2005 I input_focus: [Focus leaving c2f885b com.android.launcher3/com.android.launcher3.uioverrides.QuickstepLauncher (server),reason=setFocusedWindow]
11-04 01:49:32.687 1474 2005 I input_focus: [Focus entering 4d6f832 NotificationShade (server),reason=setFocusedWindow]
11-04 01:49:32.689 2358 2358 I sysui_multi_action: [757,111,758,1]
11-04 01:49:32.689 2358 2358 I sysui_multi_action: [757,126,758,1,759,126,927,0,928,0,1593,0]
11-04 01:49:32.689 2358 2358 I sysui_multi_action: [757,113,758,1,759,113,927,1,928,1,1593,0]
11-04 01:49:32.689 2358 2358 I sysui_multi_action: [757,0,758,1,759,0,927,2,928,0,1593,0]
11-04 01:49:32.689 2358 2358 I sysui_multi_action: [757,0,758,1,759,0,927,3,928,1,1593,0]
11-04 01:49:32.689 2358 2358 I sysui_multi_action: [757,491,758,1,759,491,927,4,928,0,1311,-1,1593,0]
11-04 01:49:32.689 2358 2358 I sysui_multi_action: [757,0,758,1,759,0,927,5,928,0,1593,0]
11-04 01:49:32.690 2358 2358 I sysui_multi_action: [757,114,758,1,759,114,927,6,928,1,1593,0]
11-04 01:49:32.690 2358 2358 I sysui_multi_action: [757,111,758,1]
11-04 01:49:32.690 2358 2358 I sysui_multi_action: [757,126,758,1,759,126,927,0,928,0,1593,0]
11-04 01:49:32.690 2358 2358 I sysui_multi_action: [757,113,758,1,759,113,927,1,928,1,1593,0]
11-04 01:49:32.690 2358 2358 I sysui_multi_action: [757,0,758,1,759,0,927,2,928,0,1593,0]
11-04 01:49:32.690 2358 2358 I sysui_multi_action: [757,0,758,1,759,0,927,3,928,1,1593,0]
11-04 01:49:32.714 2358 2358 I sysui_multi_action: [757,111,758,2]
11-04 01:49:32.714 1474 1474 I notification_enqueue: [10081,2358,com.android.systemui,2048,NULL,0,Notification(channel=updateNotification shortcut=null contentView=null vibrate=null sound=null defaults=0x0 flags=0x0 color=0x00000000 vis=PRIVATE),1]
11-04 01:49:32.714 2358 2358 I sysui_multi_action: [757,111,758,2]
11-04 01:49:32.723 2358 2358 I sysui_multi_action: [757,111,758,1]
11-04 01:49:32.723 2358 2358 I sysui_multi_action: [757,126,758,1,759,126,927,0,928,0,1593,0]
11-04 01:49:32.723 2358 2358 I sysui_multi_action: [757,113,758,1,759,113,927,1,928,1,1593,0]
11-04 01:49:32.723 2358 2358 I sysui_multi_action: [757,0,758,1,759,0,927,2,928,0,1593,0]
11-04 01:49:32.723 2358 2358 I sysui_multi_action: [757,0,758,1,759,0,927,3,928,1,1593,0]
11-04 01:49:32.724 2358 2358 I sysui_multi_action: [757,491,758,1,759,491,927,4,928,0,1311,-1,1593,0]
11-04 01:49:32.724 2358 2358 I sysui_multi_action: [757,0,758,1,759,0,927,5,928,0,1593,0]
11-04 01:49:32.724 2358 2358 I sysui_multi_action: [757,114,758,1,759,114,927,6,928,1,1593,0]
11-04 01:49:32.724 2358 2358 I sysui_multi_action: [757,111,758,1]
11-04 01:49:32.724 2358 2358 I sysui_multi_action: [757,126,758,1,759,126,927,0,928,0,1593,0]
11-04 01:49:32.724 2358 2358 I sysui_multi_action: [757,113,758,1,759,113,927,1,928,1,1593,0]
11-04 01:49:32.724 2358 2358 I sysui_multi_action: [757,0,758,1,759,0,927,2,928,0,1593,0]
11-04 01:49:32.724 2358 2358 I sysui_multi_action: [757,0,758,1,759,0,927,3,928,1,1593,0]
11-04 01:49:32.744 2358 2358 I sysui_multi_action: [757,111,758,2]
11-04 01:49:32.744 1474 1474 I notification_enqueue: [10081,2358,com.android.systemui,2048,NULL,0,Notification(channel=updateNotification shortcut=null contentView=null vibrate=null sound=null defaults=0x0 flags=0x0 color=0x00000000 vis=PRIVATE),1]
11-04 01:49:32.745 2358 2358 I sysui_multi_action: [757,111,758,2]
11-04 01:49:32.750 2358 2358 I sysui_multi_action: [757,111,758,1]
11-04 01:49:32.750 2358 2358 I sysui_multi_action: [757,126,758,1,759,126,927,0,928,0,1593,0]
11-04 01:49:32.750 2358 2358 I sysui_multi_action: [757,113,758,1,759,113,927,1,928,1,1593,0]
11-04 01:49:32.750 2358 2358 I sysui_multi_action: [757,0,758,1,759,0,927,2,928,0,1593,0]
11-04 01:49:32.750 2358 2358 I sysui_multi_action: [757,0,758,1,759,0,927,3,928,1,1593,0]
11-04 01:49:32.750 2358 2358 I sysui_multi_action: [757,491,758,1,759,491,927,4,928,0,1311,-1,1593,0]
11-04 01:49:32.750 2358 2358 I sysui_multi_action: [757,0,758,1,759,0,927,5,928,0,1593,0]
11-04 01:49:32.751 2358 2358 I sysui_multi_action: [757,114,758,1,759,114,927,6,928,1,1593,0]
11-04 01:49:32.751 2358 2358 I sysui_multi_action: [757,111,758,1]
11-04 01:49:32.751 2358 2358 I sysui_multi_action: [757,126,758,1,759,126,927,0,928,0,1593,0]
11-04 01:49:32.751 2358 2358 I sysui_multi_action: [757,113,758,1,759,113,927,1,928,1,1593,0]
11-04 01:49:32.751 2358 2358 I sysui_multi_action: [757,0,758,1,759,0,927,2,928,0,1593,0]
11-04 01:49:32.751 2358 2358 I sysui_multi_action: [757,0,758,1,759,0,927,3,928,1,1593,0]
11-04 01:49:32.766 2358 2358 I sysui_multi_action: [757,111,758,2]
11-04 01:49:32.766 2358 2358 I sysui_multi_action: [757,111,758,2]
11-04 01:49:32.768 1474 1474 I notification_enqueue: [10081,2358,com.android.systemui,2048,NULL,0,Notification(channel=updateNotification shortcut=null contentView=null vibrate=null sound=null defaults=0x0 flags=0x0 color=0x00000000 vis=PRIVATE),1]
11-04 01:49:32.777 2358 2358 I sysui_multi_action: [757,111,758,1]
11-04 01:49:32.777 2358 2358 I sysui_multi_action: [757,126,758,1,759,126,927,0,928,0,1593,0]
11-04 01:49:32.777 2358 2358 I sysui_multi_action: [757,113,758,1,759,113,927,1,928,1,1593,0]
11-04 01:49:32.777 2358 2358 I sysui_multi_action: [757,0,758,1,759,0,927,2,928,0,1593,0]
11-04 01:49:32.777 2358 2358 I sysui_multi_action: [757,0,758,1,759,0,927,3,928,1,1593,0]
11-04 01:49:32.777 2358 2358 I sysui_multi_action: [757,491,758,1,759,491,927,4,928,0,1311,-1,1593,0]
11-04 01:49:32.777 2358 2358 I sysui_multi_action: [757,0,758,1,759,0,927,5,928,0,1593,0]
11-04 01:49:32.777 2358 2358 I sysui_multi_action: [757,114,758,1,759,114,927,6,928,1,1593,0]
11-04 01:49:32.777 2358 2358 I sysui_multi_action: [757,111,758,1]
11-04 01:49:32.777 2358 2358 I sysui_multi_action: [757,126,758,1,759,126,927,0,928,0,1593,0]
11-04 01:49:32.778 2358 2358 I sysui_multi_action: [757,113,758,1,759,113,927,1,928,1,1593,0]
11-04 01:49:32.778 2358 2358 I sysui_multi_action: [757,0,758,1,759,0,927,2,928,0,1593,0]
11-04 01:49:32.778 2358 2358 I sysui_multi_action: [757,0,758,1,759,0,927,3,928,1,1593,0]
11-04 01:49:33.195 1474 3586 I sysui_multi_action: [757,128,758,1,793,122610,794,0,795,122610,796,26,798,1,806,android,857,DEVELOPER_IMPORTANT,858,4,947,0,1395,3,1500,122407,1688,1]
11-04 01:49:33.195 1474 3586 I sysui_multi_action: [757,804,799,note_freshness,801,122610,802,1]
11-04 01:49:33.195 1474 3586 I notification_visibility: [-1|android|26|null|1000,1,122610,122610,0,1]
11-04 01:49:33.196 1474 3586 I sysui_multi_action: [757,128,758,1,793,1929,794,0,795,1929,796,4274,798,0,806,com.android.systemui,857,screen_record,858,3,947,0,1395,3,1500,1723,1688,1]
11-04 01:49:33.196 1474 3586 I sysui_multi_action: [757,804,799,note_freshness,801,1929,802,1]
11-04 01:49:33.196 1474 3586 I notification_visibility: [0|com.android.systemui|4274|null|10081,1,1929,1929,0,0]
11-04 01:49:33.196 1474 3586 I sysui_multi_action: [757,128,758,1,793,513538,794,0,795,513538,796,32,798,2,806,android,857,USB,858,1,947,0,1395,3,1500,513121,1688,1]
11-04 01:49:33.197 1474 3586 I sysui_multi_action: [757,804,799,note_freshness,801,513538,802,1]
11-04 01:49:33.197 1474 3586 I notification_visibility: [-1|android|32|null|1000,1,513538,513538,0,2]
11-04 01:49:34.749 1474 2005 I input_interaction: Interaction with: 4d6f832 NotificationShade (server), edge-swipe (server), swipe-up (server), PointerEventDispatcher0 (server),
11-04 01:49:34.880 1474 5415 I sysui_multi_action: [757,129,758,4,759,0,793,3612,794,1683,795,3612,796,4274,798,0,806,com.android.systemui,857,screen_record,858,3,947,0,1395,3,1500,3406,1600,0,1601,0,1629,3,1688,1]
11-04 01:49:34.880 1474 5415 I notification_action_clicked: [0|com.android.systemui|4274|null|10081,0,3612,3612,1683,0,3]
11-04 01:49:34.946 1474 1474 I notification_enqueue: [10081,2358,com.android.systemui,4275,NULL,0,Notification(channel=screen_record shortcut=null contentView=null vibrate=null sound=null defaults=0x0 flags=0x0 color=0x00000000 vis=PRIVATE),0]
11-04 01:49:34.951 1474 1474 I sysui_multi_action: [757,128,758,5,759,8,793,3683,794,1754,795,3683,796,4274,806,com.android.systemui,857,screen_record,858,3,947,0,1500,3477,1688,1]
11-04 01:49:34.952 1474 1474 I notification_canceled: [0|com.android.systemui|4274|null|10081,8,3683,3683,1754,-1,-1,NULL]
11-04 01:49:35.097 1474 1744 I commit_sys_config_file: [settings-1-0,4]
11-04 01:49:35.125 504 504 I auditd : avc: denied { find } for interface=vendor.qti.qspmhal::IQspmhal sid=u:r:mediaserver:s0 pid=1187 scontext=u:r:mediaserver:s0 tcontext=u:object_r:vendor_hal_qspmhal_hwservice:s0 tclass=hwservice_manager permissive=0
11-04 01:49:35.148 1474 1474 I sysui_multi_action: [757,1501,758,1,793,204,794,0,795,204,796,4275,806,com.android.systemui,857,screen_record,858,3,947,0,1500,0,1688,1]
11-04 01:49:35.149 1474 1474 I sysui_multi_action: [757,804,799,note_interruptive,801,0,802,1]
11-04 01:49:35.310 1474 1795 I sysui_multi_action: [757,128,758,1,793,366,794,0,795,366,796,4275,798,1,806,com.android.systemui,857,screen_record,858,3,947,0,1395,3,1500,162,1688,1]
11-04 01:49:35.310 1474 1795 I sysui_multi_action: [757,804,799,note_freshness,801,366,802,1]
11-04 01:49:35.310 1474 1795 I notification_visibility: [0|com.android.systemui|4275|null|10081,1,366,366,0,1]
11-04 01:49:35.371 1474 1474 I notification_enqueue: [10081,2358,com.android.systemui,4273,NULL,0,Notification(channel=screen_record shortcut=null contentView=null vibrate=null sound=null defaults=0x0 flags=0x10 color=0x00000000 actions=1 vis=PRIVATE),0]
11-04 01:49:35.373 1474 1474 I sysui_multi_action: [757,128,758,5,759,8,793,429,794,63,795,429,796,4275,806,com.android.systemui,857,screen_record,858,3,947,0,1500,225,1688,1]
11-04 01:49:35.373 1474 1474 I notification_canceled: [0|com.android.systemui|4275|null|10081,8,429,429,63,-1,-1,NULL]
11-04 01:49:35.573 1474 1474 I sysui_multi_action: [757,1501,758,1,793,203,794,0,795,203,796,4273,806,com.android.systemui,857,screen_record,858,3,947,0,1500,0,1688,1,1745,680407814]
11-04 01:49:35.573 1474 1474 I sysui_multi_action: [757,804,799,note_interruptive,801,0,802,1]
11-04 01:49:36.172 1474 1795 I sysui_multi_action: [757,128,758,1,793,802,794,0,795,802,796,4273,798,1,806,com.android.systemui,857,screen_record,858,3,947,0,1395,3,1500,599,1688,1,1745,680407814]
11-04 01:49:36.172 1474 1795 I sysui_multi_action: [757,804,799,note_freshness,801,802,802,1]
11-04 01:49:36.172 1474 1795 I notification_visibility: [0|com.android.systemui|4273|null|10081,1,802,802,0,1]
11-04 01:49:37.544 1474 1796 I wm_task_created: [31,-1]
11-04 01:49:37.554 1474 1796 I wm_task_moved: [31,1,6]
11-04 01:49:37.554 1474 1796 I wm_task_to_front: [0,31]
11-04 01:49:37.555 2809 2809 I wm_on_top_resumed_lost_called: [59699080,com.android.launcher3.uioverrides.QuickstepLauncher,topStateChangedWhenResumed]
11-04 01:49:37.556 1474 1796 I wm_create_task: [0,31]
11-04 01:49:37.556 1474 1796 I wm_create_activity: [0,136931822,31,com.android.gallery3d/.app.MovieActivity,android.intent.action.VIEW,video/mp4,content://media/external_primary/video/media/20,268435457]
11-04 01:49:37.556 1474 1796 I wm_task_moved: [31,1,6]
11-04 01:49:37.559 1474 1796 I wm_pause_activity: [0,59699080,com.android.launcher3/.uioverrides.QuickstepLauncher,userLeaving=true,pauseBackTasks]
11-04 01:49:37.564 2809 2809 I wm_on_paused_called: [59699080,com.android.launcher3.uioverrides.QuickstepLauncher,performPause]
11-04 01:49:37.565 1474 3631 I sysui_multi_action: [757,128,758,4,793,2194,794,1392,795,2194,796,4273,798,0,806,com.android.systemui,857,screen_record,858,3,947,0,1395,3,1500,1991,1688,1,1745,680407814]
11-04 01:49:37.565 1474 3631 I notification_clicked: [0|com.android.systemui|4273|null|10081,2194,2194,1392,0,3]
11-04 01:49:37.565 1474 1474 I sysui_multi_action: [757,804,799,note_click_longevity,801,0,802,1]
11-04 01:49:37.566 1474 1474 I sysui_multi_action: [757,128,758,5,759,1,793,2196,794,1394,795,2196,796,4273,798,0,806,com.android.systemui,857,screen_record,858,3,947,0,1395,3,1500,1993,1688,1,1745,680407814]
11-04 01:49:37.566 1474 1796 I wm_add_to_stopping: [0,59699080,com.android.launcher3/.uioverrides.QuickstepLauncher,makeInvisible]
11-04 01:49:37.567 1474 1474 I notification_canceled: [0|com.android.systemui|4273|null|10081,1,2196,2196,1394,0,3,NULL]
11-04 01:49:37.567 1474 1796 I wm_restart_activity: [0,136931822,31,com.android.gallery3d/.app.MovieActivity]
11-04 01:49:37.569 1474 1796 I wm_set_resumed_activity: [0,com.android.gallery3d/.app.MovieActivity,minimalResumeActivityLocked]
11-04 01:49:37.574 1474 1644 I am_uid_active: 10062
11-04 01:49:37.590 1474 1644 I sysui_multi_action: [757,803,799,window_time_0,802,9]
11-04 01:49:37.628 5399 5399 I wm_on_create_called: [136931822,com.android.gallery3d.app.MovieActivity,performCreate]
11-04 01:49:37.632 5399 5399 I wm_on_start_called: [136931822,com.android.gallery3d.app.MovieActivity,handleStartActivity]
11-04 01:49:37.632 5399 5399 I wm_on_resume_called: [136931822,com.android.gallery3d.app.MovieActivity,RESUME_ACTIVITY]
11-04 01:49:37.639 5399 5399 I wm_on_top_resumed_gained_called: [136931822,com.android.gallery3d.app.MovieActivity,topStateChangedWhenResumed]
11-04 01:49:37.710 1474 1641 I sysui_multi_action: [319,71,321,69,322,171,325,540,757,761,758,8,759,1,806,com.android.gallery3d,871,com.android.gallery3d.app.MovieActivity,904,com.android.systemui,905,0,1320,4,1321,1]
11-04 01:49:37.712 1474 1641 I wm_activity_launch_time: [0,136931822,com.android.gallery3d/.app.MovieActivity,171]
11-04 01:49:38.140 1474 1644 I wm_stop_activity: [0,59699080,com.android.launcher3/.uioverrides.QuickstepLauncher]
11-04 01:49:38.154 2809 2809 I wm_on_stop_called: [59699080,com.android.launcher3.uioverrides.QuickstepLauncher,STOP_ACTIVITY_ITEM]
11-04 01:49:38.157 1474 1474 I notification_enqueue: [10081,2358,com.android.systemui,2048,NULL,0,Notification(channel=updateNotification shortcut=null contentView=null vibrate=null sound=null defaults=0x0 flags=0x0 color=0x00000000 vis=PRIVATE),1]
11-04 01:49:38.157 2358 2358 I sysui_multi_action: [757,111,758,2]
11-04 01:49:38.158 2358 2358 I sysui_multi_action: [757,111,758,2]
11-04 01:49:38.178 1474 1645 I input_focus: [Focus request 81a1977 com.android.gallery3d/com.android.gallery3d.app.MovieActivity,reason=UpdateInputWindows]
11-04 01:49:38.183 2358 2358 I sysui_multi_action: [757,111,758,1]
11-04 01:49:38.183 2358 2358 I sysui_multi_action: [757,126,758,1,759,126,927,0,928,0,1593,0]
11-04 01:49:38.183 2358 2358 I sysui_multi_action: [757,113,758,1,759,113,927,1,928,1,1593,0]
11-04 01:49:38.183 2358 2358 I sysui_multi_action: [757,0,758,1,759,0,927,2,928,0,1593,0]
11-04 01:49:38.183 2358 2358 I sysui_multi_action: [757,0,758,1,759,0,927,3,928,0,1593,1]
11-04 01:49:38.184 2358 2358 I sysui_multi_action: [757,491,758,1,759,491,927,4,928,0,1311,-1,1593,0]
11-04 01:49:38.184 2358 2358 I sysui_multi_action: [757,0,758,1,759,0,927,5,928,0,1593,0]
11-04 01:49:38.184 2358 2358 I sysui_multi_action: [757,114,758,1,759,114,927,6,928,0,1593,0]
11-04 01:49:38.184 2358 2358 I sysui_multi_action: [757,111,758,1]
11-04 01:49:38.184 2358 2358 I sysui_multi_action: [757,126,758,1,759,126,927,0,928,0,1593,1]
11-04 01:49:38.184 2358 2358 I sysui_multi_action: [757,113,758,1,759,113,927,1,928,1,1593,1]
11-04 01:49:38.184 2358 2358 I sysui_multi_action: [757,0,758,1,759,0,927,2,928,0,1593,1]
11-04 01:49:38.184 2358 2358 I sysui_multi_action: [757,0,758,1,759,0,927,3,928,0,1593,1]
11-04 01:49:38.206 1474 2005 I input_focus: [Focus leaving 4d6f832 NotificationShade (server),reason=NOT_FOCUSABLE]
11-04 01:49:38.206 1474 2005 I input_focus: [Focus entering 81a1977 com.android.gallery3d/com.android.gallery3d.app.MovieActivity (server),reason=setFocusedWindow]
11-04 01:49:38.210 1474 1474 I notification_enqueue: [10081,2358,com.android.systemui,2048,NULL,0,Notification(channel=updateNotification shortcut=null contentView=null vibrate=null sound=null defaults=0x0 flags=0x0 color=0x00000000 vis=PRIVATE),1]
11-04 01:49:38.210 2358 2358 I sysui_multi_action: [757,111,758,2]
11-04 01:49:38.211 2358 2358 I sysui_multi_action: [757,111,758,2]
11-04 01:49:38.214 1474 5415 I sysui_multi_action: [757,128,758,2,793,127629,794,5019,795,127629,796,26,798,0,806,android,857,DEVELOPER_IMPORTANT,858,4,947,0,1395,2,1500,127426,1688,1]
11-04 01:49:38.214 1474 5415 I notification_visibility: [-1|android|26|null|1000,0,127629,127629,0,0]
11-04 01:49:38.215 1474 5415 I sysui_multi_action: [757,128,758,2,793,518557,794,5019,795,518557,796,32,798,1,806,android,857,USB,858,1,947,0,1395,2,1500,518140,1688,1]
11-04 01:49:38.215 1474 5415 I notification_visibility: [-1|android|32|null|1000,0,518557,518557,0,1]
11-04 01:49:38.215 1474 3631 I sysui_multi_action: [757,127,758,2]
11-04 01:49:38.215 1474 3631 I notification_panel_hidden:
11-04 01:49:38.236 2358 2358 I sysui_multi_action: [757,111,758,1]
11-04 01:49:38.236 2358 2358 I sysui_multi_action: [757,126,758,1,759,126,927,0,928,0,1593,1]
11-04 01:49:38.236 2358 2358 I sysui_multi_action: [757,113,758,1,759,113,927,1,928,1,1593,1]
11-04 01:49:38.236 2358 2358 I sysui_multi_action: [757,0,758,1,759,0,927,2,928,0,1593,1]
11-04 01:49:38.236 2358 2358 I sysui_multi_action: [757,0,758,1,759,0,927,3,928,0,1593,1]
11-04 01:49:38.236 2358 2358 I sysui_multi_action: [757,491,758,1,759,491,927,4,928,0,1311,-1,1593,0]
11-04 01:49:38.237 2358 2358 I sysui_multi_action: [757,0,758,1,759,0,927,5,928,0,1593,0]
11-04 01:49:38.237 2358 2358 I sysui_multi_action: [757,114,758,1,759,114,927,6,928,0,1593,0]
11-04 01:49:38.237 2358 2358 I sysui_multi_action: [757,111,758,1]
11-04 01:49:38.237 2358 2358 I sysui_multi_action: [757,126,758,1,759,126,927,0,928,0,1593,1]
11-04 01:49:38.237 2358 2358 I sysui_multi_action: [757,113,758,1,759,113,927,1,928,1,1593,1]
11-04 01:49:38.237 2358 2358 I sysui_multi_action: [757,0,758,1,759,0,927,2,928,0,1593,1]
11-04 01:49:38.237 2358 2358 I sysui_multi_action: [757,0,758,1,759,0,927,3,928,0,1593,1]
11-04 01:49:38.984 1474 1645 I input_focus: [Focus request c904dd3 ImmersiveModeConfirmation,reason=UpdateInputWindows]
11-04 01:49:38.991 1474 2005 I input_focus: [Focus leaving 81a1977 com.android.gallery3d/com.android.gallery3d.app.MovieActivity (server),reason=Waiting for window because NOT_VISIBLE]
11-04 01:49:39.007 1474 2005 I input_focus: [Focus entering c904dd3 ImmersiveModeConfirmation (server),reason=Window became focusable. Previous reason: NOT_VISIBLE]
11-04 01:49:39.422 1474 2005 I input_interaction: Interaction with: 81a1977 com.android.gallery3d/com.android.gallery3d.app.MovieActivity (server), edge-swipe (server), swipe-up (server), PointerEventDispatcher0 (server),
11-04 01:49:39.471 1474 1645 I input_focus: [Focus request 81a1977 com.android.gallery3d/com.android.gallery3d.app.MovieActivity,reason=UpdateInputWindows]
11-04 01:49:39.492 1474 2005 I input_focus: [Focus entering 81a1977 com.android.gallery3d/com.android.gallery3d.app.MovieActivity (server),reason=setFocusedWindow]
11-04 01:49:41.149 1474 2456 I commit_sys_config_file: [appops,513195]
11-04 01:49:44.308 1474 3631 I wm_finish_activity: [0,136931822,31,com.android.gallery3d/.app.MovieActivity,app-request]
11-04 01:49:44.309 1474 3631 I wm_task_moved: [1,1,6]
11-04 01:49:44.311 1474 3631 I wm_task_moved: [10,1,2147483647]
11-04 01:49:44.311 1474 3631 I wm_task_to_front: [0,10]
11-04 01:49:44.311 1474 3631 I wm_focused_root_task: [0,0,1,31,finish-top adjustFocusToNextFocusableTask]
11-04 01:49:44.313 1474 3631 I wm_set_resumed_activity: [0,com.android.launcher3/.uioverrides.QuickstepLauncher,finish-top adjustFocusToNextFocusableTask]
11-04 01:49:44.327 1474 3631 I wm_pause_activity: [0,136931822,com.android.gallery3d/.app.MovieActivity,userLeaving=false,finish]
11-04 01:49:44.334 5399 5399 I wm_on_top_resumed_lost_called: [136931822,com.android.gallery3d.app.MovieActivity,topStateChangedWhenResumed]
11-04 01:49:44.376 1474 2005 I input_focus: [Focus leaving 81a1977 com.android.gallery3d/com.android.gallery3d.app.MovieActivity (server),reason=NO_WINDOW]
11-04 01:49:44.378 5399 5399 I wm_on_paused_called: [136931822,com.android.gallery3d.app.MovieActivity,performPause]
11-04 01:49:44.378 1474 3631 I wm_add_to_stopping: [0,136931822,com.android.gallery3d/.app.MovieActivity,completeFinishing]
11-04 01:49:44.380 1474 3631 I wm_set_resumed_activity: [0,com.android.launcher3/.uioverrides.QuickstepLauncher,resumeTopActivityInnerLocked]
11-04 01:49:44.383 1474 3631 I wm_resume_activity: [0,59699080,10,com.android.launcher3/.uioverrides.QuickstepLauncher]
11-04 01:49:44.394 1474 1644 I sysui_multi_action: [757,803,799,window_time_0,802,7]
11-04 01:49:44.401 2809 2809 I wm_on_restart_called: [59699080,com.android.launcher3.uioverrides.QuickstepLauncher,performRestartActivity]
11-04 01:49:44.401 2809 2809 I wm_on_start_called: [59699080,com.android.launcher3.uioverrides.QuickstepLauncher,handleStartActivity]
11-04 01:49:44.401 2809 2809 I wm_on_resume_called: [59699080,com.android.launcher3.uioverrides.QuickstepLauncher,RESUME_ACTIVITY]
11-04 01:49:44.401 2809 2809 I wm_on_top_resumed_gained_called: [59699080,com.android.launcher3.uioverrides.QuickstepLauncher,topWhenResuming]
