11-04 01:51:47.795 1474 1655 I am_wtf : [0,1474,system_server,-1,DisplayDeviceConfig,requesting nits when no mapping exists.]
11-04 01:51:47.795 1474 1655 I am_wtf : [0,1474,system_server,-1,DisplayDeviceConfig,requesting nits when no mapping exists.]
11-04 01:51:47.796 2358 2358 I sysui_multi_action: [757,111,758,2]
11-04 01:51:47.796 1474 1474 I notification_enqueue: [10081,2358,com.android.systemui,2048,NULL,0,Notification(channel=updateNotification shortcut=null contentView=null vibrate=null sound=null defaults=0x0 flags=0x0 color=0x00000000 vis=PRIVATE),1]
11-04 01:51:47.797 2358 2358 I sysui_multi_action: [757,111,758,2]
11-04 01:51:47.803 2358 2358 I sysui_multi_action: [757,111,758,1]
11-04 01:51:47.804 2358 2358 I sysui_multi_action: [757,126,758,1,759,126,927,0,928,1,1593,0]
11-04 01:51:47.804 2358 2358 I sysui_multi_action: [757,113,758,1,759,113,927,1,928,1,1593,0]
11-04 01:51:47.804 2358 2358 I sysui_multi_action: [757,0,758,1,759,0,927,2,928,0,1593,0]
11-04 01:51:47.804 2358 2358 I sysui_multi_action: [757,0,758,1,759,0,927,3,928,0,1593,0]
11-04 01:51:47.804 2358 2358 I sysui_multi_action: [757,491,758,1,759,491,927,4,928,0,1311,-1,1593,0]
11-04 01:51:47.804 2358 2358 I sysui_multi_action: [757,0,758,1,759,0,927,5,928,0,1593,0]
11-04 01:51:47.804 2358 2358 I sysui_multi_action: [757,111,758,1]
11-04 01:51:47.804 2358 2358 I sysui_multi_action: [757,126,758,1,759,126,927,0,928,1,1593,1]
11-04 01:51:47.804 2358 2358 I sysui_multi_action: [757,113,758,1,759,113,927,1,928,1,1593,1]
11-04 01:51:47.804 2358 2358 I sysui_multi_action: [757,0,758,1,759,0,927,2,928,0,1593,1]
11-04 01:51:47.804 2358 2358 I sysui_multi_action: [757,0,758,1,759,0,927,3,928,0,1593,1]
11-04 01:51:47.811 1474 1655 I am_wtf : [0,1474,system_server,-1,DisplayDeviceConfig,requesting nits when no mapping exists.]
11-04 01:51:47.812 1474 1655 I am_wtf : [0,1474,system_server,-1,DisplayDeviceConfig,requesting nits when no mapping exists.]
11-04 01:51:47.821 2358 2358 I sysui_multi_action: [757,111,758,2]
11-04 01:51:47.821 1474 1474 I notification_enqueue: [10081,2358,com.android.systemui,2048,NULL,0,Notification(channel=updateNotification shortcut=null contentView=null vibrate=null sound=null defaults=0x0 flags=0x0 color=0x00000000 vis=PRIVATE),1]
11-04 01:51:47.821 2358 2358 I sysui_multi_action: [757,111,758,2]
11-04 01:51:47.825 2358 2358 I sysui_multi_action: [757,111,758,1]
11-04 01:51:47.825 2358 2358 I sysui_multi_action: [757,126,758,1,759,126,927,0,928,1,1593,1]
11-04 01:51:47.825 2358 2358 I sysui_multi_action: [757,113,758,1,759,113,927,1,928,1,1593,1]
11-04 01:51:47.825 2358 2358 I sysui_multi_action: [757,0,758,1,759,0,927,2,928,0,1593,1]
11-04 01:51:47.825 2358 2358 I sysui_multi_action: [757,0,758,1,759,0,927,3,928,0,1593,1]
11-04 01:51:47.826 2358 2358 I sysui_multi_action: [757,491,758,1,759,491,927,4,928,0,1311,-1,1593,0]
11-04 01:51:47.826 2358 2358 I sysui_multi_action: [757,0,758,1,759,0,927,5,928,0,1593,0]
11-04 01:51:47.826 2358 2358 I sysui_multi_action: [757,111,758,1]
11-04 01:51:47.826 2358 2358 I sysui_multi_action: [757,126,758,1,759,126,927,0,928,1,1593,1]
11-04 01:51:47.826 2358 2358 I sysui_multi_action: [757,113,758,1,759,113,927,1,928,1,1593,1]
11-04 01:51:47.826 2358 2358 I sysui_multi_action: [757,0,758,1,759,0,927,2,928,0,1593,1]
11-04 01:51:47.826 2358 2358 I sysui_multi_action: [757,0,758,1,759,0,927,3,928,0,1593,1]
11-04 01:51:47.827 1474 1655 I am_wtf : [0,1474,system_server,-1,DisplayDeviceConfig,requesting nits when no mapping exists.]
11-04 01:51:47.829 1474 1655 I am_wtf : [0,1474,system_server,-1,DisplayDeviceConfig,requesting nits when no mapping exists.]
11-04 01:51:47.837 2358 2358 I sysui_multi_action: [757,111,758,2]
11-04 01:51:47.837 2358 2358 I sysui_multi_action: [757,111,758,2]
11-04 01:51:47.840 1474 1474 I notification_enqueue: [10081,2358,com.android.systemui,2048,NULL,0,Notification(channel=updateNotification shortcut=null contentView=null vibrate=null sound=null defaults=0x0 flags=0x0 color=0x00000000 vis=PRIVATE),1]
11-04 01:51:47.841 2358 2358 I sysui_multi_action: [757,111,758,1]
11-04 01:51:47.841 2358 2358 I sysui_multi_action: [757,126,758,1,759,126,927,0,928,1,1593,1]
11-04 01:51:47.841 2358 2358 I sysui_multi_action: [757,113,758,1,759,113,927,1,928,1,1593,1]
11-04 01:51:47.841 2358 2358 I sysui_multi_action: [757,0,758,1,759,0,927,2,928,0,1593,1]
11-04 01:51:47.841 2358 2358 I sysui_multi_action: [757,0,758,1,759,0,927,3,928,0,1593,1]
11-04 01:51:47.844 1474 1655 I am_wtf : [0,1474,system_server,-1,DisplayDeviceConfig,requesting nits when no mapping exists.]
11-04 01:51:47.845 2358 2358 I sysui_multi_action: [757,491,758,1,759,491,927,4,928,0,1311,-1,1593,0]
11-04 01:51:47.845 2358 2358 I sysui_multi_action: [757,0,758,1,759,0,927,5,928,0,1593,1]
11-04 01:51:47.845 2358 2358 I sysui_multi_action: [757,111,758,1]
11-04 01:51:47.845 1474 1655 I am_wtf : [0,1474,system_server,-1,DisplayDeviceConfig,requesting nits when no mapping exists.]
11-04 01:51:47.845 2358 2358 I sysui_multi_action: [757,126,758,1,759,126,927,0,928,1,1593,1]
11-04 01:51:47.845 2358 2358 I sysui_multi_action: [757,113,758,1,759,113,927,1,928,1,1593,1]
11-04 01:51:47.846 2358 2358 I sysui_multi_action: [757,0,758,1,759,0,927,2,928,0,1593,1]
11-04 01:51:47.846 2358 2358 I sysui_multi_action: [757,0,758,1,759,0,927,3,928,0,1593,1]
11-04 01:51:47.860 2358 2358 I sysui_multi_action: [757,111,758,2]
11-04 01:51:47.860 1474 1474 I notification_enqueue: [10081,2358,com.android.systemui,2048,NULL,0,Notification(channel=updateNotification shortcut=null contentView=null vibrate=null sound=null defaults=0x0 flags=0x0 color=0x00000000 vis=PRIVATE),1]
11-04 01:51:47.860 2358 2358 I sysui_multi_action: [757,111,758,2]
11-04 01:51:47.861 1474 1655 I am_wtf : [0,1474,system_server,-1,DisplayDeviceConfig,requesting nits when no mapping exists.]
11-04 01:51:47.862 1474 1655 I am_wtf : [0,1474,system_server,-1,DisplayDeviceConfig,requesting nits when no mapping exists.]
11-04 01:51:47.864 2358 2358 I sysui_multi_action: [757,111,758,1]
11-04 01:51:47.864 2358 2358 I sysui_multi_action: [757,126,758,1,759,126,927,0,928,1,1593,0]
11-04 01:51:47.864 2358 2358 I sysui_multi_action: [757,113,758,1,759,113,927,1,928,1,1593,0]
11-04 01:51:47.864 2358 2358 I sysui_multi_action: [757,0,758,1,759,0,927,2,928,0,1593,0]
11-04 01:51:47.864 2358 2358 I sysui_multi_action: [757,0,758,1,759,0,927,3,928,0,1593,0]
11-04 01:51:47.865 2358 2358 I sysui_multi_action: [757,491,758,1,759,491,927,4,928,0,1311,-1,1593,0]
11-04 01:51:47.865 2358 2358 I sysui_multi_action: [757,0,758,1,759,0,927,5,928,0,1593,0]
11-04 01:51:47.865 2358 2358 I sysui_multi_action: [757,111,758,1]
11-04 01:51:47.865 2358 2358 I sysui_multi_action: [757,126,758,1,759,126,927,0,928,1,1593,0]
11-04 01:51:47.865 2358 2358 I sysui_multi_action: [757,113,758,1,759,113,927,1,928,1,1593,0]
11-04 01:51:47.865 2358 2358 I sysui_multi_action: [757,0,758,1,759,0,927,2,928,0,1593,0]
11-04 01:51:47.865 2358 2358 I sysui_multi_action: [757,0,758,1,759,0,927,3,928,0,1593,0]
11-04 01:51:47.875 2358 2358 I sysui_multi_action: [757,111,758,2]
11-04 01:51:47.875 1474 1474 I notification_enqueue: [10081,2358,com.android.systemui,2048,NULL,0,Notification(channel=updateNotification shortcut=null contentView=null vibrate=null sound=null defaults=0x0 flags=0x0 color=0x00000000 vis=PRIVATE),1]
11-04 01:51:47.875 2358 2358 I sysui_multi_action: [757,111,758,2]
11-04 01:51:47.878 1474 1655 I am_wtf : [0,1474,system_server,-1,DisplayDeviceConfig,requesting nits when no mapping exists.]
11-04 01:51:47.878 1474 1655 I am_wtf : [0,1474,system_server,-1,DisplayDeviceConfig,requesting nits when no mapping exists.]
11-04 01:51:47.879 2358 2358 I sysui_multi_action: [757,111,758,1]
11-04 01:51:47.879 2358 2358 I sysui_multi_action: [757,126,758,1,759,126,927,0,928,1,1593,0]
11-04 01:51:47.879 2358 2358 I sysui_multi_action: [757,113,758,1,759,113,927,1,928,1,1593,0]
11-04 01:51:47.879 2358 2358 I sysui_multi_action: [757,0,758,1,759,0,927,2,928,0,1593,0]
11-04 01:51:47.879 2358 2358 I sysui_multi_action: [757,0,758,1,759,0,927,3,928,0,1593,0]
11-04 01:51:47.879 2358 2358 I sysui_multi_action: [757,491,758,1,759,491,927,4,928,0,1311,-1,1593,0]
11-04 01:51:47.879 2358 2358 I sysui_multi_action: [757,0,758,1,759,0,927,5,928,0,1593,0]
11-04 01:51:47.879 2358 2358 I sysui_multi_action: [757,111,758,1]
11-04 01:51:47.879 2358 2358 I sysui_multi_action: [757,126,758,1,759,126,927,0,928,1,1593,0]
11-04 01:51:47.880 2358 2358 I sysui_multi_action: [757,113,758,1,759,113,927,1,928,1,1593,0]
11-04 01:51:47.880 2358 2358 I sysui_multi_action: [757,0,758,1,759,0,927,2,928,0,1593,0]
11-04 01:51:47.880 2358 2358 I sysui_multi_action: [757,0,758,1,759,0,927,3,928,0,1593,0]
11-04 01:51:47.891 2358 2358 I sysui_multi_action: [757,111,758,2]
11-04 01:51:47.891 1474 1474 I notification_enqueue: [10081,2358,com.android.systemui,2048,NULL,0,Notification(channel=updateNotification shortcut=null contentView=null vibrate=null sound=null defaults=0x0 flags=0x0 color=0x00000000 vis=PRIVATE),1]
11-04 01:51:47.891 2358 2358 I sysui_multi_action: [757,111,758,2]
11-04 01:51:47.894 1474 1655 I am_wtf : [0,1474,system_server,-1,DisplayDeviceConfig,requesting nits when no mapping exists.]
11-04 01:51:47.895 2358 2358 I sysui_multi_action: [757,111,758,1]
11-04 01:51:47.895 2358 2358 I sysui_multi_action: [757,126,758,1,759,126,927,0,928,1,1593,1]
11-04 01:51:47.895 2358 2358 I sysui_multi_action: [757,113,758,1,759,113,927,1,928,1,1593,1]
11-04 01:51:47.895 2358 2358 I sysui_multi_action: [757,0,758,1,759,0,927,2,928,0,1593,1]
11-04 01:51:47.895 2358 2358 I sysui_multi_action: [757,0,758,1,759,0,927,3,928,0,1593,1]
11-04 01:51:47.895 1474 1655 I am_wtf : [0,1474,system_server,-1,DisplayDeviceConfig,requesting nits when no mapping exists.]
11-04 01:51:47.896 2358 2358 I sysui_multi_action: [757,491,758,1,759,491,927,4,928,0,1311,-1,1593,0]
11-04 01:51:47.896 2358 2358 I sysui_multi_action: [757,0,758,1,759,0,927,5,928,0,1593,0]
11-04 01:51:47.896 2358 2358 I sysui_multi_action: [757,111,758,1]
11-04 01:51:47.896 2358 2358 I sysui_multi_action: [757,126,758,1,759,126,927,0,928,1,1593,1]
11-04 01:51:47.896 2358 2358 I sysui_multi_action: [757,113,758,1,759,113,927,1,928,1,1593,1]
11-04 01:51:47.896 2358 2358 I sysui_multi_action: [757,0,758,1,759,0,927,2,928,0,1593,1]
11-04 01:51:47.896 2358 2358 I sysui_multi_action: [757,0,758,1,759,0,927,3,928,0,1593,1]
11-04 01:51:47.907 2358 2358 I sysui_multi_action: [757,111,758,2]
11-04 01:51:47.907 2358 2358 I sysui_multi_action: [757,111,758,2]
11-04 01:51:47.907 1474 1474 I notification_enqueue: [10081,2358,com.android.systemui,2048,NULL,0,Notification(channel=updateNotification shortcut=null contentView=null vibrate=null sound=null defaults=0x0 flags=0x0 color=0x00000000 vis=PRIVATE),1]
11-04 01:51:47.911 2358 2358 I sysui_multi_action: [757,111,758,1]
11-04 01:51:47.911 2358 2358 I sysui_multi_action: [757,126,758,1,759,126,927,0,928,1,1593,1]
11-04 01:51:47.911 2358 2358 I sysui_multi_action: [757,113,758,1,759,113,927,1,928,1,1593,1]
11-04 01:51:47.911 2358 2358 I sysui_multi_action: [757,0,758,1,759,0,927,2,928,0,1593,1]
11-04 01:51:47.912 2358 2358 I sysui_multi_action: [757,0,758,1,759,0,927,3,928,0,1593,1]
11-04 01:51:47.912 2358 2358 I sysui_multi_action: [757,491,758,1,759,491,927,4,928,0,1311,-1,1593,0]
11-04 01:51:47.912 2358 2358 I sysui_multi_action: [757,0,758,1,759,0,927,5,928,0,1593,0]
11-04 01:51:47.912 2358 2358 I sysui_multi_action: [757,111,758,1]
11-04 01:51:47.912 2358 2358 I sysui_multi_action: [757,126,758,1,759,126,927,0,928,1,1593,1]
11-04 01:51:47.912 2358 2358 I sysui_multi_action: [757,113,758,1,759,113,927,1,928,1,1593,1]
11-04 01:51:47.912 2358 2358 I sysui_multi_action: [757,0,758,1,759,0,927,2,928,0,1593,1]
11-04 01:51:47.912 2358 2358 I sysui_multi_action: [757,0,758,1,759,0,927,3,928,0,1593,1]
11-04 01:51:47.912 1474 1655 I am_wtf : [0,1474,system_server,-1,DisplayDeviceConfig,requesting nits when no mapping exists.]
11-04 01:51:47.913 1474 1655 I am_wtf : [0,1474,system_server,-1,DisplayDeviceConfig,requesting nits when no mapping exists.]
11-04 01:51:47.925 2358 2358 I sysui_multi_action: [757,111,758,2]
11-04 01:51:47.925 1474 1474 I notification_enqueue: [10081,2358,com.android.systemui,2048,NULL,0,Notification(channel=updateNotification shortcut=null contentView=null vibrate=null sound=null defaults=0x0 flags=0x0 color=0x00000000 vis=PRIVATE),1]
11-04 01:51:47.925 2358 2358 I sysui_multi_action: [757,111,758,2]
11-04 01:51:47.928 1474 1655 I am_wtf : [0,1474,system_server,-1,DisplayDeviceConfig,requesting nits when no mapping exists.]
11-04 01:51:47.929 1474 1655 I am_wtf : [0,1474,system_server,-1,DisplayDeviceConfig,requesting nits when no mapping exists.]
11-04 01:51:47.929 2358 2358 I sysui_multi_action: [757,111,758,1]
11-04 01:51:47.929 2358 2358 I sysui_multi_action: [757,126,758,1,759,126,927,0,928,1,1593,1]
11-04 01:51:47.929 2358 2358 I sysui_multi_action: [757,113,758,1,759,113,927,1,928,1,1593,1]
11-04 01:51:47.929 2358 2358 I sysui_multi_action: [757,0,758,1,759,0,927,2,928,0,1593,1]
11-04 01:51:47.929 2358 2358 I sysui_multi_action: [757,0,758,1,759,0,927,3,928,0,1593,1]
11-04 01:51:47.929 2358 2358 I sysui_multi_action: [757,491,758,1,759,491,927,4,928,0,1311,-1,1593,0]
11-04 01:51:47.929 2358 2358 I sysui_multi_action: [757,0,758,1,759,0,927,5,928,0,1593,0]
11-04 01:51:47.929 2358 2358 I sysui_multi_action: [757,111,758,1]
11-04 01:51:47.930 2358 2358 I sysui_multi_action: [757,126,758,1,759,126,927,0,928,1,1593,1]
11-04 01:51:47.930 2358 2358 I sysui_multi_action: [757,113,758,1,759,113,927,1,928,1,1593,1]
11-04 01:51:47.930 2358 2358 I sysui_multi_action: [757,0,758,1,759,0,927,2,928,0,1593,1]
11-04 01:51:47.930 2358 2358 I sysui_multi_action: [757,0,758,1,759,0,927,3,928,0,1593,1]
11-04 01:51:47.941 2358 2358 I sysui_multi_action: [757,111,758,2]
11-04 01:51:47.941 1474 1474 I notification_enqueue: [10081,2358,com.android.systemui,2048,NULL,0,Notification(channel=updateNotification shortcut=null contentView=null vibrate=null sound=null defaults=0x0 flags=0x0 color=0x00000000 vis=PRIVATE),1]
11-04 01:51:47.941 2358 2358 I sysui_multi_action: [757,111,758,2]
11-04 01:51:47.944 1474 1655 I am_wtf : [0,1474,system_server,-1,DisplayDeviceConfig,requesting nits when no mapping exists.]
11-04 01:51:47.945 1474 1655 I am_wtf : [0,1474,system_server,-1,DisplayDeviceConfig,requesting nits when no mapping exists.]
11-04 01:51:47.945 2358 2358 I sysui_multi_action: [757,111,758,1]
11-04 01:51:47.945 2358 2358 I sysui_multi_action: [757,126,758,1,759,126,927,0,928,1,1593,1]
11-04 01:51:47.945 2358 2358 I sysui_multi_action: [757,113,758,1,759,113,927,1,928,1,1593,1]
11-04 01:51:47.945 2358 2358 I sysui_multi_action: [757,0,758,1,759,0,927,2,928,0,1593,1]
11-04 01:51:47.945 2358 2358 I sysui_multi_action: [757,0,758,1,759,0,927,3,928,0,1593,1]
11-04 01:51:47.946 2358 2358 I sysui_multi_action: [757,491,758,1,759,491,927,4,928,0,1311,-1,1593,0]
11-04 01:51:47.946 2358 2358 I sysui_multi_action: [757,0,758,1,759,0,927,5,928,0,1593,0]
11-04 01:51:47.946 2358 2358 I sysui_multi_action: [757,111,758,1]
11-04 01:51:47.946 2358 2358 I sysui_multi_action: [757,126,758,1,759,126,927,0,928,1,1593,1]
11-04 01:51:47.946 2358 2358 I sysui_multi_action: [757,113,758,1,759,113,927,1,928,1,1593,1]
11-04 01:51:47.946 2358 2358 I sysui_multi_action: [757,0,758,1,759,0,927,2,928,0,1593,1]
11-04 01:51:47.946 2358 2358 I sysui_multi_action: [757,0,758,1,759,0,927,3,928,0,1593,1]
11-04 01:51:47.958 2358 2358 I sysui_multi_action: [757,111,758,2]
11-04 01:51:47.958 1474 1474 I notification_enqueue: [10081,2358,com.android.systemui,2048,NULL,0,Notification(channel=updateNotification shortcut=null contentView=null vibrate=null sound=null defaults=0x0 flags=0x0 color=0x00000000 vis=PRIVATE),1]
11-04 01:51:47.958 2358 2358 I sysui_multi_action: [757,111,758,2]
11-04 01:51:47.961 1474 1655 I am_wtf : [0,1474,system_server,-1,DisplayDeviceConfig,requesting nits when no mapping exists.]
11-04 01:51:47.962 2358 2358 I sysui_multi_action: [757,111,758,1]
11-04 01:51:47.962 2358 2358 I sysui_multi_action: [757,126,758,1,759,126,927,0,928,1,1593,1]
11-04 01:51:47.962 2358 2358 I sysui_multi_action: [757,113,758,1,759,113,927,1,928,1,1593,1]
11-04 01:51:47.962 2358 2358 I sysui_multi_action: [757,0,758,1,759,0,927,2,928,0,1593,1]
11-04 01:51:47.962 1474 1655 I am_wtf : [0,1474,system_server,-1,DisplayDeviceConfig,requesting nits when no mapping exists.]
11-04 01:51:47.962 2358 2358 I sysui_multi_action: [757,0,758,1,759,0,927,3,928,0,1593,1]
11-04 01:51:47.962 2358 2358 I sysui_multi_action: [757,491,758,1,759,491,927,4,928,0,1311,-1,1593,0]
11-04 01:51:47.962 2358 2358 I sysui_multi_action: [757,0,758,1,759,0,927,5,928,0,1593,0]
11-04 01:51:47.962 2358 2358 I sysui_multi_action: [757,111,758,1]
11-04 01:51:47.963 2358 2358 I sysui_multi_action: [757,126,758,1,759,126,927,0,928,1,1593,1]
11-04 01:51:47.963 2358 2358 I sysui_multi_action: [757,113,758,1,759,113,927,1,928,1,1593,1]
11-04 01:51:47.963 2358 2358 I sysui_multi_action: [757,0,758,1,759,0,927,2,928,0,1593,1]
11-04 01:51:47.963 2358 2358 I sysui_multi_action: [757,0,758,1,759,0,927,3,928,0,1593,1]
11-04 01:51:47.975 2358 2358 I sysui_multi_action: [757,111,758,2]
11-04 01:51:47.975 2358 2358 I sysui_multi_action: [757,111,758,2]
11-04 01:51:47.976 1474 1474 I notification_enqueue: [10081,2358,com.android.systemui,2048,NULL,0,Notification(channel=updateNotification shortcut=null contentView=null vibrate=null sound=null defaults=0x0 flags=0x0 color=0x00000000 vis=PRIVATE),1]
11-04 01:51:47.978 1474 1655 I am_wtf : [0,1474,system_server,-1,DisplayDeviceConfig,requesting nits when no mapping exists.]
11-04 01:51:47.979 1474 1655 I am_wtf : [0,1474,system_server,-1,DisplayDeviceConfig,requesting nits when no mapping exists.]
11-04 01:51:47.979 2358 2358 I sysui_multi_action: [757,111,758,1]
11-04 01:51:47.979 2358 2358 I sysui_multi_action: [757,126,758,1,759,126,927,0,928,1,1593,1]
11-04 01:51:47.979 2358 2358 I sysui_multi_action: [757,113,758,1,759,113,927,1,928,1,1593,1]
11-04 01:51:47.979 2358 2358 I sysui_multi_action: [757,0,758,1,759,0,927,2,928,0,1593,1]
11-04 01:51:47.979 2358 2358 I sysui_multi_action: [757,0,758,1,759,0,927,3,928,0,1593,1]
11-04 01:51:47.979 2358 2358 I sysui_multi_action: [757,491,758,1,759,491,927,4,928,0,1311,-1,1593,0]
11-04 01:51:47.979 2358 2358 I sysui_multi_action: [757,0,758,1,759,0,927,5,928,0,1593,0]
11-04 01:51:47.979 2358 2358 I sysui_multi_action: [757,111,758,1]
11-04 01:51:47.980 2358 2358 I sysui_multi_action: [757,126,758,1,759,126,927,0,928,1,1593,1]
11-04 01:51:47.980 2358 2358 I sysui_multi_action: [757,113,758,1,759,113,927,1,928,1,1593,1]
11-04 01:51:47.980 2358 2358 I sysui_multi_action: [757,0,758,1,759,0,927,2,928,0,1593,1]
11-04 01:51:47.980 2358 2358 I sysui_multi_action: [757,0,758,1,759,0,927,3,928,0,1593,1]
11-04 01:51:47.995 2358 2358 I sysui_multi_action: [757,111,758,2]
11-04 01:51:47.995 1474 1474 I notification_enqueue: [10081,2358,com.android.systemui,2048,NULL,0,Notification(channel=updateNotification shortcut=null contentView=null vibrate=null sound=null defaults=0x0 flags=0x0 color=0x00000000 vis=PRIVATE),1]
11-04 01:51:47.995 2358 2358 I sysui_multi_action: [757,111,758,2]
11-04 01:51:47.996 1474 1655 I am_wtf : [0,1474,system_server,-1,DisplayDeviceConfig,requesting nits when no mapping exists.]
11-04 01:51:47.996 1474 1655 I am_wtf : [0,1474,system_server,-1,DisplayDeviceConfig,requesting nits when no mapping exists.]
11-04 01:51:47.999 2358 2358 I sysui_multi_action: [757,111,758,1]
11-04 01:51:47.999 2358 2358 I sysui_multi_action: [757,126,758,1,759,126,927,0,928,1,1593,1]
11-04 01:51:47.999 2358 2358 I sysui_multi_action: [757,113,758,1,759,113,927,1,928,1,1593,1]
11-04 01:51:47.999 2358 2358 I sysui_multi_action: [757,0,758,1,759,0,927,2,928,0,1593,1]
11-04 01:51:47.999 2358 2358 I sysui_multi_action: [757,0,758,1,759,0,927,3,928,0,1593,1]
11-04 01:51:47.999 2358 2358 I sysui_multi_action: [757,491,758,1,759,491,927,4,928,0,1311,-1,1593,0]
11-04 01:51:47.999 2358 2358 I sysui_multi_action: [757,0,758,1,759,0,927,5,928,0,1593,0]
11-04 01:51:47.999 2358 2358 I sysui_multi_action: [757,111,758,1]
11-04 01:51:47.999 2358 2358 I sysui_multi_action: [757,126,758,1,759,126,927,0,928,1,1593,1]
11-04 01:51:47.999 2358 2358 I sysui_multi_action: [757,113,758,1,759,113,927,1,928,1,1593,1]
11-04 01:51:47.999 2358 2358 I sysui_multi_action: [757,0,758,1,759,0,927,2,928,0,1593,1]
11-04 01:51:47.999 2358 2358 I sysui_multi_action: [757,0,758,1,759,0,927,3,928,0,1593,1]
11-04 01:51:48.011 2358 2358 I sysui_multi_action: [757,111,758,2]
11-04 01:51:48.011 2358 2358 I sysui_multi_action: [757,111,758,2]
11-04 01:51:48.011 1474 1474 I notification_enqueue: [10081,2358,com.android.systemui,2048,NULL,0,Notification(channel=updateNotification shortcut=null contentView=null vibrate=null sound=null defaults=0x0 flags=0x0 color=0x00000000 vis=PRIVATE),1]
11-04 01:51:48.013 1474 1655 I am_wtf : [0,1474,system_server,-1,DisplayDeviceConfig,requesting nits when no mapping exists.]
11-04 01:51:48.014 1474 1655 I am_wtf : [0,1474,system_server,-1,DisplayDeviceConfig,requesting nits when no mapping exists.]
11-04 01:51:48.015 2358 2358 I sysui_multi_action: [757,111,758,1]
11-04 01:51:48.015 2358 2358 I sysui_multi_action: [757,126,758,1,759,126,927,0,928,1,1593,0]
11-04 01:51:48.015 2358 2358 I sysui_multi_action: [757,113,758,1,759,113,927,1,928,1,1593,0]
11-04 01:51:48.015 2358 2358 I sysui_multi_action: [757,0,758,1,759,0,927,2,928,0,1593,0]
11-04 01:51:48.015 2358 2358 I sysui_multi_action: [757,0,758,1,759,0,927,3,928,0,1593,0]
11-04 01:51:48.016 2358 2358 I sysui_multi_action: [757,491,758,1,759,491,927,4,928,0,1311,-1,1593,0]
11-04 01:51:48.016 2358 2358 I sysui_multi_action: [757,0,758,1,759,0,927,5,928,0,1593,0]
11-04 01:51:48.016 2358 2358 I sysui_multi_action: [757,111,758,1]
11-04 01:51:48.016 2358 2358 I sysui_multi_action: [757,126,758,1,759,126,927,0,928,1,1593,0]
11-04 01:51:48.016 2358 2358 I sysui_multi_action: [757,113,758,1,759,113,927,1,928,1,1593,0]
11-04 01:51:48.016 2358 2358 I sysui_multi_action: [757,0,758,1,759,0,927,2,928,0,1593,0]
11-04 01:51:48.016 2358 2358 I sysui_multi_action: [757,0,758,1,759,0,927,3,928,0,1593,0]
11-04 01:51:48.028 1474 1655 I am_wtf : [0,1474,system_server,-1,DisplayDeviceConfig,requesting nits when no mapping exists.]
11-04 01:51:48.029 1474 1655 I service_manager_stats: [100,65,16406]
11-04 01:51:48.029 1474 1655 I am_wtf : [0,1474,system_server,-1,DisplayDeviceConfig,requesting nits when no mapping exists.]
11-04 01:51:48.031 2358 2358 I sysui_multi_action: [757,111,758,2]
11-04 01:51:48.031 2358 2358 I sysui_multi_action: [757,111,758,2]
11-04 01:51:48.031 1474 1474 I notification_enqueue: [10081,2358,com.android.systemui,2048,NULL,0,Notification(channel=updateNotification shortcut=null contentView=null vibrate=null sound=null defaults=0x0 flags=0x0 color=0x00000000 vis=PRIVATE),1]
11-04 01:51:48.035 2358 2358 I sysui_multi_action: [757,111,758,1]
11-04 01:51:48.035 2358 2358 I sysui_multi_action: [757,126,758,1,759,126,927,0,928,1,1593,1]
11-04 01:51:48.035 2358 2358 I sysui_multi_action: [757,113,758,1,759,113,927,1,928,1,1593,1]
11-04 01:51:48.035 2358 2358 I sysui_multi_action: [757,0,758,1,759,0,927,2,928,0,1593,1]
11-04 01:51:48.035 2358 2358 I sysui_multi_action: [757,0,758,1,759,0,927,3,928,0,1593,1]
11-04 01:51:48.035 2358 2358 I sysui_multi_action: [757,491,758,1,759,491,927,4,928,0,1311,-1,1593,0]
11-04 01:51:48.035 2358 2358 I sysui_multi_action: [757,0,758,1,759,0,927,5,928,0,1593,0]
11-04 01:51:48.035 2358 2358 I sysui_multi_action: [757,111,758,1]
11-04 01:51:48.036 2358 2358 I sysui_multi_action: [757,126,758,1,759,126,927,0,928,1,1593,1]
11-04 01:51:48.036 2358 2358 I sysui_multi_action: [757,113,758,1,759,113,927,1,928,1,1593,1]
11-04 01:51:48.036 2358 2358 I sysui_multi_action: [757,0,758,1,759,0,927,2,928,0,1593,1]
11-04 01:51:48.036 2358 2358 I sysui_multi_action: [757,0,758,1,759,0,927,3,928,0,1593,1]
11-04 01:51:48.045 1474 1655 I am_wtf : [0,1474,system_server,-1,DisplayDeviceConfig,requesting nits when no mapping exists.]
11-04 01:51:48.045 1474 1655 I am_wtf : [0,1474,system_server,-1,DisplayDeviceConfig,requesting nits when no mapping exists.]
11-04 01:51:48.050 2358 2358 I sysui_multi_action: [757,111,758,2]
11-04 01:51:48.051 2358 2358 I sysui_multi_action: [757,111,758,2]
11-04 01:51:48.051 1474 1474 I notification_enqueue: [10081,2358,com.android.systemui,2048,NULL,0,Notification(channel=updateNotification shortcut=null contentView=null vibrate=null sound=null defaults=0x0 flags=0x0 color=0x00000000 vis=PRIVATE),1]
11-04 01:51:48.055 2358 2358 I sysui_multi_action: [757,111,758,1]
11-04 01:51:48.055 2358 2358 I sysui_multi_action: [757,126,758,1,759,126,927,0,928,1,1593,1]
11-04 01:51:48.055 2358 2358 I sysui_multi_action: [757,113,758,1,759,113,927,1,928,1,1593,1]
11-04 01:51:48.055 2358 2358 I sysui_multi_action: [757,0,758,1,759,0,927,2,928,0,1593,1]
11-04 01:51:48.055 2358 2358 I sysui_multi_action: [757,0,758,1,759,0,927,3,928,0,1593,1]
11-04 01:51:48.055 2358 2358 I sysui_multi_action: [757,491,758,1,759,491,927,4,928,0,1311,-1,1593,0]
11-04 01:51:48.055 2358 2358 I sysui_multi_action: [757,0,758,1,759,0,927,5,928,0,1593,0]
11-04 01:51:48.055 2358 2358 I sysui_multi_action: [757,111,758,1]
11-04 01:51:48.055 2358 2358 I sysui_multi_action: [757,126,758,1,759,126,927,0,928,1,1593,1]
11-04 01:51:48.055 2358 2358 I sysui_multi_action: [757,113,758,1,759,113,927,1,928,1,1593,1]
11-04 01:51:48.055 2358 2358 I sysui_multi_action: [757,0,758,1,759,0,927,2,928,0,1593,1]
11-04 01:51:48.055 2358 2358 I sysui_multi_action: [757,0,758,1,759,0,927,3,928,0,1593,1]
11-04 01:51:48.062 1474 1655 I am_wtf : [0,1474,system_server,-1,DisplayDeviceConfig,requesting nits when no mapping exists.]
11-04 01:51:48.063 1474 1655 I am_wtf : [0,1474,system_server,-1,DisplayDeviceConfig,requesting nits when no mapping exists.]
11-04 01:51:48.070 2358 2358 I sysui_multi_action: [757,111,758,2]
11-04 01:51:48.071 2358 2358 I sysui_multi_action: [757,111,758,2]
11-04 01:51:48.071 1474 1474 I notification_enqueue: [10081,2358,com.android.systemui,2048,NULL,0,Notification(channel=updateNotification shortcut=null contentView=null vibrate=null sound=null defaults=0x0 flags=0x0 color=0x00000000 vis=PRIVATE),1]
11-04 01:51:48.078 1474 1655 I am_wtf : [0,1474,system_server,-1,DisplayDeviceConfig,requesting nits when no mapping exists.]
11-04 01:51:48.079 1474 1655 I am_wtf : [0,1474,system_server,-1,DisplayDeviceConfig,requesting nits when no mapping exists.]
11-04 01:51:48.083 1474 1645 I input_focus: [Focus request c2f885b com.android.launcher3/com.android.launcher3.uioverrides.QuickstepLauncher,reason=UpdateInputWindows]
11-04 01:51:48.084 2358 2358 I sysui_multi_action: [757,111,758,1]
11-04 01:51:48.084 2358 2358 I sysui_multi_action: [757,126,758,1,759,126,927,0,928,1,1593,1]
11-04 01:51:48.084 2358 2358 I sysui_multi_action: [757,113,758,1,759,113,927,1,928,1,1593,1]
11-04 01:51:48.084 2358 2358 I sysui_multi_action: [757,0,758,1,759,0,927,2,928,0,1593,1]
11-04 01:51:48.084 2358 2358 I sysui_multi_action: [757,0,758,1,759,0,927,3,928,0,1593,1]
11-04 01:51:48.084 2358 2358 I sysui_multi_action: [757,491,758,1,759,491,927,4,928,0,1311,-1,1593,0]
11-04 01:51:48.084 2358 2358 I sysui_multi_action: [757,0,758,1,759,0,927,5,928,0,1593,0]
11-04 01:51:48.085 2358 2358 I sysui_multi_action: [757,111,758,1]
11-04 01:51:48.085 2358 2358 I sysui_multi_action: [757,126,758,1,759,126,927,0,928,1,1593,1]
11-04 01:51:48.085 2358 2358 I sysui_multi_action: [757,113,758,1,759,113,927,1,928,1,1593,1]
11-04 01:51:48.085 2358 2358 I sysui_multi_action: [757,0,758,1,759,0,927,2,928,0,1593,1]
11-04 01:51:48.085 2358 2358 I sysui_multi_action: [757,0,758,1,759,0,927,3,928,0,1593,1]
11-04 01:51:48.095 1474 1655 I am_wtf : [0,1474,system_server,-1,DisplayDeviceConfig,requesting nits when no mapping exists.]
11-04 01:51:48.096 1474 1655 I am_wtf : [0,1474,system_server,-1,DisplayDeviceConfig,requesting nits when no mapping exists.]
11-04 01:51:48.100 1474 2005 I input_focus: [Focus leaving 4d6f832 NotificationShade (server),reason=NOT_FOCUSABLE]
11-04 01:51:48.100 1474 2005 I input_focus: [Focus entering c2f885b com.android.launcher3/com.android.launcher3.uioverrides.QuickstepLauncher (server),reason=setFocusedWindow]
11-04 01:51:48.106 2358 2358 I sysui_multi_action: [757,111,758,2]
11-04 01:51:48.106 1474 1474 I notification_enqueue: [10081,2358,com.android.systemui,2048,NULL,0,Notification(channel=updateNotification shortcut=null contentView=null vibrate=null sound=null defaults=0x0 flags=0x0 color=0x00000000 vis=PRIVATE),1]
11-04 01:51:48.106 2358 2358 I sysui_multi_action: [757,111,758,2]
11-04 01:51:48.109 1474 5559 I sysui_multi_action: [757,128,758,2,793,257524,794,85058,795,257524,796,26,798,0,806,android,857,DEVELOPER_IMPORTANT,858,4,947,0,1395,3,1500,257321,1688,1]
11-04 01:51:48.110 1474 5559 I notification_visibility: [-1|android|26|null|1000,0,257524,257524,0,0]
11-04 01:51:48.111 1474 5559 I sysui_multi_action: [757,128,758,2,793,68529,794,67535,795,33690,796,17303299,797,com.android.wifi,798,1,806,android,857,NETWORK_AVAILABLE,858,2,947,0,1395,3,1500,33488,1688,1]
11-04 01:51:48.111 1474 5559 I notification_visibility: [0|android|17303299|com.android.wifi|1000,0,68529,33690,0,1]
11-04 01:51:48.111 1474 5559 I sysui_multi_action: [757,128,758,2,793,648453,794,85059,795,648453,796,32,798,2,806,android,857,USB,858,1,947,0,1395,3,1500,648036,1688,1]
11-04 01:51:48.111 1474 5559 I notification_visibility: [-1|android|32|null|1000,0,648453,648453,0,2]
11-04 01:51:48.111 1474 5559 I sysui_multi_action: [757,127,758,2]
11-04 01:51:48.111 1474 5559 I notification_panel_hidden:
11-04 01:51:48.113 1474 1655 I am_wtf : [0,1474,system_server,-1,DisplayDeviceConfig,requesting nits when no mapping exists.]
11-04 01:51:48.114 1474 1655 I am_wtf : [0,1474,system_server,-1,DisplayDeviceConfig,requesting nits when no mapping exists.]
11-04 01:51:48.128 1474 1655 I am_wtf : [0,1474,system_server,-1,DisplayDeviceConfig,requesting nits when no mapping exists.]
11-04 01:51:48.129 1474 1655 I am_wtf : [0,1474,system_server,-1,DisplayDeviceConfig,requesting nits when no mapping exists.]
11-04 01:51:48.132 2358 2358 I sysui_multi_action: [757,111,758,1]
11-04 01:51:48.132 2358 2358 I sysui_multi_action: [757,126,758,1,759,126,927,0,928,1,1593,0]
11-04 01:51:48.132 2358 2358 I sysui_multi_action: [757,113,758,1,759,113,927,1,928,1,1593,0]
11-04 01:51:48.132 2358 2358 I sysui_multi_action: [757,0,758,1,759,0,927,2,928,0,1593,0]
11-04 01:51:48.132 2358 2358 I sysui_multi_action: [757,0,758,1,759,0,927,3,928,0,1593,0]
11-04 01:51:48.132 2358 2358 I sysui_multi_action: [757,491,758,1,759,491,927,4,928,0,1311,-1,1593,0]
11-04 01:51:48.132 2358 2358 I sysui_multi_action: [757,0,758,1,759,0,927,5,928,0,1593,0]
11-04 01:51:48.132 2358 2358 I sysui_multi_action: [757,111,758,1]
11-04 01:51:48.132 2358 2358 I sysui_multi_action: [757,126,758,1,759,126,927,0,928,1,1593,0]
11-04 01:51:48.132 2358 2358 I sysui_multi_action: [757,113,758,1,759,113,927,1,928,1,1593,0]
11-04 01:51:48.132 2358 2358 I sysui_multi_action: [757,0,758,1,759,0,927,2,928,0,1593,0]
11-04 01:51:48.132 2358 2358 I sysui_multi_action: [757,0,758,1,759,0,927,3,928,0,1593,0]
11-04 01:51:48.145 1474 1655 I am_wtf : [0,1474,system_server,-1,DisplayDeviceConfig,requesting nits when no mapping exists.]
11-04 01:51:48.146 1474 1655 I am_wtf : [0,1474,system_server,-1,DisplayDeviceConfig,requesting nits when no mapping exists.]
11-04 01:51:48.162 1474 1655 I am_wtf : [0,1474,system_server,-1,DisplayDeviceConfig,requesting nits when no mapping exists.]
11-04 01:51:48.163 1474 1655 I am_wtf : [0,1474,system_server,-1,DisplayDeviceConfig,requesting nits when no mapping exists.]
11-04 01:51:48.178 1474 1655 I am_wtf : [0,1474,system_server,-1,DisplayDeviceConfig,requesting nits when no mapping exists.]
11-04 01:51:48.179 1474 1655 I am_wtf : [0,1474,system_server,-1,DisplayDeviceConfig,requesting nits when no mapping exists.]
11-04 01:51:48.195 1474 1655 I am_wtf : [0,1474,system_server,-1,DisplayDeviceConfig,requesting nits when no mapping exists.]
11-04 01:51:48.196 1474 1655 I am_wtf : [0,1474,system_server,-1,DisplayDeviceConfig,requesting nits when no mapping exists.]
11-04 01:51:48.212 1474 1655 I am_wtf : [0,1474,system_server,-1,DisplayDeviceConfig,requesting nits when no mapping exists.]
11-04 01:51:48.213 1474 1655 I am_wtf : [0,1474,system_server,-1,DisplayDeviceConfig,requesting nits when no mapping exists.]
11-04 01:51:48.228 1474 1655 I am_wtf : [0,1474,system_server,-1,DisplayDeviceConfig,requesting nits when no mapping exists.]
11-04 01:51:48.229 1474 1655 I am_wtf : [0,1474,system_server,-1,DisplayDeviceConfig,requesting nits when no mapping exists.]
11-04 01:51:48.245 1474 1655 I am_wtf : [0,1474,system_server,-1,DisplayDeviceConfig,requesting nits when no mapping exists.]
11-04 01:51:48.246 1474 1655 I am_wtf : [0,1474,system_server,-1,DisplayDeviceConfig,requesting nits when no mapping exists.]
11-04 01:51:48.262 1474 1655 I am_wtf : [0,1474,system_server,-1,DisplayDeviceConfig,requesting nits when no mapping exists.]
11-04 01:51:48.263 1474 1655 I am_wtf : [0,1474,system_server,-1,DisplayDeviceConfig,requesting nits when no mapping exists.]
11-04 01:51:48.279 1474 1655 I am_wtf : [0,1474,system_server,-1,DisplayDeviceConfig,requesting nits when no mapping exists.]
11-04 01:51:48.280 1474 1655 I am_wtf : [0,1474,system_server,-1,DisplayDeviceConfig,requesting nits when no mapping exists.]
11-04 01:51:48.295 1474 1655 I am_wtf : [0,1474,system_server,-1,DisplayDeviceConfig,requesting nits when no mapping exists.]
11-04 01:51:48.296 1474 1655 I am_wtf : [0,1474,system_server,-1,DisplayDeviceConfig,requesting nits when no mapping exists.]
11-04 01:51:48.312 1474 1655 I am_wtf : [0,1474,system_server,-1,DisplayDeviceConfig,requesting nits when no mapping exists.]
11-04 01:51:48.313 1474 1655 I am_wtf : [0,1474,system_server,-1,DisplayDeviceConfig,requesting nits when no mapping exists.]
11-04 01:51:48.329 1474 1655 I am_wtf : [0,1474,system_server,-1,DisplayDeviceConfig,requesting nits when no mapping exists.]
11-04 01:51:48.330 1474 1655 I am_wtf : [0,1474,system_server,-1,DisplayDeviceConfig,requesting nits when no mapping exists.]
11-04 01:51:48.346 1474 1655 I am_wtf : [0,1474,system_server,-1,DisplayDeviceConfig,requesting nits when no mapping exists.]
11-04 01:51:48.347 1474 1655 I am_wtf : [0,1474,system_server,-1,DisplayDeviceConfig,requesting nits when no mapping exists.]
11-04 01:51:48.362 1474 1655 I am_wtf : [0,1474,system_server,-1,DisplayDeviceConfig,requesting nits when no mapping exists.]
11-04 01:51:48.363 1474 1655 I am_wtf : [0,1474,system_server,-1,DisplayDeviceConfig,requesting nits when no mapping exists.]
11-04 01:51:48.379 1474 1655 I am_wtf : [0,1474,system_server,-1,DisplayDeviceConfig,requesting nits when no mapping exists.]
11-04 01:51:48.380 1474 1655 I am_wtf : [0,1474,system_server,-1,DisplayDeviceConfig,requesting nits when no mapping exists.]
11-04 01:51:49.127 1474 2005 I input_interaction: Interaction with: c2f885b com.android.launcher3/com.android.launcher3.uioverrides.QuickstepLauncher (server), 6b99821 com.android.systemui.ImageWallpaper (server), edge-swipe (server), swipe-up (server), PointerEventDispatcher0 (server),
11-04 01:51:49.310 1474 3586 I sysui_multi_action: [757,127,758,1]
11-04 01:51:49.311 1474 3586 I sysui_multi_action: [757,804,799,note_load,801,3,802,1]
11-04 01:51:49.311 1474 3586 I notification_panel_revealed: 3
11-04 01:51:49.324 1474 1645 I input_focus: [Focus request 4d6f832 NotificationShade,reason=UpdateInputWindows]
11-04 01:51:49.338 1474 2005 I input_focus: [Focus leaving c2f885b com.android.launcher3/com.android.launcher3.uioverrides.QuickstepLauncher (server),reason=setFocusedWindow]
11-04 01:51:49.338 1474 2005 I input_focus: [Focus entering 4d6f832 NotificationShade (server),reason=setFocusedWindow]
11-04 01:51:49.345 1474 2005 I input_interaction: Interaction with: c2f885b com.android.launcher3/com.android.launcher3.uioverrides.QuickstepLauncher (server), 6b99821 com.android.systemui.ImageWallpaper (server), 4d6f832 NotificationShade (server), edge-swipe (server), swipe-up (server), PointerEventDispatcher0 (server),
11-04 01:51:49.345 2809 2809 I view_enqueue_input_event: [Motion - Cancel,com.android.launcher3/com.android.launcher3.uioverrides.QuickstepLauncher]
11-04 01:51:49.346 2358 2358 I sysui_multi_action: [757,803,799,panel_open,802,1]
11-04 01:51:49.346 1474 2005 I input_interaction: Interaction with: 6b99821 com.android.systemui.ImageWallpaper (server), 4d6f832 NotificationShade (server), edge-swipe (server), swipe-up (server), PointerEventDispatcher0 (server),
11-04 01:51:49.347 2358 2358 I sysui_multi_action: [757,1328,758,4,1326,58,1327,19,1329,0]
11-04 01:51:49.350 2358 2358 I sysui_multi_action: [757,111,758,2]
11-04 01:51:49.350 2358 2358 I sysui_multi_action: [757,111,758,2]
11-04 01:51:49.350 1474 1474 I notification_enqueue: [10081,2358,com.android.systemui,2048,NULL,0,Notification(channel=updateNotification shortcut=null contentView=null vibrate=null sound=null defaults=0x0 flags=0x0 color=0x00000000 vis=PRIVATE),1]
11-04 01:51:49.357 2358 2358 I sysui_multi_action: [757,111,758,1]
11-04 01:51:49.357 2358 2358 I sysui_multi_action: [757,126,758,1,759,126,927,0,928,1,1593,0]
11-04 01:51:49.357 2358 2358 I sysui_multi_action: [757,113,758,1,759,113,927,1,928,1,1593,0]
11-04 01:51:49.357 2358 2358 I sysui_multi_action: [757,0,758,1,759,0,927,2,928,0,1593,0]
11-04 01:51:49.357 2358 2358 I sysui_multi_action: [757,0,758,1,759,0,927,3,928,0,1593,0]
11-04 01:51:49.358 2358 2358 I sysui_multi_action: [757,491,758,1,759,491,927,4,928,0,1311,-1,1593,0]
11-04 01:51:49.358 2358 2358 I sysui_multi_action: [757,0,758,1,759,0,927,5,928,0,1593,0]
11-04 01:51:49.358 2358 2358 I sysui_multi_action: [757,111,758,1]
11-04 01:51:49.358 2358 2358 I sysui_multi_action: [757,126,758,1,759,126,927,0,928,1,1593,0]
11-04 01:51:49.358 2358 2358 I sysui_multi_action: [757,113,758,1,759,113,927,1,928,1,1593,0]
11-04 01:51:49.358 2358 2358 I sysui_multi_action: [757,0,758,1,759,0,927,2,928,0,1593,0]
11-04 01:51:49.358 2358 2358 I sysui_multi_action: [757,0,758,1,759,0,927,3,928,0,1593,0]
11-04 01:51:49.371 2358 2358 I sysui_multi_action: [757,111,758,2]
11-04 01:51:49.371 1474 1474 I notification_enqueue: [10081,2358,com.android.systemui,2048,NULL,0,Notification(channel=updateNotification shortcut=null contentView=null vibrate=null sound=null defaults=0x0 flags=0x0 color=0x00000000 vis=PRIVATE),1]
11-04 01:51:49.371 2358 2358 I sysui_multi_action: [757,111,758,2]
11-04 01:51:49.375 2358 2358 I sysui_multi_action: [757,111,758,1]
11-04 01:51:49.375 2358 2358 I sysui_multi_action: [757,126,758,1,759,126,927,0,928,1,1593,0]
11-04 01:51:49.375 2358 2358 I sysui_multi_action: [757,113,758,1,759,113,927,1,928,1,1593,0]
11-04 01:51:49.375 2358 2358 I sysui_multi_action: [757,0,758,1,759,0,927,2,928,0,1593,0]
11-04 01:51:49.375 2358 2358 I sysui_multi_action: [757,0,758,1,759,0,927,3,928,0,1593,0]
11-04 01:51:49.375 2358 2358 I sysui_multi_action: [757,491,758,1,759,491,927,4,928,0,1311,-1,1593,0]
11-04 01:51:49.375 2358 2358 I sysui_multi_action: [757,0,758,1,759,0,927,5,928,0,1593,0]
11-04 01:51:49.375 2358 2358 I sysui_multi_action: [757,111,758,1]
11-04 01:51:49.375 2358 2358 I sysui_multi_action: [757,126,758,1,759,126,927,0,928,1,1593,0]
11-04 01:51:49.375 2358 2358 I sysui_multi_action: [757,113,758,1,759,113,927,1,928,1,1593,0]
11-04 01:51:49.375 2358 2358 I sysui_multi_action: [757,0,758,1,759,0,927,2,928,0,1593,0]
11-04 01:51:49.375 2358 2358 I sysui_multi_action: [757,0,758,1,759,0,927,3,928,0,1593,0]
11-04 01:51:49.386 2358 2358 I sysui_multi_action: [757,111,758,2]
11-04 01:51:49.386 1474 1474 I notification_enqueue: [10081,2358,com.android.systemui,2048,NULL,0,Notification(channel=updateNotification shortcut=null contentView=null vibrate=null sound=null defaults=0x0 flags=0x0 color=0x00000000 vis=PRIVATE),1]
11-04 01:51:49.386 2358 2358 I sysui_multi_action: [757,111,758,2]
11-04 01:51:49.393 2358 2358 I sysui_multi_action: [757,111,758,1]
11-04 01:51:49.394 2358 2358 I sysui_multi_action: [757,126,758,1,759,126,927,0,928,1,1593,0]
11-04 01:51:49.394 2358 2358 I sysui_multi_action: [757,113,758,1,759,113,927,1,928,1,1593,0]
11-04 01:51:49.394 2358 2358 I sysui_multi_action: [757,0,758,1,759,0,927,2,928,0,1593,0]
11-04 01:51:49.394 2358 2358 I sysui_multi_action: [757,0,758,1,759,0,927,3,928,0,1593,0]
11-04 01:51:49.394 2358 2358 I sysui_multi_action: [757,491,758,1,759,491,927,4,928,0,1311,-1,1593,0]
11-04 01:51:49.394 2358 2358 I sysui_multi_action: [757,0,758,1,759,0,927,5,928,0,1593,0]
11-04 01:51:49.394 2358 2358 I sysui_multi_action: [757,111,758,1]
11-04 01:51:49.394 2358 2358 I sysui_multi_action: [757,126,758,1,759,126,927,0,928,1,1593,0]
11-04 01:51:49.394 2358 2358 I sysui_multi_action: [757,113,758,1,759,113,927,1,928,1,1593,0]
11-04 01:51:49.394 2358 2358 I sysui_multi_action: [757,0,758,1,759,0,927,2,928,0,1593,0]
11-04 01:51:49.394 2358 2358 I sysui_multi_action: [757,0,758,1,759,0,927,3,928,0,1593,0]
11-04 01:51:49.407 2358 2358 I sysui_multi_action: [757,111,758,2]
11-04 01:51:49.407 1474 1474 I notification_enqueue: [10081,2358,com.android.systemui,2048,NULL,0,Notification(channel=updateNotification shortcut=null contentView=null vibrate=null sound=null defaults=0x0 flags=0x0 color=0x00000000 vis=PRIVATE),1]
11-04 01:51:49.407 2358 2358 I sysui_multi_action: [757,111,758,2]
11-04 01:51:49.411 2358 2358 I sysui_multi_action: [757,111,758,1]
11-04 01:51:49.411 2358 2358 I sysui_multi_action: [757,126,758,1,759,126,927,0,928,1,1593,0]
11-04 01:51:49.411 2358 2358 I sysui_multi_action: [757,113,758,1,759,113,927,1,928,1,1593,0]
11-04 01:51:49.411 2358 2358 I sysui_multi_action: [757,0,758,1,759,0,927,2,928,0,1593,0]
11-04 01:51:49.411 2358 2358 I sysui_multi_action: [757,0,758,1,759,0,927,3,928,0,1593,0]
11-04 01:51:49.411 2358 2358 I sysui_multi_action: [757,491,758,1,759,491,927,4,928,0,1311,-1,1593,0]
11-04 01:51:49.411 2358 2358 I sysui_multi_action: [757,0,758,1,759,0,927,5,928,0,1593,0]
11-04 01:51:49.411 2358 2358 I sysui_multi_action: [757,111,758,1]
11-04 01:51:49.411 2358 2358 I sysui_multi_action: [757,126,758,1,759,126,927,0,928,1,1593,0]
11-04 01:51:49.411 2358 2358 I sysui_multi_action: [757,113,758,1,759,113,927,1,928,1,1593,0]
11-04 01:51:49.411 2358 2358 I sysui_multi_action: [757,0,758,1,759,0,927,2,928,0,1593,0]
11-04 01:51:49.411 2358 2358 I sysui_multi_action: [757,0,758,1,759,0,927,3,928,0,1593,0]
11-04 01:51:49.425 2358 2358 I sysui_multi_action: [757,111,758,2]
11-04 01:51:49.425 2358 2358 I sysui_multi_action: [757,111,758,2]
11-04 01:51:49.426 1474 1474 I notification_enqueue: [10081,2358,com.android.systemui,2048,NULL,0,Notification(channel=updateNotification shortcut=null contentView=null vibrate=null sound=null defaults=0x0 flags=0x0 color=0x00000000 vis=PRIVATE),1]
11-04 01:51:49.429 2358 2358 I sysui_multi_action: [757,111,758,1]
11-04 01:51:49.429 2358 2358 I sysui_multi_action: [757,126,758,1,759,126,927,0,928,1,1593,0]
11-04 01:51:49.429 2358 2358 I sysui_multi_action: [757,113,758,1,759,113,927,1,928,1,1593,0]
11-04 01:51:49.429 2358 2358 I sysui_multi_action: [757,0,758,1,759,0,927,2,928,0,1593,0]
11-04 01:51:49.429 2358 2358 I sysui_multi_action: [757,0,758,1,759,0,927,3,928,0,1593,0]
11-04 01:51:49.429 2358 2358 I sysui_multi_action: [757,491,758,1,759,491,927,4,928,0,1311,-1,1593,0]
11-04 01:51:49.430 2358 2358 I sysui_multi_action: [757,0,758,1,759,0,927,5,928,0,1593,0]
11-04 01:51:49.430 2358 2358 I sysui_multi_action: [757,111,758,1]
11-04 01:51:49.430 2358 2358 I sysui_multi_action: [757,126,758,1,759,126,927,0,928,1,1593,0]
11-04 01:51:49.430 2358 2358 I sysui_multi_action: [757,113,758,1,759,113,927,1,928,1,1593,0]
11-04 01:51:49.430 2358 2358 I sysui_multi_action: [757,0,758,1,759,0,927,2,928,0,1593,0]
11-04 01:51:49.430 2358 2358 I sysui_multi_action: [757,0,758,1,759,0,927,3,928,0,1593,0]
11-04 01:51:49.445 2358 2358 I sysui_multi_action: [757,111,758,2]
11-04 01:51:49.445 2358 2358 I sysui_multi_action: [757,111,758,2]
11-04 01:51:49.445 1474 1474 I notification_enqueue: [10081,2358,com.android.systemui,2048,NULL,0,Notification(channel=updateNotification shortcut=null contentView=null vibrate=null sound=null defaults=0x0 flags=0x0 color=0x00000000 vis=PRIVATE),1]
11-04 01:51:49.448 2358 2358 I sysui_multi_action: [757,111,758,1]
11-04 01:51:49.449 2358 2358 I sysui_multi_action: [757,126,758,1,759,126,927,0,928,1,1593,0]
11-04 01:51:49.449 2358 2358 I sysui_multi_action: [757,113,758,1,759,113,927,1,928,1,1593,0]
11-04 01:51:49.449 2358 2358 I sysui_multi_action: [757,0,758,1,759,0,927,2,928,0,1593,0]
11-04 01:51:49.449 2358 2358 I sysui_multi_action: [757,0,758,1,759,0,927,3,928,0,1593,0]
11-04 01:51:49.449 2358 2358 I sysui_multi_action: [757,491,758,1,759,491,927,4,928,0,1311,-1,1593,0]
11-04 01:51:49.449 2358 2358 I sysui_multi_action: [757,0,758,1,759,0,927,5,928,0,1593,0]
11-04 01:51:49.449 2358 2358 I sysui_multi_action: [757,111,758,1]
11-04 01:51:49.449 2358 2358 I sysui_multi_action: [757,126,758,1,759,126,927,0,928,1,1593,0]
11-04 01:51:49.449 2358 2358 I sysui_multi_action: [757,113,758,1,759,113,927,1,928,1,1593,0]
11-04 01:51:49.449 2358 2358 I sysui_multi_action: [757,0,758,1,759,0,927,2,928,0,1593,0]
11-04 01:51:49.449 2358 2358 I sysui_multi_action: [757,0,758,1,759,0,927,3,928,0,1593,0]
11-04 01:51:49.463 2358 2358 I sysui_multi_action: [757,111,758,2]
11-04 01:51:49.463 2358 2358 I sysui_multi_action: [757,111,758,2]
11-04 01:51:49.464 1474 1474 I notification_enqueue: [10081,2358,com.android.systemui,2048,NULL,0,Notification(channel=updateNotification shortcut=null contentView=null vibrate=null sound=null defaults=0x0 flags=0x0 color=0x00000000 vis=PRIVATE),1]
11-04 01:51:49.468 2358 2358 I sysui_multi_action: [757,111,758,1]
11-04 01:51:49.468 2358 2358 I sysui_multi_action: [757,126,758,1,759,126,927,0,928,1,1593,0]
11-04 01:51:49.468 2358 2358 I sysui_multi_action: [757,113,758,1,759,113,927,1,928,1,1593,0]
11-04 01:51:49.468 2358 2358 I sysui_multi_action: [757,0,758,1,759,0,927,2,928,0,1593,0]
11-04 01:51:49.468 2358 2358 I sysui_multi_action: [757,0,758,1,759,0,927,3,928,0,1593,0]
11-04 01:51:49.468 2358 2358 I sysui_multi_action: [757,491,758,1,759,491,927,4,928,0,1311,-1,1593,0]
11-04 01:51:49.468 2358 2358 I sysui_multi_action: [757,0,758,1,759,0,927,5,928,0,1593,0]
11-04 01:51:49.468 2358 2358 I sysui_multi_action: [757,111,758,1]
11-04 01:51:49.468 2358 2358 I sysui_multi_action: [757,126,758,1,759,126,927,0,928,1,1593,0]
11-04 01:51:49.468 2358 2358 I sysui_multi_action: [757,113,758,1,759,113,927,1,928,1,1593,0]
11-04 01:51:49.468 2358 2358 I sysui_multi_action: [757,0,758,1,759,0,927,2,928,0,1593,0]
11-04 01:51:49.468 2358 2358 I sysui_multi_action: [757,0,758,1,759,0,927,3,928,0,1593,0]
11-04 01:51:49.483 2358 2358 I sysui_multi_action: [757,111,758,2]
11-04 01:51:49.483 2358 2358 I sysui_multi_action: [757,111,758,2]
11-04 01:51:49.484 1474 1474 I notification_enqueue: [10081,2358,com.android.systemui,2048,NULL,0,Notification(channel=updateNotification shortcut=null contentView=null vibrate=null sound=null defaults=0x0 flags=0x0 color=0x00000000 vis=PRIVATE),1]
11-04 01:51:49.487 2358 2358 I sysui_multi_action: [757,111,758,1]
11-04 01:51:49.487 2358 2358 I sysui_multi_action: [757,126,758,1,759,126,927,0,928,1,1593,0]
11-04 01:51:49.487 2358 2358 I sysui_multi_action: [757,113,758,1,759,113,927,1,928,1,1593,0]
11-04 01:51:49.487 2358 2358 I sysui_multi_action: [757,0,758,1,759,0,927,2,928,0,1593,0]
11-04 01:51:49.487 2358 2358 I sysui_multi_action: [757,0,758,1,759,0,927,3,928,0,1593,0]
11-04 01:51:49.487 2358 2358 I sysui_multi_action: [757,491,758,1,759,491,927,4,928,0,1311,-1,1593,0]
11-04 01:51:49.488 2358 2358 I sysui_multi_action: [757,0,758,1,759,0,927,5,928,0,1593,0]
11-04 01:51:49.488 2358 2358 I sysui_multi_action: [757,111,758,1]
11-04 01:51:49.488 2358 2358 I sysui_multi_action: [757,126,758,1,759,126,927,0,928,1,1593,0]
11-04 01:51:49.488 2358 2358 I sysui_multi_action: [757,113,758,1,759,113,927,1,928,1,1593,0]
11-04 01:51:49.488 2358 2358 I sysui_multi_action: [757,0,758,1,759,0,927,2,928,0,1593,0]
11-04 01:51:49.488 2358 2358 I sysui_multi_action: [757,0,758,1,759,0,927,3,928,0,1593,0]
11-04 01:51:49.503 2358 2358 I sysui_multi_action: [757,111,758,2]
11-04 01:51:49.503 2358 2358 I sysui_multi_action: [757,111,758,2]
11-04 01:51:49.503 1474 1474 I notification_enqueue: [10081,2358,com.android.systemui,2048,NULL,0,Notification(channel=updateNotification shortcut=null contentView=null vibrate=null sound=null defaults=0x0 flags=0x0 color=0x00000000 vis=PRIVATE),1]
11-04 01:51:49.507 2358 2358 I sysui_multi_action: [757,111,758,1]
11-04 01:51:49.507 2358 2358 I sysui_multi_action: [757,126,758,1,759,126,927,0,928,1,1593,0]
11-04 01:51:49.507 2358 2358 I sysui_multi_action: [757,113,758,1,759,113,927,1,928,1,1593,0]
11-04 01:51:49.507 2358 2358 I sysui_multi_action: [757,0,758,1,759,0,927,2,928,0,1593,0]
11-04 01:51:49.507 2358 2358 I sysui_multi_action: [757,0,758,1,759,0,927,3,928,0,1593,0]
11-04 01:51:49.507 2358 2358 I sysui_multi_action: [757,491,758,1,759,491,927,4,928,0,1311,-1,1593,0]
11-04 01:51:49.507 2358 2358 I sysui_multi_action: [757,0,758,1,759,0,927,5,928,0,1593,0]
11-04 01:51:49.507 2358 2358 I sysui_multi_action: [757,111,758,1]
11-04 01:51:49.507 2358 2358 I sysui_multi_action: [757,126,758,1,759,126,927,0,928,1,1593,0]
11-04 01:51:49.507 2358 2358 I sysui_multi_action: [757,113,758,1,759,113,927,1,928,1,1593,0]
11-04 01:51:49.507 2358 2358 I sysui_multi_action: [757,0,758,1,759,0,927,2,928,0,1593,0]
11-04 01:51:49.508 2358 2358 I sysui_multi_action: [757,0,758,1,759,0,927,3,928,0,1593,0]
