11-04 02:09:04.556 1474 1655 I am_wtf : [0,1474,system_server,-1,DisplayDeviceConfig,requesting nits when no mapping exists.]
11-04 02:09:04.556 1474 1655 I am_wtf : [0,1474,system_server,-1,DisplayDeviceConfig,requesting nits when no mapping exists.]
11-04 02:09:04.570 1474 1655 I am_wtf : [0,1474,system_server,-1,DisplayDeviceConfig,requesting nits when no mapping exists.]
11-04 02:09:04.571 1474 1655 I am_wtf : [0,1474,system_server,-1,DisplayDeviceConfig,requesting nits when no mapping exists.]
11-04 02:09:04.588 1474 1655 I am_wtf : [0,1474,system_server,-1,DisplayDeviceConfig,requesting nits when no mapping exists.]
11-04 02:09:04.589 1474 1655 I am_wtf : [0,1474,system_server,-1,DisplayDeviceConfig,requesting nits when no mapping exists.]
11-04 02:09:04.604 1474 1655 I am_wtf : [0,1474,system_server,-1,DisplayDeviceConfig,requesting nits when no mapping exists.]
11-04 02:09:04.606 1474 1655 I am_wtf : [0,1474,system_server,-1,DisplayDeviceConfig,requesting nits when no mapping exists.]
11-04 02:09:04.607 1474 1655 I service_manager_stats: [100,50,6971]
11-04 02:09:04.623 1474 1655 I am_wtf : [0,1474,system_server,-1,DisplayDeviceConfig,requesting nits when no mapping exists.]
11-04 02:09:04.624 1474 1655 I am_wtf : [0,1474,system_server,-1,DisplayDeviceConfig,requesting nits when no mapping exists.]
11-04 02:09:04.638 1474 1655 I am_wtf : [0,1474,system_server,-1,DisplayDeviceConfig,requesting nits when no mapping exists.]
11-04 02:09:04.641 1474 1655 I am_wtf : [0,1474,system_server,-1,DisplayDeviceConfig,requesting nits when no mapping exists.]
11-04 02:09:04.654 1474 1655 I am_wtf : [0,1474,system_server,-1,DisplayDeviceConfig,requesting nits when no mapping exists.]
11-04 02:09:04.656 1474 1655 I am_wtf : [0,1474,system_server,-1,DisplayDeviceConfig,requesting nits when no mapping exists.]
11-04 02:09:04.670 1474 1655 I am_wtf : [0,1474,system_server,-1,DisplayDeviceConfig,requesting nits when no mapping exists.]
11-04 02:09:04.672 1474 1655 I am_wtf : [0,1474,system_server,-1,DisplayDeviceConfig,requesting nits when no mapping exists.]
11-04 02:09:04.688 1474 1644 I wm_stop_activity: [0,52432955,com.android.settings/.Settings]
11-04 02:09:04.690 1474 1655 I am_wtf : [0,1474,system_server,-1,DisplayDeviceConfig,requesting nits when no mapping exists.]
11-04 02:09:04.692 1474 1655 I am_wtf : [0,1474,system_server,-1,DisplayDeviceConfig,requesting nits when no mapping exists.]
11-04 02:09:04.704 1474 1655 I am_wtf : [0,1474,system_server,-1,DisplayDeviceConfig,requesting nits when no mapping exists.]
11-04 02:09:04.706 1474 1655 I am_wtf : [0,1474,system_server,-1,DisplayDeviceConfig,requesting nits when no mapping exists.]
11-04 02:09:04.724 1474 1655 I am_wtf : [0,1474,system_server,-1,DisplayDeviceConfig,requesting nits when no mapping exists.]
11-04 02:09:04.725 1474 1655 I am_wtf : [0,1474,system_server,-1,DisplayDeviceConfig,requesting nits when no mapping exists.]
11-04 02:09:04.737 1474 1655 I am_wtf : [0,1474,system_server,-1,DisplayDeviceConfig,requesting nits when no mapping exists.]
11-04 02:09:04.737 1474 1655 I am_wtf : [0,1474,system_server,-1,DisplayDeviceConfig,requesting nits when no mapping exists.]
11-04 02:09:04.738 7906 7906 I wm_on_stop_called: [52432955,com.android.settings.Settings,STOP_ACTIVITY_ITEM]
11-04 02:09:04.756 1474 1655 I am_wtf : [0,1474,system_server,-1,DisplayDeviceConfig,requesting nits when no mapping exists.]
11-04 02:09:04.758 1474 1655 I am_wtf : [0,1474,system_server,-1,DisplayDeviceConfig,requesting nits when no mapping exists.]
11-04 02:09:04.771 1474 1655 I am_wtf : [0,1474,system_server,-1,DisplayDeviceConfig,requesting nits when no mapping exists.]
11-04 02:09:04.773 1474 1655 I am_wtf : [0,1474,system_server,-1,DisplayDeviceConfig,requesting nits when no mapping exists.]
11-04 02:09:04.787 1474 1655 I am_wtf : [0,1474,system_server,-1,DisplayDeviceConfig,requesting nits when no mapping exists.]
11-04 02:09:04.789 1474 1655 I am_wtf : [0,1474,system_server,-1,DisplayDeviceConfig,requesting nits when no mapping exists.]
11-04 02:09:04.803 1474 1655 I am_wtf : [0,1474,system_server,-1,DisplayDeviceConfig,requesting nits when no mapping exists.]
11-04 02:09:04.804 1474 1655 I am_wtf : [0,1474,system_server,-1,DisplayDeviceConfig,requesting nits when no mapping exists.]
11-04 02:09:04.821 1474 1655 I am_wtf : [0,1474,system_server,-1,DisplayDeviceConfig,requesting nits when no mapping exists.]
11-04 02:09:04.822 1474 1655 I am_wtf : [0,1474,system_server,-1,DisplayDeviceConfig,requesting nits when no mapping exists.]
11-04 02:09:04.838 1474 1655 I am_wtf : [0,1474,system_server,-1,DisplayDeviceConfig,requesting nits when no mapping exists.]
11-04 02:09:04.839 1474 1655 I am_wtf : [0,1474,system_server,-1,DisplayDeviceConfig,requesting nits when no mapping exists.]
11-04 02:09:04.853 1474 1655 I am_wtf : [0,1474,system_server,-1,DisplayDeviceConfig,requesting nits when no mapping exists.]
11-04 02:09:04.854 1474 1655 I am_wtf : [0,1474,system_server,-1,DisplayDeviceConfig,requesting nits when no mapping exists.]
11-04 02:09:04.868 1474 1655 I am_wtf : [0,1474,system_server,-1,DisplayDeviceConfig,requesting nits when no mapping exists.]
11-04 02:09:04.870 1474 1655 I am_wtf : [0,1474,system_server,-1,DisplayDeviceConfig,requesting nits when no mapping exists.]
11-04 02:09:04.886 1474 1655 I am_wtf : [0,1474,system_server,-1,DisplayDeviceConfig,requesting nits when no mapping exists.]
11-04 02:09:04.887 1474 1655 I am_wtf : [0,1474,system_server,-1,DisplayDeviceConfig,requesting nits when no mapping exists.]
11-04 02:09:04.903 1474 1655 I am_wtf : [0,1474,system_server,-1,DisplayDeviceConfig,requesting nits when no mapping exists.]
11-04 02:09:04.904 1474 1655 I am_wtf : [0,1474,system_server,-1,DisplayDeviceConfig,requesting nits when no mapping exists.]
11-04 02:09:04.919 1474 1655 I am_wtf : [0,1474,system_server,-1,DisplayDeviceConfig,requesting nits when no mapping exists.]
11-04 02:09:04.920 1474 1655 I am_wtf : [0,1474,system_server,-1,DisplayDeviceConfig,requesting nits when no mapping exists.]
11-04 02:09:04.936 1474 1655 I am_wtf : [0,1474,system_server,-1,DisplayDeviceConfig,requesting nits when no mapping exists.]
11-04 02:09:04.937 1474 1655 I am_wtf : [0,1474,system_server,-1,DisplayDeviceConfig,requesting nits when no mapping exists.]
11-04 02:09:04.954 1474 1655 I am_wtf : [0,1474,system_server,-1,DisplayDeviceConfig,requesting nits when no mapping exists.]
11-04 02:09:04.956 1474 1655 I am_wtf : [0,1474,system_server,-1,DisplayDeviceConfig,requesting nits when no mapping exists.]
11-04 02:09:04.969 1474 1655 I am_wtf : [0,1474,system_server,-1,DisplayDeviceConfig,requesting nits when no mapping exists.]
11-04 02:09:04.971 1474 1655 I am_wtf : [0,1474,system_server,-1,DisplayDeviceConfig,requesting nits when no mapping exists.]
11-04 02:09:04.985 1474 1655 I am_wtf : [0,1474,system_server,-1,DisplayDeviceConfig,requesting nits when no mapping exists.]
11-04 02:09:04.986 1474 1655 I am_wtf : [0,1474,system_server,-1,DisplayDeviceConfig,requesting nits when no mapping exists.]
11-04 02:09:05.005 1474 1655 I am_wtf : [0,1474,system_server,-1,DisplayDeviceConfig,requesting nits when no mapping exists.]
11-04 02:09:05.006 1474 1655 I am_wtf : [0,1474,system_server,-1,DisplayDeviceConfig,requesting nits when no mapping exists.]
11-04 02:09:05.019 1474 1655 I am_wtf : [0,1474,system_server,-1,DisplayDeviceConfig,requesting nits when no mapping exists.]
11-04 02:09:05.021 1474 1655 I am_wtf : [0,1474,system_server,-1,DisplayDeviceConfig,requesting nits when no mapping exists.]
11-04 02:09:05.036 1474 1655 I am_wtf : [0,1474,system_server,-1,DisplayDeviceConfig,requesting nits when no mapping exists.]
11-04 02:09:05.037 1474 1655 I am_wtf : [0,1474,system_server,-1,DisplayDeviceConfig,requesting nits when no mapping exists.]
11-04 02:09:05.052 1474 1655 I am_wtf : [0,1474,system_server,-1,DisplayDeviceConfig,requesting nits when no mapping exists.]
11-04 02:09:05.053 1474 1655 I am_wtf : [0,1474,system_server,-1,DisplayDeviceConfig,requesting nits when no mapping exists.]
11-04 02:09:05.069 1474 1655 I am_wtf : [0,1474,system_server,-1,DisplayDeviceConfig,requesting nits when no mapping exists.]
11-04 02:09:05.070 1474 1655 I am_wtf : [0,1474,system_server,-1,DisplayDeviceConfig,requesting nits when no mapping exists.]
11-04 02:09:05.087 1474 1655 I am_wtf : [0,1474,system_server,-1,DisplayDeviceConfig,requesting nits when no mapping exists.]
11-04 02:09:05.088 1474 1655 I am_wtf : [0,1474,system_server,-1,DisplayDeviceConfig,requesting nits when no mapping exists.]
11-04 02:09:05.104 1474 1655 I am_wtf : [0,1474,system_server,-1,DisplayDeviceConfig,requesting nits when no mapping exists.]
11-04 02:09:05.105 1474 1655 I am_wtf : [0,1474,system_server,-1,DisplayDeviceConfig,requesting nits when no mapping exists.]
11-04 02:09:05.121 1474 1655 I am_wtf : [0,1474,system_server,-1,DisplayDeviceConfig,requesting nits when no mapping exists.]
11-04 02:09:05.124 1474 1655 I am_wtf : [0,1474,system_server,-1,DisplayDeviceConfig,requesting nits when no mapping exists.]
11-04 02:09:05.136 1474 1655 I am_wtf : [0,1474,system_server,-1,DisplayDeviceConfig,requesting nits when no mapping exists.]
11-04 02:09:05.137 1474 1655 I am_wtf : [0,1474,system_server,-1,DisplayDeviceConfig,requesting nits when no mapping exists.]
11-04 02:09:05.153 1474 1655 I am_wtf : [0,1474,system_server,-1,DisplayDeviceConfig,requesting nits when no mapping exists.]
11-04 02:09:05.154 1474 1655 I am_wtf : [0,1474,system_server,-1,DisplayDeviceConfig,requesting nits when no mapping exists.]
11-04 02:09:10.325 1474 1655 I am_uid_idle: 10082
11-04 02:10:10.782 1474 1655 I am_uid_idle: 10068
11-04 02:10:37.223 565 565 I auditd : type=1400 audit(0.0:930): avc: denied { read } for comm="Binder:565_2" name="wakeup58" dev="sysfs" ino=71730 scontext=u:r:system_suspend:s0 tcontext=u:object_r:sysfs:s0 tclass=dir permissive=0
11-04 02:10:37.227 565 565 I auditd : type=1400 audit(0.0:931): avc: denied { read } for comm="Binder:565_2" name="wakeup48" dev="sysfs" ino=67421 scontext=u:r:system_suspend:s0 tcontext=u:object_r:sysfs:s0 tclass=dir permissive=0
11-04 02:10:37.227 565 565 I auditd : type=1400 audit(0.0:932): avc: denied { read } for comm="Binder:565_2" name="wakeup4" dev="sysfs" ino=47028 scontext=u:r:system_suspend:s0 tcontext=u:object_r:sysfs:s0 tclass=dir permissive=0
11-04 02:10:37.227 565 565 I auditd : type=1400 audit(0.0:933): avc: denied { read } for comm="Binder:565_2" name="wakeup76" dev="sysfs" ino=76897 scontext=u:r:system_suspend:s0 tcontext=u:object_r:sysfs:s0 tclass=dir permissive=0
11-04 02:10:37.227 565 565 I auditd : type=1400 audit(0.0:934): avc: denied { read } for comm="Binder:565_2" name="wakeup28" dev="sysfs" ino=53233 scontext=u:r:system_suspend:s0 tcontext=u:object_r:sysfs:s0 tclass=dir permissive=0
11-04 02:10:37.264 1474 1654 I commit_sys_config_file: [batterystats,6]
11-04 02:10:37.265 1474 1654 I commit_sys_config_file: [batterystats,0]
11-04 02:11:02.386 1474 1759 I am_freeze: [6361,com.android.externalstorage]
11-04 02:11:02.389 1474 1759 I am_freeze: [3362,android.process.media]
11-04 02:11:02.391 1474 1759 I am_kill : [0,6361,com.android.externalstorage,955,Unable to freeze binder interface]
11-04 02:11:02.394 1474 1759 I am_kill : [0,3362,android.process.media,965,Unable to freeze binder interface]
11-04 02:11:02.441 1474 3257 I am_proc_died: [0,6361,com.android.externalstorage,955,19]
11-04 02:11:02.442 1474 3257 I am_uid_stopped: 10028
11-04 02:11:02.456 1474 1654 I am_pss : [4827,10050,com.thundercomm.screensaver,64745472,56963072,0,186974208,0,2,8]
11-04 02:11:02.460 1474 3257 I am_proc_died: [0,3362,android.process.media,965,19]
11-04 02:11:02.462 1474 3257 I am_uid_stopped: 10019
11-04 02:11:02.467 1474 1654 I am_pss : [7906,1000,com.android.settings,42962944,31797248,0,176922624,0,15,8]
11-04 02:11:02.473 1474 1654 I am_pss : [7958,10062,com.android.gallery3d,8343552,6270976,0,94781440,0,19,6]
11-04 02:11:02.480 1474 1654 I commit_sys_config_file: [procstats,9]
11-04 02:11:07.723 501 514 I auditd : type=1401 audit(0.0:979): op=security_compute_sid invalid_context=u:r:np_thundercomm_tlog_pstore:s0 scontext=u:r:init:s0 tcontext=u:object_r:np_thundercomm_tlog_pstore_exec:s0 tclass=process
11-04 02:11:10.099 8021 8021 I auditd : type=1400 audit(0.0:980): avc: denied { read } for comm="ls" name="/" dev="dm-5" ino=2 scontext=u:r:system_app:s0 tcontext=u:object_r:rootfs:s0 tclass=dir permissive=0
11-04 02:11:10.139 8025 8025 I auditd : type=1400 audit(0.0:981): avc: denied { read } for comm="ls" name="/" dev="dm-5" ino=2 scontext=u:r:system_app:s0 tcontext=u:object_r:rootfs:s0 tclass=dir permissive=0
11-04 02:11:20.626 1474 1759 I am_freeze: [5383,com.android.musicfx]
11-04 02:11:20.630 1474 1759 I am_freeze: [7401,com.android.music]
11-04 02:11:20.631 1474 1759 I am_kill : [0,5383,com.android.musicfx,945,Unable to freeze binder interface]
11-04 02:11:20.634 1474 1759 I am_kill : [0,7401,com.android.music,955,Unable to freeze binder interface]
11-04 02:11:20.667 1474 5415 I am_proc_died: [0,5383,com.android.musicfx,945,19]
11-04 02:11:20.668 1474 5415 I am_uid_stopped: 10018
11-04 02:11:20.675 1474 3257 I am_proc_died: [0,7401,com.android.music,955,19]
11-04 02:11:20.676 1474 3257 I am_uid_stopped: 10084
11-04 02:11:20.680 1474 1644 I am_uid_running: 10084
11-04 02:11:20.695 1474 1656 I am_proc_start: [0,8034,10084,com.android.music,NULL,]
11-04 02:11:20.733 1474 3257 I am_proc_bound: [0,8034,com.android.music]
11-04 02:11:40.257 1474 2005 I input_interaction: Interaction with: 19385d com.thundercomm.screensaver/android.service.dreams.DreamActivity (server), edge-swipe (server), swipe-up (server), PointerEventDispatcher0 (server),
11-04 02:11:40.262 1474 2429 I wm_finish_activity: [0,216533793,67,com.thundercomm.screensaver/android.service.dreams.DreamActivity,finish-activity]
11-04 02:11:40.262 1474 2429 I wm_task_moved: [66,1,6]
11-04 02:11:40.262 1474 2429 I wm_task_to_front: [0,66]
11-04 02:11:40.263 1474 2429 I wm_focused_root_task: [0,0,66,67,finish-top adjustFocusToNextFocusableTask]
11-04 02:11:40.265 1474 2429 I wm_pause_activity: [0,216533793,com.thundercomm.screensaver/android.service.dreams.DreamActivity,userLeaving=false,finish]
11-04 02:11:40.277 1474 1644 I sysui_multi_action: [757,803,799,window_time_0,802,157]
11-04 02:11:40.278 4827 4827 I wm_on_top_resumed_lost_called: [216533793,android.service.dreams.DreamActivity,topStateChangedWhenResumed]
11-04 02:11:40.278 4827 4827 I wm_on_paused_called: [216533793,android.service.dreams.DreamActivity,performPause]
11-04 02:11:40.279 1474 5415 I wm_add_to_stopping: [0,216533793,com.thundercomm.screensaver/android.service.dreams.DreamActivity,completeFinishing]
11-04 02:11:40.281 1474 5415 I wm_set_resumed_activity: [0,com.android.settings/.Settings,resumeTopActivityInnerLocked]
11-04 02:11:40.283 1474 5415 I wm_resume_activity: [0,52432955,66,com.android.settings/.Settings]
11-04 02:11:40.295 1474 1644 I sysui_multi_action: [757,803,799,window_time_0,802,0]
11-04 02:11:40.307 1474 1654 I am_pss : [7958,10062,com.android.gallery3d,8389632,6270976,0,94781440,0,19,6]
11-04 02:11:40.310 1474 1474 I am_uid_active: 10068
11-04 02:11:40.312 1474 2005 I input_focus: [Focus leaving 19385d com.thundercomm.screensaver/android.service.dreams.DreamActivity (server),reason=NO_WINDOW]
11-04 02:11:40.313 4827 4827 I view_enqueue_input_event: [Motion - Cancel,com.thundercomm.screensaver/android.service.dreams.DreamActivity]
11-04 02:11:40.315 7906 7906 I wm_on_restart_called: [52432955,com.android.settings.Settings,performRestartActivity]
11-04 02:11:40.326 7906 7906 I wm_on_start_called: [52432955,com.android.settings.Settings,handleStartActivity]
11-04 02:11:40.326 7906 7906 I snet_event_log: [120484087,-1,]
11-04 02:11:40.327 7906 7906 I wm_on_resume_called: [52432955,com.android.settings.Settings,RESUME_ACTIVITY]
11-04 02:11:40.327 7906 7906 I sysui_multi_action: [757,35,758,1,833,0,1089,0]
11-04 02:11:40.340 7906 7906 I sysui_multi_action: [757,746,758,1,833,0,1089,0]
11-04 02:11:40.340 1474 1796 D TelephonyRegistry: listen oscl: mHasNotifySubscriptionInfoChangedOccurred==false no callback
11-04 02:11:40.342 1474 6541 D TelephonyRegistry: listen oscl: mHasNotifySubscriptionInfoChangedOccurred==false no callback
11-04 02:11:40.348 7906 7906 I wm_on_top_resumed_gained_called: [52432955,com.android.settings.Settings,topWhenResuming]
11-04 02:11:40.359 1474 1645 I input_focus: [Focus request b79f93 com.android.settings/com.android.settings.Settings,reason=UpdateInputWindows]
11-04 02:11:40.378 1474 2005 I input_focus: [Focus entering b79f93 com.android.settings/com.android.settings.Settings (server),reason=setFocusedWindow]
11-04 02:11:40.885 1474 1644 I wm_destroy_activity: [0,216533793,67,com.thundercomm.screensaver/android.service.dreams.DreamActivity,finish-imm:idle]
11-04 02:11:40.902 1474 1654 I am_pss : [8034,10084,com.android.music,7168000,4755456,0,91914240,0,19,8]
11-04 02:11:40.906 4827 4827 I wm_on_stop_called: [216533793,android.service.dreams.DreamActivity,LIFECYCLER_STOP_ACTIVITY]
11-04 02:11:40.907 4827 4827 I wm_on_destroy_called: [216533793,android.service.dreams.DreamActivity,performDestroy]
11-04 02:11:40.917 1474 1641 I sysui_multi_action: [757,222,758,2]
11-04 02:11:40.917 1474 1641 I sysui_multi_action: [757,804,799,dreaming_minutes,801,2,802,1]
11-04 02:11:40.929 1474 6538 I wm_task_removed: [67,removeChild:removeChild last r=ActivityRecord{ce80b21 u0 com.thundercomm.screensaver/android.service.dreams.DreamActivity t-1 f}} in t=Task{ce90782 #67 type=dream A=10050:android:com.thundercomm.screensaver/dream U=0 visible=false mode=fullscreen translucent=true sz=0}]
11-04 02:11:40.929 1474 6538 I wm_task_removed: [67,removeChild]
11-04 02:11:41.555 1474 2005 I input_interaction: Interaction with: b79f93 com.android.settings/com.android.settings.Settings (server), edge-swipe (server), swipe-up (server), PointerEventDispatcher0 (server),
11-04 02:11:41.625 1364 6113 I liblog : 137
11-04 02:11:41.654 7906 7906 I sysui_multi_action: [757,830,758,4,833,0,854,main_toggle_wifi,1089,0]
11-04 02:11:41.668 7906 7906 I sysui_multi_action: [757,746,758,2,1089,1328]
11-04 02:11:41.712 1474 6019 I netstats_mobile_sample: [0,0,0,0,0,0,0,0,0,0,0,0,1667499101711]
11-04 02:11:41.712 1474 6019 I netstats_wifi_sample: [0,0,0,0,0,0,0,0,0,0,0,0,1667499101711]
11-04 02:11:41.725 1474 6538 I netstats_mobile_sample: [0,0,0,0,0,0,0,0,0,0,0,0,1667499101725]
11-04 02:11:41.725 1474 6538 I netstats_wifi_sample: [0,0,0,0,0,0,0,0,0,0,0,0,1667499101725]
11-04 02:11:41.748 7906 7906 I sysui_multi_action: [757,103,758,1,833,0,1089,67]
11-04 02:11:42.269 1474 2005 I input_interaction: Interaction with: b79f93 com.android.settings/com.android.settings.Settings (server), PointerEventDispatcher0 (server),
11-04 02:11:43.985 1474 2005 I input_interaction: Interaction with: b79f93 com.android.settings/com.android.settings.Settings (server), edge-swipe (server), swipe-up (server), PointerEventDispatcher0 (server),
11-04 02:11:44.074 7906 7906 I sysui_multi_action: [757,135,758,4,759,0]
11-04 02:11:44.093 1474 6019 I wm_task_moved: [66,1,6]
11-04 02:11:44.094 1474 6019 I wm_set_resumed_activity: [0,com.android.settings/.Settings,positionChildAt]
11-04 02:11:44.094 1474 6019 I wm_create_activity: [0,262733336,66,com.android.settings/.SubSettings,android.intent.action.MAIN,NULL,NULL,0]
11-04 02:11:44.095 1474 6019 I wm_pause_activity: [0,52432955,com.android.settings/.Settings,userLeaving=true,resumeTopActivityInnerLocked]
11-04 02:11:44.099 7906 7906 I wm_on_top_resumed_lost_called: [52432955,com.android.settings.Settings,topStateChangedWhenResumed]
11-04 02:11:44.102 7906 7906 I sysui_multi_action: [757,35,758,2,1089,3774]
11-04 02:11:44.104 7906 7906 I sysui_multi_action: [757,103,758,2,1089,2356]
11-04 02:11:44.106 7906 7906 I wm_on_paused_called: [52432955,com.android.settings.Settings,performPause]
11-04 02:11:44.108 1474 6019 I wm_add_to_stopping: [0,52432955,com.android.settings/.Settings,makeInvisible]
11-04 02:11:44.109 1474 6019 I wm_restart_activity: [0,262733336,66,com.android.settings/.SubSettings]
11-04 02:11:44.110 1474 6019 I wm_set_resumed_activity: [0,com.android.settings/.SubSettings,minimalResumeActivityLocked]
11-04 02:11:44.113 1474 1644 I sysui_multi_action: [757,803,799,window_time_0,802,3]
11-04 02:11:44.136 1474 2005 I input_focus: [Focus leaving b79f93 com.android.settings/com.android.settings.Settings (server),reason=NO_WINDOW]
11-04 02:11:44.141 1474 6019 I am_uid_active: 10082
11-04 02:11:44.142 1474 6541 I wm_finish_activity: [0,262733336,66,com.android.settings/.SubSettings,clear-task-stack]
11-04 02:11:44.148 1474 6541 I wm_pause_activity: [0,262733336,com.android.settings/.SubSettings,userLeaving=false,finish]
11-04 02:11:44.149 1474 6541 I wm_new_intent: [0,52432955,66,com.android.settings/.Settings,android.intent.action.MAIN,NULL,NULL,270532608]
11-04 02:11:44.149 1474 6541 I wm_task_moved: [66,1,6]
11-04 02:11:44.153 7906 7906 I wm_on_create_called: [262733336,com.android.settings.SubSettings,performCreate]
11-04 02:11:44.155 1474 6538 I wm_add_to_stopping: [0,262733336,com.android.settings/.SubSettings,completeFinishing]
11-04 02:11:44.156 1474 6538 I wm_set_resumed_activity: [0,com.android.settings/.Settings,resumeTopActivityInnerLocked]
11-04 02:11:44.157 1474 6538 I wm_resume_activity: [0,52432955,66,com.android.settings/.Settings]
11-04 02:11:44.162 1474 1645 I input_focus: [Focus request b79f93 com.android.settings/com.android.settings.Settings,reason=UpdateInputWindows]
11-04 02:11:44.163 1474 1644 I sysui_multi_action: [757,803,799,window_time_0,802,1]
11-04 02:11:44.172 7906 7906 I wm_on_activity_result_called: [52432955,com.android.settings.Settings,ACTIVITY_RESULT]
11-04 02:11:44.172 7906 7906 I wm_on_resume_called: [52432955,com.android.settings.Settings,RESUME_ACTIVITY]
11-04 02:11:44.173 7906 7906 I sysui_multi_action: [757,35,758,1,833,0,1089,0]
11-04 02:11:44.186 7906 7906 I sysui_multi_action: [757,103,758,1,833,0,1089,0]
11-04 02:11:44.187 1474 2005 I input_focus: [Focus entering b79f93 com.android.settings/com.android.settings.Settings (server),reason=Window became focusable. Previous reason: NO_WINDOW]
11-04 02:11:44.188 7906 7906 I wm_on_top_resumed_gained_called: [52432955,com.android.settings.Settings,topWhenResuming]
11-04 02:11:44.220 1474 6541 I wm_destroy_activity: [0,262733336,66,com.android.settings/.SubSettings,finish-imm:idle]
11-04 02:11:44.221 7906 7906 I wm_on_destroy_called: [262733336,com.android.settings.SubSettings,performDestroy]
11-04 02:11:44.568 1474 2005 I input_interaction: Interaction with: b79f93 com.android.settings/com.android.settings.Settings (server), PointerEventDispatcher0 (server),
11-04 02:11:44.659 7906 7906 I sysui_multi_action: [757,1800,758,1,833,0,1089,83]
11-04 02:11:46.135 1474 2005 I input_interaction: Interaction with: b79f93 com.android.settings/com.android.settings.Settings (server), edge-swipe (server), swipe-up (server), PointerEventDispatcher0 (server),
11-04 02:11:46.248 7906 7906 I sysui_multi_action: [757,1800,758,2,1089,1588]
11-04 02:11:46.618 1474 2005 I input_interaction: Interaction with: b79f93 com.android.settings/com.android.settings.Settings (server), PointerEventDispatcher0 (server),
11-04 02:11:47.540 1474 2005 I input_interaction: Interaction with: b79f93 com.android.settings/com.android.settings.Settings (server), edge-swipe (server), swipe-up (server), PointerEventDispatcher0 (server),
11-04 02:11:47.633 1474 2429 I am_crash: [7906,0,com.android.settings,952745541,java.lang.NullPointerException,Attempt to invoke virtual method 'boolean java.lang.String.equals(java.lang.Object)' on a null object reference,WifiSettings.java,600]
11-04 02:11:47.635 1474 2429 I wm_finish_activity: [0,52432955,66,com.android.settings/.Settings,force-crash]
11-04 02:11:47.635 1474 2429 I wm_task_moved: [1,1,6]
11-04 02:11:47.636 1474 2429 I wm_task_moved: [10,1,2147483647]
11-04 02:11:47.636 1474 2429 I wm_task_to_front: [0,10]
11-04 02:11:47.636 1474 2429 I wm_focused_root_task: [0,0,1,66,finish-top adjustFocusToNextFocusableTask]
11-04 02:11:47.636 1474 2429 I wm_set_resumed_activity: [0,com.android.launcher3/.uioverrides.QuickstepLauncher,finish-top adjustFocusToNextFocusableTask]
11-04 02:11:47.642 1474 2429 I wm_pause_activity: [0,52432955,com.android.settings/.Settings,userLeaving=false,finish]
11-04 02:11:47.649 1474 2429 I sysui_multi_action: [757,316,758,4,759,-1]
11-04 02:11:47.664 1474 2005 I input_focus: [Focus leaving b79f93 com.android.settings/com.android.settings.Settings (server),reason=NO_WINDOW]
11-04 02:11:47.706 1474 6019 I am_proc_died: [0,7906,com.android.settings,0,2]
11-04 02:11:47.715 1474 6019 I wm_task_removed: [66,removeChild:removeChild last r=ActivityRecord{320103b u0 com.android.settings/.Settings t-1 f}} in t=Task{8c7d522 #66 type=standard A=1000:com.android.settings.root U=0 visible=false mode=fullscreen translucent=true sz=0}]
11-04 02:11:47.715 1474 6019 I wm_task_removed: [66,removeChild]
11-04 02:11:47.719 1474 6019 I wm_set_resumed_activity: [0,com.android.launcher3/.uioverrides.QuickstepLauncher,resumeTopActivityInnerLocked]
11-04 02:11:47.721 1474 6019 I wm_resume_activity: [0,59699080,10,com.android.launcher3/.uioverrides.QuickstepLauncher]
11-04 02:11:47.737 2809 2809 I wm_on_restart_called: [59699080,com.android.launcher3.uioverrides.QuickstepLauncher,performRestartActivity]
11-04 02:11:47.737 2809 2809 I wm_on_start_called: [59699080,com.android.launcher3.uioverrides.QuickstepLauncher,handleStartActivity]
11-04 02:11:47.738 2809 2809 I wm_on_resume_called: [59699080,com.android.launcher3.uioverrides.QuickstepLauncher,RESUME_ACTIVITY]
11-04 02:11:47.749 1474 1645 I input_focus: [Focus request c2f885b com.android.launcher3/com.android.launcher3.uioverrides.QuickstepLauncher,reason=UpdateInputWindows]
11-04 02:11:47.782 1474 2005 I input_focus: [Focus entering c2f885b com.android.launcher3/com.android.launcher3.uioverrides.QuickstepLauncher (server),reason=setFocusedWindow]
11-04 02:11:48.138 2809 2809 I wm_on_top_resumed_gained_called: [59699080,com.android.launcher3.uioverrides.QuickstepLauncher,topStateChangedWhenResumed]
11-04 02:11:49.087 1474 2005 I input_interaction: Interaction with: c2f885b com.android.launcher3/com.android.launcher3.uioverrides.QuickstepLauncher (server), 6b99821 com.android.systemui.ImageWallpaper (server), edge-swipe (server), swipe-up (server), PointerEventDispatcher0 (server),
11-04 02:11:49.183 1474 6541 I wm_task_created: [68,-1]
11-04 02:11:49.186 1474 6541 I wm_task_moved: [68,1,6]
11-04 02:11:49.186 1474 6541 I wm_task_to_front: [0,68]
11-04 02:11:49.186 1474 6541 I wm_create_task: [0,68]
11-04 02:11:49.186 1474 6541 I wm_create_activity: [0,251248370,68,com.android.settings/.Settings,android.intent.action.MAIN,NULL,NULL,270532608]
11-04 02:11:49.186 1474 6541 I wm_task_moved: [68,1,6]
11-04 02:11:49.188 1474 6541 I wm_pause_activity: [0,59699080,com.android.launcher3/.uioverrides.QuickstepLauncher,userLeaving=true,pauseBackTasks]
11-04 02:11:49.198 2809 2809 I wm_on_top_resumed_lost_called: [59699080,com.android.launcher3.uioverrides.QuickstepLauncher,topStateChangedWhenResumed]
11-04 02:11:49.200 2809 2809 I wm_on_paused_called: [59699080,com.android.launcher3.uioverrides.QuickstepLauncher,performPause]
11-04 02:11:49.207 1474 5397 I wm_add_to_stopping: [0,59699080,com.android.launcher3/.uioverrides.QuickstepLauncher,makeInvisible]
11-04 02:11:49.219 1474 1644 I sysui_multi_action: [757,803,799,window_time_0,802,5]
11-04 02:11:49.231 1474 1656 I am_proc_start: [0,8074,1000,com.android.settings,pre-top-activity,{com.android.settings/com.android.settings.Settings}]
11-04 02:11:49.232 1474 2005 I input_focus: [Focus leaving c2f885b com.android.launcher3/com.android.launcher3.uioverrides.QuickstepLauncher (server),reason=NO_WINDOW]
11-04 02:11:49.244 1474 5397 I am_proc_bound: [0,8074,com.android.settings]
11-04 02:11:49.250 1474 5397 I wm_restart_activity: [0,251248370,68,com.android.settings/.Settings]
11-04 02:11:49.252 1474 5397 I wm_set_resumed_activity: [0,com.android.settings/.Settings,minimalResumeActivityLocked]
11-04 02:11:49.320 8074 8074 I wm_on_create_called: [251248370,com.android.settings.Settings,performCreate]
11-04 02:11:49.352 8074 8074 I wm_on_start_called: [251248370,com.android.settings.Settings,handleStartActivity]
11-04 02:11:49.353 8074 8074 I snet_event_log: [120484087,-1,]
11-04 02:11:49.353 8074 8074 I wm_on_resume_called: [251248370,com.android.settings.Settings,RESUME_ACTIVITY]
11-04 02:11:49.356 8074 8074 I sysui_multi_action: [757,35,758,1,833,0,1089,34]
11-04 02:11:49.368 8074 8074 I sysui_multi_action: [757,1729,758,4,854,isParalleledControllers:false,1089,46]
11-04 02:11:49.381 8074 8074 I wm_on_top_resumed_gained_called: [251248370,com.android.settings.Settings,topStateChangedWhenResumed]
11-04 02:11:49.427 1474 1645 I input_focus: [Focus request cb0a5aa com.android.settings/com.android.settings.Settings,reason=UpdateInputWindows]
11-04 02:11:49.477 1474 1645 I sysui_multi_action: [324,0,757,1090,758,12,806,com.android.settings,871,com.android.settings.Settings,1091,299]
11-04 02:11:49.488 1474 2005 I input_focus: [Focus entering cb0a5aa com.android.settings/com.android.settings.Settings (server),reason=Window became focusable. Previous reason: NOT_VISIBLE]
11-04 02:11:49.489 1474 1641 I sysui_multi_action: [319,60,321,58,322,299,325,1872,757,761,758,7,759,1,806,com.android.settings,871,com.android.settings.Settings,904,com.android.launcher3,905,0,945,69,1320,4,1321,1]
11-04 02:11:49.491 1474 1641 I wm_activity_launch_time: [0,251248370,com.android.settings/.Settings,299]
11-04 02:11:49.634 8074 8074 W CarrierConfigManager: Error getting config for subId -1 ICarrierConfigLoader is null
11-04 02:11:49.674 8074 8074 I sysui_multi_action: [757,746,758,1,833,0,1089,64]
11-04 02:11:49.675 1474 2429 D TelephonyRegistry: listen oscl: mHasNotifySubscriptionInfoChangedOccurred==false no callback
11-04 02:11:49.679 1474 2429 D TelephonyRegistry: listen oscl: mHasNotifySubscriptionInfoChangedOccurred==false no callback
11-04 02:11:49.687 8074 8074 I sysui_multi_action: [757,1729,758,4,854,isParalleledControllers:false,1089,76]
11-04 02:11:49.771 1474 1644 I wm_stop_activity: [0,59699080,com.android.launcher3/.uioverrides.QuickstepLauncher]
11-04 02:11:49.803 2809 2809 I wm_on_stop_called: [59699080,com.android.launcher3.uioverrides.QuickstepLauncher,STOP_ACTIVITY_ITEM]
11-04 02:11:50.119 1474 2005 I input_interaction: Interaction with: cb0a5aa com.android.settings/com.android.settings.Settings (server), PointerEventDispatcher0 (server),
11-04 02:11:50.578 1474 2005 I input_interaction: Interaction with: cb0a5aa com.android.settings/com.android.settings.Settings (server), edge-swipe (server), swipe-up (server), PointerEventDispatcher0 (server),
11-04 02:11:50.648 8074 8074 I sysui_multi_action: [757,830,758,4,833,0,854,main_toggle_wifi,1089,0]
11-04 02:11:50.662 8074 8074 I sysui_multi_action: [757,746,758,2,1089,987]
11-04 02:11:50.687 1474 1796 I service_manager_stats: [100,75,166081]
11-04 02:11:50.699 1474 1796 I netstats_mobile_sample: [0,0,0,0,0,0,0,0,0,0,0,0,1667499110698]
11-04 02:11:50.699 1474 1796 I netstats_wifi_sample: [0,0,0,0,0,0,0,0,0,0,0,0,1667499110698]
11-04 02:11:50.715 1474 1796 I netstats_mobile_sample: [0,0,0,0,0,0,0,0,0,0,0,0,1667499110715]
11-04 02:11:50.715 1474 1796 I netstats_wifi_sample: [0,0,0,0,0,0,0,0,0,0,0,0,1667499110715]
11-04 02:11:50.748 8074 8074 I sysui_multi_action: [757,103,758,1,833,0,1089,72]
11-04 02:11:51.084 1474 2005 I input_interaction: Interaction with: cb0a5aa com.android.settings/com.android.settings.Settings (server), PointerEventDispatcher0 (server),
11-04 02:11:52.800 1474 2005 I input_interaction: Interaction with: cb0a5aa com.android.settings/com.android.settings.Settings (server), edge-swipe (server), swipe-up (server), PointerEventDispatcher0 (server),
11-04 02:11:52.918 1474 6541 I am_crash: [8074,0,com.android.settings,952745541,java.lang.NullPointerException,Attempt to invoke virtual method 'boolean java.lang.String.equals(java.lang.Object)' on a null object reference,WifiSettings.java,600]
11-04 02:11:52.921 1474 6541 I wm_finish_activity: [0,251248370,68,com.android.settings/.Settings,force-crash]
11-04 02:11:52.922 1474 6541 I wm_task_moved: [1,1,6]
11-04 02:11:52.923 1474 6541 I wm_task_moved: [10,1,2147483647]
11-04 02:11:52.923 1474 6541 I wm_task_to_front: [0,10]
11-04 02:11:52.923 1474 6541 I wm_focused_root_task: [0,0,1,68,finish-top adjustFocusToNextFocusableTask]
11-04 02:11:52.924 1474 6541 I wm_set_resumed_activity: [0,com.android.launcher3/.uioverrides.QuickstepLauncher,finish-top adjustFocusToNextFocusableTask]
11-04 02:11:52.945 1474 6541 I wm_pause_activity: [0,251248370,com.android.settings/.Settings,userLeaving=false,finish]
11-04 02:11:52.974 1474 2005 I input_focus: [Focus leaving cb0a5aa com.android.settings/com.android.settings.Settings (server),reason=NO_WINDOW]
11-04 02:11:53.011 1474 1645 I input_focus: [Focus request c4c57f6 Application Error: com.android.settings,reason=UpdateInputWindows]
11-04 02:11:53.043 1474 2005 I input_focus: [Focus entering c4c57f6 Application Error: com.android.settings (server),reason=setFocusedWindow]
11-04 02:11:53.449 1474 1644 I wm_add_to_stopping: [0,251248370,com.android.settings/.Settings,completeFinishing]
11-04 02:11:53.453 1474 1644 I wm_set_resumed_activity: [0,com.android.launcher3/.uioverrides.QuickstepLauncher,resumeTopActivityInnerLocked]
11-04 02:11:53.455 1474 1644 I wm_resume_activity: [0,59699080,10,com.android.launcher3/.uioverrides.QuickstepLauncher]
11-04 02:11:53.462 1474 1644 I sysui_multi_action: [757,803,799,window_time_0,802,4]
11-04 02:11:53.477 2809 2809 I wm_on_restart_called: [59699080,com.android.launcher3.uioverrides.QuickstepLauncher,performRestartActivity]
11-04 02:11:53.478 2809 2809 I wm_on_start_called: [59699080,com.android.launcher3.uioverrides.QuickstepLauncher,handleStartActivity]
11-04 02:11:53.478 2809 2809 I wm_on_resume_called: [59699080,com.android.launcher3.uioverrides.QuickstepLauncher,RESUME_ACTIVITY]
11-04 02:11:53.479 2809 2809 I wm_on_top_resumed_gained_called: [59699080,com.android.launcher3.uioverrides.QuickstepLauncher,topWhenResuming]
11-04 02:11:53.513 1474 1644 I wm_destroy_activity: [0,251248370,68,com.android.settings/.Settings,finish-imm:transit]
11-04 02:12:02.218 1364 6113 I liblog : 306
11-04 02:12:03.532 1474 1644 I wm_task_removed: [68,removeChild:removeChild last r=ActivityRecord{ef9bef2 u0 com.android.settings/.Settings t-1 f}} in t=Task{9093b5 #68 type=standard A=1000:com.android.settings.root U=0 visible=false mode=fullscreen translucent=true sz=0}]
11-04 02:12:03.532 1474 1644 I wm_task_removed: [68,removeChild]
11-04 02:12:12.253 1364 6113 I liblog : 92
11-04 02:12:22.257 1364 6113 I liblog : 8
11-04 02:12:32.273 1364 6113 I liblog : 63
11-04 02:12:32.278 1364 6113 I liblog : 18
11-04 02:12:40.932 1474 1655 I am_uid_idle: 10050
11-04 02:12:42.298 1364 6113 I liblog : 20
11-04 02:12:45.807 1474 1672 I sysui_multi_action: [757,1696,758,6,759,2]
11-04 02:12:45.825 1474 1655 I am_wtf : [0,1474,system_server,-1,DisplayDeviceConfig,requesting nits when no mapping exists.]
11-04 02:12:45.829 1474 1655 I am_wtf : [0,1474,system_server,-1,DisplayDeviceConfig,requesting nits when no mapping exists.]
11-04 02:12:45.840 1474 1655 I am_wtf : [0,1474,system_server,-1,DisplayDeviceConfig,requesting nits when no mapping exists.]
11-04 02:12:45.842 1474 1655 I am_wtf : [0,1474,system_server,-1,DisplayDeviceConfig,requesting nits when no mapping exists.]
11-04 02:12:45.850 1474 1655 I am_wtf : [0,1474,system_server,-1,DisplayDeviceConfig,requesting nits when no mapping exists.]
11-04 02:12:45.852 1474 1655 I am_wtf : [0,1474,system_server,-1,DisplayDeviceConfig,requesting nits when no mapping exists.]
11-04 02:12:45.866 1474 1655 I am_wtf : [0,1474,system_server,-1,DisplayDeviceConfig,requesting nits when no mapping exists.]
11-04 02:12:45.866 1474 1655 I am_wtf : [0,1474,system_server,-1,DisplayDeviceConfig,requesting nits when no mapping exists.]
11-04 02:12:45.883 1474 1655 I am_wtf : [0,1474,system_server,-1,DisplayDeviceConfig,requesting nits when no mapping exists.]
11-04 02:12:45.884 1474 1655 I am_wtf : [0,1474,system_server,-1,DisplayDeviceConfig,requesting nits when no mapping exists.]
11-04 02:12:45.899 1474 1655 I am_wtf : [0,1474,system_server,-1,DisplayDeviceConfig,requesting nits when no mapping exists.]
11-04 02:12:45.900 1474 1655 I am_wtf : [0,1474,system_server,-1,DisplayDeviceConfig,requesting nits when no mapping exists.]
11-04 02:12:45.916 1474 1655 I am_wtf : [0,1474,system_server,-1,DisplayDeviceConfig,requesting nits when no mapping exists.]
11-04 02:12:45.917 1474 1655 I am_wtf : [0,1474,system_server,-1,DisplayDeviceConfig,requesting nits when no mapping exists.]
11-04 02:12:45.933 1474 1655 I am_wtf : [0,1474,system_server,-1,DisplayDeviceConfig,requesting nits when no mapping exists.]
11-04 02:12:45.934 1474 1655 I am_wtf : [0,1474,system_server,-1,DisplayDeviceConfig,requesting nits when no mapping exists.]
11-04 02:12:45.950 1474 1655 I am_wtf : [0,1474,system_server,-1,DisplayDeviceConfig,requesting nits when no mapping exists.]
11-04 02:12:45.951 1474 1655 I am_wtf : [0,1474,system_server,-1,DisplayDeviceConfig,requesting nits when no mapping exists.]
11-04 02:12:45.967 1474 1655 I am_wtf : [0,1474,system_server,-1,DisplayDeviceConfig,requesting nits when no mapping exists.]
11-04 02:12:45.968 1474 1655 I am_wtf : [0,1474,system_server,-1,DisplayDeviceConfig,requesting nits when no mapping exists.]
11-04 02:12:45.983 1474 1655 I am_wtf : [0,1474,system_server,-1,DisplayDeviceConfig,requesting nits when no mapping exists.]
11-04 02:12:45.984 1474 1655 I am_wtf : [0,1474,system_server,-1,DisplayDeviceConfig,requesting nits when no mapping exists.]
11-04 02:12:46.000 1474 1655 I am_wtf : [0,1474,system_server,-1,DisplayDeviceConfig,requesting nits when no mapping exists.]
11-04 02:12:46.000 1474 1655 I am_wtf : [0,1474,system_server,-1,DisplayDeviceConfig,requesting nits when no mapping exists.]
11-04 02:12:46.016 1474 1655 I am_wtf : [0,1474,system_server,-1,DisplayDeviceConfig,requesting nits when no mapping exists.]
11-04 02:12:46.017 1474 1655 I am_wtf : [0,1474,system_server,-1,DisplayDeviceConfig,requesting nits when no mapping exists.]
11-04 02:12:46.033 1474 1655 I am_wtf : [0,1474,system_server,-1,DisplayDeviceConfig,requesting nits when no mapping exists.]
11-04 02:12:46.034 1474 1655 I am_wtf : [0,1474,system_server,-1,DisplayDeviceConfig,requesting nits when no mapping exists.]
11-04 02:12:46.050 1474 1655 I am_wtf : [0,1474,system_server,-1,DisplayDeviceConfig,requesting nits when no mapping exists.]
11-04 02:12:46.050 1474 1655 I am_wtf : [0,1474,system_server,-1,DisplayDeviceConfig,requesting nits when no mapping exists.]
11-04 02:12:46.067 1474 1655 I am_wtf : [0,1474,system_server,-1,DisplayDeviceConfig,requesting nits when no mapping exists.]
11-04 02:12:46.068 1474 1655 I am_wtf : [0,1474,system_server,-1,DisplayDeviceConfig,requesting nits when no mapping exists.]
11-04 02:12:46.083 1474 1655 I am_wtf : [0,1474,system_server,-1,DisplayDeviceConfig,requesting nits when no mapping exists.]
11-04 02:12:46.084 1474 1655 I am_wtf : [0,1474,system_server,-1,DisplayDeviceConfig,requesting nits when no mapping exists.]
11-04 02:12:46.100 1474 1655 I am_wtf : [0,1474,system_server,-1,DisplayDeviceConfig,requesting nits when no mapping exists.]
11-04 02:12:46.100 1474 1655 I am_wtf : [0,1474,system_server,-1,DisplayDeviceConfig,requesting nits when no mapping exists.]
11-04 02:12:46.116 1474 1655 I am_wtf : [0,1474,system_server,-1,DisplayDeviceConfig,requesting nits when no mapping exists.]
11-04 02:12:46.117 1474 1655 I am_wtf : [0,1474,system_server,-1,DisplayDeviceConfig,requesting nits when no mapping exists.]
11-04 02:12:46.133 1474 1655 I am_wtf : [0,1474,system_server,-1,DisplayDeviceConfig,requesting nits when no mapping exists.]
11-04 02:12:46.134 1474 1655 I am_wtf : [0,1474,system_server,-1,DisplayDeviceConfig,requesting nits when no mapping exists.]
11-04 02:12:46.150 1474 1655 I am_wtf : [0,1474,system_server,-1,DisplayDeviceConfig,requesting nits when no mapping exists.]
11-04 02:12:46.151 1474 1655 I am_wtf : [0,1474,system_server,-1,DisplayDeviceConfig,requesting nits when no mapping exists.]
11-04 02:12:46.167 1474 1655 I am_wtf : [0,1474,system_server,-1,DisplayDeviceConfig,requesting nits when no mapping exists.]
11-04 02:12:46.168 1474 1655 I am_wtf : [0,1474,system_server,-1,DisplayDeviceConfig,requesting nits when no mapping exists.]
11-04 02:12:46.183 1474 1655 I am_wtf : [0,1474,system_server,-1,DisplayDeviceConfig,requesting nits when no mapping exists.]
11-04 02:12:46.184 1474 1655 I am_wtf : [0,1474,system_server,-1,DisplayDeviceConfig,requesting nits when no mapping exists.]
11-04 02:12:46.200 1474 1655 I am_wtf : [0,1474,system_server,-1,DisplayDeviceConfig,requesting nits when no mapping exists.]
11-04 02:12:46.200 1474 1655 I am_wtf : [0,1474,system_server,-1,DisplayDeviceConfig,requesting nits when no mapping exists.]
11-04 02:12:46.217 1474 1655 I am_wtf : [0,1474,system_server,-1,DisplayDeviceConfig,requesting nits when no mapping exists.]
11-04 02:12:46.218 1474 1655 I am_wtf : [0,1474,system_server,-1,DisplayDeviceConfig,requesting nits when no mapping exists.]
11-04 02:12:46.234 1474 1655 I am_wtf : [0,1474,system_server,-1,DisplayDeviceConfig,requesting nits when no mapping exists.]
11-04 02:12:46.235 1474 1655 I am_wtf : [0,1474,system_server,-1,DisplayDeviceConfig,requesting nits when no mapping exists.]
11-04 02:12:46.250 1474 1655 I am_wtf : [0,1474,system_server,-1,DisplayDeviceConfig,requesting nits when no mapping exists.]
11-04 02:12:46.251 1474 1655 I am_wtf : [0,1474,system_server,-1,DisplayDeviceConfig,requesting nits when no mapping exists.]
11-04 02:12:46.267 1474 1655 I am_wtf : [0,1474,system_server,-1,DisplayDeviceConfig,requesting nits when no mapping exists.]
11-04 02:12:46.267 1474 1655 I am_wtf : [0,1474,system_server,-1,DisplayDeviceConfig,requesting nits when no mapping exists.]
11-04 02:12:46.283 1474 1655 I am_wtf : [0,1474,system_server,-1,DisplayDeviceConfig,requesting nits when no mapping exists.]
11-04 02:12:46.285 1474 1655 I am_wtf : [0,1474,system_server,-1,DisplayDeviceConfig,requesting nits when no mapping exists.]
11-04 02:12:46.300 1474 1655 I am_wtf : [0,1474,system_server,-1,DisplayDeviceConfig,requesting nits when no mapping exists.]
11-04 02:12:46.301 1474 1655 I am_wtf : [0,1474,system_server,-1,DisplayDeviceConfig,requesting nits when no mapping exists.]
11-04 02:12:46.317 1474 1655 I am_wtf : [0,1474,system_server,-1,DisplayDeviceConfig,requesting nits when no mapping exists.]
11-04 02:12:46.318 1474 1655 I am_wtf : [0,1474,system_server,-1,DisplayDeviceConfig,requesting nits when no mapping exists.]
11-04 02:12:46.334 1474 1655 I am_wtf : [0,1474,system_server,-1,DisplayDeviceConfig,requesting nits when no mapping exists.]
11-04 02:12:46.335 1474 1655 I am_wtf : [0,1474,system_server,-1,DisplayDeviceConfig,requesting nits when no mapping exists.]
11-04 02:12:46.350 1474 1655 I am_wtf : [0,1474,system_server,-1,DisplayDeviceConfig,requesting nits when no mapping exists.]
11-04 02:12:46.351 1474 1655 I am_wtf : [0,1474,system_server,-1,DisplayDeviceConfig,requesting nits when no mapping exists.]
11-04 02:12:46.367 1474 1655 I am_wtf : [0,1474,system_server,-1,DisplayDeviceConfig,requesting nits when no mapping exists.]
11-04 02:12:46.369 1474 1655 I am_wtf : [0,1474,system_server,-1,DisplayDeviceConfig,requesting nits when no mapping exists.]
11-04 02:12:46.384 1474 1655 I am_wtf : [0,1474,system_server,-1,DisplayDeviceConfig,requesting nits when no mapping exists.]
11-04 02:12:46.386 1474 1655 I am_wtf : [0,1474,system_server,-1,DisplayDeviceConfig,requesting nits when no mapping exists.]
11-04 02:12:46.400 1474 1655 I am_wtf : [0,1474,system_server,-1,DisplayDeviceConfig,requesting nits when no mapping exists.]
11-04 02:12:46.402 1474 1655 I am_wtf : [0,1474,system_server,-1,DisplayDeviceConfig,requesting nits when no mapping exists.]
11-04 02:12:46.417 1474 1655 I am_wtf : [0,1474,system_server,-1,DisplayDeviceConfig,requesting nits when no mapping exists.]
11-04 02:12:46.418 1474 1655 I am_wtf : [0,1474,system_server,-1,DisplayDeviceConfig,requesting nits when no mapping exists.]
11-04 02:12:46.434 1474 1655 I am_wtf : [0,1474,system_server,-1,DisplayDeviceConfig,requesting nits when no mapping exists.]
11-04 02:12:46.435 1474 1655 I am_wtf : [0,1474,system_server,-1,DisplayDeviceConfig,requesting nits when no mapping exists.]
11-04 02:12:46.450 1474 1655 I am_wtf : [0,1474,system_server,-1,DisplayDeviceConfig,requesting nits when no mapping exists.]
11-04 02:12:46.451 1474 1655 I am_wtf : [0,1474,system_server,-1,DisplayDeviceConfig,requesting nits when no mapping exists.]
11-04 02:12:46.468 1474 1655 I am_wtf : [0,1474,system_server,-1,DisplayDeviceConfig,requesting nits when no mapping exists.]
11-04 02:12:46.469 1474 1655 I am_wtf : [0,1474,system_server,-1,DisplayDeviceConfig,requesting nits when no mapping exists.]
11-04 02:12:46.485 1474 1655 I am_wtf : [0,1474,system_server,-1,DisplayDeviceConfig,requesting nits when no mapping exists.]
11-04 02:12:46.486 1474 1655 I am_wtf : [0,1474,system_server,-1,DisplayDeviceConfig,requesting nits when no mapping exists.]
11-04 02:12:46.501 1474 1655 I am_wtf : [0,1474,system_server,-1,DisplayDeviceConfig,requesting nits when no mapping exists.]
11-04 02:12:46.502 1474 1655 I service_manager_stats: [100,49,55815]
11-04 02:12:46.503 1474 1655 I am_wtf : [0,1474,system_server,-1,DisplayDeviceConfig,requesting nits when no mapping exists.]
11-04 02:12:46.517 1474 1655 I am_wtf : [0,1474,system_server,-1,DisplayDeviceConfig,requesting nits when no mapping exists.]
11-04 02:12:46.518 1474 1655 I am_wtf : [0,1474,system_server,-1,DisplayDeviceConfig,requesting nits when no mapping exists.]
11-04 02:12:46.535 1474 1655 I am_wtf : [0,1474,system_server,-1,DisplayDeviceConfig,requesting nits when no mapping exists.]
11-04 02:12:46.536 1474 1655 I am_wtf : [0,1474,system_server,-1,DisplayDeviceConfig,requesting nits when no mapping exists.]
11-04 02:12:46.552 1474 1655 I am_wtf : [0,1474,system_server,-1,DisplayDeviceConfig,requesting nits when no mapping exists.]
11-04 02:12:46.553 1474 1655 I am_wtf : [0,1474,system_server,-1,DisplayDeviceConfig,requesting nits when no mapping exists.]
11-04 02:12:46.568 1474 1655 I am_wtf : [0,1474,system_server,-1,DisplayDeviceConfig,requesting nits when no mapping exists.]
11-04 02:12:46.569 1474 1655 I am_wtf : [0,1474,system_server,-1,DisplayDeviceConfig,requesting nits when no mapping exists.]
11-04 02:12:46.584 1474 1655 I am_wtf : [0,1474,system_server,-1,DisplayDeviceConfig,requesting nits when no mapping exists.]
11-04 02:12:46.585 1474 1655 I am_wtf : [0,1474,system_server,-1,DisplayDeviceConfig,requesting nits when no mapping exists.]
11-04 02:12:46.602 1474 1655 I am_wtf : [0,1474,system_server,-1,DisplayDeviceConfig,requesting nits when no mapping exists.]
11-04 02:12:46.603 1474 1655 I am_wtf : [0,1474,system_server,-1,DisplayDeviceConfig,requesting nits when no mapping exists.]
11-04 02:12:46.618 1474 1655 I am_wtf : [0,1474,system_server,-1,DisplayDeviceConfig,requesting nits when no mapping exists.]
11-04 02:12:46.618 1474 1655 I am_wtf : [0,1474,system_server,-1,DisplayDeviceConfig,requesting nits when no mapping exists.]
11-04 02:12:46.635 1474 1655 I am_wtf : [0,1474,system_server,-1,DisplayDeviceConfig,requesting nits when no mapping exists.]
11-04 02:12:46.636 1474 1655 I am_wtf : [0,1474,system_server,-1,DisplayDeviceConfig,requesting nits when no mapping exists.]
11-04 02:12:46.651 1474 1655 I am_wtf : [0,1474,system_server,-1,DisplayDeviceConfig,requesting nits when no mapping exists.]
11-04 02:12:46.652 1474 1655 I am_wtf : [0,1474,system_server,-1,DisplayDeviceConfig,requesting nits when no mapping exists.]
11-04 02:12:46.668 1474 1655 I am_wtf : [0,1474,system_server,-1,DisplayDeviceConfig,requesting nits when no mapping exists.]
11-04 02:12:46.669 1474 1655 I am_wtf : [0,1474,system_server,-1,DisplayDeviceConfig,requesting nits when no mapping exists.]
11-04 02:12:46.685 1474 1655 I am_wtf : [0,1474,system_server,-1,DisplayDeviceConfig,requesting nits when no mapping exists.]
11-04 02:12:46.686 1474 1655 I am_wtf : [0,1474,system_server,-1,DisplayDeviceConfig,requesting nits when no mapping exists.]
11-04 02:12:46.701 1474 1655 I am_wtf : [0,1474,system_server,-1,DisplayDeviceConfig,requesting nits when no mapping exists.]
11-04 02:12:46.702 1474 1655 I am_wtf : [0,1474,system_server,-1,DisplayDeviceConfig,requesting nits when no mapping exists.]
11-04 02:12:46.718 1474 1655 I am_wtf : [0,1474,system_server,-1,DisplayDeviceConfig,requesting nits when no mapping exists.]
11-04 02:12:46.719 1474 1655 I am_wtf : [0,1474,system_server,-1,DisplayDeviceConfig,requesting nits when no mapping exists.]
11-04 02:12:46.735 1474 1655 I am_wtf : [0,1474,system_server,-1,DisplayDeviceConfig,requesting nits when no mapping exists.]
11-04 02:12:46.736 1474 1655 I am_wtf : [0,1474,system_server,-1,DisplayDeviceConfig,requesting nits when no mapping exists.]
11-04 02:12:46.752 1474 1655 I am_wtf : [0,1474,system_server,-1,DisplayDeviceConfig,requesting nits when no mapping exists.]
11-04 02:12:46.753 1474 1655 I am_wtf : [0,1474,system_server,-1,DisplayDeviceConfig,requesting nits when no mapping exists.]
11-04 02:12:46.768 1474 1655 I am_wtf : [0,1474,system_server,-1,DisplayDeviceConfig,requesting nits when no mapping exists.]
11-04 02:12:46.769 1474 1655 I am_wtf : [0,1474,system_server,-1,DisplayDeviceConfig,requesting nits when no mapping exists.]
11-04 02:12:52.815 1474 1641 I sysui_multi_action: [757,222,758,1]
11-04 02:12:52.817 1474 1641 I am_uid_active: 10050
