--------- beginning of radio
11-04 01:40:57.642 1474 1474 D TelephonyRegistry: listen oscl: mHasNotifySubscriptionInfoChangedOccurred==false no callback
11-04 01:40:58.132 1474 2281 D TelephonyRegistry: listen oscl: mHasNotifySubscriptionInfoChangedOccurred==false no callback
11-04 01:40:58.202 1474 2286 D TelephonyRegistry: listen oscl: mHasNotifySubscriptionInfoChangedOccurred==false no callback
11-04 01:40:58.202 1474 2285 D TelephonyRegistry: listen oscl: mHasNotifySubscriptionInfoChangedOccurred==false no callback
11-04 01:40:58.225 1474 1474 D TelephonyRegistry: listen oscl: mHasNotifySubscriptionInfoChangedOccurred==false no callback
11-04 01:40:58.243 1474 1474 D TelephonyRegistry: listen oscl: mHasNotifySubscriptionInfoChangedOccurred==false no callback
11-04 01:40:58.262 1474 1641 W CarrierConfigManager: Error getting config for subId -1 ICarrierConfigLoader is null
11-04 01:40:58.285 1474 1474 D TelephonyRegistry: systemRunning register for intents
11-04 01:40:58.363 1474 1654 D TelephonyRegistry: listen oscl: mHasNotifySubscriptionInfoChangedOccurred==false no callback
11-04 01:40:58.629 2358 2358 W CarrierConfigManager: Error getting config for subId -1 ICarrierConfigLoader is null
11-04 01:40:58.639 1474 1607 D TelephonyRegistry: listen oscl: mHasNotifySubscriptionInfoChangedOccurred==false no callback
11-04 01:40:59.058 1474 1474 D TelephonyRegistry: listen oscl: mHasNotifySubscriptionInfoChangedOccurred==false no callback
11-04 01:40:59.060 1474 1474 W CarrierConfigManager: Error getting config for subId -1 ICarrierConfigLoader is null
11-04 01:40:59.300 1474 1474 D TelephonyRegistry: notifyCellLocationForSubscriber: subId=2147483647 cellIdentity=null
11-04 01:40:59.543 1474 2469 D TelephonyRegistry: listen oscl: mHasNotifySubscriptionInfoChangedOccurred==false no callback
11-04 01:41:00.335 1474 3257 D TelephonyRegistry: listen oscl: mHasNotifySubscriptionInfoChangedOccurred==false no callback
11-04 01:41:00.883 1474 2759 D TelephonyRegistry: listen oscl: mHasNotifySubscriptionInfoChangedOccurred==false no callback
11-04 01:41:01.655 1474 1474 W CarrierConfigManager: Error getting config for subId -1 ICarrierConfigLoader is null
11-04 01:41:01.657 1474 1474 W CarrierConfigManager: Error getting config for subId -1 ICarrierConfigLoader is null
11-04 01:41:02.035 4086 4086 D CAT : BootCompletedReceiver: [ACTION_BOOT_COMPLETED]
11-04 01:41:02.037 4086 4086 D CAT : StkAppService: onCreate()+
11-04 01:41:02.038 4086 4086 D CAT : StkAppService: simCount: 1
11-04 01:41:02.038 4086 4086 D CAT : StkAppService: slotId: 0
11-04 01:41:02.039 4086 4086 D CAT : StkAppService: onStart sim id: 0, op: 5, *****
11-04 01:41:02.039 4086 4086 D CAT : StkAppService: mStkService is: -1
11-04 01:41:02.042 4086 4086 D CAT : StkAppService: onDestroy()
11-04 01:47:05.546 2895 2895 W CarrierConfigManager: Error getting config for subId -1 ICarrierConfigLoader is null
11-04 01:47:05.580 1474 2469 D TelephonyRegistry: listen oscl: mHasNotifySubscriptionInfoChangedOccurred==false no callback
11-04 01:47:05.583 1474 3631 D TelephonyRegistry: listen oscl: mHasNotifySubscriptionInfoChangedOccurred==false no callback
11-04 01:47:07.661 2895 2895 W FeatureConnector: [ImsConnector, 0] connect: not supported.
11-04 01:47:17.145 1474 2429 D TelephonyRegistry: listen oscl: mHasNotifySubscriptionInfoChangedOccurred==false no callback
11-04 01:47:17.148 1474 2429 D TelephonyRegistry: listen oscl: mHasNotifySubscriptionInfoChangedOccurred==false no callback
11-04 01:47:25.230 1474 2281 D TelephonyRegistry: listen oscl: mHasNotifySubscriptionInfoChangedOccurred==false no callback
11-04 01:47:25.234 1474 2281 D TelephonyRegistry: listen oscl: mHasNotifySubscriptionInfoChangedOccurred==false no callback --------- beginning of events
11-04 01:47:25.512 2358 2358 I sysui_multi_action: [757,0,758,1,759,0,927,2,928,0,1593,1]
11-04 01:47:25.512 2358 2358 I sysui_multi_action: [757,0,758,1,759,0,927,3,928,0,1593,1]
11-04 01:47:25.512 2358 2358 I sysui_multi_action: [757,491,758,1,759,491,927,4,928,0,1311,-1,1593,0]
11-04 01:47:25.512 2358 2358 I sysui_multi_action: [757,0,758,1,759,0,927,5,928,0,1593,0]
11-04 01:47:25.512 2358 2358 I sysui_multi_action: [757,111,758,1]
11-04 01:47:25.512 2358 2358 I sysui_multi_action: [757,126,758,1,759,126,927,0,928,0,1593,1]
11-04 01:47:25.512 2358 2358 I sysui_multi_action: [757,113,758,1,759,113,927,1,928,1,1593,1]
11-04 01:47:25.512 2358 2358 I sysui_multi_action: [757,0,758,1,759,0,927,2,928,0,1593,1]
11-04 01:47:25.512 2358 2358 I sysui_multi_action: [757,0,758,1,759,0,927,3,928,0,1593,1]
11-04 01:47:25.528 1474 1474 I notification_enqueue: [10081,2358,com.android.systemui,2048,NULL,0,Notification(channel=updateNotification shortcut=null contentView=null vibrate=null sound=null defaults=0x0 flags=0x0 color=0x00000000 vis=PRIVATE),1]
11-04 01:47:25.529 2358 2358 I sysui_multi_action: [757,111,758,2]
11-04 01:47:25.529 2358 2358 I sysui_multi_action: [757,111,758,2]
11-04 01:47:25.536 2358 2358 I sysui_multi_action: [757,111,758,1]
11-04 01:47:25.537 2358 2358 I sysui_multi_action: [757,126,758,1,759,126,927,0,928,0,1593,1]
11-04 01:47:25.537 2358 2358 I sysui_multi_action: [757,113,758,1,759,113,927,1,928,1,1593,1]
11-04 01:47:25.537 2358 2358 I sysui_multi_action: [757,0,758,1,759,0,927,2,928,0,1593,1]
11-04 01:47:25.537 2358 2358 I sysui_multi_action: [757,0,758,1,759,0,927,3,928,0,1593,1]
11-04 01:47:25.537 2358 2358 I sysui_multi_action: [757,491,758,1,759,491,927,4,928,0,1311,-1,1593,0]
11-04 01:47:25.537 2358 2358 I sysui_multi_action: [757,0,758,1,759,0,927,5,928,0,1593,0]
11-04 01:47:25.537 2358 2358 I sysui_multi_action: [757,111,758,1]
11-04 01:47:25.537 2358 2358 I sysui_multi_action: [757,126,758,1,759,126,927,0,928,0,1593,1]
11-04 01:47:25.538 2358 2358 I sysui_multi_action: [757,113,758,1,759,113,927,1,928,1,1593,1]
11-04 01:47:25.538 2358 2358 I sysui_multi_action: [757,0,758,1,759,0,927,2,928,0,1593,1]
11-04 01:47:25.538 2358 2358 I sysui_multi_action: [757,0,758,1,759,0,927,3,928,0,1593,1]
11-04 01:47:25.553 1474 1654 I sysui_latency: [8,93]
11-04 01:47:25.555 1474 1474 I notification_enqueue: [10081,2358,com.android.systemui,2048,NULL,0,Notification(channel=updateNotification shortcut=null contentView=null vibrate=null sound=null defaults=0x0 flags=0x0 color=0x00000000 vis=PRIVATE),1]
11-04 01:47:25.555 2358 2358 I sysui_multi_action: [757,111,758,2]
11-04 01:47:25.555 2358 2358 I sysui_multi_action: [757,111,758,2]
11-04 01:47:25.561 2358 2358 I sysui_multi_action: [757,111,758,1]
11-04 01:47:25.561 2358 2358 I sysui_multi_action: [757,126,758,1,759,126,927,0,928,0,1593,1]
11-04 01:47:25.561 2358 2358 I sysui_multi_action: [757,113,758,1,759,113,927,1,928,1,1593,1]
11-04 01:47:25.562 2358 2358 I sysui_multi_action: [757,0,758,1,759,0,927,2,928,0,1593,1]
11-04 01:47:25.562 2358 2358 I sysui_multi_action: [757,0,758,1,759,0,927,3,928,0,1593,1]
11-04 01:47:25.562 2358 2358 I sysui_multi_action: [757,491,758,1,759,491,927,4,928,0,1311,-1,1593,0]
11-04 01:47:25.562 2358 2358 I sysui_multi_action: [757,0,758,1,759,0,927,5,928,0,1593,0]
11-04 01:47:25.562 2358 2358 I sysui_multi_action: [757,111,758,1]
11-04 01:47:25.562 2358 2358 I sysui_multi_action: [757,126,758,1,759,126,927,0,928,0,1593,1]
11-04 01:47:25.562 2358 2358 I sysui_multi_action: [757,113,758,1,759,113,927,1,928,1,1593,1]
11-04 01:47:25.562 2358 2358 I sysui_multi_action: [757,0,758,1,759,0,927,2,928,0,1593,1]
11-04 01:47:25.562 2358 2358 I sysui_multi_action: [757,0,758,1,759,0,927,3,928,0,1593,1]
11-04 01:47:25.581 1474 1474 I notification_enqueue: [10081,2358,com.android.systemui,2048,NULL,0,Notification(channel=updateNotification shortcut=null contentView=null vibrate=null sound=null defaults=0x0 flags=0x0 color=0x00000000 vis=PRIVATE),1]
11-04 01:47:25.581 2358 2358 I sysui_multi_action: [757,111,758,2]
11-04 01:47:25.581 2358 2358 I sysui_multi_action: [757,111,758,2]
11-04 01:47:25.587 2358 2358 I sysui_multi_action: [757,111,758,1]
11-04 01:47:25.588 2358 2358 I sysui_multi_action: [757,126,758,1,759,126,927,0,928,0,1593,0]
11-04 01:47:25.588 2358 2358 I sysui_multi_action: [757,113,758,1,759,113,927,1,928,1,1593,0]
11-04 01:47:25.588 2358 2358 I sysui_multi_action: [757,0,758,1,759,0,927,2,928,0,1593,0]
11-04 01:47:25.588 2358 2358 I sysui_multi_action: [757,0,758,1,759,0,927,3,928,0,1593,0]
11-04 01:47:25.588 2358 2358 I sysui_multi_action: [757,491,758,1,759,491,927,4,928,0,1311,-1,1593,0]
11-04 01:47:25.588 2358 2358 I sysui_multi_action: [757,0,758,1,759,0,927,5,928,0,1593,0]
11-04 01:47:25.588 2358 2358 I sysui_multi_action: [757,111,758,1]
11-04 01:47:25.588 2358 2358 I sysui_multi_action: [757,126,758,1,759,126,927,0,928,0,1593,1]
11-04 01:47:25.588 2358 2358 I sysui_multi_action: [757,113,758,1,759,113,927,1,928,1,1593,1]
11-04 01:47:25.588 2358 2358 I sysui_multi_action: [757,0,758,1,759,0,927,2,928,0,1593,1]
11-04 01:47:25.588 2358 2358 I sysui_multi_action: [757,0,758,1,759,0,927,3,928,0,1593,1]
11-04 01:47:25.603 1474 1474 I notification_enqueue: [10081,2358,com.android.systemui,2048,NULL,0,Notification(channel=updateNotification shortcut=null contentView=null vibrate=null sound=null defaults=0x0 flags=0x0 color=0x00000000 vis=PRIVATE),1]
11-04 01:47:25.603 2358 2358 I sysui_multi_action: [757,111,758,2]
11-04 01:47:25.603 2358 2358 I sysui_multi_action: [757,111,758,2]
11-04 01:47:25.609 2358 2358 I sysui_multi_action: [757,111,758,1]
11-04 01:47:25.609 2358 2358 I sysui_multi_action: [757,126,758,1,759,126,927,0,928,0,1593,1]
11-04 01:47:25.609 2358 2358 I sysui_multi_action: [757,113,758,1,759,113,927,1,928,1,1593,1]
11-04 01:47:25.609 2358 2358 I sysui_multi_action: [757,0,758,1,759,0,927,2,928,0,1593,1]
11-04 01:47:25.609 2358 2358 I sysui_multi_action: [757,0,758,1,759,0,927,3,928,0,1593,1]
11-04 01:47:25.610 2358 2358 I sysui_multi_action: [757,491,758,1,759,491,927,4,928,0,1311,-1,1593,0]
11-04 01:47:25.610 2358 2358 I sysui_multi_action: [757,0,758,1,759,0,927,5,928,0,1593,0]
11-04 01:47:25.610 2358 2358 I sysui_multi_action: [757,111,758,1]
11-04 01:47:25.610 2358 2358 I sysui_multi_action: [757,126,758,1,759,126,927,0,928,0,1593,1]
11-04 01:47:25.610 2358 2358 I sysui_multi_action: [757,113,758,1,759,113,927,1,928,1,1593,1]
11-04 01:47:25.610 2358 2358 I sysui_multi_action: [757,0,758,1,759,0,927,2,928,0,1593,1]
11-04 01:47:25.610 2358 2358 I sysui_multi_action: [757,0,758,1,759,0,927,3,928,0,1593,1]
11-04 01:47:25.627 1474 1474 I notification_enqueue: [10081,2358,com.android.systemui,2048,NULL,0,Notification(channel=updateNotification shortcut=null contentView=null vibrate=null sound=null defaults=0x0 flags=0x0 color=0x00000000 vis=PRIVATE),1]
11-04 01:47:25.628 2358 2358 I sysui_multi_action: [757,111,758,2]
11-04 01:47:25.628 2358 2358 I sysui_multi_action: [757,111,758,2]
11-04 01:47:25.634 2358 2358 I sysui_multi_action: [757,111,758,1]
11-04 01:47:25.634 2358 2358 I sysui_multi_action: [757,126,758,1,759,126,927,0,928,0,1593,1]
11-04 01:47:25.634 2358 2358 I sysui_multi_action: [757,113,758,1,759,113,927,1,928,1,1593,1]
11-04 01:47:25.634 2358 2358 I sysui_multi_action: [757,0,758,1,759,0,927,2,928,0,1593,1]
11-04 01:47:25.634 2358 2358 I sysui_multi_action: [757,0,758,1,759,0,927,3,928,0,1593,1]
11-04 01:47:25.634 2358 2358 I sysui_multi_action: [757,491,758,1,759,491,927,4,928,0,1311,-1,1593,0]
11-04 01:47:25.634 2358 2358 I sysui_multi_action: [757,0,758,1,759,0,927,5,928,0,1593,0]
11-04 01:47:25.634 2358 2358 I sysui_multi_action: [757,111,758,1]
11-04 01:47:25.634 2358 2358 I sysui_multi_action: [757,126,758,1,759,126,927,0,928,0,1593,1]
11-04 01:47:25.634 2358 2358 I sysui_multi_action: [757,113,758,1,759,113,927,1,928,1,1593,1]
11-04 01:47:25.635 2358 2358 I sysui_multi_action: [757,0,758,1,759,0,927,2,928,0,1593,1]
11-04 01:47:25.635 2358 2358 I sysui_multi_action: [757,0,758,1,759,0,927,3,928,0,1593,1]
11-04 01:47:25.650 2358 2358 I sysui_multi_action: [757,111,758,2]
11-04 01:47:25.650 1474 1474 I notification_enqueue: [10081,2358,com.android.systemui,2048,NULL,0,Notification(channel=updateNotification shortcut=null contentView=null vibrate=null sound=null defaults=0x0 flags=0x0 color=0x00000000 vis=PRIVATE),1]
11-04 01:47:25.650 2358 2358 I sysui_multi_action: [757,111,758,2]
11-04 01:47:25.656 2358 2358 I sysui_multi_action: [757,111,758,1]
11-04 01:47:25.656 2358 2358 I sysui_multi_action: [757,126,758,1,759,126,927,0,928,0,1593,1]
11-04 01:47:25.656 2358 2358 I sysui_multi_action: [757,113,758,1,759,113,927,1,928,1,1593,1]
11-04 01:47:25.656 2358 2358 I sysui_multi_action: [757,0,758,1,759,0,927,2,928,0,1593,1]
11-04 01:47:25.656 2358 2358 I sysui_multi_action: [757,0,758,1,759,0,927,3,928,0,1593,1]
11-04 01:47:25.657 2358 2358 I sysui_multi_action: [757,491,758,1,759,491,927,4,928,0,1311,-1,1593,0]
11-04 01:47:25.657 2358 2358 I sysui_multi_action: [757,0,758,1,759,0,927,5,928,0,1593,0]
11-04 01:47:25.657 2358 2358 I sysui_multi_action: [757,111,758,1]
11-04 01:47:25.657 2358 2358 I sysui_multi_action: [757,126,758,1,759,126,927,0,928,0,1593,1]
11-04 01:47:25.657 2358 2358 I sysui_multi_action: [757,113,758,1,759,113,927,1,928,1,1593,1]
11-04 01:47:25.657 2358 2358 I sysui_multi_action: [757,0,758,1,759,0,927,2,928,0,1593,1]
11-04 01:47:25.657 2358 2358 I sysui_multi_action: [757,0,758,1,759,0,927,3,928,0,1593,1]
11-04 01:47:25.672 1474 1474 I notification_enqueue: [10081,2358,com.android.systemui,2048,NULL,0,Notification(channel=updateNotification shortcut=null contentView=null vibrate=null sound=null defaults=0x0 flags=0x0 color=0x00000000 vis=PRIVATE),1]
11-04 01:47:25.672 2358 2358 I sysui_multi_action: [757,111,758,2]
11-04 01:47:25.672 2358 2358 I sysui_multi_action: [757,111,758,2]
11-04 01:47:25.678 2358 2358 I sysui_multi_action: [757,111,758,1]
11-04 01:47:25.678 2358 2358 I sysui_multi_action: [757,126,758,1,759,126,927,0,928,0,1593,0]
11-04 01:47:25.678 2358 2358 I sysui_multi_action: [757,113,758,1,759,113,927,1,928,1,1593,1]
11-04 01:47:25.678 2358 2358 I sysui_multi_action: [757,0,758,1,759,0,927,2,928,0,1593,1]
11-04 01:47:25.678 2358 2358 I sysui_multi_action: [757,0,758,1,759,0,927,3,928,0,1593,1]
11-04 01:47:25.678 2358 2358 I sysui_multi_action: [757,491,758,1,759,491,927,4,928,0,1311,-1,1593,0]
11-04 01:47:25.679 2358 2358 I sysui_multi_action: [757,0,758,1,759,0,927,5,928,0,1593,0]
11-04 01:47:25.679 2358 2358 I sysui_multi_action: [757,111,758,1]
11-04 01:47:25.679 2358 2358 I sysui_multi_action: [757,126,758,1,759,126,927,0,928,0,1593,1]
11-04 01:47:25.679 2358 2358 I sysui_multi_action: [757,113,758,1,759,113,927,1,928,1,1593,1]
11-04 01:47:25.679 2358 2358 I sysui_multi_action: [757,0,758,1,759,0,927,2,928,0,1593,1]
11-04 01:47:25.679 2358 2358 I sysui_multi_action: [757,0,758,1,759,0,927,3,928,0,1593,1]
11-04 01:47:25.696 1474 1474 I notification_enqueue: [10081,2358,com.android.systemui,2048,NULL,0,Notification(channel=updateNotification shortcut=null contentView=null vibrate=null sound=null defaults=0x0 flags=0x0 color=0x00000000 vis=PRIVATE),1]
11-04 01:47:25.696 2358 2358 I sysui_multi_action: [757,111,758,2]
11-04 01:47:25.696 2358 2358 I sysui_multi_action: [757,111,758,2]
11-04 01:47:25.702 2358 2358 I sysui_multi_action: [757,111,758,1]
11-04 01:47:25.702 2358 2358 I sysui_multi_action: [757,126,758,1,759,126,927,0,928,0,1593,0]
11-04 01:47:25.702 2358 2358 I sysui_multi_action: [757,113,758,1,759,113,927,1,928,1,1593,0]
11-04 01:47:25.702 2358 2358 I sysui_multi_action: [757,0,758,1,759,0,927,2,928,0,1593,0]
11-04 01:47:25.702 2358 2358 I sysui_multi_action: [757,0,758,1,759,0,927,3,928,0,1593,1]
11-04 01:47:25.702 2358 2358 I sysui_multi_action: [757,491,758,1,759,491,927,4,928,0,1311,-1,1593,0]
11-04 01:47:25.703 2358 2358 I sysui_multi_action: [757,0,758,1,759,0,927,5,928,0,1593,0]
11-04 01:47:25.703 2358 2358 I sysui_multi_action: [757,111,758,1]
11-04 01:47:25.703 2358 2358 I sysui_multi_action: [757,126,758,1,759,126,927,0,928,0,1593,1]
11-04 01:47:25.703 2358 2358 I sysui_multi_action: [757,113,758,1,759,113,927,1,928,1,1593,1]
11-04 01:47:25.703 2358 2358 I sysui_multi_action: [757,0,758,1,759,0,927,2,928,0,1593,1]
11-04 01:47:25.703 2358 2358 I sysui_multi_action: [757,0,758,1,759,0,927,3,928,0,1593,1]
11-04 01:47:25.722 1474 1474 I notification_enqueue: [10081,2358,com.android.systemui,2048,NULL,0,Notification(channel=updateNotification shortcut=null contentView=null vibrate=null sound=null defaults=0x0 flags=0x0 color=0x00000000 vis=PRIVATE),1]
11-04 01:47:25.722 2358 2358 I sysui_multi_action: [757,111,758,2]
11-04 01:47:25.723 2358 2358 I sysui_multi_action: [757,111,758,2]
11-04 01:47:25.730 2358 2358 I sysui_multi_action: [757,111,758,1]
11-04 01:47:25.731 2358 2358 I sysui_multi_action: [757,126,758,1,759,126,927,0,928,0,1593,1]
11-04 01:47:25.731 2358 2358 I sysui_multi_action: [757,113,758,1,759,113,927,1,928,1,1593,1]
11-04 01:47:25.731 2358 2358 I sysui_multi_action: [757,0,758,1,759,0,927,2,928,0,1593,1]
11-04 01:47:25.731 2358 2358 I sysui_multi_action: [757,0,758,1,759,0,927,3,928,0,1593,1]
11-04 01:47:25.731 2358 2358 I sysui_multi_action: [757,491,758,1,759,491,927,4,928,0,1311,-1,1593,0]
11-04 01:47:25.731 2358 2358 I sysui_multi_action: [757,0,758,1,759,0,927,5,928,0,1593,0]
11-04 01:47:25.731 2358 2358 I sysui_multi_action: [757,111,758,1]
11-04 01:47:25.731 2358 2358 I sysui_multi_action: [757,126,758,1,759,126,927,0,928,0,1593,1]
11-04 01:47:25.731 2358 2358 I sysui_multi_action: [757,113,758,1,759,113,927,1,928,1,1593,1]
11-04 01:47:25.731 2358 2358 I sysui_multi_action: [757,0,758,1,759,0,927,2,928,0,1593,1]
11-04 01:47:25.731 2358 2358 I sysui_multi_action: [757,0,758,1,759,0,927,3,928,0,1593,1]
11-04 01:47:25.747 1474 1474 I notification_enqueue: [10081,2358,com.android.systemui,2048,NULL,0,Notification(channel=updateNotification shortcut=null contentView=null vibrate=null sound=null defaults=0x0 flags=0x0 color=0x00000000 vis=PRIVATE),1]
11-04 01:47:25.747 2358 2358 I sysui_multi_action: [757,111,758,2]
11-04 01:47:25.747 2358 2358 I sysui_multi_action: [757,111,758,2]
11-04 01:47:25.753 2358 2358 I sysui_multi_action: [757,111,758,1]
11-04 01:47:25.753 2358 2358 I sysui_multi_action: [757,126,758,1,759,126,927,0,928,0,1593,1]
11-04 01:47:25.754 2358 2358 I sysui_multi_action: [757,113,758,1,759,113,927,1,928,1,1593,1]
11-04 01:47:25.754 2358 2358 I sysui_multi_action: [757,0,758,1,759,0,927,2,928,0,1593,1]
11-04 01:47:25.754 2358 2358 I sysui_multi_action: [757,0,758,1,759,0,927,3,928,0,1593,1]
11-04 01:47:25.754 2358 2358 I sysui_multi_action: [757,491,758,1,759,491,927,4,928,0,1311,-1,1593,0]
11-04 01:47:25.754 2358 2358 I sysui_multi_action: [757,0,758,1,759,0,927,5,928,0,1593,0]
11-04 01:47:25.754 2358 2358 I sysui_multi_action: [757,111,758,1]
11-04 01:47:25.754 2358 2358 I sysui_multi_action: [757,126,758,1,759,126,927,0,928,0,1593,1]
11-04 01:47:25.754 2358 2358 I sysui_multi_action: [757,113,758,1,759,113,927,1,928,1,1593,1]
11-04 01:47:25.754 2358 2358 I sysui_multi_action: [757,0,758,1,759,0,927,2,928,0,1593,1]
11-04 01:47:25.754 2358 2358 I sysui_multi_action: [757,0,758,1,759,0,927,3,928,0,1593,1]
11-04 01:47:25.775 1474 1474 I notification_enqueue: [10081,2358,com.android.systemui,2048,NULL,0,Notification(channel=updateNotification shortcut=null contentView=null vibrate=null sound=null defaults=0x0 flags=0x0 color=0x00000000 vis=PRIVATE),1]
11-04 01:47:25.775 2358 2358 I sysui_multi_action: [757,111,758,2]
11-04 01:47:25.776 2358 2358 I sysui_multi_action: [757,111,758,2]
11-04 01:47:25.782 2358 2358 I sysui_multi_action: [757,111,758,1]
11-04 01:47:25.782 2358 2358 I sysui_multi_action: [757,126,758,1,759,126,927,0,928,0,1593,1]
11-04 01:47:25.782 2358 2358 I sysui_multi_action: [757,113,758,1,759,113,927,1,928,1,1593,1]
11-04 01:47:25.782 2358 2358 I sysui_multi_action: [757,0,758,1,759,0,927,2,928,0,1593,1]
11-04 01:47:25.782 2358 2358 I sysui_multi_action: [757,0,758,1,759,0,927,3,928,0,1593,1]
11-04 01:47:25.782 2358 2358 I sysui_multi_action: [757,491,758,1,759,491,927,4,928,0,1311,-1,1593,0]
11-04 01:47:25.782 2358 2358 I sysui_multi_action: [757,0,758,1,759,0,927,5,928,0,1593,0]
11-04 01:47:25.782 2358 2358 I sysui_multi_action: [757,111,758,1]
11-04 01:47:25.782 2358 2358 I sysui_multi_action: [757,126,758,1,759,126,927,0,928,0,1593,1]
11-04 01:47:25.782 2358 2358 I sysui_multi_action: [757,113,758,1,759,113,927,1,928,1,1593,1]
11-04 01:47:25.782 2358 2358 I sysui_multi_action: [757,0,758,1,759,0,927,2,928,0,1593,1]
11-04 01:47:25.782 2358 2358 I sysui_multi_action: [757,0,758,1,759,0,927,3,928,0,1593,1]
11-04 01:47:25.800 2358 2358 I sysui_multi_action: [757,111,758,2]
11-04 01:47:25.800 1474 1474 I notification_enqueue: [10081,2358,com.android.systemui,2048,NULL,0,Notification(channel=updateNotification shortcut=null contentView=null vibrate=null sound=null defaults=0x0 flags=0x0 color=0x00000000 vis=PRIVATE),1]
11-04 01:47:25.801 2358 2358 I sysui_multi_action: [757,111,758,2]
11-04 01:47:25.818 2358 2358 I sysui_multi_action: [757,111,758,1]
11-04 01:47:25.818 2358 2358 I sysui_multi_action: [757,126,758,1,759,126,927,0,928,0,1593,1]
11-04 01:47:25.818 2358 2358 I sysui_multi_action: [757,113,758,1,759,113,927,1,928,1,1593,1]
11-04 01:47:25.818 2358 2358 I sysui_multi_action: [757,0,758,1,759,0,927,2,928,0,1593,1]
11-04 01:47:25.818 2358 2358 I sysui_multi_action: [757,0,758,1,759,0,927,3,928,0,1593,1]
11-04 01:47:25.819 2358 2358 I sysui_multi_action: [757,491,758,1,759,491,927,4,928,0,1311,-1,1593,0]
11-04 01:47:25.819 2358 2358 I sysui_multi_action: [757,0,758,1,759,0,927,5,928,0,1593,0]
11-04 01:47:25.819 2358 2358 I sysui_multi_action: [757,111,758,1]
11-04 01:47:25.819 2358 2358 I sysui_multi_action: [757,126,758,1,759,126,927,0,928,0,1593,1]
11-04 01:47:25.819 2358 2358 I sysui_multi_action: [757,113,758,1,759,113,927,1,928,1,1593,1]
11-04 01:47:25.819 2358 2358 I sysui_multi_action: [757,0,758,1,759,0,927,2,928,0,1593,1]
11-04 01:47:25.819 2358 2358 I sysui_multi_action: [757,0,758,1,759,0,927,3,928,0,1593,1]
11-04 01:47:25.838 2358 2358 I sysui_multi_action: [757,111,758,2]
11-04 01:47:25.838 1474 1474 I notification_enqueue: [10081,2358,com.android.systemui,2048,NULL,0,Notification(channel=updateNotification shortcut=null contentView=null vibrate=null sound=null defaults=0x0 flags=0x0 color=0x00000000 vis=PRIVATE),1]
11-04 01:47:25.838 2358 2358 I sysui_multi_action: [757,111,758,2]
11-04 01:47:25.841 1474 2408 I sysui_multi_action: [757,128,758,2,793,2989,794,2162,795,2989,796,26,798,0,806,android,857,DEVELOPER_IMPORTANT,858,4,947,0,1395,2,1500,2785,1688,1]
11-04 01:47:25.841 1474 2408 I notification_visibility: [-1|android|26|null|1000,0,2989,2989,0,0]
11-04 01:47:25.842 1474 2408 I sysui_multi_action: [757,128,758,2,793,386184,794,946,795,386184,796,32,798,1,806,android,857,USB,858,1,947,0,1395,2,1500,385767,1688,1]
11-04 01:47:25.842 1474 2408 I notification_visibility: [-1|android|32|null|1000,0,386184,386184,0,1]
11-04 01:47:25.842 1474 1796 I sysui_multi_action: [757,127,758,2]
11-04 01:47:25.842 1474 1796 I notification_panel_hidden:
11-04 01:47:25.850 2358 2358 I sysui_multi_action: [757,111,758,1]
11-04 01:47:25.850 2358 2358 I sysui_multi_action: [757,126,758,1,759,126,927,0,928,0,1593,0]
11-04 01:47:25.850 2358 2358 I sysui_multi_action: [757,113,758,1,759,113,927,1,928,1,1593,0]
11-04 01:47:25.850 2358 2358 I sysui_multi_action: [757,0,758,1,759,0,927,2,928,0,1593,0]
11-04 01:47:25.850 2358 2358 I sysui_multi_action: [757,0,758,1,759,0,927,3,928,0,1593,0]
11-04 01:47:25.850 2358 2358 I sysui_multi_action: [757,491,758,1,759,491,927,4,928,0,1311,-1,1593,0]
11-04 01:47:25.850 2358 2358 I sysui_multi_action: [757,0,758,1,759,0,927,5,928,0,1593,0]
11-04 01:47:25.850 2358 2358 I sysui_multi_action: [757,111,758,1]
11-04 01:47:25.850 2358 2358 I sysui_multi_action: [757,126,758,1,759,126,927,0,928,0,1593,1]
11-04 01:47:25.851 2358 2358 I sysui_multi_action: [757,113,758,1,759,113,927,1,928,1,1593,1]
11-04 01:47:25.851 2358 2358 I sysui_multi_action: [757,0,758,1,759,0,927,2,928,0,1593,1]
11-04 01:47:25.851 2358 2358 I sysui_multi_action: [757,0,758,1,759,0,927,3,928,0,1593,1]
11-04 01:47:25.906 1474 2469 I wm_task_moved: [1,1,10]
11-04 01:47:25.907 1474 2469 I wm_task_moved: [10,1,2147483647]
11-04 01:47:25.907 1474 2469 I wm_task_to_front: [0,10]
11-04 01:47:25.907 1474 2469 I wm_focused_root_task: [0,0,1,15,RecentsAnimation.onAnimationFinished()]
11-04 01:47:25.907 2895 2895 I wm_on_top_resumed_lost_called: [1535741,com.android.settings.Settings,topStateChangedWhenResumed]
11-04 01:47:25.907 1474 2469 I wm_set_resumed_activity: [0,com.android.launcher3/.uioverrides.QuickstepLauncher,RecentsAnimation.onAnimationFinished()]
11-04 01:47:25.908 1474 2469 I wm_pause_activity: [0,1535741,com.android.settings/.Settings,userLeaving=true,pauseBackTasks]
11-04 01:47:25.909 1474 2469 I wm_add_to_stopping: [0,1535741,com.android.settings/.Settings,makeInvisible]
11-04 01:47:25.910 1474 2469 I wm_set_resumed_activity: [0,com.android.launcher3/.uioverrides.QuickstepLauncher,resumeTopActivityInnerLocked]
11-04 01:47:25.912 1474 2469 I wm_resume_activity: [0,59699080,10,com.android.launcher3/.uioverrides.QuickstepLauncher]
11-04 01:47:25.919 2809 2809 I wm_on_resume_called: [59699080,com.android.launcher3.uioverrides.QuickstepLauncher,RESUME_ACTIVITY]
11-04 01:47:25.931 1474 1645 I input_focus: [Focus request c2f885b com.android.launcher3/com.android.launcher3.uioverrides.QuickstepLauncher,reason=UpdateInputWindows]
11-04 01:47:25.931 1474 1645 I wm_task_removed: [16,removeChild:removeChild last r=ActivityRecord{d667e8b u0 com.android.systemui/.usb.UsbDebuggingActivity t-1 f}} in t=Task{b5f39b9 #16 type=standard A=10081:com.android.systemui U=0 visible=false mode=fullscreen translucent=true sz=0}]
11-04 01:47:25.931 1474 1645 I wm_task_removed: [16,removeChild]
11-04 01:47:25.933 2895 2895 I sysui_multi_action: [757,35,758,2,1089,707]
11-04 01:47:25.934 2809 2809 I wm_on_top_resumed_gained_called: [59699080,com.android.launcher3.uioverrides.QuickstepLauncher,topStateChangedWhenResumed]
11-04 01:47:25.935 2895 2895 I sysui_multi_action: [757,39,758,2,1089,706]
11-04 01:47:25.936 2895 2895 I wm_on_paused_called: [1535741,com.android.settings.Settings,performPause]
11-04 01:47:25.936 1474 2005 I input_focus: [Focus entering c2f885b com.android.launcher3/com.android.launcher3.uioverrides.QuickstepLauncher (server),reason=setFocusedWindow]
11-04 01:47:25.937 1474 2281 I wm_stop_activity: [0,1535741,com.android.settings/.Settings]
11-04 01:47:25.957 2895 2895 I wm_on_stop_called: [1535741,com.android.settings.Settings,STOP_ACTIVITY_ITEM]
11-04 01:47:25.957 1474 1644 I sysui_multi_action: [757,803,799,window_time_0,802,0]
11-04 01:47:25.961 1474 1644 I sysui_multi_action: [757,803,799,window_time_0,802,0]
11-04 01:47:26.792 1474 2005 I input_interaction: Interaction with: c2f885b com.android.launcher3/com.android.launcher3.uioverrides.QuickstepLauncher (server), 6b99821 com.android.systemui.ImageWallpaper (server), edge-swipe (server), swipe-up (server), PointerEventDispatcher0 (server),
11-04 01:47:26.875 1474 1796 I wm_task_moved: [15,1,9]
11-04 01:47:26.875 1474 1796 I wm_task_to_front: [0,15]
11-04 01:47:26.876 1474 1796 I wm_focused_root_task: [0,0,15,1,bringingFoundTaskToFront]
11-04 01:47:26.876 1474 1796 I wm_set_resumed_activity: [0,com.android.settings/.Settings,bringingFoundTaskToFront]
11-04 01:47:26.877 1474 1796 I wm_new_intent: [0,1535741,15,com.android.settings/.Settings,android.intent.action.MAIN,NULL,NULL,270532608]
11-04 01:47:26.879 1474 1796 I wm_pause_activity: [0,59699080,com.android.launcher3/.uioverrides.QuickstepLauncher,userLeaving=true,pauseBackTasks]
11-04 01:47:26.884 2809 2809 I wm_on_top_resumed_lost_called: [59699080,com.android.launcher3.uioverrides.QuickstepLauncher,topStateChangedWhenResumed]
11-04 01:47:26.887 2809 2809 I wm_on_paused_called: [59699080,com.android.launcher3.uioverrides.QuickstepLauncher,performPause]
11-04 01:47:26.896 1474 2281 I wm_set_resumed_activity: [0,com.android.settings/.Settings,resumeTopActivityInnerLocked]
11-04 01:47:26.896 1474 2281 I wm_add_to_stopping: [0,59699080,com.android.launcher3/.uioverrides.QuickstepLauncher,makeInvisible]
11-04 01:47:26.898 1474 2281 I wm_resume_activity: [0,1535741,15,com.android.settings/.Settings]
11-04 01:47:26.904 2895 2895 I wm_on_restart_called: [1535741,com.android.settings.Settings,performRestartActivity]
11-04 01:47:26.908 2895 2895 I wm_on_start_called: [1535741,com.android.settings.Settings,handleStartActivity]
11-04 01:47:26.908 2895 2895 I snet_event_log: [120484087,-1,]
11-04 01:47:26.909 2895 2895 I wm_on_resume_called: [1535741,com.android.settings.Settings,RESUME_ACTIVITY]
11-04 01:47:26.909 2895 2895 I sysui_multi_action: [757,35,758,1,833,0,1089,0]
11-04 01:47:26.915 2895 2895 I sysui_multi_action: [757,39,758,1,833,0,1089,0]
11-04 01:47:26.916 1474 3631 D TelephonyRegistry: listen oscl: mHasNotifySubscriptionInfoChangedOccurred==false no callback
11-04 01:47:26.918 1474 1644 I sysui_multi_action: [757,803,799,window_time_0,802,1]
11-04 01:47:26.918 1474 2408 D TelephonyRegistry: listen oscl: mHasNotifySubscriptionInfoChangedOccurred==false no callback
11-04 01:47:26.922 1474 2005 I input_focus: [Focus leaving c2f885b com.android.launcher3/com.android.launcher3.uioverrides.QuickstepLauncher (server),reason=NO_WINDOW]
11-04 01:47:26.927 2895 2895 I auditd : type=1400 audit(0.0:596): avc: denied { read } for comm="pool-2-thread-3" name="pagetypeinfo" dev="proc" ino=4026531857 scontext=u:r:system_app:s0 tcontext=u:object_r:proc_pagetypeinfo:s0 tclass=file permissive=0
11-04 01:47:26.931 2895 2895 I auditd : type=1400 audit(0.0:597): avc: denied { search } for comm="pool-2-thread-3" name="zram0" dev="sysfs" ino=56821 scontext=u:r:system_app:s0 tcontext=u:object_r:sysfs_zram:s0 tclass=dir permissive=0
11-04 01:47:26.931 2895 2895 I auditd : type=1400 audit(0.0:598): avc: denied { search } for comm="pool-2-thread-3" name="zram0" dev="sysfs" ino=56821 scontext=u:r:system_app:s0 tcontext=u:object_r:sysfs_zram:s0 tclass=dir permissive=0
11-04 01:47:26.945 2895 2895 I wm_on_top_resumed_gained_called: [1535741,com.android.settings.Settings,topWhenResuming]
11-04 01:47:26.955 1474 1645 I input_focus: [Focus request 6d844c6 com.android.settings/com.android.settings.Settings,reason=UpdateInputWindows]
11-04 01:47:26.972 1474 2005 I input_focus: [Focus entering 6d844c6 com.android.settings/com.android.settings.Settings (server),reason=setFocusedWindow]
11-04 01:47:26.972 1474 1641 I sysui_multi_action: [319,36,321,29,322,92,325,409,757,761,758,9,759,4,806,com.android.settings,871,com.android.settings.Settings,904,com.android.launcher3,905,0,1320,4,1321,1]
11-04 01:47:27.446 1474 1644 I wm_stop_activity: [0,59699080,com.android.launcher3/.uioverrides.QuickstepLauncher]
11-04 01:47:27.467 2809 2809 I wm_on_stop_called: [59699080,com.android.launcher3.uioverrides.QuickstepLauncher,STOP_ACTIVITY_ITEM]
11-04 01:47:28.402 1474 2005 I input_interaction: Interaction with: 6d844c6 com.android.settings/com.android.settings.Settings (server), edge-swipe (server), swipe-up (server), PointerEventDispatcher0 (server),
11-04 01:47:28.569 2895 2895 I sysui_multi_action: [757,830,758,4,833,0,854,enable_adb,1089,0]
11-04 01:47:28.767 1474 1474 I sysui_multi_action: [757,128,758,5,759,8,793,5915,794,5088,795,5915,796,26,806,android,857,DEVELOPER_IMPORTANT,858,4,947,0,1500,5711,1688,1]
11-04 01:47:28.768 1474 1474 I notification_canceled: [-1|android|26|null|1000,8,5915,5915,5088,-1,-1,NULL]
11-04 01:47:28.778 1474 1744 I commit_sys_config_file: [settings-0-0,9]
11-04 01:47:28.803 2358 2358 I sysui_heads_up_status: [-1|android|26|null|1000,0]
11-04 01:47:29.288 2895 2895 I sysui_multi_action: [757,830,758,4,833,0,854,enable_adb,1089,0]
11-04 01:47:29.348 2895 2895 I sysui_multi_action: [757,1222,758,1,833,0,1089,28]
11-04 01:47:29.358 1474 1645 I input_focus: [Focus request c61198 com.android.settings/com.android.settings.Settings,reason=UpdateInputWindows]
11-04 01:47:29.379 1474 2005 I input_focus: [Focus leaving 6d844c6 com.android.settings/com.android.settings.Settings (server),reason=setFocusedWindow]
11-04 01:47:29.379 1474 2005 I input_focus: [Focus entering c61198 com.android.settings/com.android.settings.Settings (server),reason=setFocusedWindow]
11-04 01:47:30.221 1474 2005 I input_interaction: Interaction with: c61198 com.android.settings/com.android.settings.Settings (server), edge-swipe (server), swipe-up (server), PointerEventDispatcher0 (server),
11-04 01:47:30.359 1474 1645 I input_focus: [Focus request 6d844c6 com.android.settings/com.android.settings.Settings,reason=UpdateInputWindows]
11-04 01:47:30.379 2895 2895 I sysui_multi_action: [757,1222,758,2,1089,1031]
11-04 01:47:30.380 1474 2005 I input_focus: [Focus entering 6d844c6 com.android.settings/com.android.settings.Settings (server),reason=setFocusedWindow]
11-04 01:47:30.556 1474 1744 I commit_sys_config_file: [settings-0-0,8]
11-04 01:47:30.587 1474 1474 I notification_enqueue: [1000,1474,android,26,NULL,-1,Notification(channel=DEVELOPER_IMPORTANT shortcut=null contentView=null vibrate=null sound=null tick defaults=0x0 flags=0x2 color=0x00000000 vis=PUBLIC),0]
11-04 01:47:30.789 1474 1474 I sysui_multi_action: [757,1501,758,1,793,203,794,0,795,203,796,26,806,android,857,DEVELOPER_IMPORTANT,858,4,947,0,1500,0]
11-04 01:47:30.789 1474 1474 I sysui_multi_action: [757,804,799,note_interruptive,801,0,802,1]
11-04 01:47:30.876 2358 2358 I sysui_multi_action: [757,803,799,note_peek,802,1]
11-04 01:47:30.886 1474 3586 I sysui_multi_action: [757,127,758,1]
11-04 01:47:30.886 1474 3586 I sysui_multi_action: [757,804,799,note_load,801,1,802,1]
11-04 01:47:30.886 1474 3586 I notification_panel_revealed: 1
11-04 01:47:30.892 2358 2358 I sysui_heads_up_status: [-1|android|26|null|1000,1]
11-04 01:47:30.991 1474 1641 I wm_task_created: [17,-1]
11-04 01:47:30.998 1474 1641 I wm_task_moved: [17,1,10]
11-04 01:47:30.998 1474 1641 I wm_task_to_front: [0,17]
11-04 01:47:30.999 1474 1641 I wm_create_task: [0,17]
11-04 01:47:30.999 1474 1641 I wm_create_activity: [0,144023241,17,com.android.systemui/.usb.UsbDebuggingActivity,NULL,NULL,NULL,276824064]
11-04 01:47:30.999 1474 1641 I wm_task_moved: [17,1,10]
11-04 01:47:30.999 2895 2895 I wm_on_top_resumed_lost_called: [1535741,com.android.settings.Settings,topStateChangedWhenResumed]
11-04 01:47:31.002 1474 1641 I wm_pause_activity: [0,1535741,com.android.settings/.Settings,userLeaving=true,pauseBackTasks]
11-04 01:47:31.013 2895 2895 I sysui_multi_action: [757,35,758,2,1089,4104]
11-04 01:47:31.017 2895 2895 I sysui_multi_action: [757,39,758,2,1089,4102]
11-04 01:47:31.018 2895 2895 I wm_on_paused_called: [1535741,com.android.settings.Settings,performPause]
11-04 01:47:31.024 1474 2759 I wm_restart_activity: [0,144023241,17,com.android.systemui/.usb.UsbDebuggingActivity]
11-04 01:47:31.026 1474 2759 I wm_set_resumed_activity: [0,com.android.systemui/.usb.UsbDebuggingActivity,minimalResumeActivityLocked]
11-04 01:47:31.031 1474 1644 I sysui_multi_action: [757,803,799,window_time_0,802,4]
11-04 01:47:31.038 2358 2358 I wm_on_create_called: [144023241,com.android.systemui.usb.UsbDebuggingActivity,performCreate]
11-04 01:47:31.039 2358 2358 I wm_on_start_called: [144023241,com.android.systemui.usb.UsbDebuggingActivity,handleStartActivity]
11-04 01:47:31.039 2358 2358 I wm_on_resume_called: [144023241,com.android.systemui.usb.UsbDebuggingActivity,RESUME_ACTIVITY]
11-04 01:47:31.042 2358 2358 I wm_on_top_resumed_gained_called: [144023241,com.android.systemui.usb.UsbDebuggingActivity,topStateChangedWhenResumed]
11-04 01:47:31.050 1474 1645 I input_focus: [Focus request 18e07fc com.android.systemui/com.android.systemui.usb.UsbDebuggingActivity,reason=UpdateInputWindows]
11-04 01:47:31.065 1474 2005 I input_focus: [Focus leaving 6d844c6 com.android.settings/com.android.settings.Settings (server),reason=Waiting for window because NOT_VISIBLE]
11-04 01:47:31.068 1474 1641 I sysui_multi_action: [319,76,322,75,325,413,757,761,758,8,759,2,806,com.android.systemui,871,com.android.systemui.usb.UsbDebuggingActivity,904,android,905,0,1320,4,1321,1]
11-04 01:47:31.069 1474 1641 I wm_activity_launch_time: [0,144023241,com.android.systemui/.usb.UsbDebuggingActivity,75]
11-04 01:47:31.081 1474 2005 I input_focus: [Focus entering 18e07fc com.android.systemui/com.android.systemui.usb.UsbDebuggingActivity (server),reason=Window became focusable. Previous reason: NOT_VISIBLE]
11-04 01:47:31.420 1474 1607 I sysui_multi_action: [757,128,758,1,793,835,794,0,795,835,796,26,798,0,806,android,857,DEVELOPER_IMPORTANT,858,4,947,0,1395,2,1500,632,1688,1]
11-04 01:47:31.421 1474 1607 I sysui_multi_action: [757,804,799,note_freshness,801,835,802,1]
11-04 01:47:31.421 1474 1607 I notification_visibility: [-1|android|26|null|1000,1,835,835,0,0]
11-04 01:47:31.619 1474 2005 I input_interaction: Interaction with: 18e07fc com.android.systemui/com.android.systemui.usb.UsbDebuggingActivity (server), edge-swipe (server), swipe-up (server), PointerEventDispatcher0 (server),
11-04 01:47:31.826 1474 1607 I wm_finish_activity: [0,144023241,17,com.android.systemui/.usb.UsbDebuggingActivity,app-request]
11-04 01:47:31.826 1474 1607 I wm_task_moved: [15,1,10]
11-04 01:47:31.826 1474 1607 I wm_task_to_front: [0,15]
11-04 01:47:31.829 1474 1607 I wm_focused_root_task: [0,0,15,17,finish-top adjustFocusToNextFocusableTask]
11-04 01:47:31.836 1474 1607 I wm_pause_activity: [0,144023241,com.android.systemui/.usb.UsbDebuggingActivity,userLeaving=false,finish]
11-04 01:47:31.845 1474 1645 I input_focus: [Focus request 6d844c6 com.android.settings/com.android.settings.Settings,reason=UpdateInputWindows]
11-04 01:47:31.846 2358 2358 I wm_on_top_resumed_lost_called: [144023241,com.android.systemui.usb.UsbDebuggingActivity,topStateChangedWhenResumed]
11-04 01:47:31.850 2358 2358 I wm_on_paused_called: [144023241,com.android.systemui.usb.UsbDebuggingActivity,performPause]
11-04 01:47:31.853 1474 1607 I wm_set_resumed_activity: [0,com.android.settings/.Settings,resumeTopActivityInnerLocked]
11-04 01:47:31.855 1474 1607 I wm_resume_activity: [0,1535741,15,com.android.settings/.Settings]
11-04 01:47:31.856 2895 2895 I wm_on_resume_called: [1535741,com.android.settings.Settings,RESUME_ACTIVITY]
11-04 01:47:31.859 2895 2895 I sysui_multi_action: [757,35,758,1,833,0,1089,0]
11-04 01:47:31.866 1474 2005 I input_focus: [Focus leaving 18e07fc com.android.systemui/com.android.systemui.usb.UsbDebuggingActivity (server),reason=NO_WINDOW]
11-04 01:47:31.867 1474 2005 I input_focus: [Focus entering 6d844c6 com.android.settings/com.android.settings.Settings (server),reason=setFocusedWindow]
11-04 01:47:31.872 2895 2895 I sysui_multi_action: [757,39,758,1,833,0,1089,0]
11-04 01:47:31.873 1474 1644 I sysui_multi_action: [757,803,799,window_time_0,802,1]
11-04 01:47:31.873 1474 2408 D TelephonyRegistry: listen oscl: mHasNotifySubscriptionInfoChangedOccurred==false no callback
11-04 01:47:31.879 1474 1607 D TelephonyRegistry: listen oscl: mHasNotifySubscriptionInfoChangedOccurred==false no callback
11-04 01:47:31.891 2895 2895 I auditd : type=1400 audit(0.0:599): avc: denied { read } for comm="pool-2-thread-7" name="pagetypeinfo" dev="proc" ino=4026531857 scontext=u:r:system_app:s0 tcontext=u:object_r:proc_pagetypeinfo:s0 tclass=file permissive=0
11-04 01:47:31.891 2895 2895 I auditd : type=1400 audit(0.0:600): avc: denied { search } for comm="pool-2-thread-7" name="zram0" dev="sysfs" ino=56821 scontext=u:r:system_app:s0 tcontext=u:object_r:sysfs_zram:s0 tclass=dir permissive=0
11-04 01:47:31.891 2895 2895 I auditd : type=1400 audit(0.0:601): avc: denied { search } for comm="pool-2-thread-7" name="zram0" dev="sysfs" ino=56821 scontext=u:r:system_app:s0 tcontext=u:object_r:sysfs_zram:s0 tclass=dir permissive=0
11-04 01:47:31.910 2895 2895 I wm_on_top_resumed_gained_called: [1535741,com.android.settings.Settings,topWhenResuming]
11-04 01:47:31.950 1474 3586 I wm_destroy_activity: [0,144023241,17,com.android.systemui/.usb.UsbDebuggingActivity,finish-idle]
11-04 01:47:31.957 2358 2358 I wm_on_stop_called: [144023241,com.android.systemui.usb.UsbDebuggingActivity,LIFECYCLER_STOP_ACTIVITY]
11-04 01:47:31.957 2358 2358 I wm_on_destroy_called: [144023241,com.android.systemui.usb.UsbDebuggingActivity,performDestroy]
11-04 01:47:32.148 1474 1645 I wm_task_removed: [17,removeChild:removeChild last r=ActivityRecord{8959ec9 u0 com.android.systemui/.usb.UsbDebuggingActivity t-1 f}} in t=Task{eb1a7e8 #17 type=standard A=10081:com.android.systemui U=0 visible=false mode=fullscreen translucent=true sz=0}]
11-04 01:47:32.148 1474 1645 I wm_task_removed: [17,removeChild]
11-04 01:47:32.276 1474 1693 I commit_sys_config_file: [package-user-0,6]
11-04 01:47:32.706 1474 2005 I input_interaction: Interaction with: 823cadf StatusBar (server), edge-swipe (server), swipe-up (server), PointerEventDispatcher0 (server),
11-04 01:47:32.713 2358 2358 I sysui_multi_action: [757,803,799,panel_open,802,1]
11-04 01:47:32.739 1474 1474 I notification_enqueue: [10081,2358,com.android.systemui,2048,NULL,0,Notification(channel=updateNotification shortcut=null contentView=null vibrate=null sound=null defaults=0x0 flags=0x0 color=0x00000000 vis=PRIVATE),1]
11-04 01:47:32.740 2358 2358 I sysui_multi_action: [757,111,758,2]
11-04 01:47:32.741 2358 2358 I sysui_multi_action: [757,111,758,2]
11-04 01:47:32.775 2358 2358 I sysui_multi_action: [757,803,799,panel_open_peek,802,1]
11-04 01:47:32.791 1474 1645 I input_focus: [Focus request 4d6f832 NotificationShade,reason=UpdateInputWindows]
11-04 01:47:32.793 2358 2358 I sysui_multi_action: [757,111,758,1]
11-04 01:47:32.793 2358 2358 I sysui_multi_action: [757,126,758,1,759,126,927,0,928,0,1593,0]
11-04 01:47:32.793 2358 2358 I sysui_multi_action: [757,113,758,1,759,113,927,1,928,1,1593,0]
11-04 01:47:32.793 2358 2358 I sysui_multi_action: [757,0,758,1,759,0,927,2,928,0,1593,0]
11-04 01:47:32.793 2358 2358 I sysui_multi_action: [757,0,758,1,759,0,927,3,928,0,1593,0]
11-04 01:47:32.794 2358 2358 I sysui_multi_action: [757,491,758,1,759,491,927,4,928,0,1311,-1,1593,0]
11-04 01:47:32.794 2358 2358 I sysui_multi_action: [757,0,758,1,759,0,927,5,928,0,1593,0]
11-04 01:47:32.794 2358 2358 I sysui_multi_action: [757,111,758,1]
11-04 01:47:32.794 2358 2358 I sysui_multi_action: [757,126,758,1,759,126,927,0,928,0,1593,0]
11-04 01:47:32.794 2358 2358 I sysui_multi_action: [757,113,758,1,759,113,927,1,928,1,1593,0]
11-04 01:47:32.795 2358 2358 I sysui_multi_action: [757,0,758,1,759,0,927,2,928,0,1593,0]
11-04 01:47:32.795 2358 2358 I sysui_multi_action: [757,0,758,1,759,0,927,3,928,0,1593,0]
11-04 01:47:32.819 2358 2358 I sysui_multi_action: [757,111,758,2]
11-04 01:47:32.819 2358 2358 I sysui_multi_action: [757,111,758,2]
11-04 01:47:32.819 1474 1474 I notification_enqueue: [10081,2358,com.android.systemui,2048,NULL,0,Notification(channel=updateNotification shortcut=null contentView=null vibrate=null sound=null defaults=0x0 flags=0x0 color=0x00000000 vis=PRIVATE),1]
11-04 01:47:32.826 1474 2005 I input_focus: [Focus leaving 6d844c6 com.android.settings/com.android.settings.Settings (server),reason=setFocusedWindow]
11-04 01:47:32.826 1474 2005 I input_focus: [Focus entering 4d6f832 NotificationShade (server),reason=setFocusedWindow]
11-04 01:47:32.833 2358 2358 I sysui_multi_action: [757,111,758,1]
11-04 01:47:32.833 2358 2358 I sysui_multi_action: [757,126,758,1,759,126,927,0,928,0,1593,0]
11-04 01:47:32.833 2358 2358 I sysui_multi_action: [757,113,758,1,759,113,927,1,928,1,1593,0]
11-04 01:47:32.833 2358 2358 I sysui_multi_action: [757,0,758,1,759,0,927,2,928,0,1593,0]
11-04 01:47:32.833 2358 2358 I sysui_multi_action: [757,0,758,1,759,0,927,3,928,0,1593,0]
11-04 01:47:32.833 2358 2358 I sysui_multi_action: [757,491,758,1,759,491,927,4,928,0,1311,-1,1593,0]
11-04 01:47:32.834 2358 2358 I sysui_multi_action: [757,0,758,1,759,0,927,5,928,0,1593,0]
11-04 01:47:32.834 2358 2358 I sysui_multi_action: [757,111,758,1]
11-04 01:47:32.834 2358 2358 I sysui_multi_action: [757,126,758,1,759,126,927,0,928,0,1593,0]
11-04 01:47:32.834 2358 2358 I sysui_multi_action: [757,113,758,1,759,113,927,1,928,1,1593,0]
11-04 01:47:32.834 2358 2358 I sysui_multi_action: [757,0,758,1,759,0,927,2,928,0,1593,0]
11-04 01:47:32.834 2358 2358 I sysui_multi_action: [757,0,758,1,759,0,927,3,928,0,1593,0]
11-04 01:47:33.342 1474 2408 I sysui_multi_action: [757,128,758,1,793,393683,794,0,795,393683,796,32,798,1,806,android,857,USB,858,1,947,0,1395,2,1500,393266,1688,1]
11-04 01:47:33.342 1474 2408 I sysui_multi_action: [757,804,799,note_freshness,801,393683,802,1]
11-04 01:47:33.342 1474 2408 I notification_visibility: [-1|android|32|null|1000,1,393683,393683,0,1]
11-04 01:47:33.807 1474 2005 I input_interaction: Interaction with: 4d6f832 NotificationShade (server), edge-swipe (server), swipe-up (server), PointerEventDispatcher0 (server),
11-04 01:47:36.438 1474 1474 I service_manager_stats: [100,61,32422]
11-04 01:47:41.255 5304 5304 I auditd : type=1400 audit(0.0:602): avc: denied { read } for comm="app_process" name="u:object_r:odsign_prop:s0" dev="tmpfs" ino=2273 scontext=u:r:shell:s0 tcontext=u:object_r:odsign_prop:s0 tclass=file permissive=0
11-04 01:47:41.471 5321 5321 I auditd : type=1400 audit(0.0:603): avc: denied { read } for comm="app_process" name="u:object_r:odsign_prop:s0" dev="tmpfs" ino=2273 scontext=u:r:shell:s0 tcontext=u:object_r:odsign_prop:s0 tclass=file permissive=0
11-04 01:48:04.365 1474 1655 I am_uid_idle: 10050
11-04 01:48:11.257 1474 1655 I am_uid_idle: 10082
11-04 01:48:22.883 2358 2358 I sysui_multi_action: [757,407,758,4,759,1]
11-04 01:48:23.310 1474 3586 I sysui_multi_action: [757,128,758,3,793,443652,794,49969,795,443652,796,32,806,android,857,USB,858,1,947,0,1500,443235,1688,1]
11-04 01:48:23.766 2358 2358 I sysui_multi_action: [757,407,758,4,759,0]
11-04 01:48:24.163 1474 3586 I sysui_multi_action: [757,128,758,14,793,444504,794,50821,795,444504,796,32,806,android,857,USB,858,1,947,0,1500,444087,1688,1]
11-04 01:48:24.767 2358 2358 I sysui_multi_action: [757,407,758,4,759,1]
11-04 01:48:25.168 1474 3586 I sysui_multi_action: [757,128,758,3,793,445509,794,51826,795,445509,796,32,806,android,857,USB,858,1,947,0,1500,445092,1688,1]
11-04 01:48:25.738 2358 2358 I sysui_multi_action: [757,407,758,4,759,0]
11-04 01:48:26.133 1474 3586 I sysui_multi_action: [757,128,758,14,793,446475,794,52792,795,446475,796,32,806,android,857,USB,858,1,947,0,1500,446058,1688,1]
11-04 01:48:26.466 1474 3586 I wm_task_created: [18,-1]
11-04 01:48:26.472 1474 3586 I wm_task_moved: [18,1,10]
11-04 01:48:26.472 1474 3586 I wm_task_to_front: [0,18]
11-04 01:48:26.473 1474 3586 I wm_create_task: [0,18]
11-04 01:48:26.473 1474 3586 I wm_create_activity: [0,211805857,18,com.android.settings/.Settings$DevelopmentSettingsDashboardActivity,android.settings.APPLICATION_DEVELOPMENT_SETTINGS,NULL,NULL,268468224]
11-04 01:48:26.473 1474 3586 I wm_task_moved: [18,1,10]
11-04 01:48:26.473 2895 2895 I wm_on_top_resumed_lost_called: [1535741,com.android.settings.Settings,topStateChangedWhenResumed]
11-04 01:48:26.476 1474 3586 I wm_pause_activity: [0,1535741,com.android.settings/.Settings,userLeaving=true,pauseBackTasks]
11-04 01:48:26.484 1474 2408 I sysui_multi_action: [757,128,758,4,793,55898,794,55063,795,55898,796,26,798,0,806,android,857,DEVELOPER_IMPORTANT,858,4,947,0,1395,2,1500,55695,1688,1]
11-04 01:48:26.484 1474 2408 I notification_clicked: [-1|android|26|null|1000,55898,55898,55063,0,2]
11-04 01:48:26.485 1474 1474 I sysui_multi_action: [757,804,799,note_click_longevity,801,0,802,1]
11-04 01:48:26.488 2895 2895 I sysui_multi_action: [757,35,758,2,1089,54628]
11-04 01:48:26.492 2895 2895 I sysui_multi_action: [757,39,758,2,1089,54620]
11-04 01:48:26.495 2895 2895 I wm_on_paused_called: [1535741,com.android.settings.Settings,performPause]
11-04 01:48:26.498 1474 3257 I wm_add_to_stopping: [0,1535741,com.android.settings/.Settings,makeInvisible]
11-04 01:48:26.506 1474 3257 I wm_restart_activity: [0,211805857,18,com.android.settings/.Settings$DevelopmentSettingsDashboardActivity]
11-04 01:48:26.507 1474 3257 I wm_set_resumed_activity: [0,com.android.settings/.Settings$DevelopmentSettingsDashboardActivity,minimalResumeActivityLocked]
11-04 01:48:26.519 1474 1644 I sysui_multi_action: [757,803,799,window_time_0,802,55]
11-04 01:48:26.535 1474 2759 I am_uid_active: 10082
11-04 01:48:26.541 1474 1654 I am_pss : [2809,10080,com.android.launcher3,68065280,57180160,0,205619200,0,5,10]
11-04 01:48:26.548 1474 1654 I am_pss : [3362,10019,android.process.media,10594304,8540160,0,105852928,0,19,6]
11-04 01:48:26.548 1474 3586 I wm_task_moved: [15,1,10]
11-04 01:48:26.548 1474 3586 I wm_task_to_front: [0,15]
11-04 01:48:26.549 1474 3586 I wm_focused_root_task: [0,0,15,18,bringingFoundTaskToFront]
11-04 01:48:26.549 1474 3586 I wm_set_resumed_activity: [0,com.android.settings/.Settings,bringingFoundTaskToFront]
11-04 01:48:26.549 1474 3586 I wm_finish_activity: [0,1535741,15,com.android.settings/.Settings,clear-task-all]
11-04 01:48:26.553 1474 3586 I wm_task_moved: [15,1,10]
11-04 01:48:26.553 1474 3586 I wm_create_activity: [0,28836223,15,com.android.settings/.homepage.SettingsHomepageActivity,android.settings.APPLICATION_DEVELOPMENT_SETTINGS,NULL,NULL,272662528]
11-04 01:48:26.554 1474 1654 I am_pss : [5165,2000,com.android.shell,5837824,4313088,0,93896704,0,19,5]
11-04 01:48:26.555 1474 3586 I wm_pause_activity: [0,211805857,com.android.settings/.Settings$DevelopmentSettingsDashboardActivity,userLeaving=true,pauseBackTasks]
11-04 01:48:26.559 1474 3586 I wm_finish_activity: [0,211805857,18,com.android.settings/.Settings$DevelopmentSettingsDashboardActivity,app-request]
11-04 01:48:26.559 2895 2895 I wm_on_create_called: [211805857,com.android.settings.Settings$DevelopmentSettingsDashboardActivity,performCreate]
