11-04 01:49:44.422 1474 1645 I input_focus: [Focus request c2f885b com.android.launcher3/com.android.launcher3.uioverrides.QuickstepLauncher,reason=UpdateInputWindows]
11-04 01:49:44.451 1474 2005 I input_focus: [Focus entering c2f885b com.android.launcher3/com.android.launcher3.uioverrides.QuickstepLauncher (server),reason=Window became focusable. Previous reason: NOT_VISIBLE]
11-04 01:49:44.791 1474 1644 I wm_destroy_activity: [0,136931822,31,com.android.gallery3d/.app.MovieActivity,finish-imm:idle]
11-04 01:49:44.802 5399 5399 I wm_on_stop_called: [136931822,com.android.gallery3d.app.MovieActivity,LIFECYCLER_STOP_ACTIVITY]
11-04 01:49:44.805 5399 5399 I wm_on_destroy_called: [136931822,com.android.gallery3d.app.MovieActivity,performDestroy]
11-04 01:49:44.831 1474 1796 I wm_task_removed: [31,removeChild:removeChild last r=ActivityRecord{82969ee u0 com.android.gallery3d/.app.MovieActivity t-1 f}} in t=Task{2481e23 #31 type=standard A=10062:com.android.gallery3d U=0 visible=false mode=fullscreen translucent=true sz=0}]
11-04 01:49:44.831 1474 1796 I wm_task_removed: [31,removeChild]
11-04 01:50:15.539 1474 1655 I am_uid_idle: 10093
11-04 01:50:15.540 1474 1655 I am_uid_idle: 10082
11-04 01:50:21.516 1474 2005 I input_interaction: Interaction with: c2f885b com.android.launcher3/com.android.launcher3.uioverrides.QuickstepLauncher (server), 6b99821 com.android.systemui.ImageWallpaper (server), edge-swipe (server), swipe-up (server), PointerEventDispatcher0 (server),
11-04 01:50:22.430 1474 2005 I input_interaction: Interaction with: 823cadf StatusBar (server), edge-swipe (server), swipe-up (server), PointerEventDispatcher0 (server),
11-04 01:50:22.435 2358 2358 I sysui_multi_action: [757,803,799,panel_open,802,1]
11-04 01:50:22.438 2358 2358 I sysui_multi_action: [757,1328,758,4,1326,60,1327,2,1329,0]
11-04 01:50:22.483 1474 1796 I sysui_multi_action: [757,127,758,1]
11-04 01:50:22.484 1474 1796 I sysui_multi_action: [757,804,799,note_load,801,2,802,1]
11-04 01:50:22.484 1474 1796 I notification_panel_revealed: 2
11-04 01:50:22.490 2358 2358 I sysui_multi_action: [757,111,758,2]
11-04 01:50:22.490 1474 1474 I notification_enqueue: [10081,2358,com.android.systemui,2048,NULL,0,Notification(channel=updateNotification shortcut=null contentView=null vibrate=null sound=null defaults=0x0 flags=0x0 color=0x00000000 vis=PRIVATE),1]
11-04 01:50:22.491 2358 2358 I sysui_multi_action: [757,111,758,2]
11-04 01:50:22.520 2358 2358 I sysui_multi_action: [757,111,758,1]
11-04 01:50:22.520 2358 2358 I sysui_multi_action: [757,126,758,1,759,126,927,0,928,0,1593,1]
11-04 01:50:22.520 2358 2358 I sysui_multi_action: [757,113,758,1,759,113,927,1,928,1,1593,1]
11-04 01:50:22.520 2358 2358 I sysui_multi_action: [757,0,758,1,759,0,927,2,928,0,1593,1]
11-04 01:50:22.521 2358 2358 I sysui_multi_action: [757,0,758,1,759,0,927,3,928,0,1593,1]
11-04 01:50:22.521 1474 1645 I input_focus: [Focus request 4d6f832 NotificationShade,reason=UpdateInputWindows]
11-04 01:50:22.523 2358 2358 I sysui_multi_action: [757,491,758,1,759,491,927,4,928,0,1311,-1,1593,0]
11-04 01:50:22.523 2358 2358 I sysui_multi_action: [757,0,758,1,759,0,927,5,928,0,1593,0]
11-04 01:50:22.523 2358 2358 I sysui_multi_action: [757,114,758,1,759,114,927,6,928,0,1593,0]
11-04 01:50:22.523 2358 2358 I sysui_multi_action: [757,111,758,1]
11-04 01:50:22.523 2358 2358 I sysui_multi_action: [757,126,758,1,759,126,927,0,928,0,1593,1]
11-04 01:50:22.523 2358 2358 I sysui_multi_action: [757,113,758,1,759,113,927,1,928,1,1593,1]
11-04 01:50:22.523 2358 2358 I sysui_multi_action: [757,0,758,1,759,0,927,2,928,0,1593,1]
11-04 01:50:22.523 2358 2358 I sysui_multi_action: [757,0,758,1,759,0,927,3,928,0,1593,1]
11-04 01:50:22.530 1474 2005 I input_focus: [Focus leaving c2f885b com.android.launcher3/com.android.launcher3.uioverrides.QuickstepLauncher (server),reason=Waiting for window because NOT_VISIBLE]
11-04 01:50:22.538 2358 2358 I sysui_multi_action: [757,111,758,2]
11-04 01:50:22.538 1474 1474 I notification_enqueue: [10081,2358,com.android.systemui,2048,NULL,0,Notification(channel=updateNotification shortcut=null contentView=null vibrate=null sound=null defaults=0x0 flags=0x0 color=0x00000000 vis=PRIVATE),1]
11-04 01:50:22.540 2358 2358 I sysui_multi_action: [757,111,758,2]
11-04 01:50:22.545 2358 2358 I sysui_multi_action: [757,111,758,1]
11-04 01:50:22.545 2358 2358 I sysui_multi_action: [757,126,758,1,759,126,927,0,928,0,1593,1]
11-04 01:50:22.545 2358 2358 I sysui_multi_action: [757,113,758,1,759,113,927,1,928,1,1593,1]
11-04 01:50:22.545 2358 2358 I sysui_multi_action: [757,0,758,1,759,0,927,2,928,0,1593,1]
11-04 01:50:22.545 2358 2358 I sysui_multi_action: [757,0,758,1,759,0,927,3,928,0,1593,1]
11-04 01:50:22.545 2358 2358 I sysui_multi_action: [757,491,758,1,759,491,927,4,928,0,1311,-1,1593,0]
11-04 01:50:22.545 2358 2358 I sysui_multi_action: [757,0,758,1,759,0,927,5,928,0,1593,0]
11-04 01:50:22.545 1474 2005 I input_focus: [Focus entering 4d6f832 NotificationShade (server),reason=Window became focusable. Previous reason: NOT_VISIBLE]
11-04 01:50:22.545 2358 2358 I sysui_multi_action: [757,114,758,1,759,114,927,6,928,0,1593,0]
11-04 01:50:22.545 2358 2358 I sysui_multi_action: [757,111,758,1]
11-04 01:50:22.545 2358 2358 I sysui_multi_action: [757,126,758,1,759,126,927,0,928,0,1593,1]
11-04 01:50:22.545 2358 2358 I sysui_multi_action: [757,113,758,1,759,113,927,1,928,1,1593,1]
11-04 01:50:22.545 2358 2358 I sysui_multi_action: [757,0,758,1,759,0,927,2,928,0,1593,1]
11-04 01:50:22.545 2358 2358 I sysui_multi_action: [757,0,758,1,759,0,927,3,928,0,1593,1]
11-04 01:50:22.558 2358 2358 I sysui_multi_action: [757,111,758,2]
11-04 01:50:22.559 1474 1474 I notification_enqueue: [10081,2358,com.android.systemui,2048,NULL,0,Notification(channel=updateNotification shortcut=null contentView=null vibrate=null sound=null defaults=0x0 flags=0x0 color=0x00000000 vis=PRIVATE),1]
11-04 01:50:22.559 2358 2358 I sysui_multi_action: [757,111,758,2]
11-04 01:50:22.571 2358 2358 I sysui_multi_action: [757,111,758,1]
11-04 01:50:22.572 2358 2358 I sysui_multi_action: [757,126,758,1,759,126,927,0,928,0,1593,1]
11-04 01:50:22.572 2358 2358 I sysui_multi_action: [757,113,758,1,759,113,927,1,928,1,1593,1]
11-04 01:50:22.572 2358 2358 I sysui_multi_action: [757,0,758,1,759,0,927,2,928,0,1593,1]
11-04 01:50:22.572 2358 2358 I sysui_multi_action: [757,0,758,1,759,0,927,3,928,0,1593,1]
11-04 01:50:22.572 2358 2358 I sysui_multi_action: [757,491,758,1,759,491,927,4,928,0,1311,-1,1593,0]
11-04 01:50:22.572 2358 2358 I sysui_multi_action: [757,0,758,1,759,0,927,5,928,0,1593,0]
11-04 01:50:22.572 2358 2358 I sysui_multi_action: [757,114,758,1,759,114,927,6,928,0,1593,0]
11-04 01:50:22.572 2358 2358 I sysui_multi_action: [757,111,758,1]
11-04 01:50:22.572 2358 2358 I sysui_multi_action: [757,126,758,1,759,126,927,0,928,0,1593,1]
11-04 01:50:22.572 2358 2358 I sysui_multi_action: [757,113,758,1,759,113,927,1,928,1,1593,1]
11-04 01:50:22.572 2358 2358 I sysui_multi_action: [757,0,758,1,759,0,927,2,928,0,1593,1]
11-04 01:50:22.572 2358 2358 I sysui_multi_action: [757,0,758,1,759,0,927,3,928,0,1593,1]
11-04 01:50:22.585 2358 2358 I sysui_multi_action: [757,111,758,2]
11-04 01:50:22.585 1474 1474 I notification_enqueue: [10081,2358,com.android.systemui,2048,NULL,0,Notification(channel=updateNotification shortcut=null contentView=null vibrate=null sound=null defaults=0x0 flags=0x0 color=0x00000000 vis=PRIVATE),1]
11-04 01:50:22.585 2358 2358 I sysui_multi_action: [757,111,758,2]
11-04 01:50:22.589 2358 2358 I sysui_multi_action: [757,111,758,1]
11-04 01:50:22.589 2358 2358 I sysui_multi_action: [757,126,758,1,759,126,927,0,928,0,1593,0]
11-04 01:50:22.589 2358 2358 I sysui_multi_action: [757,113,758,1,759,113,927,1,928,1,1593,0]
11-04 01:50:22.589 2358 2358 I sysui_multi_action: [757,0,758,1,759,0,927,2,928,0,1593,0]
11-04 01:50:22.589 2358 2358 I sysui_multi_action: [757,0,758,1,759,0,927,3,928,0,1593,0]
11-04 01:50:22.589 2358 2358 I sysui_multi_action: [757,491,758,1,759,491,927,4,928,0,1311,-1,1593,0]
11-04 01:50:22.589 2358 2358 I sysui_multi_action: [757,0,758,1,759,0,927,5,928,0,1593,0]
11-04 01:50:22.589 2358 2358 I sysui_multi_action: [757,114,758,1,759,114,927,6,928,0,1593,0]
11-04 01:50:22.589 2358 2358 I sysui_multi_action: [757,111,758,1]
11-04 01:50:22.589 2358 2358 I sysui_multi_action: [757,126,758,1,759,126,927,0,928,0,1593,0]
11-04 01:50:22.590 2358 2358 I sysui_multi_action: [757,113,758,1,759,113,927,1,928,1,1593,0]
11-04 01:50:22.590 2358 2358 I sysui_multi_action: [757,0,758,1,759,0,927,2,928,0,1593,0]
11-04 01:50:22.590 2358 2358 I sysui_multi_action: [757,0,758,1,759,0,927,3,928,0,1593,0]
11-04 01:50:22.604 2358 2358 I sysui_multi_action: [757,111,758,2]
11-04 01:50:22.604 1474 1474 I notification_enqueue: [10081,2358,com.android.systemui,2048,NULL,0,Notification(channel=updateNotification shortcut=null contentView=null vibrate=null sound=null defaults=0x0 flags=0x0 color=0x00000000 vis=PRIVATE),1]
11-04 01:50:22.604 2358 2358 I sysui_multi_action: [757,111,758,2]
11-04 01:50:22.607 2358 2358 I sysui_multi_action: [757,111,758,1]
11-04 01:50:22.608 2358 2358 I sysui_multi_action: [757,126,758,1,759,126,927,0,928,0,1593,1]
11-04 01:50:22.608 2358 2358 I sysui_multi_action: [757,113,758,1,759,113,927,1,928,1,1593,1]
11-04 01:50:22.608 2358 2358 I sysui_multi_action: [757,0,758,1,759,0,927,2,928,0,1593,1]
11-04 01:50:22.608 2358 2358 I sysui_multi_action: [757,0,758,1,759,0,927,3,928,0,1593,1]
11-04 01:50:22.608 2358 2358 I sysui_multi_action: [757,491,758,1,759,491,927,4,928,0,1311,-1,1593,0]
11-04 01:50:22.608 2358 2358 I sysui_multi_action: [757,0,758,1,759,0,927,5,928,0,1593,0]
11-04 01:50:22.608 2358 2358 I sysui_multi_action: [757,114,758,1,759,114,927,6,928,0,1593,0]
11-04 01:50:22.608 2358 2358 I sysui_multi_action: [757,111,758,1]
11-04 01:50:22.608 2358 2358 I sysui_multi_action: [757,126,758,1,759,126,927,0,928,0,1593,1]
11-04 01:50:22.608 2358 2358 I sysui_multi_action: [757,113,758,1,759,113,927,1,928,1,1593,1]
11-04 01:50:22.608 2358 2358 I sysui_multi_action: [757,0,758,1,759,0,927,2,928,0,1593,1]
11-04 01:50:22.608 2358 2358 I sysui_multi_action: [757,0,758,1,759,0,927,3,928,0,1593,1]
11-04 01:50:22.621 2358 2358 I sysui_multi_action: [757,111,758,2]
11-04 01:50:22.621 2358 2358 I sysui_multi_action: [757,111,758,2]
11-04 01:50:22.621 1474 1474 I notification_enqueue: [10081,2358,com.android.systemui,2048,NULL,0,Notification(channel=updateNotification shortcut=null contentView=null vibrate=null sound=null defaults=0x0 flags=0x0 color=0x00000000 vis=PRIVATE),1]
11-04 01:50:22.625 2358 2358 I sysui_multi_action: [757,111,758,1]
11-04 01:50:22.625 2358 2358 I sysui_multi_action: [757,126,758,1,759,126,927,0,928,0,1593,1]
11-04 01:50:22.625 2358 2358 I sysui_multi_action: [757,113,758,1,759,113,927,1,928,1,1593,1]
11-04 01:50:22.625 2358 2358 I sysui_multi_action: [757,0,758,1,759,0,927,2,928,0,1593,1]
11-04 01:50:22.625 2358 2358 I sysui_multi_action: [757,0,758,1,759,0,927,3,928,0,1593,1]
11-04 01:50:22.625 2358 2358 I sysui_multi_action: [757,491,758,1,759,491,927,4,928,0,1311,-1,1593,0]
11-04 01:50:22.625 2358 2358 I sysui_multi_action: [757,0,758,1,759,0,927,5,928,0,1593,0]
11-04 01:50:22.625 2358 2358 I sysui_multi_action: [757,114,758,1,759,114,927,6,928,0,1593,0]
11-04 01:50:22.625 2358 2358 I sysui_multi_action: [757,111,758,1]
11-04 01:50:22.625 2358 2358 I sysui_multi_action: [757,126,758,1,759,126,927,0,928,0,1593,1]
11-04 01:50:22.625 2358 2358 I sysui_multi_action: [757,113,758,1,759,113,927,1,928,1,1593,1]
11-04 01:50:22.625 2358 2358 I sysui_multi_action: [757,0,758,1,759,0,927,2,928,0,1593,1]
11-04 01:50:22.625 2358 2358 I sysui_multi_action: [757,0,758,1,759,0,927,3,928,0,1593,1]
11-04 01:50:22.639 2358 2358 I sysui_multi_action: [757,111,758,2]
11-04 01:50:22.639 2358 2358 I sysui_multi_action: [757,111,758,2]
11-04 01:50:22.640 1474 1474 I notification_enqueue: [10081,2358,com.android.systemui,2048,NULL,0,Notification(channel=updateNotification shortcut=null contentView=null vibrate=null sound=null defaults=0x0 flags=0x0 color=0x00000000 vis=PRIVATE),1]
11-04 01:50:22.643 2358 2358 I sysui_multi_action: [757,111,758,1]
11-04 01:50:22.643 2358 2358 I sysui_multi_action: [757,126,758,1,759,126,927,0,928,0,1593,1]
11-04 01:50:22.643 2358 2358 I sysui_multi_action: [757,113,758,1,759,113,927,1,928,1,1593,1]
11-04 01:50:22.643 2358 2358 I sysui_multi_action: [757,0,758,1,759,0,927,2,928,0,1593,1]
11-04 01:50:22.643 2358 2358 I sysui_multi_action: [757,0,758,1,759,0,927,3,928,0,1593,1]
11-04 01:50:22.643 2358 2358 I sysui_multi_action: [757,491,758,1,759,491,927,4,928,0,1311,-1,1593,0]
11-04 01:50:22.643 2358 2358 I sysui_multi_action: [757,0,758,1,759,0,927,5,928,0,1593,0]
11-04 01:50:22.643 2358 2358 I sysui_multi_action: [757,114,758,1,759,114,927,6,928,0,1593,0]
11-04 01:50:22.644 2358 2358 I sysui_multi_action: [757,111,758,1]
11-04 01:50:22.644 2358 2358 I sysui_multi_action: [757,126,758,1,759,126,927,0,928,0,1593,1]
11-04 01:50:22.644 2358 2358 I sysui_multi_action: [757,113,758,1,759,113,927,1,928,1,1593,1]
11-04 01:50:22.644 2358 2358 I sysui_multi_action: [757,0,758,1,759,0,927,2,928,0,1593,1]
11-04 01:50:22.644 2358 2358 I sysui_multi_action: [757,0,758,1,759,0,927,3,928,0,1593,1]
11-04 01:50:22.658 2358 2358 I sysui_multi_action: [757,111,758,2]
11-04 01:50:22.658 1474 1474 I notification_enqueue: [10081,2358,com.android.systemui,2048,NULL,0,Notification(channel=updateNotification shortcut=null contentView=null vibrate=null sound=null defaults=0x0 flags=0x0 color=0x00000000 vis=PRIVATE),1]
11-04 01:50:22.658 2358 2358 I sysui_multi_action: [757,111,758,2]
11-04 01:50:22.661 2358 2358 I sysui_multi_action: [757,111,758,1]
11-04 01:50:22.662 2358 2358 I sysui_multi_action: [757,126,758,1,759,126,927,0,928,0,1593,0]
11-04 01:50:22.662 2358 2358 I sysui_multi_action: [757,113,758,1,759,113,927,1,928,1,1593,0]
11-04 01:50:22.662 2358 2358 I sysui_multi_action: [757,0,758,1,759,0,927,2,928,0,1593,0]
11-04 01:50:22.662 2358 2358 I sysui_multi_action: [757,0,758,1,759,0,927,3,928,0,1593,0]
11-04 01:50:22.662 2358 2358 I sysui_multi_action: [757,491,758,1,759,491,927,4,928,0,1311,-1,1593,0]
11-04 01:50:22.662 2358 2358 I sysui_multi_action: [757,0,758,1,759,0,927,5,928,0,1593,0]
11-04 01:50:22.662 2358 2358 I sysui_multi_action: [757,114,758,1,759,114,927,6,928,0,1593,0]
11-04 01:50:22.662 2358 2358 I sysui_multi_action: [757,111,758,1]
11-04 01:50:22.662 2358 2358 I sysui_multi_action: [757,126,758,1,759,126,927,0,928,0,1593,1]
11-04 01:50:22.662 2358 2358 I sysui_multi_action: [757,113,758,1,759,113,927,1,928,1,1593,1]
11-04 01:50:22.662 2358 2358 I sysui_multi_action: [757,0,758,1,759,0,927,2,928,0,1593,1]
11-04 01:50:22.662 2358 2358 I sysui_multi_action: [757,0,758,1,759,0,927,3,928,0,1593,1]
11-04 01:50:22.681 1474 1474 I notification_enqueue: [10081,2358,com.android.systemui,2048,NULL,0,Notification(channel=updateNotification shortcut=null contentView=null vibrate=null sound=null defaults=0x0 flags=0x0 color=0x00000000 vis=PRIVATE),1]
11-04 01:50:22.681 2358 2358 I sysui_multi_action: [757,111,758,2]
11-04 01:50:22.681 2358 2358 I sysui_multi_action: [757,111,758,2]
11-04 01:50:22.685 2358 2358 I sysui_multi_action: [757,111,758,1]
11-04 01:50:22.685 2358 2358 I sysui_multi_action: [757,126,758,1,759,126,927,0,928,0,1593,1]
11-04 01:50:22.685 2358 2358 I sysui_multi_action: [757,113,758,1,759,113,927,1,928,1,1593,1]
11-04 01:50:22.685 2358 2358 I sysui_multi_action: [757,0,758,1,759,0,927,2,928,0,1593,1]
11-04 01:50:22.685 2358 2358 I sysui_multi_action: [757,0,758,1,759,0,927,3,928,0,1593,1]
11-04 01:50:22.686 2358 2358 I sysui_multi_action: [757,491,758,1,759,491,927,4,928,0,1311,-1,1593,0]
11-04 01:50:22.686 2358 2358 I sysui_multi_action: [757,0,758,1,759,0,927,5,928,0,1593,0]
11-04 01:50:22.686 2358 2358 I sysui_multi_action: [757,114,758,1,759,114,927,6,928,0,1593,0]
11-04 01:50:22.686 2358 2358 I sysui_multi_action: [757,111,758,1]
11-04 01:50:22.686 2358 2358 I sysui_multi_action: [757,126,758,1,759,126,927,0,928,0,1593,1]
11-04 01:50:22.686 2358 2358 I sysui_multi_action: [757,113,758,1,759,113,927,1,928,1,1593,1]
11-04 01:50:22.686 2358 2358 I sysui_multi_action: [757,0,758,1,759,0,927,2,928,0,1593,1]
11-04 01:50:22.686 2358 2358 I sysui_multi_action: [757,0,758,1,759,0,927,3,928,0,1593,1]
11-04 01:50:23.052 1474 5415 I sysui_multi_action: [757,128,758,1,793,172466,794,0,795,172466,796,26,798,0,806,android,857,DEVELOPER_IMPORTANT,858,4,947,0,1395,2,1500,172263,1688,1]
11-04 01:50:23.052 1474 5415 I sysui_multi_action: [757,804,799,note_freshness,801,172466,802,1]
11-04 01:50:23.052 1474 5415 I notification_visibility: [-1|android|26|null|1000,1,172466,172466,0,0]
11-04 01:50:23.052 1474 5415 I sysui_multi_action: [757,128,758,1,793,563394,794,0,795,563394,796,32,798,1,806,android,857,USB,858,1,947,0,1395,2,1500,562977,1688,1]
11-04 01:50:23.052 1474 5415 I sysui_multi_action: [757,804,799,note_freshness,801,563394,802,1]
11-04 01:50:23.053 1474 5415 I notification_visibility: [-1|android|32|null|1000,1,563394,563394,0,1]
11-04 01:50:26.061 1474 2005 I input_interaction: Interaction with: 4d6f832 NotificationShade (server), edge-swipe (server), swipe-up (server), PointerEventDispatcher0 (server),
11-04 01:50:30.228 1474 1744 I commit_sys_config_file: [settings-2-0,7]
11-04 01:50:34.896 2358 2358 I sysui_multi_action: [757,925,758,4,759,126,927,0,928,0,1592,0,1593,1]
11-04 01:50:34.941 1474 1796 D TelephonyRegistry: listen oscl: mHasNotifySubscriptionInfoChangedOccurred==false no callback
11-04 01:50:34.945 2358 2358 W CarrierConfigManager: Error getting config for subId -1 ICarrierConfigLoader is null
11-04 01:50:35.011 1474 1645 I input_focus: [Focus request a77f5a1 InternetDialog,reason=UpdateInputWindows]
11-04 01:50:35.042 1474 2005 I input_focus: [Focus leaving 4d6f832 NotificationShade (server),reason=setFocusedWindow]
11-04 01:50:35.043 1474 2005 I input_focus: [Focus entering a77f5a1 InternetDialog (server),reason=setFocusedWindow]
11-04 01:50:36.424 1474 2005 I input_interaction: Interaction with: a77f5a1 InternetDialog (server), edge-swipe (server), swipe-up (server), PointerEventDispatcher0 (server),
11-04 01:50:36.743 1474 1744 I commit_sys_config_file: [settings-0-0,5]
11-04 01:50:37.861 1474 1645 I input_focus: [Focus request 4d6f832 NotificationShade,reason=UpdateInputWindows]
11-04 01:50:37.881 1474 2005 I input_focus: [Focus entering 4d6f832 NotificationShade (server),reason=setFocusedWindow]
11-04 01:50:39.583 1474 1474 I notification_enqueue: [1000,1474,android,17303299,com.android.wifi,0,Notification(channel=NETWORK_AVAILABLE shortcut=null contentView=null vibrate=null sound=null tick defaults=0x0 flags=0x100 color=0x00000000 actions=2 vis=PRIVATE),0]
11-04 01:50:39.785 1474 1474 I sysui_multi_action: [757,1501,758,1,793,203,794,0,795,203,796,17303299,797,com.android.wifi,806,android,857,NETWORK_AVAILABLE,858,2,947,0,1500,0,1688,1]
11-04 01:50:39.786 1474 1474 I sysui_multi_action: [757,804,799,note_interruptive,801,0,802,1]
11-04 01:50:40.577 1474 5415 I sysui_multi_action: [757,128,758,1,793,994,794,0,795,994,796,17303299,797,com.android.wifi,798,1,806,android,857,NETWORK_AVAILABLE,858,2,947,0,1395,3,1500,791,1688,1]
11-04 01:50:40.578 1474 5415 I sysui_multi_action: [757,804,799,note_freshness,801,994,802,1]
11-04 01:50:40.578 1474 5415 I notification_visibility: [0|android|17303299|com.android.wifi|1000,1,994,994,0,1]
11-04 01:50:44.396 1474 1655 I am_uid_idle: 10062
11-04 01:50:50.858 1474 1655 I am_uid_idle: 10068
11-04 01:51:00.041 1474 1759 I am_freeze: [3377,com.android.documentsui]
11-04 01:51:00.043 1474 1759 I am_kill : [0,3377,com.android.documentsui,985,Unable to freeze binder interface]
11-04 01:51:00.081 1474 5415 I am_proc_died: [0,3377,com.android.documentsui,985,19]
11-04 01:51:00.081 1474 5415 I am_uid_stopped: 10034
11-04 01:51:00.349 1474 1759 I am_freeze: [3425,com.android.provision]
11-04 01:51:00.351 1474 1759 I am_kill : [0,3425,com.android.provision,985,Unable to freeze binder interface]
11-04 01:51:00.391 1474 1606 I am_proc_died: [0,3425,com.android.provision,985,19]
11-04 01:51:00.392 1474 1606 I am_uid_stopped: 10076
11-04 01:51:00.862 1474 1759 I am_freeze: [3822,com.android.traceur]
11-04 01:51:00.864 1474 1759 I am_kill : [0,3822,com.android.traceur,975,Unable to freeze binder interface]
11-04 01:51:00.906 1474 2281 I am_proc_died: [0,3822,com.android.traceur,975,19]
11-04 01:51:00.907 1474 2281 I am_uid_stopped: 10033
11-04 01:51:00.925 1474 1654 I am_pss : [3859,10066,com.qualcomm.qti.devicestatisticsservice,5084160,3559424,0,90066944,0,0,9]
11-04 01:51:01.150 1474 1759 I am_freeze: [3898,com.android.calendar]
11-04 01:51:01.153 1474 1759 I am_freeze: [3033,com.android.deskclock]
11-04 01:51:01.155 1474 1759 I am_kill : [0,3898,com.android.calendar,975,Unable to freeze binder interface]
11-04 01:51:01.158 1474 1759 I am_kill : [0,3033,com.android.deskclock,965,Unable to freeze binder interface]
11-04 01:51:01.184 1474 2281 I am_proc_died: [0,3898,com.android.calendar,975,19]
11-04 01:51:01.185 1474 2281 I am_uid_stopped: 10061
11-04 01:51:01.190 1474 1795 I am_proc_died: [0,3033,com.android.deskclock,965,19]
11-04 01:51:01.191 1474 1795 I am_uid_stopped: 10063
11-04 01:51:01.211 1474 1759 I am_freeze: [3918,com.android.dynsystem]
11-04 01:51:01.212 1474 1759 I am_kill : [0,3918,com.android.dynsystem,965,Unable to freeze binder interface]
11-04 01:51:01.242 1474 2429 I am_proc_died: [0,3918,com.android.dynsystem,965,19]
11-04 01:51:01.284 1474 1759 I am_freeze: [3937,com.android.dynsystem:dynsystem]
11-04 01:51:01.286 1474 1759 I am_kill : [0,3937,com.android.dynsystem:dynsystem,995,Unable to freeze binder interface]
11-04 01:51:01.311 1474 2429 I am_proc_died: [0,3937,com.android.dynsystem:dynsystem,995,19]
11-04 01:51:01.722 1474 1759 I am_freeze: [4030,com.android.onetimeinitializer]
11-04 01:51:01.723 1474 1759 I am_kill : [0,4030,com.android.onetimeinitializer,985,Unable to freeze binder interface]
11-04 01:51:01.751 1474 2429 I am_proc_died: [0,4030,com.android.onetimeinitializer,985,19]
11-04 01:51:01.751 1474 2429 I am_uid_stopped: 10058
11-04 01:51:02.088 1474 1759 I am_freeze: [4086,com.android.phone]
11-04 01:51:02.090 1474 1759 I am_kill : [0,4086,com.android.phone,975,Unable to freeze binder interface]
11-04 01:51:02.120 1474 2429 I am_proc_died: [0,4086,com.android.phone,975,19]
11-04 01:51:02.620 1474 1759 I am_freeze: [4151,com.qualcomm.qti.qms.service.connectionsecurity]
11-04 01:51:02.621 1474 1759 I am_kill : [0,4151,com.qualcomm.qti.qms.service.connectionsecurity,965,Unable to freeze binder interface]
11-04 01:51:02.623 1474 1759 I am_freeze: [3175,com.qualcomm.qtil.aptxui]
11-04 01:51:02.624 1474 1759 I am_kill : [0,3175,com.qualcomm.qtil.aptxui,965,Unable to freeze binder interface]
11-04 01:51:02.652 1474 2429 I am_proc_died: [0,4151,com.qualcomm.qti.qms.service.connectionsecurity,965,19]
11-04 01:51:02.652 1474 2429 I am_uid_stopped: 10056
11-04 01:51:02.657 1474 2429 I am_proc_died: [0,3175,com.qualcomm.qtil.aptxui,965,19]
11-04 01:51:02.658 1474 2429 I am_uid_stopped: 10088
11-04 01:51:02.842 1474 1759 I am_freeze: [4191,com.android.localtransport]
11-04 01:51:02.844 1474 1759 I am_kill : [0,4191,com.android.localtransport,955,Unable to freeze binder interface]
11-04 01:51:02.880 1474 2429 I am_proc_died: [0,4191,com.android.localtransport,955,19]
11-04 01:51:03.256 1474 1759 I am_freeze: [3592,com.android.externalstorage]
11-04 01:51:03.260 1474 1759 I am_kill : [0,3592,com.android.externalstorage,955,Unable to freeze binder interface]
11-04 01:51:03.294 1474 2429 I am_proc_died: [0,3592,com.android.externalstorage,955,19]
11-04 01:51:03.295 1474 2429 I am_uid_stopped: 10028
11-04 01:51:06.905 1474 1759 I am_freeze: [3701,com.android.providers.calendar]
11-04 01:51:06.907 1474 1759 I am_kill : [0,3701,com.android.providers.calendar,945,Unable to freeze binder interface]
11-04 01:51:06.944 1474 5397 I am_proc_died: [0,3701,com.android.providers.calendar,945,19]
11-04 01:51:06.946 1474 5397 I am_uid_stopped: 10021
11-04 01:51:07.652 1474 1474 I service_manager_stats: [100,79,119538]
11-04 01:51:08.169 1474 1759 I am_freeze: [4346,com.qualcomm.qti.qms.service.trustzoneaccess]
11-04 01:51:08.171 1474 1759 I am_kill : [0,4346,com.qualcomm.qti.qms.service.trustzoneaccess,945,Unable to freeze binder interface]
11-04 01:51:08.206 1474 5397 I am_proc_died: [0,4346,com.qualcomm.qti.qms.service.trustzoneaccess,945,19]
11-04 01:51:08.206 1474 5397 I am_uid_stopped: 10054
11-04 01:51:14.422 1474 1474 I notification_enqueue: [1000,1474,android,17303299,com.android.wifi,0,Notification(channel=NETWORK_AVAILABLE shortcut=null contentView=null vibrate=null sound=null tick defaults=0x0 flags=0x100 color=0x00000000 actions=2 vis=PRIVATE),1]
11-04 01:51:14.623 1474 1474 I sysui_multi_action: [757,1501,758,1,793,35041,794,34047,795,202,796,17303299,797,com.android.wifi,806,android,857,NETWORK_AVAILABLE,858,2,947,0,1500,0,1688,1]
11-04 01:51:14.624 1474 1474 I sysui_multi_action: [757,804,799,note_interruptive,801,0,802,1]
11-04 01:51:14.830 1474 1654 I am_pss : [2809,10080,com.android.launcher3,119882752,108412928,0,255668224,0,2,12]
11-04 01:51:30.841 1474 1672 I sysui_multi_action: [757,1696,758,6,759,2]
11-04 01:51:30.848 1474 1655 I am_wtf : [0,1474,system_server,-1,DisplayDeviceConfig,requesting nits when no mapping exists.]
11-04 01:51:30.852 1474 1655 I am_wtf : [0,1474,system_server,-1,DisplayDeviceConfig,requesting nits when no mapping exists.]
11-04 01:51:30.865 1474 1655 I am_wtf : [0,1474,system_server,-1,DisplayDeviceConfig,requesting nits when no mapping exists.]
11-04 01:51:30.867 1474 1655 I am_wtf : [0,1474,system_server,-1,DisplayDeviceConfig,requesting nits when no mapping exists.]
11-04 01:51:30.882 1474 1655 I am_wtf : [0,1474,system_server,-1,DisplayDeviceConfig,requesting nits when no mapping exists.]
11-04 01:51:30.885 1474 1655 I am_wtf : [0,1474,system_server,-1,DisplayDeviceConfig,requesting nits when no mapping exists.]
11-04 01:51:30.887 1474 1655 I am_wtf : [0,1474,system_server,-1,DisplayDeviceConfig,requesting nits when no mapping exists.]
11-04 01:51:30.888 1474 1655 I am_wtf : [0,1474,system_server,-1,DisplayDeviceConfig,requesting nits when no mapping exists.]
11-04 01:51:30.903 1474 1655 I am_wtf : [0,1474,system_server,-1,DisplayDeviceConfig,requesting nits when no mapping exists.]
11-04 01:51:30.904 1474 1655 I am_wtf : [0,1474,system_server,-1,DisplayDeviceConfig,requesting nits when no mapping exists.]
11-04 01:51:30.920 1474 1655 I am_wtf : [0,1474,system_server,-1,DisplayDeviceConfig,requesting nits when no mapping exists.]
11-04 01:51:30.921 1474 1655 I am_wtf : [0,1474,system_server,-1,DisplayDeviceConfig,requesting nits when no mapping exists.]
11-04 01:51:30.937 1474 1655 I am_wtf : [0,1474,system_server,-1,DisplayDeviceConfig,requesting nits when no mapping exists.]
11-04 01:51:30.938 1474 1655 I am_wtf : [0,1474,system_server,-1,DisplayDeviceConfig,requesting nits when no mapping exists.]
11-04 01:51:30.954 1474 1655 I am_wtf : [0,1474,system_server,-1,DisplayDeviceConfig,requesting nits when no mapping exists.]
11-04 01:51:30.955 1474 1655 I am_wtf : [0,1474,system_server,-1,DisplayDeviceConfig,requesting nits when no mapping exists.]
11-04 01:51:30.970 1474 1655 I am_wtf : [0,1474,system_server,-1,DisplayDeviceConfig,requesting nits when no mapping exists.]
11-04 01:51:30.971 1474 1655 I am_wtf : [0,1474,system_server,-1,DisplayDeviceConfig,requesting nits when no mapping exists.]
11-04 01:51:30.987 1474 1655 I am_wtf : [0,1474,system_server,-1,DisplayDeviceConfig,requesting nits when no mapping exists.]
11-04 01:51:30.988 1474 1655 I am_wtf : [0,1474,system_server,-1,DisplayDeviceConfig,requesting nits when no mapping exists.]
11-04 01:51:31.004 1474 1655 I am_wtf : [0,1474,system_server,-1,DisplayDeviceConfig,requesting nits when no mapping exists.]
11-04 01:51:31.005 1474 1655 I am_wtf : [0,1474,system_server,-1,DisplayDeviceConfig,requesting nits when no mapping exists.]
11-04 01:51:31.021 1474 1655 I am_wtf : [0,1474,system_server,-1,DisplayDeviceConfig,requesting nits when no mapping exists.]
11-04 01:51:31.021 1474 1655 I am_wtf : [0,1474,system_server,-1,DisplayDeviceConfig,requesting nits when no mapping exists.]
11-04 01:51:31.038 1474 1655 I am_wtf : [0,1474,system_server,-1,DisplayDeviceConfig,requesting nits when no mapping exists.]
11-04 01:51:31.039 1474 1655 I am_wtf : [0,1474,system_server,-1,DisplayDeviceConfig,requesting nits when no mapping exists.]
11-04 01:51:31.054 1474 1655 I am_wtf : [0,1474,system_server,-1,DisplayDeviceConfig,requesting nits when no mapping exists.]
11-04 01:51:31.055 1474 1655 I am_wtf : [0,1474,system_server,-1,DisplayDeviceConfig,requesting nits when no mapping exists.]
11-04 01:51:31.071 1474 1655 I am_wtf : [0,1474,system_server,-1,DisplayDeviceConfig,requesting nits when no mapping exists.]
11-04 01:51:31.072 1474 1655 I am_wtf : [0,1474,system_server,-1,DisplayDeviceConfig,requesting nits when no mapping exists.]
11-04 01:51:31.088 1474 1655 I am_wtf : [0,1474,system_server,-1,DisplayDeviceConfig,requesting nits when no mapping exists.]
11-04 01:51:31.089 1474 1655 I am_wtf : [0,1474,system_server,-1,DisplayDeviceConfig,requesting nits when no mapping exists.]
11-04 01:51:31.104 1474 1655 I am_wtf : [0,1474,system_server,-1,DisplayDeviceConfig,requesting nits when no mapping exists.]
11-04 01:51:31.105 1474 1655 I am_wtf : [0,1474,system_server,-1,DisplayDeviceConfig,requesting nits when no mapping exists.]
11-04 01:51:31.121 1474 1655 I am_wtf : [0,1474,system_server,-1,DisplayDeviceConfig,requesting nits when no mapping exists.]
11-04 01:51:31.122 1474 1655 I am_wtf : [0,1474,system_server,-1,DisplayDeviceConfig,requesting nits when no mapping exists.]
11-04 01:51:31.138 1474 1655 I am_wtf : [0,1474,system_server,-1,DisplayDeviceConfig,requesting nits when no mapping exists.]
11-04 01:51:31.139 1474 1655 I am_wtf : [0,1474,system_server,-1,DisplayDeviceConfig,requesting nits when no mapping exists.]
11-04 01:51:31.155 1474 1655 I am_wtf : [0,1474,system_server,-1,DisplayDeviceConfig,requesting nits when no mapping exists.]
11-04 01:51:31.156 1474 1655 I am_wtf : [0,1474,system_server,-1,DisplayDeviceConfig,requesting nits when no mapping exists.]
11-04 01:51:31.171 1474 1655 I am_wtf : [0,1474,system_server,-1,DisplayDeviceConfig,requesting nits when no mapping exists.]
11-04 01:51:31.172 1474 1655 I am_wtf : [0,1474,system_server,-1,DisplayDeviceConfig,requesting nits when no mapping exists.]
11-04 01:51:31.188 1474 1655 I am_wtf : [0,1474,system_server,-1,DisplayDeviceConfig,requesting nits when no mapping exists.]
11-04 01:51:31.188 1474 1655 I am_wtf : [0,1474,system_server,-1,DisplayDeviceConfig,requesting nits when no mapping exists.]
11-04 01:51:31.204 1474 1655 I am_wtf : [0,1474,system_server,-1,DisplayDeviceConfig,requesting nits when no mapping exists.]
11-04 01:51:31.205 1474 1655 I am_wtf : [0,1474,system_server,-1,DisplayDeviceConfig,requesting nits when no mapping exists.]
11-04 01:51:31.221 1474 1655 I am_wtf : [0,1474,system_server,-1,DisplayDeviceConfig,requesting nits when no mapping exists.]
11-04 01:51:31.222 1474 1655 I am_wtf : [0,1474,system_server,-1,DisplayDeviceConfig,requesting nits when no mapping exists.]
11-04 01:51:31.239 1474 1655 I am_wtf : [0,1474,system_server,-1,DisplayDeviceConfig,requesting nits when no mapping exists.]
11-04 01:51:31.240 1474 1655 I am_wtf : [0,1474,system_server,-1,DisplayDeviceConfig,requesting nits when no mapping exists.]
11-04 01:51:31.255 1474 1655 I am_wtf : [0,1474,system_server,-1,DisplayDeviceConfig,requesting nits when no mapping exists.]
11-04 01:51:31.256 1474 1655 I am_wtf : [0,1474,system_server,-1,DisplayDeviceConfig,requesting nits when no mapping exists.]
11-04 01:51:31.271 1474 1655 I am_wtf : [0,1474,system_server,-1,DisplayDeviceConfig,requesting nits when no mapping exists.]
11-04 01:51:31.272 1474 1655 I am_wtf : [0,1474,system_server,-1,DisplayDeviceConfig,requesting nits when no mapping exists.]
11-04 01:51:31.288 1474 1655 I am_wtf : [0,1474,system_server,-1,DisplayDeviceConfig,requesting nits when no mapping exists.]
11-04 01:51:31.289 1474 1655 I am_wtf : [0,1474,system_server,-1,DisplayDeviceConfig,requesting nits when no mapping exists.]
11-04 01:51:31.305 1474 1655 I am_wtf : [0,1474,system_server,-1,DisplayDeviceConfig,requesting nits when no mapping exists.]
11-04 01:51:31.306 1474 1655 I am_wtf : [0,1474,system_server,-1,DisplayDeviceConfig,requesting nits when no mapping exists.]
11-04 01:51:31.321 1474 1655 I am_wtf : [0,1474,system_server,-1,DisplayDeviceConfig,requesting nits when no mapping exists.]
11-04 01:51:31.322 1474 1655 I am_wtf : [0,1474,system_server,-1,DisplayDeviceConfig,requesting nits when no mapping exists.]
11-04 01:51:31.339 1474 1655 I am_wtf : [0,1474,system_server,-1,DisplayDeviceConfig,requesting nits when no mapping exists.]
11-04 01:51:31.340 1474 1655 I am_wtf : [0,1474,system_server,-1,DisplayDeviceConfig,requesting nits when no mapping exists.]
11-04 01:51:31.355 1474 1655 I am_wtf : [0,1474,system_server,-1,DisplayDeviceConfig,requesting nits when no mapping exists.]
11-04 01:51:31.356 1474 1655 I am_wtf : [0,1474,system_server,-1,DisplayDeviceConfig,requesting nits when no mapping exists.]
11-04 01:51:31.371 1474 1655 I am_wtf : [0,1474,system_server,-1,DisplayDeviceConfig,requesting nits when no mapping exists.]
11-04 01:51:31.372 1474 1655 I am_wtf : [0,1474,system_server,-1,DisplayDeviceConfig,requesting nits when no mapping exists.]
11-04 01:51:31.388 1474 1655 I am_wtf : [0,1474,system_server,-1,DisplayDeviceConfig,requesting nits when no mapping exists.]
11-04 01:51:31.389 1474 1655 I am_wtf : [0,1474,system_server,-1,DisplayDeviceConfig,requesting nits when no mapping exists.]
11-04 01:51:31.405 1474 1655 I am_wtf : [0,1474,system_server,-1,DisplayDeviceConfig,requesting nits when no mapping exists.]
11-04 01:51:31.406 1474 1655 I am_wtf : [0,1474,system_server,-1,DisplayDeviceConfig,requesting nits when no mapping exists.]
11-04 01:51:31.421 1474 1655 I am_wtf : [0,1474,system_server,-1,DisplayDeviceConfig,requesting nits when no mapping exists.]
11-04 01:51:31.423 1474 1655 I am_wtf : [0,1474,system_server,-1,DisplayDeviceConfig,requesting nits when no mapping exists.]
11-04 01:51:31.438 1474 1655 I am_wtf : [0,1474,system_server,-1,DisplayDeviceConfig,requesting nits when no mapping exists.]
11-04 01:51:31.439 1474 1655 I am_wtf : [0,1474,system_server,-1,DisplayDeviceConfig,requesting nits when no mapping exists.]
11-04 01:51:31.455 1474 1655 I am_wtf : [0,1474,system_server,-1,DisplayDeviceConfig,requesting nits when no mapping exists.]
11-04 01:51:31.456 1474 1655 I am_wtf : [0,1474,system_server,-1,DisplayDeviceConfig,requesting nits when no mapping exists.]
11-04 01:51:31.472 1474 1655 I am_wtf : [0,1474,system_server,-1,DisplayDeviceConfig,requesting nits when no mapping exists.]
11-04 01:51:31.473 1474 1655 I am_wtf : [0,1474,system_server,-1,DisplayDeviceConfig,requesting nits when no mapping exists.]
11-04 01:51:31.489 1474 1655 I am_wtf : [0,1474,system_server,-1,DisplayDeviceConfig,requesting nits when no mapping exists.]
11-04 01:51:31.490 1474 1655 I am_wtf : [0,1474,system_server,-1,DisplayDeviceConfig,requesting nits when no mapping exists.]
11-04 01:51:31.505 1474 1655 I am_wtf : [0,1474,system_server,-1,DisplayDeviceConfig,requesting nits when no mapping exists.]
11-04 01:51:31.506 1474 1655 I am_wtf : [0,1474,system_server,-1,DisplayDeviceConfig,requesting nits when no mapping exists.]
11-04 01:51:31.522 1474 1655 I am_wtf : [0,1474,system_server,-1,DisplayDeviceConfig,requesting nits when no mapping exists.]
11-04 01:51:31.523 1474 1655 I am_wtf : [0,1474,system_server,-1,DisplayDeviceConfig,requesting nits when no mapping exists.]
11-04 01:51:31.539 1474 1655 I am_wtf : [0,1474,system_server,-1,DisplayDeviceConfig,requesting nits when no mapping exists.]
11-04 01:51:31.540 1474 1655 I am_wtf : [0,1474,system_server,-1,DisplayDeviceConfig,requesting nits when no mapping exists.]
11-04 01:51:31.555 1474 1655 I am_wtf : [0,1474,system_server,-1,DisplayDeviceConfig,requesting nits when no mapping exists.]
11-04 01:51:31.556 1474 1655 I am_wtf : [0,1474,system_server,-1,DisplayDeviceConfig,requesting nits when no mapping exists.]
11-04 01:51:31.572 1474 1655 I am_wtf : [0,1474,system_server,-1,DisplayDeviceConfig,requesting nits when no mapping exists.]
11-04 01:51:31.574 1474 1655 I am_wtf : [0,1474,system_server,-1,DisplayDeviceConfig,requesting nits when no mapping exists.]
11-04 01:51:31.589 1474 1655 I am_wtf : [0,1474,system_server,-1,DisplayDeviceConfig,requesting nits when no mapping exists.]
11-04 01:51:31.591 1474 1655 I am_wtf : [0,1474,system_server,-1,DisplayDeviceConfig,requesting nits when no mapping exists.]
11-04 01:51:31.606 1474 1655 I am_wtf : [0,1474,system_server,-1,DisplayDeviceConfig,requesting nits when no mapping exists.]
11-04 01:51:31.607 1474 1655 I am_wtf : [0,1474,system_server,-1,DisplayDeviceConfig,requesting nits when no mapping exists.]
11-04 01:51:31.622 1474 1655 I am_wtf : [0,1474,system_server,-1,DisplayDeviceConfig,requesting nits when no mapping exists.]
11-04 01:51:31.623 1474 1655 I am_wtf : [0,1474,system_server,-1,DisplayDeviceConfig,requesting nits when no mapping exists.]
11-04 01:51:31.624 1474 1655 I service_manager_stats: [100,48,23972]
11-04 01:51:31.639 1474 1655 I am_wtf : [0,1474,system_server,-1,DisplayDeviceConfig,requesting nits when no mapping exists.]
11-04 01:51:31.641 1474 1655 I am_wtf : [0,1474,system_server,-1,DisplayDeviceConfig,requesting nits when no mapping exists.]
11-04 01:51:31.656 1474 1655 I am_wtf : [0,1474,system_server,-1,DisplayDeviceConfig,requesting nits when no mapping exists.]
11-04 01:51:31.659 1474 1655 I am_wtf : [0,1474,system_server,-1,DisplayDeviceConfig,requesting nits when no mapping exists.]
11-04 01:51:31.672 1474 1655 I am_wtf : [0,1474,system_server,-1,DisplayDeviceConfig,requesting nits when no mapping exists.]
11-04 01:51:31.673 1474 1655 I am_wtf : [0,1474,system_server,-1,DisplayDeviceConfig,requesting nits when no mapping exists.]
11-04 01:51:31.689 1474 1655 I am_wtf : [0,1474,system_server,-1,DisplayDeviceConfig,requesting nits when no mapping exists.]
11-04 01:51:31.691 1474 1655 I am_wtf : [0,1474,system_server,-1,DisplayDeviceConfig,requesting nits when no mapping exists.]
11-04 01:51:31.706 1474 1655 I am_wtf : [0,1474,system_server,-1,DisplayDeviceConfig,requesting nits when no mapping exists.]
11-04 01:51:31.708 1474 1655 I am_wtf : [0,1474,system_server,-1,DisplayDeviceConfig,requesting nits when no mapping exists.]
11-04 01:51:31.724 1474 1655 I am_wtf : [0,1474,system_server,-1,DisplayDeviceConfig,requesting nits when no mapping exists.]
11-04 01:51:31.725 1474 1655 I am_wtf : [0,1474,system_server,-1,DisplayDeviceConfig,requesting nits when no mapping exists.]
11-04 01:51:31.739 1474 1655 I am_wtf : [0,1474,system_server,-1,DisplayDeviceConfig,requesting nits when no mapping exists.]
11-04 01:51:31.740 1474 1655 I am_wtf : [0,1474,system_server,-1,DisplayDeviceConfig,requesting nits when no mapping exists.]
11-04 01:51:31.755 1474 1655 I am_wtf : [0,1474,system_server,-1,DisplayDeviceConfig,requesting nits when no mapping exists.]
11-04 01:51:31.757 1474 1655 I am_wtf : [0,1474,system_server,-1,DisplayDeviceConfig,requesting nits when no mapping exists.]
11-04 01:51:31.772 1474 1655 I am_wtf : [0,1474,system_server,-1,DisplayDeviceConfig,requesting nits when no mapping exists.]
11-04 01:51:31.773 1474 1655 I am_wtf : [0,1474,system_server,-1,DisplayDeviceConfig,requesting nits when no mapping exists.]
11-04 01:51:31.789 1474 1655 I am_wtf : [0,1474,system_server,-1,DisplayDeviceConfig,requesting nits when no mapping exists.]
11-04 01:51:31.791 1474 1655 I am_wtf : [0,1474,system_server,-1,DisplayDeviceConfig,requesting nits when no mapping exists.]
11-04 01:51:31.806 1474 1655 I am_wtf : [0,1474,system_server,-1,DisplayDeviceConfig,requesting nits when no mapping exists.]
11-04 01:51:31.808 1474 1655 I am_wtf : [0,1474,system_server,-1,DisplayDeviceConfig,requesting nits when no mapping exists.]
11-04 01:51:33.861 1474 1759 I am_freeze: [3757,android.process.acore]
11-04 01:51:33.863 1474 1759 I am_kill : [0,3757,android.process.acore,955,Unable to freeze binder interface]
11-04 01:51:33.907 1474 3586 I am_proc_died: [0,3757,android.process.acore,955,19]
11-04 01:51:33.909 1474 3586 I am_uid_stopped: 10017
11-04 01:51:33.926 1474 1654 I am_pss : [2340,1002,com.android.bluetooth,34890752,29986816,0,145240064,0,0,11]
11-04 01:51:33.937 1474 1654 I am_pss : [2784,1000,com.qualcomm.qti.qdma,9803776,6750208,0,107028480,0,0,8]
11-04 01:51:33.944 1474 1654 I am_pss : [2735,1000,com.thundercomm.tcservice,7877632,5865472,0,94912512,0,0,5]
11-04 01:51:33.951 1474 1654 I am_pss : [2727,1000,com.thundercomm.remotecontrolservice,10896384,8445952,0,102805504,0,0,6]
11-04 01:51:33.957 1474 1654 I am_pss : [2648,1000,vendor.qti.qesdk.sysservice,5784576,3788800,0,92016640,0,0,6]
11-04 01:51:33.963 1474 1654 I am_pss : [2696,1068,com.android.se,6111232,4083712,0,93310976,0,0,5]
11-04 01:51:33.968 1474 1654 I am_pss : [2661,10085,com.qti.qualcomm.mstatssystemservice,5744640,3792896,0,91291648,0,0,4]
11-04 01:51:33.972 1474 1654 I am_pss : [2606,1000,com.tc.logclient,7293952,5283840,0,94310400,0,0,4]
11-04 01:51:33.977 1474 1654 I am_pss : [2603,1000,com.thundercomm.tchttpserver,9620480,7610368,0,96321536,0,0,5]
11-04 01:51:33.982 1474 1654 I am_pss : [2598,1001,.dataservices,8143872,6029312,0,95789056,0,0,4]
11-04 01:51:33.987 1474 1654 I am_pss : [2593,1000,com.thundercomm.tcsetupWizard,7079936,5156864,0,91959296,0,0,4]
11-04 01:51:33.991 1474 1654 I am_pss : [2601,10052,.qtidataservices,6199296,4206592,0,92913664,0,0,5]
11-04 01:51:33.998 1474 1654 I am_pss : [2569,1000,com.thundercomm.microsettings,35093504,31707136,0,129470464,0,0,5]
11-04 01:51:34.003 1474 1654 I am_pss : [2550,1000,com.thundercomm.microservice,10222592,8200192,0,96722944,0,0,5]
11-04 01:51:34.008 1474 1654 I am_pss : [2490,1073,com.android.networkstack.process,11044864,8335360,0,105869312,0,0,5]
11-04 01:51:34.023 1474 1654 I am_pss : [2358,10081,com.android.systemui,146345984,123437056,0,325021696,0,1,13]
11-04 01:51:34.047 1474 1654 I am_pss : [1474,1000,system,233879552,144343040,0,563855360,0,0,21]
11-04 01:51:47.410 1474 2005 I input_interaction: Interaction with: 4d6f832 NotificationShade (server), edge-swipe (server), swipe-up (server), PointerEventDispatcher0 (server),
11-04 01:51:47.414 1474 1672 I sysui_multi_action: [757,1696,758,6,759,3]
11-04 01:51:47.421 1474 1655 I am_wtf : [0,1474,system_server,-1,DisplayDeviceConfig,requesting nits when no mapping exists.]
11-04 01:51:47.423 1474 1655 I am_wtf : [0,1474,system_server,-1,DisplayDeviceConfig,requesting nits when no mapping exists.]
11-04 01:51:47.437 1474 1655 I am_wtf : [0,1474,system_server,-1,DisplayDeviceConfig,requesting nits when no mapping exists.]
11-04 01:51:47.439 1474 1655 I am_wtf : [0,1474,system_server,-1,DisplayDeviceConfig,requesting nits when no mapping exists.]
11-04 01:51:47.455 1474 1655 I am_wtf : [0,1474,system_server,-1,DisplayDeviceConfig,requesting nits when no mapping exists.]
11-04 01:51:47.459 1474 1655 I am_wtf : [0,1474,system_server,-1,DisplayDeviceConfig,requesting nits when no mapping exists.]
11-04 01:51:47.460 1474 1655 I am_wtf : [0,1474,system_server,-1,DisplayDeviceConfig,requesting nits when no mapping exists.]
11-04 01:51:47.461 1474 1655 I am_wtf : [0,1474,system_server,-1,DisplayDeviceConfig,requesting nits when no mapping exists.]
11-04 01:51:47.476 1474 1655 I am_wtf : [0,1474,system_server,-1,DisplayDeviceConfig,requesting nits when no mapping exists.]
11-04 01:51:47.477 1474 1655 I am_wtf : [0,1474,system_server,-1,DisplayDeviceConfig,requesting nits when no mapping exists.]
11-04 01:51:47.494 1474 1655 I am_wtf : [0,1474,system_server,-1,DisplayDeviceConfig,requesting nits when no mapping exists.]
11-04 01:51:47.495 1474 1655 I am_wtf : [0,1474,system_server,-1,DisplayDeviceConfig,requesting nits when no mapping exists.]
11-04 01:51:47.510 1474 1655 I am_wtf : [0,1474,system_server,-1,DisplayDeviceConfig,requesting nits when no mapping exists.]
11-04 01:51:47.511 1474 1655 I am_wtf : [0,1474,system_server,-1,DisplayDeviceConfig,requesting nits when no mapping exists.]
11-04 01:51:47.527 1474 1655 I am_wtf : [0,1474,system_server,-1,DisplayDeviceConfig,requesting nits when no mapping exists.]
11-04 01:51:47.528 1474 1655 I am_wtf : [0,1474,system_server,-1,DisplayDeviceConfig,requesting nits when no mapping exists.]
11-04 01:51:47.544 1474 1655 I am_wtf : [0,1474,system_server,-1,DisplayDeviceConfig,requesting nits when no mapping exists.]
11-04 01:51:47.545 1474 1655 I am_wtf : [0,1474,system_server,-1,DisplayDeviceConfig,requesting nits when no mapping exists.]
11-04 01:51:47.560 1474 1655 I am_wtf : [0,1474,system_server,-1,DisplayDeviceConfig,requesting nits when no mapping exists.]
11-04 01:51:47.562 1474 1655 I am_wtf : [0,1474,system_server,-1,DisplayDeviceConfig,requesting nits when no mapping exists.]
11-04 01:51:47.578 1474 1655 I am_wtf : [0,1474,system_server,-1,DisplayDeviceConfig,requesting nits when no mapping exists.]
11-04 01:51:47.579 1474 1655 I am_wtf : [0,1474,system_server,-1,DisplayDeviceConfig,requesting nits when no mapping exists.]
11-04 01:51:47.595 1474 1655 I am_wtf : [0,1474,system_server,-1,DisplayDeviceConfig,requesting nits when no mapping exists.]
11-04 01:51:47.596 1474 1655 I am_wtf : [0,1474,system_server,-1,DisplayDeviceConfig,requesting nits when no mapping exists.]
11-04 01:51:47.617 1474 1655 I am_wtf : [0,1474,system_server,-1,DisplayDeviceConfig,requesting nits when no mapping exists.]
11-04 01:51:47.618 1474 1655 I am_wtf : [0,1474,system_server,-1,DisplayDeviceConfig,requesting nits when no mapping exists.]
11-04 01:51:47.627 1474 1655 I am_wtf : [0,1474,system_server,-1,DisplayDeviceConfig,requesting nits when no mapping exists.]
11-04 01:51:47.627 1474 1655 I am_wtf : [0,1474,system_server,-1,DisplayDeviceConfig,requesting nits when no mapping exists.]
11-04 01:51:47.644 1474 1655 I am_wtf : [0,1474,system_server,-1,DisplayDeviceConfig,requesting nits when no mapping exists.]
11-04 01:51:47.644 1474 1655 I am_wtf : [0,1474,system_server,-1,DisplayDeviceConfig,requesting nits when no mapping exists.]
11-04 01:51:47.660 1474 1655 I am_wtf : [0,1474,system_server,-1,DisplayDeviceConfig,requesting nits when no mapping exists.]
11-04 01:51:47.661 1474 1655 I am_wtf : [0,1474,system_server,-1,DisplayDeviceConfig,requesting nits when no mapping exists.]
11-04 01:51:47.678 1474 1655 I am_wtf : [0,1474,system_server,-1,DisplayDeviceConfig,requesting nits when no mapping exists.]
11-04 01:51:47.679 1474 1655 I am_wtf : [0,1474,system_server,-1,DisplayDeviceConfig,requesting nits when no mapping exists.]
11-04 01:51:47.695 1474 1655 I am_wtf : [0,1474,system_server,-1,DisplayDeviceConfig,requesting nits when no mapping exists.]
11-04 01:51:47.696 1474 1655 I am_wtf : [0,1474,system_server,-1,DisplayDeviceConfig,requesting nits when no mapping exists.]
11-04 01:51:47.712 1474 1655 I am_wtf : [0,1474,system_server,-1,DisplayDeviceConfig,requesting nits when no mapping exists.]
11-04 01:51:47.714 1474 1655 I am_wtf : [0,1474,system_server,-1,DisplayDeviceConfig,requesting nits when no mapping exists.]
11-04 01:51:47.728 1474 1655 I am_wtf : [0,1474,system_server,-1,DisplayDeviceConfig,requesting nits when no mapping exists.]
11-04 01:51:47.729 1474 1655 I am_wtf : [0,1474,system_server,-1,DisplayDeviceConfig,requesting nits when no mapping exists.]
11-04 01:51:47.745 1474 1655 I am_wtf : [0,1474,system_server,-1,DisplayDeviceConfig,requesting nits when no mapping exists.]
11-04 01:51:47.746 1474 1655 I am_wtf : [0,1474,system_server,-1,DisplayDeviceConfig,requesting nits when no mapping exists.]
11-04 01:51:47.749 1474 1474 I notification_enqueue: [10081,2358,com.android.systemui,2048,NULL,0,Notification(channel=updateNotification shortcut=null contentView=null vibrate=null sound=null defaults=0x0 flags=0x0 color=0x00000000 vis=PRIVATE),1]
11-04 01:51:47.749 2358 2358 I sysui_multi_action: [757,111,758,2]
11-04 01:51:47.750 2358 2358 I sysui_multi_action: [757,111,758,2]
11-04 01:51:47.761 1474 1655 I am_wtf : [0,1474,system_server,-1,DisplayDeviceConfig,requesting nits when no mapping exists.]
11-04 01:51:47.762 1474 1655 I am_wtf : [0,1474,system_server,-1,DisplayDeviceConfig,requesting nits when no mapping exists.]
11-04 01:51:47.771 2358 2358 I sysui_multi_action: [757,111,758,1]
11-04 01:51:47.772 2358 2358 I sysui_multi_action: [757,126,758,1,759,126,927,0,928,1,1593,1]
11-04 01:51:47.772 2358 2358 I sysui_multi_action: [757,113,758,1,759,113,927,1,928,1,1593,1]
11-04 01:51:47.772 2358 2358 I sysui_multi_action: [757,0,758,1,759,0,927,2,928,0,1593,1]
11-04 01:51:47.772 2358 2358 I sysui_multi_action: [757,0,758,1,759,0,927,3,928,0,1593,1]
11-04 01:51:47.772 2358 2358 I sysui_multi_action: [757,491,758,1,759,491,927,4,928,0,1311,-1,1593,0]
11-04 01:51:47.773 2358 2358 I sysui_multi_action: [757,0,758,1,759,0,927,5,928,0,1593,0]
11-04 01:51:47.773 2358 2358 I sysui_multi_action: [757,111,758,1]
11-04 01:51:47.773 2358 2358 I sysui_multi_action: [757,126,758,1,759,126,927,0,928,1,1593,1]
11-04 01:51:47.773 2358 2358 I sysui_multi_action: [757,113,758,1,759,113,927,1,928,1,1593,1]
11-04 01:51:47.773 2358 2358 I sysui_multi_action: [757,0,758,1,759,0,927,2,928,0,1593,1]
11-04 01:51:47.773 2358 2358 I sysui_multi_action: [757,0,758,1,759,0,927,3,928,0,1593,1]
11-04 01:51:47.777 1474 1655 I am_wtf : [0,1474,system_server,-1,DisplayDeviceConfig,requesting nits when no mapping exists.]
11-04 01:51:47.778 1474 1655 I am_wtf : [0,1474,system_server,-1,DisplayDeviceConfig,requesting nits when no mapping exists.]
