11-04 01:53:07.398 2358 2358 I sysui_multi_action: [757,126,758,1,759,126,927,0,928,1,1593,0]
11-04 01:53:07.398 2358 2358 I sysui_multi_action: [757,113,758,1,759,113,927,1,928,1,1593,0]
11-04 01:53:07.398 2358 2358 I sysui_multi_action: [757,0,758,1,759,0,927,2,928,0,1593,0]
11-04 01:53:07.398 2358 2358 I sysui_multi_action: [757,0,758,1,759,0,927,3,928,0,1593,0]
11-04 01:53:07.399 2358 2358 I sysui_multi_action: [757,491,758,1,759,491,927,4,928,0,1311,-1,1593,0]
11-04 01:53:07.399 2358 2358 I sysui_multi_action: [757,0,758,1,759,0,927,5,928,0,1593,0]
11-04 01:53:07.399 2358 2358 I sysui_multi_action: [757,111,758,1]
11-04 01:53:07.399 2358 2358 I sysui_multi_action: [757,126,758,1,759,126,927,0,928,1,1593,1]
11-04 01:53:07.399 2358 2358 I sysui_multi_action: [757,113,758,1,759,113,927,1,928,1,1593,1]
11-04 01:53:07.399 2358 2358 I sysui_multi_action: [757,0,758,1,759,0,927,2,928,0,1593,1]
11-04 01:53:07.399 2358 2358 I sysui_multi_action: [757,0,758,1,759,0,927,3,928,0,1593,1]
11-04 01:53:07.408 2358 2358 I sysui_multi_action: [757,111,758,2]
11-04 01:53:07.408 2358 2358 I sysui_multi_action: [757,111,758,2]
11-04 01:53:07.410 1474 6019 I sysui_multi_action: [757,128,758,2,793,336825,794,1522,795,336825,796,26,798,0,806,android,857,DEVELOPER_IMPORTANT,858,4,947,0,1395,3,1500,336622,1688,1]
11-04 01:53:07.410 1474 6019 I notification_visibility: [-1|android|26|null|1000,0,336825,336825,0,0]
11-04 01:53:07.410 1474 6019 I sysui_multi_action: [757,128,758,2,793,49180,794,1521,795,14328,796,17303299,797,com.android.wifi,798,1,806,android,857,NETWORK_AVAILABLE,858,2,947,0,1395,3,1500,1521,1688,1]
11-04 01:53:07.410 1474 6019 I notification_visibility: [0|android|17303299|com.android.wifi|1000,0,49180,14328,0,1]
11-04 01:53:07.410 1474 6019 I sysui_multi_action: [757,128,758,2,793,727752,794,1520,795,727752,796,32,798,2,806,android,857,USB,858,1,947,0,1395,3,1500,727335,1688,1]
11-04 01:53:07.410 1474 6019 I notification_visibility: [-1|android|32|null|1000,0,727752,727752,0,2]
11-04 01:53:07.411 1474 6019 I sysui_multi_action: [757,127,758,2]
11-04 01:53:07.411 1474 6019 I notification_panel_hidden:
11-04 01:53:07.412 1474 1474 I notification_enqueue: [10081,2358,com.android.systemui,2048,NULL,0,Notification(channel=updateNotification shortcut=null contentView=null vibrate=null sound=null defaults=0x0 flags=0x0 color=0x00000000 vis=PRIVATE),1]
11-04 01:53:07.422 2358 2358 I sysui_multi_action: [757,111,758,1]
11-04 01:53:07.422 2358 2358 I sysui_multi_action: [757,126,758,1,759,126,927,0,928,1,1593,1]
11-04 01:53:07.422 2358 2358 I sysui_multi_action: [757,113,758,1,759,113,927,1,928,1,1593,1]
11-04 01:53:07.422 2358 2358 I sysui_multi_action: [757,0,758,1,759,0,927,2,928,0,1593,1]
11-04 01:53:07.422 2358 2358 I sysui_multi_action: [757,0,758,1,759,0,927,3,928,0,1593,1]
11-04 01:53:07.422 2358 2358 I sysui_multi_action: [757,491,758,1,759,491,927,4,928,0,1311,-1,1593,0]
11-04 01:53:07.422 2358 2358 I sysui_multi_action: [757,0,758,1,759,0,927,5,928,0,1593,0]
11-04 01:53:07.422 2358 2358 I sysui_multi_action: [757,111,758,1]
11-04 01:53:07.422 2358 2358 I sysui_multi_action: [757,126,758,1,759,126,927,0,928,1,1593,1]
11-04 01:53:07.422 2358 2358 I sysui_multi_action: [757,113,758,1,759,113,927,1,928,1,1593,1]
11-04 01:53:07.422 2358 2358 I sysui_multi_action: [757,0,758,1,759,0,927,2,928,0,1593,1]
11-04 01:53:07.422 2358 2358 I sysui_multi_action: [757,0,758,1,759,0,927,3,928,0,1593,1]
11-04 01:53:07.424 1474 2005 I input_focus: [Focus leaving 4d6f832 NotificationShade (server),reason=NO_WINDOW]
11-04 01:53:07.424 1474 2005 I input_focus: [Focus entering f7585b9 com.android.settings/com.android.settings.Settings (server),reason=setFocusedWindow]
11-04 01:53:07.774 1474 2005 I input_interaction: Interaction with: f7585b9 com.android.settings/com.android.settings.Settings (server), edge-swipe (server), swipe-up (server), PointerEventDispatcher0 (server),
11-04 01:53:13.731 5272 5272 I auditd : type=1400 audit(0.0:727): avc: denied { search } for comm=73796E6320737663203330 name="oem" dev="dm-5" ino=42 scontext=u:r:adbd:s0 tcontext=u:object_r:oemfs:s0 tclass=dir permissive=0
11-04 01:53:13.735 5272 5272 I auditd : type=1400 audit(0.0:728): avc: denied { search } for comm=73796E6320737663203330 name="oem" dev="dm-5" ino=42 scontext=u:r:adbd:s0 tcontext=u:object_r:oemfs:s0 tclass=dir permissive=0
11-04 01:53:13.735 5272 5272 I auditd : type=1400 audit(0.0:729): avc: denied { search } for comm=73796E6320737663203330 name="oem" dev="dm-5" ino=42 scontext=u:r:adbd:s0 tcontext=u:object_r:oemfs:s0 tclass=dir permissive=0
11-04 01:53:13.875 5272 5272 I auditd : type=1400 audit(0.0:730): avc: denied { search } for comm=73796E6320737663203330 name="oem" dev="dm-5" ino=42 scontext=u:r:adbd:s0 tcontext=u:object_r:oemfs:s0 tclass=dir permissive=0
11-04 01:53:17.312 1474 1654 I am_pss : [6193,1000,com.android.settings,102377472,89862144,0,249229312,0,2,16]
11-04 01:53:22.262 1474 2429 I wm_task_moved: [1,0,0]
11-04 01:53:22.263 1474 2429 I wm_task_moved: [1,0,5]
11-04 01:53:22.280 2809 2809 I wm_on_restart_called: [59699080,com.android.launcher3.uioverrides.QuickstepLauncher,performRestartActivity]
11-04 01:53:22.301 2809 2809 I wm_on_start_called: [59699080,com.android.launcher3.uioverrides.QuickstepLauncher,handleStartActivity]
11-04 01:53:22.329 6193 6193 I view_enqueue_input_event: [Motion - Cancel,com.android.settings/com.android.settings.Settings]
11-04 01:53:22.330 2809 2809 I sysui_latency: [1,73]
11-04 01:53:22.332 1474 1641 I sysui_multi_action: [319,11,322,55,325,765,757,761,758,9,759,5,806,com.android.launcher3,871,com.android.launcher3.uioverrides.QuickstepLauncher,905,0,1320,4,1321,1]
11-04 01:53:22.334 1474 1645 I input_focus: [Focus request recents_animation_input_consumer,reason=UpdateInputWindows]
11-04 01:53:22.358 1474 2005 I input_focus: [Focus leaving f7585b9 com.android.settings/com.android.settings.Settings (server),reason=NOT_FOCUSABLE]
11-04 01:53:22.359 1474 2005 I input_focus: [Focus entering recents_animation_input_consumer (server),reason=setFocusedWindow]
11-04 01:53:22.363 1474 2005 I input_interaction: Interaction with: edge-swipe (server), swipe-up (server), PointerEventDispatcher0 (server),
11-04 01:53:22.617 1474 1654 I sysui_latency: [8,73]
11-04 01:53:23.119 1474 2429 I wm_task_moved: [1,1,6]
11-04 01:53:23.121 1474 2429 I wm_task_moved: [10,1,2147483647]
11-04 01:53:23.121 1474 2429 I wm_task_to_front: [0,10]
11-04 01:53:23.121 1474 2429 I wm_focused_root_task: [0,0,1,36,RecentsAnimation.onAnimationFinished()]
11-04 01:53:23.121 1474 2429 I wm_set_resumed_activity: [0,com.android.launcher3/.uioverrides.QuickstepLauncher,RecentsAnimation.onAnimationFinished()]
11-04 01:53:23.122 1474 2429 I wm_pause_activity: [0,139969786,com.android.settings/.Settings,userLeaving=true,pauseBackTasks]
11-04 01:53:23.122 6193 6193 I wm_on_top_resumed_lost_called: [139969786,com.android.settings.Settings,topStateChangedWhenResumed]
11-04 01:53:23.123 1474 2429 I wm_add_to_stopping: [0,139969786,com.android.settings/.Settings,makeInvisible]
11-04 01:53:23.123 1474 2429 I wm_set_resumed_activity: [0,com.android.launcher3/.uioverrides.QuickstepLauncher,resumeTopActivityInnerLocked]
11-04 01:53:23.124 1474 2429 I wm_resume_activity: [0,59699080,10,com.android.launcher3/.uioverrides.QuickstepLauncher]
11-04 01:53:23.132 2809 2809 I wm_on_resume_called: [59699080,com.android.launcher3.uioverrides.QuickstepLauncher,RESUME_ACTIVITY]
11-04 01:53:23.134 1474 1645 I input_focus: [Focus request c2f885b com.android.launcher3/com.android.launcher3.uioverrides.QuickstepLauncher,reason=UpdateInputWindows]
11-04 01:53:23.137 1474 1644 I wm_stop_activity: [0,139969786,com.android.settings/.Settings]
11-04 01:53:23.137 1474 1644 I sysui_multi_action: [757,803,799,window_time_0,802,37]
11-04 01:53:23.138 1474 1644 I sysui_multi_action: [757,803,799,window_time_0,802,1]
11-04 01:53:23.142 2809 2809 I wm_on_top_resumed_gained_called: [59699080,com.android.launcher3.uioverrides.QuickstepLauncher,topStateChangedWhenResumed]
11-04 01:53:23.143 6193 6193 I sysui_multi_action: [757,35,758,2,1089,37147]
11-04 01:53:23.143 1474 2005 I input_focus: [Focus leaving recents_animation_input_consumer (server),reason=NOT_VISIBLE]
11-04 01:53:23.159 1474 2005 I input_focus: [Focus entering c2f885b com.android.launcher3/com.android.launcher3.uioverrides.QuickstepLauncher (server),reason=setFocusedWindow]
11-04 01:53:23.161 6193 6193 I sysui_multi_action: [757,336,758,2,1089,19845]
11-04 01:53:23.164 6193 6193 I wm_on_paused_called: [139969786,com.android.settings.Settings,performPause]
11-04 01:53:23.181 6193 6193 I wm_on_stop_called: [139969786,com.android.settings.Settings,STOP_ACTIVITY_ITEM]
11-04 01:53:23.694 1474 2005 I input_interaction: Interaction with: c2f885b com.android.launcher3/com.android.launcher3.uioverrides.QuickstepLauncher (server), 6b99821 com.android.systemui.ImageWallpaper (server), edge-swipe (server), swipe-up (server), PointerEventDispatcher0 (server),
11-04 01:53:23.847 5272 5272 I auditd : type=1400 audit(0.0:731): avc: denied { search } for comm=73796E6320737663203330 name="oem" dev="dm-5" ino=42 scontext=u:r:adbd:s0 tcontext=u:object_r:oemfs:s0 tclass=dir permissive=0
11-04 01:53:23.963 5272 5272 I auditd : type=1400 audit(0.0:732): avc: denied { search } for comm=73796E6320737663203330 name="oem" dev="dm-5" ino=42 scontext=u:r:adbd:s0 tcontext=u:object_r:oemfs:s0 tclass=dir permissive=0
11-04 01:53:24.010 1474 1744 I commit_sys_config_file: [settings-1-0,5]
11-04 01:53:24.844 1474 2408 I wm_task_created: [37,-1]
11-04 01:53:24.857 1474 2408 I wm_task_moved: [37,1,7]
11-04 01:53:24.857 1474 2408 I wm_task_to_front: [0,37]
11-04 01:53:24.858 1474 2408 I wm_create_task: [0,37]
11-04 01:53:24.858 1474 2408 I wm_create_activity: [0,68376860,37,com.android.documentsui/.LauncherActivity,android.intent.action.MAIN,NULL,NULL,270532608]
11-04 01:53:24.858 1474 2408 I wm_task_moved: [37,1,7]
11-04 01:53:24.861 1474 2408 I wm_pause_activity: [0,59699080,com.android.launcher3/.uioverrides.QuickstepLauncher,userLeaving=true,pauseBackTasks]
11-04 01:53:24.872 2809 2809 I wm_on_top_resumed_lost_called: [59699080,com.android.launcher3.uioverrides.QuickstepLauncher,topStateChangedWhenResumed]
11-04 01:53:24.872 2809 2809 I wm_on_paused_called: [59699080,com.android.launcher3.uioverrides.QuickstepLauncher,performPause]
11-04 01:53:24.884 1474 1644 I am_uid_running: 10034
11-04 01:53:24.888 1474 1644 I sysui_multi_action: [757,803,799,window_time_0,802,1]
11-04 01:53:24.908 1474 1656 I am_proc_start: [0,6307,10034,com.android.documentsui,pre-top-activity,{com.android.documentsui/com.android.documentsui.LauncherActivity}]
11-04 01:53:24.930 1474 5559 I am_proc_bound: [0,6307,com.android.documentsui]
11-04 01:53:24.939 1474 5559 I wm_restart_activity: [0,68376860,37,com.android.documentsui/.LauncherActivity]
11-04 01:53:24.941 1474 5559 I wm_set_resumed_activity: [0,com.android.documentsui/.LauncherActivity,minimalResumeActivityLocked]
11-04 01:53:24.943 1474 1644 I am_uid_active: 10034
11-04 01:53:25.002 1474 5729 I wm_task_created: [38,-1]
11-04 01:53:25.003 1474 5729 I wm_task_moved: [38,1,8]
11-04 01:53:25.003 1474 5729 I wm_task_to_front: [0,38]
11-04 01:53:25.003 1474 5729 I wm_create_task: [0,38]
11-04 01:53:25.003 1474 5729 I wm_create_activity: [0,199857532,38,com.android.documentsui/.files.FilesActivity,NULL,NULL,//com.android.documentsui.launchControl,271056896]
11-04 01:53:25.003 1474 5729 I wm_task_moved: [38,1,8]
11-04 01:53:25.004 1474 5729 I wm_pause_activity: [0,68376860,com.android.documentsui/.LauncherActivity,userLeaving=true,pauseBackTasks]
11-04 01:53:25.007 1474 5729 I wm_finish_activity: [0,68376860,37,com.android.documentsui/.LauncherActivity,app-request]
11-04 01:53:25.007 6307 6307 I wm_on_create_called: [68376860,com.android.documentsui.LauncherActivity,performCreate]
11-04 01:53:25.014 1474 5559 I wm_add_to_stopping: [0,68376860,com.android.documentsui/.LauncherActivity,completeFinishing]
11-04 01:53:25.015 1474 5559 I wm_add_to_stopping: [0,59699080,com.android.launcher3/.uioverrides.QuickstepLauncher,makeInvisible]
11-04 01:53:25.015 1474 5559 I wm_restart_activity: [0,199857532,38,com.android.documentsui/.files.FilesActivity]
11-04 01:53:25.015 1474 5559 I wm_set_resumed_activity: [0,com.android.documentsui/.files.FilesActivity,minimalResumeActivityLocked]
11-04 01:53:25.017 1474 1644 I wm_destroy_activity: [0,68376860,37,com.android.documentsui/.LauncherActivity,finish-imm:idle]
11-04 01:53:25.020 1474 1644 I sysui_multi_action: [757,803,799,window_time_0,802,0]
11-04 01:53:25.047 1474 2005 I input_focus: [Focus leaving c2f885b com.android.launcher3/com.android.launcher3.uioverrides.QuickstepLauncher (server),reason=NO_WINDOW]
11-04 01:53:25.075 6307 6307 I wm_on_create_called: [199857532,com.android.documentsui.files.FilesActivity,performCreate]
11-04 01:53:25.079 6307 6307 I wm_on_start_called: [199857532,com.android.documentsui.files.FilesActivity,handleStartActivity]
11-04 01:53:25.080 6307 6307 I wm_on_resume_called: [199857532,com.android.documentsui.files.FilesActivity,RESUME_ACTIVITY]
11-04 01:53:25.083 1474 6185 I am_uid_running: 10028
11-04 01:53:25.089 6307 6307 I wm_on_top_resumed_gained_called: [199857532,com.android.documentsui.files.FilesActivity,topStateChangedWhenResumed]
11-04 01:53:25.089 6307 6307 I wm_on_destroy_called: [68376860,com.android.documentsui.LauncherActivity,performDestroy]
11-04 01:53:25.090 1474 1656 I am_proc_start: [0,6361,10028,com.android.externalstorage,content provider,{com.android.externalstorage/com.android.externalstorage.ExternalStorageProvider}]
11-04 01:53:25.093 1474 2408 I wm_task_removed: [37,removeChild:removeChild last r=ActivityRecord{413591c u0 com.android.documentsui/.LauncherActivity t-1 f}} in t=Task{c608267 #37 type=standard A=10034:com.android.documentsui U=0 visible=false mode=fullscreen translucent=true sz=0}]
11-04 01:53:25.093 1474 2408 I wm_task_removed: [37,removeChild]
11-04 01:53:25.095 1474 2408 I am_uid_active: 10019
11-04 01:53:25.109 1474 1645 I input_focus: [Focus request 11e2098 com.android.documentsui/com.android.documentsui.files.FilesActivity,reason=UpdateInputWindows]
11-04 01:53:25.114 1474 5729 I am_proc_bound: [0,6361,com.android.externalstorage]
11-04 01:53:25.118 1474 5729 I am_uid_active: 10028
11-04 01:53:25.183 1474 1641 I sysui_multi_action: [319,211,321,209,322,344,325,767,757,761,758,7,759,1,806,com.android.documentsui,871,com.android.documentsui.files.FilesActivity,904,com.android.documentsui,905,0,945,97,1320,4,1321,1]
11-04 01:53:25.186 1474 1641 I wm_activity_launch_time: [0,199857532,com.android.documentsui/.files.FilesActivity,344]
11-04 01:53:25.198 1474 2005 I input_focus: [Focus entering 11e2098 com.android.documentsui/com.android.documentsui.files.FilesActivity (server),reason=Window became focusable. Previous reason: NOT_VISIBLE]
11-04 01:53:25.584 1474 1644 I wm_stop_activity: [0,59699080,com.android.launcher3/.uioverrides.QuickstepLauncher]
11-04 01:53:25.634 2809 2809 I wm_on_stop_called: [59699080,com.android.launcher3.uioverrides.QuickstepLauncher,STOP_ACTIVITY_ITEM]
11-04 01:53:25.643 5272 5272 I auditd : type=1400 audit(0.0:733): avc: denied { search } for comm=73796E6320737663203330 name="oem" dev="dm-5" ino=42 scontext=u:r:adbd:s0 tcontext=u:object_r:oemfs:s0 tclass=dir permissive=0
11-04 01:53:26.278 1474 2005 I input_interaction: Interaction with: 11e2098 com.android.documentsui/com.android.documentsui.files.FilesActivity (server), edge-swipe (server), swipe-up (server), PointerEventDispatcher0 (server),
11-04 01:53:30.863 1474 2408 I wm_task_moved: [38,1,7]
11-04 01:53:30.863 1474 2408 I wm_set_resumed_activity: [0,com.android.documentsui/.files.FilesActivity,positionChildAt]
11-04 01:53:30.864 1474 2408 I wm_create_activity: [0,180580660,38,com.android.music/.AudioPreview,android.intent.action.VIEW,audio/mpeg,content://com.android.externalstorage.documents/document/primary:t/gequ.mp3,545259523]
11-04 01:53:30.866 1474 2408 I wm_pause_activity: [0,199857532,com.android.documentsui/.files.FilesActivity,userLeaving=true,resumeTopActivityInnerLocked]
11-04 01:53:30.872 6307 6307 I wm_on_top_resumed_lost_called: [199857532,com.android.documentsui.files.FilesActivity,topStateChangedWhenResumed]
11-04 01:53:30.875 6307 6307 I wm_on_paused_called: [199857532,com.android.documentsui.files.FilesActivity,performPause]
11-04 01:53:30.878 1474 2408 I wm_restart_activity: [0,180580660,38,com.android.music/.AudioPreview]
11-04 01:53:30.879 1474 2408 I wm_set_resumed_activity: [0,com.android.music/.AudioPreview,minimalResumeActivityLocked]
11-04 01:53:30.880 1474 1644 I am_uid_active: 10084
11-04 01:53:30.889 1474 1644 I sysui_multi_action: [757,803,799,window_time_0,802,6]
11-04 01:53:30.966 4559 4559 I wm_on_create_called: [180580660,com.android.music.AudioPreview,performCreate]
11-04 01:53:30.968 4559 4559 I wm_on_start_called: [180580660,com.android.music.AudioPreview,handleStartActivity]
11-04 01:53:30.968 4559 4559 I wm_on_resume_called: [180580660,com.android.music.AudioPreview,RESUME_ACTIVITY]
11-04 01:53:30.971 4559 4559 I wm_on_top_resumed_gained_called: [180580660,com.android.music.AudioPreview,topStateChangedWhenResumed]
11-04 01:53:30.984 1474 1645 I input_focus: [Focus request bab2fb8 com.android.music/com.android.music.AudioPreview,reason=UpdateInputWindows]
11-04 01:53:31.012 1474 2005 I input_focus: [Focus leaving 11e2098 com.android.documentsui/com.android.documentsui.files.FilesActivity (server),reason=Waiting for window because NOT_VISIBLE]
11-04 01:53:31.026 1474 1641 I sysui_multi_action: [319,168,322,167,325,773,757,761,758,8,759,2,806,com.android.music,871,com.android.music.AudioPreview,904,com.android.documentsui,905,0,1320,4,1321,1]
11-04 01:53:31.029 1474 2005 I input_focus: [Focus entering bab2fb8 com.android.music/com.android.music.AudioPreview (server),reason=Window became focusable. Previous reason: NOT_VISIBLE]
11-04 01:53:31.036 1474 1641 I wm_activity_launch_time: [0,180580660,com.android.music/.AudioPreview,167]
11-04 01:53:32.622 1474 2005 I input_interaction: Interaction with: bab2fb8 com.android.music/com.android.music.AudioPreview (server), edge-swipe (server), swipe-up (server), PointerEventDispatcher0 (server),
11-04 01:53:32.816 1474 2408 I snet_event_log: [172655291,-1,]
11-04 01:53:33.785 1474 2408 I wm_task_moved: [1,0,0]
11-04 01:53:33.786 1474 2408 I wm_task_moved: [1,0,6]
11-04 01:53:33.796 2809 2809 I wm_on_restart_called: [59699080,com.android.launcher3.uioverrides.QuickstepLauncher,performRestartActivity]
11-04 01:53:33.839 2809 2809 I wm_on_start_called: [59699080,com.android.launcher3.uioverrides.QuickstepLauncher,handleStartActivity]
11-04 01:53:33.861 1474 1641 I sysui_multi_action: [319,15,322,69,325,776,757,761,758,9,759,5,806,com.android.launcher3,871,com.android.launcher3.uioverrides.QuickstepLauncher,905,0,1320,4,1321,1]
11-04 01:53:33.879 4559 4559 I view_enqueue_input_event: [Motion - Cancel,com.android.music/com.android.music.AudioPreview]
11-04 01:53:33.881 2809 2809 I sysui_latency: [1,91]
11-04 01:53:33.885 1474 2005 I input_interaction: Interaction with: edge-swipe (server), swipe-up (server), PointerEventDispatcher0 (server),
11-04 01:53:33.892 1474 1645 I input_focus: [Focus request recents_animation_input_consumer,reason=UpdateInputWindows]
11-04 01:53:33.902 1474 2005 I input_focus: [Focus leaving bab2fb8 com.android.music/com.android.music.AudioPreview (server),reason=NOT_FOCUSABLE]
11-04 01:53:33.902 1474 2005 I input_focus: [Focus entering recents_animation_input_consumer (server),reason=setFocusedWindow]
11-04 01:53:34.006 1474 1744 I commit_sys_config_file: [settings-1-0,4]
11-04 01:53:34.156 1474 1654 I sysui_latency: [8,90]
11-04 01:53:34.573 1474 1607 I wm_task_moved: [1,1,7]
11-04 01:53:34.578 1474 1607 I wm_task_moved: [10,1,2147483647]
11-04 01:53:34.578 1474 1607 I wm_task_to_front: [0,10]
11-04 01:53:34.578 1474 1607 I wm_focused_root_task: [0,0,1,38,RecentsAnimation.onAnimationFinished()]
11-04 01:53:34.578 4559 4559 I wm_on_top_resumed_lost_called: [180580660,com.android.music.AudioPreview,topStateChangedWhenResumed]
11-04 01:53:34.578 1474 1607 I wm_set_resumed_activity: [0,com.android.launcher3/.uioverrides.QuickstepLauncher,RecentsAnimation.onAnimationFinished()]
11-04 01:53:34.579 1474 1607 I wm_pause_activity: [0,180580660,com.android.music/.AudioPreview,userLeaving=true,pauseBackTasks]
11-04 01:53:34.580 1474 1607 I wm_add_to_stopping: [0,180580660,com.android.music/.AudioPreview,makeInvisible]
11-04 01:53:34.580 1474 1607 I wm_add_to_stopping: [0,199857532,com.android.documentsui/.files.FilesActivity,makeInvisible]
11-04 01:53:34.581 1474 1607 I wm_set_resumed_activity: [0,com.android.launcher3/.uioverrides.QuickstepLauncher,resumeTopActivityInnerLocked]
11-04 01:53:34.582 1474 1607 I wm_resume_activity: [0,59699080,10,com.android.launcher3/.uioverrides.QuickstepLauncher]
11-04 01:53:34.583 2809 2809 I wm_on_resume_called: [59699080,com.android.launcher3.uioverrides.QuickstepLauncher,RESUME_ACTIVITY]
11-04 01:53:34.593 1474 1645 I input_focus: [Focus request c2f885b com.android.launcher3/com.android.launcher3.uioverrides.QuickstepLauncher,reason=UpdateInputWindows]
11-04 01:53:34.596 2809 2809 I wm_on_top_resumed_gained_called: [59699080,com.android.launcher3.uioverrides.QuickstepLauncher,topStateChangedWhenResumed]
11-04 01:53:34.605 1474 2408 I wm_stop_activity: [0,199857532,com.android.documentsui/.files.FilesActivity]
11-04 01:53:34.606 1474 2408 I wm_stop_activity: [0,180580660,com.android.music/.AudioPreview]
11-04 01:53:34.606 1474 2005 I input_focus: [Focus leaving recents_animation_input_consumer (server),reason=NOT_VISIBLE]
11-04 01:53:34.606 1474 2005 I input_focus: [Focus entering c2f885b com.android.launcher3/com.android.launcher3.uioverrides.QuickstepLauncher (server),reason=setFocusedWindow]
11-04 01:53:34.614 1474 1644 I sysui_multi_action: [757,803,799,window_time_0,802,4]
11-04 01:53:34.618 1474 5729 I wm_finish_activity: [0,180580660,38,com.android.music/.AudioPreview,app-request]
11-04 01:53:34.618 1474 5729 I wm_destroy_activity: [0,180580660,38,com.android.music/.AudioPreview,finish-imm:finishIfPossible]
11-04 01:53:34.619 4559 4559 I wm_on_paused_called: [180580660,com.android.music.AudioPreview,performPause]
11-04 01:53:34.621 4559 4559 I wm_on_stop_called: [180580660,com.android.music.AudioPreview,STOP_ACTIVITY_ITEM]
11-04 01:53:34.628 1474 1644 I sysui_multi_action: [757,803,799,window_time_0,802,0]
11-04 01:53:34.644 4559 4559 I wm_on_destroy_called: [180580660,com.android.music.AudioPreview,performDestroy]
11-04 01:53:34.653 6307 6307 I wm_on_stop_called: [199857532,com.android.documentsui.files.FilesActivity,STOP_ACTIVITY_ITEM]
11-04 01:53:35.831 1474 2005 I input_interaction: Interaction with: 823cadf StatusBar (server), edge-swipe (server), swipe-up (server), PointerEventDispatcher0 (server),
11-04 01:53:35.838 2358 2358 I sysui_multi_action: [757,803,799,panel_open,802,1]
11-04 01:53:35.840 2358 2358 I sysui_multi_action: [757,1328,758,4,1326,46,1327,1,1329,0]
11-04 01:53:35.940 1474 5729 I sysui_multi_action: [757,127,758,1]
11-04 01:53:35.941 1474 5729 I sysui_multi_action: [757,804,799,note_load,801,3,802,1]
11-04 01:53:35.941 1474 5729 I notification_panel_revealed: 3
11-04 01:53:35.946 1474 1474 I notification_enqueue: [10081,2358,com.android.systemui,2048,NULL,0,Notification(channel=updateNotification shortcut=null contentView=null vibrate=null sound=null defaults=0x0 flags=0x0 color=0x00000000 vis=PRIVATE),1]
11-04 01:53:35.946 2358 2358 I sysui_multi_action: [757,111,758,2]
11-04 01:53:35.947 2358 2358 I sysui_multi_action: [757,111,758,2]
11-04 01:53:35.974 1474 1645 I input_focus: [Focus request 4d6f832 NotificationShade,reason=UpdateInputWindows]
11-04 01:53:35.981 2358 2358 I sysui_multi_action: [757,111,758,1]
11-04 01:53:35.981 2358 2358 I sysui_multi_action: [757,126,758,1,759,126,927,0,928,1,1593,0]
11-04 01:53:35.981 2358 2358 I sysui_multi_action: [757,113,758,1,759,113,927,1,928,1,1593,0]
11-04 01:53:35.981 2358 2358 I sysui_multi_action: [757,0,758,1,759,0,927,2,928,0,1593,0]
11-04 01:53:35.981 2358 2358 I sysui_multi_action: [757,0,758,1,759,0,927,3,928,0,1593,0]
11-04 01:53:35.982 2358 2358 I sysui_multi_action: [757,491,758,1,759,491,927,4,928,0,1311,-1,1593,0]
11-04 01:53:35.982 2358 2358 I sysui_multi_action: [757,0,758,1,759,0,927,5,928,0,1593,0]
11-04 01:53:35.982 2358 2358 I sysui_multi_action: [757,111,758,1]
11-04 01:53:35.982 2358 2358 I sysui_multi_action: [757,126,758,1,759,126,927,0,928,1,1593,0]
11-04 01:53:35.982 2358 2358 I sysui_multi_action: [757,113,758,1,759,113,927,1,928,1,1593,0]
11-04 01:53:35.982 2358 2358 I sysui_multi_action: [757,0,758,1,759,0,927,2,928,0,1593,0]
11-04 01:53:35.982 2358 2358 I sysui_multi_action: [757,0,758,1,759,0,927,3,928,0,1593,0]
11-04 01:53:35.999 2358 2358 I sysui_multi_action: [757,111,758,2]
11-04 01:53:35.999 1474 1474 I notification_enqueue: [10081,2358,com.android.systemui,2048,NULL,0,Notification(channel=updateNotification shortcut=null contentView=null vibrate=null sound=null defaults=0x0 flags=0x0 color=0x00000000 vis=PRIVATE),1]
11-04 01:53:35.999 2358 2358 I sysui_multi_action: [757,111,758,2]
11-04 01:53:36.001 1474 2005 I input_focus: [Focus leaving c2f885b com.android.launcher3/com.android.launcher3.uioverrides.QuickstepLauncher (server),reason=Waiting for window because NOT_VISIBLE]
11-04 01:53:36.004 2358 2358 I sysui_multi_action: [757,111,758,1]
11-04 01:53:36.004 2358 2358 I sysui_multi_action: [757,126,758,1,759,126,927,0,928,1,1593,0]
11-04 01:53:36.004 2358 2358 I sysui_multi_action: [757,113,758,1,759,113,927,1,928,1,1593,0]
11-04 01:53:36.004 2358 2358 I sysui_multi_action: [757,0,758,1,759,0,927,2,928,0,1593,0]
11-04 01:53:36.004 2358 2358 I sysui_multi_action: [757,0,758,1,759,0,927,3,928,0,1593,0]
11-04 01:53:36.004 2358 2358 I sysui_multi_action: [757,491,758,1,759,491,927,4,928,0,1311,-1,1593,0]
11-04 01:53:36.004 2358 2358 I sysui_multi_action: [757,0,758,1,759,0,927,5,928,0,1593,0]
11-04 01:53:36.004 2358 2358 I sysui_multi_action: [757,111,758,1]
11-04 01:53:36.004 2358 2358 I sysui_multi_action: [757,126,758,1,759,126,927,0,928,1,1593,0]
11-04 01:53:36.005 2358 2358 I sysui_multi_action: [757,113,758,1,759,113,927,1,928,1,1593,0]
11-04 01:53:36.005 2358 2358 I sysui_multi_action: [757,0,758,1,759,0,927,2,928,0,1593,0]
11-04 01:53:36.005 2358 2358 I sysui_multi_action: [757,0,758,1,759,0,927,3,928,0,1593,0]
11-04 01:53:36.010 1474 2005 I input_focus: [Focus entering 4d6f832 NotificationShade (server),reason=Window became focusable. Previous reason: NOT_VISIBLE]
11-04 01:53:36.023 2358 2358 I sysui_multi_action: [757,111,758,2]
11-04 01:53:36.023 1474 1474 I notification_enqueue: [10081,2358,com.android.systemui,2048,NULL,0,Notification(channel=updateNotification shortcut=null contentView=null vibrate=null sound=null defaults=0x0 flags=0x0 color=0x00000000 vis=PRIVATE),1]
11-04 01:53:36.023 2358 2358 I sysui_multi_action: [757,111,758,2]
11-04 01:53:36.029 2358 2358 I sysui_multi_action: [757,111,758,1]
11-04 01:53:36.029 2358 2358 I sysui_multi_action: [757,126,758,1,759,126,927,0,928,1,1593,0]
11-04 01:53:36.030 2358 2358 I sysui_multi_action: [757,113,758,1,759,113,927,1,928,1,1593,0]
11-04 01:53:36.030 2358 2358 I sysui_multi_action: [757,0,758,1,759,0,927,2,928,0,1593,0]
11-04 01:53:36.030 2358 2358 I sysui_multi_action: [757,0,758,1,759,0,927,3,928,0,1593,0]
11-04 01:53:36.030 2358 2358 I sysui_multi_action: [757,491,758,1,759,491,927,4,928,0,1311,-1,1593,0]
11-04 01:53:36.030 2358 2358 I sysui_multi_action: [757,0,758,1,759,0,927,5,928,0,1593,0]
11-04 01:53:36.030 2358 2358 I sysui_multi_action: [757,111,758,1]
11-04 01:53:36.030 2358 2358 I sysui_multi_action: [757,126,758,1,759,126,927,0,928,1,1593,0]
11-04 01:53:36.030 2358 2358 I sysui_multi_action: [757,113,758,1,759,113,927,1,928,1,1593,0]
11-04 01:53:36.030 2358 2358 I sysui_multi_action: [757,0,758,1,759,0,927,2,928,0,1593,0]
11-04 01:53:36.030 2358 2358 I sysui_multi_action: [757,0,758,1,759,0,927,3,928,0,1593,0]
11-04 01:53:36.041 2358 2358 I sysui_multi_action: [757,111,758,2]
11-04 01:53:36.041 2358 2358 I sysui_multi_action: [757,111,758,2]
11-04 01:53:36.041 1474 1474 I notification_enqueue: [10081,2358,com.android.systemui,2048,NULL,0,Notification(channel=updateNotification shortcut=null contentView=null vibrate=null sound=null defaults=0x0 flags=0x0 color=0x00000000 vis=PRIVATE),1]
11-04 01:53:36.051 2358 2358 I sysui_multi_action: [757,111,758,1]
11-04 01:53:36.052 2358 2358 I sysui_multi_action: [757,126,758,1,759,126,927,0,928,1,1593,0]
11-04 01:53:36.052 2358 2358 I sysui_multi_action: [757,113,758,1,759,113,927,1,928,1,1593,0]
11-04 01:53:36.052 2358 2358 I sysui_multi_action: [757,0,758,1,759,0,927,2,928,0,1593,0]
11-04 01:53:36.052 2358 2358 I sysui_multi_action: [757,0,758,1,759,0,927,3,928,0,1593,0]
11-04 01:53:36.052 2358 2358 I sysui_multi_action: [757,491,758,1,759,491,927,4,928,0,1311,-1,1593,0]
11-04 01:53:36.052 2358 2358 I sysui_multi_action: [757,0,758,1,759,0,927,5,928,0,1593,0]
11-04 01:53:36.052 2358 2358 I sysui_multi_action: [757,111,758,1]
11-04 01:53:36.052 2358 2358 I sysui_multi_action: [757,126,758,1,759,126,927,0,928,1,1593,0]
11-04 01:53:36.052 2358 2358 I sysui_multi_action: [757,113,758,1,759,113,927,1,928,1,1593,0]
11-04 01:53:36.052 2358 2358 I sysui_multi_action: [757,0,758,1,759,0,927,2,928,0,1593,0]
11-04 01:53:36.052 2358 2358 I sysui_multi_action: [757,0,758,1,759,0,927,3,928,0,1593,0]
11-04 01:53:36.062 2358 2358 I sysui_multi_action: [757,111,758,2]
11-04 01:53:36.062 2358 2358 I sysui_multi_action: [757,111,758,2]
11-04 01:53:36.062 1474 1474 I notification_enqueue: [10081,2358,com.android.systemui,2048,NULL,0,Notification(channel=updateNotification shortcut=null contentView=null vibrate=null sound=null defaults=0x0 flags=0x0 color=0x00000000 vis=PRIVATE),1]
11-04 01:53:36.065 2358 2358 I sysui_multi_action: [757,111,758,1]
11-04 01:53:36.065 2358 2358 I sysui_multi_action: [757,126,758,1,759,126,927,0,928,1,1593,0]
11-04 01:53:36.065 2358 2358 I sysui_multi_action: [757,113,758,1,759,113,927,1,928,1,1593,0]
11-04 01:53:36.065 2358 2358 I sysui_multi_action: [757,0,758,1,759,0,927,2,928,0,1593,0]
11-04 01:53:36.066 2358 2358 I sysui_multi_action: [757,0,758,1,759,0,927,3,928,0,1593,0]
11-04 01:53:36.066 2358 2358 I sysui_multi_action: [757,491,758,1,759,491,927,4,928,0,1311,-1,1593,0]
11-04 01:53:36.066 2358 2358 I sysui_multi_action: [757,0,758,1,759,0,927,5,928,0,1593,0]
11-04 01:53:36.066 2358 2358 I sysui_multi_action: [757,111,758,1]
11-04 01:53:36.066 2358 2358 I sysui_multi_action: [757,126,758,1,759,126,927,0,928,1,1593,0]
11-04 01:53:36.066 2358 2358 I sysui_multi_action: [757,113,758,1,759,113,927,1,928,1,1593,0]
11-04 01:53:36.066 2358 2358 I sysui_multi_action: [757,0,758,1,759,0,927,2,928,0,1593,0]
11-04 01:53:36.066 2358 2358 I sysui_multi_action: [757,0,758,1,759,0,927,3,928,0,1593,0]
11-04 01:53:36.079 1474 1474 I notification_enqueue: [10081,2358,com.android.systemui,2048,NULL,0,Notification(channel=updateNotification shortcut=null contentView=null vibrate=null sound=null defaults=0x0 flags=0x0 color=0x00000000 vis=PRIVATE),1]
11-04 01:53:36.080 2358 2358 I sysui_multi_action: [757,111,758,2]
11-04 01:53:36.080 2358 2358 I sysui_multi_action: [757,111,758,2]
11-04 01:53:36.084 2358 2358 I sysui_multi_action: [757,111,758,1]
11-04 01:53:36.084 2358 2358 I sysui_multi_action: [757,126,758,1,759,126,927,0,928,1,1593,0]
11-04 01:53:36.084 2358 2358 I sysui_multi_action: [757,113,758,1,759,113,927,1,928,1,1593,0]
11-04 01:53:36.084 2358 2358 I sysui_multi_action: [757,0,758,1,759,0,927,2,928,0,1593,0]
11-04 01:53:36.084 2358 2358 I sysui_multi_action: [757,0,758,1,759,0,927,3,928,0,1593,0]
11-04 01:53:36.084 2358 2358 I sysui_multi_action: [757,491,758,1,759,491,927,4,928,0,1311,-1,1593,0]
11-04 01:53:36.084 2358 2358 I sysui_multi_action: [757,0,758,1,759,0,927,5,928,0,1593,0]
11-04 01:53:36.084 2358 2358 I sysui_multi_action: [757,111,758,1]
11-04 01:53:36.084 2358 2358 I sysui_multi_action: [757,126,758,1,759,126,927,0,928,1,1593,0]
11-04 01:53:36.084 2358 2358 I sysui_multi_action: [757,113,758,1,759,113,927,1,928,1,1593,0]
11-04 01:53:36.084 2358 2358 I sysui_multi_action: [757,0,758,1,759,0,927,2,928,0,1593,0]
11-04 01:53:36.084 2358 2358 I sysui_multi_action: [757,0,758,1,759,0,927,3,928,0,1593,0]
11-04 01:53:36.096 2358 2358 I sysui_multi_action: [757,111,758,2]
11-04 01:53:36.096 2358 2358 I sysui_multi_action: [757,111,758,2]
11-04 01:53:36.096 1474 1474 I notification_enqueue: [10081,2358,com.android.systemui,2048,NULL,0,Notification(channel=updateNotification shortcut=null contentView=null vibrate=null sound=null defaults=0x0 flags=0x0 color=0x00000000 vis=PRIVATE),1]
11-04 01:53:36.099 2358 2358 I sysui_multi_action: [757,111,758,1]
11-04 01:53:36.099 2358 2358 I sysui_multi_action: [757,126,758,1,759,126,927,0,928,1,1593,0]
11-04 01:53:36.100 2358 2358 I sysui_multi_action: [757,113,758,1,759,113,927,1,928,1,1593,0]
11-04 01:53:36.100 2358 2358 I sysui_multi_action: [757,0,758,1,759,0,927,2,928,0,1593,0]
11-04 01:53:36.100 2358 2358 I sysui_multi_action: [757,0,758,1,759,0,927,3,928,0,1593,0]
11-04 01:53:36.100 2358 2358 I sysui_multi_action: [757,491,758,1,759,491,927,4,928,0,1311,-1,1593,0]
11-04 01:53:36.100 2358 2358 I sysui_multi_action: [757,0,758,1,759,0,927,5,928,0,1593,0]
11-04 01:53:36.100 2358 2358 I sysui_multi_action: [757,111,758,1]
11-04 01:53:36.100 2358 2358 I sysui_multi_action: [757,126,758,1,759,126,927,0,928,1,1593,0]
11-04 01:53:36.100 2358 2358 I sysui_multi_action: [757,113,758,1,759,113,927,1,928,1,1593,0]
11-04 01:53:36.100 2358 2358 I sysui_multi_action: [757,0,758,1,759,0,927,2,928,0,1593,0]
11-04 01:53:36.100 2358 2358 I sysui_multi_action: [757,0,758,1,759,0,927,3,928,0,1593,0]
11-04 01:53:36.113 1474 1474 I notification_enqueue: [10081,2358,com.android.systemui,2048,NULL,0,Notification(channel=updateNotification shortcut=null contentView=null vibrate=null sound=null defaults=0x0 flags=0x0 color=0x00000000 vis=PRIVATE),1]
11-04 01:53:36.114 2358 2358 I sysui_multi_action: [757,111,758,2]
11-04 01:53:36.114 2358 2358 I sysui_multi_action: [757,111,758,2]
11-04 01:53:36.119 2358 2358 I sysui_multi_action: [757,111,758,1]
11-04 01:53:36.119 2358 2358 I sysui_multi_action: [757,126,758,1,759,126,927,0,928,1,1593,0]
11-04 01:53:36.119 2358 2358 I sysui_multi_action: [757,113,758,1,759,113,927,1,928,1,1593,0]
11-04 01:53:36.119 2358 2358 I sysui_multi_action: [757,0,758,1,759,0,927,2,928,0,1593,0]
11-04 01:53:36.119 2358 2358 I sysui_multi_action: [757,0,758,1,759,0,927,3,928,0,1593,0]
11-04 01:53:36.119 2358 2358 I sysui_multi_action: [757,491,758,1,759,491,927,4,928,0,1311,-1,1593,0]
11-04 01:53:36.119 2358 2358 I sysui_multi_action: [757,0,758,1,759,0,927,5,928,0,1593,0]
11-04 01:53:36.119 2358 2358 I sysui_multi_action: [757,111,758,1]
11-04 01:53:36.119 2358 2358 I sysui_multi_action: [757,126,758,1,759,126,927,0,928,1,1593,0]
11-04 01:53:36.119 2358 2358 I sysui_multi_action: [757,113,758,1,759,113,927,1,928,1,1593,0]
11-04 01:53:36.119 2358 2358 I sysui_multi_action: [757,0,758,1,759,0,927,2,928,0,1593,0]
11-04 01:53:36.119 2358 2358 I sysui_multi_action: [757,0,758,1,759,0,927,3,928,0,1593,0]
11-04 01:53:36.133 2358 2358 I sysui_multi_action: [757,111,758,2]
11-04 01:53:36.134 2358 2358 I sysui_multi_action: [757,111,758,2]
11-04 01:53:36.134 1474 1474 I notification_enqueue: [10081,2358,com.android.systemui,2048,NULL,0,Notification(channel=updateNotification shortcut=null contentView=null vibrate=null sound=null defaults=0x0 flags=0x0 color=0x00000000 vis=PRIVATE),1]
11-04 01:53:36.137 2358 2358 I sysui_multi_action: [757,111,758,1]
11-04 01:53:36.137 2358 2358 I sysui_multi_action: [757,126,758,1,759,126,927,0,928,1,1593,0]
11-04 01:53:36.137 2358 2358 I sysui_multi_action: [757,113,758,1,759,113,927,1,928,1,1593,0]
11-04 01:53:36.137 2358 2358 I sysui_multi_action: [757,0,758,1,759,0,927,2,928,0,1593,0]
11-04 01:53:36.137 2358 2358 I sysui_multi_action: [757,0,758,1,759,0,927,3,928,0,1593,0]
11-04 01:53:36.138 2358 2358 I sysui_multi_action: [757,491,758,1,759,491,927,4,928,0,1311,-1,1593,0]
11-04 01:53:36.138 2358 2358 I sysui_multi_action: [757,0,758,1,759,0,927,5,928,0,1593,0]
11-04 01:53:36.138 2358 2358 I sysui_multi_action: [757,111,758,1]
11-04 01:53:36.138 2358 2358 I sysui_multi_action: [757,126,758,1,759,126,927,0,928,1,1593,0]
11-04 01:53:36.138 2358 2358 I sysui_multi_action: [757,113,758,1,759,113,927,1,928,1,1593,0]
11-04 01:53:36.138 2358 2358 I sysui_multi_action: [757,0,758,1,759,0,927,2,928,0,1593,0]
11-04 01:53:36.138 2358 2358 I sysui_multi_action: [757,0,758,1,759,0,927,3,928,0,1593,0]
11-04 01:53:36.152 2358 2358 I sysui_multi_action: [757,111,758,2]
11-04 01:53:36.152 2358 2358 I sysui_multi_action: [757,111,758,2]
11-04 01:53:36.152 1474 1474 I notification_enqueue: [10081,2358,com.android.systemui,2048,NULL,0,Notification(channel=updateNotification shortcut=null contentView=null vibrate=null sound=null defaults=0x0 flags=0x0 color=0x00000000 vis=PRIVATE),1]
11-04 01:53:36.156 2358 2358 I sysui_multi_action: [757,111,758,1]
11-04 01:53:36.156 2358 2358 I sysui_multi_action: [757,126,758,1,759,126,927,0,928,1,1593,0]
11-04 01:53:36.156 2358 2358 I sysui_multi_action: [757,113,758,1,759,113,927,1,928,1,1593,0]
11-04 01:53:36.156 2358 2358 I sysui_multi_action: [757,0,758,1,759,0,927,2,928,0,1593,0]
11-04 01:53:36.156 2358 2358 I sysui_multi_action: [757,0,758,1,759,0,927,3,928,0,1593,0]
11-04 01:53:36.157 2358 2358 I sysui_multi_action: [757,491,758,1,759,491,927,4,928,0,1311,-1,1593,0]
11-04 01:53:36.157 2358 2358 I sysui_multi_action: [757,0,758,1,759,0,927,5,928,0,1593,0]
11-04 01:53:36.157 2358 2358 I sysui_multi_action: [757,111,758,1]
11-04 01:53:36.157 2358 2358 I sysui_multi_action: [757,126,758,1,759,126,927,0,928,1,1593,0]
11-04 01:53:36.157 2358 2358 I sysui_multi_action: [757,113,758,1,759,113,927,1,928,1,1593,0]
11-04 01:53:36.157 2358 2358 I sysui_multi_action: [757,0,758,1,759,0,927,2,928,0,1593,0]
11-04 01:53:36.157 2358 2358 I sysui_multi_action: [757,0,758,1,759,0,927,3,928,0,1593,0]
11-04 01:53:36.173 2358 2358 I sysui_multi_action: [757,111,758,2]
11-04 01:53:36.173 1474 1474 I notification_enqueue: [10081,2358,com.android.systemui,2048,NULL,0,Notification(channel=updateNotification shortcut=null contentView=null vibrate=null sound=null defaults=0x0 flags=0x0 color=0x00000000 vis=PRIVATE),1]
11-04 01:53:36.173 2358 2358 I sysui_multi_action: [757,111,758,2]
11-04 01:53:36.177 2358 2358 I sysui_multi_action: [757,111,758,1]
11-04 01:53:36.177 2358 2358 I sysui_multi_action: [757,126,758,1,759,126,927,0,928,1,1593,0]
11-04 01:53:36.177 2358 2358 I sysui_multi_action: [757,113,758,1,759,113,927,1,928,1,1593,0]
11-04 01:53:36.177 2358 2358 I sysui_multi_action: [757,0,758,1,759,0,927,2,928,0,1593,0]
11-04 01:53:36.177 2358 2358 I sysui_multi_action: [757,0,758,1,759,0,927,3,928,0,1593,0]
11-04 01:53:36.177 2358 2358 I sysui_multi_action: [757,491,758,1,759,491,927,4,928,0,1311,-1,1593,0]
11-04 01:53:36.177 2358 2358 I sysui_multi_action: [757,0,758,1,759,0,927,5,928,0,1593,0]
11-04 01:53:36.177 2358 2358 I sysui_multi_action: [757,111,758,1]
11-04 01:53:36.177 2358 2358 I sysui_multi_action: [757,126,758,1,759,126,927,0,928,1,1593,0]
11-04 01:53:36.177 2358 2358 I sysui_multi_action: [757,113,758,1,759,113,927,1,928,1,1593,0]
11-04 01:53:36.177 2358 2358 I sysui_multi_action: [757,0,758,1,759,0,927,2,928,0,1593,0]
11-04 01:53:36.177 2358 2358 I sysui_multi_action: [757,0,758,1,759,0,927,3,928,0,1593,0]
11-04 01:53:36.517 1474 6185 I sysui_multi_action: [757,128,758,1,793,365932,794,0,795,365932,796,26,798,0,806,android,857,DEVELOPER_IMPORTANT,858,4,947,0,1395,3,1500,365729,1688,1]
11-04 01:53:36.517 1474 6185 I sysui_multi_action: [757,804,799,note_freshness,801,365932,802,1]
11-04 01:53:36.517 1474 6185 I notification_visibility: [-1|android|26|null|1000,1,365932,365932,0,0]
11-04 01:53:36.518 1474 6185 I sysui_multi_action: [757,128,758,1,793,78288,794,0,795,43436,796,17303299,797,com.android.wifi,798,1,806,android,857,NETWORK_AVAILABLE,858,2,947,0,1395,3,1500,30629,1688,1]
11-04 01:53:36.518 1474 6185 I sysui_multi_action: [757,1501,758,1,793,78288,794,0,795,43436,796,17303299,797,com.android.wifi,806,android,857,NETWORK_AVAILABLE,858,2,947,0,1500,0,1688,1]
11-04 01:53:36.518 1474 6185 I sysui_multi_action: [757,804,799,note_interruptive,801,0,802,1]
11-04 01:53:36.518 1474 6185 I sysui_multi_action: [757,804,799,note_freshness,801,43436,802,1]
11-04 01:53:36.518 1474 6185 I notification_visibility: [0|android|17303299|com.android.wifi|1000,1,78288,43436,0,1]
11-04 01:53:36.518 1474 6185 I sysui_multi_action: [757,128,758,1,793,756860,794,0,795,756860,796,32,798,2,806,android,857,USB,858,1,947,0,1395,3,1500,756443,1688,1]
11-04 01:53:36.518 1474 6185 I sysui_multi_action: [757,804,799,note_freshness,801,756860,802,1]
11-04 01:53:36.519 1474 6185 I notification_visibility: [-1|android|32|null|1000,1,756860,756860,0,2]
11-04 01:53:37.773 1474 2005 I input_interaction: Interaction with: 4d6f832 NotificationShade (server), edge-swipe (server), swipe-up (server), PointerEventDispatcher0 (server),
11-04 01:53:38.013 1474 1474 I notification_enqueue: [10081,2358,com.android.systemui,2048,NULL,0,Notification(channel=updateNotification shortcut=null contentView=null vibrate=null sound=null defaults=0x0 flags=0x0 color=0x00000000 vis=PRIVATE),1]
11-04 01:53:38.013 2358 2358 I sysui_multi_action: [757,111,758,2]
11-04 01:53:38.013 2358 2358 I sysui_multi_action: [757,111,758,2]
11-04 01:53:38.027 2358 2358 I sysui_multi_action: [757,111,758,1]
11-04 01:53:38.027 2358 2358 I sysui_multi_action: [757,126,758,1,759,126,927,0,928,1,1593,1]
11-04 01:53:38.028 2358 2358 I sysui_multi_action: [757,113,758,1,759,113,927,1,928,1,1593,1]
11-04 01:53:38.028 2358 2358 I sysui_multi_action: [757,0,758,1,759,0,927,2,928,0,1593,1]
11-04 01:53:38.028 2358 2358 I sysui_multi_action: [757,0,758,1,759,0,927,3,928,0,1593,1]
11-04 01:53:38.028 2358 2358 I sysui_multi_action: [757,491,758,1,759,491,927,4,928,0,1311,-1,1593,0]
11-04 01:53:38.028 2358 2358 I sysui_multi_action: [757,0,758,1,759,0,927,5,928,0,1593,0]
11-04 01:53:38.029 2358 2358 I sysui_multi_action: [757,111,758,1]
11-04 01:53:38.029 2358 2358 I sysui_multi_action: [757,126,758,1,759,126,927,0,928,1,1593,1]
11-04 01:53:38.029 2358 2358 I sysui_multi_action: [757,113,758,1,759,113,927,1,928,1,1593,1]
11-04 01:53:38.029 2358 2358 I sysui_multi_action: [757,0,758,1,759,0,927,2,928,0,1593,1]
11-04 01:53:38.029 2358 2358 I sysui_multi_action: [757,0,758,1,759,0,927,3,928,0,1593,1]
11-04 01:53:38.056 1474 1474 I notification_enqueue: [10081,2358,com.android.systemui,2048,NULL,0,Notification(channel=updateNotification shortcut=null contentView=null vibrate=null sound=null defaults=0x0 flags=0x0 color=0x00000000 vis=PRIVATE),1]
11-04 01:53:38.056 2358 2358 I sysui_multi_action: [757,111,758,2]
11-04 01:53:38.056 2358 2358 I sysui_multi_action: [757,111,758,2]
11-04 01:53:38.063 2358 2358 I sysui_multi_action: [757,111,758,1]
11-04 01:53:38.063 2358 2358 I sysui_multi_action: [757,126,758,1,759,126,927,0,928,1,1593,1]
11-04 01:53:38.063 2358 2358 I sysui_multi_action: [757,113,758,1,759,113,927,1,928,1,1593,1]
11-04 01:53:38.064 2358 2358 I sysui_multi_action: [757,0,758,1,759,0,927,2,928,0,1593,1]
11-04 01:53:38.064 2358 2358 I sysui_multi_action: [757,0,758,1,759,0,927,3,928,0,1593,1]
11-04 01:53:38.064 2358 2358 I sysui_multi_action: [757,491,758,1,759,491,927,4,928,0,1311,-1,1593,0]
11-04 01:53:38.064 2358 2358 I sysui_multi_action: [757,0,758,1,759,0,927,5,928,0,1593,0]
11-04 01:53:38.064 2358 2358 I sysui_multi_action: [757,111,758,1]
11-04 01:53:38.064 2358 2358 I sysui_multi_action: [757,126,758,1,759,126,927,0,928,1,1593,1]
11-04 01:53:38.064 2358 2358 I sysui_multi_action: [757,113,758,1,759,113,927,1,928,1,1593,1]
11-04 01:53:38.064 2358 2358 I sysui_multi_action: [757,0,758,1,759,0,927,2,928,0,1593,1]
11-04 01:53:38.064 2358 2358 I sysui_multi_action: [757,0,758,1,759,0,927,3,928,0,1593,1]
11-04 01:53:38.086 2358 2358 I sysui_multi_action: [757,111,758,2]
11-04 01:53:38.086 1474 1474 I notification_enqueue: [10081,2358,com.android.systemui,2048,NULL,0,Notification(channel=updateNotification shortcut=null contentView=null vibrate=null sound=null defaults=0x0 flags=0x0 color=0x00000000 vis=PRIVATE),1]
11-04 01:53:38.087 2358 2358 I sysui_multi_action: [757,111,758,2]
11-04 01:53:38.092 2358 2358 I sysui_multi_action: [757,111,758,1]
11-04 01:53:38.092 2358 2358 I sysui_multi_action: [757,126,758,1,759,126,927,0,928,1,1593,1]
11-04 01:53:38.092 2358 2358 I sysui_multi_action: [757,113,758,1,759,113,927,1,928,1,1593,1]
11-04 01:53:38.092 2358 2358 I sysui_multi_action: [757,0,758,1,759,0,927,2,928,0,1593,1]
11-04 01:53:38.092 2358 2358 I sysui_multi_action: [757,0,758,1,759,0,927,3,928,0,1593,1]
11-04 01:53:38.093 2358 2358 I sysui_multi_action: [757,491,758,1,759,491,927,4,928,0,1311,-1,1593,0]
11-04 01:53:38.093 2358 2358 I sysui_multi_action: [757,0,758,1,759,0,927,5,928,0,1593,0]
11-04 01:53:38.093 2358 2358 I sysui_multi_action: [757,111,758,1]
11-04 01:53:38.093 2358 2358 I sysui_multi_action: [757,126,758,1,759,126,927,0,928,1,1593,1]
11-04 01:53:38.093 2358 2358 I sysui_multi_action: [757,113,758,1,759,113,927,1,928,1,1593,1]
11-04 01:53:38.093 2358 2358 I sysui_multi_action: [757,0,758,1,759,0,927,2,928,0,1593,1]
11-04 01:53:38.093 2358 2358 I sysui_multi_action: [757,0,758,1,759,0,927,3,928,0,1593,1]
11-04 01:53:38.109 2358 2358 I sysui_multi_action: [757,111,758,2]
11-04 01:53:38.109 1474 1474 I notification_enqueue: [10081,2358,com.android.systemui,2048,NULL,0,Notification(channel=updateNotification shortcut=null contentView=null vibrate=null sound=null defaults=0x0 flags=0x0 color=0x00000000 vis=PRIVATE),1]
11-04 01:53:38.109 2358 2358 I sysui_multi_action: [757,111,758,2]
11-04 01:53:38.114 2358 2358 I sysui_multi_action: [757,111,758,1]
11-04 01:53:38.114 2358 2358 I sysui_multi_action: [757,126,758,1,759,126,927,0,928,1,1593,1]
11-04 01:53:38.114 2358 2358 I sysui_multi_action: [757,113,758,1,759,113,927,1,928,1,1593,1]
11-04 01:53:38.114 2358 2358 I sysui_multi_action: [757,0,758,1,759,0,927,2,928,0,1593,1]
11-04 01:53:38.114 2358 2358 I sysui_multi_action: [757,0,758,1,759,0,927,3,928,0,1593,1]
11-04 01:53:38.114 2358 2358 I sysui_multi_action: [757,491,758,1,759,491,927,4,928,0,1311,-1,1593,0]
11-04 01:53:38.114 2358 2358 I sysui_multi_action: [757,0,758,1,759,0,927,5,928,0,1593,0]
11-04 01:53:38.114 2358 2358 I sysui_multi_action: [757,111,758,1]
11-04 01:53:38.114 2358 2358 I sysui_multi_action: [757,126,758,1,759,126,927,0,928,1,1593,1]
11-04 01:53:38.114 2358 2358 I sysui_multi_action: [757,113,758,1,759,113,927,1,928,1,1593,1]
11-04 01:53:38.114 2358 2358 I sysui_multi_action: [757,0,758,1,759,0,927,2,928,0,1593,1]
11-04 01:53:38.114 2358 2358 I sysui_multi_action: [757,0,758,1,759,0,927,3,928,0,1593,1]
11-04 01:53:38.131 2358 2358 I sysui_multi_action: [757,111,758,2]
11-04 01:53:38.131 2358 2358 I sysui_multi_action: [757,111,758,2]
11-04 01:53:38.131 1474 1474 I notification_enqueue: [10081,2358,com.android.systemui,2048,NULL,0,Notification(channel=updateNotification shortcut=null contentView=null vibrate=null sound=null defaults=0x0 flags=0x0 color=0x00000000 vis=PRIVATE),1]
11-04 01:53:38.135 2358 2358 I sysui_multi_action: [757,111,758,1]
11-04 01:53:38.135 2358 2358 I sysui_multi_action: [757,126,758,1,759,126,927,0,928,1,1593,1]
11-04 01:53:38.135 2358 2358 I sysui_multi_action: [757,113,758,1,759,113,927,1,928,1,1593,1]
11-04 01:53:38.135 2358 2358 I sysui_multi_action: [757,0,758,1,759,0,927,2,928,0,1593,1]
11-04 01:53:38.135 2358 2358 I sysui_multi_action: [757,0,758,1,759,0,927,3,928,0,1593,1]
11-04 01:53:38.135 2358 2358 I sysui_multi_action: [757,491,758,1,759,491,927,4,928,0,1311,-1,1593,0]
11-04 01:53:38.135 2358 2358 I sysui_multi_action: [757,0,758,1,759,0,927,5,928,0,1593,0]
11-04 01:53:38.135 2358 2358 I sysui_multi_action: [757,111,758,1]
11-04 01:53:38.135 2358 2358 I sysui_multi_action: [757,126,758,1,759,126,927,0,928,1,1593,1]
11-04 01:53:38.135 2358 2358 I sysui_multi_action: [757,113,758,1,759,113,927,1,928,1,1593,1]
11-04 01:53:38.135 2358 2358 I sysui_multi_action: [757,0,758,1,759,0,927,2,928,0,1593,1]
11-04 01:53:38.135 2358 2358 I sysui_multi_action: [757,0,758,1,759,0,927,3,928,0,1593,1]
11-04 01:53:38.146 2358 2358 I sysui_multi_action: [757,111,758,2]
11-04 01:53:38.147 2358 2358 I sysui_multi_action: [757,111,758,2]
11-04 01:53:38.148 1474 1474 I notification_enqueue: [10081,2358,com.android.systemui,2048,NULL,0,Notification(channel=updateNotification shortcut=null contentView=null vibrate=null sound=null defaults=0x0 flags=0x0 color=0x00000000 vis=PRIVATE),1]
11-04 01:53:38.150 2358 2358 I sysui_multi_action: [757,111,758,1]
11-04 01:53:38.150 2358 2358 I sysui_multi_action: [757,126,758,1,759,126,927,0,928,1,1593,1]
11-04 01:53:38.150 2358 2358 I sysui_multi_action: [757,113,758,1,759,113,927,1,928,1,1593,1]
11-04 01:53:38.150 2358 2358 I sysui_multi_action: [757,0,758,1,759,0,927,2,928,0,1593,1]
11-04 01:53:38.150 2358 2358 I sysui_multi_action: [757,0,758,1,759,0,927,3,928,0,1593,1]
11-04 01:53:38.150 2358 2358 I sysui_multi_action: [757,491,758,1,759,491,927,4,928,0,1311,-1,1593,0]
11-04 01:53:38.150 2358 2358 I sysui_multi_action: [757,0,758,1,759,0,927,5,928,0,1593,0]
11-04 01:53:38.151 2358 2358 I sysui_multi_action: [757,111,758,1]
11-04 01:53:38.151 2358 2358 I sysui_multi_action: [757,126,758,1,759,126,927,0,928,1,1593,1]
11-04 01:53:38.151 2358 2358 I sysui_multi_action: [757,113,758,1,759,113,927,1,928,1,1593,1]
11-04 01:53:38.151 2358 2358 I sysui_multi_action: [757,0,758,1,759,0,927,2,928,0,1593,1]
11-04 01:53:38.151 2358 2358 I sysui_multi_action: [757,0,758,1,759,0,927,3,928,0,1593,1]
