11-04 01:53:51.546 2358 2358 I sysui_multi_action: [757,0,758,1,759,0,927,5,928,0,1593,0]
11-04 01:53:51.546 2358 2358 I sysui_multi_action: [757,111,758,1]
11-04 01:53:51.546 2358 2358 I sysui_multi_action: [757,126,758,1,759,126,927,0,928,1,1593,1]
11-04 01:53:51.546 2358 2358 I sysui_multi_action: [757,113,758,1,759,113,927,1,928,1,1593,1]
11-04 01:53:51.547 2358 2358 I sysui_multi_action: [757,0,758,1,759,0,927,2,928,0,1593,1]
11-04 01:53:51.547 2358 2358 I sysui_multi_action: [757,0,758,1,759,0,927,3,928,0,1593,1]
11-04 01:53:51.565 2358 2358 I sysui_multi_action: [757,111,758,2]
11-04 01:53:51.566 2358 2358 I sysui_multi_action: [757,111,758,2]
11-04 01:53:51.566 1474 1474 I notification_enqueue: [10081,2358,com.android.systemui,2048,NULL,0,Notification(channel=updateNotification shortcut=null contentView=null vibrate=null sound=null defaults=0x0 flags=0x0 color=0x00000000 vis=PRIVATE),1]
11-04 01:53:51.573 2358 2358 I sysui_multi_action: [757,111,758,1]
11-04 01:53:51.574 2358 2358 I sysui_multi_action: [757,126,758,1,759,126,927,0,928,1,1593,1]
11-04 01:53:51.574 2358 2358 I sysui_multi_action: [757,113,758,1,759,113,927,1,928,1,1593,1]
11-04 01:53:51.574 2358 2358 I sysui_multi_action: [757,0,758,1,759,0,927,2,928,0,1593,1]
11-04 01:53:51.574 2358 2358 I sysui_multi_action: [757,0,758,1,759,0,927,3,928,0,1593,1]
11-04 01:53:51.574 2358 2358 I sysui_multi_action: [757,491,758,1,759,491,927,4,928,0,1311,-1,1593,0]
11-04 01:53:51.574 2358 2358 I sysui_multi_action: [757,0,758,1,759,0,927,5,928,0,1593,0]
11-04 01:53:51.574 2358 2358 I sysui_multi_action: [757,111,758,1]
11-04 01:53:51.574 2358 2358 I sysui_multi_action: [757,126,758,1,759,126,927,0,928,1,1593,1]
11-04 01:53:51.574 2358 2358 I sysui_multi_action: [757,113,758,1,759,113,927,1,928,1,1593,1]
11-04 01:53:51.574 2358 2358 I sysui_multi_action: [757,0,758,1,759,0,927,2,928,0,1593,1]
11-04 01:53:51.574 2358 2358 I sysui_multi_action: [757,0,758,1,759,0,927,3,928,0,1593,1]
11-04 01:53:51.581 1474 1644 I wm_destroy_activity: [0,259018018,40,com.android.settings/.Settings$MediaControlsSettingsActivity,finish-imm:idle]
11-04 01:53:51.582 6193 6193 I wm_on_destroy_called: [259018018,com.android.settings.Settings$MediaControlsSettingsActivity,performDestroy]
11-04 01:53:51.583 1474 2408 I wm_task_removed: [40,removeChild:removeChild last r=ActivityRecord{f704d22 u0 com.android.settings/.Settings$MediaControlsSettingsActivity t-1 f}} in t=Task{dc7962b #40 type=standard A=1000:com.android.settings U=0 visible=false mode=fullscreen translucent=true sz=0}]
11-04 01:53:51.583 1474 2408 I wm_task_removed: [40,removeChild]
11-04 01:53:51.591 2358 2358 I sysui_multi_action: [757,111,758,2]
11-04 01:53:51.591 2358 2358 I sysui_multi_action: [757,111,758,2]
11-04 01:53:51.593 1474 1474 I notification_enqueue: [10081,2358,com.android.systemui,2048,NULL,0,Notification(channel=updateNotification shortcut=null contentView=null vibrate=null sound=null defaults=0x0 flags=0x0 color=0x00000000 vis=PRIVATE),1]
11-04 01:53:51.595 2358 2358 I sysui_multi_action: [757,111,758,1]
11-04 01:53:51.595 2358 2358 I sysui_multi_action: [757,126,758,1,759,126,927,0,928,1,1593,1]
11-04 01:53:51.595 2358 2358 I sysui_multi_action: [757,113,758,1,759,113,927,1,928,1,1593,1]
11-04 01:53:51.595 2358 2358 I sysui_multi_action: [757,0,758,1,759,0,927,2,928,0,1593,1]
11-04 01:53:51.595 2358 2358 I sysui_multi_action: [757,0,758,1,759,0,927,3,928,0,1593,1]
11-04 01:53:51.596 2358 2358 I sysui_multi_action: [757,491,758,1,759,491,927,4,928,0,1311,-1,1593,0]
11-04 01:53:51.596 2358 2358 I sysui_multi_action: [757,0,758,1,759,0,927,5,928,0,1593,0]
11-04 01:53:51.596 2358 2358 I sysui_multi_action: [757,111,758,1]
11-04 01:53:51.596 2358 2358 I sysui_multi_action: [757,126,758,1,759,126,927,0,928,1,1593,1]
11-04 01:53:51.596 2358 2358 I sysui_multi_action: [757,113,758,1,759,113,927,1,928,1,1593,1]
11-04 01:53:51.596 2358 2358 I sysui_multi_action: [757,0,758,1,759,0,927,2,928,0,1593,1]
11-04 01:53:51.596 2358 2358 I sysui_multi_action: [757,0,758,1,759,0,927,3,928,0,1593,1]
11-04 01:53:51.608 2358 2358 I sysui_multi_action: [757,111,758,2]
11-04 01:53:51.608 1474 1474 I notification_enqueue: [10081,2358,com.android.systemui,2048,NULL,0,Notification(channel=updateNotification shortcut=null contentView=null vibrate=null sound=null defaults=0x0 flags=0x0 color=0x00000000 vis=PRIVATE),1]
11-04 01:53:51.608 2358 2358 I sysui_multi_action: [757,111,758,2]
11-04 01:53:51.627 2358 2358 I sysui_multi_action: [757,111,758,1]
11-04 01:53:51.627 2358 2358 I sysui_multi_action: [757,126,758,1,759,126,927,0,928,1,1593,1]
11-04 01:53:51.627 2358 2358 I sysui_multi_action: [757,113,758,1,759,113,927,1,928,1,1593,1]
11-04 01:53:51.627 2358 2358 I sysui_multi_action: [757,0,758,1,759,0,927,2,928,0,1593,1]
11-04 01:53:51.627 2358 2358 I sysui_multi_action: [757,0,758,1,759,0,927,3,928,0,1593,1]
11-04 01:53:51.628 2358 2358 I sysui_multi_action: [757,491,758,1,759,491,927,4,928,0,1311,-1,1593,0]
11-04 01:53:51.628 2358 2358 I sysui_multi_action: [757,0,758,1,759,0,927,5,928,0,1593,0]
11-04 01:53:51.628 2358 2358 I sysui_multi_action: [757,111,758,1]
11-04 01:53:51.628 2358 2358 I sysui_multi_action: [757,126,758,1,759,126,927,0,928,1,1593,1]
11-04 01:53:51.628 2358 2358 I sysui_multi_action: [757,113,758,1,759,113,927,1,928,1,1593,1]
11-04 01:53:51.628 2358 2358 I sysui_multi_action: [757,0,758,1,759,0,927,2,928,0,1593,1]
11-04 01:53:51.628 2358 2358 I sysui_multi_action: [757,0,758,1,759,0,927,3,928,0,1593,1]
11-04 01:53:51.647 2358 2358 I sysui_multi_action: [757,111,758,2]
11-04 01:53:51.647 1474 1474 I notification_enqueue: [10081,2358,com.android.systemui,2048,NULL,0,Notification(channel=updateNotification shortcut=null contentView=null vibrate=null sound=null defaults=0x0 flags=0x0 color=0x00000000 vis=PRIVATE),1]
11-04 01:53:51.648 2358 2358 I sysui_multi_action: [757,111,758,2]
11-04 01:53:51.650 1474 1607 I sysui_multi_action: [757,127,758,2]
11-04 01:53:51.650 1474 1607 I notification_panel_hidden:
11-04 01:53:51.664 2358 2358 I sysui_multi_action: [757,111,758,1]
11-04 01:53:51.665 2358 2358 I sysui_multi_action: [757,126,758,1,759,126,927,0,928,1,1593,0]
11-04 01:53:51.665 2358 2358 I sysui_multi_action: [757,113,758,1,759,113,927,1,928,1,1593,0]
11-04 01:53:51.665 2358 2358 I sysui_multi_action: [757,0,758,1,759,0,927,2,928,0,1593,0]
11-04 01:53:51.665 2358 2358 I sysui_multi_action: [757,0,758,1,759,0,927,3,928,0,1593,0]
11-04 01:53:51.665 2358 2358 I sysui_multi_action: [757,491,758,1,759,491,927,4,928,0,1311,-1,1593,0]
11-04 01:53:51.665 2358 2358 I sysui_multi_action: [757,0,758,1,759,0,927,5,928,0,1593,0]
11-04 01:53:51.665 2358 2358 I sysui_multi_action: [757,111,758,1]
11-04 01:53:51.665 2358 2358 I sysui_multi_action: [757,126,758,1,759,126,927,0,928,1,1593,0]
11-04 01:53:51.665 2358 2358 I sysui_multi_action: [757,113,758,1,759,113,927,1,928,1,1593,0]
11-04 01:53:51.665 2358 2358 I sysui_multi_action: [757,0,758,1,759,0,927,2,928,0,1593,0]
11-04 01:53:51.665 2358 2358 I sysui_multi_action: [757,0,758,1,759,0,927,3,928,0,1593,0]
11-04 01:53:55.155 1474 2005 I input_interaction: Interaction with: f7585b9 com.android.settings/com.android.settings.Settings (server), edge-swipe (server), swipe-up (server), PointerEventDispatcher0 (server),
11-04 01:53:58.409 1474 4558 I wm_task_moved: [36,0,0]
11-04 01:53:58.415 1474 4558 I wm_focused_root_task: [0,0,1,36,moveTaskToBackLocked]
11-04 01:53:58.416 1474 4558 I wm_add_to_stopping: [0,139969786,com.android.settings/.Settings,makeInvisible]
11-04 01:53:58.418 1474 4558 I wm_pause_activity: [0,139969786,com.android.settings/.Settings,userLeaving=false,pauseBackTasks]
11-04 01:53:58.424 1474 4558 I wm_set_resumed_activity: [0,com.android.launcher3/.uioverrides.QuickstepLauncher,resumeTopActivityInnerLocked]
11-04 01:53:58.427 1474 4558 I wm_resume_activity: [0,59699080,10,com.android.launcher3/.uioverrides.QuickstepLauncher]
11-04 01:53:58.428 6193 6193 I wm_on_top_resumed_lost_called: [139969786,com.android.settings.Settings,topStateChangedWhenResumed]
11-04 01:53:58.432 6193 6193 I sysui_multi_action: [757,35,758,2,1089,7377]
11-04 01:53:58.433 6193 6193 I sysui_multi_action: [757,1845,758,2,1089,6966]
11-04 01:53:58.435 6193 6193 I wm_on_paused_called: [139969786,com.android.settings.Settings,performPause]
11-04 01:53:58.445 1474 2005 I input_focus: [Focus leaving f7585b9 com.android.settings/com.android.settings.Settings (server),reason=NO_WINDOW]
11-04 01:53:58.453 1474 1644 I sysui_multi_action: [757,803,799,window_time_0,802,8]
11-04 01:53:58.454 2809 2809 I wm_on_restart_called: [59699080,com.android.launcher3.uioverrides.QuickstepLauncher,performRestartActivity]
11-04 01:53:58.455 2809 2809 I wm_on_start_called: [59699080,com.android.launcher3.uioverrides.QuickstepLauncher,handleStartActivity]
11-04 01:53:58.455 2809 2809 I wm_on_resume_called: [59699080,com.android.launcher3.uioverrides.QuickstepLauncher,RESUME_ACTIVITY]
11-04 01:53:58.456 2809 2809 I wm_on_top_resumed_gained_called: [59699080,com.android.launcher3.uioverrides.QuickstepLauncher,topStateChangedWhenResumed]
11-04 01:53:58.465 1474 1645 I input_focus: [Focus request c2f885b com.android.launcher3/com.android.launcher3.uioverrides.QuickstepLauncher,reason=UpdateInputWindows]
11-04 01:53:58.476 1474 1654 I am_pss : [6307,10034,com.android.documentsui,42712064,35713024,0,174071808,0,16,10]
11-04 01:53:58.483 1474 1654 I am_pss : [6361,10028,com.android.externalstorage,6579200,4456448,0,97329152,0,19,5]
11-04 01:53:58.496 1474 2005 I input_focus: [Focus entering c2f885b com.android.launcher3/com.android.launcher3.uioverrides.QuickstepLauncher (server),reason=Window became focusable. Previous reason: NOT_VISIBLE]
11-04 01:53:58.621 1474 2303 I storage_state: [41217664-9172-527a-b3d5-edabb50a7d69,0,0,46486589440,48316284928]
11-04 01:53:58.870 1474 1644 I wm_stop_activity: [0,139969786,com.android.settings/.Settings]
11-04 01:53:58.909 6193 6193 I wm_on_stop_called: [139969786,com.android.settings.Settings,STOP_ACTIVITY_ITEM]
11-04 01:53:59.702 1474 2005 I input_interaction: Interaction with: c2f885b com.android.launcher3/com.android.launcher3.uioverrides.QuickstepLauncher (server), 6b99821 com.android.systemui.ImageWallpaper (server), edge-swipe (server), swipe-up (server), PointerEventDispatcher0 (server),
11-04 01:53:59.806 1474 5559 I wm_task_moved: [36,1,8]
11-04 01:53:59.806 1474 5559 I wm_task_to_front: [0,36]
11-04 01:53:59.807 1474 5559 I wm_focused_root_task: [0,0,36,1,bringingFoundTaskToFront]
11-04 01:53:59.808 1474 5559 I wm_set_resumed_activity: [0,com.android.settings/.Settings,bringingFoundTaskToFront]
11-04 01:53:59.808 1474 5559 I wm_new_intent: [0,139969786,36,com.android.settings/.Settings,android.intent.action.MAIN,NULL,NULL,270532608]
11-04 01:53:59.810 1474 5559 I wm_pause_activity: [0,59699080,com.android.launcher3/.uioverrides.QuickstepLauncher,userLeaving=true,pauseBackTasks]
11-04 01:53:59.818 2809 2809 I wm_on_top_resumed_lost_called: [59699080,com.android.launcher3.uioverrides.QuickstepLauncher,topStateChangedWhenResumed]
11-04 01:53:59.823 2809 2809 I wm_on_paused_called: [59699080,com.android.launcher3.uioverrides.QuickstepLauncher,performPause]
11-04 01:53:59.830 1474 3631 I wm_set_resumed_activity: [0,com.android.settings/.Settings,resumeTopActivityInnerLocked]
11-04 01:53:59.830 1474 3631 I wm_add_to_stopping: [0,59699080,com.android.launcher3/.uioverrides.QuickstepLauncher,makeInvisible]
11-04 01:53:59.831 1474 3631 I wm_resume_activity: [0,139969786,36,com.android.settings/.Settings]
11-04 01:53:59.842 1474 1644 I sysui_multi_action: [757,803,799,window_time_0,802,1]
11-04 01:53:59.847 1474 2005 I input_focus: [Focus leaving c2f885b com.android.launcher3/com.android.launcher3.uioverrides.QuickstepLauncher (server),reason=NO_WINDOW]
11-04 01:53:59.857 6193 6193 I wm_on_restart_called: [139969786,com.android.settings.Settings,performRestartActivity]
11-04 01:53:59.860 6193 6193 I wm_on_start_called: [139969786,com.android.settings.Settings,handleStartActivity]
11-04 01:53:59.860 6193 6193 I snet_event_log: [120484087,-1,]
11-04 01:53:59.861 6193 6193 I wm_on_resume_called: [139969786,com.android.settings.Settings,RESUME_ACTIVITY]
11-04 01:53:59.861 6193 6193 I sysui_multi_action: [757,35,758,1,833,0,1089,0]
11-04 01:53:59.863 6193 6193 I sysui_multi_action: [757,1845,758,1,833,0,1089,0]
11-04 01:53:59.867 6193 6193 I wm_on_top_resumed_gained_called: [139969786,com.android.settings.Settings,topWhenResuming]
11-04 01:53:59.877 1474 1645 I input_focus: [Focus request f7585b9 com.android.settings/com.android.settings.Settings,reason=UpdateInputWindows]
11-04 01:53:59.898 1474 2005 I input_focus: [Focus entering f7585b9 com.android.settings/com.android.settings.Settings (server),reason=setFocusedWindow]
11-04 01:53:59.900 1474 1641 I sysui_multi_action: [319,43,321,39,322,87,325,802,757,761,758,9,759,4,806,com.android.settings,871,com.android.settings.Settings,904,com.android.launcher3,905,0,1320,4,1321,1]
11-04 01:54:00.410 1474 1644 I wm_stop_activity: [0,59699080,com.android.launcher3/.uioverrides.QuickstepLauncher]
11-04 01:54:00.444 2809 2809 I wm_on_stop_called: [59699080,com.android.launcher3.uioverrides.QuickstepLauncher,STOP_ACTIVITY_ITEM]
11-04 01:54:01.220 1474 2005 I input_interaction: Interaction with: f7585b9 com.android.settings/com.android.settings.Settings (server), edge-swipe (server), swipe-up (server), PointerEventDispatcher0 (server),
11-04 01:54:02.094 1474 2759 I wm_task_moved: [1,0,0]
11-04 01:54:02.094 1474 2759 I wm_task_moved: [1,0,7]
11-04 01:54:02.118 6193 6193 I view_enqueue_input_event: [Motion - Cancel,com.android.settings/com.android.settings.Settings]
11-04 01:54:02.122 2809 2809 I wm_on_restart_called: [59699080,com.android.launcher3.uioverrides.QuickstepLauncher,performRestartActivity]
11-04 01:54:02.123 1474 1645 I input_focus: [Focus request recents_animation_input_consumer,reason=UpdateInputWindows]
11-04 01:54:02.133 1474 2005 I input_interaction: Interaction with: edge-swipe (server), swipe-up (server), PointerEventDispatcher0 (server),
11-04 01:54:02.153 2809 2809 I wm_on_start_called: [59699080,com.android.launcher3.uioverrides.QuickstepLauncher,handleStartActivity]
11-04 01:54:02.153 1474 2005 I input_focus: [Focus leaving f7585b9 com.android.settings/com.android.settings.Settings (server),reason=NOT_FOCUSABLE]
11-04 01:54:02.153 1474 2005 I input_focus: [Focus entering recents_animation_input_consumer (server),reason=setFocusedWindow]
11-04 01:54:02.169 2809 2809 I sysui_latency: [1,100]
11-04 01:54:02.186 1474 1641 I sysui_multi_action: [319,12,322,86,325,804,757,761,758,9,759,5,806,com.android.launcher3,871,com.android.launcher3.uioverrides.QuickstepLauncher,905,0,1320,4,1321,1]
11-04 01:54:02.482 1474 1654 I sysui_latency: [8,103]
11-04 01:54:03.002 1364 6113 I liblog : 208
11-04 01:54:03.076 1474 1474 I notification_enqueue: [1000,1474,android,17303299,com.android.wifi,0,Notification(channel=NETWORK_AVAILABLE shortcut=null contentView=null vibrate=null sound=null tick defaults=0x0 flags=0x100 color=0x00000000 actions=2 vis=PRIVATE),1]
11-04 01:54:03.277 1474 1474 I sysui_multi_action: [757,1501,758,1,793,105047,794,18193,795,201,796,17303299,797,com.android.wifi,806,android,857,NETWORK_AVAILABLE,858,2,947,0,1500,0,1688,1]
11-04 01:54:03.278 1474 1474 I sysui_multi_action: [757,804,799,note_interruptive,801,0,802,1]
11-04 01:54:03.378 1474 2005 I input_interaction: Interaction with: c2f885b com.android.launcher3/com.android.launcher3.uioverrides.QuickstepLauncher (server), edge-swipe (server), swipe-up (server), PointerEventDispatcher0 (server),
11-04 01:54:03.775 1474 4558 I wm_task_moved: [1,1,8]
11-04 01:54:03.777 6193 6193 I wm_on_top_resumed_lost_called: [139969786,com.android.settings.Settings,topStateChangedWhenResumed]
11-04 01:54:03.778 1474 4558 I wm_focused_root_task: [0,0,1,36,RecentsAnimation.onAnimationFinished()]
11-04 01:54:03.784 1474 4558 I wm_pause_activity: [0,139969786,com.android.settings/.Settings,userLeaving=false,pauseBackTasks]
11-04 01:54:03.786 1474 4558 I wm_set_resumed_activity: [0,com.android.launcher3/.uioverrides.QuickstepLauncher,resumeTopActivityInnerLocked]
11-04 01:54:03.788 1474 4558 I wm_resume_activity: [0,59699080,10,com.android.launcher3/.uioverrides.QuickstepLauncher]
11-04 01:54:03.789 1474 4558 I wm_add_to_stopping: [0,139969786,com.android.settings/.Settings,makeInvisible]
11-04 01:54:03.790 2809 2809 I wm_on_resume_called: [59699080,com.android.launcher3.uioverrides.QuickstepLauncher,RESUME_ACTIVITY]
11-04 01:54:03.800 1474 1645 I input_focus: [Focus request c2f885b com.android.launcher3/com.android.launcher3.uioverrides.QuickstepLauncher,reason=UpdateInputWindows]
11-04 01:54:03.801 1474 1644 I sysui_multi_action: [757,803,799,window_time_0,802,4]
11-04 01:54:03.802 6193 6193 I sysui_multi_action: [757,35,758,2,1089,3941]
11-04 01:54:03.803 6193 6193 I sysui_multi_action: [757,1845,758,2,1089,3941]
11-04 01:54:03.804 6193 6193 I wm_on_paused_called: [139969786,com.android.settings.Settings,performPause]
11-04 01:54:03.805 1474 3631 I wm_stop_activity: [0,139969786,com.android.settings/.Settings]
11-04 01:54:03.808 1474 2005 I input_focus: [Focus leaving recents_animation_input_consumer (server),reason=NOT_VISIBLE]
11-04 01:54:03.813 1474 1644 I sysui_multi_action: [757,803,799,window_time_0,802,0]
11-04 01:54:03.821 2809 2809 I wm_on_top_resumed_gained_called: [59699080,com.android.launcher3.uioverrides.QuickstepLauncher,topStateChangedWhenResumed]
11-04 01:54:03.824 1474 2005 I input_focus: [Focus entering c2f885b com.android.launcher3/com.android.launcher3.uioverrides.QuickstepLauncher (server),reason=setFocusedWindow]
11-04 01:54:03.826 6193 6193 I wm_on_stop_called: [139969786,com.android.settings.Settings,STOP_ACTIVITY_ITEM]
11-04 01:54:03.880 1474 2005 I input_interaction: Interaction with: c2f885b com.android.launcher3/com.android.launcher3.uioverrides.QuickstepLauncher (server), 6b99821 com.android.systemui.ImageWallpaper (server), edge-swipe (server), swipe-up (server), PointerEventDispatcher0 (server),
11-04 01:54:03.900 1474 1796 I wm_finish_activity: [0,199857532,38,com.android.documentsui/.files.FilesActivity,recent-task-trimmed]
11-04 01:54:03.902 1474 1796 I wm_destroy_activity: [0,199857532,38,com.android.documentsui/.files.FilesActivity,finish-imm:finishIfPossible]
11-04 01:54:03.903 1474 1644 I am_kill : [0,6307,com.android.documentsui,900,remove task]
11-04 01:54:03.903 1474 1796 I wm_finish_activity: [0,215015771,39,com.android.music/.MusicBrowserActivity,recent-task-trimmed]
11-04 01:54:03.905 1474 1796 I wm_destroy_activity: [0,215015771,39,com.android.music/.MusicBrowserActivity,finish-imm:finishIfPossible]
11-04 01:54:03.906 1474 1796 I wm_finish_activity: [0,139969786,36,com.android.settings/.Settings,recent-task-trimmed]
11-04 01:54:03.907 1474 1796 I wm_destroy_activity: [0,139969786,36,com.android.settings/.Settings,finish-imm:finishIfPossible]
11-04 01:54:03.912 1474 1644 I sysui_multi_action: [757,803,799,window_time_0,802,0]
11-04 01:54:03.916 1474 1644 I sysui_multi_action: [757,803,799,window_time_0,802,0]
11-04 01:54:03.917 1474 1644 I am_kill : [0,6193,com.android.settings,905,remove task]
11-04 01:54:03.918 1474 1644 I sysui_multi_action: [757,803,799,window_time_0,802,0]
11-04 01:54:03.920 4559 4559 I wm_on_destroy_called: [215015771,com.android.music.MusicBrowserActivity,performDestroy]
11-04 01:54:03.928 1474 6185 I wm_task_removed: [39,removeChild:removeChild last r=ActivityRecord{cd0e15b u0 com.android.music/.MusicBrowserActivity t-1 f}} in t=Task{d62bec5 #39 type=standard A=10084:android.task.music U=0 visible=false mode=fullscreen translucent=true sz=0}]
11-04 01:54:03.928 1474 6185 I wm_task_removed: [39,removeChild]
11-04 01:54:03.929 1474 3631 I am_kill : [0,4559,com.android.music,1001,remove task]
11-04 01:54:03.929 1474 1474 I sysui_multi_action: [757,128,758,5,759,8,793,22856,794,0,795,17398,796,1,806,com.android.music,857,Channel-music,858,2,947,0,1500,17398,1641,transport,1688,1,1745,1043716538]
11-04 01:54:03.929 1474 1474 I notification_canceled: [0|com.android.music|1|null|10084,8,22856,17398,0,-1,-1,NULL]
11-04 01:54:03.953 1474 1474 I notification_enqueue: [10081,2358,com.android.systemui,1,empty_media,0,Notification(channel=empty_media_style_id shortcut=null contentView=null vibrate=null sound=null defaults=0x0 flags=0x20 color=0x00000000 category=transport actions=3 vis=PRIVATE),0]
11-04 01:54:04.003 1474 5559 I am_proc_died: [0,6307,com.android.documentsui,900,18]
11-04 01:54:04.008 1474 5559 I am_uid_stopped: 10034
11-04 01:54:04.011 1474 5559 I wm_task_removed: [38,removeChild:removeChild last r=ActivityRecord{be9957c u0 com.android.documentsui/.files.FilesActivity t-1 f}} in t=Task{91188bd #38 type=standard A=10034:com.android.documentsui U=0 visible=false mode=fullscreen translucent=true sz=0}]
11-04 01:54:04.011 1474 5559 I wm_task_removed: [38,removeChild]
11-04 01:54:04.019 1474 1644 I am_uid_stopped: 10084
11-04 01:54:04.019 1474 1644 I am_uid_running: 10084
11-04 01:54:04.034 1474 4558 I am_proc_died: [0,4559,com.android.music,1001,10]
11-04 01:54:04.035 1474 4558 I am_schedule_service_restart: [0,com.android.music/.MediaPlaybackService,1000]
11-04 01:54:04.038 1474 4558 I am_uid_active: 10084
11-04 01:54:04.054 1474 4558 I am_proc_died: [0,6193,com.android.settings,905,19]
11-04 01:54:04.060 1474 4558 I wm_task_removed: [36,removeChild:removeChild last r=ActivityRecord{857c4fa u0 com.android.settings/.Settings t-1 f}} in t=Task{27e5423 #36 type=standard A=1000:com.android.settings.root U=0 visible=false mode=fullscreen translucent=true sz=0}]
11-04 01:54:04.060 1474 4558 I wm_task_removed: [36,removeChild]
11-04 01:54:04.065 1474 1656 I am_proc_start: [0,6542,1000,com.android.settings,NULL,]
11-04 01:54:04.075 1474 1656 I am_proc_start: [0,6543,10084,com.android.music,NULL,]
11-04 01:54:04.096 1474 4558 I am_proc_bound: [0,6543,com.android.music]
11-04 01:54:04.099 1474 6539 I am_proc_bound: [0,6542,com.android.settings]
11-04 01:54:04.154 1474 1474 I sysui_multi_action: [757,1501,758,1,793,202,794,0,795,202,796,1,797,empty_media,806,com.android.systemui,857,empty_media_style_id,858,4,947,0,1500,0,1641,transport,1688,1,1745,1043716538]
11-04 01:54:04.154 1474 1474 I sysui_multi_action: [757,804,799,note_interruptive,801,0,802,1]
11-04 01:54:04.307 1474 1474 I notification_enqueue: [10084,6543,com.android.music,1,NULL,0,Notification(channel=Channel-music shortcut=null contentView=null vibrate=null sound=null defaults=0x0 flags=0x0 color=0x00000000 category=transport actions=3 vis=PRIVATE),0]
11-04 01:54:04.314 1474 1474 I notification_enqueue: [10084,6543,com.android.music,1,NULL,0,Notification(channel=Channel-music shortcut=null contentView=null vibrate=null sound=null defaults=0x0 flags=0x40 color=0x00000000 category=transport actions=3 vis=PRIVATE),0]
11-04 01:54:04.326 1474 1474 I notification_enqueue: [10084,6543,com.android.music,1,NULL,0,Notification(channel=Channel-music shortcut=null contentView=null vibrate=null sound=null defaults=0x0 flags=0x40 color=0x00000000 category=transport actions=3 vis=PRIVATE),0]
11-04 01:54:04.327 1474 1474 I notification_enqueue: [10084,6543,com.android.music,1,NULL,0,Notification(channel=Channel-music shortcut=null contentView=null vibrate=null sound=null defaults=0x0 flags=0x40 color=0x00000000 category=transport actions=3 vis=PRIVATE),0]
11-04 01:54:04.509 1474 1474 I sysui_multi_action: [757,1501,758,1,793,204,794,0,795,204,796,1,806,com.android.music,857,Channel-music,858,2,947,0,1500,0,1641,transport,1688,1,1745,1043716538]
11-04 01:54:04.509 1474 1474 I sysui_multi_action: [757,804,799,note_interruptive,801,0,802,1]
11-04 01:54:04.577 1474 1474 I sysui_multi_action: [757,128,758,5,759,8,793,625,794,0,795,625,796,1,797,empty_media,806,com.android.systemui,857,empty_media_style_id,858,4,947,0,1500,423,1641,transport,1688,1,1745,1043716538]
11-04 01:54:04.578 1474 1474 I notification_canceled: [0|com.android.systemui|1|empty_media|10081,8,625,625,0,-1,-1,NULL]
11-04 01:54:04.610 1474 2469 I wm_task_created: [41,-1]
11-04 01:54:04.613 1474 2469 I wm_task_moved: [41,1,6]
11-04 01:54:04.613 1474 2469 I wm_task_to_front: [0,41]
11-04 01:54:04.614 1474 2469 I wm_create_task: [0,41]
11-04 01:54:04.614 1474 2469 I wm_create_activity: [0,194717656,41,com.android.settings/.Settings,android.intent.action.MAIN,NULL,NULL,270532608]
11-04 01:54:04.614 1474 2469 I wm_task_moved: [41,1,6]
11-04 01:54:04.615 1474 2469 I wm_pause_activity: [0,59699080,com.android.launcher3/.uioverrides.QuickstepLauncher,userLeaving=true,pauseBackTasks]
11-04 01:54:04.621 2809 2809 I wm_on_top_resumed_lost_called: [59699080,com.android.launcher3.uioverrides.QuickstepLauncher,topStateChangedWhenResumed]
11-04 01:54:04.623 2809 2809 I wm_on_paused_called: [59699080,com.android.launcher3.uioverrides.QuickstepLauncher,performPause]
11-04 01:54:04.625 1474 6541 I wm_add_to_stopping: [0,59699080,com.android.launcher3/.uioverrides.QuickstepLauncher,makeInvisible]
11-04 01:54:04.626 1474 6541 I wm_restart_activity: [0,194717656,41,com.android.settings/.Settings]
11-04 01:54:04.628 1474 6541 I wm_set_resumed_activity: [0,com.android.settings/.Settings,minimalResumeActivityLocked]
11-04 01:54:04.636 1474 1644 I sysui_multi_action: [757,803,799,window_time_0,802,1]
11-04 01:54:04.669 1474 2005 I input_focus: [Focus leaving c2f885b com.android.launcher3/com.android.launcher3.uioverrides.QuickstepLauncher (server),reason=NO_WINDOW]
11-04 01:54:04.691 6542 6542 I wm_on_create_called: [194717656,com.android.settings.Settings,performCreate]
11-04 01:54:04.727 6542 6542 I wm_on_start_called: [194717656,com.android.settings.Settings,handleStartActivity]
11-04 01:54:04.728 6542 6542 I snet_event_log: [120484087,-1,]
11-04 01:54:04.729 6542 6542 I wm_on_resume_called: [194717656,com.android.settings.Settings,RESUME_ACTIVITY]
11-04 01:54:04.733 6542 6542 I sysui_multi_action: [757,35,758,1,833,0,1089,39]
11-04 01:54:04.740 6542 6542 I sysui_multi_action: [757,1729,758,4,854,isParalleledControllers:false,1089,47]
11-04 01:54:04.747 6542 6542 I wm_on_top_resumed_gained_called: [194717656,com.android.settings.Settings,topStateChangedWhenResumed]
11-04 01:54:04.799 1474 1645 I input_focus: [Focus request b88e211 com.android.settings/com.android.settings.Settings,reason=UpdateInputWindows]
11-04 01:54:04.844 1474 1645 I sysui_multi_action: [324,1,757,1090,758,12,806,com.android.settings,871,com.android.settings.Settings,1091,238]
11-04 01:54:04.848 1474 1641 I sysui_multi_action: [319,84,321,82,322,238,325,807,757,761,758,8,759,1,806,com.android.settings,871,com.android.settings.Settings,904,com.android.launcher3,905,0,1320,4,1321,1]
11-04 01:54:04.849 1474 1641 I wm_activity_launch_time: [0,194717656,com.android.settings/.Settings,238]
11-04 01:54:04.860 1474 2005 I input_focus: [Focus entering b88e211 com.android.settings/com.android.settings.Settings (server),reason=Window became focusable. Previous reason: NOT_VISIBLE]
11-04 01:54:04.999 6542 6542 W CarrierConfigManager: Error getting config for subId -1 ICarrierConfigLoader is null
11-04 01:54:05.036 6542 6542 I sysui_multi_action: [757,746,758,1,833,0,1089,68]
11-04 01:54:05.037 1474 6539 D TelephonyRegistry: listen oscl: mHasNotifySubscriptionInfoChangedOccurred==false no callback
11-04 01:54:05.040 1474 6539 D TelephonyRegistry: listen oscl: mHasNotifySubscriptionInfoChangedOccurred==false no callback
11-04 01:54:05.055 6542 6542 I sysui_multi_action: [757,1729,758,4,854,isParalleledControllers:false,1089,88]
11-04 01:54:05.232 1474 1644 I wm_stop_activity: [0,59699080,com.android.launcher3/.uioverrides.QuickstepLauncher]
11-04 01:54:05.262 2809 2809 I wm_on_stop_called: [59699080,com.android.launcher3.uioverrides.QuickstepLauncher,STOP_ACTIVITY_ITEM]
11-04 01:54:05.966 1474 2005 I input_interaction: Interaction with: b88e211 com.android.settings/com.android.settings.Settings (server), edge-swipe (server), swipe-up (server), PointerEventDispatcher0 (server),
11-04 01:54:06.060 6542 6542 I sysui_multi_action: [757,830,758,4,833,0,854,top_level_connected_devices,1089,0]
11-04 01:54:06.170 6542 6542 I sysui_multi_action: [757,746,758,2,1089,1134]
11-04 01:54:06.238 6542 6542 I sysui_multi_action: [757,747,758,1,833,0,1089,50]
11-04 01:54:06.242 6542 6542 I sysui_multi_action: [757,1729,758,4,854,isParalleledControllers:false,1089,54]
11-04 01:54:06.558 1364 6113 I liblog : 81
11-04 01:54:06.883 6542 6542 I sysui_multi_action: [757,830,758,4,833,0,854,top_level_apps,1089,0]
11-04 01:54:06.986 6542 6542 I sysui_multi_action: [757,747,758,2,1089,748]
11-04 01:54:07.068 6542 6542 I sysui_multi_action: [757,65,758,1,833,0,1089,69]
11-04 01:54:07.073 6542 6542 I sysui_multi_action: [757,1729,758,4,854,isParalleledControllers:false,1089,74]
11-04 01:54:07.517 6542 6542 I sysui_multi_action: [757,830,758,4,833,0,854,top_level_notification,1089,0]
11-04 01:54:07.621 6542 6542 I sysui_multi_action: [757,65,758,2,1089,553]
11-04 01:54:07.665 6542 6542 I sysui_multi_action: [757,337,758,1,833,0,1089,34]
11-04 01:54:07.667 6542 6542 I sysui_multi_action: [757,1729,758,4,854,isParalleledControllers:false,1089,36]
11-04 01:54:08.075 6542 6542 I sysui_multi_action: [757,830,758,4,833,0,854,top_level_storage,1089,0]
11-04 01:54:08.183 6542 6542 I sysui_multi_action: [757,337,758,2,1089,518]
11-04 01:54:08.224 6542 6542 I sysui_multi_action: [757,745,758,1,833,0,1089,30]
11-04 01:54:08.225 6542 6542 I sysui_multi_action: [757,1729,758,4,854,isParalleledControllers:false,1089,31]
11-04 01:54:08.450 6542 6542 I sysui_multi_action: [757,830,758,4,833,0,854,top_level_sound,1089,0]
11-04 01:54:08.567 6542 6542 I sysui_multi_action: [757,745,758,2,1089,343]
11-04 01:54:08.625 6542 6542 I sysui_multi_action: [757,336,758,1,833,0,1089,46]
11-04 01:54:08.628 6542 6542 I sysui_multi_action: [757,1729,758,4,854,isParalleledControllers:false,1089,49]
11-04 01:54:10.351 1474 2005 I input_interaction: Interaction with: 823cadf StatusBar (server), edge-swipe (server), swipe-up (server), PointerEventDispatcher0 (server),
11-04 01:54:10.359 2358 2358 I sysui_multi_action: [757,803,799,panel_open,802,1]
11-04 01:54:10.360 2358 2358 I sysui_multi_action: [757,1328,758,4,1326,49,1327,0,1329,0]
11-04 01:54:10.486 1474 6541 I sysui_multi_action: [757,127,758,1]
11-04 01:54:10.487 1474 6541 I sysui_multi_action: [757,804,799,note_load,801,3,802,1]
11-04 01:54:10.487 1474 6541 I notification_panel_revealed: 3
11-04 01:54:10.493 1474 1474 I notification_enqueue: [10081,2358,com.android.systemui,2048,NULL,0,Notification(channel=updateNotification shortcut=null contentView=null vibrate=null sound=null defaults=0x0 flags=0x0 color=0x00000000 vis=PRIVATE),1]
11-04 01:54:10.497 2358 2358 I sysui_multi_action: [757,111,758,2]
11-04 01:54:10.498 2358 2358 I sysui_multi_action: [757,111,758,2]
11-04 01:54:10.527 1474 1645 I input_focus: [Focus request 4d6f832 NotificationShade,reason=UpdateInputWindows]
11-04 01:54:10.529 2358 2358 I sysui_multi_action: [757,111,758,1]
11-04 01:54:10.529 2358 2358 I sysui_multi_action: [757,126,758,1,759,126,927,0,928,1,1593,0]
11-04 01:54:10.529 2358 2358 I sysui_multi_action: [757,113,758,1,759,113,927,1,928,1,1593,0]
11-04 01:54:10.529 2358 2358 I sysui_multi_action: [757,0,758,1,759,0,927,2,928,0,1593,0]
11-04 01:54:10.530 2358 2358 I sysui_multi_action: [757,0,758,1,759,0,927,3,928,0,1593,0]
11-04 01:54:10.530 2358 2358 I sysui_multi_action: [757,491,758,1,759,491,927,4,928,0,1311,-1,1593,0]
11-04 01:54:10.530 2358 2358 I sysui_multi_action: [757,0,758,1,759,0,927,5,928,0,1593,0]
11-04 01:54:10.530 2358 2358 I sysui_multi_action: [757,111,758,1]
11-04 01:54:10.530 2358 2358 I sysui_multi_action: [757,126,758,1,759,126,927,0,928,1,1593,0]
11-04 01:54:10.530 2358 2358 I sysui_multi_action: [757,113,758,1,759,113,927,1,928,1,1593,0]
11-04 01:54:10.530 2358 2358 I sysui_multi_action: [757,0,758,1,759,0,927,2,928,0,1593,0]
11-04 01:54:10.530 2358 2358 I sysui_multi_action: [757,0,758,1,759,0,927,3,928,0,1593,0]
11-04 01:54:10.559 1474 2005 I input_focus: [Focus leaving b88e211 com.android.settings/com.android.settings.Settings (server),reason=Waiting for window because NOT_VISIBLE]
11-04 01:54:10.611 2358 2358 I sysui_multi_action: [757,111,758,2]
11-04 01:54:10.611 2358 2358 I sysui_multi_action: [757,111,758,2]
11-04 01:54:10.612 1474 1474 I notification_enqueue: [10081,2358,com.android.systemui,2048,NULL,0,Notification(channel=updateNotification shortcut=null contentView=null vibrate=null sound=null defaults=0x0 flags=0x0 color=0x00000000 vis=PRIVATE),1]
11-04 01:54:10.619 2358 2358 I sysui_multi_action: [757,111,758,1]
11-04 01:54:10.619 2358 2358 I sysui_multi_action: [757,126,758,1,759,126,927,0,928,1,1593,0]
11-04 01:54:10.619 2358 2358 I sysui_multi_action: [757,113,758,1,759,113,927,1,928,1,1593,0]
11-04 01:54:10.619 2358 2358 I sysui_multi_action: [757,0,758,1,759,0,927,2,928,0,1593,0]
11-04 01:54:10.619 2358 2358 I sysui_multi_action: [757,0,758,1,759,0,927,3,928,0,1593,0]
11-04 01:54:10.620 2358 2358 I sysui_multi_action: [757,491,758,1,759,491,927,4,928,0,1311,-1,1593,0]
11-04 01:54:10.620 2358 2358 I sysui_multi_action: [757,0,758,1,759,0,927,5,928,0,1593,0]
11-04 01:54:10.620 2358 2358 I sysui_multi_action: [757,111,758,1]
11-04 01:54:10.620 2358 2358 I sysui_multi_action: [757,126,758,1,759,126,927,0,928,1,1593,0]
11-04 01:54:10.620 2358 2358 I sysui_multi_action: [757,113,758,1,759,113,927,1,928,1,1593,0]
11-04 01:54:10.620 2358 2358 I sysui_multi_action: [757,0,758,1,759,0,927,2,928,0,1593,0]
11-04 01:54:10.620 2358 2358 I sysui_multi_action: [757,0,758,1,759,0,927,3,928,0,1593,0]
11-04 01:54:10.626 1474 2005 I input_focus: [Focus entering 4d6f832 NotificationShade (server),reason=Window became focusable. Previous reason: NOT_VISIBLE]
11-04 01:54:10.637 2358 2358 I sysui_multi_action: [757,111,758,2]
11-04 01:54:10.637 2358 2358 I sysui_multi_action: [757,111,758,2]
11-04 01:54:10.637 1474 1474 I notification_enqueue: [10081,2358,com.android.systemui,2048,NULL,0,Notification(channel=updateNotification shortcut=null contentView=null vibrate=null sound=null defaults=0x0 flags=0x0 color=0x00000000 vis=PRIVATE),1]
11-04 01:54:10.645 2358 2358 I sysui_multi_action: [757,111,758,1]
11-04 01:54:10.645 2358 2358 I sysui_multi_action: [757,126,758,1,759,126,927,0,928,1,1593,0]
11-04 01:54:10.645 2358 2358 I sysui_multi_action: [757,113,758,1,759,113,927,1,928,1,1593,0]
11-04 01:54:10.645 2358 2358 I sysui_multi_action: [757,0,758,1,759,0,927,2,928,0,1593,0]
11-04 01:54:10.645 2358 2358 I sysui_multi_action: [757,0,758,1,759,0,927,3,928,0,1593,0]
11-04 01:54:10.645 2358 2358 I sysui_multi_action: [757,491,758,1,759,491,927,4,928,0,1311,-1,1593,0]
11-04 01:54:10.645 2358 2358 I sysui_multi_action: [757,0,758,1,759,0,927,5,928,0,1593,0]
11-04 01:54:10.645 2358 2358 I sysui_multi_action: [757,111,758,1]
11-04 01:54:10.645 2358 2358 I sysui_multi_action: [757,126,758,1,759,126,927,0,928,1,1593,0]
11-04 01:54:10.645 2358 2358 I sysui_multi_action: [757,113,758,1,759,113,927,1,928,1,1593,0]
11-04 01:54:10.645 2358 2358 I sysui_multi_action: [757,0,758,1,759,0,927,2,928,0,1593,0]
11-04 01:54:10.645 2358 2358 I sysui_multi_action: [757,0,758,1,759,0,927,3,928,0,1593,0]
11-04 01:54:10.662 2358 2358 I sysui_multi_action: [757,111,758,2]
11-04 01:54:10.662 2358 2358 I sysui_multi_action: [757,111,758,2]
11-04 01:54:10.662 1474 1474 I notification_enqueue: [10081,2358,com.android.systemui,2048,NULL,0,Notification(channel=updateNotification shortcut=null contentView=null vibrate=null sound=null defaults=0x0 flags=0x0 color=0x00000000 vis=PRIVATE),1]
11-04 01:54:10.667 2358 2358 I sysui_multi_action: [757,111,758,1]
11-04 01:54:10.667 2358 2358 I sysui_multi_action: [757,126,758,1,759,126,927,0,928,1,1593,0]
11-04 01:54:10.667 2358 2358 I sysui_multi_action: [757,113,758,1,759,113,927,1,928,1,1593,0]
11-04 01:54:10.667 2358 2358 I sysui_multi_action: [757,0,758,1,759,0,927,2,928,0,1593,0]
11-04 01:54:10.667 2358 2358 I sysui_multi_action: [757,0,758,1,759,0,927,3,928,0,1593,0]
11-04 01:54:10.667 2358 2358 I sysui_multi_action: [757,491,758,1,759,491,927,4,928,0,1311,-1,1593,0]
11-04 01:54:10.667 2358 2358 I sysui_multi_action: [757,0,758,1,759,0,927,5,928,0,1593,0]
11-04 01:54:10.667 2358 2358 I sysui_multi_action: [757,111,758,1]
11-04 01:54:10.667 2358 2358 I sysui_multi_action: [757,126,758,1,759,126,927,0,928,1,1593,0]
11-04 01:54:10.667 2358 2358 I sysui_multi_action: [757,113,758,1,759,113,927,1,928,1,1593,0]
11-04 01:54:10.667 2358 2358 I sysui_multi_action: [757,0,758,1,759,0,927,2,928,0,1593,0]
11-04 01:54:10.667 2358 2358 I sysui_multi_action: [757,0,758,1,759,0,927,3,928,0,1593,0]
11-04 01:54:10.683 1474 1474 I notification_enqueue: [10081,2358,com.android.systemui,2048,NULL,0,Notification(channel=updateNotification shortcut=null contentView=null vibrate=null sound=null defaults=0x0 flags=0x0 color=0x00000000 vis=PRIVATE),1]
11-04 01:54:10.684 2358 2358 I sysui_multi_action: [757,111,758,2]
11-04 01:54:10.684 2358 2358 I sysui_multi_action: [757,111,758,2]
11-04 01:54:10.690 2358 2358 I sysui_multi_action: [757,111,758,1]
11-04 01:54:10.690 2358 2358 I sysui_multi_action: [757,126,758,1,759,126,927,0,928,1,1593,0]
11-04 01:54:10.690 2358 2358 I sysui_multi_action: [757,113,758,1,759,113,927,1,928,1,1593,0]
11-04 01:54:10.690 2358 2358 I sysui_multi_action: [757,0,758,1,759,0,927,2,928,0,1593,0]
11-04 01:54:10.690 2358 2358 I sysui_multi_action: [757,0,758,1,759,0,927,3,928,0,1593,0]
11-04 01:54:10.690 2358 2358 I sysui_multi_action: [757,491,758,1,759,491,927,4,928,0,1311,-1,1593,0]
11-04 01:54:10.690 2358 2358 I sysui_multi_action: [757,0,758,1,759,0,927,5,928,0,1593,0]
11-04 01:54:10.690 2358 2358 I sysui_multi_action: [757,111,758,1]
11-04 01:54:10.690 2358 2358 I sysui_multi_action: [757,126,758,1,759,126,927,0,928,1,1593,0]
11-04 01:54:10.690 2358 2358 I sysui_multi_action: [757,113,758,1,759,113,927,1,928,1,1593,0]
11-04 01:54:10.690 2358 2358 I sysui_multi_action: [757,0,758,1,759,0,927,2,928,0,1593,0]
11-04 01:54:10.690 2358 2358 I sysui_multi_action: [757,0,758,1,759,0,927,3,928,0,1593,0]
11-04 01:54:11.128 1474 6541 I sysui_multi_action: [757,128,758,1,793,400543,794,0,795,400543,796,26,798,0,806,android,857,DEVELOPER_IMPORTANT,858,4,947,0,1395,3,1500,400340,1688,1]
11-04 01:54:11.129 1474 6541 I sysui_multi_action: [757,804,799,note_freshness,801,400543,802,1]
11-04 01:54:11.129 1474 6541 I notification_visibility: [-1|android|26|null|1000,1,400543,400543,0,0]
11-04 01:54:11.130 1474 6541 I sysui_multi_action: [757,128,758,1,793,112899,794,0,795,8053,796,17303299,797,com.android.wifi,798,1,806,android,857,NETWORK_AVAILABLE,858,2,947,0,1395,3,1500,7852,1688,1]
11-04 01:54:11.130 1474 6541 I sysui_multi_action: [757,1501,758,1,793,112900,794,1,795,8054,796,17303299,797,com.android.wifi,806,android,857,NETWORK_AVAILABLE,858,2,947,0,1500,0,1688,1]
11-04 01:54:11.130 1474 6541 I sysui_multi_action: [757,804,799,note_interruptive,801,0,802,1]
11-04 01:54:11.130 1474 6541 I sysui_multi_action: [757,804,799,note_freshness,801,8053,802,1]
11-04 01:54:11.130 1474 6541 I notification_visibility: [0|android|17303299|com.android.wifi|1000,1,112899,8053,0,1]
11-04 01:54:11.130 1474 6541 I sysui_multi_action: [757,128,758,1,793,791472,794,0,795,791472,796,32,798,2,806,android,857,USB,858,1,947,0,1395,3,1500,791055,1688,1]
11-04 01:54:11.131 1474 6541 I sysui_multi_action: [757,804,799,note_freshness,801,791472,802,1]
11-04 01:54:11.131 1474 6541 I notification_visibility: [-1|android|32|null|1000,1,791472,791472,0,2]
11-04 01:54:11.986 1474 2005 I input_interaction: Interaction with: 4d6f832 NotificationShade (server), edge-swipe (server), swipe-up (server), PointerEventDispatcher0 (server),
11-04 01:54:12.172 1474 1474 I notification_enqueue: [10084,6543,com.android.music,1,NULL,0,Notification(channel=Channel-music shortcut=null contentView=null vibrate=null sound=null defaults=0x0 flags=0x42 color=0x00000000 category=transport actions=3 vis=PRIVATE),1]
11-04 01:54:13.797 2358 2358 I sysui_multi_action: [757,111,758,2]
11-04 01:54:13.798 1474 1474 I notification_enqueue: [10081,2358,com.android.systemui,2048,NULL,0,Notification(channel=updateNotification shortcut=null contentView=null vibrate=null sound=null defaults=0x0 flags=0x0 color=0x00000000 vis=PRIVATE),1]
11-04 01:54:13.798 2358 2358 I sysui_multi_action: [757,111,758,2]
11-04 01:54:13.804 2358 2358 I sysui_multi_action: [757,111,758,1]
11-04 01:54:13.804 2358 2358 I sysui_multi_action: [757,126,758,1,759,126,927,0,928,1,1593,0]
11-04 01:54:13.804 2358 2358 I sysui_multi_action: [757,113,758,1,759,113,927,1,928,1,1593,0]
11-04 01:54:13.804 2358 2358 I sysui_multi_action: [757,0,758,1,759,0,927,2,928,0,1593,0]
11-04 01:54:13.804 2358 2358 I sysui_multi_action: [757,0,758,1,759,0,927,3,928,0,1593,0]
11-04 01:54:13.805 2358 2358 I sysui_multi_action: [757,491,758,1,759,491,927,4,928,0,1311,-1,1593,0]
11-04 01:54:13.805 2358 2358 I sysui_multi_action: [757,0,758,1,759,0,927,5,928,0,1593,0]
11-04 01:54:13.805 2358 2358 I sysui_multi_action: [757,111,758,1]
11-04 01:54:13.805 2358 2358 I sysui_multi_action: [757,126,758,1,759,126,927,0,928,1,1593,0]
11-04 01:54:13.806 2358 2358 I sysui_multi_action: [757,113,758,1,759,113,927,1,928,1,1593,0]
11-04 01:54:13.806 2358 2358 I sysui_multi_action: [757,0,758,1,759,0,927,2,928,0,1593,0]
11-04 01:54:13.806 2358 2358 I sysui_multi_action: [757,0,758,1,759,0,927,3,928,0,1593,0]
11-04 01:54:13.891 1474 1474 I notification_enqueue: [10081,2358,com.android.systemui,2048,NULL,0,Notification(channel=updateNotification shortcut=null contentView=null vibrate=null sound=null defaults=0x0 flags=0x0 color=0x00000000 vis=PRIVATE),1]
11-04 01:54:13.892 2358 2358 I sysui_multi_action: [757,111,758,2]
11-04 01:54:13.892 2358 2358 I sysui_multi_action: [757,111,758,2]
11-04 01:54:13.899 2358 2358 I sysui_multi_action: [757,111,758,1]
11-04 01:54:13.899 2358 2358 I sysui_multi_action: [757,126,758,1,759,126,927,0,928,1,1593,1]
11-04 01:54:13.899 2358 2358 I sysui_multi_action: [757,113,758,1,759,113,927,1,928,1,1593,1]
11-04 01:54:13.899 2358 2358 I sysui_multi_action: [757,0,758,1,759,0,927,2,928,0,1593,1]
11-04 01:54:13.899 2358 2358 I sysui_multi_action: [757,0,758,1,759,0,927,3,928,0,1593,1]
11-04 01:54:13.899 2358 2358 I sysui_multi_action: [757,491,758,1,759,491,927,4,928,0,1311,-1,1593,0]
11-04 01:54:13.899 2358 2358 I sysui_multi_action: [757,0,758,1,759,0,927,5,928,0,1593,0]
11-04 01:54:13.899 2358 2358 I sysui_multi_action: [757,111,758,1]
11-04 01:54:13.899 2358 2358 I sysui_multi_action: [757,126,758,1,759,126,927,0,928,1,1593,1]
11-04 01:54:13.899 2358 2358 I sysui_multi_action: [757,113,758,1,759,113,927,1,928,1,1593,1]
11-04 01:54:13.899 2358 2358 I sysui_multi_action: [757,0,758,1,759,0,927,2,928,0,1593,1]
11-04 01:54:13.899 2358 2358 I sysui_multi_action: [757,0,758,1,759,0,927,3,928,0,1593,1]
11-04 01:54:13.914 2358 2358 I sysui_multi_action: [757,111,758,2]
11-04 01:54:13.914 2358 2358 I sysui_multi_action: [757,111,758,2]
11-04 01:54:13.915 1474 1474 I notification_enqueue: [10081,2358,com.android.systemui,2048,NULL,0,Notification(channel=updateNotification shortcut=null contentView=null vibrate=null sound=null defaults=0x0 flags=0x0 color=0x00000000 vis=PRIVATE),1]
11-04 01:54:13.932 1474 1645 I input_focus: [Focus request b88e211 com.android.settings/com.android.settings.Settings,reason=UpdateInputWindows]
11-04 01:54:13.933 2358 2358 I sysui_multi_action: [757,111,758,1]
11-04 01:54:13.933 2358 2358 I sysui_multi_action: [757,126,758,1,759,126,927,0,928,1,1593,1]
11-04 01:54:13.933 2358 2358 I sysui_multi_action: [757,113,758,1,759,113,927,1,928,1,1593,1]
11-04 01:54:13.933 2358 2358 I sysui_multi_action: [757,0,758,1,759,0,927,2,928,0,1593,1]
11-04 01:54:13.933 2358 2358 I sysui_multi_action: [757,0,758,1,759,0,927,3,928,0,1593,1]
11-04 01:54:13.933 2358 2358 I sysui_multi_action: [757,491,758,1,759,491,927,4,928,0,1311,-1,1593,0]
11-04 01:54:13.934 2358 2358 I sysui_multi_action: [757,0,758,1,759,0,927,5,928,0,1593,0]
11-04 01:54:13.934 2358 2358 I sysui_multi_action: [757,111,758,1]
11-04 01:54:13.934 2358 2358 I sysui_multi_action: [757,126,758,1,759,126,927,0,928,1,1593,1]
11-04 01:54:13.934 2358 2358 I sysui_multi_action: [757,113,758,1,759,113,927,1,928,1,1593,1]
11-04 01:54:13.934 2358 2358 I sysui_multi_action: [757,0,758,1,759,0,927,2,928,0,1593,1]
11-04 01:54:13.934 2358 2358 I sysui_multi_action: [757,0,758,1,759,0,927,3,928,0,1593,1]
11-04 01:54:13.946 1474 1474 I notification_enqueue: [10081,2358,com.android.systemui,2048,NULL,0,Notification(channel=updateNotification shortcut=null contentView=null vibrate=null sound=null defaults=0x0 flags=0x0 color=0x00000000 vis=PRIVATE),1]
11-04 01:54:13.946 2358 2358 I sysui_multi_action: [757,111,758,2]
11-04 01:54:13.946 2358 2358 I sysui_multi_action: [757,111,758,2]
11-04 01:54:13.950 1474 4558 I sysui_multi_action: [757,128,758,2,793,403364,794,2821,795,403364,796,26,798,0,806,android,857,DEVELOPER_IMPORTANT,858,4,947,0,1395,3,1500,403161,1688,1]
11-04 01:54:13.951 1474 4558 I notification_visibility: [-1|android|26|null|1000,0,403364,403364,0,0]
11-04 01:54:13.952 1474 4558 I sysui_multi_action: [757,128,758,2,793,115721,794,2822,795,10875,796,17303299,797,com.android.wifi,798,1,806,android,857,NETWORK_AVAILABLE,858,2,947,0,1395,3,1500,2821,1688,1]
11-04 01:54:13.952 1474 4558 I notification_visibility: [0|android|17303299|com.android.wifi|1000,0,115721,10875,0,1]
11-04 01:54:13.953 1474 4558 I sysui_multi_action: [757,128,758,2,793,794295,794,2823,795,794295,796,32,798,2,806,android,857,USB,858,1,947,0,1395,3,1500,793878,1688,1]
11-04 01:54:13.953 1474 4558 I notification_visibility: [-1|android|32|null|1000,0,794295,794295,0,2]
11-04 01:54:13.954 1474 4558 I sysui_multi_action: [757,127,758,2]
11-04 01:54:13.954 1474 4558 I notification_panel_hidden:
11-04 01:54:13.956 1474 2005 I input_focus: [Focus leaving 4d6f832 NotificationShade (server),reason=NOT_FOCUSABLE]
11-04 01:54:13.956 1474 2005 I input_focus: [Focus entering b88e211 com.android.settings/com.android.settings.Settings (server),reason=setFocusedWindow]
11-04 01:54:13.965 2358 2358 I sysui_multi_action: [757,111,758,1]
11-04 01:54:13.965 2358 2358 I sysui_multi_action: [757,126,758,1,759,126,927,0,928,1,1593,0]
11-04 01:54:13.965 2358 2358 I sysui_multi_action: [757,113,758,1,759,113,927,1,928,1,1593,0]
11-04 01:54:13.966 2358 2358 I sysui_multi_action: [757,0,758,1,759,0,927,2,928,0,1593,0]
11-04 01:54:13.966 2358 2358 I sysui_multi_action: [757,0,758,1,759,0,927,3,928,0,1593,0]
11-04 01:54:13.966 2358 2358 I sysui_multi_action: [757,491,758,1,759,491,927,4,928,0,1311,-1,1593,0]
11-04 01:54:13.966 2358 2358 I sysui_multi_action: [757,0,758,1,759,0,927,5,928,0,1593,0]
11-04 01:54:13.966 2358 2358 I sysui_multi_action: [757,111,758,1]
11-04 01:54:13.966 2358 2358 I sysui_multi_action: [757,126,758,1,759,126,927,0,928,1,1593,1]
11-04 01:54:13.966 2358 2358 I sysui_multi_action: [757,113,758,1,759,113,927,1,928,1,1593,1]
11-04 01:54:13.966 2358 2358 I sysui_multi_action: [757,0,758,1,759,0,927,2,928,0,1593,1]
11-04 01:54:13.966 2358 2358 I sysui_multi_action: [757,0,758,1,759,0,927,3,928,0,1593,1]
11-04 01:54:14.930 1474 2005 I input_interaction: Interaction with: b88e211 com.android.settings/com.android.settings.Settings (server), edge-swipe (server), swipe-up (server), PointerEventDispatcher0 (server),
11-04 01:54:15.070 1474 1795 I wm_task_moved: [41,0,0]
11-04 01:54:15.081 1474 1795 I wm_focused_root_task: [0,0,1,41,moveTaskToBackLocked]
11-04 01:54:15.081 1474 1795 I wm_add_to_stopping: [0,194717656,com.android.settings/.Settings,makeInvisible]
11-04 01:54:15.083 1474 1795 I wm_pause_activity: [0,194717656,com.android.settings/.Settings,userLeaving=false,pauseBackTasks]
11-04 01:54:15.086 1474 1795 I wm_set_resumed_activity: [0,com.android.launcher3/.uioverrides.QuickstepLauncher,resumeTopActivityInnerLocked]
11-04 01:54:15.088 1474 1795 I wm_resume_activity: [0,59699080,10,com.android.launcher3/.uioverrides.QuickstepLauncher]
11-04 01:54:15.089 6542 6542 I wm_on_top_resumed_lost_called: [194717656,com.android.settings.Settings,topStateChangedWhenResumed]
11-04 01:54:15.104 6542 6542 I sysui_multi_action: [757,35,758,2,1089,10372]
11-04 01:54:15.106 2809 2809 I wm_on_restart_called: [59699080,com.android.launcher3.uioverrides.QuickstepLauncher,performRestartActivity]
11-04 01:54:15.106 2809 2809 I wm_on_start_called: [59699080,com.android.launcher3.uioverrides.QuickstepLauncher,handleStartActivity]
11-04 01:54:15.107 2809 2809 I wm_on_resume_called: [59699080,com.android.launcher3.uioverrides.QuickstepLauncher,RESUME_ACTIVITY]
11-04 01:54:15.107 2809 2809 I wm_on_top_resumed_gained_called: [59699080,com.android.launcher3.uioverrides.QuickstepLauncher,topStateChangedWhenResumed]
11-04 01:54:15.108 1474 1644 I sysui_multi_action: [757,803,799,window_time_0,802,10]
11-04 01:54:15.109 1474 2005 I input_focus: [Focus leaving b88e211 com.android.settings/com.android.settings.Settings (server),reason=NO_WINDOW]
11-04 01:54:15.115 6542 6542 I sysui_multi_action: [757,336,758,2,1089,6489]
11-04 01:54:15.119 6542 6542 I wm_on_paused_called: [194717656,com.android.settings.Settings,performPause]
11-04 01:54:15.122 1474 1645 I input_focus: [Focus request c2f885b com.android.launcher3/com.android.launcher3.uioverrides.QuickstepLauncher,reason=UpdateInputWindows]
11-04 01:54:15.125 1474 1654 I am_pss : [6542,1000,com.android.settings,178444288,143392768,0,363692032,0,2,14]
11-04 01:54:15.133 1474 1654 I am_pss : [6543,10084,com.android.music,12730368,9560064,0,110170112,0,4,6]
11-04 01:54:15.152 1474 2005 I input_focus: [Focus entering c2f885b com.android.launcher3/com.android.launcher3.uioverrides.QuickstepLauncher (server),reason=Window became focusable. Previous reason: NOT_VISIBLE]
11-04 01:54:15.539 1474 1644 I wm_stop_activity: [0,194717656,com.android.settings/.Settings]
