11-04 01:52:28.515 1474 2429 I sysui_multi_action: [757,128,758,4,793,297930,794,24993,795,297930,796,26,798,1,806,android,857,DEVELOPER_IMPORTANT,858,4,947,0,1395,3,1500,297727,1688,1]
11-04 01:52:28.515 1474 2429 I notification_clicked: [-1|android|26|null|1000,297930,297930,24993,1,3]
11-04 01:52:28.516 2809 2809 I wm_on_paused_called: [59699080,com.android.launcher3.uioverrides.QuickstepLauncher,performPause]
11-04 01:52:28.517 1474 1474 I sysui_multi_action: [757,804,799,note_click_longevity,801,4,802,1]
11-04 01:52:28.522 1474 1607 I wm_add_to_stopping: [0,59699080,com.android.launcher3/.uioverrides.QuickstepLauncher,makeInvisible]
11-04 01:52:28.533 1474 1644 I sysui_multi_action: [757,803,799,window_time_0,802,26]
11-04 01:52:28.555 1474 1656 I am_proc_start: [0,6122,1000,com.android.settings,pre-top-activity,{com.android.settings/com.android.settings.Settings$DevelopmentSettingsDashboardActivity}]
11-04 01:52:28.559 1474 1654 I am_pss : [3338,10086,com.qualcomm.qti.workloadclassifier,12895232,10342400,0,105435136,0,0,6]
11-04 01:52:28.566 1474 1654 I am_pss : [3315,10075,com.qualcomm.qti.services.systemhelper:systemhelper_service,6652928,4583424,0,95035392,0,0,6]
11-04 01:52:28.573 1474 1654 I am_pss : [3326,10089,com.qualcomm.qti.qccnetstat,6412288,4411392,0,92979200,0,0,5]
11-04 01:52:28.580 1474 1654 I am_pss : [3303,10053,.pasr,5612544,3698688,0,90562560,0,0,5]
11-04 01:52:28.580 1474 5397 I am_proc_bound: [0,6122,com.android.settings]
11-04 01:52:28.586 1474 1654 I am_pss : [3279,10057,ts.car.uart,6411264,4501504,0,91705344,0,0,6]
11-04 01:52:28.587 1474 5397 I wm_restart_activity: [0,120613125,34,com.android.settings/.Settings$DevelopmentSettingsDashboardActivity]
11-04 01:52:28.589 1474 5397 I wm_set_resumed_activity: [0,com.android.settings/.Settings$DevelopmentSettingsDashboardActivity,minimalResumeActivityLocked]
11-04 01:52:28.592 1474 1654 I am_pss : [3249,10083,com.hht.lebocast,38887424,19910656,0,112533504,0,0,5]
11-04 01:52:28.652 1474 2429 I wm_task_created: [35,-1]
11-04 01:52:28.653 1474 2429 I wm_task_moved: [35,1,7]
11-04 01:52:28.653 1474 2429 I wm_task_to_front: [0,35]
11-04 01:52:28.653 1474 2429 I wm_create_task: [0,35]
11-04 01:52:28.653 1474 2429 I wm_create_activity: [0,139199446,35,com.android.settings/.homepage.SettingsHomepageActivity,android.settings.APPLICATION_DEVELOPMENT_SETTINGS,NULL,NULL,268468224]
11-04 01:52:28.653 1474 2429 I wm_task_moved: [35,1,7]
11-04 01:52:28.654 1474 2429 I wm_pause_activity: [0,120613125,com.android.settings/.Settings$DevelopmentSettingsDashboardActivity,userLeaving=true,pauseBackTasks]
11-04 01:52:28.656 1474 2429 I wm_finish_activity: [0,120613125,34,com.android.settings/.Settings$DevelopmentSettingsDashboardActivity,app-request]
11-04 01:52:28.656 6122 6122 I wm_on_create_called: [120613125,com.android.settings.Settings$DevelopmentSettingsDashboardActivity,performCreate]
11-04 01:52:28.657 1474 5397 I wm_add_to_stopping: [0,120613125,com.android.settings/.Settings$DevelopmentSettingsDashboardActivity,completeFinishing]
11-04 01:52:28.660 1474 5397 I wm_restart_activity: [0,139199446,35,com.android.settings/.homepage.SettingsHomepageActivity]
11-04 01:52:28.661 1474 5397 I wm_set_resumed_activity: [0,com.android.settings/.homepage.SettingsHomepageActivity,minimalResumeActivityLocked]
11-04 01:52:28.667 1474 1644 I sysui_multi_action: [757,803,799,window_time_0,802,0]
11-04 01:52:28.694 6122 6122 I wm_on_create_called: [139199446,com.android.settings.homepage.SettingsHomepageActivity,performCreate]
11-04 01:52:28.732 6122 6122 I wm_on_start_called: [139199446,com.android.settings.homepage.SettingsHomepageActivity,handleStartActivity]
11-04 01:52:28.732 6122 6122 I snet_event_log: [120484087,-1,]
11-04 01:52:28.733 6122 6122 I wm_on_resume_called: [139199446,com.android.settings.homepage.SettingsHomepageActivity,RESUME_ACTIVITY]
11-04 01:52:28.734 6122 6122 I sysui_multi_action: [757,35,758,1,833,0,1089,37]
11-04 01:52:28.741 6122 6122 I sysui_multi_action: [757,1729,758,4,854,isParalleledControllers:false,1089,44]
11-04 01:52:28.757 6122 6122 I wm_on_top_resumed_gained_called: [139199446,com.android.settings.homepage.SettingsHomepageActivity,topStateChangedWhenResumed]
11-04 01:52:28.783 565 565 I auditd : type=1400 audit(0.0:623): avc: denied { read } for comm="Binder:565_2" name="wakeup58" dev="sysfs" ino=71730 scontext=u:r:system_suspend:s0 tcontext=u:object_r:sysfs:s0 tclass=dir permissive=0
11-04 01:52:28.783 565 565 I auditd : type=1400 audit(0.0:624): avc: denied { read } for comm="Binder:565_2" name="wakeup48" dev="sysfs" ino=67421 scontext=u:r:system_suspend:s0 tcontext=u:object_r:sysfs:s0 tclass=dir permissive=0
11-04 01:52:28.783 565 565 I auditd : type=1400 audit(0.0:625): avc: denied { read } for comm="Binder:565_2" name="wakeup4" dev="sysfs" ino=47028 scontext=u:r:system_suspend:s0 tcontext=u:object_r:sysfs:s0 tclass=dir permissive=0
11-04 01:52:28.783 565 565 I auditd : type=1400 audit(0.0:626): avc: denied { read } for comm="Binder:565_2" name="wakeup76" dev="sysfs" ino=76897 scontext=u:r:system_suspend:s0 tcontext=u:object_r:sysfs:s0 tclass=dir permissive=0
11-04 01:52:28.787 565 565 I auditd : type=1400 audit(0.0:627): avc: denied { read } for comm="Binder:565_2" name="wakeup28" dev="sysfs" ino=53233 scontext=u:r:system_suspend:s0 tcontext=u:object_r:sysfs:s0 tclass=dir permissive=0
11-04 01:52:28.848 1474 1645 I sysui_multi_action: [324,0,757,1090,758,12,806,com.android.settings,871,com.android.settings.homepage.SettingsHomepageActivity,1091,357]
11-04 01:52:28.853 1474 1641 I sysui_multi_action: [319,67,321,62,322,357,325,711,757,761,758,7,759,1,806,com.android.settings,871,com.android.settings.homepage.SettingsHomepageActivity,904,com.android.settings,905,0,945,91,1320,4,1321,1]
11-04 01:52:28.855 1474 1641 I wm_activity_launch_time: [0,139199446,com.android.settings/.homepage.SettingsHomepageActivity,357]
11-04 01:52:29.057 6122 6122 I sysui_multi_action: [757,853,758,4,854,null/switch_bar,1089,1]
11-04 01:52:29.059 6122 6122 I sysui_multi_action: [757,39,758,1,833,0,1089,94]
11-04 01:52:29.060 1474 2429 D TelephonyRegistry: listen oscl: mHasNotifySubscriptionInfoChangedOccurred==false no callback
11-04 01:52:29.063 1474 2429 D TelephonyRegistry: listen oscl: mHasNotifySubscriptionInfoChangedOccurred==false no callback
11-04 01:52:29.086 6122 6122 I sysui_multi_action: [757,1729,758,4,854,isParalleledControllers:false,1089,120]
11-04 01:52:29.099 1474 1644 I wm_stop_activity: [0,59699080,com.android.launcher3/.uioverrides.QuickstepLauncher]
11-04 01:52:29.101 2358 2358 I sysui_multi_action: [757,111,758,2]
11-04 01:52:29.101 2358 2358 I sysui_multi_action: [757,111,758,2]
11-04 01:52:29.106 1474 1474 I notification_enqueue: [10081,2358,com.android.systemui,2048,NULL,0,Notification(channel=updateNotification shortcut=null contentView=null vibrate=null sound=null defaults=0x0 flags=0x0 color=0x00000000 vis=PRIVATE),1]
11-04 01:52:29.116 1474 1645 I input_focus: [Focus request 97922c5 com.android.settings/com.android.settings.homepage.SettingsHomepageActivity,reason=UpdateInputWindows]
11-04 01:52:29.120 2358 2358 I sysui_multi_action: [757,111,758,1]
11-04 01:52:29.120 2358 2358 I sysui_multi_action: [757,126,758,1,759,126,927,0,928,1,1593,1]
11-04 01:52:29.120 2358 2358 I sysui_multi_action: [757,113,758,1,759,113,927,1,928,1,1593,1]
11-04 01:52:29.120 2358 2358 I sysui_multi_action: [757,0,758,1,759,0,927,2,928,0,1593,1]
11-04 01:52:29.120 2358 2358 I sysui_multi_action: [757,0,758,1,759,0,927,3,928,0,1593,1]
11-04 01:52:29.120 2358 2358 I sysui_multi_action: [757,491,758,1,759,491,927,4,928,0,1311,-1,1593,0]
11-04 01:52:29.120 2358 2358 I sysui_multi_action: [757,0,758,1,759,0,927,5,928,0,1593,0]
11-04 01:52:29.120 2358 2358 I sysui_multi_action: [757,111,758,1]
11-04 01:52:29.120 2358 2358 I sysui_multi_action: [757,126,758,1,759,126,927,0,928,1,1593,1]
11-04 01:52:29.120 2358 2358 I sysui_multi_action: [757,113,758,1,759,113,927,1,928,1,1593,1]
11-04 01:52:29.121 2358 2358 I sysui_multi_action: [757,0,758,1,759,0,927,2,928,0,1593,1]
11-04 01:52:29.121 2358 2358 I sysui_multi_action: [757,0,758,1,759,0,927,3,928,0,1593,1]
11-04 01:52:29.131 1474 2005 I input_focus: [Focus leaving 4d6f832 NotificationShade (server),reason=NOT_FOCUSABLE]
11-04 01:52:29.131 1474 2005 I input_focus: [Focus entering 97922c5 com.android.settings/com.android.settings.homepage.SettingsHomepageActivity (server),reason=setFocusedWindow]
11-04 01:52:29.135 1474 2408 I sysui_multi_action: [757,128,758,2,793,298550,794,25613,795,298550,796,26,798,0,806,android,857,DEVELOPER_IMPORTANT,858,4,947,0,1395,3,1500,298347,1688,1]
11-04 01:52:29.136 1474 2408 I notification_visibility: [-1|android|26|null|1000,0,298550,298550,0,0]
11-04 01:52:29.136 1474 2408 I sysui_multi_action: [757,128,758,2,793,10906,794,9927,795,10906,796,17303299,797,com.android.wifi,798,1,806,android,857,NETWORK_AVAILABLE,858,2,947,0,1395,3,1500,10704,1688,1]
11-04 01:52:29.136 1474 2408 I notification_visibility: [0|android|17303299|com.android.wifi|1000,0,10906,10906,0,1]
11-04 01:52:29.136 1474 2408 I sysui_multi_action: [757,128,758,2,793,689478,794,25613,795,689478,796,32,798,2,806,android,857,USB,858,1,947,0,1395,3,1500,689061,1688,1]
11-04 01:52:29.137 1474 2408 I notification_visibility: [-1|android|32|null|1000,0,689478,689478,0,2]
11-04 01:52:29.139 2809 2809 I wm_on_stop_called: [59699080,com.android.launcher3.uioverrides.QuickstepLauncher,STOP_ACTIVITY_ITEM]
11-04 01:52:29.142 2358 2358 I sysui_multi_action: [757,111,758,2]
11-04 01:52:29.142 1474 1474 I notification_enqueue: [10081,2358,com.android.systemui,2048,NULL,0,Notification(channel=updateNotification shortcut=null contentView=null vibrate=null sound=null defaults=0x0 flags=0x0 color=0x00000000 vis=PRIVATE),1]
11-04 01:52:29.142 2358 2358 I sysui_multi_action: [757,111,758,2]
11-04 01:52:29.144 1474 6096 I sysui_multi_action: [757,127,758,2]
11-04 01:52:29.145 1474 6096 I notification_panel_hidden:
11-04 01:52:29.155 2358 2358 I sysui_multi_action: [757,111,758,1]
11-04 01:52:29.155 2358 2358 I sysui_multi_action: [757,126,758,1,759,126,927,0,928,1,1593,1]
11-04 01:52:29.156 2358 2358 I sysui_multi_action: [757,113,758,1,759,113,927,1,928,1,1593,1]
11-04 01:52:29.156 2358 2358 I sysui_multi_action: [757,0,758,1,759,0,927,2,928,0,1593,1]
11-04 01:52:29.156 2358 2358 I sysui_multi_action: [757,0,758,1,759,0,927,3,928,0,1593,1]
11-04 01:52:29.156 2358 2358 I sysui_multi_action: [757,491,758,1,759,491,927,4,928,0,1311,-1,1593,0]
11-04 01:52:29.156 2358 2358 I sysui_multi_action: [757,0,758,1,759,0,927,5,928,0,1593,0]
11-04 01:52:29.156 2358 2358 I sysui_multi_action: [757,111,758,1]
11-04 01:52:29.156 2358 2358 I sysui_multi_action: [757,126,758,1,759,126,927,0,928,1,1593,1]
11-04 01:52:29.156 2358 2358 I sysui_multi_action: [757,113,758,1,759,113,927,1,928,1,1593,1]
11-04 01:52:29.156 2358 2358 I sysui_multi_action: [757,0,758,1,759,0,927,2,928,0,1593,1]
11-04 01:52:29.156 2358 2358 I sysui_multi_action: [757,0,758,1,759,0,927,3,928,0,1593,1]
11-04 01:52:29.179 1474 1644 I wm_destroy_activity: [0,120613125,34,com.android.settings/.Settings$DevelopmentSettingsDashboardActivity,finish-imm:idle]
11-04 01:52:29.180 6122 6122 I wm_on_destroy_called: [120613125,com.android.settings.Settings$DevelopmentSettingsDashboardActivity,performDestroy]
11-04 01:52:29.188 1474 1607 I wm_task_removed: [34,removeChild:removeChild last r=ActivityRecord{7306905 u0 com.android.settings/.Settings$DevelopmentSettingsDashboardActivity t-1 f}} in t=Task{cd94db2 #34 type=standard A=1000:com.android.settings U=0 visible=false mode=fullscreen translucent=true sz=0}]
11-04 01:52:29.188 1474 1607 I wm_task_removed: [34,removeChild]
11-04 01:52:30.044 1474 2005 I input_interaction: Interaction with: 97922c5 com.android.settings/com.android.settings.homepage.SettingsHomepageActivity (server), edge-swipe (server), swipe-up (server), PointerEventDispatcher0 (server),
11-04 01:52:30.083 1474 1607 I wm_task_moved: [1,0,0]
11-04 01:52:30.083 1474 1607 I wm_task_moved: [1,0,5]
11-04 01:52:30.084 6122 6122 I view_enqueue_input_event: [Motion - Cancel,com.android.settings/com.android.settings.homepage.SettingsHomepageActivity]
11-04 01:52:30.098 1474 2005 I input_interaction: Interaction with: edge-swipe (server), swipe-up (server), PointerEventDispatcher0 (server),
11-04 01:52:30.106 2809 2809 I wm_on_restart_called: [59699080,com.android.launcher3.uioverrides.QuickstepLauncher,performRestartActivity]
11-04 01:52:30.117 2809 2809 I wm_on_start_called: [59699080,com.android.launcher3.uioverrides.QuickstepLauncher,handleStartActivity]
11-04 01:52:30.124 1474 1645 I input_focus: [Focus request recents_animation_input_consumer,reason=UpdateInputWindows]
11-04 01:52:30.126 2809 2809 I sysui_latency: [1,84]
11-04 01:52:30.134 1474 2005 I input_focus: [Focus leaving 97922c5 com.android.settings/com.android.settings.homepage.SettingsHomepageActivity (server),reason=NOT_FOCUSABLE]
11-04 01:52:30.134 1474 2005 I input_focus: [Focus entering recents_animation_input_consumer (server),reason=setFocusedWindow]
11-04 01:52:30.138 1474 1641 I sysui_multi_action: [319,10,322,48,325,712,757,761,758,9,759,5,806,com.android.launcher3,871,com.android.launcher3.uioverrides.QuickstepLauncher,905,0,1320,4,1321,1]
11-04 01:52:30.431 1474 1654 I sysui_latency: [8,76]
11-04 01:52:31.651 1474 2005 I input_interaction: Interaction with: c2f885b com.android.launcher3/com.android.launcher3.uioverrides.QuickstepLauncher (server), edge-swipe (server), swipe-up (server), PointerEventDispatcher0 (server),
11-04 01:52:32.022 1474 6096 I wm_task_moved: [1,1,6]
11-04 01:52:32.024 1474 6096 I wm_focused_root_task: [0,0,1,35,RecentsAnimation.onAnimationFinished()]
11-04 01:52:32.026 6122 6122 I wm_on_top_resumed_lost_called: [139199446,com.android.settings.homepage.SettingsHomepageActivity,topStateChangedWhenResumed]
11-04 01:52:32.028 1474 6096 I wm_pause_activity: [0,139199446,com.android.settings/.homepage.SettingsHomepageActivity,userLeaving=false,pauseBackTasks]
11-04 01:52:32.032 1474 6096 I wm_set_resumed_activity: [0,com.android.launcher3/.uioverrides.QuickstepLauncher,resumeTopActivityInnerLocked]
11-04 01:52:32.033 1474 6096 I wm_resume_activity: [0,59699080,10,com.android.launcher3/.uioverrides.QuickstepLauncher]
11-04 01:52:32.034 1474 6096 I wm_add_to_stopping: [0,139199446,com.android.settings/.homepage.SettingsHomepageActivity,makeInvisible]
11-04 01:52:32.037 2809 2809 I wm_on_resume_called: [59699080,com.android.launcher3.uioverrides.QuickstepLauncher,RESUME_ACTIVITY]
11-04 01:52:32.047 1474 1645 I input_focus: [Focus request c2f885b com.android.launcher3/com.android.launcher3.uioverrides.QuickstepLauncher,reason=UpdateInputWindows]
11-04 01:52:32.050 1474 1644 I sysui_multi_action: [757,803,799,window_time_0,802,3]
11-04 01:52:32.055 1474 1795 I wm_stop_activity: [0,139199446,com.android.settings/.homepage.SettingsHomepageActivity]
11-04 01:52:32.055 6122 6122 I sysui_multi_action: [757,35,758,2,1089,3321]
11-04 01:52:32.059 2809 2809 I wm_on_top_resumed_gained_called: [59699080,com.android.launcher3.uioverrides.QuickstepLauncher,topStateChangedWhenResumed]
11-04 01:52:32.060 1474 2005 I input_focus: [Focus leaving recents_animation_input_consumer (server),reason=NOT_VISIBLE]
11-04 01:52:32.060 1474 2005 I input_focus: [Focus entering c2f885b com.android.launcher3/com.android.launcher3.uioverrides.QuickstepLauncher (server),reason=setFocusedWindow]
11-04 01:52:32.063 6122 6122 I sysui_multi_action: [757,39,758,2,1089,3003]
11-04 01:52:32.066 6122 6122 I wm_on_paused_called: [139199446,com.android.settings.homepage.SettingsHomepageActivity,performPause]
11-04 01:52:32.066 1474 1644 I sysui_multi_action: [757,803,799,window_time_0,802,0]
11-04 01:52:32.084 6122 6122 I wm_on_stop_called: [139199446,com.android.settings.homepage.SettingsHomepageActivity,STOP_ACTIVITY_ITEM]
11-04 01:52:32.148 1474 1607 I wm_finish_activity: [0,139199446,35,com.android.settings/.homepage.SettingsHomepageActivity,recent-task-trimmed]
11-04 01:52:32.148 1474 1607 I wm_destroy_activity: [0,139199446,35,com.android.settings/.homepage.SettingsHomepageActivity,finish-imm:finishIfPossible]
11-04 01:52:32.150 1474 1644 I am_kill : [0,6122,com.android.settings,905,remove task]
11-04 01:52:32.151 1474 1644 I sysui_multi_action: [757,803,799,window_time_0,802,1]
11-04 01:52:32.184 1474 2429 I am_proc_died: [0,6122,com.android.settings,905,19]
11-04 01:52:32.189 1474 2429 I wm_task_removed: [35,removeChild:removeChild last r=ActivityRecord{84c03d6 u0 com.android.settings/.homepage.SettingsHomepageActivity t-1 f}} in t=Task{ab5d829 #35 type=standard A=1000:com.android.settings.root U=0 visible=false mode=fullscreen translucent=true sz=0}]
11-04 01:52:32.189 1474 2429 I wm_task_removed: [35,removeChild]
11-04 01:52:44.787 1474 2005 I input_interaction: Interaction with: c2f885b com.android.launcher3/com.android.launcher3.uioverrides.QuickstepLauncher (server), 6b99821 com.android.systemui.ImageWallpaper (server), edge-swipe (server), swipe-up (server), PointerEventDispatcher0 (server),
11-04 01:52:45.807 1474 3631 I wm_task_created: [36,-1]
11-04 01:52:45.810 1474 3631 I wm_task_moved: [36,1,6]
11-04 01:52:45.810 1474 3631 I wm_task_to_front: [0,36]
11-04 01:52:45.811 1474 3631 I wm_create_task: [0,36]
11-04 01:52:45.811 1474 3631 I wm_create_activity: [0,139969786,36,com.android.settings/.Settings,android.intent.action.MAIN,NULL,NULL,270532608]
11-04 01:52:45.811 1474 3631 I wm_task_moved: [36,1,6]
11-04 01:52:45.814 1474 3631 I wm_pause_activity: [0,59699080,com.android.launcher3/.uioverrides.QuickstepLauncher,userLeaving=true,pauseBackTasks]
11-04 01:52:45.830 2809 2809 I wm_on_top_resumed_lost_called: [59699080,com.android.launcher3.uioverrides.QuickstepLauncher,topStateChangedWhenResumed]
11-04 01:52:45.831 2809 2809 I wm_on_paused_called: [59699080,com.android.launcher3.uioverrides.QuickstepLauncher,performPause]
11-04 01:52:45.833 1474 6096 I wm_add_to_stopping: [0,59699080,com.android.launcher3/.uioverrides.QuickstepLauncher,makeInvisible]
11-04 01:52:45.847 1474 1644 I sysui_multi_action: [757,803,799,window_time_0,802,13]
11-04 01:52:45.853 1474 2005 I input_focus: [Focus leaving c2f885b com.android.launcher3/com.android.launcher3.uioverrides.QuickstepLauncher (server),reason=NO_WINDOW]
11-04 01:52:45.860 1474 1656 I am_proc_start: [0,6193,1000,com.android.settings,pre-top-activity,{com.android.settings/com.android.settings.Settings}]
11-04 01:52:45.884 1474 3631 I am_proc_bound: [0,6193,com.android.settings]
11-04 01:52:45.888 1474 3631 I wm_restart_activity: [0,139969786,36,com.android.settings/.Settings]
11-04 01:52:45.890 1474 3631 I wm_set_resumed_activity: [0,com.android.settings/.Settings,minimalResumeActivityLocked]
11-04 01:52:45.958 6193 6193 I wm_on_create_called: [139969786,com.android.settings.Settings,performCreate]
11-04 01:52:45.991 6193 6193 I wm_on_start_called: [139969786,com.android.settings.Settings,handleStartActivity]
11-04 01:52:45.992 6193 6193 I snet_event_log: [120484087,-1,]
11-04 01:52:45.992 6193 6193 I wm_on_resume_called: [139969786,com.android.settings.Settings,RESUME_ACTIVITY]
11-04 01:52:45.994 6193 6193 I sysui_multi_action: [757,35,758,1,833,0,1089,33]
11-04 01:52:46.005 6193 6193 I sysui_multi_action: [757,1729,758,4,854,isParalleledControllers:false,1089,44]
11-04 01:52:46.015 6193 6193 I wm_on_top_resumed_gained_called: [139969786,com.android.settings.Settings,topStateChangedWhenResumed]
11-04 01:52:46.057 1474 1645 I input_focus: [Focus request f7585b9 com.android.settings/com.android.settings.Settings,reason=UpdateInputWindows]
11-04 01:52:46.113 1474 1645 I sysui_multi_action: [324,0,757,1090,758,12,806,com.android.settings,871,com.android.settings.Settings,1091,311]
11-04 01:52:46.123 1474 2005 I input_focus: [Focus entering f7585b9 com.android.settings/com.android.settings.Settings (server),reason=Window became focusable. Previous reason: NOT_VISIBLE]
11-04 01:52:46.129 1474 1641 I sysui_multi_action: [319,70,321,66,322,311,325,728,757,761,758,7,759,1,806,com.android.settings,871,com.android.settings.Settings,904,com.android.launcher3,905,0,945,84,1320,4,1321,1]
11-04 01:52:46.131 1474 1641 I wm_activity_launch_time: [0,139969786,com.android.settings/.Settings,311]
11-04 01:52:46.289 6193 6193 W CarrierConfigManager: Error getting config for subId -1 ICarrierConfigLoader is null
11-04 01:52:46.331 6193 6193 I sysui_multi_action: [757,746,758,1,833,0,1089,66]
11-04 01:52:46.331 1474 1796 D TelephonyRegistry: listen oscl: mHasNotifySubscriptionInfoChangedOccurred==false no callback
11-04 01:52:46.337 1474 6019 D TelephonyRegistry: listen oscl: mHasNotifySubscriptionInfoChangedOccurred==false no callback
11-04 01:52:46.345 6193 6193 I sysui_multi_action: [757,1729,758,4,854,isParalleledControllers:false,1089,80]
11-04 01:52:46.407 1474 1644 I wm_stop_activity: [0,59699080,com.android.launcher3/.uioverrides.QuickstepLauncher]
11-04 01:52:46.452 2809 2809 I wm_on_stop_called: [59699080,com.android.launcher3.uioverrides.QuickstepLauncher,STOP_ACTIVITY_ITEM]
11-04 01:52:47.507 1474 2005 I input_interaction: Interaction with: f7585b9 com.android.settings/com.android.settings.Settings (server), edge-swipe (server), swipe-up (server), PointerEventDispatcher0 (server),
11-04 01:52:47.627 6193 6193 I sysui_multi_action: [757,830,758,4,833,0,854,vpn_settings,1089,0]
11-04 01:52:47.634 1364 6113 I liblog : 97
11-04 01:52:47.634 1364 6113 I liblog : 13
11-04 01:52:47.635 1364 6113 I liblog : 9
11-04 01:52:47.635 1364 6113 I liblog : 7
11-04 01:52:47.636 1364 6113 I liblog : 21
11-04 01:52:47.638 1364 6113 I liblog : 8
11-04 01:52:47.641 6193 6193 I sysui_multi_action: [757,746,758,2,1089,1311]
11-04 01:52:47.664 6193 6193 I sysui_multi_action: [757,100,758,1,833,0,1089,17]
11-04 01:52:49.098 6193 6193 I sysui_multi_action: [757,100,758,2,1089,1434]
11-04 01:52:49.163 6193 6193 I sysui_multi_action: [757,746,758,1,833,0,1089,0]
11-04 01:52:49.164 1474 1796 D TelephonyRegistry: listen oscl: mHasNotifySubscriptionInfoChangedOccurred==false no callback
11-04 01:52:49.168 1474 1796 D TelephonyRegistry: listen oscl: mHasNotifySubscriptionInfoChangedOccurred==false no callback
11-04 01:52:49.883 6193 6193 I sysui_multi_action: [757,830,758,4,833,0,854,top_level_connected_devices,1089,0]
11-04 01:52:49.993 6193 6193 I sysui_multi_action: [757,746,758,2,1089,830]
11-04 01:52:50.071 6193 6193 I sysui_multi_action: [757,747,758,1,833,0,1089,62]
11-04 01:52:50.073 6193 6193 I sysui_multi_action: [757,1729,758,4,854,isParalleledControllers:false,1089,64]
11-04 01:52:51.155 6193 6193 I sysui_multi_action: [757,830,758,4,833,0,854,previously_connected_devices_see_all,1089,0]
11-04 01:52:51.163 6193 6193 I sysui_multi_action: [757,747,758,2,1089,1092]
11-04 01:52:51.205 6193 6193 I sysui_multi_action: [757,1370,758,1,833,0,1089,33]
11-04 01:52:51.205 6193 6193 I sysui_multi_action: [757,1729,758,4,854,isParalleledControllers:false,1089,33]
11-04 01:52:52.873 6193 6193 I sysui_multi_action: [757,1370,758,2,1089,1668]
11-04 01:52:52.922 6193 6193 I sysui_multi_action: [757,747,758,1,833,0,1089,0]
11-04 01:52:53.083 1474 1474 I notification_enqueue: [1000,1474,android,17303299,com.android.wifi,0,Notification(channel=NETWORK_AVAILABLE shortcut=null contentView=null vibrate=null sound=null tick defaults=0x0 flags=0x100 color=0x00000000 actions=2 vis=PRIVATE),1]
11-04 01:52:53.284 1474 1474 I sysui_multi_action: [757,1501,758,1,793,35054,794,34075,795,202,796,17303299,797,com.android.wifi,806,android,857,NETWORK_AVAILABLE,858,2,947,0,1500,0,1688,1]
11-04 01:52:53.285 1474 1474 I sysui_multi_action: [757,804,799,note_interruptive,801,0,802,1]
11-04 01:52:56.061 6193 6193 I sysui_multi_action: [757,830,758,4,833,0,854,connection_preferences,1089,0]
11-04 01:52:56.076 6193 6193 I sysui_multi_action: [757,747,758,2,1089,3154]
11-04 01:52:56.142 6193 6193 I sysui_multi_action: [757,1264,758,1,833,0,1089,52]
11-04 01:52:56.143 6193 6193 I sysui_multi_action: [757,1729,758,4,854,isParalleledControllers:false,1089,53]
11-04 01:52:57.155 6193 6193 I sysui_multi_action: [757,830,758,4,833,0,854,bluetooth_switchbar_screen,1089,0]
11-04 01:52:57.164 6193 6193 I sysui_multi_action: [757,1264,758,2,1089,1021]
11-04 01:52:57.201 6193 6193 I sysui_multi_action: [757,853,758,4,854,null/switch_bar,1089,1]
11-04 01:52:57.206 6193 6193 I sysui_multi_action: [757,1390,758,1,833,0,1089,38]
11-04 01:52:57.208 6193 6193 I sysui_multi_action: [757,1729,758,4,854,isParalleledControllers:false,1089,39]
11-04 01:52:57.225 1474 1654 I am_pss : [6193,1000,com.android.settings,86466560,75976704,0,221560832,0,2,11]
11-04 01:52:58.939 6193 6193 I sysui_multi_action: [757,1390,758,2,1089,1731]
11-04 01:52:58.975 6193 6193 I sysui_multi_action: [757,1264,758,1,833,0,1089,0]
11-04 01:52:59.655 6193 6193 I sysui_multi_action: [757,830,758,4,833,0,854,top_level_notification,1089,0]
11-04 01:52:59.764 6193 6193 I sysui_multi_action: [757,1264,758,2,1089,789]
11-04 01:52:59.808 6193 6193 I sysui_multi_action: [757,337,758,1,833,0,1089,36]
11-04 01:52:59.811 6193 6193 I sysui_multi_action: [757,1729,758,4,854,isParalleledControllers:false,1089,39]
11-04 01:53:00.850 6193 6193 I sysui_multi_action: [757,830,758,4,833,0,854,top_level_storage,1089,0]
11-04 01:53:00.955 6193 6193 I sysui_multi_action: [757,337,758,2,1089,1147]
11-04 01:53:00.990 6193 6193 I sysui_multi_action: [757,745,758,1,833,0,1089,25]
11-04 01:53:00.991 6193 6193 I sysui_multi_action: [757,1729,758,4,854,isParalleledControllers:false,1089,26]
11-04 01:53:02.285 1474 2005 I input_interaction: Interaction with: f7585b9 com.android.settings/com.android.settings.Settings (server), PointerEventDispatcher0 (server),
11-04 01:53:02.996 1474 2005 I input_interaction: Interaction with: f7585b9 com.android.settings/com.android.settings.Settings (server), edge-swipe (server), swipe-up (server), PointerEventDispatcher0 (server),
11-04 01:53:03.119 6193 6193 I sysui_multi_action: [757,830,758,4,833,0,854,top_level_sound,1089,0]
11-04 01:53:03.229 6193 6193 I sysui_multi_action: [757,745,758,2,1089,2238]
11-04 01:53:03.316 6193 6193 I sysui_multi_action: [757,336,758,1,833,0,1089,70]
11-04 01:53:03.320 6193 6193 I sysui_multi_action: [757,1729,758,4,854,isParalleledControllers:false,1089,74]
11-04 01:53:03.628 1474 2005 I input_interaction: Interaction with: f7585b9 com.android.settings/com.android.settings.Settings (server), PointerEventDispatcher0 (server),
11-04 01:53:05.244 1474 2005 I input_interaction: Interaction with: 823cadf StatusBar (server), edge-swipe (server), swipe-up (server), PointerEventDispatcher0 (server),
11-04 01:53:05.250 2358 2358 I sysui_multi_action: [757,803,799,panel_open,802,1]
11-04 01:53:05.252 2358 2358 I sysui_multi_action: [757,1328,758,4,1326,45,1327,1,1329,0]
11-04 01:53:05.323 1474 6019 I sysui_multi_action: [757,127,758,1]
11-04 01:53:05.324 1474 6019 I sysui_multi_action: [757,804,799,note_load,801,3,802,1]
11-04 01:53:05.324 1474 6019 I notification_panel_revealed: 3
11-04 01:53:05.329 2358 2358 I sysui_multi_action: [757,111,758,2]
11-04 01:53:05.330 2358 2358 I sysui_multi_action: [757,111,758,2]
11-04 01:53:05.332 1474 1474 I notification_enqueue: [10081,2358,com.android.systemui,2048,NULL,0,Notification(channel=updateNotification shortcut=null contentView=null vibrate=null sound=null defaults=0x0 flags=0x0 color=0x00000000 vis=PRIVATE),1]
11-04 01:53:05.350 1474 1645 I input_focus: [Focus request 4d6f832 NotificationShade,reason=UpdateInputWindows]
11-04 01:53:05.359 2358 2358 I sysui_multi_action: [757,111,758,1]
11-04 01:53:05.359 2358 2358 I sysui_multi_action: [757,126,758,1,759,126,927,0,928,1,1593,1]
11-04 01:53:05.359 2358 2358 I sysui_multi_action: [757,113,758,1,759,113,927,1,928,1,1593,1]
11-04 01:53:05.359 2358 2358 I sysui_multi_action: [757,0,758,1,759,0,927,2,928,0,1593,1]
11-04 01:53:05.359 2358 2358 I sysui_multi_action: [757,0,758,1,759,0,927,3,928,0,1593,1]
11-04 01:53:05.360 2358 2358 I sysui_multi_action: [757,491,758,1,759,491,927,4,928,0,1311,-1,1593,0]
11-04 01:53:05.360 2358 2358 I sysui_multi_action: [757,0,758,1,759,0,927,5,928,0,1593,0]
11-04 01:53:05.360 2358 2358 I sysui_multi_action: [757,111,758,1]
11-04 01:53:05.360 2358 2358 I sysui_multi_action: [757,126,758,1,759,126,927,0,928,1,1593,1]
11-04 01:53:05.360 2358 2358 I sysui_multi_action: [757,113,758,1,759,113,927,1,928,1,1593,1]
11-04 01:53:05.361 2358 2358 I sysui_multi_action: [757,0,758,1,759,0,927,2,928,0,1593,1]
11-04 01:53:05.361 2358 2358 I sysui_multi_action: [757,0,758,1,759,0,927,3,928,0,1593,1]
11-04 01:53:05.370 1474 2005 I input_focus: [Focus leaving f7585b9 com.android.settings/com.android.settings.Settings (server),reason=Waiting for window because NOT_VISIBLE]
11-04 01:53:05.385 2358 2358 I sysui_multi_action: [757,111,758,2]
11-04 01:53:05.385 1474 1474 I notification_enqueue: [10081,2358,com.android.systemui,2048,NULL,0,Notification(channel=updateNotification shortcut=null contentView=null vibrate=null sound=null defaults=0x0 flags=0x0 color=0x00000000 vis=PRIVATE),1]
11-04 01:53:05.385 2358 2358 I sysui_multi_action: [757,111,758,2]
11-04 01:53:05.387 1474 2005 I input_focus: [Focus entering 4d6f832 NotificationShade (server),reason=Window became focusable. Previous reason: NOT_VISIBLE]
11-04 01:53:05.392 2358 2358 I sysui_multi_action: [757,111,758,1]
11-04 01:53:05.392 2358 2358 I sysui_multi_action: [757,126,758,1,759,126,927,0,928,1,1593,1]
11-04 01:53:05.392 2358 2358 I sysui_multi_action: [757,113,758,1,759,113,927,1,928,1,1593,1]
11-04 01:53:05.392 2358 2358 I sysui_multi_action: [757,0,758,1,759,0,927,2,928,0,1593,1]
11-04 01:53:05.392 2358 2358 I sysui_multi_action: [757,0,758,1,759,0,927,3,928,0,1593,1]
11-04 01:53:05.392 2358 2358 I sysui_multi_action: [757,491,758,1,759,491,927,4,928,0,1311,-1,1593,0]
11-04 01:53:05.392 2358 2358 I sysui_multi_action: [757,0,758,1,759,0,927,5,928,0,1593,0]
11-04 01:53:05.392 2358 2358 I sysui_multi_action: [757,111,758,1]
11-04 01:53:05.392 2358 2358 I sysui_multi_action: [757,126,758,1,759,126,927,0,928,1,1593,1]
11-04 01:53:05.393 2358 2358 I sysui_multi_action: [757,113,758,1,759,113,927,1,928,1,1593,1]
11-04 01:53:05.393 2358 2358 I sysui_multi_action: [757,0,758,1,759,0,927,2,928,0,1593,1]
11-04 01:53:05.393 2358 2358 I sysui_multi_action: [757,0,758,1,759,0,927,3,928,0,1593,1]
11-04 01:53:05.888 1474 6019 I sysui_multi_action: [757,128,758,1,793,335303,794,0,795,335303,796,26,798,0,806,android,857,DEVELOPER_IMPORTANT,858,4,947,0,1395,3,1500,335100,1688,1]
11-04 01:53:05.889 1474 6019 I sysui_multi_action: [757,804,799,note_freshness,801,335303,802,1]
11-04 01:53:05.889 1474 6019 I notification_visibility: [-1|android|26|null|1000,1,335303,335303,0,0]
11-04 01:53:05.889 1474 6019 I sysui_multi_action: [757,128,758,1,793,47659,794,0,795,12807,796,17303299,797,com.android.wifi,798,1,806,android,857,NETWORK_AVAILABLE,858,2,947,0,1395,3,1500,12605,1688,1]
11-04 01:53:05.889 1474 6019 I sysui_multi_action: [757,1501,758,1,793,47659,794,0,795,12807,796,17303299,797,com.android.wifi,806,android,857,NETWORK_AVAILABLE,858,2,947,0,1500,0,1688,1]
11-04 01:53:05.889 1474 6019 I sysui_multi_action: [757,804,799,note_interruptive,801,0,802,1]
11-04 01:53:05.890 1474 6019 I sysui_multi_action: [757,804,799,note_freshness,801,12807,802,1]
11-04 01:53:05.890 1474 6019 I notification_visibility: [0|android|17303299|com.android.wifi|1000,1,47659,12807,0,1]
11-04 01:53:05.890 1474 6019 I sysui_multi_action: [757,128,758,1,793,726232,794,0,795,726232,796,32,798,2,806,android,857,USB,858,1,947,0,1395,3,1500,725815,1688,1]
11-04 01:53:05.890 1474 6019 I sysui_multi_action: [757,804,799,note_freshness,801,726232,802,1]
11-04 01:53:05.890 1474 6019 I notification_visibility: [-1|android|32|null|1000,1,726232,726232,0,2]
11-04 01:53:06.796 1474 2005 I input_interaction: Interaction with: 4d6f832 NotificationShade (server), edge-swipe (server), swipe-up (server), PointerEventDispatcher0 (server),
11-04 01:53:07.155 2358 2358 I sysui_multi_action: [757,111,758,2]
11-04 01:53:07.156 2358 2358 I sysui_multi_action: [757,111,758,2]
11-04 01:53:07.156 1474 1474 I notification_enqueue: [10081,2358,com.android.systemui,2048,NULL,0,Notification(channel=updateNotification shortcut=null contentView=null vibrate=null sound=null defaults=0x0 flags=0x0 color=0x00000000 vis=PRIVATE),1]
11-04 01:53:07.162 2358 2358 I sysui_multi_action: [757,111,758,1]
11-04 01:53:07.162 2358 2358 I sysui_multi_action: [757,126,758,1,759,126,927,0,928,1,1593,1]
11-04 01:53:07.163 2358 2358 I sysui_multi_action: [757,113,758,1,759,113,927,1,928,1,1593,1]
11-04 01:53:07.163 2358 2358 I sysui_multi_action: [757,0,758,1,759,0,927,2,928,0,1593,1]
11-04 01:53:07.163 2358 2358 I sysui_multi_action: [757,0,758,1,759,0,927,3,928,0,1593,1]
11-04 01:53:07.163 2358 2358 I sysui_multi_action: [757,491,758,1,759,491,927,4,928,0,1311,-1,1593,0]
11-04 01:53:07.164 2358 2358 I sysui_multi_action: [757,0,758,1,759,0,927,5,928,0,1593,0]
11-04 01:53:07.164 2358 2358 I sysui_multi_action: [757,111,758,1]
11-04 01:53:07.164 2358 2358 I sysui_multi_action: [757,126,758,1,759,126,927,0,928,1,1593,1]
11-04 01:53:07.164 2358 2358 I sysui_multi_action: [757,113,758,1,759,113,927,1,928,1,1593,1]
11-04 01:53:07.164 2358 2358 I sysui_multi_action: [757,0,758,1,759,0,927,2,928,0,1593,1]
11-04 01:53:07.164 2358 2358 I sysui_multi_action: [757,0,758,1,759,0,927,3,928,0,1593,1]
11-04 01:53:07.195 2358 2358 I sysui_multi_action: [757,111,758,2]
11-04 01:53:07.195 1474 1474 I notification_enqueue: [10081,2358,com.android.systemui,2048,NULL,0,Notification(channel=updateNotification shortcut=null contentView=null vibrate=null sound=null defaults=0x0 flags=0x0 color=0x00000000 vis=PRIVATE),1]
11-04 01:53:07.195 2358 2358 I sysui_multi_action: [757,111,758,2]
11-04 01:53:07.202 2358 2358 I sysui_multi_action: [757,111,758,1]
11-04 01:53:07.202 2358 2358 I sysui_multi_action: [757,126,758,1,759,126,927,0,928,1,1593,1]
11-04 01:53:07.202 2358 2358 I sysui_multi_action: [757,113,758,1,759,113,927,1,928,1,1593,1]
11-04 01:53:07.202 2358 2358 I sysui_multi_action: [757,0,758,1,759,0,927,2,928,0,1593,1]
11-04 01:53:07.202 2358 2358 I sysui_multi_action: [757,0,758,1,759,0,927,3,928,0,1593,1]
11-04 01:53:07.202 2358 2358 I sysui_multi_action: [757,491,758,1,759,491,927,4,928,0,1311,-1,1593,0]
11-04 01:53:07.202 2358 2358 I sysui_multi_action: [757,0,758,1,759,0,927,5,928,0,1593,0]
11-04 01:53:07.203 2358 2358 I sysui_multi_action: [757,111,758,1]
11-04 01:53:07.203 2358 2358 I sysui_multi_action: [757,126,758,1,759,126,927,0,928,1,1593,1]
11-04 01:53:07.203 2358 2358 I sysui_multi_action: [757,113,758,1,759,113,927,1,928,1,1593,1]
11-04 01:53:07.203 2358 2358 I sysui_multi_action: [757,0,758,1,759,0,927,2,928,0,1593,1]
11-04 01:53:07.203 2358 2358 I sysui_multi_action: [757,0,758,1,759,0,927,3,928,0,1593,1]
11-04 01:53:07.222 1474 1474 I notification_enqueue: [10081,2358,com.android.systemui,2048,NULL,0,Notification(channel=updateNotification shortcut=null contentView=null vibrate=null sound=null defaults=0x0 flags=0x0 color=0x00000000 vis=PRIVATE),1]
11-04 01:53:07.223 2358 2358 I sysui_multi_action: [757,111,758,2]
11-04 01:53:07.223 2358 2358 I sysui_multi_action: [757,111,758,2]
11-04 01:53:07.227 2358 2358 I sysui_multi_action: [757,111,758,1]
11-04 01:53:07.228 2358 2358 I sysui_multi_action: [757,126,758,1,759,126,927,0,928,1,1593,1]
11-04 01:53:07.228 2358 2358 I sysui_multi_action: [757,113,758,1,759,113,927,1,928,1,1593,1]
11-04 01:53:07.228 2358 2358 I sysui_multi_action: [757,0,758,1,759,0,927,2,928,0,1593,1]
11-04 01:53:07.228 2358 2358 I sysui_multi_action: [757,0,758,1,759,0,927,3,928,0,1593,1]
11-04 01:53:07.228 2358 2358 I sysui_multi_action: [757,491,758,1,759,491,927,4,928,0,1311,-1,1593,0]
11-04 01:53:07.228 2358 2358 I sysui_multi_action: [757,0,758,1,759,0,927,5,928,0,1593,0]
11-04 01:53:07.228 2358 2358 I sysui_multi_action: [757,111,758,1]
11-04 01:53:07.228 2358 2358 I sysui_multi_action: [757,126,758,1,759,126,927,0,928,1,1593,1]
11-04 01:53:07.228 2358 2358 I sysui_multi_action: [757,113,758,1,759,113,927,1,928,1,1593,1]
11-04 01:53:07.228 2358 2358 I sysui_multi_action: [757,0,758,1,759,0,927,2,928,0,1593,1]
11-04 01:53:07.228 2358 2358 I sysui_multi_action: [757,0,758,1,759,0,927,3,928,0,1593,1]
11-04 01:53:07.243 2358 2358 I sysui_multi_action: [757,111,758,2]
11-04 01:53:07.243 2358 2358 I sysui_multi_action: [757,111,758,2]
11-04 01:53:07.244 1474 1474 I notification_enqueue: [10081,2358,com.android.systemui,2048,NULL,0,Notification(channel=updateNotification shortcut=null contentView=null vibrate=null sound=null defaults=0x0 flags=0x0 color=0x00000000 vis=PRIVATE),1]
11-04 01:53:07.246 2358 2358 I sysui_multi_action: [757,111,758,1]
11-04 01:53:07.247 2358 2358 I sysui_multi_action: [757,126,758,1,759,126,927,0,928,1,1593,0]
11-04 01:53:07.247 2358 2358 I sysui_multi_action: [757,113,758,1,759,113,927,1,928,1,1593,0]
11-04 01:53:07.247 2358 2358 I sysui_multi_action: [757,0,758,1,759,0,927,2,928,0,1593,0]
11-04 01:53:07.247 2358 2358 I sysui_multi_action: [757,0,758,1,759,0,927,3,928,0,1593,0]
11-04 01:53:07.247 2358 2358 I sysui_multi_action: [757,491,758,1,759,491,927,4,928,0,1311,-1,1593,0]
11-04 01:53:07.247 2358 2358 I sysui_multi_action: [757,0,758,1,759,0,927,5,928,0,1593,0]
11-04 01:53:07.247 2358 2358 I sysui_multi_action: [757,111,758,1]
11-04 01:53:07.247 2358 2358 I sysui_multi_action: [757,126,758,1,759,126,927,0,928,1,1593,0]
11-04 01:53:07.247 2358 2358 I sysui_multi_action: [757,113,758,1,759,113,927,1,928,1,1593,0]
11-04 01:53:07.247 2358 2358 I sysui_multi_action: [757,0,758,1,759,0,927,2,928,0,1593,0]
11-04 01:53:07.247 2358 2358 I sysui_multi_action: [757,0,758,1,759,0,927,3,928,0,1593,0]
11-04 01:53:07.257 2358 2358 I sysui_multi_action: [757,111,758,2]
11-04 01:53:07.258 2358 2358 I sysui_multi_action: [757,111,758,2]
11-04 01:53:07.258 1474 1474 I notification_enqueue: [10081,2358,com.android.systemui,2048,NULL,0,Notification(channel=updateNotification shortcut=null contentView=null vibrate=null sound=null defaults=0x0 flags=0x0 color=0x00000000 vis=PRIVATE),1]
11-04 01:53:07.261 2358 2358 I sysui_multi_action: [757,111,758,1]
11-04 01:53:07.261 2358 2358 I sysui_multi_action: [757,126,758,1,759,126,927,0,928,1,1593,0]
11-04 01:53:07.261 2358 2358 I sysui_multi_action: [757,113,758,1,759,113,927,1,928,1,1593,0]
11-04 01:53:07.261 2358 2358 I sysui_multi_action: [757,0,758,1,759,0,927,2,928,0,1593,0]
11-04 01:53:07.261 2358 2358 I sysui_multi_action: [757,0,758,1,759,0,927,3,928,0,1593,0]
11-04 01:53:07.261 2358 2358 I sysui_multi_action: [757,491,758,1,759,491,927,4,928,0,1311,-1,1593,0]
11-04 01:53:07.261 2358 2358 I sysui_multi_action: [757,0,758,1,759,0,927,5,928,0,1593,0]
11-04 01:53:07.261 2358 2358 I sysui_multi_action: [757,111,758,1]
11-04 01:53:07.261 2358 2358 I sysui_multi_action: [757,126,758,1,759,126,927,0,928,1,1593,0]
11-04 01:53:07.261 2358 2358 I sysui_multi_action: [757,113,758,1,759,113,927,1,928,1,1593,0]
11-04 01:53:07.262 2358 2358 I sysui_multi_action: [757,0,758,1,759,0,927,2,928,0,1593,0]
11-04 01:53:07.262 2358 2358 I sysui_multi_action: [757,0,758,1,759,0,927,3,928,0,1593,0]
11-04 01:53:07.273 2358 2358 I sysui_multi_action: [757,111,758,2]
11-04 01:53:07.273 2358 2358 I sysui_multi_action: [757,111,758,2]
11-04 01:53:07.273 1474 1474 I notification_enqueue: [10081,2358,com.android.systemui,2048,NULL,0,Notification(channel=updateNotification shortcut=null contentView=null vibrate=null sound=null defaults=0x0 flags=0x0 color=0x00000000 vis=PRIVATE),1]
11-04 01:53:07.276 2358 2358 I sysui_multi_action: [757,111,758,1]
11-04 01:53:07.276 2358 2358 I sysui_multi_action: [757,126,758,1,759,126,927,0,928,1,1593,1]
11-04 01:53:07.276 2358 2358 I sysui_multi_action: [757,113,758,1,759,113,927,1,928,1,1593,1]
11-04 01:53:07.276 2358 2358 I sysui_multi_action: [757,0,758,1,759,0,927,2,928,0,1593,1]
11-04 01:53:07.276 2358 2358 I sysui_multi_action: [757,0,758,1,759,0,927,3,928,0,1593,1]
11-04 01:53:07.276 2358 2358 I sysui_multi_action: [757,491,758,1,759,491,927,4,928,0,1311,-1,1593,0]
11-04 01:53:07.276 2358 2358 I sysui_multi_action: [757,0,758,1,759,0,927,5,928,0,1593,0]
11-04 01:53:07.276 2358 2358 I sysui_multi_action: [757,111,758,1]
11-04 01:53:07.276 2358 2358 I sysui_multi_action: [757,126,758,1,759,126,927,0,928,1,1593,1]
11-04 01:53:07.277 2358 2358 I sysui_multi_action: [757,113,758,1,759,113,927,1,928,1,1593,1]
11-04 01:53:07.277 2358 2358 I sysui_multi_action: [757,0,758,1,759,0,927,2,928,0,1593,1]
11-04 01:53:07.277 2358 2358 I sysui_multi_action: [757,0,758,1,759,0,927,3,928,0,1593,1]
11-04 01:53:07.287 2358 2358 I sysui_multi_action: [757,111,758,2]
11-04 01:53:07.288 1474 1474 I notification_enqueue: [10081,2358,com.android.systemui,2048,NULL,0,Notification(channel=updateNotification shortcut=null contentView=null vibrate=null sound=null defaults=0x0 flags=0x0 color=0x00000000 vis=PRIVATE),1]
11-04 01:53:07.288 2358 2358 I sysui_multi_action: [757,111,758,2]
11-04 01:53:07.291 2358 2358 I sysui_multi_action: [757,111,758,1]
11-04 01:53:07.291 2358 2358 I sysui_multi_action: [757,126,758,1,759,126,927,0,928,1,1593,1]
11-04 01:53:07.291 2358 2358 I sysui_multi_action: [757,113,758,1,759,113,927,1,928,1,1593,1]
11-04 01:53:07.291 2358 2358 I sysui_multi_action: [757,0,758,1,759,0,927,2,928,0,1593,1]
11-04 01:53:07.291 2358 2358 I sysui_multi_action: [757,0,758,1,759,0,927,3,928,0,1593,1]
11-04 01:53:07.291 2358 2358 I sysui_multi_action: [757,491,758,1,759,491,927,4,928,0,1311,-1,1593,0]
11-04 01:53:07.291 2358 2358 I sysui_multi_action: [757,0,758,1,759,0,927,5,928,0,1593,0]
11-04 01:53:07.291 2358 2358 I sysui_multi_action: [757,111,758,1]
11-04 01:53:07.291 2358 2358 I sysui_multi_action: [757,126,758,1,759,126,927,0,928,1,1593,1]
11-04 01:53:07.291 2358 2358 I sysui_multi_action: [757,113,758,1,759,113,927,1,928,1,1593,1]
11-04 01:53:07.291 2358 2358 I sysui_multi_action: [757,0,758,1,759,0,927,2,928,0,1593,1]
11-04 01:53:07.291 2358 2358 I sysui_multi_action: [757,0,758,1,759,0,927,3,928,0,1593,1]
11-04 01:53:07.303 2358 2358 I sysui_multi_action: [757,111,758,2]
11-04 01:53:07.303 1474 1474 I notification_enqueue: [10081,2358,com.android.systemui,2048,NULL,0,Notification(channel=updateNotification shortcut=null contentView=null vibrate=null sound=null defaults=0x0 flags=0x0 color=0x00000000 vis=PRIVATE),1]
11-04 01:53:07.303 2358 2358 I sysui_multi_action: [757,111,758,2]
11-04 01:53:07.306 2358 2358 I sysui_multi_action: [757,111,758,1]
11-04 01:53:07.306 2358 2358 I sysui_multi_action: [757,126,758,1,759,126,927,0,928,1,1593,1]
11-04 01:53:07.306 2358 2358 I sysui_multi_action: [757,113,758,1,759,113,927,1,928,1,1593,1]
11-04 01:53:07.306 2358 2358 I sysui_multi_action: [757,0,758,1,759,0,927,2,928,0,1593,1]
11-04 01:53:07.306 2358 2358 I sysui_multi_action: [757,0,758,1,759,0,927,3,928,0,1593,1]
11-04 01:53:07.306 2358 2358 I sysui_multi_action: [757,491,758,1,759,491,927,4,928,0,1311,-1,1593,0]
11-04 01:53:07.306 2358 2358 I sysui_multi_action: [757,0,758,1,759,0,927,5,928,0,1593,0]
11-04 01:53:07.306 2358 2358 I sysui_multi_action: [757,111,758,1]
11-04 01:53:07.306 2358 2358 I sysui_multi_action: [757,126,758,1,759,126,927,0,928,1,1593,1]
11-04 01:53:07.306 2358 2358 I sysui_multi_action: [757,113,758,1,759,113,927,1,928,1,1593,1]
11-04 01:53:07.307 2358 2358 I sysui_multi_action: [757,0,758,1,759,0,927,2,928,0,1593,1]
11-04 01:53:07.307 2358 2358 I sysui_multi_action: [757,0,758,1,759,0,927,3,928,0,1593,1]
11-04 01:53:07.319 2358 2358 I sysui_multi_action: [757,111,758,2]
11-04 01:53:07.319 1474 1474 I notification_enqueue: [10081,2358,com.android.systemui,2048,NULL,0,Notification(channel=updateNotification shortcut=null contentView=null vibrate=null sound=null defaults=0x0 flags=0x0 color=0x00000000 vis=PRIVATE),1]
11-04 01:53:07.319 2358 2358 I sysui_multi_action: [757,111,758,2]
11-04 01:53:07.323 2358 2358 I sysui_multi_action: [757,111,758,1]
11-04 01:53:07.323 2358 2358 I sysui_multi_action: [757,126,758,1,759,126,927,0,928,1,1593,0]
11-04 01:53:07.323 2358 2358 I sysui_multi_action: [757,113,758,1,759,113,927,1,928,1,1593,0]
11-04 01:53:07.323 2358 2358 I sysui_multi_action: [757,0,758,1,759,0,927,2,928,0,1593,0]
11-04 01:53:07.323 2358 2358 I sysui_multi_action: [757,0,758,1,759,0,927,3,928,0,1593,0]
11-04 01:53:07.323 2358 2358 I sysui_multi_action: [757,491,758,1,759,491,927,4,928,0,1311,-1,1593,0]
11-04 01:53:07.323 2358 2358 I sysui_multi_action: [757,0,758,1,759,0,927,5,928,0,1593,0]
11-04 01:53:07.323 2358 2358 I sysui_multi_action: [757,111,758,1]
11-04 01:53:07.323 2358 2358 I sysui_multi_action: [757,126,758,1,759,126,927,0,928,1,1593,1]
11-04 01:53:07.323 2358 2358 I sysui_multi_action: [757,113,758,1,759,113,927,1,928,1,1593,1]
11-04 01:53:07.323 2358 2358 I sysui_multi_action: [757,0,758,1,759,0,927,2,928,0,1593,1]
11-04 01:53:07.323 2358 2358 I sysui_multi_action: [757,0,758,1,759,0,927,3,928,0,1593,1]
11-04 01:53:07.336 2358 2358 I sysui_multi_action: [757,111,758,2]
11-04 01:53:07.336 1474 1474 I notification_enqueue: [10081,2358,com.android.systemui,2048,NULL,0,Notification(channel=updateNotification shortcut=null contentView=null vibrate=null sound=null defaults=0x0 flags=0x0 color=0x00000000 vis=PRIVATE),1]
11-04 01:53:07.336 2358 2358 I sysui_multi_action: [757,111,758,2]
11-04 01:53:07.339 2358 2358 I sysui_multi_action: [757,111,758,1]
11-04 01:53:07.339 2358 2358 I sysui_multi_action: [757,126,758,1,759,126,927,0,928,1,1593,1]
11-04 01:53:07.339 2358 2358 I sysui_multi_action: [757,113,758,1,759,113,927,1,928,1,1593,1]
11-04 01:53:07.339 2358 2358 I sysui_multi_action: [757,0,758,1,759,0,927,2,928,0,1593,1]
11-04 01:53:07.339 2358 2358 I sysui_multi_action: [757,0,758,1,759,0,927,3,928,0,1593,1]
11-04 01:53:07.340 2358 2358 I sysui_multi_action: [757,491,758,1,759,491,927,4,928,0,1311,-1,1593,0]
11-04 01:53:07.340 2358 2358 I sysui_multi_action: [757,0,758,1,759,0,927,5,928,0,1593,0]
11-04 01:53:07.340 2358 2358 I sysui_multi_action: [757,111,758,1]
11-04 01:53:07.340 2358 2358 I sysui_multi_action: [757,126,758,1,759,126,927,0,928,1,1593,1]
11-04 01:53:07.340 2358 2358 I sysui_multi_action: [757,113,758,1,759,113,927,1,928,1,1593,1]
11-04 01:53:07.340 2358 2358 I sysui_multi_action: [757,0,758,1,759,0,927,2,928,0,1593,1]
11-04 01:53:07.340 2358 2358 I sysui_multi_action: [757,0,758,1,759,0,927,3,928,0,1593,1]
11-04 01:53:07.353 2358 2358 I sysui_multi_action: [757,111,758,2]
11-04 01:53:07.353 1474 1474 I notification_enqueue: [10081,2358,com.android.systemui,2048,NULL,0,Notification(channel=updateNotification shortcut=null contentView=null vibrate=null sound=null defaults=0x0 flags=0x0 color=0x00000000 vis=PRIVATE),1]
11-04 01:53:07.353 2358 2358 I sysui_multi_action: [757,111,758,2]
11-04 01:53:07.356 2358 2358 I sysui_multi_action: [757,111,758,1]
11-04 01:53:07.356 2358 2358 I sysui_multi_action: [757,126,758,1,759,126,927,0,928,1,1593,0]
11-04 01:53:07.356 2358 2358 I sysui_multi_action: [757,113,758,1,759,113,927,1,928,1,1593,0]
11-04 01:53:07.356 2358 2358 I sysui_multi_action: [757,0,758,1,759,0,927,2,928,0,1593,0]
11-04 01:53:07.356 2358 2358 I sysui_multi_action: [757,0,758,1,759,0,927,3,928,0,1593,0]
11-04 01:53:07.356 2358 2358 I sysui_multi_action: [757,491,758,1,759,491,927,4,928,0,1311,-1,1593,0]
11-04 01:53:07.356 2358 2358 I sysui_multi_action: [757,0,758,1,759,0,927,5,928,0,1593,0]
11-04 01:53:07.356 2358 2358 I sysui_multi_action: [757,111,758,1]
11-04 01:53:07.356 2358 2358 I sysui_multi_action: [757,126,758,1,759,126,927,0,928,1,1593,0]
11-04 01:53:07.356 2358 2358 I sysui_multi_action: [757,113,758,1,759,113,927,1,928,1,1593,0]
11-04 01:53:07.356 2358 2358 I sysui_multi_action: [757,0,758,1,759,0,927,2,928,0,1593,0]
11-04 01:53:07.357 2358 2358 I sysui_multi_action: [757,0,758,1,759,0,927,3,928,0,1593,0]
11-04 01:53:07.369 2358 2358 I sysui_multi_action: [757,111,758,2]
11-04 01:53:07.369 2358 2358 I sysui_multi_action: [757,111,758,2]
11-04 01:53:07.371 1474 1474 I notification_enqueue: [10081,2358,com.android.systemui,2048,NULL,0,Notification(channel=updateNotification shortcut=null contentView=null vibrate=null sound=null defaults=0x0 flags=0x0 color=0x00000000 vis=PRIVATE),1]
11-04 01:53:07.373 2358 2358 I sysui_multi_action: [757,111,758,1]
11-04 01:53:07.373 2358 2358 I sysui_multi_action: [757,126,758,1,759,126,927,0,928,1,1593,0]
11-04 01:53:07.373 2358 2358 I sysui_multi_action: [757,113,758,1,759,113,927,1,928,1,1593,0]
11-04 01:53:07.373 2358 2358 I sysui_multi_action: [757,0,758,1,759,0,927,2,928,0,1593,0]
11-04 01:53:07.373 2358 2358 I sysui_multi_action: [757,0,758,1,759,0,927,3,928,0,1593,0]
11-04 01:53:07.373 2358 2358 I sysui_multi_action: [757,491,758,1,759,491,927,4,928,0,1311,-1,1593,0]
11-04 01:53:07.373 2358 2358 I sysui_multi_action: [757,0,758,1,759,0,927,5,928,0,1593,0]
11-04 01:53:07.373 2358 2358 I sysui_multi_action: [757,111,758,1]
11-04 01:53:07.373 2358 2358 I sysui_multi_action: [757,126,758,1,759,126,927,0,928,1,1593,0]
11-04 01:53:07.373 2358 2358 I sysui_multi_action: [757,113,758,1,759,113,927,1,928,1,1593,0]
11-04 01:53:07.373 2358 2358 I sysui_multi_action: [757,0,758,1,759,0,927,2,928,0,1593,0]
11-04 01:53:07.373 2358 2358 I sysui_multi_action: [757,0,758,1,759,0,927,3,928,0,1593,0]
11-04 01:53:07.387 2358 2358 I sysui_multi_action: [757,111,758,2]
11-04 01:53:07.387 1474 1474 I notification_enqueue: [10081,2358,com.android.systemui,2048,NULL,0,Notification(channel=updateNotification shortcut=null contentView=null vibrate=null sound=null defaults=0x0 flags=0x0 color=0x00000000 vis=PRIVATE),1]
11-04 01:53:07.387 2358 2358 I sysui_multi_action: [757,111,758,2]
11-04 01:53:07.397 1474 1645 I input_focus: [Focus request f7585b9 com.android.settings/com.android.settings.Settings,reason=UpdateInputWindows]
11-04 01:53:07.398 2358 2358 I sysui_multi_action: [757,111,758,1]
