11-04 01:51:49.525 2358 2358 I sysui_multi_action: [757,111,758,2]
11-04 01:51:49.525 2358 2358 I sysui_multi_action: [757,111,758,2]
11-04 01:51:49.526 1474 1474 I notification_enqueue: [10081,2358,com.android.systemui,2048,NULL,0,Notification(channel=updateNotification shortcut=null contentView=null vibrate=null sound=null defaults=0x0 flags=0x0 color=0x00000000 vis=PRIVATE),1]
11-04 01:51:49.529 2358 2358 I sysui_multi_action: [757,111,758,1]
11-04 01:51:49.530 2358 2358 I sysui_multi_action: [757,126,758,1,759,126,927,0,928,1,1593,0]
11-04 01:51:49.530 2358 2358 I sysui_multi_action: [757,113,758,1,759,113,927,1,928,1,1593,0]
11-04 01:51:49.530 2358 2358 I sysui_multi_action: [757,0,758,1,759,0,927,2,928,0,1593,0]
11-04 01:51:49.530 2358 2358 I sysui_multi_action: [757,0,758,1,759,0,927,3,928,0,1593,0]
11-04 01:51:49.530 2358 2358 I sysui_multi_action: [757,491,758,1,759,491,927,4,928,0,1311,-1,1593,0]
11-04 01:51:49.530 2358 2358 I sysui_multi_action: [757,0,758,1,759,0,927,5,928,0,1593,0]
11-04 01:51:49.530 2358 2358 I sysui_multi_action: [757,111,758,1]
11-04 01:51:49.530 2358 2358 I sysui_multi_action: [757,126,758,1,759,126,927,0,928,1,1593,0]
11-04 01:51:49.530 2358 2358 I sysui_multi_action: [757,113,758,1,759,113,927,1,928,1,1593,0]
11-04 01:51:49.530 2358 2358 I sysui_multi_action: [757,0,758,1,759,0,927,2,928,0,1593,0]
11-04 01:51:49.530 2358 2358 I sysui_multi_action: [757,0,758,1,759,0,927,3,928,0,1593,0]
11-04 01:51:49.832 1474 1606 I sysui_multi_action: [757,128,758,1,793,259246,794,0,795,259246,796,26,798,0,806,android,857,DEVELOPER_IMPORTANT,858,4,947,0,1395,3,1500,259043,1688,1]
11-04 01:51:49.832 1474 1606 I sysui_multi_action: [757,804,799,note_freshness,801,259246,802,1]
11-04 01:51:49.832 1474 1606 I notification_visibility: [-1|android|26|null|1000,1,259246,259246,0,0]
11-04 01:51:49.832 1474 1606 I sysui_multi_action: [757,128,758,1,793,70250,794,0,795,35411,796,17303299,797,com.android.wifi,798,1,806,android,857,NETWORK_AVAILABLE,858,2,947,0,1395,3,1500,35209,1688,1]
11-04 01:51:49.832 1474 1606 I sysui_multi_action: [757,1501,758,1,793,70250,794,0,795,35411,796,17303299,797,com.android.wifi,806,android,857,NETWORK_AVAILABLE,858,2,947,0,1500,0,1688,1]
11-04 01:51:49.832 1474 1606 I sysui_multi_action: [757,804,799,note_interruptive,801,0,802,1]
11-04 01:51:49.832 1474 1606 I sysui_multi_action: [757,804,799,note_freshness,801,35411,802,1]
11-04 01:51:49.832 1474 1606 I notification_visibility: [0|android|17303299|com.android.wifi|1000,1,70250,35411,0,1]
11-04 01:51:49.832 1474 1606 I sysui_multi_action: [757,128,758,1,793,650174,794,0,795,650174,796,32,798,2,806,android,857,USB,858,1,947,0,1395,3,1500,649757,1688,1]
11-04 01:51:49.832 1474 1606 I sysui_multi_action: [757,804,799,note_freshness,801,650174,802,1]
11-04 01:51:49.832 1474 1606 I notification_visibility: [-1|android|32|null|1000,1,650174,650174,0,2]
11-04 01:51:50.642 1474 2005 I input_interaction: Interaction with: 4d6f832 NotificationShade (server), edge-swipe (server), swipe-up (server), PointerEventDispatcher0 (server),
11-04 01:51:52.392 1474 1474 I notification_enqueue: [10081,2358,com.android.systemui,2048,NULL,0,Notification(channel=updateNotification shortcut=null contentView=null vibrate=null sound=null defaults=0x0 flags=0x0 color=0x00000000 vis=PRIVATE),1]
11-04 01:51:52.392 2358 2358 I sysui_multi_action: [757,111,758,2]
11-04 01:51:52.392 2358 2358 I sysui_multi_action: [757,111,758,2]
11-04 01:51:52.406 2358 2358 I sysui_multi_action: [757,111,758,1]
11-04 01:51:52.407 2358 2358 I sysui_multi_action: [757,126,758,1,759,126,927,0,928,1,1593,1]
11-04 01:51:52.407 2358 2358 I sysui_multi_action: [757,113,758,1,759,113,927,1,928,1,1593,1]
11-04 01:51:52.407 2358 2358 I sysui_multi_action: [757,0,758,1,759,0,927,2,928,0,1593,1]
11-04 01:51:52.407 2358 2358 I sysui_multi_action: [757,0,758,1,759,0,927,3,928,0,1593,1]
11-04 01:51:52.408 2358 2358 I sysui_multi_action: [757,491,758,1,759,491,927,4,928,0,1311,-1,1593,0]
11-04 01:51:52.408 2358 2358 I sysui_multi_action: [757,0,758,1,759,0,927,5,928,0,1593,0]
11-04 01:51:52.408 2358 2358 I sysui_multi_action: [757,111,758,1]
11-04 01:51:52.408 2358 2358 I sysui_multi_action: [757,126,758,1,759,126,927,0,928,1,1593,1]
11-04 01:51:52.408 2358 2358 I sysui_multi_action: [757,113,758,1,759,113,927,1,928,1,1593,1]
11-04 01:51:52.408 2358 2358 I sysui_multi_action: [757,0,758,1,759,0,927,2,928,0,1593,1]
11-04 01:51:52.409 2358 2358 I sysui_multi_action: [757,0,758,1,759,0,927,3,928,0,1593,1]
11-04 01:51:52.429 2358 2358 I sysui_multi_action: [757,111,758,2]
11-04 01:51:52.429 1474 1474 I notification_enqueue: [10081,2358,com.android.systemui,2048,NULL,0,Notification(channel=updateNotification shortcut=null contentView=null vibrate=null sound=null defaults=0x0 flags=0x0 color=0x00000000 vis=PRIVATE),1]
11-04 01:51:52.430 2358 2358 I sysui_multi_action: [757,111,758,2]
11-04 01:51:52.437 2358 2358 I sysui_multi_action: [757,111,758,1]
11-04 01:51:52.437 2358 2358 I sysui_multi_action: [757,126,758,1,759,126,927,0,928,1,1593,1]
11-04 01:51:52.437 2358 2358 I sysui_multi_action: [757,113,758,1,759,113,927,1,928,1,1593,1]
11-04 01:51:52.437 2358 2358 I sysui_multi_action: [757,0,758,1,759,0,927,2,928,0,1593,1]
11-04 01:51:52.437 2358 2358 I sysui_multi_action: [757,0,758,1,759,0,927,3,928,0,1593,1]
11-04 01:51:52.438 2358 2358 I sysui_multi_action: [757,491,758,1,759,491,927,4,928,0,1311,-1,1593,0]
11-04 01:51:52.438 2358 2358 I sysui_multi_action: [757,0,758,1,759,0,927,5,928,0,1593,0]
11-04 01:51:52.438 2358 2358 I sysui_multi_action: [757,111,758,1]
11-04 01:51:52.438 2358 2358 I sysui_multi_action: [757,126,758,1,759,126,927,0,928,1,1593,1]
11-04 01:51:52.438 2358 2358 I sysui_multi_action: [757,113,758,1,759,113,927,1,928,1,1593,1]
11-04 01:51:52.438 2358 2358 I sysui_multi_action: [757,0,758,1,759,0,927,2,928,0,1593,1]
11-04 01:51:52.438 2358 2358 I sysui_multi_action: [757,0,758,1,759,0,927,3,928,0,1593,1]
11-04 01:51:52.458 2358 2358 I sysui_multi_action: [757,111,758,2]
11-04 01:51:52.458 1474 1474 I notification_enqueue: [10081,2358,com.android.systemui,2048,NULL,0,Notification(channel=updateNotification shortcut=null contentView=null vibrate=null sound=null defaults=0x0 flags=0x0 color=0x00000000 vis=PRIVATE),1]
11-04 01:51:52.458 2358 2358 I sysui_multi_action: [757,111,758,2]
11-04 01:51:52.463 2358 2358 I sysui_multi_action: [757,111,758,1]
11-04 01:51:52.464 2358 2358 I sysui_multi_action: [757,126,758,1,759,126,927,0,928,1,1593,1]
11-04 01:51:52.464 2358 2358 I sysui_multi_action: [757,113,758,1,759,113,927,1,928,1,1593,1]
11-04 01:51:52.464 2358 2358 I sysui_multi_action: [757,0,758,1,759,0,927,2,928,0,1593,1]
11-04 01:51:52.464 2358 2358 I sysui_multi_action: [757,0,758,1,759,0,927,3,928,0,1593,1]
11-04 01:51:52.464 2358 2358 I sysui_multi_action: [757,491,758,1,759,491,927,4,928,0,1311,-1,1593,0]
11-04 01:51:52.464 2358 2358 I sysui_multi_action: [757,0,758,1,759,0,927,5,928,0,1593,0]
11-04 01:51:52.464 2358 2358 I sysui_multi_action: [757,111,758,1]
11-04 01:51:52.464 2358 2358 I sysui_multi_action: [757,126,758,1,759,126,927,0,928,1,1593,1]
11-04 01:51:52.464 2358 2358 I sysui_multi_action: [757,113,758,1,759,113,927,1,928,1,1593,1]
11-04 01:51:52.464 2358 2358 I sysui_multi_action: [757,0,758,1,759,0,927,2,928,0,1593,1]
11-04 01:51:52.464 2358 2358 I sysui_multi_action: [757,0,758,1,759,0,927,3,928,0,1593,1]
11-04 01:51:52.480 2358 2358 I sysui_multi_action: [757,111,758,2]
11-04 01:51:52.480 1474 1474 I notification_enqueue: [10081,2358,com.android.systemui,2048,NULL,0,Notification(channel=updateNotification shortcut=null contentView=null vibrate=null sound=null defaults=0x0 flags=0x0 color=0x00000000 vis=PRIVATE),1]
11-04 01:51:52.480 2358 2358 I sysui_multi_action: [757,111,758,2]
11-04 01:51:52.484 2358 2358 I sysui_multi_action: [757,111,758,1]
11-04 01:51:52.484 2358 2358 I sysui_multi_action: [757,126,758,1,759,126,927,0,928,1,1593,1]
11-04 01:51:52.484 2358 2358 I sysui_multi_action: [757,113,758,1,759,113,927,1,928,1,1593,1]
11-04 01:51:52.485 2358 2358 I sysui_multi_action: [757,0,758,1,759,0,927,2,928,0,1593,1]
11-04 01:51:52.485 2358 2358 I sysui_multi_action: [757,0,758,1,759,0,927,3,928,0,1593,1]
11-04 01:51:52.485 2358 2358 I sysui_multi_action: [757,491,758,1,759,491,927,4,928,0,1311,-1,1593,0]
11-04 01:51:52.485 2358 2358 I sysui_multi_action: [757,0,758,1,759,0,927,5,928,0,1593,0]
11-04 01:51:52.485 2358 2358 I sysui_multi_action: [757,111,758,1]
11-04 01:51:52.485 2358 2358 I sysui_multi_action: [757,126,758,1,759,126,927,0,928,1,1593,1]
11-04 01:51:52.485 2358 2358 I sysui_multi_action: [757,113,758,1,759,113,927,1,928,1,1593,1]
11-04 01:51:52.485 2358 2358 I sysui_multi_action: [757,0,758,1,759,0,927,2,928,0,1593,1]
11-04 01:51:52.485 2358 2358 I sysui_multi_action: [757,0,758,1,759,0,927,3,928,0,1593,1]
11-04 01:51:52.495 2358 2358 I sysui_multi_action: [757,111,758,2]
11-04 01:51:52.495 1474 1474 I notification_enqueue: [10081,2358,com.android.systemui,2048,NULL,0,Notification(channel=updateNotification shortcut=null contentView=null vibrate=null sound=null defaults=0x0 flags=0x0 color=0x00000000 vis=PRIVATE),1]
11-04 01:51:52.496 2358 2358 I sysui_multi_action: [757,111,758,2]
11-04 01:51:52.499 2358 2358 I sysui_multi_action: [757,111,758,1]
11-04 01:51:52.499 2358 2358 I sysui_multi_action: [757,126,758,1,759,126,927,0,928,1,1593,0]
11-04 01:51:52.499 2358 2358 I sysui_multi_action: [757,113,758,1,759,113,927,1,928,1,1593,0]
11-04 01:51:52.499 2358 2358 I sysui_multi_action: [757,0,758,1,759,0,927,2,928,0,1593,0]
11-04 01:51:52.499 2358 2358 I sysui_multi_action: [757,0,758,1,759,0,927,3,928,0,1593,0]
11-04 01:51:52.500 2358 2358 I sysui_multi_action: [757,491,758,1,759,491,927,4,928,0,1311,-1,1593,0]
11-04 01:51:52.500 2358 2358 I sysui_multi_action: [757,0,758,1,759,0,927,5,928,0,1593,0]
11-04 01:51:52.500 2358 2358 I sysui_multi_action: [757,111,758,1]
11-04 01:51:52.500 2358 2358 I sysui_multi_action: [757,126,758,1,759,126,927,0,928,1,1593,0]
11-04 01:51:52.500 2358 2358 I sysui_multi_action: [757,113,758,1,759,113,927,1,928,1,1593,0]
11-04 01:51:52.500 2358 2358 I sysui_multi_action: [757,0,758,1,759,0,927,2,928,0,1593,0]
11-04 01:51:52.500 2358 2358 I sysui_multi_action: [757,0,758,1,759,0,927,3,928,0,1593,0]
11-04 01:51:52.511 2358 2358 I sysui_multi_action: [757,111,758,2]
11-04 01:51:52.511 1474 1474 I notification_enqueue: [10081,2358,com.android.systemui,2048,NULL,0,Notification(channel=updateNotification shortcut=null contentView=null vibrate=null sound=null defaults=0x0 flags=0x0 color=0x00000000 vis=PRIVATE),1]
11-04 01:51:52.511 2358 2358 I sysui_multi_action: [757,111,758,2]
11-04 01:51:52.515 2358 2358 I sysui_multi_action: [757,111,758,1]
11-04 01:51:52.515 2358 2358 I sysui_multi_action: [757,126,758,1,759,126,927,0,928,1,1593,1]
11-04 01:51:52.515 2358 2358 I sysui_multi_action: [757,113,758,1,759,113,927,1,928,1,1593,1]
11-04 01:51:52.515 2358 2358 I sysui_multi_action: [757,0,758,1,759,0,927,2,928,0,1593,1]
11-04 01:51:52.515 2358 2358 I sysui_multi_action: [757,0,758,1,759,0,927,3,928,0,1593,1]
11-04 01:51:52.515 2358 2358 I sysui_multi_action: [757,491,758,1,759,491,927,4,928,0,1311,-1,1593,0]
11-04 01:51:52.515 2358 2358 I sysui_multi_action: [757,0,758,1,759,0,927,5,928,0,1593,0]
11-04 01:51:52.515 2358 2358 I sysui_multi_action: [757,111,758,1]
11-04 01:51:52.515 2358 2358 I sysui_multi_action: [757,126,758,1,759,126,927,0,928,1,1593,1]
11-04 01:51:52.515 2358 2358 I sysui_multi_action: [757,113,758,1,759,113,927,1,928,1,1593,1]
11-04 01:51:52.516 2358 2358 I sysui_multi_action: [757,0,758,1,759,0,927,2,928,0,1593,1]
11-04 01:51:52.516 2358 2358 I sysui_multi_action: [757,0,758,1,759,0,927,3,928,0,1593,1]
11-04 01:51:52.529 1474 1474 I notification_enqueue: [10081,2358,com.android.systemui,2048,NULL,0,Notification(channel=updateNotification shortcut=null contentView=null vibrate=null sound=null defaults=0x0 flags=0x0 color=0x00000000 vis=PRIVATE),1]
11-04 01:51:52.529 2358 2358 I sysui_multi_action: [757,111,758,2]
11-04 01:51:52.530 2358 2358 I sysui_multi_action: [757,111,758,2]
11-04 01:51:52.536 2358 2358 I sysui_multi_action: [757,111,758,1]
11-04 01:51:52.536 2358 2358 I sysui_multi_action: [757,126,758,1,759,126,927,0,928,1,1593,1]
11-04 01:51:52.536 2358 2358 I sysui_multi_action: [757,113,758,1,759,113,927,1,928,1,1593,1]
11-04 01:51:52.536 2358 2358 I sysui_multi_action: [757,0,758,1,759,0,927,2,928,0,1593,1]
11-04 01:51:52.536 2358 2358 I sysui_multi_action: [757,0,758,1,759,0,927,3,928,0,1593,1]
11-04 01:51:52.537 2358 2358 I sysui_multi_action: [757,491,758,1,759,491,927,4,928,0,1311,-1,1593,0]
11-04 01:51:52.537 2358 2358 I sysui_multi_action: [757,0,758,1,759,0,927,5,928,0,1593,0]
11-04 01:51:52.537 2358 2358 I sysui_multi_action: [757,111,758,1]
11-04 01:51:52.537 2358 2358 I sysui_multi_action: [757,126,758,1,759,126,927,0,928,1,1593,1]
11-04 01:51:52.537 2358 2358 I sysui_multi_action: [757,113,758,1,759,113,927,1,928,1,1593,1]
11-04 01:51:52.537 2358 2358 I sysui_multi_action: [757,0,758,1,759,0,927,2,928,0,1593,1]
11-04 01:51:52.537 2358 2358 I sysui_multi_action: [757,0,758,1,759,0,927,3,928,0,1593,1]
11-04 01:51:52.547 2358 2358 I sysui_multi_action: [757,111,758,2]
11-04 01:51:52.547 2358 2358 I sysui_multi_action: [757,111,758,2]
11-04 01:51:52.548 1474 1474 I notification_enqueue: [10081,2358,com.android.systemui,2048,NULL,0,Notification(channel=updateNotification shortcut=null contentView=null vibrate=null sound=null defaults=0x0 flags=0x0 color=0x00000000 vis=PRIVATE),1]
11-04 01:51:52.551 2358 2358 I sysui_multi_action: [757,111,758,1]
11-04 01:51:52.551 2358 2358 I sysui_multi_action: [757,126,758,1,759,126,927,0,928,1,1593,0]
11-04 01:51:52.551 2358 2358 I sysui_multi_action: [757,113,758,1,759,113,927,1,928,1,1593,0]
11-04 01:51:52.551 2358 2358 I sysui_multi_action: [757,0,758,1,759,0,927,2,928,0,1593,0]
11-04 01:51:52.551 2358 2358 I sysui_multi_action: [757,0,758,1,759,0,927,3,928,0,1593,0]
11-04 01:51:52.551 2358 2358 I sysui_multi_action: [757,491,758,1,759,491,927,4,928,0,1311,-1,1593,0]
11-04 01:51:52.551 2358 2358 I sysui_multi_action: [757,0,758,1,759,0,927,5,928,0,1593,0]
11-04 01:51:52.551 2358 2358 I sysui_multi_action: [757,111,758,1]
11-04 01:51:52.551 2358 2358 I sysui_multi_action: [757,126,758,1,759,126,927,0,928,1,1593,1]
11-04 01:51:52.551 2358 2358 I sysui_multi_action: [757,113,758,1,759,113,927,1,928,1,1593,1]
11-04 01:51:52.552 2358 2358 I sysui_multi_action: [757,0,758,1,759,0,927,2,928,0,1593,1]
11-04 01:51:52.552 2358 2358 I sysui_multi_action: [757,0,758,1,759,0,927,3,928,0,1593,1]
11-04 01:51:52.562 2358 2358 I sysui_multi_action: [757,111,758,2]
11-04 01:51:52.563 1474 1474 I notification_enqueue: [10081,2358,com.android.systemui,2048,NULL,0,Notification(channel=updateNotification shortcut=null contentView=null vibrate=null sound=null defaults=0x0 flags=0x0 color=0x00000000 vis=PRIVATE),1]
11-04 01:51:52.563 2358 2358 I sysui_multi_action: [757,111,758,2]
11-04 01:51:52.566 2358 2358 I sysui_multi_action: [757,111,758,1]
11-04 01:51:52.566 2358 2358 I sysui_multi_action: [757,126,758,1,759,126,927,0,928,1,1593,1]
11-04 01:51:52.566 2358 2358 I sysui_multi_action: [757,113,758,1,759,113,927,1,928,1,1593,1]
11-04 01:51:52.566 2358 2358 I sysui_multi_action: [757,0,758,1,759,0,927,2,928,0,1593,1]
11-04 01:51:52.566 2358 2358 I sysui_multi_action: [757,0,758,1,759,0,927,3,928,0,1593,1]
11-04 01:51:52.566 2358 2358 I sysui_multi_action: [757,491,758,1,759,491,927,4,928,0,1311,-1,1593,0]
11-04 01:51:52.566 2358 2358 I sysui_multi_action: [757,0,758,1,759,0,927,5,928,0,1593,0]
11-04 01:51:52.567 2358 2358 I sysui_multi_action: [757,111,758,1]
11-04 01:51:52.567 2358 2358 I sysui_multi_action: [757,126,758,1,759,126,927,0,928,1,1593,1]
11-04 01:51:52.567 2358 2358 I sysui_multi_action: [757,113,758,1,759,113,927,1,928,1,1593,1]
11-04 01:51:52.567 2358 2358 I sysui_multi_action: [757,0,758,1,759,0,927,2,928,0,1593,1]
11-04 01:51:52.567 2358 2358 I sysui_multi_action: [757,0,758,1,759,0,927,3,928,0,1593,1]
11-04 01:51:52.578 2358 2358 I sysui_multi_action: [757,111,758,2]
11-04 01:51:52.578 1474 1474 I notification_enqueue: [10081,2358,com.android.systemui,2048,NULL,0,Notification(channel=updateNotification shortcut=null contentView=null vibrate=null sound=null defaults=0x0 flags=0x0 color=0x00000000 vis=PRIVATE),1]
11-04 01:51:52.578 2358 2358 I sysui_multi_action: [757,111,758,2]
11-04 01:51:52.582 2358 2358 I sysui_multi_action: [757,111,758,1]
11-04 01:51:52.582 2358 2358 I sysui_multi_action: [757,126,758,1,759,126,927,0,928,1,1593,1]
11-04 01:51:52.582 2358 2358 I sysui_multi_action: [757,113,758,1,759,113,927,1,928,1,1593,1]
11-04 01:51:52.582 2358 2358 I sysui_multi_action: [757,0,758,1,759,0,927,2,928,0,1593,1]
11-04 01:51:52.582 2358 2358 I sysui_multi_action: [757,0,758,1,759,0,927,3,928,0,1593,1]
11-04 01:51:52.582 2358 2358 I sysui_multi_action: [757,491,758,1,759,491,927,4,928,0,1311,-1,1593,0]
11-04 01:51:52.583 2358 2358 I sysui_multi_action: [757,0,758,1,759,0,927,5,928,0,1593,0]
11-04 01:51:52.583 2358 2358 I sysui_multi_action: [757,111,758,1]
11-04 01:51:52.583 2358 2358 I sysui_multi_action: [757,126,758,1,759,126,927,0,928,1,1593,1]
11-04 01:51:52.583 2358 2358 I sysui_multi_action: [757,113,758,1,759,113,927,1,928,1,1593,1]
11-04 01:51:52.583 2358 2358 I sysui_multi_action: [757,0,758,1,759,0,927,2,928,0,1593,1]
11-04 01:51:52.583 2358 2358 I sysui_multi_action: [757,0,758,1,759,0,927,3,928,0,1593,1]
11-04 01:51:52.594 2358 2358 I sysui_multi_action: [757,111,758,2]
11-04 01:51:52.595 2358 2358 I sysui_multi_action: [757,111,758,2]
11-04 01:51:52.595 1474 1474 I notification_enqueue: [10081,2358,com.android.systemui,2048,NULL,0,Notification(channel=updateNotification shortcut=null contentView=null vibrate=null sound=null defaults=0x0 flags=0x0 color=0x00000000 vis=PRIVATE),1]
11-04 01:51:52.598 2358 2358 I sysui_multi_action: [757,111,758,1]
11-04 01:51:52.599 2358 2358 I sysui_multi_action: [757,126,758,1,759,126,927,0,928,1,1593,1]
11-04 01:51:52.599 2358 2358 I sysui_multi_action: [757,113,758,1,759,113,927,1,928,1,1593,1]
11-04 01:51:52.599 2358 2358 I sysui_multi_action: [757,0,758,1,759,0,927,2,928,0,1593,1]
11-04 01:51:52.599 2358 2358 I sysui_multi_action: [757,0,758,1,759,0,927,3,928,0,1593,1]
11-04 01:51:52.599 2358 2358 I sysui_multi_action: [757,491,758,1,759,491,927,4,928,0,1311,-1,1593,0]
11-04 01:51:52.599 2358 2358 I sysui_multi_action: [757,0,758,1,759,0,927,5,928,0,1593,0]
11-04 01:51:52.599 2358 2358 I sysui_multi_action: [757,111,758,1]
11-04 01:51:52.599 2358 2358 I sysui_multi_action: [757,126,758,1,759,126,927,0,928,1,1593,1]
11-04 01:51:52.599 2358 2358 I sysui_multi_action: [757,113,758,1,759,113,927,1,928,1,1593,1]
11-04 01:51:52.599 2358 2358 I sysui_multi_action: [757,0,758,1,759,0,927,2,928,0,1593,1]
11-04 01:51:52.599 2358 2358 I sysui_multi_action: [757,0,758,1,759,0,927,3,928,0,1593,1]
11-04 01:51:52.611 2358 2358 I sysui_multi_action: [757,111,758,2]
11-04 01:51:52.611 1474 1474 I notification_enqueue: [10081,2358,com.android.systemui,2048,NULL,0,Notification(channel=updateNotification shortcut=null contentView=null vibrate=null sound=null defaults=0x0 flags=0x0 color=0x00000000 vis=PRIVATE),1]
11-04 01:51:52.611 2358 2358 I sysui_multi_action: [757,111,758,2]
11-04 01:51:52.615 2358 2358 I sysui_multi_action: [757,111,758,1]
11-04 01:51:52.615 2358 2358 I sysui_multi_action: [757,126,758,1,759,126,927,0,928,1,1593,1]
11-04 01:51:52.615 2358 2358 I sysui_multi_action: [757,113,758,1,759,113,927,1,928,1,1593,1]
11-04 01:51:52.615 2358 2358 I sysui_multi_action: [757,0,758,1,759,0,927,2,928,0,1593,1]
11-04 01:51:52.615 2358 2358 I sysui_multi_action: [757,0,758,1,759,0,927,3,928,0,1593,1]
11-04 01:51:52.615 2358 2358 I sysui_multi_action: [757,491,758,1,759,491,927,4,928,0,1311,-1,1593,0]
11-04 01:51:52.615 2358 2358 I sysui_multi_action: [757,0,758,1,759,0,927,5,928,0,1593,0]
11-04 01:51:52.615 2358 2358 I sysui_multi_action: [757,111,758,1]
11-04 01:51:52.615 2358 2358 I sysui_multi_action: [757,126,758,1,759,126,927,0,928,1,1593,1]
11-04 01:51:52.615 2358 2358 I sysui_multi_action: [757,113,758,1,759,113,927,1,928,1,1593,1]
11-04 01:51:52.615 2358 2358 I sysui_multi_action: [757,0,758,1,759,0,927,2,928,0,1593,1]
11-04 01:51:52.615 2358 2358 I sysui_multi_action: [757,0,758,1,759,0,927,3,928,0,1593,1]
11-04 01:51:52.631 2358 2358 I sysui_multi_action: [757,111,758,2]
11-04 01:51:52.631 2358 2358 I sysui_multi_action: [757,111,758,2]
11-04 01:51:52.632 1474 1474 I notification_enqueue: [10081,2358,com.android.systemui,2048,NULL,0,Notification(channel=updateNotification shortcut=null contentView=null vibrate=null sound=null defaults=0x0 flags=0x0 color=0x00000000 vis=PRIVATE),1]
11-04 01:51:52.635 2358 2358 I sysui_multi_action: [757,111,758,1]
11-04 01:51:52.635 2358 2358 I sysui_multi_action: [757,126,758,1,759,126,927,0,928,1,1593,1]
11-04 01:51:52.635 2358 2358 I sysui_multi_action: [757,113,758,1,759,113,927,1,928,1,1593,1]
11-04 01:51:52.635 2358 2358 I sysui_multi_action: [757,0,758,1,759,0,927,2,928,0,1593,1]
11-04 01:51:52.636 2358 2358 I sysui_multi_action: [757,0,758,1,759,0,927,3,928,0,1593,1]
11-04 01:51:52.636 2358 2358 I sysui_multi_action: [757,491,758,1,759,491,927,4,928,0,1311,-1,1593,0]
11-04 01:51:52.636 2358 2358 I sysui_multi_action: [757,0,758,1,759,0,927,5,928,0,1593,0]
11-04 01:51:52.636 2358 2358 I sysui_multi_action: [757,111,758,1]
11-04 01:51:52.636 2358 2358 I sysui_multi_action: [757,126,758,1,759,126,927,0,928,1,1593,1]
11-04 01:51:52.636 2358 2358 I sysui_multi_action: [757,113,758,1,759,113,927,1,928,1,1593,1]
11-04 01:51:52.636 2358 2358 I sysui_multi_action: [757,0,758,1,759,0,927,2,928,0,1593,1]
11-04 01:51:52.636 2358 2358 I sysui_multi_action: [757,0,758,1,759,0,927,3,928,0,1593,1]
11-04 01:51:52.648 2358 2358 I sysui_multi_action: [757,111,758,2]
11-04 01:51:52.648 1474 1474 I notification_enqueue: [10081,2358,com.android.systemui,2048,NULL,0,Notification(channel=updateNotification shortcut=null contentView=null vibrate=null sound=null defaults=0x0 flags=0x0 color=0x00000000 vis=PRIVATE),1]
11-04 01:51:52.648 2358 2358 I sysui_multi_action: [757,111,758,2]
11-04 01:51:52.652 2358 2358 I sysui_multi_action: [757,111,758,1]
11-04 01:51:52.652 2358 2358 I sysui_multi_action: [757,126,758,1,759,126,927,0,928,1,1593,1]
11-04 01:51:52.652 2358 2358 I sysui_multi_action: [757,113,758,1,759,113,927,1,928,1,1593,1]
11-04 01:51:52.652 2358 2358 I sysui_multi_action: [757,0,758,1,759,0,927,2,928,0,1593,1]
11-04 01:51:52.652 2358 2358 I sysui_multi_action: [757,0,758,1,759,0,927,3,928,0,1593,1]
11-04 01:51:52.652 2358 2358 I sysui_multi_action: [757,491,758,1,759,491,927,4,928,0,1311,-1,1593,0]
11-04 01:51:52.653 2358 2358 I sysui_multi_action: [757,0,758,1,759,0,927,5,928,0,1593,0]
11-04 01:51:52.653 2358 2358 I sysui_multi_action: [757,111,758,1]
11-04 01:51:52.653 2358 2358 I sysui_multi_action: [757,126,758,1,759,126,927,0,928,1,1593,1]
11-04 01:51:52.653 2358 2358 I sysui_multi_action: [757,113,758,1,759,113,927,1,928,1,1593,1]
11-04 01:51:52.653 2358 2358 I sysui_multi_action: [757,0,758,1,759,0,927,2,928,0,1593,1]
11-04 01:51:52.653 2358 2358 I sysui_multi_action: [757,0,758,1,759,0,927,3,928,0,1593,1]
11-04 01:51:52.668 2358 2358 I sysui_multi_action: [757,111,758,2]
11-04 01:51:52.668 1474 1474 I notification_enqueue: [10081,2358,com.android.systemui,2048,NULL,0,Notification(channel=updateNotification shortcut=null contentView=null vibrate=null sound=null defaults=0x0 flags=0x0 color=0x00000000 vis=PRIVATE),1]
11-04 01:51:52.668 2358 2358 I sysui_multi_action: [757,111,758,2]
11-04 01:51:52.672 2358 2358 I sysui_multi_action: [757,111,758,1]
11-04 01:51:52.672 2358 2358 I sysui_multi_action: [757,126,758,1,759,126,927,0,928,1,1593,1]
11-04 01:51:52.672 2358 2358 I sysui_multi_action: [757,113,758,1,759,113,927,1,928,1,1593,1]
11-04 01:51:52.672 2358 2358 I sysui_multi_action: [757,0,758,1,759,0,927,2,928,0,1593,1]
11-04 01:51:52.672 2358 2358 I sysui_multi_action: [757,0,758,1,759,0,927,3,928,0,1593,1]
11-04 01:51:52.672 2358 2358 I sysui_multi_action: [757,491,758,1,759,491,927,4,928,0,1311,-1,1593,0]
11-04 01:51:52.672 2358 2358 I sysui_multi_action: [757,0,758,1,759,0,927,5,928,0,1593,0]
11-04 01:51:52.672 2358 2358 I sysui_multi_action: [757,111,758,1]
11-04 01:51:52.672 2358 2358 I sysui_multi_action: [757,126,758,1,759,126,927,0,928,1,1593,1]
11-04 01:51:52.672 2358 2358 I sysui_multi_action: [757,113,758,1,759,113,927,1,928,1,1593,1]
11-04 01:51:52.672 2358 2358 I sysui_multi_action: [757,0,758,1,759,0,927,2,928,0,1593,1]
11-04 01:51:52.672 2358 2358 I sysui_multi_action: [757,0,758,1,759,0,927,3,928,0,1593,1]
11-04 01:51:52.684 2358 2358 I sysui_multi_action: [757,111,758,2]
11-04 01:51:52.684 2358 2358 I sysui_multi_action: [757,111,758,2]
11-04 01:51:52.684 1474 1474 I notification_enqueue: [10081,2358,com.android.systemui,2048,NULL,0,Notification(channel=updateNotification shortcut=null contentView=null vibrate=null sound=null defaults=0x0 flags=0x0 color=0x00000000 vis=PRIVATE),1]
11-04 01:51:52.688 2358 2358 I sysui_multi_action: [757,111,758,1]
11-04 01:51:52.688 2358 2358 I sysui_multi_action: [757,126,758,1,759,126,927,0,928,1,1593,1]
11-04 01:51:52.688 2358 2358 I sysui_multi_action: [757,113,758,1,759,113,927,1,928,1,1593,1]
11-04 01:51:52.688 2358 2358 I sysui_multi_action: [757,0,758,1,759,0,927,2,928,0,1593,1]
11-04 01:51:52.688 2358 2358 I sysui_multi_action: [757,0,758,1,759,0,927,3,928,0,1593,1]
11-04 01:51:52.688 2358 2358 I sysui_multi_action: [757,491,758,1,759,491,927,4,928,0,1311,-1,1593,0]
11-04 01:51:52.688 2358 2358 I sysui_multi_action: [757,0,758,1,759,0,927,5,928,0,1593,0]
11-04 01:51:52.688 2358 2358 I sysui_multi_action: [757,111,758,1]
11-04 01:51:52.688 2358 2358 I sysui_multi_action: [757,126,758,1,759,126,927,0,928,1,1593,1]
11-04 01:51:52.688 2358 2358 I sysui_multi_action: [757,113,758,1,759,113,927,1,928,1,1593,1]
11-04 01:51:52.688 2358 2358 I sysui_multi_action: [757,0,758,1,759,0,927,2,928,0,1593,1]
11-04 01:51:52.688 2358 2358 I sysui_multi_action: [757,0,758,1,759,0,927,3,928,0,1593,1]
11-04 01:51:52.702 2358 2358 I sysui_multi_action: [757,111,758,2]
11-04 01:51:52.702 2358 2358 I sysui_multi_action: [757,111,758,2]
11-04 01:51:52.702 1474 1474 I notification_enqueue: [10081,2358,com.android.systemui,2048,NULL,0,Notification(channel=updateNotification shortcut=null contentView=null vibrate=null sound=null defaults=0x0 flags=0x0 color=0x00000000 vis=PRIVATE),1]
11-04 01:51:52.706 2358 2358 I sysui_multi_action: [757,111,758,1]
11-04 01:51:52.706 2358 2358 I sysui_multi_action: [757,126,758,1,759,126,927,0,928,1,1593,1]
11-04 01:51:52.707 2358 2358 I sysui_multi_action: [757,113,758,1,759,113,927,1,928,1,1593,1]
11-04 01:51:52.707 2358 2358 I sysui_multi_action: [757,0,758,1,759,0,927,2,928,0,1593,1]
11-04 01:51:52.707 2358 2358 I sysui_multi_action: [757,0,758,1,759,0,927,3,928,0,1593,1]
11-04 01:51:52.707 2358 2358 I sysui_multi_action: [757,491,758,1,759,491,927,4,928,0,1311,-1,1593,0]
11-04 01:51:52.707 2358 2358 I sysui_multi_action: [757,0,758,1,759,0,927,5,928,0,1593,0]
11-04 01:51:52.707 2358 2358 I sysui_multi_action: [757,111,758,1]
11-04 01:51:52.707 2358 2358 I sysui_multi_action: [757,126,758,1,759,126,927,0,928,1,1593,1]
11-04 01:51:52.707 2358 2358 I sysui_multi_action: [757,113,758,1,759,113,927,1,928,1,1593,1]
11-04 01:51:52.707 2358 2358 I sysui_multi_action: [757,0,758,1,759,0,927,2,928,0,1593,1]
11-04 01:51:52.707 2358 2358 I sysui_multi_action: [757,0,758,1,759,0,927,3,928,0,1593,1]
11-04 01:51:52.721 2358 2358 I sysui_multi_action: [757,111,758,2]
11-04 01:51:52.721 1474 1474 I notification_enqueue: [10081,2358,com.android.systemui,2048,NULL,0,Notification(channel=updateNotification shortcut=null contentView=null vibrate=null sound=null defaults=0x0 flags=0x0 color=0x00000000 vis=PRIVATE),1]
11-04 01:51:52.721 2358 2358 I sysui_multi_action: [757,111,758,2]
11-04 01:51:52.734 1474 1645 I input_focus: [Focus request c2f885b com.android.launcher3/com.android.launcher3.uioverrides.QuickstepLauncher,reason=UpdateInputWindows]
11-04 01:51:52.735 2358 2358 I sysui_multi_action: [757,111,758,1]
11-04 01:51:52.735 2358 2358 I sysui_multi_action: [757,126,758,1,759,126,927,0,928,1,1593,1]
11-04 01:51:52.735 2358 2358 I sysui_multi_action: [757,113,758,1,759,113,927,1,928,1,1593,1]
11-04 01:51:52.735 2358 2358 I sysui_multi_action: [757,0,758,1,759,0,927,2,928,0,1593,1]
11-04 01:51:52.736 2358 2358 I sysui_multi_action: [757,0,758,1,759,0,927,3,928,0,1593,1]
11-04 01:51:52.736 2358 2358 I sysui_multi_action: [757,491,758,1,759,491,927,4,928,0,1311,-1,1593,0]
11-04 01:51:52.736 2358 2358 I sysui_multi_action: [757,0,758,1,759,0,927,5,928,0,1593,0]
11-04 01:51:52.736 2358 2358 I sysui_multi_action: [757,111,758,1]
11-04 01:51:52.736 2358 2358 I sysui_multi_action: [757,126,758,1,759,126,927,0,928,1,1593,1]
11-04 01:51:52.736 2358 2358 I sysui_multi_action: [757,113,758,1,759,113,927,1,928,1,1593,1]
11-04 01:51:52.736 2358 2358 I sysui_multi_action: [757,0,758,1,759,0,927,2,928,0,1593,1]
11-04 01:51:52.736 2358 2358 I sysui_multi_action: [757,0,758,1,759,0,927,3,928,0,1593,1]
11-04 01:51:52.751 2358 2358 I sysui_multi_action: [757,111,758,2]
11-04 01:51:52.752 2358 2358 I sysui_multi_action: [757,111,758,2]
11-04 01:51:52.754 1474 5812 I sysui_multi_action: [757,128,758,2,793,262169,794,2923,795,262169,796,26,798,0,806,android,857,DEVELOPER_IMPORTANT,858,4,947,0,1395,3,1500,261966,1688,1]
11-04 01:51:52.754 1474 5812 I notification_visibility: [-1|android|26|null|1000,0,262169,262169,0,0]
11-04 01:51:52.754 1474 5812 I sysui_multi_action: [757,128,758,2,793,73172,794,2922,795,38333,796,17303299,797,com.android.wifi,798,1,806,android,857,NETWORK_AVAILABLE,858,2,947,0,1395,3,1500,2922,1688,1]
11-04 01:51:52.754 1474 5812 I notification_visibility: [0|android|17303299|com.android.wifi|1000,0,73172,38333,0,1]
11-04 01:51:52.754 1474 5812 I sysui_multi_action: [757,128,758,2,793,653096,794,2922,795,653096,796,32,798,2,806,android,857,USB,858,1,947,0,1395,3,1500,652679,1688,1]
11-04 01:51:52.754 1474 5812 I notification_visibility: [-1|android|32|null|1000,0,653096,653096,0,2]
11-04 01:51:52.754 1474 6019 I sysui_multi_action: [757,127,758,2]
11-04 01:51:52.754 1474 6019 I notification_panel_hidden:
11-04 01:51:52.755 1474 1474 I notification_enqueue: [10081,2358,com.android.systemui,2048,NULL,0,Notification(channel=updateNotification shortcut=null contentView=null vibrate=null sound=null defaults=0x0 flags=0x0 color=0x00000000 vis=PRIVATE),1]
11-04 01:51:52.762 1474 2005 I input_focus: [Focus leaving 4d6f832 NotificationShade (server),reason=NOT_FOCUSABLE]
11-04 01:51:52.762 1474 2005 I input_focus: [Focus entering c2f885b com.android.launcher3/com.android.launcher3.uioverrides.QuickstepLauncher (server),reason=setFocusedWindow]
11-04 01:51:52.766 2358 2358 I sysui_multi_action: [757,111,758,1]
11-04 01:51:52.766 2358 2358 I sysui_multi_action: [757,126,758,1,759,126,927,0,928,1,1593,0]
11-04 01:51:52.766 2358 2358 I sysui_multi_action: [757,113,758,1,759,113,927,1,928,1,1593,0]
11-04 01:51:52.766 2358 2358 I sysui_multi_action: [757,0,758,1,759,0,927,2,928,0,1593,0]
11-04 01:51:52.766 2358 2358 I sysui_multi_action: [757,0,758,1,759,0,927,3,928,0,1593,0]
11-04 01:51:52.766 2358 2358 I sysui_multi_action: [757,491,758,1,759,491,927,4,928,0,1311,-1,1593,0]
11-04 01:51:52.766 2358 2358 I sysui_multi_action: [757,0,758,1,759,0,927,5,928,0,1593,0]
11-04 01:51:52.767 2358 2358 I sysui_multi_action: [757,111,758,1]
11-04 01:51:52.767 2358 2358 I sysui_multi_action: [757,126,758,1,759,126,927,0,928,1,1593,1]
11-04 01:51:52.767 2358 2358 I sysui_multi_action: [757,113,758,1,759,113,927,1,928,1,1593,1]
11-04 01:51:52.767 2358 2358 I sysui_multi_action: [757,0,758,1,759,0,927,2,928,0,1593,1]
11-04 01:51:52.767 2358 2358 I sysui_multi_action: [757,0,758,1,759,0,927,3,928,0,1593,1]
11-04 01:51:53.144 1474 2005 I input_interaction: Interaction with: 823cadf StatusBar (server), edge-swipe (server), swipe-up (server), PointerEventDispatcher0 (server),
11-04 01:51:53.150 2358 2358 I sysui_multi_action: [757,803,799,panel_open,802,1]
11-04 01:51:53.152 2358 2358 I sysui_multi_action: [757,1328,758,4,1326,58,1327,0,1329,0]
11-04 01:51:53.284 1474 1474 I notification_enqueue: [10081,2358,com.android.systemui,2048,NULL,0,Notification(channel=updateNotification shortcut=null contentView=null vibrate=null sound=null defaults=0x0 flags=0x0 color=0x00000000 vis=PRIVATE),1]
11-04 01:51:53.285 2358 2358 I sysui_multi_action: [757,111,758,2]
11-04 01:51:53.285 2358 2358 I sysui_multi_action: [757,111,758,2]
11-04 01:51:53.286 1474 5559 I sysui_multi_action: [757,127,758,1]
11-04 01:51:53.286 1474 5559 I sysui_multi_action: [757,804,799,note_load,801,3,802,1]
11-04 01:51:53.286 1474 5559 I notification_panel_revealed: 3
11-04 01:51:53.309 1474 1645 I input_focus: [Focus request 4d6f832 NotificationShade,reason=UpdateInputWindows]
11-04 01:51:53.317 2358 2358 I sysui_multi_action: [757,111,758,1]
11-04 01:51:53.317 2358 2358 I sysui_multi_action: [757,126,758,1,759,126,927,0,928,1,1593,0]
11-04 01:51:53.317 2358 2358 I sysui_multi_action: [757,113,758,1,759,113,927,1,928,1,1593,0]
11-04 01:51:53.318 2358 2358 I sysui_multi_action: [757,0,758,1,759,0,927,2,928,0,1593,0]
11-04 01:51:53.318 2358 2358 I sysui_multi_action: [757,0,758,1,759,0,927,3,928,0,1593,0]
11-04 01:51:53.318 2358 2358 I sysui_multi_action: [757,491,758,1,759,491,927,4,928,0,1311,-1,1593,0]
11-04 01:51:53.318 2358 2358 I sysui_multi_action: [757,0,758,1,759,0,927,5,928,0,1593,0]
11-04 01:51:53.318 2358 2358 I sysui_multi_action: [757,111,758,1]
11-04 01:51:53.318 2358 2358 I sysui_multi_action: [757,126,758,1,759,126,927,0,928,1,1593,0]
11-04 01:51:53.318 2358 2358 I sysui_multi_action: [757,113,758,1,759,113,927,1,928,1,1593,0]
11-04 01:51:53.318 2358 2358 I sysui_multi_action: [757,0,758,1,759,0,927,2,928,0,1593,0]
11-04 01:51:53.319 2358 2358 I sysui_multi_action: [757,0,758,1,759,0,927,3,928,0,1593,0]
11-04 01:51:53.333 1474 2005 I input_focus: [Focus leaving c2f885b com.android.launcher3/com.android.launcher3.uioverrides.QuickstepLauncher (server),reason=Waiting for window because NOT_VISIBLE]
11-04 01:51:53.343 2358 2358 I sysui_multi_action: [757,111,758,2]
11-04 01:51:53.343 2358 2358 I sysui_multi_action: [757,111,758,2]
11-04 01:51:53.343 1474 1474 I notification_enqueue: [10081,2358,com.android.systemui,2048,NULL,0,Notification(channel=updateNotification shortcut=null contentView=null vibrate=null sound=null defaults=0x0 flags=0x0 color=0x00000000 vis=PRIVATE),1]
11-04 01:51:53.347 1474 2005 I input_focus: [Focus entering 4d6f832 NotificationShade (server),reason=Window became focusable. Previous reason: NOT_VISIBLE]
11-04 01:51:53.348 2358 2358 I sysui_multi_action: [757,111,758,1]
11-04 01:51:53.348 2358 2358 I sysui_multi_action: [757,126,758,1,759,126,927,0,928,1,1593,0]
11-04 01:51:53.348 2358 2358 I sysui_multi_action: [757,113,758,1,759,113,927,1,928,1,1593,0]
11-04 01:51:53.348 2358 2358 I sysui_multi_action: [757,0,758,1,759,0,927,2,928,0,1593,0]
11-04 01:51:53.348 2358 2358 I sysui_multi_action: [757,0,758,1,759,0,927,3,928,0,1593,0]
11-04 01:51:53.348 2358 2358 I sysui_multi_action: [757,491,758,1,759,491,927,4,928,0,1311,-1,1593,0]
11-04 01:51:53.348 2358 2358 I sysui_multi_action: [757,0,758,1,759,0,927,5,928,0,1593,0]
11-04 01:51:53.349 2358 2358 I sysui_multi_action: [757,111,758,1]
11-04 01:51:53.349 2358 2358 I sysui_multi_action: [757,126,758,1,759,126,927,0,928,1,1593,0]
11-04 01:51:53.349 2358 2358 I sysui_multi_action: [757,113,758,1,759,113,927,1,928,1,1593,0]
11-04 01:51:53.349 2358 2358 I sysui_multi_action: [757,0,758,1,759,0,927,2,928,0,1593,0]
11-04 01:51:53.349 2358 2358 I sysui_multi_action: [757,0,758,1,759,0,927,3,928,0,1593,0]
11-04 01:51:53.367 2358 2358 I sysui_multi_action: [757,111,758,2]
11-04 01:51:53.367 1474 1474 I notification_enqueue: [10081,2358,com.android.systemui,2048,NULL,0,Notification(channel=updateNotification shortcut=null contentView=null vibrate=null sound=null defaults=0x0 flags=0x0 color=0x00000000 vis=PRIVATE),1]
11-04 01:51:53.367 2358 2358 I sysui_multi_action: [757,111,758,2]
11-04 01:51:53.374 2358 2358 I sysui_multi_action: [757,111,758,1]
11-04 01:51:53.374 2358 2358 I sysui_multi_action: [757,126,758,1,759,126,927,0,928,1,1593,0]
11-04 01:51:53.374 2358 2358 I sysui_multi_action: [757,113,758,1,759,113,927,1,928,1,1593,0]
11-04 01:51:53.374 2358 2358 I sysui_multi_action: [757,0,758,1,759,0,927,2,928,0,1593,0]
11-04 01:51:53.374 2358 2358 I sysui_multi_action: [757,0,758,1,759,0,927,3,928,0,1593,0]
11-04 01:51:53.374 2358 2358 I sysui_multi_action: [757,491,758,1,759,491,927,4,928,0,1311,-1,1593,0]
11-04 01:51:53.374 2358 2358 I sysui_multi_action: [757,0,758,1,759,0,927,5,928,0,1593,0]
11-04 01:51:53.374 2358 2358 I sysui_multi_action: [757,111,758,1]
11-04 01:51:53.374 2358 2358 I sysui_multi_action: [757,126,758,1,759,126,927,0,928,1,1593,0]
11-04 01:51:53.374 2358 2358 I sysui_multi_action: [757,113,758,1,759,113,927,1,928,1,1593,0]
11-04 01:51:53.374 2358 2358 I sysui_multi_action: [757,0,758,1,759,0,927,2,928,0,1593,0]
11-04 01:51:53.374 2358 2358 I sysui_multi_action: [757,0,758,1,759,0,927,3,928,0,1593,0]
11-04 01:51:53.848 1474 5397 I sysui_multi_action: [757,128,758,1,793,263263,794,0,795,263263,796,26,798,0,806,android,857,DEVELOPER_IMPORTANT,858,4,947,0,1395,3,1500,263060,1688,1]
11-04 01:51:53.848 1474 5397 I sysui_multi_action: [757,804,799,note_freshness,801,263263,802,1]
11-04 01:51:53.848 1474 5397 I notification_visibility: [-1|android|26|null|1000,1,263263,263263,0,0]
11-04 01:51:53.849 1474 5397 I sysui_multi_action: [757,128,758,1,793,74267,794,0,795,39428,796,17303299,797,com.android.wifi,798,1,806,android,857,NETWORK_AVAILABLE,858,2,947,0,1395,3,1500,4017,1688,1]
11-04 01:51:53.849 1474 5397 I sysui_multi_action: [757,1501,758,1,793,74267,794,0,795,39428,796,17303299,797,com.android.wifi,806,android,857,NETWORK_AVAILABLE,858,2,947,0,1500,0,1688,1]
11-04 01:51:53.849 1474 5397 I sysui_multi_action: [757,804,799,note_interruptive,801,0,802,1]
11-04 01:51:53.849 1474 5397 I sysui_multi_action: [757,804,799,note_freshness,801,39428,802,1]
11-04 01:51:53.849 1474 5397 I notification_visibility: [0|android|17303299|com.android.wifi|1000,1,74267,39428,0,1]
11-04 01:51:53.850 1474 5397 I sysui_multi_action: [757,128,758,1,793,654192,794,0,795,654192,796,32,798,2,806,android,857,USB,858,1,947,0,1395,3,1500,653775,1688,1]
11-04 01:51:53.850 1474 5397 I sysui_multi_action: [757,804,799,note_freshness,801,654192,802,1]
11-04 01:51:53.850 1474 5397 I notification_visibility: [-1|android|32|null|1000,1,654192,654192,0,2]
11-04 01:51:56.340 1474 2005 I input_interaction: Interaction with: 4d6f832 NotificationShade (server), edge-swipe (server), swipe-up (server), PointerEventDispatcher0 (server),
11-04 01:51:57.582 2358 2358 I sysui_multi_action: [757,407,758,4,759,1]
11-04 01:51:57.976 1474 2429 I sysui_multi_action: [757,128,758,3,793,658317,794,4125,795,658317,796,32,806,android,857,USB,858,1,947,0,1500,657900,1688,1]
11-04 01:51:58.473 1474 5397 I sysui_multi_action: [757,128,758,4,793,78891,794,4624,795,44052,796,17303299,797,com.android.wifi,798,3,806,android,857,NETWORK_AVAILABLE,858,2,947,0,1395,3,1500,4624,1688,1]
11-04 01:51:58.474 1474 5397 I notification_clicked: [0|android|17303299|com.android.wifi|1000,78891,44052,4624,3,3]
11-04 01:51:58.475 1474 1474 I sysui_multi_action: [757,804,799,note_click_longevity,801,0,802,1]
11-04 01:51:58.480 1474 2289 I wm_task_created: [32,-1]
11-04 01:51:58.486 1474 2289 I wm_task_moved: [32,1,6]
11-04 01:51:58.486 1474 2289 I wm_task_to_front: [0,32]
11-04 01:51:58.487 1474 2289 I wm_create_task: [0,32]
11-04 01:51:58.487 1474 2289 I wm_create_activity: [0,256735256,32,com.android.settings/.Settings$WifiSettingsActivity,android.settings.WIFI_SETTINGS,NULL,NULL,268435456]
11-04 01:51:58.487 1474 2289 I wm_task_moved: [32,1,6]
11-04 01:51:58.487 2809 2809 I wm_on_top_resumed_lost_called: [59699080,com.android.launcher3.uioverrides.QuickstepLauncher,topStateChangedWhenResumed]
11-04 01:51:58.490 1474 2289 I wm_pause_activity: [0,59699080,com.android.launcher3/.uioverrides.QuickstepLauncher,userLeaving=true,pauseBackTasks]
11-04 01:51:58.495 1474 1474 I sysui_multi_action: [757,128,758,5,759,8,793,78913,794,4646,795,44074,796,17303299,797,com.android.wifi,806,android,857,NETWORK_AVAILABLE,858,2,947,0,1500,4646,1688,1]
11-04 01:51:58.495 2809 2809 I wm_on_paused_called: [59699080,com.android.launcher3.uioverrides.QuickstepLauncher,performPause]
11-04 01:51:58.495 1474 1474 I notification_canceled: [0|android|17303299|com.android.wifi|1000,8,78913,44074,4646,-1,-1,NULL]
11-04 01:51:58.500 1474 5397 I wm_add_to_stopping: [0,59699080,com.android.launcher3/.uioverrides.QuickstepLauncher,makeInvisible]
11-04 01:51:58.516 1474 1644 I sysui_multi_action: [757,803,799,window_time_0,802,134]
11-04 01:51:58.525 1474 2005 I input_focus: [Focus leaving 4d6f832 NotificationShade (server),reason=NOT_FOCUSABLE]
11-04 01:51:58.544 1474 1656 I am_proc_start: [0,6027,1000,com.android.settings,pre-top-activity,{com.android.settings/com.android.settings.Settings$WifiSettingsActivity}]
11-04 01:51:58.549 1474 1654 I am_pss : [3442,10073,com.qualcomm.location.XT,6758400,4685824,0,94568448,0,6,6]
11-04 01:51:58.557 1474 1654 I am_pss : [4049,10023,com.android.packageinstaller,7516160,5623808,0,92454912,0,19,6]
11-04 01:51:58.564 1474 1654 I am_pss : [3575,10030,com.android.managedprovisioning,9586688,7540736,0,97329152,0,19,5]
11-04 01:51:58.567 1474 2429 I am_proc_bound: [0,6027,com.android.settings]
11-04 01:51:58.569 1474 1654 I am_pss : [3686,10026,com.sohu.inputmethod.sogou.car,26208256,9310208,0,95481856,0,7,4]
11-04 01:51:58.571 1474 2429 I wm_restart_activity: [0,256735256,32,com.android.settings/.Settings$WifiSettingsActivity]
11-04 01:51:58.575 1474 2429 I wm_set_resumed_activity: [0,com.android.settings/.Settings$WifiSettingsActivity,minimalResumeActivityLocked]
11-04 01:51:58.575 1474 1654 I am_pss : [3471,1000,com.android.keychain,8505344,6545408,0,94707712,0,6,6]
11-04 01:51:58.583 1474 1654 I am_pss : [3027,10095,android.ext.services,21192704,10383360,0,141926400,0,5,7]
11-04 01:51:58.592 1474 1474 I am_uid_active: 10068
11-04 01:51:58.624 1474 2429 I am_uid_active: 10082
11-04 01:51:58.632 1474 2429 I wm_task_created: [33,-1]
11-04 01:51:58.633 1474 2429 I wm_task_moved: [33,1,7]
11-04 01:51:58.633 1474 2429 I wm_task_to_front: [0,33]
11-04 01:51:58.633 1474 2429 I wm_create_task: [0,33]
11-04 01:51:58.633 1474 2429 I wm_create_activity: [0,1161612,33,com.android.settings/.homepage.SettingsHomepageActivity,android.settings.WIFI_SETTINGS,NULL,NULL,268435456]
11-04 01:51:58.633 1474 2429 I wm_task_moved: [33,1,7]
11-04 01:51:58.633 1474 2429 I wm_pause_activity: [0,256735256,com.android.settings/.Settings$WifiSettingsActivity,userLeaving=true,pauseBackTasks]
11-04 01:51:58.635 1474 2429 I wm_finish_activity: [0,256735256,32,com.android.settings/.Settings$WifiSettingsActivity,app-request]
11-04 01:51:58.635 6027 6027 I wm_on_create_called: [256735256,com.android.settings.Settings$WifiSettingsActivity,performCreate]
11-04 01:51:58.638 1474 1795 I wm_add_to_stopping: [0,256735256,com.android.settings/.Settings$WifiSettingsActivity,completeFinishing]
11-04 01:51:58.640 1474 1795 I wm_restart_activity: [0,1161612,33,com.android.settings/.homepage.SettingsHomepageActivity]
11-04 01:51:58.641 1474 1795 I wm_set_resumed_activity: [0,com.android.settings/.homepage.SettingsHomepageActivity,minimalResumeActivityLocked]
11-04 01:51:58.645 1474 1644 I sysui_multi_action: [757,803,799,window_time_0,802,0]
11-04 01:51:58.671 6027 6027 I wm_on_create_called: [1161612,com.android.settings.homepage.SettingsHomepageActivity,performCreate]
11-04 01:51:58.674 2358 2358 I sysui_multi_action: [757,111,758,2]
11-04 01:51:58.674 1474 1474 I notification_enqueue: [10081,2358,com.android.systemui,2048,NULL,0,Notification(channel=updateNotification shortcut=null contentView=null vibrate=null sound=null defaults=0x0 flags=0x0 color=0x00000000 vis=PRIVATE),1]
11-04 01:51:58.674 2358 2358 I sysui_multi_action: [757,111,758,2]
11-04 01:51:58.684 2358 2358 I sysui_multi_action: [757,111,758,1]
11-04 01:51:58.684 2358 2358 I sysui_multi_action: [757,126,758,1,759,126,927,0,928,1,1593,0]
11-04 01:51:58.684 2358 2358 I sysui_multi_action: [757,113,758,1,759,113,927,1,928,1,1593,0]
11-04 01:51:58.684 2358 2358 I sysui_multi_action: [757,0,758,1,759,0,927,2,928,0,1593,0]
11-04 01:51:58.684 2358 2358 I sysui_multi_action: [757,0,758,1,759,0,927,3,928,0,1593,0]
11-04 01:51:58.685 2358 2358 I sysui_multi_action: [757,491,758,1,759,491,927,4,928,0,1311,-1,1593,0]
11-04 01:51:58.685 2358 2358 I sysui_multi_action: [757,0,758,1,759,0,927,5,928,0,1593,0]
11-04 01:51:58.685 2358 2358 I sysui_multi_action: [757,111,758,1]
11-04 01:51:58.685 2358 2358 I sysui_multi_action: [757,126,758,1,759,126,927,0,928,1,1593,0]
11-04 01:51:58.685 2358 2358 I sysui_multi_action: [757,113,758,1,759,113,927,1,928,1,1593,0]
11-04 01:51:58.685 2358 2358 I sysui_multi_action: [757,0,758,1,759,0,927,2,928,0,1593,0]
11-04 01:51:58.685 2358 2358 I sysui_multi_action: [757,0,758,1,759,0,927,3,928,0,1593,0]
11-04 01:51:58.703 2358 2358 I sysui_multi_action: [757,111,758,2]
11-04 01:51:58.703 2358 2358 I sysui_multi_action: [757,111,758,2]
11-04 01:51:58.704 1474 1474 I notification_enqueue: [10081,2358,com.android.systemui,2048,NULL,0,Notification(channel=updateNotification shortcut=null contentView=null vibrate=null sound=null defaults=0x0 flags=0x0 color=0x00000000 vis=PRIVATE),1]
11-04 01:51:58.707 2358 2358 I sysui_multi_action: [757,111,758,1]
11-04 01:51:58.708 2358 2358 I sysui_multi_action: [757,126,758,1,759,126,927,0,928,1,1593,1]
11-04 01:51:58.708 2358 2358 I sysui_multi_action: [757,113,758,1,759,113,927,1,928,1,1593,1]
11-04 01:51:58.708 2358 2358 I sysui_multi_action: [757,0,758,1,759,0,927,2,928,0,1593,1]
11-04 01:51:58.708 2358 2358 I sysui_multi_action: [757,0,758,1,759,0,927,3,928,0,1593,1]
11-04 01:51:58.708 2358 2358 I sysui_multi_action: [757,491,758,1,759,491,927,4,928,0,1311,-1,1593,0]
11-04 01:51:58.708 2358 2358 I sysui_multi_action: [757,0,758,1,759,0,927,5,928,0,1593,0]
11-04 01:51:58.708 2358 2358 I sysui_multi_action: [757,111,758,1]
11-04 01:51:58.708 2358 2358 I sysui_multi_action: [757,126,758,1,759,126,927,0,928,1,1593,1]
11-04 01:51:58.708 2358 2358 I sysui_multi_action: [757,113,758,1,759,113,927,1,928,1,1593,1]
11-04 01:51:58.708 2358 2358 I sysui_multi_action: [757,0,758,1,759,0,927,2,928,0,1593,1]
11-04 01:51:58.708 2358 2358 I sysui_multi_action: [757,0,758,1,759,0,927,3,928,0,1593,1]
11-04 01:51:58.710 6027 6027 I wm_on_start_called: [1161612,com.android.settings.homepage.SettingsHomepageActivity,handleStartActivity]
11-04 01:51:58.711 6027 6027 I snet_event_log: [120484087,-1,]
11-04 01:51:58.712 6027 6027 I wm_on_resume_called: [1161612,com.android.settings.homepage.SettingsHomepageActivity,RESUME_ACTIVITY]
11-04 01:51:58.714 6027 6027 I sysui_multi_action: [757,35,758,1,833,0,1089,41]
11-04 01:51:58.721 2358 2358 I sysui_multi_action: [757,111,758,2]
11-04 01:51:58.721 1474 1474 I notification_enqueue: [10081,2358,com.android.systemui,2048,NULL,0,Notification(channel=updateNotification shortcut=null contentView=null vibrate=null sound=null defaults=0x0 flags=0x0 color=0x00000000 vis=PRIVATE),1]
11-04 01:51:58.721 2358 2358 I sysui_multi_action: [757,111,758,2]
11-04 01:51:58.721 6027 6027 I sysui_multi_action: [757,1729,758,4,854,isParalleledControllers:false,1089,48]
11-04 01:51:58.725 2358 2358 I sysui_multi_action: [757,111,758,1]
11-04 01:51:58.725 2358 2358 I sysui_multi_action: [757,126,758,1,759,126,927,0,928,1,1593,0]
11-04 01:51:58.725 2358 2358 I sysui_multi_action: [757,113,758,1,759,113,927,1,928,1,1593,0]
11-04 01:51:58.725 2358 2358 I sysui_multi_action: [757,0,758,1,759,0,927,2,928,0,1593,0]
11-04 01:51:58.725 2358 2358 I sysui_multi_action: [757,0,758,1,759,0,927,3,928,0,1593,0]
11-04 01:51:58.726 2358 2358 I sysui_multi_action: [757,491,758,1,759,491,927,4,928,0,1311,-1,1593,0]
11-04 01:51:58.726 2358 2358 I sysui_multi_action: [757,0,758,1,759,0,927,5,928,0,1593,0]
11-04 01:51:58.726 2358 2358 I sysui_multi_action: [757,111,758,1]
11-04 01:51:58.726 2358 2358 I sysui_multi_action: [757,126,758,1,759,126,927,0,928,1,1593,0]
11-04 01:51:58.726 2358 2358 I sysui_multi_action: [757,113,758,1,759,113,927,1,928,1,1593,0]
11-04 01:51:58.726 2358 2358 I sysui_multi_action: [757,0,758,1,759,0,927,2,928,0,1593,0]
11-04 01:51:58.726 2358 2358 I sysui_multi_action: [757,0,758,1,759,0,927,3,928,0,1593,0]
11-04 01:51:58.732 6027 6027 I wm_on_top_resumed_gained_called: [1161612,com.android.settings.homepage.SettingsHomepageActivity,topStateChangedWhenResumed]
11-04 01:51:58.740 2358 2358 I sysui_multi_action: [757,111,758,2]
11-04 01:51:58.740 2358 2358 I sysui_multi_action: [757,111,758,2]
11-04 01:51:58.740 1474 1474 I notification_enqueue: [10081,2358,com.android.systemui,2048,NULL,0,Notification(channel=updateNotification shortcut=null contentView=null vibrate=null sound=null defaults=0x0 flags=0x0 color=0x00000000 vis=PRIVATE),1]
11-04 01:51:58.744 2358 2358 I sysui_multi_action: [757,111,758,1]
11-04 01:51:58.744 2358 2358 I sysui_multi_action: [757,126,758,1,759,126,927,0,928,1,1593,0]
11-04 01:51:58.744 2358 2358 I sysui_multi_action: [757,113,758,1,759,113,927,1,928,1,1593,0]
11-04 01:51:58.744 2358 2358 I sysui_multi_action: [757,0,758,1,759,0,927,2,928,0,1593,0]
11-04 01:51:58.744 2358 2358 I sysui_multi_action: [757,0,758,1,759,0,927,3,928,0,1593,0]
11-04 01:51:58.745 2358 2358 I sysui_multi_action: [757,491,758,1,759,491,927,4,928,0,1311,-1,1593,0]
11-04 01:51:58.745 2358 2358 I sysui_multi_action: [757,0,758,1,759,0,927,5,928,0,1593,0]
