11-04 01:54:15.583 6542 6542 I wm_on_stop_called: [194717656,com.android.settings.Settings,STOP_ACTIVITY_ITEM]
11-04 01:54:16.390 1474 2005 I input_interaction: Interaction with: c2f885b com.android.launcher3/com.android.launcher3.uioverrides.QuickstepLauncher (server), 6b99821 com.android.systemui.ImageWallpaper (server), edge-swipe (server), swipe-up (server), PointerEventDispatcher0 (server),
11-04 01:54:16.540 1474 4558 I wm_task_moved: [41,1,6]
11-04 01:54:16.540 1474 4558 I wm_task_to_front: [0,41]
11-04 01:54:16.541 1474 4558 I wm_focused_root_task: [0,0,41,1,bringingFoundTaskToFront]
11-04 01:54:16.542 1474 4558 I wm_set_resumed_activity: [0,com.android.settings/.Settings,bringingFoundTaskToFront]
11-04 01:54:16.542 1474 4558 I wm_new_intent: [0,194717656,41,com.android.settings/.Settings,android.intent.action.MAIN,NULL,NULL,270532608]
11-04 01:54:16.545 1474 4558 I wm_pause_activity: [0,59699080,com.android.launcher3/.uioverrides.QuickstepLauncher,userLeaving=true,pauseBackTasks]
11-04 01:54:16.555 2809 2809 I wm_on_top_resumed_lost_called: [59699080,com.android.launcher3.uioverrides.QuickstepLauncher,topStateChangedWhenResumed]
11-04 01:54:16.558 2809 2809 I wm_on_paused_called: [59699080,com.android.launcher3.uioverrides.QuickstepLauncher,performPause]
11-04 01:54:16.565 1474 1795 I wm_set_resumed_activity: [0,com.android.settings/.Settings,resumeTopActivityInnerLocked]
11-04 01:54:16.566 1474 1795 I wm_add_to_stopping: [0,59699080,com.android.launcher3/.uioverrides.QuickstepLauncher,makeInvisible]
11-04 01:54:16.567 1474 1795 I wm_resume_activity: [0,194717656,41,com.android.settings/.Settings]
11-04 01:54:16.587 6542 6542 I wm_on_restart_called: [194717656,com.android.settings.Settings,performRestartActivity]
11-04 01:54:16.588 1474 1644 I sysui_multi_action: [757,803,799,window_time_0,802,2]
11-04 01:54:16.600 6542 6542 I wm_on_start_called: [194717656,com.android.settings.Settings,handleStartActivity]
11-04 01:54:16.601 6542 6542 I snet_event_log: [120484087,-1,]
11-04 01:54:16.602 6542 6542 I wm_on_resume_called: [194717656,com.android.settings.Settings,RESUME_ACTIVITY]
11-04 01:54:16.603 6542 6542 I sysui_multi_action: [757,35,758,1,833,0,1089,0]
11-04 01:54:16.604 1474 2005 I input_focus: [Focus leaving c2f885b com.android.launcher3/com.android.launcher3.uioverrides.QuickstepLauncher (server),reason=NO_WINDOW]
11-04 01:54:16.605 6542 6542 I sysui_multi_action: [757,336,758,1,833,0,1089,0]
11-04 01:54:16.616 6542 6542 I wm_on_top_resumed_gained_called: [194717656,com.android.settings.Settings,topWhenResuming]
11-04 01:54:16.623 1474 1645 I input_focus: [Focus request b88e211 com.android.settings/com.android.settings.Settings,reason=UpdateInputWindows]
11-04 01:54:16.652 1474 1641 I sysui_multi_action: [319,42,321,37,322,100,325,819,757,761,758,9,759,4,806,com.android.settings,871,com.android.settings.Settings,904,com.android.launcher3,905,0,1320,4,1321,1]
11-04 01:54:16.655 1474 2005 I input_focus: [Focus entering b88e211 com.android.settings/com.android.settings.Settings (server),reason=setFocusedWindow]
11-04 01:54:17.136 1474 1644 I wm_stop_activity: [0,59699080,com.android.launcher3/.uioverrides.QuickstepLauncher]
11-04 01:54:17.183 2809 2809 I wm_on_stop_called: [59699080,com.android.launcher3.uioverrides.QuickstepLauncher,STOP_ACTIVITY_ITEM]
11-04 01:54:17.822 1474 2005 I input_interaction: Interaction with: b88e211 com.android.settings/com.android.settings.Settings (server), edge-swipe (server), swipe-up (server), PointerEventDispatcher0 (server),
11-04 01:54:17.959 6542 6542 I sysui_multi_action: [757,830,758,4,833,0,854,top_level_storage,1089,0]
11-04 01:54:18.066 6542 6542 I sysui_multi_action: [757,336,758,2,1089,1461]
11-04 01:54:18.100 6542 6542 I sysui_multi_action: [757,745,758,1,833,0,1089,24]
11-04 01:54:18.101 6542 6542 I sysui_multi_action: [757,1729,758,4,854,isParalleledControllers:false,1089,25]
11-04 01:54:18.762 6542 6542 I sysui_multi_action: [757,830,758,4,833,0,854,top_level_notification,1089,0]
11-04 01:54:18.867 6542 6542 I sysui_multi_action: [757,745,758,2,1089,767]
11-04 01:54:18.920 6542 6542 I sysui_multi_action: [757,337,758,1,833,0,1089,36]
11-04 01:54:18.922 6542 6542 I sysui_multi_action: [757,1729,758,4,854,isParalleledControllers:false,1089,38]
11-04 01:54:19.507 6542 6542 I sysui_multi_action: [757,830,758,4,833,0,854,top_level_sound,1089,0]
11-04 01:54:19.612 6542 6542 I sysui_multi_action: [757,337,758,2,1089,692]
11-04 01:54:19.657 6542 6542 I sysui_multi_action: [757,336,758,1,833,0,1089,35]
11-04 01:54:19.662 6542 6542 I sysui_multi_action: [757,1729,758,4,854,isParalleledControllers:false,1089,40]
11-04 01:54:21.900 1474 1655 I am_wtf : [0,1474,system_server,-1,ActivityManager,Sending non-protected broadcast com.android.systemui.action.LAUNCH_MEDIA_OUTPUT_DIALOG from system 6542:com.android.settings/1000 pkg com.android.settings]
11-04 01:54:21.901 6542 6542 I sysui_multi_action: [757,830,758,4,833,0,854,media_output,1089,0]
11-04 01:54:21.990 1474 1645 I input_focus: [Focus request 28d540a MediaOutputDialog,reason=UpdateInputWindows]
11-04 01:54:22.019 1474 2005 I input_focus: [Focus leaving b88e211 com.android.settings/com.android.settings.Settings (server),reason=Waiting for window because NOT_VISIBLE]
11-04 01:54:22.055 1474 2005 I input_focus: [Focus entering 28d540a MediaOutputDialog (server),reason=Window became focusable. Previous reason: NOT_VISIBLE]
11-04 01:54:23.419 1474 2005 I input_interaction: Interaction with: 28d540a MediaOutputDialog (server), edge-swipe (server), swipe-up (server), PointerEventDispatcher0 (server),
11-04 01:54:23.553 1474 1645 I input_focus: [Focus request b88e211 com.android.settings/com.android.settings.Settings,reason=UpdateInputWindows]
11-04 01:54:23.572 1474 2469 I wm_task_created: [42,-1]
11-04 01:54:23.574 1474 2005 I input_focus: [Focus entering b88e211 com.android.settings/com.android.settings.Settings (server),reason=setFocusedWindow]
11-04 01:54:23.576 1474 2469 I wm_task_moved: [42,1,7]
11-04 01:54:23.576 1474 2469 I wm_task_to_front: [0,42]
11-04 01:54:23.576 1474 2469 I wm_create_task: [0,42]
11-04 01:54:23.576 1474 2469 I wm_create_activity: [0,156480977,42,com.android.settings/.SubSettings,android.intent.action.MAIN,NULL,NULL,268468224]
11-04 01:54:23.576 1474 2469 I wm_task_moved: [42,1,7]
11-04 01:54:23.578 1474 2469 I wm_pause_activity: [0,194717656,com.android.settings/.Settings,userLeaving=true,pauseBackTasks]
11-04 01:54:23.585 6542 6542 I wm_on_top_resumed_lost_called: [194717656,com.android.settings.Settings,topStateChangedWhenResumed]
11-04 01:54:23.589 6542 6542 I sysui_multi_action: [757,35,758,2,1089,6985]
11-04 01:54:23.592 6542 6542 I sysui_multi_action: [757,336,758,2,1089,3935]
11-04 01:54:23.595 6542 6542 I wm_on_paused_called: [194717656,com.android.settings.Settings,performPause]
11-04 01:54:23.598 1474 2469 I wm_add_to_stopping: [0,194717656,com.android.settings/.Settings,makeInvisible]
11-04 01:54:23.598 1474 2469 I wm_restart_activity: [0,156480977,42,com.android.settings/.SubSettings]
11-04 01:54:23.599 1474 2469 I wm_set_resumed_activity: [0,com.android.settings/.SubSettings,minimalResumeActivityLocked]
11-04 01:54:23.614 1474 1644 I sysui_multi_action: [757,803,799,window_time_0,802,7]
11-04 01:54:23.622 1474 2005 I input_focus: [Focus leaving b88e211 com.android.settings/com.android.settings.Settings (server),reason=NO_WINDOW]
11-04 01:54:23.625 1474 1654 I am_pss : [6361,10028,com.android.externalstorage,6652928,4468736,0,97357824,0,19,5]
11-04 01:54:23.640 1474 2469 I wm_task_moved: [41,1,7]
11-04 01:54:23.640 1474 2469 I wm_task_to_front: [0,41]
11-04 01:54:23.641 1474 2469 I wm_focused_root_task: [0,0,41,42,bringingFoundTaskToFront]
11-04 01:54:23.641 1474 2469 I wm_set_resumed_activity: [0,com.android.settings/.Settings,bringingFoundTaskToFront]
11-04 01:54:23.641 1474 2469 I wm_finish_activity: [0,194717656,41,com.android.settings/.Settings,clear-task-all]
11-04 01:54:23.642 1474 2469 I wm_task_moved: [41,1,7]
11-04 01:54:23.642 1474 2469 I wm_create_activity: [0,251552893,41,com.android.settings/.homepage.SettingsHomepageActivity,android.intent.action.MAIN,NULL,NULL,272662528]
11-04 01:54:23.643 1474 2469 I wm_pause_activity: [0,156480977,com.android.settings/.SubSettings,userLeaving=true,pauseBackTasks]
11-04 01:54:23.646 1474 2469 I wm_finish_activity: [0,156480977,42,com.android.settings/.SubSettings,app-request]
11-04 01:54:23.647 6542 6542 I wm_on_create_called: [156480977,com.android.settings.SubSettings,performCreate]
11-04 01:54:23.651 1474 1796 I wm_add_to_stopping: [0,156480977,com.android.settings/.SubSettings,completeFinishing]
11-04 01:54:23.652 1474 1796 I wm_restart_activity: [0,251552893,41,com.android.settings/.homepage.SettingsHomepageActivity]
11-04 01:54:23.653 1474 1796 I wm_set_resumed_activity: [0,com.android.settings/.homepage.SettingsHomepageActivity,minimalResumeActivityLocked]
11-04 01:54:23.661 1474 1644 I sysui_multi_action: [757,803,799,window_time_0,802,0]
11-04 01:54:23.679 6542 6542 I service_manager_stats: [100,57,826541]
11-04 01:54:23.688 6542 6542 I wm_on_create_called: [251552893,com.android.settings.homepage.SettingsHomepageActivity,performCreate]
11-04 01:54:23.705 6542 6542 I wm_on_start_called: [251552893,com.android.settings.homepage.SettingsHomepageActivity,handleStartActivity]
11-04 01:54:23.706 6542 6542 I snet_event_log: [120484087,-1,]
11-04 01:54:23.706 6542 6542 I wm_on_resume_called: [251552893,com.android.settings.homepage.SettingsHomepageActivity,RESUME_ACTIVITY]
11-04 01:54:23.707 6542 6542 I sysui_multi_action: [757,35,758,1,833,1851,1089,18]
11-04 01:54:23.713 6542 6542 I sysui_multi_action: [757,1729,758,4,854,isParalleledControllers:false,1089,25]
11-04 01:54:23.716 6542 6542 I wm_on_top_resumed_gained_called: [251552893,com.android.settings.homepage.SettingsHomepageActivity,topStateChangedWhenResumed]
11-04 01:54:23.746 1474 1645 I input_focus: [Focus request 2681446 com.android.settings/com.android.settings.homepage.SettingsHomepageActivity,reason=UpdateInputWindows]
11-04 01:54:23.768 1474 1641 I wm_activity_launch_time: [0,251552893,com.android.settings/.homepage.SettingsHomepageActivity,201]
11-04 01:54:23.772 1474 2005 I input_focus: [Focus entering 2681446 com.android.settings/com.android.settings.homepage.SettingsHomepageActivity (server),reason=setFocusedWindow]
11-04 01:54:23.952 6542 6542 I sysui_multi_action: [757,1018,758,1,833,1851,1089,29]
11-04 01:54:23.954 6542 6542 I sysui_multi_action: [757,1729,758,4,854,isParalleledControllers:false,1089,32]
11-04 01:54:24.189 1474 1644 I wm_destroy_activity: [0,156480977,42,com.android.settings/.SubSettings,finish-imm:idle]
11-04 01:54:24.189 1474 1644 I wm_destroy_activity: [0,194717656,41,com.android.settings/.Settings,finish-imm:idle]
11-04 01:54:24.360 6542 6542 I wm_on_destroy_called: [156480977,com.android.settings.SubSettings,performDestroy]
11-04 01:54:24.361 1474 1796 I wm_task_removed: [42,removeChild:removeChild last r=ActivityRecord{953b5d1 u0 com.android.settings/.SubSettings t-1 f}} in t=Task{87b310 #42 type=standard A=1000:com.android.settings U=0 visible=false mode=fullscreen translucent=true sz=0}]
11-04 01:54:24.361 1474 1796 I wm_task_removed: [42,removeChild]
11-04 01:54:24.364 6542 6542 I wm_on_stop_called: [194717656,com.android.settings.Settings,LIFECYCLER_STOP_ACTIVITY]
11-04 01:54:24.368 6542 6542 I wm_on_destroy_called: [194717656,com.android.settings.Settings,performDestroy]
11-04 01:54:25.764 1474 2005 I input_interaction: Interaction with: 2681446 com.android.settings/com.android.settings.homepage.SettingsHomepageActivity (server), edge-swipe (server), swipe-up (server), PointerEventDispatcher0 (server),
11-04 01:54:25.910 1474 1795 I wm_task_moved: [41,0,0]
11-04 01:54:25.912 1474 1795 I wm_focused_root_task: [0,0,1,41,moveTaskToBackLocked]
11-04 01:54:25.913 1474 1795 I wm_add_to_stopping: [0,251552893,com.android.settings/.homepage.SettingsHomepageActivity,makeInvisible]
11-04 01:54:25.914 1474 1795 I wm_pause_activity: [0,251552893,com.android.settings/.homepage.SettingsHomepageActivity,userLeaving=false,pauseBackTasks]
11-04 01:54:25.916 1474 1795 I wm_set_resumed_activity: [0,com.android.launcher3/.uioverrides.QuickstepLauncher,resumeTopActivityInnerLocked]
11-04 01:54:25.918 1474 1795 I wm_resume_activity: [0,59699080,10,com.android.launcher3/.uioverrides.QuickstepLauncher]
11-04 01:54:25.919 6542 6542 I wm_on_top_resumed_lost_called: [251552893,com.android.settings.homepage.SettingsHomepageActivity,topStateChangedWhenResumed]
11-04 01:54:25.922 6542 6542 I sysui_multi_action: [757,35,758,2,1089,2215]
11-04 01:54:25.922 6542 6542 I sysui_multi_action: [757,1018,758,2,1089,1971]
11-04 01:54:25.923 6542 6542 I wm_on_paused_called: [251552893,com.android.settings.homepage.SettingsHomepageActivity,performPause]
11-04 01:54:25.923 1474 1644 I sysui_multi_action: [757,803,799,window_time_0,802,2]
11-04 01:54:25.927 1474 2005 I input_focus: [Focus leaving 2681446 com.android.settings/com.android.settings.homepage.SettingsHomepageActivity (server),reason=NO_WINDOW]
11-04 01:54:25.930 2809 2809 I wm_on_restart_called: [59699080,com.android.launcher3.uioverrides.QuickstepLauncher,performRestartActivity]
11-04 01:54:25.930 2809 2809 I wm_on_start_called: [59699080,com.android.launcher3.uioverrides.QuickstepLauncher,handleStartActivity]
11-04 01:54:25.930 2809 2809 I wm_on_resume_called: [59699080,com.android.launcher3.uioverrides.QuickstepLauncher,RESUME_ACTIVITY]
11-04 01:54:25.950 1474 1645 I input_focus: [Focus request c2f885b com.android.launcher3/com.android.launcher3.uioverrides.QuickstepLauncher,reason=UpdateInputWindows]
11-04 01:54:25.951 1474 1654 I am_pss : [6543,10084,com.android.music,12793856,9588736,0,110190592,0,4,6]
11-04 01:54:25.954 2809 2809 I wm_on_top_resumed_gained_called: [59699080,com.android.launcher3.uioverrides.QuickstepLauncher,topStateChangedWhenResumed]
11-04 01:54:25.977 1474 2005 I input_focus: [Focus entering c2f885b com.android.launcher3/com.android.launcher3.uioverrides.QuickstepLauncher (server),reason=Window became focusable. Previous reason: NOT_VISIBLE]
11-04 01:54:26.332 1474 1644 I wm_stop_activity: [0,251552893,com.android.settings/.homepage.SettingsHomepageActivity]
11-04 01:54:26.370 6542 6542 I wm_on_stop_called: [251552893,com.android.settings.homepage.SettingsHomepageActivity,STOP_ACTIVITY_ITEM]
11-04 01:54:31.710 1474 1655 I am_uid_idle: 10019
11-04 01:54:34.630 1474 1655 I am_uid_idle: 10028
11-04 01:54:42.132 1474 1654 I am_pss : [4174,1000,com.thundercomm.gamemode,15678464,11923456,0,119439360,0,10,12]
11-04 01:54:42.143 1474 1654 I am_pss : [3876,1000,com.qti.diagservices,6084608,3809280,0,95178752,0,10,7]
11-04 01:54:46.412 1474 1654 I am_pss : [6542,1000,com.android.settings,69927936,55394304,0,217284608,0,15,20]
11-04 01:55:18.773 1474 1672 I sysui_multi_action: [757,1696,758,6,759,2]
11-04 01:55:18.776 1474 1655 I am_wtf : [0,1474,system_server,-1,DisplayDeviceConfig,requesting nits when no mapping exists.]
11-04 01:55:18.780 1474 1655 I am_wtf : [0,1474,system_server,-1,DisplayDeviceConfig,requesting nits when no mapping exists.]
11-04 01:55:18.792 1474 1655 I am_wtf : [0,1474,system_server,-1,DisplayDeviceConfig,requesting nits when no mapping exists.]
11-04 01:55:18.793 1474 1655 I am_wtf : [0,1474,system_server,-1,DisplayDeviceConfig,requesting nits when no mapping exists.]
11-04 01:55:18.808 1474 1655 I am_wtf : [0,1474,system_server,-1,DisplayDeviceConfig,requesting nits when no mapping exists.]
11-04 01:55:18.810 1474 1655 I am_wtf : [0,1474,system_server,-1,DisplayDeviceConfig,requesting nits when no mapping exists.]
11-04 01:55:18.817 1474 1655 I am_wtf : [0,1474,system_server,-1,DisplayDeviceConfig,requesting nits when no mapping exists.]
11-04 01:55:18.819 1474 1655 I am_wtf : [0,1474,system_server,-1,DisplayDeviceConfig,requesting nits when no mapping exists.]
11-04 01:55:18.835 1474 1655 I am_wtf : [0,1474,system_server,-1,DisplayDeviceConfig,requesting nits when no mapping exists.]
11-04 01:55:18.836 1474 1655 I am_wtf : [0,1474,system_server,-1,DisplayDeviceConfig,requesting nits when no mapping exists.]
11-04 01:55:18.852 1474 1655 I am_wtf : [0,1474,system_server,-1,DisplayDeviceConfig,requesting nits when no mapping exists.]
11-04 01:55:18.853 1474 1655 I am_wtf : [0,1474,system_server,-1,DisplayDeviceConfig,requesting nits when no mapping exists.]
11-04 01:55:18.868 1474 1655 I am_wtf : [0,1474,system_server,-1,DisplayDeviceConfig,requesting nits when no mapping exists.]
11-04 01:55:18.869 1474 1655 I am_wtf : [0,1474,system_server,-1,DisplayDeviceConfig,requesting nits when no mapping exists.]
11-04 01:55:18.885 1474 1655 I am_wtf : [0,1474,system_server,-1,DisplayDeviceConfig,requesting nits when no mapping exists.]
11-04 01:55:18.886 1474 1655 I am_wtf : [0,1474,system_server,-1,DisplayDeviceConfig,requesting nits when no mapping exists.]
11-04 01:55:18.902 1474 1655 I am_wtf : [0,1474,system_server,-1,DisplayDeviceConfig,requesting nits when no mapping exists.]
11-04 01:55:18.903 1474 1655 I am_wtf : [0,1474,system_server,-1,DisplayDeviceConfig,requesting nits when no mapping exists.]
11-04 01:55:18.918 1474 1655 I am_wtf : [0,1474,system_server,-1,DisplayDeviceConfig,requesting nits when no mapping exists.]
11-04 01:55:18.919 1474 1655 I am_wtf : [0,1474,system_server,-1,DisplayDeviceConfig,requesting nits when no mapping exists.]
11-04 01:55:18.935 1474 1655 I am_wtf : [0,1474,system_server,-1,DisplayDeviceConfig,requesting nits when no mapping exists.]
11-04 01:55:18.936 1474 1655 I service_manager_stats: [100,77,96620]
11-04 01:55:18.936 1474 1655 I am_wtf : [0,1474,system_server,-1,DisplayDeviceConfig,requesting nits when no mapping exists.]
11-04 01:55:18.952 1474 1655 I am_wtf : [0,1474,system_server,-1,DisplayDeviceConfig,requesting nits when no mapping exists.]
11-04 01:55:18.953 1474 1655 I am_wtf : [0,1474,system_server,-1,DisplayDeviceConfig,requesting nits when no mapping exists.]
11-04 01:55:18.969 1474 1655 I am_wtf : [0,1474,system_server,-1,DisplayDeviceConfig,requesting nits when no mapping exists.]
11-04 01:55:18.970 1474 1655 I am_wtf : [0,1474,system_server,-1,DisplayDeviceConfig,requesting nits when no mapping exists.]
11-04 01:55:18.985 1474 1655 I am_wtf : [0,1474,system_server,-1,DisplayDeviceConfig,requesting nits when no mapping exists.]
11-04 01:55:18.987 1474 1655 I am_wtf : [0,1474,system_server,-1,DisplayDeviceConfig,requesting nits when no mapping exists.]
11-04 01:55:19.003 1474 1655 I am_wtf : [0,1474,system_server,-1,DisplayDeviceConfig,requesting nits when no mapping exists.]
11-04 01:55:19.004 1474 1655 I am_wtf : [0,1474,system_server,-1,DisplayDeviceConfig,requesting nits when no mapping exists.]
11-04 01:55:19.018 1474 1655 I am_wtf : [0,1474,system_server,-1,DisplayDeviceConfig,requesting nits when no mapping exists.]
11-04 01:55:19.020 1474 1655 I am_wtf : [0,1474,system_server,-1,DisplayDeviceConfig,requesting nits when no mapping exists.]
11-04 01:55:19.035 1474 1655 I am_wtf : [0,1474,system_server,-1,DisplayDeviceConfig,requesting nits when no mapping exists.]
11-04 01:55:19.036 1474 1655 I am_wtf : [0,1474,system_server,-1,DisplayDeviceConfig,requesting nits when no mapping exists.]
11-04 01:55:19.052 1474 1655 I am_wtf : [0,1474,system_server,-1,DisplayDeviceConfig,requesting nits when no mapping exists.]
11-04 01:55:19.053 1474 1655 I am_wtf : [0,1474,system_server,-1,DisplayDeviceConfig,requesting nits when no mapping exists.]
11-04 01:55:19.068 1474 1655 I am_wtf : [0,1474,system_server,-1,DisplayDeviceConfig,requesting nits when no mapping exists.]
11-04 01:55:19.069 1474 1655 I am_wtf : [0,1474,system_server,-1,DisplayDeviceConfig,requesting nits when no mapping exists.]
11-04 01:55:19.085 1474 1655 I am_wtf : [0,1474,system_server,-1,DisplayDeviceConfig,requesting nits when no mapping exists.]
11-04 01:55:19.086 1474 1655 I am_wtf : [0,1474,system_server,-1,DisplayDeviceConfig,requesting nits when no mapping exists.]
11-04 01:55:19.102 1474 1655 I am_wtf : [0,1474,system_server,-1,DisplayDeviceConfig,requesting nits when no mapping exists.]
11-04 01:55:19.102 1474 1655 I am_wtf : [0,1474,system_server,-1,DisplayDeviceConfig,requesting nits when no mapping exists.]
11-04 01:55:19.119 1474 1655 I am_wtf : [0,1474,system_server,-1,DisplayDeviceConfig,requesting nits when no mapping exists.]
11-04 01:55:19.120 1474 1655 I am_wtf : [0,1474,system_server,-1,DisplayDeviceConfig,requesting nits when no mapping exists.]
11-04 01:55:19.135 1474 1655 I am_wtf : [0,1474,system_server,-1,DisplayDeviceConfig,requesting nits when no mapping exists.]
11-04 01:55:19.136 1474 1655 I am_wtf : [0,1474,system_server,-1,DisplayDeviceConfig,requesting nits when no mapping exists.]
11-04 01:55:19.152 1474 1655 I am_wtf : [0,1474,system_server,-1,DisplayDeviceConfig,requesting nits when no mapping exists.]
11-04 01:55:19.153 1474 1655 I am_wtf : [0,1474,system_server,-1,DisplayDeviceConfig,requesting nits when no mapping exists.]
11-04 01:55:19.169 1474 1655 I am_wtf : [0,1474,system_server,-1,DisplayDeviceConfig,requesting nits when no mapping exists.]
11-04 01:55:19.170 1474 1655 I am_wtf : [0,1474,system_server,-1,DisplayDeviceConfig,requesting nits when no mapping exists.]
11-04 01:55:19.186 1474 1655 I am_wtf : [0,1474,system_server,-1,DisplayDeviceConfig,requesting nits when no mapping exists.]
11-04 01:55:19.188 1474 1655 I am_wtf : [0,1474,system_server,-1,DisplayDeviceConfig,requesting nits when no mapping exists.]
11-04 01:55:19.202 1474 1655 I am_wtf : [0,1474,system_server,-1,DisplayDeviceConfig,requesting nits when no mapping exists.]
11-04 01:55:19.204 1474 1655 I am_wtf : [0,1474,system_server,-1,DisplayDeviceConfig,requesting nits when no mapping exists.]
11-04 01:55:19.219 1474 1655 I am_wtf : [0,1474,system_server,-1,DisplayDeviceConfig,requesting nits when no mapping exists.]
11-04 01:55:19.220 1474 1655 I am_wtf : [0,1474,system_server,-1,DisplayDeviceConfig,requesting nits when no mapping exists.]
11-04 01:55:19.236 1474 1655 I am_wtf : [0,1474,system_server,-1,DisplayDeviceConfig,requesting nits when no mapping exists.]
11-04 01:55:19.238 1474 1655 I am_wtf : [0,1474,system_server,-1,DisplayDeviceConfig,requesting nits when no mapping exists.]
11-04 01:55:19.252 1474 1655 I am_wtf : [0,1474,system_server,-1,DisplayDeviceConfig,requesting nits when no mapping exists.]
11-04 01:55:19.257 1474 1655 I am_wtf : [0,1474,system_server,-1,DisplayDeviceConfig,requesting nits when no mapping exists.]
11-04 01:55:19.269 1474 1655 I am_wtf : [0,1474,system_server,-1,DisplayDeviceConfig,requesting nits when no mapping exists.]
11-04 01:55:19.270 1474 1655 I am_wtf : [0,1474,system_server,-1,DisplayDeviceConfig,requesting nits when no mapping exists.]
11-04 01:55:19.286 1474 1655 I am_wtf : [0,1474,system_server,-1,DisplayDeviceConfig,requesting nits when no mapping exists.]
11-04 01:55:19.287 1474 1655 I am_wtf : [0,1474,system_server,-1,DisplayDeviceConfig,requesting nits when no mapping exists.]
11-04 01:55:19.303 1474 1655 I am_wtf : [0,1474,system_server,-1,DisplayDeviceConfig,requesting nits when no mapping exists.]
11-04 01:55:19.304 1474 1655 I am_wtf : [0,1474,system_server,-1,DisplayDeviceConfig,requesting nits when no mapping exists.]
11-04 01:55:19.319 1474 1655 I am_wtf : [0,1474,system_server,-1,DisplayDeviceConfig,requesting nits when no mapping exists.]
11-04 01:55:19.320 1474 1655 I am_wtf : [0,1474,system_server,-1,DisplayDeviceConfig,requesting nits when no mapping exists.]
11-04 01:55:19.336 1474 1655 I am_wtf : [0,1474,system_server,-1,DisplayDeviceConfig,requesting nits when no mapping exists.]
11-04 01:55:19.337 1474 1655 I am_wtf : [0,1474,system_server,-1,DisplayDeviceConfig,requesting nits when no mapping exists.]
11-04 01:55:19.353 1474 1655 I am_wtf : [0,1474,system_server,-1,DisplayDeviceConfig,requesting nits when no mapping exists.]
11-04 01:55:19.353 1474 1655 I am_wtf : [0,1474,system_server,-1,DisplayDeviceConfig,requesting nits when no mapping exists.]
11-04 01:55:19.370 1474 1655 I am_wtf : [0,1474,system_server,-1,DisplayDeviceConfig,requesting nits when no mapping exists.]
11-04 01:55:19.371 1474 1655 I am_wtf : [0,1474,system_server,-1,DisplayDeviceConfig,requesting nits when no mapping exists.]
11-04 01:55:19.386 1474 1655 I am_wtf : [0,1474,system_server,-1,DisplayDeviceConfig,requesting nits when no mapping exists.]
11-04 01:55:19.387 1474 1655 I am_wtf : [0,1474,system_server,-1,DisplayDeviceConfig,requesting nits when no mapping exists.]
11-04 01:55:19.403 1474 1655 I am_wtf : [0,1474,system_server,-1,DisplayDeviceConfig,requesting nits when no mapping exists.]
11-04 01:55:19.403 1474 1655 I am_wtf : [0,1474,system_server,-1,DisplayDeviceConfig,requesting nits when no mapping exists.]
11-04 01:55:19.419 1474 1655 I am_wtf : [0,1474,system_server,-1,DisplayDeviceConfig,requesting nits when no mapping exists.]
11-04 01:55:19.420 1474 1655 I am_wtf : [0,1474,system_server,-1,DisplayDeviceConfig,requesting nits when no mapping exists.]
11-04 01:55:19.436 1474 1655 I am_wtf : [0,1474,system_server,-1,DisplayDeviceConfig,requesting nits when no mapping exists.]
11-04 01:55:19.437 1474 1655 I am_wtf : [0,1474,system_server,-1,DisplayDeviceConfig,requesting nits when no mapping exists.]
11-04 01:55:19.454 1474 1655 I am_wtf : [0,1474,system_server,-1,DisplayDeviceConfig,requesting nits when no mapping exists.]
11-04 01:55:19.455 1474 1655 I am_wtf : [0,1474,system_server,-1,DisplayDeviceConfig,requesting nits when no mapping exists.]
11-04 01:55:19.470 1474 1655 I am_wtf : [0,1474,system_server,-1,DisplayDeviceConfig,requesting nits when no mapping exists.]
11-04 01:55:19.471 1474 1655 I am_wtf : [0,1474,system_server,-1,DisplayDeviceConfig,requesting nits when no mapping exists.]
11-04 01:55:19.486 1474 1655 I am_wtf : [0,1474,system_server,-1,DisplayDeviceConfig,requesting nits when no mapping exists.]
11-04 01:55:19.487 1474 1655 I am_wtf : [0,1474,system_server,-1,DisplayDeviceConfig,requesting nits when no mapping exists.]
11-04 01:55:19.503 1474 1655 I am_wtf : [0,1474,system_server,-1,DisplayDeviceConfig,requesting nits when no mapping exists.]
11-04 01:55:19.504 1474 1655 I am_wtf : [0,1474,system_server,-1,DisplayDeviceConfig,requesting nits when no mapping exists.]
11-04 01:55:19.519 1474 1655 I am_wtf : [0,1474,system_server,-1,DisplayDeviceConfig,requesting nits when no mapping exists.]
11-04 01:55:19.520 1474 1655 I am_wtf : [0,1474,system_server,-1,DisplayDeviceConfig,requesting nits when no mapping exists.]
11-04 01:55:19.537 1474 1655 I am_wtf : [0,1474,system_server,-1,DisplayDeviceConfig,requesting nits when no mapping exists.]
11-04 01:55:19.538 1474 1655 I am_wtf : [0,1474,system_server,-1,DisplayDeviceConfig,requesting nits when no mapping exists.]
11-04 01:55:19.554 1474 1655 I am_wtf : [0,1474,system_server,-1,DisplayDeviceConfig,requesting nits when no mapping exists.]
11-04 01:55:19.555 1474 1655 I am_wtf : [0,1474,system_server,-1,DisplayDeviceConfig,requesting nits when no mapping exists.]
11-04 01:55:19.570 1474 1655 I am_wtf : [0,1474,system_server,-1,DisplayDeviceConfig,requesting nits when no mapping exists.]
11-04 01:55:19.571 1474 1655 I am_wtf : [0,1474,system_server,-1,DisplayDeviceConfig,requesting nits when no mapping exists.]
11-04 01:55:19.587 1474 1655 I am_wtf : [0,1474,system_server,-1,DisplayDeviceConfig,requesting nits when no mapping exists.]
11-04 01:55:19.588 1474 1655 I am_wtf : [0,1474,system_server,-1,DisplayDeviceConfig,requesting nits when no mapping exists.]
11-04 01:55:19.604 1474 1655 I am_wtf : [0,1474,system_server,-1,DisplayDeviceConfig,requesting nits when no mapping exists.]
11-04 01:55:19.606 1474 1655 I am_wtf : [0,1474,system_server,-1,DisplayDeviceConfig,requesting nits when no mapping exists.]
11-04 01:55:19.620 1474 1655 I am_wtf : [0,1474,system_server,-1,DisplayDeviceConfig,requesting nits when no mapping exists.]
11-04 01:55:19.623 1474 1655 I am_wtf : [0,1474,system_server,-1,DisplayDeviceConfig,requesting nits when no mapping exists.]
11-04 01:55:19.637 1474 1655 I am_wtf : [0,1474,system_server,-1,DisplayDeviceConfig,requesting nits when no mapping exists.]
11-04 01:55:19.638 1474 1655 I am_wtf : [0,1474,system_server,-1,DisplayDeviceConfig,requesting nits when no mapping exists.]
11-04 01:55:19.653 1474 1655 I am_wtf : [0,1474,system_server,-1,DisplayDeviceConfig,requesting nits when no mapping exists.]
11-04 01:55:19.654 1474 1655 I am_wtf : [0,1474,system_server,-1,DisplayDeviceConfig,requesting nits when no mapping exists.]
11-04 01:55:19.670 1474 1655 I am_wtf : [0,1474,system_server,-1,DisplayDeviceConfig,requesting nits when no mapping exists.]
11-04 01:55:19.672 1474 1655 I am_wtf : [0,1474,system_server,-1,DisplayDeviceConfig,requesting nits when no mapping exists.]
11-04 01:55:19.687 1474 1655 I am_wtf : [0,1474,system_server,-1,DisplayDeviceConfig,requesting nits when no mapping exists.]
11-04 01:55:19.690 1474 1655 I am_wtf : [0,1474,system_server,-1,DisplayDeviceConfig,requesting nits when no mapping exists.]
11-04 01:55:19.705 1474 1655 I am_wtf : [0,1474,system_server,-1,DisplayDeviceConfig,requesting nits when no mapping exists.]
11-04 01:55:19.706 1474 1655 I am_wtf : [0,1474,system_server,-1,DisplayDeviceConfig,requesting nits when no mapping exists.]
11-04 01:55:19.721 1474 1655 I am_wtf : [0,1474,system_server,-1,DisplayDeviceConfig,requesting nits when no mapping exists.]
11-04 01:55:19.722 1474 1655 I am_wtf : [0,1474,system_server,-1,DisplayDeviceConfig,requesting nits when no mapping exists.]
11-04 01:55:19.737 1474 1655 I am_wtf : [0,1474,system_server,-1,DisplayDeviceConfig,requesting nits when no mapping exists.]
11-04 01:55:19.738 1474 1655 I am_wtf : [0,1474,system_server,-1,DisplayDeviceConfig,requesting nits when no mapping exists.]
11-04 01:55:25.776 1474 1641 I sysui_multi_action: [757,222,758,1]
11-04 01:55:25.785 1474 1641 I am_uid_active: 10050
11-04 01:55:25.804 1474 1654 I am_pss : [6542,1000,com.android.settings,69927936,55394304,0,217284608,0,15,18]
11-04 01:55:25.808 1474 1796 I service_manager_stats: [100,58,6872]
11-04 01:55:25.811 1474 1796 I wm_task_created: [43,-1]
11-04 01:55:25.815 1474 1796 I wm_task_moved: [43,1,7]
11-04 01:55:25.815 1474 1796 I wm_task_to_front: [0,43]
11-04 01:55:25.815 1474 1796 I wm_create_task: [0,43]
11-04 01:55:25.815 1474 1796 I wm_create_activity: [0,157231704,43,com.thundercomm.screensaver/android.service.dreams.DreamActivity,NULL,NULL,NULL,276824064]
11-04 01:55:25.815 1474 1796 I wm_task_moved: [43,1,7]
11-04 01:55:25.816 2809 2809 I wm_on_top_resumed_lost_called: [59699080,com.android.launcher3.uioverrides.QuickstepLauncher,topStateChangedWhenResumed]
11-04 01:55:25.817 1474 1796 I wm_pause_activity: [0,59699080,com.android.launcher3/.uioverrides.QuickstepLauncher,userLeaving=true,pauseBackTasks]
11-04 01:55:25.821 2809 2809 I wm_on_paused_called: [59699080,com.android.launcher3.uioverrides.QuickstepLauncher,performPause]
11-04 01:55:25.823 1474 2469 I wm_add_to_stopping: [0,59699080,com.android.launcher3/.uioverrides.QuickstepLauncher,makeInvisible]
11-04 01:55:25.824 1474 2469 I wm_restart_activity: [0,157231704,43,com.thundercomm.screensaver/android.service.dreams.DreamActivity]
11-04 01:55:25.826 1474 2469 I wm_set_resumed_activity: [0,com.thundercomm.screensaver/android.service.dreams.DreamActivity,minimalResumeActivityLocked]
11-04 01:55:25.837 4827 4827 I wm_on_create_called: [157231704,android.service.dreams.DreamActivity,performCreate]
11-04 01:55:25.838 4827 4827 I wm_on_start_called: [157231704,android.service.dreams.DreamActivity,handleStartActivity]
11-04 01:55:25.839 4827 4827 I wm_on_resume_called: [157231704,android.service.dreams.DreamActivity,RESUME_ACTIVITY]
11-04 01:55:25.841 1474 2005 I input_focus: [Focus leaving c2f885b com.android.launcher3/com.android.launcher3.uioverrides.QuickstepLauncher (server),reason=NO_WINDOW]
11-04 01:55:25.844 4827 4827 I wm_on_top_resumed_gained_called: [157231704,android.service.dreams.DreamActivity,topStateChangedWhenResumed]
11-04 01:55:25.859 1474 1644 I sysui_multi_action: [757,803,799,window_time_0,802,60]
11-04 01:55:25.891 1474 1645 I input_focus: [Focus request 75db817 com.thundercomm.screensaver/android.service.dreams.DreamActivity,reason=UpdateInputWindows]
11-04 01:55:25.896 1474 1474 I notification_enqueue: [10081,2358,com.android.systemui,2048,NULL,0,Notification(channel=updateNotification shortcut=null contentView=null vibrate=null sound=null defaults=0x0 flags=0x0 color=0x00000000 vis=PRIVATE),1]
11-04 01:55:25.896 2358 2358 I sysui_multi_action: [757,111,758,2]
11-04 01:55:25.897 2358 2358 I sysui_multi_action: [757,111,758,2]
11-04 01:55:25.914 1474 1641 I sysui_multi_action: [319,106,322,105,325,888,757,761,758,8,759,2,806,com.thundercomm.screensaver,871,android.service.dreams.DreamActivity,904,com.thundercomm.screensaver,905,0,1320,4,1321,2]
11-04 01:55:25.915 1474 1672 I sysui_multi_action: [757,1696,758,6,759,3]
11-04 01:55:25.918 1474 1641 I wm_activity_launch_time: [0,157231704,com.thundercomm.screensaver/android.service.dreams.DreamActivity,105]
11-04 01:55:25.924 1474 1655 I am_wtf : [0,1474,system_server,-1,DisplayDeviceConfig,requesting nits when no mapping exists.]
11-04 01:55:25.927 1474 1655 I am_wtf : [0,1474,system_server,-1,DisplayDeviceConfig,requesting nits when no mapping exists.]
11-04 01:55:25.939 2358 2358 I sysui_multi_action: [757,111,758,1]
11-04 01:55:25.939 2358 2358 I sysui_multi_action: [757,126,758,1,759,126,927,0,928,1,1593,0]
11-04 01:55:25.939 2358 2358 I sysui_multi_action: [757,113,758,1,759,113,927,1,928,1,1593,0]
11-04 01:55:25.940 2358 2358 I sysui_multi_action: [757,0,758,1,759,0,927,2,928,0,1593,0]
11-04 01:55:25.940 2358 2358 I sysui_multi_action: [757,0,758,1,759,0,927,3,928,0,1593,0]
11-04 01:55:25.940 2358 2358 I sysui_multi_action: [757,491,758,1,759,491,927,4,928,0,1311,-1,1593,0]
11-04 01:55:25.940 2358 2358 I sysui_multi_action: [757,0,758,1,759,0,927,5,928,0,1593,0]
11-04 01:55:25.940 2358 2358 I sysui_multi_action: [757,111,758,1]
11-04 01:55:25.940 2358 2358 I sysui_multi_action: [757,126,758,1,759,126,927,0,928,1,1593,0]
11-04 01:55:25.940 2358 2358 I sysui_multi_action: [757,113,758,1,759,113,927,1,928,1,1593,0]
11-04 01:55:25.940 2358 2358 I sysui_multi_action: [757,0,758,1,759,0,927,2,928,0,1593,0]
11-04 01:55:25.940 2358 2358 I sysui_multi_action: [757,0,758,1,759,0,927,3,928,0,1593,0]
11-04 01:55:25.941 1474 1655 I am_wtf : [0,1474,system_server,-1,DisplayDeviceConfig,requesting nits when no mapping exists.]
11-04 01:55:25.942 1474 1655 I am_wtf : [0,1474,system_server,-1,DisplayDeviceConfig,requesting nits when no mapping exists.]
11-04 01:55:25.955 1474 2005 I input_focus: [Focus entering 75db817 com.thundercomm.screensaver/android.service.dreams.DreamActivity (server),reason=Window became focusable. Previous reason: NOT_VISIBLE]
11-04 01:55:25.962 1474 1655 I am_wtf : [0,1474,system_server,-1,DisplayDeviceConfig,requesting nits when no mapping exists.]
11-04 01:55:25.963 1474 1655 I am_wtf : [0,1474,system_server,-1,DisplayDeviceConfig,requesting nits when no mapping exists.]
11-04 01:55:25.979 1474 1655 I am_wtf : [0,1474,system_server,-1,DisplayDeviceConfig,requesting nits when no mapping exists.]
11-04 01:55:25.980 1474 1655 I am_wtf : [0,1474,system_server,-1,DisplayDeviceConfig,requesting nits when no mapping exists.]
11-04 01:55:25.989 1474 1655 I am_wtf : [0,1474,system_server,-1,DisplayDeviceConfig,requesting nits when no mapping exists.]
11-04 01:55:25.990 1474 1655 I am_wtf : [0,1474,system_server,-1,DisplayDeviceConfig,requesting nits when no mapping exists.]
11-04 01:55:26.006 1474 1655 I am_wtf : [0,1474,system_server,-1,DisplayDeviceConfig,requesting nits when no mapping exists.]
11-04 01:55:26.007 1474 1655 I am_wtf : [0,1474,system_server,-1,DisplayDeviceConfig,requesting nits when no mapping exists.]
11-04 01:55:26.021 1474 1655 I am_wtf : [0,1474,system_server,-1,DisplayDeviceConfig,requesting nits when no mapping exists.]
11-04 01:55:26.027 1474 1655 I am_wtf : [0,1474,system_server,-1,DisplayDeviceConfig,requesting nits when no mapping exists.]
11-04 01:55:26.038 1474 1655 I am_wtf : [0,1474,system_server,-1,DisplayDeviceConfig,requesting nits when no mapping exists.]
11-04 01:55:26.039 1474 1655 I am_wtf : [0,1474,system_server,-1,DisplayDeviceConfig,requesting nits when no mapping exists.]
11-04 01:55:26.056 1474 1655 I am_wtf : [0,1474,system_server,-1,DisplayDeviceConfig,requesting nits when no mapping exists.]
11-04 01:55:26.058 1474 1655 I am_wtf : [0,1474,system_server,-1,DisplayDeviceConfig,requesting nits when no mapping exists.]
11-04 01:55:26.073 1474 1655 I am_wtf : [0,1474,system_server,-1,DisplayDeviceConfig,requesting nits when no mapping exists.]
11-04 01:55:26.074 1474 1655 I am_wtf : [0,1474,system_server,-1,DisplayDeviceConfig,requesting nits when no mapping exists.]
11-04 01:55:26.089 1474 1655 I am_wtf : [0,1474,system_server,-1,DisplayDeviceConfig,requesting nits when no mapping exists.]
11-04 01:55:26.090 1474 1655 I am_wtf : [0,1474,system_server,-1,DisplayDeviceConfig,requesting nits when no mapping exists.]
11-04 01:55:26.106 1474 1655 I am_wtf : [0,1474,system_server,-1,DisplayDeviceConfig,requesting nits when no mapping exists.]
11-04 01:55:26.106 1474 1655 I am_wtf : [0,1474,system_server,-1,DisplayDeviceConfig,requesting nits when no mapping exists.]
11-04 01:55:26.123 1474 1655 I am_wtf : [0,1474,system_server,-1,DisplayDeviceConfig,requesting nits when no mapping exists.]
11-04 01:55:26.124 1474 1655 I am_wtf : [0,1474,system_server,-1,DisplayDeviceConfig,requesting nits when no mapping exists.]
11-04 01:55:26.139 1474 1655 I am_wtf : [0,1474,system_server,-1,DisplayDeviceConfig,requesting nits when no mapping exists.]
11-04 01:55:26.143 1474 1655 I am_wtf : [0,1474,system_server,-1,DisplayDeviceConfig,requesting nits when no mapping exists.]
11-04 01:55:26.156 1474 1655 I am_wtf : [0,1474,system_server,-1,DisplayDeviceConfig,requesting nits when no mapping exists.]
11-04 01:55:26.157 1474 1655 I am_wtf : [0,1474,system_server,-1,DisplayDeviceConfig,requesting nits when no mapping exists.]
11-04 01:55:26.172 1474 1655 I am_wtf : [0,1474,system_server,-1,DisplayDeviceConfig,requesting nits when no mapping exists.]
11-04 01:55:26.173 1474 1655 I am_wtf : [0,1474,system_server,-1,DisplayDeviceConfig,requesting nits when no mapping exists.]
11-04 01:55:26.188 1474 1655 I am_wtf : [0,1474,system_server,-1,DisplayDeviceConfig,requesting nits when no mapping exists.]
11-04 01:55:26.194 1474 1655 I am_wtf : [0,1474,system_server,-1,DisplayDeviceConfig,requesting nits when no mapping exists.]
11-04 01:55:26.206 1474 1655 I am_wtf : [0,1474,system_server,-1,DisplayDeviceConfig,requesting nits when no mapping exists.]
11-04 01:55:26.208 1474 1655 I am_wtf : [0,1474,system_server,-1,DisplayDeviceConfig,requesting nits when no mapping exists.]
11-04 01:55:26.209 1474 1644 I wm_stop_activity: [0,59699080,com.android.launcher3/.uioverrides.QuickstepLauncher]
11-04 01:55:26.221 1474 1655 I am_wtf : [0,1474,system_server,-1,DisplayDeviceConfig,requesting nits when no mapping exists.]
11-04 01:55:26.222 1474 1655 I am_wtf : [0,1474,system_server,-1,DisplayDeviceConfig,requesting nits when no mapping exists.]
11-04 01:55:26.225 1474 1654 I am_pss : [6543,10084,com.android.music,12793856,9588736,0,110190592,0,4,7]
11-04 01:55:26.237 1474 1655 I am_wtf : [0,1474,system_server,-1,DisplayDeviceConfig,requesting nits when no mapping exists.]
11-04 01:55:26.238 1474 1655 I am_wtf : [0,1474,system_server,-1,DisplayDeviceConfig,requesting nits when no mapping exists.]
11-04 01:55:26.240 2809 2809 I wm_on_stop_called: [59699080,com.android.launcher3.uioverrides.QuickstepLauncher,STOP_ACTIVITY_ITEM]
11-04 01:55:26.259 1474 1655 I am_wtf : [0,1474,system_server,-1,DisplayDeviceConfig,requesting nits when no mapping exists.]
11-04 01:55:26.260 1474 1655 I am_wtf : [0,1474,system_server,-1,DisplayDeviceConfig,requesting nits when no mapping exists.]
11-04 01:55:26.273 1474 1655 I am_wtf : [0,1474,system_server,-1,DisplayDeviceConfig,requesting nits when no mapping exists.]
11-04 01:55:26.274 1474 1655 I am_wtf : [0,1474,system_server,-1,DisplayDeviceConfig,requesting nits when no mapping exists.]
11-04 01:55:26.286 1474 1655 I am_wtf : [0,1474,system_server,-1,DisplayDeviceConfig,requesting nits when no mapping exists.]
11-04 01:55:26.287 1474 1655 I am_wtf : [0,1474,system_server,-1,DisplayDeviceConfig,requesting nits when no mapping exists.]
11-04 01:55:26.302 1474 1655 I am_wtf : [0,1474,system_server,-1,DisplayDeviceConfig,requesting nits when no mapping exists.]
11-04 01:55:26.304 1474 1655 I am_wtf : [0,1474,system_server,-1,DisplayDeviceConfig,requesting nits when no mapping exists.]
11-04 01:55:26.321 1474 1655 I am_wtf : [0,1474,system_server,-1,DisplayDeviceConfig,requesting nits when no mapping exists.]
11-04 01:55:26.322 1474 1655 I am_wtf : [0,1474,system_server,-1,DisplayDeviceConfig,requesting nits when no mapping exists.]
11-04 01:55:26.336 1474 1655 I am_wtf : [0,1474,system_server,-1,DisplayDeviceConfig,requesting nits when no mapping exists.]
11-04 01:55:26.338 1474 1655 I am_wtf : [0,1474,system_server,-1,DisplayDeviceConfig,requesting nits when no mapping exists.]
11-04 01:55:26.338 1474 1655 I am_uid_idle: 10082
11-04 01:55:26.354 1474 1655 I am_wtf : [0,1474,system_server,-1,DisplayDeviceConfig,requesting nits when no mapping exists.]
11-04 01:55:26.355 1474 1655 I am_wtf : [0,1474,system_server,-1,DisplayDeviceConfig,requesting nits when no mapping exists.]
11-04 01:55:26.370 1474 1655 I am_wtf : [0,1474,system_server,-1,DisplayDeviceConfig,requesting nits when no mapping exists.]
11-04 01:55:26.371 1474 1655 I am_wtf : [0,1474,system_server,-1,DisplayDeviceConfig,requesting nits when no mapping exists.]
11-04 01:55:26.388 1474 1655 I am_wtf : [0,1474,system_server,-1,DisplayDeviceConfig,requesting nits when no mapping exists.]
11-04 01:55:26.389 1474 1655 I am_wtf : [0,1474,system_server,-1,DisplayDeviceConfig,requesting nits when no mapping exists.]
11-04 01:55:26.403 1474 1655 I am_wtf : [0,1474,system_server,-1,DisplayDeviceConfig,requesting nits when no mapping exists.]
11-04 01:55:26.404 1474 1655 I am_wtf : [0,1474,system_server,-1,DisplayDeviceConfig,requesting nits when no mapping exists.]
11-04 01:55:26.420 1474 1655 I am_wtf : [0,1474,system_server,-1,DisplayDeviceConfig,requesting nits when no mapping exists.]
11-04 01:55:26.421 1474 1655 I am_wtf : [0,1474,system_server,-1,DisplayDeviceConfig,requesting nits when no mapping exists.]
11-04 01:55:26.437 1474 1655 I am_wtf : [0,1474,system_server,-1,DisplayDeviceConfig,requesting nits when no mapping exists.]
11-04 01:55:26.438 1474 1655 I am_wtf : [0,1474,system_server,-1,DisplayDeviceConfig,requesting nits when no mapping exists.]
11-04 01:55:26.453 1474 1655 I am_wtf : [0,1474,system_server,-1,DisplayDeviceConfig,requesting nits when no mapping exists.]
11-04 01:55:26.454 1474 1655 I am_wtf : [0,1474,system_server,-1,DisplayDeviceConfig,requesting nits when no mapping exists.]
11-04 01:55:26.470 1474 1655 I am_wtf : [0,1474,system_server,-1,DisplayDeviceConfig,requesting nits when no mapping exists.]
11-04 01:55:26.471 1474 1655 I am_wtf : [0,1474,system_server,-1,DisplayDeviceConfig,requesting nits when no mapping exists.]
11-04 01:55:26.486 1474 1655 I am_wtf : [0,1474,system_server,-1,DisplayDeviceConfig,requesting nits when no mapping exists.]
11-04 01:55:26.488 1474 1655 I am_wtf : [0,1474,system_server,-1,DisplayDeviceConfig,requesting nits when no mapping exists.]
11-04 01:55:26.503 1474 1655 I am_wtf : [0,1474,system_server,-1,DisplayDeviceConfig,requesting nits when no mapping exists.]
11-04 01:55:26.504 1474 1655 I am_wtf : [0,1474,system_server,-1,DisplayDeviceConfig,requesting nits when no mapping exists.]
11-04 01:55:26.520 1474 1655 I am_wtf : [0,1474,system_server,-1,DisplayDeviceConfig,requesting nits when no mapping exists.]
11-04 01:55:26.520 1474 1655 I am_wtf : [0,1474,system_server,-1,DisplayDeviceConfig,requesting nits when no mapping exists.]
11-04 01:55:26.537 1474 1655 I am_wtf : [0,1474,system_server,-1,DisplayDeviceConfig,requesting nits when no mapping exists.]
11-04 01:55:26.537 1474 1655 I am_wtf : [0,1474,system_server,-1,DisplayDeviceConfig,requesting nits when no mapping exists.]
11-04 01:55:26.553 1474 1655 I am_wtf : [0,1474,system_server,-1,DisplayDeviceConfig,requesting nits when no mapping exists.]
11-04 01:55:26.555 1474 1655 I am_wtf : [0,1474,system_server,-1,DisplayDeviceConfig,requesting nits when no mapping exists.]
11-04 01:55:26.572 1474 1655 I am_wtf : [0,1474,system_server,-1,DisplayDeviceConfig,requesting nits when no mapping exists.]
11-04 01:55:26.574 1474 1655 I am_wtf : [0,1474,system_server,-1,DisplayDeviceConfig,requesting nits when no mapping exists.]
11-04 01:55:26.588 1474 1655 I am_wtf : [0,1474,system_server,-1,DisplayDeviceConfig,requesting nits when no mapping exists.]
11-04 01:55:26.589 1474 1655 I am_wtf : [0,1474,system_server,-1,DisplayDeviceConfig,requesting nits when no mapping exists.]
11-04 01:55:26.603 1474 1655 I am_wtf : [0,1474,system_server,-1,DisplayDeviceConfig,requesting nits when no mapping exists.]
11-04 01:55:26.605 1474 1655 I am_wtf : [0,1474,system_server,-1,DisplayDeviceConfig,requesting nits when no mapping exists.]
11-04 01:55:26.621 1474 1655 I am_wtf : [0,1474,system_server,-1,DisplayDeviceConfig,requesting nits when no mapping exists.]
11-04 01:55:26.623 1474 1655 I am_wtf : [0,1474,system_server,-1,DisplayDeviceConfig,requesting nits when no mapping exists.]
11-04 01:55:26.638 1474 1655 I am_wtf : [0,1474,system_server,-1,DisplayDeviceConfig,requesting nits when no mapping exists.]
11-04 01:55:26.640 1474 1655 I am_wtf : [0,1474,system_server,-1,DisplayDeviceConfig,requesting nits when no mapping exists.]
11-04 01:55:26.655 1474 1655 I am_wtf : [0,1474,system_server,-1,DisplayDeviceConfig,requesting nits when no mapping exists.]
11-04 01:55:26.656 1474 1655 I am_wtf : [0,1474,system_server,-1,DisplayDeviceConfig,requesting nits when no mapping exists.]
11-04 01:55:26.670 1474 1655 I am_wtf : [0,1474,system_server,-1,DisplayDeviceConfig,requesting nits when no mapping exists.]
11-04 01:55:26.671 1474 1655 I am_wtf : [0,1474,system_server,-1,DisplayDeviceConfig,requesting nits when no mapping exists.]
11-04 01:55:26.687 1474 1655 I am_wtf : [0,1474,system_server,-1,DisplayDeviceConfig,requesting nits when no mapping exists.]
11-04 01:55:26.688 1474 1655 I am_wtf : [0,1474,system_server,-1,DisplayDeviceConfig,requesting nits when no mapping exists.]
11-04 01:55:26.705 1474 1655 I am_wtf : [0,1474,system_server,-1,DisplayDeviceConfig,requesting nits when no mapping exists.]
11-04 01:55:26.708 1474 1655 I am_wtf : [0,1474,system_server,-1,DisplayDeviceConfig,requesting nits when no mapping exists.]
11-04 01:55:26.720 1474 1655 I am_wtf : [0,1474,system_server,-1,DisplayDeviceConfig,requesting nits when no mapping exists.]
11-04 01:55:26.721 1474 1655 I am_wtf : [0,1474,system_server,-1,DisplayDeviceConfig,requesting nits when no mapping exists.]
11-04 01:55:26.739 1474 1655 I am_wtf : [0,1474,system_server,-1,DisplayDeviceConfig,requesting nits when no mapping exists.]
11-04 01:55:26.740 1474 1655 I am_wtf : [0,1474,system_server,-1,DisplayDeviceConfig,requesting nits when no mapping exists.]
11-04 01:55:26.763 1474 1655 I am_wtf : [0,1474,system_server,-1,DisplayDeviceConfig,requesting nits when no mapping exists.]
11-04 01:55:26.765 1474 1655 I am_wtf : [0,1474,system_server,-1,DisplayDeviceConfig,requesting nits when no mapping exists.]
11-04 01:55:26.779 1474 1655 I am_wtf : [0,1474,system_server,-1,DisplayDeviceConfig,requesting nits when no mapping exists.]
11-04 01:55:26.780 1474 1655 I am_wtf : [0,1474,system_server,-1,DisplayDeviceConfig,requesting nits when no mapping exists.]
11-04 01:55:26.792 1474 1655 I am_wtf : [0,1474,system_server,-1,DisplayDeviceConfig,requesting nits when no mapping exists.]
11-04 01:55:26.797 1474 1655 I am_wtf : [0,1474,system_server,-1,DisplayDeviceConfig,requesting nits when no mapping exists.]
11-04 01:55:26.814 1474 1655 I am_wtf : [0,1474,system_server,-1,DisplayDeviceConfig,requesting nits when no mapping exists.]
11-04 01:55:26.815 1474 1655 I am_wtf : [0,1474,system_server,-1,DisplayDeviceConfig,requesting nits when no mapping exists.]
11-04 01:55:26.828 1474 1655 I am_wtf : [0,1474,system_server,-1,DisplayDeviceConfig,requesting nits when no mapping exists.]
11-04 01:55:26.831 1474 1655 I am_wtf : [0,1474,system_server,-1,DisplayDeviceConfig,requesting nits when no mapping exists.]
11-04 01:55:26.848 1474 1655 I am_wtf : [0,1474,system_server,-1,DisplayDeviceConfig,requesting nits when no mapping exists.]
11-04 01:55:26.851 1474 1655 I am_wtf : [0,1474,system_server,-1,DisplayDeviceConfig,requesting nits when no mapping exists.]
11-04 01:55:26.857 1474 1655 I am_wtf : [0,1474,system_server,-1,DisplayDeviceConfig,requesting nits when no mapping exists.]
11-04 01:55:26.858 1474 1655 I am_wtf : [0,1474,system_server,-1,DisplayDeviceConfig,requesting nits when no mapping exists.]
11-04 01:55:26.883 1474 1655 I am_wtf : [0,1474,system_server,-1,DisplayDeviceConfig,requesting nits when no mapping exists.]
11-04 01:55:26.885 1474 1655 I am_wtf : [0,1474,system_server,-1,DisplayDeviceConfig,requesting nits when no mapping exists.]
11-04 01:56:22.998 1364 1399 I liblog : 76
11-04 01:56:32.293 1474 1655 I am_uid_idle: 10068
11-04 01:56:34.707 1474 2005 I input_interaction: Interaction with: 75db817 com.thundercomm.screensaver/android.service.dreams.DreamActivity (server), edge-swipe (server), swipe-up (server), PointerEventDispatcher0 (server),
11-04 01:56:34.711 1474 5559 I wm_finish_activity: [0,157231704,43,com.thundercomm.screensaver/android.service.dreams.DreamActivity,finish-activity]
11-04 01:56:34.712 1474 5559 I wm_task_moved: [1,1,6]
