11-04 01:49:05.290 2358 2358 I sysui_multi_action: [757,111,758,2]
11-04 01:49:05.290 2358 2358 I sysui_multi_action: [757,111,758,2]
11-04 01:49:05.293 1474 5397 I sysui_multi_action: [757,128,758,2,793,485635,794,1100,795,485635,796,32,798,1,806,android,857,USB,858,1,947,0,1395,2,1500,485218,1688,1]
11-04 01:49:05.294 1474 5397 I notification_visibility: [-1|android|32|null|1000,0,485635,485635,0,1]
11-04 01:49:05.294 1474 5559 I sysui_multi_action: [757,127,758,2]
11-04 01:49:05.294 1474 5559 I notification_panel_hidden:
11-04 01:49:05.308 2358 2358 I sysui_multi_action: [757,111,758,1]
11-04 01:49:05.308 2358 2358 I sysui_multi_action: [757,126,758,1,759,126,927,0,928,0,1593,0]
11-04 01:49:05.308 2358 2358 I sysui_multi_action: [757,113,758,1,759,113,927,1,928,1,1593,0]
11-04 01:49:05.308 2358 2358 I sysui_multi_action: [757,0,758,1,759,0,927,2,928,0,1593,0]
11-04 01:49:05.308 2358 2358 I sysui_multi_action: [757,0,758,1,759,0,927,3,928,0,1593,0]
11-04 01:49:05.309 2358 2358 I sysui_multi_action: [757,491,758,1,759,491,927,4,928,0,1311,-1,1593,0]
11-04 01:49:05.309 2358 2358 I sysui_multi_action: [757,0,758,1,759,0,927,5,928,0,1593,0]
11-04 01:49:05.309 2358 2358 I sysui_multi_action: [757,111,758,1]
11-04 01:49:05.309 2358 2358 I sysui_multi_action: [757,126,758,1,759,126,927,0,928,0,1593,0]
11-04 01:49:05.309 2358 2358 I sysui_multi_action: [757,113,758,1,759,113,927,1,928,1,1593,0]
11-04 01:49:05.309 2358 2358 I sysui_multi_action: [757,0,758,1,759,0,927,2,928,0,1593,0]
11-04 01:49:05.309 2358 2358 I sysui_multi_action: [757,0,758,1,759,0,927,3,928,0,1593,0]
11-04 01:49:06.255 1474 2005 I input_interaction: Interaction with: 6e487ab com.android.settings/com.android.settings.homepage.SettingsHomepageActivity (server), edge-swipe (server), swipe-up (server), PointerEventDispatcher0 (server),
11-04 01:49:06.274 1474 5397 I wm_task_moved: [1,0,0]
11-04 01:49:06.281 1474 5397 I wm_task_moved: [1,0,5]
11-04 01:49:06.289 2809 2809 I wm_on_restart_called: [59699080,com.android.launcher3.uioverrides.QuickstepLauncher,performRestartActivity]
11-04 01:49:06.318 2809 2809 I wm_on_start_called: [59699080,com.android.launcher3.uioverrides.QuickstepLauncher,handleStartActivity]
11-04 01:49:06.338 1474 1641 I sysui_multi_action: [319,21,322,56,325,509,757,761,758,9,759,5,806,com.android.launcher3,871,com.android.launcher3.uioverrides.QuickstepLauncher,905,0,1320,4,1321,1]
11-04 01:49:06.388 5633 5633 I view_enqueue_input_event: [Motion - Cancel,com.android.settings/com.android.settings.homepage.SettingsHomepageActivity]
11-04 01:49:06.389 2809 2809 I sysui_latency: [1,74]
11-04 01:49:06.399 1474 2005 I input_interaction: Interaction with: edge-swipe (server), swipe-up (server), PointerEventDispatcher0 (server),
11-04 01:49:06.400 1474 1645 I input_focus: [Focus request recents_animation_input_consumer,reason=UpdateInputWindows]
11-04 01:49:06.426 1474 2005 I input_focus: [Focus leaving 6e487ab com.android.settings/com.android.settings.homepage.SettingsHomepageActivity (server),reason=NOT_FOCUSABLE]
11-04 01:49:06.426 1474 2005 I input_focus: [Focus entering recents_animation_input_consumer (server),reason=setFocusedWindow]
11-04 01:49:06.633 1474 1654 I sysui_latency: [8,71]
11-04 01:49:07.997 1474 2005 I input_interaction: Interaction with: c2f885b com.android.launcher3/com.android.launcher3.uioverrides.QuickstepLauncher (server), edge-swipe (server), swipe-up (server), PointerEventDispatcher0 (server),
11-04 01:49:08.114 1474 1474 I service_manager_stats: [100,98,91676]
11-04 01:49:08.441 1474 1606 I wm_task_moved: [1,1,6]
11-04 01:49:08.448 1474 1606 I wm_focused_root_task: [0,0,1,26,RecentsAnimation.onAnimationFinished()]
11-04 01:49:08.452 1474 1606 I wm_pause_activity: [0,33507275,com.android.settings/.homepage.SettingsHomepageActivity,userLeaving=false,pauseBackTasks]
11-04 01:49:08.452 5633 5633 I wm_on_top_resumed_lost_called: [33507275,com.android.settings.homepage.SettingsHomepageActivity,topStateChangedWhenResumed]
11-04 01:49:08.459 1474 1606 I wm_set_resumed_activity: [0,com.android.launcher3/.uioverrides.QuickstepLauncher,resumeTopActivityInnerLocked]
11-04 01:49:08.461 1474 1606 I wm_resume_activity: [0,59699080,10,com.android.launcher3/.uioverrides.QuickstepLauncher]
11-04 01:49:08.462 1474 1606 I wm_add_to_stopping: [0,33507275,com.android.settings/.homepage.SettingsHomepageActivity,makeInvisible]
11-04 01:49:08.462 2809 2809 I wm_on_resume_called: [59699080,com.android.launcher3.uioverrides.QuickstepLauncher,RESUME_ACTIVITY]
11-04 01:49:08.472 1474 1645 I input_focus: [Focus request c2f885b com.android.launcher3/com.android.launcher3.uioverrides.QuickstepLauncher,reason=UpdateInputWindows]
11-04 01:49:08.474 1474 1644 I sysui_multi_action: [757,803,799,window_time_0,802,4]
11-04 01:49:08.483 1474 1644 I wm_stop_activity: [0,33507275,com.android.settings/.homepage.SettingsHomepageActivity]
11-04 01:49:08.483 1474 2005 I input_focus: [Focus leaving recents_animation_input_consumer (server),reason=NOT_VISIBLE]
11-04 01:49:08.483 1474 2005 I input_focus: [Focus entering c2f885b com.android.launcher3/com.android.launcher3.uioverrides.QuickstepLauncher (server),reason=setFocusedWindow]
11-04 01:49:08.483 1474 1644 I sysui_multi_action: [757,803,799,window_time_0,802,0]
11-04 01:49:08.488 5633 5633 I sysui_multi_action: [757,35,758,2,1089,3673]
11-04 01:49:08.491 5633 5633 I sysui_multi_action: [757,39,758,2,1089,3362]
11-04 01:49:08.492 5633 5633 I wm_on_paused_called: [33507275,com.android.settings.homepage.SettingsHomepageActivity,performPause]
11-04 01:49:08.504 5633 5633 I wm_on_stop_called: [33507275,com.android.settings.homepage.SettingsHomepageActivity,STOP_ACTIVITY_ITEM]
11-04 01:49:08.506 2809 2809 I wm_on_top_resumed_gained_called: [59699080,com.android.launcher3.uioverrides.QuickstepLauncher,topStateChangedWhenResumed]
11-04 01:49:08.531 1474 2005 I input_interaction: Interaction with: c2f885b com.android.launcher3/com.android.launcher3.uioverrides.QuickstepLauncher (server), 6b99821 com.android.systemui.ImageWallpaper (server), edge-swipe (server), swipe-up (server), PointerEventDispatcher0 (server),
11-04 01:49:08.575 1474 2408 I wm_finish_activity: [0,33507275,26,com.android.settings/.homepage.SettingsHomepageActivity,recent-task-trimmed]
11-04 01:49:08.576 1474 2408 I wm_destroy_activity: [0,33507275,26,com.android.settings/.homepage.SettingsHomepageActivity,finish-imm:finishIfPossible]
11-04 01:49:08.578 1474 1644 I am_kill : [0,5633,com.android.settings,905,remove task]
11-04 01:49:08.579 1474 1644 I sysui_multi_action: [757,803,799,window_time_0,802,0]
11-04 01:49:08.621 1474 2408 I am_proc_died: [0,5633,com.android.settings,905,19]
11-04 01:49:08.627 1474 2408 I wm_task_removed: [26,removeChild:removeChild last r=ActivityRecord{1ff47cb u0 com.android.settings/.homepage.SettingsHomepageActivity t-1 f}} in t=Task{da89cc6 #26 type=standard A=1000:com.android.settings.root U=0 visible=false mode=fullscreen translucent=true sz=0}]
11-04 01:49:08.627 1474 2408 I wm_task_removed: [26,removeChild]
11-04 01:49:11.440 1474 5492 I wm_task_created: [28,-1]
11-04 01:49:11.442 1474 5492 I wm_task_moved: [28,1,6]
11-04 01:49:11.442 1474 5492 I wm_task_to_front: [0,28]
11-04 01:49:11.443 1474 5492 I wm_create_task: [0,28]
11-04 01:49:11.443 1474 5492 I wm_create_activity: [0,242444489,28,com.android.settings/.applications.InstalledAppDetails,android.settings.APPLICATION_DETAILS_SETTINGS,NULL,package:com.android.settings,268468224]
11-04 01:49:11.443 1474 5492 I wm_task_moved: [28,1,6]
11-04 01:49:11.445 1474 5492 I wm_pause_activity: [0,59699080,com.android.launcher3/.uioverrides.QuickstepLauncher,userLeaving=true,pauseBackTasks]
11-04 01:49:11.453 2809 2809 I wm_on_top_resumed_lost_called: [59699080,com.android.launcher3.uioverrides.QuickstepLauncher,topStateChangedWhenResumed]
11-04 01:49:11.454 2809 2809 I wm_on_paused_called: [59699080,com.android.launcher3.uioverrides.QuickstepLauncher,performPause]
11-04 01:49:11.455 1474 5492 I wm_add_to_stopping: [0,59699080,com.android.launcher3/.uioverrides.QuickstepLauncher,makeInvisible]
11-04 01:49:11.465 1474 1644 I sysui_multi_action: [757,803,799,window_time_0,802,3]
11-04 01:49:11.472 1474 2005 I input_focus: [Focus leaving c2f885b com.android.launcher3/com.android.launcher3.uioverrides.QuickstepLauncher (server),reason=NO_WINDOW]
11-04 01:49:11.486 1474 1656 I am_proc_start: [0,5742,1000,com.android.settings,pre-top-activity,{com.android.settings/com.android.settings.applications.InstalledAppDetails}]
11-04 01:49:11.511 1474 5492 I am_proc_bound: [0,5742,com.android.settings]
11-04 01:49:11.514 1474 5492 I wm_restart_activity: [0,242444489,28,com.android.settings/.applications.InstalledAppDetails]
11-04 01:49:11.515 1474 5492 I wm_set_resumed_activity: [0,com.android.settings/.applications.InstalledAppDetails,minimalResumeActivityLocked]
11-04 01:49:11.573 1474 5492 I wm_task_created: [29,-1]
11-04 01:49:11.574 1474 5492 I wm_task_moved: [29,1,7]
11-04 01:49:11.574 1474 5492 I wm_task_to_front: [0,29]
11-04 01:49:11.574 1474 5492 I wm_create_task: [0,29]
11-04 01:49:11.574 1474 5492 I wm_create_activity: [0,52988206,29,com.android.settings/.homepage.SettingsHomepageActivity,android.settings.APPLICATION_DETAILS_SETTINGS,NULL,package:com.android.settings,268468224]
11-04 01:49:11.574 1474 5492 I wm_task_moved: [29,1,7]
11-04 01:49:11.575 1474 5492 I wm_pause_activity: [0,242444489,com.android.settings/.applications.InstalledAppDetails,userLeaving=true,pauseBackTasks]
11-04 01:49:11.579 1474 5415 I wm_finish_activity: [0,242444489,28,com.android.settings/.applications.InstalledAppDetails,app-request]
11-04 01:49:11.579 5742 5742 I wm_on_create_called: [242444489,com.android.settings.applications.InstalledAppDetails,performCreate]
11-04 01:49:11.584 1474 5492 I wm_add_to_stopping: [0,242444489,com.android.settings/.applications.InstalledAppDetails,completeFinishing]
11-04 01:49:11.586 1474 5492 I wm_restart_activity: [0,52988206,29,com.android.settings/.homepage.SettingsHomepageActivity]
11-04 01:49:11.587 1474 5492 I wm_set_resumed_activity: [0,com.android.settings/.homepage.SettingsHomepageActivity,minimalResumeActivityLocked]
11-04 01:49:11.593 1474 1644 I sysui_multi_action: [757,803,799,window_time_0,802,0]
11-04 01:49:11.627 5742 5742 I wm_on_create_called: [52988206,com.android.settings.homepage.SettingsHomepageActivity,performCreate]
11-04 01:49:11.662 5742 5742 I wm_on_start_called: [52988206,com.android.settings.homepage.SettingsHomepageActivity,handleStartActivity]
11-04 01:49:11.663 5742 5742 I snet_event_log: [120484087,-1,]
11-04 01:49:11.664 5742 5742 I wm_on_resume_called: [52988206,com.android.settings.homepage.SettingsHomepageActivity,RESUME_ACTIVITY]
11-04 01:49:11.665 5742 5742 I sysui_multi_action: [757,35,758,1,833,0,1089,36]
11-04 01:49:11.672 5742 5742 I sysui_multi_action: [757,1729,758,4,854,isParalleledControllers:false,1089,43]
11-04 01:49:11.678 5742 5742 I wm_on_top_resumed_gained_called: [52988206,com.android.settings.homepage.SettingsHomepageActivity,topStateChangedWhenResumed]
11-04 01:49:11.730 1474 1645 I input_focus: [Focus request f9a0443 com.android.settings/com.android.settings.homepage.SettingsHomepageActivity,reason=UpdateInputWindows]
11-04 01:49:11.776 1474 1645 I sysui_multi_action: [324,0,757,1090,758,12,806,com.android.settings,871,com.android.settings.homepage.SettingsHomepageActivity,1091,341]
11-04 01:49:11.781 1474 1641 I sysui_multi_action: [319,60,321,56,322,341,325,514,757,761,758,7,759,1,806,com.android.settings,871,com.android.settings.homepage.SettingsHomepageActivity,904,com.android.settings,905,0,945,78,1320,4,1321,1]
11-04 01:49:11.783 1474 1641 I wm_activity_launch_time: [0,52988206,com.android.settings/.homepage.SettingsHomepageActivity,341]
11-04 01:49:11.790 1474 2005 I input_focus: [Focus entering f9a0443 com.android.settings/com.android.settings.homepage.SettingsHomepageActivity (server),reason=Window became focusable. Previous reason: NOT_VISIBLE]
11-04 01:49:11.826 1474 5415 I wm_stop_activity: [0,59699080,com.android.launcher3/.uioverrides.QuickstepLauncher]
11-04 01:49:11.833 2809 2809 I wm_on_stop_called: [59699080,com.android.launcher3.uioverrides.QuickstepLauncher,STOP_ACTIVITY_ITEM]
11-04 01:49:11.977 1474 5415 D TelephonyRegistry: listen oscl: mHasNotifySubscriptionInfoChangedOccurred==false no callback
11-04 01:49:11.979 5742 5742 I sysui_multi_action: [757,20,758,1,833,0,1089,70]
11-04 01:49:12.000 5742 5742 I sysui_multi_action: [757,1729,758,4,854,isParalleledControllers:false,1089,92]
11-04 01:49:12.070 1474 5415 I am_uid_active: 10093
11-04 01:49:12.106 1474 1644 I wm_destroy_activity: [0,242444489,28,com.android.settings/.applications.InstalledAppDetails,finish-imm:idle]
11-04 01:49:12.137 5742 5742 I wm_on_destroy_called: [242444489,com.android.settings.applications.InstalledAppDetails,performDestroy]
11-04 01:49:12.138 1474 5415 I wm_task_removed: [28,removeChild:removeChild last r=ActivityRecord{e7368c9 u0 com.android.settings/.applications.InstalledAppDetails t-1 f}} in t=Task{68499e8 #28 type=standard A=1000:com.android.settings U=0 visible=false mode=fullscreen translucent=true sz=0}]
11-04 01:49:12.138 1474 5415 I wm_task_removed: [28,removeChild]
11-04 01:49:12.813 1474 2005 I input_interaction: Interaction with: f9a0443 com.android.settings/com.android.settings.homepage.SettingsHomepageActivity (server), edge-swipe (server), swipe-up (server), PointerEventDispatcher0 (server),
11-04 01:49:12.832 1474 5729 I wm_task_moved: [1,0,0]
11-04 01:49:12.833 1474 5729 I wm_task_moved: [1,0,5]
11-04 01:49:12.860 2809 2809 I wm_on_restart_called: [59699080,com.android.launcher3.uioverrides.QuickstepLauncher,performRestartActivity]
11-04 01:49:12.896 2809 2809 I wm_on_start_called: [59699080,com.android.launcher3.uioverrides.QuickstepLauncher,handleStartActivity]
11-04 01:49:12.925 1474 2005 I input_interaction: Interaction with: edge-swipe (server), swipe-up (server), PointerEventDispatcher0 (server),
11-04 01:49:12.925 2809 2809 I sysui_latency: [1,96]
11-04 01:49:12.927 1474 1641 I sysui_multi_action: [319,13,322,80,325,515,757,761,758,9,759,5,806,com.android.launcher3,871,com.android.launcher3.uioverrides.QuickstepLauncher,905,0,1320,4,1321,1]
11-04 01:49:12.932 5742 5742 I view_enqueue_input_event: [Motion - Cancel,com.android.settings/com.android.settings.homepage.SettingsHomepageActivity]
11-04 01:49:12.936 1474 1645 I input_focus: [Focus request recents_animation_input_consumer,reason=UpdateInputWindows]
11-04 01:49:12.959 1474 2005 I input_focus: [Focus leaving f9a0443 com.android.settings/com.android.settings.homepage.SettingsHomepageActivity (server),reason=NOT_FOCUSABLE]
11-04 01:49:12.959 1474 2005 I input_focus: [Focus entering recents_animation_input_consumer (server),reason=setFocusedWindow]
11-04 01:49:13.215 1474 1654 I sysui_latency: [8,95]
11-04 01:49:15.091 1474 2005 I input_interaction: Interaction with: c2f885b com.android.launcher3/com.android.launcher3.uioverrides.QuickstepLauncher (server), edge-swipe (server), swipe-up (server), PointerEventDispatcher0 (server),
11-04 01:49:15.483 1474 5415 I wm_task_moved: [1,1,6]
11-04 01:49:15.489 1474 5415 I wm_focused_root_task: [0,0,1,29,RecentsAnimation.onAnimationFinished()]
11-04 01:49:15.490 5742 5742 I wm_on_top_resumed_lost_called: [52988206,com.android.settings.homepage.SettingsHomepageActivity,topStateChangedWhenResumed]
11-04 01:49:15.491 1474 5415 I wm_pause_activity: [0,52988206,com.android.settings/.homepage.SettingsHomepageActivity,userLeaving=false,pauseBackTasks]
11-04 01:49:15.499 1474 5415 I wm_set_resumed_activity: [0,com.android.launcher3/.uioverrides.QuickstepLauncher,resumeTopActivityInnerLocked]
11-04 01:49:15.500 1474 5415 I wm_resume_activity: [0,59699080,10,com.android.launcher3/.uioverrides.QuickstepLauncher]
11-04 01:49:15.501 1474 5415 I wm_add_to_stopping: [0,52988206,com.android.settings/.homepage.SettingsHomepageActivity,makeInvisible]
11-04 01:49:15.505 2809 2809 I wm_on_resume_called: [59699080,com.android.launcher3.uioverrides.QuickstepLauncher,RESUME_ACTIVITY]
11-04 01:49:15.514 1474 1645 I input_focus: [Focus request c2f885b com.android.launcher3/com.android.launcher3.uioverrides.QuickstepLauncher,reason=UpdateInputWindows]
11-04 01:49:15.520 1474 1644 I sysui_multi_action: [757,803,799,window_time_0,802,4]
11-04 01:49:15.522 1474 1644 I wm_stop_activity: [0,52988206,com.android.settings/.homepage.SettingsHomepageActivity]
11-04 01:49:15.523 5742 5742 I sysui_multi_action: [757,35,758,2,1089,3858]
11-04 01:49:15.525 2809 2809 I wm_on_top_resumed_gained_called: [59699080,com.android.launcher3.uioverrides.QuickstepLauncher,topStateChangedWhenResumed]
11-04 01:49:15.532 1474 1644 I sysui_multi_action: [757,803,799,window_time_0,802,0]
11-04 01:49:15.532 1474 2005 I input_focus: [Focus leaving recents_animation_input_consumer (server),reason=NOT_VISIBLE]
11-04 01:49:15.532 1474 2005 I input_focus: [Focus entering c2f885b com.android.launcher3/com.android.launcher3.uioverrides.QuickstepLauncher (server),reason=setFocusedWindow]
11-04 01:49:15.533 5742 5742 I sysui_multi_action: [757,20,758,2,1089,3553]
11-04 01:49:15.538 5742 5742 I wm_on_paused_called: [52988206,com.android.settings.homepage.SettingsHomepageActivity,performPause]
11-04 01:49:15.549 5742 5742 I wm_on_stop_called: [52988206,com.android.settings.homepage.SettingsHomepageActivity,STOP_ACTIVITY_ITEM]
11-04 01:49:15.557 1474 1654 I am_pss : [5399,10062,com.android.gallery3d,7838720,6299648,0,94834688,0,19,6]
11-04 01:49:15.564 1474 1654 I am_pss : [5383,10018,com.android.musicfx,5313536,3870720,0,91058176,0,19,6]
11-04 01:49:15.577 1474 1654 I am_pss : [4559,10084,com.android.music,23781376,17039360,0,151887872,0,19,7]
11-04 01:49:15.616 1474 5559 I wm_finish_activity: [0,52988206,29,com.android.settings/.homepage.SettingsHomepageActivity,recent-task-trimmed]
11-04 01:49:15.618 1474 5559 I wm_destroy_activity: [0,52988206,29,com.android.settings/.homepage.SettingsHomepageActivity,finish-imm:finishIfPossible]
11-04 01:49:15.623 1474 1644 I am_kill : [0,5742,com.android.settings,905,remove task]
11-04 01:49:15.625 1474 1644 I sysui_multi_action: [757,803,799,window_time_0,802,0]
11-04 01:49:15.677 1474 5628 I am_proc_died: [0,5742,com.android.settings,905,19]
11-04 01:49:15.686 1474 5628 I wm_task_removed: [29,removeChild:removeChild last r=ActivityRecord{328892e u0 com.android.settings/.homepage.SettingsHomepageActivity t-1 f}} in t=Task{8b32c48 #29 type=standard A=1000:com.android.settings.root U=0 visible=false mode=fullscreen translucent=true sz=0}]
11-04 01:49:15.686 1474 5628 I wm_task_removed: [29,removeChild]
11-04 01:49:16.156 1474 2005 I input_interaction: Interaction with: 823cadf StatusBar (server), edge-swipe (server), swipe-up (server), PointerEventDispatcher0 (server),
11-04 01:49:16.162 2358 2358 I sysui_multi_action: [757,803,799,panel_open,802,1]
11-04 01:49:16.164 2358 2358 I sysui_multi_action: [757,1328,758,4,1326,40,1327,2,1329,0]
11-04 01:49:16.305 1474 2429 I sysui_multi_action: [757,127,758,1]
11-04 01:49:16.306 1474 2429 I sysui_multi_action: [757,804,799,note_load,801,2,802,1]
11-04 01:49:16.306 1474 2429 I notification_panel_revealed: 2
11-04 01:49:16.311 1474 1474 I notification_enqueue: [10081,2358,com.android.systemui,2048,NULL,0,Notification(channel=updateNotification shortcut=null contentView=null vibrate=null sound=null defaults=0x0 flags=0x0 color=0x00000000 vis=PRIVATE),1]
11-04 01:49:16.312 2358 2358 I sysui_multi_action: [757,111,758,2]
11-04 01:49:16.313 2358 2358 I sysui_multi_action: [757,111,758,2]
11-04 01:49:16.333 1474 1645 I input_focus: [Focus request 4d6f832 NotificationShade,reason=UpdateInputWindows]
11-04 01:49:16.342 2358 2358 I sysui_multi_action: [757,111,758,1]
11-04 01:49:16.343 2358 2358 I sysui_multi_action: [757,126,758,1,759,126,927,0,928,0,1593,1]
11-04 01:49:16.343 2358 2358 I sysui_multi_action: [757,113,758,1,759,113,927,1,928,1,1593,1]
11-04 01:49:16.343 2358 2358 I sysui_multi_action: [757,0,758,1,759,0,927,2,928,0,1593,1]
11-04 01:49:16.343 2358 2358 I sysui_multi_action: [757,0,758,1,759,0,927,3,928,0,1593,1]
11-04 01:49:16.343 2358 2358 I sysui_multi_action: [757,491,758,1,759,491,927,4,928,0,1311,-1,1593,0]
11-04 01:49:16.343 2358 2358 I sysui_multi_action: [757,0,758,1,759,0,927,5,928,0,1593,0]
11-04 01:49:16.344 2358 2358 I sysui_multi_action: [757,111,758,1]
11-04 01:49:16.344 2358 2358 I sysui_multi_action: [757,126,758,1,759,126,927,0,928,0,1593,1]
11-04 01:49:16.344 2358 2358 I sysui_multi_action: [757,113,758,1,759,113,927,1,928,1,1593,1]
11-04 01:49:16.344 2358 2358 I sysui_multi_action: [757,0,758,1,759,0,927,2,928,0,1593,1]
11-04 01:49:16.344 2358 2358 I sysui_multi_action: [757,0,758,1,759,0,927,3,928,0,1593,1]
11-04 01:49:16.353 1474 2005 I input_focus: [Focus leaving c2f885b com.android.launcher3/com.android.launcher3.uioverrides.QuickstepLauncher (server),reason=Waiting for window because NOT_VISIBLE]
11-04 01:49:16.365 2358 2358 I sysui_multi_action: [757,111,758,2]
11-04 01:49:16.365 1474 1474 I notification_enqueue: [10081,2358,com.android.systemui,2048,NULL,0,Notification(channel=updateNotification shortcut=null contentView=null vibrate=null sound=null defaults=0x0 flags=0x0 color=0x00000000 vis=PRIVATE),1]
11-04 01:49:16.365 2358 2358 I sysui_multi_action: [757,111,758,2]
11-04 01:49:16.369 1474 2005 I input_focus: [Focus entering 4d6f832 NotificationShade (server),reason=Window became focusable. Previous reason: NOT_VISIBLE]
11-04 01:49:16.373 2358 2358 I sysui_multi_action: [757,111,758,1]
11-04 01:49:16.373 2358 2358 I sysui_multi_action: [757,126,758,1,759,126,927,0,928,0,1593,1]
11-04 01:49:16.373 2358 2358 I sysui_multi_action: [757,113,758,1,759,113,927,1,928,1,1593,1]
11-04 01:49:16.373 2358 2358 I sysui_multi_action: [757,0,758,1,759,0,927,2,928,0,1593,1]
11-04 01:49:16.373 2358 2358 I sysui_multi_action: [757,0,758,1,759,0,927,3,928,0,1593,1]
11-04 01:49:16.373 2358 2358 I sysui_multi_action: [757,491,758,1,759,491,927,4,928,0,1311,-1,1593,0]
11-04 01:49:16.374 2358 2358 I sysui_multi_action: [757,0,758,1,759,0,927,5,928,0,1593,0]
11-04 01:49:16.374 2358 2358 I sysui_multi_action: [757,111,758,1]
11-04 01:49:16.374 2358 2358 I sysui_multi_action: [757,126,758,1,759,126,927,0,928,0,1593,1]
11-04 01:49:16.374 2358 2358 I sysui_multi_action: [757,113,758,1,759,113,927,1,928,1,1593,1]
11-04 01:49:16.374 2358 2358 I sysui_multi_action: [757,0,758,1,759,0,927,2,928,0,1593,1]
11-04 01:49:16.374 2358 2358 I sysui_multi_action: [757,0,758,1,759,0,927,3,928,0,1593,1]
11-04 01:49:16.870 1474 5628 I sysui_multi_action: [757,128,758,1,793,106285,794,0,795,106285,796,26,798,0,806,android,857,DEVELOPER_IMPORTANT,858,4,947,0,1395,2,1500,106082,1688,1]
11-04 01:49:16.871 1474 5628 I sysui_multi_action: [757,804,799,note_freshness,801,106285,802,1]
11-04 01:49:16.871 1474 5628 I notification_visibility: [-1|android|26|null|1000,1,106285,106285,0,0]
11-04 01:49:16.871 1474 5628 I sysui_multi_action: [757,128,758,1,793,497213,794,0,795,497213,796,32,798,1,806,android,857,USB,858,1,947,0,1395,2,1500,496796,1688,1]
11-04 01:49:16.871 1474 5628 I sysui_multi_action: [757,804,799,note_freshness,801,497213,802,1]
11-04 01:49:16.871 1474 5628 I notification_visibility: [-1|android|32|null|1000,1,497213,497213,0,1]
11-04 01:49:18.176 1474 2005 I input_interaction: Interaction with: 4d6f832 NotificationShade (server), edge-swipe (server), swipe-up (server), PointerEventDispatcher0 (server),
11-04 01:49:18.267 2358 2358 I sysui_multi_action: [757,407,758,4,759,0]
11-04 01:49:18.672 1474 2429 I sysui_multi_action: [757,128,758,14,793,499014,794,1801,795,499014,796,32,806,android,857,USB,858,1,947,0,1500,498597,1688,1]
11-04 01:49:25.108 2358 2358 I sysui_multi_action: [757,925,758,4,759,0,927,3,928,0,1592,0,1593,1]
11-04 01:49:25.130 1474 2429 I wm_task_created: [30,-1]
11-04 01:49:25.137 1474 2429 I wm_task_moved: [30,1,6]
11-04 01:49:25.137 1474 2429 I wm_task_to_front: [0,30]
11-04 01:49:25.137 1474 2429 I wm_create_task: [0,30]
11-04 01:49:25.137 1474 2429 I wm_create_activity: [0,41486984,30,com.android.systemui/.screenrecord.ScreenRecordDialog,NULL,NULL,NULL,276824064]
11-04 01:49:25.137 1474 2429 I wm_task_moved: [30,1,6]
11-04 01:49:25.139 2809 2809 I wm_on_top_resumed_lost_called: [59699080,com.android.launcher3.uioverrides.QuickstepLauncher,topStateChangedWhenResumed]
11-04 01:49:25.140 1474 2429 I wm_pause_activity: [0,59699080,com.android.launcher3/.uioverrides.QuickstepLauncher,userLeaving=true,pauseBackTasks]
11-04 01:49:25.147 2809 2809 I wm_on_paused_called: [59699080,com.android.launcher3.uioverrides.QuickstepLauncher,performPause]
11-04 01:49:25.152 1474 5415 I wm_restart_activity: [0,41486984,30,com.android.systemui/.screenrecord.ScreenRecordDialog]
11-04 01:49:25.154 1474 5415 I wm_set_resumed_activity: [0,com.android.systemui/.screenrecord.ScreenRecordDialog,minimalResumeActivityLocked]
11-04 01:49:25.166 1474 1644 I sysui_multi_action: [757,803,799,window_time_0,802,10]
11-04 01:49:25.171 1474 2005 I input_focus: [Focus leaving 4d6f832 NotificationShade (server),reason=NOT_FOCUSABLE]
11-04 01:49:25.198 2358 2358 I wm_on_create_called: [41486984,com.android.systemui.screenrecord.ScreenRecordDialog,performCreate]
11-04 01:49:25.199 2358 2358 I wm_on_start_called: [41486984,com.android.systemui.screenrecord.ScreenRecordDialog,handleStartActivity]
11-04 01:49:25.199 2358 2358 I wm_on_resume_called: [41486984,com.android.systemui.screenrecord.ScreenRecordDialog,RESUME_ACTIVITY]
11-04 01:49:25.202 2358 2358 I wm_on_top_resumed_gained_called: [41486984,com.android.systemui.screenrecord.ScreenRecordDialog,topStateChangedWhenResumed]
11-04 01:49:25.219 1474 1645 I input_focus: [Focus request f9cafa3 com.android.systemui/com.android.systemui.screenrecord.ScreenRecordDialog,reason=UpdateInputWindows]
11-04 01:49:25.239 1474 1641 I sysui_multi_action: [319,105,322,104,325,527,757,761,758,8,759,2,806,com.android.systemui,871,com.android.systemui.screenrecord.ScreenRecordDialog,904,com.android.systemui,905,0,1320,4,1321,1]
11-04 01:49:25.242 1474 1641 I wm_activity_launch_time: [0,41486984,com.android.systemui/.screenrecord.ScreenRecordDialog,104]
11-04 01:49:25.255 1474 2005 I input_focus: [Focus entering f9cafa3 com.android.systemui/com.android.systemui.screenrecord.ScreenRecordDialog (server),reason=Window became focusable. Previous reason: NOT_VISIBLE]
11-04 01:49:25.341 1474 1474 I notification_enqueue: [10081,2358,com.android.systemui,2048,NULL,0,Notification(channel=updateNotification shortcut=null contentView=null vibrate=null sound=null defaults=0x0 flags=0x0 color=0x00000000 vis=PRIVATE),1]
11-04 01:49:25.343 2358 2358 I sysui_multi_action: [757,111,758,2]
11-04 01:49:25.343 2358 2358 I sysui_multi_action: [757,111,758,2]
11-04 01:49:25.363 2358 2358 I sysui_multi_action: [757,111,758,1]
11-04 01:49:25.364 2358 2358 I sysui_multi_action: [757,126,758,1,759,126,927,0,928,0,1593,1]
11-04 01:49:25.364 2358 2358 I sysui_multi_action: [757,113,758,1,759,113,927,1,928,1,1593,1]
11-04 01:49:25.364 2358 2358 I sysui_multi_action: [757,0,758,1,759,0,927,2,928,0,1593,1]
11-04 01:49:25.364 2358 2358 I sysui_multi_action: [757,0,758,1,759,0,927,3,928,0,1593,1]
11-04 01:49:25.365 2358 2358 I sysui_multi_action: [757,491,758,1,759,491,927,4,928,0,1311,-1,1593,0]
11-04 01:49:25.365 2358 2358 I sysui_multi_action: [757,0,758,1,759,0,927,5,928,0,1593,0]
11-04 01:49:25.365 2358 2358 I sysui_multi_action: [757,111,758,1]
11-04 01:49:25.365 2358 2358 I sysui_multi_action: [757,126,758,1,759,126,927,0,928,0,1593,1]
11-04 01:49:25.365 2358 2358 I sysui_multi_action: [757,113,758,1,759,113,927,1,928,1,1593,1]
11-04 01:49:25.365 2358 2358 I sysui_multi_action: [757,0,758,1,759,0,927,2,928,0,1593,1]
11-04 01:49:25.366 2358 2358 I sysui_multi_action: [757,0,758,1,759,0,927,3,928,0,1593,1]
11-04 01:49:25.390 1474 1474 I notification_enqueue: [10081,2358,com.android.systemui,2048,NULL,0,Notification(channel=updateNotification shortcut=null contentView=null vibrate=null sound=null defaults=0x0 flags=0x0 color=0x00000000 vis=PRIVATE),1]
11-04 01:49:25.390 2358 2358 I sysui_multi_action: [757,111,758,2]
11-04 01:49:25.391 2358 2358 I sysui_multi_action: [757,111,758,2]
11-04 01:49:25.397 2358 2358 I sysui_multi_action: [757,111,758,1]
11-04 01:49:25.397 2358 2358 I sysui_multi_action: [757,126,758,1,759,126,927,0,928,0,1593,1]
11-04 01:49:25.397 2358 2358 I sysui_multi_action: [757,113,758,1,759,113,927,1,928,1,1593,1]
11-04 01:49:25.397 2358 2358 I sysui_multi_action: [757,0,758,1,759,0,927,2,928,0,1593,1]
11-04 01:49:25.397 2358 2358 I sysui_multi_action: [757,0,758,1,759,0,927,3,928,0,1593,1]
11-04 01:49:25.397 2358 2358 I sysui_multi_action: [757,491,758,1,759,491,927,4,928,0,1311,-1,1593,0]
11-04 01:49:25.397 2358 2358 I sysui_multi_action: [757,0,758,1,759,0,927,5,928,0,1593,0]
11-04 01:49:25.397 2358 2358 I sysui_multi_action: [757,111,758,1]
11-04 01:49:25.397 2358 2358 I sysui_multi_action: [757,126,758,1,759,126,927,0,928,0,1593,1]
11-04 01:49:25.398 2358 2358 I sysui_multi_action: [757,113,758,1,759,113,927,1,928,1,1593,1]
11-04 01:49:25.398 2358 2358 I sysui_multi_action: [757,0,758,1,759,0,927,2,928,0,1593,1]
11-04 01:49:25.398 2358 2358 I sysui_multi_action: [757,0,758,1,759,0,927,3,928,0,1593,1]
11-04 01:49:25.418 2358 2358 I sysui_multi_action: [757,111,758,2]
11-04 01:49:25.418 2358 2358 I sysui_multi_action: [757,111,758,2]
11-04 01:49:25.419 1474 1474 I notification_enqueue: [10081,2358,com.android.systemui,2048,NULL,0,Notification(channel=updateNotification shortcut=null contentView=null vibrate=null sound=null defaults=0x0 flags=0x0 color=0x00000000 vis=PRIVATE),1]
11-04 01:49:25.423 2358 2358 I sysui_multi_action: [757,111,758,1]
11-04 01:49:25.423 2358 2358 I sysui_multi_action: [757,126,758,1,759,126,927,0,928,0,1593,1]
11-04 01:49:25.424 2358 2358 I sysui_multi_action: [757,113,758,1,759,113,927,1,928,1,1593,1]
11-04 01:49:25.424 2358 2358 I sysui_multi_action: [757,0,758,1,759,0,927,2,928,0,1593,1]
11-04 01:49:25.424 2358 2358 I sysui_multi_action: [757,0,758,1,759,0,927,3,928,0,1593,1]
11-04 01:49:25.424 2358 2358 I sysui_multi_action: [757,491,758,1,759,491,927,4,928,0,1311,-1,1593,0]
11-04 01:49:25.424 2358 2358 I sysui_multi_action: [757,0,758,1,759,0,927,5,928,0,1593,0]
11-04 01:49:25.424 2358 2358 I sysui_multi_action: [757,111,758,1]
11-04 01:49:25.424 2358 2358 I sysui_multi_action: [757,126,758,1,759,126,927,0,928,0,1593,1]
11-04 01:49:25.424 2358 2358 I sysui_multi_action: [757,113,758,1,759,113,927,1,928,1,1593,1]
11-04 01:49:25.424 2358 2358 I sysui_multi_action: [757,0,758,1,759,0,927,2,928,0,1593,1]
11-04 01:49:25.424 2358 2358 I sysui_multi_action: [757,0,758,1,759,0,927,3,928,0,1593,1]
11-04 01:49:25.436 2358 2358 I sysui_multi_action: [757,111,758,2]
11-04 01:49:25.436 1474 1474 I notification_enqueue: [10081,2358,com.android.systemui,2048,NULL,0,Notification(channel=updateNotification shortcut=null contentView=null vibrate=null sound=null defaults=0x0 flags=0x0 color=0x00000000 vis=PRIVATE),1]
11-04 01:49:25.436 2358 2358 I sysui_multi_action: [757,111,758,2]
11-04 01:49:25.441 2358 2358 I sysui_multi_action: [757,111,758,1]
11-04 01:49:25.441 2358 2358 I sysui_multi_action: [757,126,758,1,759,126,927,0,928,0,1593,0]
11-04 01:49:25.441 2358 2358 I sysui_multi_action: [757,113,758,1,759,113,927,1,928,1,1593,0]
11-04 01:49:25.441 2358 2358 I sysui_multi_action: [757,0,758,1,759,0,927,2,928,0,1593,1]
11-04 01:49:25.441 2358 2358 I sysui_multi_action: [757,0,758,1,759,0,927,3,928,0,1593,1]
11-04 01:49:25.441 2358 2358 I sysui_multi_action: [757,491,758,1,759,491,927,4,928,0,1311,-1,1593,0]
11-04 01:49:25.441 2358 2358 I sysui_multi_action: [757,0,758,1,759,0,927,5,928,0,1593,0]
11-04 01:49:25.441 2358 2358 I sysui_multi_action: [757,111,758,1]
11-04 01:49:25.441 2358 2358 I sysui_multi_action: [757,126,758,1,759,126,927,0,928,0,1593,1]
11-04 01:49:25.441 2358 2358 I sysui_multi_action: [757,113,758,1,759,113,927,1,928,1,1593,1]
11-04 01:49:25.441 2358 2358 I sysui_multi_action: [757,0,758,1,759,0,927,2,928,0,1593,1]
11-04 01:49:25.441 2358 2358 I sysui_multi_action: [757,0,758,1,759,0,927,3,928,0,1593,1]
11-04 01:49:25.454 2358 2358 I sysui_multi_action: [757,111,758,2]
11-04 01:49:25.454 1474 1474 I notification_enqueue: [10081,2358,com.android.systemui,2048,NULL,0,Notification(channel=updateNotification shortcut=null contentView=null vibrate=null sound=null defaults=0x0 flags=0x0 color=0x00000000 vis=PRIVATE),1]
11-04 01:49:25.455 2358 2358 I sysui_multi_action: [757,111,758,2]
11-04 01:49:25.459 2358 2358 I sysui_multi_action: [757,111,758,1]
11-04 01:49:25.459 2358 2358 I sysui_multi_action: [757,126,758,1,759,126,927,0,928,0,1593,0]
11-04 01:49:25.459 2358 2358 I sysui_multi_action: [757,113,758,1,759,113,927,1,928,1,1593,0]
11-04 01:49:25.459 2358 2358 I sysui_multi_action: [757,0,758,1,759,0,927,2,928,0,1593,0]
11-04 01:49:25.459 2358 2358 I sysui_multi_action: [757,0,758,1,759,0,927,3,928,0,1593,0]
11-04 01:49:25.460 2358 2358 I sysui_multi_action: [757,491,758,1,759,491,927,4,928,0,1311,-1,1593,0]
11-04 01:49:25.460 2358 2358 I sysui_multi_action: [757,0,758,1,759,0,927,5,928,0,1593,0]
11-04 01:49:25.460 2358 2358 I sysui_multi_action: [757,111,758,1]
11-04 01:49:25.460 2358 2358 I sysui_multi_action: [757,126,758,1,759,126,927,0,928,0,1593,0]
11-04 01:49:25.460 2358 2358 I sysui_multi_action: [757,113,758,1,759,113,927,1,928,1,1593,0]
11-04 01:49:25.460 2358 2358 I sysui_multi_action: [757,0,758,1,759,0,927,2,928,0,1593,0]
11-04 01:49:25.460 2358 2358 I sysui_multi_action: [757,0,758,1,759,0,927,3,928,0,1593,0]
11-04 01:49:25.471 2358 2358 I sysui_multi_action: [757,111,758,2]
11-04 01:49:25.471 1474 1474 I notification_enqueue: [10081,2358,com.android.systemui,2048,NULL,0,Notification(channel=updateNotification shortcut=null contentView=null vibrate=null sound=null defaults=0x0 flags=0x0 color=0x00000000 vis=PRIVATE),1]
11-04 01:49:25.471 2358 2358 I sysui_multi_action: [757,111,758,2]
11-04 01:49:25.476 2358 2358 I sysui_multi_action: [757,111,758,1]
11-04 01:49:25.476 2358 2358 I sysui_multi_action: [757,126,758,1,759,126,927,0,928,0,1593,1]
11-04 01:49:25.476 2358 2358 I sysui_multi_action: [757,113,758,1,759,113,927,1,928,1,1593,1]
11-04 01:49:25.476 2358 2358 I sysui_multi_action: [757,0,758,1,759,0,927,2,928,0,1593,1]
11-04 01:49:25.476 2358 2358 I sysui_multi_action: [757,0,758,1,759,0,927,3,928,0,1593,1]
11-04 01:49:25.476 2358 2358 I sysui_multi_action: [757,491,758,1,759,491,927,4,928,0,1311,-1,1593,0]
11-04 01:49:25.476 2358 2358 I sysui_multi_action: [757,0,758,1,759,0,927,5,928,0,1593,0]
11-04 01:49:25.476 2358 2358 I sysui_multi_action: [757,111,758,1]
11-04 01:49:25.476 2358 2358 I sysui_multi_action: [757,126,758,1,759,126,927,0,928,0,1593,1]
11-04 01:49:25.476 2358 2358 I sysui_multi_action: [757,113,758,1,759,113,927,1,928,1,1593,1]
11-04 01:49:25.476 2358 2358 I sysui_multi_action: [757,0,758,1,759,0,927,2,928,0,1593,1]
11-04 01:49:25.476 2358 2358 I sysui_multi_action: [757,0,758,1,759,0,927,3,928,0,1593,1]
11-04 01:49:25.491 2358 2358 I sysui_multi_action: [757,111,758,2]
11-04 01:49:25.491 1474 1474 I notification_enqueue: [10081,2358,com.android.systemui,2048,NULL,0,Notification(channel=updateNotification shortcut=null contentView=null vibrate=null sound=null defaults=0x0 flags=0x0 color=0x00000000 vis=PRIVATE),1]
11-04 01:49:25.491 2358 2358 I sysui_multi_action: [757,111,758,2]
11-04 01:49:25.496 2358 2358 I sysui_multi_action: [757,111,758,1]
11-04 01:49:25.496 2358 2358 I sysui_multi_action: [757,126,758,1,759,126,927,0,928,0,1593,1]
11-04 01:49:25.496 2358 2358 I sysui_multi_action: [757,113,758,1,759,113,927,1,928,1,1593,1]
11-04 01:49:25.496 2358 2358 I sysui_multi_action: [757,0,758,1,759,0,927,2,928,0,1593,1]
11-04 01:49:25.496 2358 2358 I sysui_multi_action: [757,0,758,1,759,0,927,3,928,0,1593,1]
11-04 01:49:25.496 2358 2358 I sysui_multi_action: [757,491,758,1,759,491,927,4,928,0,1311,-1,1593,0]
11-04 01:49:25.496 2358 2358 I sysui_multi_action: [757,0,758,1,759,0,927,5,928,0,1593,0]
11-04 01:49:25.496 2358 2358 I sysui_multi_action: [757,111,758,1]
11-04 01:49:25.496 2358 2358 I sysui_multi_action: [757,126,758,1,759,126,927,0,928,0,1593,1]
11-04 01:49:25.496 2358 2358 I sysui_multi_action: [757,113,758,1,759,113,927,1,928,1,1593,1]
11-04 01:49:25.497 2358 2358 I sysui_multi_action: [757,0,758,1,759,0,927,2,928,0,1593,1]
11-04 01:49:25.497 2358 2358 I sysui_multi_action: [757,0,758,1,759,0,927,3,928,0,1593,1]
11-04 01:49:25.510 2358 2358 I sysui_multi_action: [757,111,758,2]
11-04 01:49:25.510 2358 2358 I sysui_multi_action: [757,111,758,2]
11-04 01:49:25.511 1474 1474 I notification_enqueue: [10081,2358,com.android.systemui,2048,NULL,0,Notification(channel=updateNotification shortcut=null contentView=null vibrate=null sound=null defaults=0x0 flags=0x0 color=0x00000000 vis=PRIVATE),1]
11-04 01:49:25.514 2358 2358 I sysui_multi_action: [757,111,758,1]
11-04 01:49:25.514 2358 2358 I sysui_multi_action: [757,126,758,1,759,126,927,0,928,0,1593,1]
11-04 01:49:25.514 2358 2358 I sysui_multi_action: [757,113,758,1,759,113,927,1,928,1,1593,1]
11-04 01:49:25.514 2358 2358 I sysui_multi_action: [757,0,758,1,759,0,927,2,928,0,1593,1]
11-04 01:49:25.514 2358 2358 I sysui_multi_action: [757,0,758,1,759,0,927,3,928,0,1593,1]
11-04 01:49:25.514 2358 2358 I sysui_multi_action: [757,491,758,1,759,491,927,4,928,0,1311,-1,1593,0]
11-04 01:49:25.514 2358 2358 I sysui_multi_action: [757,0,758,1,759,0,927,5,928,0,1593,0]
11-04 01:49:25.515 2358 2358 I sysui_multi_action: [757,111,758,1]
11-04 01:49:25.515 2358 2358 I sysui_multi_action: [757,126,758,1,759,126,927,0,928,0,1593,1]
11-04 01:49:25.515 2358 2358 I sysui_multi_action: [757,113,758,1,759,113,927,1,928,1,1593,1]
11-04 01:49:25.515 2358 2358 I sysui_multi_action: [757,0,758,1,759,0,927,2,928,0,1593,1]
11-04 01:49:25.515 2358 2358 I sysui_multi_action: [757,0,758,1,759,0,927,3,928,0,1593,1]
11-04 01:49:25.528 2358 2358 I sysui_multi_action: [757,111,758,2]
11-04 01:49:25.528 2358 2358 I sysui_multi_action: [757,111,758,2]
11-04 01:49:25.528 1474 1474 I notification_enqueue: [10081,2358,com.android.systemui,2048,NULL,0,Notification(channel=updateNotification shortcut=null contentView=null vibrate=null sound=null defaults=0x0 flags=0x0 color=0x00000000 vis=PRIVATE),1]
11-04 01:49:25.532 2358 2358 I sysui_multi_action: [757,111,758,1]
11-04 01:49:25.532 2358 2358 I sysui_multi_action: [757,126,758,1,759,126,927,0,928,0,1593,1]
11-04 01:49:25.532 2358 2358 I sysui_multi_action: [757,113,758,1,759,113,927,1,928,1,1593,1]
11-04 01:49:25.532 2358 2358 I sysui_multi_action: [757,0,758,1,759,0,927,2,928,0,1593,1]
11-04 01:49:25.532 2358 2358 I sysui_multi_action: [757,0,758,1,759,0,927,3,928,0,1593,1]
11-04 01:49:25.533 2358 2358 I sysui_multi_action: [757,491,758,1,759,491,927,4,928,0,1311,-1,1593,0]
11-04 01:49:25.533 2358 2358 I sysui_multi_action: [757,0,758,1,759,0,927,5,928,0,1593,0]
11-04 01:49:25.533 2358 2358 I sysui_multi_action: [757,111,758,1]
11-04 01:49:25.533 2358 2358 I sysui_multi_action: [757,126,758,1,759,126,927,0,928,0,1593,1]
11-04 01:49:25.533 2358 2358 I sysui_multi_action: [757,113,758,1,759,113,927,1,928,1,1593,1]
11-04 01:49:25.533 2358 2358 I sysui_multi_action: [757,0,758,1,759,0,927,2,928,0,1593,1]
11-04 01:49:25.533 2358 2358 I sysui_multi_action: [757,0,758,1,759,0,927,3,928,0,1593,1]
11-04 01:49:25.546 2358 2358 I sysui_multi_action: [757,111,758,2]
11-04 01:49:25.546 2358 2358 I sysui_multi_action: [757,111,758,2]
11-04 01:49:25.547 1474 1474 I notification_enqueue: [10081,2358,com.android.systemui,2048,NULL,0,Notification(channel=updateNotification shortcut=null contentView=null vibrate=null sound=null defaults=0x0 flags=0x0 color=0x00000000 vis=PRIVATE),1]
11-04 01:49:25.551 2358 2358 I sysui_multi_action: [757,111,758,1]
11-04 01:49:25.551 2358 2358 I sysui_multi_action: [757,126,758,1,759,126,927,0,928,0,1593,1]
11-04 01:49:25.551 2358 2358 I sysui_multi_action: [757,113,758,1,759,113,927,1,928,1,1593,1]
11-04 01:49:25.551 2358 2358 I sysui_multi_action: [757,0,758,1,759,0,927,2,928,0,1593,1]
11-04 01:49:25.551 2358 2358 I sysui_multi_action: [757,0,758,1,759,0,927,3,928,0,1593,1]
11-04 01:49:25.551 2358 2358 I sysui_multi_action: [757,491,758,1,759,491,927,4,928,0,1311,-1,1593,0]
11-04 01:49:25.551 2358 2358 I sysui_multi_action: [757,0,758,1,759,0,927,5,928,0,1593,0]
11-04 01:49:25.551 2358 2358 I sysui_multi_action: [757,111,758,1]
11-04 01:49:25.551 2358 2358 I sysui_multi_action: [757,126,758,1,759,126,927,0,928,0,1593,1]
11-04 01:49:25.551 2358 2358 I sysui_multi_action: [757,113,758,1,759,113,927,1,928,1,1593,1]
11-04 01:49:25.551 2358 2358 I sysui_multi_action: [757,0,758,1,759,0,927,2,928,0,1593,1]
11-04 01:49:25.552 2358 2358 I sysui_multi_action: [757,0,758,1,759,0,927,3,928,0,1593,1]
11-04 01:49:25.564 1474 1474 I notification_enqueue: [10081,2358,com.android.systemui,2048,NULL,0,Notification(channel=updateNotification shortcut=null contentView=null vibrate=null sound=null defaults=0x0 flags=0x0 color=0x00000000 vis=PRIVATE),1]
11-04 01:49:25.564 2358 2358 I sysui_multi_action: [757,111,758,2]
11-04 01:49:25.564 2358 2358 I sysui_multi_action: [757,111,758,2]
11-04 01:49:25.569 2358 2358 I sysui_multi_action: [757,111,758,1]
11-04 01:49:25.569 2358 2358 I sysui_multi_action: [757,126,758,1,759,126,927,0,928,0,1593,1]
11-04 01:49:25.569 2358 2358 I sysui_multi_action: [757,113,758,1,759,113,927,1,928,1,1593,1]
11-04 01:49:25.569 2358 2358 I sysui_multi_action: [757,0,758,1,759,0,927,2,928,0,1593,1]
11-04 01:49:25.569 2358 2358 I sysui_multi_action: [757,0,758,1,759,0,927,3,928,0,1593,1]
11-04 01:49:25.569 2358 2358 I sysui_multi_action: [757,491,758,1,759,491,927,4,928,0,1311,-1,1593,0]
11-04 01:49:25.569 2358 2358 I sysui_multi_action: [757,0,758,1,759,0,927,5,928,0,1593,0]
11-04 01:49:25.569 2358 2358 I sysui_multi_action: [757,111,758,1]
11-04 01:49:25.569 2358 2358 I sysui_multi_action: [757,126,758,1,759,126,927,0,928,0,1593,1]
11-04 01:49:25.569 2358 2358 I sysui_multi_action: [757,113,758,1,759,113,927,1,928,1,1593,1]
11-04 01:49:25.569 2358 2358 I sysui_multi_action: [757,0,758,1,759,0,927,2,928,0,1593,1]
11-04 01:49:25.569 2358 2358 I sysui_multi_action: [757,0,758,1,759,0,927,3,928,0,1593,1]
11-04 01:49:25.585 1474 1474 I notification_enqueue: [10081,2358,com.android.systemui,2048,NULL,0,Notification(channel=updateNotification shortcut=null contentView=null vibrate=null sound=null defaults=0x0 flags=0x0 color=0x00000000 vis=PRIVATE),1]
11-04 01:49:25.585 2358 2358 I sysui_multi_action: [757,111,758,2]
11-04 01:49:25.585 2358 2358 I sysui_multi_action: [757,111,758,2]
11-04 01:49:25.590 2358 2358 I sysui_multi_action: [757,111,758,1]
11-04 01:49:25.590 2358 2358 I sysui_multi_action: [757,126,758,1,759,126,927,0,928,0,1593,1]
11-04 01:49:25.590 2358 2358 I sysui_multi_action: [757,113,758,1,759,113,927,1,928,1,1593,1]
11-04 01:49:25.590 2358 2358 I sysui_multi_action: [757,0,758,1,759,0,927,2,928,0,1593,1]
11-04 01:49:25.590 2358 2358 I sysui_multi_action: [757,0,758,1,759,0,927,3,928,0,1593,1]
11-04 01:49:25.590 2358 2358 I sysui_multi_action: [757,491,758,1,759,491,927,4,928,0,1311,-1,1593,0]
11-04 01:49:25.590 2358 2358 I sysui_multi_action: [757,0,758,1,759,0,927,5,928,0,1593,0]
11-04 01:49:25.590 2358 2358 I sysui_multi_action: [757,111,758,1]
11-04 01:49:25.590 2358 2358 I sysui_multi_action: [757,126,758,1,759,126,927,0,928,0,1593,1]
11-04 01:49:25.590 2358 2358 I sysui_multi_action: [757,113,758,1,759,113,927,1,928,1,1593,1]
11-04 01:49:25.590 2358 2358 I sysui_multi_action: [757,0,758,1,759,0,927,2,928,0,1593,1]
11-04 01:49:25.590 2358 2358 I sysui_multi_action: [757,0,758,1,759,0,927,3,928,0,1593,1]
11-04 01:49:25.603 2358 2358 I sysui_multi_action: [757,111,758,2]
11-04 01:49:25.603 2358 2358 I sysui_multi_action: [757,111,758,2]
11-04 01:49:25.604 1474 1474 I notification_enqueue: [10081,2358,com.android.systemui,2048,NULL,0,Notification(channel=updateNotification shortcut=null contentView=null vibrate=null sound=null defaults=0x0 flags=0x0 color=0x00000000 vis=PRIVATE),1]
11-04 01:49:25.608 2358 2358 I sysui_multi_action: [757,111,758,1]
11-04 01:49:25.608 2358 2358 I sysui_multi_action: [757,126,758,1,759,126,927,0,928,0,1593,1]
11-04 01:49:25.608 2358 2358 I sysui_multi_action: [757,113,758,1,759,113,927,1,928,1,1593,1]
11-04 01:49:25.608 2358 2358 I sysui_multi_action: [757,0,758,1,759,0,927,2,928,0,1593,1]
11-04 01:49:25.608 2358 2358 I sysui_multi_action: [757,0,758,1,759,0,927,3,928,0,1593,1]
11-04 01:49:25.608 2358 2358 I sysui_multi_action: [757,491,758,1,759,491,927,4,928,0,1311,-1,1593,0]
11-04 01:49:25.608 2358 2358 I sysui_multi_action: [757,0,758,1,759,0,927,5,928,0,1593,0]
11-04 01:49:25.608 2358 2358 I sysui_multi_action: [757,111,758,1]
11-04 01:49:25.608 2358 2358 I sysui_multi_action: [757,126,758,1,759,126,927,0,928,0,1593,1]
11-04 01:49:25.608 2358 2358 I sysui_multi_action: [757,113,758,1,759,113,927,1,928,1,1593,1]
11-04 01:49:25.609 2358 2358 I sysui_multi_action: [757,0,758,1,759,0,927,2,928,0,1593,1]
11-04 01:49:25.609 2358 2358 I sysui_multi_action: [757,0,758,1,759,0,927,3,928,0,1593,1]
11-04 01:49:25.624 1474 1474 I notification_enqueue: [10081,2358,com.android.systemui,2048,NULL,0,Notification(channel=updateNotification shortcut=null contentView=null vibrate=null sound=null defaults=0x0 flags=0x0 color=0x00000000 vis=PRIVATE),1]
11-04 01:49:25.624 2358 2358 I sysui_multi_action: [757,111,758,2]
11-04 01:49:25.624 2358 2358 I sysui_multi_action: [757,111,758,2]
11-04 01:49:25.628 2358 2358 I sysui_multi_action: [757,111,758,1]
11-04 01:49:25.628 2358 2358 I sysui_multi_action: [757,126,758,1,759,126,927,0,928,0,1593,0]
11-04 01:49:25.628 2358 2358 I sysui_multi_action: [757,113,758,1,759,113,927,1,928,1,1593,0]
11-04 01:49:25.628 2358 2358 I sysui_multi_action: [757,0,758,1,759,0,927,2,928,0,1593,0]
11-04 01:49:25.628 2358 2358 I sysui_multi_action: [757,0,758,1,759,0,927,3,928,0,1593,0]
11-04 01:49:25.628 2358 2358 I sysui_multi_action: [757,491,758,1,759,491,927,4,928,0,1311,-1,1593,0]
11-04 01:49:25.628 2358 2358 I sysui_multi_action: [757,0,758,1,759,0,927,5,928,0,1593,0]
11-04 01:49:25.628 2358 2358 I sysui_multi_action: [757,111,758,1]
11-04 01:49:25.628 2358 2358 I sysui_multi_action: [757,126,758,1,759,126,927,0,928,0,1593,0]
11-04 01:49:25.628 2358 2358 I sysui_multi_action: [757,113,758,1,759,113,927,1,928,1,1593,1]
11-04 01:49:25.629 2358 2358 I sysui_multi_action: [757,0,758,1,759,0,927,2,928,0,1593,1]
11-04 01:49:25.629 2358 2358 I sysui_multi_action: [757,0,758,1,759,0,927,3,928,0,1593,1]
11-04 01:49:25.643 2358 2358 I sysui_multi_action: [757,111,758,2]
11-04 01:49:25.643 2358 2358 I sysui_multi_action: [757,111,758,2]
11-04 01:49:25.643 1474 1474 I notification_enqueue: [10081,2358,com.android.systemui,2048,NULL,0,Notification(channel=updateNotification shortcut=null contentView=null vibrate=null sound=null defaults=0x0 flags=0x0 color=0x00000000 vis=PRIVATE),1]
11-04 01:49:25.647 2358 2358 I sysui_multi_action: [757,111,758,1]
11-04 01:49:25.647 2358 2358 I sysui_multi_action: [757,126,758,1,759,126,927,0,928,0,1593,1]
11-04 01:49:25.647 2358 2358 I sysui_multi_action: [757,113,758,1,759,113,927,1,928,1,1593,1]
11-04 01:49:25.647 2358 2358 I sysui_multi_action: [757,0,758,1,759,0,927,2,928,0,1593,1]
11-04 01:49:25.647 2358 2358 I sysui_multi_action: [757,0,758,1,759,0,927,3,928,0,1593,1]
11-04 01:49:25.647 2358 2358 I sysui_multi_action: [757,491,758,1,759,491,927,4,928,0,1311,-1,1593,0]
11-04 01:49:25.648 2358 2358 I sysui_multi_action: [757,0,758,1,759,0,927,5,928,0,1593,0]
11-04 01:49:25.648 2358 2358 I sysui_multi_action: [757,111,758,1]
11-04 01:49:25.648 2358 2358 I sysui_multi_action: [757,126,758,1,759,126,927,0,928,0,1593,1]
11-04 01:49:25.648 2358 2358 I sysui_multi_action: [757,113,758,1,759,113,927,1,928,1,1593,1]
11-04 01:49:25.648 2358 2358 I sysui_multi_action: [757,0,758,1,759,0,927,2,928,0,1593,1]
11-04 01:49:25.648 2358 2358 I sysui_multi_action: [757,0,758,1,759,0,927,3,928,0,1593,1]
11-04 01:49:25.661 2358 2358 I sysui_multi_action: [757,111,758,2]
11-04 01:49:25.661 1474 1474 I notification_enqueue: [10081,2358,com.android.systemui,2048,NULL,0,Notification(channel=updateNotification shortcut=null contentView=null vibrate=null sound=null defaults=0x0 flags=0x0 color=0x00000000 vis=PRIVATE),1]
11-04 01:49:25.661 2358 2358 I sysui_multi_action: [757,111,758,2]
11-04 01:49:25.677 2358 2358 I sysui_multi_action: [757,111,758,1]
11-04 01:49:25.677 2358 2358 I sysui_multi_action: [757,126,758,1,759,126,927,0,928,0,1593,1]
11-04 01:49:25.677 2358 2358 I sysui_multi_action: [757,113,758,1,759,113,927,1,928,1,1593,1]
11-04 01:49:25.677 2358 2358 I sysui_multi_action: [757,0,758,1,759,0,927,2,928,0,1593,1]
11-04 01:49:25.677 2358 2358 I sysui_multi_action: [757,0,758,1,759,0,927,3,928,0,1593,1]
11-04 01:49:25.678 2358 2358 I sysui_multi_action: [757,491,758,1,759,491,927,4,928,0,1311,-1,1593,0]
11-04 01:49:25.678 2358 2358 I sysui_multi_action: [757,0,758,1,759,0,927,5,928,0,1593,0]
11-04 01:49:25.678 2358 2358 I sysui_multi_action: [757,111,758,1]
11-04 01:49:25.678 2358 2358 I sysui_multi_action: [757,126,758,1,759,126,927,0,928,0,1593,1]
11-04 01:49:25.678 2358 2358 I sysui_multi_action: [757,113,758,1,759,113,927,1,928,1,1593,1]
11-04 01:49:25.678 2358 2358 I sysui_multi_action: [757,0,758,1,759,0,927,2,928,0,1593,1]
11-04 01:49:25.678 2358 2358 I sysui_multi_action: [757,0,758,1,759,0,927,3,928,0,1593,1]
11-04 01:49:25.691 1474 1474 I notification_enqueue: [10081,2358,com.android.systemui,2048,NULL,0,Notification(channel=updateNotification shortcut=null contentView=null vibrate=null sound=null defaults=0x0 flags=0x0 color=0x00000000 vis=PRIVATE),1]
11-04 01:49:25.691 2358 2358 I sysui_multi_action: [757,111,758,2]
11-04 01:49:25.691 2358 2358 I sysui_multi_action: [757,111,758,2]
