11-04 02:12:52.826 1474 6541 I sysui_multi_action: [757,316,758,4,759,7]
11-04 02:12:52.827 1474 6541 I am_kill : [0,8074,com.android.settings,900,crash]
11-04 02:12:52.837 1474 5397 I wm_task_created: [69,-1]
11-04 02:12:52.841 1474 5397 I wm_task_moved: [69,1,6]
11-04 02:12:52.841 1474 5397 I wm_task_to_front: [0,69]
11-04 02:12:52.842 1474 5397 I wm_create_task: [0,69]
11-04 02:12:52.842 1474 5397 I wm_create_activity: [0,231747237,69,com.thundercomm.screensaver/android.service.dreams.DreamActivity,NULL,NULL,NULL,276824064]
11-04 02:12:52.842 1474 5397 I wm_task_moved: [69,1,6]
11-04 02:12:52.842 2809 2809 I wm_on_top_resumed_lost_called: [59699080,com.android.launcher3.uioverrides.QuickstepLauncher,topStateChangedWhenResumed]
11-04 02:12:52.849 1474 5397 I wm_pause_activity: [0,59699080,com.android.launcher3/.uioverrides.QuickstepLauncher,userLeaving=true,pauseBackTasks]
11-04 02:12:52.854 2809 2809 I wm_on_paused_called: [59699080,com.android.launcher3.uioverrides.QuickstepLauncher,performPause]
11-04 02:12:52.860 1474 1796 I wm_add_to_stopping: [0,59699080,com.android.launcher3/.uioverrides.QuickstepLauncher,makeInvisible]
11-04 02:12:52.861 1474 1796 I wm_restart_activity: [0,231747237,69,com.thundercomm.screensaver/android.service.dreams.DreamActivity]
11-04 02:12:52.862 1474 1796 I wm_set_resumed_activity: [0,com.thundercomm.screensaver/android.service.dreams.DreamActivity,minimalResumeActivityLocked]
11-04 02:12:52.879 4827 4827 I wm_on_create_called: [231747237,android.service.dreams.DreamActivity,performCreate]
11-04 02:12:52.880 4827 4827 I wm_on_start_called: [231747237,android.service.dreams.DreamActivity,handleStartActivity]
11-04 02:12:52.882 4827 4827 I wm_on_resume_called: [231747237,android.service.dreams.DreamActivity,RESUME_ACTIVITY]
11-04 02:12:52.891 4827 4827 I wm_on_top_resumed_gained_called: [231747237,android.service.dreams.DreamActivity,topStateChangedWhenResumed]
11-04 02:12:52.893 1474 1644 I sysui_multi_action: [757,803,799,window_time_0,802,59]
11-04 02:12:52.895 1474 1654 I am_pss : [8034,10084,com.android.music,7212032,4755456,0,91914240,0,19,5]
11-04 02:12:52.920 1474 1645 I input_focus: [Focus request b7003a3 com.thundercomm.screensaver/android.service.dreams.DreamActivity,reason=UpdateInputWindows]
11-04 02:12:52.922 1474 1474 I notification_enqueue: [10081,2358,com.android.systemui,2048,NULL,0,Notification(channel=updateNotification shortcut=null contentView=null vibrate=null sound=null defaults=0x0 flags=0x0 color=0x00000000 vis=PRIVATE),1]
11-04 02:12:52.923 2358 2358 I sysui_multi_action: [757,111,758,2]
11-04 02:12:52.923 2358 2358 I sysui_multi_action: [757,111,758,2]
11-04 02:12:52.933 1474 1641 I sysui_multi_action: [319,93,322,92,325,1935,757,761,758,8,759,2,806,com.thundercomm.screensaver,871,android.service.dreams.DreamActivity,904,com.thundercomm.screensaver,905,0,1320,4,1321,2]
11-04 02:12:52.933 1474 1672 I sysui_multi_action: [757,1696,758,6,759,3]
11-04 02:12:52.934 1474 1641 I wm_activity_launch_time: [0,231747237,com.thundercomm.screensaver/android.service.dreams.DreamActivity,92]
11-04 02:12:52.939 1474 1655 I am_wtf : [0,1474,system_server,-1,DisplayDeviceConfig,requesting nits when no mapping exists.]
11-04 02:12:52.940 1474 1655 I am_wtf : [0,1474,system_server,-1,DisplayDeviceConfig,requesting nits when no mapping exists.]
11-04 02:12:52.941 2358 2358 I sysui_multi_action: [757,111,758,1]
11-04 02:12:52.941 2358 2358 I sysui_multi_action: [757,126,758,1,759,126,927,0,928,1,1593,0]
11-04 02:12:52.941 2358 2358 I sysui_multi_action: [757,113,758,1,759,113,927,1,928,1,1593,0]
11-04 02:12:52.941 2358 2358 I sysui_multi_action: [757,0,758,1,759,0,927,2,928,0,1593,0]
11-04 02:12:52.941 2358 2358 I sysui_multi_action: [757,0,758,1,759,0,927,3,928,0,1593,0]
11-04 02:12:52.941 2358 2358 I sysui_multi_action: [757,491,758,1,759,491,927,4,928,0,1311,-1,1593,0]
11-04 02:12:52.941 2358 2358 I sysui_multi_action: [757,0,758,1,759,0,927,5,928,0,1593,0]
11-04 02:12:52.941 2358 2358 I sysui_multi_action: [757,111,758,1]
11-04 02:12:52.941 2358 2358 I sysui_multi_action: [757,126,758,1,759,126,927,0,928,1,1593,0]
11-04 02:12:52.941 2358 2358 I sysui_multi_action: [757,113,758,1,759,113,927,1,928,1,1593,0]
11-04 02:12:52.941 2358 2358 I sysui_multi_action: [757,0,758,1,759,0,927,2,928,0,1593,0]
11-04 02:12:52.941 2358 2358 I sysui_multi_action: [757,0,758,1,759,0,927,3,928,0,1593,0]
11-04 02:12:52.952 1474 1655 I am_wtf : [0,1474,system_server,-1,DisplayDeviceConfig,requesting nits when no mapping exists.]
11-04 02:12:52.953 1474 1655 I am_wtf : [0,1474,system_server,-1,DisplayDeviceConfig,requesting nits when no mapping exists.]
11-04 02:12:52.954 1474 2005 I input_focus: [Focus entering b7003a3 com.thundercomm.screensaver/android.service.dreams.DreamActivity (server),reason=Window became focusable. Previous reason: NOT_VISIBLE]
11-04 02:12:52.970 1474 1655 I am_wtf : [0,1474,system_server,-1,DisplayDeviceConfig,requesting nits when no mapping exists.]
11-04 02:12:52.972 1474 1655 I am_wtf : [0,1474,system_server,-1,DisplayDeviceConfig,requesting nits when no mapping exists.]
11-04 02:12:52.987 1474 1655 I am_wtf : [0,1474,system_server,-1,DisplayDeviceConfig,requesting nits when no mapping exists.]
11-04 02:12:52.988 1474 1655 I am_wtf : [0,1474,system_server,-1,DisplayDeviceConfig,requesting nits when no mapping exists.]
11-04 02:12:53.005 1474 1655 I am_wtf : [0,1474,system_server,-1,DisplayDeviceConfig,requesting nits when no mapping exists.]
11-04 02:12:53.006 1474 1655 I am_wtf : [0,1474,system_server,-1,DisplayDeviceConfig,requesting nits when no mapping exists.]
11-04 02:12:53.028 1474 1655 I am_wtf : [0,1474,system_server,-1,DisplayDeviceConfig,requesting nits when no mapping exists.]
11-04 02:12:53.029 1474 1655 I am_wtf : [0,1474,system_server,-1,DisplayDeviceConfig,requesting nits when no mapping exists.]
11-04 02:12:53.038 1474 1655 I am_wtf : [0,1474,system_server,-1,DisplayDeviceConfig,requesting nits when no mapping exists.]
11-04 02:12:53.043 1474 1655 I am_wtf : [0,1474,system_server,-1,DisplayDeviceConfig,requesting nits when no mapping exists.]
11-04 02:12:53.052 1474 1655 I am_wtf : [0,1474,system_server,-1,DisplayDeviceConfig,requesting nits when no mapping exists.]
11-04 02:12:53.053 1474 1655 I am_wtf : [0,1474,system_server,-1,DisplayDeviceConfig,requesting nits when no mapping exists.]
11-04 02:12:53.072 1474 1655 I am_wtf : [0,1474,system_server,-1,DisplayDeviceConfig,requesting nits when no mapping exists.]
11-04 02:12:53.073 1474 1655 I am_wtf : [0,1474,system_server,-1,DisplayDeviceConfig,requesting nits when no mapping exists.]
11-04 02:12:53.087 1474 1655 I am_wtf : [0,1474,system_server,-1,DisplayDeviceConfig,requesting nits when no mapping exists.]
11-04 02:12:53.088 1474 1655 I am_wtf : [0,1474,system_server,-1,DisplayDeviceConfig,requesting nits when no mapping exists.]
11-04 02:12:53.103 1474 1655 I am_wtf : [0,1474,system_server,-1,DisplayDeviceConfig,requesting nits when no mapping exists.]
11-04 02:12:53.111 1474 1655 I am_wtf : [0,1474,system_server,-1,DisplayDeviceConfig,requesting nits when no mapping exists.]
11-04 02:12:53.122 1474 1655 I am_wtf : [0,1474,system_server,-1,DisplayDeviceConfig,requesting nits when no mapping exists.]
11-04 02:12:53.126 1474 1655 I am_wtf : [0,1474,system_server,-1,DisplayDeviceConfig,requesting nits when no mapping exists.]
11-04 02:12:53.136 1474 1655 I am_wtf : [0,1474,system_server,-1,DisplayDeviceConfig,requesting nits when no mapping exists.]
11-04 02:12:53.138 1474 1655 I am_wtf : [0,1474,system_server,-1,DisplayDeviceConfig,requesting nits when no mapping exists.]
11-04 02:12:53.158 1474 1655 I am_wtf : [0,1474,system_server,-1,DisplayDeviceConfig,requesting nits when no mapping exists.]
11-04 02:12:53.159 1474 1655 I am_wtf : [0,1474,system_server,-1,DisplayDeviceConfig,requesting nits when no mapping exists.]
11-04 02:12:53.171 1474 1655 I am_wtf : [0,1474,system_server,-1,DisplayDeviceConfig,requesting nits when no mapping exists.]
11-04 02:12:53.172 1474 1655 I am_wtf : [0,1474,system_server,-1,DisplayDeviceConfig,requesting nits when no mapping exists.]
11-04 02:12:53.187 1474 1655 I am_wtf : [0,1474,system_server,-1,DisplayDeviceConfig,requesting nits when no mapping exists.]
11-04 02:12:53.187 1474 1655 I am_wtf : [0,1474,system_server,-1,DisplayDeviceConfig,requesting nits when no mapping exists.]
11-04 02:12:53.204 1474 1655 I am_wtf : [0,1474,system_server,-1,DisplayDeviceConfig,requesting nits when no mapping exists.]
11-04 02:12:53.205 1474 1655 I am_wtf : [0,1474,system_server,-1,DisplayDeviceConfig,requesting nits when no mapping exists.]
11-04 02:12:53.225 1474 1644 I wm_stop_activity: [0,59699080,com.android.launcher3/.uioverrides.QuickstepLauncher]
11-04 02:12:53.226 1474 1655 I am_wtf : [0,1474,system_server,-1,DisplayDeviceConfig,requesting nits when no mapping exists.]
11-04 02:12:53.226 1474 1655 I am_wtf : [0,1474,system_server,-1,DisplayDeviceConfig,requesting nits when no mapping exists.]
11-04 02:12:53.239 1474 1655 I am_wtf : [0,1474,system_server,-1,DisplayDeviceConfig,requesting nits when no mapping exists.]
11-04 02:12:53.240 1474 1655 I am_wtf : [0,1474,system_server,-1,DisplayDeviceConfig,requesting nits when no mapping exists.]
11-04 02:12:53.248 2809 2809 I wm_on_stop_called: [59699080,com.android.launcher3.uioverrides.QuickstepLauncher,STOP_ACTIVITY_ITEM]
11-04 02:12:53.252 1474 1655 I am_wtf : [0,1474,system_server,-1,DisplayDeviceConfig,requesting nits when no mapping exists.]
11-04 02:12:53.254 1474 1655 I am_wtf : [0,1474,system_server,-1,DisplayDeviceConfig,requesting nits when no mapping exists.]
11-04 02:12:53.270 1474 1655 I am_wtf : [0,1474,system_server,-1,DisplayDeviceConfig,requesting nits when no mapping exists.]
11-04 02:12:53.271 1474 1655 I am_wtf : [0,1474,system_server,-1,DisplayDeviceConfig,requesting nits when no mapping exists.]
11-04 02:12:53.287 1474 1655 I am_wtf : [0,1474,system_server,-1,DisplayDeviceConfig,requesting nits when no mapping exists.]
11-04 02:12:53.288 1474 1655 I am_wtf : [0,1474,system_server,-1,DisplayDeviceConfig,requesting nits when no mapping exists.]
11-04 02:12:53.301 1474 1655 I am_wtf : [0,1474,system_server,-1,DisplayDeviceConfig,requesting nits when no mapping exists.]
11-04 02:12:53.302 1474 1655 I am_wtf : [0,1474,system_server,-1,DisplayDeviceConfig,requesting nits when no mapping exists.]
11-04 02:12:53.317 1474 1655 I am_wtf : [0,1474,system_server,-1,DisplayDeviceConfig,requesting nits when no mapping exists.]
11-04 02:12:53.318 1474 1655 I am_wtf : [0,1474,system_server,-1,DisplayDeviceConfig,requesting nits when no mapping exists.]
11-04 02:12:53.335 1474 1655 I am_wtf : [0,1474,system_server,-1,DisplayDeviceConfig,requesting nits when no mapping exists.]
11-04 02:12:53.336 1474 1655 I am_wtf : [0,1474,system_server,-1,DisplayDeviceConfig,requesting nits when no mapping exists.]
11-04 02:12:53.352 1474 1655 I am_wtf : [0,1474,system_server,-1,DisplayDeviceConfig,requesting nits when no mapping exists.]
11-04 02:12:53.353 1474 1655 I am_wtf : [0,1474,system_server,-1,DisplayDeviceConfig,requesting nits when no mapping exists.]
11-04 02:12:53.368 1474 1655 I am_wtf : [0,1474,system_server,-1,DisplayDeviceConfig,requesting nits when no mapping exists.]
11-04 02:12:53.368 1474 1655 I am_wtf : [0,1474,system_server,-1,DisplayDeviceConfig,requesting nits when no mapping exists.]
11-04 02:12:53.384 1474 1655 I am_wtf : [0,1474,system_server,-1,DisplayDeviceConfig,requesting nits when no mapping exists.]
11-04 02:12:53.385 1474 1655 I am_wtf : [0,1474,system_server,-1,DisplayDeviceConfig,requesting nits when no mapping exists.]
11-04 02:12:53.401 1474 1655 I am_wtf : [0,1474,system_server,-1,DisplayDeviceConfig,requesting nits when no mapping exists.]
11-04 02:12:53.402 1474 1655 I am_wtf : [0,1474,system_server,-1,DisplayDeviceConfig,requesting nits when no mapping exists.]
11-04 02:12:53.418 1474 1655 I am_wtf : [0,1474,system_server,-1,DisplayDeviceConfig,requesting nits when no mapping exists.]
11-04 02:12:53.419 1474 1655 I am_wtf : [0,1474,system_server,-1,DisplayDeviceConfig,requesting nits when no mapping exists.]
11-04 02:12:53.434 1474 1655 I am_wtf : [0,1474,system_server,-1,DisplayDeviceConfig,requesting nits when no mapping exists.]
11-04 02:12:53.435 1474 1655 I am_wtf : [0,1474,system_server,-1,DisplayDeviceConfig,requesting nits when no mapping exists.]
11-04 02:12:53.451 1474 1655 I am_wtf : [0,1474,system_server,-1,DisplayDeviceConfig,requesting nits when no mapping exists.]
11-04 02:12:53.452 1474 1655 I am_wtf : [0,1474,system_server,-1,DisplayDeviceConfig,requesting nits when no mapping exists.]
11-04 02:12:53.464 1474 1655 I am_uid_idle: 10082
11-04 02:12:53.468 1474 1655 I am_wtf : [0,1474,system_server,-1,DisplayDeviceConfig,requesting nits when no mapping exists.]
11-04 02:12:53.469 1474 1655 I am_wtf : [0,1474,system_server,-1,DisplayDeviceConfig,requesting nits when no mapping exists.]
11-04 02:12:53.484 1474 1655 I am_wtf : [0,1474,system_server,-1,DisplayDeviceConfig,requesting nits when no mapping exists.]
11-04 02:12:53.485 1474 1655 I service_manager_stats: [100,63,6983]
11-04 02:12:53.486 1474 1655 I am_wtf : [0,1474,system_server,-1,DisplayDeviceConfig,requesting nits when no mapping exists.]
11-04 02:12:53.501 1474 1655 I am_wtf : [0,1474,system_server,-1,DisplayDeviceConfig,requesting nits when no mapping exists.]
11-04 02:12:53.502 1474 1655 I am_wtf : [0,1474,system_server,-1,DisplayDeviceConfig,requesting nits when no mapping exists.]
11-04 02:12:53.518 1474 1655 I am_wtf : [0,1474,system_server,-1,DisplayDeviceConfig,requesting nits when no mapping exists.]
11-04 02:12:53.519 1474 1655 I am_wtf : [0,1474,system_server,-1,DisplayDeviceConfig,requesting nits when no mapping exists.]
11-04 02:12:53.535 1474 1655 I am_wtf : [0,1474,system_server,-1,DisplayDeviceConfig,requesting nits when no mapping exists.]
11-04 02:12:53.536 1474 1655 I am_wtf : [0,1474,system_server,-1,DisplayDeviceConfig,requesting nits when no mapping exists.]
11-04 02:12:53.552 1474 1655 I am_wtf : [0,1474,system_server,-1,DisplayDeviceConfig,requesting nits when no mapping exists.]
11-04 02:12:53.553 1474 1655 I am_wtf : [0,1474,system_server,-1,DisplayDeviceConfig,requesting nits when no mapping exists.]
11-04 02:12:53.569 1474 1655 I am_wtf : [0,1474,system_server,-1,DisplayDeviceConfig,requesting nits when no mapping exists.]
11-04 02:12:53.570 1474 1655 I am_wtf : [0,1474,system_server,-1,DisplayDeviceConfig,requesting nits when no mapping exists.]
11-04 02:12:53.585 1474 1655 I am_wtf : [0,1474,system_server,-1,DisplayDeviceConfig,requesting nits when no mapping exists.]
11-04 02:12:53.585 1474 1655 I am_wtf : [0,1474,system_server,-1,DisplayDeviceConfig,requesting nits when no mapping exists.]
11-04 02:12:53.601 1474 1655 I am_wtf : [0,1474,system_server,-1,DisplayDeviceConfig,requesting nits when no mapping exists.]
11-04 02:12:53.602 1474 1655 I am_wtf : [0,1474,system_server,-1,DisplayDeviceConfig,requesting nits when no mapping exists.]
11-04 02:12:53.619 1474 1655 I am_wtf : [0,1474,system_server,-1,DisplayDeviceConfig,requesting nits when no mapping exists.]
11-04 02:12:53.620 1474 1655 I am_wtf : [0,1474,system_server,-1,DisplayDeviceConfig,requesting nits when no mapping exists.]
11-04 02:12:53.635 1474 1655 I am_wtf : [0,1474,system_server,-1,DisplayDeviceConfig,requesting nits when no mapping exists.]
11-04 02:12:53.636 1474 1655 I am_wtf : [0,1474,system_server,-1,DisplayDeviceConfig,requesting nits when no mapping exists.]
11-04 02:12:53.652 1474 1655 I am_wtf : [0,1474,system_server,-1,DisplayDeviceConfig,requesting nits when no mapping exists.]
11-04 02:12:53.654 1474 1655 I am_wtf : [0,1474,system_server,-1,DisplayDeviceConfig,requesting nits when no mapping exists.]
11-04 02:12:53.669 1474 1655 I am_wtf : [0,1474,system_server,-1,DisplayDeviceConfig,requesting nits when no mapping exists.]
11-04 02:12:53.671 1474 1655 I am_wtf : [0,1474,system_server,-1,DisplayDeviceConfig,requesting nits when no mapping exists.]
11-04 02:12:53.686 1474 1655 I am_wtf : [0,1474,system_server,-1,DisplayDeviceConfig,requesting nits when no mapping exists.]
11-04 02:12:53.687 1474 1655 I am_wtf : [0,1474,system_server,-1,DisplayDeviceConfig,requesting nits when no mapping exists.]
11-04 02:12:53.702 1474 1655 I am_wtf : [0,1474,system_server,-1,DisplayDeviceConfig,requesting nits when no mapping exists.]
11-04 02:12:53.703 1474 1655 I am_wtf : [0,1474,system_server,-1,DisplayDeviceConfig,requesting nits when no mapping exists.]
11-04 02:12:53.723 1474 1655 I am_wtf : [0,1474,system_server,-1,DisplayDeviceConfig,requesting nits when no mapping exists.]
11-04 02:12:53.725 1474 1655 I am_wtf : [0,1474,system_server,-1,DisplayDeviceConfig,requesting nits when no mapping exists.]
11-04 02:12:53.736 1474 1655 I am_wtf : [0,1474,system_server,-1,DisplayDeviceConfig,requesting nits when no mapping exists.]
11-04 02:12:53.738 1474 1655 I am_wtf : [0,1474,system_server,-1,DisplayDeviceConfig,requesting nits when no mapping exists.]
11-04 02:12:53.752 1474 1655 I am_wtf : [0,1474,system_server,-1,DisplayDeviceConfig,requesting nits when no mapping exists.]
11-04 02:12:53.754 1474 1655 I am_wtf : [0,1474,system_server,-1,DisplayDeviceConfig,requesting nits when no mapping exists.]
11-04 02:12:53.770 1474 1655 I am_wtf : [0,1474,system_server,-1,DisplayDeviceConfig,requesting nits when no mapping exists.]
11-04 02:12:53.771 1474 1655 I am_wtf : [0,1474,system_server,-1,DisplayDeviceConfig,requesting nits when no mapping exists.]
11-04 02:12:53.785 1474 1655 I am_wtf : [0,1474,system_server,-1,DisplayDeviceConfig,requesting nits when no mapping exists.]
11-04 02:12:53.786 1474 1655 I am_wtf : [0,1474,system_server,-1,DisplayDeviceConfig,requesting nits when no mapping exists.]
11-04 02:12:53.803 1474 1655 I am_wtf : [0,1474,system_server,-1,DisplayDeviceConfig,requesting nits when no mapping exists.]
11-04 02:12:53.804 1474 1655 I am_wtf : [0,1474,system_server,-1,DisplayDeviceConfig,requesting nits when no mapping exists.]
11-04 02:12:53.821 1474 1655 I am_wtf : [0,1474,system_server,-1,DisplayDeviceConfig,requesting nits when no mapping exists.]
11-04 02:12:53.824 1474 1655 I am_wtf : [0,1474,system_server,-1,DisplayDeviceConfig,requesting nits when no mapping exists.]
11-04 02:12:53.837 1474 1655 I am_wtf : [0,1474,system_server,-1,DisplayDeviceConfig,requesting nits when no mapping exists.]
11-04 02:12:53.839 1474 1655 I am_wtf : [0,1474,system_server,-1,DisplayDeviceConfig,requesting nits when no mapping exists.]
11-04 02:12:53.853 1474 1655 I am_wtf : [0,1474,system_server,-1,DisplayDeviceConfig,requesting nits when no mapping exists.]
11-04 02:12:53.854 1474 1655 I am_wtf : [0,1474,system_server,-1,DisplayDeviceConfig,requesting nits when no mapping exists.]
11-04 02:12:53.869 1474 1655 I am_wtf : [0,1474,system_server,-1,DisplayDeviceConfig,requesting nits when no mapping exists.]
11-04 02:12:53.870 1474 1655 I am_wtf : [0,1474,system_server,-1,DisplayDeviceConfig,requesting nits when no mapping exists.]
11-04 02:12:53.887 1474 1655 I am_wtf : [0,1474,system_server,-1,DisplayDeviceConfig,requesting nits when no mapping exists.]
11-04 02:12:53.888 1474 1655 I am_wtf : [0,1474,system_server,-1,DisplayDeviceConfig,requesting nits when no mapping exists.] --------- beginning of main
11-04 02:12:55.984 1200 5327 I OMX-VENC: venc_dev: stats: avg. fps 54.09, bitrate 139786
11-04 02:12:56.428 3249 3249 W hpplay-java: [main]:IPManager:getActiveNets invalid networkInfo:null
11-04 02:12:56.428 3249 3249 I hpplay-java: [main]:IPManager:getActiveNets eth0:false wifi:false mobile:false ap:false
11-04 02:12:56.428 3249 3249 I hpplay-java: [main]:ServerTaskManager:get local ip:null
11-04 02:12:56.676 648 663 I mpu_uart: [MSG-P:RECV]:No message received in 1000 ms
11-04 02:12:57.003 4827 4827 I ScreenSaver_12: [PeriodicCallbackModel] Executing periodic callback for MINUTE because the period ended
11-04 02:12:57.070 1200 5327 I OMX-VENC: venc_dev: stats: avg. fps 10.13, bitrate 17677
11-04 02:12:57.431 3249 3249 W hpplay-java: [main]:IPManager:getActiveNets invalid networkInfo:null
11-04 02:12:57.431 3249 3249 I hpplay-java: [main]:IPManager:getActiveNets eth0:false wifi:false mobile:false ap:false
11-04 02:12:57.431 3249 3249 I hpplay-java: [main]:ServerTaskManager:get local ip:null
11-04 02:12:57.676 648 663 I mpu_uart: [MSG-P:RECV]:No message received in 1000 ms
11-04 02:12:57.836 648 662 I mpu_uart: [MSG-P:R]:recv sync frame timeout
11-04 02:12:58.084 1200 5327 I OMX-VENC: venc_dev: stats: avg. fps 59.14, bitrate 191511
11-04 02:12:58.433 3249 3249 W hpplay-java: [main]:IPManager:getActiveNets invalid networkInfo:null
11-04 02:12:58.433 3249 3249 I hpplay-java: [main]:IPManager:getActiveNets eth0:false wifi:false mobile:false ap:false
11-04 02:12:58.433 3249 3249 I hpplay-java: [main]:ServerTaskManager:get local ip:null
11-04 02:12:58.677 648 663 I mpu_uart: [MSG-P:RECV]:No message received in 1000 ms
11-04 02:12:59.086 1200 5327 I OMX-VENC: venc_dev: stats: avg. fps 59.91, bitrate 202839
11-04 02:12:59.435 3249 3249 W hpplay-java: [main]:IPManager:getActiveNets invalid networkInfo:null
11-04 02:12:59.435 3249 3249 I hpplay-java: [main]:IPManager:getActiveNets eth0:false wifi:false mobile:false ap:false
11-04 02:12:59.435 3249 3249 I hpplay-java: [main]:ServerTaskManager:get local ip:null
11-04 02:12:59.677 648 663 I mpu_uart: [MSG-P:RECV]:No message received in 1000 ms
11-04 02:13:00.007 2358 2358 D KeyguardUpdateMonitor: received broadcast android.intent.action.TIME_TICK
11-04 02:13:00.010 2358 2358 D KeyguardUpdateMonitor: handleTimeUpdate
11-04 02:13:00.086 1200 5327 I OMX-VENC: venc_dev: stats: avg. fps 58.98, bitrate 192711
11-04 02:13:00.439 3249 3249 W hpplay-java: [main]:IPManager:getActiveNets invalid networkInfo:null
11-04 02:13:00.439 3249 3249 I hpplay-java: [main]:IPManager:getActiveNets eth0:false wifi:false mobile:false ap:false
11-04 02:13:00.439 3249 3249 I hpplay-java: [main]:ServerTaskManager:get local ip:null
11-04 02:13:00.677 648 663 I mpu_uart: [MSG-P:RECV]:No message received in 1000 ms
11-04 02:13:00.837 648 662 I mpu_uart: [MSG-P:R]:recv sync frame timeout
11-04 02:13:01.103 1200 5327 I OMX-VENC: venc_dev: stats: avg. fps 56.03, bitrate 201939
11-04 02:13:01.441 3249 3249 W hpplay-java: [main]:IPManager:getActiveNets invalid networkInfo:null
11-04 02:13:01.441 3249 3249 I hpplay-java: [main]:IPManager:getActiveNets eth0:false wifi:false mobile:false ap:false
11-04 02:13:01.441 3249 3249 I hpplay-java: [main]:ServerTaskManager:get local ip:null
11-04 02:13:01.678 648 663 I mpu_uart: [MSG-P:RECV]:No message received in 1000 ms
11-04 02:13:02.110 1200 5327 I OMX-VENC: venc_dev: stats: avg. fps 56.65, bitrate 197679
11-04 02:13:02.443 3249 3249 W hpplay-java: [main]:IPManager:getActiveNets invalid networkInfo:null
11-04 02:13:02.443 3249 3249 I hpplay-java: [main]:IPManager:getActiveNets eth0:false wifi:false mobile:false ap:false
11-04 02:13:02.443 3249 3249 I hpplay-java: [main]:ServerTaskManager:get local ip:null
11-04 02:13:02.678 648 663 I mpu_uart: [MSG-P:RECV]:No message received in 1000 ms
11-04 02:13:03.154 1200 5327 I OMX-VENC: venc_dev: stats: avg. fps 54.58, bitrate 169625 --------- beginning of system
11-04 02:13:03.165 1474 2301 I GameModeConfig: isGameModeOn = false
11-04 02:13:03.192 2358 2358 D InterruptionStateProvider: No alerting: filtered notification: 0|com.android.systemui|1|empty_media|10081
11-04 02:13:03.193 2358 2358 D InterruptionStateProvider: No bubble up: not allowed to bubble: -1|android|26|null|1000
11-04 02:13:03.193 2358 2358 D InterruptionStateProvider: No bubble up: not allowed to bubble: 0|com.android.systemui|2048|null|10081
11-04 02:13:03.193 2358 2358 D InterruptionStateProvider: No bubble up: not allowed to bubble: -1|android|32|null|1000
11-04 02:13:03.445 3249 3249 W hpplay-java: [main]:IPManager:getActiveNets invalid networkInfo:null
11-04 02:13:03.445 3249 3249 I hpplay-java: [main]:IPManager:getActiveNets eth0:false wifi:false mobile:false ap:false
11-04 02:13:03.445 3249 3249 I hpplay-java: [main]:ServerTaskManager:get local ip:null
11-04 02:13:03.678 648 663 I mpu_uart: [MSG-P:RECV]:No message received in 1000 ms
11-04 02:13:03.841 648 662 I mpu_uart: [MSG-P:R]:recv sync frame timeout
11-04 02:13:04.448 3249 3249 W hpplay-java: [main]:IPManager:getActiveNets invalid networkInfo:null
11-04 02:13:04.448 3249 3249 I hpplay-java: [main]:IPManager:getActiveNets eth0:false wifi:false mobile:false ap:false
11-04 02:13:04.448 3249 3249 I hpplay-java: [main]:ServerTaskManager:get local ip:null
11-04 02:13:04.679 648 663 I mpu_uart: [MSG-P:RECV]:No message received in 1000 ms
11-04 02:13:05.292 3249 3249 I hpplay-java: [main]:IMTask:getIMRoot
11-04 02:13:05.300 3249 8146 W hpplay-java: [AsyncTask #105]:HttpRequest:
11-04 02:13:05.301 3249 8146 W hpplay-java: [AsyncTask #105]:HttpRequest:
11-04 02:13:05.303 3249 8146 W hpplay-java: [AsyncTask #105]:HttpRequest:
11-04 02:13:05.303 3249 3249 E hpplay-java: [main]:IMTask:getIMRoot failed
11-04 02:13:05.449 3249 3249 W hpplay-java: [main]:IPManager:getActiveNets invalid networkInfo:null
11-04 02:13:05.449 3249 3249 I hpplay-java: [main]:IPManager:getActiveNets eth0:false wifi:false mobile:false ap:false
11-04 02:13:05.449 3249 3249 I hpplay-java: [main]:ServerTaskManager:get local ip:null
11-04 02:13:05.679 648 663 I mpu_uart: [MSG-P:RECV]:No message received in 1000 ms
11-04 02:13:06.451 3249 3249 W hpplay-java: [main]:IPManager:getActiveNets invalid networkInfo:null
11-04 02:13:06.451 3249 3249 I hpplay-java: [main]:IPManager:getActiveNets eth0:false wifi:false mobile:false ap:false
11-04 02:13:06.451 3249 3249 I hpplay-java: [main]:ServerTaskManager:get local ip:null
11-04 02:13:06.679 648 663 I mpu_uart: [MSG-P:RECV]:No message received in 1000 ms
11-04 02:13:06.844 648 662 I mpu_uart: [MSG-P:R]:recv sync frame timeout
11-04 02:13:07.454 3249 3249 W hpplay-java: [main]:IPManager:getActiveNets invalid networkInfo:null
11-04 02:13:07.454 3249 3249 I hpplay-java: [main]:IPManager:getActiveNets eth0:false wifi:false mobile:false ap:false
11-04 02:13:07.454 3249 3249 I hpplay-java: [main]:ServerTaskManager:get local ip:null
11-04 02:13:07.680 648 663 I mpu_uart: [MSG-P:RECV]:No message received in 1000 ms
11-04 02:13:08.456 3249 3249 W hpplay-java: [main]:IPManager:getActiveNets invalid networkInfo:null
11-04 02:13:08.456 3249 3249 I hpplay-java: [main]:IPManager:getActiveNets eth0:false wifi:false mobile:false ap:false
11-04 02:13:08.456 3249 3249 I hpplay-java: [main]:ServerTaskManager:get local ip:null
11-04 02:13:08.680 648 663 I mpu_uart: [MSG-P:RECV]:No message received in 1000 ms
11-04 02:13:08.736 1474 2005 I input_interaction: Interaction with: b7003a3 com.thundercomm.screensaver/android.service.dreams.DreamActivity (server), edge-swipe (server), swipe-up (server), PointerEventDispatcher0 (server),
11-04 02:13:08.738 1474 6019 I wm_finish_activity: [0,231747237,69,com.thundercomm.screensaver/android.service.dreams.DreamActivity,finish-activity]
11-04 02:13:08.739 1474 6019 I wm_task_moved: [1,1,5]
11-04 02:13:08.740 1474 6019 I wm_task_moved: [10,1,2147483647]
11-04 02:13:08.740 1474 6019 I wm_task_to_front: [0,10]
11-04 02:13:08.740 1474 6019 I wm_focused_root_task: [0,0,1,69,finish-top adjustFocusToNextFocusableTask]
11-04 02:13:08.741 1474 6019 I wm_set_resumed_activity: [0,com.android.launcher3/.uioverrides.QuickstepLauncher,finish-top adjustFocusToNextFocusableTask]
11-04 02:13:08.741 1474 6019 D ActivityTrigger: ActivityTrigger activityPauseTrigger
11-04 02:13:08.742 1474 6019 I wm_pause_activity: [0,231747237,com.thundercomm.screensaver/android.service.dreams.DreamActivity,userLeaving=false,finish]
11-04 02:13:08.751 1474 1796 I DreamManagerService: Gently waking up from dream.
11-04 02:13:08.752 1474 1641 I DreamManagerService: Performing gentle wake from dream.
11-04 02:13:08.754 4827 4827 I wm_on_top_resumed_lost_called: [231747237,android.service.dreams.DreamActivity,topStateChangedWhenResumed]
11-04 02:13:08.756 4827 4827 I wm_on_paused_called: [231747237,android.service.dreams.DreamActivity,performPause]
11-04 02:13:08.758 1474 1644 I sysui_multi_action: [757,803,799,window_time_0,802,16]
11-04 02:13:08.762 1474 2429 I wm_add_to_stopping: [0,231747237,com.thundercomm.screensaver/android.service.dreams.DreamActivity,completeFinishing]
11-04 02:13:08.763 1474 2429 I ActivityTaskManager: FOREGROUND_APPLICATION_CHANGED to com.android.launcher3.uioverrides.QuickstepLauncher
11-04 02:13:08.765 1474 2429 I wm_set_resumed_activity: [0,com.android.launcher3/.uioverrides.QuickstepLauncher,resumeTopActivityInnerLocked]
11-04 02:13:08.765 2358 2387 D KeyguardViewMediator: setOccluded false
11-04 02:13:08.767 1474 2429 I wm_resume_activity: [0,59699080,10,com.android.launcher3/.uioverrides.QuickstepLauncher]
11-04 02:13:08.770 2358 2358 D StatusBar: disable disable2
11-04 02:13:08.772 2358 2358 D KeyguardViewMediator: adjustStatusBarLocked: mShowing=false mOccluded=false isSecure=false force=false --> flags=0x0
11-04 02:13:08.774 1474 1644 I sysui_multi_action: [757,803,799,window_time_0,802,0]
11-04 02:13:08.777 4174 6968 I GameMode_ActivityMonitoringService: onForegroundActivitiesChanged uid 10080 pid 2809 fg true
11-04 02:13:08.778 4827 4827 I view_enqueue_input_event: [Motion - Cancel,com.thundercomm.screensaver/android.service.dreams.DreamActivity]
11-04 02:13:08.781 2809 2809 I wm_on_restart_called: [59699080,com.android.launcher3.uioverrides.QuickstepLauncher,performRestartActivity]
11-04 02:13:08.781 2809 2809 I wm_on_start_called: [59699080,com.android.launcher3.uioverrides.QuickstepLauncher,handleStartActivity]
11-04 02:13:08.782 2809 2809 I wm_on_resume_called: [59699080,com.android.launcher3.uioverrides.QuickstepLauncher,RESUME_ACTIVITY]
11-04 02:13:08.782 2809 2809 I wm_on_top_resumed_gained_called: [59699080,com.android.launcher3.uioverrides.QuickstepLauncher,topWhenResuming]
11-04 02:13:08.783 1474 2005 I input_focus: [Focus leaving b7003a3 com.thundercomm.screensaver/android.service.dreams.DreamActivity (server),reason=NO_WINDOW]
11-04 02:13:08.797 1474 1645 I input_focus: [Focus request c2f885b com.android.launcher3/com.android.launcher3.uioverrides.QuickstepLauncher,reason=UpdateInputWindows]
11-04 02:13:08.798 4174 4205 I GameMode_ActivityMonitoringService: Updating top task to: TaskInfoContainer [topActivity=ComponentInfo{com.android.launcher3/com.android.launcher3.uioverrides.QuickstepLauncher}, taskId=10, stackId=1, userId=0, displayId=0, position=5
11-04 02:13:08.798 4174 4205 I GameMode_ActivityMonitoringService: Notifying about top task: TaskInfoContainer [topActivity=ComponentInfo{com.android.launcher3/com.android.launcher3.uioverrides.QuickstepLauncher}, taskId=10, stackId=1, userId=0, displayId=0, position=5
11-04 02:13:08.798 4174 4205 D GameMode_GameMode: Show GameMode entry by service!
11-04 02:13:08.798 4174 4205 W ContextImpl: Calling a method in the system process without a qualified user: android.app.ContextImpl.startService:1816 android.content.ContextWrapper.startService:774 com.thundercomm.gamemode.ingame.services.GameModeActionUtils.startGameModeService:39 com.thundercomm.gamemode.ingame.services.GameModeActionUtils.startGameModeEntry:19 com.thundercomm.gamemode.ingame.services.ActivityMonitoringService$1.onActivityLaunch:119
11-04 02:13:08.801 4174 4174 D GameMode_GameMode:GameModeService: onStartCommand: hide_entry
11-04 02:13:08.801 4174 4205 D GameMode: getUriFor setting_content_uri_root = content://com.thundercomm.gamemode.api/gamemode_settings , name = gamemode_isgaming
11-04 02:13:08.806 1474 1474 I GameModeConfig: Current uri is uri = content://com.thundercomm.gamemode.api/gamemode_settings/gamemode_isgaming
11-04 02:13:08.806 1474 1474 D GameMode: getUriFor setting_content_uri_root = content://com.thundercomm.gamemode.api/gamemode_settings , name = gamemode_isgaming
11-04 02:13:08.810 1200 5327 I OMX-VENC: venc_dev: stats: avg. fps 1.77, bitrate 2987
11-04 02:13:08.811 1474 1474 I GameModeConfig: isGameModeOn = false
11-04 02:13:08.813 1474 1474 I GameModeConfig: isGameModeOn = false
11-04 02:13:08.813 1474 1474 I GameModeConfig: isDisableVoice = true
11-04 02:13:08.814 4174 4205 D GameMode: gamemode_isgaming set to 0
11-04 02:13:08.814 2809 6774 I OpenGLRenderer: Davey! duration=75313ms; Flags=1, FrameTimelineVsyncId=63582, IntendedVsync=1876353667160, Vsync=1876353667160, InputEventId=0, HandleInputStart=1876354003032, AnimationStart=1876354005219, PerformTraversalsStart=1876354007407, DrawStart=1876360696573, FrameDeadline=1876370333826, FrameInterval=1876353998865, FrameStartTime=16666666, SyncQueued=1876362065323, SyncStart=1876362166105, IssueDrawCommandsStart=1876362440740, SwapBuffers=1876364718032, FrameCompleted=1951666924617, DequeueBufferDuration=20104, QueueBufferDuration=692552, GpuCompleted=1951666924617, SwapBuffersCompleted=1876365849073, DisplayPresentTime=64,
11-04 02:13:08.816 4174 4174 D GameMode_GameSettingsObserver: Game Data change!!!! uri = content://com.thundercomm.gamemode.api/gamemode_settings/gamemode_isgaming
11-04 02:13:08.816 4174 4174 D GameMode: getUriFor setting_content_uri_root = content://com.thundercomm.gamemode.api/gamemode_settings , name = gamemode_isgaming
11-04 02:13:08.820 4174 4174 D GameMode_GameMode:GameModeService: updateGlobalSettings = gamemode_isgaming
11-04 02:13:08.841 1474 1672 I PowerManagerService: Powering on display group fromDreaming (groupId=0, uid=1000, reason=WAKE_REASON_UNKNOWN, details=android.server.power:DREAM_FINISHED)...
11-04 02:13:08.841 1474 1672 I PowerManagerService: Waking up from Dreaming (uid=1000, reason=WAKE_REASON_UNKNOWN, details=android.server.power:DREAM_FINISHED)...
11-04 02:13:08.844 1474 2005 I input_focus: [Focus entering c2f885b com.android.launcher3/com.android.launcher3.uioverrides.QuickstepLauncher (server),reason=Window became focusable. Previous reason: NOT_VISIBLE]
11-04 02:13:08.845 3686 3686 D Sogou : onUnbindInput finish
11-04 02:13:08.847 3686 3686 D Sogou : onFinishInput:
11-04 02:13:08.868 4174 6968 I GameMode_ActivityMonitoringService: onTaskStackChanged
11-04 02:13:08.872 4174 4205 I GameMode_ActivityMonitoringService: Updating top task to: TaskInfoContainer [topActivity=ComponentInfo{com.android.launcher3/com.android.launcher3.uioverrides.QuickstepLauncher}, taskId=10, stackId=1, userId=0, displayId=0, position=5
11-04 02:13:08.872 4174 4205 I GameMode_ActivityMonitoringService: Notifying about top task: TaskInfoContainer [topActivity=ComponentInfo{com.android.launcher3/com.android.launcher3.uioverrides.QuickstepLauncher}, taskId=10, stackId=1, userId=0, displayId=0, position=5
11-04 02:13:08.872 4174 4205 D GameMode_GameMode: Show GameMode entry by service!
11-04 02:13:08.873 4174 4205 W ContextImpl: Calling a method in the system process without a qualified user: android.app.ContextImpl.startService:1816 android.content.ContextWrapper.startService:774 com.thundercomm.gamemode.ingame.services.GameModeActionUtils.startGameModeService:39 com.thundercomm.gamemode.ingame.services.GameModeActionUtils.startGameModeEntry:19 com.thundercomm.gamemode.ingame.services.ActivityMonitoringService$1.onActivityLaunch:119
11-04 02:13:08.875 4174 4205 D GameMode: getUriFor setting_content_uri_root = content://com.thundercomm.gamemode.api/gamemode_settings , name = gamemode_isgaming
11-04 02:13:08.877 1474 1474 I GameModeConfig: Current uri is uri = content://com.thundercomm.gamemode.api/gamemode_settings/gamemode_isgaming
11-04 02:13:08.877 1474 1474 D GameMode: getUriFor setting_content_uri_root = content://com.thundercomm.gamemode.api/gamemode_settings , name = gamemode_isgaming
11-04 02:13:08.878 4174 4205 D GameMode: gamemode_isgaming set to 0
11-04 02:13:08.878 4174 4174 D GameMode_GameMode:GameModeService: onStartCommand: hide_entry
11-04 02:13:08.878 4174 4174 D GameMode_GameSettingsObserver: Game Data change!!!! uri = content://com.thundercomm.gamemode.api/gamemode_settings/gamemode_isgaming
11-04 02:13:08.878 4174 4174 D GameMode: getUriFor setting_content_uri_root = content://com.thundercomm.gamemode.api/gamemode_settings , name = gamemode_isgaming
11-04 02:13:08.880 4174 4174 D GameMode_GameMode:GameModeService: updateGlobalSettings = gamemode_isgaming
11-04 02:13:08.881 1474 1474 I GameModeConfig: isGameModeOn = false
11-04 02:13:08.882 1474 1474 I GameModeConfig: isGameModeOn = false
11-04 02:13:08.882 1474 1474 I GameModeConfig: isDisableVoice = true
11-04 02:13:09.063 1474 1644 I wm_destroy_activity: [0,231747237,69,com.thundercomm.screensaver/android.service.dreams.DreamActivity,finish-imm:idle]
11-04 02:13:09.065 4174 6968 I GameMode_ActivityMonitoringService: onForegroundActivitiesChanged uid 10050 pid 4827 fg false
11-04 02:13:09.072 4174 4205 I GameMode_ActivityMonitoringService: Updating top task to: TaskInfoContainer [topActivity=ComponentInfo{com.android.launcher3/com.android.launcher3.uioverrides.QuickstepLauncher}, taskId=10, stackId=1, userId=0, displayId=0, position=5
11-04 02:13:09.074 4174 4205 I GameMode_ActivityMonitoringService: Notifying about top task: TaskInfoContainer [topActivity=ComponentInfo{com.android.launcher3/com.android.launcher3.uioverrides.QuickstepLauncher}, taskId=10, stackId=1, userId=0, displayId=0, position=5
11-04 02:13:09.074 4174 4205 D GameMode_GameMode: Show GameMode entry by service!
11-04 02:13:09.075 4174 4205 W ContextImpl: Calling a method in the system process without a qualified user: android.app.ContextImpl.startService:1816 android.content.ContextWrapper.startService:774 com.thundercomm.gamemode.ingame.services.GameModeActionUtils.startGameModeService:39 com.thundercomm.gamemode.ingame.services.GameModeActionUtils.startGameModeEntry:19 com.thundercomm.gamemode.ingame.services.ActivityMonitoringService$1.onActivityLaunch:119
11-04 02:13:09.079 4174 4174 D GameMode_GameMode:GameModeService: onStartCommand: hide_entry
11-04 02:13:09.079 4174 4205 D GameMode: getUriFor setting_content_uri_root = content://com.thundercomm.gamemode.api/gamemode_settings , name = gamemode_isgaming
11-04 02:13:09.082 4827 4827 I wm_on_stop_called: [231747237,android.service.dreams.DreamActivity,LIFECYCLER_STOP_ACTIVITY]
11-04 02:13:09.083 4827 4827 I wm_on_destroy_called: [231747237,android.service.dreams.DreamActivity,performDestroy]
11-04 02:13:09.083 4174 4205 D GameMode: gamemode_isgaming set to 0
11-04 02:13:09.083 1474 1474 I GameModeConfig: Current uri is uri = content://com.thundercomm.gamemode.api/gamemode_settings/gamemode_isgaming
11-04 02:13:09.083 4174 4174 D GameMode_GameSettingsObserver: Game Data change!!!! uri = content://com.thundercomm.gamemode.api/gamemode_settings/gamemode_isgaming
11-04 02:13:09.083 1474 1474 D GameMode: getUriFor setting_content_uri_root = content://com.thundercomm.gamemode.api/gamemode_settings , name = gamemode_isgaming
11-04 02:13:09.083 4174 4174 D GameMode: getUriFor setting_content_uri_root = content://com.thundercomm.gamemode.api/gamemode_settings , name = gamemode_isgaming
11-04 02:13:09.085 4174 4174 D GameMode_GameMode:GameModeService: updateGlobalSettings = gamemode_isgaming
11-04 02:13:09.088 1474 1796 I DreamManagerService: Leaving dreamland.
11-04 02:13:09.089 1474 1474 I GameModeConfig: isGameModeOn = false
11-04 02:13:09.090 1474 1474 I GameModeConfig: isGameModeOn = false
11-04 02:13:09.090 1474 1474 I GameModeConfig: isDisableVoice = true
11-04 02:13:09.092 1474 1796 W InputManager-JNI: Input channel object 'b7003a3 com.thundercomm.screensaver/android.service.dreams.DreamActivity (client)' was disposed without first being removed with the input manager!
11-04 02:13:09.097 1474 1641 I DreamManagerService: Performing gentle wake from dream.
11-04 02:13:09.097 1474 1641 I DreamController: Stopping dream: name=ComponentInfo{com.thundercomm.screensaver/com.thundercomm.saverclock.service.ClockScreensaver}, isTest=false, canDoze=false, userId=0, reason='finished self'(from 'finished self')
11-04 02:13:09.097 1474 1641 I sysui_multi_action: [757,222,758,2]
11-04 02:13:09.101 1474 1641 I sysui_multi_action: [757,804,799,dreaming_minutes,801,0,802,1]
11-04 02:13:09.103 1474 6019 I wm_task_removed: [69,removeChild:removeChild last r=ActivityRecord{dd02ea5 u0 com.thundercomm.screensaver/android.service.dreams.DreamActivity t-1 f}} in t=Task{f4fddef #69 type=dream A=10050:android:com.thundercomm.screensaver/dream U=0 visible=false mode=fullscreen translucent=true sz=0}]
11-04 02:13:09.103 1474 6019 I wm_task_removed: [69,removeChild]
11-04 02:13:09.105 1474 1645 W ActivityTaskManager: Can't find TaskDisplayArea to determine support for multi window. Task id=69 attached=false
11-04 02:13:09.458 3249 3249 W hpplay-java: [main]:IPManager:getActiveNets invalid networkInfo:null
11-04 02:13:09.459 3249 3249 I hpplay-java: [main]:IPManager:getActiveNets eth0:false wifi:false mobile:false ap:false
11-04 02:13:09.459 3249 3249 I hpplay-java: [main]:ServerTaskManager:get local ip:null
11-04 02:13:09.680 648 663 I mpu_uart: [MSG-P:RECV]:No message received in 1000 ms
11-04 02:13:09.815 1200 5327 I OMX-VENC: venc_dev: stats: avg. fps 58.74, bitrate 1544011
11-04 02:13:09.845 648 662 I mpu_uart: [MSG-P:R]:recv sync frame timeout
11-04 02:13:09.873 1474 2005 I input_interaction: Interaction with: c2f885b com.android.launcher3/com.android.launcher3.uioverrides.QuickstepLauncher (server), 6b99821 com.android.systemui.ImageWallpaper (server), edge-swipe (server), swipe-up (server), PointerEventDispatcher0 (server),
11-04 02:13:09.906 2809 6774 I OpenGLRenderer: Davey! duration=69384ms; Flags=0, FrameTimelineVsyncId=64176, IntendedVsync=1883368371549, Vsync=1883368371549, InputEventId=0, HandleInputStart=1883368847248, AnimationStart=1883368850894, PerformTraversalsStart=1883368853914, DrawStart=1883369070946, FrameDeadline=1883406371547, FrameInterval=1883368836571, FrameStartTime=16666666, SyncQueued=1883369358081, SyncStart=1883369604331, IssueDrawCommandsStart=1883370045269, SwapBuffers=1883373951883, FrameCompleted=1952752941075, DequeueBufferDuration=60573, QueueBufferDuration=1779740, GpuCompleted=1952752941075, SwapBuffersCompleted=1883376472456, DisplayPresentTime=64,
11-04 02:13:09.946 1474 1796 I ActivityTaskManager: START u0 {act=android.intent.action.MAIN cat=[android.intent.category.LAUNCHER] flg=0x10200000 cmp=com.android.settings/.Settings bnds=[2233,723][2408,906]} from uid 10080
11-04 02:13:09.950 1474 1644 I EventSequenceValidator: Transition from ACTIVITY_FINISHED to INTENT_STARTED
11-04 02:13:09.951 1474 1796 E ANDR-PERF-JNI: com_qualcomm_qtiperformance_native_perf_io_prefetch_start
11-04 02:13:09.952 1474 1796 I wm_task_created: [70,-1]
11-04 02:13:09.952 1474 1796 W ActivityTaskManager: Can't find TaskDisplayArea to determine support for multi window. Task id=70 attached=false
11-04 02:13:09.956 1474 1796 I wm_task_moved: [70,1,6]
11-04 02:13:09.956 1474 1796 I wm_task_to_front: [0,70]
11-04 02:13:09.956 1474 1796 I wm_create_task: [0,70]
11-04 02:13:09.957 1474 1796 I wm_create_activity: [0,149134942,70,com.android.settings/.Settings,android.intent.action.MAIN,NULL,NULL,270532608]
11-04 02:13:09.957 1474 1796 I wm_task_moved: [70,1,6]
11-04 02:13:09.957 860 3719 E ANDR-IOP: io prefetch is disabled
11-04 02:13:09.958 1474 1796 D CompatibilityInfo: mCompatibilityFlags - 4
11-04 02:13:09.958 1474 1796 D CompatibilityInfo: applicationDensity - 240
11-04 02:13:09.958 1474 1796 D CompatibilityInfo: applicationScale - 1.0
11-04 02:13:09.959 1474 1796 D ActivityTrigger: ActivityTrigger activityPauseTrigger
11-04 02:13:09.960 1474 1796 I wm_pause_activity: [0,59699080,com.android.launcher3/.uioverrides.QuickstepLauncher,userLeaving=true,pauseBackTasks]
11-04 02:13:09.969 2809 2809 I wm_on_top_resumed_lost_called: [59699080,com.android.launcher3.uioverrides.QuickstepLauncher,topStateChangedWhenResumed]
11-04 02:13:09.973 1474 1644 D CompatibilityChangeReporter: Compat change id reported: 135634846; UID 1000; state: DISABLED
11-04 02:13:09.973 1474 1644 D CompatibilityChangeReporter: Compat change id reported: 177438394; UID 1000; state: DISABLED
11-04 02:13:09.973 1474 1644 D CompatibilityChangeReporter: Compat change id reported: 135772972; UID 1000; state: DISABLED
11-04 02:13:09.973 1474 1644 D CompatibilityChangeReporter: Compat change id reported: 135754954; UID 1000; state: ENABLED
11-04 02:13:09.974 2809 2809 I wm_on_paused_called: [59699080,com.android.launcher3.uioverrides.QuickstepLauncher,performPause]
11-04 02:13:09.975 1474 6814 I ActivityTaskManager: FOREGROUND_APPLICATION_CHANGED to com.android.settings.homepage.SettingsHomepageActivity
11-04 02:13:09.976 1474 6814 I wm_add_to_stopping: [0,59699080,com.android.launcher3/.uioverrides.QuickstepLauncher,makeInvisible]
11-04 02:13:09.982 1474 1644 I EventSequenceValidator: Transition from INTENT_STARTED to ACTIVITY_LAUNCHED
11-04 02:13:09.983 1474 1644 I sysui_multi_action: [757,803,799,window_time_0,802,1]
11-04 02:13:09.988 669 669 D Zygote : Forked child process 8157
11-04 02:13:09.989 1474 1656 I am_proc_start: [0,8157,1000,com.android.settings,pre-top-activity,{com.android.settings/com.android.settings.Settings}]
11-04 02:13:09.989 1474 1656 I ActivityManager: Start proc 8157:com.android.settings/1000 for pre-top-activity {com.android.settings/com.android.settings.Settings}
11-04 02:13:09.990 1474 8158 W ContextImpl: Calling a method in the system process without a qualified user: android.app.ContextImpl.sendBroadcast:1173 com.qualcomm.qti.Performance$SendGameLaunchBroadcast.run:217 java.lang.Thread.run:920
11-04 02:13:09.994 3338 4188 W SQLiteLog: (28) double-quoted string literal: "com.android.settings"
11-04 02:13:09.995 1474 2005 I input_focus: [Focus leaving c2f885b com.android.launcher3/com.android.launcher3.uioverrides.QuickstepLauncher (server),reason=NO_WINDOW]
11-04 02:13:10.005 8157 8157 E ndroid.setting: Not starting debugger since process cannot load the jdwp agent.
11-04 02:13:10.006 8157 8157 D ProcessState: Binder ioctl to enable oneway spam detection failed: Invalid argument
11-04 02:13:10.008 1474 1796 I am_proc_bound: [0,8157,com.android.settings]
11-04 02:13:10.015 1474 1796 D CompatibilityInfo: mCompatibilityFlags - 4
11-04 02:13:10.015 1474 1796 D CompatibilityInfo: applicationDensity - 240
11-04 02:13:10.016 1474 1796 D CompatibilityInfo: applicationScale - 1.0
11-04 02:13:10.019 1474 1796 I wm_restart_activity: [0,149134942,70,com.android.settings/.Settings]
11-04 02:13:10.020 1474 1796 D CompatibilityInfo: mCompatibilityFlags - 4
11-04 02:13:10.020 1474 1796 D CompatibilityInfo: applicationDensity - 240
11-04 02:13:10.020 1474 1796 D CompatibilityInfo: applicationScale - 1.0
11-04 02:13:10.021 1474 1796 I wm_set_resumed_activity: [0,com.android.settings/.Settings,minimalResumeActivityLocked]
11-04 02:13:10.023 8157 8157 D CompatibilityChangeReporter: Compat change id reported: 171979766; UID 1000; state: ENABLED
11-04 02:13:10.023 4174 6968 I GameMode_ActivityMonitoringService: onForegroundActivitiesChanged uid 1000 pid 8157 fg true
11-04 02:13:10.027 4174 4205 I GameMode_ActivityMonitoringService: Updating top task to: TaskInfoContainer [topActivity=ComponentInfo{com.android.settings/com.android.settings.Settings}, taskId=70, stackId=70, userId=0, displayId=0, position=6
11-04 02:13:10.028 4174 4205 I GameMode_ActivityMonitoringService: Notifying about top task: TaskInfoContainer [topActivity=ComponentInfo{com.android.settings/com.android.settings.Settings}, taskId=70, stackId=70, userId=0, displayId=0, position=6
11-04 02:13:10.028 4174 4205 D GameMode_GameMode: Show GameMode entry by service!
11-04 02:13:10.028 4174 4205 W ContextImpl: Calling a method in the system process without a qualified user: android.app.ContextImpl.startService:1816 android.content.ContextWrapper.startService:774 com.thundercomm.gamemode.ingame.services.GameModeActionUtils.startGameModeService:39 com.thundercomm.gamemode.ingame.services.GameModeActionUtils.startGameModeEntry:19 com.thundercomm.gamemode.ingame.services.ActivityMonitoringService$1.onActivityLaunch:119
11-04 02:13:10.028 8157 8157 W ndroid.setting: ClassLoaderContext shared library size mismatch. Expected=2, found=0 (PCL[]{PCL[/system/framework/org.apache.http.legacy.jar*2058259660]#PCL[/system_ext/framework/extphonelib.jar*2894378777]} | PCL[])
11-04 02:13:10.031 4174 4205 D GameMode: getUriFor setting_content_uri_root = content://com.thundercomm.gamemode.api/gamemode_settings , name = gamemode_isgaming
11-04 02:13:10.032 4174 4174 D GameMode_GameMode:GameModeService: onStartCommand: hide_entry
11-04 02:13:10.035 8157 8157 I Perf : Connecting to perf service.
11-04 02:13:10.035 1474 1474 I GameModeConfig: Current uri is uri = content://com.thundercomm.gamemode.api/gamemode_settings/gamemode_isgaming
11-04 02:13:10.036 1474 1474 D GameMode: getUriFor setting_content_uri_root = content://com.thundercomm.gamemode.api/gamemode_settings , name = gamemode_isgaming
11-04 02:13:10.037 4174 4205 D GameMode: gamemode_isgaming set to 0
11-04 02:13:10.037 4174 4174 D GameMode_GameSettingsObserver: Game Data change!!!! uri = content://com.thundercomm.gamemode.api/gamemode_settings/gamemode_isgaming
11-04 02:13:10.037 4174 4174 D GameMode: getUriFor setting_content_uri_root = content://com.thundercomm.gamemode.api/gamemode_settings , name = gamemode_isgaming
11-04 02:13:10.039 8157 8157 V GraphicsEnvironment: ANGLE Developer option for 'com.android.settings' set to: 'default'
11-04 02:13:10.039 8157 8157 V GraphicsEnvironment: ANGLE GameManagerService for com.android.settings: false
11-04 02:13:10.039 1474 1474 I GameModeConfig: isGameModeOn = false
11-04 02:13:10.039 8157 8157 D NetworkSecurityConfig: No Network Security Config specified, using platform default
11-04 02:13:10.039 1474 1474 I GameModeConfig: isGameModeOn = false
11-04 02:13:10.039 1474 1474 I GameModeConfig: isDisableVoice = true
