11-04 02:13:24.177 1474 2005 I input_interaction: Interaction with: 155fb92 com.android.settings/com.android.settings.Settings (server), edge-swipe (server), swipe-up (server), PointerEventDispatcher0 (server),
11-04 02:13:24.264 8277 8277 D AndroidRuntime: Shutting down VM
11-04 02:13:24.265 8277 8277 E AndroidRuntime: FATAL EXCEPTION: main
11-04 02:13:24.265 8277 8277 E AndroidRuntime: Process: com.android.settings, PID: 8277
11-04 02:13:24.265 8277 8277 E AndroidRuntime: java.lang.NullPointerException: Attempt to invoke virtual method 'boolean java.lang.String.equals(java.lang.Object)' on a null object reference
11-04 02:13:24.265 8277 8277 E AndroidRuntime: at com.android.settings.wifi.WifiSettings.onPreferenceTreeClick(WifiSettings.java:600)
11-04 02:13:24.265 8277 8277 E AndroidRuntime: at androidx.preference.Preference.performClick(Preference.java:1194)
11-04 02:13:24.265 8277 8277 E AndroidRuntime: at androidx.preference.Preference.performClick(Preference.java:1168)
11-04 02:13:24.265 8277 8277 E AndroidRuntime: at androidx.preference.Preference$1.onClick(Preference.java:181)
11-04 02:13:24.265 8277 8277 E AndroidRuntime: at android.view.View.performClick(View.java:7441)
11-04 02:13:24.265 8277 8277 E AndroidRuntime: at android.view.View.performClickInternal(View.java:7418)
11-04 02:13:24.265 8277 8277 E AndroidRuntime: at android.view.View.access$3700(View.java:835)
11-04 02:13:24.265 8277 8277 E AndroidRuntime: at android.view.View$PerformClick.run(View.java:28681)
11-04 02:13:24.265 8277 8277 E AndroidRuntime: at android.os.Handler.handleCallback(Handler.java:938)
11-04 02:13:24.265 8277 8277 E AndroidRuntime: at android.os.Handler.dispatchMessage(Handler.java:99)
11-04 02:13:24.265 8277 8277 E AndroidRuntime: at android.os.Looper.loopOnce(Looper.java:201)
11-04 02:13:24.265 8277 8277 E AndroidRuntime: at android.os.Looper.loop(Looper.java:288)
11-04 02:13:24.265 8277 8277 E AndroidRuntime: at android.app.ActivityThread.main(ActivityThread.java:7880)
11-04 02:13:24.265 8277 8277 E AndroidRuntime: at java.lang.reflect.Method.invoke(Native Method)
11-04 02:13:24.265 8277 8277 E AndroidRuntime: at com.android.internal.os.RuntimeInit$MethodAndArgsCaller.run(RuntimeInit.java:548)
11-04 02:13:24.265 8277 8277 E AndroidRuntime: at com.android.internal.os.ZygoteInit.main(ZygoteInit.java:1009)
11-04 02:13:24.266 1474 6184 I am_crash: [8277,0,com.android.settings,952745541,java.lang.NullPointerException,Attempt to invoke virtual method 'boolean java.lang.String.equals(java.lang.Object)' on a null object reference,WifiSettings.java,600]
11-04 02:13:24.272 1474 8327 I DropBoxManagerService: add tag=system_app_crash isTagEnabled=true flags=0x2
11-04 02:13:24.272 1474 6184 W ActivityTaskManager: Force finishing activity com.android.settings/.Settings
11-04 02:13:24.272 1474 6184 I wm_finish_activity: [0,265335173,72,com.android.settings/.Settings,force-crash]
11-04 02:13:24.272 1474 6184 I wm_task_moved: [1,1,6]
11-04 02:13:24.273 1474 6184 I wm_task_moved: [10,1,2147483647]
11-04 02:13:24.273 1474 6184 I wm_task_to_front: [0,10]
11-04 02:13:24.274 1474 6184 I wm_focused_root_task: [0,0,1,72,finish-top adjustFocusToNextFocusableTask]
11-04 02:13:24.274 1474 6184 I wm_set_resumed_activity: [0,com.android.launcher3/.uioverrides.QuickstepLauncher,finish-top adjustFocusToNextFocusableTask]
11-04 02:13:24.281 1474 6184 D ActivityTrigger: ActivityTrigger activityPauseTrigger
11-04 02:13:24.281 1474 6184 I wm_pause_activity: [0,265335173,com.android.settings/.Settings,userLeaving=false,finish]
11-04 02:13:24.288 1474 6184 I sysui_multi_action: [757,316,758,4,759,-1]
11-04 02:13:24.289 8277 8277 I Process : Sending signal. PID: 8277 SIG: 9
11-04 02:13:24.310 1474 2005 I input_focus: [Focus leaving 155fb92 com.android.settings/com.android.settings.Settings (server),reason=NO_WINDOW]
11-04 02:13:24.328 1474 6541 D ConnectivityService: ConnectivityService NetworkRequestInfo binderDied(uid/pid:1000/8277, android.os.BinderProxy@568e97b)
11-04 02:13:24.328 1474 6185 D ConnectivityService: ConnectivityService NetworkRequestInfo binderDied(uid/pid:1000/8277, android.os.BinderProxy@4f11398)
11-04 02:13:24.328 1474 7614 I WindowManager: WIN DEATH: Window{155fb92 u0 com.android.settings/com.android.settings.Settings}
11-04 02:13:24.329 1474 4558 I ActivityManager: Process com.android.settings (pid 8277) has died: fg TOP
11-04 02:13:24.329 1474 7614 W InputManager-JNI: Input channel object '155fb92 com.android.settings/com.android.settings.Settings (client)' was disposed without first being removed with the input manager!
11-04 02:13:24.329 1474 4558 I am_proc_died: [0,8277,com.android.settings,0,2]
11-04 02:13:24.329 1474 2296 D ConnectivityService: releasing NetworkRequest [ REQUEST id=231, [ Capabilities: INTERNET&NOT_RESTRICTED&TRUSTED&NOT_VCN_MANAGED Uid: 1000 RequestorUid: 1000 RequestorPkg: com.android.settings] ] (release request)
11-04 02:13:24.330 1474 1657 I libprocessgroup: Successfully killed process cgroup uid 1000 pid 8277 in 0ms
11-04 02:13:24.332 669 669 I Zygote : Process 8277 exited due to signal 9 (Killed)
11-04 02:13:24.332 3686 3686 D Sogou : onUnbindInput finish
11-04 02:13:24.340 1474 4558 I wm_task_removed: [72,removeChild:removeChild last r=ActivityRecord{fd0b185 u0 com.android.settings/.Settings t-1 f}} in t=Task{dbbf9e7 #72 type=standard A=1000:com.android.settings.root U=0 visible=false mode=fullscreen translucent=true sz=0}]
11-04 02:13:24.340 1474 4558 I wm_task_removed: [72,removeChild]
11-04 02:13:24.342 1474 4558 I ActivityTaskManager: FOREGROUND_APPLICATION_CHANGED to com.android.launcher3.uioverrides.QuickstepLauncher
11-04 02:13:24.345 977 977 E BpTransactionCompletedListener: Failed to transact (-32)
11-04 02:13:24.346 1474 4558 I wm_set_resumed_activity: [0,com.android.launcher3/.uioverrides.QuickstepLauncher,resumeTopActivityInnerLocked]
11-04 02:13:24.347 1474 4558 I wm_resume_activity: [0,59699080,10,com.android.launcher3/.uioverrides.QuickstepLauncher]
11-04 02:13:24.351 1474 4558 W ActivityTaskManager: Can't find TaskDisplayArea to determine support for multi window. Task id=72 attached=false
11-04 02:13:24.351 1474 4558 W ActivityTaskManager: Can't find TaskDisplayArea to determine support for multi window. Task id=72 attached=false
11-04 02:13:24.355 4174 4187 I GameMode_ActivityMonitoringService: onForegroundActivitiesChanged uid 10080 pid 2809 fg true
11-04 02:13:24.358 4174 4205 I GameMode_ActivityMonitoringService: Updating top task to: TaskInfoContainer [topActivity=ComponentInfo{com.android.launcher3/com.android.launcher3.uioverrides.QuickstepLauncher}, taskId=10, stackId=1, userId=0, displayId=0, position=5
11-04 02:13:24.358 4174 4205 I GameMode_ActivityMonitoringService: Notifying about top task: TaskInfoContainer [topActivity=ComponentInfo{com.android.launcher3/com.android.launcher3.uioverrides.QuickstepLauncher}, taskId=10, stackId=1, userId=0, displayId=0, position=5
11-04 02:13:24.358 4174 4205 D GameMode_GameMode: Show GameMode entry by service!
11-04 02:13:24.358 4174 4205 W ContextImpl: Calling a method in the system process without a qualified user: android.app.ContextImpl.startService:1816 android.content.ContextWrapper.startService:774 com.thundercomm.gamemode.ingame.services.GameModeActionUtils.startGameModeService:39 com.thundercomm.gamemode.ingame.services.GameModeActionUtils.startGameModeEntry:19 com.thundercomm.gamemode.ingame.services.ActivityMonitoringService$1.onActivityLaunch:119
11-04 02:13:24.360 1474 1644 W ActivityManager: setHasOverlayUi called on unknown pid: 8277
11-04 02:13:24.367 2809 2809 I wm_on_restart_called: [59699080,com.android.launcher3.uioverrides.QuickstepLauncher,performRestartActivity]
11-04 02:13:24.367 2809 2809 I wm_on_start_called: [59699080,com.android.launcher3.uioverrides.QuickstepLauncher,handleStartActivity]
11-04 02:13:24.368 2809 2809 I wm_on_resume_called: [59699080,com.android.launcher3.uioverrides.QuickstepLauncher,RESUME_ACTIVITY]
11-04 02:13:24.368 4174 4205 D GameMode: getUriFor setting_content_uri_root = content://com.thundercomm.gamemode.api/gamemode_settings , name = gamemode_isgaming
11-04 02:13:24.370 4174 4174 D GameMode_GameMode:GameModeService: onStartCommand: hide_entry
11-04 02:13:24.371 1474 1474 I GameModeConfig: Current uri is uri = content://com.thundercomm.gamemode.api/gamemode_settings/gamemode_isgaming
11-04 02:13:24.372 1474 1474 D GameMode: getUriFor setting_content_uri_root = content://com.thundercomm.gamemode.api/gamemode_settings , name = gamemode_isgaming
11-04 02:13:24.372 4174 4205 D GameMode: gamemode_isgaming set to 0
11-04 02:13:24.372 4174 4174 D GameMode_GameSettingsObserver: Game Data change!!!! uri = content://com.thundercomm.gamemode.api/gamemode_settings/gamemode_isgaming
11-04 02:13:24.372 4174 4174 D GameMode: getUriFor setting_content_uri_root = content://com.thundercomm.gamemode.api/gamemode_settings , name = gamemode_isgaming
11-04 02:13:24.374 4174 4174 D GameMode_GameMode:GameModeService: updateGlobalSettings = gamemode_isgaming
11-04 02:13:24.374 1474 1474 I GameModeConfig: isGameModeOn = false
11-04 02:13:24.375 1474 1474 I GameModeConfig: isGameModeOn = false
11-04 02:13:24.375 1474 1474 I GameModeConfig: isDisableVoice = true
11-04 02:13:24.383 1474 1645 I input_focus: [Focus request c2f885b com.android.launcher3/com.android.launcher3.uioverrides.QuickstepLauncher,reason=UpdateInputWindows]
11-04 02:13:24.395 1474 2005 I input_focus: [Focus entering c2f885b com.android.launcher3/com.android.launcher3.uioverrides.QuickstepLauncher (server),reason=setFocusedWindow]
11-04 02:13:24.403 3686 3686 D Sogou : onFinishInput:
11-04 02:13:24.419 1474 1507 W System : A resource failed to call release.
11-04 02:13:24.419 1474 1507 W System : A resource failed to call close.
11-04 02:13:24.419 1474 1507 W System : A resource failed to call close.
11-04 02:13:24.419 1474 1507 W System : A resource failed to call close.
11-04 02:13:24.492 3249 3249 W hpplay-java: [main]:IPManager:getActiveNets invalid networkInfo:null
11-04 02:13:24.492 3249 3249 I hpplay-java: [main]:IPManager:getActiveNets eth0:false wifi:false mobile:false ap:false
11-04 02:13:24.492 3249 3249 I hpplay-java: [main]:ServerTaskManager:get local ip:null
11-04 02:13:24.684 648 663 I mpu_uart: [MSG-P:RECV]:No message received in 1000 ms
11-04 02:13:24.775 1474 1644 W ActivityTaskManager: Activity top resumed state loss timeout for ActivityRecord{fd0b185 u0 com.android.settings/.Settings t-1 f}}
11-04 02:13:24.776 2809 2809 I wm_on_top_resumed_gained_called: [59699080,com.android.launcher3.uioverrides.QuickstepLauncher,topStateChangedWhenResumed]
11-04 02:13:24.856 648 662 I mpu_uart: [MSG-P:R]:recv sync frame timeout
11-04 02:13:25.091 1200 5327 I OMX-VENC: venc_dev: stats: avg. fps 34.07, bitrate 925597
11-04 02:13:25.494 3249 3249 W hpplay-java: [main]:IPManager:getActiveNets invalid networkInfo:null
11-04 02:13:25.494 3249 3249 I hpplay-java: [main]:IPManager:getActiveNets eth0:false wifi:false mobile:false ap:false
11-04 02:13:25.494 3249 3249 I hpplay-java: [main]:ServerTaskManager:get local ip:null
11-04 02:13:25.684 648 663 I mpu_uart: [MSG-P:RECV]:No message received in 1000 ms
11-04 02:13:26.496 3249 3249 W hpplay-java: [main]:IPManager:getActiveNets invalid networkInfo:null
11-04 02:13:26.496 3249 3249 I hpplay-java: [main]:IPManager:getActiveNets eth0:false wifi:false mobile:false ap:false
11-04 02:13:26.496 3249 3249 I hpplay-java: [main]:ServerTaskManager:get local ip:null
11-04 02:13:26.684 648 663 I mpu_uart: [MSG-P:RECV]:No message received in 1000 ms
11-04 02:13:27.348 1474 3819 E TaskPersister: File error accessing recents directory (directory doesn't exist?).
11-04 02:13:27.497 3249 3249 W hpplay-java: [main]:IPManager:getActiveNets invalid networkInfo:null
11-04 02:13:27.497 3249 3249 I hpplay-java: [main]:IPManager:getActiveNets eth0:false wifi:false mobile:false ap:false
11-04 02:13:27.497 3249 3249 I hpplay-java: [main]:ServerTaskManager:get local ip:null