11-04 02:13:16.745 1364 6113 D LOWI-9.0.0.87.a: [LOWI-Scan] BSS 18:6f:2d:0a:ae:05 LOWI_PHY_MODE_11NG_HT20(5), Beacon Interval: 100, LOWI_ENCRYPTION_TYPE_OPEN 11mcRanging: No, ANQP: No, LCI: No, Civic: No, capability(0x0521): ESS ShortPreamble SpectrumMgmt ShortSlotTime
11-04 02:13:16.745 1364 6113 D LOWI-9.0.0.87.a: [LOWI-Scan] BSS 18:6f:2d:0a:ae:05 FREQ: 2422, cFreq1[40:80:160] = [2422:0:0] cFreq2 = 0 Country Code = CN
11-04 02:13:16.745 1364 6113 D LOWI-9.0.0.87.a: [LOWI-Scan] BSS 18:6f:2d:0a:ae:05 (wlan0) ASSO: NO AddInfo: 0x1, TSF 0, 00:32:38.616, RSSI: -150, CPL: 127, AGE: 980, SSID IT, TSFDelta: 0xa9256e27, TXRate: 0
11-04 02:13:16.745 1364 6113 D LOWI-9.0.0.87.a: [LOWI-Scan]
11-04 02:13:16.745 1364 6113 D LOWI-9.0.0.87.a: [LOWI-Scan] print_bss_handler: Report beacon TSF 1959135853 as it greater than probe TSF 1959135853
11-04 02:13:16.745 1364 6113 D LOWI-9.0.0.87.a: [LOWI-Scan] decode_rsn_wpa_ie: LOWI_ENCRYPTION_TYPE_WPA_PSK
11-04 02:13:16.745 1364 6113 D LOWI-9.0.0.87.a: [LOWI-Scan] is_qcom_ie, bss_age: 0
11-04 02:13:16.745 1364 6113 D LOWI-9.0.0.87.a: [LOWI-Scan] BSS 18:6f:2d:81:23:c0 LOWI_PHY_MODE_11NG_HT20(5), Beacon Interval: 100, LOWI_ENCRYPTION_TYPE_WPA_PSK 11mcRanging: No, ANQP: No, LCI: No, Civic: No, capability(0x0531): ESS Privacy ShortPreamble SpectrumMgmt ShortSlotTime
11-04 02:13:16.745 1364 6113 D LOWI-9.0.0.87.a: [LOWI-Scan] BSS 18:6f:2d:81:23:c0 FREQ: 2452, cFreq1[40:80:160] = [2452:0:0] cFreq2 = 0 Country Code = CN
11-04 02:13:16.745 1364 6113 D LOWI-9.0.0.87.a: [LOWI-Scan] BSS 18:6f:2d:81:23:c0 (wlan0) ASSO: NO AddInfo: 0x1, TSF 0, 00:32:39.135, RSSI: -146, CPL: 127, AGE: 464, SSID Testing , TSFDelta: 0x168c482e, TXRate: 0
11-04 02:13:16.745 1364 6113 D LOWI-9.0.0.87.a: [LOWI-Scan]
11-04 02:13:16.745 1364 6113 D LOWI-9.0.0.87.a: [LOWI-Scan] print_bss_handler: Report beacon TSF 1959136938 as it greater than probe TSF 1959136938
11-04 02:13:16.745 1364 6113 D LOWI-9.0.0.87.a: [LOWI-Scan] decode_rsn_wpa_ie: LOWI_ENCRYPTION_TYPE_WPA_PSK
11-04 02:13:16.745 1364 6113 D LOWI-9.0.0.87.a: [LOWI-Scan] is_qcom_ie, bss_age: 0
11-04 02:13:16.745 1364 6113 D LOWI-9.0.0.87.a: [LOWI-Scan] BSS 18:6f:2d:81:23:c2 LOWI_PHY_MODE_11NG_HT20(5), Beacon Interval: 100, LOWI_ENCRYPTION_TYPE_WPA_PSK 11mcRanging: No, ANQP: No, LCI: No, Civic: No, capability(0x0531): ESS Privacy ShortPreamble SpectrumMgmt ShortSlotTime
11-04 02:13:16.745 1364 6113 D LOWI-9.0.0.87.a: [LOWI-Scan] BSS 18:6f:2d:81:23:c2 FREQ: 2452, cFreq1[40:80:160] = [2452:0:0] cFreq2 = 0 Country Code = CN
11-04 02:13:16.745 1364 6113 D LOWI-9.0.0.87.a: [LOWI-Scan] BSS 18:6f:2d:81:23:c2 (wlan0) ASSO: NO AddInfo: 0x1, TSF 0, 00:32:39.136, RSSI: -146, CPL: 127, AGE: 460, SSID ThunderSoft_2.4G, TSFDelta: 0x1696bc1d, TXRate: 0
11-04 02:13:16.745 1364 6113 D LOWI-9.0.0.87.a: [LOWI-Scan]
11-04 02:13:16.745 1364 6113 D LOWI-9.0.0.87.a: [LOWI-Scan] print_bss_handler: Report beacon TSF 1959139441 as it greater than probe TSF 1959139441
11-04 02:13:16.745 1364 6113 D LOWI-9.0.0.87.a: [LOWI-Scan] is_qcom_ie, bss_age: 0
11-04 02:13:16.745 1364 6113 D LOWI-9.0.0.87.a: [LOWI-Scan] BSS 18:6f:2d:81:23:c5 LOWI_PHY_MODE_11NG_HT20(5), Beacon Interval: 100, LOWI_ENCRYPTION_TYPE_OPEN 11mcRanging: No, ANQP: No, LCI: No, Civic: No, capability(0x0521): ESS ShortPreamble SpectrumMgmt ShortSlotTime
11-04 02:13:16.745 1364 6113 D LOWI-9.0.0.87.a: [LOWI-Scan] BSS 18:6f:2d:81:23:c5 FREQ: 2452, cFreq1[40:80:160] = [2452:0:0] cFreq2 = 0 Country Code = CN
11-04 02:13:16.745 1364 6113 D LOWI-9.0.0.87.a: [LOWI-Scan] BSS 18:6f:2d:81:23:c5 (wlan0) ASSO: NO AddInfo: 0x1, TSF 0, 00:32:39.139, RSSI: -140, CPL: 127, AGE: 460, SSID IT, TSFDelta: 0x16a7e64f, TXRate: 0
11-04 02:13:16.745 1364 6113 D LOWI-9.0.0.87.a: [LOWI-Scan]
11-04 02:13:16.745 1364 6113 D LOWI-9.0.0.87.a: [LOWI-Scan] print_bss_handler: Report beacon TSF 1959338944 as it greater than probe TSF 1959338944
11-04 02:13:16.745 1364 6113 D LOWI-9.0.0.87.a: [LOWI-Scan] decode_rsn_wpa_ie: LOWI_ENCRYPTION_TYPE_WPA_PSK
11-04 02:13:16.745 1364 6113 D LOWI-9.0.0.87.a: [LOWI-Scan] is_qcom_ie, bss_age: 0
11-04 02:13:16.745 1364 6113 D LOWI-9.0.0.87.a: [LOWI-Scan] BSS 7c:de:78:ab:ce:08 LOWI_PHY_MODE_11NG_HT20(5), Beacon Interval: 100, LOWI_ENCRYPTION_TYPE_WPA_PSK 11mcRanging: No, ANQP: No, LCI: No, Civic: No, capability(0x0411): ESS Privacy ShortSlotTime
11-04 02:13:16.745 1364 6113 D LOWI-9.0.0.87.a: [LOWI-Scan] BSS 7c:de:78:ab:ce:08 FREQ: 2462, cFreq1[40:80:160] = [0:0:0] cFreq2 = 0 Country Code =
11-04 02:13:16.745 1364 6113 D LOWI-9.0.0.87.a: [LOWI-Scan] BSS 7c:de:78:ab:ce:08 (wlan0) ASSO: NO AddInfo: 0x1, TSF 0, 00:32:39.338, RSSI: -156, CPL: 127, AGE: 260, SSID H3C_Perceiveeyes_Scenes, TSFDelta: 0x566fa65b, TXRate: 0
11-04 02:13:16.745 1364 6113 D LOWI-9.0.0.87.a: [LOWI-Scan]
11-04 02:13:16.745 1364 6113 D LOWI-9.0.0.87.a: [LOWI-Scan] print_bss_handler: Report Probe TSF 1959367876 as it greater than Beacon TSF 0
11-04 02:13:16.745 1364 6113 D LOWI-9.0.0.87.a: [LOWI-Scan] decode_rsn_wpa_ie: LOWI_ENCRYPTION_TYPE_WPA_PSK
11-04 02:13:16.745 1364 6113 D LOWI-9.0.0.87.a: [LOWI-Scan] is_qcom_ie, bss_age: 0
11-04 02:13:16.745 1364 6113 D LOWI-9.0.0.87.a: [LOWI-Scan] BSS d4:5d:64:95:80:70 LOWI_PHY_MODE_11AC_VHT40_2G(12), Beacon Interval: 100, LOWI_ENCRYPTION_TYPE_WPA_PSK 11mcRanging: No, ANQP: Yes, LCI: No, Civic: No, capability(0x1411): ESS Privacy ShortSlotTime
11-04 02:13:16.745 1364 6113 D LOWI-9.0.0.87.a: [LOWI-Scan] BSS d4:5d:64:95:80:70 FREQ: 2462, cFreq1[40:80:160] = [2452:0:0] cFreq2 = 0 Country Code = US
11-04 02:13:16.745 1364 6113 D LOWI-9.0.0.87.a: [LOWI-Scan] BSS d4:5d:64:95:80:70 (wlan0) ASSO: NO AddInfo: 0x0, TSF 0, 00:32:39.367, RSSI: -146, CPL: 127, AGE: 232, SSID ASUS, TSFDelta: 0xe7fec95c, TXRate: 0
11-04 02:13:16.745 1364 6113 D LOWI-9.0.0.87.a: [LOWIDiagLog] Log: lowiMeasResult->request: invalid null argument
11-04 02:13:16.745 1364 6113 I LOWI-9.0.0.87.a: [LOWI-Scan] lowi_close_record:Scan done in 1359228ms, 75 APs in scan results
11-04 02:13:16.745 1364 6113 D LOWI-9.0.0.87.a: [LOWI-Scan] WipsScanUsingNL: passive scan cached 0, took 3487 ms, err 0
11-04 02:13:16.745 1364 6113 D LOWI-9.0.0.87.a: [LOWI-Scan] lowi_proc_req_passive_scan_with_live_meas - No WLAN Frames to be parsed
11-04 02:13:16.745 1364 6113 D LOWI-9.0.0.87.a: [LOWIScanResultReceiver] Send scan meas to listener
11-04 02:13:16.745 1364 6113 D LOWI-9.0.0.87.a: [LOWIScanResultReceiver] Enter passive listening mode
11-04 02:13:16.745 1364 6113 D LOWI-9.0.0.87.a: [LOWIWifiDriverInterface] getMeasurements - Passive listening mode
11-04 02:13:16.745 1364 6113 D LOWI-9.0.0.87.a: [LOWI-Scan] WipsScanUsingNL:wait -1 sec for netlink message
11-04 02:13:16.748 1364 1399 D LOWI-9.0.0.87.a: [LOWIEventReceiver] handleEvent:FROM:NA, TO:NA, REQ:NA, IREQ:NA, REQ_ID:0, RESP:NA, INFO:NA
11-04 02:13:16.748 1364 1399 D LOWI-9.0.0.87.a: [LOWIBackgroundScanMgr] isRspForBgScanMgr: evt(LOWI_NO_EVT) - not handled
11-04 02:13:16.748 1364 1399 D LOWI-9.0.0.87.a: [LOWIScheduler] manageMsg: NULL results or NULL request in results
11-04 02:13:16.748 1364 1399 D LOWI-9.0.0.87.a: [LOWIController] Measurements received
11-04 02:13:16.748 1364 1399 D LOWI-9.0.0.87.a: [LOWICacheManager] putInCache:Num of Meas to add: 75
11-04 02:13:16.749 1364 1399 D LOWI-9.0.0.87.a: [LOWIController] processMeasurementResults: No current Request. Cache measurements
11-04 02:13:16.749 1364 1399 D LOWI-9.0.0.87.a: [LOWIController] sendAsyncScanResponse: Request FreeWifiScanObserver_0 is from a different client.
11-04 02:13:16.749 1364 1399 D LOWI-9.0.0.87.a: [LOWIController] generateResponse: Type (ASYNC_DISCOVERY_SCAN_RESULTS) ScanStatus (1) request FreeWifiScanObserver_0
11-04 02:13:16.749 1364 1399 D LOWI-9.0.0.87.a: [LOWIEventDispatcher] sendResponse - originator = FreeWifiScanObserver
11-04 02:13:16.749 1364 1399 D LOWI-9.0.0.87.a: [LOWIUtils] injectScanMeasurements - num of APs = 75
11-04 02:13:16.749 1364 1399 I LOWI-9.0.0.87.a: [LOWIUtils] responseToOutPostcard - TO: FreeWifiScanObserver, FROM: LOWI-SERVER, RESP: LOWI_ASYNC_DISCOVERY_SCAN_RESULTS
11-04 02:13:16.749 1364 1399 D LOWI-9.0.0.87.a: [LOWIControllerExtn] sendLOWILpDiscoveryScanResponse: Not a discovery scan response
11-04 02:13:16.771 1474 2289 D PasspointManager: ANQP entry not found for: d8:32:14:df:f6:03:
11-04 02:13:16.826 1188 1246 I selfinstaller: create socket failed: Network is unreachable 101
11-04 02:13:16.878 1200 5327 I OMX-VENC: venc_dev: stats: avg. fps 50.44, bitrate 527809
11-04 02:13:17.073 1474 2005 I input_interaction: Interaction with: 22a5e5a com.android.settings/com.android.settings.Settings (server), PointerEventDispatcher0 (server),
11-04 02:13:17.475 3249 3249 W hpplay-java: [main]:IPManager:getActiveNets invalid networkInfo:null
11-04 02:13:17.476 3249 3249 I hpplay-java: [main]:IPManager:getActiveNets eth0:false wifi:false mobile:false ap:false
11-04 02:13:17.476 3249 3249 I hpplay-java: [main]:ServerTaskManager:get local ip:null
11-04 02:13:17.682 648 663 I mpu_uart: [MSG-P:RECV]:No message received in 1000 ms
11-04 02:13:17.880 1200 5327 I OMX-VENC: venc_dev: stats: avg. fps 58.91, bitrate 1200273
11-04 02:13:17.925 1474 3819 E TaskPersister: File error accessing recents directory (directory doesn't exist?).
11-04 02:13:18.478 3249 3249 W hpplay-java: [main]:IPManager:getActiveNets invalid networkInfo:null
11-04 02:13:18.478 3249 3249 I hpplay-java: [main]:IPManager:getActiveNets eth0:false wifi:false mobile:false ap:false
11-04 02:13:18.478 3249 3249 I hpplay-java: [main]:ServerTaskManager:get local ip:null
11-04 02:13:18.682 648 663 I mpu_uart: [MSG-P:RECV]:No message received in 1000 ms
11-04 02:13:18.839 1474 2005 I input_interaction: Interaction with: 22a5e5a com.android.settings/com.android.settings.Settings (server), edge-swipe (server), swipe-up (server), PointerEventDispatcher0 (server),
11-04 02:13:18.853 648 662 I mpu_uart: [MSG-P:R]:recv sync frame timeout
11-04 02:13:18.881 1200 5327 I OMX-VENC: venc_dev: stats: avg. fps 33.96, bitrate 574435
11-04 02:13:18.934 8218 8218 D AndroidRuntime: Shutting down VM
11-04 02:13:18.935 8218 8218 E AndroidRuntime: FATAL EXCEPTION: main
11-04 02:13:18.935 8218 8218 E AndroidRuntime: Process: com.android.settings, PID: 8218
11-04 02:13:18.935 8218 8218 E AndroidRuntime: java.lang.NullPointerException: Attempt to invoke virtual method 'boolean java.lang.String.equals(java.lang.Object)' on a null object reference
11-04 02:13:18.935 8218 8218 E AndroidRuntime: at com.android.settings.wifi.WifiSettings.onPreferenceTreeClick(WifiSettings.java:600)
11-04 02:13:18.935 8218 8218 E AndroidRuntime: at androidx.preference.Preference.performClick(Preference.java:1194)
11-04 02:13:18.935 8218 8218 E AndroidRuntime: at androidx.preference.Preference.performClick(Preference.java:1168)
11-04 02:13:18.935 8218 8218 E AndroidRuntime: at androidx.preference.Preference$1.onClick(Preference.java:181)
11-04 02:13:18.935 8218 8218 E AndroidRuntime: at android.view.View.performClick(View.java:7441)
11-04 02:13:18.935 8218 8218 E AndroidRuntime: at android.view.View.performClickInternal(View.java:7418)
11-04 02:13:18.935 8218 8218 E AndroidRuntime: at android.view.View.access$3700(View.java:835)
11-04 02:13:18.935 8218 8218 E AndroidRuntime: at android.view.View$PerformClick.run(View.java:28681)
11-04 02:13:18.935 8218 8218 E AndroidRuntime: at android.os.Handler.handleCallback(Handler.java:938)
11-04 02:13:18.935 8218 8218 E AndroidRuntime: at android.os.Handler.dispatchMessage(Handler.java:99)
11-04 02:13:18.935 8218 8218 E AndroidRuntime: at android.os.Looper.loopOnce(Looper.java:201)
11-04 02:13:18.935 8218 8218 E AndroidRuntime: at android.os.Looper.loop(Looper.java:288)
11-04 02:13:18.935 8218 8218 E AndroidRuntime: at android.app.ActivityThread.main(ActivityThread.java:7880)
11-04 02:13:18.935 8218 8218 E AndroidRuntime: at java.lang.reflect.Method.invoke(Native Method)
11-04 02:13:18.935 8218 8218 E AndroidRuntime: at com.android.internal.os.RuntimeInit$MethodAndArgsCaller.run(RuntimeInit.java:548)
11-04 02:13:18.935 8218 8218 E AndroidRuntime: at com.android.internal.os.ZygoteInit.main(ZygoteInit.java:1009)
11-04 02:13:18.937 1474 5559 I am_crash: [8218,0,com.android.settings,952745541,java.lang.NullPointerException,Attempt to invoke virtual method 'boolean java.lang.String.equals(java.lang.Object)' on a null object reference,WifiSettings.java,600]
11-04 02:13:18.942 1474 8268 I DropBoxManagerService: add tag=system_app_crash isTagEnabled=true flags=0x2
11-04 02:13:18.943 1474 5559 W ActivityTaskManager: Force finishing activity com.android.settings/.Settings
11-04 02:13:18.943 1474 5559 I wm_finish_activity: [0,75938210,71,com.android.settings/.Settings,force-crash]
11-04 02:13:18.943 1474 5559 I wm_task_moved: [1,1,6]
11-04 02:13:18.944 1474 5559 I wm_task_moved: [10,1,2147483647]
11-04 02:13:18.944 1474 5559 I wm_task_to_front: [0,10]
11-04 02:13:18.944 1474 5559 I wm_focused_root_task: [0,0,1,71,finish-top adjustFocusToNextFocusableTask]
11-04 02:13:18.945 1474 5559 I wm_set_resumed_activity: [0,com.android.launcher3/.uioverrides.QuickstepLauncher,finish-top adjustFocusToNextFocusableTask]
11-04 02:13:18.950 1474 5559 D ActivityTrigger: ActivityTrigger activityPauseTrigger
11-04 02:13:18.950 1474 5559 I wm_pause_activity: [0,75938210,com.android.settings/.Settings,userLeaving=false,finish]
11-04 02:13:18.959 1474 5559 I sysui_multi_action: [757,316,758,4,759,-1]
11-04 02:13:18.960 8218 8218 I Process : Sending signal. PID: 8218 SIG: 9
11-04 02:13:18.981 1474 2005 I input_focus: [Focus leaving 22a5e5a com.android.settings/com.android.settings.Settings (server),reason=NO_WINDOW]
11-04 02:13:19.009 1474 3586 D ConnectivityService: ConnectivityService NetworkRequestInfo binderDied(uid/pid:1000/8218, android.os.BinderProxy@cb6cca0)
11-04 02:13:19.009 1474 2296 D ConnectivityService: releasing NetworkRequest [ REQUEST id=218, [ Capabilities: INTERNET&NOT_RESTRICTED&TRUSTED&NOT_VCN_MANAGED Uid: 1000 RequestorUid: 1000 RequestorPkg: com.android.settings] ] (release request)
11-04 02:13:19.010 1474 6539 D ConnectivityService: ConnectivityService NetworkRequestInfo binderDied(uid/pid:1000/8218, android.os.BinderProxy@fee1059)
11-04 02:13:19.010 1474 2429 I WindowManager: WIN DEATH: Window{22a5e5a u0 com.android.settings/com.android.settings.Settings}
11-04 02:13:19.010 1474 2429 W InputManager-JNI: Input channel object '22a5e5a com.android.settings/com.android.settings.Settings (client)' was disposed without first being removed with the input manager!
11-04 02:13:19.010 669 669 I Zygote : Process 8218 exited due to signal 9 (Killed)
11-04 02:13:19.011 1474 5559 I ActivityManager: Process com.android.settings (pid 8218) has died: fg TOP
11-04 02:13:19.011 1474 5559 I am_proc_died: [0,8218,com.android.settings,0,2]
11-04 02:13:19.011 3686 3686 D Sogou : onUnbindInput finish
11-04 02:13:19.012 1474 1657 I libprocessgroup: Successfully killed process cgroup uid 1000 pid 8218 in 0ms
11-04 02:13:19.015 977 977 E BpTransactionCompletedListener: Failed to transact (-32)
11-04 02:13:19.019 1474 5559 I wm_task_removed: [71,removeChild:removeChild last r=ActivityRecord{486b9a2 u0 com.android.settings/.Settings t-1 f}} in t=Task{f77b91c #71 type=standard A=1000:com.android.settings.root U=0 visible=false mode=fullscreen translucent=true sz=0}]
11-04 02:13:19.019 1474 5559 I wm_task_removed: [71,removeChild]
11-04 02:13:19.021 1474 5559 I ActivityTaskManager: FOREGROUND_APPLICATION_CHANGED to com.android.launcher3.uioverrides.QuickstepLauncher
11-04 02:13:19.024 1474 5559 I wm_set_resumed_activity: [0,com.android.launcher3/.uioverrides.QuickstepLauncher,resumeTopActivityInnerLocked]
11-04 02:13:19.026 1474 5559 I wm_resume_activity: [0,59699080,10,com.android.launcher3/.uioverrides.QuickstepLauncher]
11-04 02:13:19.028 1474 5559 W ActivityTaskManager: Can't find TaskDisplayArea to determine support for multi window. Task id=71 attached=false
11-04 02:13:19.028 1474 5559 W ActivityTaskManager: Can't find TaskDisplayArea to determine support for multi window. Task id=71 attached=false
11-04 02:13:19.036 4174 4186 I GameMode_ActivityMonitoringService: onForegroundActivitiesChanged uid 10080 pid 2809 fg true
11-04 02:13:19.039 1474 1644 W ActivityManager: setHasOverlayUi called on unknown pid: 8218
11-04 02:13:19.042 2809 2809 I wm_on_restart_called: [59699080,com.android.launcher3.uioverrides.QuickstepLauncher,performRestartActivity]
11-04 02:13:19.042 2809 2809 I wm_on_start_called: [59699080,com.android.launcher3.uioverrides.QuickstepLauncher,handleStartActivity]
11-04 02:13:19.043 2809 2809 I wm_on_resume_called: [59699080,com.android.launcher3.uioverrides.QuickstepLauncher,RESUME_ACTIVITY]
11-04 02:13:19.043 4174 4205 I GameMode_ActivityMonitoringService: Updating top task to: TaskInfoContainer [topActivity=ComponentInfo{com.android.launcher3/com.android.launcher3.uioverrides.QuickstepLauncher}, taskId=10, stackId=1, userId=0, displayId=0, position=5
11-04 02:13:19.043 4174 4205 I GameMode_ActivityMonitoringService: Notifying about top task: TaskInfoContainer [topActivity=ComponentInfo{com.android.launcher3/com.android.launcher3.uioverrides.QuickstepLauncher}, taskId=10, stackId=1, userId=0, displayId=0, position=5
11-04 02:13:19.043 4174 4205 D GameMode_GameMode: Show GameMode entry by service!
11-04 02:13:19.043 4174 4205 W ContextImpl: Calling a method in the system process without a qualified user: android.app.ContextImpl.startService:1816 android.content.ContextWrapper.startService:774 com.thundercomm.gamemode.ingame.services.GameModeActionUtils.startGameModeService:39 com.thundercomm.gamemode.ingame.services.GameModeActionUtils.startGameModeEntry:19 com.thundercomm.gamemode.ingame.services.ActivityMonitoringService$1.onActivityLaunch:119
11-04 02:13:19.046 4174 4205 D GameMode: getUriFor setting_content_uri_root = content://com.thundercomm.gamemode.api/gamemode_settings , name = gamemode_isgaming
11-04 02:13:19.046 4174 4174 D GameMode_GameMode:GameModeService: onStartCommand: hide_entry
11-04 02:13:19.049 1474 1474 I GameModeConfig: Current uri is uri = content://com.thundercomm.gamemode.api/gamemode_settings/gamemode_isgaming
11-04 02:13:19.049 1474 1474 D GameMode: getUriFor setting_content_uri_root = content://com.thundercomm.gamemode.api/gamemode_settings , name = gamemode_isgaming
11-04 02:13:19.049 4174 4174 D GameMode_GameSettingsObserver: Game Data change!!!! uri = content://com.thundercomm.gamemode.api/gamemode_settings/gamemode_isgaming
11-04 02:13:19.049 4174 4174 D GameMode: getUriFor setting_content_uri_root = content://com.thundercomm.gamemode.api/gamemode_settings , name = gamemode_isgaming
11-04 02:13:19.050 4174 4205 D GameMode: gamemode_isgaming set to 0
11-04 02:13:19.054 4174 4174 D GameMode_GameMode:GameModeService: updateGlobalSettings = gamemode_isgaming
11-04 02:13:19.055 1474 1645 I input_focus: [Focus request c2f885b com.android.launcher3/com.android.launcher3.uioverrides.QuickstepLauncher,reason=UpdateInputWindows]
11-04 02:13:19.056 1474 1474 I GameModeConfig: isGameModeOn = false
11-04 02:13:19.056 1474 1474 I GameModeConfig: isGameModeOn = false
11-04 02:13:19.056 1474 1474 I GameModeConfig: isDisableVoice = true
11-04 02:13:19.082 1474 2005 I input_focus: [Focus entering c2f885b com.android.launcher3/com.android.launcher3.uioverrides.QuickstepLauncher (server),reason=setFocusedWindow]
11-04 02:13:19.091 1474 1505 I system_server: NativeAlloc concurrent copying GC freed 312235(10MB) AllocSpace objects, 8(248KB) LOS objects, 49% free, 13MB/26MB, paused 957us,68us total 101.303ms
11-04 02:13:19.098 3686 3686 D Sogou : onFinishInput:
11-04 02:13:19.107 1474 1507 W System : A resource failed to call release.
11-04 02:13:19.107 1474 1507 W System : A resource failed to call close.
11-04 02:13:19.107 1474 1507 W System : A resource failed to call close.
11-04 02:13:19.107 1474 1507 W System : A resource failed to call close.
11-04 02:13:19.108 1474 1507 W System : A resource failed to call close.
11-04 02:13:19.445 1474 1644 W ActivityTaskManager: Activity top resumed state loss timeout for ActivityRecord{486b9a2 u0 com.android.settings/.Settings t-1 f}}
11-04 02:13:19.447 2809 2809 I wm_on_top_resumed_gained_called: [59699080,com.android.launcher3.uioverrides.QuickstepLauncher,topStateChangedWhenResumed]
11-04 02:13:19.481 3249 3249 W hpplay-java: [main]:IPManager:getActiveNets invalid networkInfo:null
11-04 02:13:19.481 3249 3249 I hpplay-java: [main]:IPManager:getActiveNets eth0:false wifi:false mobile:false ap:false
11-04 02:13:19.481 3249 3249 I hpplay-java: [main]:ServerTaskManager:get local ip:null
11-04 02:13:19.683 648 663 I mpu_uart: [MSG-P:RECV]:No message received in 1000 ms
11-04 02:13:19.962 1200 5327 I OMX-VENC: venc_dev: stats: avg. fps 24.04, bitrate 933307
11-04 02:13:20.145 1474 2005 I input_interaction: Interaction with: c2f885b com.android.launcher3/com.android.launcher3.uioverrides.QuickstepLauncher (server), 6b99821 com.android.systemui.ImageWallpaper (server), edge-swipe (server), swipe-up (server), PointerEventDispatcher0 (server),
11-04 02:13:20.235 1474 2429 I ActivityTaskManager: START u0 {act=android.intent.action.MAIN cat=[android.intent.category.LAUNCHER] flg=0x10200000 cmp=com.android.settings/.Settings bnds=[2233,723][2408,906]} from uid 10080
11-04 02:13:20.236 1474 1644 I EventSequenceValidator: Transition from REPORT_FULLY_DRAWN to INTENT_STARTED
11-04 02:13:20.238 1474 2429 E ANDR-PERF-JNI: com_qualcomm_qtiperformance_native_perf_io_prefetch_start
11-04 02:13:20.240 1474 2429 I wm_task_created: [72,-1]
11-04 02:13:20.240 1474 2429 W ActivityTaskManager: Can't find TaskDisplayArea to determine support for multi window. Task id=72 attached=false
11-04 02:13:20.244 1474 2429 I wm_task_moved: [72,1,6]
11-04 02:13:20.244 1474 2429 I wm_task_to_front: [0,72]
11-04 02:13:20.244 1474 2429 I wm_create_task: [0,72]
11-04 02:13:20.245 1474 2429 I wm_create_activity: [0,265335173,72,com.android.settings/.Settings,android.intent.action.MAIN,NULL,NULL,270532608]
11-04 02:13:20.245 1474 2429 I wm_task_moved: [72,1,6]
11-04 02:13:20.245 1474 2429 D CompatibilityInfo: mCompatibilityFlags - 4
11-04 02:13:20.245 1474 2429 D CompatibilityInfo: applicationDensity - 240
11-04 02:13:20.245 1474 2429 D CompatibilityInfo: applicationScale - 1.0
11-04 02:13:20.247 1474 2429 D ActivityTrigger: ActivityTrigger activityPauseTrigger
11-04 02:13:20.247 860 3719 E ANDR-IOP: io prefetch is disabled
11-04 02:13:20.247 1474 2429 I wm_pause_activity: [0,59699080,com.android.launcher3/.uioverrides.QuickstepLauncher,userLeaving=true,pauseBackTasks]
11-04 02:13:20.263 2809 2809 I wm_on_top_resumed_lost_called: [59699080,com.android.launcher3.uioverrides.QuickstepLauncher,topStateChangedWhenResumed]
11-04 02:13:20.267 2809 2809 I wm_on_paused_called: [59699080,com.android.launcher3.uioverrides.QuickstepLauncher,performPause]
11-04 02:13:20.269 1474 6184 I ActivityTaskManager: FOREGROUND_APPLICATION_CHANGED to com.android.settings.homepage.SettingsHomepageActivity
11-04 02:13:20.270 1474 6184 I wm_add_to_stopping: [0,59699080,com.android.launcher3/.uioverrides.QuickstepLauncher,makeInvisible]
11-04 02:13:20.278 1474 1644 D CompatibilityChangeReporter: Compat change id reported: 135634846; UID 1000; state: DISABLED
11-04 02:13:20.279 1474 1644 D CompatibilityChangeReporter: Compat change id reported: 177438394; UID 1000; state: DISABLED
11-04 02:13:20.279 1474 1644 D CompatibilityChangeReporter: Compat change id reported: 135772972; UID 1000; state: DISABLED
11-04 02:13:20.279 1474 1644 D CompatibilityChangeReporter: Compat change id reported: 135754954; UID 1000; state: ENABLED
11-04 02:13:20.288 1474 1644 I EventSequenceValidator: Transition from INTENT_STARTED to ACTIVITY_LAUNCHED
11-04 02:13:20.289 1474 1644 I sysui_multi_action: [757,803,799,window_time_0,802,6]
11-04 02:13:20.306 1474 2005 I input_focus: [Focus leaving c2f885b com.android.launcher3/com.android.launcher3.uioverrides.QuickstepLauncher (server),reason=NO_WINDOW]
11-04 02:13:20.307 669 669 D Zygote : Forked child process 8277
11-04 02:13:20.309 1474 1656 I am_proc_start: [0,8277,1000,com.android.settings,pre-top-activity,{com.android.settings/com.android.settings.Settings}]
11-04 02:13:20.310 1474 1656 I ActivityManager: Start proc 8277:com.android.settings/1000 for pre-top-activity {com.android.settings/com.android.settings.Settings}
11-04 02:13:20.310 1474 8278 W ContextImpl: Calling a method in the system process without a qualified user: android.app.ContextImpl.sendBroadcast:1173 com.qualcomm.qti.Performance$SendGameLaunchBroadcast.run:217 java.lang.Thread.run:920
11-04 02:13:20.315 3338 4188 W SQLiteLog: (28) double-quoted string literal: "com.android.settings"
11-04 02:13:20.325 8277 8277 E ndroid.setting: Not starting debugger since process cannot load the jdwp agent.
11-04 02:13:20.327 8277 8277 D ProcessState: Binder ioctl to enable oneway spam detection failed: Invalid argument
11-04 02:13:20.330 1474 6184 I am_proc_bound: [0,8277,com.android.settings]
11-04 02:13:20.332 1474 6184 D CompatibilityInfo: mCompatibilityFlags - 4
11-04 02:13:20.332 1474 6184 D CompatibilityInfo: applicationDensity - 240
11-04 02:13:20.332 1474 6184 D CompatibilityInfo: applicationScale - 1.0
11-04 02:13:20.336 1474 6184 I wm_restart_activity: [0,265335173,72,com.android.settings/.Settings]
11-04 02:13:20.336 1474 6184 D CompatibilityInfo: mCompatibilityFlags - 4
11-04 02:13:20.336 1474 6184 D CompatibilityInfo: applicationDensity - 240
11-04 02:13:20.336 1474 6184 D CompatibilityInfo: applicationScale - 1.0
11-04 02:13:20.338 1474 6184 I wm_set_resumed_activity: [0,com.android.settings/.Settings,minimalResumeActivityLocked]
11-04 02:13:20.340 8277 8277 D CompatibilityChangeReporter: Compat change id reported: 171979766; UID 1000; state: ENABLED
11-04 02:13:20.340 4174 6968 I GameMode_ActivityMonitoringService: onForegroundActivitiesChanged uid 1000 pid 8277 fg true
11-04 02:13:20.346 8277 8277 W ndroid.setting: ClassLoaderContext shared library size mismatch. Expected=2, found=0 (PCL[]{PCL[/system/framework/org.apache.http.legacy.jar*2058259660]#PCL[/system_ext/framework/extphonelib.jar*2894378777]} | PCL[])
11-04 02:13:20.349 4174 4205 I GameMode_ActivityMonitoringService: Updating top task to: TaskInfoContainer [topActivity=ComponentInfo{com.android.settings/com.android.settings.Settings}, taskId=72, stackId=72, userId=0, displayId=0, position=6
11-04 02:13:20.349 4174 4205 I GameMode_ActivityMonitoringService: Notifying about top task: TaskInfoContainer [topActivity=ComponentInfo{com.android.settings/com.android.settings.Settings}, taskId=72, stackId=72, userId=0, displayId=0, position=6
11-04 02:13:20.349 4174 4205 D GameMode_GameMode: Show GameMode entry by service!
11-04 02:13:20.350 4174 4205 W ContextImpl: Calling a method in the system process without a qualified user: android.app.ContextImpl.startService:1816 android.content.ContextWrapper.startService:774 com.thundercomm.gamemode.ingame.services.GameModeActionUtils.startGameModeService:39 com.thundercomm.gamemode.ingame.services.GameModeActionUtils.startGameModeEntry:19 com.thundercomm.gamemode.ingame.services.ActivityMonitoringService$1.onActivityLaunch:119
11-04 02:13:20.352 4174 4205 D GameMode: getUriFor setting_content_uri_root = content://com.thundercomm.gamemode.api/gamemode_settings , name = gamemode_isgaming
11-04 02:13:20.354 8277 8277 I Perf : Connecting to perf service.
11-04 02:13:20.354 1474 1474 I GameModeConfig: Current uri is uri = content://com.thundercomm.gamemode.api/gamemode_settings/gamemode_isgaming
11-04 02:13:20.355 1474 1474 D GameMode: getUriFor setting_content_uri_root = content://com.thundercomm.gamemode.api/gamemode_settings , name = gamemode_isgaming
11-04 02:13:20.355 4174 4174 D GameMode_GameMode:GameModeService: onStartCommand: hide_entry
11-04 02:13:20.355 4174 4205 D GameMode: gamemode_isgaming set to 0
11-04 02:13:20.356 4174 4174 D GameMode_GameSettingsObserver: Game Data change!!!! uri = content://com.thundercomm.gamemode.api/gamemode_settings/gamemode_isgaming
11-04 02:13:20.357 4174 4174 D GameMode: getUriFor setting_content_uri_root = content://com.thundercomm.gamemode.api/gamemode_settings , name = gamemode_isgaming
11-04 02:13:20.359 1474 1474 I GameModeConfig: isGameModeOn = false
11-04 02:13:20.359 1474 1474 I GameModeConfig: isGameModeOn = false
11-04 02:13:20.359 1474 1474 I GameModeConfig: isDisableVoice = true
11-04 02:13:20.359 4174 4174 D GameMode_GameMode:GameModeService: updateGlobalSettings = gamemode_isgaming
11-04 02:13:20.363 8277 8277 V GraphicsEnvironment: ANGLE Developer option for 'com.android.settings' set to: 'default'
11-04 02:13:20.363 8277 8277 V GraphicsEnvironment: ANGLE GameManagerService for com.android.settings: false
11-04 02:13:20.364 8277 8277 D NetworkSecurityConfig: No Network Security Config specified, using platform default
11-04 02:13:20.364 8277 8277 D NetworkSecurityConfig: No Network Security Config specified, using platform default
11-04 02:13:20.369 8277 8277 D SettingsSliceProvider: init
11-04 02:13:20.370 8277 8277 D SettingsSliceProvider: onCreateSliceProvider
11-04 02:13:20.370 4174 6968 I GameMode_ActivityMonitoringService: onTaskStackChanged
11-04 02:13:20.374 4174 4205 I GameMode_ActivityMonitoringService: Updating top task to: TaskInfoContainer [topActivity=ComponentInfo{com.android.settings/com.android.settings.Settings}, taskId=72, stackId=72, userId=0, displayId=0, position=6
11-04 02:13:20.374 4174 4205 I GameMode_ActivityMonitoringService: Notifying about top task: TaskInfoContainer [topActivity=ComponentInfo{com.android.settings/com.android.settings.Settings}, taskId=72, stackId=72, userId=0, displayId=0, position=6
11-04 02:13:20.374 4174 4205 D GameMode_GameMode: Show GameMode entry by service!
11-04 02:13:20.375 4174 4205 W ContextImpl: Calling a method in the system process without a qualified user: android.app.ContextImpl.startService:1816 android.content.ContextWrapper.startService:774 com.thundercomm.gamemode.ingame.services.GameModeActionUtils.startGameModeService:39 com.thundercomm.gamemode.ingame.services.GameModeActionUtils.startGameModeEntry:19 com.thundercomm.gamemode.ingame.services.ActivityMonitoringService$1.onActivityLaunch:119
11-04 02:13:20.378 4174 4205 D GameMode: getUriFor setting_content_uri_root = content://com.thundercomm.gamemode.api/gamemode_settings , name = gamemode_isgaming
11-04 02:13:20.379 1474 1474 I GameModeConfig: Current uri is uri = content://com.thundercomm.gamemode.api/gamemode_settings/gamemode_isgaming
11-04 02:13:20.379 1474 1474 D GameMode: getUriFor setting_content_uri_root = content://com.thundercomm.gamemode.api/gamemode_settings , name = gamemode_isgaming
11-04 02:13:20.380 4174 4174 D GameMode_GameMode:GameModeService: onStartCommand: hide_entry
11-04 02:13:20.380 4174 4205 D GameMode: gamemode_isgaming set to 0
11-04 02:13:20.380 4174 4174 D GameMode_GameSettingsObserver: Game Data change!!!! uri = content://com.thundercomm.gamemode.api/gamemode_settings/gamemode_isgaming
11-04 02:13:20.380 4174 4174 D GameMode: getUriFor setting_content_uri_root = content://com.thundercomm.gamemode.api/gamemode_settings , name = gamemode_isgaming
11-04 02:13:20.382 8277 8277 I SettingsHomepageActivity: SettingsHomepageActivity: onCreate
11-04 02:13:20.383 1474 1474 I GameModeConfig: isGameModeOn = false
11-04 02:13:20.384 4174 4174 D GameMode_GameMode:GameModeService: updateGlobalSettings = gamemode_isgaming
11-04 02:13:20.389 1474 1474 I GameModeConfig: isGameModeOn = false
11-04 02:13:20.389 1474 1474 I GameModeConfig: isDisableVoice = true
11-04 02:13:20.398 8277 8277 E ThemeUtils: View class androidx.appcompat.widget.AppCompatImageView is an AppCompat widget that can only be used with a Theme.AppCompat theme (or descendant).
11-04 02:13:20.408 8277 8277 D CompatibilityChangeReporter: Compat change id reported: 171228096; UID 1000; state: ENABLED
11-04 02:13:20.417 8277 8277 D AvatarViewMixin: Feature disabled by config. Skipping
11-04 02:13:20.421 8277 8277 I wm_on_create_called: [265335173,com.android.settings.Settings,performCreate]
11-04 02:13:20.423 2897 2933 D QCCAuthMgr: SMQContentProvider query uri: content://com.qti.smq.Feedback.provider/smq_settings, selection: key=?, uri_matcher: 1
11-04 02:13:20.423 2897 2933 D QCCAuthMgr: SMQContentProvider query tableName: smq_settings
11-04 02:13:20.423 8277 8277 D PrefCtrlListHelper: Could not find Context-only controller for pref: com.android.settings.network.TopLevelNetworkEntryPreferenceController
11-04 02:13:20.424 8277 8277 D PrefCtrlListHelper: Could not find Context-only controller for pref: com.android.settings.connecteddevice.TopLevelConnectedDevicesPreferenceController
11-04 02:13:20.424 8277 8277 D PrefCtrlListHelper: Could not find Context-only controller for pref: com.android.settings.fuelgauge.TopLevelBatteryPreferenceController
11-04 02:13:20.424 8277 8277 D PrefCtrlListHelper: Could not find Context-only controller for pref: com.android.settings.deviceinfo.TopLevelStoragePreferenceController
11-04 02:13:20.424 8277 8277 D PrefCtrlListHelper: Could not find Context-only controller for pref: com.android.settings.display.TopLevelDisplayPreferenceController
11-04 02:13:20.424 8277 8277 D PrefCtrlListHelper: Could not find Context-only controller for pref: com.android.settings.display.TopLevelWallpaperPreferenceController
11-04 02:13:20.425 8277 8277 D PrefCtrlListHelper: Could not find Context-only controller for pref: com.android.settings.accessibility.TopLevelAccessibilityPreferenceController
11-04 02:13:20.425 8277 8277 D PrefCtrlListHelper: Could not find Context-only controller for pref: com.android.settings.security.TopLevelSecurityEntryPreferenceController
11-04 02:13:20.425 8277 8277 D PrefCtrlListHelper: Could not find Context-only controller for pref: com.android.settings.location.TopLevelLocationPreferenceController
11-04 02:13:20.425 8277 8277 D PrefCtrlListHelper: Could not find Context-only controller for pref: com.android.settings.accounts.TopLevelAccountEntryPreferenceController
11-04 02:13:20.425 8277 8277 D PrefCtrlListHelper: Could not find Context-only controller for pref: com.android.settings.deviceinfo.aboutphone.TopLevelAboutDevicePreferenceController
11-04 02:13:20.425 8277 8277 D PrefCtrlListHelper: Could not find Context-only controller for pref: com.android.settings.support.SupportPreferenceController
11-04 02:13:20.428 1474 6184 E UserRestrictionsUtils: Unknown restriction queried by uid 1000 (com.qti.diagservices et al): null
11-04 02:13:20.428 1474 6184 E UserRestrictionsUtils: Unknown restriction queried by uid 1000 (com.qti.diagservices et al): null
11-04 02:13:20.428 1474 6184 E UserRestrictionsUtils: Unknown restriction queried by uid 1000 (com.qti.diagservices et al): null
11-04 02:13:20.429 1474 6184 E UserRestrictionsUtils: Unknown restriction queried by uid 1000 (com.qti.diagservices et al): null
11-04 02:13:20.429 1474 6184 E UserRestrictionsUtils: Unknown restriction queried by uid 1000 (com.qti.diagservices et al): null
11-04 02:13:20.429 1474 6184 E UserRestrictionsUtils: Unknown restriction queried by uid 1000 (com.qti.diagservices et al): null
11-04 02:13:20.429 1474 6184 E UserRestrictionsUtils: Unknown restriction queried by uid 1000 (com.qti.diagservices et al): null
11-04 02:13:20.429 1474 6184 E UserRestrictionsUtils: Unknown restriction queried by uid 1000 (com.qti.diagservices et al): null
11-04 02:13:20.430 1474 6184 E UserRestrictionsUtils: Unknown restriction queried by uid 1000 (com.qti.diagservices et al): null
11-04 02:13:20.430 1474 6184 E UserRestrictionsUtils: Unknown restriction queried by uid 1000 (com.qti.diagservices et al): null
11-04 02:13:20.430 1474 6184 E UserRestrictionsUtils: Unknown restriction queried by uid 1000 (com.qti.diagservices et al): null
11-04 02:13:20.430 1474 6184 E UserRestrictionsUtils: Unknown restriction queried by uid 1000 (com.qti.diagservices et al): null
11-04 02:13:20.431 1474 6184 E UserRestrictionsUtils: Unknown restriction queried by uid 1000 (com.qti.diagservices et al): null
11-04 02:13:20.431 1474 6184 E UserRestrictionsUtils: Unknown restriction queried by uid 1000 (com.qti.diagservices et al): null
11-04 02:13:20.431 1474 6184 E UserRestrictionsUtils: Unknown restriction queried by uid 1000 (com.qti.diagservices et al): null
11-04 02:13:20.431 1474 6184 E UserRestrictionsUtils: Unknown restriction queried by uid 1000 (com.qti.diagservices et al): null
11-04 02:13:20.431 1474 6184 E UserRestrictionsUtils: Unknown restriction queried by uid 1000 (com.qti.diagservices et al): null
11-04 02:13:20.432 1474 6184 E UserRestrictionsUtils: Unknown restriction queried by uid 1000 (com.qti.diagservices et al): null
11-04 02:13:20.432 8277 8277 W InstrumentedPrefFrag: Screen title missing for fragment com.android.settings.homepage.TopLevelSettings
11-04 02:13:20.437 8277 8277 D TopLevelSettings: NO dashboard tiles for TopLevelSettings
11-04 02:13:20.437 8277 8277 D TopLevelSettings: All preferences added, reporting fully drawn
11-04 02:13:20.452 8277 8277 W BatteryBroadcastRcvr: Problem reading the battery meter.
11-04 02:13:20.453 8277 8277 I wm_on_start_called: [265335173,com.android.settings.Settings,handleStartActivity]
11-04 02:13:20.455 8277 8277 I snet_event_log: [120484087,-1,]
11-04 02:13:20.456 8277 8277 I wm_on_resume_called: [265335173,com.android.settings.Settings,RESUME_ACTIVITY]
11-04 02:13:20.459 8277 8277 I sysui_multi_action: [757,35,758,1,833,0,1089,36]
11-04 02:13:20.462 8277 8277 W UnsafeUtil: platform method missing - proto runtime falling back to safer methods: java.lang.NoSuchMethodException: sun.misc.Unsafe.copyMemory [class java.lang.Object, long, class java.lang.Object, long, long]
11-04 02:13:20.463 8277 8297 D BatteryInfo: time for getStats: 1ms
11-04 02:13:20.464 8277 8297 D BatteryInfo: time for regular BatteryInfo: 1ms
11-04 02:13:20.465 8277 8277 I sysui_multi_action: [757,1729,758,4,854,isParalleledControllers:false,1089,42]
11-04 02:13:20.466 8277 8297 D BatteryInfo: time for getBatteryInfo: 1ms
11-04 02:13:20.469 8277 8301 D UsageGraph: No enabled state changed, skipping updateCategory call
11-04 02:13:20.473 8277 8277 I wm_on_top_resumed_gained_called: [265335173,com.android.settings.Settings,topStateChangedWhenResumed]
11-04 02:13:20.474 8277 8277 W BatteryBroadcastRcvr: Problem reading the battery meter.
11-04 02:13:20.474 8277 8277 D BatteryInfo: time for callback: 0ms
11-04 02:13:20.480 8277 8300 D BatteryTipLoader: BatteryInfoLoader post query: 1ms
11-04 02:13:20.480 8277 8300 D BatteryInfo: time for getBatteryInfo: 0ms
11-04 02:13:20.480 8277 8300 D BatteryTipLoader: BatteryInfoLoader.loadInBackground: 1ms
11-04 02:13:20.482 3249 3249 W hpplay-java: [main]:IPManager:getActiveNets invalid networkInfo:null
11-04 02:13:20.482 3249 3249 I hpplay-java: [main]:IPManager:getActiveNets eth0:false wifi:false mobile:false ap:false
11-04 02:13:20.482 3249 3249 I hpplay-java: [main]:ServerTaskManager:get local ip:null
11-04 02:13:20.490 8277 8301 D BatteryInfo: time for getStats: 0ms
11-04 02:13:20.491 8277 8301 D BatteryInfo: time for regular BatteryInfo: 1ms
11-04 02:13:20.492 8277 8301 D BatteryInfo: time for getBatteryInfo: 1ms
11-04 02:13:20.499 8277 8306 D BatteryTipLoader: BatteryInfoLoader post query: 0ms
11-04 02:13:20.499 8277 8306 D BatteryInfo: time for getBatteryInfo: 0ms
11-04 02:13:20.499 8277 8306 D BatteryTipLoader: BatteryInfoLoader.loadInBackground: 0ms
11-04 02:13:20.529 1474 1645 I input_focus: [Focus request 155fb92 com.android.settings/com.android.settings.Settings,reason=UpdateInputWindows]
11-04 02:13:20.533 8277 8293 I AdrenoGLES-0: QUALCOMM build : 47421dbee6, I139f36ad46
11-04 02:13:20.533 8277 8293 I AdrenoGLES-0: Build Date : 02/18/22
11-04 02:13:20.533 8277 8293 I AdrenoGLES-0: OpenGL ES Shader Compiler Version: EV031.32.02.17
11-04 02:13:20.533 8277 8293 I AdrenoGLES-0: Local Branch :
11-04 02:13:20.533 8277 8293 I AdrenoGLES-0: Remote Branch :
11-04 02:13:20.533 8277 8293 I AdrenoGLES-0: Remote Branch :
11-04 02:13:20.533 8277 8293 I AdrenoGLES-0: Reconstruct Branch :
11-04 02:13:20.533 8277 8293 I AdrenoGLES-0: Build Config : S P 10.0.7 AArch64
11-04 02:13:20.533 8277 8293 I AdrenoGLES-0: Driver Path : /vendor/lib64/egl/libGLESv2_adreno.so
11-04 02:13:20.535 504 504 I hwservicemanager: getTransport: Cannot find entry android.hardware.graphics.mapper@4.0::IMapper/default in either framework or device VINTF manifest.
11-04 02:13:20.540 8277 8293 I AdrenoGLES-0: PFP: 0x016dd093, ME: 0x00000000
11-04 02:13:20.564 858 980 I SDM : HWCDisplay::GetColorModeCount: Supported color mode count = 1
11-04 02:13:20.564 858 980 I SDM : HWCDisplay::GetColorModes: Color mode = 0 is supported
11-04 02:13:20.564 977 3313 E HWComposer: getSupportedContentTypes: getSupportedContentTypes failed for display 4630946816427681409: Unsupported (8)
11-04 02:13:20.565 8277 8293 D hw-ProcessState: Binder ioctl to enable oneway spam detection failed: Invalid argument
11-04 02:13:20.566 504 504 I hwservicemanager: getTransport: Cannot find entry android.hardware.graphics.mapper@4.0::IMapper/default in either framework or device VINTF manifest.
11-04 02:13:20.566 8277 8314 I Gralloc4: mapper 4.x is not supported
11-04 02:13:20.567 504 504 I hwservicemanager: getTransport: Cannot find entry android.hardware.graphics.allocator@4.0::IAllocator/default in either framework or device VINTF manifest.
11-04 02:13:20.568 8277 8314 W Gralloc4: allocator 4.x is not supported
11-04 02:13:20.593 1474 1645 I sysui_multi_action: [324,0,757,1090,758,12,806,com.android.settings,871,com.android.settings.Settings,1091,358]
11-04 02:13:20.597 1474 1644 I EventSequenceValidator: Transition from ACTIVITY_LAUNCHED to ACTIVITY_FINISHED
11-04 02:13:20.597 1474 1644 I EventSequenceValidator: Transition from ACTIVITY_FINISHED to REPORT_FULLY_DRAWN
11-04 02:13:20.602 1474 1641 I sysui_multi_action: [319,63,321,60,322,358,325,1963,757,761,758,7,759,1,806,com.android.settings,871,com.android.settings.Settings,904,com.android.launcher3,905,0,945,97,1320,4,1321,1]
11-04 02:13:20.604 1474 2005 I input_focus: [Focus entering 155fb92 com.android.settings/com.android.settings.Settings (server),reason=Window became focusable. Previous reason: NOT_VISIBLE]
11-04 02:13:20.606 1474 1641 I wm_activity_launch_time: [0,265335173,com.android.settings/.Settings,358]
11-04 02:13:20.607 1474 1641 I ActivityTaskManager: Displayed com.android.settings/.Settings: +358ms
11-04 02:13:20.608 1474 1641 I ActivityTaskManager: Fully drawn com.android.settings/.Settings: +358ms
11-04 02:13:20.621 8277 8277 D BatteryInfo: time for callback: 0ms
11-04 02:13:20.622 8277 8277 I TopLevelSettings: TopLevelSettings: TopLevelSettings::com.android.settings.network.NetworkDashboardFragment
11-04 02:13:20.644 3686 3686 D Sogou : onUnbindInput finish
11-04 02:13:20.646 3686 3686 D Sogou : onFinishInput:
11-04 02:13:20.683 648 663 I mpu_uart: [MSG-P:RECV]:No message received in 1000 ms
11-04 02:13:20.736 8277 8277 I TetheringManager: registerTetheringEventCallback:com.android.settings
11-04 02:13:20.738 8277 8277 D PrefCtrlListHelper: Could not find Context-only controller for pref: com.android.settings.network.MultiNetworkHeaderController
11-04 02:13:20.739 8277 8277 D PrefCtrlListHelper: Could not find Context-only controller for pref: com.android.settings.network.AirplaneModePreferenceController
11-04 02:13:20.739 8277 8277 D PrefCtrlListHelper: Could not find Context-only controller for pref: com.android.settings.network.AllInOneTetherPreferenceController
11-04 02:13:20.740 8277 8277 D PrefCtrlListHelper: Could not find Context-only controller for pref: com.android.settings.network.AdaptiveConnectivityPreferenceController
11-04 02:13:20.750 8277 8277 W CarrierConfigManager: Error getting config for subId -1 ICarrierConfigLoader is null
11-04 02:13:20.751 8277 8277 D MobilePlanPrefContr: onCreate: mMobilePlanDialogMessage=null
11-04 02:13:20.753 8277 8277 D BluetoothPan: Binding service...
11-04 02:13:20.757 1474 2429 E UserRestrictionsUtils: Unknown restriction queried by uid 1000 (com.qti.diagservices et al): null
11-04 02:13:20.770 8277 8277 D NetworkDashboardFrag: NO dashboard tiles for NetworkDashboardFrag
11-04 02:13:20.770 8277 8277 D NetworkDashboardFrag: All preferences added, reporting fully drawn
11-04 02:13:20.781 1474 2469 D ConnectivityService: requestNetwork for uid/pid:1000/8277 activeRequest: null callbackRequest: 219 [NetworkRequest [ REQUEST id=220, [ Capabilities: INTERNET&NOT_RESTRICTED&TRUSTED&NOT_VCN_MANAGED Uid: 1000 RequestorUid: 1000 RequestorPkg: com.android.settings] ]] callback flags: 0 priority: 2147483647
11-04 02:13:20.782 1474 2296 D ConnectivityService: NetReassign [no changes]
11-04 02:13:20.782 1474 2429 D ConnectivityService: requestNetwork for uid/pid:1000/8277 activeRequest: null callbackRequest: 222 [NetworkRequest [ REQUEST id=223, [ Capabilities: INTERNET&NOT_RESTRICTED&TRUSTED&NOT_VCN_MANAGED Uid: 1000 RequestorUid: 1000 RequestorPkg: com.android.settings] ]] callback flags: 0 priority: 2147483647
11-04 02:13:20.783 1474 2289 D WifiNetworkFactory: got request NetworkRequest [ REQUEST id=220, [ Capabilities: INTERNET&NOT_RESTRICTED&TRUSTED&NOT_VCN_MANAGED Uid: 1000 RequestorUid: 1000 RequestorPkg: com.android.settings] ]
11-04 02:13:20.783 1474 2296 D ConnectivityService: NetReassign [no changes]
11-04 02:13:20.783 1474 2289 D UntrustedWifiNetworkFactory: got request NetworkRequest [ REQUEST id=220, [ Capabilities: INTERNET&NOT_RESTRICTED&TRUSTED&NOT_VCN_MANAGED Uid: 1000 RequestorUid: 1000 RequestorPkg: com.android.settings] ]
11-04 02:13:20.783 1474 2289 D OemPaidWifiNetworkFactory: got request NetworkRequest [ REQUEST id=220, [ Capabilities: INTERNET&NOT_RESTRICTED&TRUSTED&NOT_VCN_MANAGED Uid: 1000 RequestorUid: 1000 RequestorPkg: com.android.settings] ]
11-04 02:13:20.784 1474 2327 D Ethernet: got request NetworkRequest [ REQUEST id=220, [ Capabilities: INTERNET&NOT_RESTRICTED&TRUSTED&NOT_VCN_MANAGED Uid: 1000 RequestorUid: 1000 RequestorPkg: com.android.settings] ]
11-04 02:13:20.784 1474 2327 D EthernetNetworkFactory: acceptRequest, request: NetworkRequest [ REQUEST id=220, [ Capabilities: INTERNET&NOT_RESTRICTED&TRUSTED&NOT_VCN_MANAGED Uid: 1000 RequestorUid: 1000 RequestorPkg: com.android.settings] ]
11-04 02:13:20.784 1474 2327 I EthernetNetworkFactory: networkForRequest, request: NetworkRequest [ REQUEST id=220, [ Capabilities: INTERNET&NOT_RESTRICTED&TRUSTED&NOT_VCN_MANAGED Uid: 1000 RequestorUid: 1000 RequestorPkg: com.android.settings] ], network: null
11-04 02:13:20.784 8277 8277 I TetheringManager: registerTetheringEventCallback caller:com.android.settings
11-04 02:13:20.784 1474 2296 D ConnectivityService: NetReassign [no changes]
11-04 02:13:20.785 1474 2327 D Ethernet: got request NetworkRequest [ REQUEST id=223, [ Capabilities: INTERNET&NOT_RESTRICTED&TRUSTED&NOT_VCN_MANAGED Uid: 1000 RequestorUid: 1000 RequestorPkg: com.android.settings] ]
11-04 02:13:20.785 1474 2327 D EthernetNetworkFactory: acceptRequest, request: NetworkRequest [ REQUEST id=223, [ Capabilities: INTERNET&NOT_RESTRICTED&TRUSTED&NOT_VCN_MANAGED Uid: 1000 RequestorUid: 1000 RequestorPkg: com.android.settings] ]
11-04 02:13:20.785 1474 2327 I EthernetNetworkFactory: networkForRequest, request: NetworkRequest [ REQUEST id=223, [ Capabilities: INTERNET&NOT_RESTRICTED&TRUSTED&NOT_VCN_MANAGED Uid: 1000 RequestorUid: 1000 RequestorPkg: com.android.settings] ], network: null
11-04 02:13:20.785 1474 2289 D WifiNetworkFactory: got request NetworkRequest [ REQUEST id=223, [ Capabilities: INTERNET&NOT_RESTRICTED&TRUSTED&NOT_VCN_MANAGED Uid: 1000 RequestorUid: 1000 RequestorPkg: com.android.settings] ]
11-04 02:13:20.786 1474 2289 D UntrustedWifiNetworkFactory: got request NetworkRequest [ REQUEST id=223, [ Capabilities: INTERNET&NOT_RESTRICTED&TRUSTED&NOT_VCN_MANAGED Uid: 1000 RequestorUid: 1000 RequestorPkg: com.android.settings] ]
11-04 02:13:20.786 1474 2289 D OemPaidWifiNetworkFactory: got request NetworkRequest [ REQUEST id=223, [ Capabilities: INTERNET&NOT_RESTRICTED&TRUSTED&NOT_VCN_MANAGED Uid: 1000 RequestorUid: 1000 RequestorPkg: com.android.settings] ]
11-04 02:13:20.789 1474 2469 D ConnectivityService: requestNetwork for uid/pid:1000/8277 activeRequest: null callbackRequest: 225 [NetworkRequest [ REQUEST id=226, [ Capabilities: INTERNET&NOT_RESTRICTED&TRUSTED&NOT_VCN_MANAGED Uid: 1000 RequestorUid: 1000 RequestorPkg: com.android.settings] ]] callback flags: 1 priority: 2147483647
11-04 02:13:20.789 1474 2296 D ConnectivityService: NetReassign [no changes]
11-04 02:13:20.790 8277 8277 D BluetoothPan: Binding service...
11-04 02:13:20.791 1474 2296 D ConnectivityService: NetReassign [no changes]
11-04 02:13:20.792 8277 8277 I sysui_multi_action: [757,746,758,1,833,0,1089,67]
11-04 02:13:20.792 8277 8277 D SubscriptionsChangeListener: Start
11-04 02:13:20.793 1474 2327 D Ethernet: got request NetworkRequest [ REQUEST id=226, [ Capabilities: INTERNET&NOT_RESTRICTED&TRUSTED&NOT_VCN_MANAGED Uid: 1000 RequestorUid: 1000 RequestorPkg: com.android.settings] ]
11-04 02:13:20.793 1474 2327 D EthernetNetworkFactory: acceptRequest, request: NetworkRequest [ REQUEST id=226, [ Capabilities: INTERNET&NOT_RESTRICTED&TRUSTED&NOT_VCN_MANAGED Uid: 1000 RequestorUid: 1000 RequestorPkg: com.android.settings] ]
11-04 02:13:20.793 1474 2327 I EthernetNetworkFactory: networkForRequest, request: NetworkRequest [ REQUEST id=226, [ Capabilities: INTERNET&NOT_RESTRICTED&TRUSTED&NOT_VCN_MANAGED Uid: 1000 RequestorUid: 1000 RequestorPkg: com.android.settings] ], network: null
11-04 02:13:20.793 1474 2469 D TelephonyRegistry: listen oscl: mHasNotifySubscriptionInfoChangedOccurred==false no callback
11-04 02:13:20.794 1474 2296 D ConnectivityService: NetReassign [no changes]
11-04 02:13:20.795 1474 2289 D WifiNetworkFactory: got request NetworkRequest [ REQUEST id=226, [ Capabilities: INTERNET&NOT_RESTRICTED&TRUSTED&NOT_VCN_MANAGED Uid: 1000 RequestorUid: 1000 RequestorPkg: com.android.settings] ]
