11-04 01:51:58.745 2358 2358 I sysui_multi_action: [757,111,758,1]
11-04 01:51:58.745 2358 2358 I sysui_multi_action: [757,126,758,1,759,126,927,0,928,1,1593,1]
11-04 01:51:58.745 2358 2358 I sysui_multi_action: [757,113,758,1,759,113,927,1,928,1,1593,1]
11-04 01:51:58.745 2358 2358 I sysui_multi_action: [757,0,758,1,759,0,927,2,928,0,1593,1]
11-04 01:51:58.745 2358 2358 I sysui_multi_action: [757,0,758,1,759,0,927,3,928,0,1593,1]
11-04 01:51:58.758 2358 2358 I sysui_multi_action: [757,111,758,2]
11-04 01:51:58.758 2358 2358 I sysui_multi_action: [757,111,758,2]
11-04 01:51:58.760 1474 1474 I notification_enqueue: [10081,2358,com.android.systemui,2048,NULL,0,Notification(channel=updateNotification shortcut=null contentView=null vibrate=null sound=null defaults=0x0 flags=0x0 color=0x00000000 vis=PRIVATE),1]
11-04 01:51:58.761 2358 2358 I sysui_multi_action: [757,111,758,1]
11-04 01:51:58.761 2358 2358 I sysui_multi_action: [757,126,758,1,759,126,927,0,928,1,1593,1]
11-04 01:51:58.761 2358 2358 I sysui_multi_action: [757,113,758,1,759,113,927,1,928,1,1593,1]
11-04 01:51:58.761 2358 2358 I sysui_multi_action: [757,0,758,1,759,0,927,2,928,0,1593,1]
11-04 01:51:58.761 2358 2358 I sysui_multi_action: [757,0,758,1,759,0,927,3,928,0,1593,1]
11-04 01:51:58.761 2358 2358 I sysui_multi_action: [757,491,758,1,759,491,927,4,928,0,1311,-1,1593,0]
11-04 01:51:58.762 2358 2358 I sysui_multi_action: [757,0,758,1,759,0,927,5,928,0,1593,0]
11-04 01:51:58.762 2358 2358 I sysui_multi_action: [757,111,758,1]
11-04 01:51:58.762 2358 2358 I sysui_multi_action: [757,126,758,1,759,126,927,0,928,1,1593,1]
11-04 01:51:58.762 2358 2358 I sysui_multi_action: [757,113,758,1,759,113,927,1,928,1,1593,1]
11-04 01:51:58.762 2358 2358 I sysui_multi_action: [757,0,758,1,759,0,927,2,928,0,1593,1]
11-04 01:51:58.762 2358 2358 I sysui_multi_action: [757,0,758,1,759,0,927,3,928,0,1593,1]
11-04 01:51:58.775 2358 2358 I sysui_multi_action: [757,111,758,2]
11-04 01:51:58.775 1474 1474 I notification_enqueue: [10081,2358,com.android.systemui,2048,NULL,0,Notification(channel=updateNotification shortcut=null contentView=null vibrate=null sound=null defaults=0x0 flags=0x0 color=0x00000000 vis=PRIVATE),1]
11-04 01:51:58.775 2358 2358 I sysui_multi_action: [757,111,758,2]
11-04 01:51:58.779 2358 2358 I sysui_multi_action: [757,111,758,1]
11-04 01:51:58.779 2358 2358 I sysui_multi_action: [757,126,758,1,759,126,927,0,928,1,1593,0]
11-04 01:51:58.779 2358 2358 I sysui_multi_action: [757,113,758,1,759,113,927,1,928,1,1593,0]
11-04 01:51:58.779 2358 2358 I sysui_multi_action: [757,0,758,1,759,0,927,2,928,0,1593,0]
11-04 01:51:58.779 2358 2358 I sysui_multi_action: [757,0,758,1,759,0,927,3,928,0,1593,0]
11-04 01:51:58.780 2358 2358 I sysui_multi_action: [757,491,758,1,759,491,927,4,928,0,1311,-1,1593,0]
11-04 01:51:58.780 2358 2358 I sysui_multi_action: [757,0,758,1,759,0,927,5,928,0,1593,0]
11-04 01:51:58.780 2358 2358 I sysui_multi_action: [757,111,758,1]
11-04 01:51:58.780 2358 2358 I sysui_multi_action: [757,126,758,1,759,126,927,0,928,1,1593,0]
11-04 01:51:58.780 2358 2358 I sysui_multi_action: [757,113,758,1,759,113,927,1,928,1,1593,0]
11-04 01:51:58.780 2358 2358 I sysui_multi_action: [757,0,758,1,759,0,927,2,928,0,1593,0]
11-04 01:51:58.780 2358 2358 I sysui_multi_action: [757,0,758,1,759,0,927,3,928,0,1593,0]
11-04 01:51:58.790 1474 1645 I input_focus: [Focus request 47f20b4 com.android.settings/com.android.settings.homepage.SettingsHomepageActivity,reason=UpdateInputWindows]
11-04 01:51:58.796 2358 2358 I sysui_multi_action: [757,111,758,2]
11-04 01:51:58.796 1474 1474 I notification_enqueue: [10081,2358,com.android.systemui,2048,NULL,0,Notification(channel=updateNotification shortcut=null contentView=null vibrate=null sound=null defaults=0x0 flags=0x0 color=0x00000000 vis=PRIVATE),1]
11-04 01:51:58.796 2358 2358 I sysui_multi_action: [757,111,758,2]
11-04 01:51:58.800 2358 2358 I sysui_multi_action: [757,111,758,1]
11-04 01:51:58.800 2358 2358 I sysui_multi_action: [757,126,758,1,759,126,927,0,928,1,1593,1]
11-04 01:51:58.800 2358 2358 I sysui_multi_action: [757,113,758,1,759,113,927,1,928,1,1593,1]
11-04 01:51:58.800 2358 2358 I sysui_multi_action: [757,0,758,1,759,0,927,2,928,0,1593,1]
11-04 01:51:58.800 2358 2358 I sysui_multi_action: [757,0,758,1,759,0,927,3,928,0,1593,1]
11-04 01:51:58.800 2358 2358 I sysui_multi_action: [757,491,758,1,759,491,927,4,928,0,1311,-1,1593,0]
11-04 01:51:58.800 2358 2358 I sysui_multi_action: [757,0,758,1,759,0,927,5,928,0,1593,0]
11-04 01:51:58.800 2358 2358 I sysui_multi_action: [757,111,758,1]
11-04 01:51:58.800 2358 2358 I sysui_multi_action: [757,126,758,1,759,126,927,0,928,1,1593,1]
11-04 01:51:58.800 2358 2358 I sysui_multi_action: [757,113,758,1,759,113,927,1,928,1,1593,1]
11-04 01:51:58.800 2358 2358 I sysui_multi_action: [757,0,758,1,759,0,927,2,928,0,1593,1]
11-04 01:51:58.800 2358 2358 I sysui_multi_action: [757,0,758,1,759,0,927,3,928,0,1593,1]
11-04 01:51:58.816 2358 2358 I sysui_multi_action: [757,111,758,2]
11-04 01:51:58.816 2358 2358 I sysui_multi_action: [757,111,758,2]
11-04 01:51:58.816 1474 1474 I notification_enqueue: [10081,2358,com.android.systemui,2048,NULL,0,Notification(channel=updateNotification shortcut=null contentView=null vibrate=null sound=null defaults=0x0 flags=0x0 color=0x00000000 vis=PRIVATE),1]
11-04 01:51:58.820 2358 2358 I sysui_multi_action: [757,111,758,1]
11-04 01:51:58.820 2358 2358 I sysui_multi_action: [757,126,758,1,759,126,927,0,928,1,1593,1]
11-04 01:51:58.820 2358 2358 I sysui_multi_action: [757,113,758,1,759,113,927,1,928,1,1593,1]
11-04 01:51:58.820 2358 2358 I sysui_multi_action: [757,0,758,1,759,0,927,2,928,0,1593,1]
11-04 01:51:58.820 2358 2358 I sysui_multi_action: [757,0,758,1,759,0,927,3,928,0,1593,1]
11-04 01:51:58.820 2358 2358 I sysui_multi_action: [757,491,758,1,759,491,927,4,928,0,1311,-1,1593,0]
11-04 01:51:58.820 2358 2358 I sysui_multi_action: [757,0,758,1,759,0,927,5,928,0,1593,0]
11-04 01:51:58.820 2358 2358 I sysui_multi_action: [757,111,758,1]
11-04 01:51:58.821 2358 2358 I sysui_multi_action: [757,126,758,1,759,126,927,0,928,1,1593,1]
11-04 01:51:58.821 2358 2358 I sysui_multi_action: [757,113,758,1,759,113,927,1,928,1,1593,1]
11-04 01:51:58.821 2358 2358 I sysui_multi_action: [757,0,758,1,759,0,927,2,928,0,1593,1]
11-04 01:51:58.821 2358 2358 I sysui_multi_action: [757,0,758,1,759,0,927,3,928,0,1593,1]
11-04 01:51:58.833 2358 2358 I sysui_multi_action: [757,111,758,2]
11-04 01:51:58.833 1474 1645 I sysui_multi_action: [324,0,757,1090,758,12,806,com.android.settings,871,com.android.settings.homepage.SettingsHomepageActivity,1091,359]
11-04 01:51:58.833 1474 1474 I notification_enqueue: [10081,2358,com.android.systemui,2048,NULL,0,Notification(channel=updateNotification shortcut=null contentView=null vibrate=null sound=null defaults=0x0 flags=0x0 color=0x00000000 vis=PRIVATE),1]
11-04 01:51:58.834 2358 2358 I sysui_multi_action: [757,111,758,2]
11-04 01:51:58.838 2358 2358 I sysui_multi_action: [757,111,758,1]
11-04 01:51:58.838 2358 2358 I sysui_multi_action: [757,126,758,1,759,126,927,0,928,1,1593,1]
11-04 01:51:58.838 2358 2358 I sysui_multi_action: [757,113,758,1,759,113,927,1,928,1,1593,1]
11-04 01:51:58.838 2358 2358 I sysui_multi_action: [757,0,758,1,759,0,927,2,928,0,1593,1]
11-04 01:51:58.838 2358 2358 I sysui_multi_action: [757,0,758,1,759,0,927,3,928,0,1593,1]
11-04 01:51:58.839 2358 2358 I sysui_multi_action: [757,491,758,1,759,491,927,4,928,0,1311,-1,1593,0]
11-04 01:51:58.839 2358 2358 I sysui_multi_action: [757,0,758,1,759,0,927,5,928,0,1593,0]
11-04 01:51:58.839 2358 2358 I sysui_multi_action: [757,111,758,1]
11-04 01:51:58.839 2358 2358 I sysui_multi_action: [757,126,758,1,759,126,927,0,928,1,1593,1]
11-04 01:51:58.839 2358 2358 I sysui_multi_action: [757,113,758,1,759,113,927,1,928,1,1593,1]
11-04 01:51:58.839 2358 2358 I sysui_multi_action: [757,0,758,1,759,0,927,2,928,0,1593,1]
11-04 01:51:58.839 2358 2358 I sysui_multi_action: [757,0,758,1,759,0,927,3,928,0,1593,1]
11-04 01:51:58.842 1474 2005 I input_focus: [Focus entering 47f20b4 com.android.settings/com.android.settings.homepage.SettingsHomepageActivity (server),reason=Window became focusable. Previous reason: NOT_VISIBLE]
11-04 01:51:58.842 1474 1641 I sysui_multi_action: [319,79,321,74,322,359,325,681,757,761,758,7,759,1,806,com.android.settings,871,com.android.settings.homepage.SettingsHomepageActivity,904,com.android.settings,905,0,945,93,1320,4,1321,1]
11-04 01:51:58.844 1474 1641 I wm_activity_launch_time: [0,1161612,com.android.settings/.homepage.SettingsHomepageActivity,359]
11-04 01:51:58.851 2358 2358 I sysui_multi_action: [757,111,758,2]
11-04 01:51:58.851 2358 2358 I sysui_multi_action: [757,111,758,2]
11-04 01:51:58.852 1474 1474 I notification_enqueue: [10081,2358,com.android.systemui,2048,NULL,0,Notification(channel=updateNotification shortcut=null contentView=null vibrate=null sound=null defaults=0x0 flags=0x0 color=0x00000000 vis=PRIVATE),1]
11-04 01:51:58.856 2358 2358 I sysui_multi_action: [757,111,758,1]
11-04 01:51:58.856 2358 2358 I sysui_multi_action: [757,126,758,1,759,126,927,0,928,1,1593,0]
11-04 01:51:58.856 2358 2358 I sysui_multi_action: [757,113,758,1,759,113,927,1,928,1,1593,0]
11-04 01:51:58.856 2358 2358 I sysui_multi_action: [757,0,758,1,759,0,927,2,928,0,1593,0]
11-04 01:51:58.856 2358 2358 I sysui_multi_action: [757,0,758,1,759,0,927,3,928,0,1593,0]
11-04 01:51:58.856 2358 2358 I sysui_multi_action: [757,491,758,1,759,491,927,4,928,0,1311,-1,1593,0]
11-04 01:51:58.856 2358 2358 I sysui_multi_action: [757,0,758,1,759,0,927,5,928,0,1593,0]
11-04 01:51:58.857 2358 2358 I sysui_multi_action: [757,111,758,1]
11-04 01:51:58.857 2358 2358 I sysui_multi_action: [757,126,758,1,759,126,927,0,928,1,1593,0]
11-04 01:51:58.857 2358 2358 I sysui_multi_action: [757,113,758,1,759,113,927,1,928,1,1593,1]
11-04 01:51:58.857 2358 2358 I sysui_multi_action: [757,0,758,1,759,0,927,2,928,0,1593,1]
11-04 01:51:58.857 2358 2358 I sysui_multi_action: [757,0,758,1,759,0,927,3,928,0,1593,1]
11-04 01:51:58.868 2358 2358 I sysui_multi_action: [757,111,758,2]
11-04 01:51:58.868 1474 1474 I notification_enqueue: [10081,2358,com.android.systemui,2048,NULL,0,Notification(channel=updateNotification shortcut=null contentView=null vibrate=null sound=null defaults=0x0 flags=0x0 color=0x00000000 vis=PRIVATE),1]
11-04 01:51:58.868 2358 2358 I sysui_multi_action: [757,111,758,2]
11-04 01:51:58.872 2358 2358 I sysui_multi_action: [757,111,758,1]
11-04 01:51:58.872 2358 2358 I sysui_multi_action: [757,126,758,1,759,126,927,0,928,1,1593,0]
11-04 01:51:58.872 2358 2358 I sysui_multi_action: [757,113,758,1,759,113,927,1,928,1,1593,0]
11-04 01:51:58.872 2358 2358 I sysui_multi_action: [757,0,758,1,759,0,927,2,928,0,1593,0]
11-04 01:51:58.872 2358 2358 I sysui_multi_action: [757,0,758,1,759,0,927,3,928,0,1593,1]
11-04 01:51:58.872 2358 2358 I sysui_multi_action: [757,491,758,1,759,491,927,4,928,0,1311,-1,1593,0]
11-04 01:51:58.872 2358 2358 I sysui_multi_action: [757,0,758,1,759,0,927,5,928,0,1593,0]
11-04 01:51:58.872 2358 2358 I sysui_multi_action: [757,111,758,1]
11-04 01:51:58.873 2358 2358 I sysui_multi_action: [757,126,758,1,759,126,927,0,928,1,1593,1]
11-04 01:51:58.873 2358 2358 I sysui_multi_action: [757,113,758,1,759,113,927,1,928,1,1593,1]
11-04 01:51:58.873 2358 2358 I sysui_multi_action: [757,0,758,1,759,0,927,2,928,0,1593,1]
11-04 01:51:58.873 2358 2358 I sysui_multi_action: [757,0,758,1,759,0,927,3,928,0,1593,1]
11-04 01:51:58.886 2358 2358 I sysui_multi_action: [757,111,758,2]
11-04 01:51:58.886 1474 1474 I notification_enqueue: [10081,2358,com.android.systemui,2048,NULL,0,Notification(channel=updateNotification shortcut=null contentView=null vibrate=null sound=null defaults=0x0 flags=0x0 color=0x00000000 vis=PRIVATE),1]
11-04 01:51:58.886 2358 2358 I sysui_multi_action: [757,111,758,2]
11-04 01:51:58.890 2358 2358 I sysui_multi_action: [757,111,758,1]
11-04 01:51:58.890 2358 2358 I sysui_multi_action: [757,126,758,1,759,126,927,0,928,1,1593,1]
11-04 01:51:58.890 2358 2358 I sysui_multi_action: [757,113,758,1,759,113,927,1,928,1,1593,1]
11-04 01:51:58.890 2358 2358 I sysui_multi_action: [757,0,758,1,759,0,927,2,928,0,1593,1]
11-04 01:51:58.890 2358 2358 I sysui_multi_action: [757,0,758,1,759,0,927,3,928,0,1593,1]
11-04 01:51:58.890 2358 2358 I sysui_multi_action: [757,491,758,1,759,491,927,4,928,0,1311,-1,1593,0]
11-04 01:51:58.890 2358 2358 I sysui_multi_action: [757,0,758,1,759,0,927,5,928,0,1593,0]
11-04 01:51:58.890 2358 2358 I sysui_multi_action: [757,111,758,1]
11-04 01:51:58.890 2358 2358 I sysui_multi_action: [757,126,758,1,759,126,927,0,928,1,1593,1]
11-04 01:51:58.890 2358 2358 I sysui_multi_action: [757,113,758,1,759,113,927,1,928,1,1593,1]
11-04 01:51:58.890 2358 2358 I sysui_multi_action: [757,0,758,1,759,0,927,2,928,0,1593,1]
11-04 01:51:58.890 2358 2358 I sysui_multi_action: [757,0,758,1,759,0,927,3,928,0,1593,1]
11-04 01:51:58.901 2358 2358 I sysui_multi_action: [757,111,758,2]
11-04 01:51:58.901 2358 2358 I sysui_multi_action: [757,111,758,2]
11-04 01:51:58.902 1474 1474 I notification_enqueue: [10081,2358,com.android.systemui,2048,NULL,0,Notification(channel=updateNotification shortcut=null contentView=null vibrate=null sound=null defaults=0x0 flags=0x0 color=0x00000000 vis=PRIVATE),1]
11-04 01:51:58.905 2358 2358 I sysui_multi_action: [757,111,758,1]
11-04 01:51:58.905 2358 2358 I sysui_multi_action: [757,126,758,1,759,126,927,0,928,1,1593,1]
11-04 01:51:58.905 2358 2358 I sysui_multi_action: [757,113,758,1,759,113,927,1,928,1,1593,1]
11-04 01:51:58.905 2358 2358 I sysui_multi_action: [757,0,758,1,759,0,927,2,928,0,1593,1]
11-04 01:51:58.905 2358 2358 I sysui_multi_action: [757,0,758,1,759,0,927,3,928,0,1593,1]
11-04 01:51:58.906 2358 2358 I sysui_multi_action: [757,491,758,1,759,491,927,4,928,0,1311,-1,1593,0]
11-04 01:51:58.906 2358 2358 I sysui_multi_action: [757,0,758,1,759,0,927,5,928,0,1593,0]
11-04 01:51:58.906 2358 2358 I sysui_multi_action: [757,111,758,1]
11-04 01:51:58.906 2358 2358 I sysui_multi_action: [757,126,758,1,759,126,927,0,928,1,1593,1]
11-04 01:51:58.906 2358 2358 I sysui_multi_action: [757,113,758,1,759,113,927,1,928,1,1593,1]
11-04 01:51:58.906 2358 2358 I sysui_multi_action: [757,0,758,1,759,0,927,2,928,0,1593,1]
11-04 01:51:58.906 2358 2358 I sysui_multi_action: [757,0,758,1,759,0,927,3,928,0,1593,1]
11-04 01:51:58.921 2358 2358 I sysui_multi_action: [757,111,758,2]
11-04 01:51:58.921 2358 2358 I sysui_multi_action: [757,111,758,2]
11-04 01:51:58.923 1474 1474 I notification_enqueue: [10081,2358,com.android.systemui,2048,NULL,0,Notification(channel=updateNotification shortcut=null contentView=null vibrate=null sound=null defaults=0x0 flags=0x0 color=0x00000000 vis=PRIVATE),1]
11-04 01:51:58.926 2358 2358 I sysui_multi_action: [757,111,758,1]
11-04 01:51:58.926 2358 2358 I sysui_multi_action: [757,126,758,1,759,126,927,0,928,1,1593,1]
11-04 01:51:58.926 2358 2358 I sysui_multi_action: [757,113,758,1,759,113,927,1,928,1,1593,1]
11-04 01:51:58.926 2358 2358 I sysui_multi_action: [757,0,758,1,759,0,927,2,928,0,1593,1]
11-04 01:51:58.926 2358 2358 I sysui_multi_action: [757,0,758,1,759,0,927,3,928,0,1593,1]
11-04 01:51:58.926 2358 2358 I sysui_multi_action: [757,491,758,1,759,491,927,4,928,0,1311,-1,1593,0]
11-04 01:51:58.926 2358 2358 I sysui_multi_action: [757,0,758,1,759,0,927,5,928,0,1593,0]
11-04 01:51:58.926 2358 2358 I sysui_multi_action: [757,111,758,1]
11-04 01:51:58.926 2358 2358 I sysui_multi_action: [757,126,758,1,759,126,927,0,928,1,1593,1]
11-04 01:51:58.926 2358 2358 I sysui_multi_action: [757,113,758,1,759,113,927,1,928,1,1593,1]
11-04 01:51:58.926 2358 2358 I sysui_multi_action: [757,0,758,1,759,0,927,2,928,0,1593,1]
11-04 01:51:58.926 2358 2358 I sysui_multi_action: [757,0,758,1,759,0,927,3,928,0,1593,1]
11-04 01:51:58.941 2358 2358 I sysui_multi_action: [757,111,758,2]
11-04 01:51:58.941 2358 2358 I sysui_multi_action: [757,111,758,2]
11-04 01:51:58.943 1474 1474 I notification_enqueue: [10081,2358,com.android.systemui,2048,NULL,0,Notification(channel=updateNotification shortcut=null contentView=null vibrate=null sound=null defaults=0x0 flags=0x0 color=0x00000000 vis=PRIVATE),1]
11-04 01:51:58.945 2358 2358 I sysui_multi_action: [757,111,758,1]
11-04 01:51:58.945 2358 2358 I sysui_multi_action: [757,126,758,1,759,126,927,0,928,1,1593,1]
11-04 01:51:58.945 2358 2358 I sysui_multi_action: [757,113,758,1,759,113,927,1,928,1,1593,1]
11-04 01:51:58.945 2358 2358 I sysui_multi_action: [757,0,758,1,759,0,927,2,928,0,1593,1]
11-04 01:51:58.945 2358 2358 I sysui_multi_action: [757,0,758,1,759,0,927,3,928,0,1593,1]
11-04 01:51:58.945 2358 2358 I sysui_multi_action: [757,491,758,1,759,491,927,4,928,0,1311,-1,1593,0]
11-04 01:51:58.945 2358 2358 I sysui_multi_action: [757,0,758,1,759,0,927,5,928,0,1593,0]
11-04 01:51:58.945 2358 2358 I sysui_multi_action: [757,111,758,1]
11-04 01:51:58.945 2358 2358 I sysui_multi_action: [757,126,758,1,759,126,927,0,928,1,1593,1]
11-04 01:51:58.945 2358 2358 I sysui_multi_action: [757,113,758,1,759,113,927,1,928,1,1593,1]
11-04 01:51:58.945 2358 2358 I sysui_multi_action: [757,0,758,1,759,0,927,2,928,0,1593,1]
11-04 01:51:58.945 2358 2358 I sysui_multi_action: [757,0,758,1,759,0,927,3,928,0,1593,1]
11-04 01:51:58.963 2358 2358 I sysui_multi_action: [757,111,758,2]
11-04 01:51:58.963 2358 2358 I sysui_multi_action: [757,111,758,2]
11-04 01:51:58.964 1474 1474 I notification_enqueue: [10081,2358,com.android.systemui,2048,NULL,0,Notification(channel=updateNotification shortcut=null contentView=null vibrate=null sound=null defaults=0x0 flags=0x0 color=0x00000000 vis=PRIVATE),1]
11-04 01:51:58.968 2358 2358 I sysui_multi_action: [757,111,758,1]
11-04 01:51:58.968 2358 2358 I sysui_multi_action: [757,126,758,1,759,126,927,0,928,1,1593,1]
11-04 01:51:58.968 2358 2358 I sysui_multi_action: [757,113,758,1,759,113,927,1,928,1,1593,1]
11-04 01:51:58.968 2358 2358 I sysui_multi_action: [757,0,758,1,759,0,927,2,928,0,1593,1]
11-04 01:51:58.968 2358 2358 I sysui_multi_action: [757,0,758,1,759,0,927,3,928,0,1593,1]
11-04 01:51:58.968 2358 2358 I sysui_multi_action: [757,491,758,1,759,491,927,4,928,0,1311,-1,1593,0]
11-04 01:51:58.968 2358 2358 I sysui_multi_action: [757,0,758,1,759,0,927,5,928,0,1593,0]
11-04 01:51:58.968 2358 2358 I sysui_multi_action: [757,111,758,1]
11-04 01:51:58.968 2358 2358 I sysui_multi_action: [757,126,758,1,759,126,927,0,928,1,1593,1]
11-04 01:51:58.968 2358 2358 I sysui_multi_action: [757,113,758,1,759,113,927,1,928,1,1593,1]
11-04 01:51:58.968 2358 2358 I sysui_multi_action: [757,0,758,1,759,0,927,2,928,0,1593,1]
11-04 01:51:58.968 2358 2358 I sysui_multi_action: [757,0,758,1,759,0,927,3,928,0,1593,1]
11-04 01:51:58.974 1474 5397 I netstats_mobile_sample: [0,0,0,0,0,0,0,0,0,0,0,0,1667497918974]
11-04 01:51:58.974 1474 5397 I netstats_wifi_sample: [0,0,0,0,0,0,0,0,0,0,0,0,1667497918974]
11-04 01:51:58.983 2358 2358 I sysui_multi_action: [757,111,758,2]
11-04 01:51:58.983 2358 2358 I sysui_multi_action: [757,111,758,2]
11-04 01:51:58.983 1474 1474 I notification_enqueue: [10081,2358,com.android.systemui,2048,NULL,0,Notification(channel=updateNotification shortcut=null contentView=null vibrate=null sound=null defaults=0x0 flags=0x0 color=0x00000000 vis=PRIVATE),1]
11-04 01:51:58.986 1474 1795 I netstats_mobile_sample: [0,0,0,0,0,0,0,0,0,0,0,0,1667497918986]
11-04 01:51:58.986 1474 1795 I netstats_wifi_sample: [0,0,0,0,0,0,0,0,0,0,0,0,1667497918986]
11-04 01:51:58.987 2358 2358 I sysui_multi_action: [757,111,758,1]
11-04 01:51:58.987 2358 2358 I sysui_multi_action: [757,126,758,1,759,126,927,0,928,1,1593,1]
11-04 01:51:58.987 2358 2358 I sysui_multi_action: [757,113,758,1,759,113,927,1,928,1,1593,1]
11-04 01:51:58.987 2358 2358 I sysui_multi_action: [757,0,758,1,759,0,927,2,928,0,1593,1]
11-04 01:51:58.987 2358 2358 I sysui_multi_action: [757,0,758,1,759,0,927,3,928,0,1593,1]
11-04 01:51:58.988 2358 2358 I sysui_multi_action: [757,491,758,1,759,491,927,4,928,0,1311,-1,1593,0]
11-04 01:51:58.988 2358 2358 I sysui_multi_action: [757,0,758,1,759,0,927,5,928,0,1593,0]
11-04 01:51:58.988 2358 2358 I sysui_multi_action: [757,111,758,1]
11-04 01:51:58.988 2358 2358 I sysui_multi_action: [757,126,758,1,759,126,927,0,928,1,1593,1]
11-04 01:51:58.988 2358 2358 I sysui_multi_action: [757,113,758,1,759,113,927,1,928,1,1593,1]
11-04 01:51:58.988 2358 2358 I sysui_multi_action: [757,0,758,1,759,0,927,2,928,0,1593,1]
11-04 01:51:58.988 2358 2358 I sysui_multi_action: [757,0,758,1,759,0,927,3,928,0,1593,1]
11-04 01:51:59.008 2358 2358 I sysui_multi_action: [757,111,758,2]
11-04 01:51:59.008 2358 2358 I sysui_multi_action: [757,111,758,2]
11-04 01:51:59.009 1474 1474 I notification_enqueue: [10081,2358,com.android.systemui,2048,NULL,0,Notification(channel=updateNotification shortcut=null contentView=null vibrate=null sound=null defaults=0x0 flags=0x0 color=0x00000000 vis=PRIVATE),1]
11-04 01:51:59.011 6027 6027 I sysui_multi_action: [757,103,758,1,833,0,1089,55]
11-04 01:51:59.021 2358 2358 I sysui_multi_action: [757,111,758,1]
11-04 01:51:59.022 2358 2358 I sysui_multi_action: [757,126,758,1,759,126,927,0,928,1,1593,1]
11-04 01:51:59.022 2358 2358 I sysui_multi_action: [757,113,758,1,759,113,927,1,928,1,1593,1]
11-04 01:51:59.022 2358 2358 I sysui_multi_action: [757,0,758,1,759,0,927,2,928,0,1593,1]
11-04 01:51:59.022 2358 2358 I sysui_multi_action: [757,0,758,1,759,0,927,3,928,0,1593,1]
11-04 01:51:59.022 2358 2358 I sysui_multi_action: [757,491,758,1,759,491,927,4,928,0,1311,-1,1593,0]
11-04 01:51:59.022 2358 2358 I sysui_multi_action: [757,0,758,1,759,0,927,5,928,0,1593,0]
11-04 01:51:59.022 2358 2358 I sysui_multi_action: [757,111,758,1]
11-04 01:51:59.022 2358 2358 I sysui_multi_action: [757,126,758,1,759,126,927,0,928,1,1593,1]
11-04 01:51:59.022 2358 2358 I sysui_multi_action: [757,113,758,1,759,113,927,1,928,1,1593,1]
11-04 01:51:59.022 2358 2358 I sysui_multi_action: [757,0,758,1,759,0,927,2,928,0,1593,1]
11-04 01:51:59.022 2358 2358 I sysui_multi_action: [757,0,758,1,759,0,927,3,928,0,1593,1]
11-04 01:51:59.037 2358 2358 I sysui_multi_action: [757,111,758,2]
11-04 01:51:59.037 1474 1474 I notification_enqueue: [10081,2358,com.android.systemui,2048,NULL,0,Notification(channel=updateNotification shortcut=null contentView=null vibrate=null sound=null defaults=0x0 flags=0x0 color=0x00000000 vis=PRIVATE),1]
11-04 01:51:59.037 2358 2358 I sysui_multi_action: [757,111,758,2]
11-04 01:51:59.039 1474 2429 I sysui_multi_action: [757,128,758,2,793,268454,794,5191,795,268454,796,26,798,0,806,android,857,DEVELOPER_IMPORTANT,858,4,947,0,1395,3,1500,268251,1688,1]
11-04 01:51:59.039 1474 2429 I notification_visibility: [-1|android|26|null|1000,0,268454,268454,0,0]
11-04 01:51:59.039 1474 2429 I sysui_multi_action: [757,128,758,2,793,659381,794,5189,795,659381,796,32,798,2,806,android,857,USB,858,1,947,0,1395,3,1500,658964,1688,1]
11-04 01:51:59.041 1474 2429 I notification_visibility: [-1|android|32|null|1000,0,659381,659381,0,2]
11-04 01:51:59.041 1474 1795 I sysui_multi_action: [757,127,758,2]
11-04 01:51:59.041 1474 1795 I notification_panel_hidden:
11-04 01:51:59.048 2358 2358 I sysui_multi_action: [757,111,758,1]
11-04 01:51:59.048 2358 2358 I sysui_multi_action: [757,126,758,1,759,126,927,0,928,1,1593,1]
11-04 01:51:59.048 2358 2358 I sysui_multi_action: [757,113,758,1,759,113,927,1,928,1,1593,1]
11-04 01:51:59.048 2358 2358 I sysui_multi_action: [757,0,758,1,759,0,927,2,928,0,1593,1]
11-04 01:51:59.048 2358 2358 I sysui_multi_action: [757,0,758,1,759,0,927,3,928,0,1593,1]
11-04 01:51:59.048 2358 2358 I sysui_multi_action: [757,491,758,1,759,491,927,4,928,0,1311,-1,1593,0]
11-04 01:51:59.048 2358 2358 I sysui_multi_action: [757,0,758,1,759,0,927,5,928,0,1593,0]
11-04 01:51:59.048 2358 2358 I sysui_multi_action: [757,111,758,1]
11-04 01:51:59.048 2358 2358 I sysui_multi_action: [757,126,758,1,759,126,927,0,928,1,1593,1]
11-04 01:51:59.048 2358 2358 I sysui_multi_action: [757,113,758,1,759,113,927,1,928,1,1593,1]
11-04 01:51:59.049 2358 2358 I sysui_multi_action: [757,0,758,1,759,0,927,2,928,0,1593,1]
11-04 01:51:59.049 2358 2358 I sysui_multi_action: [757,0,758,1,759,0,927,3,928,0,1593,1]
11-04 01:51:59.092 1474 1644 I wm_stop_activity: [0,59699080,com.android.launcher3/.uioverrides.QuickstepLauncher]
11-04 01:51:59.106 2358 2358 I sysui_multi_action: [757,111,758,2]
11-04 01:51:59.106 2358 2358 I sysui_multi_action: [757,111,758,2]
11-04 01:51:59.107 1474 1474 I notification_enqueue: [10081,2358,com.android.systemui,2048,NULL,0,Notification(channel=updateNotification shortcut=null contentView=null vibrate=null sound=null defaults=0x0 flags=0x0 color=0x00000000 vis=PRIVATE),1]
11-04 01:51:59.117 2358 2358 I sysui_multi_action: [757,111,758,1]
11-04 01:51:59.117 2358 2358 I sysui_multi_action: [757,126,758,1,759,126,927,0,928,1,1593,0]
11-04 01:51:59.117 2358 2358 I sysui_multi_action: [757,113,758,1,759,113,927,1,928,1,1593,0]
11-04 01:51:59.117 2358 2358 I sysui_multi_action: [757,0,758,1,759,0,927,2,928,0,1593,0]
11-04 01:51:59.117 2358 2358 I sysui_multi_action: [757,0,758,1,759,0,927,3,928,0,1593,0]
11-04 01:51:59.117 2358 2358 I sysui_multi_action: [757,491,758,1,759,491,927,4,928,0,1311,-1,1593,0]
11-04 01:51:59.117 2358 2358 I sysui_multi_action: [757,0,758,1,759,0,927,5,928,0,1593,0]
11-04 01:51:59.117 2358 2358 I sysui_multi_action: [757,111,758,1]
11-04 01:51:59.117 2358 2358 I sysui_multi_action: [757,126,758,1,759,126,927,0,928,1,1593,0]
11-04 01:51:59.117 2358 2358 I sysui_multi_action: [757,113,758,1,759,113,927,1,928,1,1593,0]
11-04 01:51:59.117 2358 2358 I sysui_multi_action: [757,0,758,1,759,0,927,2,928,0,1593,0]
11-04 01:51:59.117 2358 2358 I sysui_multi_action: [757,0,758,1,759,0,927,3,928,0,1593,0]
11-04 01:51:59.125 2809 2809 I wm_on_stop_called: [59699080,com.android.launcher3.uioverrides.QuickstepLauncher,STOP_ACTIVITY_ITEM]
11-04 01:51:59.174 1474 1644 I wm_destroy_activity: [0,256735256,32,com.android.settings/.Settings$WifiSettingsActivity,finish-imm:idle]
11-04 01:51:59.176 6027 6027 I wm_on_destroy_called: [256735256,com.android.settings.Settings$WifiSettingsActivity,performDestroy]
11-04 01:51:59.177 1474 5397 I wm_task_removed: [32,removeChild:removeChild last r=ActivityRecord{f4d7818 u0 com.android.settings/.Settings$WifiSettingsActivity t-1 f}} in t=Task{acd415c #32 type=standard A=1000:com.android.settings U=0 visible=false mode=fullscreen translucent=true sz=0}]
11-04 01:51:59.177 1474 5397 I wm_task_removed: [32,removeChild]
11-04 01:52:00.093 1474 2005 I input_interaction: Interaction with: 47f20b4 com.android.settings/com.android.settings.homepage.SettingsHomepageActivity (server), edge-swipe (server), swipe-up (server), PointerEventDispatcher0 (server),
11-04 01:52:00.122 1474 2429 I wm_task_moved: [1,0,0]
11-04 01:52:00.123 1474 2429 I wm_task_moved: [1,0,5]
11-04 01:52:00.140 2809 2809 I wm_on_restart_called: [59699080,com.android.launcher3.uioverrides.QuickstepLauncher,performRestartActivity]
11-04 01:52:00.164 2809 2809 I wm_on_start_called: [59699080,com.android.launcher3.uioverrides.QuickstepLauncher,handleStartActivity]
11-04 01:52:00.181 6027 6027 I view_enqueue_input_event: [Motion - Cancel,com.android.settings/com.android.settings.homepage.SettingsHomepageActivity]
11-04 01:52:00.181 2809 2809 I sysui_latency: [1,80]
11-04 01:52:00.185 1474 1645 I input_focus: [Focus request recents_animation_input_consumer,reason=UpdateInputWindows]
11-04 01:52:00.187 1474 1641 I sysui_multi_action: [319,15,322,55,325,682,757,761,758,9,759,5,806,com.android.launcher3,871,com.android.launcher3.uioverrides.QuickstepLauncher,905,0,1320,4,1321,1]
11-04 01:52:00.192 1474 2005 I input_interaction: Interaction with: edge-swipe (server), swipe-up (server), PointerEventDispatcher0 (server),
11-04 01:52:00.211 1474 2005 I input_focus: [Focus leaving 47f20b4 com.android.settings/com.android.settings.homepage.SettingsHomepageActivity (server),reason=NOT_FOCUSABLE]
11-04 01:52:00.211 1474 2005 I input_focus: [Focus entering recents_animation_input_consumer (server),reason=setFocusedWindow]
11-04 01:52:00.481 1474 1654 I sysui_latency: [8,73]
11-04 01:52:01.791 1474 2005 I input_interaction: Interaction with: c2f885b com.android.launcher3/com.android.launcher3.uioverrides.QuickstepLauncher (server), edge-swipe (server), swipe-up (server), PointerEventDispatcher0 (server),
11-04 01:52:02.222 1474 6019 I wm_task_moved: [1,1,6]
11-04 01:52:02.224 1474 6019 I wm_focused_root_task: [0,0,1,33,RecentsAnimation.onAnimationFinished()]
11-04 01:52:02.224 6027 6027 I wm_on_top_resumed_lost_called: [1161612,com.android.settings.homepage.SettingsHomepageActivity,topStateChangedWhenResumed]
11-04 01:52:02.226 1474 6019 I wm_pause_activity: [0,1161612,com.android.settings/.homepage.SettingsHomepageActivity,userLeaving=false,pauseBackTasks]
11-04 01:52:02.228 1474 6019 I wm_set_resumed_activity: [0,com.android.launcher3/.uioverrides.QuickstepLauncher,resumeTopActivityInnerLocked]
11-04 01:52:02.229 1474 6019 I wm_resume_activity: [0,59699080,10,com.android.launcher3/.uioverrides.QuickstepLauncher]
11-04 01:52:02.229 1474 6019 I wm_add_to_stopping: [0,1161612,com.android.settings/.homepage.SettingsHomepageActivity,makeInvisible]
11-04 01:52:02.230 2809 2809 I wm_on_resume_called: [59699080,com.android.launcher3.uioverrides.QuickstepLauncher,RESUME_ACTIVITY]
11-04 01:52:02.236 1474 1645 I input_focus: [Focus request c2f885b com.android.launcher3/com.android.launcher3.uioverrides.QuickstepLauncher,reason=UpdateInputWindows]
11-04 01:52:02.241 1474 1644 I sysui_multi_action: [757,803,799,window_time_0,802,4]
11-04 01:52:02.243 1474 1644 I wm_stop_activity: [0,1161612,com.android.settings/.homepage.SettingsHomepageActivity]
11-04 01:52:02.244 1474 1644 I sysui_multi_action: [757,803,799,window_time_0,802,0]
11-04 01:52:02.244 6027 6027 I sysui_multi_action: [757,35,758,2,1089,3531]
11-04 01:52:02.246 6027 6027 I sysui_multi_action: [757,103,758,2,1089,3235]
11-04 01:52:02.246 6027 6027 I wm_on_paused_called: [1161612,com.android.settings.homepage.SettingsHomepageActivity,performPause]
11-04 01:52:02.248 2809 2809 I wm_on_top_resumed_gained_called: [59699080,com.android.launcher3.uioverrides.QuickstepLauncher,topStateChangedWhenResumed]
11-04 01:52:02.250 1474 2005 I input_focus: [Focus leaving recents_animation_input_consumer (server),reason=NOT_VISIBLE]
11-04 01:52:02.250 1474 2005 I input_focus: [Focus entering c2f885b com.android.launcher3/com.android.launcher3.uioverrides.QuickstepLauncher (server),reason=setFocusedWindow]
11-04 01:52:02.267 6027 6027 I wm_on_stop_called: [1161612,com.android.settings.homepage.SettingsHomepageActivity,STOP_ACTIVITY_ITEM]
11-04 01:52:02.338 1474 5397 I wm_finish_activity: [0,1161612,33,com.android.settings/.homepage.SettingsHomepageActivity,recent-task-trimmed]
11-04 01:52:02.339 1474 5397 I wm_destroy_activity: [0,1161612,33,com.android.settings/.homepage.SettingsHomepageActivity,finish-imm:finishIfPossible]
11-04 01:52:02.340 1474 1644 I am_kill : [0,6027,com.android.settings,905,remove task]
11-04 01:52:02.341 1474 1644 I sysui_multi_action: [757,803,799,window_time_0,802,0]
11-04 01:52:02.384 1474 5397 I am_proc_died: [0,6027,com.android.settings,905,19]
11-04 01:52:02.391 1474 5397 I wm_task_removed: [33,removeChild:removeChild last r=ActivityRecord{11b98c u0 com.android.settings/.homepage.SettingsHomepageActivity t-1 f}} in t=Task{1e3ae24 #33 type=standard A=1000:com.android.settings.root U=0 visible=false mode=fullscreen translucent=true sz=0}]
11-04 01:52:02.391 1474 5397 I wm_task_removed: [33,removeChild]
11-04 01:52:02.855 1474 2005 I input_interaction: Interaction with: 823cadf StatusBar (server), edge-swipe (server), swipe-up (server), PointerEventDispatcher0 (server),
11-04 01:52:02.863 2358 2358 I sysui_multi_action: [757,803,799,panel_open,802,1]
11-04 01:52:02.866 2358 2358 I sysui_multi_action: [757,1328,758,4,1326,41,1327,1,1329,0]
11-04 01:52:02.957 1474 2429 I sysui_multi_action: [757,127,758,1]
11-04 01:52:02.957 1474 2429 I sysui_multi_action: [757,804,799,note_load,801,2,802,1]
11-04 01:52:02.958 1474 2429 I notification_panel_revealed: 2
11-04 01:52:02.961 1474 1474 I notification_enqueue: [10081,2358,com.android.systemui,2048,NULL,0,Notification(channel=updateNotification shortcut=null contentView=null vibrate=null sound=null defaults=0x0 flags=0x0 color=0x00000000 vis=PRIVATE),1]
11-04 01:52:02.961 2358 2358 I sysui_multi_action: [757,111,758,2]
11-04 01:52:02.962 2358 2358 I sysui_multi_action: [757,111,758,2]
11-04 01:52:02.989 1474 1645 I input_focus: [Focus request 4d6f832 NotificationShade,reason=UpdateInputWindows]
11-04 01:52:02.992 2358 2358 I sysui_multi_action: [757,111,758,1]
11-04 01:52:02.992 2358 2358 I sysui_multi_action: [757,126,758,1,759,126,927,0,928,1,1593,0]
11-04 01:52:02.993 2358 2358 I sysui_multi_action: [757,113,758,1,759,113,927,1,928,1,1593,0]
11-04 01:52:02.993 2358 2358 I sysui_multi_action: [757,0,758,1,759,0,927,2,928,0,1593,0]
11-04 01:52:02.993 2358 2358 I sysui_multi_action: [757,0,758,1,759,0,927,3,928,0,1593,0]
11-04 01:52:02.993 2358 2358 I sysui_multi_action: [757,491,758,1,759,491,927,4,928,0,1311,-1,1593,0]
11-04 01:52:02.993 2358 2358 I sysui_multi_action: [757,0,758,1,759,0,927,5,928,0,1593,0]
11-04 01:52:02.993 2358 2358 I sysui_multi_action: [757,111,758,1]
11-04 01:52:02.993 2358 2358 I sysui_multi_action: [757,126,758,1,759,126,927,0,928,1,1593,0]
11-04 01:52:02.993 2358 2358 I sysui_multi_action: [757,113,758,1,759,113,927,1,928,1,1593,0]
11-04 01:52:02.994 2358 2358 I sysui_multi_action: [757,0,758,1,759,0,927,2,928,0,1593,0]
11-04 01:52:02.994 2358 2358 I sysui_multi_action: [757,0,758,1,759,0,927,3,928,0,1593,0]
11-04 01:52:03.016 1474 1474 I notification_enqueue: [10081,2358,com.android.systemui,2048,NULL,0,Notification(channel=updateNotification shortcut=null contentView=null vibrate=null sound=null defaults=0x0 flags=0x0 color=0x00000000 vis=PRIVATE),1]
11-04 01:52:03.017 2358 2358 I sysui_multi_action: [757,111,758,2]
11-04 01:52:03.018 2358 2358 I sysui_multi_action: [757,111,758,2]
11-04 01:52:03.021 1474 2005 I input_focus: [Focus leaving c2f885b com.android.launcher3/com.android.launcher3.uioverrides.QuickstepLauncher (server),reason=setFocusedWindow]
11-04 01:52:03.021 1474 2005 I input_focus: [Focus entering 4d6f832 NotificationShade (server),reason=setFocusedWindow]
11-04 01:52:03.025 2358 2358 I sysui_multi_action: [757,111,758,1]
11-04 01:52:03.025 2358 2358 I sysui_multi_action: [757,126,758,1,759,126,927,0,928,1,1593,0]
11-04 01:52:03.025 2358 2358 I sysui_multi_action: [757,113,758,1,759,113,927,1,928,1,1593,0]
11-04 01:52:03.025 2358 2358 I sysui_multi_action: [757,0,758,1,759,0,927,2,928,0,1593,0]
11-04 01:52:03.025 2358 2358 I sysui_multi_action: [757,0,758,1,759,0,927,3,928,0,1593,0]
11-04 01:52:03.026 2358 2358 I sysui_multi_action: [757,491,758,1,759,491,927,4,928,0,1311,-1,1593,0]
11-04 01:52:03.026 2358 2358 I sysui_multi_action: [757,0,758,1,759,0,927,5,928,0,1593,0]
11-04 01:52:03.026 2358 2358 I sysui_multi_action: [757,111,758,1]
11-04 01:52:03.026 2358 2358 I sysui_multi_action: [757,126,758,1,759,126,927,0,928,1,1593,0]
11-04 01:52:03.026 2358 2358 I sysui_multi_action: [757,113,758,1,759,113,927,1,928,1,1593,0]
11-04 01:52:03.026 2358 2358 I sysui_multi_action: [757,0,758,1,759,0,927,2,928,0,1593,0]
11-04 01:52:03.026 2358 2358 I sysui_multi_action: [757,0,758,1,759,0,927,3,928,0,1593,0]
11-04 01:52:03.052 2358 2358 I sysui_multi_action: [757,111,758,2]
11-04 01:52:03.052 1474 1474 I notification_enqueue: [10081,2358,com.android.systemui,2048,NULL,0,Notification(channel=updateNotification shortcut=null contentView=null vibrate=null sound=null defaults=0x0 flags=0x0 color=0x00000000 vis=PRIVATE),1]
11-04 01:52:03.052 2358 2358 I sysui_multi_action: [757,111,758,2]
11-04 01:52:03.060 2358 2358 I sysui_multi_action: [757,111,758,1]
11-04 01:52:03.061 2358 2358 I sysui_multi_action: [757,126,758,1,759,126,927,0,928,1,1593,0]
11-04 01:52:03.061 2358 2358 I sysui_multi_action: [757,113,758,1,759,113,927,1,928,1,1593,0]
11-04 01:52:03.061 2358 2358 I sysui_multi_action: [757,0,758,1,759,0,927,2,928,0,1593,0]
11-04 01:52:03.061 2358 2358 I sysui_multi_action: [757,0,758,1,759,0,927,3,928,0,1593,0]
11-04 01:52:03.061 2358 2358 I sysui_multi_action: [757,491,758,1,759,491,927,4,928,0,1311,-1,1593,0]
11-04 01:52:03.061 2358 2358 I sysui_multi_action: [757,0,758,1,759,0,927,5,928,0,1593,0]
11-04 01:52:03.061 2358 2358 I sysui_multi_action: [757,111,758,1]
11-04 01:52:03.061 2358 2358 I sysui_multi_action: [757,126,758,1,759,126,927,0,928,1,1593,0]
11-04 01:52:03.061 2358 2358 I sysui_multi_action: [757,113,758,1,759,113,927,1,928,1,1593,0]
11-04 01:52:03.061 2358 2358 I sysui_multi_action: [757,0,758,1,759,0,927,2,928,0,1593,0]
11-04 01:52:03.061 2358 2358 I sysui_multi_action: [757,0,758,1,759,0,927,3,928,0,1593,0]
11-04 01:52:03.077 2358 2358 I sysui_multi_action: [757,111,758,2]
11-04 01:52:03.078 1474 1474 I notification_enqueue: [10081,2358,com.android.systemui,2048,NULL,0,Notification(channel=updateNotification shortcut=null contentView=null vibrate=null sound=null defaults=0x0 flags=0x0 color=0x00000000 vis=PRIVATE),1]
11-04 01:52:03.078 2358 2358 I sysui_multi_action: [757,111,758,2]
11-04 01:52:03.082 2358 2358 I sysui_multi_action: [757,111,758,1]
11-04 01:52:03.082 2358 2358 I sysui_multi_action: [757,126,758,1,759,126,927,0,928,1,1593,0]
11-04 01:52:03.082 2358 2358 I sysui_multi_action: [757,113,758,1,759,113,927,1,928,1,1593,0]
11-04 01:52:03.082 2358 2358 I sysui_multi_action: [757,0,758,1,759,0,927,2,928,0,1593,0]
11-04 01:52:03.082 2358 2358 I sysui_multi_action: [757,0,758,1,759,0,927,3,928,0,1593,0]
11-04 01:52:03.082 2358 2358 I sysui_multi_action: [757,491,758,1,759,491,927,4,928,0,1311,-1,1593,0]
11-04 01:52:03.082 2358 2358 I sysui_multi_action: [757,0,758,1,759,0,927,5,928,0,1593,0]
11-04 01:52:03.083 2358 2358 I sysui_multi_action: [757,111,758,1]
11-04 01:52:03.083 2358 2358 I sysui_multi_action: [757,126,758,1,759,126,927,0,928,1,1593,0]
11-04 01:52:03.083 2358 2358 I sysui_multi_action: [757,113,758,1,759,113,927,1,928,1,1593,0]
11-04 01:52:03.083 2358 2358 I sysui_multi_action: [757,0,758,1,759,0,927,2,928,0,1593,0]
11-04 01:52:03.083 2358 2358 I sysui_multi_action: [757,0,758,1,759,0,927,3,928,0,1593,0]
11-04 01:52:03.095 2358 2358 I sysui_multi_action: [757,111,758,2]
11-04 01:52:03.095 1474 1474 I notification_enqueue: [10081,2358,com.android.systemui,2048,NULL,0,Notification(channel=updateNotification shortcut=null contentView=null vibrate=null sound=null defaults=0x0 flags=0x0 color=0x00000000 vis=PRIVATE),1]
11-04 01:52:03.095 2358 2358 I sysui_multi_action: [757,111,758,2]
11-04 01:52:03.099 2358 2358 I sysui_multi_action: [757,111,758,1]
11-04 01:52:03.100 2358 2358 I sysui_multi_action: [757,126,758,1,759,126,927,0,928,1,1593,0]
11-04 01:52:03.100 2358 2358 I sysui_multi_action: [757,113,758,1,759,113,927,1,928,1,1593,0]
11-04 01:52:03.100 2358 2358 I sysui_multi_action: [757,0,758,1,759,0,927,2,928,0,1593,0]
11-04 01:52:03.100 2358 2358 I sysui_multi_action: [757,0,758,1,759,0,927,3,928,0,1593,0]
11-04 01:52:03.100 2358 2358 I sysui_multi_action: [757,491,758,1,759,491,927,4,928,0,1311,-1,1593,0]
11-04 01:52:03.100 2358 2358 I sysui_multi_action: [757,0,758,1,759,0,927,5,928,0,1593,0]
11-04 01:52:03.100 2358 2358 I sysui_multi_action: [757,111,758,1]
11-04 01:52:03.100 2358 2358 I sysui_multi_action: [757,126,758,1,759,126,927,0,928,1,1593,0]
11-04 01:52:03.100 2358 2358 I sysui_multi_action: [757,113,758,1,759,113,927,1,928,1,1593,0]
11-04 01:52:03.100 2358 2358 I sysui_multi_action: [757,0,758,1,759,0,927,2,928,0,1593,0]
11-04 01:52:03.100 2358 2358 I sysui_multi_action: [757,0,758,1,759,0,927,3,928,0,1593,0]
11-04 01:52:03.116 2358 2358 I sysui_multi_action: [757,111,758,2]
11-04 01:52:03.116 2358 2358 I sysui_multi_action: [757,111,758,2]
11-04 01:52:03.116 1474 1474 I notification_enqueue: [10081,2358,com.android.systemui,2048,NULL,0,Notification(channel=updateNotification shortcut=null contentView=null vibrate=null sound=null defaults=0x0 flags=0x0 color=0x00000000 vis=PRIVATE),1]
11-04 01:52:03.122 2358 2358 I sysui_multi_action: [757,111,758,1]
11-04 01:52:03.122 2358 2358 I sysui_multi_action: [757,126,758,1,759,126,927,0,928,1,1593,0]
11-04 01:52:03.122 2358 2358 I sysui_multi_action: [757,113,758,1,759,113,927,1,928,1,1593,0]
11-04 01:52:03.122 2358 2358 I sysui_multi_action: [757,0,758,1,759,0,927,2,928,0,1593,0]
11-04 01:52:03.122 2358 2358 I sysui_multi_action: [757,0,758,1,759,0,927,3,928,0,1593,0]
11-04 01:52:03.123 2358 2358 I sysui_multi_action: [757,491,758,1,759,491,927,4,928,0,1311,-1,1593,0]
11-04 01:52:03.123 2358 2358 I sysui_multi_action: [757,0,758,1,759,0,927,5,928,0,1593,0]
11-04 01:52:03.123 2358 2358 I sysui_multi_action: [757,111,758,1]
11-04 01:52:03.123 2358 2358 I sysui_multi_action: [757,126,758,1,759,126,927,0,928,1,1593,0]
11-04 01:52:03.123 2358 2358 I sysui_multi_action: [757,113,758,1,759,113,927,1,928,1,1593,0]
11-04 01:52:03.123 2358 2358 I sysui_multi_action: [757,0,758,1,759,0,927,2,928,0,1593,0]
11-04 01:52:03.123 2358 2358 I sysui_multi_action: [757,0,758,1,759,0,927,3,928,0,1593,0]
11-04 01:52:03.138 2358 2358 I sysui_multi_action: [757,111,758,2]
11-04 01:52:03.138 2358 2358 I sysui_multi_action: [757,111,758,2]
11-04 01:52:03.138 1474 1474 I notification_enqueue: [10081,2358,com.android.systemui,2048,NULL,0,Notification(channel=updateNotification shortcut=null contentView=null vibrate=null sound=null defaults=0x0 flags=0x0 color=0x00000000 vis=PRIVATE),1]
11-04 01:52:03.142 2358 2358 I sysui_multi_action: [757,111,758,1]
11-04 01:52:03.142 2358 2358 I sysui_multi_action: [757,126,758,1,759,126,927,0,928,1,1593,0]
11-04 01:52:03.142 2358 2358 I sysui_multi_action: [757,113,758,1,759,113,927,1,928,1,1593,0]
11-04 01:52:03.142 2358 2358 I sysui_multi_action: [757,0,758,1,759,0,927,2,928,0,1593,0]
11-04 01:52:03.142 2358 2358 I sysui_multi_action: [757,0,758,1,759,0,927,3,928,0,1593,0]
11-04 01:52:03.142 2358 2358 I sysui_multi_action: [757,491,758,1,759,491,927,4,928,0,1311,-1,1593,0]
11-04 01:52:03.142 2358 2358 I sysui_multi_action: [757,0,758,1,759,0,927,5,928,0,1593,0]
11-04 01:52:03.142 2358 2358 I sysui_multi_action: [757,111,758,1]
11-04 01:52:03.143 2358 2358 I sysui_multi_action: [757,126,758,1,759,126,927,0,928,1,1593,0]
11-04 01:52:03.143 2358 2358 I sysui_multi_action: [757,113,758,1,759,113,927,1,928,1,1593,0]
11-04 01:52:03.143 2358 2358 I sysui_multi_action: [757,0,758,1,759,0,927,2,928,0,1593,0]
11-04 01:52:03.143 2358 2358 I sysui_multi_action: [757,0,758,1,759,0,927,3,928,0,1593,0]
11-04 01:52:03.522 1474 1795 I sysui_multi_action: [757,128,758,1,793,272937,794,0,795,272937,796,26,798,0,806,android,857,DEVELOPER_IMPORTANT,858,4,947,0,1395,2,1500,272734,1688,1]
11-04 01:52:03.523 1474 1795 I sysui_multi_action: [757,804,799,note_freshness,801,272937,802,1]
11-04 01:52:03.523 1474 1795 I notification_visibility: [-1|android|26|null|1000,1,272937,272937,0,0]
11-04 01:52:03.523 1474 1795 I sysui_multi_action: [757,128,758,1,793,663865,794,0,795,663865,796,32,798,1,806,android,857,USB,858,1,947,0,1395,2,1500,663448,1688,1]
11-04 01:52:03.523 1474 1795 I sysui_multi_action: [757,804,799,note_freshness,801,663865,802,1]
11-04 01:52:03.523 1474 1795 I notification_visibility: [-1|android|32|null|1000,1,663865,663865,0,1]
11-04 01:52:05.175 1474 1654 I am_pss : [3398,10094,com.android.providers.media.module,20590592,16322560,0,128417792,0,0,11]
11-04 01:52:05.184 1474 1654 I am_pss : [3082,10072,com.qualcomm.location,10501120,7598080,0,105762816,0,0,7]
11-04 01:52:05.794 1474 2005 I input_interaction: Interaction with: 4d6f832 NotificationShade (server), edge-swipe (server), swipe-up (server), PointerEventDispatcher0 (server),
11-04 01:52:05.951 2358 2358 I sysui_multi_action: [757,407,758,4,759,1]
11-04 01:52:07.121 2358 2358 I sysui_multi_action: [757,407,758,4,759,0]
11-04 01:52:07.515 1474 1795 I sysui_multi_action: [757,128,758,14,793,667857,794,3992,795,667857,796,32,806,android,857,USB,858,1,947,0,1500,667440,1688,1]
11-04 01:52:10.867 2358 2358 I sysui_multi_action: [757,925,758,4,759,126,927,0,928,1,1592,0,1593,1]
11-04 01:52:10.904 1474 3631 D TelephonyRegistry: listen oscl: mHasNotifySubscriptionInfoChangedOccurred==false no callback
11-04 01:52:10.905 2358 2358 W CarrierConfigManager: Error getting config for subId -1 ICarrierConfigLoader is null
11-04 01:52:10.953 1474 1645 I input_focus: [Focus request e6b026c InternetDialog,reason=UpdateInputWindows]
11-04 01:52:10.972 1474 2005 I input_focus: [Focus leaving 4d6f832 NotificationShade (server),reason=Waiting for window because NOT_VISIBLE]
11-04 01:52:11.005 1474 2005 I input_focus: [Focus entering e6b026c InternetDialog (server),reason=Window became focusable. Previous reason: NOT_VISIBLE]
11-04 01:52:11.210 1474 1744 I commit_sys_config_file: [settings-0-0,7]
11-04 01:52:12.326 1474 2005 I input_interaction: Interaction with: e6b026c InternetDialog (server), edge-swipe (server), swipe-up (server), PointerEventDispatcher0 (server),
11-04 01:52:12.460 1364 5941 I liblog : 16
11-04 01:52:12.478 1364 5941 I liblog : 250
11-04 01:52:12.603 831 831 I auditd : type=1400 audit(0.0:622): avc: denied { search } for comm="wifi@1.0-servic" name="tombstones" dev="dm-10" ino=36 scontext=u:r:hal_wifi_default:s0 tcontext=u:object_r:vendor_tombstone_data_file:s0 tclass=dir permissive=0
11-04 01:52:12.669 1474 1744 I commit_sys_config_file: [settings-0-0,5]
11-04 01:52:13.966 1474 1474 I service_manager_stats: [100,76,25936]
11-04 01:52:14.003 1474 1645 I input_focus: [Focus request 4d6f832 NotificationShade,reason=UpdateInputWindows]
11-04 01:52:14.029 1474 2005 I input_focus: [Focus entering 4d6f832 NotificationShade (server),reason=setFocusedWindow]
11-04 01:52:15.044 1474 2005 I input_interaction: Interaction with: 4d6f832 NotificationShade (server), edge-swipe (server), swipe-up (server), PointerEventDispatcher0 (server),
11-04 01:52:15.187 2358 2358 I sysui_multi_action: [757,925,758,4,759,126,927,0,928,0,1592,0,1593,1]
11-04 01:52:15.250 1474 3631 D TelephonyRegistry: listen oscl: mHasNotifySubscriptionInfoChangedOccurred==false no callback
11-04 01:52:15.252 2358 2358 W CarrierConfigManager: Error getting config for subId -1 ICarrierConfigLoader is null
11-04 01:52:15.271 1474 1645 I input_focus: [Focus request d01938a InternetDialog,reason=UpdateInputWindows]
11-04 01:52:15.299 1474 2005 I input_focus: [Focus leaving 4d6f832 NotificationShade (server),reason=setFocusedWindow]
11-04 01:52:15.300 1474 2005 I input_focus: [Focus entering d01938a InternetDialog (server),reason=setFocusedWindow]
11-04 01:52:16.230 1474 2005 I input_interaction: Interaction with: d01938a InternetDialog (server), edge-swipe (server), swipe-up (server), PointerEventDispatcher0 (server),
11-04 01:52:16.550 1474 1744 I commit_sys_config_file: [settings-0-0,7]
11-04 01:52:18.144 1364 6113 I liblog : 475
11-04 01:52:18.144 1364 6113 I liblog : 1
11-04 01:52:18.231 1474 1474 I notification_enqueue: [1000,1474,android,17303299,com.android.wifi,0,Notification(channel=NETWORK_AVAILABLE shortcut=null contentView=null vibrate=null sound=null tick defaults=0x0 flags=0x100 color=0x00000000 actions=2 vis=PRIVATE),0]
11-04 01:52:18.433 1474 1474 I sysui_multi_action: [757,1501,758,1,793,202,794,0,795,202,796,17303299,797,com.android.wifi,806,android,857,NETWORK_AVAILABLE,858,2,947,0,1500,0,1688,1]
11-04 01:52:18.433 1474 1474 I sysui_multi_action: [757,804,799,note_interruptive,801,0,802,1]
11-04 01:52:18.558 1474 1645 I input_focus: [Focus request 4d6f832 NotificationShade,reason=UpdateInputWindows]
11-04 01:52:18.595 1474 2005 I input_focus: [Focus entering 4d6f832 NotificationShade (server),reason=setFocusedWindow]
11-04 01:52:19.209 1474 1607 I sysui_multi_action: [757,128,758,1,793,979,794,0,795,979,796,17303299,797,com.android.wifi,798,1,806,android,857,NETWORK_AVAILABLE,858,2,947,0,1395,3,1500,777,1688,1]
11-04 01:52:19.210 1474 1607 I sysui_multi_action: [757,804,799,note_freshness,801,979,802,1]
11-04 01:52:19.210 1474 1607 I notification_visibility: [0|android|17303299|com.android.wifi|1000,1,979,979,0,1]
11-04 01:52:22.832 1474 2005 I input_interaction: Interaction with: 4d6f832 NotificationShade (server), edge-swipe (server), swipe-up (server), PointerEventDispatcher0 (server),
11-04 01:52:22.929 2358 2358 I sysui_multi_action: [757,407,758,4,759,1]
11-04 01:52:23.383 1474 5397 I sysui_multi_action: [757,128,758,3,793,5152,794,4173,795,5152,796,17303299,797,com.android.wifi,806,android,857,NETWORK_AVAILABLE,858,2,947,0,1500,4950,1688,1]
11-04 01:52:24.129 2358 2358 I sysui_multi_action: [757,407,758,4,759,0]
11-04 01:52:24.522 1474 5397 I sysui_multi_action: [757,128,758,14,793,6292,794,5313,795,6292,796,17303299,797,com.android.wifi,806,android,857,NETWORK_AVAILABLE,858,2,947,0,1500,6090,1688,1]
11-04 01:52:27.480 2358 2358 I sysui_multi_action: [757,407,758,4,759,0]
11-04 01:52:27.880 1474 5397 I sysui_multi_action: [757,128,758,14,793,297295,794,24358,795,297295,796,26,806,android,857,DEVELOPER_IMPORTANT,858,4,947,0,1500,297092,1688,1]
11-04 01:52:28.498 1474 5397 I wm_task_created: [34,-1]
11-04 01:52:28.503 1474 5397 I wm_task_moved: [34,1,6]
11-04 01:52:28.503 1474 5397 I wm_task_to_front: [0,34]
11-04 01:52:28.504 1474 5397 I wm_create_task: [0,34]
11-04 01:52:28.504 1474 5397 I wm_create_activity: [0,120613125,34,com.android.settings/.Settings$DevelopmentSettingsDashboardActivity,android.settings.APPLICATION_DEVELOPMENT_SETTINGS,NULL,NULL,268468224]
11-04 01:52:28.504 1474 5397 I wm_task_moved: [34,1,6]
11-04 01:52:28.504 2809 2809 I wm_on_top_resumed_lost_called: [59699080,com.android.launcher3.uioverrides.QuickstepLauncher,topStateChangedWhenResumed]
11-04 01:52:28.507 1474 5397 I wm_pause_activity: [0,59699080,com.android.launcher3/.uioverrides.QuickstepLauncher,userLeaving=true,pauseBackTasks]
