11-04 02:13:13.257 1364 6113 D LOWI-9.0.0.87.a: [LOWI-Scan] BSS 18:6f:2d:0a:b8:45 (wlan0) ASSO: NO AddInfo: 0x0, TSF 0, 00:32:35.236, RSSI: -104, CPL: 127, AGE: 876, SSID IT, TSFDelta: 0x739978bc, TXRate: 0
11-04 02:13:13.257 1364 6113 D LOWI-9.0.0.87.a: [LOWI-Scan]
11-04 02:13:13.257 1364 6113 D LOWI-9.0.0.87.a: [LOWI-Scan] print_bss_handler: Report Probe TSF 1955338219 as it greater than Beacon TSF 0
11-04 02:13:13.257 1364 6113 D LOWI-9.0.0.87.a: [LOWI-Scan] decode_rsn_wpa_ie: LOWI_ENCRYPTION_TYPE_WPA_PSK
11-04 02:13:13.257 1364 6113 D LOWI-9.0.0.87.a: [LOWI-Scan] is_qcom_ie, bss_age: 0
11-04 02:13:13.257 1364 6113 D LOWI-9.0.0.87.a: [LOWI-Scan] BSS 18:6f:2d:81:18:42 LOWI_PHY_MODE_11NG_HT20(5), Beacon Interval: 100, LOWI_ENCRYPTION_TYPE_WPA_PSK 11mcRanging: No, ANQP: No, LCI: No, Civic: No, capability(0x0531): ESS Privacy ShortPreamble SpectrumMgmt ShortSlotTime
11-04 02:13:13.257 1364 6113 D LOWI-9.0.0.87.a: [LOWI-Scan] BSS 18:6f:2d:81:18:42 FREQ: 2432, cFreq1[40:80:160] = [2432:0:0] cFreq2 = 0 Country Code = CN
11-04 02:13:13.257 1364 6113 D LOWI-9.0.0.87.a: [LOWI-Scan] BSS 18:6f:2d:81:18:42 (wlan0) ASSO: NO AddInfo: 0x0, TSF 0, 00:32:35.338, RSSI: -134, CPL: 127, AGE: 776, SSID ThunderSoft_2.4G, TSFDelta: 0x70750f66, TXRate: 0
11-04 02:13:13.257 1364 6113 D LOWI-9.0.0.87.a: [LOWI-Scan]
11-04 02:13:13.257 1364 6113 D LOWI-9.0.0.87.a: [LOWI-Scan] print_bss_handler: Report Probe TSF 1955339287 as it greater than Beacon TSF 0
11-04 02:13:13.257 1364 6113 D LOWI-9.0.0.87.a: [LOWI-Scan] decode_rsn_wpa_ie: LOWI_ENCRYPTION_TYPE_WPA_PSK
11-04 02:13:13.257 1364 6113 D LOWI-9.0.0.87.a: [LOWI-Scan] is_qcom_ie, bss_age: 0
11-04 02:13:13.257 1364 6113 D LOWI-9.0.0.87.a: [LOWI-Scan] BSS 18:6f:2d:81:18:43 LOWI_PHY_MODE_11NG_HT20(5), Beacon Interval: 100, LOWI_ENCRYPTION_TYPE_WPA_PSK 11mcRanging: No, ANQP: No, LCI: No, Civic: No, capability(0x0531): ESS Privacy ShortPreamble SpectrumMgmt ShortSlotTime
11-04 02:13:13.258 1364 6113 D LOWI-9.0.0.87.a: [LOWI-Scan] BSS 18:6f:2d:81:18:43 FREQ: 2432, cFreq1[40:80:160] = [2432:0:0] cFreq2 = 0 Country Code = CN
11-04 02:13:13.258 1364 6113 D LOWI-9.0.0.87.a: [LOWI-Scan] BSS 18:6f:2d:81:18:43 (wlan0) ASSO: NO AddInfo: 0x0, TSF 0, 00:32:35.339, RSSI: -116, CPL: 127, AGE: 776, SSID ZXHY, TSFDelta: 0x70849f62, TXRate: 0
11-04 02:13:13.258 1364 6113 D LOWI-9.0.0.87.a: [LOWI-Scan]
11-04 02:13:13.258 1364 6113 D LOWI-9.0.0.87.a: [LOWI-Scan] print_bss_handler: Report beacon TSF 1955534183 as it greater than probe TSF 1955534183
11-04 02:13:13.258 1364 6113 D LOWI-9.0.0.87.a: [LOWI-Scan] is_qcom_ie, bss_age: 0
11-04 02:13:13.258 1364 6113 D LOWI-9.0.0.87.a: [LOWI-Scan] BSS 18:6f:2d:81:16:45 LOWI_PHY_MODE_11NG_HT20(5), Beacon Interval: 100, LOWI_ENCRYPTION_TYPE_OPEN 11mcRanging: No, ANQP: No, LCI: No, Civic: No, capability(0x0521): ESS ShortPreamble SpectrumMgmt ShortSlotTime
11-04 02:13:13.258 1364 6113 D LOWI-9.0.0.87.a: [LOWI-Scan] BSS 18:6f:2d:81:16:45 FREQ: 2442, cFreq1[40:80:160] = [2442:0:0] cFreq2 = 0 Country Code = CN
11-04 02:13:13.258 1364 6113 D LOWI-9.0.0.87.a: [LOWI-Scan] BSS 18:6f:2d:81:16:45 (wlan0) ASSO: NO AddInfo: 0x1, TSF 0, 00:32:35.534, RSSI: -144, CPL: 127, AGE: 580, SSID IT, TSFDelta: 0x11d7e667, TXRate: 0
11-04 02:13:13.258 1364 6113 D LOWI-9.0.0.87.a: [LOWI-Scan]
11-04 02:13:13.258 1364 6113 D LOWI-9.0.0.87.a: [LOWI-Scan] print_bss_handler: Report beacon TSF 1955666160 as it greater than probe TSF 1955666160
11-04 02:13:13.258 1364 6113 D LOWI-9.0.0.87.a: [LOWI-Scan] decode_rsn_wpa_ie: LOWI_ENCRYPTION_TYPE_WPA_PSK
11-04 02:13:13.258 1364 6113 D LOWI-9.0.0.87.a: [LOWI-Scan] is_qcom_ie, bss_age: 0
11-04 02:13:13.258 1364 6113 D LOWI-9.0.0.87.a: [LOWI-Scan] BSS 18:6f:2d:81:23:c4 LOWI_PHY_MODE_11NG_HT20(5), Beacon Interval: 100, LOWI_ENCRYPTION_TYPE_WPA_PSK 11mcRanging: No, ANQP: No, LCI: No, Civic: No, capability(0x0531): ESS Privacy ShortPreamble SpectrumMgmt ShortSlotTime
11-04 02:13:13.258 1364 6113 D LOWI-9.0.0.87.a: [LOWI-Scan] BSS 18:6f:2d:81:23:c4 FREQ: 2452, cFreq1[40:80:160] = [2452:0:0] cFreq2 = 0 Country Code = CN
11-04 02:13:13.258 1364 6113 D LOWI-9.0.0.87.a: [LOWI-Scan] BSS 18:6f:2d:81:23:c4 (wlan0) ASSO: NO AddInfo: 0x1, TSF 0, 00:32:35.666, RSSI: -158, CPL: 127, AGE: 448, SSID Fanya, TSFDelta: 0x16ad03bc, TXRate: 0
11-04 02:13:13.258 1364 6113 D LOWI-9.0.0.87.a: [LOWI-Scan]
11-04 02:13:13.258 1364 6113 D LOWI-9.0.0.87.a: [LOWI-Scan] print_bss_handler: Report Probe TSF 1956037434 as it greater than Beacon TSF 0
11-04 02:13:13.258 1364 6113 D LOWI-9.0.0.87.a: [LOWI-Scan] is_qcom_ie, bss_age: 0
11-04 02:13:13.258 1364 6113 D LOWI-9.0.0.87.a: [LOWI-Scan] BSS 18:6f:2d:81:18:81 LOWI_PHY_MODE_11NG_HT20(5), Beacon Interval: 100, LOWI_ENCRYPTION_TYPE_OPEN 11mcRanging: No, ANQP: No, LCI: No, Civic: No, capability(0x0521): ESS ShortPreamble SpectrumMgmt ShortSlotTime
11-04 02:13:13.258 1364 6113 D LOWI-9.0.0.87.a: [LOWI-Scan] BSS 18:6f:2d:81:18:81 FREQ: 2472, cFreq1[40:80:160] = [2472:0:0] cFreq2 = 0 Country Code = CN
11-04 02:13:13.258 1364 6113 D LOWI-9.0.0.87.a: [LOWI-Scan] BSS 18:6f:2d:81:18:81 (wlan0) ASSO: NO AddInfo: 0x0, TSF 0, 00:32:36.037, RSSI: -152, CPL: 127, AGE: 76, SSID Guest, TSFDelta: 0x21448092, TXRate: 0
11-04 02:13:13.258 1364 6113 D LOWI-9.0.0.87.a: [LOWIDiagLog] Log: lowiMeasResult->request: invalid null argument
11-04 02:13:13.258 1364 6113 I LOWI-9.0.0.87.a: [LOWI-Scan] lowi_close_record:Scan done in 1355741ms, 75 APs in scan results
11-04 02:13:13.258 1364 6113 D LOWI-9.0.0.87.a: [LOWI-Scan] WipsScanUsingNL: passive scan cached 0, took 1490 ms, err 0
11-04 02:13:13.258 1364 6113 D LOWI-9.0.0.87.a: [LOWI-Scan] lowi_proc_req_passive_scan_with_live_meas - No WLAN Frames to be parsed
11-04 02:13:13.258 1364 6113 D LOWI-9.0.0.87.a: [LOWIScanResultReceiver] Send scan meas to listener
11-04 02:13:13.258 1364 6113 D LOWI-9.0.0.87.a: [LOWIScanResultReceiver] Enter passive listening mode
11-04 02:13:13.258 1364 6113 D LOWI-9.0.0.87.a: [LOWIWifiDriverInterface] getMeasurements - Passive listening mode
11-04 02:13:13.258 1364 6113 D LOWI-9.0.0.87.a: [LOWI-Scan] WipsScanUsingNL:wait -1 sec for netlink message
11-04 02:13:13.258 1364 1399 D LOWI-9.0.0.87.a: [LOWIEventReceiver] handleEvent:FROM:NA, TO:NA, REQ:NA, IREQ:NA, REQ_ID:0, RESP:NA, INFO:NA
11-04 02:13:13.258 1364 1399 D LOWI-9.0.0.87.a: [LOWIBackgroundScanMgr] isRspForBgScanMgr: evt(LOWI_NO_EVT) - not handled
11-04 02:13:13.258 1364 1399 D LOWI-9.0.0.87.a: [LOWIScheduler] manageMsg: NULL results or NULL request in results
11-04 02:13:13.258 1364 1399 D LOWI-9.0.0.87.a: [LOWIController] Measurements received
11-04 02:13:13.258 1364 1399 D LOWI-9.0.0.87.a: [LOWICacheManager] putInCache:Num of Meas to add: 75
11-04 02:13:13.261 1364 1399 D LOWI-9.0.0.87.a: [LOWIController] processMeasurementResults: No current Request. Cache measurements
11-04 02:13:13.261 1364 1399 D LOWI-9.0.0.87.a: [LOWIController] sendAsyncScanResponse: Request FreeWifiScanObserver_0 is from a different client.
11-04 02:13:13.262 1364 1399 D LOWI-9.0.0.87.a: [LOWIController] generateResponse: Type (ASYNC_DISCOVERY_SCAN_RESULTS) ScanStatus (1) request FreeWifiScanObserver_0
11-04 02:13:13.262 1364 1399 D LOWI-9.0.0.87.a: [LOWIEventDispatcher] sendResponse - originator = FreeWifiScanObserver
11-04 02:13:13.262 1364 1399 D LOWI-9.0.0.87.a: [LOWIUtils] injectScanMeasurements - num of APs = 75
11-04 02:13:13.264 1364 1399 I LOWI-9.0.0.87.a: [LOWIUtils] responseToOutPostcard - TO: FreeWifiScanObserver, FROM: LOWI-SERVER, RESP: LOWI_ASYNC_DISCOVERY_SCAN_RESULTS
11-04 02:13:13.265 1364 1399 D LOWI-9.0.0.87.a: [LOWIControllerExtn] sendLOWILpDiscoveryScanResponse: Not a discovery scan response
11-04 02:13:13.267 1474 2293 D WificondScannerImpl: Filtering out 37 scan results.
11-04 02:13:13.466 3249 3249 W hpplay-java: [main]:IPManager:getActiveNets invalid networkInfo:null
11-04 02:13:13.466 3249 3249 I hpplay-java: [main]:IPManager:getActiveNets eth0:false wifi:false mobile:false ap:false
11-04 02:13:13.466 3249 3249 I hpplay-java: [main]:ServerTaskManager:get local ip:null
11-04 02:13:13.470 1474 3819 E TaskPersister: File error accessing recents directory (directory doesn't exist?).
11-04 02:13:13.656 1474 2005 I input_interaction: Interaction with: dc2dc04 com.android.settings/com.android.settings.Settings (server), edge-swipe (server), swipe-up (server), PointerEventDispatcher0 (server),
11-04 02:13:13.681 648 663 I mpu_uart: [MSG-P:RECV]:No message received in 1000 ms
11-04 02:13:13.799 8157 8157 D AndroidRuntime: Shutting down VM --------- beginning of crash
11-04 02:13:13.800 8157 8157 E AndroidRuntime: FATAL EXCEPTION: main
11-04 02:13:13.800 8157 8157 E AndroidRuntime: Process: com.android.settings, PID: 8157
11-04 02:13:13.800 8157 8157 E AndroidRuntime: java.lang.NullPointerException: Attempt to invoke virtual method 'boolean java.lang.String.equals(java.lang.Object)' on a null object reference
11-04 02:13:13.800 8157 8157 E AndroidRuntime: at com.android.settings.wifi.WifiSettings.onPreferenceTreeClick(WifiSettings.java:600)
11-04 02:13:13.800 8157 8157 E AndroidRuntime: at androidx.preference.Preference.performClick(Preference.java:1194)
11-04 02:13:13.800 8157 8157 E AndroidRuntime: at androidx.preference.Preference.performClick(Preference.java:1168)
11-04 02:13:13.800 8157 8157 E AndroidRuntime: at androidx.preference.Preference$1.onClick(Preference.java:181)
11-04 02:13:13.800 8157 8157 E AndroidRuntime: at android.view.View.performClick(View.java:7441)
11-04 02:13:13.800 8157 8157 E AndroidRuntime: at android.view.View.performClickInternal(View.java:7418)
11-04 02:13:13.800 8157 8157 E AndroidRuntime: at android.view.View.access$3700(View.java:835)
11-04 02:13:13.800 8157 8157 E AndroidRuntime: at android.view.View$PerformClick.run(View.java:28681)
11-04 02:13:13.800 8157 8157 E AndroidRuntime: at android.os.Handler.handleCallback(Handler.java:938)
11-04 02:13:13.800 8157 8157 E AndroidRuntime: at android.os.Handler.dispatchMessage(Handler.java:99)
11-04 02:13:13.800 8157 8157 E AndroidRuntime: at android.os.Looper.loopOnce(Looper.java:201)
11-04 02:13:13.800 8157 8157 E AndroidRuntime: at android.os.Looper.loop(Looper.java:288)
11-04 02:13:13.800 8157 8157 E AndroidRuntime: at android.app.ActivityThread.main(ActivityThread.java:7880)
11-04 02:13:13.800 8157 8157 E AndroidRuntime: at java.lang.reflect.Method.invoke(Native Method)
11-04 02:13:13.800 8157 8157 E AndroidRuntime: at com.android.internal.os.RuntimeInit$MethodAndArgsCaller.run(RuntimeInit.java:548)
11-04 02:13:13.800 8157 8157 E AndroidRuntime: at com.android.internal.os.ZygoteInit.main(ZygoteInit.java:1009)
11-04 02:13:13.800 1474 3631 I am_crash: [8157,0,com.android.settings,952745541,java.lang.NullPointerException,Attempt to invoke virtual method 'boolean java.lang.String.equals(java.lang.Object)' on a null object reference,WifiSettings.java,600]
11-04 02:13:13.802 1474 3631 W ActivityTaskManager: Force finishing activity com.android.settings/.Settings
11-04 02:13:13.802 1474 8209 I DropBoxManagerService: add tag=system_app_crash isTagEnabled=true flags=0x2
11-04 02:13:13.803 1474 3631 I wm_finish_activity: [0,149134942,70,com.android.settings/.Settings,force-crash]
11-04 02:13:13.803 1474 3631 I wm_task_moved: [1,1,6]
11-04 02:13:13.804 1474 3631 I wm_task_moved: [10,1,2147483647]
11-04 02:13:13.804 1474 3631 I wm_task_to_front: [0,10]
11-04 02:13:13.804 1474 3631 I wm_focused_root_task: [0,0,1,70,finish-top adjustFocusToNextFocusableTask]
11-04 02:13:13.804 1474 3631 I wm_set_resumed_activity: [0,com.android.launcher3/.uioverrides.QuickstepLauncher,finish-top adjustFocusToNextFocusableTask]
11-04 02:13:13.817 1474 3631 D ActivityTrigger: ActivityTrigger activityPauseTrigger
11-04 02:13:13.818 1474 3631 I wm_pause_activity: [0,149134942,com.android.settings/.Settings,userLeaving=false,finish]
11-04 02:13:13.826 1474 3631 I sysui_multi_action: [757,316,758,4,759,-1]
11-04 02:13:13.827 8157 8157 I Process : Sending signal. PID: 8157 SIG: 9
11-04 02:13:13.829 1474 4541 I AdrenoGLES-0: QUALCOMM build : 47421dbee6, I139f36ad46
11-04 02:13:13.829 1474 4541 I AdrenoGLES-0: Build Date : 02/18/22
11-04 02:13:13.829 1474 4541 I AdrenoGLES-0: OpenGL ES Shader Compiler Version: EV031.32.02.17
11-04 02:13:13.829 1474 4541 I AdrenoGLES-0: Local Branch :
11-04 02:13:13.829 1474 4541 I AdrenoGLES-0: Remote Branch :
11-04 02:13:13.829 1474 4541 I AdrenoGLES-0: Remote Branch :
11-04 02:13:13.829 1474 4541 I AdrenoGLES-0: Reconstruct Branch :
11-04 02:13:13.829 1474 4541 I AdrenoGLES-0: Build Config : S P 10.0.7 AArch64
11-04 02:13:13.829 1474 4541 I AdrenoGLES-0: Driver Path : /vendor/lib64/egl/libGLESv2_adreno.so
11-04 02:13:13.832 504 504 I hwservicemanager: getTransport: Cannot find entry android.hardware.graphics.mapper@4.0::IMapper/default in either framework or device VINTF manifest.
11-04 02:13:13.845 1474 4541 I AdrenoGLES-0: PFP: 0x016dd093, ME: 0x00000000
11-04 02:13:13.852 1474 2005 I input_focus: [Focus leaving dc2dc04 com.android.settings/com.android.settings.Settings (server),reason=NO_WINDOW]
11-04 02:13:13.855 1200 5327 I OMX-VENC: venc_dev: stats: avg. fps 55.18, bitrate 435353
11-04 02:13:13.879 1474 6096 D ConnectivityService: ConnectivityService NetworkRequestInfo binderDied(uid/pid:1000/8157, android.os.BinderProxy@f6058a8)
11-04 02:13:13.879 1474 2296 D ConnectivityService: releasing NetworkRequest [ REQUEST id=205, [ Capabilities: INTERNET&NOT_RESTRICTED&TRUSTED&NOT_VCN_MANAGED Uid: 1000 RequestorUid: 1000 RequestorPkg: com.android.settings] ] (release request)
11-04 02:13:13.880 1474 6541 D ConnectivityService: ConnectivityService NetworkRequestInfo binderDied(uid/pid:1000/8157, android.os.BinderProxy@f91fc1)
11-04 02:13:13.881 1474 5559 I WindowManager: WIN DEATH: Window{dc2dc04 u0 com.android.settings/com.android.settings.Settings}
11-04 02:13:13.881 1474 5559 W InputManager-JNI: Input channel object 'dc2dc04 com.android.settings/com.android.settings.Settings (client)' was disposed without first being removed with the input manager!
11-04 02:13:13.883 1474 1796 I ActivityManager: Process com.android.settings (pid 8157) has died: fg TOP
11-04 02:13:13.883 1474 1796 I am_proc_died: [0,8157,com.android.settings,0,2]
11-04 02:13:13.885 669 669 I Zygote : Process 8157 exited due to signal 9 (Killed)
11-04 02:13:13.885 1474 1657 I libprocessgroup: Successfully killed process cgroup uid 1000 pid 8157 in 5ms
11-04 02:13:13.886 3686 3686 D Sogou : onUnbindInput finish
11-04 02:13:13.903 977 977 E BpTransactionCompletedListener: Failed to transact (-32)
11-04 02:13:13.907 2358 2378 W System : A resource failed to call release.
11-04 02:13:13.907 2358 2378 W System : A resource failed to call close.
11-04 02:13:13.907 2358 2378 W System : A resource failed to call release.
11-04 02:13:13.908 2358 2378 W System : A resource failed to call close.
11-04 02:13:13.908 2358 2378 W System : A resource failed to call release.
11-04 02:13:13.910 1474 1796 I wm_task_removed: [70,removeChild:removeChild last r=ActivityRecord{8e39e5e u0 com.android.settings/.Settings t-1 f}} in t=Task{b18bba4 #70 type=standard A=1000:com.android.settings.root U=0 visible=false mode=fullscreen translucent=true sz=0}]
11-04 02:13:13.910 1474 1796 I wm_task_removed: [70,removeChild]
11-04 02:13:13.911 2358 2378 W System : A resource failed to call close.
11-04 02:13:13.914 1474 1796 I ActivityTaskManager: FOREGROUND_APPLICATION_CHANGED to com.android.launcher3.uioverrides.QuickstepLauncher
11-04 02:13:13.915 1474 1796 I wm_set_resumed_activity: [0,com.android.launcher3/.uioverrides.QuickstepLauncher,resumeTopActivityInnerLocked]
11-04 02:13:13.917 1474 1796 I wm_resume_activity: [0,59699080,10,com.android.launcher3/.uioverrides.QuickstepLauncher]
11-04 02:13:13.918 1474 1796 W ActivityTaskManager: Can't find TaskDisplayArea to determine support for multi window. Task id=70 attached=false
11-04 02:13:13.918 1474 1796 W ActivityTaskManager: Can't find TaskDisplayArea to determine support for multi window. Task id=70 attached=false
11-04 02:13:13.919 1474 1644 W ActivityManager: setHasOverlayUi called on unknown pid: 8157
11-04 02:13:13.920 4174 4186 I GameMode_ActivityMonitoringService: onForegroundActivitiesChanged uid 10080 pid 2809 fg true
11-04 02:13:13.923 4174 4205 I GameMode_ActivityMonitoringService: Updating top task to: TaskInfoContainer [topActivity=ComponentInfo{com.android.launcher3/com.android.launcher3.uioverrides.QuickstepLauncher}, taskId=10, stackId=1, userId=0, displayId=0, position=5
11-04 02:13:13.923 4174 4205 I GameMode_ActivityMonitoringService: Notifying about top task: TaskInfoContainer [topActivity=ComponentInfo{com.android.launcher3/com.android.launcher3.uioverrides.QuickstepLauncher}, taskId=10, stackId=1, userId=0, displayId=0, position=5
11-04 02:13:13.924 4174 4205 D GameMode_GameMode: Show GameMode entry by service!
11-04 02:13:13.924 4174 4205 W ContextImpl: Calling a method in the system process without a qualified user: android.app.ContextImpl.startService:1816 android.content.ContextWrapper.startService:774 com.thundercomm.gamemode.ingame.services.GameModeActionUtils.startGameModeService:39 com.thundercomm.gamemode.ingame.services.GameModeActionUtils.startGameModeEntry:19 com.thundercomm.gamemode.ingame.services.ActivityMonitoringService$1.onActivityLaunch:119
11-04 02:13:13.926 2809 2809 I wm_on_restart_called: [59699080,com.android.launcher3.uioverrides.QuickstepLauncher,performRestartActivity]
11-04 02:13:13.927 2809 2809 I wm_on_start_called: [59699080,com.android.launcher3.uioverrides.QuickstepLauncher,handleStartActivity]
11-04 02:13:13.927 2809 2809 I wm_on_resume_called: [59699080,com.android.launcher3.uioverrides.QuickstepLauncher,RESUME_ACTIVITY]
11-04 02:13:13.929 1474 1507 W System : A resource failed to call release.
11-04 02:13:13.929 4174 4205 D GameMode: getUriFor setting_content_uri_root = content://com.thundercomm.gamemode.api/gamemode_settings , name = gamemode_isgaming
11-04 02:13:13.929 1474 1507 W System : A resource failed to call close.
11-04 02:13:13.929 1474 1507 W System : A resource failed to call close.
11-04 02:13:13.930 4174 4174 D GameMode_GameMode:GameModeService: onStartCommand: hide_entry
11-04 02:13:13.932 1474 1474 I GameModeConfig: Current uri is uri = content://com.thundercomm.gamemode.api/gamemode_settings/gamemode_isgaming
11-04 02:13:13.932 1474 1474 D GameMode: getUriFor setting_content_uri_root = content://com.thundercomm.gamemode.api/gamemode_settings , name = gamemode_isgaming
11-04 02:13:13.933 4174 4205 D GameMode: gamemode_isgaming set to 0
11-04 02:13:13.933 4174 4174 D GameMode_GameSettingsObserver: Game Data change!!!! uri = content://com.thundercomm.gamemode.api/gamemode_settings/gamemode_isgaming
11-04 02:13:13.933 4174 4174 D GameMode: getUriFor setting_content_uri_root = content://com.thundercomm.gamemode.api/gamemode_settings , name = gamemode_isgaming
11-04 02:13:13.940 4174 4174 D GameMode_GameMode:GameModeService: updateGlobalSettings = gamemode_isgaming
11-04 02:13:13.940 1474 1645 I input_focus: [Focus request c2f885b com.android.launcher3/com.android.launcher3.uioverrides.QuickstepLauncher,reason=UpdateInputWindows]
11-04 02:13:13.941 1474 1474 I GameModeConfig: isGameModeOn = false
11-04 02:13:13.941 1474 1474 I GameModeConfig: isGameModeOn = false
11-04 02:13:13.941 1474 1474 I GameModeConfig: isDisableVoice = true
11-04 02:13:13.953 1474 2005 I input_focus: [Focus entering c2f885b com.android.launcher3/com.android.launcher3.uioverrides.QuickstepLauncher (server),reason=setFocusedWindow]
11-04 02:13:13.970 3686 3686 D Sogou : onFinishInput:
11-04 02:13:14.305 1474 1644 W ActivityTaskManager: Activity top resumed state loss timeout for ActivityRecord{8e39e5e u0 com.android.settings/.Settings t-1 f}}
11-04 02:13:14.306 2809 2809 I wm_on_top_resumed_gained_called: [59699080,com.android.launcher3.uioverrides.QuickstepLauncher,topStateChangedWhenResumed]
11-04 02:13:14.469 3249 3249 W hpplay-java: [main]:IPManager:getActiveNets invalid networkInfo:null
11-04 02:13:14.469 3249 3249 I hpplay-java: [main]:IPManager:getActiveNets eth0:false wifi:false mobile:false ap:false
11-04 02:13:14.469 3249 3249 I hpplay-java: [main]:ServerTaskManager:get local ip:null
11-04 02:13:14.652 1474 2005 I input_interaction: Interaction with: c2f885b com.android.launcher3/com.android.launcher3.uioverrides.QuickstepLauncher (server), 6b99821 com.android.systemui.ImageWallpaper (server), edge-swipe (server), swipe-up (server), PointerEventDispatcher0 (server),
11-04 02:13:14.681 648 663 I mpu_uart: [MSG-P:RECV]:No message received in 1000 ms
11-04 02:13:14.725 1474 5559 I ActivityTaskManager: START u0 {act=android.intent.action.MAIN cat=[android.intent.category.LAUNCHER] flg=0x10200000 cmp=com.android.settings/.Settings bnds=[2233,723][2408,906]} from uid 10080
11-04 02:13:14.726 1474 1644 I EventSequenceValidator: Transition from REPORT_FULLY_DRAWN to INTENT_STARTED
11-04 02:13:14.729 1474 5559 E ANDR-PERF-JNI: com_qualcomm_qtiperformance_native_perf_io_prefetch_start
11-04 02:13:14.732 1474 5559 I wm_task_created: [71,-1]
11-04 02:13:14.732 1474 5559 W ActivityTaskManager: Can't find TaskDisplayArea to determine support for multi window. Task id=71 attached=false
11-04 02:13:14.742 860 3719 E ANDR-IOP: io prefetch is disabled
11-04 02:13:14.742 1474 5559 I wm_task_moved: [71,1,6]
11-04 02:13:14.742 1474 5559 I wm_task_to_front: [0,71]
11-04 02:13:14.743 1474 5559 I wm_create_task: [0,71]
11-04 02:13:14.743 1474 5559 I wm_create_activity: [0,75938210,71,com.android.settings/.Settings,android.intent.action.MAIN,NULL,NULL,270532608]
11-04 02:13:14.743 1474 5559 I wm_task_moved: [71,1,6]
11-04 02:13:14.744 1474 5559 D CompatibilityInfo: mCompatibilityFlags - 4
11-04 02:13:14.744 1474 5559 D CompatibilityInfo: applicationDensity - 240
11-04 02:13:14.744 1474 5559 D CompatibilityInfo: applicationScale - 1.0
11-04 02:13:14.745 1474 5559 D ActivityTrigger: ActivityTrigger activityPauseTrigger
11-04 02:13:14.746 1474 5559 I wm_pause_activity: [0,59699080,com.android.launcher3/.uioverrides.QuickstepLauncher,userLeaving=true,pauseBackTasks]
11-04 02:13:14.761 2809 2809 I wm_on_top_resumed_lost_called: [59699080,com.android.launcher3.uioverrides.QuickstepLauncher,topStateChangedWhenResumed]
11-04 02:13:14.764 2809 2809 I wm_on_paused_called: [59699080,com.android.launcher3.uioverrides.QuickstepLauncher,performPause]
11-04 02:13:14.765 1474 6541 I ActivityTaskManager: FOREGROUND_APPLICATION_CHANGED to com.android.settings.homepage.SettingsHomepageActivity
11-04 02:13:14.767 1474 6541 I wm_add_to_stopping: [0,59699080,com.android.launcher3/.uioverrides.QuickstepLauncher,makeInvisible]
11-04 02:13:14.770 1474 1644 D CompatibilityChangeReporter: Compat change id reported: 135634846; UID 1000; state: DISABLED
11-04 02:13:14.770 1474 1644 D CompatibilityChangeReporter: Compat change id reported: 177438394; UID 1000; state: DISABLED
11-04 02:13:14.770 1474 1644 D CompatibilityChangeReporter: Compat change id reported: 135772972; UID 1000; state: DISABLED
11-04 02:13:14.770 1474 1644 D CompatibilityChangeReporter: Compat change id reported: 135754954; UID 1000; state: ENABLED
11-04 02:13:14.782 1474 1644 I EventSequenceValidator: Transition from INTENT_STARTED to ACTIVITY_LAUNCHED
11-04 02:13:14.784 1474 1644 I sysui_multi_action: [757,803,799,window_time_0,802,5]
11-04 02:13:14.790 1474 2005 I input_focus: [Focus leaving c2f885b com.android.launcher3/com.android.launcher3.uioverrides.QuickstepLauncher (server),reason=NO_WINDOW]
11-04 02:13:14.802 669 669 D Zygote : Forked child process 8218
11-04 02:13:14.803 1474 1656 I am_proc_start: [0,8218,1000,com.android.settings,pre-top-activity,{com.android.settings/com.android.settings.Settings}]
11-04 02:13:14.803 1474 1656 I ActivityManager: Start proc 8218:com.android.settings/1000 for pre-top-activity {com.android.settings/com.android.settings.Settings}
11-04 02:13:14.803 1474 8219 W ContextImpl: Calling a method in the system process without a qualified user: android.app.ContextImpl.sendBroadcast:1173 com.qualcomm.qti.Performance$SendGameLaunchBroadcast.run:217 java.lang.Thread.run:920
11-04 02:13:14.818 3338 4188 W SQLiteLog: (28) double-quoted string literal: "com.android.settings"
11-04 02:13:14.821 8218 8218 E ndroid.setting: Not starting debugger since process cannot load the jdwp agent.
11-04 02:13:14.822 8218 8218 D ProcessState: Binder ioctl to enable oneway spam detection failed: Invalid argument
11-04 02:13:14.827 1474 5559 I am_proc_bound: [0,8218,com.android.settings]
11-04 02:13:14.828 1474 5559 D CompatibilityInfo: mCompatibilityFlags - 4
11-04 02:13:14.828 1474 5559 D CompatibilityInfo: applicationDensity - 240
11-04 02:13:14.828 1474 5559 D CompatibilityInfo: applicationScale - 1.0
11-04 02:13:14.834 1474 5559 I wm_restart_activity: [0,75938210,71,com.android.settings/.Settings]
11-04 02:13:14.834 1474 5559 D CompatibilityInfo: mCompatibilityFlags - 4
11-04 02:13:14.834 1474 5559 D CompatibilityInfo: applicationDensity - 240
11-04 02:13:14.834 1474 5559 D CompatibilityInfo: applicationScale - 1.0
11-04 02:13:14.835 1474 5559 I wm_set_resumed_activity: [0,com.android.settings/.Settings,minimalResumeActivityLocked]
11-04 02:13:14.836 8218 8218 D CompatibilityChangeReporter: Compat change id reported: 171979766; UID 1000; state: ENABLED
11-04 02:13:14.838 4174 4186 I GameMode_ActivityMonitoringService: onForegroundActivitiesChanged uid 1000 pid 8218 fg true
11-04 02:13:14.842 8218 8218 W ndroid.setting: ClassLoaderContext shared library size mismatch. Expected=2, found=0 (PCL[]{PCL[/system/framework/org.apache.http.legacy.jar*2058259660]#PCL[/system_ext/framework/extphonelib.jar*2894378777]} | PCL[])
11-04 02:13:14.842 4174 4205 I GameMode_ActivityMonitoringService: Updating top task to: TaskInfoContainer [topActivity=ComponentInfo{com.android.settings/com.android.settings.Settings}, taskId=71, stackId=71, userId=0, displayId=0, position=6
11-04 02:13:14.842 4174 4205 I GameMode_ActivityMonitoringService: Notifying about top task: TaskInfoContainer [topActivity=ComponentInfo{com.android.settings/com.android.settings.Settings}, taskId=71, stackId=71, userId=0, displayId=0, position=6
11-04 02:13:14.843 4174 4205 D GameMode_GameMode: Show GameMode entry by service!
11-04 02:13:14.843 4174 4205 W ContextImpl: Calling a method in the system process without a qualified user: android.app.ContextImpl.startService:1816 android.content.ContextWrapper.startService:774 com.thundercomm.gamemode.ingame.services.GameModeActionUtils.startGameModeService:39 com.thundercomm.gamemode.ingame.services.GameModeActionUtils.startGameModeEntry:19 com.thundercomm.gamemode.ingame.services.ActivityMonitoringService$1.onActivityLaunch:119
11-04 02:13:14.846 4174 4205 D GameMode: getUriFor setting_content_uri_root = content://com.thundercomm.gamemode.api/gamemode_settings , name = gamemode_isgaming
11-04 02:13:14.846 4174 4174 D GameMode_GameMode:GameModeService: onStartCommand: hide_entry
11-04 02:13:14.848 1474 1474 I GameModeConfig: Current uri is uri = content://com.thundercomm.gamemode.api/gamemode_settings/gamemode_isgaming
11-04 02:13:14.849 1474 1474 D GameMode: getUriFor setting_content_uri_root = content://com.thundercomm.gamemode.api/gamemode_settings , name = gamemode_isgaming
11-04 02:13:14.849 8218 8218 I Perf : Connecting to perf service.
11-04 02:13:14.849 4174 4205 D GameMode: gamemode_isgaming set to 0
11-04 02:13:14.850 4174 4174 D GameMode_GameSettingsObserver: Game Data change!!!! uri = content://com.thundercomm.gamemode.api/gamemode_settings/gamemode_isgaming
11-04 02:13:14.850 4174 4174 D GameMode: getUriFor setting_content_uri_root = content://com.thundercomm.gamemode.api/gamemode_settings , name = gamemode_isgaming
11-04 02:13:14.851 8218 8218 V GraphicsEnvironment: ANGLE Developer option for 'com.android.settings' set to: 'default'
11-04 02:13:14.851 1474 1474 I GameModeConfig: isGameModeOn = false
11-04 02:13:14.852 8218 8218 V GraphicsEnvironment: ANGLE GameManagerService for com.android.settings: false
11-04 02:13:14.852 4174 4174 D GameMode_GameMode:GameModeService: updateGlobalSettings = gamemode_isgaming
11-04 02:13:14.852 1474 1474 I GameModeConfig: isGameModeOn = false
11-04 02:13:14.852 1474 1474 I GameModeConfig: isDisableVoice = true
11-04 02:13:14.852 8218 8218 D NetworkSecurityConfig: No Network Security Config specified, using platform default
11-04 02:13:14.852 8218 8218 D NetworkSecurityConfig: No Network Security Config specified, using platform default
11-04 02:13:14.857 8218 8218 D SettingsSliceProvider: init
11-04 02:13:14.857 8218 8218 D SettingsSliceProvider: onCreateSliceProvider
11-04 02:13:14.859 1200 5327 I OMX-VENC: venc_dev: stats: avg. fps 28.89, bitrate 1014022
11-04 02:13:14.868 4174 4186 I GameMode_ActivityMonitoringService: onTaskStackChanged
11-04 02:13:14.868 8218 8218 I SettingsHomepageActivity: SettingsHomepageActivity: onCreate
11-04 02:13:14.872 4174 4205 I GameMode_ActivityMonitoringService: Updating top task to: TaskInfoContainer [topActivity=ComponentInfo{com.android.settings/com.android.settings.Settings}, taskId=71, stackId=71, userId=0, displayId=0, position=6
11-04 02:13:14.873 4174 4205 I GameMode_ActivityMonitoringService: Notifying about top task: TaskInfoContainer [topActivity=ComponentInfo{com.android.settings/com.android.settings.Settings}, taskId=71, stackId=71, userId=0, displayId=0, position=6
11-04 02:13:14.873 4174 4205 D GameMode_GameMode: Show GameMode entry by service!
11-04 02:13:14.874 4174 4205 W ContextImpl: Calling a method in the system process without a qualified user: android.app.ContextImpl.startService:1816 android.content.ContextWrapper.startService:774 com.thundercomm.gamemode.ingame.services.GameModeActionUtils.startGameModeService:39 com.thundercomm.gamemode.ingame.services.GameModeActionUtils.startGameModeEntry:19 com.thundercomm.gamemode.ingame.services.ActivityMonitoringService$1.onActivityLaunch:119
11-04 02:13:14.875 4174 4205 D GameMode: getUriFor setting_content_uri_root = content://com.thundercomm.gamemode.api/gamemode_settings , name = gamemode_isgaming
11-04 02:13:14.876 4174 4174 D GameMode_GameMode:GameModeService: onStartCommand: hide_entry
11-04 02:13:14.879 4174 4205 D GameMode: gamemode_isgaming set to 0
11-04 02:13:14.879 1474 1474 I GameModeConfig: Current uri is uri = content://com.thundercomm.gamemode.api/gamemode_settings/gamemode_isgaming
11-04 02:13:14.880 1474 1474 D GameMode: getUriFor setting_content_uri_root = content://com.thundercomm.gamemode.api/gamemode_settings , name = gamemode_isgaming
11-04 02:13:14.880 4174 4174 D GameMode_GameSettingsObserver: Game Data change!!!! uri = content://com.thundercomm.gamemode.api/gamemode_settings/gamemode_isgaming
11-04 02:13:14.880 4174 4174 D GameMode: getUriFor setting_content_uri_root = content://com.thundercomm.gamemode.api/gamemode_settings , name = gamemode_isgaming
11-04 02:13:14.881 1474 1474 I GameModeConfig: isGameModeOn = false
11-04 02:13:14.881 1474 1474 I GameModeConfig: isGameModeOn = false
11-04 02:13:14.881 1474 1474 I GameModeConfig: isDisableVoice = true
11-04 02:13:14.882 4174 4174 D GameMode_GameMode:GameModeService: updateGlobalSettings = gamemode_isgaming
11-04 02:13:14.883 8218 8218 E ThemeUtils: View class androidx.appcompat.widget.AppCompatImageView is an AppCompat widget that can only be used with a Theme.AppCompat theme (or descendant).
11-04 02:13:14.891 8218 8218 D CompatibilityChangeReporter: Compat change id reported: 171228096; UID 1000; state: ENABLED
11-04 02:13:14.900 8218 8218 D AvatarViewMixin: Feature disabled by config. Skipping
11-04 02:13:14.900 2897 3810 D QCCAuthMgr: SMQContentProvider query uri: content://com.qti.smq.Feedback.provider/smq_settings, selection: key=?, uri_matcher: 1
11-04 02:13:14.900 2897 3810 D QCCAuthMgr: SMQContentProvider query tableName: smq_settings
11-04 02:13:14.904 8218 8218 I wm_on_create_called: [75938210,com.android.settings.Settings,performCreate]
11-04 02:13:14.907 8218 8218 D PrefCtrlListHelper: Could not find Context-only controller for pref: com.android.settings.network.TopLevelNetworkEntryPreferenceController
11-04 02:13:14.907 8218 8218 D PrefCtrlListHelper: Could not find Context-only controller for pref: com.android.settings.connecteddevice.TopLevelConnectedDevicesPreferenceController
11-04 02:13:14.907 8218 8218 D PrefCtrlListHelper: Could not find Context-only controller for pref: com.android.settings.fuelgauge.TopLevelBatteryPreferenceController
11-04 02:13:14.907 8218 8218 D PrefCtrlListHelper: Could not find Context-only controller for pref: com.android.settings.deviceinfo.TopLevelStoragePreferenceController
11-04 02:13:14.908 8218 8218 D PrefCtrlListHelper: Could not find Context-only controller for pref: com.android.settings.display.TopLevelDisplayPreferenceController
11-04 02:13:14.908 8218 8218 D PrefCtrlListHelper: Could not find Context-only controller for pref: com.android.settings.display.TopLevelWallpaperPreferenceController
11-04 02:13:14.908 8218 8218 D PrefCtrlListHelper: Could not find Context-only controller for pref: com.android.settings.accessibility.TopLevelAccessibilityPreferenceController
11-04 02:13:14.908 8218 8218 D PrefCtrlListHelper: Could not find Context-only controller for pref: com.android.settings.security.TopLevelSecurityEntryPreferenceController
11-04 02:13:14.908 8218 8218 D PrefCtrlListHelper: Could not find Context-only controller for pref: com.android.settings.location.TopLevelLocationPreferenceController
11-04 02:13:14.910 8218 8218 D PrefCtrlListHelper: Could not find Context-only controller for pref: com.android.settings.accounts.TopLevelAccountEntryPreferenceController
11-04 02:13:14.910 8218 8218 D PrefCtrlListHelper: Could not find Context-only controller for pref: com.android.settings.deviceinfo.aboutphone.TopLevelAboutDevicePreferenceController
11-04 02:13:14.910 8218 8218 D PrefCtrlListHelper: Could not find Context-only controller for pref: com.android.settings.support.SupportPreferenceController
11-04 02:13:14.913 1474 6184 E UserRestrictionsUtils: Unknown restriction queried by uid 1000 (com.qti.diagservices et al): null
11-04 02:13:14.913 1474 6184 E UserRestrictionsUtils: Unknown restriction queried by uid 1000 (com.qti.diagservices et al): null
11-04 02:13:14.913 1474 6184 E UserRestrictionsUtils: Unknown restriction queried by uid 1000 (com.qti.diagservices et al): null
11-04 02:13:14.913 1474 6184 E UserRestrictionsUtils: Unknown restriction queried by uid 1000 (com.qti.diagservices et al): null
11-04 02:13:14.913 1474 6184 E UserRestrictionsUtils: Unknown restriction queried by uid 1000 (com.qti.diagservices et al): null
11-04 02:13:14.914 1474 6184 E UserRestrictionsUtils: Unknown restriction queried by uid 1000 (com.qti.diagservices et al): null
11-04 02:13:14.914 1474 6184 E UserRestrictionsUtils: Unknown restriction queried by uid 1000 (com.qti.diagservices et al): null
11-04 02:13:14.914 1474 6184 E UserRestrictionsUtils: Unknown restriction queried by uid 1000 (com.qti.diagservices et al): null
11-04 02:13:14.914 1474 6184 E UserRestrictionsUtils: Unknown restriction queried by uid 1000 (com.qti.diagservices et al): null
11-04 02:13:14.915 1474 6184 E UserRestrictionsUtils: Unknown restriction queried by uid 1000 (com.qti.diagservices et al): null
11-04 02:13:14.915 1474 6184 E UserRestrictionsUtils: Unknown restriction queried by uid 1000 (com.qti.diagservices et al): null
11-04 02:13:14.915 1474 6184 E UserRestrictionsUtils: Unknown restriction queried by uid 1000 (com.qti.diagservices et al): null
11-04 02:13:14.915 1474 6184 E UserRestrictionsUtils: Unknown restriction queried by uid 1000 (com.qti.diagservices et al): null
11-04 02:13:14.915 1474 6184 E UserRestrictionsUtils: Unknown restriction queried by uid 1000 (com.qti.diagservices et al): null
11-04 02:13:14.916 1474 6184 E UserRestrictionsUtils: Unknown restriction queried by uid 1000 (com.qti.diagservices et al): null
11-04 02:13:14.916 1474 6184 E UserRestrictionsUtils: Unknown restriction queried by uid 1000 (com.qti.diagservices et al): null
11-04 02:13:14.916 1474 6184 E UserRestrictionsUtils: Unknown restriction queried by uid 1000 (com.qti.diagservices et al): null
11-04 02:13:14.916 1474 6184 E UserRestrictionsUtils: Unknown restriction queried by uid 1000 (com.qti.diagservices et al): null
11-04 02:13:14.917 8218 8218 W InstrumentedPrefFrag: Screen title missing for fragment com.android.settings.homepage.TopLevelSettings
11-04 02:13:14.922 8218 8218 D TopLevelSettings: NO dashboard tiles for TopLevelSettings
11-04 02:13:14.922 8218 8218 D TopLevelSettings: All preferences added, reporting fully drawn
11-04 02:13:14.938 8218 8218 W BatteryBroadcastRcvr: Problem reading the battery meter.
11-04 02:13:14.939 8218 8218 I wm_on_start_called: [75938210,com.android.settings.Settings,handleStartActivity]
11-04 02:13:14.940 8218 8218 I snet_event_log: [120484087,-1,]
11-04 02:13:14.940 8218 8218 I wm_on_resume_called: [75938210,com.android.settings.Settings,RESUME_ACTIVITY]
11-04 02:13:14.942 8218 8218 I sysui_multi_action: [757,35,758,1,833,0,1089,36]
11-04 02:13:14.945 8218 8242 D UsageGraph: No enabled state changed, skipping updateCategory call
11-04 02:13:14.945 8218 8218 W UnsafeUtil: platform method missing - proto runtime falling back to safer methods: java.lang.NoSuchMethodException: sun.misc.Unsafe.copyMemory [class java.lang.Object, long, class java.lang.Object, long, long]
11-04 02:13:14.949 8218 8218 I sysui_multi_action: [757,1729,758,4,854,isParalleledControllers:false,1089,43]
11-04 02:13:14.957 8218 8218 I wm_on_top_resumed_gained_called: [75938210,com.android.settings.Settings,topStateChangedWhenResumed]
11-04 02:13:14.957 8218 8218 W BatteryBroadcastRcvr: Problem reading the battery meter.
11-04 02:13:14.959 8218 8238 D BatteryInfo: time for getStats: 0ms
11-04 02:13:14.961 8218 8238 D BatteryInfo: time for regular BatteryInfo: 2ms
11-04 02:13:14.964 8218 8241 D BatteryTipLoader: BatteryInfoLoader post query: 1ms
11-04 02:13:14.964 8218 8241 D BatteryInfo: time for getBatteryInfo: 0ms
11-04 02:13:14.964 8218 8241 D BatteryTipLoader: BatteryInfoLoader.loadInBackground: 1ms
11-04 02:13:14.972 8218 8238 D BatteryInfo: time for getBatteryInfo: 10ms
11-04 02:13:14.975 8218 8247 D BatteryInfo: time for getStats: 0ms
11-04 02:13:14.980 8218 8247 D BatteryInfo: time for regular BatteryInfo: 5ms
11-04 02:13:14.981 8218 8248 D BatteryTipLoader: BatteryInfoLoader post query: 0ms
11-04 02:13:14.981 8218 8248 D BatteryInfo: time for getBatteryInfo: 0ms
11-04 02:13:14.981 8218 8248 D BatteryTipLoader: BatteryInfoLoader.loadInBackground: 1ms
11-04 02:13:14.981 8218 8247 D BatteryInfo: time for getBatteryInfo: 1ms
11-04 02:13:15.011 1474 1645 I input_focus: [Focus request 22a5e5a com.android.settings/com.android.settings.Settings,reason=UpdateInputWindows]
11-04 02:13:15.012 8218 8234 I AdrenoGLES-0: QUALCOMM build : 47421dbee6, I139f36ad46
11-04 02:13:15.012 8218 8234 I AdrenoGLES-0: Build Date : 02/18/22
11-04 02:13:15.012 8218 8234 I AdrenoGLES-0: OpenGL ES Shader Compiler Version: EV031.32.02.17
11-04 02:13:15.012 8218 8234 I AdrenoGLES-0: Local Branch :
11-04 02:13:15.012 8218 8234 I AdrenoGLES-0: Remote Branch :
11-04 02:13:15.012 8218 8234 I AdrenoGLES-0: Remote Branch :
11-04 02:13:15.012 8218 8234 I AdrenoGLES-0: Reconstruct Branch :
11-04 02:13:15.012 8218 8234 I AdrenoGLES-0: Build Config : S P 10.0.7 AArch64
11-04 02:13:15.012 8218 8234 I AdrenoGLES-0: Driver Path : /vendor/lib64/egl/libGLESv2_adreno.so
11-04 02:13:15.013 504 504 I hwservicemanager: getTransport: Cannot find entry android.hardware.graphics.mapper@4.0::IMapper/default in either framework or device VINTF manifest.
11-04 02:13:15.015 8218 8234 I AdrenoGLES-0: PFP: 0x016dd093, ME: 0x00000000
11-04 02:13:15.025 858 980 I SDM : HWCDisplay::GetColorModeCount: Supported color mode count = 1
11-04 02:13:15.025 858 980 I SDM : HWCDisplay::GetColorModes: Color mode = 0 is supported
11-04 02:13:15.025 977 3676 E HWComposer: getSupportedContentTypes: getSupportedContentTypes failed for display 4630946816427681409: Unsupported (8)
11-04 02:13:15.026 8218 8234 D hw-ProcessState: Binder ioctl to enable oneway spam detection failed: Invalid argument
11-04 02:13:15.026 504 504 I hwservicemanager: getTransport: Cannot find entry android.hardware.graphics.mapper@4.0::IMapper/default in either framework or device VINTF manifest.
11-04 02:13:15.026 8218 8256 I Gralloc4: mapper 4.x is not supported
11-04 02:13:15.027 504 504 I hwservicemanager: getTransport: Cannot find entry android.hardware.graphics.allocator@4.0::IAllocator/default in either framework or device VINTF manifest.
11-04 02:13:15.027 8218 8256 W Gralloc4: allocator 4.x is not supported
11-04 02:13:15.056 8218 8218 D BatteryInfo: time for callback: 0ms
11-04 02:13:15.057 1474 1645 I sysui_multi_action: [324,0,757,1090,758,12,806,com.android.settings,871,com.android.settings.Settings,1091,333]
11-04 02:13:15.061 1474 1644 I EventSequenceValidator: Transition from ACTIVITY_LAUNCHED to ACTIVITY_FINISHED
11-04 02:13:15.061 1474 1644 I EventSequenceValidator: Transition from ACTIVITY_FINISHED to REPORT_FULLY_DRAWN
11-04 02:13:15.072 1474 1641 I sysui_multi_action: [319,80,321,73,322,333,325,1957,757,761,758,7,759,1,806,com.android.settings,871,com.android.settings.Settings,904,com.android.launcher3,905,0,945,104,1320,4,1321,1]
11-04 02:13:15.077 1474 1641 I wm_activity_launch_time: [0,75938210,com.android.settings/.Settings,333]
11-04 02:13:15.077 1474 2005 I input_focus: [Focus entering 22a5e5a com.android.settings/com.android.settings.Settings (server),reason=Window became focusable. Previous reason: NOT_VISIBLE]
11-04 02:13:15.078 8218 8218 D BatteryInfo: time for callback: 0ms
11-04 02:13:15.079 1474 1641 I ActivityTaskManager: Displayed com.android.settings/.Settings: +333ms
11-04 02:13:15.080 1474 1641 I ActivityTaskManager: Fully drawn com.android.settings/.Settings: +333ms
11-04 02:13:15.080 8218 8218 I TopLevelSettings: TopLevelSettings: TopLevelSettings::com.android.settings.network.NetworkDashboardFragment
11-04 02:13:15.082 3686 3686 D Sogou : onUnbindInput finish
11-04 02:13:15.085 3686 3686 D Sogou : onFinishInput:
11-04 02:13:15.206 8218 8218 I TetheringManager: registerTetheringEventCallback:com.android.settings
11-04 02:13:15.208 8218 8218 D PrefCtrlListHelper: Could not find Context-only controller for pref: com.android.settings.network.MultiNetworkHeaderController
11-04 02:13:15.209 8218 8218 D PrefCtrlListHelper: Could not find Context-only controller for pref: com.android.settings.network.AirplaneModePreferenceController
11-04 02:13:15.209 8218 8218 D PrefCtrlListHelper: Could not find Context-only controller for pref: com.android.settings.network.AllInOneTetherPreferenceController
11-04 02:13:15.210 8218 8218 D PrefCtrlListHelper: Could not find Context-only controller for pref: com.android.settings.network.AdaptiveConnectivityPreferenceController
11-04 02:13:15.217 8218 8218 W CarrierConfigManager: Error getting config for subId -1 ICarrierConfigLoader is null
11-04 02:13:15.218 8218 8218 D MobilePlanPrefContr: onCreate: mMobilePlanDialogMessage=null
11-04 02:13:15.219 8218 8218 D BluetoothPan: Binding service...
11-04 02:13:15.222 1474 1607 E UserRestrictionsUtils: Unknown restriction queried by uid 1000 (com.qti.diagservices et al): null
11-04 02:13:15.235 8218 8218 D NetworkDashboardFrag: NO dashboard tiles for NetworkDashboardFrag
11-04 02:13:15.235 8218 8218 D NetworkDashboardFrag: All preferences added, reporting fully drawn
11-04 02:13:15.248 1474 1607 D ConnectivityService: requestNetwork for uid/pid:1000/8218 activeRequest: null callbackRequest: 206 [NetworkRequest [ REQUEST id=207, [ Capabilities: INTERNET&NOT_RESTRICTED&TRUSTED&NOT_VCN_MANAGED Uid: 1000 RequestorUid: 1000 RequestorPkg: com.android.settings] ]] callback flags: 0 priority: 2147483647
11-04 02:13:15.248 1474 2296 D ConnectivityService: NetReassign [no changes]
11-04 02:13:15.249 1474 1796 D ConnectivityService: requestNetwork for uid/pid:1000/8218 activeRequest: null callbackRequest: 209 [NetworkRequest [ REQUEST id=210, [ Capabilities: INTERNET&NOT_RESTRICTED&TRUSTED&NOT_VCN_MANAGED Uid: 1000 RequestorUid: 1000 RequestorPkg: com.android.settings] ]] callback flags: 0 priority: 2147483647
11-04 02:13:15.250 1474 2296 D ConnectivityService: NetReassign [no changes]
11-04 02:13:15.250 1474 2327 D Ethernet: got request NetworkRequest [ REQUEST id=207, [ Capabilities: INTERNET&NOT_RESTRICTED&TRUSTED&NOT_VCN_MANAGED Uid: 1000 RequestorUid: 1000 RequestorPkg: com.android.settings] ]
11-04 02:13:15.250 1474 2327 D EthernetNetworkFactory: acceptRequest, request: NetworkRequest [ REQUEST id=207, [ Capabilities: INTERNET&NOT_RESTRICTED&TRUSTED&NOT_VCN_MANAGED Uid: 1000 RequestorUid: 1000 RequestorPkg: com.android.settings] ]
11-04 02:13:15.250 1474 2327 I EthernetNetworkFactory: networkForRequest, request: NetworkRequest [ REQUEST id=207, [ Capabilities: INTERNET&NOT_RESTRICTED&TRUSTED&NOT_VCN_MANAGED Uid: 1000 RequestorUid: 1000 RequestorPkg: com.android.settings] ], network: null
11-04 02:13:15.250 1474 2296 D ConnectivityService: NetReassign [no changes]
11-04 02:13:15.251 1474 2289 D WifiNetworkFactory: got request NetworkRequest [ REQUEST id=207, [ Capabilities: INTERNET&NOT_RESTRICTED&TRUSTED&NOT_VCN_MANAGED Uid: 1000 RequestorUid: 1000 RequestorPkg: com.android.settings] ]
11-04 02:13:15.251 1474 2289 D UntrustedWifiNetworkFactory: got request NetworkRequest [ REQUEST id=207, [ Capabilities: INTERNET&NOT_RESTRICTED&TRUSTED&NOT_VCN_MANAGED Uid: 1000 RequestorUid: 1000 RequestorPkg: com.android.settings] ]
11-04 02:13:15.251 1474 2289 D OemPaidWifiNetworkFactory: got request NetworkRequest [ REQUEST id=207, [ Capabilities: INTERNET&NOT_RESTRICTED&TRUSTED&NOT_VCN_MANAGED Uid: 1000 RequestorUid: 1000 RequestorPkg: com.android.settings] ]
11-04 02:13:15.251 8218 8218 I TetheringManager: registerTetheringEventCallback caller:com.android.settings
11-04 02:13:15.251 1474 2327 D Ethernet: got request NetworkRequest [ REQUEST id=210, [ Capabilities: INTERNET&NOT_RESTRICTED&TRUSTED&NOT_VCN_MANAGED Uid: 1000 RequestorUid: 1000 RequestorPkg: com.android.settings] ]
11-04 02:13:15.251 1474 2327 D EthernetNetworkFactory: acceptRequest, request: NetworkRequest [ REQUEST id=210, [ Capabilities: INTERNET&NOT_RESTRICTED&TRUSTED&NOT_VCN_MANAGED Uid: 1000 RequestorUid: 1000 RequestorPkg: com.android.settings] ]
11-04 02:13:15.251 1474 2327 I EthernetNetworkFactory: networkForRequest, request: NetworkRequest [ REQUEST id=210, [ Capabilities: INTERNET&NOT_RESTRICTED&TRUSTED&NOT_VCN_MANAGED Uid: 1000 RequestorUid: 1000 RequestorPkg: com.android.settings] ], network: null
11-04 02:13:15.251 1474 2289 D WifiNetworkFactory: got request NetworkRequest [ REQUEST id=210, [ Capabilities: INTERNET&NOT_RESTRICTED&TRUSTED&NOT_VCN_MANAGED Uid: 1000 RequestorUid: 1000 RequestorPkg: com.android.settings] ]
11-04 02:13:15.252 1474 2289 D UntrustedWifiNetworkFactory: got request NetworkRequest [ REQUEST id=210, [ Capabilities: INTERNET&NOT_RESTRICTED&TRUSTED&NOT_VCN_MANAGED Uid: 1000 RequestorUid: 1000 RequestorPkg: com.android.settings] ]
11-04 02:13:15.252 1474 2289 D OemPaidWifiNetworkFactory: got request NetworkRequest [ REQUEST id=210, [ Capabilities: INTERNET&NOT_RESTRICTED&TRUSTED&NOT_VCN_MANAGED Uid: 1000 RequestorUid: 1000 RequestorPkg: com.android.settings] ]
11-04 02:13:15.257 1474 1796 D ConnectivityService: requestNetwork for uid/pid:1000/8218 activeRequest: null callbackRequest: 212 [NetworkRequest [ REQUEST id=213, [ Capabilities: INTERNET&NOT_RESTRICTED&TRUSTED&NOT_VCN_MANAGED Uid: 1000 RequestorUid: 1000 RequestorPkg: com.android.settings] ]] callback flags: 1 priority: 2147483647
11-04 02:13:15.258 1474 2296 D ConnectivityService: NetReassign [no changes]
11-04 02:13:15.259 8218 8218 D BluetoothPan: Binding service...
11-04 02:13:15.259 1474 2296 D ConnectivityService: NetReassign [no changes]
11-04 02:13:15.260 1474 2327 D Ethernet: got request NetworkRequest [ REQUEST id=213, [ Capabilities: INTERNET&NOT_RESTRICTED&TRUSTED&NOT_VCN_MANAGED Uid: 1000 RequestorUid: 1000 RequestorPkg: com.android.settings] ]
11-04 02:13:15.260 1474 2327 D EthernetNetworkFactory: acceptRequest, request: NetworkRequest [ REQUEST id=213, [ Capabilities: INTERNET&NOT_RESTRICTED&TRUSTED&NOT_VCN_MANAGED Uid: 1000 RequestorUid: 1000 RequestorPkg: com.android.settings] ]
11-04 02:13:15.261 1474 2289 D WifiNetworkFactory: got request NetworkRequest [ REQUEST id=213, [ Capabilities: INTERNET&NOT_RESTRICTED&TRUSTED&NOT_VCN_MANAGED Uid: 1000 RequestorUid: 1000 RequestorPkg: com.android.settings] ]
11-04 02:13:15.261 8218 8218 I sysui_multi_action: [757,746,758,1,833,0,1089,66]
11-04 02:13:15.261 8218 8218 D SubscriptionsChangeListener: Start
11-04 02:13:15.261 1474 2289 D UntrustedWifiNetworkFactory: got request NetworkRequest [ REQUEST id=213, [ Capabilities: INTERNET&NOT_RESTRICTED&TRUSTED&NOT_VCN_MANAGED Uid: 1000 RequestorUid: 1000 RequestorPkg: com.android.settings] ]
11-04 02:13:15.262 1474 2289 D OemPaidWifiNetworkFactory: got request NetworkRequest [ REQUEST id=213, [ Capabilities: INTERNET&NOT_RESTRICTED&TRUSTED&NOT_VCN_MANAGED Uid: 1000 RequestorUid: 1000 RequestorPkg: com.android.settings] ]
11-04 02:13:15.262 1474 6184 D TelephonyRegistry: listen oscl: mHasNotifySubscriptionInfoChangedOccurred==false no callback
11-04 02:13:15.262 1474 2296 D ConnectivityService: NetReassign [no changes]
11-04 02:13:15.262 1474 2327 I EthernetNetworkFactory: networkForRequest, request: NetworkRequest [ REQUEST id=213, [ Capabilities: INTERNET&NOT_RESTRICTED&TRUSTED&NOT_VCN_MANAGED Uid: 1000 RequestorUid: 1000 RequestorPkg: com.android.settings] ], network: null
11-04 02:13:15.262 8218 8218 D MobileNetworkSummaryStatus: network summary query
11-04 02:13:15.267 8218 8265 E TelephonyManager: Error in getUiccCardsInfo: unable to connect to Telephony service.
11-04 02:13:15.267 8218 8262 W MobileNetworkUtils: EuiccManager is not enabled.
