11-05 02:15:10.996 1507 2980 I wm_pause_activity: [0,150874764,com.android.music/.MusicBrowserActivity,userLeaving=false,pauseBackTasks]
11-05 02:15:11.002 1507 2980 I wm_set_resumed_activity: [0,com.android.launcher3/.uioverrides.QuickstepLauncher,resumeTopActivityInnerLocked]
11-05 02:15:11.004 1507 2980 I wm_resume_activity: [0,94458931,10,com.android.launcher3/.uioverrides.QuickstepLauncher]
11-05 02:15:11.005 2835 2835 I wm_on_resume_called: [94458931,com.android.launcher3.uioverrides.QuickstepLauncher,RESUME_ACTIVITY]
11-05 02:15:11.007 1507 2980 I wm_add_to_stopping: [0,150874764,com.android.music/.MusicBrowserActivity,makeInvisible]
11-05 02:15:11.020 1507 1629 I input_focus: [Focus request 2395a3e com.android.launcher3/com.android.launcher3.uioverrides.QuickstepLauncher,reason=UpdateInputWindows]
11-05 02:15:11.024 11607 11607 I wm_on_paused_called: [150874764,com.android.music.MusicBrowserActivity,performPause]
11-05 02:15:11.025 1507 1628 I sysui_multi_action: [757,803,799,window_time_0,802,7]
11-05 02:15:11.029 1507 6558 I wm_stop_activity: [0,150874764,com.android.music/.MusicBrowserActivity]
11-05 02:15:11.032 1507 1628 I sysui_multi_action: [757,803,799,window_time_0,802,0]
11-05 02:15:11.037 1507 2002 I input_focus: [Focus leaving recents_animation_input_consumer (server),reason=NOT_VISIBLE]
11-05 02:15:11.037 1507 2002 I input_focus: [Focus entering 2395a3e com.android.launcher3/com.android.launcher3.uioverrides.QuickstepLauncher (server),reason=setFocusedWindow]
11-05 02:15:11.041 2835 2835 I wm_on_top_resumed_gained_called: [94458931,com.android.launcher3.uioverrides.QuickstepLauncher,topStateChangedWhenResumed]
11-05 02:15:11.049 11607 11607 I wm_on_stop_called: [150874764,com.android.music.MusicBrowserActivity,STOP_ACTIVITY_ITEM]
11-05 02:15:11.121 1507 4894 I wm_finish_activity: [0,150874764,119,com.android.music/.MusicBrowserActivity,recent-task-trimmed]
11-05 02:15:11.122 1507 4894 I wm_destroy_activity: [0,150874764,119,com.android.music/.MusicBrowserActivity,finish-imm:finishIfPossible]
11-05 02:15:11.124 1507 1628 I sysui_multi_action: [757,803,799,window_time_0,802,0]
11-05 02:15:11.131 11607 11607 I wm_on_destroy_called: [150874764,com.android.music.MusicBrowserActivity,performDestroy]
11-05 02:15:11.138 1507 4894 I wm_task_removed: [119,removeChild:removeChild last r=ActivityRecord{8fe2a8c u0 com.android.music/.MusicBrowserActivity t-1 f}} in t=Task{f8f3bf #119 type=standard A=10090:android.task.music U=0 visible=false mode=fullscreen translucent=true sz=0}]
11-05 02:15:11.138 1507 4894 I wm_task_removed: [119,removeChild]
11-05 02:15:11.370 1507 2002 I input_interaction: Interaction with: 2395a3e com.android.launcher3/com.android.launcher3.uioverrides.QuickstepLauncher (server), ef1bc93 com.android.systemui.ImageWallpaper (server), edge-swipe (server), swipe-up (server), PointerEventDispatcher0 (server),
11-05 02:15:17.496 1507 5224 I wm_task_created: [120,-1]
11-05 02:15:17.503 1507 5224 I wm_task_moved: [120,1,7]
11-05 02:15:17.503 1507 5224 I wm_task_to_front: [0,120]
11-05 02:15:17.504 1507 5224 I wm_create_task: [0,120]
11-05 02:15:17.504 1507 5224 I wm_create_activity: [0,45193091,120,com.android.music/.VideoBrowserActivity,android.intent.action.MAIN,NULL,NULL,270532608]
11-05 02:15:17.504 1507 5224 I wm_task_moved: [120,1,7]
11-05 02:15:17.509 1507 5224 I wm_pause_activity: [0,94458931,com.android.launcher3/.uioverrides.QuickstepLauncher,userLeaving=true,pauseBackTasks]
11-05 02:15:17.519 2835 2835 I wm_on_top_resumed_lost_called: [94458931,com.android.launcher3.uioverrides.QuickstepLauncher,topStateChangedWhenResumed]
11-05 02:15:17.524 2835 2835 I wm_on_paused_called: [94458931,com.android.launcher3.uioverrides.QuickstepLauncher,performPause]
11-05 02:15:17.530 1507 5989 I wm_add_to_stopping: [0,94458931,com.android.launcher3/.uioverrides.QuickstepLauncher,makeInvisible]
11-05 02:15:17.531 1507 5989 I wm_restart_activity: [0,45193091,120,com.android.music/.VideoBrowserActivity]
11-05 02:15:17.532 1507 5989 I wm_set_resumed_activity: [0,com.android.music/.VideoBrowserActivity,minimalResumeActivityLocked]
11-05 02:15:17.549 1507 1628 I sysui_multi_action: [757,803,799,window_time_0,802,7]
11-05 02:15:17.551 1507 2002 I input_focus: [Focus leaving 2395a3e com.android.launcher3/com.android.launcher3.uioverrides.QuickstepLauncher (server),reason=NO_WINDOW]
11-05 02:15:17.576 1507 1642 I am_pss : [11607,10090,com.android.music,33383424,27791360,0,152629248,0,2,9]
11-05 02:15:17.585 11607 11607 I wm_on_create_called: [45193091,com.android.music.VideoBrowserActivity,performCreate]
11-05 02:15:17.586 11607 11607 I wm_on_start_called: [45193091,com.android.music.VideoBrowserActivity,handleStartActivity]
11-05 02:15:17.586 11607 11607 I wm_on_resume_called: [45193091,com.android.music.VideoBrowserActivity,RESUME_ACTIVITY]
11-05 02:15:17.589 11607 11607 I wm_on_top_resumed_gained_called: [45193091,com.android.music.VideoBrowserActivity,topStateChangedWhenResumed]
11-05 02:15:17.596 1507 1629 I input_focus: [Focus request 6a507e2 com.android.music/com.android.music.VideoBrowserActivity,reason=UpdateInputWindows]
11-05 02:15:17.611 1507 1625 I sysui_multi_action: [319,81,321,76,322,116,325,3792,757,761,758,8,759,1,806,com.android.music,871,com.android.music.VideoBrowserActivity,904,com.android.launcher3,905,0,1320,4,1321,1]
11-05 02:15:17.614 1507 1625 I wm_activity_launch_time: [0,45193091,com.android.music/.VideoBrowserActivity,116]
11-05 02:15:17.620 1507 2002 I input_focus: [Focus entering 6a507e2 com.android.music/com.android.music.VideoBrowserActivity (server),reason=setFocusedWindow]
11-05 02:15:18.125 1507 1628 I wm_stop_activity: [0,94458931,com.android.launcher3/.uioverrides.QuickstepLauncher]
11-05 02:15:18.171 2835 2835 I wm_on_stop_called: [94458931,com.android.launcher3.uioverrides.QuickstepLauncher,STOP_ACTIVITY_ITEM]
11-05 02:15:19.208 1507 2002 I input_interaction: Interaction with: 6a507e2 com.android.music/com.android.music.VideoBrowserActivity (server), edge-swipe (server), swipe-up (server), PointerEventDispatcher0 (server),
11-05 02:15:19.227 1507 6558 I wm_task_moved: [1,0,0]
11-05 02:15:19.228 1507 6558 I wm_task_moved: [1,0,6]
11-05 02:15:19.261 2835 2835 I wm_on_restart_called: [94458931,com.android.launcher3.uioverrides.QuickstepLauncher,performRestartActivity]
11-05 02:15:19.282 2835 2835 I wm_on_start_called: [94458931,com.android.launcher3.uioverrides.QuickstepLauncher,handleStartActivity]
11-05 02:15:19.304 1507 1625 I sysui_multi_action: [319,25,322,71,325,3793,757,761,758,9,759,5,806,com.android.launcher3,871,com.android.launcher3.uioverrides.QuickstepLauncher,905,0,1320,4,1321,1]
11-05 02:15:19.314 11607 11607 I view_enqueue_input_event: [Motion - Cancel,com.android.music/com.android.music.VideoBrowserActivity]
11-05 02:15:19.315 2835 2835 I sysui_latency: [1,86]
11-05 02:15:19.320 1507 1629 I input_focus: [Focus request recents_animation_input_consumer,reason=UpdateInputWindows]
11-05 02:15:19.320 1507 2002 I input_interaction: Interaction with: edge-swipe (server), swipe-up (server), PointerEventDispatcher0 (server),
11-05 02:15:19.340 1507 2002 I input_focus: [Focus leaving 6a507e2 com.android.music/com.android.music.VideoBrowserActivity (server),reason=NOT_FOCUSABLE]
11-05 02:15:19.340 1507 2002 I input_focus: [Focus entering recents_animation_input_consumer (server),reason=setFocusedWindow]
11-05 02:15:19.487 1507 1751 I commit_sys_config_file: [settings-1-0,4]
11-05 02:15:19.599 1507 1642 I sysui_latency: [8,82]
11-05 02:15:20.139 1507 5224 I wm_task_moved: [1,1,7]
11-05 02:15:20.141 1507 5224 I wm_task_moved: [10,1,2147483647]
11-05 02:15:20.141 1507 5224 I wm_task_to_front: [0,10]
11-05 02:15:20.142 1507 5224 I wm_focused_root_task: [0,0,1,120,RecentsAnimation.onAnimationFinished()]
11-05 02:15:20.142 1507 5224 I wm_set_resumed_activity: [0,com.android.launcher3/.uioverrides.QuickstepLauncher,RecentsAnimation.onAnimationFinished()]
11-05 02:15:20.143 1507 5224 I wm_pause_activity: [0,45193091,com.android.music/.VideoBrowserActivity,userLeaving=true,pauseBackTasks]
11-05 02:15:20.144 1507 5224 I wm_add_to_stopping: [0,45193091,com.android.music/.VideoBrowserActivity,makeInvisible]
11-05 02:15:20.145 1507 5224 I wm_set_resumed_activity: [0,com.android.launcher3/.uioverrides.QuickstepLauncher,resumeTopActivityInnerLocked]
11-05 02:15:20.145 11607 11607 I wm_on_top_resumed_lost_called: [45193091,com.android.music.VideoBrowserActivity,topStateChangedWhenResumed]
11-05 02:15:20.146 1507 5224 I wm_resume_activity: [0,94458931,10,com.android.launcher3/.uioverrides.QuickstepLauncher]
11-05 02:15:20.150 2835 2835 I wm_on_resume_called: [94458931,com.android.launcher3.uioverrides.QuickstepLauncher,RESUME_ACTIVITY]
11-05 02:15:20.156 1507 1629 I input_focus: [Focus request 2395a3e com.android.launcher3/com.android.launcher3.uioverrides.QuickstepLauncher,reason=UpdateInputWindows]
11-05 02:15:20.158 1507 2002 I input_focus: [Focus leaving recents_animation_input_consumer (server),reason=NOT_VISIBLE]
11-05 02:15:20.160 11607 11607 I wm_on_paused_called: [45193091,com.android.music.VideoBrowserActivity,performPause]
11-05 02:15:20.163 2835 2835 I wm_on_top_resumed_gained_called: [94458931,com.android.launcher3.uioverrides.QuickstepLauncher,topStateChangedWhenResumed]
11-05 02:15:20.163 1507 5989 I wm_stop_activity: [0,45193091,com.android.music/.VideoBrowserActivity]
11-05 02:15:20.170 1507 1628 I sysui_multi_action: [757,803,799,window_time_0,802,2]
11-05 02:15:20.172 1507 1628 I sysui_multi_action: [757,803,799,window_time_0,802,0]
11-05 02:15:20.179 1507 2002 I input_focus: [Focus entering 2395a3e com.android.launcher3/com.android.launcher3.uioverrides.QuickstepLauncher (server),reason=setFocusedWindow]
11-05 02:15:20.189 11607 11607 I wm_on_stop_called: [45193091,com.android.music.VideoBrowserActivity,STOP_ACTIVITY_ITEM]
11-05 02:15:21.467 1507 2002 I input_interaction: Interaction with: 2395a3e com.android.launcher3/com.android.launcher3.uioverrides.QuickstepLauncher (server), ef1bc93 com.android.systemui.ImageWallpaper (server), edge-swipe (server), swipe-up (server), PointerEventDispatcher0 (server),
11-05 02:15:21.502 1507 6558 I wm_task_created: [121,-1]
11-05 02:15:21.507 1507 6558 I wm_task_moved: [121,1,8]
11-05 02:15:21.507 1507 6558 I wm_task_to_front: [0,121]
11-05 02:15:21.507 1507 6558 I wm_create_task: [0,121]
11-05 02:15:21.507 1507 6558 I wm_create_activity: [0,156082928,121,com.android.deskclock/.DeskClock,android.intent.action.MAIN,NULL,NULL,270532608]
11-05 02:15:21.507 1507 6558 I wm_task_moved: [121,1,8]
11-05 02:15:21.510 1507 6558 I wm_pause_activity: [0,94458931,com.android.launcher3/.uioverrides.QuickstepLauncher,userLeaving=true,pauseBackTasks]
11-05 02:15:21.518 2835 2835 I wm_on_top_resumed_lost_called: [94458931,com.android.launcher3.uioverrides.QuickstepLauncher,topStateChangedWhenResumed]
11-05 02:15:21.522 2835 2835 I wm_on_paused_called: [94458931,com.android.launcher3.uioverrides.QuickstepLauncher,performPause]
11-05 02:15:21.529 1507 2980 I wm_add_to_stopping: [0,94458931,com.android.launcher3/.uioverrides.QuickstepLauncher,makeInvisible]
11-05 02:15:21.530 1507 2980 I wm_restart_activity: [0,156082928,121,com.android.deskclock/.DeskClock]
11-05 02:15:21.532 1507 2980 I wm_set_resumed_activity: [0,com.android.deskclock/.DeskClock,minimalResumeActivityLocked]
11-05 02:15:21.543 1507 1628 I sysui_multi_action: [757,803,799,window_time_0,802,2]
11-05 02:15:21.548 1507 2002 I input_focus: [Focus leaving 2395a3e com.android.launcher3/com.android.launcher3.uioverrides.QuickstepLauncher (server),reason=NO_WINDOW]
11-05 02:15:21.573 1507 1777 I wm_task_moved: [121,1,8]
11-05 02:15:21.573 1507 1777 I wm_set_resumed_activity: [0,com.android.deskclock/.DeskClock,positionChildAt]
11-05 02:15:21.573 1507 1777 I wm_create_activity: [0,179321053,121,com.android.permissioncontroller/.permission.ui.GrantPermissionsActivity,android.content.pm.action.REQUEST_PERMISSIONS,NULL,NULL,8388608]
11-05 02:15:21.574 1507 1777 I wm_pause_activity: [0,156082928,com.android.deskclock/.DeskClock,userLeaving=true,resumeTopActivityInnerLocked]
11-05 02:15:21.589 5990 5990 I wm_on_create_called: [156082928,com.android.deskclock.DeskClock,performCreate]
11-05 02:15:21.590 5990 5990 I wm_on_start_called: [156082928,com.android.deskclock.DeskClock,handleStartActivity]
11-05 02:15:21.591 5990 5990 I wm_on_resume_called: [156082928,com.android.deskclock.DeskClock,RESUME_ACTIVITY]
11-05 02:15:21.595 5990 5990 I wm_on_top_resumed_gained_called: [156082928,com.android.deskclock.DeskClock,topStateChangedWhenResumed]
11-05 02:15:21.595 5990 5990 I wm_on_top_resumed_lost_called: [156082928,com.android.deskclock.DeskClock,topStateChangedWhenResumed]
11-05 02:15:21.595 5990 5990 I wm_on_paused_called: [156082928,com.android.deskclock.DeskClock,performPause]
11-05 02:15:21.598 1507 6558 I wm_restart_activity: [0,179321053,121,com.android.permissioncontroller/.permission.ui.GrantPermissionsActivity]
11-05 02:15:21.599 1507 6558 I wm_set_resumed_activity: [0,com.android.permissioncontroller/.permission.ui.GrantPermissionsActivity,minimalResumeActivityLocked]
11-05 02:15:21.599 1507 1628 I am_uid_active: 10094
11-05 02:15:21.602 1507 1628 I sysui_multi_action: [757,803,799,window_time_0,802,0]
11-05 02:15:21.614 2368 2368 I wm_on_create_called: [179321053,com.android.permissioncontroller.permission.ui.GrantPermissionsActivity,performCreate]
11-05 02:15:21.615 2368 2368 I wm_on_start_called: [179321053,com.android.permissioncontroller.permission.ui.GrantPermissionsActivity,handleStartActivity]
11-05 02:15:21.615 2368 2368 I wm_on_resume_called: [179321053,com.android.permissioncontroller.permission.ui.GrantPermissionsActivity,RESUME_ACTIVITY]
11-05 02:15:21.619 2368 2368 I wm_on_top_resumed_gained_called: [179321053,com.android.permissioncontroller.permission.ui.GrantPermissionsActivity,topStateChangedWhenResumed]
11-05 02:15:21.626 1507 5224 I wm_finish_activity: [0,179321053,121,com.android.permissioncontroller/.permission.ui.GrantPermissionsActivity,app-request]
11-05 02:15:21.645 1507 5224 I wm_pause_activity: [0,179321053,com.android.permissioncontroller/.permission.ui.GrantPermissionsActivity,userLeaving=false,finish]
11-05 02:15:21.653 2368 2368 I wm_on_top_resumed_lost_called: [179321053,com.android.permissioncontroller.permission.ui.GrantPermissionsActivity,topStateChangedWhenResumed]
11-05 02:15:21.654 2368 2368 I wm_on_paused_called: [179321053,com.android.permissioncontroller.permission.ui.GrantPermissionsActivity,performPause]
11-05 02:15:21.655 1507 6558 I wm_add_to_stopping: [0,179321053,com.android.permissioncontroller/.permission.ui.GrantPermissionsActivity,completeFinishing]
11-05 02:15:21.655 1507 6558 I wm_set_resumed_activity: [0,com.android.deskclock/.DeskClock,resumeTopActivityInnerLocked]
11-05 02:15:21.656 1507 6558 I wm_resume_activity: [0,156082928,121,com.android.deskclock/.DeskClock]
11-05 02:15:21.665 1507 1629 I input_focus: [Focus request e325b23 com.android.deskclock/com.android.deskclock.DeskClock,reason=UpdateInputWindows]
11-05 02:15:21.665 1507 1628 I sysui_multi_action: [757,803,799,window_time_0,802,0]
11-05 02:15:21.680 1507 1625 I wm_activity_launch_time: [0,179321053,com.android.permissioncontroller/.permission.ui.GrantPermissionsActivity,183]
11-05 02:15:21.681 5990 5990 I wm_on_activity_result_called: [156082928,com.android.deskclock.DeskClock,ACTIVITY_RESULT]
11-05 02:15:21.681 5990 5990 I wm_on_resume_called: [156082928,com.android.deskclock.DeskClock,RESUME_ACTIVITY]
11-05 02:15:21.684 5990 5990 I wm_on_top_resumed_gained_called: [156082928,com.android.deskclock.DeskClock,topWhenResuming]
11-05 02:15:21.697 1507 2002 I input_focus: [Focus entering e325b23 com.android.deskclock/com.android.deskclock.DeskClock (server),reason=Window became focusable. Previous reason: NOT_VISIBLE]
11-05 02:15:22.111 1507 1628 I wm_destroy_activity: [0,179321053,121,com.android.permissioncontroller/.permission.ui.GrantPermissionsActivity,finish-imm:idle]
11-05 02:15:22.112 1507 1628 I wm_stop_activity: [0,94458931,com.android.launcher3/.uioverrides.QuickstepLauncher]
11-05 02:15:22.116 2368 2368 I wm_on_stop_called: [179321053,com.android.permissioncontroller.permission.ui.GrantPermissionsActivity,LIFECYCLER_STOP_ACTIVITY]
11-05 02:15:22.118 2368 2368 I wm_on_destroy_called: [179321053,com.android.permissioncontroller.permission.ui.GrantPermissionsActivity,performDestroy]
11-05 02:15:22.169 2835 2835 I wm_on_stop_called: [94458931,com.android.launcher3.uioverrides.QuickstepLauncher,STOP_ACTIVITY_ITEM]
11-05 02:15:23.422 1507 2002 I input_interaction: Interaction with: e325b23 com.android.deskclock/com.android.deskclock.DeskClock (server), edge-swipe (server), swipe-up (server), PointerEventDispatcher0 (server),
11-05 02:15:23.445 1507 5224 I wm_task_moved: [1,0,0]
11-05 02:15:23.446 1507 5224 I wm_task_moved: [1,0,7]
11-05 02:15:23.469 2835 2835 I wm_on_restart_called: [94458931,com.android.launcher3.uioverrides.QuickstepLauncher,performRestartActivity]
11-05 02:15:23.495 2835 2835 I wm_on_start_called: [94458931,com.android.launcher3.uioverrides.QuickstepLauncher,handleStartActivity]
11-05 02:15:23.496 5990 5990 I view_enqueue_input_event: [Motion - Cancel,com.android.deskclock/com.android.deskclock.DeskClock]
11-05 02:15:23.497 1507 1629 I input_focus: [Focus request recents_animation_input_consumer,reason=UpdateInputWindows]
11-05 02:15:23.497 1507 2002 I input_interaction: Interaction with: edge-swipe (server), swipe-up (server), PointerEventDispatcher0 (server),
11-05 02:15:23.504 2835 2835 I sysui_latency: [1,83]
11-05 02:15:23.517 1507 1625 I sysui_multi_action: [319,18,322,65,325,3797,757,761,758,9,759,5,806,com.android.launcher3,871,com.android.launcher3.uioverrides.QuickstepLauncher,905,0,1320,4,1321,1]
11-05 02:15:23.519 1507 2002 I input_focus: [Focus leaving e325b23 com.android.deskclock/com.android.deskclock.DeskClock (server),reason=NOT_FOCUSABLE]
11-05 02:15:23.520 1507 2002 I input_focus: [Focus entering recents_animation_input_consumer (server),reason=setFocusedWindow]
11-05 02:15:23.698 1507 1751 I commit_sys_config_file: [settings-1-0,4]
11-05 02:15:23.811 1507 1642 I sysui_latency: [8,79]
11-05 02:15:24.222 1507 2725 I wm_task_moved: [1,1,8]
11-05 02:15:24.222 1507 2725 I wm_task_moved: [10,1,2147483647]
11-05 02:15:24.222 1507 2725 I wm_task_to_front: [0,10]
11-05 02:15:24.222 1507 2725 I wm_focused_root_task: [0,0,1,121,RecentsAnimation.onAnimationFinished()]
11-05 02:15:24.223 1507 2725 I wm_set_resumed_activity: [0,com.android.launcher3/.uioverrides.QuickstepLauncher,RecentsAnimation.onAnimationFinished()]
11-05 02:15:24.223 5990 5990 I wm_on_top_resumed_lost_called: [156082928,com.android.deskclock.DeskClock,topStateChangedWhenResumed]
11-05 02:15:24.224 1507 2725 I wm_pause_activity: [0,156082928,com.android.deskclock/.DeskClock,userLeaving=true,pauseBackTasks]
11-05 02:15:24.226 1507 2725 I wm_add_to_stopping: [0,156082928,com.android.deskclock/.DeskClock,makeInvisible]
11-05 02:15:24.226 1507 2725 I wm_set_resumed_activity: [0,com.android.launcher3/.uioverrides.QuickstepLauncher,resumeTopActivityInnerLocked]
11-05 02:15:24.228 1507 2725 I wm_resume_activity: [0,94458931,10,com.android.launcher3/.uioverrides.QuickstepLauncher]
11-05 02:15:24.229 2835 2835 I wm_on_resume_called: [94458931,com.android.launcher3.uioverrides.QuickstepLauncher,RESUME_ACTIVITY]
11-05 02:15:24.236 2835 2835 I wm_on_top_resumed_gained_called: [94458931,com.android.launcher3.uioverrides.QuickstepLauncher,topStateChangedWhenResumed]
11-05 02:15:24.237 5990 5990 I wm_on_paused_called: [156082928,com.android.deskclock.DeskClock,performPause]
11-05 02:15:24.239 1507 1629 I input_focus: [Focus request 2395a3e com.android.launcher3/com.android.launcher3.uioverrides.QuickstepLauncher,reason=UpdateInputWindows]
11-05 02:15:24.252 1507 2002 I input_focus: [Focus leaving recents_animation_input_consumer (server),reason=NOT_VISIBLE]
11-05 02:15:24.252 1507 2002 I input_focus: [Focus entering 2395a3e com.android.launcher3/com.android.launcher3.uioverrides.QuickstepLauncher (server),reason=setFocusedWindow]
11-05 02:15:24.259 1507 1628 I wm_stop_activity: [0,156082928,com.android.deskclock/.DeskClock]
11-05 02:15:24.266 1507 1628 I sysui_multi_action: [757,803,799,window_time_0,802,2]
11-05 02:15:24.267 1507 1628 I sysui_multi_action: [757,803,799,window_time_0,802,0]
11-05 02:15:24.269 5990 5990 I wm_on_stop_called: [156082928,com.android.deskclock.DeskClock,STOP_ACTIVITY_ITEM]
11-05 02:15:24.584 1507 2002 I input_interaction: Interaction with: 2395a3e com.android.launcher3/com.android.launcher3.uioverrides.QuickstepLauncher (server), ef1bc93 com.android.systemui.ImageWallpaper (server), edge-swipe (server), swipe-up (server), PointerEventDispatcher0 (server),
11-05 02:15:24.641 1507 4894 I wm_task_created: [122,-1]
11-05 02:15:24.647 1507 4894 I wm_task_moved: [122,1,9]
11-05 02:15:24.647 1507 4894 I wm_task_to_front: [0,122]
11-05 02:15:24.648 1507 4894 I wm_create_task: [0,122]
11-05 02:15:24.648 1507 4894 I wm_create_activity: [0,69443694,122,com.android.gallery3d/.app.GalleryActivity,android.intent.action.MAIN,NULL,NULL,270532608]
11-05 02:15:24.648 1507 4894 I wm_task_moved: [122,1,9]
11-05 02:15:24.650 1507 4894 I wm_pause_activity: [0,94458931,com.android.launcher3/.uioverrides.QuickstepLauncher,userLeaving=true,pauseBackTasks]
11-05 02:15:24.659 2835 2835 I wm_on_top_resumed_lost_called: [94458931,com.android.launcher3.uioverrides.QuickstepLauncher,topStateChangedWhenResumed]
11-05 02:15:24.662 2835 2835 I wm_on_paused_called: [94458931,com.android.launcher3.uioverrides.QuickstepLauncher,performPause]
11-05 02:15:24.666 1507 4894 I wm_add_to_stopping: [0,94458931,com.android.launcher3/.uioverrides.QuickstepLauncher,makeInvisible]
11-05 02:15:24.667 1507 4894 I wm_restart_activity: [0,69443694,122,com.android.gallery3d/.app.GalleryActivity]
11-05 02:15:24.669 1507 4894 I wm_set_resumed_activity: [0,com.android.gallery3d/.app.GalleryActivity,minimalResumeActivityLocked]
11-05 02:15:24.673 1507 1628 I am_uid_active: 10069
11-05 02:15:24.681 1507 1628 I sysui_multi_action: [757,803,799,window_time_0,802,1]
11-05 02:15:24.685 1507 2002 I input_focus: [Focus leaving 2395a3e com.android.launcher3/com.android.launcher3.uioverrides.QuickstepLauncher (server),reason=NO_WINDOW]
11-05 02:15:24.733 11222 11222 I wm_on_create_called: [69443694,com.android.gallery3d.app.GalleryActivity,performCreate]
11-05 02:15:24.734 11222 11222 I wm_on_start_called: [69443694,com.android.gallery3d.app.GalleryActivity,handleStartActivity]
11-05 02:15:24.740 11222 11222 I wm_on_resume_called: [69443694,com.android.gallery3d.app.GalleryActivity,RESUME_ACTIVITY]
11-05 02:15:24.747 11222 11222 I wm_on_top_resumed_gained_called: [69443694,com.android.gallery3d.app.GalleryActivity,topStateChangedWhenResumed]
11-05 02:15:24.760 1507 1629 I input_focus: [Focus request 51b9b82 com.android.gallery3d/com.android.gallery3d.app.GalleryActivity,reason=UpdateInputWindows]
11-05 02:15:24.766 1507 1507 I notification_enqueue: [10081,2365,com.android.systemui,2048,NULL,0,Notification(channel=updateNotification shortcut=null contentView=null vibrate=null sound=null defaults=0x0 flags=0x0 color=0x00000000 vis=PRIVATE),1]
11-05 02:15:24.766 2365 2365 I sysui_multi_action: [757,111,758,2]
11-05 02:15:24.768 2365 2365 I sysui_multi_action: [757,111,758,2]
11-05 02:15:24.789 2365 2365 I sysui_multi_action: [757,111,758,1]
11-05 02:15:24.789 2365 2365 I sysui_multi_action: [757,126,758,1,759,126,927,0,928,1,1593,0]
11-05 02:15:24.789 2365 2365 I sysui_multi_action: [757,113,758,1,759,113,927,1,928,1,1593,0]
11-05 02:15:24.789 2365 2365 I sysui_multi_action: [757,0,758,1,759,0,927,2,928,0,1593,0]
11-05 02:15:24.789 2365 2365 I sysui_multi_action: [757,0,758,1,759,0,927,3,928,0,1593,0]
11-05 02:15:24.789 2365 2365 I sysui_multi_action: [757,491,758,1,759,491,927,4,928,0,1311,-1,1593,0]
11-05 02:15:24.789 2365 2365 I sysui_multi_action: [757,0,758,1,759,0,927,5,928,0,1593,0]
11-05 02:15:24.789 2365 2365 I sysui_multi_action: [757,114,758,1,759,114,927,6,928,0,1593,0]
11-05 02:15:24.789 2365 2365 I sysui_multi_action: [757,120,758,1,759,120,927,7,928,0,1593,0]
11-05 02:15:24.789 2365 2365 I sysui_multi_action: [757,111,758,1]
11-05 02:15:24.790 2365 2365 I sysui_multi_action: [757,126,758,1,759,126,927,0,928,1,1593,0]
11-05 02:15:24.790 2365 2365 I sysui_multi_action: [757,113,758,1,759,113,927,1,928,1,1593,0]
11-05 02:15:24.790 2365 2365 I sysui_multi_action: [757,0,758,1,759,0,927,2,928,0,1593,0]
11-05 02:15:24.790 2365 2365 I sysui_multi_action: [757,0,758,1,759,0,927,3,928,0,1593,0]
11-05 02:15:24.810 1507 1625 I sysui_multi_action: [319,84,321,81,322,171,325,3799,757,761,758,8,759,1,806,com.android.gallery3d,871,com.android.gallery3d.app.GalleryActivity,904,com.android.launcher3,905,0,1320,4,1321,1]
11-05 02:15:24.811 1507 1625 I wm_activity_launch_time: [0,69443694,com.android.gallery3d/.app.GalleryActivity,171]
11-05 02:15:24.820 1507 2002 I input_focus: [Focus entering 51b9b82 com.android.gallery3d/com.android.gallery3d.app.GalleryActivity (server),reason=Window became focusable. Previous reason: NOT_VISIBLE]
11-05 02:15:25.273 1507 1628 I wm_stop_activity: [0,94458931,com.android.launcher3/.uioverrides.QuickstepLauncher]
11-05 02:15:25.348 2835 2835 I wm_on_stop_called: [94458931,com.android.launcher3.uioverrides.QuickstepLauncher,STOP_ACTIVITY_ITEM]
11-05 02:15:27.266 1507 2002 I input_interaction: Interaction with: 51b9b82 com.android.gallery3d/com.android.gallery3d.app.GalleryActivity (server), edge-swipe (server), swipe-up (server), PointerEventDispatcher0 (server),
11-05 02:15:27.290 1507 2980 I wm_task_moved: [1,0,0]
11-05 02:15:27.291 1507 2980 I wm_task_moved: [1,0,8]
11-05 02:15:27.306 2835 2835 I wm_on_restart_called: [94458931,com.android.launcher3.uioverrides.QuickstepLauncher,performRestartActivity]
11-05 02:15:27.330 2835 2835 I wm_on_start_called: [94458931,com.android.launcher3.uioverrides.QuickstepLauncher,handleStartActivity]
11-05 02:15:27.350 1507 1625 I sysui_multi_action: [319,14,322,55,325,3801,757,761,758,9,759,5,806,com.android.launcher3,871,com.android.launcher3.uioverrides.QuickstepLauncher,905,0,1320,4,1321,1]
11-05 02:15:27.354 11222 11222 I view_enqueue_input_event: [Motion - Cancel,com.android.gallery3d/com.android.gallery3d.app.GalleryActivity]
11-05 02:15:27.355 2835 2835 I sysui_latency: [1,74]
11-05 02:15:27.359 1507 2002 I input_interaction: Interaction with: edge-swipe (server), swipe-up (server), PointerEventDispatcher0 (server),
11-05 02:15:27.362 1507 1629 I input_focus: [Focus request recents_animation_input_consumer,reason=UpdateInputWindows]
11-05 02:15:27.392 1507 2002 I input_focus: [Focus leaving 51b9b82 com.android.gallery3d/com.android.gallery3d.app.GalleryActivity (server),reason=NOT_FOCUSABLE]
11-05 02:15:27.392 1507 2002 I input_focus: [Focus entering recents_animation_input_consumer (server),reason=setFocusedWindow]
11-05 02:15:27.535 1507 1751 I commit_sys_config_file: [settings-1-0,6]
11-05 02:15:27.648 1507 1642 I sysui_latency: [8,72]
11-05 02:15:28.651 1507 1751 I commit_sys_config_file: [settings-1-0,4]
11-05 02:15:31.539 1507 2002 I input_interaction: Interaction with: 2395a3e com.android.launcher3/com.android.launcher3.uioverrides.QuickstepLauncher (server), edge-swipe (server), swipe-up (server), PointerEventDispatcher0 (server),
11-05 02:15:31.624 1507 2725 I wm_task_moved: [1,1,9]
11-05 02:15:31.630 1507 2725 I wm_focused_root_task: [0,0,1,122,startActivityFromRecents]
11-05 02:15:31.631 11222 11222 I wm_on_top_resumed_lost_called: [69443694,com.android.gallery3d.app.GalleryActivity,topStateChangedWhenResumed]
11-05 02:15:31.631 1507 2725 I wm_task_moved: [120,1,9]
11-05 02:15:31.631 1507 2725 I wm_task_to_front: [0,120]
11-05 02:15:31.632 1507 2725 I wm_focused_root_task: [0,0,120,1,moveTaskToFront findTaskToMoveToFront]
11-05 02:15:31.633 1507 2725 I wm_set_resumed_activity: [0,com.android.music/.VideoBrowserActivity,moveTaskToFront findTaskToMoveToFront]
11-05 02:15:31.635 1507 2725 I wm_pause_activity: [0,69443694,com.android.gallery3d/.app.GalleryActivity,userLeaving=true,pauseBackTasks]
11-05 02:15:31.673 11222 11222 I wm_on_paused_called: [69443694,com.android.gallery3d.app.GalleryActivity,performPause]
11-05 02:15:31.675 1507 6558 I wm_set_resumed_activity: [0,com.android.music/.VideoBrowserActivity,resumeTopActivityInnerLocked]
11-05 02:15:31.676 1507 6558 I wm_add_to_stopping: [0,69443694,com.android.gallery3d/.app.GalleryActivity,makeInvisible]
11-05 02:15:31.683 1507 6558 I service_manager_stats: [100,88,55592]
11-05 02:15:31.685 1507 6558 I wm_resume_activity: [0,45193091,120,com.android.music/.VideoBrowserActivity]
11-05 02:15:31.695 1507 1628 I sysui_multi_action: [757,803,799,window_time_0,802,7]
11-05 02:15:31.700 11607 11607 I wm_on_restart_called: [45193091,com.android.music.VideoBrowserActivity,performRestartActivity]
11-05 02:15:31.700 11607 11607 I wm_on_start_called: [45193091,com.android.music.VideoBrowserActivity,handleStartActivity]
11-05 02:15:31.700 11607 11607 I wm_on_resume_called: [45193091,com.android.music.VideoBrowserActivity,RESUME_ACTIVITY]
11-05 02:15:31.700 11607 11607 I wm_on_top_resumed_gained_called: [45193091,com.android.music.VideoBrowserActivity,topWhenResuming]
11-05 02:15:31.701 1507 1642 I am_pss : [11607,10090,com.android.music,33855488,28422144,0,153415680,0,2,8]
11-05 02:15:31.730 1507 1625 I sysui_multi_action: [319,60,321,56,322,87,325,3806,757,761,758,9,759,4,806,com.android.music,871,com.android.music.VideoBrowserActivity,904,com.android.launcher3,905,0,1320,4,1321,1]
11-05 02:15:32.067 1507 2980 I wm_task_moved: [1,0,7]
11-05 02:15:32.069 1507 2980 I wm_add_to_stopping: [0,94458931,com.android.launcher3/.uioverrides.QuickstepLauncher,makeInvisible]
11-05 02:15:32.081 1507 1628 I wm_stop_activity: [0,94458931,com.android.launcher3/.uioverrides.QuickstepLauncher]
11-05 02:15:32.081 1507 1628 I wm_stop_activity: [0,69443694,com.android.gallery3d/.app.GalleryActivity]
11-05 02:15:32.083 1507 1629 I input_focus: [Focus request 6a507e2 com.android.music/com.android.music.VideoBrowserActivity,reason=UpdateInputWindows]
11-05 02:15:32.093 11222 11222 I wm_on_stop_called: [69443694,com.android.gallery3d.app.GalleryActivity,STOP_ACTIVITY_ITEM]
11-05 02:15:32.097 1507 2002 I input_focus: [Focus leaving recents_animation_input_consumer (server),reason=NOT_VISIBLE]
11-05 02:15:32.097 1507 2002 I input_focus: [Focus entering 6a507e2 com.android.music/com.android.music.VideoBrowserActivity (server),reason=setFocusedWindow]
11-05 02:15:32.151 2835 2835 I wm_on_stop_called: [94458931,com.android.launcher3.uioverrides.QuickstepLauncher,STOP_ACTIVITY_ITEM]
11-05 02:15:34.531 1507 1645 I am_uid_idle: 10043
11-05 02:15:37.498 1507 2292 I netstats_mobile_sample: [0,0,0,0,0,0,0,0,0,0,0,0,1667585737498]
11-05 02:15:37.498 1507 2292 I netstats_wifi_sample: [0,0,0,0,0,0,0,0,0,0,0,0,1667585737498]
11-05 02:15:37.767 1507 2002 I input_interaction: Interaction with: 6a507e2 com.android.music/com.android.music.VideoBrowserActivity (server), edge-swipe (server), swipe-up (server), PointerEventDispatcher0 (server),
11-05 02:15:37.790 1507 2725 I wm_task_moved: [1,0,0]
11-05 02:15:37.791 1507 2725 I wm_task_moved: [1,0,8]
11-05 02:15:37.818 2835 2835 I wm_on_restart_called: [94458931,com.android.launcher3.uioverrides.QuickstepLauncher,performRestartActivity]
11-05 02:15:37.840 2835 2835 I wm_on_start_called: [94458931,com.android.launcher3.uioverrides.QuickstepLauncher,handleStartActivity]
11-05 02:15:37.859 1507 1625 I sysui_multi_action: [319,14,322,64,325,3812,757,761,758,9,759,5,806,com.android.launcher3,871,com.android.launcher3.uioverrides.QuickstepLauncher,905,0,1320,4,1321,1]
11-05 02:15:37.932 11607 11607 I view_enqueue_input_event: [Motion - Cancel,com.android.music/com.android.music.VideoBrowserActivity]
11-05 02:15:37.934 2835 2835 I sysui_latency: [1,83]
11-05 02:15:37.939 1507 2002 I input_interaction: Interaction with: edge-swipe (server), swipe-up (server), PointerEventDispatcher0 (server),
11-05 02:15:37.948 1507 1629 I input_focus: [Focus request recents_animation_input_consumer,reason=UpdateInputWindows]
11-05 02:15:37.968 1507 2002 I input_focus: [Focus leaving 6a507e2 com.android.music/com.android.music.VideoBrowserActivity (server),reason=NOT_FOCUSABLE]
11-05 02:15:37.968 1507 2002 I input_focus: [Focus entering recents_animation_input_consumer (server),reason=setFocusedWindow]
11-05 02:15:38.046 1507 1751 I commit_sys_config_file: [settings-1-0,7]
11-05 02:15:38.157 1507 1642 I sysui_latency: [8,80]
11-05 02:15:38.518 1507 5662 I wm_task_moved: [1,0,7]
11-05 02:15:38.519 1507 5662 I wm_add_to_stopping: [0,94458931,com.android.launcher3/.uioverrides.QuickstepLauncher,makeInvisible]
11-05 02:15:38.533 1507 1629 I input_focus: [Focus request 6a507e2 com.android.music/com.android.music.VideoBrowserActivity,reason=UpdateInputWindows]
11-05 02:15:38.535 1507 1628 I wm_stop_activity: [0,94458931,com.android.launcher3/.uioverrides.QuickstepLauncher]
11-05 02:15:38.552 1507 2002 I input_focus: [Focus leaving recents_animation_input_consumer (server),reason=NOT_VISIBLE]
11-05 02:15:38.552 1507 2002 I input_focus: [Focus entering 6a507e2 com.android.music/com.android.music.VideoBrowserActivity (server),reason=setFocusedWindow]
11-05 02:15:38.568 2835 2835 I wm_on_stop_called: [94458931,com.android.launcher3.uioverrides.QuickstepLauncher,STOP_ACTIVITY_ITEM]
11-05 02:15:38.758 1507 1751 I commit_sys_config_file: [settings-1-0,3]
11-05 02:15:38.822 1507 1507 I notification_enqueue: [1000,1507,android,17303299,com.android.wifi,0,Notification(channel=NETWORK_AVAILABLE shortcut=null contentView=null vibrate=null sound=null tick defaults=0x0 flags=0x100 color=0x00000000 actions=2 vis=PRIVATE),0]
11-05 02:15:39.024 1507 1507 I sysui_multi_action: [757,1501,758,1,793,203,794,0,795,203,796,17303299,797,com.android.wifi,806,android,857,NETWORK_AVAILABLE,858,2,947,0,1500,0,1688,1]
11-05 02:15:39.025 1507 1507 I sysui_multi_action: [757,804,799,note_interruptive,801,0,802,1]
11-05 02:15:39.132 1507 2002 I input_interaction: Interaction with: 6a507e2 com.android.music/com.android.music.VideoBrowserActivity (server), edge-swipe (server), swipe-up (server), PointerEventDispatcher0 (server),
11-05 02:15:39.138 1507 1777 I wm_task_moved: [1,0,0]
11-05 02:15:39.139 1507 1777 I wm_task_moved: [1,0,8]
11-05 02:15:39.142 2835 2835 I wm_on_restart_called: [94458931,com.android.launcher3.uioverrides.QuickstepLauncher,performRestartActivity]
11-05 02:15:39.159 2835 2835 I wm_on_start_called: [94458931,com.android.launcher3.uioverrides.QuickstepLauncher,handleStartActivity]
11-05 02:15:39.180 1507 1625 I sysui_multi_action: [319,9,322,33,325,3813,757,761,758,9,759,5,806,com.android.launcher3,871,com.android.launcher3.uioverrides.QuickstepLauncher,905,0,1320,4,1321,1]
11-05 02:15:39.269 11607 11607 I view_enqueue_input_event: [Motion - Cancel,com.android.music/com.android.music.VideoBrowserActivity]
11-05 02:15:39.270 2835 2835 I sysui_latency: [1,36]
11-05 02:15:39.281 1507 2002 I input_interaction: Interaction with: edge-swipe (server), swipe-up (server), PointerEventDispatcher0 (server),
11-05 02:15:39.285 1507 1629 I input_focus: [Focus request recents_animation_input_consumer,reason=UpdateInputWindows]
11-05 02:15:39.321 1507 2002 I input_focus: [Focus leaving 6a507e2 com.android.music/com.android.music.VideoBrowserActivity (server),reason=NOT_FOCUSABLE]
11-05 02:15:39.321 1507 2002 I input_focus: [Focus entering recents_animation_input_consumer (server),reason=setFocusedWindow]
11-05 02:15:39.362 1507 1751 I commit_sys_config_file: [settings-1-0,5]
11-05 02:15:39.473 1507 1642 I sysui_latency: [8,37]
11-05 02:15:40.127 1507 1751 I commit_sys_config_file: [settings-1-0,8]
11-05 02:15:40.527 1507 2002 I input_interaction: Interaction with: 2395a3e com.android.launcher3/com.android.launcher3.uioverrides.QuickstepLauncher (server), edge-swipe (server), swipe-up (server), PointerEventDispatcher0 (server),
11-05 02:15:41.035 1507 1777 I wm_task_moved: [1,1,9]
11-05 02:15:41.038 1507 1777 I wm_task_moved: [10,1,2147483647]
11-05 02:15:41.039 1507 1777 I wm_task_to_front: [0,10]
11-05 02:15:41.039 1507 1777 I wm_focused_root_task: [0,0,1,120,RecentsAnimation.onAnimationFinished()]
11-05 02:15:41.039 11607 11607 I wm_on_top_resumed_lost_called: [45193091,com.android.music.VideoBrowserActivity,topStateChangedWhenResumed]
11-05 02:15:41.039 1507 1777 I wm_set_resumed_activity: [0,com.android.launcher3/.uioverrides.QuickstepLauncher,RecentsAnimation.onAnimationFinished()]
11-05 02:15:41.043 1507 1777 I wm_pause_activity: [0,45193091,com.android.music/.VideoBrowserActivity,userLeaving=true,pauseBackTasks]
11-05 02:15:41.045 1507 1777 I wm_add_to_stopping: [0,45193091,com.android.music/.VideoBrowserActivity,makeInvisible]
11-05 02:15:41.047 1507 1777 I wm_set_resumed_activity: [0,com.android.launcher3/.uioverrides.QuickstepLauncher,resumeTopActivityInnerLocked]
11-05 02:15:41.051 1507 1777 I wm_resume_activity: [0,94458931,10,com.android.launcher3/.uioverrides.QuickstepLauncher]
11-05 02:15:41.055 2835 2835 I wm_on_resume_called: [94458931,com.android.launcher3.uioverrides.QuickstepLauncher,RESUME_ACTIVITY]
11-05 02:15:41.061 1507 1629 I input_focus: [Focus request 2395a3e com.android.launcher3/com.android.launcher3.uioverrides.QuickstepLauncher,reason=UpdateInputWindows]
11-05 02:15:41.068 11607 11607 I wm_on_paused_called: [45193091,com.android.music.VideoBrowserActivity,performPause]
11-05 02:15:41.070 1507 5662 I wm_stop_activity: [0,45193091,com.android.music/.VideoBrowserActivity]
11-05 02:15:41.071 1507 1628 I sysui_multi_action: [757,803,799,window_time_0,802,9]
11-05 02:15:41.072 1507 1628 I sysui_multi_action: [757,803,799,window_time_0,802,0]
11-05 02:15:41.082 1507 2002 I input_focus: [Focus leaving recents_animation_input_consumer (server),reason=NOT_VISIBLE]
11-05 02:15:41.082 1507 2002 I input_focus: [Focus entering 2395a3e com.android.launcher3/com.android.launcher3.uioverrides.QuickstepLauncher (server),reason=setFocusedWindow]
11-05 02:15:41.094 11607 11607 I wm_on_stop_called: [45193091,com.android.music.VideoBrowserActivity,STOP_ACTIVITY_ITEM]
11-05 02:15:41.115 2835 2835 I wm_on_top_resumed_gained_called: [94458931,com.android.launcher3.uioverrides.QuickstepLauncher,topStateChangedWhenResumed]
11-05 02:15:42.173 1507 2002 I input_interaction: Interaction with: 2395a3e com.android.launcher3/com.android.launcher3.uioverrides.QuickstepLauncher (server), ef1bc93 com.android.systemui.ImageWallpaper (server), edge-swipe (server), swipe-up (server), PointerEventDispatcher0 (server),
11-05 02:15:43.403 1507 1777 I wm_task_moved: [120,1,9]
11-05 02:15:43.403 1507 1777 I wm_task_to_front: [0,120]
11-05 02:15:43.408 1507 1777 I wm_focused_root_task: [0,0,120,1,bringingFoundTaskToFront]
11-05 02:15:43.409 1507 1777 I wm_set_resumed_activity: [0,com.android.music/.VideoBrowserActivity,bringingFoundTaskToFront]
11-05 02:15:43.413 1507 1777 I wm_set_resumed_activity: [0,com.android.music/.VideoBrowserActivity,resumeTopActivityInnerLocked]
11-05 02:15:43.414 1507 1777 I wm_resume_activity: [0,45193091,120,com.android.music/.VideoBrowserActivity]
11-05 02:15:43.416 1507 1777 I wm_finish_activity: [0,45193091,120,com.android.music/.VideoBrowserActivity,clear-task-all]
11-05 02:15:43.416 1507 1777 I wm_pause_activity: [0,45193091,com.android.music/.VideoBrowserActivity,userLeaving=false,finish]
11-05 02:15:43.419 1507 1777 I wm_task_moved: [120,1,9]
11-05 02:15:43.419 1507 1777 I wm_create_activity: [0,219621320,120,com.android.music/.VideoBrowserActivity,NULL,NULL,NULL,272662528]
11-05 02:15:43.425 2835 2835 I wm_on_top_resumed_lost_called: [94458931,com.android.launcher3.uioverrides.QuickstepLauncher,topStateChangedWhenResumed]
11-05 02:15:43.431 11607 11607 I wm_on_restart_called: [45193091,com.android.music.VideoBrowserActivity,performRestartActivity]
11-05 02:15:43.431 11607 11607 I wm_on_start_called: [45193091,com.android.music.VideoBrowserActivity,handleStartActivity]
11-05 02:15:43.431 11607 11607 I wm_on_resume_called: [45193091,com.android.music.VideoBrowserActivity,RESUME_ACTIVITY]
11-05 02:15:43.432 11607 11607 I wm_on_paused_called: [45193091,com.android.music.VideoBrowserActivity,performPause]
11-05 02:15:43.432 1507 6558 I wm_add_to_stopping: [0,45193091,com.android.music/.VideoBrowserActivity,completeFinishing]
11-05 02:15:43.436 1507 6558 I wm_restart_activity: [0,219621320,120,com.android.music/.VideoBrowserActivity]
11-05 02:15:43.437 1507 6558 I wm_set_resumed_activity: [0,com.android.music/.VideoBrowserActivity,minimalResumeActivityLocked]
11-05 02:15:43.442 1507 1628 I sysui_multi_action: [757,803,799,window_time_0,802,2]
11-05 02:15:43.478 11607 11607 I wm_on_create_called: [219621320,com.android.music.VideoBrowserActivity,performCreate]
11-05 02:15:43.479 11607 11607 I wm_on_start_called: [219621320,com.android.music.VideoBrowserActivity,handleStartActivity]
11-05 02:15:43.480 11607 11607 I wm_on_resume_called: [219621320,com.android.music.VideoBrowserActivity,RESUME_ACTIVITY]
11-05 02:15:43.481 11607 11607 I wm_on_top_resumed_gained_called: [219621320,com.android.music.VideoBrowserActivity,topStateChangedWhenResumed]
11-05 02:15:43.492 1507 1629 I input_focus: [Focus request 66f01e3 com.android.music/com.android.music.VideoBrowserActivity,reason=UpdateInputWindows]
11-05 02:15:43.503 1507 1625 I wm_activity_launch_time: [0,219621320,com.android.music/.VideoBrowserActivity,103]
11-05 02:15:43.515 1507 2002 I input_focus: [Focus leaving 2395a3e com.android.launcher3/com.android.launcher3.uioverrides.QuickstepLauncher (server),reason=setFocusedWindow]
11-05 02:15:43.515 1507 2002 I input_focus: [Focus entering 66f01e3 com.android.music/com.android.music.VideoBrowserActivity (server),reason=setFocusedWindow]
11-05 02:15:43.785 1507 1628 I wm_destroy_activity: [0,45193091,120,com.android.music/.VideoBrowserActivity,finish-imm:idle]
11-05 02:15:43.799 11607 11607 I wm_on_stop_called: [45193091,com.android.music.VideoBrowserActivity,LIFECYCLER_STOP_ACTIVITY]
11-05 02:15:43.801 11607 11607 I wm_on_destroy_called: [45193091,com.android.music.VideoBrowserActivity,performDestroy]
11-05 02:15:44.744 1507 2002 I input_interaction: Interaction with: 66f01e3 com.android.music/com.android.music.VideoBrowserActivity (server), edge-swipe (server), swipe-up (server), PointerEventDispatcher0 (server),
11-05 02:15:44.925 1507 6558 I wm_relaunch_resume_activity: [0,219621320,120,com.android.music/.VideoBrowserActivity]
11-05 02:15:44.927 1507 6558 I wm_add_to_stopping: [0,94458931,com.android.launcher3/.uioverrides.QuickstepLauncher,makeInvisible]
11-05 02:15:44.944 11607 11607 I wm_on_top_resumed_lost_called: [219621320,com.android.music.VideoBrowserActivity,pausing]
11-05 02:15:44.944 11607 11607 I wm_on_paused_called: [219621320,com.android.music.VideoBrowserActivity,performPause]
11-05 02:15:44.944 11607 11607 I wm_on_stop_called: [219621320,com.android.music.VideoBrowserActivity,handleRelaunchActivity]
11-05 02:15:44.947 11607 11607 I wm_on_destroy_called: [219621320,com.android.music.VideoBrowserActivity,performDestroy]
11-05 02:15:44.973 11607 11607 I wm_on_create_called: [219621320,com.android.music.VideoBrowserActivity,performCreate]
11-05 02:15:44.974 11607 11607 I wm_on_start_called: [219621320,com.android.music.VideoBrowserActivity,handleStartActivity]
11-05 02:15:44.978 11607 11607 I wm_on_resume_called: [219621320,com.android.music.VideoBrowserActivity,RESUME_ACTIVITY]
11-05 02:15:44.978 11607 11607 I wm_on_top_resumed_gained_called: [219621320,com.android.music.VideoBrowserActivity,topWhenResuming]
11-05 02:15:45.338 1507 1628 I wm_stop_activity: [0,94458931,com.android.launcher3/.uioverrides.QuickstepLauncher]
11-05 02:15:45.376 2835 2835 I wm_on_paused_called: [94458931,com.android.launcher3.uioverrides.QuickstepLauncher,performPause]
11-05 02:15:45.380 2835 2835 I wm_on_stop_called: [94458931,com.android.launcher3.uioverrides.QuickstepLauncher,STOP_ACTIVITY_ITEM]
11-05 02:15:47.428 1507 2725 I wm_task_moved: [1,0,0]
11-05 02:15:47.429 1507 2725 I wm_task_moved: [1,0,8]
11-05 02:15:47.437 2835 2835 I wm_on_restart_called: [94458931,com.android.launcher3.uioverrides.QuickstepLauncher,performRestartActivity]
11-05 02:15:47.461 2835 2835 I wm_on_start_called: [94458931,com.android.launcher3.uioverrides.QuickstepLauncher,handleStartActivity]
11-05 02:15:47.481 1507 1625 I sysui_multi_action: [319,11,322,47,325,3821,757,761,758,9,759,5,806,com.android.launcher3,871,com.android.launcher3.uioverrides.QuickstepLauncher,905,0,1320,4,1321,1]
11-05 02:15:47.532 11607 11607 I view_enqueue_input_event: [Motion - Cancel,com.android.music/com.android.music.VideoBrowserActivity]
11-05 02:15:47.533 2835 2835 I sysui_latency: [1,58]
11-05 02:15:47.540 1507 2002 I input_interaction: Interaction with: edge-swipe (server), swipe-up (server), PointerEventDispatcher0 (server),
11-05 02:15:47.548 1507 1629 I input_focus: [Focus request recents_animation_input_consumer,reason=UpdateInputWindows]
11-05 02:15:47.573 1507 2002 I input_focus: [Focus leaving 66f01e3 com.android.music/com.android.music.VideoBrowserActivity (server),reason=NOT_FOCUSABLE]
11-05 02:15:47.574 1507 2002 I input_focus: [Focus entering recents_animation_input_consumer (server),reason=setFocusedWindow]
11-05 02:15:47.664 1507 1751 I commit_sys_config_file: [settings-1-0,4]
11-05 02:15:47.777 1507 1642 I sysui_latency: [8,57]
11-05 02:15:49.586 1507 1751 I commit_sys_config_file: [settings-1-0,6]
11-05 02:15:54.142 1507 2002 I input_interaction: Interaction with: 2395a3e com.android.launcher3/com.android.launcher3.uioverrides.QuickstepLauncher (server), edge-swipe (server), swipe-up (server), PointerEventDispatcher0 (server),
11-05 02:15:54.568 1507 5224 I wm_task_moved: [1,0,8]
11-05 02:15:54.569 1507 5224 I wm_add_to_stopping: [0,94458931,com.android.launcher3/.uioverrides.QuickstepLauncher,makeInvisible]
11-05 02:15:54.575 1507 1629 I input_focus: [Focus request 66f01e3 com.android.music/com.android.music.VideoBrowserActivity,reason=UpdateInputWindows]
11-05 02:15:54.576 1507 1628 I wm_stop_activity: [0,94458931,com.android.launcher3/.uioverrides.QuickstepLauncher]
11-05 02:15:54.608 1507 2002 I input_focus: [Focus leaving recents_animation_input_consumer (server),reason=NOT_VISIBLE]
11-05 02:15:54.608 1507 2002 I input_focus: [Focus entering 66f01e3 com.android.music/com.android.music.VideoBrowserActivity (server),reason=setFocusedWindow]
11-05 02:15:54.651 2835 2835 I wm_on_stop_called: [94458931,com.android.launcher3.uioverrides.QuickstepLauncher,STOP_ACTIVITY_ITEM]
11-05 02:16:11.153 1507 1507 I sysui_multi_action: [757,128,758,5,759,8,793,66367,794,0,795,65020,796,1,806,com.android.music,857,Channel-music,858,2,947,0,1500,65020,1641,transport,1688,1,1745,1043716538]
11-05 02:16:11.153 1507 1507 I notification_canceled: [0|com.android.music|1|null|10090,8,66367,65020,0,-1,-1,NULL]
11-05 02:16:11.176 1507 5224 I sysui_multi_action: [757,856,758,2,806,com.android.music,857,Channel-music,858,2]
11-05 02:16:11.177 1507 1507 I notification_cancel_all: [1000,1507,com.android.music,0,0,0,20,NULL]
11-05 02:16:11.187 1507 1507 I notification_enqueue: [10081,2365,com.android.systemui,1,empty_media,0,Notification(channel=empty_media_style_id shortcut=null contentView=null vibrate=null sound=null defaults=0x0 flags=0x20 color=0x00000000 category=transport actions=3 vis=PRIVATE),0]
11-05 02:16:11.389 1507 1507 I sysui_multi_action: [757,1501,758,1,793,204,794,0,795,204,796,1,797,empty_media,806,com.android.systemui,857,empty_media_style_id,858,4,947,0,1500,0,1641,transport,1688,1,1745,1043716538]
11-05 02:16:11.390 1507 1507 I sysui_multi_action: [757,804,799,note_interruptive,801,0,802,1]
11-05 02:16:11.434 1507 1627 I commit_sys_config_file: [notification-policy,3821749]
11-05 02:16:19.250 1507 9950 I commit_sys_config_file: [appops,3819585]
11-05 02:16:21.753 1507 1645 I am_uid_idle: 10094
11-05 02:16:24.271 1507 1645 I am_uid_idle: 10065
11-05 02:16:32.095 1507 1645 I am_uid_idle: 10069
11-05 02:16:38.951 1507 2002 I input_interaction: Interaction with: 66f01e3 com.android.music/com.android.music.VideoBrowserActivity (server), edge-swipe (server), swipe-up (server), PointerEventDispatcher0 (server),
11-05 02:16:38.966 1507 1777 I wm_task_moved: [1,0,0]
11-05 02:16:38.971 1507 1777 I wm_task_moved: [1,0,8]
11-05 02:16:38.989 2835 2835 I wm_on_restart_called: [94458931,com.android.launcher3.uioverrides.QuickstepLauncher,performRestartActivity]
11-05 02:16:39.012 2835 2835 I wm_on_start_called: [94458931,com.android.launcher3.uioverrides.QuickstepLauncher,handleStartActivity]
11-05 02:16:39.030 1507 1625 I sysui_multi_action: [319,15,322,59,325,3873,757,761,758,9,759,5,806,com.android.launcher3,871,com.android.launcher3.uioverrides.QuickstepLauncher,905,0,1320,4,1321,1]
11-05 02:16:39.038 11607 11607 I view_enqueue_input_event: [Motion - Cancel,com.android.music/com.android.music.VideoBrowserActivity]
11-05 02:16:39.039 2835 2835 I sysui_latency: [1,70]
11-05 02:16:39.045 1507 2002 I input_interaction: Interaction with: edge-swipe (server), swipe-up (server), PointerEventDispatcher0 (server),
11-05 02:16:39.046 1507 1629 I input_focus: [Focus request recents_animation_input_consumer,reason=UpdateInputWindows]
11-05 02:16:39.064 1507 2002 I input_focus: [Focus leaving 66f01e3 com.android.music/com.android.music.VideoBrowserActivity (server),reason=NOT_FOCUSABLE]
11-05 02:16:39.065 1507 2002 I input_focus: [Focus entering recents_animation_input_consumer (server),reason=setFocusedWindow]
11-05 02:16:39.221 1507 1751 I commit_sys_config_file: [settings-1-0,10]
11-05 02:16:39.327 1507 1642 I sysui_latency: [8,69]
11-05 02:16:39.812 1507 5662 I wm_task_moved: [1,1,9]
11-05 02:16:39.815 1507 5662 I wm_task_moved: [10,1,2147483647]
11-05 02:16:39.815 1507 5662 I wm_task_to_front: [0,10]
