11-05 02:16:39.815 1507 5662 I wm_focused_root_task: [0,0,1,120,RecentsAnimation.onAnimationFinished()]
11-05 02:16:39.815 11607 11607 I wm_on_top_resumed_lost_called: [219621320,com.android.music.VideoBrowserActivity,topStateChangedWhenResumed]
11-05 02:16:39.815 1507 5662 I wm_set_resumed_activity: [0,com.android.launcher3/.uioverrides.QuickstepLauncher,RecentsAnimation.onAnimationFinished()]
11-05 02:16:39.816 1507 5662 I wm_pause_activity: [0,219621320,com.android.music/.VideoBrowserActivity,userLeaving=true,pauseBackTasks]
11-05 02:16:39.817 1507 5662 I wm_add_to_stopping: [0,219621320,com.android.music/.VideoBrowserActivity,makeInvisible]
11-05 02:16:39.817 1507 5662 I wm_set_resumed_activity: [0,com.android.launcher3/.uioverrides.QuickstepLauncher,resumeTopActivityInnerLocked]
11-05 02:16:39.817 1507 5662 I wm_resume_activity: [0,94458931,10,com.android.launcher3/.uioverrides.QuickstepLauncher]
11-05 02:16:39.822 1507 1629 I input_focus: [Focus request 2395a3e com.android.launcher3/com.android.launcher3.uioverrides.QuickstepLauncher,reason=UpdateInputWindows]
11-05 02:16:39.824 2835 2835 I wm_on_resume_called: [94458931,com.android.launcher3.uioverrides.QuickstepLauncher,RESUME_ACTIVITY]
11-05 02:16:39.833 1507 2002 I input_focus: [Focus leaving recents_animation_input_consumer (server),reason=NOT_VISIBLE]
11-05 02:16:39.834 1507 2002 I input_focus: [Focus entering 2395a3e com.android.launcher3/com.android.launcher3.uioverrides.QuickstepLauncher (server),reason=setFocusedWindow]
11-05 02:16:39.834 1507 1628 I wm_stop_activity: [0,219621320,com.android.music/.VideoBrowserActivity]
11-05 02:16:39.835 1507 1628 I sysui_multi_action: [757,803,799,window_time_2,802,57]
11-05 02:16:39.835 11607 11607 I wm_on_paused_called: [219621320,com.android.music.VideoBrowserActivity,performPause]
11-05 02:16:39.848 1507 1628 I sysui_multi_action: [757,803,799,window_time_0,802,0]
11-05 02:16:39.862 2835 2835 I wm_on_top_resumed_gained_called: [94458931,com.android.launcher3.uioverrides.QuickstepLauncher,topStateChangedWhenResumed]
11-05 02:16:39.873 11607 11607 I wm_on_stop_called: [219621320,com.android.music.VideoBrowserActivity,STOP_ACTIVITY_ITEM]
11-05 02:16:40.957 1507 2002 I input_interaction: Interaction with: 2395a3e com.android.launcher3/com.android.launcher3.uioverrides.QuickstepLauncher (server), ef1bc93 com.android.systemui.ImageWallpaper (server), edge-swipe (server), swipe-up (server), PointerEventDispatcher0 (server),
11-05 02:16:47.830 1507 2980 I wm_task_moved: [121,1,9]
11-05 02:16:47.830 1507 2980 I wm_task_to_front: [0,121]
11-05 02:16:47.832 1507 2980 I wm_focused_root_task: [0,0,121,1,bringingFoundTaskToFront]
11-05 02:16:47.833 1507 2980 I wm_set_resumed_activity: [0,com.android.deskclock/.DeskClock,bringingFoundTaskToFront]
11-05 02:16:47.840 1507 2980 I wm_set_resumed_activity: [0,com.android.deskclock/.DeskClock,resumeTopActivityInnerLocked]
11-05 02:16:47.841 1507 2980 I wm_resume_activity: [0,156082928,121,com.android.deskclock/.DeskClock]
11-05 02:16:47.842 1507 2980 I wm_finish_activity: [0,156082928,121,com.android.deskclock/.DeskClock,clear-task-all]
11-05 02:16:47.843 1507 2980 I wm_pause_activity: [0,156082928,com.android.deskclock/.DeskClock,userLeaving=false,finish]
11-05 02:16:47.847 1507 2980 I wm_task_moved: [121,1,9]
11-05 02:16:47.848 1507 2980 I wm_create_activity: [0,18297368,121,com.android.deskclock/.DeskClock,NULL,NULL,NULL,272662528]
11-05 02:16:47.857 2835 2835 I wm_on_top_resumed_lost_called: [94458931,com.android.launcher3.uioverrides.QuickstepLauncher,topStateChangedWhenResumed]
11-05 02:16:47.858 1507 1628 I am_uid_active: 10065
11-05 02:16:47.872 5990 5990 I wm_on_restart_called: [156082928,com.android.deskclock.DeskClock,performRestartActivity]
11-05 02:16:47.876 5990 5990 I wm_on_start_called: [156082928,com.android.deskclock.DeskClock,handleStartActivity]
11-05 02:16:47.877 5990 5990 I wm_on_resume_called: [156082928,com.android.deskclock.DeskClock,RESUME_ACTIVITY]
11-05 02:16:47.883 5990 5990 I wm_on_paused_called: [156082928,com.android.deskclock.DeskClock,performPause]
11-05 02:16:47.883 1507 5224 I wm_add_to_stopping: [0,156082928,com.android.deskclock/.DeskClock,completeFinishing]
11-05 02:16:47.885 1507 5224 I wm_restart_activity: [0,18297368,121,com.android.deskclock/.DeskClock]
11-05 02:16:47.886 1507 5224 I wm_set_resumed_activity: [0,com.android.deskclock/.DeskClock,minimalResumeActivityLocked]
11-05 02:16:47.888 1507 1628 I sysui_multi_action: [757,803,799,window_time_0,802,8]
11-05 02:16:47.945 1507 5224 I wm_task_moved: [121,1,9]
11-05 02:16:47.945 1507 5224 I wm_set_resumed_activity: [0,com.android.deskclock/.DeskClock,positionChildAt]
11-05 02:16:47.945 1507 5224 I wm_create_activity: [0,190351835,121,com.android.permissioncontroller/.permission.ui.GrantPermissionsActivity,android.content.pm.action.REQUEST_PERMISSIONS,NULL,NULL,8388608]
11-05 02:16:47.947 1507 5224 I wm_pause_activity: [0,18297368,com.android.deskclock/.DeskClock,userLeaving=true,resumeTopActivityInnerLocked]
11-05 02:16:47.964 5990 5990 I wm_on_create_called: [18297368,com.android.deskclock.DeskClock,performCreate]
11-05 02:16:47.964 5990 5990 I wm_on_start_called: [18297368,com.android.deskclock.DeskClock,handleStartActivity]
11-05 02:16:47.966 5990 5990 I wm_on_resume_called: [18297368,com.android.deskclock.DeskClock,RESUME_ACTIVITY]
11-05 02:16:47.968 5990 5990 I wm_on_top_resumed_gained_called: [18297368,com.android.deskclock.DeskClock,topStateChangedWhenResumed]
11-05 02:16:48.012 1507 1629 I input_focus: [Focus request b05f51 com.android.deskclock/com.android.deskclock.DeskClock,reason=UpdateInputWindows]
11-05 02:16:48.037 1507 2002 I input_focus: [Focus leaving 2395a3e com.android.launcher3/com.android.launcher3.uioverrides.QuickstepLauncher (server),reason=Waiting for window because NOT_VISIBLE]
11-05 02:16:48.039 5990 5990 I wm_on_top_resumed_lost_called: [18297368,com.android.deskclock.DeskClock,topStateChangedWhenResumed]
11-05 02:16:48.039 5990 5990 I wm_on_paused_called: [18297368,com.android.deskclock.DeskClock,performPause]
11-05 02:16:48.043 1507 5224 I wm_restart_activity: [0,190351835,121,com.android.permissioncontroller/.permission.ui.GrantPermissionsActivity]
11-05 02:16:48.046 1507 5224 I wm_set_resumed_activity: [0,com.android.permissioncontroller/.permission.ui.GrantPermissionsActivity,minimalResumeActivityLocked]
11-05 02:16:48.050 1507 1628 I am_uid_active: 10094
11-05 02:16:48.050 1507 1628 I sysui_multi_action: [757,803,799,window_time_2,802,0]
11-05 02:16:48.069 2368 2368 I wm_on_create_called: [190351835,com.android.permissioncontroller.permission.ui.GrantPermissionsActivity,performCreate]
11-05 02:16:48.069 2368 2368 I wm_on_start_called: [190351835,com.android.permissioncontroller.permission.ui.GrantPermissionsActivity,handleStartActivity]
11-05 02:16:48.070 2368 2368 I wm_on_resume_called: [190351835,com.android.permissioncontroller.permission.ui.GrantPermissionsActivity,RESUME_ACTIVITY]
11-05 02:16:48.072 2368 2368 I wm_on_top_resumed_gained_called: [190351835,com.android.permissioncontroller.permission.ui.GrantPermissionsActivity,topStateChangedWhenResumed]
11-05 02:16:48.077 1507 2980 I wm_finish_activity: [0,190351835,121,com.android.permissioncontroller/.permission.ui.GrantPermissionsActivity,app-request]
11-05 02:16:48.077 1507 2980 I wm_pause_activity: [0,190351835,com.android.permissioncontroller/.permission.ui.GrantPermissionsActivity,userLeaving=false,finish]
11-05 02:16:48.079 1507 1628 I sysui_multi_action: [757,1144,758,8,806,com.android.permissioncontroller,871,com.android.permissioncontroller.permission.ui.GrantPermissionsActivity]
11-05 02:16:48.089 2368 2368 I wm_on_top_resumed_lost_called: [190351835,com.android.permissioncontroller.permission.ui.GrantPermissionsActivity,topStateChangedWhenResumed]
11-05 02:16:48.090 2368 2368 I wm_on_paused_called: [190351835,com.android.permissioncontroller.permission.ui.GrantPermissionsActivity,performPause]
11-05 02:16:48.090 1507 5224 I wm_add_to_stopping: [0,190351835,com.android.permissioncontroller/.permission.ui.GrantPermissionsActivity,completeFinishing]
11-05 02:16:48.092 1507 5224 I wm_set_resumed_activity: [0,com.android.deskclock/.DeskClock,resumeTopActivityInnerLocked]
11-05 02:16:48.093 1507 5224 I wm_resume_activity: [0,18297368,121,com.android.deskclock/.DeskClock]
11-05 02:16:48.095 5990 5990 I wm_on_activity_result_called: [18297368,com.android.deskclock.DeskClock,ACTIVITY_RESULT]
11-05 02:16:48.096 5990 5990 I wm_on_resume_called: [18297368,com.android.deskclock.DeskClock,RESUME_ACTIVITY]
11-05 02:16:48.097 5990 5990 I wm_on_top_resumed_gained_called: [18297368,com.android.deskclock.DeskClock,topWhenResuming]
11-05 02:16:48.104 1507 1629 I input_focus: [Focus request b05f51 com.android.deskclock/com.android.deskclock.DeskClock,reason=UpdateInputWindows]
11-05 02:16:48.104 1507 1628 I sysui_multi_action: [757,803,799,window_time_2,802,0]
11-05 02:16:48.120 1507 2002 I input_focus: [Focus entering b05f51 com.android.deskclock/com.android.deskclock.DeskClock (server),reason=Window became focusable. Previous reason: NOT_VISIBLE]
11-05 02:16:48.376 1507 1628 I wm_destroy_activity: [0,190351835,121,com.android.permissioncontroller/.permission.ui.GrantPermissionsActivity,finish-imm:idle]
11-05 02:16:48.377 1507 1628 I wm_destroy_activity: [0,156082928,121,com.android.deskclock/.DeskClock,finish-imm:idle]
11-05 02:16:48.378 2368 2368 I wm_on_stop_called: [190351835,com.android.permissioncontroller.permission.ui.GrantPermissionsActivity,LIFECYCLER_STOP_ACTIVITY]
11-05 02:16:48.379 2368 2368 I wm_on_destroy_called: [190351835,com.android.permissioncontroller.permission.ui.GrantPermissionsActivity,performDestroy]
11-05 02:16:48.381 5990 5990 I wm_on_stop_called: [156082928,com.android.deskclock.DeskClock,LIFECYCLER_STOP_ACTIVITY]
11-05 02:16:48.391 5990 5990 I wm_on_destroy_called: [156082928,com.android.deskclock.DeskClock,performDestroy]
11-05 02:16:49.369 1507 2002 I input_interaction: Interaction with: b05f51 com.android.deskclock/com.android.deskclock.DeskClock (server), edge-swipe (server), swipe-up (server), PointerEventDispatcher0 (server),
11-05 02:16:49.537 1507 2980 I wm_relaunch_resume_activity: [0,18297368,121,com.android.deskclock/.DeskClock]
11-05 02:16:49.538 1507 2980 I wm_add_to_stopping: [0,94458931,com.android.launcher3/.uioverrides.QuickstepLauncher,makeInvisible]
11-05 02:16:49.546 5990 5990 I wm_on_top_resumed_lost_called: [18297368,com.android.deskclock.DeskClock,pausing]
11-05 02:16:49.549 5990 5990 I wm_on_paused_called: [18297368,com.android.deskclock.DeskClock,performPause]
11-05 02:16:49.552 5990 5990 I wm_on_stop_called: [18297368,com.android.deskclock.DeskClock,handleRelaunchActivity]
11-05 02:16:49.573 5990 5990 I wm_on_destroy_called: [18297368,com.android.deskclock.DeskClock,performDestroy]
11-05 02:16:49.605 1507 5989 I wm_task_moved: [121,1,9]
11-05 02:16:49.605 1507 5989 I wm_set_resumed_activity: [0,com.android.deskclock/.DeskClock,positionChildAt]
11-05 02:16:49.605 1507 5989 I wm_create_activity: [0,162179176,121,com.android.permissioncontroller/.permission.ui.GrantPermissionsActivity,android.content.pm.action.REQUEST_PERMISSIONS,NULL,NULL,8388608]
11-05 02:16:49.605 1507 5989 I wm_pause_activity: [0,94458931,com.android.launcher3/.uioverrides.QuickstepLauncher,userLeaving=true,pauseBackTasks]
11-05 02:16:49.606 2835 2835 I wm_on_paused_called: [94458931,com.android.launcher3.uioverrides.QuickstepLauncher,performPause]
11-05 02:16:49.606 1507 5989 I wm_pause_activity: [0,18297368,com.android.deskclock/.DeskClock,userLeaving=true,resumeTopActivityInnerLocked]
11-05 02:16:49.613 1507 1628 I sysui_multi_action: [757,803,799,window_time_2,802,2]
11-05 02:16:49.622 5990 5990 I wm_on_create_called: [18297368,com.android.deskclock.DeskClock,performCreate]
11-05 02:16:49.650 5990 5990 I wm_on_start_called: [18297368,com.android.deskclock.DeskClock,handleStartActivity]
11-05 02:16:49.650 5990 5990 I wm_on_resume_called: [18297368,com.android.deskclock.DeskClock,RESUME_ACTIVITY]
11-05 02:16:49.653 5990 5990 I wm_on_top_resumed_gained_called: [18297368,com.android.deskclock.DeskClock,topWhenResuming]
11-05 02:16:49.701 5990 5990 I wm_on_top_resumed_lost_called: [18297368,com.android.deskclock.DeskClock,topStateChangedWhenResumed]
11-05 02:16:49.702 5990 5990 I wm_on_paused_called: [18297368,com.android.deskclock.DeskClock,performPause]
11-05 02:16:49.706 1507 2980 I wm_restart_activity: [0,162179176,121,com.android.permissioncontroller/.permission.ui.GrantPermissionsActivity]
11-05 02:16:49.707 1507 2980 I wm_set_resumed_activity: [0,com.android.permissioncontroller/.permission.ui.GrantPermissionsActivity,minimalResumeActivityLocked]
11-05 02:16:49.712 1507 1628 I sysui_multi_action: [757,803,799,window_time_0,802,0]
11-05 02:16:49.741 2368 2368 I wm_on_create_called: [162179176,com.android.permissioncontroller.permission.ui.GrantPermissionsActivity,performCreate]
11-05 02:16:49.742 2368 2368 I wm_on_start_called: [162179176,com.android.permissioncontroller.permission.ui.GrantPermissionsActivity,handleStartActivity]
11-05 02:16:49.742 2368 2368 I wm_on_resume_called: [162179176,com.android.permissioncontroller.permission.ui.GrantPermissionsActivity,RESUME_ACTIVITY]
11-05 02:16:49.744 2368 2368 I wm_on_top_resumed_gained_called: [162179176,com.android.permissioncontroller.permission.ui.GrantPermissionsActivity,topStateChangedWhenResumed]
11-05 02:16:49.749 1507 2980 I wm_finish_activity: [0,162179176,121,com.android.permissioncontroller/.permission.ui.GrantPermissionsActivity,app-request]
11-05 02:16:49.754 1507 2980 I wm_pause_activity: [0,162179176,com.android.permissioncontroller/.permission.ui.GrantPermissionsActivity,userLeaving=false,finish]
11-05 02:16:49.759 1507 1628 I sysui_multi_action: [757,1144,758,8,806,com.android.permissioncontroller,871,com.android.permissioncontroller.permission.ui.GrantPermissionsActivity]
11-05 02:16:49.765 2368 2368 I wm_on_top_resumed_lost_called: [162179176,com.android.permissioncontroller.permission.ui.GrantPermissionsActivity,topStateChangedWhenResumed]
11-05 02:16:49.767 2368 2368 I wm_on_paused_called: [162179176,com.android.permissioncontroller.permission.ui.GrantPermissionsActivity,performPause]
11-05 02:16:49.768 1507 5989 I wm_set_resumed_activity: [0,com.android.deskclock/.DeskClock,resumeTopActivityInnerLocked]
11-05 02:16:49.769 1507 5989 I wm_resume_activity: [0,18297368,121,com.android.deskclock/.DeskClock]
11-05 02:16:49.770 5990 5990 I wm_on_activity_result_called: [18297368,com.android.deskclock.DeskClock,ACTIVITY_RESULT]
11-05 02:16:49.770 5990 5990 I wm_on_resume_called: [18297368,com.android.deskclock.DeskClock,RESUME_ACTIVITY]
11-05 02:16:49.774 5990 5990 I wm_on_top_resumed_gained_called: [18297368,com.android.deskclock.DeskClock,topWhenResuming]
11-05 02:16:49.782 1507 1629 I input_focus: [Focus request b05f51 com.android.deskclock/com.android.deskclock.DeskClock,reason=UpdateInputWindows]
11-05 02:16:49.787 1507 1628 I sysui_multi_action: [757,803,799,window_time_0,802,0]
11-05 02:16:49.794 1507 2980 I wm_destroy_activity: [0,162179176,121,com.android.permissioncontroller/.permission.ui.GrantPermissionsActivity,finish-idle]
11-05 02:16:49.795 2368 2368 I wm_on_stop_called: [162179176,com.android.permissioncontroller.permission.ui.GrantPermissionsActivity,LIFECYCLER_STOP_ACTIVITY]
11-05 02:16:49.796 2368 2368 I wm_on_destroy_called: [162179176,com.android.permissioncontroller.permission.ui.GrantPermissionsActivity,performDestroy]
11-05 02:16:50.125 1507 1628 I wm_stop_activity: [0,94458931,com.android.launcher3/.uioverrides.QuickstepLauncher]
11-05 02:16:50.164 2835 2835 I wm_on_stop_called: [94458931,com.android.launcher3.uioverrides.QuickstepLauncher,STOP_ACTIVITY_ITEM]
11-05 02:17:00.748 1507 6558 I wm_task_moved: [1,0,0]
11-05 02:17:00.749 1507 6558 I wm_task_moved: [1,0,8]
11-05 02:17:00.763 2835 2835 I wm_on_restart_called: [94458931,com.android.launcher3.uioverrides.QuickstepLauncher,performRestartActivity]
11-05 02:17:00.789 2835 2835 I wm_on_start_called: [94458931,com.android.launcher3.uioverrides.QuickstepLauncher,handleStartActivity]
11-05 02:17:00.809 1507 1625 I sysui_multi_action: [319,12,322,56,325,3895,757,761,758,9,759,5,806,com.android.launcher3,871,com.android.launcher3.uioverrides.QuickstepLauncher,905,0,1320,4,1321,1]
11-05 02:17:00.843 5990 5990 I view_enqueue_input_event: [Motion - Cancel,com.android.deskclock/com.android.deskclock.DeskClock]
11-05 02:17:00.845 2835 2835 I sysui_latency: [1,62]
11-05 02:17:00.846 1507 2002 I input_interaction: Interaction with: edge-swipe (server), swipe-up (server), PointerEventDispatcher0 (server),
11-05 02:17:00.856 1507 1629 I input_focus: [Focus request recents_animation_input_consumer,reason=UpdateInputWindows]
11-05 02:17:00.867 1507 2002 I input_focus: [Focus leaving b05f51 com.android.deskclock/com.android.deskclock.DeskClock (server),reason=NOT_FOCUSABLE]
11-05 02:17:00.867 1507 2002 I input_focus: [Focus entering recents_animation_input_consumer (server),reason=setFocusedWindow]
11-05 02:17:00.991 1507 1751 I commit_sys_config_file: [settings-1-0,3]
11-05 02:17:01.106 1507 1642 I sysui_latency: [8,64]
11-05 02:17:01.549 1507 2980 I wm_task_moved: [1,1,9]
11-05 02:17:01.556 1507 2980 I wm_task_moved: [10,1,2147483647]
11-05 02:17:01.556 1507 2980 I wm_task_to_front: [0,10]
11-05 02:17:01.557 1507 2980 I wm_focused_root_task: [0,0,1,121,RecentsAnimation.onAnimationFinished()]
11-05 02:17:01.557 1507 2980 I wm_set_resumed_activity: [0,com.android.launcher3/.uioverrides.QuickstepLauncher,RecentsAnimation.onAnimationFinished()]
11-05 02:17:01.558 1507 2980 I wm_pause_activity: [0,18297368,com.android.deskclock/.DeskClock,userLeaving=true,pauseBackTasks]
11-05 02:17:01.558 5990 5990 I wm_on_top_resumed_lost_called: [18297368,com.android.deskclock.DeskClock,topStateChangedWhenResumed]
11-05 02:17:01.560 1507 2980 I wm_add_to_stopping: [0,18297368,com.android.deskclock/.DeskClock,makeInvisible]
11-05 02:17:01.561 1507 2980 I wm_set_resumed_activity: [0,com.android.launcher3/.uioverrides.QuickstepLauncher,resumeTopActivityInnerLocked]
11-05 02:17:01.563 1507 2980 I wm_resume_activity: [0,94458931,10,com.android.launcher3/.uioverrides.QuickstepLauncher]
11-05 02:17:01.565 2835 2835 I wm_on_resume_called: [94458931,com.android.launcher3.uioverrides.QuickstepLauncher,RESUME_ACTIVITY]
11-05 02:17:01.573 1507 1629 I input_focus: [Focus request 2395a3e com.android.launcher3/com.android.launcher3.uioverrides.QuickstepLauncher,reason=UpdateInputWindows]
11-05 02:17:01.578 5990 5990 I wm_on_paused_called: [18297368,com.android.deskclock.DeskClock,performPause]
11-05 02:17:01.579 1507 1628 I wm_stop_activity: [0,18297368,com.android.deskclock/.DeskClock]
11-05 02:17:01.580 1507 1628 I sysui_multi_action: [757,803,799,window_time_0,802,12]
11-05 02:17:01.580 2835 2835 I wm_on_top_resumed_gained_called: [94458931,com.android.launcher3.uioverrides.QuickstepLauncher,topStateChangedWhenResumed]
11-05 02:17:01.581 1507 1628 I sysui_multi_action: [757,803,799,window_time_0,802,0]
11-05 02:17:01.586 1507 2002 I input_focus: [Focus leaving recents_animation_input_consumer (server),reason=NOT_VISIBLE]
11-05 02:17:01.587 1507 2002 I input_focus: [Focus entering 2395a3e com.android.launcher3/com.android.launcher3.uioverrides.QuickstepLauncher (server),reason=setFocusedWindow]
11-05 02:17:01.604 5990 5990 I wm_on_stop_called: [18297368,com.android.deskclock.DeskClock,STOP_ACTIVITY_ITEM]
11-05 02:17:01.618 1507 1642 I am_pss : [11607,10090,com.android.music,29855744,24412160,0,149233664,0,15,8]
11-05 02:17:01.871 1507 2002 I input_interaction: Interaction with: 2395a3e com.android.launcher3/com.android.launcher3.uioverrides.QuickstepLauncher (server), ef1bc93 com.android.systemui.ImageWallpaper (server), edge-swipe (server), swipe-up (server), PointerEventDispatcher0 (server),
11-05 02:17:01.940 1507 6558 I wm_task_moved: [121,1,9]
11-05 02:17:01.940 1507 6558 I wm_task_to_front: [0,121]
11-05 02:17:01.941 1507 6558 I wm_focused_root_task: [0,0,121,1,bringingFoundTaskToFront]
11-05 02:17:01.941 1507 6558 I wm_set_resumed_activity: [0,com.android.deskclock/.DeskClock,bringingFoundTaskToFront]
11-05 02:17:01.942 1507 6558 I wm_new_intent: [0,18297368,121,com.android.deskclock/.DeskClock,NULL,NULL,NULL,272662528]
11-05 02:17:01.943 1507 6558 I wm_pause_activity: [0,94458931,com.android.launcher3/.uioverrides.QuickstepLauncher,userLeaving=true,pauseBackTasks]
11-05 02:17:01.949 2835 2835 I wm_on_top_resumed_lost_called: [94458931,com.android.launcher3.uioverrides.QuickstepLauncher,topStateChangedWhenResumed]
11-05 02:17:01.951 2835 2835 I wm_on_paused_called: [94458931,com.android.launcher3.uioverrides.QuickstepLauncher,performPause]
11-05 02:17:01.955 1507 6558 I wm_set_resumed_activity: [0,com.android.deskclock/.DeskClock,resumeTopActivityInnerLocked]
11-05 02:17:01.955 1507 6558 I wm_add_to_stopping: [0,94458931,com.android.launcher3/.uioverrides.QuickstepLauncher,makeInvisible]
11-05 02:17:01.957 1507 6558 I wm_resume_activity: [0,18297368,121,com.android.deskclock/.DeskClock]
11-05 02:17:01.969 5990 5990 I wm_on_restart_called: [18297368,com.android.deskclock.DeskClock,performRestartActivity]
11-05 02:17:01.972 1507 1628 I sysui_multi_action: [757,803,799,window_time_0,802,0]
11-05 02:17:01.974 5990 5990 I wm_on_start_called: [18297368,com.android.deskclock.DeskClock,handleStartActivity]
11-05 02:17:01.975 5990 5990 I wm_on_resume_called: [18297368,com.android.deskclock.DeskClock,RESUME_ACTIVITY]
11-05 02:17:01.979 5990 5990 I wm_on_top_resumed_gained_called: [18297368,com.android.deskclock.DeskClock,topWhenResuming]
11-05 02:17:01.987 1507 2002 I input_focus: [Focus leaving 2395a3e com.android.launcher3/com.android.launcher3.uioverrides.QuickstepLauncher (server),reason=NO_WINDOW]
11-05 02:17:01.998 1507 1629 I input_focus: [Focus request b05f51 com.android.deskclock/com.android.deskclock.DeskClock,reason=UpdateInputWindows]
11-05 02:17:02.021 1507 2002 I input_focus: [Focus entering b05f51 com.android.deskclock/com.android.deskclock.DeskClock (server),reason=setFocusedWindow]
11-05 02:17:02.574 1507 1628 I wm_stop_activity: [0,94458931,com.android.launcher3/.uioverrides.QuickstepLauncher]
11-05 02:17:02.619 2835 2835 I wm_on_stop_called: [94458931,com.android.launcher3.uioverrides.QuickstepLauncher,STOP_ACTIVITY_ITEM]
11-05 02:17:03.419 1507 2002 I input_interaction: Interaction with: b05f51 com.android.deskclock/com.android.deskclock.DeskClock (server), edge-swipe (server), swipe-up (server), PointerEventDispatcher0 (server),
11-05 02:17:03.439 1507 2980 I wm_task_moved: [1,0,0]
11-05 02:17:03.440 1507 2980 I wm_task_moved: [1,0,8]
11-05 02:17:03.453 2835 2835 I wm_on_restart_called: [94458931,com.android.launcher3.uioverrides.QuickstepLauncher,performRestartActivity]
11-05 02:17:03.476 2835 2835 I wm_on_start_called: [94458931,com.android.launcher3.uioverrides.QuickstepLauncher,handleStartActivity]
11-05 02:17:03.498 1507 1625 I sysui_multi_action: [319,13,322,54,325,3897,757,761,758,9,759,5,806,com.android.launcher3,871,com.android.launcher3.uioverrides.QuickstepLauncher,905,0,1320,4,1321,1]
11-05 02:17:03.520 5990 5990 I view_enqueue_input_event: [Motion - Cancel,com.android.deskclock/com.android.deskclock.DeskClock]
11-05 02:17:03.521 2835 2835 I sysui_latency: [1,68]
11-05 02:17:03.536 1507 1629 I input_focus: [Focus request recents_animation_input_consumer,reason=UpdateInputWindows]
11-05 02:17:03.538 1507 2002 I input_interaction: Interaction with: edge-swipe (server), swipe-up (server), PointerEventDispatcher0 (server),
11-05 02:17:03.557 1507 2002 I input_focus: [Focus leaving b05f51 com.android.deskclock/com.android.deskclock.DeskClock (server),reason=NOT_FOCUSABLE]
11-05 02:17:03.557 1507 2002 I input_focus: [Focus entering recents_animation_input_consumer (server),reason=setFocusedWindow]
11-05 02:17:03.680 1507 1751 I commit_sys_config_file: [settings-1-0,5]
11-05 02:17:03.795 1507 1642 I sysui_latency: [8,67]
11-05 02:17:04.400 1507 1751 I commit_sys_config_file: [settings-1-0,5]
11-05 02:17:04.777 1507 2002 I input_interaction: Interaction with: 2395a3e com.android.launcher3/com.android.launcher3.uioverrides.QuickstepLauncher (server), edge-swipe (server), swipe-up (server), PointerEventDispatcher0 (server),
11-05 02:17:05.168 1507 5662 I wm_task_moved: [1,1,9]
11-05 02:17:05.172 1507 5662 I wm_focused_root_task: [0,0,1,121,RecentsAnimation.onAnimationFinished()]
11-05 02:17:05.173 5990 5990 I wm_on_top_resumed_lost_called: [18297368,com.android.deskclock.DeskClock,topStateChangedWhenResumed]
11-05 02:17:05.174 1507 5662 I wm_pause_activity: [0,18297368,com.android.deskclock/.DeskClock,userLeaving=false,pauseBackTasks]
11-05 02:17:05.181 1507 5662 I wm_set_resumed_activity: [0,com.android.launcher3/.uioverrides.QuickstepLauncher,resumeTopActivityInnerLocked]
11-05 02:17:05.182 1507 5662 I wm_resume_activity: [0,94458931,10,com.android.launcher3/.uioverrides.QuickstepLauncher]
11-05 02:17:05.183 1507 5662 I wm_add_to_stopping: [0,18297368,com.android.deskclock/.DeskClock,makeInvisible]
11-05 02:17:05.184 2835 2835 I wm_on_resume_called: [94458931,com.android.launcher3.uioverrides.QuickstepLauncher,RESUME_ACTIVITY]
11-05 02:17:05.200 1507 1629 I input_focus: [Focus request 2395a3e com.android.launcher3/com.android.launcher3.uioverrides.QuickstepLauncher,reason=UpdateInputWindows]
11-05 02:17:05.205 5990 5990 I wm_on_paused_called: [18297368,com.android.deskclock.DeskClock,performPause]
11-05 02:17:05.207 1507 1628 I sysui_multi_action: [757,803,799,window_time_0,802,3]
11-05 02:17:05.208 1507 2980 I wm_stop_activity: [0,18297368,com.android.deskclock/.DeskClock]
11-05 02:17:05.211 1507 2002 I input_focus: [Focus leaving recents_animation_input_consumer (server),reason=NOT_VISIBLE]
11-05 02:17:05.211 1507 2002 I input_focus: [Focus entering 2395a3e com.android.launcher3/com.android.launcher3.uioverrides.QuickstepLauncher (server),reason=setFocusedWindow]
11-05 02:17:05.212 1507 1628 I sysui_multi_action: [757,803,799,window_time_0,802,0]
11-05 02:17:05.214 2835 2835 I wm_on_top_resumed_gained_called: [94458931,com.android.launcher3.uioverrides.QuickstepLauncher,topStateChangedWhenResumed]
11-05 02:17:05.244 5990 5990 I wm_on_stop_called: [18297368,com.android.deskclock.DeskClock,STOP_ACTIVITY_ITEM]
11-05 02:17:05.301 1507 6558 I wm_finish_activity: [0,69443694,122,com.android.gallery3d/.app.GalleryActivity,recent-task-trimmed]
11-05 02:17:05.302 1507 6558 I wm_destroy_activity: [0,69443694,122,com.android.gallery3d/.app.GalleryActivity,finish-imm:finishIfPossible]
11-05 02:17:05.303 1507 6558 I wm_finish_activity: [0,219621320,120,com.android.music/.VideoBrowserActivity,recent-task-trimmed]
11-05 02:17:05.304 1507 1628 I am_kill : [0,11222,com.android.gallery3d,910,remove task]
11-05 02:17:05.304 1507 6558 I wm_destroy_activity: [0,219621320,120,com.android.music/.VideoBrowserActivity,finish-imm:finishIfPossible]
11-05 02:17:05.305 1507 6558 I wm_finish_activity: [0,18297368,121,com.android.deskclock/.DeskClock,recent-task-trimmed]
11-05 02:17:05.306 1507 6558 I wm_destroy_activity: [0,18297368,121,com.android.deskclock/.DeskClock,finish-imm:finishIfPossible]
11-05 02:17:05.308 11607 11607 I wm_on_destroy_called: [219621320,com.android.music.VideoBrowserActivity,performDestroy]
11-05 02:17:05.313 1507 1628 I sysui_multi_action: [757,803,799,window_time_0,802,0]
11-05 02:17:05.313 1507 1628 I am_kill : [0,11607,com.android.music,900,remove task]
11-05 02:17:05.319 1507 2002 I input_interaction: Interaction with: 2395a3e com.android.launcher3/com.android.launcher3.uioverrides.QuickstepLauncher (server), ef1bc93 com.android.systemui.ImageWallpaper (server), edge-swipe (server), swipe-up (server), PointerEventDispatcher0 (server),
11-05 02:17:05.325 5990 5990 I wm_on_destroy_called: [18297368,com.android.deskclock.DeskClock,performDestroy]
11-05 02:17:05.325 1507 1628 I sysui_multi_action: [757,803,799,window_time_0,802,0]
11-05 02:17:05.329 1507 1628 I sysui_multi_action: [757,803,799,window_time_0,802,0]
11-05 02:17:05.343 1507 4894 I wm_task_removed: [121,removeChild:removeChild last r=ActivityRecord{1173218 u0 com.android.deskclock/.DeskClock t-1 f}} in t=Task{74227fa #121 type=standard A=10065:com.android.deskclock U=0 visible=false mode=fullscreen translucent=true sz=0}]
11-05 02:17:05.343 1507 4894 I wm_task_removed: [121,removeChild]
11-05 02:17:05.369 1507 1777 I am_proc_died: [0,11222,com.android.gallery3d,910,18]
11-05 02:17:05.372 1507 1777 I am_uid_stopped: 10069
11-05 02:17:05.374 1507 1777 I wm_task_removed: [122,removeChild:removeChild last r=ActivityRecord{423a06e u0 com.android.gallery3d/.app.GalleryActivity t-1 f}} in t=Task{1489c5d #122 type=standard A=10069:com.android.gallery3d U=0 visible=false mode=fullscreen translucent=true sz=0}]
11-05 02:17:05.374 1507 1777 I wm_task_removed: [122,removeChild]
11-05 02:17:05.379 1507 1628 I am_uid_stopped: 10090
11-05 02:17:05.379 1507 1628 I am_uid_running: 10090
11-05 02:17:05.380 1507 1628 I am_uid_running: 10069
11-05 02:17:05.387 1507 1777 I am_proc_died: [0,11607,com.android.music,900,19]
11-05 02:17:05.389 1507 1777 I wm_task_removed: [120,removeChild:removeChild last r=ActivityRecord{d1727c8 u0 com.android.music/.VideoBrowserActivity t-1 f}} in t=Task{efb892c #120 type=standard A=10090:android.task.video U=0 visible=false mode=fullscreen translucent=true sz=0}]
11-05 02:17:05.389 1507 1777 I wm_task_removed: [120,removeChild]
11-05 02:17:05.399 1507 1646 I am_proc_start: [0,11831,10090,com.android.music,NULL,]
11-05 02:17:05.415 1507 1646 I am_proc_start: [0,11832,10069,com.android.gallery3d,NULL,]
11-05 02:17:05.431 1507 1594 I am_proc_bound: [0,11831,com.android.music]
11-05 02:17:05.441 1507 1777 I am_proc_bound: [0,11832,com.android.gallery3d]
11-05 02:17:06.104 1507 1777 I wm_task_created: [123,-1]
11-05 02:17:06.112 1507 1777 I wm_task_moved: [123,1,7]
11-05 02:17:06.112 1507 1777 I wm_task_to_front: [0,123]
11-05 02:17:06.113 1507 1777 I wm_create_task: [0,123]
11-05 02:17:06.113 1507 1777 I wm_create_activity: [0,222410835,123,com.android.deskclock/.DeskClock,android.intent.action.MAIN,NULL,NULL,270532608]
11-05 02:17:06.113 1507 1777 I wm_task_moved: [123,1,7]
11-05 02:17:06.115 1507 1777 I wm_pause_activity: [0,94458931,com.android.launcher3/.uioverrides.QuickstepLauncher,userLeaving=true,pauseBackTasks]
11-05 02:17:06.123 2835 2835 I wm_on_top_resumed_lost_called: [94458931,com.android.launcher3.uioverrides.QuickstepLauncher,topStateChangedWhenResumed]
11-05 02:17:06.125 2835 2835 I wm_on_paused_called: [94458931,com.android.launcher3.uioverrides.QuickstepLauncher,performPause]
11-05 02:17:06.128 1507 4894 I wm_add_to_stopping: [0,94458931,com.android.launcher3/.uioverrides.QuickstepLauncher,makeInvisible]
11-05 02:17:06.130 1507 4894 I wm_restart_activity: [0,222410835,123,com.android.deskclock/.DeskClock]
11-05 02:17:06.132 1507 4894 I wm_set_resumed_activity: [0,com.android.deskclock/.DeskClock,minimalResumeActivityLocked]
11-05 02:17:06.155 1507 1628 I sysui_multi_action: [757,803,799,window_time_0,802,1]
11-05 02:17:06.163 1507 2002 I input_focus: [Focus leaving 2395a3e com.android.launcher3/com.android.launcher3.uioverrides.QuickstepLauncher (server),reason=NO_WINDOW]
11-05 02:17:06.177 1507 5662 I wm_task_moved: [123,1,7]
11-05 02:17:06.177 1507 5662 I wm_set_resumed_activity: [0,com.android.deskclock/.DeskClock,positionChildAt]
11-05 02:17:06.178 1507 5662 I wm_create_activity: [0,16092658,123,com.android.permissioncontroller/.permission.ui.GrantPermissionsActivity,android.content.pm.action.REQUEST_PERMISSIONS,NULL,NULL,8388608]
11-05 02:17:06.178 1507 5662 I wm_pause_activity: [0,222410835,com.android.deskclock/.DeskClock,userLeaving=true,resumeTopActivityInnerLocked]
11-05 02:17:06.189 5990 5990 I wm_on_create_called: [222410835,com.android.deskclock.DeskClock,performCreate]
11-05 02:17:06.190 5990 5990 I wm_on_start_called: [222410835,com.android.deskclock.DeskClock,handleStartActivity]
11-05 02:17:06.190 5990 5990 I wm_on_resume_called: [222410835,com.android.deskclock.DeskClock,RESUME_ACTIVITY]
11-05 02:17:06.192 5990 5990 I wm_on_top_resumed_gained_called: [222410835,com.android.deskclock.DeskClock,topStateChangedWhenResumed]
11-05 02:17:06.192 5990 5990 I wm_on_top_resumed_lost_called: [222410835,com.android.deskclock.DeskClock,topStateChangedWhenResumed]
11-05 02:17:06.192 5990 5990 I wm_on_paused_called: [222410835,com.android.deskclock.DeskClock,performPause]
11-05 02:17:06.194 1507 1594 I wm_restart_activity: [0,16092658,123,com.android.permissioncontroller/.permission.ui.GrantPermissionsActivity]
11-05 02:17:06.194 1507 1594 I wm_set_resumed_activity: [0,com.android.permissioncontroller/.permission.ui.GrantPermissionsActivity,minimalResumeActivityLocked]
11-05 02:17:06.196 1507 1628 I sysui_multi_action: [757,803,799,window_time_0,802,0]
11-05 02:17:06.213 2368 2368 I wm_on_create_called: [16092658,com.android.permissioncontroller.permission.ui.GrantPermissionsActivity,performCreate]
11-05 02:17:06.214 2368 2368 I wm_on_start_called: [16092658,com.android.permissioncontroller.permission.ui.GrantPermissionsActivity,handleStartActivity]
11-05 02:17:06.214 2368 2368 I wm_on_resume_called: [16092658,com.android.permissioncontroller.permission.ui.GrantPermissionsActivity,RESUME_ACTIVITY]
11-05 02:17:06.216 2368 2368 I wm_on_top_resumed_gained_called: [16092658,com.android.permissioncontroller.permission.ui.GrantPermissionsActivity,topStateChangedWhenResumed]
11-05 02:17:06.221 1507 1777 I wm_finish_activity: [0,16092658,123,com.android.permissioncontroller/.permission.ui.GrantPermissionsActivity,app-request]
11-05 02:17:06.229 1507 1777 I wm_pause_activity: [0,16092658,com.android.permissioncontroller/.permission.ui.GrantPermissionsActivity,userLeaving=false,finish]
11-05 02:17:06.235 2368 2368 I wm_on_top_resumed_lost_called: [16092658,com.android.permissioncontroller.permission.ui.GrantPermissionsActivity,topStateChangedWhenResumed]
11-05 02:17:06.236 2368 2368 I wm_on_paused_called: [16092658,com.android.permissioncontroller.permission.ui.GrantPermissionsActivity,performPause]
11-05 02:17:06.237 1507 1777 I wm_add_to_stopping: [0,16092658,com.android.permissioncontroller/.permission.ui.GrantPermissionsActivity,completeFinishing]
11-05 02:17:06.239 1507 1777 I wm_set_resumed_activity: [0,com.android.deskclock/.DeskClock,resumeTopActivityInnerLocked]
11-05 02:17:06.240 1507 1777 I wm_resume_activity: [0,222410835,123,com.android.deskclock/.DeskClock]
11-05 02:17:06.251 1507 1628 I sysui_multi_action: [757,803,799,window_time_0,802,0]
11-05 02:17:06.252 1507 1629 I input_focus: [Focus request 71ae2c0 com.android.deskclock/com.android.deskclock.DeskClock,reason=UpdateInputWindows]
11-05 02:17:06.270 1507 1625 I wm_activity_launch_time: [0,16092658,com.android.permissioncontroller/.permission.ui.GrantPermissionsActivity,171]
11-05 02:17:06.270 5990 5990 I wm_on_activity_result_called: [222410835,com.android.deskclock.DeskClock,ACTIVITY_RESULT]
11-05 02:17:06.271 5990 5990 I wm_on_resume_called: [222410835,com.android.deskclock.DeskClock,RESUME_ACTIVITY]
11-05 02:17:06.273 5990 5990 I wm_on_top_resumed_gained_called: [222410835,com.android.deskclock.DeskClock,topWhenResuming]
11-05 02:17:06.279 1507 2002 I input_focus: [Focus entering 71ae2c0 com.android.deskclock/com.android.deskclock.DeskClock (server),reason=setFocusedWindow]
11-05 02:17:06.717 1507 1628 I wm_destroy_activity: [0,16092658,123,com.android.permissioncontroller/.permission.ui.GrantPermissionsActivity,finish-imm:idle]
11-05 02:17:06.718 1507 1628 I wm_stop_activity: [0,94458931,com.android.launcher3/.uioverrides.QuickstepLauncher]
11-05 02:17:06.719 2368 2368 I wm_on_stop_called: [16092658,com.android.permissioncontroller.permission.ui.GrantPermissionsActivity,LIFECYCLER_STOP_ACTIVITY]
11-05 02:17:06.720 2368 2368 I wm_on_destroy_called: [16092658,com.android.permissioncontroller.permission.ui.GrantPermissionsActivity,performDestroy]
11-05 02:17:06.766 2835 2835 I wm_on_stop_called: [94458931,com.android.launcher3.uioverrides.QuickstepLauncher,STOP_ACTIVITY_ITEM]
11-05 02:17:09.386 1507 2002 I input_interaction: Interaction with: 71ae2c0 com.android.deskclock/com.android.deskclock.DeskClock (server), edge-swipe (server), swipe-up (server), PointerEventDispatcher0 (server),
11-05 02:17:09.406 1507 1594 I wm_task_moved: [1,0,0]
11-05 02:17:09.406 1507 1594 I wm_task_moved: [1,0,6]
11-05 02:17:09.436 2835 2835 I wm_on_restart_called: [94458931,com.android.launcher3.uioverrides.QuickstepLauncher,performRestartActivity]
11-05 02:17:09.461 2835 2835 I wm_on_start_called: [94458931,com.android.launcher3.uioverrides.QuickstepLauncher,handleStartActivity]
11-05 02:17:09.484 1507 1625 I sysui_multi_action: [319,16,322,72,325,3903,757,761,758,9,759,5,806,com.android.launcher3,871,com.android.launcher3.uioverrides.QuickstepLauncher,905,0,1320,4,1321,1]
11-05 02:17:09.502 1507 2002 I input_interaction: Interaction with: edge-swipe (server), swipe-up (server), PointerEventDispatcher0 (server),
11-05 02:17:09.503 2835 2835 I sysui_latency: [1,85]
11-05 02:17:09.503 5990 5990 I view_enqueue_input_event: [Motion - Cancel,com.android.deskclock/com.android.deskclock.DeskClock]
11-05 02:17:09.510 1507 1629 I input_focus: [Focus request recents_animation_input_consumer,reason=UpdateInputWindows]
11-05 02:17:09.538 1507 2002 I input_focus: [Focus leaving 71ae2c0 com.android.deskclock/com.android.deskclock.DeskClock (server),reason=NOT_FOCUSABLE]
11-05 02:17:09.539 1507 2002 I input_focus: [Focus entering recents_animation_input_consumer (server),reason=setFocusedWindow]
11-05 02:17:09.664 1507 1751 I commit_sys_config_file: [settings-1-0,4]
11-05 02:17:09.731 1507 1752 I am_freeze: [11196,com.android.documentsui]
11-05 02:17:09.733 1507 1752 I am_kill : [0,11196,com.android.documentsui,945,Unable to freeze binder interface]
11-05 02:17:09.779 1507 1642 I sysui_latency: [8,84]
11-05 02:17:09.781 1507 5662 I am_proc_died: [0,11196,com.android.documentsui,945,19]
11-05 02:17:09.782 1507 5662 I am_uid_stopped: 10032
11-05 02:17:09.789 1507 1628 I am_uid_running: 10032
11-05 02:17:09.799 1507 1646 I am_proc_start: [0,11882,10032,com.android.documentsui,NULL,]
11-05 02:17:09.828 1507 5662 I am_proc_bound: [0,11882,com.android.documentsui]
11-05 02:17:10.163 1507 4894 I wm_task_moved: [1,1,7]
11-05 02:17:10.165 1507 4894 I wm_task_moved: [10,1,2147483647]
11-05 02:17:10.165 1507 4894 I wm_task_to_front: [0,10]
11-05 02:17:10.165 5990 5990 I wm_on_top_resumed_lost_called: [222410835,com.android.deskclock.DeskClock,topStateChangedWhenResumed]
11-05 02:17:10.165 1507 4894 I wm_focused_root_task: [0,0,1,123,RecentsAnimation.onAnimationFinished()]
11-05 02:17:10.166 1507 4894 I wm_set_resumed_activity: [0,com.android.launcher3/.uioverrides.QuickstepLauncher,RecentsAnimation.onAnimationFinished()]
11-05 02:17:10.167 1507 4894 I wm_pause_activity: [0,222410835,com.android.deskclock/.DeskClock,userLeaving=true,pauseBackTasks]
11-05 02:17:10.168 1507 4894 I wm_add_to_stopping: [0,222410835,com.android.deskclock/.DeskClock,makeInvisible]
11-05 02:17:10.169 1507 4894 I wm_set_resumed_activity: [0,com.android.launcher3/.uioverrides.QuickstepLauncher,resumeTopActivityInnerLocked]
11-05 02:17:10.170 1507 4894 I wm_resume_activity: [0,94458931,10,com.android.launcher3/.uioverrides.QuickstepLauncher]
11-05 02:17:10.173 2835 2835 I wm_on_resume_called: [94458931,com.android.launcher3.uioverrides.QuickstepLauncher,RESUME_ACTIVITY]
11-05 02:17:10.179 1507 1629 I input_focus: [Focus request 2395a3e com.android.launcher3/com.android.launcher3.uioverrides.QuickstepLauncher,reason=UpdateInputWindows]
11-05 02:17:10.183 5990 5990 I wm_on_paused_called: [222410835,com.android.deskclock.DeskClock,performPause]
11-05 02:17:10.185 1507 1628 I wm_stop_activity: [0,222410835,com.android.deskclock/.DeskClock]
11-05 02:17:10.186 1507 1628 I sysui_multi_action: [757,803,799,window_time_0,802,4]
11-05 02:17:10.190 1507 2002 I input_focus: [Focus leaving recents_animation_input_consumer (server),reason=NOT_VISIBLE]
11-05 02:17:10.190 1507 2002 I input_focus: [Focus entering 2395a3e com.android.launcher3/com.android.launcher3.uioverrides.QuickstepLauncher (server),reason=setFocusedWindow]
11-05 02:17:10.197 5990 5990 I wm_on_stop_called: [222410835,com.android.deskclock.DeskClock,STOP_ACTIVITY_ITEM]
11-05 02:17:10.198 1507 1628 I sysui_multi_action: [757,803,799,window_time_0,802,0]
11-05 02:17:10.206 2835 2835 I wm_on_top_resumed_gained_called: [94458931,com.android.launcher3.uioverrides.QuickstepLauncher,topStateChangedWhenResumed]
11-05 02:17:10.386 1507 2002 I input_interaction: Interaction with: 2395a3e com.android.launcher3/com.android.launcher3.uioverrides.QuickstepLauncher (server), ef1bc93 com.android.systemui.ImageWallpaper (server), edge-swipe (server), swipe-up (server), PointerEventDispatcher0 (server),
11-05 02:17:10.494 1507 5662 I wm_task_created: [124,-1]
11-05 02:17:10.501 1507 5662 I wm_task_moved: [124,1,8]
11-05 02:17:10.501 1507 5662 I wm_task_to_front: [0,124]
11-05 02:17:10.501 1507 5662 I wm_create_task: [0,124]
11-05 02:17:10.501 1507 5662 I wm_create_activity: [0,38964484,124,com.android.music/.VideoBrowserActivity,android.intent.action.MAIN,NULL,NULL,270532608]
11-05 02:17:10.501 1507 5662 I wm_task_moved: [124,1,8]
11-05 02:17:10.505 1507 5662 I wm_pause_activity: [0,94458931,com.android.launcher3/.uioverrides.QuickstepLauncher,userLeaving=true,pauseBackTasks]
11-05 02:17:10.509 2835 2835 I wm_on_top_resumed_lost_called: [94458931,com.android.launcher3.uioverrides.QuickstepLauncher,topStateChangedWhenResumed]
11-05 02:17:10.512 2835 2835 I wm_on_paused_called: [94458931,com.android.launcher3.uioverrides.QuickstepLauncher,performPause]
11-05 02:17:10.516 1507 5662 I wm_add_to_stopping: [0,94458931,com.android.launcher3/.uioverrides.QuickstepLauncher,makeInvisible]
11-05 02:17:10.517 1507 5662 I wm_restart_activity: [0,38964484,124,com.android.music/.VideoBrowserActivity]
11-05 02:17:10.519 1507 5662 I wm_set_resumed_activity: [0,com.android.music/.VideoBrowserActivity,minimalResumeActivityLocked]
11-05 02:17:10.522 1507 1628 I am_uid_active: 10090
11-05 02:17:10.527 1507 1628 I sysui_multi_action: [757,803,799,window_time_0,802,1]
11-05 02:17:10.542 1507 2002 I input_focus: [Focus leaving 2395a3e com.android.launcher3/com.android.launcher3.uioverrides.QuickstepLauncher (server),reason=NO_WINDOW]
11-05 02:17:10.559 11831 11831 I wm_on_create_called: [38964484,com.android.music.VideoBrowserActivity,performCreate]
11-05 02:17:10.559 11831 11831 I wm_on_start_called: [38964484,com.android.music.VideoBrowserActivity,handleStartActivity]
11-05 02:17:10.560 11831 11831 I wm_on_resume_called: [38964484,com.android.music.VideoBrowserActivity,RESUME_ACTIVITY]
11-05 02:17:10.569 11831 11831 I wm_on_top_resumed_gained_called: [38964484,com.android.music.VideoBrowserActivity,topStateChangedWhenResumed]
11-05 02:17:10.578 1507 1629 I input_focus: [Focus request 4c11aa0 com.android.music/com.android.music.VideoBrowserActivity,reason=UpdateInputWindows]
11-05 02:17:10.620 1507 1625 I sysui_multi_action: [319,69,321,66,322,117,325,3905,757,761,758,8,759,1,806,com.android.music,871,com.android.music.VideoBrowserActivity,904,com.android.launcher3,905,0,1320,4,1321,1]
11-05 02:17:10.623 1507 2002 I input_focus: [Focus entering 4c11aa0 com.android.music/com.android.music.VideoBrowserActivity (server),reason=Window became focusable. Previous reason: NOT_VISIBLE]
11-05 02:17:10.627 1507 1625 I wm_activity_launch_time: [0,38964484,com.android.music/.VideoBrowserActivity,117]
11-05 02:17:11.120 1507 1628 I wm_stop_activity: [0,94458931,com.android.launcher3/.uioverrides.QuickstepLauncher]
11-05 02:17:11.169 2835 2835 I wm_on_stop_called: [94458931,com.android.launcher3.uioverrides.QuickstepLauncher,STOP_ACTIVITY_ITEM]
11-05 02:17:15.596 1507 2002 I input_interaction: Interaction with: 4c11aa0 com.android.music/com.android.music.VideoBrowserActivity (server), edge-swipe (server), swipe-up (server), PointerEventDispatcher0 (server),
11-05 02:17:15.615 1507 1777 I wm_task_moved: [1,0,0]
11-05 02:17:15.619 1507 1777 I wm_task_moved: [1,0,7]
11-05 02:17:15.654 2835 2835 I wm_on_restart_called: [94458931,com.android.launcher3.uioverrides.QuickstepLauncher,performRestartActivity]
11-05 02:17:15.680 2835 2835 I wm_on_start_called: [94458931,com.android.launcher3.uioverrides.QuickstepLauncher,handleStartActivity]
11-05 02:17:15.704 11831 11831 I view_enqueue_input_event: [Motion - Cancel,com.android.music/com.android.music.VideoBrowserActivity]
11-05 02:17:15.704 2835 2835 I sysui_latency: [1,97]
11-05 02:17:15.710 1507 1629 I input_focus: [Focus request recents_animation_input_consumer,reason=UpdateInputWindows]
11-05 02:17:15.712 1507 1625 I sysui_multi_action: [319,15,322,87,325,3910,757,761,758,9,759,5,806,com.android.launcher3,871,com.android.launcher3.uioverrides.QuickstepLauncher,905,0,1320,4,1321,1]
11-05 02:17:15.718 1507 2002 I input_interaction: Interaction with: edge-swipe (server), swipe-up (server), PointerEventDispatcher0 (server),
11-05 02:17:15.737 1507 2002 I input_focus: [Focus leaving 4c11aa0 com.android.music/com.android.music.VideoBrowserActivity (server),reason=NOT_FOCUSABLE]
11-05 02:17:15.737 1507 2002 I input_focus: [Focus entering recents_animation_input_consumer (server),reason=setFocusedWindow]
11-05 02:17:15.883 1507 1751 I commit_sys_config_file: [settings-1-0,4]
11-05 02:17:16.003 1507 1642 I sysui_latency: [8,102]
11-05 02:17:16.670 1507 1751 I commit_sys_config_file: [settings-1-0,3]
11-05 02:17:17.641 1507 2002 I input_interaction: Interaction with: 2395a3e com.android.launcher3/com.android.launcher3.uioverrides.QuickstepLauncher (server), edge-swipe (server), swipe-up (server), PointerEventDispatcher0 (server),
11-05 02:17:18.096 1507 5662 I wm_task_moved: [1,0,7]
11-05 02:17:18.098 1507 5662 I wm_add_to_stopping: [0,94458931,com.android.launcher3/.uioverrides.QuickstepLauncher,makeInvisible]
11-05 02:17:18.108 1507 1629 I input_focus: [Focus request 4c11aa0 com.android.music/com.android.music.VideoBrowserActivity,reason=UpdateInputWindows]
11-05 02:17:18.109 1507 1628 I wm_stop_activity: [0,94458931,com.android.launcher3/.uioverrides.QuickstepLauncher]
11-05 02:17:18.127 1507 2002 I input_focus: [Focus leaving recents_animation_input_consumer (server),reason=NOT_VISIBLE]
11-05 02:17:18.127 1507 2002 I input_focus: [Focus entering 4c11aa0 com.android.music/com.android.music.VideoBrowserActivity (server),reason=setFocusedWindow]
11-05 02:17:18.172 2835 2835 I wm_on_stop_called: [94458931,com.android.launcher3.uioverrides.QuickstepLauncher,STOP_ACTIVITY_ITEM]
11-05 02:17:23.779 1507 2002 I input_interaction: Interaction with: 4c11aa0 com.android.music/com.android.music.VideoBrowserActivity (server), edge-swipe (server), swipe-up (server), PointerEventDispatcher0 (server),
11-05 02:17:27.893 1507 5662 I wm_task_moved: [1,0,0]
11-05 02:17:27.894 1507 5662 I wm_task_moved: [1,0,7]
11-05 02:17:27.920 11831 11831 I view_enqueue_input_event: [Motion - Cancel,com.android.music/com.android.music.VideoBrowserActivity]
11-05 02:17:27.922 1507 1629 I input_focus: [Focus request recents_animation_input_consumer,reason=UpdateInputWindows]
11-05 02:17:27.928 2835 2835 I wm_on_restart_called: [94458931,com.android.launcher3.uioverrides.QuickstepLauncher,performRestartActivity]
11-05 02:17:27.934 1507 2002 I input_interaction: Interaction with: edge-swipe (server), swipe-up (server), PointerEventDispatcher0 (server),
11-05 02:17:27.943 1507 2002 I input_focus: [Focus leaving 4c11aa0 com.android.music/com.android.music.VideoBrowserActivity (server),reason=NOT_FOCUSABLE]
11-05 02:17:27.943 1507 2002 I input_focus: [Focus entering recents_animation_input_consumer (server),reason=setFocusedWindow]
11-05 02:17:27.954 2835 2835 I wm_on_start_called: [94458931,com.android.launcher3.uioverrides.QuickstepLauncher,handleStartActivity]
11-05 02:17:27.965 2835 2835 I sysui_latency: [1,87]
11-05 02:17:27.975 1507 1625 I sysui_multi_action: [319,17,322,77,325,3922,757,761,758,9,759,5,806,com.android.launcher3,871,com.android.launcher3.uioverrides.QuickstepLauncher,905,0,1320,4,1321,1]
11-05 02:17:28.159 1507 1751 I commit_sys_config_file: [settings-1-0,7]
11-05 02:17:28.273 1507 1642 I sysui_latency: [8,86]
11-05 02:17:28.324 1507 2002 I input_interaction: Interaction with: recents_animation_input_consumer (server), edge-swipe (server), swipe-up (server), PointerEventDispatcher0 (server),
11-05 02:17:28.558 1507 1751 I commit_sys_config_file: [settings-1-0,5]
11-05 02:17:28.736 1507 5662 I wm_task_moved: [1,1,8]
11-05 02:17:28.737 1507 5662 I wm_focused_root_task: [0,0,1,124,RecentsAnimation.onAnimationFinished()]
11-05 02:17:28.737 11831 11831 I wm_on_top_resumed_lost_called: [38964484,com.android.music.VideoBrowserActivity,topStateChangedWhenResumed]
11-05 02:17:28.738 1507 5662 I wm_pause_activity: [0,38964484,com.android.music/.VideoBrowserActivity,userLeaving=false,pauseBackTasks]
11-05 02:17:28.740 1507 5662 I wm_set_resumed_activity: [0,com.android.launcher3/.uioverrides.QuickstepLauncher,resumeTopActivityInnerLocked]
11-05 02:17:28.741 1507 5662 I wm_resume_activity: [0,94458931,10,com.android.launcher3/.uioverrides.QuickstepLauncher]
11-05 02:17:28.741 1507 5662 I wm_add_to_stopping: [0,38964484,com.android.music/.VideoBrowserActivity,makeInvisible]
11-05 02:17:28.747 1507 1629 I input_focus: [Focus request 2395a3e com.android.launcher3/com.android.launcher3.uioverrides.QuickstepLauncher,reason=UpdateInputWindows]
11-05 02:17:28.750 1507 1628 I sysui_multi_action: [757,803,799,window_time_0,802,18]
11-05 02:17:28.752 1507 2002 I input_focus: [Focus leaving recents_animation_input_consumer (server),reason=NOT_VISIBLE]
11-05 02:17:28.753 1507 1628 I wm_stop_activity: [0,38964484,com.android.music/.VideoBrowserActivity]
