11-05 01:53:29.416 2368 2368 I wm_on_top_resumed_lost_called: [135046610,com.android.permissioncontroller.permission.ui.GrantPermissionsActivity,topStateChangedWhenResumed]
11-05 01:53:29.417 2368 2368 I wm_on_paused_called: [135046610,com.android.permissioncontroller.permission.ui.GrantPermissionsActivity,performPause]
11-05 01:53:29.419 1507 1594 I wm_pause_activity: [0,94458931,com.android.launcher3/.uioverrides.QuickstepLauncher,userLeaving=false,pauseBackTasks]
11-05 01:53:29.420 2835 2835 I wm_on_paused_called: [94458931,com.android.launcher3.uioverrides.QuickstepLauncher,performPause]
11-05 01:53:29.423 1507 1628 I sysui_multi_action: [757,803,799,window_time_0,802,1]
11-05 01:53:29.425 1507 1777 I wm_resume_activity: [0,58887263,91,com.android.deskclock/.DeskClock]
11-05 01:53:29.428 5990 5990 I wm_on_paused_called: [58887263,com.android.deskclock.DeskClock,performPause]
11-05 01:53:29.428 5990 5990 I wm_on_activity_result_called: [58887263,com.android.deskclock.DeskClock,ACTIVITY_RESULT]
11-05 01:53:29.429 5990 5990 I wm_on_resume_called: [58887263,com.android.deskclock.DeskClock,ACTIVITY_RESULT]
11-05 01:53:29.430 1507 1628 I wm_destroy_activity: [0,135046610,91,com.android.permissioncontroller/.permission.ui.GrantPermissionsActivity,finish-idle]
11-05 01:53:29.431 2368 2368 I wm_on_stop_called: [135046610,com.android.permissioncontroller.permission.ui.GrantPermissionsActivity,LIFECYCLER_STOP_ACTIVITY]
11-05 01:53:29.432 2368 2368 I wm_on_destroy_called: [135046610,com.android.permissioncontroller.permission.ui.GrantPermissionsActivity,performDestroy]
11-05 01:53:29.435 1507 1628 I sysui_multi_action: [757,803,799,window_time_0,802,0]
11-05 01:53:29.439 1507 2288 I wm_resume_activity: [0,58887263,91,com.android.deskclock/.DeskClock]
11-05 01:53:29.440 1507 1629 I input_focus: [Focus request 7ffc198 com.android.deskclock/com.android.deskclock.DeskClock,reason=UpdateInputWindows]
11-05 01:53:31.213 1507 2288 I wm_task_moved: [1,0,0]
11-05 01:53:31.215 1507 2288 I wm_task_moved: [1,0,9]
11-05 01:53:31.275 1507 1625 I sysui_multi_action: [319,12,322,47,325,2485,757,761,758,9,759,5,806,com.android.launcher3,871,com.android.launcher3.uioverrides.QuickstepLauncher,905,0,1320,4,1321,1]
11-05 01:53:31.311 5990 5990 I view_enqueue_input_event: [Motion - Cancel,com.android.deskclock/com.android.deskclock.DeskClock]
11-05 01:53:31.332 1507 2002 I input_interaction: Interaction with: edge-swipe (server), swipe-up (server), PointerEventDispatcher0 (server),
11-05 01:53:31.336 2835 2835 I sysui_latency: [1,12]
11-05 01:53:31.338 1507 1629 I input_focus: [Focus request recents_animation_input_consumer,reason=UpdateInputWindows]
11-05 01:53:31.366 1507 2002 I input_focus: [Focus leaving 7ffc198 com.android.deskclock/com.android.deskclock.DeskClock (server),reason=NOT_FOCUSABLE]
11-05 01:53:31.366 1507 2002 I input_focus: [Focus entering recents_animation_input_consumer (server),reason=setFocusedWindow]
11-05 01:53:31.539 1507 1751 I commit_sys_config_file: [settings-1-0,3]
11-05 01:53:31.561 1507 1642 I sysui_latency: [8,64]
11-05 01:53:32.163 1507 1594 I wm_task_moved: [1,1,10]
11-05 01:53:32.170 1507 1594 I wm_focused_root_task: [0,0,1,91,startActivityFromRecents]
11-05 01:53:32.171 1507 1594 I wm_task_moved: [87,1,10]
11-05 01:53:32.171 1507 1594 I wm_task_to_front: [0,87]
11-05 01:53:32.172 1507 1594 I wm_focused_root_task: [0,0,87,1,moveTaskToFront findTaskToMoveToFront]
11-05 01:53:32.175 1507 1594 I wm_set_resumed_activity: [0,com.android.music/.VideoBrowserActivity,moveTaskToFront findTaskToMoveToFront]
11-05 01:53:32.179 1507 1594 I wm_set_resumed_activity: [0,com.android.music/.VideoBrowserActivity,resumeTopActivityInnerLocked]
11-05 01:53:32.180 1507 1594 I wm_add_to_stopping: [0,58887263,com.android.deskclock/.DeskClock,makeInvisible]
11-05 01:53:32.184 1507 1594 I service_manager_stats: [100,92,44895]
11-05 01:53:32.184 1507 1594 I wm_resume_activity: [0,89591031,87,com.android.music/.VideoBrowserActivity]
11-05 01:53:32.214 8292 8292 I wm_on_restart_called: [89591031,com.android.music.VideoBrowserActivity,performRestartActivity]
11-05 01:53:32.214 8292 8292 I wm_on_start_called: [89591031,com.android.music.VideoBrowserActivity,handleStartActivity]
11-05 01:53:32.215 8292 8292 I wm_on_resume_called: [89591031,com.android.music.VideoBrowserActivity,RESUME_ACTIVITY]
11-05 01:53:32.215 8292 8292 I wm_on_top_resumed_gained_called: [89591031,com.android.music.VideoBrowserActivity,topWhenResuming]
11-05 01:53:32.245 1507 1642 I am_pss : [9512,1000,com.android.settings,51052544,45785088,0,174854144,0,16,9]
11-05 01:53:32.255 1507 1625 I sysui_multi_action: [319,50,321,49,322,76,325,2486,757,761,758,9,759,4,806,com.android.music,871,com.android.music.VideoBrowserActivity,904,com.android.launcher3,905,0,1320,4,1321,1]
11-05 01:53:32.257 1507 1642 I am_pss : [9560,10063,com.android.calendar,6544384,4849664,0,91738112,0,19,5]
11-05 01:53:32.258 1507 1594 I wm_task_moved: [1,0,8]
11-05 01:53:32.259 1507 1594 I wm_add_to_stopping: [0,94458931,com.android.launcher3/.uioverrides.QuickstepLauncher,makeInvisible]
11-05 01:53:32.262 1507 1629 I input_focus: [Focus request becefc com.android.music/com.android.music.VideoBrowserActivity,reason=UpdateInputWindows]
11-05 01:53:32.262 1507 1628 I wm_stop_activity: [0,94458931,com.android.launcher3/.uioverrides.QuickstepLauncher]
11-05 01:53:32.263 1507 1628 I wm_stop_activity: [0,58887263,com.android.deskclock/.DeskClock]
11-05 01:53:32.264 1507 1642 I am_pss : [9524,10032,com.android.documentsui,11697152,9527296,0,106065920,0,19,6]
11-05 01:53:32.266 5990 5990 I wm_on_paused_called: [58887263,com.android.deskclock.DeskClock,performPause]
11-05 01:53:32.273 1507 1642 I am_pss : [9495,10024,com.android.musicfx,5540864,3862528,0,89911296,0,19,5]
11-05 01:53:32.278 5990 5990 I wm_on_stop_called: [58887263,com.android.deskclock.DeskClock,STOP_ACTIVITY_ITEM]
11-05 01:53:32.282 2835 2835 I wm_on_stop_called: [94458931,com.android.launcher3.uioverrides.QuickstepLauncher,STOP_ACTIVITY_ITEM]
11-05 01:53:32.284 1507 2002 I input_focus: [Focus leaving recents_animation_input_consumer (server),reason=NOT_VISIBLE]
11-05 01:53:32.284 1507 2002 I input_focus: [Focus entering becefc com.android.music/com.android.music.VideoBrowserActivity (server),reason=setFocusedWindow]
11-05 01:53:32.461 1507 1751 I commit_sys_config_file: [settings-1-0,6]
11-05 01:53:32.469 1507 2002 I input_interaction: Interaction with: becefc com.android.music/com.android.music.VideoBrowserActivity (server), edge-swipe (server), swipe-up (server), PointerEventDispatcher0 (server),
11-05 01:53:32.471 1507 1628 I sysui_multi_action: [757,803,799,window_time_0,802,4]
11-05 01:53:33.828 1507 5119 I wm_task_moved: [1,0,0]
11-05 01:53:33.829 1507 5119 I wm_task_moved: [1,0,9]
11-05 01:53:33.837 2835 2835 I wm_on_restart_called: [94458931,com.android.launcher3.uioverrides.QuickstepLauncher,performRestartActivity]
11-05 01:53:33.850 2835 2835 I wm_on_start_called: [94458931,com.android.launcher3.uioverrides.QuickstepLauncher,handleStartActivity]
11-05 01:53:33.870 1507 1625 I sysui_multi_action: [319,11,322,35,325,2488,757,761,758,9,759,5,806,com.android.launcher3,871,com.android.launcher3.uioverrides.QuickstepLauncher,905,0,1320,4,1321,1]
11-05 01:53:33.898 8292 8292 I view_enqueue_input_event: [Motion - Cancel,com.android.music/com.android.music.VideoBrowserActivity]
11-05 01:53:33.899 2835 2835 I sysui_latency: [1,47]
11-05 01:53:33.902 1507 2002 I input_interaction: Interaction with: edge-swipe (server), swipe-up (server), PointerEventDispatcher0 (server),
11-05 01:53:33.911 1507 1629 I input_focus: [Focus request recents_animation_input_consumer,reason=UpdateInputWindows]
11-05 01:53:33.921 1507 2002 I input_focus: [Focus leaving becefc com.android.music/com.android.music.VideoBrowserActivity (server),reason=NOT_FOCUSABLE]
11-05 01:53:33.921 1507 2002 I input_focus: [Focus entering recents_animation_input_consumer (server),reason=setFocusedWindow]
11-05 01:53:34.060 1507 1751 I commit_sys_config_file: [settings-1-0,10]
11-05 01:53:34.165 1507 1642 I sysui_latency: [8,46]
11-05 01:53:35.451 1507 1751 I commit_sys_config_file: [settings-1-0,5]
11-05 01:53:36.041 1507 2002 I input_interaction: Interaction with: 2395a3e com.android.launcher3/com.android.launcher3.uioverrides.QuickstepLauncher (server), edge-swipe (server), swipe-up (server), PointerEventDispatcher0 (server),
11-05 01:53:36.125 1507 2980 I wm_task_moved: [1,1,10]
11-05 01:53:36.130 1507 2980 I wm_focused_root_task: [0,0,1,87,startActivityFromRecents]
11-05 01:53:36.131 8292 8292 I wm_on_top_resumed_lost_called: [89591031,com.android.music.VideoBrowserActivity,topStateChangedWhenResumed]
11-05 01:53:36.131 1507 2980 I wm_task_moved: [91,1,10]
11-05 01:53:36.131 1507 2980 I wm_task_to_front: [0,91]
11-05 01:53:36.132 1507 2980 I wm_focused_root_task: [0,0,91,1,moveTaskToFront findTaskToMoveToFront]
11-05 01:53:36.132 1507 2980 I wm_set_resumed_activity: [0,com.android.deskclock/.DeskClock,moveTaskToFront findTaskToMoveToFront]
11-05 01:53:36.134 1507 2980 I wm_pause_activity: [0,89591031,com.android.music/.VideoBrowserActivity,userLeaving=true,pauseBackTasks]
11-05 01:53:36.146 8292 8292 I wm_on_paused_called: [89591031,com.android.music.VideoBrowserActivity,performPause]
11-05 01:53:36.157 1507 5119 I wm_set_resumed_activity: [0,com.android.deskclock/.DeskClock,resumeTopActivityInnerLocked]
11-05 01:53:36.158 1507 5119 I wm_add_to_stopping: [0,89591031,com.android.music/.VideoBrowserActivity,makeInvisible]
11-05 01:53:36.160 1507 5119 I wm_resume_activity: [0,58887263,91,com.android.deskclock/.DeskClock]
11-05 01:53:36.170 1507 1628 I sysui_multi_action: [757,803,799,window_time_0,802,3]
11-05 01:53:36.203 1507 1642 I am_pss : [9745,10030,com.microsoft.emmx:privileged_process1,60567552,25149440,0,199237632,0,19,9]
11-05 01:53:36.204 5990 5990 I wm_on_restart_called: [58887263,com.android.deskclock.DeskClock,performRestartActivity]
11-05 01:53:36.209 5990 5990 I wm_on_start_called: [58887263,com.android.deskclock.DeskClock,handleStartActivity]
11-05 01:53:36.210 5990 5990 I wm_on_resume_called: [58887263,com.android.deskclock.DeskClock,RESUME_ACTIVITY]
11-05 01:53:36.214 5990 5990 I wm_on_top_resumed_gained_called: [58887263,com.android.deskclock.DeskClock,topWhenResuming]
11-05 01:53:36.572 1507 1777 I wm_task_moved: [1,0,9]
11-05 01:53:36.573 1507 1777 I wm_add_to_stopping: [0,94458931,com.android.launcher3/.uioverrides.QuickstepLauncher,makeInvisible]
11-05 01:53:36.582 1507 1628 I wm_stop_activity: [0,94458931,com.android.launcher3/.uioverrides.QuickstepLauncher]
11-05 01:53:36.582 1507 1628 I wm_stop_activity: [0,89591031,com.android.music/.VideoBrowserActivity]
11-05 01:53:36.588 1507 1629 I input_focus: [Focus request 7ffc198 com.android.deskclock/com.android.deskclock.DeskClock,reason=UpdateInputWindows]
11-05 01:53:36.592 8292 8292 I wm_on_stop_called: [89591031,com.android.music.VideoBrowserActivity,STOP_ACTIVITY_ITEM]
11-05 01:53:36.611 1507 2002 I input_focus: [Focus leaving recents_animation_input_consumer (server),reason=NOT_VISIBLE]
11-05 01:53:36.611 1507 2002 I input_focus: [Focus entering 7ffc198 com.android.deskclock/com.android.deskclock.DeskClock (server),reason=setFocusedWindow]
11-05 01:53:36.643 2835 2835 I wm_on_stop_called: [94458931,com.android.launcher3.uioverrides.QuickstepLauncher,STOP_ACTIVITY_ITEM]
11-05 01:53:37.044 1507 2002 I input_interaction: Interaction with: 7ffc198 com.android.deskclock/com.android.deskclock.DeskClock (server), edge-swipe (server), swipe-up (server), PointerEventDispatcher0 (server),
11-05 01:53:39.533 1507 1751 I commit_sys_config_file: [settings-1-0,5]
11-05 01:53:41.799 1507 1629 I input_focus: [Focus request dfae65b com.android.deskclock/com.android.deskclock.DeskClock,reason=UpdateInputWindows]
11-05 01:53:41.826 1507 2002 I input_focus: [Focus leaving 7ffc198 com.android.deskclock/com.android.deskclock.DeskClock (server),reason=setFocusedWindow]
11-05 01:53:41.826 1507 2002 I input_focus: [Focus entering dfae65b com.android.deskclock/com.android.deskclock.DeskClock (server),reason=setFocusedWindow]
11-05 01:53:43.128 1507 2002 I input_interaction: Interaction with: dfae65b com.android.deskclock/com.android.deskclock.DeskClock (server), edge-swipe (server), swipe-up (server), PointerEventDispatcher0 (server),
11-05 01:53:43.265 1507 1629 I input_focus: [Focus request 7ffc198 com.android.deskclock/com.android.deskclock.DeskClock,reason=UpdateInputWindows]
11-05 01:53:43.299 1507 2002 I input_focus: [Focus entering 7ffc198 com.android.deskclock/com.android.deskclock.DeskClock (server),reason=setFocusedWindow]
11-05 01:53:44.625 1507 2002 I input_interaction: Interaction with: 7ffc198 com.android.deskclock/com.android.deskclock.DeskClock (server), edge-swipe (server), swipe-up (server), PointerEventDispatcher0 (server),
11-05 01:53:57.436 1507 5119 I wm_task_moved: [1,0,0]
11-05 01:53:57.437 1507 5119 I wm_task_moved: [1,0,9]
11-05 01:53:57.467 2835 2835 I wm_on_restart_called: [94458931,com.android.launcher3.uioverrides.QuickstepLauncher,performRestartActivity]
11-05 01:53:57.482 2835 2835 I wm_on_start_called: [94458931,com.android.launcher3.uioverrides.QuickstepLauncher,handleStartActivity]
11-05 01:53:57.505 1507 1625 I sysui_multi_action: [319,16,322,62,325,2511,757,761,758,9,759,5,806,com.android.launcher3,871,com.android.launcher3.uioverrides.QuickstepLauncher,905,0,1320,4,1321,1]
11-05 01:53:57.534 5990 5990 I view_enqueue_input_event: [Motion - Cancel,com.android.deskclock/com.android.deskclock.DeskClock]
11-05 01:53:57.536 2835 2835 I sysui_latency: [1,74]
11-05 01:53:57.550 1507 2002 I input_interaction: Interaction with: edge-swipe (server), swipe-up (server), PointerEventDispatcher0 (server),
11-05 01:53:57.557 1507 1629 I input_focus: [Focus request recents_animation_input_consumer,reason=UpdateInputWindows]
11-05 01:53:57.562 1507 2002 I input_focus: [Focus leaving 7ffc198 com.android.deskclock/com.android.deskclock.DeskClock (server),reason=NOT_FOCUSABLE]
11-05 01:53:57.562 1507 2002 I input_focus: [Focus entering recents_animation_input_consumer (server),reason=setFocusedWindow]
11-05 01:53:57.686 1507 1751 I commit_sys_config_file: [settings-1-0,5]
11-05 01:53:57.801 1507 1642 I sysui_latency: [8,73]
11-05 01:53:58.418 1507 1751 I commit_sys_config_file: [settings-1-0,7]
11-05 01:53:58.765 1507 2002 I input_interaction: Interaction with: 2395a3e com.android.launcher3/com.android.launcher3.uioverrides.QuickstepLauncher (server), edge-swipe (server), swipe-up (server), PointerEventDispatcher0 (server),
11-05 01:53:59.159 1507 5119 I wm_task_moved: [1,1,10]
11-05 01:53:59.162 1507 5119 I wm_focused_root_task: [0,0,1,91,RecentsAnimation.onAnimationFinished()]
11-05 01:53:59.162 5990 5990 I wm_on_top_resumed_lost_called: [58887263,com.android.deskclock.DeskClock,topStateChangedWhenResumed]
11-05 01:53:59.163 1507 5119 I wm_pause_activity: [0,58887263,com.android.deskclock/.DeskClock,userLeaving=false,pauseBackTasks]
11-05 01:53:59.165 1507 5119 I wm_set_resumed_activity: [0,com.android.launcher3/.uioverrides.QuickstepLauncher,resumeTopActivityInnerLocked]
11-05 01:53:59.169 1507 5119 I wm_resume_activity: [0,94458931,10,com.android.launcher3/.uioverrides.QuickstepLauncher]
11-05 01:53:59.169 1507 5119 I wm_add_to_stopping: [0,58887263,com.android.deskclock/.DeskClock,makeInvisible]
11-05 01:53:59.169 2835 2835 I wm_on_resume_called: [94458931,com.android.launcher3.uioverrides.QuickstepLauncher,RESUME_ACTIVITY]
11-05 01:53:59.182 1507 1629 I input_focus: [Focus request 2395a3e com.android.launcher3/com.android.launcher3.uioverrides.QuickstepLauncher,reason=UpdateInputWindows]
11-05 01:53:59.184 5990 5990 I wm_on_paused_called: [58887263,com.android.deskclock.DeskClock,performPause]
11-05 01:53:59.185 1507 1628 I sysui_multi_action: [757,803,799,window_time_0,802,23]
11-05 01:53:59.186 1507 2288 I wm_stop_activity: [0,58887263,com.android.deskclock/.DeskClock]
11-05 01:53:59.191 1507 1628 I sysui_multi_action: [757,803,799,window_time_0,802,0]
11-05 01:53:59.199 2835 2835 I wm_on_top_resumed_gained_called: [94458931,com.android.launcher3.uioverrides.QuickstepLauncher,topStateChangedWhenResumed]
11-05 01:53:59.200 1507 2002 I input_focus: [Focus leaving recents_animation_input_consumer (server),reason=NOT_VISIBLE]
11-05 01:53:59.201 1507 2002 I input_focus: [Focus entering 2395a3e com.android.launcher3/com.android.launcher3.uioverrides.QuickstepLauncher (server),reason=setFocusedWindow]
11-05 01:53:59.209 1507 1642 I am_pss : [9512,1000,com.android.settings,51050496,45785088,0,174854144,0,16,8]
11-05 01:53:59.224 1507 1642 I am_pss : [9745,10030,com.microsoft.emmx:privileged_process1,59933696,24813568,0,199237632,0,19,9]
11-05 01:53:59.228 1507 1507 I notification_enqueue: [10065,5990,com.android.deskclock,2147483646,NULL,0,Notification(channel=StopwatchNotification shortcut=null contentView=com.android.deskclock/0x7f0d0024 vibrate=null sound=null defaults=0x0 flags=0x102 color=0xff1a237e groupKey=3 actions=2 vis=PRIVATE),0]
11-05 01:53:59.233 5990 5990 I wm_on_stop_called: [58887263,com.android.deskclock.DeskClock,STOP_ACTIVITY_ITEM]
11-05 01:53:59.237 1507 1642 I am_pss : [9509,10069,com.android.gallery3d,18118656,14028800,0,132800512,0,16,8]
11-05 01:53:59.282 1507 5119 I wm_finish_activity: [0,207799423,88,com.android.gallery3d/.app.GalleryActivity,recent-task-trimmed]
11-05 01:53:59.283 1507 5119 I wm_destroy_activity: [0,207799423,88,com.android.gallery3d/.app.GalleryActivity,finish-imm:finishIfPossible]
11-05 01:53:59.283 1507 5119 I wm_finish_activity: [0,140665134,89,com.android.settings/.Settings,recent-task-trimmed]
11-05 01:53:59.284 1507 5119 I wm_destroy_activity: [0,140665134,89,com.android.settings/.Settings,finish-imm:finishIfPossible]
11-05 01:53:59.284 1507 5119 I wm_finish_activity: [0,89591031,87,com.android.music/.VideoBrowserActivity,recent-task-trimmed]
11-05 01:53:59.284 1507 5119 I wm_destroy_activity: [0,89591031,87,com.android.music/.VideoBrowserActivity,finish-imm:finishIfPossible]
11-05 01:53:59.284 1507 5119 I wm_finish_activity: [0,58887263,91,com.android.deskclock/.DeskClock,recent-task-trimmed]
11-05 01:53:59.285 1507 5119 I wm_destroy_activity: [0,58887263,91,com.android.deskclock/.DeskClock,finish-imm:finishIfPossible]
11-05 01:53:59.285 1507 1628 I am_kill : [0,9509,com.android.gallery3d,930,remove task]
11-05 01:53:59.289 1507 1628 I sysui_multi_action: [757,803,799,window_time_0,802,0]
11-05 01:53:59.289 1507 1628 I am_kill : [0,9512,com.android.settings,920,remove task]
11-05 01:53:59.292 8292 8292 I wm_on_destroy_called: [89591031,com.android.music.VideoBrowserActivity,performDestroy]
11-05 01:53:59.295 1507 1628 I sysui_multi_action: [757,803,799,window_time_0,802,0]
11-05 01:53:59.296 1507 5119 I wm_task_removed: [87,removeChild:removeChild last r=ActivityRecord{5570cf7 u0 com.android.music/.VideoBrowserActivity t-1 f}} in t=Task{89e13a6 #87 type=standard A=10090:android.task.video U=0 visible=false mode=fullscreen translucent=true sz=0}]
11-05 01:53:59.297 1507 5119 I wm_task_removed: [87,removeChild]
11-05 01:53:59.299 1507 1628 I am_kill : [0,8292,com.android.music,900,remove task]
11-05 01:53:59.301 1507 1628 I sysui_multi_action: [757,803,799,window_time_0,802,0]
11-05 01:53:59.302 1507 1628 I sysui_multi_action: [757,803,799,window_time_0,802,0]
11-05 01:53:59.303 5990 5990 I wm_on_destroy_called: [58887263,com.android.deskclock.DeskClock,performDestroy]
11-05 01:53:59.305 1507 2002 I input_interaction: Interaction with: 2395a3e com.android.launcher3/com.android.launcher3.uioverrides.QuickstepLauncher (server), ef1bc93 com.android.systemui.ImageWallpaper (server), edge-swipe (server), swipe-up (server), PointerEventDispatcher0 (server),
11-05 01:53:59.312 1507 5119 I wm_task_removed: [91,removeChild:removeChild last r=ActivityRecord{3828c5f u0 com.android.deskclock/.DeskClock t-1 f}} in t=Task{c3357b2 #91 type=standard A=10065:com.android.deskclock U=0 visible=false mode=fullscreen translucent=true sz=0}]
11-05 01:53:59.312 1507 5119 I wm_task_removed: [91,removeChild]
11-05 01:53:59.348 1507 2410 I am_proc_died: [0,8292,com.android.music,900,19]
11-05 01:53:59.349 1507 2410 I am_uid_stopped: 10090
11-05 01:53:59.355 1507 1777 I am_proc_died: [0,9512,com.android.settings,920,19]
11-05 01:53:59.360 1507 1777 I wm_task_removed: [89,removeChild:removeChild last r=ActivityRecord{862612e u0 com.android.settings/.Settings t-1 f}} in t=Task{65e4448 #89 type=standard A=1000:com.android.settings.root U=0 visible=false mode=fullscreen translucent=true sz=0}]
11-05 01:53:59.360 1507 1777 I wm_task_removed: [89,removeChild]
11-05 01:53:59.363 1507 7110 I am_proc_died: [0,9509,com.android.gallery3d,930,19]
11-05 01:53:59.363 1507 7110 I am_uid_stopped: 10069
11-05 01:53:59.365 1507 7110 I wm_task_removed: [88,removeChild:removeChild last r=ActivityRecord{c62c47f u0 com.android.gallery3d/.app.GalleryActivity t-1 f}} in t=Task{ee818e4 #88 type=standard A=10069:com.android.gallery3d U=0 visible=false mode=fullscreen translucent=true sz=0}]
11-05 01:53:59.365 1507 7110 I wm_task_removed: [88,removeChild]
11-05 01:53:59.369 1507 1628 I am_uid_running: 10090
11-05 01:53:59.370 1507 1628 I am_uid_running: 10069
11-05 01:53:59.377 1507 1646 I am_proc_start: [0,9951,10090,com.android.music,NULL,]
11-05 01:53:59.390 1507 1646 I am_proc_start: [0,9952,10069,com.android.gallery3d,NULL,]
11-05 01:53:59.400 1507 1646 I am_proc_start: [0,9956,1000,com.android.settings,NULL,]
11-05 01:53:59.417 1507 7110 I am_proc_bound: [0,9951,com.android.music]
11-05 01:53:59.422 1507 7110 I am_proc_bound: [0,9952,com.android.gallery3d]
11-05 01:53:59.428 1507 7110 I am_proc_bound: [0,9956,com.android.settings]
11-05 01:53:59.430 1507 1507 I sysui_multi_action: [757,1501,758,1,793,205,794,0,795,205,796,2147483646,806,com.android.deskclock,857,StopwatchNotification,858,3,946,3,947,0,1500,0,1688,1,1745,-868672399]
11-05 01:53:59.430 1507 1507 I sysui_multi_action: [757,804,799,note_interruptive,801,0,802,1]
11-05 01:53:59.815 1507 1642 I sysui_multi_action: [757,1717,758,1,759,0]
11-05 01:53:59.816 1507 1642 I sysui_multi_action: [757,1717,758,2,759,0]
11-05 01:53:59.816 1507 1642 I sysui_multi_action: [757,1717,758,3,759,0]
11-05 01:54:01.612 1507 1751 I commit_sys_config_file: [settings-1-0,7]
11-05 01:54:02.367 1507 7110 I wm_task_created: [92,-1]
11-05 01:54:02.371 1507 7110 I wm_task_moved: [92,1,7]
11-05 01:54:02.371 1507 7110 I wm_task_to_front: [0,92]
11-05 01:54:02.372 1507 7110 I wm_create_task: [0,92]
11-05 01:54:02.372 1507 7110 I wm_create_activity: [0,92442510,92,com.android.deskclock/.DeskClock,android.intent.action.MAIN,NULL,NULL,270532608]
11-05 01:54:02.372 1507 7110 I wm_task_moved: [92,1,7]
11-05 01:54:02.374 1507 7110 I wm_pause_activity: [0,94458931,com.android.launcher3/.uioverrides.QuickstepLauncher,userLeaving=true,pauseBackTasks]
11-05 01:54:02.381 2835 2835 I wm_on_top_resumed_lost_called: [94458931,com.android.launcher3.uioverrides.QuickstepLauncher,topStateChangedWhenResumed]
11-05 01:54:02.393 2835 2835 I wm_on_paused_called: [94458931,com.android.launcher3.uioverrides.QuickstepLauncher,performPause]
11-05 01:54:02.395 1507 7110 I wm_add_to_stopping: [0,94458931,com.android.launcher3/.uioverrides.QuickstepLauncher,makeInvisible]
11-05 01:54:02.396 1507 7110 I wm_restart_activity: [0,92442510,92,com.android.deskclock/.DeskClock]
11-05 01:54:02.397 1507 7110 I wm_set_resumed_activity: [0,com.android.deskclock/.DeskClock,minimalResumeActivityLocked]
11-05 01:54:02.427 1507 1628 I sysui_multi_action: [757,803,799,window_time_0,802,3]
11-05 01:54:02.435 1507 7110 I wm_task_moved: [92,1,7]
11-05 01:54:02.435 1507 7110 I wm_set_resumed_activity: [0,com.android.deskclock/.DeskClock,positionChildAt]
11-05 01:54:02.435 1507 7110 I wm_create_activity: [0,227869286,92,com.android.permissioncontroller/.permission.ui.GrantPermissionsActivity,android.content.pm.action.REQUEST_PERMISSIONS,NULL,NULL,8388608]
11-05 01:54:02.438 1507 7110 I wm_pause_activity: [0,92442510,com.android.deskclock/.DeskClock,userLeaving=true,resumeTopActivityInnerLocked]
11-05 01:54:02.439 1507 2002 I input_focus: [Focus leaving 2395a3e com.android.launcher3/com.android.launcher3.uioverrides.QuickstepLauncher (server),reason=NO_WINDOW]
11-05 01:54:02.460 5990 5990 I wm_on_create_called: [92442510,com.android.deskclock.DeskClock,performCreate]
11-05 01:54:02.461 5990 5990 I wm_on_start_called: [92442510,com.android.deskclock.DeskClock,handleStartActivity]
11-05 01:54:02.462 5990 5990 I wm_on_resume_called: [92442510,com.android.deskclock.DeskClock,RESUME_ACTIVITY]
11-05 01:54:02.462 1507 1507 I sysui_multi_action: [757,128,758,5,759,8,793,3237,794,0,795,3237,796,2147483646,806,com.android.deskclock,857,StopwatchNotification,858,3,946,3,947,0,1500,3032,1688,1,1745,-868672399]
11-05 01:54:02.462 1507 1507 I notification_canceled: [0|com.android.deskclock|2147483646|null|10065,8,3237,3237,0,-1,-1,NULL]
11-05 01:54:02.464 5990 5990 I wm_on_top_resumed_gained_called: [92442510,com.android.deskclock.DeskClock,topStateChangedWhenResumed]
11-05 01:54:02.464 5990 5990 I wm_on_top_resumed_lost_called: [92442510,com.android.deskclock.DeskClock,topStateChangedWhenResumed]
11-05 01:54:02.465 5990 5990 I wm_on_paused_called: [92442510,com.android.deskclock.DeskClock,performPause]
11-05 01:54:02.469 1507 2457 I wm_restart_activity: [0,227869286,92,com.android.permissioncontroller/.permission.ui.GrantPermissionsActivity]
11-05 01:54:02.471 1507 2457 I wm_set_resumed_activity: [0,com.android.permissioncontroller/.permission.ui.GrantPermissionsActivity,minimalResumeActivityLocked]
11-05 01:54:02.473 1507 1628 I sysui_multi_action: [757,803,799,window_time_0,802,1]
11-05 01:54:02.486 2368 2368 I wm_on_create_called: [227869286,com.android.permissioncontroller.permission.ui.GrantPermissionsActivity,performCreate]
11-05 01:54:02.487 2368 2368 I wm_on_start_called: [227869286,com.android.permissioncontroller.permission.ui.GrantPermissionsActivity,handleStartActivity]
11-05 01:54:02.487 2368 2368 I wm_on_resume_called: [227869286,com.android.permissioncontroller.permission.ui.GrantPermissionsActivity,RESUME_ACTIVITY]
11-05 01:54:02.492 2368 2368 I wm_on_top_resumed_gained_called: [227869286,com.android.permissioncontroller.permission.ui.GrantPermissionsActivity,topStateChangedWhenResumed]
11-05 01:54:02.496 1507 7110 I wm_finish_activity: [0,227869286,92,com.android.permissioncontroller/.permission.ui.GrantPermissionsActivity,app-request]
11-05 01:54:02.504 1507 7110 I wm_pause_activity: [0,227869286,com.android.permissioncontroller/.permission.ui.GrantPermissionsActivity,userLeaving=false,finish]
11-05 01:54:02.510 2368 2368 I wm_on_top_resumed_lost_called: [227869286,com.android.permissioncontroller.permission.ui.GrantPermissionsActivity,topStateChangedWhenResumed]
11-05 01:54:02.511 2368 2368 I wm_on_paused_called: [227869286,com.android.permissioncontroller.permission.ui.GrantPermissionsActivity,performPause]
11-05 01:54:02.512 1507 2457 I wm_add_to_stopping: [0,227869286,com.android.permissioncontroller/.permission.ui.GrantPermissionsActivity,completeFinishing]
11-05 01:54:02.513 1507 2457 I wm_set_resumed_activity: [0,com.android.deskclock/.DeskClock,resumeTopActivityInnerLocked]
11-05 01:54:02.514 1507 2457 I wm_resume_activity: [0,92442510,92,com.android.deskclock/.DeskClock]
11-05 01:54:02.517 1507 1628 I sysui_multi_action: [757,803,799,window_time_0,802,0]
11-05 01:54:02.532 1507 1629 I input_focus: [Focus request a6a33b5 com.android.deskclock/com.android.deskclock.DeskClock,reason=UpdateInputWindows]
11-05 01:54:02.549 1507 1625 I wm_activity_launch_time: [0,227869286,com.android.permissioncontroller/.permission.ui.GrantPermissionsActivity,189]
11-05 01:54:02.549 5990 5990 I wm_on_activity_result_called: [92442510,com.android.deskclock.DeskClock,ACTIVITY_RESULT]
11-05 01:54:02.550 5990 5990 I wm_on_resume_called: [92442510,com.android.deskclock.DeskClock,RESUME_ACTIVITY]
11-05 01:54:02.552 5990 5990 I wm_on_top_resumed_gained_called: [92442510,com.android.deskclock.DeskClock,topWhenResuming]
11-05 01:54:02.557 1507 2002 I input_focus: [Focus entering a6a33b5 com.android.deskclock/com.android.deskclock.DeskClock (server),reason=setFocusedWindow]
11-05 01:54:02.626 1507 7110 I wm_destroy_activity: [0,227869286,92,com.android.permissioncontroller/.permission.ui.GrantPermissionsActivity,finish-imm:idle]
11-05 01:54:02.627 2368 2368 I wm_on_stop_called: [227869286,com.android.permissioncontroller.permission.ui.GrantPermissionsActivity,LIFECYCLER_STOP_ACTIVITY]
11-05 01:54:02.629 2368 2368 I wm_on_destroy_called: [227869286,com.android.permissioncontroller.permission.ui.GrantPermissionsActivity,performDestroy]
11-05 01:54:02.978 1507 1628 I wm_stop_activity: [0,94458931,com.android.launcher3/.uioverrides.QuickstepLauncher]
11-05 01:54:03.014 2835 2835 I wm_on_stop_called: [94458931,com.android.launcher3.uioverrides.QuickstepLauncher,STOP_ACTIVITY_ITEM]
11-05 01:54:03.993 1507 2002 I input_interaction: Interaction with: a6a33b5 com.android.deskclock/com.android.deskclock.DeskClock (server), edge-swipe (server), swipe-up (server), PointerEventDispatcher0 (server),
11-05 01:54:04.018 1507 2457 I wm_task_moved: [1,0,0]
11-05 01:54:04.018 1507 2457 I wm_task_moved: [1,0,6]
11-05 01:54:04.026 2835 2835 I wm_on_restart_called: [94458931,com.android.launcher3.uioverrides.QuickstepLauncher,performRestartActivity]
11-05 01:54:04.051 2835 2835 I wm_on_start_called: [94458931,com.android.launcher3.uioverrides.QuickstepLauncher,handleStartActivity]
11-05 01:54:04.073 5990 5990 I view_enqueue_input_event: [Motion - Cancel,com.android.deskclock/com.android.deskclock.DeskClock]
11-05 01:54:04.074 2835 2835 I sysui_latency: [1,68]
11-05 01:54:04.077 1507 1625 I sysui_multi_action: [319,8,322,51,325,2518,757,761,758,9,759,5,806,com.android.launcher3,871,com.android.launcher3.uioverrides.QuickstepLauncher,905,0,1320,4,1321,1]
11-05 01:54:04.080 1507 1629 I input_focus: [Focus request recents_animation_input_consumer,reason=UpdateInputWindows]
11-05 01:54:04.085 1507 2002 I input_interaction: Interaction with: edge-swipe (server), swipe-up (server), PointerEventDispatcher0 (server),
11-05 01:54:04.110 1507 2002 I input_focus: [Focus leaving a6a33b5 com.android.deskclock/com.android.deskclock.DeskClock (server),reason=NOT_FOCUSABLE]
11-05 01:54:04.110 1507 2002 I input_focus: [Focus entering recents_animation_input_consumer (server),reason=setFocusedWindow]
11-05 01:54:04.234 1507 1751 I commit_sys_config_file: [settings-1-0,5]
11-05 01:54:04.371 1507 1642 I sysui_latency: [8,61]
11-05 01:54:04.981 1507 1751 I commit_sys_config_file: [settings-1-0,6]
11-05 01:54:05.314 1507 2002 I input_interaction: Interaction with: 2395a3e com.android.launcher3/com.android.launcher3.uioverrides.QuickstepLauncher (server), edge-swipe (server), swipe-up (server), PointerEventDispatcher0 (server),
11-05 01:54:05.733 1507 7110 I wm_task_moved: [1,1,7]
11-05 01:54:05.737 1507 7110 I wm_focused_root_task: [0,0,1,92,RecentsAnimation.onAnimationFinished()]
11-05 01:54:05.741 1507 7110 I wm_pause_activity: [0,92442510,com.android.deskclock/.DeskClock,userLeaving=false,pauseBackTasks]
11-05 01:54:05.744 1507 7110 I wm_set_resumed_activity: [0,com.android.launcher3/.uioverrides.QuickstepLauncher,resumeTopActivityInnerLocked]
11-05 01:54:05.747 1507 7110 I wm_resume_activity: [0,94458931,10,com.android.launcher3/.uioverrides.QuickstepLauncher]
11-05 01:54:05.747 1507 7110 I wm_add_to_stopping: [0,92442510,com.android.deskclock/.DeskClock,makeInvisible]
11-05 01:54:05.749 5990 5990 I wm_on_top_resumed_lost_called: [92442510,com.android.deskclock.DeskClock,topStateChangedWhenResumed]
11-05 01:54:05.754 2835 2835 I wm_on_resume_called: [94458931,com.android.launcher3.uioverrides.QuickstepLauncher,RESUME_ACTIVITY]
11-05 01:54:05.760 1507 1629 I input_focus: [Focus request 2395a3e com.android.launcher3/com.android.launcher3.uioverrides.QuickstepLauncher,reason=UpdateInputWindows]
11-05 01:54:05.764 1507 1628 I sysui_multi_action: [757,803,799,window_time_0,802,3]
11-05 01:54:05.766 5990 5990 I wm_on_paused_called: [92442510,com.android.deskclock.DeskClock,performPause]
11-05 01:54:05.767 1507 2002 I input_focus: [Focus leaving recents_animation_input_consumer (server),reason=NOT_VISIBLE]
11-05 01:54:05.780 1507 5662 I wm_stop_activity: [0,92442510,com.android.deskclock/.DeskClock]
11-05 01:54:05.782 2835 2835 I wm_on_top_resumed_gained_called: [94458931,com.android.launcher3.uioverrides.QuickstepLauncher,topStateChangedWhenResumed]
11-05 01:54:05.786 1507 2002 I input_focus: [Focus entering 2395a3e com.android.launcher3/com.android.launcher3.uioverrides.QuickstepLauncher (server),reason=setFocusedWindow]
11-05 01:54:05.789 1507 1628 I sysui_multi_action: [757,803,799,window_time_0,802,0]
11-05 01:54:05.800 1507 1507 I notification_enqueue: [10065,5990,com.android.deskclock,2147483646,NULL,0,Notification(channel=StopwatchNotification shortcut=null contentView=com.android.deskclock/0x7f0d0024 vibrate=null sound=null defaults=0x0 flags=0x102 color=0xff1a237e groupKey=3 actions=2 vis=PRIVATE),0]
11-05 01:54:05.806 5990 5990 I wm_on_stop_called: [92442510,com.android.deskclock.DeskClock,STOP_ACTIVITY_ITEM]
11-05 01:54:05.860 1507 5662 I wm_finish_activity: [0,92442510,92,com.android.deskclock/.DeskClock,recent-task-trimmed]
11-05 01:54:05.860 1507 5662 I wm_destroy_activity: [0,92442510,92,com.android.deskclock/.DeskClock,finish-imm:finishIfPossible]
11-05 01:54:05.861 1507 1628 I sysui_multi_action: [757,803,799,window_time_0,802,0]
11-05 01:54:05.871 5990 5990 I wm_on_destroy_called: [92442510,com.android.deskclock.DeskClock,performDestroy]
11-05 01:54:05.876 1507 1777 I wm_task_removed: [92,removeChild:removeChild last r=ActivityRecord{5828f8e u0 com.android.deskclock/.DeskClock t-1 f}} in t=Task{1149a7 #92 type=standard A=10065:com.android.deskclock U=0 visible=false mode=fullscreen translucent=true sz=0}]
11-05 01:54:05.877 1507 1777 I wm_task_removed: [92,removeChild]
11-05 01:54:06.006 1507 1507 I sysui_multi_action: [757,1501,758,1,793,208,794,0,795,208,796,2147483646,806,com.android.deskclock,857,StopwatchNotification,858,3,946,3,947,0,1500,0,1688,1,1745,-868672399]
11-05 01:54:06.006 1507 1507 I sysui_multi_action: [757,804,799,note_interruptive,801,0,802,1]
11-05 01:54:06.269 1507 2002 I input_interaction: Interaction with: 2395a3e com.android.launcher3/com.android.launcher3.uioverrides.QuickstepLauncher (server), ef1bc93 com.android.systemui.ImageWallpaper (server), edge-swipe (server), swipe-up (server), PointerEventDispatcher0 (server),
11-05 01:54:06.391 1507 5662 I wm_task_created: [93,-1]
11-05 01:54:06.399 1507 5662 I wm_task_moved: [93,1,7]
11-05 01:54:06.399 1507 5662 I wm_task_to_front: [0,93]
11-05 01:54:06.400 1507 5662 I wm_create_task: [0,93]
11-05 01:54:06.400 1507 5662 I wm_create_activity: [0,5289280,93,com.android.gallery3d/.app.GalleryActivity,android.intent.action.MAIN,NULL,NULL,270532608]
11-05 01:54:06.400 1507 5662 I wm_task_moved: [93,1,7]
11-05 01:54:06.404 1507 5662 I wm_pause_activity: [0,94458931,com.android.launcher3/.uioverrides.QuickstepLauncher,userLeaving=true,pauseBackTasks]
11-05 01:54:06.411 2835 2835 I wm_on_top_resumed_lost_called: [94458931,com.android.launcher3.uioverrides.QuickstepLauncher,topStateChangedWhenResumed]
11-05 01:54:06.418 2835 2835 I wm_on_paused_called: [94458931,com.android.launcher3.uioverrides.QuickstepLauncher,performPause]
11-05 01:54:06.424 1507 5662 I wm_add_to_stopping: [0,94458931,com.android.launcher3/.uioverrides.QuickstepLauncher,makeInvisible]
11-05 01:54:06.425 1507 5662 I wm_restart_activity: [0,5289280,93,com.android.gallery3d/.app.GalleryActivity]
11-05 01:54:06.426 1507 5662 I wm_set_resumed_activity: [0,com.android.gallery3d/.app.GalleryActivity,minimalResumeActivityLocked]
11-05 01:54:06.426 1507 1628 I am_uid_active: 10069
11-05 01:54:06.429 1507 1628 I sysui_multi_action: [757,803,799,window_time_0,802,0]
11-05 01:54:06.450 1507 2002 I input_focus: [Focus leaving 2395a3e com.android.launcher3/com.android.launcher3.uioverrides.QuickstepLauncher (server),reason=NO_WINDOW]
11-05 01:54:06.474 9952 9952 I wm_on_create_called: [5289280,com.android.gallery3d.app.GalleryActivity,performCreate]
11-05 01:54:06.476 9952 9952 I wm_on_start_called: [5289280,com.android.gallery3d.app.GalleryActivity,handleStartActivity]
11-05 01:54:06.480 9952 9952 I wm_on_resume_called: [5289280,com.android.gallery3d.app.GalleryActivity,RESUME_ACTIVITY]
11-05 01:54:06.485 9952 9952 I wm_on_top_resumed_gained_called: [5289280,com.android.gallery3d.app.GalleryActivity,topStateChangedWhenResumed]
11-05 01:54:06.504 1507 1629 I input_focus: [Focus request a8a6834 com.android.gallery3d/com.android.gallery3d.app.GalleryActivity,reason=UpdateInputWindows]
11-05 01:54:06.510 1507 1507 I notification_enqueue: [10081,2365,com.android.systemui,2048,NULL,0,Notification(channel=updateNotification shortcut=null contentView=null vibrate=null sound=null defaults=0x0 flags=0x0 color=0x00000000 vis=PRIVATE),1]
11-05 01:54:06.510 2365 2365 I sysui_multi_action: [757,111,758,2]
11-05 01:54:06.511 2365 2365 I sysui_multi_action: [757,111,758,2]
11-05 01:54:06.526 2365 2365 I sysui_multi_action: [757,111,758,1]
11-05 01:54:06.526 2365 2365 I sysui_multi_action: [757,126,758,1,759,126,927,0,928,1,1593,0]
11-05 01:54:06.526 2365 2365 I sysui_multi_action: [757,113,758,1,759,113,927,1,928,1,1593,0]
11-05 01:54:06.526 2365 2365 I sysui_multi_action: [757,0,758,1,759,0,927,2,928,0,1593,0]
11-05 01:54:06.527 2365 2365 I sysui_multi_action: [757,0,758,1,759,0,927,3,928,0,1593,0]
11-05 01:54:06.527 2365 2365 I sysui_multi_action: [757,491,758,1,759,491,927,4,928,0,1311,-1,1593,0]
11-05 01:54:06.527 2365 2365 I sysui_multi_action: [757,0,758,1,759,0,927,5,928,0,1593,0]
11-05 01:54:06.527 2365 2365 I sysui_multi_action: [757,114,758,1,759,114,927,6,928,0,1593,0]
11-05 01:54:06.527 2365 2365 I sysui_multi_action: [757,120,758,1,759,120,927,7,928,0,1593,0]
11-05 01:54:06.527 2365 2365 I sysui_multi_action: [757,111,758,1]
11-05 01:54:06.527 2365 2365 I sysui_multi_action: [757,126,758,1,759,126,927,0,928,1,1593,0]
11-05 01:54:06.527 2365 2365 I sysui_multi_action: [757,113,758,1,759,113,927,1,928,1,1593,0]
11-05 01:54:06.527 2365 2365 I sysui_multi_action: [757,0,758,1,759,0,927,2,928,0,1593,0]
11-05 01:54:06.527 2365 2365 I sysui_multi_action: [757,0,758,1,759,0,927,3,928,0,1593,0]
11-05 01:54:06.555 1507 1625 I sysui_multi_action: [319,60,321,57,322,167,325,2520,757,761,758,8,759,1,806,com.android.gallery3d,871,com.android.gallery3d.app.GalleryActivity,904,com.android.launcher3,905,0,1320,4,1321,1]
11-05 01:54:06.557 1507 1625 I wm_activity_launch_time: [0,5289280,com.android.gallery3d/.app.GalleryActivity,167]
11-05 01:54:06.566 1507 2002 I input_focus: [Focus entering a8a6834 com.android.gallery3d/com.android.gallery3d.app.GalleryActivity (server),reason=Window became focusable. Previous reason: NOT_VISIBLE]
11-05 01:54:06.995 1507 1628 I wm_stop_activity: [0,94458931,com.android.launcher3/.uioverrides.QuickstepLauncher]
11-05 01:54:07.042 2835 2835 I wm_on_stop_called: [94458931,com.android.launcher3.uioverrides.QuickstepLauncher,STOP_ACTIVITY_ITEM]
11-05 01:54:07.603 1507 2002 I input_interaction: Interaction with: a8a6834 com.android.gallery3d/com.android.gallery3d.app.GalleryActivity (server), edge-swipe (server), swipe-up (server), PointerEventDispatcher0 (server),
11-05 01:54:09.214 1507 5661 I wm_task_moved: [1,0,0]
11-05 01:54:09.215 1507 5661 I wm_task_moved: [1,0,6]
11-05 01:54:09.241 2835 2835 I wm_on_restart_called: [94458931,com.android.launcher3.uioverrides.QuickstepLauncher,performRestartActivity]
11-05 01:54:09.257 2835 2835 I wm_on_start_called: [94458931,com.android.launcher3.uioverrides.QuickstepLauncher,handleStartActivity]
11-05 01:54:09.286 1507 1625 I sysui_multi_action: [319,14,322,64,325,2523,757,761,758,9,759,5,806,com.android.launcher3,871,com.android.launcher3.uioverrides.QuickstepLauncher,905,0,1320,4,1321,1]
11-05 01:54:09.303 9952 9952 I view_enqueue_input_event: [Motion - Cancel,com.android.gallery3d/com.android.gallery3d.app.GalleryActivity]
11-05 01:54:09.303 1507 2002 I input_interaction: Interaction with: edge-swipe (server), swipe-up (server), PointerEventDispatcher0 (server),
11-05 01:54:09.305 2835 2835 I sysui_latency: [1,75]
11-05 01:54:09.311 1507 1629 I input_focus: [Focus request recents_animation_input_consumer,reason=UpdateInputWindows]
11-05 01:54:09.339 1507 2002 I input_focus: [Focus leaving a8a6834 com.android.gallery3d/com.android.gallery3d.app.GalleryActivity (server),reason=NOT_FOCUSABLE]
11-05 01:54:09.339 1507 2002 I input_focus: [Focus entering recents_animation_input_consumer (server),reason=setFocusedWindow]
11-05 01:54:09.466 1507 1751 I commit_sys_config_file: [settings-1-0,11]
11-05 01:54:09.581 1507 1642 I sysui_latency: [8,80]
11-05 01:54:10.181 1507 1751 I commit_sys_config_file: [settings-1-0,5]
11-05 01:54:10.478 1507 1645 I am_uid_idle: 10088
11-05 01:54:10.881 1507 2002 I input_interaction: Interaction with: 2395a3e com.android.launcher3/com.android.launcher3.uioverrides.QuickstepLauncher (server), edge-swipe (server), swipe-up (server), PointerEventDispatcher0 (server),
11-05 01:54:11.396 1507 2457 I wm_task_moved: [1,0,6]
11-05 01:54:11.397 1507 2457 I wm_add_to_stopping: [0,94458931,com.android.launcher3/.uioverrides.QuickstepLauncher,makeInvisible]
11-05 01:54:11.406 1507 1629 I input_focus: [Focus request a8a6834 com.android.gallery3d/com.android.gallery3d.app.GalleryActivity,reason=UpdateInputWindows]
11-05 01:54:11.412 1507 1628 I wm_stop_activity: [0,94458931,com.android.launcher3/.uioverrides.QuickstepLauncher]
11-05 01:54:11.417 1507 2002 I input_focus: [Focus leaving recents_animation_input_consumer (server),reason=NOT_VISIBLE]
11-05 01:54:11.417 1507 2002 I input_focus: [Focus entering a8a6834 com.android.gallery3d/com.android.gallery3d.app.GalleryActivity (server),reason=setFocusedWindow]
11-05 01:54:11.454 2835 2835 I wm_on_stop_called: [94458931,com.android.launcher3.uioverrides.QuickstepLauncher,STOP_ACTIVITY_ITEM]
11-05 01:54:12.410 1507 2002 I input_interaction: Interaction with: a8a6834 com.android.gallery3d/com.android.gallery3d.app.GalleryActivity (server), edge-swipe (server), swipe-up (server), PointerEventDispatcher0 (server),
11-05 01:54:13.133 1507 1645 I am_uid_idle: 10030
11-05 01:54:13.507 9952 9952 I menu_item_selected: [0,屏幕截图]
11-05 01:54:20.381 1507 1752 I am_freeze: [8958,com.android.providers.calendar]
11-05 01:54:20.387 1507 1752 I am_kill : [0,8958,com.android.providers.calendar,955,Unable to freeze binder interface]
11-05 01:54:20.418 1507 4739 I am_proc_died: [0,8958,com.android.providers.calendar,955,19]
11-05 01:54:20.419 1507 4739 I am_uid_stopped: 10019
11-05 01:54:20.432 1507 1642 I am_pss : [9952,10069,com.android.gallery3d,121746432,116342784,0,240476160,0,2,9]
11-05 01:54:20.441 1507 1642 I am_pss : [9956,1000,com.android.settings,26833920,25079808,0,112357376,0,19,6]
11-05 01:54:20.447 1507 1642 I am_pss : [9951,10090,com.android.music,6630400,4747264,0,90710016,0,19,5]
11-05 01:54:27.857 1507 4739 I wm_task_moved: [1,0,0]
11-05 01:54:27.857 1507 4739 I wm_task_moved: [1,0,6]
11-05 01:54:27.886 2835 2835 I wm_on_restart_called: [94458931,com.android.launcher3.uioverrides.QuickstepLauncher,performRestartActivity]
11-05 01:54:27.911 2835 2835 I wm_on_start_called: [94458931,com.android.launcher3.uioverrides.QuickstepLauncher,handleStartActivity]
11-05 01:54:27.936 1507 1625 I sysui_multi_action: [319,17,322,68,325,2542,757,761,758,9,759,5,806,com.android.launcher3,871,com.android.launcher3.uioverrides.QuickstepLauncher,905,0,1320,4,1321,1]
11-05 01:54:28.117 1507 1751 I commit_sys_config_file: [settings-1-0,7]
11-05 01:54:28.175 1507 5661 I wm_task_moved: [1,0,6]
11-05 01:54:28.176 1507 5661 I wm_add_to_stopping: [0,94458931,com.android.launcher3/.uioverrides.QuickstepLauncher,makeInvisible]
11-05 01:54:28.182 1507 1628 I wm_stop_activity: [0,94458931,com.android.launcher3/.uioverrides.QuickstepLauncher]
11-05 01:54:28.203 2835 2835 I wm_on_stop_called: [94458931,com.android.launcher3.uioverrides.QuickstepLauncher,STOP_ACTIVITY_ITEM]
11-05 01:54:47.888 1507 5661 I wm_task_moved: [1,0,0]
11-05 01:54:47.888 1507 5661 I wm_task_moved: [1,0,6]
11-05 01:54:47.925 2835 2835 I wm_on_restart_called: [94458931,com.android.launcher3.uioverrides.QuickstepLauncher,performRestartActivity]
11-05 01:54:47.940 2835 2835 I wm_on_start_called: [94458931,com.android.launcher3.uioverrides.QuickstepLauncher,handleStartActivity]
11-05 01:54:47.962 1507 1625 I sysui_multi_action: [319,25,322,69,325,2562,757,761,758,9,759,5,806,com.android.launcher3,871,com.android.launcher3.uioverrides.QuickstepLauncher,905,0,1320,4,1321,1]
11-05 01:54:47.974 2835 2835 I sysui_latency: [1,80]
11-05 01:54:47.975 9952 9952 I view_enqueue_input_event: [Motion - Cancel,com.android.gallery3d/com.android.gallery3d.app.GalleryActivity]
11-05 01:54:47.978 1507 1629 I input_focus: [Focus request recents_animation_input_consumer,reason=UpdateInputWindows]
11-05 01:54:47.988 1507 2002 I input_interaction: Interaction with: edge-swipe (server), swipe-up (server), PointerEventDispatcher0 (server),
11-05 01:54:47.999 1507 2002 I input_focus: [Focus leaving a8a6834 com.android.gallery3d/com.android.gallery3d.app.GalleryActivity (server),reason=NOT_FOCUSABLE]
11-05 01:54:47.999 1507 2002 I input_focus: [Focus entering recents_animation_input_consumer (server),reason=setFocusedWindow]
11-05 01:54:48.144 1507 1751 I commit_sys_config_file: [settings-1-0,5]
11-05 01:54:48.260 1507 1642 I sysui_latency: [8,81]
11-05 01:54:48.979 1507 1751 I commit_sys_config_file: [settings-1-0,5]
11-05 01:54:51.019 1507 2002 I input_interaction: Interaction with: 2395a3e com.android.launcher3/com.android.launcher3.uioverrides.QuickstepLauncher (server), edge-swipe (server), swipe-up (server), PointerEventDispatcher0 (server),
11-05 01:54:51.446 1507 5661 I wm_task_moved: [1,0,6]
11-05 01:54:51.449 1507 5661 I wm_add_to_stopping: [0,94458931,com.android.launcher3/.uioverrides.QuickstepLauncher,makeInvisible]
11-05 01:54:51.458 1507 1629 I input_focus: [Focus request a8a6834 com.android.gallery3d/com.android.gallery3d.app.GalleryActivity,reason=UpdateInputWindows]
11-05 01:54:51.459 1507 1628 I wm_stop_activity: [0,94458931,com.android.launcher3/.uioverrides.QuickstepLauncher]
11-05 01:54:51.474 1507 2002 I input_focus: [Focus leaving recents_animation_input_consumer (server),reason=NOT_VISIBLE]
11-05 01:54:51.474 1507 2002 I input_focus: [Focus entering a8a6834 com.android.gallery3d/com.android.gallery3d.app.GalleryActivity (server),reason=setFocusedWindow]
11-05 01:54:51.482 2835 2835 I wm_on_stop_called: [94458931,com.android.launcher3.uioverrides.QuickstepLauncher,STOP_ACTIVITY_ITEM]
11-05 01:54:51.495 1507 1642 I am_pss : [9952,10069,com.android.gallery3d,123551744,117923840,0,242556928,0,2,9]
11-05 01:54:51.505 1507 1642 I am_pss : [9956,1000,com.android.settings,26833920,25079808,0,112357376,0,19,6]
11-05 01:54:51.513 1507 1642 I am_pss : [9951,10090,com.android.music,6630400,4747264,0,90710016,0,19,5]
11-05 01:54:52.247 1507 2002 I input_interaction: Interaction with: a8a6834 com.android.gallery3d/com.android.gallery3d.app.GalleryActivity (server), edge-swipe (server), swipe-up (server), PointerEventDispatcher0 (server),
11-05 01:54:52.353 1507 1507 I service_manager_stats: [100,93,80170]
11-05 01:54:53.637 1507 1777 I wm_task_moved: [1,0,0]
11-05 01:54:53.637 1507 1777 I wm_task_moved: [1,0,6]
11-05 01:54:53.643 2835 2835 I wm_on_restart_called: [94458931,com.android.launcher3.uioverrides.QuickstepLauncher,performRestartActivity]
11-05 01:54:53.670 2835 2835 I wm_on_start_called: [94458931,com.android.launcher3.uioverrides.QuickstepLauncher,handleStartActivity]
11-05 01:54:53.689 1507 1625 I sysui_multi_action: [319,13,322,46,325,2568,757,761,758,9,759,5,806,com.android.launcher3,871,com.android.launcher3.uioverrides.QuickstepLauncher,905,0,1320,4,1321,1]
11-05 01:54:53.723 9952 9952 I view_enqueue_input_event: [Motion - Cancel,com.android.gallery3d/com.android.gallery3d.app.GalleryActivity]
11-05 01:54:53.724 2835 2835 I sysui_latency: [1,57]
11-05 01:54:53.730 1507 1629 I input_focus: [Focus request recents_animation_input_consumer,reason=UpdateInputWindows]
11-05 01:54:53.736 1507 2002 I input_interaction: Interaction with: edge-swipe (server), swipe-up (server), PointerEventDispatcher0 (server),
11-05 01:54:53.762 1507 2002 I input_focus: [Focus leaving a8a6834 com.android.gallery3d/com.android.gallery3d.app.GalleryActivity (server),reason=NOT_FOCUSABLE]
11-05 01:54:53.762 1507 2002 I input_focus: [Focus entering recents_animation_input_consumer (server),reason=setFocusedWindow]
11-05 01:54:53.876 1507 1751 I commit_sys_config_file: [settings-1-0,7]
11-05 01:54:53.984 1507 1642 I sysui_latency: [8,57]
11-05 01:54:54.842 1507 1751 I commit_sys_config_file: [settings-1-0,6]
11-05 01:54:55.488 1507 2002 I input_interaction: Interaction with: 2395a3e com.android.launcher3/com.android.launcher3.uioverrides.QuickstepLauncher (server), edge-swipe (server), swipe-up (server), PointerEventDispatcher0 (server),
11-05 01:54:55.943 1507 1777 I wm_task_moved: [1,1,7]
11-05 01:54:55.952 9952 9952 I wm_on_top_resumed_lost_called: [5289280,com.android.gallery3d.app.GalleryActivity,topStateChangedWhenResumed]
11-05 01:54:55.953 1507 1777 I wm_focused_root_task: [0,0,1,93,RecentsAnimation.onAnimationFinished()]
11-05 01:54:55.956 1507 1777 I wm_pause_activity: [0,5289280,com.android.gallery3d/.app.GalleryActivity,userLeaving=false,pauseBackTasks]
11-05 01:54:55.961 1507 1777 I wm_set_resumed_activity: [0,com.android.launcher3/.uioverrides.QuickstepLauncher,resumeTopActivityInnerLocked]
11-05 01:54:55.963 1507 1777 I wm_resume_activity: [0,94458931,10,com.android.launcher3/.uioverrides.QuickstepLauncher]
