11-05 01:56:53.058 2365 2365 I sysui_multi_action: [757,0,758,1,759,0,927,3,928,0,1593,1]
11-05 01:56:53.058 2365 2365 I sysui_multi_action: [757,491,758,1,759,491,927,4,928,0,1311,-1,1593,0]
11-05 01:56:53.058 2365 2365 I sysui_multi_action: [757,0,758,1,759,0,927,5,928,0,1593,0]
11-05 01:56:53.058 2365 2365 I sysui_multi_action: [757,114,758,1,759,114,927,6,928,0,1593,0]
11-05 01:56:53.058 2365 2365 I sysui_multi_action: [757,120,758,1,759,120,927,7,928,0,1593,0]
11-05 01:56:53.058 2365 2365 I sysui_multi_action: [757,111,758,1]
11-05 01:56:53.059 2365 2365 I sysui_multi_action: [757,126,758,1,759,126,927,0,928,1,1593,1]
11-05 01:56:53.059 2365 2365 I sysui_multi_action: [757,113,758,1,759,113,927,1,928,1,1593,1]
11-05 01:56:53.059 2365 2365 I sysui_multi_action: [757,0,758,1,759,0,927,2,928,0,1593,1]
11-05 01:56:53.059 2365 2365 I sysui_multi_action: [757,0,758,1,759,0,927,3,928,0,1593,1]
11-05 01:56:53.074 2365 2365 I sysui_multi_action: [757,111,758,2]
11-05 01:56:53.074 1507 1507 I notification_enqueue: [10081,2365,com.android.systemui,2048,NULL,0,Notification(channel=updateNotification shortcut=null contentView=null vibrate=null sound=null defaults=0x0 flags=0x0 color=0x00000000 vis=PRIVATE),0]
11-05 01:56:53.074 2365 2365 I sysui_multi_action: [757,111,758,2]
11-05 01:56:53.085 2365 2365 I sysui_multi_action: [757,111,758,1]
11-05 01:56:53.085 2365 2365 I sysui_multi_action: [757,126,758,1,759,126,927,0,928,1,1593,1]
11-05 01:56:53.085 2365 2365 I sysui_multi_action: [757,113,758,1,759,113,927,1,928,1,1593,1]
11-05 01:56:53.085 2365 2365 I sysui_multi_action: [757,0,758,1,759,0,927,2,928,0,1593,1]
11-05 01:56:53.085 2365 2365 I sysui_multi_action: [757,0,758,1,759,0,927,3,928,0,1593,1]
11-05 01:56:53.085 2365 2365 I sysui_multi_action: [757,491,758,1,759,491,927,4,928,0,1311,-1,1593,0]
11-05 01:56:53.086 2365 2365 I sysui_multi_action: [757,0,758,1,759,0,927,5,928,0,1593,0]
11-05 01:56:53.086 2365 2365 I sysui_multi_action: [757,114,758,1,759,114,927,6,928,0,1593,0]
11-05 01:56:53.086 2365 2365 I sysui_multi_action: [757,120,758,1,759,120,927,7,928,0,1593,0]
11-05 01:56:53.086 2365 2365 I sysui_multi_action: [757,111,758,1]
11-05 01:56:53.086 2365 2365 I sysui_multi_action: [757,126,758,1,759,126,927,0,928,1,1593,1]
11-05 01:56:53.086 2365 2365 I sysui_multi_action: [757,113,758,1,759,113,927,1,928,1,1593,1]
11-05 01:56:53.086 2365 2365 I sysui_multi_action: [757,0,758,1,759,0,927,2,928,0,1593,1]
11-05 01:56:53.086 2365 2365 I sysui_multi_action: [757,0,758,1,759,0,927,3,928,0,1593,1]
11-05 01:56:53.097 2365 2365 I sysui_multi_action: [757,111,758,2]
11-05 01:56:53.097 2365 2365 I sysui_multi_action: [757,111,758,2]
11-05 01:56:53.098 1507 1507 I notification_enqueue: [10081,2365,com.android.systemui,2048,NULL,0,Notification(channel=updateNotification shortcut=null contentView=null vibrate=null sound=null defaults=0x0 flags=0x0 color=0x00000000 vis=PRIVATE),0]
11-05 01:56:53.104 2365 2365 I sysui_multi_action: [757,111,758,1]
11-05 01:56:53.104 2365 2365 I sysui_multi_action: [757,126,758,1,759,126,927,0,928,1,1593,1]
11-05 01:56:53.104 2365 2365 I sysui_multi_action: [757,113,758,1,759,113,927,1,928,1,1593,1]
11-05 01:56:53.104 2365 2365 I sysui_multi_action: [757,0,758,1,759,0,927,2,928,0,1593,1]
11-05 01:56:53.104 2365 2365 I sysui_multi_action: [757,0,758,1,759,0,927,3,928,0,1593,1]
11-05 01:56:53.104 2365 2365 I sysui_multi_action: [757,491,758,1,759,491,927,4,928,0,1311,-1,1593,0]
11-05 01:56:53.104 2365 2365 I sysui_multi_action: [757,0,758,1,759,0,927,5,928,0,1593,0]
11-05 01:56:53.105 2365 2365 I sysui_multi_action: [757,114,758,1,759,114,927,6,928,0,1593,0]
11-05 01:56:53.105 2365 2365 I sysui_multi_action: [757,120,758,1,759,120,927,7,928,0,1593,0]
11-05 01:56:53.105 2365 2365 I sysui_multi_action: [757,111,758,1]
11-05 01:56:53.105 2365 2365 I sysui_multi_action: [757,126,758,1,759,126,927,0,928,1,1593,1]
11-05 01:56:53.105 2365 2365 I sysui_multi_action: [757,113,758,1,759,113,927,1,928,1,1593,1]
11-05 01:56:53.105 2365 2365 I sysui_multi_action: [757,0,758,1,759,0,927,2,928,0,1593,1]
11-05 01:56:53.105 2365 2365 I sysui_multi_action: [757,0,758,1,759,0,927,3,928,0,1593,1]
11-05 01:56:53.118 1507 1507 I notification_enqueue: [10081,2365,com.android.systemui,2048,NULL,0,Notification(channel=updateNotification shortcut=null contentView=null vibrate=null sound=null defaults=0x0 flags=0x0 color=0x00000000 vis=PRIVATE),0]
11-05 01:56:53.119 2365 2365 I sysui_multi_action: [757,111,758,2]
11-05 01:56:53.119 2365 2365 I sysui_multi_action: [757,111,758,2]
11-05 01:56:53.125 2365 2365 I sysui_multi_action: [757,111,758,1]
11-05 01:56:53.125 2365 2365 I sysui_multi_action: [757,126,758,1,759,126,927,0,928,1,1593,1]
11-05 01:56:53.125 2365 2365 I sysui_multi_action: [757,113,758,1,759,113,927,1,928,1,1593,1]
11-05 01:56:53.125 2365 2365 I sysui_multi_action: [757,0,758,1,759,0,927,2,928,0,1593,1]
11-05 01:56:53.125 2365 2365 I sysui_multi_action: [757,0,758,1,759,0,927,3,928,0,1593,1]
11-05 01:56:53.125 2365 2365 I sysui_multi_action: [757,491,758,1,759,491,927,4,928,0,1311,-1,1593,0]
11-05 01:56:53.125 2365 2365 I sysui_multi_action: [757,0,758,1,759,0,927,5,928,0,1593,0]
11-05 01:56:53.125 2365 2365 I sysui_multi_action: [757,114,758,1,759,114,927,6,928,0,1593,0]
11-05 01:56:53.125 2365 2365 I sysui_multi_action: [757,120,758,1,759,120,927,7,928,0,1593,0]
11-05 01:56:53.125 2365 2365 I sysui_multi_action: [757,111,758,1]
11-05 01:56:53.125 2365 2365 I sysui_multi_action: [757,126,758,1,759,126,927,0,928,1,1593,1]
11-05 01:56:53.125 2365 2365 I sysui_multi_action: [757,113,758,1,759,113,927,1,928,1,1593,1]
11-05 01:56:53.125 2365 2365 I sysui_multi_action: [757,0,758,1,759,0,927,2,928,0,1593,1]
11-05 01:56:53.125 2365 2365 I sysui_multi_action: [757,0,758,1,759,0,927,3,928,0,1593,1]
11-05 01:56:53.140 2365 2365 I sysui_multi_action: [757,111,758,2]
11-05 01:56:53.140 2365 2365 I sysui_multi_action: [757,111,758,2]
11-05 01:56:53.140 1507 1507 I notification_enqueue: [10081,2365,com.android.systemui,2048,NULL,0,Notification(channel=updateNotification shortcut=null contentView=null vibrate=null sound=null defaults=0x0 flags=0x0 color=0x00000000 vis=PRIVATE),0]
11-05 01:56:53.147 2365 2365 I sysui_multi_action: [757,111,758,1]
11-05 01:56:53.147 2365 2365 I sysui_multi_action: [757,126,758,1,759,126,927,0,928,1,1593,1]
11-05 01:56:53.147 2365 2365 I sysui_multi_action: [757,113,758,1,759,113,927,1,928,1,1593,1]
11-05 01:56:53.147 2365 2365 I sysui_multi_action: [757,0,758,1,759,0,927,2,928,0,1593,1]
11-05 01:56:53.147 2365 2365 I sysui_multi_action: [757,0,758,1,759,0,927,3,928,0,1593,1]
11-05 01:56:53.147 2365 2365 I sysui_multi_action: [757,491,758,1,759,491,927,4,928,0,1311,-1,1593,0]
11-05 01:56:53.147 2365 2365 I sysui_multi_action: [757,0,758,1,759,0,927,5,928,0,1593,0]
11-05 01:56:53.147 2365 2365 I sysui_multi_action: [757,114,758,1,759,114,927,6,928,0,1593,0]
11-05 01:56:53.147 2365 2365 I sysui_multi_action: [757,120,758,1,759,120,927,7,928,0,1593,0]
11-05 01:56:53.147 2365 2365 I sysui_multi_action: [757,111,758,1]
11-05 01:56:53.148 2365 2365 I sysui_multi_action: [757,126,758,1,759,126,927,0,928,1,1593,1]
11-05 01:56:53.148 2365 2365 I sysui_multi_action: [757,113,758,1,759,113,927,1,928,1,1593,1]
11-05 01:56:53.148 2365 2365 I sysui_multi_action: [757,0,758,1,759,0,927,2,928,0,1593,1]
11-05 01:56:53.148 2365 2365 I sysui_multi_action: [757,0,758,1,759,0,927,3,928,0,1593,1]
11-05 01:56:53.156 1507 1507 I sysui_multi_action: [757,1501,758,1,793,206,794,0,795,206,796,2048,806,com.android.systemui,857,updateNotification,858,3,947,0,1500,0,1688,1]
11-05 01:56:53.157 1507 1507 I sysui_multi_action: [757,804,799,note_interruptive,801,0,802,1]
11-05 01:56:53.160 2365 2365 I sysui_multi_action: [757,111,758,2]
11-05 01:56:53.160 2365 2365 I sysui_multi_action: [757,111,758,2]
11-05 01:56:53.161 1507 1507 I notification_enqueue: [10081,2365,com.android.systemui,2048,NULL,0,Notification(channel=updateNotification shortcut=null contentView=null vibrate=null sound=null defaults=0x0 flags=0x0 color=0x00000000 vis=PRIVATE),1]
11-05 01:56:53.167 2365 2365 I sysui_multi_action: [757,111,758,1]
11-05 01:56:53.167 2365 2365 I sysui_multi_action: [757,126,758,1,759,126,927,0,928,1,1593,1]
11-05 01:56:53.167 2365 2365 I sysui_multi_action: [757,113,758,1,759,113,927,1,928,1,1593,1]
11-05 01:56:53.167 2365 2365 I sysui_multi_action: [757,0,758,1,759,0,927,2,928,0,1593,1]
11-05 01:56:53.167 2365 2365 I sysui_multi_action: [757,0,758,1,759,0,927,3,928,0,1593,1]
11-05 01:56:53.167 2365 2365 I sysui_multi_action: [757,491,758,1,759,491,927,4,928,0,1311,-1,1593,0]
11-05 01:56:53.167 2365 2365 I sysui_multi_action: [757,0,758,1,759,0,927,5,928,0,1593,0]
11-05 01:56:53.167 2365 2365 I sysui_multi_action: [757,114,758,1,759,114,927,6,928,0,1593,0]
11-05 01:56:53.167 2365 2365 I sysui_multi_action: [757,120,758,1,759,120,927,7,928,0,1593,0]
11-05 01:56:53.168 2365 2365 I sysui_multi_action: [757,111,758,1]
11-05 01:56:53.168 2365 2365 I sysui_multi_action: [757,126,758,1,759,126,927,0,928,1,1593,1]
11-05 01:56:53.168 2365 2365 I sysui_multi_action: [757,113,758,1,759,113,927,1,928,1,1593,1]
11-05 01:56:53.168 2365 2365 I sysui_multi_action: [757,0,758,1,759,0,927,2,928,0,1593,1]
11-05 01:56:53.168 2365 2365 I sysui_multi_action: [757,0,758,1,759,0,927,3,928,0,1593,1]
11-05 01:56:53.179 2365 2365 I sysui_multi_action: [757,111,758,2]
11-05 01:56:53.179 1507 1507 I notification_enqueue: [10081,2365,com.android.systemui,2048,NULL,0,Notification(channel=updateNotification shortcut=null contentView=null vibrate=null sound=null defaults=0x0 flags=0x0 color=0x00000000 vis=PRIVATE),1]
11-05 01:56:53.180 2365 2365 I sysui_multi_action: [757,111,758,2]
11-05 01:56:53.186 2365 2365 I sysui_multi_action: [757,111,758,1]
11-05 01:56:53.186 2365 2365 I sysui_multi_action: [757,126,758,1,759,126,927,0,928,1,1593,1]
11-05 01:56:53.186 2365 2365 I sysui_multi_action: [757,113,758,1,759,113,927,1,928,1,1593,1]
11-05 01:56:53.186 2365 2365 I sysui_multi_action: [757,0,758,1,759,0,927,2,928,0,1593,1]
11-05 01:56:53.186 2365 2365 I sysui_multi_action: [757,0,758,1,759,0,927,3,928,0,1593,1]
11-05 01:56:53.186 2365 2365 I sysui_multi_action: [757,491,758,1,759,491,927,4,928,0,1311,-1,1593,0]
11-05 01:56:53.186 2365 2365 I sysui_multi_action: [757,0,758,1,759,0,927,5,928,0,1593,0]
11-05 01:56:53.186 2365 2365 I sysui_multi_action: [757,114,758,1,759,114,927,6,928,0,1593,0]
11-05 01:56:53.186 2365 2365 I sysui_multi_action: [757,120,758,1,759,120,927,7,928,0,1593,0]
11-05 01:56:53.187 2365 2365 I sysui_multi_action: [757,111,758,1]
11-05 01:56:53.187 2365 2365 I sysui_multi_action: [757,126,758,1,759,126,927,0,928,1,1593,1]
11-05 01:56:53.187 2365 2365 I sysui_multi_action: [757,113,758,1,759,113,927,1,928,1,1593,1]
11-05 01:56:53.187 2365 2365 I sysui_multi_action: [757,0,758,1,759,0,927,2,928,0,1593,1]
11-05 01:56:53.187 2365 2365 I sysui_multi_action: [757,0,758,1,759,0,927,3,928,0,1593,1]
11-05 01:56:53.201 2365 2365 I sysui_multi_action: [757,111,758,2]
11-05 01:56:53.201 2365 2365 I sysui_multi_action: [757,111,758,2]
11-05 01:56:53.201 1507 1507 I notification_enqueue: [10081,2365,com.android.systemui,2048,NULL,0,Notification(channel=updateNotification shortcut=null contentView=null vibrate=null sound=null defaults=0x0 flags=0x0 color=0x00000000 vis=PRIVATE),1]
11-05 01:56:53.208 2365 2365 I sysui_multi_action: [757,111,758,1]
11-05 01:56:53.208 2365 2365 I sysui_multi_action: [757,126,758,1,759,126,927,0,928,1,1593,0]
11-05 01:56:53.208 2365 2365 I sysui_multi_action: [757,113,758,1,759,113,927,1,928,1,1593,0]
11-05 01:56:53.208 2365 2365 I sysui_multi_action: [757,0,758,1,759,0,927,2,928,0,1593,0]
11-05 01:56:53.208 2365 2365 I sysui_multi_action: [757,0,758,1,759,0,927,3,928,0,1593,0]
11-05 01:56:53.208 2365 2365 I sysui_multi_action: [757,491,758,1,759,491,927,4,928,0,1311,-1,1593,0]
11-05 01:56:53.209 2365 2365 I sysui_multi_action: [757,0,758,1,759,0,927,5,928,0,1593,0]
11-05 01:56:53.209 2365 2365 I sysui_multi_action: [757,114,758,1,759,114,927,6,928,0,1593,0]
11-05 01:56:53.209 2365 2365 I sysui_multi_action: [757,120,758,1,759,120,927,7,928,0,1593,0]
11-05 01:56:53.209 2365 2365 I sysui_multi_action: [757,111,758,1]
11-05 01:56:53.209 2365 2365 I sysui_multi_action: [757,126,758,1,759,126,927,0,928,1,1593,0]
11-05 01:56:53.209 2365 2365 I sysui_multi_action: [757,113,758,1,759,113,927,1,928,1,1593,0]
11-05 01:56:53.209 2365 2365 I sysui_multi_action: [757,0,758,1,759,0,927,2,928,0,1593,0]
11-05 01:56:53.209 2365 2365 I sysui_multi_action: [757,0,758,1,759,0,927,3,928,0,1593,0]
11-05 01:56:53.224 1507 1507 I notification_enqueue: [10081,2365,com.android.systemui,2048,NULL,0,Notification(channel=updateNotification shortcut=null contentView=null vibrate=null sound=null defaults=0x0 flags=0x0 color=0x00000000 vis=PRIVATE),1]
11-05 01:56:53.224 2365 2365 I sysui_multi_action: [757,111,758,2]
11-05 01:56:53.224 2365 2365 I sysui_multi_action: [757,111,758,2]
11-05 01:56:53.232 2365 2365 I sysui_multi_action: [757,111,758,1]
11-05 01:56:53.232 2365 2365 I sysui_multi_action: [757,126,758,1,759,126,927,0,928,1,1593,1]
11-05 01:56:53.232 2365 2365 I sysui_multi_action: [757,113,758,1,759,113,927,1,928,1,1593,1]
11-05 01:56:53.232 2365 2365 I sysui_multi_action: [757,0,758,1,759,0,927,2,928,0,1593,1]
11-05 01:56:53.232 2365 2365 I sysui_multi_action: [757,0,758,1,759,0,927,3,928,0,1593,1]
11-05 01:56:53.232 2365 2365 I sysui_multi_action: [757,491,758,1,759,491,927,4,928,0,1311,-1,1593,0]
11-05 01:56:53.232 2365 2365 I sysui_multi_action: [757,0,758,1,759,0,927,5,928,0,1593,0]
11-05 01:56:53.232 2365 2365 I sysui_multi_action: [757,114,758,1,759,114,927,6,928,0,1593,0]
11-05 01:56:53.232 2365 2365 I sysui_multi_action: [757,120,758,1,759,120,927,7,928,0,1593,0]
11-05 01:56:53.232 2365 2365 I sysui_multi_action: [757,111,758,1]
11-05 01:56:53.232 2365 2365 I sysui_multi_action: [757,126,758,1,759,126,927,0,928,1,1593,1]
11-05 01:56:53.232 2365 2365 I sysui_multi_action: [757,113,758,1,759,113,927,1,928,1,1593,1]
11-05 01:56:53.232 2365 2365 I sysui_multi_action: [757,0,758,1,759,0,927,2,928,0,1593,1]
11-05 01:56:53.232 2365 2365 I sysui_multi_action: [757,0,758,1,759,0,927,3,928,0,1593,1]
11-05 01:56:53.248 1507 1507 I notification_enqueue: [10081,2365,com.android.systemui,2048,NULL,0,Notification(channel=updateNotification shortcut=null contentView=null vibrate=null sound=null defaults=0x0 flags=0x0 color=0x00000000 vis=PRIVATE),1]
11-05 01:56:53.248 2365 2365 I sysui_multi_action: [757,111,758,2]
11-05 01:56:53.248 2365 2365 I sysui_multi_action: [757,111,758,2]
11-05 01:56:53.254 2365 2365 I sysui_multi_action: [757,111,758,1]
11-05 01:56:53.254 2365 2365 I sysui_multi_action: [757,126,758,1,759,126,927,0,928,1,1593,1]
11-05 01:56:53.254 2365 2365 I sysui_multi_action: [757,113,758,1,759,113,927,1,928,1,1593,1]
11-05 01:56:53.254 2365 2365 I sysui_multi_action: [757,0,758,1,759,0,927,2,928,0,1593,1]
11-05 01:56:53.254 2365 2365 I sysui_multi_action: [757,0,758,1,759,0,927,3,928,0,1593,1]
11-05 01:56:53.254 2365 2365 I sysui_multi_action: [757,491,758,1,759,491,927,4,928,0,1311,-1,1593,0]
11-05 01:56:53.254 2365 2365 I sysui_multi_action: [757,0,758,1,759,0,927,5,928,0,1593,0]
11-05 01:56:53.254 2365 2365 I sysui_multi_action: [757,114,758,1,759,114,927,6,928,0,1593,0]
11-05 01:56:53.254 2365 2365 I sysui_multi_action: [757,120,758,1,759,120,927,7,928,0,1593,0]
11-05 01:56:53.254 2365 2365 I sysui_multi_action: [757,111,758,1]
11-05 01:56:53.254 2365 2365 I sysui_multi_action: [757,126,758,1,759,126,927,0,928,1,1593,1]
11-05 01:56:53.254 2365 2365 I sysui_multi_action: [757,113,758,1,759,113,927,1,928,1,1593,1]
11-05 01:56:53.254 2365 2365 I sysui_multi_action: [757,0,758,1,759,0,927,2,928,0,1593,1]
11-05 01:56:53.254 2365 2365 I sysui_multi_action: [757,0,758,1,759,0,927,3,928,0,1593,1]
11-05 01:56:53.267 2365 2365 I sysui_multi_action: [757,111,758,2]
11-05 01:56:53.267 2365 2365 I sysui_multi_action: [757,111,758,2]
11-05 01:56:53.267 1507 1507 I notification_enqueue: [10081,2365,com.android.systemui,2048,NULL,0,Notification(channel=updateNotification shortcut=null contentView=null vibrate=null sound=null defaults=0x0 flags=0x0 color=0x00000000 vis=PRIVATE),1]
11-05 01:56:53.279 1507 1629 I input_focus: [Focus request cbfb36a com.android.gallery3d/com.android.gallery3d.app.GalleryActivity,reason=UpdateInputWindows]
11-05 01:56:53.280 2365 2365 I sysui_multi_action: [757,111,758,1]
11-05 01:56:53.280 2365 2365 I sysui_multi_action: [757,126,758,1,759,126,927,0,928,1,1593,1]
11-05 01:56:53.280 2365 2365 I sysui_multi_action: [757,113,758,1,759,113,927,1,928,1,1593,1]
11-05 01:56:53.280 2365 2365 I sysui_multi_action: [757,0,758,1,759,0,927,2,928,0,1593,1]
11-05 01:56:53.280 2365 2365 I sysui_multi_action: [757,0,758,1,759,0,927,3,928,0,1593,1]
11-05 01:56:53.280 2365 2365 I sysui_multi_action: [757,491,758,1,759,491,927,4,928,0,1311,-1,1593,0]
11-05 01:56:53.280 2365 2365 I sysui_multi_action: [757,0,758,1,759,0,927,5,928,0,1593,0]
11-05 01:56:53.280 2365 2365 I sysui_multi_action: [757,114,758,1,759,114,927,6,928,0,1593,0]
11-05 01:56:53.280 2365 2365 I sysui_multi_action: [757,120,758,1,759,120,927,7,928,0,1593,0]
11-05 01:56:53.280 2365 2365 I sysui_multi_action: [757,111,758,1]
11-05 01:56:53.280 2365 2365 I sysui_multi_action: [757,126,758,1,759,126,927,0,928,1,1593,1]
11-05 01:56:53.280 2365 2365 I sysui_multi_action: [757,113,758,1,759,113,927,1,928,1,1593,1]
11-05 01:56:53.280 2365 2365 I sysui_multi_action: [757,0,758,1,759,0,927,2,928,0,1593,1]
11-05 01:56:53.280 2365 2365 I sysui_multi_action: [757,0,758,1,759,0,927,3,928,0,1593,1]
11-05 01:56:53.293 2365 2365 I sysui_multi_action: [757,111,758,2]
11-05 01:56:53.293 2365 2365 I sysui_multi_action: [757,111,758,2]
11-05 01:56:53.293 1507 1507 I notification_enqueue: [10081,2365,com.android.systemui,2048,NULL,0,Notification(channel=updateNotification shortcut=null contentView=null vibrate=null sound=null defaults=0x0 flags=0x0 color=0x00000000 vis=PRIVATE),1]
11-05 01:56:53.295 1507 2721 I sysui_multi_action: [757,127,758,2]
11-05 01:56:53.295 1507 2721 I notification_panel_hidden:
11-05 01:56:53.302 1507 2002 I input_focus: [Focus leaving c697081 NotificationShade (server),reason=NOT_FOCUSABLE]
11-05 01:56:53.302 1507 2002 I input_focus: [Focus entering cbfb36a com.android.gallery3d/com.android.gallery3d.app.GalleryActivity (server),reason=setFocusedWindow]
11-05 01:56:53.312 2365 2365 I sysui_multi_action: [757,111,758,1]
11-05 01:56:53.312 2365 2365 I sysui_multi_action: [757,126,758,1,759,126,927,0,928,1,1593,0]
11-05 01:56:53.312 2365 2365 I sysui_multi_action: [757,113,758,1,759,113,927,1,928,1,1593,0]
11-05 01:56:53.312 2365 2365 I sysui_multi_action: [757,0,758,1,759,0,927,2,928,0,1593,0]
11-05 01:56:53.312 2365 2365 I sysui_multi_action: [757,0,758,1,759,0,927,3,928,0,1593,0]
11-05 01:56:53.312 2365 2365 I sysui_multi_action: [757,491,758,1,759,491,927,4,928,0,1311,-1,1593,0]
11-05 01:56:53.312 2365 2365 I sysui_multi_action: [757,0,758,1,759,0,927,5,928,0,1593,0]
11-05 01:56:53.312 2365 2365 I sysui_multi_action: [757,114,758,1,759,114,927,6,928,0,1593,0]
11-05 01:56:53.313 2365 2365 I sysui_multi_action: [757,120,758,1,759,120,927,7,928,0,1593,0]
11-05 01:56:53.313 2365 2365 I sysui_multi_action: [757,111,758,1]
11-05 01:56:53.313 2365 2365 I sysui_multi_action: [757,126,758,1,759,126,927,0,928,1,1593,0]
11-05 01:56:53.313 2365 2365 I sysui_multi_action: [757,113,758,1,759,113,927,1,928,1,1593,0]
11-05 01:56:53.313 2365 2365 I sysui_multi_action: [757,0,758,1,759,0,927,2,928,0,1593,0]
11-05 01:56:53.313 2365 2365 I sysui_multi_action: [757,0,758,1,759,0,927,3,928,0,1593,0]
11-05 01:56:53.340 1507 2002 I input_interaction: Interaction with: cbfb36a com.android.gallery3d/com.android.gallery3d.app.GalleryActivity (server), edge-swipe (server), swipe-up (server), PointerEventDispatcher0 (server),
11-05 01:56:53.351 1507 2721 I wm_task_moved: [1,0,0]
11-05 01:56:53.352 1507 2721 I wm_task_moved: [1,0,6]
11-05 01:56:53.363 2835 2835 I wm_on_restart_called: [94458931,com.android.launcher3.uioverrides.QuickstepLauncher,performRestartActivity]
11-05 01:56:53.377 2835 2835 I wm_on_start_called: [94458931,com.android.launcher3.uioverrides.QuickstepLauncher,handleStartActivity]
11-05 01:56:53.398 1507 1625 I sysui_multi_action: [319,10,322,41,325,2687,757,761,758,9,759,5,806,com.android.launcher3,871,com.android.launcher3.uioverrides.QuickstepLauncher,905,0,1320,4,1321,1]
11-05 01:56:53.453 10082 10082 I view_enqueue_input_event: [Motion - Cancel,com.android.gallery3d/com.android.gallery3d.app.GalleryActivity]
11-05 01:56:53.455 2835 2835 I sysui_latency: [1,49]
11-05 01:56:53.460 1507 2002 I input_interaction: Interaction with: edge-swipe (server), swipe-up (server), PointerEventDispatcher0 (server),
11-05 01:56:53.464 1507 1629 I input_focus: [Focus request recents_animation_input_consumer,reason=UpdateInputWindows]
11-05 01:56:53.484 1507 2002 I input_focus: [Focus leaving cbfb36a com.android.gallery3d/com.android.gallery3d.app.GalleryActivity (server),reason=NOT_FOCUSABLE]
11-05 01:56:53.485 1507 2002 I input_focus: [Focus entering recents_animation_input_consumer (server),reason=setFocusedWindow]
11-05 01:56:53.572 1507 1751 I commit_sys_config_file: [settings-1-0,7]
11-05 01:56:53.685 1507 1642 I sysui_multi_action: [757,1717,758,1,759,0]
11-05 01:56:53.686 1507 1642 I sysui_multi_action: [757,1717,758,2,759,0]
11-05 01:56:53.686 1507 1642 I sysui_multi_action: [757,1717,758,3,759,0]
11-05 01:56:53.694 1507 1642 I sysui_latency: [8,50]
11-05 01:56:54.432 1507 1751 I commit_sys_config_file: [settings-1-0,4]
11-05 01:56:54.912 1507 2002 I input_interaction: Interaction with: 2395a3e com.android.launcher3/com.android.launcher3.uioverrides.QuickstepLauncher (server), edge-swipe (server), swipe-up (server), PointerEventDispatcher0 (server),
11-05 01:56:55.358 1507 2410 I wm_task_moved: [1,0,6]
11-05 01:56:55.359 1507 2410 I wm_add_to_stopping: [0,94458931,com.android.launcher3/.uioverrides.QuickstepLauncher,makeInvisible]
11-05 01:56:55.372 1507 1629 I input_focus: [Focus request cbfb36a com.android.gallery3d/com.android.gallery3d.app.GalleryActivity,reason=UpdateInputWindows]
11-05 01:56:55.374 1507 1628 I wm_stop_activity: [0,94458931,com.android.launcher3/.uioverrides.QuickstepLauncher]
11-05 01:56:55.402 1507 2002 I input_focus: [Focus leaving recents_animation_input_consumer (server),reason=NOT_VISIBLE]
11-05 01:56:55.402 1507 2002 I input_focus: [Focus entering cbfb36a com.android.gallery3d/com.android.gallery3d.app.GalleryActivity (server),reason=setFocusedWindow]
11-05 01:56:55.427 2835 2835 I wm_on_stop_called: [94458931,com.android.launcher3.uioverrides.QuickstepLauncher,STOP_ACTIVITY_ITEM]
11-05 01:56:55.966 1507 1645 I am_uid_idle: 10094
11-05 01:56:56.190 1507 2002 I input_interaction: Interaction with: cbfb36a com.android.gallery3d/com.android.gallery3d.app.GalleryActivity (server), edge-swipe (server), swipe-up (server), PointerEventDispatcher0 (server),
11-05 01:56:57.657 1507 2980 I wm_task_moved: [99,1,7]
11-05 01:56:57.657 1507 2980 I wm_set_resumed_activity: [0,com.android.gallery3d/.app.GalleryActivity,positionChildAt]
11-05 01:56:57.657 1507 2980 I wm_create_activity: [0,25051834,99,com.android.gallery3d/.app.MovieActivity,android.intent.action.VIEW,video/*,content://media/external/video/media/20,0]
11-05 01:56:57.660 1507 2980 I wm_pause_activity: [0,160505415,com.android.gallery3d/.app.GalleryActivity,userLeaving=true,resumeTopActivityInnerLocked]
11-05 01:56:57.667 10082 10082 I wm_on_top_resumed_lost_called: [160505415,com.android.gallery3d.app.GalleryActivity,topStateChangedWhenResumed]
11-05 01:56:57.701 10082 10082 I wm_on_paused_called: [160505415,com.android.gallery3d.app.GalleryActivity,performPause]
11-05 01:56:57.704 1507 1777 I wm_add_to_stopping: [0,160505415,com.android.gallery3d/.app.GalleryActivity,makeInvisible]
11-05 01:56:57.705 1507 1777 I wm_restart_activity: [0,25051834,99,com.android.gallery3d/.app.MovieActivity]
11-05 01:56:57.707 1507 1777 I wm_set_resumed_activity: [0,com.android.gallery3d/.app.MovieActivity,minimalResumeActivityLocked]
11-05 01:56:57.710 1507 1628 I sysui_multi_action: [757,803,799,window_time_0,802,15]
11-05 01:56:57.726 1507 2002 I input_focus: [Focus leaving cbfb36a com.android.gallery3d/com.android.gallery3d.app.GalleryActivity (server),reason=NO_WINDOW]
11-05 01:56:57.734 1507 1642 I am_pss : [10404,10018,android.process.media,9712640,7737344,0,100786176,0,19,6]
11-05 01:56:57.737 10082 10082 I wm_on_create_called: [25051834,com.android.gallery3d.app.MovieActivity,performCreate]
11-05 01:56:57.740 10082 10082 I wm_on_start_called: [25051834,com.android.gallery3d.app.MovieActivity,handleStartActivity]
11-05 01:56:57.740 10082 10082 I wm_on_resume_called: [25051834,com.android.gallery3d.app.MovieActivity,RESUME_ACTIVITY]
11-05 01:56:57.747 10082 10082 I wm_on_top_resumed_gained_called: [25051834,com.android.gallery3d.app.MovieActivity,topStateChangedWhenResumed]
11-05 01:56:57.758 1507 1629 I input_focus: [Focus request 4733974 com.android.gallery3d/com.android.gallery3d.app.MovieActivity,reason=UpdateInputWindows]
11-05 01:56:57.802 1507 1625 I wm_activity_launch_time: [0,25051834,com.android.gallery3d/.app.MovieActivity,150]
11-05 01:56:57.811 1507 2002 I input_focus: [Focus entering 4733974 com.android.gallery3d/com.android.gallery3d.app.MovieActivity (server),reason=Window became focusable. Previous reason: NOT_VISIBLE]
11-05 01:56:58.199 1507 1628 I wm_stop_activity: [0,160505415,com.android.gallery3d/.app.GalleryActivity]
11-05 01:56:58.204 10082 10082 I wm_on_stop_called: [160505415,com.android.gallery3d.app.GalleryActivity,STOP_ACTIVITY_ITEM]
11-05 01:56:58.593 1507 2002 I input_interaction: Interaction with: 4733974 com.android.gallery3d/com.android.gallery3d.app.MovieActivity (server), edge-swipe (server), swipe-up (server), PointerEventDispatcher0 (server),
11-05 01:56:58.734 1320 7017 I liblog : 162
11-05 01:56:58.805 1507 1507 I notification_enqueue: [1000,1507,android,17303299,com.android.wifi,0,Notification(channel=NETWORK_AVAILABLE shortcut=null contentView=null vibrate=null sound=null tick defaults=0x0 flags=0x100 color=0x00000000 actions=2 vis=PRIVATE),0]
11-05 01:56:59.007 1507 1507 I sysui_multi_action: [757,1501,758,1,793,205,794,0,795,205,796,17303299,797,com.android.wifi,806,android,857,NETWORK_AVAILABLE,858,2,947,0,1500,0,1688,1]
11-05 01:56:59.008 1507 1507 I sysui_multi_action: [757,804,799,note_interruptive,801,0,802,1]
11-05 01:57:01.332 1507 1507 I service_manager_stats: [100,76,44113]
11-05 01:57:02.245 1507 2002 I input_interaction: Interaction with: 68fadb2 StatusBar (server), edge-swipe (server), swipe-up (server), PointerEventDispatcher0 (server),
11-05 01:57:02.259 2365 2365 I sysui_multi_action: [757,803,799,panel_open,802,1]
11-05 01:57:02.262 2365 2365 I sysui_multi_action: [757,1328,758,4,1326,0,1327,2,1329,0]
11-05 01:57:02.873 1507 2002 I input_interaction: Interaction with: 4733974 com.android.gallery3d/com.android.gallery3d.app.MovieActivity (server), edge-swipe (server), swipe-up (server), PointerEventDispatcher0 (server),
11-05 01:57:03.699 10082 10082 I menu_item_selected: [0,screen-20221105-011537]
11-05 01:57:03.700 1507 2721 I wm_finish_activity: [0,25051834,99,com.android.gallery3d/.app.MovieActivity,app-request]
11-05 01:57:03.711 1507 2721 I wm_pause_activity: [0,25051834,com.android.gallery3d/.app.MovieActivity,userLeaving=false,finish]
11-05 01:57:03.714 10082 10082 I wm_on_top_resumed_lost_called: [25051834,com.android.gallery3d.app.MovieActivity,topStateChangedWhenResumed]
11-05 01:57:03.728 1507 2002 I input_focus: [Focus leaving 4733974 com.android.gallery3d/com.android.gallery3d.app.MovieActivity (server),reason=NO_WINDOW]
11-05 01:57:03.776 10082 10082 I wm_on_paused_called: [25051834,com.android.gallery3d.app.MovieActivity,performPause]
11-05 01:57:03.777 1507 2721 I wm_add_to_stopping: [0,25051834,com.android.gallery3d/.app.MovieActivity,completeFinishing]
11-05 01:57:03.778 1507 2721 I wm_set_resumed_activity: [0,com.android.gallery3d/.app.GalleryActivity,resumeTopActivityInnerLocked]
11-05 01:57:03.780 1507 2721 I wm_resume_activity: [0,160505415,99,com.android.gallery3d/.app.GalleryActivity]
11-05 01:57:03.783 1507 1628 I sysui_multi_action: [757,803,799,window_time_0,802,6]
11-05 01:57:03.794 1507 1642 I am_pss : [10082,10069,com.android.gallery3d,64705536,59031552,0,186572800,0,2,7]
11-05 01:57:03.794 10082 10082 I wm_on_activity_result_called: [160505415,com.android.gallery3d.app.GalleryActivity,ACTIVITY_RESULT]
11-05 01:57:03.794 10082 10082 I wm_on_restart_called: [160505415,com.android.gallery3d.app.GalleryActivity,performRestartActivity]
11-05 01:57:03.795 10082 10082 I wm_on_start_called: [160505415,com.android.gallery3d.app.GalleryActivity,handleStartActivity]
11-05 01:57:03.800 10082 10082 I wm_on_resume_called: [160505415,com.android.gallery3d.app.GalleryActivity,RESUME_ACTIVITY]
11-05 01:57:03.800 10082 10082 I wm_on_top_resumed_gained_called: [160505415,com.android.gallery3d.app.GalleryActivity,topWhenResuming]
11-05 01:57:03.825 1507 1629 I input_focus: [Focus request cbfb36a com.android.gallery3d/com.android.gallery3d.app.GalleryActivity,reason=UpdateInputWindows]
11-05 01:57:03.854 1507 1507 I notification_enqueue: [10081,2365,com.android.systemui,2048,NULL,0,Notification(channel=updateNotification shortcut=null contentView=null vibrate=null sound=null defaults=0x0 flags=0x0 color=0x00000000 vis=PRIVATE),1]
11-05 01:57:03.855 2365 2365 I sysui_multi_action: [757,111,758,2]
11-05 01:57:03.855 2365 2365 I sysui_multi_action: [757,111,758,2]
11-05 01:57:03.859 1507 2002 I input_focus: [Focus entering cbfb36a com.android.gallery3d/com.android.gallery3d.app.GalleryActivity (server),reason=setFocusedWindow]
11-05 01:57:03.880 2365 2365 I sysui_multi_action: [757,111,758,1]
11-05 01:57:03.880 2365 2365 I sysui_multi_action: [757,126,758,1,759,126,927,0,928,1,1593,0]
11-05 01:57:03.880 2365 2365 I sysui_multi_action: [757,113,758,1,759,113,927,1,928,1,1593,0]
11-05 01:57:03.880 2365 2365 I sysui_multi_action: [757,0,758,1,759,0,927,2,928,0,1593,0]
11-05 01:57:03.880 2365 2365 I sysui_multi_action: [757,0,758,1,759,0,927,3,928,0,1593,0]
11-05 01:57:03.881 2365 2365 I sysui_multi_action: [757,491,758,1,759,491,927,4,928,0,1311,-1,1593,0]
11-05 01:57:03.881 2365 2365 I sysui_multi_action: [757,0,758,1,759,0,927,5,928,0,1593,0]
11-05 01:57:03.881 2365 2365 I sysui_multi_action: [757,114,758,1,759,114,927,6,928,0,1593,0]
11-05 01:57:03.881 2365 2365 I sysui_multi_action: [757,120,758,1,759,120,927,7,928,0,1593,0]
11-05 01:57:03.881 2365 2365 I sysui_multi_action: [757,111,758,1]
11-05 01:57:03.881 2365 2365 I sysui_multi_action: [757,126,758,1,759,126,927,0,928,1,1593,0]
11-05 01:57:03.881 2365 2365 I sysui_multi_action: [757,113,758,1,759,113,927,1,928,1,1593,0]
11-05 01:57:03.881 2365 2365 I sysui_multi_action: [757,0,758,1,759,0,927,2,928,0,1593,0]
11-05 01:57:03.881 2365 2365 I sysui_multi_action: [757,0,758,1,759,0,927,3,928,0,1593,0]
11-05 01:57:04.075 1507 1642 I am_pss : [10347,10090,com.android.music,15195136,11292672,0,127549440,0,19,9]
11-05 01:57:04.249 1507 1628 I wm_destroy_activity: [0,25051834,99,com.android.gallery3d/.app.MovieActivity,finish-imm:idle]
11-05 01:57:04.270 10082 10082 I wm_on_stop_called: [25051834,com.android.gallery3d.app.MovieActivity,LIFECYCLER_STOP_ACTIVITY]
11-05 01:57:04.271 10082 10082 I wm_on_destroy_called: [25051834,com.android.gallery3d.app.MovieActivity,performDestroy]
11-05 01:57:05.103 1507 2002 I input_interaction: Interaction with: cbfb36a com.android.gallery3d/com.android.gallery3d.app.GalleryActivity (server), edge-swipe (server), swipe-up (server), PointerEventDispatcher0 (server),
11-05 01:57:05.118 1507 6076 I wm_task_moved: [1,0,0]
11-05 01:57:05.119 1507 6076 I wm_task_moved: [1,0,6]
11-05 01:57:05.130 2835 2835 I wm_on_restart_called: [94458931,com.android.launcher3.uioverrides.QuickstepLauncher,performRestartActivity]
11-05 01:57:05.161 2835 2835 I wm_on_start_called: [94458931,com.android.launcher3.uioverrides.QuickstepLauncher,handleStartActivity]
11-05 01:57:05.173 10082 10082 I view_enqueue_input_event: [Motion - Cancel,com.android.gallery3d/com.android.gallery3d.app.GalleryActivity]
11-05 01:57:05.174 2835 2835 I sysui_latency: [1,68]
11-05 01:57:05.177 1507 2002 I input_interaction: Interaction with: edge-swipe (server), swipe-up (server), PointerEventDispatcher0 (server),
11-05 01:57:05.180 1507 1629 I input_focus: [Focus request recents_animation_input_consumer,reason=UpdateInputWindows]
11-05 01:57:05.188 1507 1625 I sysui_multi_action: [319,24,322,58,325,2699,757,761,758,9,759,5,806,com.android.launcher3,871,com.android.launcher3.uioverrides.QuickstepLauncher,905,0,1320,4,1321,1]
11-05 01:57:05.194 1507 2002 I input_focus: [Focus leaving cbfb36a com.android.gallery3d/com.android.gallery3d.app.GalleryActivity (server),reason=NOT_FOCUSABLE]
11-05 01:57:05.196 1507 2002 I input_focus: [Focus entering recents_animation_input_consumer (server),reason=setFocusedWindow]
11-05 01:57:05.359 1507 1751 I commit_sys_config_file: [settings-1-0,4]
11-05 01:57:05.478 1507 1642 I sysui_latency: [8,69]
11-05 01:57:05.949 1507 1751 I commit_sys_config_file: [settings-1-0,7]
11-05 01:57:06.324 1507 2002 I input_interaction: Interaction with: 2395a3e com.android.launcher3/com.android.launcher3.uioverrides.QuickstepLauncher (server), edge-swipe (server), swipe-up (server), PointerEventDispatcher0 (server),
11-05 01:57:06.770 1507 6558 I wm_task_moved: [1,0,6]
11-05 01:57:06.772 1507 6558 I wm_add_to_stopping: [0,94458931,com.android.launcher3/.uioverrides.QuickstepLauncher,makeInvisible]
11-05 01:57:06.786 1507 1629 I input_focus: [Focus request cbfb36a com.android.gallery3d/com.android.gallery3d.app.GalleryActivity,reason=UpdateInputWindows]
11-05 01:57:06.791 1507 1628 I wm_stop_activity: [0,94458931,com.android.launcher3/.uioverrides.QuickstepLauncher]
11-05 01:57:06.806 1507 2002 I input_focus: [Focus leaving recents_animation_input_consumer (server),reason=NOT_VISIBLE]
11-05 01:57:06.806 1507 2002 I input_focus: [Focus entering cbfb36a com.android.gallery3d/com.android.gallery3d.app.GalleryActivity (server),reason=setFocusedWindow]
11-05 01:57:06.818 1507 1642 I am_pss : [10388,10031,com.android.externalstorage,6292480,4415488,0,95846400,0,19,5]
11-05 01:57:06.849 2835 2835 I wm_on_stop_called: [94458931,com.android.launcher3.uioverrides.QuickstepLauncher,STOP_ACTIVITY_ITEM]
11-05 01:57:07.638 1507 2002 I input_interaction: Interaction with: cbfb36a com.android.gallery3d/com.android.gallery3d.app.GalleryActivity (server), edge-swipe (server), swipe-up (server), PointerEventDispatcher0 (server),
11-05 01:57:07.650 1507 6076 I wm_task_moved: [1,0,0]
11-05 01:57:07.651 1507 6076 I wm_task_moved: [1,0,6]
11-05 01:57:07.656 2835 2835 I wm_on_restart_called: [94458931,com.android.launcher3.uioverrides.QuickstepLauncher,performRestartActivity]
11-05 01:57:07.680 2835 2835 I wm_on_start_called: [94458931,com.android.launcher3.uioverrides.QuickstepLauncher,handleStartActivity]
11-05 01:57:07.698 1507 1625 I sysui_multi_action: [319,13,322,41,325,2702,757,761,758,9,759,5,806,com.android.launcher3,871,com.android.launcher3.uioverrides.QuickstepLauncher,905,0,1320,4,1321,1]
11-05 01:57:07.725 10082 10082 I view_enqueue_input_event: [Motion - Cancel,com.android.gallery3d/com.android.gallery3d.app.GalleryActivity]
11-05 01:57:07.726 2835 2835 I sysui_latency: [1,51]
11-05 01:57:07.732 1507 1629 I input_focus: [Focus request recents_animation_input_consumer,reason=UpdateInputWindows]
11-05 01:57:07.733 1507 2002 I input_interaction: Interaction with: edge-swipe (server), swipe-up (server), PointerEventDispatcher0 (server),
11-05 01:57:07.751 1507 2002 I input_focus: [Focus leaving cbfb36a com.android.gallery3d/com.android.gallery3d.app.GalleryActivity (server),reason=NOT_FOCUSABLE]
11-05 01:57:07.752 1507 2002 I input_focus: [Focus entering recents_animation_input_consumer (server),reason=setFocusedWindow]
11-05 01:57:07.886 1507 1751 I commit_sys_config_file: [settings-1-0,7]
11-05 01:57:07.994 1507 1642 I sysui_latency: [8,48]
11-05 01:57:08.585 1507 1751 I commit_sys_config_file: [settings-1-0,5]
11-05 01:57:08.910 1507 2002 I input_interaction: Interaction with: 2395a3e com.android.launcher3/com.android.launcher3.uioverrides.QuickstepLauncher (server), edge-swipe (server), swipe-up (server), PointerEventDispatcher0 (server),
11-05 01:57:09.307 1507 2410 I wm_task_moved: [1,1,7]
11-05 01:57:09.314 1507 2410 I wm_focused_root_task: [0,0,1,99,RecentsAnimation.onAnimationFinished()]
11-05 01:57:09.314 10082 10082 I wm_on_top_resumed_lost_called: [160505415,com.android.gallery3d.app.GalleryActivity,topStateChangedWhenResumed]
11-05 01:57:09.317 1507 2410 I wm_pause_activity: [0,160505415,com.android.gallery3d/.app.GalleryActivity,userLeaving=false,pauseBackTasks]
11-05 01:57:09.319 1507 2410 I wm_set_resumed_activity: [0,com.android.launcher3/.uioverrides.QuickstepLauncher,resumeTopActivityInnerLocked]
11-05 01:57:09.321 1507 2410 I wm_resume_activity: [0,94458931,10,com.android.launcher3/.uioverrides.QuickstepLauncher]
11-05 01:57:09.322 1507 2410 I wm_add_to_stopping: [0,160505415,com.android.gallery3d/.app.GalleryActivity,makeInvisible]
11-05 01:57:09.325 2835 2835 I wm_on_resume_called: [94458931,com.android.launcher3.uioverrides.QuickstepLauncher,RESUME_ACTIVITY]
11-05 01:57:09.334 1507 1629 I input_focus: [Focus request 2395a3e com.android.launcher3/com.android.launcher3.uioverrides.QuickstepLauncher,reason=UpdateInputWindows]
11-05 01:57:09.336 1507 1628 I sysui_multi_action: [757,803,799,window_time_0,802,5]
11-05 01:57:09.343 1507 2002 I input_focus: [Focus leaving recents_animation_input_consumer (server),reason=NOT_VISIBLE]
11-05 01:57:09.343 2835 2835 I wm_on_top_resumed_gained_called: [94458931,com.android.launcher3.uioverrides.QuickstepLauncher,topStateChangedWhenResumed]
11-05 01:57:09.347 1507 1628 I wm_stop_activity: [0,160505415,com.android.gallery3d/.app.GalleryActivity]
11-05 01:57:09.350 10082 10082 I wm_on_paused_called: [160505415,com.android.gallery3d.app.GalleryActivity,performPause]
11-05 01:57:09.351 10082 10082 I wm_on_stop_called: [160505415,com.android.gallery3d.app.GalleryActivity,STOP_ACTIVITY_ITEM]
11-05 01:57:09.353 1507 1628 I sysui_multi_action: [757,803,799,window_time_0,802,0]
11-05 01:57:09.358 1507 2002 I input_focus: [Focus entering 2395a3e com.android.launcher3/com.android.launcher3.uioverrides.QuickstepLauncher (server),reason=setFocusedWindow]
11-05 01:57:09.434 1507 6076 I wm_finish_activity: [0,160505415,99,com.android.gallery3d/.app.GalleryActivity,recent-task-trimmed]
11-05 01:57:09.435 1507 6076 I wm_destroy_activity: [0,160505415,99,com.android.gallery3d/.app.GalleryActivity,finish-imm:finishIfPossible]
11-05 01:57:09.435 1507 6076 I wm_finish_activity: [0,185043487,99,com.android.documentsui/.files.FilesActivity,recent-task-trimmed]
11-05 01:57:09.436 1507 6076 I wm_destroy_activity: [0,185043487,99,com.android.documentsui/.files.FilesActivity,finish-imm:finishIfPossible]
11-05 01:57:09.448 10082 10082 I wm_on_destroy_called: [160505415,com.android.gallery3d.app.GalleryActivity,performDestroy]
11-05 01:57:09.450 1507 1628 I am_kill : [0,9524,com.android.documentsui,900,remove task]
11-05 01:57:09.450 1507 1628 I sysui_multi_action: [757,803,799,window_time_0,802,0]
11-05 01:57:09.517 1507 6558 I am_proc_died: [0,9524,com.android.documentsui,900,19]
11-05 01:57:09.520 1507 6558 I am_uid_stopped: 10032
11-05 01:57:09.521 1507 6558 I wm_task_removed: [99,removeChild:removeChild last r=ActivityRecord{b078a1f u0 com.android.documentsui/.files.FilesActivity t-1 f}} in t=Task{c08fdb1 #99 type=standard A=10032:com.android.documentsui U=0 visible=false mode=fullscreen translucent=true sz=0}]
11-05 01:57:09.521 1507 6558 I wm_task_removed: [99,removeChild]
11-05 01:57:09.530 1507 1628 I am_uid_running: 10032
11-05 01:57:09.539 1507 1646 I am_proc_start: [0,10611,10032,com.android.documentsui,NULL,]
11-05 01:57:09.572 1507 7110 I am_proc_bound: [0,10611,com.android.documentsui]
11-05 01:57:12.356 1507 2002 I input_interaction: Interaction with: 2395a3e com.android.launcher3/com.android.launcher3.uioverrides.QuickstepLauncher (server), ef1bc93 com.android.systemui.ImageWallpaper (server), edge-swipe (server), swipe-up (server), PointerEventDispatcher0 (server),
11-05 01:57:13.916 1507 7110 I wm_task_created: [100,-1]
11-05 01:57:13.921 1507 7110 I wm_task_moved: [100,1,7]
11-05 01:57:13.921 1507 7110 I wm_task_to_front: [0,100]
11-05 01:57:13.921 1507 7110 I wm_create_task: [0,100]
11-05 01:57:13.922 1507 7110 I wm_create_activity: [0,53428629,100,com.android.gallery3d/.app.GalleryActivity,NULL,NULL,NULL,268468224]
11-05 01:57:13.922 1507 7110 I wm_task_moved: [100,1,7]
11-05 01:57:13.925 1507 7110 I wm_restart_activity: [0,53428629,100,com.android.gallery3d/.app.GalleryActivity]
11-05 01:57:13.927 1507 7110 I wm_set_resumed_activity: [0,com.android.gallery3d/.app.GalleryActivity,minimalResumeActivityLocked]
11-05 01:57:13.938 2835 2835 I wm_on_top_resumed_lost_called: [94458931,com.android.launcher3.uioverrides.QuickstepLauncher,topStateChangedWhenResumed]
11-05 01:57:13.965 10082 10082 I wm_on_create_called: [53428629,com.android.gallery3d.app.GalleryActivity,performCreate]
11-05 01:57:13.966 10082 10082 I wm_on_start_called: [53428629,com.android.gallery3d.app.GalleryActivity,handleStartActivity]
11-05 01:57:13.969 10082 10082 I wm_on_resume_called: [53428629,com.android.gallery3d.app.GalleryActivity,RESUME_ACTIVITY]
11-05 01:57:13.973 10082 10082 I wm_on_top_resumed_gained_called: [53428629,com.android.gallery3d.app.GalleryActivity,topStateChangedWhenResumed]
11-05 01:57:13.992 1507 1629 I input_focus: [Focus request 56b8977 com.android.gallery3d/com.android.gallery3d.app.GalleryActivity,reason=UpdateInputWindows]
11-05 01:57:14.017 1507 2002 I input_focus: [Focus leaving 2395a3e com.android.launcher3/com.android.launcher3.uioverrides.QuickstepLauncher (server),reason=Waiting for window because NOT_VISIBLE]
11-05 01:57:14.043 1507 1625 I sysui_multi_action: [319,132,322,132,325,2708,757,761,758,8,759,2,806,com.android.gallery3d,871,com.android.gallery3d.app.GalleryActivity,904,com.android.launcher3,905,0,1320,4,1321,1]
11-05 01:57:14.045 1507 1625 I wm_activity_launch_time: [0,53428629,com.android.gallery3d/.app.GalleryActivity,132]
11-05 01:57:14.050 1507 2002 I input_focus: [Focus entering 56b8977 com.android.gallery3d/com.android.gallery3d.app.GalleryActivity (server),reason=Window became focusable. Previous reason: NOT_VISIBLE]
11-05 01:57:14.150 1507 1642 I am_pss : [5990,10065,com.android.deskclock,41025536,32661504,0,176984064,0,10,9]
11-05 01:57:15.439 1507 2002 I input_interaction: Interaction with: 56b8977 com.android.gallery3d/com.android.gallery3d.app.GalleryActivity (server), edge-swipe (server), swipe-up (server), PointerEventDispatcher0 (server),
11-05 01:57:17.394 1507 6558 I wm_task_moved: [100,1,7]
11-05 01:57:17.394 1507 6558 I wm_set_resumed_activity: [0,com.android.gallery3d/.app.GalleryActivity,positionChildAt]
11-05 01:57:17.394 1507 6558 I wm_create_activity: [0,221546107,100,com.android.gallery3d/.app.MovieActivity,android.intent.action.VIEW,video/*,content://media/external/video/media/26,0]
11-05 01:57:17.400 1507 6558 I wm_pause_activity: [0,53428629,com.android.gallery3d/.app.GalleryActivity,userLeaving=true,resumeTopActivityInnerLocked]
11-05 01:57:17.408 10082 10082 I wm_on_top_resumed_lost_called: [53428629,com.android.gallery3d.app.GalleryActivity,topStateChangedWhenResumed]
11-05 01:57:17.430 10082 10082 I wm_on_paused_called: [53428629,com.android.gallery3d.app.GalleryActivity,performPause]
11-05 01:57:17.436 1507 7110 I wm_restart_activity: [0,221546107,100,com.android.gallery3d/.app.MovieActivity]
11-05 01:57:17.439 1507 7110 I wm_set_resumed_activity: [0,com.android.gallery3d/.app.MovieActivity,minimalResumeActivityLocked]
11-05 01:57:17.443 1507 1628 I sysui_multi_action: [757,803,799,window_time_0,802,8]
11-05 01:57:17.476 10082 10082 I wm_on_create_called: [221546107,com.android.gallery3d.app.MovieActivity,performCreate]
11-05 01:57:17.479 10082 10082 I wm_on_start_called: [221546107,com.android.gallery3d.app.MovieActivity,handleStartActivity]
11-05 01:57:17.479 10082 10082 I wm_on_resume_called: [221546107,com.android.gallery3d.app.MovieActivity,RESUME_ACTIVITY]
11-05 01:57:17.485 10082 10082 I wm_on_top_resumed_gained_called: [221546107,com.android.gallery3d.app.MovieActivity,topStateChangedWhenResumed]
11-05 01:57:17.498 1507 1629 I input_focus: [Focus request 69db72d com.android.gallery3d/com.android.gallery3d.app.MovieActivity,reason=UpdateInputWindows]
11-05 01:57:17.525 1507 2002 I input_focus: [Focus leaving 56b8977 com.android.gallery3d/com.android.gallery3d.app.GalleryActivity (server),reason=Waiting for window because NOT_VISIBLE]
11-05 01:57:17.539 1507 1625 I wm_activity_launch_time: [0,221546107,com.android.gallery3d/.app.MovieActivity,152]
11-05 01:57:17.559 1507 2002 I input_focus: [Focus entering 69db72d com.android.gallery3d/com.android.gallery3d.app.MovieActivity (server),reason=Window became focusable. Previous reason: NOT_VISIBLE]
11-05 01:57:17.653 1507 6076 I snet_event_log: [172655291,-1,]
11-05 01:57:17.719 1507 1642 I am_pss : [10404,10018,android.process.media,9711616,7733248,0,100782080,0,19,5]
11-05 01:57:19.609 1507 2002 I input_interaction: Interaction with: 69db72d com.android.gallery3d/com.android.gallery3d.app.MovieActivity (server), edge-swipe (server), swipe-up (server), PointerEventDispatcher0 (server),
11-05 01:57:19.799 1507 6076 I wm_relaunch_resume_activity: [0,221546107,100,com.android.gallery3d/.app.MovieActivity]
11-05 01:57:19.800 1507 6076 I wm_add_to_stopping: [0,53428629,com.android.gallery3d/.app.GalleryActivity,makeInvisible]
11-05 01:57:19.800 1507 6076 I wm_add_to_stopping: [0,94458931,com.android.launcher3/.uioverrides.QuickstepLauncher,makeInvisible]
11-05 01:57:19.802 1507 1628 I wm_relaunch_activity: [0,53428629,100,com.android.gallery3d/.app.GalleryActivity]
11-05 01:57:19.815 10082 10082 I wm_on_top_resumed_lost_called: [221546107,com.android.gallery3d.app.MovieActivity,pausing]
11-05 01:57:19.844 2365 2365 I sysui_multi_action: [757,111,758,2]
11-05 01:57:19.845 2365 2365 I sysui_multi_action: [757,111,758,2]
11-05 01:57:19.847 1507 1507 I notification_enqueue: [10081,2365,com.android.systemui,2048,NULL,0,Notification(channel=updateNotification shortcut=null contentView=null vibrate=null sound=null defaults=0x0 flags=0x0 color=0x00000000 vis=PRIVATE),1]
11-05 01:57:19.876 2365 2365 I sysui_multi_action: [757,111,758,1]
11-05 01:57:19.876 2365 2365 I sysui_multi_action: [757,126,758,1,759,126,927,0,928,1,1593,0]
11-05 01:57:19.876 2365 2365 I sysui_multi_action: [757,113,758,1,759,113,927,1,928,1,1593,0]
11-05 01:57:19.876 2365 2365 I sysui_multi_action: [757,0,758,1,759,0,927,2,928,0,1593,0]
11-05 01:57:19.876 2365 2365 I sysui_multi_action: [757,0,758,1,759,0,927,3,928,0,1593,0]
11-05 01:57:19.877 2365 2365 I sysui_multi_action: [757,491,758,1,759,491,927,4,928,0,1311,-1,1593,0]
11-05 01:57:19.877 2365 2365 I sysui_multi_action: [757,0,758,1,759,0,927,5,928,0,1593,0]
11-05 01:57:19.877 2365 2365 I sysui_multi_action: [757,114,758,1,759,114,927,6,928,0,1593,0]
11-05 01:57:19.877 2365 2365 I sysui_multi_action: [757,120,758,1,759,120,927,7,928,0,1593,0]
11-05 01:57:19.877 2365 2365 I sysui_multi_action: [757,111,758,1]
11-05 01:57:19.877 2365 2365 I sysui_multi_action: [757,126,758,1,759,126,927,0,928,1,1593,0]
11-05 01:57:19.877 2365 2365 I sysui_multi_action: [757,113,758,1,759,113,927,1,928,1,1593,0]
11-05 01:57:19.877 2365 2365 I sysui_multi_action: [757,0,758,1,759,0,927,2,928,0,1593,0]
11-05 01:57:19.877 2365 2365 I sysui_multi_action: [757,0,758,1,759,0,927,3,928,0,1593,0]
11-05 01:57:19.904 10082 10082 I wm_on_paused_called: [221546107,com.android.gallery3d.app.MovieActivity,performPause]
11-05 01:57:19.905 10082 10082 I wm_on_stop_called: [221546107,com.android.gallery3d.app.MovieActivity,handleRelaunchActivity]
11-05 01:57:19.905 10082 10082 I wm_on_destroy_called: [221546107,com.android.gallery3d.app.MovieActivity,performDestroy]
11-05 01:57:19.917 10082 10082 I wm_on_create_called: [221546107,com.android.gallery3d.app.MovieActivity,performCreate]
11-05 01:57:19.920 10082 10082 I wm_on_start_called: [221546107,com.android.gallery3d.app.MovieActivity,handleStartActivity]
11-05 01:57:19.925 10082 10082 I wm_on_resume_called: [221546107,com.android.gallery3d.app.MovieActivity,RESUME_ACTIVITY]
11-05 01:57:19.926 10082 10082 I wm_on_top_resumed_gained_called: [221546107,com.android.gallery3d.app.MovieActivity,topWhenResuming]
11-05 01:57:19.926 10082 10082 I wm_on_stop_called: [53428629,com.android.gallery3d.app.GalleryActivity,handleRelaunchActivity]
11-05 01:57:19.927 10082 10082 I wm_on_destroy_called: [53428629,com.android.gallery3d.app.GalleryActivity,performDestroy]
11-05 01:57:19.938 10082 10082 I wm_on_create_called: [53428629,com.android.gallery3d.app.GalleryActivity,performCreate]
11-05 01:57:19.939 10082 10082 I wm_on_start_called: [53428629,com.android.gallery3d.app.GalleryActivity,handleStartActivity]
11-05 01:57:19.943 10082 10082 I wm_on_resume_called: [53428629,com.android.gallery3d.app.GalleryActivity,LIFECYCLER_RESUME_ACTIVITY]
11-05 01:57:19.943 10082 10082 I wm_on_paused_called: [53428629,com.android.gallery3d.app.GalleryActivity,performPause]
11-05 01:57:20.035 1507 1777 I snet_event_log: [172655291,-1,]
11-05 01:57:20.151 1507 1628 I wm_stop_activity: [0,94458931,com.android.launcher3/.uioverrides.QuickstepLauncher]
11-05 01:57:20.186 2835 2835 I wm_on_paused_called: [94458931,com.android.launcher3.uioverrides.QuickstepLauncher,performPause]
