11-05 02:08:26.069 1507 5835 I wm_set_resumed_activity: [0,com.android.permissioncontroller/.permission.ui.GrantPermissionsActivity,minimalResumeActivityLocked]
11-05 02:08:26.076 1507 1628 I sysui_multi_action: [757,803,799,window_time_0,802,0]
11-05 02:08:26.100 2368 2368 I wm_on_create_called: [178573568,com.android.permissioncontroller.permission.ui.GrantPermissionsActivity,performCreate]
11-05 02:08:26.100 2368 2368 I wm_on_start_called: [178573568,com.android.permissioncontroller.permission.ui.GrantPermissionsActivity,handleStartActivity]
11-05 02:08:26.101 2368 2368 I wm_on_resume_called: [178573568,com.android.permissioncontroller.permission.ui.GrantPermissionsActivity,RESUME_ACTIVITY]
11-05 02:08:26.103 2368 2368 I wm_on_top_resumed_gained_called: [178573568,com.android.permissioncontroller.permission.ui.GrantPermissionsActivity,topStateChangedWhenResumed]
11-05 02:08:26.109 1507 5835 I wm_finish_activity: [0,178573568,115,com.android.permissioncontroller/.permission.ui.GrantPermissionsActivity,app-request]
11-05 02:08:26.117 1507 5835 I wm_pause_activity: [0,178573568,com.android.permissioncontroller/.permission.ui.GrantPermissionsActivity,userLeaving=false,finish]
11-05 02:08:26.122 1507 1628 I sysui_multi_action: [757,1144,758,8,806,com.android.permissioncontroller,871,com.android.permissioncontroller.permission.ui.GrantPermissionsActivity]
11-05 02:08:26.129 2368 2368 I wm_on_top_resumed_lost_called: [178573568,com.android.permissioncontroller.permission.ui.GrantPermissionsActivity,topStateChangedWhenResumed]
11-05 02:08:26.130 2368 2368 I wm_on_paused_called: [178573568,com.android.permissioncontroller.permission.ui.GrantPermissionsActivity,performPause]
11-05 02:08:26.132 1507 2721 I wm_set_resumed_activity: [0,com.android.deskclock/.DeskClock,resumeTopActivityInnerLocked]
11-05 02:08:26.133 1507 2721 I wm_resume_activity: [0,177665474,115,com.android.deskclock/.DeskClock]
11-05 02:08:26.136 5990 5990 I wm_on_activity_result_called: [177665474,com.android.deskclock.DeskClock,ACTIVITY_RESULT]
11-05 02:08:26.136 5990 5990 I wm_on_resume_called: [177665474,com.android.deskclock.DeskClock,RESUME_ACTIVITY]
11-05 02:08:26.140 5990 5990 I wm_on_top_resumed_gained_called: [177665474,com.android.deskclock.DeskClock,topWhenResuming]
11-05 02:08:26.143 1507 1629 I input_focus: [Focus request dc3b62f com.android.deskclock/com.android.deskclock.DeskClock,reason=UpdateInputWindows]
11-05 02:08:26.144 1507 1628 I sysui_multi_action: [757,803,799,window_time_0,802,0]
11-05 02:08:26.153 1507 5835 I wm_destroy_activity: [0,178573568,115,com.android.permissioncontroller/.permission.ui.GrantPermissionsActivity,finish-idle]
11-05 02:08:26.153 2368 2368 I wm_on_stop_called: [178573568,com.android.permissioncontroller.permission.ui.GrantPermissionsActivity,LIFECYCLER_STOP_ACTIVITY]
11-05 02:08:26.157 2368 2368 I wm_on_destroy_called: [178573568,com.android.permissioncontroller.permission.ui.GrantPermissionsActivity,performDestroy]
11-05 02:08:26.486 1507 1628 I wm_stop_activity: [0,94458931,com.android.launcher3/.uioverrides.QuickstepLauncher]
11-05 02:08:26.517 2835 2835 I wm_on_stop_called: [94458931,com.android.launcher3.uioverrides.QuickstepLauncher,STOP_ACTIVITY_ITEM]
11-05 02:08:28.275 1507 1777 I wm_task_moved: [1,0,0]
11-05 02:08:28.276 1507 1777 I wm_task_moved: [1,0,6]
11-05 02:08:28.304 2835 2835 I wm_on_restart_called: [94458931,com.android.launcher3.uioverrides.QuickstepLauncher,performRestartActivity]
11-05 02:08:28.331 2835 2835 I wm_on_start_called: [94458931,com.android.launcher3.uioverrides.QuickstepLauncher,handleStartActivity]
11-05 02:08:28.354 1507 1625 I sysui_multi_action: [319,15,322,70,325,3382,757,761,758,9,759,5,806,com.android.launcher3,871,com.android.launcher3.uioverrides.QuickstepLauncher,905,0,1320,4,1321,1]
11-05 02:08:28.416 5990 5990 I view_enqueue_input_event: [Motion - Cancel,com.android.deskclock/com.android.deskclock.DeskClock]
11-05 02:08:28.417 2835 2835 I sysui_latency: [1,88]
11-05 02:08:28.423 1507 1629 I input_focus: [Focus request recents_animation_input_consumer,reason=UpdateInputWindows]
11-05 02:08:28.432 1507 2002 I input_interaction: Interaction with: edge-swipe (server), swipe-up (server), PointerEventDispatcher0 (server),
11-05 02:08:28.454 1507 2002 I input_focus: [Focus leaving dc3b62f com.android.deskclock/com.android.deskclock.DeskClock (server),reason=NOT_FOCUSABLE]
11-05 02:08:28.454 1507 2002 I input_focus: [Focus entering recents_animation_input_consumer (server),reason=setFocusedWindow]
11-05 02:08:28.535 1507 1751 I commit_sys_config_file: [settings-1-0,5]
11-05 02:08:28.647 1507 1642 I sysui_latency: [8,83]
11-05 02:08:29.245 1507 1751 I commit_sys_config_file: [settings-1-0,4]
11-05 02:08:29.519 1507 2002 I input_interaction: Interaction with: 2395a3e com.android.launcher3/com.android.launcher3.uioverrides.QuickstepLauncher (server), edge-swipe (server), swipe-up (server), PointerEventDispatcher0 (server),
11-05 02:08:29.931 1507 2721 I wm_task_moved: [1,1,7]
11-05 02:08:29.934 1507 2721 I wm_focused_root_task: [0,0,1,115,RecentsAnimation.onAnimationFinished()]
11-05 02:08:29.935 5990 5990 I wm_on_top_resumed_lost_called: [177665474,com.android.deskclock.DeskClock,topStateChangedWhenResumed]
11-05 02:08:29.936 1507 2721 I wm_pause_activity: [0,177665474,com.android.deskclock/.DeskClock,userLeaving=false,pauseBackTasks]
11-05 02:08:29.939 1507 2721 I wm_set_resumed_activity: [0,com.android.launcher3/.uioverrides.QuickstepLauncher,resumeTopActivityInnerLocked]
11-05 02:08:29.940 1507 2721 I wm_resume_activity: [0,94458931,10,com.android.launcher3/.uioverrides.QuickstepLauncher]
11-05 02:08:29.940 1507 2721 I wm_add_to_stopping: [0,177665474,com.android.deskclock/.DeskClock,makeInvisible]
11-05 02:08:29.941 2835 2835 I wm_on_resume_called: [94458931,com.android.launcher3.uioverrides.QuickstepLauncher,RESUME_ACTIVITY]
11-05 02:08:29.949 1507 1629 I input_focus: [Focus request 2395a3e com.android.launcher3/com.android.launcher3.uioverrides.QuickstepLauncher,reason=UpdateInputWindows]
11-05 02:08:29.954 1507 1628 I sysui_multi_action: [757,803,799,window_time_0,802,4]
11-05 02:08:29.960 1507 2002 I input_focus: [Focus leaving recents_animation_input_consumer (server),reason=NOT_VISIBLE]
11-05 02:08:29.960 1507 2002 I input_focus: [Focus entering 2395a3e com.android.launcher3/com.android.launcher3.uioverrides.QuickstepLauncher (server),reason=setFocusedWindow]
11-05 02:08:29.960 1507 2410 I wm_stop_activity: [0,177665474,com.android.deskclock/.DeskClock]
11-05 02:08:29.965 5990 5990 I wm_on_paused_called: [177665474,com.android.deskclock.DeskClock,performPause]
11-05 02:08:29.970 5990 5990 I wm_on_stop_called: [177665474,com.android.deskclock.DeskClock,STOP_ACTIVITY_ITEM]
11-05 02:08:29.973 1507 1628 I sysui_multi_action: [757,803,799,window_time_0,802,0]
11-05 02:08:30.001 2835 2835 I wm_on_top_resumed_gained_called: [94458931,com.android.launcher3.uioverrides.QuickstepLauncher,topStateChangedWhenResumed]
11-05 02:08:30.074 1507 1777 I wm_finish_activity: [0,177665474,115,com.android.deskclock/.DeskClock,recent-task-trimmed]
11-05 02:08:30.076 1507 1777 I wm_destroy_activity: [0,177665474,115,com.android.deskclock/.DeskClock,finish-imm:finishIfPossible]
11-05 02:08:30.078 1507 1628 I sysui_multi_action: [757,803,799,window_time_0,802,0]
11-05 02:08:30.098 5990 5990 I wm_on_destroy_called: [177665474,com.android.deskclock.DeskClock,performDestroy]
11-05 02:08:30.106 1507 2721 I wm_task_removed: [115,removeChild:removeChild last r=ActivityRecord{a96f5c2 u0 com.android.deskclock/.DeskClock t-1 f}} in t=Task{2d1b20d #115 type=standard A=10065:com.android.deskclock U=0 visible=false mode=fullscreen translucent=true sz=0}]
11-05 02:08:30.106 1507 2721 I wm_task_removed: [115,removeChild]
11-05 02:08:30.760 1507 2002 I input_interaction: Interaction with: 2395a3e com.android.launcher3/com.android.launcher3.uioverrides.QuickstepLauncher (server), ef1bc93 com.android.systemui.ImageWallpaper (server), edge-swipe (server), swipe-up (server), PointerEventDispatcher0 (server),
11-05 02:08:32.501 1507 1777 I wm_task_created: [116,-1]
11-05 02:08:32.514 1507 1777 I wm_task_moved: [116,1,7]
11-05 02:08:32.514 1507 1777 I wm_task_to_front: [0,116]
11-05 02:08:32.515 1507 1777 I wm_create_task: [0,116]
11-05 02:08:32.515 1507 1777 I wm_create_activity: [0,76814250,116,com.android.deskclock/.DeskClock,NULL,NULL,NULL,268468224]
11-05 02:08:32.515 1507 1777 I wm_task_moved: [116,1,7]
11-05 02:08:32.520 1507 1777 I wm_restart_activity: [0,76814250,116,com.android.deskclock/.DeskClock]
11-05 02:08:32.521 1507 1777 I wm_set_resumed_activity: [0,com.android.deskclock/.DeskClock,minimalResumeActivityLocked]
11-05 02:08:32.530 2835 2835 I wm_on_top_resumed_lost_called: [94458931,com.android.launcher3.uioverrides.QuickstepLauncher,topStateChangedWhenResumed]
11-05 02:08:32.558 1507 2721 I wm_task_moved: [116,1,7]
11-05 02:08:32.558 1507 2721 I wm_set_resumed_activity: [0,com.android.deskclock/.DeskClock,positionChildAt]
11-05 02:08:32.558 1507 2721 I wm_create_activity: [0,52149009,116,com.android.permissioncontroller/.permission.ui.GrantPermissionsActivity,android.content.pm.action.REQUEST_PERMISSIONS,NULL,NULL,8388608]
11-05 02:08:32.559 1507 2721 I wm_pause_activity: [0,76814250,com.android.deskclock/.DeskClock,userLeaving=true,resumeTopActivityInnerLocked]
11-05 02:08:32.569 5990 5990 I wm_on_create_called: [76814250,com.android.deskclock.DeskClock,performCreate]
11-05 02:08:32.570 5990 5990 I wm_on_start_called: [76814250,com.android.deskclock.DeskClock,handleStartActivity]
11-05 02:08:32.572 5990 5990 I wm_on_resume_called: [76814250,com.android.deskclock.DeskClock,RESUME_ACTIVITY]
11-05 02:08:32.574 5990 5990 I wm_on_top_resumed_gained_called: [76814250,com.android.deskclock.DeskClock,topStateChangedWhenResumed]
11-05 02:08:32.574 5990 5990 I wm_on_top_resumed_lost_called: [76814250,com.android.deskclock.DeskClock,topStateChangedWhenResumed]
11-05 02:08:32.574 5990 5990 I wm_on_paused_called: [76814250,com.android.deskclock.DeskClock,performPause]
11-05 02:08:32.578 1507 1777 I wm_restart_activity: [0,52149009,116,com.android.permissioncontroller/.permission.ui.GrantPermissionsActivity]
11-05 02:08:32.579 1507 1777 I wm_set_resumed_activity: [0,com.android.permissioncontroller/.permission.ui.GrantPermissionsActivity,minimalResumeActivityLocked]
11-05 02:08:32.586 1507 1628 I sysui_multi_action: [757,803,799,window_time_0,802,3]
11-05 02:08:32.599 2368 2368 I wm_on_create_called: [52149009,com.android.permissioncontroller.permission.ui.GrantPermissionsActivity,performCreate]
11-05 02:08:32.599 2368 2368 I wm_on_start_called: [52149009,com.android.permissioncontroller.permission.ui.GrantPermissionsActivity,handleStartActivity]
11-05 02:08:32.601 2368 2368 I wm_on_resume_called: [52149009,com.android.permissioncontroller.permission.ui.GrantPermissionsActivity,RESUME_ACTIVITY]
11-05 02:08:32.602 2368 2368 I wm_on_top_resumed_gained_called: [52149009,com.android.permissioncontroller.permission.ui.GrantPermissionsActivity,topStateChangedWhenResumed]
11-05 02:08:32.606 1507 2410 I wm_finish_activity: [0,52149009,116,com.android.permissioncontroller/.permission.ui.GrantPermissionsActivity,app-request]
11-05 02:08:32.606 1507 2410 I wm_pause_activity: [0,52149009,com.android.permissioncontroller/.permission.ui.GrantPermissionsActivity,userLeaving=false,finish]
11-05 02:08:32.617 2368 2368 I wm_on_top_resumed_lost_called: [52149009,com.android.permissioncontroller.permission.ui.GrantPermissionsActivity,topStateChangedWhenResumed]
11-05 02:08:32.619 2368 2368 I wm_on_paused_called: [52149009,com.android.permissioncontroller.permission.ui.GrantPermissionsActivity,performPause]
11-05 02:08:32.619 1507 1596 I wm_add_to_stopping: [0,52149009,com.android.permissioncontroller/.permission.ui.GrantPermissionsActivity,completeFinishing]
11-05 02:08:32.621 1507 1596 I wm_set_resumed_activity: [0,com.android.deskclock/.DeskClock,resumeTopActivityInnerLocked]
11-05 02:08:32.621 1507 1596 I wm_resume_activity: [0,76814250,116,com.android.deskclock/.DeskClock]
11-05 02:08:32.624 1507 1629 I input_focus: [Focus request b860a77 com.android.deskclock/com.android.deskclock.DeskClock,reason=UpdateInputWindows]
11-05 02:08:32.624 1507 1628 I sysui_multi_action: [757,803,799,window_time_2,802,0]
11-05 02:08:32.645 1507 2002 I input_focus: [Focus leaving 2395a3e com.android.launcher3/com.android.launcher3.uioverrides.QuickstepLauncher (server),reason=Waiting for window because NOT_VISIBLE]
11-05 02:08:32.660 5990 5990 I wm_on_activity_result_called: [76814250,com.android.deskclock.DeskClock,ACTIVITY_RESULT]
11-05 02:08:32.660 5990 5990 I wm_on_resume_called: [76814250,com.android.deskclock.DeskClock,RESUME_ACTIVITY]
11-05 02:08:32.662 5990 5990 I wm_on_top_resumed_gained_called: [76814250,com.android.deskclock.DeskClock,topWhenResuming]
11-05 02:08:32.663 1507 2002 I input_focus: [Focus entering b860a77 com.android.deskclock/com.android.deskclock.DeskClock (server),reason=Window became focusable. Previous reason: NOT_VISIBLE]
11-05 02:08:32.935 1507 1628 I wm_destroy_activity: [0,52149009,116,com.android.permissioncontroller/.permission.ui.GrantPermissionsActivity,finish-imm:idle]
11-05 02:08:32.938 2368 2368 I wm_on_stop_called: [52149009,com.android.permissioncontroller.permission.ui.GrantPermissionsActivity,LIFECYCLER_STOP_ACTIVITY]
11-05 02:08:32.939 2368 2368 I wm_on_destroy_called: [52149009,com.android.permissioncontroller.permission.ui.GrantPermissionsActivity,performDestroy]
11-05 02:08:33.289 1507 1645 I am_uid_idle: 10043
11-05 02:08:33.522 1507 2002 I input_interaction: Interaction with: b860a77 com.android.deskclock/com.android.deskclock.DeskClock (server), edge-swipe (server), swipe-up (server), PointerEventDispatcher0 (server),
11-05 02:08:33.660 1507 1777 I wm_relaunch_resume_activity: [0,76814250,116,com.android.deskclock/.DeskClock]
11-05 02:08:33.660 1507 1777 I wm_add_to_stopping: [0,94458931,com.android.launcher3/.uioverrides.QuickstepLauncher,makeInvisible]
11-05 02:08:33.668 5990 5990 I wm_on_top_resumed_lost_called: [76814250,com.android.deskclock.DeskClock,pausing]
11-05 02:08:33.670 5990 5990 I wm_on_paused_called: [76814250,com.android.deskclock.DeskClock,performPause]
11-05 02:08:33.674 5990 5990 I wm_on_stop_called: [76814250,com.android.deskclock.DeskClock,handleRelaunchActivity]
11-05 02:08:33.694 5990 5990 I wm_on_destroy_called: [76814250,com.android.deskclock.DeskClock,performDestroy]
11-05 02:08:33.725 1507 1777 I wm_task_moved: [116,1,7]
11-05 02:08:33.725 1507 1777 I wm_set_resumed_activity: [0,com.android.deskclock/.DeskClock,positionChildAt]
11-05 02:08:33.725 1507 1777 I wm_create_activity: [0,261032464,116,com.android.permissioncontroller/.permission.ui.GrantPermissionsActivity,android.content.pm.action.REQUEST_PERMISSIONS,NULL,NULL,8388608]
11-05 02:08:33.725 1507 1777 I wm_pause_activity: [0,94458931,com.android.launcher3/.uioverrides.QuickstepLauncher,userLeaving=true,pauseBackTasks]
11-05 02:08:33.726 1507 1777 I wm_pause_activity: [0,76814250,com.android.deskclock/.DeskClock,userLeaving=true,resumeTopActivityInnerLocked]
11-05 02:08:33.726 2835 2835 I wm_on_paused_called: [94458931,com.android.launcher3.uioverrides.QuickstepLauncher,performPause]
11-05 02:08:33.734 1507 1628 I sysui_multi_action: [757,803,799,window_time_2,802,1]
11-05 02:08:33.742 5990 5990 I wm_on_create_called: [76814250,com.android.deskclock.DeskClock,performCreate]
11-05 02:08:33.769 5990 5990 I wm_on_start_called: [76814250,com.android.deskclock.DeskClock,handleStartActivity]
11-05 02:08:33.769 5990 5990 I wm_on_resume_called: [76814250,com.android.deskclock.DeskClock,RESUME_ACTIVITY]
11-05 02:08:33.772 5990 5990 I wm_on_top_resumed_gained_called: [76814250,com.android.deskclock.DeskClock,topWhenResuming]
11-05 02:08:33.815 5990 5990 I wm_on_top_resumed_lost_called: [76814250,com.android.deskclock.DeskClock,topStateChangedWhenResumed]
11-05 02:08:33.816 5990 5990 I wm_on_paused_called: [76814250,com.android.deskclock.DeskClock,performPause]
11-05 02:08:33.819 1507 1596 I wm_restart_activity: [0,261032464,116,com.android.permissioncontroller/.permission.ui.GrantPermissionsActivity]
11-05 02:08:33.821 1507 1596 I wm_set_resumed_activity: [0,com.android.permissioncontroller/.permission.ui.GrantPermissionsActivity,minimalResumeActivityLocked]
11-05 02:08:33.830 1507 1628 I sysui_multi_action: [757,803,799,window_time_0,802,0]
11-05 02:08:33.846 2368 2368 I wm_on_create_called: [261032464,com.android.permissioncontroller.permission.ui.GrantPermissionsActivity,performCreate]
11-05 02:08:33.847 2368 2368 I wm_on_start_called: [261032464,com.android.permissioncontroller.permission.ui.GrantPermissionsActivity,handleStartActivity]
11-05 02:08:33.847 2368 2368 I wm_on_resume_called: [261032464,com.android.permissioncontroller.permission.ui.GrantPermissionsActivity,RESUME_ACTIVITY]
11-05 02:08:33.849 2368 2368 I wm_on_top_resumed_gained_called: [261032464,com.android.permissioncontroller.permission.ui.GrantPermissionsActivity,topStateChangedWhenResumed]
11-05 02:08:33.855 1507 1596 I wm_finish_activity: [0,261032464,116,com.android.permissioncontroller/.permission.ui.GrantPermissionsActivity,app-request]
11-05 02:08:33.862 1507 1596 I wm_pause_activity: [0,261032464,com.android.permissioncontroller/.permission.ui.GrantPermissionsActivity,userLeaving=false,finish]
11-05 02:08:33.865 1507 1628 I sysui_multi_action: [757,1144,758,8,806,com.android.permissioncontroller,871,com.android.permissioncontroller.permission.ui.GrantPermissionsActivity]
11-05 02:08:33.869 2368 2368 I wm_on_top_resumed_lost_called: [261032464,com.android.permissioncontroller.permission.ui.GrantPermissionsActivity,topStateChangedWhenResumed]
11-05 02:08:33.871 2368 2368 I wm_on_paused_called: [261032464,com.android.permissioncontroller.permission.ui.GrantPermissionsActivity,performPause]
11-05 02:08:33.872 1507 6558 I wm_set_resumed_activity: [0,com.android.deskclock/.DeskClock,resumeTopActivityInnerLocked]
11-05 02:08:33.873 1507 6558 I wm_resume_activity: [0,76814250,116,com.android.deskclock/.DeskClock]
11-05 02:08:33.874 5990 5990 I wm_on_activity_result_called: [76814250,com.android.deskclock.DeskClock,ACTIVITY_RESULT]
11-05 02:08:33.875 5990 5990 I wm_on_resume_called: [76814250,com.android.deskclock.DeskClock,RESUME_ACTIVITY]
11-05 02:08:33.878 5990 5990 I wm_on_top_resumed_gained_called: [76814250,com.android.deskclock.DeskClock,topWhenResuming]
11-05 02:08:33.880 1507 1629 I input_focus: [Focus request b860a77 com.android.deskclock/com.android.deskclock.DeskClock,reason=UpdateInputWindows]
11-05 02:08:33.881 1507 1628 I sysui_multi_action: [757,803,799,window_time_0,802,0]
11-05 02:08:33.887 1507 1596 I wm_destroy_activity: [0,261032464,116,com.android.permissioncontroller/.permission.ui.GrantPermissionsActivity,finish-idle]
11-05 02:08:33.889 2368 2368 I wm_on_stop_called: [261032464,com.android.permissioncontroller.permission.ui.GrantPermissionsActivity,LIFECYCLER_STOP_ACTIVITY]
11-05 02:08:33.889 2368 2368 I wm_on_destroy_called: [261032464,com.android.permissioncontroller.permission.ui.GrantPermissionsActivity,performDestroy]
11-05 02:08:34.222 1507 1628 I wm_stop_activity: [0,94458931,com.android.launcher3/.uioverrides.QuickstepLauncher]
11-05 02:08:34.251 2835 2835 I wm_on_stop_called: [94458931,com.android.launcher3.uioverrides.QuickstepLauncher,STOP_ACTIVITY_ITEM]
11-05 02:08:45.058 1507 1507 I sysui_multi_action: [757,128,758,5,759,8,793,243834,794,0,795,64703,796,1,806,com.android.music,857,Channel-music,858,2,947,0,1500,64703,1641,transport,1688,1,1745,1043716538]
11-05 02:08:45.058 1507 1507 I notification_canceled: [0|com.android.music|1|null|10090,8,243834,64703,0,-1,-1,NULL]
11-05 02:08:45.083 1507 1777 I sysui_multi_action: [757,856,758,2,806,com.android.music,857,Channel-music,858,2]
11-05 02:08:45.084 1507 1507 I notification_cancel_all: [1000,1507,com.android.music,0,0,0,20,NULL]
11-05 02:08:45.103 1507 1507 I notification_enqueue: [10081,2365,com.android.systemui,1,empty_media,0,Notification(channel=empty_media_style_id shortcut=null contentView=null vibrate=null sound=null defaults=0x0 flags=0x20 color=0x00000000 category=transport actions=3 vis=PRIVATE),0]
11-05 02:08:45.306 1507 1507 I sysui_multi_action: [757,1501,758,1,793,204,794,0,795,204,796,1,797,empty_media,806,com.android.systemui,857,empty_media_style_id,858,4,947,0,1500,0,1641,transport,1688,1,1745,1043716538]
11-05 02:08:45.307 1507 1507 I sysui_multi_action: [757,804,799,note_interruptive,801,0,802,1]
11-05 02:08:45.341 1507 1627 I commit_sys_config_file: [notification-policy,3375656]
11-05 02:09:00.466 1507 1752 I am_freeze: [9281,com.qualcomm.qti.qccauthmgr]
11-05 02:09:00.469 1507 1752 I am_kill : [0,9281,com.qualcomm.qti.qccauthmgr,945,Unable to freeze binder interface]
11-05 02:09:00.512 1507 6558 I am_proc_died: [0,9281,com.qualcomm.qti.qccauthmgr,945,19]
11-05 02:09:00.514 1507 6558 I am_uid_stopped: 10088
11-05 02:09:26.642 1507 1666 I sysui_multi_action: [757,1696,758,6,759,2]
11-05 02:09:26.646 1507 1645 I am_wtf : [0,1507,system_server,-1,DisplayDeviceConfig,requesting nits when no mapping exists.]
11-05 02:09:26.650 1507 1645 I am_wtf : [0,1507,system_server,-1,DisplayDeviceConfig,requesting nits when no mapping exists.]
11-05 02:09:26.659 1507 1645 I am_wtf : [0,1507,system_server,-1,DisplayDeviceConfig,requesting nits when no mapping exists.]
11-05 02:09:26.661 1507 1645 I am_wtf : [0,1507,system_server,-1,DisplayDeviceConfig,requesting nits when no mapping exists.]
11-05 02:09:26.676 1507 1645 I am_wtf : [0,1507,system_server,-1,DisplayDeviceConfig,requesting nits when no mapping exists.]
11-05 02:09:26.677 1507 1645 I am_wtf : [0,1507,system_server,-1,DisplayDeviceConfig,requesting nits when no mapping exists.]
11-05 02:09:26.690 1507 1645 I am_wtf : [0,1507,system_server,-1,DisplayDeviceConfig,requesting nits when no mapping exists.]
11-05 02:09:26.691 1507 1645 I am_wtf : [0,1507,system_server,-1,DisplayDeviceConfig,requesting nits when no mapping exists.]
11-05 02:09:26.706 1507 1645 I am_wtf : [0,1507,system_server,-1,DisplayDeviceConfig,requesting nits when no mapping exists.]
11-05 02:09:26.707 1507 1645 I am_wtf : [0,1507,system_server,-1,DisplayDeviceConfig,requesting nits when no mapping exists.]
11-05 02:09:26.723 1507 1645 I am_wtf : [0,1507,system_server,-1,DisplayDeviceConfig,requesting nits when no mapping exists.]
11-05 02:09:26.724 1507 1645 I am_wtf : [0,1507,system_server,-1,DisplayDeviceConfig,requesting nits when no mapping exists.]
11-05 02:09:26.741 1507 1645 I am_wtf : [0,1507,system_server,-1,DisplayDeviceConfig,requesting nits when no mapping exists.]
11-05 02:09:26.742 1507 1645 I am_wtf : [0,1507,system_server,-1,DisplayDeviceConfig,requesting nits when no mapping exists.]
11-05 02:09:26.756 1507 1645 I am_wtf : [0,1507,system_server,-1,DisplayDeviceConfig,requesting nits when no mapping exists.]
11-05 02:09:26.757 1507 1645 I am_wtf : [0,1507,system_server,-1,DisplayDeviceConfig,requesting nits when no mapping exists.]
11-05 02:09:26.773 1507 1645 I am_wtf : [0,1507,system_server,-1,DisplayDeviceConfig,requesting nits when no mapping exists.]
11-05 02:09:26.774 1507 1645 I am_wtf : [0,1507,system_server,-1,DisplayDeviceConfig,requesting nits when no mapping exists.]
11-05 02:09:26.790 1507 1645 I am_wtf : [0,1507,system_server,-1,DisplayDeviceConfig,requesting nits when no mapping exists.]
11-05 02:09:26.791 1507 1645 I am_wtf : [0,1507,system_server,-1,DisplayDeviceConfig,requesting nits when no mapping exists.]
11-05 02:09:26.807 1507 1645 I am_wtf : [0,1507,system_server,-1,DisplayDeviceConfig,requesting nits when no mapping exists.]
11-05 02:09:26.807 1507 1645 I am_wtf : [0,1507,system_server,-1,DisplayDeviceConfig,requesting nits when no mapping exists.]
11-05 02:09:26.824 1507 1645 I am_wtf : [0,1507,system_server,-1,DisplayDeviceConfig,requesting nits when no mapping exists.]
11-05 02:09:26.824 1507 1645 I am_wtf : [0,1507,system_server,-1,DisplayDeviceConfig,requesting nits when no mapping exists.]
11-05 02:09:26.840 1507 1645 I am_wtf : [0,1507,system_server,-1,DisplayDeviceConfig,requesting nits when no mapping exists.]
11-05 02:09:26.841 1507 1645 I am_wtf : [0,1507,system_server,-1,DisplayDeviceConfig,requesting nits when no mapping exists.]
11-05 02:09:26.857 1507 1645 I am_wtf : [0,1507,system_server,-1,DisplayDeviceConfig,requesting nits when no mapping exists.]
11-05 02:09:26.857 1507 1645 I am_wtf : [0,1507,system_server,-1,DisplayDeviceConfig,requesting nits when no mapping exists.]
11-05 02:09:26.874 1507 1645 I am_wtf : [0,1507,system_server,-1,DisplayDeviceConfig,requesting nits when no mapping exists.]
11-05 02:09:26.875 1507 1645 I am_wtf : [0,1507,system_server,-1,DisplayDeviceConfig,requesting nits when no mapping exists.]
11-05 02:09:26.890 1507 1645 I am_wtf : [0,1507,system_server,-1,DisplayDeviceConfig,requesting nits when no mapping exists.]
11-05 02:09:26.892 1507 1645 I am_wtf : [0,1507,system_server,-1,DisplayDeviceConfig,requesting nits when no mapping exists.]
11-05 02:09:26.907 1507 1645 I am_wtf : [0,1507,system_server,-1,DisplayDeviceConfig,requesting nits when no mapping exists.]
11-05 02:09:26.908 1507 1645 I am_wtf : [0,1507,system_server,-1,DisplayDeviceConfig,requesting nits when no mapping exists.]
11-05 02:09:26.924 1507 1645 I am_wtf : [0,1507,system_server,-1,DisplayDeviceConfig,requesting nits when no mapping exists.]
11-05 02:09:26.925 1507 1645 I am_wtf : [0,1507,system_server,-1,DisplayDeviceConfig,requesting nits when no mapping exists.]
11-05 02:09:26.941 1507 1645 I am_wtf : [0,1507,system_server,-1,DisplayDeviceConfig,requesting nits when no mapping exists.]
11-05 02:09:26.942 1507 1645 I am_wtf : [0,1507,system_server,-1,DisplayDeviceConfig,requesting nits when no mapping exists.]
11-05 02:09:26.957 1507 1645 I am_wtf : [0,1507,system_server,-1,DisplayDeviceConfig,requesting nits when no mapping exists.]
11-05 02:09:26.958 1507 1645 I am_wtf : [0,1507,system_server,-1,DisplayDeviceConfig,requesting nits when no mapping exists.]
11-05 02:09:26.974 1507 1645 I am_wtf : [0,1507,system_server,-1,DisplayDeviceConfig,requesting nits when no mapping exists.]
11-05 02:09:26.975 1507 1645 I am_wtf : [0,1507,system_server,-1,DisplayDeviceConfig,requesting nits when no mapping exists.]
11-05 02:09:26.990 1507 1645 I am_wtf : [0,1507,system_server,-1,DisplayDeviceConfig,requesting nits when no mapping exists.]
11-05 02:09:26.991 1507 1645 I am_wtf : [0,1507,system_server,-1,DisplayDeviceConfig,requesting nits when no mapping exists.]
11-05 02:09:27.007 1507 1645 I am_wtf : [0,1507,system_server,-1,DisplayDeviceConfig,requesting nits when no mapping exists.]
11-05 02:09:27.008 1507 1645 I am_wtf : [0,1507,system_server,-1,DisplayDeviceConfig,requesting nits when no mapping exists.]
11-05 02:09:27.024 1507 1645 I am_wtf : [0,1507,system_server,-1,DisplayDeviceConfig,requesting nits when no mapping exists.]
11-05 02:09:27.025 1507 1645 I am_wtf : [0,1507,system_server,-1,DisplayDeviceConfig,requesting nits when no mapping exists.]
11-05 02:09:27.040 1507 1645 I am_wtf : [0,1507,system_server,-1,DisplayDeviceConfig,requesting nits when no mapping exists.]
11-05 02:09:27.041 1507 1645 I am_wtf : [0,1507,system_server,-1,DisplayDeviceConfig,requesting nits when no mapping exists.]
11-05 02:09:27.058 1507 1645 I am_wtf : [0,1507,system_server,-1,DisplayDeviceConfig,requesting nits when no mapping exists.]
11-05 02:09:27.058 1507 1645 I service_manager_stats: [100,76,95090]
11-05 02:09:27.058 1507 1645 I am_wtf : [0,1507,system_server,-1,DisplayDeviceConfig,requesting nits when no mapping exists.]
11-05 02:09:27.074 1507 1645 I am_wtf : [0,1507,system_server,-1,DisplayDeviceConfig,requesting nits when no mapping exists.]
11-05 02:09:27.076 1507 1645 I am_wtf : [0,1507,system_server,-1,DisplayDeviceConfig,requesting nits when no mapping exists.]
11-05 02:09:27.091 1507 1645 I am_wtf : [0,1507,system_server,-1,DisplayDeviceConfig,requesting nits when no mapping exists.]
11-05 02:09:27.092 1507 1645 I am_wtf : [0,1507,system_server,-1,DisplayDeviceConfig,requesting nits when no mapping exists.]
11-05 02:09:27.107 1507 1645 I am_wtf : [0,1507,system_server,-1,DisplayDeviceConfig,requesting nits when no mapping exists.]
11-05 02:09:27.108 1507 1645 I am_wtf : [0,1507,system_server,-1,DisplayDeviceConfig,requesting nits when no mapping exists.]
11-05 02:09:27.124 1507 1645 I am_wtf : [0,1507,system_server,-1,DisplayDeviceConfig,requesting nits when no mapping exists.]
11-05 02:09:27.125 1507 1645 I am_wtf : [0,1507,system_server,-1,DisplayDeviceConfig,requesting nits when no mapping exists.]
11-05 02:09:27.140 1507 1645 I am_wtf : [0,1507,system_server,-1,DisplayDeviceConfig,requesting nits when no mapping exists.]
11-05 02:09:27.141 1507 1645 I am_wtf : [0,1507,system_server,-1,DisplayDeviceConfig,requesting nits when no mapping exists.]
11-05 02:09:27.157 1507 1645 I am_wtf : [0,1507,system_server,-1,DisplayDeviceConfig,requesting nits when no mapping exists.]
11-05 02:09:27.158 1507 1645 I am_wtf : [0,1507,system_server,-1,DisplayDeviceConfig,requesting nits when no mapping exists.]
11-05 02:09:27.175 1507 1645 I am_wtf : [0,1507,system_server,-1,DisplayDeviceConfig,requesting nits when no mapping exists.]
11-05 02:09:27.176 1507 1645 I am_wtf : [0,1507,system_server,-1,DisplayDeviceConfig,requesting nits when no mapping exists.]
11-05 02:09:27.190 1507 1645 I am_wtf : [0,1507,system_server,-1,DisplayDeviceConfig,requesting nits when no mapping exists.]
11-05 02:09:27.191 1507 1645 I am_wtf : [0,1507,system_server,-1,DisplayDeviceConfig,requesting nits when no mapping exists.]
11-05 02:09:27.207 1507 1645 I am_wtf : [0,1507,system_server,-1,DisplayDeviceConfig,requesting nits when no mapping exists.]
11-05 02:09:27.208 1507 1645 I am_wtf : [0,1507,system_server,-1,DisplayDeviceConfig,requesting nits when no mapping exists.]
11-05 02:09:27.224 1507 1645 I am_wtf : [0,1507,system_server,-1,DisplayDeviceConfig,requesting nits when no mapping exists.]
11-05 02:09:27.225 1507 1645 I am_wtf : [0,1507,system_server,-1,DisplayDeviceConfig,requesting nits when no mapping exists.]
11-05 02:09:27.241 1507 1645 I am_wtf : [0,1507,system_server,-1,DisplayDeviceConfig,requesting nits when no mapping exists.]
11-05 02:09:27.243 1507 1645 I am_wtf : [0,1507,system_server,-1,DisplayDeviceConfig,requesting nits when no mapping exists.]
11-05 02:09:27.257 1507 1645 I am_wtf : [0,1507,system_server,-1,DisplayDeviceConfig,requesting nits when no mapping exists.]
11-05 02:09:27.258 1507 1645 I am_wtf : [0,1507,system_server,-1,DisplayDeviceConfig,requesting nits when no mapping exists.]
11-05 02:09:27.274 1507 1645 I am_wtf : [0,1507,system_server,-1,DisplayDeviceConfig,requesting nits when no mapping exists.]
11-05 02:09:27.275 1507 1645 I am_wtf : [0,1507,system_server,-1,DisplayDeviceConfig,requesting nits when no mapping exists.]
11-05 02:09:27.291 1507 1645 I am_wtf : [0,1507,system_server,-1,DisplayDeviceConfig,requesting nits when no mapping exists.]
11-05 02:09:27.292 1507 1645 I am_wtf : [0,1507,system_server,-1,DisplayDeviceConfig,requesting nits when no mapping exists.]
11-05 02:09:27.308 1507 1645 I am_wtf : [0,1507,system_server,-1,DisplayDeviceConfig,requesting nits when no mapping exists.]
11-05 02:09:27.309 1507 1645 I am_wtf : [0,1507,system_server,-1,DisplayDeviceConfig,requesting nits when no mapping exists.]
11-05 02:09:27.324 1507 1645 I am_wtf : [0,1507,system_server,-1,DisplayDeviceConfig,requesting nits when no mapping exists.]
11-05 02:09:27.325 1507 1645 I am_wtf : [0,1507,system_server,-1,DisplayDeviceConfig,requesting nits when no mapping exists.]
11-05 02:09:27.341 1507 1645 I am_wtf : [0,1507,system_server,-1,DisplayDeviceConfig,requesting nits when no mapping exists.]
11-05 02:09:27.342 1507 1645 I am_wtf : [0,1507,system_server,-1,DisplayDeviceConfig,requesting nits when no mapping exists.]
11-05 02:09:27.358 1507 1645 I am_wtf : [0,1507,system_server,-1,DisplayDeviceConfig,requesting nits when no mapping exists.]
11-05 02:09:27.359 1507 1645 I am_wtf : [0,1507,system_server,-1,DisplayDeviceConfig,requesting nits when no mapping exists.]
11-05 02:09:27.374 1507 1645 I am_wtf : [0,1507,system_server,-1,DisplayDeviceConfig,requesting nits when no mapping exists.]
11-05 02:09:27.376 1507 1645 I am_wtf : [0,1507,system_server,-1,DisplayDeviceConfig,requesting nits when no mapping exists.]
11-05 02:09:27.392 1507 1645 I am_wtf : [0,1507,system_server,-1,DisplayDeviceConfig,requesting nits when no mapping exists.]
11-05 02:09:27.393 1507 1645 I am_wtf : [0,1507,system_server,-1,DisplayDeviceConfig,requesting nits when no mapping exists.]
11-05 02:09:27.408 1507 1645 I am_wtf : [0,1507,system_server,-1,DisplayDeviceConfig,requesting nits when no mapping exists.]
11-05 02:09:27.409 1507 1645 I am_wtf : [0,1507,system_server,-1,DisplayDeviceConfig,requesting nits when no mapping exists.]
11-05 02:09:27.425 1507 1645 I am_wtf : [0,1507,system_server,-1,DisplayDeviceConfig,requesting nits when no mapping exists.]
11-05 02:09:27.426 1507 1645 I am_wtf : [0,1507,system_server,-1,DisplayDeviceConfig,requesting nits when no mapping exists.]
11-05 02:09:27.442 1507 1645 I am_wtf : [0,1507,system_server,-1,DisplayDeviceConfig,requesting nits when no mapping exists.]
11-05 02:09:27.444 1507 1645 I am_wtf : [0,1507,system_server,-1,DisplayDeviceConfig,requesting nits when no mapping exists.]
11-05 02:09:27.458 1507 1645 I am_wtf : [0,1507,system_server,-1,DisplayDeviceConfig,requesting nits when no mapping exists.]
11-05 02:09:27.460 1507 1645 I am_wtf : [0,1507,system_server,-1,DisplayDeviceConfig,requesting nits when no mapping exists.]
11-05 02:09:27.474 1507 1645 I am_wtf : [0,1507,system_server,-1,DisplayDeviceConfig,requesting nits when no mapping exists.]
11-05 02:09:27.476 1507 1645 I am_wtf : [0,1507,system_server,-1,DisplayDeviceConfig,requesting nits when no mapping exists.]
11-05 02:09:27.491 1507 1645 I am_wtf : [0,1507,system_server,-1,DisplayDeviceConfig,requesting nits when no mapping exists.]
11-05 02:09:27.492 1507 1645 I am_wtf : [0,1507,system_server,-1,DisplayDeviceConfig,requesting nits when no mapping exists.]
11-05 02:09:27.509 1507 1645 I am_wtf : [0,1507,system_server,-1,DisplayDeviceConfig,requesting nits when no mapping exists.]
11-05 02:09:27.510 1507 1645 I am_wtf : [0,1507,system_server,-1,DisplayDeviceConfig,requesting nits when no mapping exists.]
11-05 02:09:27.525 1507 1645 I am_wtf : [0,1507,system_server,-1,DisplayDeviceConfig,requesting nits when no mapping exists.]
11-05 02:09:27.526 1507 1645 I am_wtf : [0,1507,system_server,-1,DisplayDeviceConfig,requesting nits when no mapping exists.]
11-05 02:09:27.542 1507 1645 I am_wtf : [0,1507,system_server,-1,DisplayDeviceConfig,requesting nits when no mapping exists.]
11-05 02:09:27.543 1507 1645 I am_wtf : [0,1507,system_server,-1,DisplayDeviceConfig,requesting nits when no mapping exists.]
11-05 02:09:27.558 1507 1645 I am_wtf : [0,1507,system_server,-1,DisplayDeviceConfig,requesting nits when no mapping exists.]
11-05 02:09:27.560 1507 1645 I am_wtf : [0,1507,system_server,-1,DisplayDeviceConfig,requesting nits when no mapping exists.]
11-05 02:09:27.576 1507 1645 I am_wtf : [0,1507,system_server,-1,DisplayDeviceConfig,requesting nits when no mapping exists.]
11-05 02:09:27.577 1507 1645 I am_wtf : [0,1507,system_server,-1,DisplayDeviceConfig,requesting nits when no mapping exists.]
11-05 02:09:27.591 1507 1645 I am_wtf : [0,1507,system_server,-1,DisplayDeviceConfig,requesting nits when no mapping exists.]
11-05 02:09:27.592 1507 1645 I am_wtf : [0,1507,system_server,-1,DisplayDeviceConfig,requesting nits when no mapping exists.]
11-05 02:09:33.663 1507 1625 I sysui_multi_action: [757,222,758,1]
11-05 02:09:33.670 1507 1625 I am_uid_active: 10043
11-05 02:09:33.691 1507 6558 I wm_task_created: [117,-1]
11-05 02:09:33.695 1507 6558 I wm_task_moved: [117,1,8]
11-05 02:09:33.695 1507 6558 I wm_task_to_front: [0,117]
11-05 02:09:33.696 1507 6558 I wm_create_task: [0,117]
11-05 02:09:33.696 1507 6558 I wm_create_activity: [0,89397938,117,com.thundercomm.screensaver/android.service.dreams.DreamActivity,NULL,NULL,NULL,276824064]
11-05 02:09:33.696 1507 6558 I wm_task_moved: [117,1,8]
11-05 02:09:33.696 5990 5990 I wm_on_top_resumed_lost_called: [76814250,com.android.deskclock.DeskClock,topStateChangedWhenResumed]
11-05 02:09:33.697 1507 6558 I wm_pause_activity: [0,76814250,com.android.deskclock/.DeskClock,userLeaving=true,pauseBackTasks]
11-05 02:09:33.704 5990 5990 I wm_on_paused_called: [76814250,com.android.deskclock.DeskClock,performPause]
11-05 02:09:33.708 1507 1777 I wm_add_to_stopping: [0,76814250,com.android.deskclock/.DeskClock,makeInvisible]
11-05 02:09:33.709 1507 1777 I wm_restart_activity: [0,89397938,117,com.thundercomm.screensaver/android.service.dreams.DreamActivity]
11-05 02:09:33.711 1507 1777 I wm_set_resumed_activity: [0,com.thundercomm.screensaver/android.service.dreams.DreamActivity,minimalResumeActivityLocked]
11-05 02:09:33.722 1507 1628 I sysui_multi_action: [757,803,799,window_time_0,802,60]
11-05 02:09:33.727 7669 7669 I wm_on_create_called: [89397938,android.service.dreams.DreamActivity,performCreate]
11-05 02:09:33.728 7669 7669 I wm_on_start_called: [89397938,android.service.dreams.DreamActivity,handleStartActivity]
11-05 02:09:33.738 7669 7669 I wm_on_resume_called: [89397938,android.service.dreams.DreamActivity,RESUME_ACTIVITY]
11-05 02:09:33.741 1507 2002 I input_focus: [Focus leaving b860a77 com.android.deskclock/com.android.deskclock.DeskClock (server),reason=NO_WINDOW]
11-05 02:09:33.744 7669 7669 I wm_on_top_resumed_gained_called: [89397938,android.service.dreams.DreamActivity,topStateChangedWhenResumed]
11-05 02:09:33.767 1507 1629 I input_focus: [Focus request 6652ffe com.thundercomm.screensaver/android.service.dreams.DreamActivity,reason=UpdateInputWindows]
11-05 02:09:33.773 2365 2365 I sysui_multi_action: [757,111,758,2]
11-05 02:09:33.773 1507 1507 I notification_enqueue: [10081,2365,com.android.systemui,2048,NULL,0,Notification(channel=updateNotification shortcut=null contentView=null vibrate=null sound=null defaults=0x0 flags=0x0 color=0x00000000 vis=PRIVATE),1]
11-05 02:09:33.773 2365 2365 I sysui_multi_action: [757,111,758,2]
11-05 02:09:33.791 1507 1666 I sysui_multi_action: [757,1696,758,6,759,3]
11-05 02:09:33.793 1507 1625 I sysui_multi_action: [319,105,322,94,325,3448,757,761,758,8,759,2,806,com.thundercomm.screensaver,871,android.service.dreams.DreamActivity,904,com.thundercomm.screensaver,905,0,1320,4,1321,2]
11-05 02:09:33.796 2365 2365 I sysui_multi_action: [757,111,758,1]
11-05 02:09:33.796 2365 2365 I sysui_multi_action: [757,126,758,1,759,126,927,0,928,1,1593,0]
11-05 02:09:33.796 2365 2365 I sysui_multi_action: [757,113,758,1,759,113,927,1,928,1,1593,0]
11-05 02:09:33.796 2365 2365 I sysui_multi_action: [757,0,758,1,759,0,927,2,928,0,1593,0]
11-05 02:09:33.797 2365 2365 I sysui_multi_action: [757,0,758,1,759,0,927,3,928,0,1593,0]
11-05 02:09:33.797 2365 2365 I sysui_multi_action: [757,491,758,1,759,491,927,4,928,0,1311,-1,1593,0]
11-05 02:09:33.797 2365 2365 I sysui_multi_action: [757,0,758,1,759,0,927,5,928,0,1593,0]
11-05 02:09:33.797 2365 2365 I sysui_multi_action: [757,114,758,1,759,114,927,6,928,0,1593,0]
11-05 02:09:33.797 2365 2365 I sysui_multi_action: [757,120,758,1,759,120,927,7,928,0,1593,0]
11-05 02:09:33.797 2365 2365 I sysui_multi_action: [757,111,758,1]
11-05 02:09:33.797 2365 2365 I sysui_multi_action: [757,126,758,1,759,126,927,0,928,1,1593,0]
11-05 02:09:33.797 2365 2365 I sysui_multi_action: [757,113,758,1,759,113,927,1,928,1,1593,0]
11-05 02:09:33.797 2365 2365 I sysui_multi_action: [757,0,758,1,759,0,927,2,928,0,1593,0]
11-05 02:09:33.797 2365 2365 I sysui_multi_action: [757,0,758,1,759,0,927,3,928,0,1593,0]
11-05 02:09:33.798 1507 1625 I wm_activity_launch_time: [0,89397938,com.thundercomm.screensaver/android.service.dreams.DreamActivity,94]
11-05 02:09:33.798 1507 1645 I am_wtf : [0,1507,system_server,-1,DisplayDeviceConfig,requesting nits when no mapping exists.]
11-05 02:09:33.799 1507 1645 I am_wtf : [0,1507,system_server,-1,DisplayDeviceConfig,requesting nits when no mapping exists.]
11-05 02:09:33.810 1507 1645 I am_wtf : [0,1507,system_server,-1,DisplayDeviceConfig,requesting nits when no mapping exists.]
11-05 02:09:33.811 1507 2002 I input_focus: [Focus entering 6652ffe com.thundercomm.screensaver/android.service.dreams.DreamActivity (server),reason=Window became focusable. Previous reason: NOT_VISIBLE]
11-05 02:09:33.812 1507 1645 I am_wtf : [0,1507,system_server,-1,DisplayDeviceConfig,requesting nits when no mapping exists.]
11-05 02:09:33.826 1507 1645 I am_wtf : [0,1507,system_server,-1,DisplayDeviceConfig,requesting nits when no mapping exists.]
11-05 02:09:33.829 1507 1645 I am_wtf : [0,1507,system_server,-1,DisplayDeviceConfig,requesting nits when no mapping exists.]
11-05 02:09:33.844 1507 1645 I am_wtf : [0,1507,system_server,-1,DisplayDeviceConfig,requesting nits when no mapping exists.]
11-05 02:09:33.845 1507 1645 I am_wtf : [0,1507,system_server,-1,DisplayDeviceConfig,requesting nits when no mapping exists.]
11-05 02:09:33.865 1507 1645 I am_wtf : [0,1507,system_server,-1,DisplayDeviceConfig,requesting nits when no mapping exists.]
11-05 02:09:33.866 1507 1645 I am_wtf : [0,1507,system_server,-1,DisplayDeviceConfig,requesting nits when no mapping exists.]
11-05 02:09:33.876 1507 1645 I am_wtf : [0,1507,system_server,-1,DisplayDeviceConfig,requesting nits when no mapping exists.]
11-05 02:09:33.877 1507 1645 I am_wtf : [0,1507,system_server,-1,DisplayDeviceConfig,requesting nits when no mapping exists.]
11-05 02:09:33.888 1507 1645 I am_uid_idle: 10094
11-05 02:09:33.894 1507 1645 I am_wtf : [0,1507,system_server,-1,DisplayDeviceConfig,requesting nits when no mapping exists.]
11-05 02:09:33.895 1507 1645 I am_wtf : [0,1507,system_server,-1,DisplayDeviceConfig,requesting nits when no mapping exists.]
11-05 02:09:33.910 1507 1645 I am_wtf : [0,1507,system_server,-1,DisplayDeviceConfig,requesting nits when no mapping exists.]
11-05 02:09:33.914 1507 1645 I am_wtf : [0,1507,system_server,-1,DisplayDeviceConfig,requesting nits when no mapping exists.]
11-05 02:09:33.926 1507 1645 I am_wtf : [0,1507,system_server,-1,DisplayDeviceConfig,requesting nits when no mapping exists.]
11-05 02:09:33.927 1507 1645 I am_wtf : [0,1507,system_server,-1,DisplayDeviceConfig,requesting nits when no mapping exists.]
11-05 02:09:33.946 1507 1645 I am_wtf : [0,1507,system_server,-1,DisplayDeviceConfig,requesting nits when no mapping exists.]
11-05 02:09:33.948 1507 1645 I am_wtf : [0,1507,system_server,-1,DisplayDeviceConfig,requesting nits when no mapping exists.]
11-05 02:09:33.959 1507 1645 I am_wtf : [0,1507,system_server,-1,DisplayDeviceConfig,requesting nits when no mapping exists.]
11-05 02:09:33.960 1507 1645 I am_wtf : [0,1507,system_server,-1,DisplayDeviceConfig,requesting nits when no mapping exists.]
11-05 02:09:33.976 1507 1645 I am_wtf : [0,1507,system_server,-1,DisplayDeviceConfig,requesting nits when no mapping exists.]
11-05 02:09:33.977 1507 1645 I am_wtf : [0,1507,system_server,-1,DisplayDeviceConfig,requesting nits when no mapping exists.]
11-05 02:09:33.993 1507 1645 I am_wtf : [0,1507,system_server,-1,DisplayDeviceConfig,requesting nits when no mapping exists.]
11-05 02:09:33.993 1507 1645 I am_wtf : [0,1507,system_server,-1,DisplayDeviceConfig,requesting nits when no mapping exists.]
11-05 02:09:34.015 1507 1645 I am_wtf : [0,1507,system_server,-1,DisplayDeviceConfig,requesting nits when no mapping exists.]
11-05 02:09:34.016 1507 1645 I am_wtf : [0,1507,system_server,-1,DisplayDeviceConfig,requesting nits when no mapping exists.]
11-05 02:09:34.028 1507 1645 I am_wtf : [0,1507,system_server,-1,DisplayDeviceConfig,requesting nits when no mapping exists.]
11-05 02:09:34.029 1507 1645 I service_manager_stats: [100,63,6970]
11-05 02:09:34.029 1507 1645 I am_wtf : [0,1507,system_server,-1,DisplayDeviceConfig,requesting nits when no mapping exists.]
11-05 02:09:34.043 1507 1645 I am_wtf : [0,1507,system_server,-1,DisplayDeviceConfig,requesting nits when no mapping exists.]
11-05 02:09:34.043 1507 1645 I am_wtf : [0,1507,system_server,-1,DisplayDeviceConfig,requesting nits when no mapping exists.]
11-05 02:09:34.062 1507 1645 I am_wtf : [0,1507,system_server,-1,DisplayDeviceConfig,requesting nits when no mapping exists.]
11-05 02:09:34.063 1507 1645 I am_wtf : [0,1507,system_server,-1,DisplayDeviceConfig,requesting nits when no mapping exists.]
11-05 02:09:34.078 1507 1645 I am_wtf : [0,1507,system_server,-1,DisplayDeviceConfig,requesting nits when no mapping exists.]
11-05 02:09:34.079 1507 1645 I am_wtf : [0,1507,system_server,-1,DisplayDeviceConfig,requesting nits when no mapping exists.]
11-05 02:09:34.103 1507 1645 I am_wtf : [0,1507,system_server,-1,DisplayDeviceConfig,requesting nits when no mapping exists.]
11-05 02:09:34.105 1507 1645 I am_wtf : [0,1507,system_server,-1,DisplayDeviceConfig,requesting nits when no mapping exists.]
11-05 02:09:34.116 1507 1645 I am_wtf : [0,1507,system_server,-1,DisplayDeviceConfig,requesting nits when no mapping exists.]
11-05 02:09:34.117 1507 1645 I am_wtf : [0,1507,system_server,-1,DisplayDeviceConfig,requesting nits when no mapping exists.]
11-05 02:09:34.130 1507 1645 I am_wtf : [0,1507,system_server,-1,DisplayDeviceConfig,requesting nits when no mapping exists.]
11-05 02:09:34.131 1507 1645 I am_wtf : [0,1507,system_server,-1,DisplayDeviceConfig,requesting nits when no mapping exists.]
11-05 02:09:34.144 1507 1645 I am_wtf : [0,1507,system_server,-1,DisplayDeviceConfig,requesting nits when no mapping exists.]
11-05 02:09:34.147 1507 1645 I am_wtf : [0,1507,system_server,-1,DisplayDeviceConfig,requesting nits when no mapping exists.]
11-05 02:09:34.167 1507 1645 I am_wtf : [0,1507,system_server,-1,DisplayDeviceConfig,requesting nits when no mapping exists.]
11-05 02:09:34.168 1507 1645 I am_wtf : [0,1507,system_server,-1,DisplayDeviceConfig,requesting nits when no mapping exists.]
11-05 02:09:34.182 1507 1645 I am_wtf : [0,1507,system_server,-1,DisplayDeviceConfig,requesting nits when no mapping exists.]
11-05 02:09:34.183 1507 1645 I am_wtf : [0,1507,system_server,-1,DisplayDeviceConfig,requesting nits when no mapping exists.]
11-05 02:09:34.202 1507 1645 I am_wtf : [0,1507,system_server,-1,DisplayDeviceConfig,requesting nits when no mapping exists.]
11-05 02:09:34.204 1507 1645 I am_wtf : [0,1507,system_server,-1,DisplayDeviceConfig,requesting nits when no mapping exists.]
11-05 02:09:34.210 1507 1645 I am_wtf : [0,1507,system_server,-1,DisplayDeviceConfig,requesting nits when no mapping exists.]
11-05 02:09:34.210 1507 1645 I am_wtf : [0,1507,system_server,-1,DisplayDeviceConfig,requesting nits when no mapping exists.]
11-05 02:09:34.229 1507 1645 I am_wtf : [0,1507,system_server,-1,DisplayDeviceConfig,requesting nits when no mapping exists.]
11-05 02:09:34.231 1507 1645 I am_wtf : [0,1507,system_server,-1,DisplayDeviceConfig,requesting nits when no mapping exists.]
11-05 02:09:34.249 1507 1645 I am_wtf : [0,1507,system_server,-1,DisplayDeviceConfig,requesting nits when no mapping exists.]
11-05 02:09:34.250 1507 1645 I am_wtf : [0,1507,system_server,-1,DisplayDeviceConfig,requesting nits when no mapping exists.]
11-05 02:09:34.262 1507 1645 I am_wtf : [0,1507,system_server,-1,DisplayDeviceConfig,requesting nits when no mapping exists.]
11-05 02:09:34.263 1507 1645 I am_wtf : [0,1507,system_server,-1,DisplayDeviceConfig,requesting nits when no mapping exists.]
11-05 02:09:34.279 1507 1645 I am_wtf : [0,1507,system_server,-1,DisplayDeviceConfig,requesting nits when no mapping exists.]
11-05 02:09:34.280 1507 1645 I am_wtf : [0,1507,system_server,-1,DisplayDeviceConfig,requesting nits when no mapping exists.]
11-05 02:09:34.296 1507 1645 I am_wtf : [0,1507,system_server,-1,DisplayDeviceConfig,requesting nits when no mapping exists.]
11-05 02:09:34.296 1507 1628 I wm_stop_activity: [0,76814250,com.android.deskclock/.DeskClock]
11-05 02:09:34.300 1507 1645 I am_wtf : [0,1507,system_server,-1,DisplayDeviceConfig,requesting nits when no mapping exists.]
11-05 02:09:34.306 5990 5990 I wm_on_stop_called: [76814250,com.android.deskclock.DeskClock,STOP_ACTIVITY_ITEM]
11-05 02:09:34.312 1507 1645 I am_wtf : [0,1507,system_server,-1,DisplayDeviceConfig,requesting nits when no mapping exists.]
11-05 02:09:34.313 1507 1645 I am_wtf : [0,1507,system_server,-1,DisplayDeviceConfig,requesting nits when no mapping exists.]
11-05 02:09:34.329 1507 1645 I am_wtf : [0,1507,system_server,-1,DisplayDeviceConfig,requesting nits when no mapping exists.]
11-05 02:09:34.336 1507 1645 I am_wtf : [0,1507,system_server,-1,DisplayDeviceConfig,requesting nits when no mapping exists.]
11-05 02:09:34.349 1507 1645 I am_wtf : [0,1507,system_server,-1,DisplayDeviceConfig,requesting nits when no mapping exists.]
11-05 02:09:34.350 1507 1645 I am_wtf : [0,1507,system_server,-1,DisplayDeviceConfig,requesting nits when no mapping exists.]
11-05 02:09:34.361 1507 1645 I am_wtf : [0,1507,system_server,-1,DisplayDeviceConfig,requesting nits when no mapping exists.]
11-05 02:09:34.362 1507 1645 I am_wtf : [0,1507,system_server,-1,DisplayDeviceConfig,requesting nits when no mapping exists.]
11-05 02:09:34.375 1507 1645 I am_wtf : [0,1507,system_server,-1,DisplayDeviceConfig,requesting nits when no mapping exists.]
11-05 02:09:34.377 1507 1645 I am_wtf : [0,1507,system_server,-1,DisplayDeviceConfig,requesting nits when no mapping exists.]
11-05 02:09:34.393 1507 1645 I am_wtf : [0,1507,system_server,-1,DisplayDeviceConfig,requesting nits when no mapping exists.]
11-05 02:09:34.394 1507 1645 I am_wtf : [0,1507,system_server,-1,DisplayDeviceConfig,requesting nits when no mapping exists.]
11-05 02:09:34.408 1507 1645 I am_wtf : [0,1507,system_server,-1,DisplayDeviceConfig,requesting nits when no mapping exists.]
