11-05 01:59:01.155 1507 1645 I am_wtf : [0,1507,system_server,-1,DisplayDeviceConfig,requesting nits when no mapping exists.]
11-05 01:59:01.171 1507 1645 I am_wtf : [0,1507,system_server,-1,DisplayDeviceConfig,requesting nits when no mapping exists.]
11-05 01:59:01.172 1507 1645 I am_wtf : [0,1507,system_server,-1,DisplayDeviceConfig,requesting nits when no mapping exists.]
11-05 01:59:01.188 1507 1645 I am_wtf : [0,1507,system_server,-1,DisplayDeviceConfig,requesting nits when no mapping exists.]
11-05 01:59:01.189 1507 1645 I am_wtf : [0,1507,system_server,-1,DisplayDeviceConfig,requesting nits when no mapping exists.]
11-05 01:59:01.204 1507 1645 I am_wtf : [0,1507,system_server,-1,DisplayDeviceConfig,requesting nits when no mapping exists.]
11-05 01:59:01.205 1507 1645 I am_wtf : [0,1507,system_server,-1,DisplayDeviceConfig,requesting nits when no mapping exists.]
11-05 01:59:01.221 1507 1645 I am_wtf : [0,1507,system_server,-1,DisplayDeviceConfig,requesting nits when no mapping exists.]
11-05 01:59:01.222 1507 1645 I am_wtf : [0,1507,system_server,-1,DisplayDeviceConfig,requesting nits when no mapping exists.]
11-05 01:59:01.239 1507 1645 I am_wtf : [0,1507,system_server,-1,DisplayDeviceConfig,requesting nits when no mapping exists.]
11-05 01:59:01.240 1507 1645 I am_wtf : [0,1507,system_server,-1,DisplayDeviceConfig,requesting nits when no mapping exists.]
11-05 01:59:01.254 1507 1645 I am_wtf : [0,1507,system_server,-1,DisplayDeviceConfig,requesting nits when no mapping exists.]
11-05 01:59:01.256 1507 1645 I am_wtf : [0,1507,system_server,-1,DisplayDeviceConfig,requesting nits when no mapping exists.]
11-05 01:59:01.272 1507 1645 I am_wtf : [0,1507,system_server,-1,DisplayDeviceConfig,requesting nits when no mapping exists.]
11-05 01:59:01.272 1507 1645 I am_wtf : [0,1507,system_server,-1,DisplayDeviceConfig,requesting nits when no mapping exists.]
11-05 01:59:01.288 1507 1645 I am_wtf : [0,1507,system_server,-1,DisplayDeviceConfig,requesting nits when no mapping exists.]
11-05 01:59:01.289 1507 1645 I am_wtf : [0,1507,system_server,-1,DisplayDeviceConfig,requesting nits when no mapping exists.]
11-05 01:59:01.306 1507 1645 I am_wtf : [0,1507,system_server,-1,DisplayDeviceConfig,requesting nits when no mapping exists.]
11-05 01:59:01.306 1507 1645 I am_wtf : [0,1507,system_server,-1,DisplayDeviceConfig,requesting nits when no mapping exists.]
11-05 01:59:01.321 1507 1645 I am_wtf : [0,1507,system_server,-1,DisplayDeviceConfig,requesting nits when no mapping exists.]
11-05 01:59:01.321 1507 1645 I am_wtf : [0,1507,system_server,-1,DisplayDeviceConfig,requesting nits when no mapping exists.]
11-05 01:59:01.340 1507 1645 I am_wtf : [0,1507,system_server,-1,DisplayDeviceConfig,requesting nits when no mapping exists.]
11-05 01:59:01.341 1507 1645 I am_wtf : [0,1507,system_server,-1,DisplayDeviceConfig,requesting nits when no mapping exists.]
11-05 01:59:01.355 1507 1645 I am_wtf : [0,1507,system_server,-1,DisplayDeviceConfig,requesting nits when no mapping exists.]
11-05 01:59:01.356 1507 1645 I am_wtf : [0,1507,system_server,-1,DisplayDeviceConfig,requesting nits when no mapping exists.]
11-05 01:59:01.373 1507 1645 I am_wtf : [0,1507,system_server,-1,DisplayDeviceConfig,requesting nits when no mapping exists.]
11-05 01:59:01.374 1507 1645 I am_wtf : [0,1507,system_server,-1,DisplayDeviceConfig,requesting nits when no mapping exists.]
11-05 01:59:01.389 1507 1645 I am_wtf : [0,1507,system_server,-1,DisplayDeviceConfig,requesting nits when no mapping exists.]
11-05 01:59:01.390 1507 1645 I am_wtf : [0,1507,system_server,-1,DisplayDeviceConfig,requesting nits when no mapping exists.]
11-05 01:59:01.406 1507 1645 I am_wtf : [0,1507,system_server,-1,DisplayDeviceConfig,requesting nits when no mapping exists.]
11-05 01:59:01.407 1507 1645 I am_wtf : [0,1507,system_server,-1,DisplayDeviceConfig,requesting nits when no mapping exists.]
11-05 01:59:01.423 1507 1645 I am_wtf : [0,1507,system_server,-1,DisplayDeviceConfig,requesting nits when no mapping exists.]
11-05 01:59:01.424 1507 1645 I am_wtf : [0,1507,system_server,-1,DisplayDeviceConfig,requesting nits when no mapping exists.]
11-05 01:59:01.439 1507 1645 I am_wtf : [0,1507,system_server,-1,DisplayDeviceConfig,requesting nits when no mapping exists.]
11-05 01:59:01.442 1507 1645 I am_wtf : [0,1507,system_server,-1,DisplayDeviceConfig,requesting nits when no mapping exists.]
11-05 01:59:01.458 1507 1645 I am_wtf : [0,1507,system_server,-1,DisplayDeviceConfig,requesting nits when no mapping exists.]
11-05 01:59:01.459 1507 1645 I am_wtf : [0,1507,system_server,-1,DisplayDeviceConfig,requesting nits when no mapping exists.]
11-05 01:59:01.485 1507 1645 I am_wtf : [0,1507,system_server,-1,DisplayDeviceConfig,requesting nits when no mapping exists.]
11-05 01:59:01.487 1507 1645 I am_wtf : [0,1507,system_server,-1,DisplayDeviceConfig,requesting nits when no mapping exists.]
11-05 01:59:01.490 1507 1645 I am_wtf : [0,1507,system_server,-1,DisplayDeviceConfig,requesting nits when no mapping exists.]
11-05 01:59:01.491 1507 1645 I am_wtf : [0,1507,system_server,-1,DisplayDeviceConfig,requesting nits when no mapping exists.]
11-05 01:59:01.504 1507 1645 I am_wtf : [0,1507,system_server,-1,DisplayDeviceConfig,requesting nits when no mapping exists.]
11-05 01:59:01.505 1507 1645 I am_wtf : [0,1507,system_server,-1,DisplayDeviceConfig,requesting nits when no mapping exists.]
11-05 01:59:01.946 1320 7017 I liblog : 19
11-05 01:59:01.956 1320 7017 I liblog : 67
11-05 01:59:03.101 1507 1645 I am_uid_idle: 10088
11-05 01:59:12.204 1507 2002 I input_interaction: Interaction with: 954df90 com.thundercomm.screensaver/android.service.dreams.DreamActivity (server), edge-swipe (server), swipe-up (server), PointerEventDispatcher0 (server),
11-05 01:59:12.207 1507 6077 I wm_finish_activity: [0,50435364,104,com.thundercomm.screensaver/android.service.dreams.DreamActivity,finish-activity]
11-05 01:59:12.208 1507 6077 I wm_task_moved: [103,1,7]
11-05 01:59:12.208 1507 6077 I wm_task_to_front: [0,103]
11-05 01:59:12.209 1507 6077 I wm_focused_root_task: [0,0,103,104,finish-top adjustFocusToNextFocusableTask]
11-05 01:59:12.211 1507 6077 I wm_pause_activity: [0,50435364,com.thundercomm.screensaver/android.service.dreams.DreamActivity,userLeaving=false,finish]
11-05 01:59:12.224 1507 1628 I sysui_multi_action: [757,803,799,window_time_0,802,11]
11-05 01:59:12.228 7669 7669 I wm_on_top_resumed_lost_called: [50435364,android.service.dreams.DreamActivity,topStateChangedWhenResumed]
11-05 01:59:12.229 7669 7669 I wm_on_paused_called: [50435364,android.service.dreams.DreamActivity,performPause]
11-05 01:59:12.230 1507 6077 I wm_add_to_stopping: [0,50435364,com.thundercomm.screensaver/android.service.dreams.DreamActivity,completeFinishing]
11-05 01:59:12.236 1507 6077 I wm_set_resumed_activity: [0,com.android.settings/.Settings,resumeTopActivityInnerLocked]
11-05 01:59:12.238 1507 6077 I wm_resume_activity: [0,254874155,103,com.android.settings/.Settings]
11-05 01:59:12.248 7669 7669 I view_enqueue_input_event: [Motion - Cancel,com.thundercomm.screensaver/android.service.dreams.DreamActivity]
11-05 01:59:12.252 1507 1628 I sysui_multi_action: [757,803,799,window_time_0,802,0]
11-05 01:59:12.257 1507 2002 I input_focus: [Focus leaving 954df90 com.thundercomm.screensaver/android.service.dreams.DreamActivity (server),reason=NO_WINDOW]
11-05 01:59:12.271 9956 9956 I wm_on_restart_called: [254874155,com.android.settings.Settings,performRestartActivity]
11-05 01:59:12.284 1507 1642 I am_pss : [10347,10090,com.android.music,23563264,18534400,0,142516224,0,19,8]
11-05 01:59:12.295 9956 9956 I wm_on_start_called: [254874155,com.android.settings.Settings,handleStartActivity]
11-05 01:59:12.296 9956 9956 I snet_event_log: [120484087,-1,]
11-05 01:59:12.296 9956 9956 I wm_on_resume_called: [254874155,com.android.settings.Settings,RESUME_ACTIVITY]
11-05 01:59:12.296 9956 9956 I sysui_multi_action: [757,35,758,1,833,0,1089,0]
11-05 01:59:12.308 9956 9956 I sysui_multi_action: [757,746,758,1,833,0,1089,0]
11-05 01:59:12.309 1507 6077 D TelephonyRegistry: listen oscl: mHasNotifySubscriptionInfoChangedOccurred==false no callback
11-05 01:59:12.312 1507 6558 D TelephonyRegistry: listen oscl: mHasNotifySubscriptionInfoChangedOccurred==false no callback
11-05 01:59:12.319 9956 9956 I wm_on_top_resumed_gained_called: [254874155,com.android.settings.Settings,topWhenResuming]
11-05 01:59:12.326 1507 1629 I input_focus: [Focus request 4d168e8 com.android.settings/com.android.settings.Settings,reason=UpdateInputWindows]
11-05 01:59:12.351 1507 2002 I input_focus: [Focus entering 4d168e8 com.android.settings/com.android.settings.Settings (server),reason=setFocusedWindow]
11-05 01:59:12.857 1507 1628 I wm_destroy_activity: [0,50435364,104,com.thundercomm.screensaver/android.service.dreams.DreamActivity,finish-imm:idle]
11-05 01:59:12.876 7669 7669 I wm_on_stop_called: [50435364,android.service.dreams.DreamActivity,LIFECYCLER_STOP_ACTIVITY]
11-05 01:59:12.877 7669 7669 I wm_on_destroy_called: [50435364,android.service.dreams.DreamActivity,performDestroy]
11-05 01:59:12.884 1507 1625 I sysui_multi_action: [757,222,758,2]
11-05 01:59:12.884 1507 1625 I sysui_multi_action: [757,804,799,dreaming_minutes,801,0,802,1]
11-05 01:59:12.896 1507 5741 I wm_task_removed: [104,removeChild:removeChild last r=ActivityRecord{3019524 u0 com.thundercomm.screensaver/android.service.dreams.DreamActivity t-1 f}} in t=Task{3de5df9 #104 type=dream A=10043:android:com.thundercomm.screensaver/dream U=0 visible=false mode=fullscreen translucent=true sz=0}]
11-05 01:59:12.896 1507 5741 I wm_task_removed: [104,removeChild]
11-05 01:59:14.048 1507 2002 I input_interaction: Interaction with: 4d168e8 com.android.settings/com.android.settings.Settings (server), PointerEventDispatcher0 (server),
11-05 01:59:15.813 1507 2002 I input_interaction: Interaction with: 4d168e8 com.android.settings/com.android.settings.Settings (server), edge-swipe (server), swipe-up (server), PointerEventDispatcher0 (server),
11-05 01:59:15.829 1507 6558 I wm_task_moved: [1,0,0]
11-05 01:59:15.830 1507 6558 I wm_task_moved: [1,0,6]
11-05 01:59:15.840 2835 2835 I wm_on_restart_called: [94458931,com.android.launcher3.uioverrides.QuickstepLauncher,performRestartActivity]
11-05 01:59:15.861 2835 2835 I wm_on_start_called: [94458931,com.android.launcher3.uioverrides.QuickstepLauncher,handleStartActivity]
11-05 01:59:15.885 1507 1625 I sysui_multi_action: [319,12,322,51,325,2830,757,761,758,9,759,5,806,com.android.launcher3,871,com.android.launcher3.uioverrides.QuickstepLauncher,905,0,1320,4,1321,1]
11-05 01:59:15.907 9956 9956 I view_enqueue_input_event: [Motion - Cancel,com.android.settings/com.android.settings.Settings]
11-05 01:59:15.908 2835 2835 I sysui_latency: [1,62]
11-05 01:59:15.913 1507 2002 I input_interaction: Interaction with: edge-swipe (server), swipe-up (server), PointerEventDispatcher0 (server),
11-05 01:59:15.913 1507 1629 I input_focus: [Focus request recents_animation_input_consumer,reason=UpdateInputWindows]
11-05 01:59:15.943 1507 2002 I input_focus: [Focus leaving 4d168e8 com.android.settings/com.android.settings.Settings (server),reason=NOT_FOCUSABLE]
11-05 01:59:15.943 1507 2002 I input_focus: [Focus entering recents_animation_input_consumer (server),reason=setFocusedWindow]
11-05 01:59:16.066 1507 1751 I commit_sys_config_file: [settings-1-0,7]
11-05 01:59:16.182 1507 1642 I sysui_latency: [8,63]
11-05 01:59:16.773 1507 1751 I commit_sys_config_file: [settings-1-0,10]
11-05 01:59:18.033 1507 2002 I input_interaction: Interaction with: 2395a3e com.android.launcher3/com.android.launcher3.uioverrides.QuickstepLauncher (server), edge-swipe (server), swipe-up (server), PointerEventDispatcher0 (server),
11-05 01:59:18.168 1507 5989 I wm_task_created: [105,-1]
11-05 01:59:18.178 1507 5989 I wm_task_moved: [105,1,8]
11-05 01:59:18.178 1507 5989 I wm_task_to_front: [0,105]
11-05 01:59:18.179 1507 5989 I wm_create_task: [0,105]
11-05 01:59:18.179 1507 5989 I wm_create_activity: [0,120292966,105,com.android.deskclock/.DeskClock,NULL,NULL,NULL,268468224]
11-05 01:59:18.179 1507 5989 I wm_task_moved: [105,1,8]
11-05 01:59:18.180 9956 9956 I wm_on_top_resumed_lost_called: [254874155,com.android.settings.Settings,topStateChangedWhenResumed]
11-05 01:59:18.183 1507 5989 I wm_restart_activity: [0,120292966,105,com.android.deskclock/.DeskClock]
11-05 01:59:18.185 1507 5989 I wm_set_resumed_activity: [0,com.android.deskclock/.DeskClock,minimalResumeActivityLocked]
11-05 01:59:18.202 1507 1628 I am_uid_active: 10065
11-05 01:59:18.247 1507 5741 I wm_task_moved: [105,1,8]
11-05 01:59:18.247 1507 5741 I wm_set_resumed_activity: [0,com.android.deskclock/.DeskClock,positionChildAt]
11-05 01:59:18.247 1507 5741 I wm_create_activity: [0,256579069,105,com.android.permissioncontroller/.permission.ui.GrantPermissionsActivity,android.content.pm.action.REQUEST_PERMISSIONS,NULL,NULL,8388608]
11-05 01:59:18.248 1507 5741 I service_manager_stats: [100,77,17355]
11-05 01:59:18.249 1507 5741 I wm_pause_activity: [0,120292966,com.android.deskclock/.DeskClock,userLeaving=true,resumeTopActivityInnerLocked]
11-05 01:59:18.273 5990 5990 I wm_on_create_called: [120292966,com.android.deskclock.DeskClock,performCreate]
11-05 01:59:18.274 5990 5990 I wm_on_start_called: [120292966,com.android.deskclock.DeskClock,handleStartActivity]
11-05 01:59:18.275 5990 5990 I wm_on_resume_called: [120292966,com.android.deskclock.DeskClock,RESUME_ACTIVITY]
11-05 01:59:18.278 5990 5990 I wm_on_top_resumed_gained_called: [120292966,com.android.deskclock.DeskClock,topStateChangedWhenResumed]
11-05 01:59:18.278 5990 5990 I wm_on_top_resumed_lost_called: [120292966,com.android.deskclock.DeskClock,topStateChangedWhenResumed]
11-05 01:59:18.278 5990 5990 I wm_on_paused_called: [120292966,com.android.deskclock.DeskClock,performPause]
11-05 01:59:18.282 1507 5741 I wm_restart_activity: [0,256579069,105,com.android.permissioncontroller/.permission.ui.GrantPermissionsActivity]
11-05 01:59:18.284 1507 5741 I wm_set_resumed_activity: [0,com.android.permissioncontroller/.permission.ui.GrantPermissionsActivity,minimalResumeActivityLocked]
11-05 01:59:18.284 1507 1628 I am_uid_active: 10094
11-05 01:59:18.297 1507 1628 I sysui_multi_action: [757,803,799,window_time_0,802,6]
11-05 01:59:18.316 2368 2368 I wm_on_create_called: [256579069,com.android.permissioncontroller.permission.ui.GrantPermissionsActivity,performCreate]
11-05 01:59:18.317 2368 2368 I wm_on_start_called: [256579069,com.android.permissioncontroller.permission.ui.GrantPermissionsActivity,handleStartActivity]
11-05 01:59:18.317 2368 2368 I wm_on_resume_called: [256579069,com.android.permissioncontroller.permission.ui.GrantPermissionsActivity,RESUME_ACTIVITY]
11-05 01:59:18.320 2368 2368 I wm_on_top_resumed_gained_called: [256579069,com.android.permissioncontroller.permission.ui.GrantPermissionsActivity,topStateChangedWhenResumed]
11-05 01:59:18.324 1507 6077 I wm_finish_activity: [0,256579069,105,com.android.permissioncontroller/.permission.ui.GrantPermissionsActivity,app-request]
11-05 01:59:18.325 1507 6077 I wm_pause_activity: [0,256579069,com.android.permissioncontroller/.permission.ui.GrantPermissionsActivity,userLeaving=false,finish]
11-05 01:59:18.336 2368 2368 I wm_on_top_resumed_lost_called: [256579069,com.android.permissioncontroller.permission.ui.GrantPermissionsActivity,topStateChangedWhenResumed]
11-05 01:59:18.336 2368 2368 I wm_on_paused_called: [256579069,com.android.permissioncontroller.permission.ui.GrantPermissionsActivity,performPause]
11-05 01:59:18.338 1507 5437 I wm_add_to_stopping: [0,256579069,com.android.permissioncontroller/.permission.ui.GrantPermissionsActivity,completeFinishing]
11-05 01:59:18.341 1507 5437 I wm_set_resumed_activity: [0,com.android.deskclock/.DeskClock,resumeTopActivityInnerLocked]
11-05 01:59:18.344 1507 5437 I wm_resume_activity: [0,120292966,105,com.android.deskclock/.DeskClock]
11-05 01:59:18.363 1507 1628 I sysui_multi_action: [757,803,799,window_time_2,802,0]
11-05 01:59:18.364 1507 1629 I input_focus: [Focus request 8fc4d43 com.android.deskclock/com.android.deskclock.DeskClock,reason=UpdateInputWindows]
11-05 01:59:18.398 1507 2002 I input_focus: [Focus leaving recents_animation_input_consumer (server),reason=Waiting for window because NOT_VISIBLE]
11-05 01:59:18.403 5990 5990 I wm_on_activity_result_called: [120292966,com.android.deskclock.DeskClock,ACTIVITY_RESULT]
11-05 01:59:18.403 5990 5990 I wm_on_resume_called: [120292966,com.android.deskclock.DeskClock,RESUME_ACTIVITY]
11-05 01:59:18.404 5990 5990 I wm_on_top_resumed_gained_called: [120292966,com.android.deskclock.DeskClock,topWhenResuming]
11-05 01:59:18.414 1507 1628 I wm_destroy_activity: [0,256579069,105,com.android.permissioncontroller/.permission.ui.GrantPermissionsActivity,finish-imm:transit]
11-05 01:59:18.415 2368 2368 I wm_on_stop_called: [256579069,com.android.permissioncontroller.permission.ui.GrantPermissionsActivity,LIFECYCLER_STOP_ACTIVITY]
11-05 01:59:18.416 1507 2002 I input_focus: [Focus entering 8fc4d43 com.android.deskclock/com.android.deskclock.DeskClock (server),reason=Window became focusable. Previous reason: NOT_VISIBLE]
11-05 01:59:18.416 2368 2368 I wm_on_destroy_called: [256579069,com.android.permissioncontroller.permission.ui.GrantPermissionsActivity,performDestroy]
11-05 01:59:18.619 1507 5741 I wm_task_moved: [1,1,8]
11-05 01:59:18.620 5990 5990 I wm_on_top_resumed_lost_called: [120292966,com.android.deskclock.DeskClock,topStateChangedWhenResumed]
11-05 01:59:18.620 1507 5741 I wm_task_moved: [10,1,2147483647]
11-05 01:59:18.621 1507 5741 I wm_task_to_front: [0,10]
11-05 01:59:18.621 1507 5741 I wm_focused_root_task: [0,0,1,105,RecentsAnimation.onAnimationFinished()]
11-05 01:59:18.621 1507 5741 I wm_set_resumed_activity: [0,com.android.launcher3/.uioverrides.QuickstepLauncher,RecentsAnimation.onAnimationFinished()]
11-05 01:59:18.622 1507 5741 I wm_pause_activity: [0,254874155,com.android.settings/.Settings,userLeaving=true,pauseBackTasks]
11-05 01:59:18.623 1507 5741 I wm_add_to_stopping: [0,254874155,com.android.settings/.Settings,makeInvisible]
11-05 01:59:18.624 1507 5741 I wm_set_resumed_activity: [0,com.android.launcher3/.uioverrides.QuickstepLauncher,resumeTopActivityInnerLocked]
11-05 01:59:18.630 1507 5741 I wm_resume_activity: [0,94458931,10,com.android.launcher3/.uioverrides.QuickstepLauncher]
11-05 01:59:18.636 9956 9956 I sysui_multi_action: [757,35,758,2,1089,6339]
11-05 01:59:18.640 2835 2835 I wm_on_resume_called: [94458931,com.android.launcher3.uioverrides.QuickstepLauncher,RESUME_ACTIVITY]
11-05 01:59:18.649 9956 9956 I sysui_multi_action: [757,746,758,2,1089,6340]
11-05 01:59:18.650 1507 1629 I input_focus: [Focus request 2395a3e com.android.launcher3/com.android.launcher3.uioverrides.QuickstepLauncher,reason=UpdateInputWindows]
11-05 01:59:18.653 2835 2835 I wm_on_top_resumed_gained_called: [94458931,com.android.launcher3.uioverrides.QuickstepLauncher,topStateChangedWhenResumed]
11-05 01:59:18.657 9956 9956 I wm_on_paused_called: [254874155,com.android.settings.Settings,performPause]
11-05 01:59:18.657 1507 2410 I wm_stop_activity: [0,254874155,com.android.settings/.Settings]
11-05 01:59:18.660 1507 1628 I sysui_multi_action: [757,803,799,window_time_2,802,1]
11-05 01:59:18.662 1507 1628 I sysui_multi_action: [757,803,799,window_time_0,802,0]
11-05 01:59:18.665 1507 2002 I input_focus: [Focus leaving 8fc4d43 com.android.deskclock/com.android.deskclock.DeskClock (server),reason=setFocusedWindow]
11-05 01:59:18.666 1507 2002 I input_focus: [Focus entering 2395a3e com.android.launcher3/com.android.launcher3.uioverrides.QuickstepLauncher (server),reason=setFocusedWindow]
11-05 01:59:18.705 9956 9956 I wm_on_stop_called: [254874155,com.android.settings.Settings,STOP_ACTIVITY_ITEM]
11-05 01:59:20.218 1507 2002 I input_interaction: Interaction with: 8fc4d43 com.android.deskclock/com.android.deskclock.DeskClock (server), edge-swipe (server), swipe-up (server), PointerEventDispatcher0 (server),
11-05 01:59:20.222 1507 1628 I wm_task_moved: [105,1,8]
11-05 01:59:20.222 1507 1628 I wm_task_to_front: [0,105]
11-05 01:59:20.226 2835 2835 I wm_on_top_resumed_lost_called: [94458931,com.android.launcher3.uioverrides.QuickstepLauncher,topStateChangedWhenResumed]
11-05 01:59:20.226 1507 1628 I wm_set_resumed_activity: [0,com.android.deskclock/.DeskClock,positionChildAt]
11-05 01:59:20.226 1507 1628 I wm_focused_root_task: [0,0,105,1,setFocusedTask]
11-05 01:59:20.226 1507 1628 I wm_set_resumed_activity: [0,com.android.deskclock/.DeskClock,setFocusedTask]
11-05 01:59:20.226 1507 1629 I input_focus: [Focus request 8fc4d43 com.android.deskclock/com.android.deskclock.DeskClock,reason=UpdateInputWindows]
11-05 01:59:20.234 5990 5990 I wm_on_top_resumed_gained_called: [120292966,com.android.deskclock.DeskClock,topStateChangedWhenResumed]
11-05 01:59:20.254 1507 2002 I input_focus: [Focus leaving 2395a3e com.android.launcher3/com.android.launcher3.uioverrides.QuickstepLauncher (server),reason=setFocusedWindow]
11-05 01:59:20.255 1507 2002 I input_focus: [Focus entering 8fc4d43 com.android.deskclock/com.android.deskclock.DeskClock (server),reason=setFocusedWindow]
11-05 01:59:20.343 1507 6077 I wm_relaunch_resume_activity: [0,120292966,105,com.android.deskclock/.DeskClock]
11-05 01:59:20.344 1507 6077 I wm_add_to_stopping: [0,94458931,com.android.launcher3/.uioverrides.QuickstepLauncher,makeInvisible]
11-05 01:59:20.363 5990 5990 I wm_on_top_resumed_lost_called: [120292966,com.android.deskclock.DeskClock,pausing]
11-05 01:59:20.365 5990 5990 I wm_on_paused_called: [120292966,com.android.deskclock.DeskClock,performPause]
11-05 01:59:20.375 5990 5990 I wm_on_stop_called: [120292966,com.android.deskclock.DeskClock,handleRelaunchActivity]
11-05 01:59:20.387 5990 5990 I wm_on_destroy_called: [120292966,com.android.deskclock.DeskClock,performDestroy]
11-05 01:59:20.407 1507 5741 I sysui_multi_action: [757,1513,758,4,805,1667584760406,1514,10065,1515,com.android.deskclock,1516,1002,1517,1,1518,10065,1519,1002,1520,1,1526,com.android.permissioncontroller/.permission.ui.GrantPermissionsActivity,1527,0,1528,android.content.pm.action.REQUEST_PERMISSIONS,1529,com.android.deskclock,1530,1002,1531,0,1532,0,1533,1,1534,0,1535,0,1536,1,1537,2204,1539,100415]
11-05 01:59:20.408 1507 5741 I wm_create_activity: [0,153887205,105,com.android.permissioncontroller/.permission.ui.GrantPermissionsActivity,android.content.pm.action.REQUEST_PERMISSIONS,NULL,NULL,8388608]
11-05 01:59:20.429 5990 5990 I wm_on_create_called: [120292966,com.android.deskclock.DeskClock,performCreate]
11-05 01:59:20.462 5990 5990 I wm_on_start_called: [120292966,com.android.deskclock.DeskClock,handleStartActivity]
11-05 01:59:20.463 5990 5990 I wm_on_resume_called: [120292966,com.android.deskclock.DeskClock,RESUME_ACTIVITY]
11-05 01:59:20.466 5990 5990 I wm_on_top_resumed_gained_called: [120292966,com.android.deskclock.DeskClock,topWhenResuming]
11-05 01:59:20.526 1507 1628 I wm_restart_activity: [0,153887205,105,com.android.permissioncontroller/.permission.ui.GrantPermissionsActivity]
11-05 01:59:20.526 5990 5990 I wm_on_top_resumed_lost_called: [120292966,com.android.deskclock.DeskClock,topStateChangedWhenResumed]
11-05 01:59:20.527 1507 1628 I wm_set_resumed_activity: [0,com.android.permissioncontroller/.permission.ui.GrantPermissionsActivity,minimalResumeActivityLocked]
11-05 01:59:20.540 2368 2368 I wm_on_create_called: [153887205,com.android.permissioncontroller.permission.ui.GrantPermissionsActivity,performCreate]
11-05 01:59:20.540 2368 2368 I wm_on_start_called: [153887205,com.android.permissioncontroller.permission.ui.GrantPermissionsActivity,handleStartActivity]
11-05 01:59:20.541 2368 2368 I wm_on_resume_called: [153887205,com.android.permissioncontroller.permission.ui.GrantPermissionsActivity,RESUME_ACTIVITY]
11-05 01:59:20.546 2368 2368 I wm_on_top_resumed_gained_called: [153887205,com.android.permissioncontroller.permission.ui.GrantPermissionsActivity,topStateChangedWhenResumed]
11-05 01:59:20.557 1507 1629 I input_focus: [Focus request ce6ef2f com.android.permissioncontroller/com.android.permissioncontroller.permission.ui.GrantPermissionsActivity,reason=UpdateInputWindows]
11-05 01:59:20.563 1507 6077 I wm_finish_activity: [0,153887205,105,com.android.permissioncontroller/.permission.ui.GrantPermissionsActivity,app-request]
11-05 01:59:20.564 1507 6077 I wm_pause_activity: [0,153887205,com.android.permissioncontroller/.permission.ui.GrantPermissionsActivity,userLeaving=false,finish]
11-05 01:59:20.565 1507 1625 I sysui_multi_action: [319,154,322,154,325,2834,757,761,758,8,759,2,806,com.android.permissioncontroller,871,com.android.permissioncontroller.permission.ui.GrantPermissionsActivity,904,com.android.deskclock,905,0,1320,4,1321,2]
11-05 01:59:20.569 2368 2368 I wm_on_top_resumed_lost_called: [153887205,com.android.permissioncontroller.permission.ui.GrantPermissionsActivity,topStateChangedWhenResumed]
11-05 01:59:20.570 1507 1625 I wm_activity_launch_time: [0,153887205,com.android.permissioncontroller/.permission.ui.GrantPermissionsActivity,154]
11-05 01:59:20.571 2368 2368 I wm_on_paused_called: [153887205,com.android.permissioncontroller.permission.ui.GrantPermissionsActivity,performPause]
11-05 01:59:20.571 1507 2002 I input_focus: [Focus leaving 8fc4d43 com.android.deskclock/com.android.deskclock.DeskClock (server),reason=setFocusedWindow]
11-05 01:59:20.571 1507 2002 I input_focus: [Focus entering ce6ef2f com.android.permissioncontroller/com.android.permissioncontroller.permission.ui.GrantPermissionsActivity (server),reason=setFocusedWindow]
11-05 01:59:20.578 1507 6077 I wm_pause_activity: [0,94458931,com.android.launcher3/.uioverrides.QuickstepLauncher,userLeaving=false,pauseBackTasks]
11-05 01:59:20.578 2835 2835 I wm_on_paused_called: [94458931,com.android.launcher3.uioverrides.QuickstepLauncher,performPause]
11-05 01:59:20.587 1507 2002 I input_focus: [Focus leaving ce6ef2f com.android.permissioncontroller/com.android.permissioncontroller.permission.ui.GrantPermissionsActivity (server),reason=NO_WINDOW]
11-05 01:59:20.593 1507 5437 I wm_resume_activity: [0,120292966,105,com.android.deskclock/.DeskClock]
11-05 01:59:20.599 1507 1628 I sysui_multi_action: [757,803,799,window_time_0,802,2]
11-05 01:59:20.600 1507 1628 I wm_destroy_activity: [0,153887205,105,com.android.permissioncontroller/.permission.ui.GrantPermissionsActivity,finish-idle]
11-05 01:59:20.601 2368 2368 I wm_on_stop_called: [153887205,com.android.permissioncontroller.permission.ui.GrantPermissionsActivity,LIFECYCLER_STOP_ACTIVITY]
11-05 01:59:20.601 1507 1628 I sysui_multi_action: [757,803,799,window_time_0,802,0]
11-05 01:59:20.601 2368 2368 I wm_on_destroy_called: [153887205,com.android.permissioncontroller.permission.ui.GrantPermissionsActivity,performDestroy]
11-05 01:59:20.611 5990 5990 I wm_on_paused_called: [120292966,com.android.deskclock.DeskClock,performPause]
11-05 01:59:20.611 5990 5990 I wm_on_activity_result_called: [120292966,com.android.deskclock.DeskClock,ACTIVITY_RESULT]
11-05 01:59:20.612 5990 5990 I wm_on_resume_called: [120292966,com.android.deskclock.DeskClock,ACTIVITY_RESULT]
11-05 01:59:20.614 1507 5437 I wm_resume_activity: [0,120292966,105,com.android.deskclock/.DeskClock]
11-05 01:59:20.619 1507 1629 I input_focus: [Focus request 8fc4d43 com.android.deskclock/com.android.deskclock.DeskClock,reason=UpdateInputWindows]
11-05 01:59:20.641 1507 2002 I input_focus: [Focus entering 8fc4d43 com.android.deskclock/com.android.deskclock.DeskClock (server),reason=setFocusedWindow]
11-05 01:59:25.053 1507 2002 I input_interaction: Interaction with: 8fc4d43 com.android.deskclock/com.android.deskclock.DeskClock (server), PointerEventDispatcher0 (server),
11-05 01:59:30.595 1507 1628 I wm_stop_activity: [0,94458931,com.android.launcher3/.uioverrides.QuickstepLauncher]
11-05 01:59:30.603 2835 2835 I wm_on_stop_called: [94458931,com.android.launcher3.uioverrides.QuickstepLauncher,STOP_ACTIVITY_ITEM]
11-05 01:59:45.202 1507 2002 I input_interaction: Interaction with: 8fc4d43 com.android.deskclock/com.android.deskclock.DeskClock (server), edge-swipe (server), swipe-up (server), PointerEventDispatcher0 (server),
11-05 01:59:45.220 1507 6077 I wm_task_moved: [1,0,0]
11-05 01:59:45.222 1507 6077 I wm_task_moved: [1,0,7]
11-05 01:59:45.254 2835 2835 I wm_on_restart_called: [94458931,com.android.launcher3.uioverrides.QuickstepLauncher,performRestartActivity]
11-05 01:59:45.279 2835 2835 I wm_on_start_called: [94458931,com.android.launcher3.uioverrides.QuickstepLauncher,handleStartActivity]
11-05 01:59:45.303 1507 1625 I sysui_multi_action: [319,26,322,74,325,2859,757,761,758,9,759,5,806,com.android.launcher3,871,com.android.launcher3.uioverrides.QuickstepLauncher,905,0,1320,4,1321,1]
11-05 01:59:45.332 5990 5990 I view_enqueue_input_event: [Motion - Cancel,com.android.deskclock/com.android.deskclock.DeskClock]
11-05 01:59:45.333 2835 2835 I sysui_latency: [1,87]
11-05 01:59:45.339 1507 1629 I input_focus: [Focus request recents_animation_input_consumer,reason=UpdateInputWindows]
11-05 01:59:45.349 1507 2002 I input_interaction: Interaction with: edge-swipe (server), swipe-up (server), PointerEventDispatcher0 (server),
11-05 01:59:45.363 1507 2002 I input_focus: [Focus leaving 8fc4d43 com.android.deskclock/com.android.deskclock.DeskClock (server),reason=NOT_FOCUSABLE]
11-05 01:59:45.363 1507 2002 I input_focus: [Focus entering recents_animation_input_consumer (server),reason=setFocusedWindow]
11-05 01:59:45.492 1507 1751 I commit_sys_config_file: [settings-1-0,15]
11-05 01:59:45.595 1507 1642 I sysui_latency: [8,87]
11-05 01:59:46.230 1507 1751 I commit_sys_config_file: [settings-1-0,5]
11-05 01:59:46.622 1507 2002 I input_interaction: Interaction with: 2395a3e com.android.launcher3/com.android.launcher3.uioverrides.QuickstepLauncher (server), edge-swipe (server), swipe-up (server), PointerEventDispatcher0 (server),
11-05 01:59:46.953 1507 1645 I am_uid_idle: 10090
11-05 01:59:47.159 1507 5437 I wm_task_moved: [1,1,8]
11-05 01:59:47.161 1507 5437 I wm_task_moved: [10,1,2147483647]
11-05 01:59:47.161 1507 5437 I wm_task_to_front: [0,10]
11-05 01:59:47.161 1507 5437 I wm_focused_root_task: [0,0,1,105,RecentsAnimation.onAnimationFinished()]
11-05 01:59:47.162 1507 5437 I wm_set_resumed_activity: [0,com.android.launcher3/.uioverrides.QuickstepLauncher,RecentsAnimation.onAnimationFinished()]
11-05 01:59:47.164 1507 5437 I wm_set_resumed_activity: [0,com.android.launcher3/.uioverrides.QuickstepLauncher,resumeTopActivityInnerLocked]
11-05 01:59:47.164 1507 5437 I wm_add_to_stopping: [0,120292966,com.android.deskclock/.DeskClock,makeInvisible]
11-05 01:59:47.166 1507 5437 I wm_resume_activity: [0,94458931,10,com.android.launcher3/.uioverrides.QuickstepLauncher]
11-05 01:59:47.171 2835 2835 I wm_on_resume_called: [94458931,com.android.launcher3.uioverrides.QuickstepLauncher,RESUME_ACTIVITY]
11-05 01:59:47.171 2835 2835 I wm_on_top_resumed_gained_called: [94458931,com.android.launcher3.uioverrides.QuickstepLauncher,topWhenResuming]
11-05 01:59:47.179 1507 1629 I input_focus: [Focus request 2395a3e com.android.launcher3/com.android.launcher3.uioverrides.QuickstepLauncher,reason=UpdateInputWindows]
11-05 01:59:47.185 1507 2002 I input_focus: [Focus leaving recents_animation_input_consumer (server),reason=NOT_VISIBLE]
11-05 01:59:47.185 1507 2002 I input_focus: [Focus entering 2395a3e com.android.launcher3/com.android.launcher3.uioverrides.QuickstepLauncher (server),reason=setFocusedWindow]
11-05 01:59:47.186 1507 6077 I wm_stop_activity: [0,120292966,com.android.deskclock/.DeskClock]
11-05 01:59:47.195 1507 1628 I sysui_multi_action: [757,803,799,window_time_0,802,26]
11-05 01:59:47.202 5990 5990 I wm_on_paused_called: [120292966,com.android.deskclock.DeskClock,performPause]
11-05 01:59:47.223 1507 1642 I am_pss : [9956,1000,com.android.settings,54258688,48492544,0,178872320,0,15,8]
11-05 01:59:47.226 5990 5990 I wm_on_stop_called: [120292966,com.android.deskclock.DeskClock,STOP_ACTIVITY_ITEM]
11-05 01:59:47.234 1507 1642 I am_pss : [10347,10090,com.android.music,23769088,18657280,0,142536704,0,19,6]
11-05 01:59:47.667 1507 2002 I input_interaction: Interaction with: 2395a3e com.android.launcher3/com.android.launcher3.uioverrides.QuickstepLauncher (server), ef1bc93 com.android.systemui.ImageWallpaper (server), edge-swipe (server), swipe-up (server), PointerEventDispatcher0 (server),
11-05 01:59:47.786 2835 2835 I view_enqueue_input_event: [Motion - Cancel,com.android.launcher3/com.android.launcher3.uioverrides.QuickstepLauncher]
11-05 01:59:47.797 1507 2002 I input_interaction: Interaction with: edge-swipe (server), swipe-up (server), PointerEventDispatcher0 (server),
11-05 01:59:47.972 1507 1751 I commit_sys_config_file: [settings-1-0,4]
11-05 01:59:48.207 1507 1751 I commit_sys_config_file: [settings-1-0,6]
11-05 01:59:48.617 1507 2002 I input_interaction: Interaction with: 2395a3e com.android.launcher3/com.android.launcher3.uioverrides.QuickstepLauncher (server), ef1bc93 com.android.systemui.ImageWallpaper (server), edge-swipe (server), swipe-up (server), PointerEventDispatcher0 (server),
11-05 01:59:49.119 1507 2410 I wm_finish_activity: [0,254874155,103,com.android.settings/.Settings,recent-task-trimmed]
11-05 01:59:49.121 1507 2410 I wm_destroy_activity: [0,254874155,103,com.android.settings/.Settings,finish-imm:finishIfPossible]
11-05 01:59:49.122 1507 1628 I am_kill : [0,9956,com.android.settings,900,remove task]
11-05 01:59:49.124 1507 2410 I wm_finish_activity: [0,120292966,105,com.android.deskclock/.DeskClock,recent-task-trimmed]
11-05 01:59:49.125 1507 2410 I wm_destroy_activity: [0,120292966,105,com.android.deskclock/.DeskClock,finish-imm:finishIfPossible]
11-05 01:59:49.129 1507 1628 I sysui_multi_action: [757,803,799,window_time_0,802,2]
11-05 01:59:49.138 1507 1628 I sysui_multi_action: [757,803,799,window_time_0,802,0]
11-05 01:59:49.141 5990 5990 I wm_on_destroy_called: [120292966,com.android.deskclock.DeskClock,performDestroy]
11-05 01:59:49.161 1507 6558 I am_proc_died: [0,9956,com.android.settings,900,18]
11-05 01:59:49.172 1507 6558 I wm_task_removed: [103,removeChild:removeChild last r=ActivityRecord{f31122b u0 com.android.settings/.Settings t-1 f}} in t=Task{3fa655d #103 type=standard A=1000:com.android.settings.root U=0 visible=false mode=fullscreen translucent=true sz=0}]
11-05 01:59:49.172 1507 6558 I wm_task_removed: [103,removeChild]
11-05 01:59:49.174 1507 5835 I wm_task_removed: [105,removeChild:removeChild last r=ActivityRecord{72b8666 u0 com.android.deskclock/.DeskClock t-1 f}} in t=Task{f2ac345 #105 type=standard A=10065:com.android.deskclock U=0 visible=false mode=fullscreen translucent=true sz=0}]
11-05 01:59:49.174 1507 5835 I wm_task_removed: [105,removeChild]
11-05 01:59:49.213 1507 1646 I am_proc_start: [0,10921,1000,com.android.settings,NULL,]
11-05 01:59:49.249 1507 5662 I am_proc_bound: [0,10921,com.android.settings]
11-05 01:59:53.279 1507 5835 I wm_task_created: [106,-1]
11-05 01:59:53.284 1507 5835 I wm_task_moved: [106,1,7]
11-05 01:59:53.284 1507 5835 I wm_task_to_front: [0,106]
11-05 01:59:53.285 1507 5835 I wm_create_task: [0,106]
11-05 01:59:53.285 1507 5835 I wm_create_activity: [0,122390156,106,com.android.deskclock/.DeskClock,NULL,NULL,NULL,268468224]
11-05 01:59:53.285 1507 5835 I wm_task_moved: [106,1,7]
11-05 01:59:53.293 1507 5835 I wm_restart_activity: [0,122390156,106,com.android.deskclock/.DeskClock]
11-05 01:59:53.297 1507 5835 I wm_set_resumed_activity: [0,com.android.deskclock/.DeskClock,minimalResumeActivityLocked]
11-05 01:59:53.307 2835 2835 I wm_on_top_resumed_lost_called: [94458931,com.android.launcher3.uioverrides.QuickstepLauncher,topStateChangedWhenResumed]
11-05 01:59:53.341 1507 6558 I wm_task_moved: [106,1,7]
11-05 01:59:53.341 1507 6558 I wm_set_resumed_activity: [0,com.android.deskclock/.DeskClock,positionChildAt]
11-05 01:59:53.341 1507 6558 I wm_create_activity: [0,143988955,106,com.android.permissioncontroller/.permission.ui.GrantPermissionsActivity,android.content.pm.action.REQUEST_PERMISSIONS,NULL,NULL,8388608]
11-05 01:59:53.342 1507 6558 I wm_pause_activity: [0,122390156,com.android.deskclock/.DeskClock,userLeaving=true,resumeTopActivityInnerLocked]
11-05 01:59:53.365 5990 5990 I wm_on_create_called: [122390156,com.android.deskclock.DeskClock,performCreate]
11-05 01:59:53.366 5990 5990 I wm_on_start_called: [122390156,com.android.deskclock.DeskClock,handleStartActivity]
11-05 01:59:53.367 5990 5990 I wm_on_resume_called: [122390156,com.android.deskclock.DeskClock,RESUME_ACTIVITY]
11-05 01:59:53.370 5990 5990 I wm_on_top_resumed_gained_called: [122390156,com.android.deskclock.DeskClock,topStateChangedWhenResumed]
11-05 01:59:53.370 5990 5990 I wm_on_top_resumed_lost_called: [122390156,com.android.deskclock.DeskClock,topStateChangedWhenResumed]
11-05 01:59:53.370 5990 5990 I wm_on_paused_called: [122390156,com.android.deskclock.DeskClock,performPause]
11-05 01:59:53.372 1507 6558 I wm_restart_activity: [0,143988955,106,com.android.permissioncontroller/.permission.ui.GrantPermissionsActivity]
11-05 01:59:53.373 1507 6558 I wm_set_resumed_activity: [0,com.android.permissioncontroller/.permission.ui.GrantPermissionsActivity,minimalResumeActivityLocked]
11-05 01:59:53.375 1507 1628 I sysui_multi_action: [757,803,799,window_time_0,802,4]
11-05 01:59:53.389 2368 2368 I wm_on_create_called: [143988955,com.android.permissioncontroller.permission.ui.GrantPermissionsActivity,performCreate]
11-05 01:59:53.390 2368 2368 I wm_on_start_called: [143988955,com.android.permissioncontroller.permission.ui.GrantPermissionsActivity,handleStartActivity]
11-05 01:59:53.390 2368 2368 I wm_on_resume_called: [143988955,com.android.permissioncontroller.permission.ui.GrantPermissionsActivity,RESUME_ACTIVITY]
11-05 01:59:53.393 2368 2368 I wm_on_top_resumed_gained_called: [143988955,com.android.permissioncontroller.permission.ui.GrantPermissionsActivity,topStateChangedWhenResumed]
11-05 01:59:53.398 1507 2410 I wm_finish_activity: [0,143988955,106,com.android.permissioncontroller/.permission.ui.GrantPermissionsActivity,app-request]
11-05 01:59:53.399 1507 2410 I wm_pause_activity: [0,143988955,com.android.permissioncontroller/.permission.ui.GrantPermissionsActivity,userLeaving=false,finish]
11-05 01:59:53.407 2368 2368 I wm_on_top_resumed_lost_called: [143988955,com.android.permissioncontroller.permission.ui.GrantPermissionsActivity,topStateChangedWhenResumed]
11-05 01:59:53.408 2368 2368 I wm_on_paused_called: [143988955,com.android.permissioncontroller.permission.ui.GrantPermissionsActivity,performPause]
11-05 01:59:53.409 1507 5835 I wm_add_to_stopping: [0,143988955,com.android.permissioncontroller/.permission.ui.GrantPermissionsActivity,completeFinishing]
11-05 01:59:53.409 1507 5835 I wm_set_resumed_activity: [0,com.android.deskclock/.DeskClock,resumeTopActivityInnerLocked]
11-05 01:59:53.410 1507 5835 I wm_resume_activity: [0,122390156,106,com.android.deskclock/.DeskClock]
11-05 01:59:53.413 1507 1628 I sysui_multi_action: [757,803,799,window_time_2,802,0]
11-05 01:59:53.419 1507 1629 I input_focus: [Focus request a8d0651 com.android.deskclock/com.android.deskclock.DeskClock,reason=UpdateInputWindows]
11-05 01:59:53.450 1507 2002 I input_focus: [Focus leaving 2395a3e com.android.launcher3/com.android.launcher3.uioverrides.QuickstepLauncher (server),reason=Waiting for window because NOT_VISIBLE]
11-05 01:59:53.460 5990 5990 I wm_on_activity_result_called: [122390156,com.android.deskclock.DeskClock,ACTIVITY_RESULT]
11-05 01:59:53.460 5990 5990 I wm_on_resume_called: [122390156,com.android.deskclock.DeskClock,RESUME_ACTIVITY]
11-05 01:59:53.462 5990 5990 I wm_on_top_resumed_gained_called: [122390156,com.android.deskclock.DeskClock,topWhenResuming]
11-05 01:59:53.466 1507 2002 I input_focus: [Focus entering a8d0651 com.android.deskclock/com.android.deskclock.DeskClock (server),reason=Window became focusable. Previous reason: NOT_VISIBLE]
11-05 01:59:53.738 1507 1628 I wm_destroy_activity: [0,143988955,106,com.android.permissioncontroller/.permission.ui.GrantPermissionsActivity,finish-imm:idle]
11-05 01:59:53.744 2368 2368 I wm_on_stop_called: [143988955,com.android.permissioncontroller.permission.ui.GrantPermissionsActivity,LIFECYCLER_STOP_ACTIVITY]
11-05 01:59:53.745 2368 2368 I wm_on_destroy_called: [143988955,com.android.permissioncontroller.permission.ui.GrantPermissionsActivity,performDestroy]
11-05 01:59:54.529 1507 2002 I input_interaction: Interaction with: a8d0651 com.android.deskclock/com.android.deskclock.DeskClock (server), edge-swipe (server), swipe-up (server), PointerEventDispatcher0 (server),
11-05 01:59:54.682 1507 2410 I wm_relaunch_resume_activity: [0,122390156,106,com.android.deskclock/.DeskClock]
11-05 01:59:54.684 1507 2410 I wm_add_to_stopping: [0,94458931,com.android.launcher3/.uioverrides.QuickstepLauncher,makeInvisible]
11-05 01:59:54.698 5990 5990 I wm_on_top_resumed_lost_called: [122390156,com.android.deskclock.DeskClock,pausing]
11-05 01:59:54.701 5990 5990 I wm_on_paused_called: [122390156,com.android.deskclock.DeskClock,performPause]
11-05 01:59:54.710 5990 5990 I wm_on_stop_called: [122390156,com.android.deskclock.DeskClock,handleRelaunchActivity]
11-05 01:59:54.729 5990 5990 I wm_on_destroy_called: [122390156,com.android.deskclock.DeskClock,performDestroy]
11-05 01:59:54.748 1507 1596 I wm_task_moved: [106,1,7]
11-05 01:59:54.748 1507 1596 I wm_set_resumed_activity: [0,com.android.deskclock/.DeskClock,positionChildAt]
11-05 01:59:54.748 1507 1596 I wm_create_activity: [0,266352717,106,com.android.permissioncontroller/.permission.ui.GrantPermissionsActivity,android.content.pm.action.REQUEST_PERMISSIONS,NULL,NULL,8388608]
11-05 01:59:54.748 1507 1596 I wm_pause_activity: [0,94458931,com.android.launcher3/.uioverrides.QuickstepLauncher,userLeaving=true,pauseBackTasks]
11-05 01:59:54.749 2835 2835 I wm_on_paused_called: [94458931,com.android.launcher3.uioverrides.QuickstepLauncher,performPause]
11-05 01:59:54.749 1507 1596 I wm_pause_activity: [0,122390156,com.android.deskclock/.DeskClock,userLeaving=true,resumeTopActivityInnerLocked]
11-05 01:59:54.755 1507 1628 I sysui_multi_action: [757,803,799,window_time_2,802,2]
11-05 01:59:54.771 5990 5990 I wm_on_create_called: [122390156,com.android.deskclock.DeskClock,performCreate]
11-05 01:59:54.803 5990 5990 I wm_on_start_called: [122390156,com.android.deskclock.DeskClock,handleStartActivity]
11-05 01:59:54.804 5990 5990 I wm_on_resume_called: [122390156,com.android.deskclock.DeskClock,RESUME_ACTIVITY]
11-05 01:59:54.808 5990 5990 I wm_on_top_resumed_gained_called: [122390156,com.android.deskclock.DeskClock,topWhenResuming]
11-05 01:59:54.863 5990 5990 I wm_on_top_resumed_lost_called: [122390156,com.android.deskclock.DeskClock,topStateChangedWhenResumed]
11-05 01:59:54.864 5990 5990 I wm_on_paused_called: [122390156,com.android.deskclock.DeskClock,performPause]
11-05 01:59:54.869 1507 2410 I wm_restart_activity: [0,266352717,106,com.android.permissioncontroller/.permission.ui.GrantPermissionsActivity]
11-05 01:59:54.877 1507 2410 I wm_set_resumed_activity: [0,com.android.permissioncontroller/.permission.ui.GrantPermissionsActivity,minimalResumeActivityLocked]
11-05 01:59:54.881 1507 1628 I sysui_multi_action: [757,803,799,window_time_0,802,0]
11-05 01:59:54.909 2368 2368 I wm_on_create_called: [266352717,com.android.permissioncontroller.permission.ui.GrantPermissionsActivity,performCreate]
11-05 01:59:54.910 2368 2368 I wm_on_start_called: [266352717,com.android.permissioncontroller.permission.ui.GrantPermissionsActivity,handleStartActivity]
11-05 01:59:54.910 2368 2368 I wm_on_resume_called: [266352717,com.android.permissioncontroller.permission.ui.GrantPermissionsActivity,RESUME_ACTIVITY]
11-05 01:59:54.913 2368 2368 I wm_on_top_resumed_gained_called: [266352717,com.android.permissioncontroller.permission.ui.GrantPermissionsActivity,topStateChangedWhenResumed]
11-05 01:59:54.917 1507 1596 I wm_finish_activity: [0,266352717,106,com.android.permissioncontroller/.permission.ui.GrantPermissionsActivity,app-request]
11-05 01:59:54.933 1507 1596 I wm_pause_activity: [0,266352717,com.android.permissioncontroller/.permission.ui.GrantPermissionsActivity,userLeaving=false,finish]
11-05 01:59:54.938 1507 1628 I sysui_multi_action: [757,1144,758,8,806,com.android.permissioncontroller,871,com.android.permissioncontroller.permission.ui.GrantPermissionsActivity]
11-05 01:59:54.958 2368 2368 I wm_on_top_resumed_lost_called: [266352717,com.android.permissioncontroller.permission.ui.GrantPermissionsActivity,topStateChangedWhenResumed]
11-05 01:59:54.958 2368 2368 I wm_on_paused_called: [266352717,com.android.permissioncontroller.permission.ui.GrantPermissionsActivity,performPause]
11-05 01:59:54.960 1507 5835 I wm_set_resumed_activity: [0,com.android.deskclock/.DeskClock,resumeTopActivityInnerLocked]
11-05 01:59:54.960 1507 5835 I wm_resume_activity: [0,122390156,106,com.android.deskclock/.DeskClock]
11-05 01:59:54.961 5990 5990 I wm_on_activity_result_called: [122390156,com.android.deskclock.DeskClock,ACTIVITY_RESULT]
11-05 01:59:54.961 5990 5990 I wm_on_resume_called: [122390156,com.android.deskclock.DeskClock,RESUME_ACTIVITY]
11-05 01:59:54.964 5990 5990 I wm_on_top_resumed_gained_called: [122390156,com.android.deskclock.DeskClock,topWhenResuming]
11-05 01:59:54.975 1507 1629 I input_focus: [Focus request a8d0651 com.android.deskclock/com.android.deskclock.DeskClock,reason=UpdateInputWindows]
11-05 01:59:54.975 1507 1628 I sysui_multi_action: [757,803,799,window_time_0,802,0]
11-05 01:59:54.981 1507 6558 I wm_destroy_activity: [0,266352717,106,com.android.permissioncontroller/.permission.ui.GrantPermissionsActivity,finish-idle]
11-05 01:59:54.981 2368 2368 I wm_on_stop_called: [266352717,com.android.permissioncontroller.permission.ui.GrantPermissionsActivity,LIFECYCLER_STOP_ACTIVITY]
11-05 01:59:54.982 2368 2368 I wm_on_destroy_called: [266352717,com.android.permissioncontroller.permission.ui.GrantPermissionsActivity,performDestroy]
11-05 01:59:55.309 1507 1628 I wm_stop_activity: [0,94458931,com.android.launcher3/.uioverrides.QuickstepLauncher]
11-05 01:59:55.340 2835 2835 I wm_on_stop_called: [94458931,com.android.launcher3.uioverrides.QuickstepLauncher,STOP_ACTIVITY_ITEM]
11-05 01:59:56.843 1507 4739 I wm_task_moved: [1,0,0]
11-05 01:59:56.844 1507 4739 I wm_task_moved: [1,0,6]
11-05 01:59:56.853 2835 2835 I wm_on_restart_called: [94458931,com.android.launcher3.uioverrides.QuickstepLauncher,performRestartActivity]
11-05 01:59:56.878 2835 2835 I wm_on_start_called: [94458931,com.android.launcher3.uioverrides.QuickstepLauncher,handleStartActivity]
11-05 01:59:56.903 1507 1625 I sysui_multi_action: [319,14,322,53,325,2871,757,761,758,9,759,5,806,com.android.launcher3,871,com.android.launcher3.uioverrides.QuickstepLauncher,905,0,1320,4,1321,1]
11-05 01:59:56.966 5990 5990 I view_enqueue_input_event: [Motion - Cancel,com.android.deskclock/com.android.deskclock.DeskClock]
11-05 01:59:56.968 2835 2835 I sysui_latency: [1,62]
11-05 01:59:56.974 1507 1629 I input_focus: [Focus request recents_animation_input_consumer,reason=UpdateInputWindows]
11-05 01:59:56.980 1507 2002 I input_interaction: Interaction with: edge-swipe (server), swipe-up (server), PointerEventDispatcher0 (server),
11-05 01:59:57.009 1507 2002 I input_focus: [Focus leaving a8d0651 com.android.deskclock/com.android.deskclock.DeskClock (server),reason=NOT_FOCUSABLE]
11-05 01:59:57.010 1507 2002 I input_focus: [Focus entering recents_animation_input_consumer (server),reason=setFocusedWindow]
11-05 01:59:57.087 1507 1751 I commit_sys_config_file: [settings-1-0,8]
11-05 01:59:57.198 1507 1642 I sysui_latency: [8,63]
11-05 01:59:57.889 1507 1751 I commit_sys_config_file: [settings-1-0,5]
11-05 02:00:00.375 1507 2002 I input_interaction: Interaction with: 2395a3e com.android.launcher3/com.android.launcher3.uioverrides.QuickstepLauncher (server), edge-swipe (server), swipe-up (server), PointerEventDispatcher0 (server),
11-05 02:00:00.810 1507 6558 I wm_task_moved: [1,1,7]
11-05 02:00:00.818 5990 5990 I wm_on_top_resumed_lost_called: [122390156,com.android.deskclock.DeskClock,topStateChangedWhenResumed]
11-05 02:00:00.818 1507 6558 I wm_focused_root_task: [0,0,1,106,RecentsAnimation.onAnimationFinished()]
11-05 02:00:00.820 1507 6558 I wm_pause_activity: [0,122390156,com.android.deskclock/.DeskClock,userLeaving=false,pauseBackTasks]
11-05 02:00:00.824 1507 6558 I wm_set_resumed_activity: [0,com.android.launcher3/.uioverrides.QuickstepLauncher,resumeTopActivityInnerLocked]
11-05 02:00:00.826 1507 6558 I wm_resume_activity: [0,94458931,10,com.android.launcher3/.uioverrides.QuickstepLauncher]
11-05 02:00:00.826 1507 6558 I wm_add_to_stopping: [0,122390156,com.android.deskclock/.DeskClock,makeInvisible]
11-05 02:00:00.827 2835 2835 I wm_on_resume_called: [94458931,com.android.launcher3.uioverrides.QuickstepLauncher,RESUME_ACTIVITY]
11-05 02:00:00.837 1507 1629 I input_focus: [Focus request 2395a3e com.android.launcher3/com.android.launcher3.uioverrides.QuickstepLauncher,reason=UpdateInputWindows]
11-05 02:00:00.841 5990 5990 I wm_on_paused_called: [122390156,com.android.deskclock.DeskClock,performPause]
11-05 02:00:00.844 1507 1628 I sysui_multi_action: [757,803,799,window_time_0,802,6]
11-05 02:00:00.852 1507 2002 I input_focus: [Focus leaving recents_animation_input_consumer (server),reason=NOT_VISIBLE]
11-05 02:00:00.852 1507 2002 I input_focus: [Focus entering 2395a3e com.android.launcher3/com.android.launcher3.uioverrides.QuickstepLauncher (server),reason=setFocusedWindow]
11-05 02:00:00.856 1507 5835 I wm_stop_activity: [0,122390156,com.android.deskclock/.DeskClock]
11-05 02:00:00.857 2835 2835 I wm_on_top_resumed_gained_called: [94458931,com.android.launcher3.uioverrides.QuickstepLauncher,topStateChangedWhenResumed]
