11-05 02:17:28.753 11831 11831 I wm_on_paused_called: [38964484,com.android.music.VideoBrowserActivity,performPause]
11-05 02:17:28.753 1507 1628 I sysui_multi_action: [757,803,799,window_time_0,802,0]
11-05 02:17:28.754 11831 11831 I wm_on_stop_called: [38964484,com.android.music.VideoBrowserActivity,STOP_ACTIVITY_ITEM]
11-05 02:17:28.757 2835 2835 I wm_on_resume_called: [94458931,com.android.launcher3.uioverrides.QuickstepLauncher,RESUME_ACTIVITY]
11-05 02:17:28.759 2835 2835 I wm_on_top_resumed_gained_called: [94458931,com.android.launcher3.uioverrides.QuickstepLauncher,topStateChangedWhenResumed]
11-05 02:17:28.768 1507 2002 I input_focus: [Focus entering 2395a3e com.android.launcher3/com.android.launcher3.uioverrides.QuickstepLauncher (server),reason=setFocusedWindow]
11-05 02:17:28.779 1507 1642 I am_pss : [11832,10069,com.android.gallery3d,8217600,6303744,0,93597696,0,19,6]
11-05 02:17:28.859 1507 1594 I wm_finish_activity: [0,222410835,123,com.android.deskclock/.DeskClock,recent-task-trimmed]
11-05 02:17:28.860 1507 1594 I wm_destroy_activity: [0,222410835,123,com.android.deskclock/.DeskClock,finish-imm:finishIfPossible]
11-05 02:17:28.861 1507 1594 I wm_finish_activity: [0,38964484,124,com.android.music/.VideoBrowserActivity,recent-task-trimmed]
11-05 02:17:28.862 1507 1594 I wm_destroy_activity: [0,38964484,124,com.android.music/.VideoBrowserActivity,finish-imm:finishIfPossible]
11-05 02:17:28.865 1507 1628 I sysui_multi_action: [757,803,799,window_time_0,802,0]
11-05 02:17:28.865 11831 11831 I wm_on_destroy_called: [38964484,com.android.music.VideoBrowserActivity,performDestroy]
11-05 02:17:28.866 1507 1628 I am_kill : [0,11831,com.android.music,905,remove task]
11-05 02:17:28.868 1507 1628 I sysui_multi_action: [757,803,799,window_time_0,802,0]
11-05 02:17:28.875 5990 5990 I wm_on_destroy_called: [222410835,com.android.deskclock.DeskClock,performDestroy]
11-05 02:17:28.880 1507 1594 I wm_task_removed: [123,removeChild:removeChild last r=ActivityRecord{d41b853 u0 com.android.deskclock/.DeskClock t-1 f}} in t=Task{ecddecb #123 type=standard A=10065:com.android.deskclock U=0 visible=false mode=fullscreen translucent=true sz=0}]
11-05 02:17:28.880 1507 1594 I wm_task_removed: [123,removeChild]
11-05 02:17:28.905 1507 1594 I am_proc_died: [0,11831,com.android.music,905,19]
11-05 02:17:28.910 1507 1594 I am_uid_stopped: 10090
11-05 02:17:28.911 1507 1594 I wm_task_removed: [124,removeChild:removeChild last r=ActivityRecord{2528d04 u0 com.android.music/.VideoBrowserActivity t-1 f}} in t=Task{73f667a #124 type=standard A=10090:android.task.video U=0 visible=false mode=fullscreen translucent=true sz=0}]
11-05 02:17:28.911 1507 1594 I wm_task_removed: [124,removeChild]
11-05 02:17:28.917 1507 1628 I am_uid_running: 10090
11-05 02:17:28.927 1507 1646 I am_proc_start: [0,11943,10090,com.android.music,NULL,]
11-05 02:17:28.947 1507 1594 I am_proc_bound: [0,11943,com.android.music]
11-05 02:17:29.371 1507 2002 I input_interaction: Interaction with: 2395a3e com.android.launcher3/com.android.launcher3.uioverrides.QuickstepLauncher (server), ef1bc93 com.android.systemui.ImageWallpaper (server), edge-swipe (server), swipe-up (server), PointerEventDispatcher0 (server),
11-05 02:17:32.598 1507 5224 I wm_task_created: [125,-1]
11-05 02:17:32.603 1507 5224 I wm_task_moved: [125,1,7]
11-05 02:17:32.603 1507 5224 I wm_task_to_front: [0,125]
11-05 02:17:32.604 1507 5224 I wm_create_task: [0,125]
11-05 02:17:32.604 1507 5224 I wm_create_activity: [0,240724359,125,com.android.music/.VideoBrowserActivity,NULL,NULL,NULL,268468224]
11-05 02:17:32.604 1507 5224 I wm_task_moved: [125,1,7]
11-05 02:17:32.607 1507 5224 I wm_restart_activity: [0,240724359,125,com.android.music/.VideoBrowserActivity]
11-05 02:17:32.609 1507 5224 I wm_set_resumed_activity: [0,com.android.music/.VideoBrowserActivity,minimalResumeActivityLocked]
11-05 02:17:32.617 1507 1628 I am_uid_active: 10090
11-05 02:17:32.621 2835 2835 I wm_on_top_resumed_lost_called: [94458931,com.android.launcher3.uioverrides.QuickstepLauncher,topStateChangedWhenResumed]
11-05 02:17:32.665 11943 11943 I wm_on_create_called: [240724359,com.android.music.VideoBrowserActivity,performCreate]
11-05 02:17:32.665 11943 11943 I wm_on_start_called: [240724359,com.android.music.VideoBrowserActivity,handleStartActivity]
11-05 02:17:32.666 11943 11943 I wm_on_resume_called: [240724359,com.android.music.VideoBrowserActivity,RESUME_ACTIVITY]
11-05 02:17:32.670 11943 11943 I wm_on_top_resumed_gained_called: [240724359,com.android.music.VideoBrowserActivity,topStateChangedWhenResumed]
11-05 02:17:32.688 1507 1629 I input_focus: [Focus request f954295 com.android.music/com.android.music.VideoBrowserActivity,reason=UpdateInputWindows]
11-05 02:17:32.710 1507 2002 I input_focus: [Focus leaving 2395a3e com.android.launcher3/com.android.launcher3.uioverrides.QuickstepLauncher (server),reason=Waiting for window because NOT_VISIBLE]
11-05 02:17:32.738 1507 1625 I sysui_multi_action: [319,137,322,137,325,3927,757,761,758,8,759,2,806,com.android.music,871,com.android.music.VideoBrowserActivity,904,com.android.launcher3,905,0,1320,4,1321,1]
11-05 02:17:32.740 1507 1625 I wm_activity_launch_time: [0,240724359,com.android.music/.VideoBrowserActivity,137]
11-05 02:17:32.744 1507 2002 I input_focus: [Focus entering f954295 com.android.music/com.android.music.VideoBrowserActivity (server),reason=Window became focusable. Previous reason: NOT_VISIBLE]
11-05 02:17:32.752 1507 1642 I am_pss : [11882,10032,com.android.documentsui,12118016,9703424,0,106180608,0,19,6]
11-05 02:17:33.898 1507 2002 I input_interaction: Interaction with: f954295 com.android.music/com.android.music.VideoBrowserActivity (server), edge-swipe (server), swipe-up (server), PointerEventDispatcher0 (server),
11-05 02:17:34.037 1507 4978 I wm_relaunch_resume_activity: [0,240724359,125,com.android.music/.VideoBrowserActivity]
11-05 02:17:34.037 1507 4978 I wm_add_to_stopping: [0,94458931,com.android.launcher3/.uioverrides.QuickstepLauncher,makeInvisible]
11-05 02:17:34.044 11943 11943 I wm_on_top_resumed_lost_called: [240724359,com.android.music.VideoBrowserActivity,pausing]
11-05 02:17:34.044 11943 11943 I wm_on_paused_called: [240724359,com.android.music.VideoBrowserActivity,performPause]
11-05 02:17:34.044 11943 11943 I wm_on_stop_called: [240724359,com.android.music.VideoBrowserActivity,handleRelaunchActivity]
11-05 02:17:34.046 11943 11943 I wm_on_destroy_called: [240724359,com.android.music.VideoBrowserActivity,performDestroy]
11-05 02:17:34.069 11943 11943 I wm_on_create_called: [240724359,com.android.music.VideoBrowserActivity,performCreate]
11-05 02:17:34.070 11943 11943 I wm_on_start_called: [240724359,com.android.music.VideoBrowserActivity,handleStartActivity]
11-05 02:17:34.072 11943 11943 I wm_on_resume_called: [240724359,com.android.music.VideoBrowserActivity,RESUME_ACTIVITY]
11-05 02:17:34.072 11943 11943 I wm_on_top_resumed_gained_called: [240724359,com.android.music.VideoBrowserActivity,topWhenResuming]
11-05 02:17:34.434 1507 1628 I wm_stop_activity: [0,94458931,com.android.launcher3/.uioverrides.QuickstepLauncher]
11-05 02:17:34.468 2835 2835 I wm_on_paused_called: [94458931,com.android.launcher3.uioverrides.QuickstepLauncher,performPause]
11-05 02:17:34.471 2835 2835 I wm_on_stop_called: [94458931,com.android.launcher3.uioverrides.QuickstepLauncher,STOP_ACTIVITY_ITEM]
11-05 02:17:45.077 1507 1594 I wm_task_moved: [1,0,0]
11-05 02:17:45.078 1507 1594 I wm_task_moved: [1,0,6]
11-05 02:17:45.102 2835 2835 I wm_on_restart_called: [94458931,com.android.launcher3.uioverrides.QuickstepLauncher,performRestartActivity]
11-05 02:17:45.126 2835 2835 I wm_on_start_called: [94458931,com.android.launcher3.uioverrides.QuickstepLauncher,handleStartActivity]
11-05 02:17:45.147 1507 1625 I sysui_multi_action: [319,16,322,61,325,3939,757,761,758,9,759,5,806,com.android.launcher3,871,com.android.launcher3.uioverrides.QuickstepLauncher,905,0,1320,4,1321,1]
11-05 02:17:45.177 11943 11943 I view_enqueue_input_event: [Motion - Cancel,com.android.music/com.android.music.VideoBrowserActivity]
11-05 02:17:45.178 2835 2835 I sysui_latency: [1,73]
11-05 02:17:45.184 1507 1629 I input_focus: [Focus request recents_animation_input_consumer,reason=UpdateInputWindows]
11-05 02:17:45.190 1507 2002 I input_interaction: Interaction with: edge-swipe (server), swipe-up (server), PointerEventDispatcher0 (server),
11-05 02:17:45.207 1507 2002 I input_focus: [Focus leaving f954295 com.android.music/com.android.music.VideoBrowserActivity (server),reason=NOT_FOCUSABLE]
11-05 02:17:45.208 1507 2002 I input_focus: [Focus entering recents_animation_input_consumer (server),reason=setFocusedWindow]
11-05 02:17:45.331 1507 1751 I commit_sys_config_file: [settings-1-0,3]
11-05 02:17:45.441 1507 1642 I sysui_latency: [8,72]
11-05 02:17:46.116 1507 1751 I commit_sys_config_file: [settings-1-0,4]
11-05 02:17:47.162 1507 2002 I input_interaction: Interaction with: 2395a3e com.android.launcher3/com.android.launcher3.uioverrides.QuickstepLauncher (server), edge-swipe (server), swipe-up (server), PointerEventDispatcher0 (server),
11-05 02:17:47.547 1507 2410 I wm_task_moved: [1,1,7]
11-05 02:17:47.553 1507 2410 I wm_focused_root_task: [0,0,1,125,RecentsAnimation.onAnimationFinished()]
11-05 02:17:47.553 11943 11943 I wm_on_top_resumed_lost_called: [240724359,com.android.music.VideoBrowserActivity,topStateChangedWhenResumed]
11-05 02:17:47.556 1507 2410 I wm_pause_activity: [0,240724359,com.android.music/.VideoBrowserActivity,userLeaving=false,pauseBackTasks]
11-05 02:17:47.559 1507 2410 I wm_set_resumed_activity: [0,com.android.launcher3/.uioverrides.QuickstepLauncher,resumeTopActivityInnerLocked]
11-05 02:17:47.562 1507 2410 I wm_resume_activity: [0,94458931,10,com.android.launcher3/.uioverrides.QuickstepLauncher]
11-05 02:17:47.562 1507 2410 I wm_add_to_stopping: [0,240724359,com.android.music/.VideoBrowserActivity,makeInvisible]
11-05 02:17:47.562 2835 2835 I wm_on_resume_called: [94458931,com.android.launcher3.uioverrides.QuickstepLauncher,RESUME_ACTIVITY]
11-05 02:17:47.573 1507 1629 I input_focus: [Focus request 2395a3e com.android.launcher3/com.android.launcher3.uioverrides.QuickstepLauncher,reason=UpdateInputWindows]
11-05 02:17:47.575 1507 1628 I sysui_multi_action: [757,803,799,window_time_0,802,19]
11-05 02:17:47.577 11943 11943 I wm_on_paused_called: [240724359,com.android.music.VideoBrowserActivity,performPause]
11-05 02:17:47.579 1507 2002 I input_focus: [Focus leaving recents_animation_input_consumer (server),reason=NOT_VISIBLE]
11-05 02:17:47.586 2835 2835 I wm_on_top_resumed_gained_called: [94458931,com.android.launcher3.uioverrides.QuickstepLauncher,topStateChangedWhenResumed]
11-05 02:17:47.587 1507 5224 I wm_stop_activity: [0,240724359,com.android.music/.VideoBrowserActivity]
11-05 02:17:47.590 1507 1628 I sysui_multi_action: [757,803,799,window_time_0,802,0]
11-05 02:17:47.595 1507 2002 I input_focus: [Focus entering 2395a3e com.android.launcher3/com.android.launcher3.uioverrides.QuickstepLauncher (server),reason=setFocusedWindow]
11-05 02:17:47.607 11943 11943 I wm_on_stop_called: [240724359,com.android.music.VideoBrowserActivity,STOP_ACTIVITY_ITEM]
11-05 02:17:47.674 1507 1594 I wm_finish_activity: [0,240724359,125,com.android.music/.VideoBrowserActivity,recent-task-trimmed]
11-05 02:17:47.675 1507 1594 I wm_destroy_activity: [0,240724359,125,com.android.music/.VideoBrowserActivity,finish-imm:finishIfPossible]
11-05 02:17:47.676 1507 1628 I am_kill : [0,11943,com.android.music,900,remove task]
11-05 02:17:47.678 1507 1628 I sysui_multi_action: [757,803,799,window_time_0,802,0]
11-05 02:17:47.711 1507 1594 I am_proc_died: [0,11943,com.android.music,900,18]
11-05 02:17:47.714 1507 2002 I input_interaction: Interaction with: 2395a3e com.android.launcher3/com.android.launcher3.uioverrides.QuickstepLauncher (server), ef1bc93 com.android.systemui.ImageWallpaper (server), edge-swipe (server), swipe-up (server), PointerEventDispatcher0 (server),
11-05 02:17:47.716 1507 1594 I am_uid_stopped: 10090
11-05 02:17:47.717 1507 1594 I wm_task_removed: [125,removeChild:removeChild last r=ActivityRecord{e592987 u0 com.android.music/.VideoBrowserActivity t-1 f}} in t=Task{e182c08 #125 type=standard A=10090:android.task.video U=0 visible=false mode=fullscreen translucent=true sz=0}]
11-05 02:17:47.717 1507 1594 I wm_task_removed: [125,removeChild]
11-05 02:17:47.717 1507 1507 I service_manager_stats: [100,79,136034]
11-05 02:17:47.721 1507 1628 I am_uid_running: 10090
11-05 02:17:47.727 1507 1646 I am_proc_start: [0,11990,10090,com.android.music,NULL,]
11-05 02:17:47.748 1507 1594 I am_proc_bound: [0,11990,com.android.music]
11-05 02:17:49.814 1507 6558 I wm_task_created: [126,-1]
11-05 02:17:49.818 1507 6558 I wm_task_moved: [126,1,7]
11-05 02:17:49.819 1507 6558 I wm_task_to_front: [0,126]
11-05 02:17:49.819 1507 6558 I wm_create_task: [0,126]
11-05 02:17:49.819 1507 6558 I wm_create_activity: [0,108508357,126,com.android.music/.VideoBrowserActivity,NULL,NULL,NULL,268468224]
11-05 02:17:49.819 1507 6558 I wm_task_moved: [126,1,7]
11-05 02:17:49.821 1507 6558 I wm_restart_activity: [0,108508357,126,com.android.music/.VideoBrowserActivity]
11-05 02:17:49.822 1507 6558 I wm_set_resumed_activity: [0,com.android.music/.VideoBrowserActivity,minimalResumeActivityLocked]
11-05 02:17:49.828 1507 1628 I am_uid_active: 10090
11-05 02:17:49.833 2835 2835 I wm_on_top_resumed_lost_called: [94458931,com.android.launcher3.uioverrides.QuickstepLauncher,topStateChangedWhenResumed]
11-05 02:17:49.862 11990 11990 I wm_on_create_called: [108508357,com.android.music.VideoBrowserActivity,performCreate]
11-05 02:17:49.863 11990 11990 I wm_on_start_called: [108508357,com.android.music.VideoBrowserActivity,handleStartActivity]
11-05 02:17:49.863 11990 11990 I wm_on_resume_called: [108508357,com.android.music.VideoBrowserActivity,RESUME_ACTIVITY]
11-05 02:17:49.867 11990 11990 I wm_on_top_resumed_gained_called: [108508357,com.android.music.VideoBrowserActivity,topStateChangedWhenResumed]
11-05 02:17:49.873 1507 1629 I input_focus: [Focus request bd68ac3 com.android.music/com.android.music.VideoBrowserActivity,reason=UpdateInputWindows]
11-05 02:17:49.902 1507 2002 I input_focus: [Focus leaving 2395a3e com.android.launcher3/com.android.launcher3.uioverrides.QuickstepLauncher (server),reason=Waiting for window because NOT_VISIBLE]
11-05 02:17:49.912 1507 1625 I sysui_multi_action: [319,96,322,96,325,3944,757,761,758,8,759,2,806,com.android.music,871,com.android.music.VideoBrowserActivity,904,com.android.launcher3,905,0,1320,4,1321,1]
11-05 02:17:49.914 1507 1625 I wm_activity_launch_time: [0,108508357,com.android.music/.VideoBrowserActivity,96]
11-05 02:17:49.918 1507 2002 I input_focus: [Focus entering bd68ac3 com.android.music/com.android.music.VideoBrowserActivity (server),reason=Window became focusable. Previous reason: NOT_VISIBLE]
11-05 02:17:49.941 1507 1642 I am_pss : [11832,10069,com.android.gallery3d,8217600,6303744,0,93597696,0,19,6]
11-05 02:17:50.863 1507 2002 I input_interaction: Interaction with: bd68ac3 com.android.music/com.android.music.VideoBrowserActivity (server), edge-swipe (server), swipe-up (server), PointerEventDispatcher0 (server),
11-05 02:17:50.992 1507 4978 I wm_relaunch_resume_activity: [0,108508357,126,com.android.music/.VideoBrowserActivity]
11-05 02:17:50.992 1507 4978 I wm_add_to_stopping: [0,94458931,com.android.launcher3/.uioverrides.QuickstepLauncher,makeInvisible]
11-05 02:17:51.001 11990 11990 I wm_on_top_resumed_lost_called: [108508357,com.android.music.VideoBrowserActivity,pausing]
11-05 02:17:51.001 11990 11990 I wm_on_paused_called: [108508357,com.android.music.VideoBrowserActivity,performPause]
11-05 02:17:51.001 11990 11990 I wm_on_stop_called: [108508357,com.android.music.VideoBrowserActivity,handleRelaunchActivity]
11-05 02:17:51.004 11990 11990 I wm_on_destroy_called: [108508357,com.android.music.VideoBrowserActivity,performDestroy]
11-05 02:17:51.036 11990 11990 I wm_on_create_called: [108508357,com.android.music.VideoBrowserActivity,performCreate]
11-05 02:17:51.037 11990 11990 I wm_on_start_called: [108508357,com.android.music.VideoBrowserActivity,handleStartActivity]
11-05 02:17:51.038 11990 11990 I wm_on_resume_called: [108508357,com.android.music.VideoBrowserActivity,RESUME_ACTIVITY]
11-05 02:17:51.038 11990 11990 I wm_on_top_resumed_gained_called: [108508357,com.android.music.VideoBrowserActivity,topWhenResuming]
11-05 02:17:51.408 1507 1628 I wm_stop_activity: [0,94458931,com.android.launcher3/.uioverrides.QuickstepLauncher]
11-05 02:17:51.437 2835 2835 I wm_on_paused_called: [94458931,com.android.launcher3.uioverrides.QuickstepLauncher,performPause]
11-05 02:17:51.442 2835 2835 I wm_on_stop_called: [94458931,com.android.launcher3.uioverrides.QuickstepLauncher,STOP_ACTIVITY_ITEM]
11-05 02:17:53.055 1507 6558 I wm_task_moved: [1,0,0]
11-05 02:17:53.059 1507 6558 I wm_task_moved: [1,0,6]
11-05 02:17:53.072 2835 2835 I wm_on_restart_called: [94458931,com.android.launcher3.uioverrides.QuickstepLauncher,performRestartActivity]
11-05 02:17:53.097 2835 2835 I wm_on_start_called: [94458931,com.android.launcher3.uioverrides.QuickstepLauncher,handleStartActivity]
11-05 02:17:53.116 1507 1625 I sysui_multi_action: [319,14,322,55,325,3947,757,761,758,9,759,5,806,com.android.launcher3,871,com.android.launcher3.uioverrides.QuickstepLauncher,905,0,1320,4,1321,1]
11-05 02:17:53.170 11990 11990 I view_enqueue_input_event: [Motion - Cancel,com.android.music/com.android.music.VideoBrowserActivity]
11-05 02:17:53.171 2835 2835 I sysui_latency: [1,67]
11-05 02:17:53.177 1507 1629 I input_focus: [Focus request recents_animation_input_consumer,reason=UpdateInputWindows]
11-05 02:17:53.186 1507 2002 I input_interaction: Interaction with: edge-swipe (server), swipe-up (server), PointerEventDispatcher0 (server),
11-05 02:17:53.210 1507 2002 I input_focus: [Focus leaving bd68ac3 com.android.music/com.android.music.VideoBrowserActivity (server),reason=NOT_FOCUSABLE]
11-05 02:17:53.210 1507 2002 I input_focus: [Focus entering recents_animation_input_consumer (server),reason=setFocusedWindow]
11-05 02:17:53.302 1507 1751 I commit_sys_config_file: [settings-1-0,5]
11-05 02:17:53.415 1507 1642 I sysui_latency: [8,66]
11-05 02:17:54.176 1507 1751 I commit_sys_config_file: [settings-1-0,6]
11-05 02:17:54.735 1507 2002 I input_interaction: Interaction with: 2395a3e com.android.launcher3/com.android.launcher3.uioverrides.QuickstepLauncher (server), edge-swipe (server), swipe-up (server), PointerEventDispatcher0 (server),
11-05 02:17:55.154 1507 4978 I wm_task_moved: [1,1,7]
11-05 02:17:55.161 1507 4978 I wm_focused_root_task: [0,0,1,126,RecentsAnimation.onAnimationFinished()]
11-05 02:17:55.162 11990 11990 I wm_on_top_resumed_lost_called: [108508357,com.android.music.VideoBrowserActivity,topStateChangedWhenResumed]
11-05 02:17:55.166 1507 4978 I wm_pause_activity: [0,108508357,com.android.music/.VideoBrowserActivity,userLeaving=false,pauseBackTasks]
11-05 02:17:55.171 1507 4978 I wm_set_resumed_activity: [0,com.android.launcher3/.uioverrides.QuickstepLauncher,resumeTopActivityInnerLocked]
11-05 02:17:55.174 1507 4978 I wm_resume_activity: [0,94458931,10,com.android.launcher3/.uioverrides.QuickstepLauncher]
11-05 02:17:55.175 1507 4978 I wm_add_to_stopping: [0,108508357,com.android.music/.VideoBrowserActivity,makeInvisible]
11-05 02:17:55.175 2835 2835 I wm_on_resume_called: [94458931,com.android.launcher3.uioverrides.QuickstepLauncher,RESUME_ACTIVITY]
11-05 02:17:55.188 1507 1629 I input_focus: [Focus request 2395a3e com.android.launcher3/com.android.launcher3.uioverrides.QuickstepLauncher,reason=UpdateInputWindows]
11-05 02:17:55.189 11990 11990 I wm_on_paused_called: [108508357,com.android.music.VideoBrowserActivity,performPause]
11-05 02:17:55.191 1507 1628 I sysui_multi_action: [757,803,799,window_time_0,802,7]
11-05 02:17:55.195 1507 5989 I wm_stop_activity: [0,108508357,com.android.music/.VideoBrowserActivity]
11-05 02:17:55.199 1507 2002 I input_focus: [Focus leaving recents_animation_input_consumer (server),reason=NOT_VISIBLE]
11-05 02:17:55.199 1507 2002 I input_focus: [Focus entering 2395a3e com.android.launcher3/com.android.launcher3.uioverrides.QuickstepLauncher (server),reason=setFocusedWindow]
11-05 02:17:55.202 1507 1628 I sysui_multi_action: [757,803,799,window_time_0,802,0]
11-05 02:17:55.204 11990 11990 I wm_on_stop_called: [108508357,com.android.music.VideoBrowserActivity,STOP_ACTIVITY_ITEM]
11-05 02:17:55.208 2835 2835 I wm_on_top_resumed_gained_called: [94458931,com.android.launcher3.uioverrides.QuickstepLauncher,topStateChangedWhenResumed]
11-05 02:17:55.223 1507 1642 I am_pss : [11882,10032,com.android.documentsui,11487232,8441856,0,106180608,0,19,6]
11-05 02:17:55.310 1507 6558 I wm_finish_activity: [0,108508357,126,com.android.music/.VideoBrowserActivity,recent-task-trimmed]
11-05 02:17:55.312 1507 6558 I wm_destroy_activity: [0,108508357,126,com.android.music/.VideoBrowserActivity,finish-imm:finishIfPossible]
11-05 02:17:55.317 11990 11990 I wm_on_destroy_called: [108508357,com.android.music.VideoBrowserActivity,performDestroy]
11-05 02:17:55.320 1507 1628 I am_kill : [0,11990,com.android.music,900,remove task]
11-05 02:17:55.330 1507 1628 I sysui_multi_action: [757,803,799,window_time_0,802,0]
11-05 02:17:55.358 1507 4894 I am_proc_died: [0,11990,com.android.music,900,18]
11-05 02:17:55.359 1507 4894 I am_uid_stopped: 10090
11-05 02:17:55.361 1507 4894 I wm_task_removed: [126,removeChild:removeChild last r=ActivityRecord{677b4c5 u0 com.android.music/.VideoBrowserActivity t-1 f}} in t=Task{4ffcf3c #126 type=standard A=10090:android.task.video U=0 visible=false mode=fullscreen translucent=true sz=0}]
11-05 02:17:55.361 1507 4894 I wm_task_removed: [126,removeChild]
11-05 02:17:55.371 1507 1628 I am_uid_running: 10090
11-05 02:17:55.377 1507 1646 I am_proc_start: [0,12038,10090,com.android.music,NULL,]
11-05 02:17:55.403 1507 4894 I am_proc_bound: [0,12038,com.android.music]
11-05 02:17:55.846 1507 2002 I input_interaction: Interaction with: 2395a3e com.android.launcher3/com.android.launcher3.uioverrides.QuickstepLauncher (server), ef1bc93 com.android.systemui.ImageWallpaper (server), edge-swipe (server), swipe-up (server), PointerEventDispatcher0 (server),
11-05 02:17:57.443 1507 4910 I wm_task_created: [127,-1]
11-05 02:17:57.449 1507 4910 I wm_task_moved: [127,1,7]
11-05 02:17:57.449 1507 4910 I wm_task_to_front: [0,127]
11-05 02:17:57.449 1507 4910 I wm_create_task: [0,127]
11-05 02:17:57.449 1507 4910 I wm_create_activity: [0,169100380,127,com.android.gallery3d/.app.GalleryActivity,NULL,NULL,NULL,268468224]
11-05 02:17:57.449 1507 4910 I wm_task_moved: [127,1,7]
11-05 02:17:57.452 1507 4910 I wm_restart_activity: [0,169100380,127,com.android.gallery3d/.app.GalleryActivity]
11-05 02:17:57.455 1507 4910 I wm_set_resumed_activity: [0,com.android.gallery3d/.app.GalleryActivity,minimalResumeActivityLocked]
11-05 02:17:57.460 1507 1628 I am_uid_active: 10069
11-05 02:17:57.467 2835 2835 I wm_on_top_resumed_lost_called: [94458931,com.android.launcher3.uioverrides.QuickstepLauncher,topStateChangedWhenResumed]
11-05 02:17:57.524 11832 11832 I wm_on_create_called: [169100380,com.android.gallery3d.app.GalleryActivity,performCreate]
11-05 02:17:57.525 11832 11832 I wm_on_start_called: [169100380,com.android.gallery3d.app.GalleryActivity,handleStartActivity]
11-05 02:17:57.530 11832 11832 I wm_on_resume_called: [169100380,com.android.gallery3d.app.GalleryActivity,RESUME_ACTIVITY]
11-05 02:17:57.537 11832 11832 I wm_on_top_resumed_gained_called: [169100380,com.android.gallery3d.app.GalleryActivity,topStateChangedWhenResumed]
11-05 02:17:57.546 1507 1629 I input_focus: [Focus request aca63ea com.android.gallery3d/com.android.gallery3d.app.GalleryActivity,reason=UpdateInputWindows]
11-05 02:17:57.570 1507 2002 I input_focus: [Focus leaving 2395a3e com.android.launcher3/com.android.launcher3.uioverrides.QuickstepLauncher (server),reason=Waiting for window because NOT_VISIBLE]
11-05 02:17:57.612 1507 1625 I sysui_multi_action: [319,171,322,171,325,3951,757,761,758,8,759,2,806,com.android.gallery3d,871,com.android.gallery3d.app.GalleryActivity,904,com.android.launcher3,905,0,1320,4,1321,1]
11-05 02:17:57.614 1507 1625 I wm_activity_launch_time: [0,169100380,com.android.gallery3d/.app.GalleryActivity,171]
11-05 02:17:57.620 1507 2002 I input_focus: [Focus entering aca63ea com.android.gallery3d/com.android.gallery3d.app.GalleryActivity (server),reason=Window became focusable. Previous reason: NOT_VISIBLE]
11-05 02:17:59.213 1507 2002 I input_interaction: Interaction with: aca63ea com.android.gallery3d/com.android.gallery3d.app.GalleryActivity (server), edge-swipe (server), swipe-up (server), PointerEventDispatcher0 (server),
11-05 02:17:59.358 1507 4910 I wm_relaunch_resume_activity: [0,169100380,127,com.android.gallery3d/.app.GalleryActivity]
11-05 02:17:59.359 1507 4910 I wm_add_to_stopping: [0,94458931,com.android.launcher3/.uioverrides.QuickstepLauncher,makeInvisible]
11-05 02:17:59.365 11832 11832 I wm_on_top_resumed_lost_called: [169100380,com.android.gallery3d.app.GalleryActivity,pausing]
11-05 02:17:59.395 11832 11832 I wm_on_paused_called: [169100380,com.android.gallery3d.app.GalleryActivity,performPause]
11-05 02:17:59.395 11832 11832 I wm_on_stop_called: [169100380,com.android.gallery3d.app.GalleryActivity,handleRelaunchActivity]
11-05 02:17:59.400 11832 11832 I wm_on_destroy_called: [169100380,com.android.gallery3d.app.GalleryActivity,performDestroy]
11-05 02:17:59.427 11832 11832 I wm_on_create_called: [169100380,com.android.gallery3d.app.GalleryActivity,performCreate]
11-05 02:17:59.430 11832 11832 I wm_on_start_called: [169100380,com.android.gallery3d.app.GalleryActivity,handleStartActivity]
11-05 02:17:59.440 11832 11832 I wm_on_resume_called: [169100380,com.android.gallery3d.app.GalleryActivity,RESUME_ACTIVITY]
11-05 02:17:59.440 11832 11832 I wm_on_top_resumed_gained_called: [169100380,com.android.gallery3d.app.GalleryActivity,topWhenResuming]
11-05 02:17:59.453 1507 1507 I notification_enqueue: [10081,2365,com.android.systemui,2048,NULL,0,Notification(channel=updateNotification shortcut=null contentView=null vibrate=null sound=null defaults=0x0 flags=0x0 color=0x00000000 vis=PRIVATE),1]
11-05 02:17:59.453 2365 2365 I sysui_multi_action: [757,111,758,2]
11-05 02:17:59.453 2365 2365 I sysui_multi_action: [757,111,758,2]
11-05 02:17:59.496 2365 2365 I sysui_multi_action: [757,111,758,1]
11-05 02:17:59.496 2365 2365 I sysui_multi_action: [757,126,758,1,759,126,927,0,928,1,1593,0]
11-05 02:17:59.496 2365 2365 I sysui_multi_action: [757,113,758,1,759,113,927,1,928,1,1593,0]
11-05 02:17:59.496 2365 2365 I sysui_multi_action: [757,0,758,1,759,0,927,2,928,0,1593,0]
11-05 02:17:59.496 2365 2365 I sysui_multi_action: [757,0,758,1,759,0,927,3,928,0,1593,0]
11-05 02:17:59.496 2365 2365 I sysui_multi_action: [757,491,758,1,759,491,927,4,928,0,1311,-1,1593,0]
11-05 02:17:59.496 2365 2365 I sysui_multi_action: [757,0,758,1,759,0,927,5,928,0,1593,0]
11-05 02:17:59.496 2365 2365 I sysui_multi_action: [757,114,758,1,759,114,927,6,928,0,1593,0]
11-05 02:17:59.496 2365 2365 I sysui_multi_action: [757,120,758,1,759,120,927,7,928,0,1593,0]
11-05 02:17:59.496 2365 2365 I sysui_multi_action: [757,111,758,1]
11-05 02:17:59.496 2365 2365 I sysui_multi_action: [757,126,758,1,759,126,927,0,928,1,1593,0]
11-05 02:17:59.496 2365 2365 I sysui_multi_action: [757,113,758,1,759,113,927,1,928,1,1593,0]
11-05 02:17:59.496 2365 2365 I sysui_multi_action: [757,0,758,1,759,0,927,2,928,0,1593,0]
11-05 02:17:59.496 2365 2365 I sysui_multi_action: [757,0,758,1,759,0,927,3,928,0,1593,0]
11-05 02:17:59.811 1507 1628 I wm_stop_activity: [0,94458931,com.android.launcher3/.uioverrides.QuickstepLauncher]
11-05 02:17:59.839 2835 2835 I wm_on_paused_called: [94458931,com.android.launcher3.uioverrides.QuickstepLauncher,performPause]
11-05 02:17:59.843 2835 2835 I wm_on_stop_called: [94458931,com.android.launcher3.uioverrides.QuickstepLauncher,STOP_ACTIVITY_ITEM]
11-05 02:18:06.333 1507 1645 I am_uid_idle: 10094
11-05 02:18:09.680 1507 4910 I wm_task_moved: [1,0,0]
11-05 02:18:09.681 1507 4910 I wm_task_moved: [1,0,6]
11-05 02:18:09.693 2835 2835 I wm_on_restart_called: [94458931,com.android.launcher3.uioverrides.QuickstepLauncher,performRestartActivity]
11-05 02:18:09.718 2835 2835 I wm_on_start_called: [94458931,com.android.launcher3.uioverrides.QuickstepLauncher,handleStartActivity]
11-05 02:18:09.749 1507 1625 I sysui_multi_action: [319,10,322,53,325,3964,757,761,758,9,759,5,806,com.android.launcher3,871,com.android.launcher3.uioverrides.QuickstepLauncher,905,0,1320,4,1321,1]
11-05 02:18:09.805 11832 11832 I view_enqueue_input_event: [Motion - Cancel,com.android.gallery3d/com.android.gallery3d.app.GalleryActivity]
11-05 02:18:09.806 2835 2835 I sysui_latency: [1,72]
11-05 02:18:09.808 1507 2002 I input_interaction: Interaction with: edge-swipe (server), swipe-up (server), PointerEventDispatcher0 (server),
11-05 02:18:09.812 1507 1629 I input_focus: [Focus request recents_animation_input_consumer,reason=UpdateInputWindows]
11-05 02:18:09.832 1507 2002 I input_focus: [Focus leaving aca63ea com.android.gallery3d/com.android.gallery3d.app.GalleryActivity (server),reason=NOT_FOCUSABLE]
11-05 02:18:09.834 1507 2002 I input_focus: [Focus entering recents_animation_input_consumer (server),reason=setFocusedWindow]
11-05 02:18:09.922 1507 1751 I commit_sys_config_file: [settings-1-0,5]
11-05 02:18:10.035 1507 1642 I sysui_latency: [8,71]
11-05 02:18:10.200 1507 1645 I am_uid_idle: 10065
11-05 02:18:10.805 1507 1751 I commit_sys_config_file: [settings-1-0,3]
11-05 02:18:11.564 1507 2002 I input_interaction: Interaction with: 2395a3e com.android.launcher3/com.android.launcher3.uioverrides.QuickstepLauncher (server), edge-swipe (server), swipe-up (server), PointerEventDispatcher0 (server),
11-05 02:18:12.009 1507 4963 I wm_task_moved: [1,1,7]
11-05 02:18:12.018 1507 4963 I wm_focused_root_task: [0,0,1,127,RecentsAnimation.onAnimationFinished()]
11-05 02:18:12.018 11832 11832 I wm_on_top_resumed_lost_called: [169100380,com.android.gallery3d.app.GalleryActivity,topStateChangedWhenResumed]
11-05 02:18:12.021 1507 4963 I wm_pause_activity: [0,169100380,com.android.gallery3d/.app.GalleryActivity,userLeaving=false,pauseBackTasks]
11-05 02:18:12.023 1507 4963 I wm_set_resumed_activity: [0,com.android.launcher3/.uioverrides.QuickstepLauncher,resumeTopActivityInnerLocked]
11-05 02:18:12.025 1507 4963 I wm_resume_activity: [0,94458931,10,com.android.launcher3/.uioverrides.QuickstepLauncher]
11-05 02:18:12.026 1507 4963 I wm_add_to_stopping: [0,169100380,com.android.gallery3d/.app.GalleryActivity,makeInvisible]
11-05 02:18:12.034 2835 2835 I wm_on_resume_called: [94458931,com.android.launcher3.uioverrides.QuickstepLauncher,RESUME_ACTIVITY]
11-05 02:18:12.040 1507 1629 I input_focus: [Focus request 2395a3e com.android.launcher3/com.android.launcher3.uioverrides.QuickstepLauncher,reason=UpdateInputWindows]
11-05 02:18:12.044 1507 1628 I sysui_multi_action: [757,803,799,window_time_0,802,17]
11-05 02:18:12.048 1507 1628 I wm_stop_activity: [0,169100380,com.android.gallery3d/.app.GalleryActivity]
11-05 02:18:12.055 1507 2002 I input_focus: [Focus leaving recents_animation_input_consumer (server),reason=NOT_VISIBLE]
11-05 02:18:12.055 1507 2002 I input_focus: [Focus entering 2395a3e com.android.launcher3/com.android.launcher3.uioverrides.QuickstepLauncher (server),reason=setFocusedWindow]
11-05 02:18:12.056 1507 1628 I sysui_multi_action: [757,803,799,window_time_0,802,0]
11-05 02:18:12.060 11832 11832 I wm_on_paused_called: [169100380,com.android.gallery3d.app.GalleryActivity,performPause]
11-05 02:18:12.061 2835 2835 I wm_on_top_resumed_gained_called: [94458931,com.android.launcher3.uioverrides.QuickstepLauncher,topStateChangedWhenResumed]
11-05 02:18:12.068 11832 11832 I wm_on_stop_called: [169100380,com.android.gallery3d.app.GalleryActivity,STOP_ACTIVITY_ITEM]
11-05 02:18:12.138 1507 2002 I input_interaction: Interaction with: 2395a3e com.android.launcher3/com.android.launcher3.uioverrides.QuickstepLauncher (server), ef1bc93 com.android.systemui.ImageWallpaper (server), edge-swipe (server), swipe-up (server), PointerEventDispatcher0 (server),
11-05 02:18:12.161 1507 4910 I wm_finish_activity: [0,169100380,127,com.android.gallery3d/.app.GalleryActivity,recent-task-trimmed]
11-05 02:18:12.161 1507 4910 I wm_destroy_activity: [0,169100380,127,com.android.gallery3d/.app.GalleryActivity,finish-imm:finishIfPossible]
11-05 02:18:12.162 1507 1628 I am_kill : [0,11832,com.android.gallery3d,900,remove task]
11-05 02:18:12.163 1507 1628 I sysui_multi_action: [757,803,799,window_time_0,802,0]
11-05 02:18:12.203 1507 5437 I am_proc_died: [0,11832,com.android.gallery3d,900,18]
11-05 02:18:12.208 1507 5437 I am_uid_stopped: 10069
11-05 02:18:12.210 1507 5437 I wm_task_removed: [127,removeChild:removeChild last r=ActivityRecord{a14445c u0 com.android.gallery3d/.app.GalleryActivity t-1 f}} in t=Task{fb312cf #127 type=standard A=10069:com.android.gallery3d U=0 visible=false mode=fullscreen translucent=true sz=0}]
11-05 02:18:12.210 1507 5437 I wm_task_removed: [127,removeChild]
11-05 02:18:12.217 1507 1628 I am_uid_running: 10069
11-05 02:18:12.227 1507 1646 I am_proc_start: [0,12141,10069,com.android.gallery3d,NULL,]
11-05 02:18:12.260 1507 5437 I am_proc_bound: [0,12141,com.android.gallery3d]
11-05 02:18:12.913 1507 1594 I wm_task_created: [128,-1]
11-05 02:18:12.919 1507 1594 I wm_task_moved: [128,1,7]
11-05 02:18:12.919 1507 1594 I wm_task_to_front: [0,128]
11-05 02:18:12.920 1507 1594 I wm_create_task: [0,128]
11-05 02:18:12.920 1507 1594 I wm_create_activity: [0,160722018,128,com.android.gallery3d/.app.GalleryActivity,android.intent.action.MAIN,NULL,NULL,270532608]
11-05 02:18:12.920 1507 1594 I wm_task_moved: [128,1,7]
11-05 02:18:12.922 1507 1594 I wm_pause_activity: [0,94458931,com.android.launcher3/.uioverrides.QuickstepLauncher,userLeaving=true,pauseBackTasks]
11-05 02:18:12.930 2835 2835 I wm_on_top_resumed_lost_called: [94458931,com.android.launcher3.uioverrides.QuickstepLauncher,topStateChangedWhenResumed]
11-05 02:18:12.934 2835 2835 I wm_on_paused_called: [94458931,com.android.launcher3.uioverrides.QuickstepLauncher,performPause]
11-05 02:18:12.936 1507 4910 I wm_add_to_stopping: [0,94458931,com.android.launcher3/.uioverrides.QuickstepLauncher,makeInvisible]
11-05 02:18:12.937 1507 4910 I wm_restart_activity: [0,160722018,128,com.android.gallery3d/.app.GalleryActivity]
11-05 02:18:12.938 1507 4910 I wm_set_resumed_activity: [0,com.android.gallery3d/.app.GalleryActivity,minimalResumeActivityLocked]
11-05 02:18:12.950 1507 1628 I am_uid_active: 10069
11-05 02:18:12.955 1507 1628 I sysui_multi_action: [757,803,799,window_time_0,802,1]
11-05 02:18:12.974 1507 1642 I am_pss : [9464,1000,com.qti.diagservices,5898240,3764224,0,92876800,0,10,5]
11-05 02:18:12.976 1507 2002 I input_focus: [Focus leaving 2395a3e com.android.launcher3/com.android.launcher3.uioverrides.QuickstepLauncher (server),reason=NO_WINDOW]
11-05 02:18:12.985 12141 12141 I wm_on_create_called: [160722018,com.android.gallery3d.app.GalleryActivity,performCreate]
11-05 02:18:12.986 12141 12141 I wm_on_start_called: [160722018,com.android.gallery3d.app.GalleryActivity,handleStartActivity]
11-05 02:18:12.989 12141 12141 I wm_on_resume_called: [160722018,com.android.gallery3d.app.GalleryActivity,RESUME_ACTIVITY]
11-05 02:18:12.994 12141 12141 I wm_on_top_resumed_gained_called: [160722018,com.android.gallery3d.app.GalleryActivity,topStateChangedWhenResumed]
11-05 02:18:13.012 1507 1629 I input_focus: [Focus request bbc3a36 com.android.gallery3d/com.android.gallery3d.app.GalleryActivity,reason=UpdateInputWindows]
11-05 02:18:13.016 1507 1507 I notification_enqueue: [10081,2365,com.android.systemui,2048,NULL,0,Notification(channel=updateNotification shortcut=null contentView=null vibrate=null sound=null defaults=0x0 flags=0x0 color=0x00000000 vis=PRIVATE),1]
11-05 02:18:13.017 2365 2365 I sysui_multi_action: [757,111,758,2]
11-05 02:18:13.018 2365 2365 I sysui_multi_action: [757,111,758,2]
11-05 02:18:13.056 2365 2365 I sysui_multi_action: [757,111,758,1]
11-05 02:18:13.057 2365 2365 I sysui_multi_action: [757,126,758,1,759,126,927,0,928,1,1593,0]
11-05 02:18:13.057 2365 2365 I sysui_multi_action: [757,113,758,1,759,113,927,1,928,1,1593,0]
11-05 02:18:13.057 2365 2365 I sysui_multi_action: [757,0,758,1,759,0,927,2,928,0,1593,0]
11-05 02:18:13.057 2365 2365 I sysui_multi_action: [757,0,758,1,759,0,927,3,928,0,1593,0]
11-05 02:18:13.057 2365 2365 I sysui_multi_action: [757,491,758,1,759,491,927,4,928,0,1311,-1,1593,0]
11-05 02:18:13.057 2365 2365 I sysui_multi_action: [757,0,758,1,759,0,927,5,928,0,1593,0]
11-05 02:18:13.057 2365 2365 I sysui_multi_action: [757,114,758,1,759,114,927,6,928,0,1593,0]
11-05 02:18:13.057 2365 2365 I sysui_multi_action: [757,120,758,1,759,120,927,7,928,0,1593,0]
11-05 02:18:13.057 2365 2365 I sysui_multi_action: [757,111,758,1]
11-05 02:18:13.057 2365 2365 I sysui_multi_action: [757,126,758,1,759,126,927,0,928,1,1593,0]
11-05 02:18:13.057 2365 2365 I sysui_multi_action: [757,113,758,1,759,113,927,1,928,1,1593,0]
11-05 02:18:13.057 2365 2365 I sysui_multi_action: [757,0,758,1,759,0,927,2,928,0,1593,0]
11-05 02:18:13.057 2365 2365 I sysui_multi_action: [757,0,758,1,759,0,927,3,928,0,1593,0]
11-05 02:18:13.060 1507 1625 I sysui_multi_action: [319,69,321,65,322,152,325,3967,757,761,758,8,759,1,806,com.android.gallery3d,871,com.android.gallery3d.app.GalleryActivity,904,com.android.launcher3,905,0,1320,4,1321,1]
11-05 02:18:13.061 1507 1625 I wm_activity_launch_time: [0,160722018,com.android.gallery3d/.app.GalleryActivity,152]
11-05 02:18:13.074 1507 2002 I input_focus: [Focus entering bbc3a36 com.android.gallery3d/com.android.gallery3d.app.GalleryActivity (server),reason=Window became focusable. Previous reason: NOT_VISIBLE]
11-05 02:18:13.524 1507 1628 I wm_stop_activity: [0,94458931,com.android.launcher3/.uioverrides.QuickstepLauncher]
11-05 02:18:13.565 2835 2835 I wm_on_stop_called: [94458931,com.android.launcher3.uioverrides.QuickstepLauncher,STOP_ACTIVITY_ITEM]
11-05 02:18:15.084 1507 2002 I input_interaction: Interaction with: bbc3a36 com.android.gallery3d/com.android.gallery3d.app.GalleryActivity (server), edge-swipe (server), swipe-up (server), PointerEventDispatcher0 (server),
11-05 02:18:15.101 1507 5835 I wm_task_moved: [1,0,0]
11-05 02:18:15.104 1507 5835 I wm_task_moved: [1,0,6]
11-05 02:18:15.130 2835 2835 I wm_on_restart_called: [94458931,com.android.launcher3.uioverrides.QuickstepLauncher,performRestartActivity]
11-05 02:18:15.158 2835 2835 I wm_on_start_called: [94458931,com.android.launcher3.uioverrides.QuickstepLauncher,handleStartActivity]
11-05 02:18:15.185 1507 1625 I sysui_multi_action: [319,17,322,74,325,3969,757,761,758,9,759,5,806,com.android.launcher3,871,com.android.launcher3.uioverrides.QuickstepLauncher,905,0,1320,4,1321,1]
11-05 02:18:15.194 12141 12141 I view_enqueue_input_event: [Motion - Cancel,com.android.gallery3d/com.android.gallery3d.app.GalleryActivity]
11-05 02:18:15.195 2835 2835 I sysui_latency: [1,85]
11-05 02:18:15.201 1507 2002 I input_interaction: Interaction with: edge-swipe (server), swipe-up (server), PointerEventDispatcher0 (server),
11-05 02:18:15.201 1507 1629 I input_focus: [Focus request recents_animation_input_consumer,reason=UpdateInputWindows]
11-05 02:18:15.213 1507 2002 I input_focus: [Focus leaving bbc3a36 com.android.gallery3d/com.android.gallery3d.app.GalleryActivity (server),reason=NOT_FOCUSABLE]
11-05 02:18:15.213 1507 2002 I input_focus: [Focus entering recents_animation_input_consumer (server),reason=setFocusedWindow]
11-05 02:18:15.370 1507 1751 I commit_sys_config_file: [settings-1-0,13]
11-05 02:18:15.477 1507 1642 I sysui_latency: [8,86]
11-05 02:18:16.066 1507 1751 I commit_sys_config_file: [settings-1-0,5]
11-05 02:18:16.316 1507 2002 I input_interaction: Interaction with: 2395a3e com.android.launcher3/com.android.launcher3.uioverrides.QuickstepLauncher (server), edge-swipe (server), swipe-up (server), PointerEventDispatcher0 (server),
11-05 02:18:16.761 1507 5437 I wm_task_moved: [1,1,7]
11-05 02:18:16.766 1507 5437 I wm_focused_root_task: [0,0,1,128,RecentsAnimation.onAnimationFinished()]
11-05 02:18:16.766 12141 12141 I wm_on_top_resumed_lost_called: [160722018,com.android.gallery3d.app.GalleryActivity,topStateChangedWhenResumed]
11-05 02:18:16.769 1507 5437 I wm_pause_activity: [0,160722018,com.android.gallery3d/.app.GalleryActivity,userLeaving=false,pauseBackTasks]
11-05 02:18:16.772 1507 5437 I wm_set_resumed_activity: [0,com.android.launcher3/.uioverrides.QuickstepLauncher,resumeTopActivityInnerLocked]
11-05 02:18:16.774 1507 5437 I wm_resume_activity: [0,94458931,10,com.android.launcher3/.uioverrides.QuickstepLauncher]
11-05 02:18:16.774 1507 5437 I wm_add_to_stopping: [0,160722018,com.android.gallery3d/.app.GalleryActivity,makeInvisible]
11-05 02:18:16.778 2835 2835 I wm_on_resume_called: [94458931,com.android.launcher3.uioverrides.QuickstepLauncher,RESUME_ACTIVITY]
11-05 02:18:16.782 1507 1629 I input_focus: [Focus request 2395a3e com.android.launcher3/com.android.launcher3.uioverrides.QuickstepLauncher,reason=UpdateInputWindows]
11-05 02:18:16.783 1507 1628 I sysui_multi_action: [757,803,799,window_time_0,802,4]
11-05 02:18:16.789 1507 1628 I wm_stop_activity: [0,160722018,com.android.gallery3d/.app.GalleryActivity]
11-05 02:18:16.796 2835 2835 I wm_on_top_resumed_gained_called: [94458931,com.android.launcher3.uioverrides.QuickstepLauncher,topStateChangedWhenResumed]
11-05 02:18:16.797 12141 12141 I wm_on_paused_called: [160722018,com.android.gallery3d.app.GalleryActivity,performPause]
11-05 02:18:16.799 12141 12141 I wm_on_stop_called: [160722018,com.android.gallery3d.app.GalleryActivity,STOP_ACTIVITY_ITEM]
11-05 02:18:16.800 1507 2002 I input_focus: [Focus leaving recents_animation_input_consumer (server),reason=NOT_VISIBLE]
11-05 02:18:16.800 1507 2002 I input_focus: [Focus entering 2395a3e com.android.launcher3/com.android.launcher3.uioverrides.QuickstepLauncher (server),reason=setFocusedWindow]
11-05 02:18:16.803 1507 1628 I sysui_multi_action: [757,803,799,window_time_0,802,0]
11-05 02:18:16.813 1507 1642 I am_pss : [12038,10090,com.android.music,6695936,4669440,0,90677248,0,19,5]
11-05 02:18:16.901 1507 5835 I wm_finish_activity: [0,160722018,128,com.android.gallery3d/.app.GalleryActivity,recent-task-trimmed]
11-05 02:18:16.903 1507 5835 I wm_destroy_activity: [0,160722018,128,com.android.gallery3d/.app.GalleryActivity,finish-imm:finishIfPossible]
11-05 02:18:16.907 1507 1628 I am_kill : [0,12141,com.android.gallery3d,900,remove task]
11-05 02:18:16.926 1507 1628 I sysui_multi_action: [757,803,799,window_time_0,802,0]
11-05 02:18:16.961 1507 5835 I am_proc_died: [0,12141,com.android.gallery3d,900,18]
11-05 02:18:16.965 1507 5835 I am_uid_stopped: 10069
11-05 02:18:16.969 1507 5835 I wm_task_removed: [128,removeChild:removeChild last r=ActivityRecord{9946c62 u0 com.android.gallery3d/.app.GalleryActivity t-1 f}} in t=Task{c046c61 #128 type=standard A=10069:com.android.gallery3d U=0 visible=false mode=fullscreen translucent=true sz=0}]
11-05 02:18:16.969 1507 5835 I wm_task_removed: [128,removeChild]
11-05 02:18:16.978 1507 1628 I am_uid_running: 10069
11-05 02:18:16.986 1507 1646 I am_proc_start: [0,12193,10069,com.android.gallery3d,NULL,]
11-05 02:18:17.016 1507 4963 I am_proc_bound: [0,12193,com.android.gallery3d]
11-05 02:18:17.573 1507 2002 I input_interaction: Interaction with: 2395a3e com.android.launcher3/com.android.launcher3.uioverrides.QuickstepLauncher (server), ef1bc93 com.android.systemui.ImageWallpaper (server), edge-swipe (server), swipe-up (server), PointerEventDispatcher0 (server),
11-05 02:18:18.798 1507 4910 I wm_task_created: [129,-1]
11-05 02:18:18.803 1507 4910 I wm_task_moved: [129,1,7]
11-05 02:18:18.803 1507 4910 I wm_task_to_front: [0,129]
11-05 02:18:18.803 1507 4910 I wm_create_task: [0,129]
11-05 02:18:18.803 1507 4910 I wm_create_activity: [0,262955693,129,com.android.gallery3d/.app.GalleryActivity,NULL,NULL,NULL,268468224]
11-05 02:18:18.803 1507 4910 I wm_task_moved: [129,1,7]
11-05 02:18:18.808 1507 4910 I wm_restart_activity: [0,262955693,129,com.android.gallery3d/.app.GalleryActivity]
11-05 02:18:18.809 1507 4910 I wm_set_resumed_activity: [0,com.android.gallery3d/.app.GalleryActivity,minimalResumeActivityLocked]
11-05 02:18:18.813 1507 1628 I am_uid_active: 10069
11-05 02:18:18.818 2835 2835 I wm_on_top_resumed_lost_called: [94458931,com.android.launcher3.uioverrides.QuickstepLauncher,topStateChangedWhenResumed]
11-05 02:18:18.857 12193 12193 I wm_on_create_called: [262955693,com.android.gallery3d.app.GalleryActivity,performCreate]
11-05 02:18:18.858 12193 12193 I wm_on_start_called: [262955693,com.android.gallery3d.app.GalleryActivity,handleStartActivity]
11-05 02:18:18.861 12193 12193 I wm_on_resume_called: [262955693,com.android.gallery3d.app.GalleryActivity,RESUME_ACTIVITY]
11-05 02:18:18.867 12193 12193 I wm_on_top_resumed_gained_called: [262955693,com.android.gallery3d.app.GalleryActivity,topStateChangedWhenResumed]
11-05 02:18:18.876 1507 1629 I input_focus: [Focus request 23acd63 com.android.gallery3d/com.android.gallery3d.app.GalleryActivity,reason=UpdateInputWindows]
11-05 02:18:18.906 1507 2002 I input_focus: [Focus leaving 2395a3e com.android.launcher3/com.android.launcher3.uioverrides.QuickstepLauncher (server),reason=Waiting for window because NOT_VISIBLE]
11-05 02:18:18.965 1507 1625 I sysui_multi_action: [319,165,322,164,325,3973,757,761,758,8,759,2,806,com.android.gallery3d,871,com.android.gallery3d.app.GalleryActivity,904,com.android.launcher3,905,0,1320,4,1321,1]
11-05 02:18:18.972 1507 2002 I input_focus: [Focus entering 23acd63 com.android.gallery3d/com.android.gallery3d.app.GalleryActivity (server),reason=Window became focusable. Previous reason: NOT_VISIBLE]
11-05 02:18:18.973 1507 1625 I wm_activity_launch_time: [0,262955693,com.android.gallery3d/.app.GalleryActivity,164]
11-05 02:18:20.040 1507 2002 I input_interaction: Interaction with: 23acd63 com.android.gallery3d/com.android.gallery3d.app.GalleryActivity (server), edge-swipe (server), swipe-up (server), PointerEventDispatcher0 (server),
11-05 02:18:20.186 1507 2721 I wm_relaunch_resume_activity: [0,262955693,129,com.android.gallery3d/.app.GalleryActivity]
11-05 02:18:20.188 1507 2721 I wm_add_to_stopping: [0,94458931,com.android.launcher3/.uioverrides.QuickstepLauncher,makeInvisible]
11-05 02:18:20.202 12193 12193 I wm_on_top_resumed_lost_called: [262955693,com.android.gallery3d.app.GalleryActivity,pausing]
11-05 02:18:20.235 12193 12193 I wm_on_paused_called: [262955693,com.android.gallery3d.app.GalleryActivity,performPause]
11-05 02:18:20.235 12193 12193 I wm_on_stop_called: [262955693,com.android.gallery3d.app.GalleryActivity,handleRelaunchActivity]
11-05 02:18:20.240 12193 12193 I wm_on_destroy_called: [262955693,com.android.gallery3d.app.GalleryActivity,performDestroy]
11-05 02:18:20.262 12193 12193 I wm_on_create_called: [262955693,com.android.gallery3d.app.GalleryActivity,performCreate]
11-05 02:18:20.263 12193 12193 I wm_on_start_called: [262955693,com.android.gallery3d.app.GalleryActivity,handleStartActivity]
11-05 02:18:20.269 12193 12193 I wm_on_resume_called: [262955693,com.android.gallery3d.app.GalleryActivity,RESUME_ACTIVITY]
11-05 02:18:20.269 12193 12193 I wm_on_top_resumed_gained_called: [262955693,com.android.gallery3d.app.GalleryActivity,topWhenResuming]
11-05 02:18:20.279 2365 2365 I sysui_multi_action: [757,111,758,2]
11-05 02:18:20.280 1507 1507 I notification_enqueue: [10081,2365,com.android.systemui,2048,NULL,0,Notification(channel=updateNotification shortcut=null contentView=null vibrate=null sound=null defaults=0x0 flags=0x0 color=0x00000000 vis=PRIVATE),1]
11-05 02:18:20.280 2365 2365 I sysui_multi_action: [757,111,758,2]
11-05 02:18:20.327 2365 2365 I sysui_multi_action: [757,111,758,1]
11-05 02:18:20.328 2365 2365 I sysui_multi_action: [757,126,758,1,759,126,927,0,928,1,1593,0]
11-05 02:18:20.328 2365 2365 I sysui_multi_action: [757,113,758,1,759,113,927,1,928,1,1593,0]
11-05 02:18:20.328 2365 2365 I sysui_multi_action: [757,0,758,1,759,0,927,2,928,0,1593,0]
11-05 02:18:20.328 2365 2365 I sysui_multi_action: [757,0,758,1,759,0,927,3,928,0,1593,0]
11-05 02:18:20.329 2365 2365 I sysui_multi_action: [757,491,758,1,759,491,927,4,928,0,1311,-1,1593,0]
11-05 02:18:20.329 2365 2365 I sysui_multi_action: [757,0,758,1,759,0,927,5,928,0,1593,0]
11-05 02:18:20.329 2365 2365 I sysui_multi_action: [757,114,758,1,759,114,927,6,928,0,1593,0]
11-05 02:18:20.329 2365 2365 I sysui_multi_action: [757,120,758,1,759,120,927,7,928,0,1593,0]
11-05 02:18:20.329 2365 2365 I sysui_multi_action: [757,111,758,1]
11-05 02:18:20.330 2365 2365 I sysui_multi_action: [757,126,758,1,759,126,927,0,928,1,1593,0]
11-05 02:18:20.330 2365 2365 I sysui_multi_action: [757,113,758,1,759,113,927,1,928,1,1593,0]
11-05 02:18:20.330 2365 2365 I sysui_multi_action: [757,0,758,1,759,0,927,2,928,0,1593,0]
11-05 02:18:20.330 2365 2365 I sysui_multi_action: [757,0,758,1,759,0,927,3,928,0,1593,0]
11-05 02:18:20.646 1507 1628 I wm_stop_activity: [0,94458931,com.android.launcher3/.uioverrides.QuickstepLauncher]
11-05 02:18:20.674 2835 2835 I wm_on_paused_called: [94458931,com.android.launcher3.uioverrides.QuickstepLauncher,performPause]
11-05 02:18:20.680 2835 2835 I wm_on_stop_called: [94458931,com.android.launcher3.uioverrides.QuickstepLauncher,STOP_ACTIVITY_ITEM]
11-05 02:18:22.012 1507 2721 I wm_task_moved: [1,0,0]
11-05 02:18:22.012 1507 2721 I wm_task_moved: [1,0,6]
11-05 02:18:22.026 2835 2835 I wm_on_restart_called: [94458931,com.android.launcher3.uioverrides.QuickstepLauncher,performRestartActivity]
