11-05 02:09:34.409 1507 1645 I am_wtf : [0,1507,system_server,-1,DisplayDeviceConfig,requesting nits when no mapping exists.]
11-05 02:09:34.425 1507 1645 I am_wtf : [0,1507,system_server,-1,DisplayDeviceConfig,requesting nits when no mapping exists.]
11-05 02:09:34.426 1507 1645 I am_wtf : [0,1507,system_server,-1,DisplayDeviceConfig,requesting nits when no mapping exists.]
11-05 02:09:34.441 1507 1645 I am_wtf : [0,1507,system_server,-1,DisplayDeviceConfig,requesting nits when no mapping exists.]
11-05 02:09:34.444 1507 1645 I am_wtf : [0,1507,system_server,-1,DisplayDeviceConfig,requesting nits when no mapping exists.]
11-05 02:09:34.459 1507 1645 I am_wtf : [0,1507,system_server,-1,DisplayDeviceConfig,requesting nits when no mapping exists.]
11-05 02:09:34.461 1507 1645 I am_wtf : [0,1507,system_server,-1,DisplayDeviceConfig,requesting nits when no mapping exists.]
11-05 02:09:34.476 1507 1645 I am_wtf : [0,1507,system_server,-1,DisplayDeviceConfig,requesting nits when no mapping exists.]
11-05 02:09:34.477 1507 1645 I am_wtf : [0,1507,system_server,-1,DisplayDeviceConfig,requesting nits when no mapping exists.]
11-05 02:09:34.493 1507 1645 I am_wtf : [0,1507,system_server,-1,DisplayDeviceConfig,requesting nits when no mapping exists.]
11-05 02:09:34.494 1507 1645 I am_wtf : [0,1507,system_server,-1,DisplayDeviceConfig,requesting nits when no mapping exists.]
11-05 02:09:34.509 1507 1645 I am_wtf : [0,1507,system_server,-1,DisplayDeviceConfig,requesting nits when no mapping exists.]
11-05 02:09:34.510 1507 1645 I am_wtf : [0,1507,system_server,-1,DisplayDeviceConfig,requesting nits when no mapping exists.]
11-05 02:09:34.527 1507 1645 I am_wtf : [0,1507,system_server,-1,DisplayDeviceConfig,requesting nits when no mapping exists.]
11-05 02:09:34.528 1507 1645 I am_wtf : [0,1507,system_server,-1,DisplayDeviceConfig,requesting nits when no mapping exists.]
11-05 02:09:34.546 1507 1645 I am_wtf : [0,1507,system_server,-1,DisplayDeviceConfig,requesting nits when no mapping exists.]
11-05 02:09:34.548 1507 1645 I am_wtf : [0,1507,system_server,-1,DisplayDeviceConfig,requesting nits when no mapping exists.]
11-05 02:09:34.562 1507 1645 I am_wtf : [0,1507,system_server,-1,DisplayDeviceConfig,requesting nits when no mapping exists.]
11-05 02:09:34.564 1507 1645 I am_wtf : [0,1507,system_server,-1,DisplayDeviceConfig,requesting nits when no mapping exists.]
11-05 02:09:34.575 1507 1645 I am_wtf : [0,1507,system_server,-1,DisplayDeviceConfig,requesting nits when no mapping exists.]
11-05 02:09:34.576 1507 1645 I am_wtf : [0,1507,system_server,-1,DisplayDeviceConfig,requesting nits when no mapping exists.]
11-05 02:09:34.593 1507 1645 I am_wtf : [0,1507,system_server,-1,DisplayDeviceConfig,requesting nits when no mapping exists.]
11-05 02:09:34.594 1507 1645 I am_wtf : [0,1507,system_server,-1,DisplayDeviceConfig,requesting nits when no mapping exists.]
11-05 02:09:34.608 1507 1645 I am_wtf : [0,1507,system_server,-1,DisplayDeviceConfig,requesting nits when no mapping exists.]
11-05 02:09:34.610 1507 1645 I am_wtf : [0,1507,system_server,-1,DisplayDeviceConfig,requesting nits when no mapping exists.]
11-05 02:09:34.625 1507 1645 I am_wtf : [0,1507,system_server,-1,DisplayDeviceConfig,requesting nits when no mapping exists.]
11-05 02:09:34.626 1507 1645 I am_wtf : [0,1507,system_server,-1,DisplayDeviceConfig,requesting nits when no mapping exists.]
11-05 02:09:34.643 1507 1645 I am_wtf : [0,1507,system_server,-1,DisplayDeviceConfig,requesting nits when no mapping exists.]
11-05 02:09:34.644 1507 1645 I am_wtf : [0,1507,system_server,-1,DisplayDeviceConfig,requesting nits when no mapping exists.]
11-05 02:09:34.660 1507 1645 I am_wtf : [0,1507,system_server,-1,DisplayDeviceConfig,requesting nits when no mapping exists.]
11-05 02:09:34.662 1507 1645 I am_wtf : [0,1507,system_server,-1,DisplayDeviceConfig,requesting nits when no mapping exists.]
11-05 02:09:34.676 1507 1645 I am_wtf : [0,1507,system_server,-1,DisplayDeviceConfig,requesting nits when no mapping exists.]
11-05 02:09:34.678 1507 1645 I am_wtf : [0,1507,system_server,-1,DisplayDeviceConfig,requesting nits when no mapping exists.]
11-05 02:09:34.693 1507 1645 I am_wtf : [0,1507,system_server,-1,DisplayDeviceConfig,requesting nits when no mapping exists.]
11-05 02:09:34.694 1507 1645 I am_wtf : [0,1507,system_server,-1,DisplayDeviceConfig,requesting nits when no mapping exists.]
11-05 02:09:34.712 1507 1645 I am_wtf : [0,1507,system_server,-1,DisplayDeviceConfig,requesting nits when no mapping exists.]
11-05 02:09:34.719 1507 1645 I am_wtf : [0,1507,system_server,-1,DisplayDeviceConfig,requesting nits when no mapping exists.]
11-05 02:09:34.728 1507 1645 I am_wtf : [0,1507,system_server,-1,DisplayDeviceConfig,requesting nits when no mapping exists.]
11-05 02:09:34.729 1507 1645 I am_wtf : [0,1507,system_server,-1,DisplayDeviceConfig,requesting nits when no mapping exists.]
11-05 02:09:34.742 1507 1645 I am_wtf : [0,1507,system_server,-1,DisplayDeviceConfig,requesting nits when no mapping exists.]
11-05 02:09:34.742 1507 1645 I am_wtf : [0,1507,system_server,-1,DisplayDeviceConfig,requesting nits when no mapping exists.]
11-05 02:09:45.063 1507 1645 I am_uid_idle: 10090
11-05 02:09:49.306 1507 1752 I am_freeze: [10921,com.android.settings]
11-05 02:09:49.307 1507 1752 I am_kill : [0,10921,com.android.settings,985,Unable to freeze binder interface]
11-05 02:09:49.343 1507 5835 I am_proc_died: [0,10921,com.android.settings,985,19]
11-05 02:09:49.381 1507 1646 I am_proc_start: [0,11456,1000,com.android.settings,NULL,]
11-05 02:09:49.441 1507 5835 I am_proc_bound: [0,11456,com.android.settings]
11-05 02:10:34.330 1507 1645 I am_uid_idle: 10065
11-05 02:10:36.846 1507 1752 I am_freeze: [11050,com.thundercomm.mcuupgrade]
11-05 02:10:36.849 1507 1752 I am_kill : [0,11050,com.thundercomm.mcuupgrade,975,Unable to freeze binder interface]
11-05 02:10:36.884 1507 5835 I am_proc_died: [0,11050,com.thundercomm.mcuupgrade,975,19]
11-05 02:10:36.901 1507 1642 I am_pss : [11456,1000,com.android.settings,26880000,24948736,0,112234496,0,19,10]
11-05 02:10:36.920 1507 1646 I am_proc_start: [0,11473,1000,com.thundercomm.mcuupgrade,NULL,]
11-05 02:10:36.974 1507 5835 I am_proc_bound: [0,11473,com.thundercomm.mcuupgrade]
11-05 02:10:40.384 1507 1645 I am_uid_idle: 10062
11-05 02:12:05.543 563 563 I auditd : type=1400 audit(0.0:1130): avc: denied { read } for comm="Binder:563_2" name="wakeup58" dev="sysfs" ino=71728 scontext=u:r:system_suspend:s0 tcontext=u:object_r:sysfs:s0 tclass=dir permissive=0
11-05 02:12:05.543 563 563 I auditd : type=1400 audit(0.0:1131): avc: denied { read } for comm="Binder:563_2" name="wakeup48" dev="sysfs" ino=67421 scontext=u:r:system_suspend:s0 tcontext=u:object_r:sysfs:s0 tclass=dir permissive=0
11-05 02:12:05.543 563 563 I auditd : type=1400 audit(0.0:1132): avc: denied { read } for comm="Binder:563_2" name="wakeup4" dev="sysfs" ino=47028 scontext=u:r:system_suspend:s0 tcontext=u:object_r:sysfs:s0 tclass=dir permissive=0
11-05 02:12:05.547 563 563 I auditd : type=1400 audit(0.0:1133): avc: denied { read } for comm="Binder:563_2" name="wakeup76" dev="sysfs" ino=76849 scontext=u:r:system_suspend:s0 tcontext=u:object_r:sysfs:s0 tclass=dir permissive=0
11-05 02:12:05.547 563 563 I auditd : type=1400 audit(0.0:1134): avc: denied { read } for comm="Binder:563_2" name="wakeup28" dev="sysfs" ino=53233 scontext=u:r:system_suspend:s0 tcontext=u:object_r:sysfs:s0 tclass=dir permissive=0
11-05 02:12:05.588 1507 1642 I commit_sys_config_file: [batterystats,6]
11-05 02:12:05.589 1507 1642 I commit_sys_config_file: [batterystats,0]
11-05 02:12:39.727 500 511 I auditd : type=1401 audit(0.0:1179): op=security_compute_sid invalid_context=u:r:np_thundercomm_tlog_pstore:s0 scontext=u:r:init:s0 tcontext=u:object_r:np_thundercomm_tlog_pstore_exec:s0 tclass=process
11-05 02:12:42.091 11526 11526 I auditd : type=1400 audit(0.0:1180): avc: denied { read } for comm="ls" name="/" dev="dm-5" ino=2 scontext=u:r:system_app:s0 tcontext=u:object_r:rootfs:s0 tclass=dir permissive=0
11-05 02:12:42.131 11530 11530 I auditd : type=1400 audit(0.0:1181): avc: denied { read } for comm="ls" name="/" dev="dm-5" ino=2 scontext=u:r:system_app:s0 tcontext=u:object_r:rootfs:s0 tclass=dir permissive=0
11-05 02:12:47.130 1507 1752 I am_freeze: [11081,com.android.calendar]
11-05 02:12:47.133 1507 1752 I am_kill : [0,11081,com.android.calendar,985,Unable to freeze binder interface]
11-05 02:12:47.164 1507 5835 I am_proc_died: [0,11081,com.android.calendar,985,19]
11-05 02:12:47.165 1507 5835 I am_uid_stopped: 10063
11-05 02:12:47.170 1507 1628 I am_uid_running: 10063
11-05 02:12:47.180 1507 1642 I am_pss : [7669,10043,com.thundercomm.screensaver,64751616,57913344,0,185163776,0,2,7]
11-05 02:12:47.185 1507 1646 I am_proc_start: [0,11539,10063,com.android.calendar,NULL,]
11-05 02:12:47.188 1507 1642 I am_pss : [11473,1000,com.thundercomm.mcuupgrade,6977536,5189632,0,90230784,0,19,5]
11-05 02:12:47.195 1507 1642 I am_pss : [11456,1000,com.android.settings,26852352,24948736,0,112234496,0,19,5]
11-05 02:12:47.202 1507 1642 I am_pss : [3857,10064,com.qualcomm.qti.devicestatisticsservice,5359616,3543040,0,88748032,0,0,6]
11-05 02:12:47.209 1507 1642 I commit_sys_config_file: [procstats,14]
11-05 02:12:47.220 1507 5835 I am_proc_bound: [0,11539,com.android.calendar]
11-05 02:14:33.864 1507 2002 I input_interaction: Interaction with: 6652ffe com.thundercomm.screensaver/android.service.dreams.DreamActivity (server), edge-swipe (server), swipe-up (server), PointerEventDispatcher0 (server),
11-05 02:14:33.872 1507 5835 I wm_finish_activity: [0,89397938,117,com.thundercomm.screensaver/android.service.dreams.DreamActivity,finish-activity]
11-05 02:14:33.872 1507 5835 I wm_task_moved: [116,1,7]
11-05 02:14:33.872 1507 5835 I wm_task_to_front: [0,116]
11-05 02:14:33.874 1507 5835 I wm_focused_root_task: [0,0,116,117,finish-top adjustFocusToNextFocusableTask]
11-05 02:14:33.877 1507 5835 I wm_pause_activity: [0,89397938,com.thundercomm.screensaver/android.service.dreams.DreamActivity,userLeaving=false,finish]
11-05 02:14:33.886 1507 1628 I sysui_multi_action: [757,803,799,window_time_0,802,300]
11-05 02:14:33.890 7669 7669 I wm_on_top_resumed_lost_called: [89397938,android.service.dreams.DreamActivity,topStateChangedWhenResumed]
11-05 02:14:33.892 7669 7669 I wm_on_paused_called: [89397938,android.service.dreams.DreamActivity,performPause]
11-05 02:14:33.893 1507 1596 I wm_add_to_stopping: [0,89397938,com.thundercomm.screensaver/android.service.dreams.DreamActivity,completeFinishing]
11-05 02:14:33.898 1507 1596 I wm_set_resumed_activity: [0,com.android.deskclock/.DeskClock,resumeTopActivityInnerLocked]
11-05 02:14:33.900 1507 1596 I wm_resume_activity: [0,76814250,116,com.android.deskclock/.DeskClock]
11-05 02:14:33.905 1507 1628 I am_uid_active: 10065
11-05 02:14:33.912 1507 1628 I sysui_multi_action: [757,803,799,window_time_0,802,0]
11-05 02:14:33.917 5990 5990 I wm_on_restart_called: [76814250,com.android.deskclock.DeskClock,performRestartActivity]
11-05 02:14:33.924 1507 2002 I input_focus: [Focus leaving 6652ffe com.thundercomm.screensaver/android.service.dreams.DreamActivity (server),reason=NO_WINDOW]
11-05 02:14:33.924 7669 7669 I view_enqueue_input_event: [Motion - Cancel,com.thundercomm.screensaver/android.service.dreams.DreamActivity]
11-05 02:14:33.925 1507 1642 I am_pss : [11539,10063,com.android.calendar,6673408,4796416,0,91721728,0,19,7]
11-05 02:14:33.927 5990 5990 I wm_on_start_called: [76814250,com.android.deskclock.DeskClock,handleStartActivity]
11-05 02:14:33.928 5990 5990 I wm_on_resume_called: [76814250,com.android.deskclock.DeskClock,RESUME_ACTIVITY]
11-05 02:14:33.934 5990 5990 I wm_on_top_resumed_gained_called: [76814250,com.android.deskclock.DeskClock,topWhenResuming]
11-05 02:14:33.936 1507 1507 I am_uid_active: 10062
11-05 02:14:33.937 1507 1642 I am_pss : [11473,1000,com.thundercomm.mcuupgrade,6961152,5189632,0,90230784,0,19,8]
11-05 02:14:33.945 1507 1629 I input_focus: [Focus request b860a77 com.android.deskclock/com.android.deskclock.DeskClock,reason=UpdateInputWindows]
11-05 02:14:33.981 1507 2002 I input_focus: [Focus entering b860a77 com.android.deskclock/com.android.deskclock.DeskClock (server),reason=Window became focusable. Previous reason: NOT_VISIBLE]
11-05 02:14:34.487 1507 1628 I wm_destroy_activity: [0,89397938,117,com.thundercomm.screensaver/android.service.dreams.DreamActivity,finish-imm:idle]
11-05 02:14:34.512 7669 7669 I wm_on_stop_called: [89397938,android.service.dreams.DreamActivity,LIFECYCLER_STOP_ACTIVITY]
11-05 02:14:34.514 7669 7669 I wm_on_destroy_called: [89397938,android.service.dreams.DreamActivity,performDestroy]
11-05 02:14:34.525 1507 1625 I sysui_multi_action: [757,222,758,2]
11-05 02:14:34.525 1507 1625 I sysui_multi_action: [757,804,799,dreaming_minutes,801,5,802,1]
11-05 02:14:34.537 1507 6558 I wm_task_removed: [117,removeChild:removeChild last r=ActivityRecord{5541ab2 u0 com.thundercomm.screensaver/android.service.dreams.DreamActivity t-1 f}} in t=Task{53f824f #117 type=dream A=10043:android:com.thundercomm.screensaver/dream U=0 visible=false mode=fullscreen translucent=true sz=0}]
11-05 02:14:34.537 1507 6558 I wm_task_removed: [117,removeChild]
11-05 02:14:35.427 1507 2002 I input_interaction: Interaction with: b860a77 com.android.deskclock/com.android.deskclock.DeskClock (server), edge-swipe (server), swipe-up (server), PointerEventDispatcher0 (server),
11-05 02:14:35.446 1507 2721 I wm_task_moved: [1,0,0]
11-05 02:14:35.447 1507 2721 I wm_task_moved: [1,0,6]
11-05 02:14:35.457 2835 2835 I wm_on_restart_called: [94458931,com.android.launcher3.uioverrides.QuickstepLauncher,performRestartActivity]
11-05 02:14:35.482 2835 2835 I wm_on_start_called: [94458931,com.android.launcher3.uioverrides.QuickstepLauncher,handleStartActivity]
11-05 02:14:35.504 1507 1625 I sysui_multi_action: [319,13,322,53,325,3749,757,761,758,9,759,5,806,com.android.launcher3,871,com.android.launcher3.uioverrides.QuickstepLauncher,905,0,1320,4,1321,1]
11-05 02:14:35.616 2835 2835 I sysui_latency: [1,68]
11-05 02:14:35.616 5990 5990 I view_enqueue_input_event: [Motion - Cancel,com.android.deskclock/com.android.deskclock.DeskClock]
11-05 02:14:35.621 1507 1629 I input_focus: [Focus request recents_animation_input_consumer,reason=UpdateInputWindows]
11-05 02:14:35.629 1507 2002 I input_interaction: Interaction with: edge-swipe (server), swipe-up (server), PointerEventDispatcher0 (server),
11-05 02:14:35.652 1507 2002 I input_focus: [Focus leaving b860a77 com.android.deskclock/com.android.deskclock.DeskClock (server),reason=NOT_FOCUSABLE]
11-05 02:14:35.652 1507 2002 I input_focus: [Focus entering recents_animation_input_consumer (server),reason=setFocusedWindow]
11-05 02:14:35.685 1507 1751 I commit_sys_config_file: [settings-1-0,5]
11-05 02:14:35.801 1507 1642 I sysui_latency: [8,65]
11-05 02:14:36.091 1507 1507 I service_manager_stats: [100,64,302063]
11-05 02:14:36.447 1507 2410 I wm_task_moved: [1,0,6]
11-05 02:14:36.448 1507 2410 I wm_add_to_stopping: [0,94458931,com.android.launcher3/.uioverrides.QuickstepLauncher,makeInvisible]
11-05 02:14:36.463 1507 1629 I input_focus: [Focus request b860a77 com.android.deskclock/com.android.deskclock.DeskClock,reason=UpdateInputWindows]
11-05 02:14:36.464 1507 1628 I wm_stop_activity: [0,94458931,com.android.launcher3/.uioverrides.QuickstepLauncher]
11-05 02:14:36.471 1507 2002 I input_focus: [Focus leaving recents_animation_input_consumer (server),reason=NOT_VISIBLE]
11-05 02:14:36.472 1507 2002 I input_focus: [Focus entering b860a77 com.android.deskclock/com.android.deskclock.DeskClock (server),reason=setFocusedWindow]
11-05 02:14:36.503 2835 2835 I wm_on_stop_called: [94458931,com.android.launcher3.uioverrides.QuickstepLauncher,STOP_ACTIVITY_ITEM]
11-05 02:14:36.706 1507 1751 I commit_sys_config_file: [settings-1-0,5]
11-05 02:14:40.172 1507 2002 I input_interaction: Interaction with: b860a77 com.android.deskclock/com.android.deskclock.DeskClock (server), edge-swipe (server), swipe-up (server), PointerEventDispatcher0 (server),
11-05 02:14:40.188 1507 2721 I wm_task_moved: [1,0,0]
11-05 02:14:40.189 1507 2721 I wm_task_moved: [1,0,6]
11-05 02:14:40.211 2835 2835 I wm_on_restart_called: [94458931,com.android.launcher3.uioverrides.QuickstepLauncher,performRestartActivity]
11-05 02:14:40.225 2835 2835 I wm_on_start_called: [94458931,com.android.launcher3.uioverrides.QuickstepLauncher,handleStartActivity]
11-05 02:14:40.257 1507 1625 I sysui_multi_action: [319,16,322,60,325,3754,757,761,758,9,759,5,806,com.android.launcher3,871,com.android.launcher3.uioverrides.QuickstepLauncher,905,0,1320,4,1321,1]
11-05 02:14:40.430 1507 1751 I commit_sys_config_file: [settings-1-0,6]
11-05 02:14:40.450 5990 5990 I view_enqueue_input_event: [Motion - Cancel,com.android.deskclock/com.android.deskclock.DeskClock]
11-05 02:14:40.452 2835 2835 I sysui_latency: [1,71]
11-05 02:14:40.457 1507 2002 I input_interaction: Interaction with: edge-swipe (server), swipe-up (server), PointerEventDispatcher0 (server),
11-05 02:14:40.459 1507 1629 I input_focus: [Focus request recents_animation_input_consumer,reason=UpdateInputWindows]
11-05 02:14:40.485 1507 2002 I input_focus: [Focus leaving b860a77 com.android.deskclock/com.android.deskclock.DeskClock (server),reason=NOT_FOCUSABLE]
11-05 02:14:40.485 1507 2002 I input_focus: [Focus entering recents_animation_input_consumer (server),reason=setFocusedWindow]
11-05 02:14:40.550 1507 1642 I sysui_latency: [8,69]
11-05 02:14:40.984 1507 1777 I wm_task_moved: [1,0,6]
11-05 02:14:40.985 1507 1777 I wm_add_to_stopping: [0,94458931,com.android.launcher3/.uioverrides.QuickstepLauncher,makeInvisible]
11-05 02:14:40.997 1507 1629 I input_focus: [Focus request b860a77 com.android.deskclock/com.android.deskclock.DeskClock,reason=UpdateInputWindows]
11-05 02:14:40.997 1507 1628 I wm_stop_activity: [0,94458931,com.android.launcher3/.uioverrides.QuickstepLauncher]
11-05 02:14:41.014 1507 2002 I input_focus: [Focus leaving recents_animation_input_consumer (server),reason=NOT_VISIBLE]
11-05 02:14:41.014 1507 2002 I input_focus: [Focus entering b860a77 com.android.deskclock/com.android.deskclock.DeskClock (server),reason=setFocusedWindow]
11-05 02:14:41.042 2835 2835 I wm_on_stop_called: [94458931,com.android.launcher3.uioverrides.QuickstepLauncher,STOP_ACTIVITY_ITEM]
11-05 02:14:41.246 1507 1751 I commit_sys_config_file: [settings-1-0,5]
11-05 02:14:41.651 1507 2002 I input_interaction: Interaction with: b860a77 com.android.deskclock/com.android.deskclock.DeskClock (server), edge-swipe (server), swipe-up (server), PointerEventDispatcher0 (server),
11-05 02:14:41.666 1507 1596 I wm_task_moved: [1,0,0]
11-05 02:14:41.667 1507 1596 I wm_task_moved: [1,0,6]
11-05 02:14:41.687 2835 2835 I wm_on_restart_called: [94458931,com.android.launcher3.uioverrides.QuickstepLauncher,performRestartActivity]
11-05 02:14:41.702 2835 2835 I wm_on_start_called: [94458931,com.android.launcher3.uioverrides.QuickstepLauncher,handleStartActivity]
11-05 02:14:41.732 1507 1625 I sysui_multi_action: [319,13,322,59,325,3756,757,761,758,9,759,5,806,com.android.launcher3,871,com.android.launcher3.uioverrides.QuickstepLauncher,905,0,1320,4,1321,1]
11-05 02:14:41.737 5990 5990 I view_enqueue_input_event: [Motion - Cancel,com.android.deskclock/com.android.deskclock.DeskClock]
11-05 02:14:41.738 2835 2835 I sysui_latency: [1,68]
11-05 02:14:41.742 1507 1629 I input_focus: [Focus request recents_animation_input_consumer,reason=UpdateInputWindows]
11-05 02:14:41.745 1507 2002 I input_interaction: Interaction with: edge-swipe (server), swipe-up (server), PointerEventDispatcher0 (server),
11-05 02:14:41.765 1507 2002 I input_focus: [Focus leaving b860a77 com.android.deskclock/com.android.deskclock.DeskClock (server),reason=NOT_FOCUSABLE]
11-05 02:14:41.766 1507 2002 I input_focus: [Focus entering recents_animation_input_consumer (server),reason=setFocusedWindow]
11-05 02:14:41.909 1507 1751 I commit_sys_config_file: [settings-1-0,8]
11-05 02:14:42.027 1507 1642 I sysui_latency: [8,69]
11-05 02:14:42.479 1507 1596 I wm_task_moved: [1,1,7]
11-05 02:14:42.482 1507 1596 I wm_task_moved: [10,1,2147483647]
11-05 02:14:42.482 1507 1596 I wm_task_to_front: [0,10]
11-05 02:14:42.482 1507 1596 I wm_focused_root_task: [0,0,1,116,RecentsAnimation.onAnimationFinished()]
11-05 02:14:42.482 1507 1596 I wm_set_resumed_activity: [0,com.android.launcher3/.uioverrides.QuickstepLauncher,RecentsAnimation.onAnimationFinished()]
11-05 02:14:42.482 5990 5990 I wm_on_top_resumed_lost_called: [76814250,com.android.deskclock.DeskClock,topStateChangedWhenResumed]
11-05 02:14:42.486 1507 1596 I wm_pause_activity: [0,76814250,com.android.deskclock/.DeskClock,userLeaving=true,pauseBackTasks]
11-05 02:14:42.487 1507 1596 I wm_add_to_stopping: [0,76814250,com.android.deskclock/.DeskClock,makeInvisible]
11-05 02:14:42.487 1507 1596 I wm_set_resumed_activity: [0,com.android.launcher3/.uioverrides.QuickstepLauncher,resumeTopActivityInnerLocked]
11-05 02:14:42.494 1507 1596 I wm_resume_activity: [0,94458931,10,com.android.launcher3/.uioverrides.QuickstepLauncher]
11-05 02:14:42.496 2835 2835 I wm_on_resume_called: [94458931,com.android.launcher3.uioverrides.QuickstepLauncher,RESUME_ACTIVITY]
11-05 02:14:42.503 1507 1629 I input_focus: [Focus request 2395a3e com.android.launcher3/com.android.launcher3.uioverrides.QuickstepLauncher,reason=UpdateInputWindows]
11-05 02:14:42.506 5990 5990 I wm_on_paused_called: [76814250,com.android.deskclock.DeskClock,performPause]
11-05 02:14:42.508 2835 2835 I wm_on_top_resumed_gained_called: [94458931,com.android.launcher3.uioverrides.QuickstepLauncher,topStateChangedWhenResumed]
11-05 02:14:42.509 1507 1777 I wm_stop_activity: [0,76814250,com.android.deskclock/.DeskClock]
11-05 02:14:42.516 5990 5990 I wm_on_stop_called: [76814250,com.android.deskclock.DeskClock,STOP_ACTIVITY_ITEM]
11-05 02:14:42.519 1507 2002 I input_focus: [Focus leaving recents_animation_input_consumer (server),reason=NOT_VISIBLE]
11-05 02:14:42.519 1507 2002 I input_focus: [Focus entering 2395a3e com.android.launcher3/com.android.launcher3.uioverrides.QuickstepLauncher (server),reason=setFocusedWindow]
11-05 02:14:42.524 1507 1628 I sysui_multi_action: [757,803,799,window_time_0,802,9]
11-05 02:14:42.535 1507 1628 I sysui_multi_action: [757,803,799,window_time_0,802,0]
11-05 02:14:43.958 1507 2002 I input_interaction: Interaction with: 2395a3e com.android.launcher3/com.android.launcher3.uioverrides.QuickstepLauncher (server), ef1bc93 com.android.systemui.ImageWallpaper (server), edge-swipe (server), swipe-up (server), PointerEventDispatcher0 (server),
11-05 02:14:45.299 1507 2410 I wm_task_created: [118,-1]
11-05 02:14:45.309 1507 2410 I wm_task_moved: [118,1,8]
11-05 02:14:45.309 1507 2410 I wm_task_to_front: [0,118]
11-05 02:14:45.309 1507 2410 I wm_create_task: [0,118]
11-05 02:14:45.309 1507 2410 I wm_create_activity: [0,209208139,118,com.android.music/.VideoBrowserActivity,NULL,NULL,NULL,268468224]
11-05 02:14:45.309 1507 2410 I wm_task_moved: [118,1,8]
11-05 02:14:45.316 1507 2410 I wm_restart_activity: [0,209208139,118,com.android.music/.VideoBrowserActivity]
11-05 02:14:45.318 1507 2410 I wm_set_resumed_activity: [0,com.android.music/.VideoBrowserActivity,minimalResumeActivityLocked]
11-05 02:14:45.323 1507 1628 I am_uid_active: 10090
11-05 02:14:45.339 2835 2835 I wm_on_top_resumed_lost_called: [94458931,com.android.launcher3.uioverrides.QuickstepLauncher,topStateChangedWhenResumed]
11-05 02:14:45.363 10347 10347 I wm_on_create_called: [209208139,com.android.music.VideoBrowserActivity,performCreate]
11-05 02:14:45.363 10347 10347 I wm_on_start_called: [209208139,com.android.music.VideoBrowserActivity,handleStartActivity]
11-05 02:14:45.364 10347 10347 I wm_on_resume_called: [209208139,com.android.music.VideoBrowserActivity,RESUME_ACTIVITY]
11-05 02:14:45.366 10347 10347 I wm_on_top_resumed_gained_called: [209208139,com.android.music.VideoBrowserActivity,topStateChangedWhenResumed]
11-05 02:14:45.379 1507 1629 I input_focus: [Focus request 46ab7d4 com.android.music/com.android.music.VideoBrowserActivity,reason=UpdateInputWindows]
11-05 02:14:45.397 1507 1625 I sysui_multi_action: [319,102,322,102,325,3759,757,761,758,8,759,2,806,com.android.music,871,com.android.music.VideoBrowserActivity,904,com.android.launcher3,905,0,1320,4,1321,1]
11-05 02:14:45.409 1507 2002 I input_focus: [Focus leaving 2395a3e com.android.launcher3/com.android.launcher3.uioverrides.QuickstepLauncher (server),reason=setFocusedWindow]
11-05 02:14:45.409 1507 2002 I input_focus: [Focus entering 46ab7d4 com.android.music/com.android.music.VideoBrowserActivity (server),reason=setFocusedWindow]
11-05 02:14:45.411 1507 1625 I wm_activity_launch_time: [0,209208139,com.android.music/.VideoBrowserActivity,102]
11-05 02:14:46.500 1507 2002 I input_interaction: Interaction with: 46ab7d4 com.android.music/com.android.music.VideoBrowserActivity (server), edge-swipe (server), swipe-up (server), PointerEventDispatcher0 (server),
11-05 02:14:46.652 1507 1777 I wm_relaunch_resume_activity: [0,209208139,118,com.android.music/.VideoBrowserActivity]
11-05 02:14:46.653 1507 1777 I wm_add_to_stopping: [0,94458931,com.android.launcher3/.uioverrides.QuickstepLauncher,makeInvisible]
11-05 02:14:46.657 10347 10347 I wm_on_top_resumed_lost_called: [209208139,com.android.music.VideoBrowserActivity,pausing]
11-05 02:14:46.657 10347 10347 I wm_on_paused_called: [209208139,com.android.music.VideoBrowserActivity,performPause]
11-05 02:14:46.657 10347 10347 I wm_on_stop_called: [209208139,com.android.music.VideoBrowserActivity,handleRelaunchActivity]
11-05 02:14:46.662 10347 10347 I wm_on_destroy_called: [209208139,com.android.music.VideoBrowserActivity,performDestroy]
11-05 02:14:46.702 10347 10347 I wm_on_create_called: [209208139,com.android.music.VideoBrowserActivity,performCreate]
11-05 02:14:46.703 10347 10347 I wm_on_start_called: [209208139,com.android.music.VideoBrowserActivity,handleStartActivity]
11-05 02:14:46.705 10347 10347 I wm_on_resume_called: [209208139,com.android.music.VideoBrowserActivity,RESUME_ACTIVITY]
11-05 02:14:46.705 10347 10347 I wm_on_top_resumed_gained_called: [209208139,com.android.music.VideoBrowserActivity,topWhenResuming]
11-05 02:14:47.080 1507 1628 I wm_stop_activity: [0,94458931,com.android.launcher3/.uioverrides.QuickstepLauncher]
11-05 02:14:47.115 2835 2835 I wm_on_paused_called: [94458931,com.android.launcher3.uioverrides.QuickstepLauncher,performPause]
11-05 02:14:47.118 2835 2835 I wm_on_stop_called: [94458931,com.android.launcher3.uioverrides.QuickstepLauncher,STOP_ACTIVITY_ITEM]
11-05 02:14:49.133 1507 1596 I wm_task_moved: [1,0,0]
11-05 02:14:49.134 1507 1596 I wm_task_moved: [1,0,7]
11-05 02:14:49.147 2835 2835 I wm_on_restart_called: [94458931,com.android.launcher3.uioverrides.QuickstepLauncher,performRestartActivity]
11-05 02:14:49.170 2835 2835 I wm_on_start_called: [94458931,com.android.launcher3.uioverrides.QuickstepLauncher,handleStartActivity]
11-05 02:14:49.190 1507 1625 I sysui_multi_action: [319,14,322,52,325,3763,757,761,758,9,759,5,806,com.android.launcher3,871,com.android.launcher3.uioverrides.QuickstepLauncher,905,0,1320,4,1321,1]
11-05 02:14:49.283 1507 2002 I input_interaction: Interaction with: edge-swipe (server), swipe-up (server), PointerEventDispatcher0 (server),
11-05 02:14:49.283 2835 2835 I sysui_latency: [1,65]
11-05 02:14:49.283 10347 10347 I view_enqueue_input_event: [Motion - Cancel,com.android.music/com.android.music.VideoBrowserActivity]
11-05 02:14:49.294 1507 1629 I input_focus: [Focus request recents_animation_input_consumer,reason=UpdateInputWindows]
11-05 02:14:49.318 1507 2002 I input_focus: [Focus leaving 46ab7d4 com.android.music/com.android.music.VideoBrowserActivity (server),reason=NOT_FOCUSABLE]
11-05 02:14:49.318 1507 2002 I input_focus: [Focus entering recents_animation_input_consumer (server),reason=setFocusedWindow]
11-05 02:14:49.381 1507 1751 I commit_sys_config_file: [settings-1-0,12]
11-05 02:14:49.486 1507 1642 I sysui_latency: [8,65]
11-05 02:14:49.612 1507 1596 I wm_task_moved: [1,0,7]
11-05 02:14:49.613 1507 1596 I wm_add_to_stopping: [0,94458931,com.android.launcher3/.uioverrides.QuickstepLauncher,makeInvisible]
11-05 02:14:49.622 1507 1628 I wm_stop_activity: [0,94458931,com.android.launcher3/.uioverrides.QuickstepLauncher]
11-05 02:14:49.623 1507 1629 I input_focus: [Focus request 46ab7d4 com.android.music/com.android.music.VideoBrowserActivity,reason=UpdateInputWindows]
11-05 02:14:49.637 1507 2002 I input_focus: [Focus leaving recents_animation_input_consumer (server),reason=NOT_VISIBLE]
11-05 02:14:49.637 1507 2002 I input_focus: [Focus entering 46ab7d4 com.android.music/com.android.music.VideoBrowserActivity (server),reason=setFocusedWindow]
11-05 02:14:49.680 2835 2835 I wm_on_stop_called: [94458931,com.android.launcher3.uioverrides.QuickstepLauncher,STOP_ACTIVITY_ITEM]
11-05 02:14:49.874 1507 1751 I commit_sys_config_file: [settings-1-0,7]
11-05 02:14:57.973 1507 2002 I input_interaction: Interaction with: 46ab7d4 com.android.music/com.android.music.VideoBrowserActivity (server), edge-swipe (server), swipe-up (server), PointerEventDispatcher0 (server),
11-05 02:14:57.989 1507 1596 I wm_task_moved: [1,0,0]
11-05 02:14:57.990 1507 1596 I wm_task_moved: [1,0,7]
11-05 02:14:57.998 2835 2835 I wm_on_restart_called: [94458931,com.android.launcher3.uioverrides.QuickstepLauncher,performRestartActivity]
11-05 02:14:58.014 2835 2835 I wm_on_start_called: [94458931,com.android.launcher3.uioverrides.QuickstepLauncher,handleStartActivity]
11-05 02:14:58.051 1507 1625 I sysui_multi_action: [319,12,322,48,325,3772,757,761,758,9,759,5,806,com.android.launcher3,871,com.android.launcher3.uioverrides.QuickstepLauncher,905,0,1320,4,1321,1]
11-05 02:14:58.147 10347 10347 I view_enqueue_input_event: [Motion - Cancel,com.android.music/com.android.music.VideoBrowserActivity]
11-05 02:14:58.148 2835 2835 I sysui_latency: [1,53]
11-05 02:14:58.160 1507 1629 I input_focus: [Focus request recents_animation_input_consumer,reason=UpdateInputWindows]
11-05 02:14:58.165 1507 2002 I input_interaction: Interaction with: edge-swipe (server), swipe-up (server), PointerEventDispatcher0 (server),
11-05 02:14:58.189 1507 2002 I input_focus: [Focus leaving 46ab7d4 com.android.music/com.android.music.VideoBrowserActivity (server),reason=NOT_FOCUSABLE]
11-05 02:14:58.189 1507 2002 I input_focus: [Focus entering recents_animation_input_consumer (server),reason=setFocusedWindow]
11-05 02:14:58.221 1507 1751 I commit_sys_config_file: [settings-1-0,7]
11-05 02:14:58.339 1507 1642 I sysui_latency: [8,58]
11-05 02:14:59.015 1507 1751 I commit_sys_config_file: [settings-1-0,5]
11-05 02:14:59.637 1507 2002 I input_interaction: Interaction with: 2395a3e com.android.launcher3/com.android.launcher3.uioverrides.QuickstepLauncher (server), edge-swipe (server), swipe-up (server), PointerEventDispatcher0 (server),
11-05 02:15:00.209 1507 1596 I wm_task_moved: [1,1,8]
11-05 02:15:00.212 1507 1596 I wm_task_moved: [10,1,2147483647]
11-05 02:15:00.212 1507 1596 I wm_task_to_front: [0,10]
11-05 02:15:00.212 1507 1596 I wm_focused_root_task: [0,0,1,118,RecentsAnimation.onAnimationFinished()]
11-05 02:15:00.212 1507 1596 I wm_set_resumed_activity: [0,com.android.launcher3/.uioverrides.QuickstepLauncher,RecentsAnimation.onAnimationFinished()]
11-05 02:15:00.213 10347 10347 I wm_on_top_resumed_lost_called: [209208139,com.android.music.VideoBrowserActivity,topStateChangedWhenResumed]
11-05 02:15:00.214 1507 1596 I wm_pause_activity: [0,209208139,com.android.music/.VideoBrowserActivity,userLeaving=true,pauseBackTasks]
11-05 02:15:00.216 1507 1596 I wm_add_to_stopping: [0,209208139,com.android.music/.VideoBrowserActivity,makeInvisible]
11-05 02:15:00.216 1507 1596 I wm_set_resumed_activity: [0,com.android.launcher3/.uioverrides.QuickstepLauncher,resumeTopActivityInnerLocked]
11-05 02:15:00.218 1507 1596 I wm_resume_activity: [0,94458931,10,com.android.launcher3/.uioverrides.QuickstepLauncher]
11-05 02:15:00.222 2835 2835 I wm_on_resume_called: [94458931,com.android.launcher3.uioverrides.QuickstepLauncher,RESUME_ACTIVITY]
11-05 02:15:00.227 10347 10347 I wm_on_paused_called: [209208139,com.android.music.VideoBrowserActivity,performPause]
11-05 02:15:00.231 2835 2835 I wm_on_top_resumed_gained_called: [94458931,com.android.launcher3.uioverrides.QuickstepLauncher,topStateChangedWhenResumed]
11-05 02:15:00.231 1507 1629 I input_focus: [Focus request 2395a3e com.android.launcher3/com.android.launcher3.uioverrides.QuickstepLauncher,reason=UpdateInputWindows]
11-05 02:15:00.234 1507 1628 I wm_stop_activity: [0,209208139,com.android.music/.VideoBrowserActivity]
11-05 02:15:00.237 1507 1628 I sysui_multi_action: [757,803,799,window_time_0,802,17]
11-05 02:15:00.238 1507 1628 I sysui_multi_action: [757,803,799,window_time_0,802,0]
11-05 02:15:00.246 1507 2002 I input_focus: [Focus leaving recents_animation_input_consumer (server),reason=NOT_VISIBLE]
11-05 02:15:00.246 1507 2002 I input_focus: [Focus entering 2395a3e com.android.launcher3/com.android.launcher3.uioverrides.QuickstepLauncher (server),reason=setFocusedWindow]
11-05 02:15:00.262 10347 10347 I wm_on_stop_called: [209208139,com.android.music.VideoBrowserActivity,STOP_ACTIVITY_ITEM]
11-05 02:15:00.269 1507 1642 I am_pss : [11539,10063,com.android.calendar,6673408,4796416,0,91721728,0,19,6]
11-05 02:15:00.979 1507 2002 I input_interaction: Interaction with: 2395a3e com.android.launcher3/com.android.launcher3.uioverrides.QuickstepLauncher (server), ef1bc93 com.android.systemui.ImageWallpaper (server), edge-swipe (server), swipe-up (server), PointerEventDispatcher0 (server),
11-05 02:15:01.154 2835 2835 I view_enqueue_input_event: [Motion - Cancel,com.android.launcher3/com.android.launcher3.uioverrides.QuickstepLauncher]
11-05 02:15:01.163 1507 2002 I input_interaction: Interaction with: edge-swipe (server), swipe-up (server), PointerEventDispatcher0 (server),
11-05 02:15:01.334 1507 1751 I commit_sys_config_file: [settings-1-0,5]
11-05 02:15:01.741 1507 1751 I commit_sys_config_file: [settings-1-0,9]
11-05 02:15:01.982 1507 2002 I input_interaction: Interaction with: 2395a3e com.android.launcher3/com.android.launcher3.uioverrides.QuickstepLauncher (server), ef1bc93 com.android.systemui.ImageWallpaper (server), edge-swipe (server), swipe-up (server), PointerEventDispatcher0 (server),
11-05 02:15:02.089 2835 2835 I view_enqueue_input_event: [Motion - Cancel,com.android.launcher3/com.android.launcher3.uioverrides.QuickstepLauncher]
11-05 02:15:02.094 1507 2002 I input_interaction: Interaction with: edge-swipe (server), swipe-up (server), PointerEventDispatcher0 (server),
11-05 02:15:02.270 1507 1751 I commit_sys_config_file: [settings-1-0,4]
11-05 02:15:02.579 1507 1751 I commit_sys_config_file: [settings-1-0,4]
11-05 02:15:03.266 1507 2002 I input_interaction: Interaction with: 2395a3e com.android.launcher3/com.android.launcher3.uioverrides.QuickstepLauncher (server), ef1bc93 com.android.systemui.ImageWallpaper (server), edge-swipe (server), swipe-up (server), PointerEventDispatcher0 (server),
11-05 02:15:03.768 1507 2410 I wm_finish_activity: [0,76814250,116,com.android.deskclock/.DeskClock,recent-task-trimmed]
11-05 02:15:03.772 1507 2410 I wm_destroy_activity: [0,76814250,116,com.android.deskclock/.DeskClock,finish-imm:finishIfPossible]
11-05 02:15:03.775 1507 2410 I wm_finish_activity: [0,209208139,118,com.android.music/.VideoBrowserActivity,recent-task-trimmed]
11-05 02:15:03.776 1507 2410 I wm_destroy_activity: [0,209208139,118,com.android.music/.VideoBrowserActivity,finish-imm:finishIfPossible]
11-05 02:15:03.779 1507 1628 I sysui_multi_action: [757,803,799,window_time_0,802,4]
11-05 02:15:03.783 1507 1628 I am_kill : [0,10347,com.android.music,905,remove task]
11-05 02:15:03.788 1507 1628 I sysui_multi_action: [757,803,799,window_time_0,802,0]
11-05 02:15:03.792 5990 5990 I wm_on_destroy_called: [76814250,com.android.deskclock.DeskClock,performDestroy]
11-05 02:15:03.797 1507 1777 I wm_task_removed: [116,removeChild:removeChild last r=ActivityRecord{49417aa u0 com.android.deskclock/.DeskClock t-1 f}} in t=Task{2780a95 #116 type=standard A=10065:com.android.deskclock U=0 visible=false mode=fullscreen translucent=true sz=0}]
11-05 02:15:03.797 1507 1777 I wm_task_removed: [116,removeChild]
11-05 02:15:03.838 1507 1777 I am_proc_died: [0,10347,com.android.music,905,19]
11-05 02:15:03.840 1507 1777 I am_uid_stopped: 10090
11-05 02:15:03.841 1507 1777 I wm_task_removed: [118,removeChild:removeChild last r=ActivityRecord{c78434b u0 com.android.music/.VideoBrowserActivity t-1 f}} in t=Task{8e30c1a #118 type=standard A=10090:android.task.video U=0 visible=false mode=fullscreen translucent=true sz=0}]
11-05 02:15:03.841 1507 1777 I wm_task_removed: [118,removeChild]
11-05 02:15:03.846 1507 1628 I am_uid_running: 10090
11-05 02:15:03.858 1507 1646 I am_proc_start: [0,11607,10090,com.android.music,NULL,]
11-05 02:15:03.888 1507 5989 I am_proc_bound: [0,11607,com.android.music]
11-05 02:15:04.538 1507 5662 I wm_task_created: [119,-1]
11-05 02:15:04.542 1507 5662 I wm_task_moved: [119,1,7]
11-05 02:15:04.542 1507 5662 I wm_task_to_front: [0,119]
11-05 02:15:04.542 1507 5662 I wm_create_task: [0,119]
11-05 02:15:04.542 1507 5662 I wm_create_activity: [0,150874764,119,com.android.music/.MusicBrowserActivity,NULL,NULL,NULL,268468224]
11-05 02:15:04.542 1507 5662 I wm_task_moved: [119,1,7]
11-05 02:15:04.545 1507 5662 I wm_restart_activity: [0,150874764,119,com.android.music/.MusicBrowserActivity]
11-05 02:15:04.547 1507 5662 I wm_set_resumed_activity: [0,com.android.music/.MusicBrowserActivity,minimalResumeActivityLocked]
11-05 02:15:04.551 1507 1628 I am_uid_active: 10090
11-05 02:15:04.556 2835 2835 I wm_on_top_resumed_lost_called: [94458931,com.android.launcher3.uioverrides.QuickstepLauncher,topStateChangedWhenResumed]
11-05 02:15:04.614 11607 11607 I wm_on_create_called: [150874764,com.android.music.MusicBrowserActivity,performCreate]
11-05 02:15:04.622 11607 11607 I wm_on_start_called: [150874764,com.android.music.MusicBrowserActivity,handleStartActivity]
11-05 02:15:04.623 11607 11607 I wm_on_resume_called: [150874764,com.android.music.MusicBrowserActivity,RESUME_ACTIVITY]
11-05 02:15:04.627 11607 11607 I wm_on_top_resumed_gained_called: [150874764,com.android.music.MusicBrowserActivity,topStateChangedWhenResumed]
11-05 02:15:04.719 1507 5989 I sysui_multi_action: [757,856,758,1,806,com.android.music,857,Channel-music,858,2]
11-05 02:15:04.741 1507 1507 I notification_enqueue: [10090,11607,com.android.music,1,NULL,0,Notification(channel=Channel-music shortcut=null contentView=null vibrate=null sound=null defaults=0x0 flags=0x0 color=0x00000000 category=transport actions=3 vis=PRIVATE),0]
11-05 02:15:04.747 1507 1507 I notification_enqueue: [10090,11607,com.android.music,1,NULL,0,Notification(channel=Channel-music shortcut=null contentView=null vibrate=null sound=null defaults=0x0 flags=0x40 color=0x00000000 category=transport actions=3 vis=PRIVATE),0]
11-05 02:15:04.764 1507 1507 I notification_enqueue: [10090,11607,com.android.music,1,NULL,0,Notification(channel=Channel-music shortcut=null contentView=null vibrate=null sound=null defaults=0x0 flags=0x40 color=0x00000000 category=transport actions=3 vis=PRIVATE),0]
11-05 02:15:04.767 1507 1507 I notification_enqueue: [10090,11607,com.android.music,1,NULL,0,Notification(channel=Channel-music shortcut=null contentView=null vibrate=null sound=null defaults=0x0 flags=0x40 color=0x00000000 category=transport actions=3 vis=PRIVATE),0]
11-05 02:15:04.784 1507 1507 I notification_enqueue: [10090,11607,com.android.music,1,NULL,0,Notification(channel=Channel-music shortcut=null contentView=null vibrate=null sound=null defaults=0x0 flags=0x40 color=0x00000000 category=transport actions=3 vis=PRIVATE),0]
11-05 02:15:04.789 1507 1507 I notification_enqueue: [10090,11607,com.android.music,1,NULL,0,Notification(channel=Channel-music shortcut=null contentView=null vibrate=null sound=null defaults=0x0 flags=0x40 color=0x00000000 category=transport actions=3 vis=PRIVATE),0]
11-05 02:15:04.801 1507 1629 I input_focus: [Focus request 36014bb com.android.music/com.android.music.MusicBrowserActivity,reason=UpdateInputWindows]
11-05 02:15:04.826 1507 2002 I input_focus: [Focus leaving 2395a3e com.android.launcher3/com.android.launcher3.uioverrides.QuickstepLauncher (server),reason=Waiting for window because NOT_VISIBLE]
11-05 02:15:04.844 1507 1625 I sysui_multi_action: [319,304,322,303,325,3779,757,761,758,8,759,2,806,com.android.music,871,com.android.music.MusicBrowserActivity,904,com.android.launcher3,905,0,1320,4,1321,1]
11-05 02:15:04.849 1507 1625 I wm_activity_launch_time: [0,150874764,com.android.music/.MusicBrowserActivity,303]
11-05 02:15:04.856 1507 2002 I input_focus: [Focus entering 36014bb com.android.music/com.android.music.MusicBrowserActivity (server),reason=Window became focusable. Previous reason: NOT_VISIBLE]
11-05 02:15:04.943 1507 1507 I sysui_multi_action: [757,1501,758,1,793,203,794,0,795,203,796,1,806,com.android.music,857,Channel-music,858,2,947,0,1500,0,1641,transport,1688,1,1745,1043716538]
11-05 02:15:04.944 1507 1507 I sysui_multi_action: [757,804,799,note_interruptive,801,0,802,1]
11-05 02:15:04.978 1507 1627 I commit_sys_config_file: [notification-policy,3755292]
11-05 02:15:05.011 1507 1507 I sysui_multi_action: [757,128,758,5,759,8,793,379910,794,0,795,379910,796,1,797,empty_media,806,com.android.systemui,857,empty_media_style_id,858,4,947,0,1500,379706,1641,transport,1688,1,1745,1043716538]
11-05 02:15:05.012 1507 1507 I notification_canceled: [0|com.android.systemui|1|empty_media|10081,8,379910,379910,0,-1,-1,NULL]
11-05 02:15:05.866 1507 2002 I input_interaction: Interaction with: 36014bb com.android.music/com.android.music.MusicBrowserActivity (server), edge-swipe (server), swipe-up (server), PointerEventDispatcher0 (server),
11-05 02:15:06.002 1507 2980 I wm_relaunch_resume_activity: [0,150874764,119,com.android.music/.MusicBrowserActivity]
11-05 02:15:06.002 1507 2980 I wm_add_to_stopping: [0,94458931,com.android.launcher3/.uioverrides.QuickstepLauncher,makeInvisible]
11-05 02:15:06.007 11607 11607 I wm_on_top_resumed_lost_called: [150874764,com.android.music.MusicBrowserActivity,pausing]
11-05 02:15:06.008 11607 11607 I wm_on_paused_called: [150874764,com.android.music.MusicBrowserActivity,performPause]
11-05 02:15:06.015 11607 11607 I wm_on_stop_called: [150874764,com.android.music.MusicBrowserActivity,handleRelaunchActivity]
11-05 02:15:06.022 11607 11607 I wm_on_destroy_called: [150874764,com.android.music.MusicBrowserActivity,performDestroy]
11-05 02:15:06.053 11607 11607 I wm_on_create_called: [150874764,com.android.music.MusicBrowserActivity,performCreate]
11-05 02:15:06.063 11607 11607 I wm_on_start_called: [150874764,com.android.music.MusicBrowserActivity,handleStartActivity]
11-05 02:15:06.064 11607 11607 I wm_on_resume_called: [150874764,com.android.music.MusicBrowserActivity,RESUME_ACTIVITY]
11-05 02:15:06.064 11607 11607 I wm_on_top_resumed_gained_called: [150874764,com.android.music.MusicBrowserActivity,topWhenResuming]
11-05 02:15:06.092 1507 1507 I notification_enqueue: [10090,11607,com.android.music,1,NULL,0,Notification(channel=Channel-music shortcut=null contentView=null vibrate=null sound=null defaults=0x0 flags=0x40 color=0x00000000 category=transport actions=3 vis=PRIVATE),1]
11-05 02:15:06.095 1507 1507 I notification_enqueue: [10090,11607,com.android.music,1,NULL,0,Notification(channel=Channel-music shortcut=null contentView=null vibrate=null sound=null defaults=0x0 flags=0x40 color=0x00000000 category=transport actions=3 vis=PRIVATE),1]
11-05 02:15:06.112 1507 1507 I notification_enqueue: [10090,11607,com.android.music,1,NULL,0,Notification(channel=Channel-music shortcut=null contentView=null vibrate=null sound=null defaults=0x0 flags=0x40 color=0x00000000 category=transport actions=3 vis=PRIVATE),1]
11-05 02:15:06.117 1507 1507 I notification_enqueue: [10090,11607,com.android.music,1,NULL,0,Notification(channel=Channel-music shortcut=null contentView=null vibrate=null sound=null defaults=0x0 flags=0x40 color=0x00000000 category=transport actions=3 vis=PRIVATE),1]
11-05 02:15:06.132 1507 1507 I notification_enqueue: [10090,11607,com.android.music,1,NULL,0,Notification(channel=Channel-music shortcut=null contentView=null vibrate=null sound=null defaults=0x0 flags=0x40 color=0x00000000 category=transport actions=3 vis=PRIVATE),1]
11-05 02:15:06.134 1507 1507 I notification_enqueue: [10090,11607,com.android.music,1,NULL,0,Notification(channel=Channel-music shortcut=null contentView=null vibrate=null sound=null defaults=0x0 flags=0x40 color=0x00000000 category=transport actions=3 vis=PRIVATE),1]
11-05 02:15:06.426 1507 1628 I wm_stop_activity: [0,94458931,com.android.launcher3/.uioverrides.QuickstepLauncher]
11-05 02:15:06.460 2835 2835 I wm_on_paused_called: [94458931,com.android.launcher3.uioverrides.QuickstepLauncher,performPause]
11-05 02:15:06.463 2835 2835 I wm_on_stop_called: [94458931,com.android.launcher3.uioverrides.QuickstepLauncher,STOP_ACTIVITY_ITEM]
11-05 02:15:07.997 1507 6558 I wm_task_moved: [1,0,0]
11-05 02:15:07.998 1507 6558 I wm_task_moved: [1,0,6]
11-05 02:15:08.009 2835 2835 I wm_on_restart_called: [94458931,com.android.launcher3.uioverrides.QuickstepLauncher,performRestartActivity]
11-05 02:15:08.023 2835 2835 I wm_on_start_called: [94458931,com.android.launcher3.uioverrides.QuickstepLauncher,handleStartActivity]
11-05 02:15:08.048 1507 1625 I sysui_multi_action: [319,15,322,45,325,3782,757,761,758,9,759,5,806,com.android.launcher3,871,com.android.launcher3.uioverrides.QuickstepLauncher,905,0,1320,4,1321,1]
11-05 02:15:08.103 11607 11607 I view_enqueue_input_event: [Motion - Cancel,com.android.music/com.android.music.MusicBrowserActivity]
11-05 02:15:08.104 2835 2835 I sysui_latency: [1,67]
11-05 02:15:08.110 1507 1629 I input_focus: [Focus request recents_animation_input_consumer,reason=UpdateInputWindows]
11-05 02:15:08.116 1507 2002 I input_interaction: Interaction with: edge-swipe (server), swipe-up (server), PointerEventDispatcher0 (server),
11-05 02:15:08.129 1507 2002 I input_focus: [Focus leaving 36014bb com.android.music/com.android.music.MusicBrowserActivity (server),reason=NOT_FOCUSABLE]
11-05 02:15:08.129 1507 2002 I input_focus: [Focus entering recents_animation_input_consumer (server),reason=setFocusedWindow]
11-05 02:15:08.226 1507 1751 I commit_sys_config_file: [settings-1-0,3]
11-05 02:15:08.344 1507 1642 I sysui_latency: [8,67]
11-05 02:15:08.607 1507 1777 I wm_task_moved: [1,0,6]
11-05 02:15:08.609 1507 1777 I wm_add_to_stopping: [0,94458931,com.android.launcher3/.uioverrides.QuickstepLauncher,makeInvisible]
11-05 02:15:08.618 1507 1629 I input_focus: [Focus request 36014bb com.android.music/com.android.music.MusicBrowserActivity,reason=UpdateInputWindows]
11-05 02:15:08.619 1507 1628 I wm_stop_activity: [0,94458931,com.android.launcher3/.uioverrides.QuickstepLauncher]
11-05 02:15:08.630 1507 2002 I input_focus: [Focus leaving recents_animation_input_consumer (server),reason=NOT_VISIBLE]
11-05 02:15:08.631 1507 2002 I input_focus: [Focus entering 36014bb com.android.music/com.android.music.MusicBrowserActivity (server),reason=setFocusedWindow]
11-05 02:15:08.652 2835 2835 I wm_on_stop_called: [94458931,com.android.launcher3.uioverrides.QuickstepLauncher,STOP_ACTIVITY_ITEM]
11-05 02:15:08.850 1507 1751 I commit_sys_config_file: [settings-1-0,5]
11-05 02:15:09.262 1507 2002 I input_interaction: Interaction with: 36014bb com.android.music/com.android.music.MusicBrowserActivity (server), edge-swipe (server), swipe-up (server), PointerEventDispatcher0 (server),
11-05 02:15:09.278 1507 2980 I wm_task_moved: [1,0,0]
11-05 02:15:09.279 1507 2980 I wm_task_moved: [1,0,6]
11-05 02:15:09.301 2835 2835 I wm_on_restart_called: [94458931,com.android.launcher3.uioverrides.QuickstepLauncher,performRestartActivity]
11-05 02:15:09.316 2835 2835 I wm_on_start_called: [94458931,com.android.launcher3.uioverrides.QuickstepLauncher,handleStartActivity]
11-05 02:15:09.343 1507 1625 I sysui_multi_action: [319,16,322,57,325,3783,757,761,758,9,759,5,806,com.android.launcher3,871,com.android.launcher3.uioverrides.QuickstepLauncher,905,0,1320,4,1321,1]
11-05 02:15:09.346 1507 2002 I input_interaction: Interaction with: edge-swipe (server), swipe-up (server), PointerEventDispatcher0 (server),
11-05 02:15:09.347 11607 11607 I view_enqueue_input_event: [Motion - Cancel,com.android.music/com.android.music.MusicBrowserActivity]
11-05 02:15:09.347 2835 2835 I sysui_latency: [1,66]
11-05 02:15:09.351 1507 1629 I input_focus: [Focus request recents_animation_input_consumer,reason=UpdateInputWindows]
11-05 02:15:09.382 1507 2002 I input_focus: [Focus leaving 36014bb com.android.music/com.android.music.MusicBrowserActivity (server),reason=NOT_FOCUSABLE]
11-05 02:15:09.382 1507 2002 I input_focus: [Focus entering recents_animation_input_consumer (server),reason=setFocusedWindow]
11-05 02:15:09.525 1507 1751 I commit_sys_config_file: [settings-1-0,10]
11-05 02:15:09.635 1507 1642 I sysui_latency: [8,67]
11-05 02:15:10.277 1507 1751 I commit_sys_config_file: [settings-1-0,7]
11-05 02:15:10.540 1507 2002 I input_interaction: Interaction with: 2395a3e com.android.launcher3/com.android.launcher3.uioverrides.QuickstepLauncher (server), edge-swipe (server), swipe-up (server), PointerEventDispatcher0 (server),
11-05 02:15:10.979 1507 2980 I wm_task_moved: [1,1,7]
11-05 02:15:10.991 1507 2980 I wm_focused_root_task: [0,0,1,119,RecentsAnimation.onAnimationFinished()]
11-05 02:15:10.991 11607 11607 I wm_on_top_resumed_lost_called: [150874764,com.android.music.MusicBrowserActivity,topStateChangedWhenResumed]
