11-05 02:05:00.186 1507 2002 I input_focus: [Focus entering recents_animation_input_consumer (server),reason=setFocusedWindow]
11-05 02:05:00.330 1507 1751 I commit_sys_config_file: [settings-1-0,13]
11-05 02:05:00.431 1507 1642 I sysui_latency: [8,82]
11-05 02:05:00.970 1507 2721 I wm_task_moved: [1,1,7]
11-05 02:05:00.972 1507 2721 I wm_task_moved: [10,1,2147483647]
11-05 02:05:00.972 1507 2721 I wm_task_to_front: [0,10]
11-05 02:05:00.972 1507 2721 I wm_focused_root_task: [0,0,1,111,RecentsAnimation.onAnimationFinished()]
11-05 02:05:00.972 10347 10347 I wm_on_top_resumed_lost_called: [52348485,com.android.music.MusicBrowserActivity,topStateChangedWhenResumed]
11-05 02:05:00.973 1507 2721 I wm_set_resumed_activity: [0,com.android.launcher3/.uioverrides.QuickstepLauncher,RecentsAnimation.onAnimationFinished()]
11-05 02:05:00.975 1507 2721 I wm_pause_activity: [0,52348485,com.android.music/.MusicBrowserActivity,userLeaving=true,pauseBackTasks]
11-05 02:05:00.976 1507 2721 I wm_add_to_stopping: [0,52348485,com.android.music/.MusicBrowserActivity,makeInvisible]
11-05 02:05:00.977 1507 2721 I wm_set_resumed_activity: [0,com.android.launcher3/.uioverrides.QuickstepLauncher,resumeTopActivityInnerLocked]
11-05 02:05:00.978 1507 2721 I wm_resume_activity: [0,94458931,10,com.android.launcher3/.uioverrides.QuickstepLauncher]
11-05 02:05:00.979 2835 2835 I wm_on_resume_called: [94458931,com.android.launcher3.uioverrides.QuickstepLauncher,RESUME_ACTIVITY]
11-05 02:05:00.986 1507 1629 I input_focus: [Focus request 2395a3e com.android.launcher3/com.android.launcher3.uioverrides.QuickstepLauncher,reason=UpdateInputWindows]
11-05 02:05:00.987 10347 10347 I wm_on_paused_called: [52348485,com.android.music.MusicBrowserActivity,performPause]
11-05 02:05:00.988 2835 2835 I wm_on_top_resumed_gained_called: [94458931,com.android.launcher3.uioverrides.QuickstepLauncher,topStateChangedWhenResumed]
11-05 02:05:00.996 1507 5662 I wm_stop_activity: [0,52348485,com.android.music/.MusicBrowserActivity]
11-05 02:05:01.000 1507 1628 I sysui_multi_action: [757,803,799,window_time_0,802,14]
11-05 02:05:01.002 1507 1628 I sysui_multi_action: [757,803,799,window_time_0,802,0]
11-05 02:05:01.006 1507 2002 I input_focus: [Focus leaving recents_animation_input_consumer (server),reason=NOT_VISIBLE]
11-05 02:05:01.007 1507 2002 I input_focus: [Focus entering 2395a3e com.android.launcher3/com.android.launcher3.uioverrides.QuickstepLauncher (server),reason=setFocusedWindow]
11-05 02:05:01.030 10347 10347 I wm_on_stop_called: [52348485,com.android.music.MusicBrowserActivity,STOP_ACTIVITY_ITEM]
11-05 02:05:38.387 1507 1645 I am_uid_idle: 10043
11-05 02:05:53.265 1507 1666 I sysui_multi_action: [757,1696,758,6,759,2]
11-05 02:05:53.272 1507 1645 I am_wtf : [0,1507,system_server,-1,DisplayDeviceConfig,requesting nits when no mapping exists.]
11-05 02:05:53.278 1507 1645 I am_wtf : [0,1507,system_server,-1,DisplayDeviceConfig,requesting nits when no mapping exists.]
11-05 02:05:53.289 1507 1645 I am_wtf : [0,1507,system_server,-1,DisplayDeviceConfig,requesting nits when no mapping exists.]
11-05 02:05:53.291 1507 1645 I am_wtf : [0,1507,system_server,-1,DisplayDeviceConfig,requesting nits when no mapping exists.]
11-05 02:05:53.304 1507 1645 I am_wtf : [0,1507,system_server,-1,DisplayDeviceConfig,requesting nits when no mapping exists.]
11-05 02:05:53.306 1507 1645 I am_wtf : [0,1507,system_server,-1,DisplayDeviceConfig,requesting nits when no mapping exists.]
11-05 02:05:53.310 1507 1645 I am_wtf : [0,1507,system_server,-1,DisplayDeviceConfig,requesting nits when no mapping exists.]
11-05 02:05:53.311 1507 1645 I am_wtf : [0,1507,system_server,-1,DisplayDeviceConfig,requesting nits when no mapping exists.]
11-05 02:05:53.327 1507 1645 I am_wtf : [0,1507,system_server,-1,DisplayDeviceConfig,requesting nits when no mapping exists.]
11-05 02:05:53.329 1507 1645 I am_wtf : [0,1507,system_server,-1,DisplayDeviceConfig,requesting nits when no mapping exists.]
11-05 02:05:53.344 1507 1645 I am_wtf : [0,1507,system_server,-1,DisplayDeviceConfig,requesting nits when no mapping exists.]
11-05 02:05:53.345 1507 1645 I am_wtf : [0,1507,system_server,-1,DisplayDeviceConfig,requesting nits when no mapping exists.]
11-05 02:05:53.360 1507 1645 I am_wtf : [0,1507,system_server,-1,DisplayDeviceConfig,requesting nits when no mapping exists.]
11-05 02:05:53.362 1507 1645 I am_wtf : [0,1507,system_server,-1,DisplayDeviceConfig,requesting nits when no mapping exists.]
11-05 02:05:53.377 1507 1645 I am_wtf : [0,1507,system_server,-1,DisplayDeviceConfig,requesting nits when no mapping exists.]
11-05 02:05:53.378 1507 1645 I am_wtf : [0,1507,system_server,-1,DisplayDeviceConfig,requesting nits when no mapping exists.]
11-05 02:05:53.394 1507 1645 I am_wtf : [0,1507,system_server,-1,DisplayDeviceConfig,requesting nits when no mapping exists.]
11-05 02:05:53.395 1507 1645 I am_wtf : [0,1507,system_server,-1,DisplayDeviceConfig,requesting nits when no mapping exists.]
11-05 02:05:53.411 1507 1645 I am_wtf : [0,1507,system_server,-1,DisplayDeviceConfig,requesting nits when no mapping exists.]
11-05 02:05:53.412 1507 1645 I am_wtf : [0,1507,system_server,-1,DisplayDeviceConfig,requesting nits when no mapping exists.]
11-05 02:05:53.427 1507 1645 I am_wtf : [0,1507,system_server,-1,DisplayDeviceConfig,requesting nits when no mapping exists.]
11-05 02:05:53.429 1507 1645 I am_wtf : [0,1507,system_server,-1,DisplayDeviceConfig,requesting nits when no mapping exists.]
11-05 02:05:53.444 1507 1645 I am_wtf : [0,1507,system_server,-1,DisplayDeviceConfig,requesting nits when no mapping exists.]
11-05 02:05:53.445 1507 1645 I am_wtf : [0,1507,system_server,-1,DisplayDeviceConfig,requesting nits when no mapping exists.]
11-05 02:05:53.461 1507 1645 I am_wtf : [0,1507,system_server,-1,DisplayDeviceConfig,requesting nits when no mapping exists.]
11-05 02:05:53.462 1507 1645 I am_wtf : [0,1507,system_server,-1,DisplayDeviceConfig,requesting nits when no mapping exists.]
11-05 02:05:53.477 1507 1645 I am_wtf : [0,1507,system_server,-1,DisplayDeviceConfig,requesting nits when no mapping exists.]
11-05 02:05:53.478 1507 1645 I am_wtf : [0,1507,system_server,-1,DisplayDeviceConfig,requesting nits when no mapping exists.]
11-05 02:05:53.494 1507 1645 I am_wtf : [0,1507,system_server,-1,DisplayDeviceConfig,requesting nits when no mapping exists.]
11-05 02:05:53.496 1507 1645 I am_wtf : [0,1507,system_server,-1,DisplayDeviceConfig,requesting nits when no mapping exists.]
11-05 02:05:53.511 1507 1645 I am_wtf : [0,1507,system_server,-1,DisplayDeviceConfig,requesting nits when no mapping exists.]
11-05 02:05:53.512 1507 1645 I am_wtf : [0,1507,system_server,-1,DisplayDeviceConfig,requesting nits when no mapping exists.]
11-05 02:05:53.528 1507 1645 I am_wtf : [0,1507,system_server,-1,DisplayDeviceConfig,requesting nits when no mapping exists.]
11-05 02:05:53.529 1507 1645 I am_wtf : [0,1507,system_server,-1,DisplayDeviceConfig,requesting nits when no mapping exists.]
11-05 02:05:53.544 1507 1645 I am_wtf : [0,1507,system_server,-1,DisplayDeviceConfig,requesting nits when no mapping exists.]
11-05 02:05:53.545 1507 1645 I am_wtf : [0,1507,system_server,-1,DisplayDeviceConfig,requesting nits when no mapping exists.]
11-05 02:05:53.561 1507 1645 I am_wtf : [0,1507,system_server,-1,DisplayDeviceConfig,requesting nits when no mapping exists.]
11-05 02:05:53.562 1507 1645 I am_wtf : [0,1507,system_server,-1,DisplayDeviceConfig,requesting nits when no mapping exists.]
11-05 02:05:53.577 1507 1645 I am_wtf : [0,1507,system_server,-1,DisplayDeviceConfig,requesting nits when no mapping exists.]
11-05 02:05:53.578 1507 1645 I am_wtf : [0,1507,system_server,-1,DisplayDeviceConfig,requesting nits when no mapping exists.]
11-05 02:05:53.595 1507 1645 I am_wtf : [0,1507,system_server,-1,DisplayDeviceConfig,requesting nits when no mapping exists.]
11-05 02:05:53.596 1507 1645 I am_wtf : [0,1507,system_server,-1,DisplayDeviceConfig,requesting nits when no mapping exists.]
11-05 02:05:53.612 1507 1645 I am_wtf : [0,1507,system_server,-1,DisplayDeviceConfig,requesting nits when no mapping exists.]
11-05 02:05:53.613 1507 1645 I am_wtf : [0,1507,system_server,-1,DisplayDeviceConfig,requesting nits when no mapping exists.]
11-05 02:05:53.628 1507 1645 I am_wtf : [0,1507,system_server,-1,DisplayDeviceConfig,requesting nits when no mapping exists.]
11-05 02:05:53.629 1507 1645 I am_wtf : [0,1507,system_server,-1,DisplayDeviceConfig,requesting nits when no mapping exists.]
11-05 02:05:53.645 1507 1645 I am_wtf : [0,1507,system_server,-1,DisplayDeviceConfig,requesting nits when no mapping exists.]
11-05 02:05:53.646 1507 1645 I am_wtf : [0,1507,system_server,-1,DisplayDeviceConfig,requesting nits when no mapping exists.]
11-05 02:05:53.661 1507 1645 I am_wtf : [0,1507,system_server,-1,DisplayDeviceConfig,requesting nits when no mapping exists.]
11-05 02:05:53.662 1507 1645 I am_wtf : [0,1507,system_server,-1,DisplayDeviceConfig,requesting nits when no mapping exists.]
11-05 02:05:53.678 1507 1645 I am_wtf : [0,1507,system_server,-1,DisplayDeviceConfig,requesting nits when no mapping exists.]
11-05 02:05:53.679 1507 1645 I am_wtf : [0,1507,system_server,-1,DisplayDeviceConfig,requesting nits when no mapping exists.]
11-05 02:05:53.695 1507 1645 I am_wtf : [0,1507,system_server,-1,DisplayDeviceConfig,requesting nits when no mapping exists.]
11-05 02:05:53.696 1507 1645 I am_wtf : [0,1507,system_server,-1,DisplayDeviceConfig,requesting nits when no mapping exists.]
11-05 02:05:53.712 1507 1645 I am_wtf : [0,1507,system_server,-1,DisplayDeviceConfig,requesting nits when no mapping exists.]
11-05 02:05:53.712 1507 1645 I am_wtf : [0,1507,system_server,-1,DisplayDeviceConfig,requesting nits when no mapping exists.]
11-05 02:05:53.728 1507 1645 I am_wtf : [0,1507,system_server,-1,DisplayDeviceConfig,requesting nits when no mapping exists.]
11-05 02:05:53.729 1507 1645 I am_wtf : [0,1507,system_server,-1,DisplayDeviceConfig,requesting nits when no mapping exists.]
11-05 02:05:53.745 1507 1645 I am_wtf : [0,1507,system_server,-1,DisplayDeviceConfig,requesting nits when no mapping exists.]
11-05 02:05:53.746 1507 1645 I am_wtf : [0,1507,system_server,-1,DisplayDeviceConfig,requesting nits when no mapping exists.]
11-05 02:05:53.761 1507 1645 I am_wtf : [0,1507,system_server,-1,DisplayDeviceConfig,requesting nits when no mapping exists.]
11-05 02:05:53.762 1507 1645 I am_wtf : [0,1507,system_server,-1,DisplayDeviceConfig,requesting nits when no mapping exists.]
11-05 02:05:53.778 1507 1645 I am_wtf : [0,1507,system_server,-1,DisplayDeviceConfig,requesting nits when no mapping exists.]
11-05 02:05:53.780 1507 1645 I am_wtf : [0,1507,system_server,-1,DisplayDeviceConfig,requesting nits when no mapping exists.]
11-05 02:05:53.795 1507 1645 I am_wtf : [0,1507,system_server,-1,DisplayDeviceConfig,requesting nits when no mapping exists.]
11-05 02:05:53.796 1507 1645 I service_manager_stats: [100,64,72752]
11-05 02:05:53.796 1507 1645 I am_wtf : [0,1507,system_server,-1,DisplayDeviceConfig,requesting nits when no mapping exists.]
11-05 02:05:53.812 1507 1645 I am_wtf : [0,1507,system_server,-1,DisplayDeviceConfig,requesting nits when no mapping exists.]
11-05 02:05:53.812 1507 1645 I am_wtf : [0,1507,system_server,-1,DisplayDeviceConfig,requesting nits when no mapping exists.]
11-05 02:05:53.829 1507 1645 I am_wtf : [0,1507,system_server,-1,DisplayDeviceConfig,requesting nits when no mapping exists.]
11-05 02:05:53.829 1507 1645 I am_wtf : [0,1507,system_server,-1,DisplayDeviceConfig,requesting nits when no mapping exists.]
11-05 02:05:53.845 1507 1645 I am_wtf : [0,1507,system_server,-1,DisplayDeviceConfig,requesting nits when no mapping exists.]
11-05 02:05:53.846 1507 1645 I am_wtf : [0,1507,system_server,-1,DisplayDeviceConfig,requesting nits when no mapping exists.]
11-05 02:05:53.862 1507 1645 I am_wtf : [0,1507,system_server,-1,DisplayDeviceConfig,requesting nits when no mapping exists.]
11-05 02:05:53.863 1507 1645 I am_wtf : [0,1507,system_server,-1,DisplayDeviceConfig,requesting nits when no mapping exists.]
11-05 02:05:53.878 1507 1645 I am_wtf : [0,1507,system_server,-1,DisplayDeviceConfig,requesting nits when no mapping exists.]
11-05 02:05:53.880 1507 1645 I am_wtf : [0,1507,system_server,-1,DisplayDeviceConfig,requesting nits when no mapping exists.]
11-05 02:05:53.895 1507 1645 I am_wtf : [0,1507,system_server,-1,DisplayDeviceConfig,requesting nits when no mapping exists.]
11-05 02:05:53.896 1507 1645 I am_wtf : [0,1507,system_server,-1,DisplayDeviceConfig,requesting nits when no mapping exists.]
11-05 02:05:53.912 1507 1645 I am_wtf : [0,1507,system_server,-1,DisplayDeviceConfig,requesting nits when no mapping exists.]
11-05 02:05:53.913 1507 1645 I am_wtf : [0,1507,system_server,-1,DisplayDeviceConfig,requesting nits when no mapping exists.]
11-05 02:05:53.929 1507 1645 I am_wtf : [0,1507,system_server,-1,DisplayDeviceConfig,requesting nits when no mapping exists.]
11-05 02:05:53.930 1507 1645 I am_wtf : [0,1507,system_server,-1,DisplayDeviceConfig,requesting nits when no mapping exists.]
11-05 02:05:53.945 1507 1645 I am_wtf : [0,1507,system_server,-1,DisplayDeviceConfig,requesting nits when no mapping exists.]
11-05 02:05:53.946 1507 1645 I am_wtf : [0,1507,system_server,-1,DisplayDeviceConfig,requesting nits when no mapping exists.]
11-05 02:05:53.962 1507 1645 I am_wtf : [0,1507,system_server,-1,DisplayDeviceConfig,requesting nits when no mapping exists.]
11-05 02:05:53.963 1507 1645 I am_wtf : [0,1507,system_server,-1,DisplayDeviceConfig,requesting nits when no mapping exists.]
11-05 02:05:53.979 1507 1645 I am_wtf : [0,1507,system_server,-1,DisplayDeviceConfig,requesting nits when no mapping exists.]
11-05 02:05:53.979 1507 1645 I am_wtf : [0,1507,system_server,-1,DisplayDeviceConfig,requesting nits when no mapping exists.]
11-05 02:05:53.996 1507 1645 I am_wtf : [0,1507,system_server,-1,DisplayDeviceConfig,requesting nits when no mapping exists.]
11-05 02:05:53.996 1507 1645 I am_wtf : [0,1507,system_server,-1,DisplayDeviceConfig,requesting nits when no mapping exists.]
11-05 02:05:54.013 1507 1645 I am_wtf : [0,1507,system_server,-1,DisplayDeviceConfig,requesting nits when no mapping exists.]
11-05 02:05:54.013 1507 1645 I am_wtf : [0,1507,system_server,-1,DisplayDeviceConfig,requesting nits when no mapping exists.]
11-05 02:05:54.029 1507 1645 I am_wtf : [0,1507,system_server,-1,DisplayDeviceConfig,requesting nits when no mapping exists.]
11-05 02:05:54.029 1507 1645 I am_wtf : [0,1507,system_server,-1,DisplayDeviceConfig,requesting nits when no mapping exists.]
11-05 02:05:54.046 1507 1645 I am_wtf : [0,1507,system_server,-1,DisplayDeviceConfig,requesting nits when no mapping exists.]
11-05 02:05:54.049 1507 1645 I am_wtf : [0,1507,system_server,-1,DisplayDeviceConfig,requesting nits when no mapping exists.]
11-05 02:05:54.062 1507 1645 I am_wtf : [0,1507,system_server,-1,DisplayDeviceConfig,requesting nits when no mapping exists.]
11-05 02:05:54.063 1507 1645 I am_wtf : [0,1507,system_server,-1,DisplayDeviceConfig,requesting nits when no mapping exists.]
11-05 02:05:54.078 1507 1645 I am_wtf : [0,1507,system_server,-1,DisplayDeviceConfig,requesting nits when no mapping exists.]
11-05 02:05:54.079 1507 1645 I am_wtf : [0,1507,system_server,-1,DisplayDeviceConfig,requesting nits when no mapping exists.]
11-05 02:05:54.097 1507 1645 I am_wtf : [0,1507,system_server,-1,DisplayDeviceConfig,requesting nits when no mapping exists.]
11-05 02:05:54.098 1507 1645 I am_wtf : [0,1507,system_server,-1,DisplayDeviceConfig,requesting nits when no mapping exists.]
11-05 02:05:54.116 1507 1645 I am_wtf : [0,1507,system_server,-1,DisplayDeviceConfig,requesting nits when no mapping exists.]
11-05 02:05:54.117 1507 1645 I am_wtf : [0,1507,system_server,-1,DisplayDeviceConfig,requesting nits when no mapping exists.]
11-05 02:05:54.129 1507 1645 I am_wtf : [0,1507,system_server,-1,DisplayDeviceConfig,requesting nits when no mapping exists.]
11-05 02:05:54.130 1507 1645 I am_wtf : [0,1507,system_server,-1,DisplayDeviceConfig,requesting nits when no mapping exists.]
11-05 02:05:54.147 1507 1645 I am_wtf : [0,1507,system_server,-1,DisplayDeviceConfig,requesting nits when no mapping exists.]
11-05 02:05:54.147 1507 1645 I am_wtf : [0,1507,system_server,-1,DisplayDeviceConfig,requesting nits when no mapping exists.]
11-05 02:05:54.163 1507 1645 I am_wtf : [0,1507,system_server,-1,DisplayDeviceConfig,requesting nits when no mapping exists.]
11-05 02:05:54.164 1507 1645 I am_wtf : [0,1507,system_server,-1,DisplayDeviceConfig,requesting nits when no mapping exists.]
11-05 02:05:54.180 1507 1645 I am_wtf : [0,1507,system_server,-1,DisplayDeviceConfig,requesting nits when no mapping exists.]
11-05 02:05:54.181 1507 1645 I am_wtf : [0,1507,system_server,-1,DisplayDeviceConfig,requesting nits when no mapping exists.]
11-05 02:05:54.197 1507 1645 I am_wtf : [0,1507,system_server,-1,DisplayDeviceConfig,requesting nits when no mapping exists.]
11-05 02:05:54.198 1507 1645 I am_wtf : [0,1507,system_server,-1,DisplayDeviceConfig,requesting nits when no mapping exists.]
11-05 02:05:54.213 1507 1645 I am_wtf : [0,1507,system_server,-1,DisplayDeviceConfig,requesting nits when no mapping exists.]
11-05 02:05:54.214 1507 1645 I am_wtf : [0,1507,system_server,-1,DisplayDeviceConfig,requesting nits when no mapping exists.]
11-05 02:06:00.261 1507 1625 I sysui_multi_action: [757,222,758,1]
11-05 02:06:00.267 1507 1625 I am_uid_active: 10043
11-05 02:06:00.277 1507 1642 I am_pss : [10347,10090,com.android.music,40826880,35368960,0,159522816,0,4,13]
11-05 02:06:00.281 1507 5835 I wm_task_created: [112,-1]
11-05 02:06:00.285 1507 5835 I wm_task_moved: [112,1,8]
11-05 02:06:00.285 1507 5835 I wm_task_to_front: [0,112]
11-05 02:06:00.286 1507 5835 I wm_create_task: [0,112]
11-05 02:06:00.286 1507 5835 I wm_create_activity: [0,61231962,112,com.thundercomm.screensaver/android.service.dreams.DreamActivity,NULL,NULL,NULL,276824064]
11-05 02:06:00.286 1507 5835 I wm_task_moved: [112,1,8]
11-05 02:06:00.286 2835 2835 I wm_on_top_resumed_lost_called: [94458931,com.android.launcher3.uioverrides.QuickstepLauncher,topStateChangedWhenResumed]
11-05 02:06:00.288 1507 5835 I wm_pause_activity: [0,94458931,com.android.launcher3/.uioverrides.QuickstepLauncher,userLeaving=true,pauseBackTasks]
11-05 02:06:00.292 2835 2835 I wm_on_paused_called: [94458931,com.android.launcher3.uioverrides.QuickstepLauncher,performPause]
11-05 02:06:00.296 1507 5835 I wm_add_to_stopping: [0,94458931,com.android.launcher3/.uioverrides.QuickstepLauncher,makeInvisible]
11-05 02:06:00.297 1507 5835 I wm_restart_activity: [0,61231962,112,com.thundercomm.screensaver/android.service.dreams.DreamActivity]
11-05 02:06:00.298 1507 5835 I wm_set_resumed_activity: [0,com.thundercomm.screensaver/android.service.dreams.DreamActivity,minimalResumeActivityLocked]
11-05 02:06:00.305 1507 1628 I sysui_multi_action: [757,803,799,window_time_0,802,59]
11-05 02:06:00.311 7669 7669 I wm_on_create_called: [61231962,android.service.dreams.DreamActivity,performCreate]
11-05 02:06:00.311 7669 7669 I wm_on_start_called: [61231962,android.service.dreams.DreamActivity,handleStartActivity]
11-05 02:06:00.312 7669 7669 I wm_on_resume_called: [61231962,android.service.dreams.DreamActivity,RESUME_ACTIVITY]
11-05 02:06:00.316 7669 7669 I wm_on_top_resumed_gained_called: [61231962,android.service.dreams.DreamActivity,topStateChangedWhenResumed]
11-05 02:06:00.347 1507 2002 I input_focus: [Focus leaving 2395a3e com.android.launcher3/com.android.launcher3.uioverrides.QuickstepLauncher (server),reason=NO_WINDOW]
11-05 02:06:00.355 1507 1629 I input_focus: [Focus request 7e64b26 com.thundercomm.screensaver/android.service.dreams.DreamActivity,reason=UpdateInputWindows]
11-05 02:06:00.372 2365 2365 I sysui_multi_action: [757,111,758,2]
11-05 02:06:00.372 1507 1507 I notification_enqueue: [10081,2365,com.android.systemui,2048,NULL,0,Notification(channel=updateNotification shortcut=null contentView=null vibrate=null sound=null defaults=0x0 flags=0x0 color=0x00000000 vis=PRIVATE),1]
11-05 02:06:00.373 2365 2365 I sysui_multi_action: [757,111,758,2]
11-05 02:06:00.375 1507 1666 I sysui_multi_action: [757,1696,758,6,759,3]
11-05 02:06:00.378 1507 1625 I sysui_multi_action: [319,93,322,93,325,3234,757,761,758,8,759,2,806,com.thundercomm.screensaver,871,android.service.dreams.DreamActivity,904,com.thundercomm.screensaver,905,0,1320,4,1321,2]
11-05 02:06:00.381 1507 1625 I wm_activity_launch_time: [0,61231962,com.thundercomm.screensaver/android.service.dreams.DreamActivity,93]
11-05 02:06:00.389 1507 1645 I am_wtf : [0,1507,system_server,-1,DisplayDeviceConfig,requesting nits when no mapping exists.]
11-05 02:06:00.389 1507 1645 I am_wtf : [0,1507,system_server,-1,DisplayDeviceConfig,requesting nits when no mapping exists.]
11-05 02:06:00.396 1507 1645 I am_wtf : [0,1507,system_server,-1,DisplayDeviceConfig,requesting nits when no mapping exists.]
11-05 02:06:00.397 1507 1645 I am_wtf : [0,1507,system_server,-1,DisplayDeviceConfig,requesting nits when no mapping exists.]
11-05 02:06:00.405 2365 2365 I sysui_multi_action: [757,111,758,1]
11-05 02:06:00.405 2365 2365 I sysui_multi_action: [757,126,758,1,759,126,927,0,928,1,1593,0]
11-05 02:06:00.405 2365 2365 I sysui_multi_action: [757,113,758,1,759,113,927,1,928,1,1593,0]
11-05 02:06:00.405 2365 2365 I sysui_multi_action: [757,0,758,1,759,0,927,2,928,0,1593,0]
11-05 02:06:00.406 2365 2365 I sysui_multi_action: [757,0,758,1,759,0,927,3,928,0,1593,0]
11-05 02:06:00.406 2365 2365 I sysui_multi_action: [757,491,758,1,759,491,927,4,928,0,1311,-1,1593,0]
11-05 02:06:00.406 2365 2365 I sysui_multi_action: [757,0,758,1,759,0,927,5,928,0,1593,0]
11-05 02:06:00.406 2365 2365 I sysui_multi_action: [757,114,758,1,759,114,927,6,928,0,1593,0]
11-05 02:06:00.406 2365 2365 I sysui_multi_action: [757,120,758,1,759,120,927,7,928,0,1593,0]
11-05 02:06:00.406 2365 2365 I sysui_multi_action: [757,111,758,1]
11-05 02:06:00.406 2365 2365 I sysui_multi_action: [757,126,758,1,759,126,927,0,928,1,1593,0]
11-05 02:06:00.406 2365 2365 I sysui_multi_action: [757,113,758,1,759,113,927,1,928,1,1593,0]
11-05 02:06:00.406 2365 2365 I sysui_multi_action: [757,0,758,1,759,0,927,2,928,0,1593,0]
11-05 02:06:00.406 2365 2365 I sysui_multi_action: [757,0,758,1,759,0,927,3,928,0,1593,0]
11-05 02:06:00.414 1507 1645 I am_wtf : [0,1507,system_server,-1,DisplayDeviceConfig,requesting nits when no mapping exists.]
11-05 02:06:00.414 1507 1645 I am_wtf : [0,1507,system_server,-1,DisplayDeviceConfig,requesting nits when no mapping exists.]
11-05 02:06:00.429 1507 1645 I am_wtf : [0,1507,system_server,-1,DisplayDeviceConfig,requesting nits when no mapping exists.]
11-05 02:06:00.430 1507 1645 I am_wtf : [0,1507,system_server,-1,DisplayDeviceConfig,requesting nits when no mapping exists.]
11-05 02:06:00.448 1507 1645 I am_wtf : [0,1507,system_server,-1,DisplayDeviceConfig,requesting nits when no mapping exists.]
11-05 02:06:00.449 1507 1645 I am_wtf : [0,1507,system_server,-1,DisplayDeviceConfig,requesting nits when no mapping exists.]
11-05 02:06:00.464 1507 1645 I am_wtf : [0,1507,system_server,-1,DisplayDeviceConfig,requesting nits when no mapping exists.]
11-05 02:06:00.465 1507 1645 I am_wtf : [0,1507,system_server,-1,DisplayDeviceConfig,requesting nits when no mapping exists.]
11-05 02:06:00.480 1507 1645 I am_wtf : [0,1507,system_server,-1,DisplayDeviceConfig,requesting nits when no mapping exists.]
11-05 02:06:00.481 1507 1645 I am_wtf : [0,1507,system_server,-1,DisplayDeviceConfig,requesting nits when no mapping exists.]
11-05 02:06:00.481 1507 2002 I input_focus: [Focus entering 7e64b26 com.thundercomm.screensaver/android.service.dreams.DreamActivity (server),reason=Window became focusable. Previous reason: NOT_VISIBLE]
11-05 02:06:00.498 1507 1645 I am_wtf : [0,1507,system_server,-1,DisplayDeviceConfig,requesting nits when no mapping exists.]
11-05 02:06:00.504 1507 1645 I am_wtf : [0,1507,system_server,-1,DisplayDeviceConfig,requesting nits when no mapping exists.]
11-05 02:06:00.513 1507 1645 I am_wtf : [0,1507,system_server,-1,DisplayDeviceConfig,requesting nits when no mapping exists.]
11-05 02:06:00.514 1507 1645 I am_wtf : [0,1507,system_server,-1,DisplayDeviceConfig,requesting nits when no mapping exists.]
11-05 02:06:00.532 1507 1645 I am_wtf : [0,1507,system_server,-1,DisplayDeviceConfig,requesting nits when no mapping exists.]
11-05 02:06:00.537 1507 1645 I am_wtf : [0,1507,system_server,-1,DisplayDeviceConfig,requesting nits when no mapping exists.]
11-05 02:06:00.548 1507 1645 I am_wtf : [0,1507,system_server,-1,DisplayDeviceConfig,requesting nits when no mapping exists.]
11-05 02:06:00.548 1507 1645 I am_wtf : [0,1507,system_server,-1,DisplayDeviceConfig,requesting nits when no mapping exists.]
11-05 02:06:00.566 1507 1645 I am_wtf : [0,1507,system_server,-1,DisplayDeviceConfig,requesting nits when no mapping exists.]
11-05 02:06:00.568 1507 1645 I am_wtf : [0,1507,system_server,-1,DisplayDeviceConfig,requesting nits when no mapping exists.]
11-05 02:06:00.582 1507 1645 I am_wtf : [0,1507,system_server,-1,DisplayDeviceConfig,requesting nits when no mapping exists.]
11-05 02:06:00.583 1507 1645 I am_wtf : [0,1507,system_server,-1,DisplayDeviceConfig,requesting nits when no mapping exists.]
11-05 02:06:00.597 1507 1645 I am_wtf : [0,1507,system_server,-1,DisplayDeviceConfig,requesting nits when no mapping exists.]
11-05 02:06:00.598 1507 1645 I am_wtf : [0,1507,system_server,-1,DisplayDeviceConfig,requesting nits when no mapping exists.]
11-05 02:06:00.616 1507 1645 I am_wtf : [0,1507,system_server,-1,DisplayDeviceConfig,requesting nits when no mapping exists.]
11-05 02:06:00.617 1507 1645 I am_wtf : [0,1507,system_server,-1,DisplayDeviceConfig,requesting nits when no mapping exists.]
11-05 02:06:00.634 1507 1645 I am_wtf : [0,1507,system_server,-1,DisplayDeviceConfig,requesting nits when no mapping exists.]
11-05 02:06:00.635 1507 1645 I am_wtf : [0,1507,system_server,-1,DisplayDeviceConfig,requesting nits when no mapping exists.]
11-05 02:06:00.649 1507 1645 I am_wtf : [0,1507,system_server,-1,DisplayDeviceConfig,requesting nits when no mapping exists.]
11-05 02:06:00.650 1507 1645 I am_wtf : [0,1507,system_server,-1,DisplayDeviceConfig,requesting nits when no mapping exists.]
11-05 02:06:00.664 1507 1628 I wm_stop_activity: [0,94458931,com.android.launcher3/.uioverrides.QuickstepLauncher]
11-05 02:06:00.665 1507 1645 I am_wtf : [0,1507,system_server,-1,DisplayDeviceConfig,requesting nits when no mapping exists.]
11-05 02:06:00.666 1507 1645 I am_wtf : [0,1507,system_server,-1,DisplayDeviceConfig,requesting nits when no mapping exists.]
11-05 02:06:00.683 1507 1645 I am_wtf : [0,1507,system_server,-1,DisplayDeviceConfig,requesting nits when no mapping exists.]
11-05 02:06:00.684 1507 1645 I am_wtf : [0,1507,system_server,-1,DisplayDeviceConfig,requesting nits when no mapping exists.]
11-05 02:06:00.695 2835 2835 I wm_on_stop_called: [94458931,com.android.launcher3.uioverrides.QuickstepLauncher,STOP_ACTIVITY_ITEM]
11-05 02:06:00.701 1507 1645 I am_wtf : [0,1507,system_server,-1,DisplayDeviceConfig,requesting nits when no mapping exists.]
11-05 02:06:00.702 1507 1645 I am_wtf : [0,1507,system_server,-1,DisplayDeviceConfig,requesting nits when no mapping exists.]
11-05 02:06:00.714 1507 1645 I am_wtf : [0,1507,system_server,-1,DisplayDeviceConfig,requesting nits when no mapping exists.]
11-05 02:06:00.715 1507 1645 I am_wtf : [0,1507,system_server,-1,DisplayDeviceConfig,requesting nits when no mapping exists.]
11-05 02:06:00.733 1507 1645 I am_wtf : [0,1507,system_server,-1,DisplayDeviceConfig,requesting nits when no mapping exists.]
11-05 02:06:00.733 1507 1645 I service_manager_stats: [100,49,6937]
11-05 02:06:00.733 1507 1645 I am_wtf : [0,1507,system_server,-1,DisplayDeviceConfig,requesting nits when no mapping exists.]
11-05 02:06:00.745 1507 1645 I am_wtf : [0,1507,system_server,-1,DisplayDeviceConfig,requesting nits when no mapping exists.]
11-05 02:06:00.746 1507 1645 I am_wtf : [0,1507,system_server,-1,DisplayDeviceConfig,requesting nits when no mapping exists.]
11-05 02:06:00.761 1507 1645 I am_wtf : [0,1507,system_server,-1,DisplayDeviceConfig,requesting nits when no mapping exists.]
11-05 02:06:00.762 1507 1645 I am_wtf : [0,1507,system_server,-1,DisplayDeviceConfig,requesting nits when no mapping exists.]
11-05 02:06:00.778 1507 1645 I am_wtf : [0,1507,system_server,-1,DisplayDeviceConfig,requesting nits when no mapping exists.]
11-05 02:06:00.780 1507 1645 I am_wtf : [0,1507,system_server,-1,DisplayDeviceConfig,requesting nits when no mapping exists.]
11-05 02:06:00.795 1507 1645 I am_wtf : [0,1507,system_server,-1,DisplayDeviceConfig,requesting nits when no mapping exists.]
11-05 02:06:00.796 1507 1645 I am_wtf : [0,1507,system_server,-1,DisplayDeviceConfig,requesting nits when no mapping exists.]
11-05 02:06:00.812 1507 1645 I am_wtf : [0,1507,system_server,-1,DisplayDeviceConfig,requesting nits when no mapping exists.]
11-05 02:06:00.813 1507 1645 I am_wtf : [0,1507,system_server,-1,DisplayDeviceConfig,requesting nits when no mapping exists.]
11-05 02:06:00.829 1507 1645 I am_wtf : [0,1507,system_server,-1,DisplayDeviceConfig,requesting nits when no mapping exists.]
11-05 02:06:00.830 1507 1645 I am_wtf : [0,1507,system_server,-1,DisplayDeviceConfig,requesting nits when no mapping exists.]
11-05 02:06:00.848 1507 1645 I am_wtf : [0,1507,system_server,-1,DisplayDeviceConfig,requesting nits when no mapping exists.]
11-05 02:06:00.849 1507 1645 I am_wtf : [0,1507,system_server,-1,DisplayDeviceConfig,requesting nits when no mapping exists.]
11-05 02:06:00.862 1507 1645 I am_wtf : [0,1507,system_server,-1,DisplayDeviceConfig,requesting nits when no mapping exists.]
11-05 02:06:00.863 1507 1645 I am_wtf : [0,1507,system_server,-1,DisplayDeviceConfig,requesting nits when no mapping exists.]
11-05 02:06:00.879 1507 1645 I am_wtf : [0,1507,system_server,-1,DisplayDeviceConfig,requesting nits when no mapping exists.]
11-05 02:06:00.880 1507 1645 I am_wtf : [0,1507,system_server,-1,DisplayDeviceConfig,requesting nits when no mapping exists.]
11-05 02:06:00.895 1507 1645 I am_wtf : [0,1507,system_server,-1,DisplayDeviceConfig,requesting nits when no mapping exists.]
11-05 02:06:00.897 1507 1645 I am_wtf : [0,1507,system_server,-1,DisplayDeviceConfig,requesting nits when no mapping exists.]
11-05 02:06:00.912 1507 1645 I am_wtf : [0,1507,system_server,-1,DisplayDeviceConfig,requesting nits when no mapping exists.]
11-05 02:06:00.914 1507 1645 I am_wtf : [0,1507,system_server,-1,DisplayDeviceConfig,requesting nits when no mapping exists.]
11-05 02:06:00.929 1507 1645 I am_wtf : [0,1507,system_server,-1,DisplayDeviceConfig,requesting nits when no mapping exists.]
11-05 02:06:00.930 1507 1645 I am_wtf : [0,1507,system_server,-1,DisplayDeviceConfig,requesting nits when no mapping exists.]
11-05 02:06:00.946 1507 1645 I am_wtf : [0,1507,system_server,-1,DisplayDeviceConfig,requesting nits when no mapping exists.]
11-05 02:06:00.946 1507 1645 I am_wtf : [0,1507,system_server,-1,DisplayDeviceConfig,requesting nits when no mapping exists.]
11-05 02:06:00.962 1507 1645 I am_wtf : [0,1507,system_server,-1,DisplayDeviceConfig,requesting nits when no mapping exists.]
11-05 02:06:00.964 1507 1645 I am_wtf : [0,1507,system_server,-1,DisplayDeviceConfig,requesting nits when no mapping exists.]
11-05 02:06:00.979 1507 1645 I am_wtf : [0,1507,system_server,-1,DisplayDeviceConfig,requesting nits when no mapping exists.]
11-05 02:06:00.981 1507 1645 I am_wtf : [0,1507,system_server,-1,DisplayDeviceConfig,requesting nits when no mapping exists.]
11-05 02:06:00.996 1507 1645 I am_wtf : [0,1507,system_server,-1,DisplayDeviceConfig,requesting nits when no mapping exists.]
11-05 02:06:00.997 1507 1645 I am_wtf : [0,1507,system_server,-1,DisplayDeviceConfig,requesting nits when no mapping exists.]
11-05 02:06:01.012 1507 1645 I am_wtf : [0,1507,system_server,-1,DisplayDeviceConfig,requesting nits when no mapping exists.]
11-05 02:06:01.014 1507 1645 I am_wtf : [0,1507,system_server,-1,DisplayDeviceConfig,requesting nits when no mapping exists.]
11-05 02:06:01.029 1507 1645 I am_wtf : [0,1507,system_server,-1,DisplayDeviceConfig,requesting nits when no mapping exists.]
11-05 02:06:01.030 1507 1645 I am_wtf : [0,1507,system_server,-1,DisplayDeviceConfig,requesting nits when no mapping exists.]
11-05 02:06:01.046 1507 1645 I am_wtf : [0,1507,system_server,-1,DisplayDeviceConfig,requesting nits when no mapping exists.]
11-05 02:06:01.047 1507 1645 I am_wtf : [0,1507,system_server,-1,DisplayDeviceConfig,requesting nits when no mapping exists.]
11-05 02:06:01.063 1507 1645 I am_wtf : [0,1507,system_server,-1,DisplayDeviceConfig,requesting nits when no mapping exists.]
11-05 02:06:01.064 1507 1645 I am_wtf : [0,1507,system_server,-1,DisplayDeviceConfig,requesting nits when no mapping exists.]
11-05 02:06:01.080 1507 1645 I am_wtf : [0,1507,system_server,-1,DisplayDeviceConfig,requesting nits when no mapping exists.]
11-05 02:06:01.081 1507 1645 I am_wtf : [0,1507,system_server,-1,DisplayDeviceConfig,requesting nits when no mapping exists.]
11-05 02:06:01.098 1507 1645 I am_wtf : [0,1507,system_server,-1,DisplayDeviceConfig,requesting nits when no mapping exists.]
11-05 02:06:01.099 1507 1645 I am_wtf : [0,1507,system_server,-1,DisplayDeviceConfig,requesting nits when no mapping exists.]
11-05 02:06:01.113 1507 1645 I am_wtf : [0,1507,system_server,-1,DisplayDeviceConfig,requesting nits when no mapping exists.]
11-05 02:06:01.115 1507 1645 I am_wtf : [0,1507,system_server,-1,DisplayDeviceConfig,requesting nits when no mapping exists.]
11-05 02:06:01.130 1507 1645 I am_wtf : [0,1507,system_server,-1,DisplayDeviceConfig,requesting nits when no mapping exists.]
11-05 02:06:01.132 1507 1645 I am_wtf : [0,1507,system_server,-1,DisplayDeviceConfig,requesting nits when no mapping exists.]
11-05 02:06:01.148 1507 1645 I am_wtf : [0,1507,system_server,-1,DisplayDeviceConfig,requesting nits when no mapping exists.]
11-05 02:06:01.149 1507 1645 I am_wtf : [0,1507,system_server,-1,DisplayDeviceConfig,requesting nits when no mapping exists.]
11-05 02:06:01.163 1507 1645 I am_wtf : [0,1507,system_server,-1,DisplayDeviceConfig,requesting nits when no mapping exists.]
11-05 02:06:01.164 1507 1645 I am_wtf : [0,1507,system_server,-1,DisplayDeviceConfig,requesting nits when no mapping exists.]
11-05 02:06:01.181 1507 1645 I am_wtf : [0,1507,system_server,-1,DisplayDeviceConfig,requesting nits when no mapping exists.]
11-05 02:06:01.182 1507 1645 I am_wtf : [0,1507,system_server,-1,DisplayDeviceConfig,requesting nits when no mapping exists.]
11-05 02:06:01.197 1507 1645 I am_wtf : [0,1507,system_server,-1,DisplayDeviceConfig,requesting nits when no mapping exists.]
11-05 02:06:01.197 1507 1645 I am_wtf : [0,1507,system_server,-1,DisplayDeviceConfig,requesting nits when no mapping exists.]
11-05 02:06:01.214 1507 1645 I am_wtf : [0,1507,system_server,-1,DisplayDeviceConfig,requesting nits when no mapping exists.]
11-05 02:06:01.215 1507 1645 I am_wtf : [0,1507,system_server,-1,DisplayDeviceConfig,requesting nits when no mapping exists.]
11-05 02:06:01.229 1507 1645 I am_wtf : [0,1507,system_server,-1,DisplayDeviceConfig,requesting nits when no mapping exists.]
11-05 02:06:01.230 1507 1645 I am_wtf : [0,1507,system_server,-1,DisplayDeviceConfig,requesting nits when no mapping exists.]
11-05 02:06:01.246 1507 1645 I am_wtf : [0,1507,system_server,-1,DisplayDeviceConfig,requesting nits when no mapping exists.]
11-05 02:06:01.247 1507 1645 I am_wtf : [0,1507,system_server,-1,DisplayDeviceConfig,requesting nits when no mapping exists.]
11-05 02:06:01.263 1507 1645 I am_wtf : [0,1507,system_server,-1,DisplayDeviceConfig,requesting nits when no mapping exists.]
11-05 02:06:01.265 1507 1645 I am_wtf : [0,1507,system_server,-1,DisplayDeviceConfig,requesting nits when no mapping exists.]
11-05 02:06:01.280 1507 1645 I am_wtf : [0,1507,system_server,-1,DisplayDeviceConfig,requesting nits when no mapping exists.]
11-05 02:06:01.282 1507 1645 I am_wtf : [0,1507,system_server,-1,DisplayDeviceConfig,requesting nits when no mapping exists.]
11-05 02:06:01.298 1507 1645 I am_wtf : [0,1507,system_server,-1,DisplayDeviceConfig,requesting nits when no mapping exists.]
11-05 02:06:01.299 1507 1645 I am_wtf : [0,1507,system_server,-1,DisplayDeviceConfig,requesting nits when no mapping exists.]
11-05 02:06:01.314 1507 1645 I am_wtf : [0,1507,system_server,-1,DisplayDeviceConfig,requesting nits when no mapping exists.]
11-05 02:06:01.315 1507 1645 I am_wtf : [0,1507,system_server,-1,DisplayDeviceConfig,requesting nits when no mapping exists.]
11-05 02:06:01.331 1507 1645 I am_wtf : [0,1507,system_server,-1,DisplayDeviceConfig,requesting nits when no mapping exists.]
11-05 02:06:01.332 1507 1645 I am_wtf : [0,1507,system_server,-1,DisplayDeviceConfig,requesting nits when no mapping exists.]
11-05 02:06:57.797 1507 1752 I am_freeze: [10404,android.process.media]
11-05 02:06:57.800 1507 1752 I am_kill : [0,10404,android.process.media,955,Unable to freeze binder interface]
11-05 02:06:57.848 1507 5662 I am_proc_died: [0,10404,android.process.media,955,19]
11-05 02:06:57.849 1507 5662 I am_uid_stopped: 10018
11-05 02:06:57.866 1507 1642 I am_pss : [9464,1000,com.qti.diagservices,5823488,3764224,0,92876800,0,10,8]
11-05 02:07:06.760 1507 1645 I am_uid_idle: 10062
11-05 02:07:06.834 1507 1752 I am_freeze: [10388,com.android.externalstorage]
11-05 02:07:06.837 1507 1752 I am_kill : [0,10388,com.android.externalstorage,955,Unable to freeze binder interface]
11-05 02:07:06.876 1507 5662 I am_proc_died: [0,10388,com.android.externalstorage,955,19]
11-05 02:07:06.877 1507 5662 I am_uid_stopped: 10031
11-05 02:07:06.887 1507 1642 I am_pss : [10347,10090,com.android.music,40918016,35368960,0,159522816,0,4,9]
11-05 02:07:09.620 1507 1752 I am_freeze: [10611,com.android.documentsui]
11-05 02:07:09.622 1507 1752 I am_kill : [0,10611,com.android.documentsui,955,Unable to freeze binder interface]
11-05 02:07:09.653 1507 5662 I am_proc_died: [0,10611,com.android.documentsui,955,19]
11-05 02:07:09.654 1507 5662 I am_uid_stopped: 10032
11-05 02:07:09.661 1507 1628 I am_uid_running: 10032
11-05 02:07:09.682 1507 1646 I am_proc_start: [0,11196,10032,com.android.documentsui,NULL,]
11-05 02:07:09.724 1507 5662 I am_proc_bound: [0,11196,com.android.documentsui]
11-05 02:07:31.793 1507 1752 I am_freeze: [10735,com.android.gallery3d]
11-05 02:07:31.794 1507 1752 I am_kill : [0,10735,com.android.gallery3d,995,Unable to freeze binder interface]
11-05 02:07:31.815 1507 5662 I am_proc_died: [0,10735,com.android.gallery3d,995,19]
11-05 02:07:31.816 1507 5662 I am_uid_stopped: 10069
11-05 02:07:31.820 1507 1628 I am_uid_running: 10069
11-05 02:07:31.826 1507 1642 I am_pss : [7669,10043,com.thundercomm.screensaver,63832064,57028608,0,184279040,0,2,8]
11-05 02:07:31.832 1507 1642 I am_pss : [11196,10032,com.android.documentsui,11970560,9588736,0,106016768,0,19,5]
11-05 02:07:31.835 1507 1646 I am_proc_start: [0,11222,10069,com.android.gallery3d,NULL,]
11-05 02:07:31.868 1507 5662 I am_proc_bound: [0,11222,com.android.gallery3d]
11-05 02:07:32.898 1507 2002 I input_interaction: Interaction with: 7e64b26 com.thundercomm.screensaver/android.service.dreams.DreamActivity (server), edge-swipe (server), swipe-up (server), PointerEventDispatcher0 (server),
11-05 02:07:32.904 1507 5835 I wm_finish_activity: [0,61231962,112,com.thundercomm.screensaver/android.service.dreams.DreamActivity,finish-activity]
11-05 02:07:32.904 1507 5835 I wm_task_moved: [1,1,7]
11-05 02:07:32.906 1507 5835 I wm_task_moved: [10,1,2147483647]
11-05 02:07:32.906 1507 5835 I wm_task_to_front: [0,10]
11-05 02:07:32.906 1507 5835 I wm_focused_root_task: [0,0,1,112,finish-top adjustFocusToNextFocusableTask]
11-05 02:07:32.906 1507 5835 I wm_set_resumed_activity: [0,com.android.launcher3/.uioverrides.QuickstepLauncher,finish-top adjustFocusToNextFocusableTask]
11-05 02:07:32.908 1507 5835 I wm_pause_activity: [0,61231962,com.thundercomm.screensaver/android.service.dreams.DreamActivity,userLeaving=false,finish]
11-05 02:07:32.918 7669 7669 I wm_on_top_resumed_lost_called: [61231962,android.service.dreams.DreamActivity,topStateChangedWhenResumed]
11-05 02:07:32.919 7669 7669 I wm_on_paused_called: [61231962,android.service.dreams.DreamActivity,performPause]
11-05 02:07:32.922 1507 1628 I sysui_multi_action: [757,803,799,window_time_0,802,93]
11-05 02:07:32.923 1507 5662 I wm_add_to_stopping: [0,61231962,com.thundercomm.screensaver/android.service.dreams.DreamActivity,completeFinishing]
11-05 02:07:32.925 1507 5662 I wm_set_resumed_activity: [0,com.android.launcher3/.uioverrides.QuickstepLauncher,resumeTopActivityInnerLocked]
11-05 02:07:32.927 1507 5662 I wm_resume_activity: [0,94458931,10,com.android.launcher3/.uioverrides.QuickstepLauncher]
11-05 02:07:32.936 7669 7669 I view_enqueue_input_event: [Motion - Cancel,com.thundercomm.screensaver/android.service.dreams.DreamActivity]
11-05 02:07:32.937 1507 2002 I input_focus: [Focus leaving 7e64b26 com.thundercomm.screensaver/android.service.dreams.DreamActivity (server),reason=NO_WINDOW]
11-05 02:07:32.954 2835 2835 I wm_on_restart_called: [94458931,com.android.launcher3.uioverrides.QuickstepLauncher,performRestartActivity]
11-05 02:07:32.954 2835 2835 I wm_on_start_called: [94458931,com.android.launcher3.uioverrides.QuickstepLauncher,handleStartActivity]
11-05 02:07:32.955 2835 2835 I wm_on_resume_called: [94458931,com.android.launcher3.uioverrides.QuickstepLauncher,RESUME_ACTIVITY]
11-05 02:07:32.955 2835 2835 I wm_on_top_resumed_gained_called: [94458931,com.android.launcher3.uioverrides.QuickstepLauncher,topWhenResuming]
11-05 02:07:32.955 1507 1628 I sysui_multi_action: [757,803,799,window_time_0,802,0]
11-05 02:07:32.968 1507 1507 I am_uid_active: 10062
11-05 02:07:32.975 1507 1629 I input_focus: [Focus request 2395a3e com.android.launcher3/com.android.launcher3.uioverrides.QuickstepLauncher,reason=UpdateInputWindows]
11-05 02:07:33.019 1507 2002 I input_focus: [Focus entering 2395a3e com.android.launcher3/com.android.launcher3.uioverrides.QuickstepLauncher (server),reason=Window became focusable. Previous reason: NOT_VISIBLE]
11-05 02:07:33.259 1507 1628 I wm_destroy_activity: [0,61231962,112,com.thundercomm.screensaver/android.service.dreams.DreamActivity,finish-imm:idle]
11-05 02:07:33.277 7669 7669 I wm_on_stop_called: [61231962,android.service.dreams.DreamActivity,LIFECYCLER_STOP_ACTIVITY]
11-05 02:07:33.278 7669 7669 I wm_on_destroy_called: [61231962,android.service.dreams.DreamActivity,performDestroy]
11-05 02:07:33.286 1507 1625 I sysui_multi_action: [757,222,758,2]
11-05 02:07:33.286 1507 1625 I sysui_multi_action: [757,804,799,dreaming_minutes,801,1,802,1]
11-05 02:07:33.295 1507 5662 I wm_task_removed: [112,removeChild:removeChild last r=ActivityRecord{3a6535a u0 com.thundercomm.screensaver/android.service.dreams.DreamActivity t-1 f}} in t=Task{d425457 #112 type=dream A=10043:android:com.thundercomm.screensaver/dream U=0 visible=false mode=fullscreen translucent=true sz=0}]
11-05 02:07:33.295 1507 5662 I wm_task_removed: [112,removeChild]
11-05 02:07:33.753 1507 2002 I input_interaction: Interaction with: 2395a3e com.android.launcher3/com.android.launcher3.uioverrides.QuickstepLauncher (server), ef1bc93 com.android.systemui.ImageWallpaper (server), edge-swipe (server), swipe-up (server), PointerEventDispatcher0 (server),
11-05 02:07:34.373 1507 1751 I commit_sys_config_file: [settings-1-0,6]
11-05 02:07:35.787 1507 1751 I commit_sys_config_file: [settings-1-0,4]
11-05 02:07:37.534 1507 1777 I wm_task_moved: [111,1,7]
11-05 02:07:37.534 1507 1777 I wm_task_to_front: [0,111]
11-05 02:07:37.535 1507 1777 I wm_focused_root_task: [0,0,111,1,bringingFoundTaskToFront]
11-05 02:07:37.536 1507 1777 I wm_set_resumed_activity: [0,com.android.music/.MusicBrowserActivity,bringingFoundTaskToFront]
11-05 02:07:37.538 1507 1777 I wm_relaunch_resume_activity: [0,52348485,111,com.android.music/.MusicBrowserActivity]
11-05 02:07:37.539 1507 1777 I wm_set_resumed_activity: [0,com.android.music/.MusicBrowserActivity,resumeTopActivityInnerLocked]
11-05 02:07:37.540 1507 1777 I wm_resume_activity: [0,52348485,111,com.android.music/.MusicBrowserActivity]
11-05 02:07:37.542 1507 1777 I wm_finish_activity: [0,52348485,111,com.android.music/.MusicBrowserActivity,clear-task-all]
11-05 02:07:37.543 1507 1777 I wm_pause_activity: [0,52348485,com.android.music/.MusicBrowserActivity,userLeaving=false,finish]
11-05 02:07:37.546 1507 1777 I wm_task_moved: [111,1,7]
11-05 02:07:37.546 1507 1777 I wm_create_activity: [0,127681916,111,com.android.music/.MusicBrowserActivity,NULL,NULL,NULL,272662528]
11-05 02:07:37.569 10347 10347 I wm_on_destroy_called: [52348485,com.android.music.MusicBrowserActivity,performDestroy]
11-05 02:07:37.577 2835 2835 I wm_on_top_resumed_lost_called: [94458931,com.android.launcher3.uioverrides.QuickstepLauncher,topStateChangedWhenResumed]
11-05 02:07:37.595 10347 10347 I wm_on_create_called: [52348485,com.android.music.MusicBrowserActivity,performCreate]
11-05 02:07:37.603 10347 10347 I wm_on_start_called: [52348485,com.android.music.MusicBrowserActivity,handleStartActivity]
11-05 02:07:37.604 10347 10347 I wm_on_resume_called: [52348485,com.android.music.MusicBrowserActivity,RESUME_ACTIVITY]
11-05 02:07:37.604 10347 10347 I wm_on_paused_called: [52348485,com.android.music.MusicBrowserActivity,performPause]
11-05 02:07:37.605 1507 2721 I wm_add_to_stopping: [0,52348485,com.android.music/.MusicBrowserActivity,completeFinishing]
11-05 02:07:37.608 1507 2721 I wm_restart_activity: [0,127681916,111,com.android.music/.MusicBrowserActivity]
11-05 02:07:37.609 1507 2721 I wm_set_resumed_activity: [0,com.android.music/.MusicBrowserActivity,minimalResumeActivityLocked]
11-05 02:07:37.613 1507 1628 I sysui_multi_action: [757,803,799,window_time_0,802,5]
11-05 02:07:37.647 1507 1507 I notification_enqueue: [10090,10347,com.android.music,1,NULL,0,Notification(channel=Channel-music shortcut=null contentView=null vibrate=null sound=null defaults=0x0 flags=0x40 color=0x00000000 category=transport actions=3 vis=PRIVATE),1]
11-05 02:07:37.650 1507 1507 I notification_enqueue: [10090,10347,com.android.music,1,NULL,0,Notification(channel=Channel-music shortcut=null contentView=null vibrate=null sound=null defaults=0x0 flags=0x40 color=0x00000000 category=transport actions=3 vis=PRIVATE),1]
11-05 02:07:37.667 1507 1507 I notification_enqueue: [10090,10347,com.android.music,1,NULL,0,Notification(channel=Channel-music shortcut=null contentView=null vibrate=null sound=null defaults=0x0 flags=0x40 color=0x00000000 category=transport actions=3 vis=PRIVATE),1]
11-05 02:07:37.668 1507 1507 I notification_enqueue: [10090,10347,com.android.music,1,NULL,0,Notification(channel=Channel-music shortcut=null contentView=null vibrate=null sound=null defaults=0x0 flags=0x40 color=0x00000000 category=transport actions=3 vis=PRIVATE),1]
11-05 02:07:37.687 1507 1507 I notification_enqueue: [10090,10347,com.android.music,1,NULL,0,Notification(channel=Channel-music shortcut=null contentView=null vibrate=null sound=null defaults=0x0 flags=0x40 color=0x00000000 category=transport actions=3 vis=PRIVATE),1]
11-05 02:07:37.690 1507 1507 I notification_enqueue: [10090,10347,com.android.music,1,NULL,0,Notification(channel=Channel-music shortcut=null contentView=null vibrate=null sound=null defaults=0x0 flags=0x40 color=0x00000000 category=transport actions=3 vis=PRIVATE),1]
11-05 02:07:37.709 1507 5835 I wm_task_moved: [111,1,7]
11-05 02:07:37.709 1507 5835 I wm_set_resumed_activity: [0,com.android.music/.MusicBrowserActivity,positionChildAt]
11-05 02:07:37.709 1507 5835 I wm_create_activity: [0,58404202,111,com.android.music/.ScanningProgress,NULL,NULL,NULL,268435456]
11-05 02:07:37.710 1507 5835 I wm_pause_activity: [0,127681916,com.android.music/.MusicBrowserActivity,userLeaving=true,resumeTopActivityInnerLocked]
11-05 02:07:37.732 10347 10347 I wm_on_create_called: [127681916,com.android.music.MusicBrowserActivity,performCreate]
11-05 02:07:37.736 10347 10347 I wm_on_start_called: [127681916,com.android.music.MusicBrowserActivity,handleStartActivity]
11-05 02:07:37.736 10347 10347 I wm_on_resume_called: [127681916,com.android.music.MusicBrowserActivity,RESUME_ACTIVITY]
11-05 02:07:37.738 10347 10347 I wm_on_top_resumed_gained_called: [127681916,com.android.music.MusicBrowserActivity,topStateChangedWhenResumed]
11-05 02:07:37.762 1507 1629 I input_focus: [Focus request 75718e6 com.android.music/com.android.music.MusicBrowserActivity,reason=UpdateInputWindows]
11-05 02:07:37.769 10347 10347 I wm_on_top_resumed_lost_called: [127681916,com.android.music.MusicBrowserActivity,topStateChangedWhenResumed]
11-05 02:07:37.771 10347 10347 I wm_on_paused_called: [127681916,com.android.music.MusicBrowserActivity,performPause]
11-05 02:07:37.774 1507 2721 I wm_restart_activity: [0,58404202,111,com.android.music/.ScanningProgress]
11-05 02:07:37.777 1507 2721 I wm_set_resumed_activity: [0,com.android.music/.ScanningProgress,minimalResumeActivityLocked]
11-05 02:07:37.781 1507 2002 I input_focus: [Focus leaving 2395a3e com.android.launcher3/com.android.launcher3.uioverrides.QuickstepLauncher (server),reason=Waiting for window because NOT_VISIBLE]
11-05 02:07:37.784 1507 1628 I sysui_multi_action: [757,803,799,window_time_2,802,0]
11-05 02:07:37.801 1507 1507 I notification_enqueue: [10090,10347,com.android.music,1,NULL,0,Notification(channel=Channel-music shortcut=null contentView=null vibrate=null sound=null defaults=0x0 flags=0x40 color=0x00000000 category=transport actions=3 vis=PRIVATE),1]
