11-05 01:52:22.592 1507 4740 I wm_set_resumed_activity: [0,com.android.soundrecorder/.util.PermissionUtils,resumeTopActivityInnerLocked]
11-05 01:52:22.597 1507 4740 I wm_resume_activity: [0,91570158,86,com.android.soundrecorder/.util.PermissionUtils]
11-05 01:52:22.611 1507 1642 I am_pss : [9336,10060,com.android.soundrecorder,36199424,31764480,0,153481216,0,2,6]
11-05 01:52:22.614 1507 1629 I input_focus: [Focus request a1b11b4 com.android.soundrecorder/com.android.soundrecorder.util.PermissionUtils,reason=UpdateInputWindows]
11-05 01:52:22.616 1507 1628 I sysui_multi_action: [757,803,799,window_time_0,802,38]
11-05 01:52:22.626 1507 5224 I wm_task_moved: [86,1,14]
11-05 01:52:22.626 1507 5224 I wm_set_resumed_activity: [0,com.android.soundrecorder/.util.PermissionUtils,positionChildAt]
11-05 01:52:22.626 1507 5224 I wm_create_activity: [0,170745353,86,com.android.soundrecorder/.SoundRecorder,NULL,NULL,NULL,0]
11-05 01:52:22.627 1507 5224 I wm_pause_activity: [0,91570158,com.android.soundrecorder/.util.PermissionUtils,userLeaving=true,resumeTopActivityInnerLocked]
11-05 01:52:22.633 1507 2002 I input_focus: [Focus entering a1b11b4 com.android.soundrecorder/com.android.soundrecorder.util.PermissionUtils (server),reason=setFocusedWindow]
11-05 01:52:22.634 1507 5224 I wm_finish_activity: [0,91570158,86,com.android.soundrecorder/.util.PermissionUtils,app-request]
11-05 01:52:22.634 9336 9336 I wm_on_activity_result_called: [91570158,com.android.soundrecorder.util.PermissionUtils,ACTIVITY_RESULT]
11-05 01:52:22.635 1507 4740 I wm_add_to_stopping: [0,91570158,com.android.soundrecorder/.util.PermissionUtils,completeFinishing]
11-05 01:52:22.637 1507 4740 I wm_restart_activity: [0,170745353,86,com.android.soundrecorder/.SoundRecorder]
11-05 01:52:22.638 1507 4740 I wm_set_resumed_activity: [0,com.android.soundrecorder/.SoundRecorder,minimalResumeActivityLocked]
11-05 01:52:22.643 1507 1628 I sysui_multi_action: [757,803,799,window_time_0,802,0]
11-05 01:52:22.654 9336 9336 I wm_on_create_called: [170745353,com.android.soundrecorder.SoundRecorder,performCreate]
11-05 01:52:22.654 9336 9336 I wm_on_start_called: [170745353,com.android.soundrecorder.SoundRecorder,handleStartActivity]
11-05 01:52:22.654 9336 9336 I wm_on_resume_called: [170745353,com.android.soundrecorder.SoundRecorder,RESUME_ACTIVITY]
11-05 01:52:22.657 9336 9336 I wm_on_top_resumed_gained_called: [170745353,com.android.soundrecorder.SoundRecorder,topStateChangedWhenResumed]
11-05 01:52:22.666 1507 2002 I input_focus: [Focus leaving a1b11b4 com.android.soundrecorder/com.android.soundrecorder.util.PermissionUtils (server),reason=NO_WINDOW]
11-05 01:52:22.667 1507 1629 I input_focus: [Focus request 76cdb79 com.android.soundrecorder/com.android.soundrecorder.SoundRecorder,reason=UpdateInputWindows]
11-05 01:52:22.696 1507 1625 I wm_activity_launch_time: [0,170745353,com.android.soundrecorder/.SoundRecorder,81]
11-05 01:52:22.698 1507 4740 I wm_destroy_activity: [0,54772395,86,com.android.permissioncontroller/.permission.ui.GrantPermissionsActivity,finish-idle]
11-05 01:52:22.701 1507 2002 I input_focus: [Focus entering 76cdb79 com.android.soundrecorder/com.android.soundrecorder.SoundRecorder (server),reason=setFocusedWindow]
11-05 01:52:22.717 1507 1642 I am_pss : [9281,10088,com.qualcomm.qti.qccauthmgr,6177792,4255744,0,94896128,0,19,5]
11-05 01:52:22.882 1507 2002 I input_interaction: Interaction with: 76cdb79 com.android.soundrecorder/com.android.soundrecorder.SoundRecorder (server), edge-swipe (server), swipe-up (server), PointerEventDispatcher0 (server),
11-05 01:52:22.934 2368 2368 I wm_on_stop_called: [54772395,com.android.permissioncontroller.permission.ui.GrantPermissionsActivity,LIFECYCLER_STOP_ACTIVITY]
11-05 01:52:22.935 2368 2368 I wm_on_destroy_called: [54772395,com.android.permissioncontroller.permission.ui.GrantPermissionsActivity,performDestroy]
11-05 01:52:23.090 1507 1628 I wm_destroy_activity: [0,91570158,86,com.android.soundrecorder/.util.PermissionUtils,finish-imm:idle]
11-05 01:52:23.107 9336 9336 I wm_on_stop_called: [91570158,com.android.soundrecorder.util.PermissionUtils,LIFECYCLER_STOP_ACTIVITY]
11-05 01:52:23.107 9336 9336 I wm_on_destroy_called: [91570158,com.android.soundrecorder.util.PermissionUtils,performDestroy]
11-05 01:52:27.985 1507 1629 I input_focus: [Focus request 4f4bbc9 正在启动录音,reason=UpdateInputWindows]
11-05 01:52:28.015 1507 2002 I input_focus: [Focus leaving 76cdb79 com.android.soundrecorder/com.android.soundrecorder.SoundRecorder (server),reason=Waiting for window because NOT_VISIBLE]
11-05 01:52:28.032 1507 2002 I input_focus: [Focus entering 4f4bbc9 正在启动录音 (server),reason=Window became focusable. Previous reason: NOT_VISIBLE]
11-05 01:52:28.712 1507 1629 I input_focus: [Focus request 76cdb79 com.android.soundrecorder/com.android.soundrecorder.SoundRecorder,reason=UpdateInputWindows]
11-05 01:52:28.733 1507 2002 I input_focus: [Focus entering 76cdb79 com.android.soundrecorder/com.android.soundrecorder.SoundRecorder (server),reason=setFocusedWindow]
11-05 01:52:30.858 1507 1645 I am_uid_idle: 10069
11-05 01:52:31.133 1507 1679 I commit_sys_config_file: [package-user-0,3]
11-05 01:52:31.133 1507 1679 I commit_sys_config_file: [package,58]
11-05 01:52:32.267 1507 4740 I wm_task_moved: [1,0,0]
11-05 01:52:32.269 1507 4740 I wm_task_moved: [1,0,13]
11-05 01:52:32.302 9336 9336 I view_enqueue_input_event: [Motion - Cancel,com.android.soundrecorder/com.android.soundrecorder.SoundRecorder]
11-05 01:52:32.302 1507 2002 I input_interaction: Interaction with: edge-swipe (server), swipe-up (server), PointerEventDispatcher0 (server),
11-05 01:52:32.306 1507 1629 I input_focus: [Focus request recents_animation_input_consumer,reason=UpdateInputWindows]
11-05 01:52:32.311 2835 2835 I wm_on_restart_called: [94458931,com.android.launcher3.uioverrides.QuickstepLauncher,performRestartActivity]
11-05 01:52:32.322 1507 2002 I input_focus: [Focus leaving 76cdb79 com.android.soundrecorder/com.android.soundrecorder.SoundRecorder (server),reason=NOT_FOCUSABLE]
11-05 01:52:32.322 1507 2002 I input_focus: [Focus entering recents_animation_input_consumer (server),reason=setFocusedWindow]
11-05 01:52:32.323 2835 2835 I wm_on_start_called: [94458931,com.android.launcher3.uioverrides.QuickstepLauncher,handleStartActivity]
11-05 01:52:32.334 2835 2835 I sysui_latency: [1,90]
11-05 01:52:32.351 1507 1625 I sysui_multi_action: [319,25,322,75,325,2426,757,761,758,9,759,5,806,com.android.launcher3,871,com.android.launcher3.uioverrides.QuickstepLauncher,905,0,1320,4,1321,1]
11-05 01:52:32.529 1507 1751 I commit_sys_config_file: [settings-1-0,8]
11-05 01:52:32.645 1507 1642 I sysui_latency: [8,90]
11-05 01:52:33.184 1507 1751 I commit_sys_config_file: [settings-1-0,4]
11-05 01:52:34.188 1507 2002 I input_interaction: Interaction with: 2395a3e com.android.launcher3/com.android.launcher3.uioverrides.QuickstepLauncher (server), edge-swipe (server), swipe-up (server), PointerEventDispatcher0 (server),
11-05 01:52:34.298 1507 4740 I wm_task_moved: [1,1,14]
11-05 01:52:34.300 1507 4740 I wm_focused_root_task: [0,0,1,86,startActivityFromRecents]
11-05 01:52:34.300 9336 9336 I wm_on_top_resumed_lost_called: [170745353,com.android.soundrecorder.SoundRecorder,topStateChangedWhenResumed]
11-05 01:52:34.300 1507 4740 I wm_task_moved: [84,1,14]
11-05 01:52:34.300 1507 4740 I wm_task_to_front: [0,84]
11-05 01:52:34.301 1507 4740 I wm_focused_root_task: [0,0,84,1,moveTaskToFront findTaskToMoveToFront]
11-05 01:52:34.301 1507 4740 I wm_set_resumed_activity: [0,com.android.music/.MusicBrowserActivity,moveTaskToFront findTaskToMoveToFront]
11-05 01:52:34.303 1507 4740 I wm_pause_activity: [0,170745353,com.android.soundrecorder/.SoundRecorder,userLeaving=true,pauseBackTasks]
11-05 01:52:34.433 9336 9336 I wm_on_paused_called: [170745353,com.android.soundrecorder.SoundRecorder,performPause]
11-05 01:52:34.435 1507 4978 I wm_set_resumed_activity: [0,com.android.music/.MusicBrowserActivity,resumeTopActivityInnerLocked]
11-05 01:52:34.435 1507 4978 I wm_add_to_stopping: [0,170745353,com.android.soundrecorder/.SoundRecorder,makeInvisible]
11-05 01:52:34.439 1507 4978 I wm_resume_activity: [0,77051618,84,com.android.music/.MusicBrowserActivity]
11-05 01:52:34.459 8292 8292 I wm_on_restart_called: [77051618,com.android.music.MusicBrowserActivity,performRestartActivity]
11-05 01:52:34.464 1507 1628 I sysui_multi_action: [757,803,799,window_time_0,802,12]
11-05 01:52:34.475 8292 8292 I wm_on_start_called: [77051618,com.android.music.MusicBrowserActivity,handleStartActivity]
11-05 01:52:34.475 8292 8292 I wm_on_resume_called: [77051618,com.android.music.MusicBrowserActivity,RESUME_ACTIVITY]
11-05 01:52:34.475 8292 8292 I wm_on_top_resumed_gained_called: [77051618,com.android.music.MusicBrowserActivity,topWhenResuming]
11-05 01:52:34.506 1507 1507 I notification_enqueue: [10090,8292,com.android.music,1,NULL,0,Notification(channel=Channel-music shortcut=null contentView=null vibrate=null sound=null defaults=0x0 flags=0x40 color=0x00000000 category=transport actions=3 vis=PRIVATE),1]
11-05 01:52:34.511 1507 1507 I notification_enqueue: [10090,8292,com.android.music,1,NULL,0,Notification(channel=Channel-music shortcut=null contentView=null vibrate=null sound=null defaults=0x0 flags=0x40 color=0x00000000 category=transport actions=3 vis=PRIVATE),1]
11-05 01:52:34.512 1507 1625 I sysui_multi_action: [319,145,321,140,322,202,325,2428,757,761,758,9,759,4,806,com.android.music,871,com.android.music.MusicBrowserActivity,904,com.android.launcher3,905,0,1320,4,1321,1]
11-05 01:52:34.835 1507 4978 I wm_task_moved: [1,0,12]
11-05 01:52:34.835 1507 4978 I wm_add_to_stopping: [0,94458931,com.android.launcher3/.uioverrides.QuickstepLauncher,makeInvisible]
11-05 01:52:34.843 1507 1628 I wm_stop_activity: [0,94458931,com.android.launcher3/.uioverrides.QuickstepLauncher]
11-05 01:52:34.843 1507 1628 I wm_stop_activity: [0,170745353,com.android.soundrecorder/.SoundRecorder]
11-05 01:52:34.847 1507 1629 I input_focus: [Focus request 7fadd78 com.android.music/com.android.music.MusicBrowserActivity,reason=UpdateInputWindows]
11-05 01:52:34.864 1507 2002 I input_focus: [Focus leaving recents_animation_input_consumer (server),reason=NOT_VISIBLE]
11-05 01:52:34.864 1507 2002 I input_focus: [Focus entering 7fadd78 com.android.music/com.android.music.MusicBrowserActivity (server),reason=setFocusedWindow]
11-05 01:52:34.870 9336 9336 I wm_on_stop_called: [170745353,com.android.soundrecorder.SoundRecorder,STOP_ACTIVITY_ITEM]
11-05 01:52:34.898 2835 2835 I wm_on_stop_called: [94458931,com.android.launcher3.uioverrides.QuickstepLauncher,STOP_ACTIVITY_ITEM]
11-05 01:52:38.016 1507 2002 I input_interaction: Interaction with: 7fadd78 com.android.music/com.android.music.MusicBrowserActivity (server), edge-swipe (server), swipe-up (server), PointerEventDispatcher0 (server),
11-05 01:52:38.039 1507 2980 I wm_task_moved: [1,0,0]
11-05 01:52:38.045 1507 2980 I wm_task_moved: [1,0,13]
11-05 01:52:38.075 2835 2835 I wm_on_restart_called: [94458931,com.android.launcher3.uioverrides.QuickstepLauncher,performRestartActivity]
11-05 01:52:38.093 2835 2835 I wm_on_start_called: [94458931,com.android.launcher3.uioverrides.QuickstepLauncher,handleStartActivity]
11-05 01:52:38.108 8292 8292 I view_enqueue_input_event: [Motion - Cancel,com.android.music/com.android.music.MusicBrowserActivity]
11-05 01:52:38.109 1507 2002 I input_interaction: Interaction with: edge-swipe (server), swipe-up (server), PointerEventDispatcher0 (server),
11-05 01:52:38.110 2835 2835 I sysui_latency: [1,89]
11-05 01:52:38.111 1507 1629 I input_focus: [Focus request recents_animation_input_consumer,reason=UpdateInputWindows]
11-05 01:52:38.121 1507 2002 I input_focus: [Focus leaving 7fadd78 com.android.music/com.android.music.MusicBrowserActivity (server),reason=NOT_FOCUSABLE]
11-05 01:52:38.121 1507 2002 I input_focus: [Focus entering recents_animation_input_consumer (server),reason=setFocusedWindow]
11-05 01:52:38.128 1507 1625 I sysui_multi_action: [319,17,322,77,325,2432,757,761,758,9,759,5,806,com.android.launcher3,871,com.android.launcher3.uioverrides.QuickstepLauncher,905,0,1320,4,1321,1]
11-05 01:52:38.194 1507 1752 I am_freeze: [3881,com.qti.diagservices]
11-05 01:52:38.195 1507 1752 I am_kill : [0,3881,com.qti.diagservices,995,Unable to freeze binder interface]
11-05 01:52:38.247 1507 6077 I am_proc_died: [0,3881,com.qti.diagservices,995,10]
11-05 01:52:38.248 1507 6077 I am_schedule_service_restart: [0,com.qti.diagservices/.QTIDiagServices,1000]
11-05 01:52:38.297 1507 1751 I commit_sys_config_file: [settings-1-0,5]
11-05 01:52:38.417 1507 1642 I sysui_latency: [8,93]
11-05 01:52:39.280 1507 1646 I am_proc_start: [0,9464,1000,com.qti.diagservices,service,{com.qti.diagservices/com.qti.diagservices.QTIDiagServices}]
11-05 01:52:39.308 1507 2980 I am_proc_bound: [0,9464,com.qti.diagservices]
11-05 01:52:39.379 9464 9464 I auditd : type=1400 audit(0.0:1007): avc: denied { read write } for comm="ti.diagservices" name="diag" dev="tmpfs" ino=11386 scontext=u:r:system_app:s0 tcontext=u:object_r:vendor_diag_device:s0 tclass=chr_file permissive=0
11-05 01:52:39.544 1507 1751 I commit_sys_config_file: [settings-1-0,5]
11-05 01:52:40.046 1507 2002 I input_interaction: Interaction with: 2395a3e com.android.launcher3/com.android.launcher3.uioverrides.QuickstepLauncher (server), edge-swipe (server), swipe-up (server), PointerEventDispatcher0 (server),
11-05 01:52:40.137 1507 2980 I wm_task_moved: [1,1,14]
11-05 01:52:40.139 1507 2980 I wm_focused_root_task: [0,0,1,84,startActivityFromRecents]
11-05 01:52:40.139 1507 2980 I wm_task_moved: [76,1,14]
11-05 01:52:40.139 1507 2980 I wm_task_to_front: [0,76]
11-05 01:52:40.140 1507 2980 I wm_focused_root_task: [0,0,76,1,moveTaskToFront findTaskToMoveToFront]
11-05 01:52:40.141 8292 8292 I wm_on_top_resumed_lost_called: [77051618,com.android.music.MusicBrowserActivity,topStateChangedWhenResumed]
11-05 01:52:40.141 1507 2980 I wm_set_resumed_activity: [0,com.android.deskclock/.DeskClock,moveTaskToFront findTaskToMoveToFront]
11-05 01:52:40.143 1507 2980 I wm_pause_activity: [0,77051618,com.android.music/.MusicBrowserActivity,userLeaving=true,pauseBackTasks]
11-05 01:52:40.163 8292 8292 I wm_on_paused_called: [77051618,com.android.music.MusicBrowserActivity,performPause]
11-05 01:52:40.168 1507 2980 I wm_set_resumed_activity: [0,com.android.deskclock/.DeskClock,resumeTopActivityInnerLocked]
11-05 01:52:40.168 1507 2980 I wm_add_to_stopping: [0,77051618,com.android.music/.MusicBrowserActivity,makeInvisible]
11-05 01:52:40.169 1507 1628 I am_uid_active: 10065
11-05 01:52:40.173 1507 2980 I wm_resume_activity: [0,173547019,76,com.android.deskclock/.DeskClock]
11-05 01:52:40.180 1507 1628 I sysui_multi_action: [757,803,799,window_time_0,802,5]
11-05 01:52:40.181 5990 5990 I wm_on_restart_called: [173547019,com.android.deskclock.DeskClock,performRestartActivity]
11-05 01:52:40.187 5990 5990 I wm_on_start_called: [173547019,com.android.deskclock.DeskClock,handleStartActivity]
11-05 01:52:40.188 5990 5990 I wm_on_resume_called: [173547019,com.android.deskclock.DeskClock,RESUME_ACTIVITY]
11-05 01:52:40.194 5990 5990 I wm_on_top_resumed_gained_called: [173547019,com.android.deskclock.DeskClock,topWhenResuming]
11-05 01:52:40.574 1507 2721 I wm_task_moved: [1,0,11]
11-05 01:52:40.575 1507 2721 I wm_add_to_stopping: [0,94458931,com.android.launcher3/.uioverrides.QuickstepLauncher,makeInvisible]
11-05 01:52:40.583 1507 1628 I wm_stop_activity: [0,94458931,com.android.launcher3/.uioverrides.QuickstepLauncher]
11-05 01:52:40.583 1507 1628 I wm_stop_activity: [0,77051618,com.android.music/.MusicBrowserActivity]
11-05 01:52:40.586 1507 1629 I input_focus: [Focus request 560b271 com.android.deskclock/com.android.deskclock.DeskClock,reason=UpdateInputWindows]
11-05 01:52:40.599 1507 2002 I input_focus: [Focus leaving recents_animation_input_consumer (server),reason=NOT_VISIBLE]
11-05 01:52:40.599 1507 2002 I input_focus: [Focus entering 560b271 com.android.deskclock/com.android.deskclock.DeskClock (server),reason=setFocusedWindow]
11-05 01:52:40.618 8292 8292 I wm_on_stop_called: [77051618,com.android.music.MusicBrowserActivity,STOP_ACTIVITY_ITEM]
11-05 01:52:40.680 2835 2835 I wm_on_stop_called: [94458931,com.android.launcher3.uioverrides.QuickstepLauncher,STOP_ACTIVITY_ITEM]
11-05 01:52:41.758 1507 2002 I input_interaction: Interaction with: 560b271 com.android.deskclock/com.android.deskclock.DeskClock (server), edge-swipe (server), swipe-up (server), PointerEventDispatcher0 (server),
11-05 01:52:43.254 1507 2721 I wm_task_moved: [1,0,0]
11-05 01:52:43.255 1507 2721 I wm_task_moved: [1,0,13]
11-05 01:52:43.262 2835 2835 I wm_on_restart_called: [94458931,com.android.launcher3.uioverrides.QuickstepLauncher,performRestartActivity]
11-05 01:52:43.277 2835 2835 I wm_on_start_called: [94458931,com.android.launcher3.uioverrides.QuickstepLauncher,handleStartActivity]
11-05 01:52:43.291 1507 1645 I am_uid_idle: 10088
11-05 01:52:43.310 1507 1625 I sysui_multi_action: [319,11,322,42,325,2437,757,761,758,9,759,5,806,com.android.launcher3,871,com.android.launcher3.uioverrides.QuickstepLauncher,905,0,1320,4,1321,1]
11-05 01:52:43.312 5990 5990 I view_enqueue_input_event: [Motion - Cancel,com.android.deskclock/com.android.deskclock.DeskClock]
11-05 01:52:43.313 2835 2835 I sysui_latency: [1,58]
11-05 01:52:43.319 1507 2002 I input_interaction: Interaction with: edge-swipe (server), swipe-up (server), PointerEventDispatcher0 (server),
11-05 01:52:43.323 1507 1629 I input_focus: [Focus request recents_animation_input_consumer,reason=UpdateInputWindows]
11-05 01:52:43.332 1507 2002 I input_focus: [Focus leaving 560b271 com.android.deskclock/com.android.deskclock.DeskClock (server),reason=NOT_FOCUSABLE]
11-05 01:52:43.332 1507 2002 I input_focus: [Focus entering recents_animation_input_consumer (server),reason=setFocusedWindow]
11-05 01:52:43.479 1507 1751 I commit_sys_config_file: [settings-1-0,4]
11-05 01:52:43.599 1507 1642 I sysui_latency: [8,57]
11-05 01:52:43.761 1507 2721 I wm_task_moved: [1,0,11]
11-05 01:52:43.761 1507 2721 I wm_add_to_stopping: [0,94458931,com.android.launcher3/.uioverrides.QuickstepLauncher,makeInvisible]
11-05 01:52:43.770 1507 1629 I input_focus: [Focus request 560b271 com.android.deskclock/com.android.deskclock.DeskClock,reason=UpdateInputWindows]
11-05 01:52:43.773 1507 1628 I wm_stop_activity: [0,94458931,com.android.launcher3/.uioverrides.QuickstepLauncher]
11-05 01:52:43.786 1507 2002 I input_focus: [Focus leaving recents_animation_input_consumer (server),reason=NOT_VISIBLE]
11-05 01:52:43.786 1507 2002 I input_focus: [Focus entering 560b271 com.android.deskclock/com.android.deskclock.DeskClock (server),reason=setFocusedWindow]
11-05 01:52:43.800 1507 1642 I am_pss : [2368,10094,com.android.permissioncontroller,22259712,17502208,0,132804608,0,19,8]
11-05 01:52:43.809 1507 1642 I am_pss : [9281,10088,com.qualcomm.qti.qccauthmgr,6174720,4255744,0,94896128,0,19,5]
11-05 01:52:43.822 2835 2835 I wm_on_stop_called: [94458931,com.android.launcher3.uioverrides.QuickstepLauncher,STOP_ACTIVITY_ITEM]
11-05 01:52:44.012 1507 1751 I commit_sys_config_file: [settings-1-0,5]
11-05 01:52:44.724 1507 2002 I input_interaction: Interaction with: 560b271 com.android.deskclock/com.android.deskclock.DeskClock (server), edge-swipe (server), swipe-up (server), PointerEventDispatcher0 (server),
11-05 01:52:44.747 1507 2721 I wm_task_moved: [1,0,0]
11-05 01:52:44.748 1507 2721 I wm_task_moved: [1,0,13]
11-05 01:52:44.759 2835 2835 I wm_on_restart_called: [94458931,com.android.launcher3.uioverrides.QuickstepLauncher,performRestartActivity]
11-05 01:52:44.778 2835 2835 I wm_on_start_called: [94458931,com.android.launcher3.uioverrides.QuickstepLauncher,handleStartActivity]
11-05 01:52:44.795 5990 5990 I view_enqueue_input_event: [Motion - Cancel,com.android.deskclock/com.android.deskclock.DeskClock]
11-05 01:52:44.795 2835 2835 I sysui_latency: [1,67]
11-05 01:52:44.799 1507 2002 I input_interaction: Interaction with: edge-swipe (server), swipe-up (server), PointerEventDispatcher0 (server),
11-05 01:52:44.800 1507 1629 I input_focus: [Focus request recents_animation_input_consumer,reason=UpdateInputWindows]
11-05 01:52:44.810 1507 1625 I sysui_multi_action: [319,22,322,51,325,2439,757,761,758,9,759,5,806,com.android.launcher3,871,com.android.launcher3.uioverrides.QuickstepLauncher,905,0,1320,4,1321,1]
11-05 01:52:44.819 1507 2002 I input_focus: [Focus leaving 560b271 com.android.deskclock/com.android.deskclock.DeskClock (server),reason=NOT_FOCUSABLE]
11-05 01:52:44.819 1507 2002 I input_focus: [Focus entering recents_animation_input_consumer (server),reason=setFocusedWindow]
11-05 01:52:44.980 1507 1751 I commit_sys_config_file: [settings-1-0,7]
11-05 01:52:45.099 1507 1642 I sysui_latency: [8,68]
11-05 01:52:45.765 1507 1751 I commit_sys_config_file: [settings-1-0,6]
11-05 01:52:46.210 1507 2002 I input_interaction: Interaction with: 2395a3e com.android.launcher3/com.android.launcher3.uioverrides.QuickstepLauncher (server), edge-swipe (server), swipe-up (server), PointerEventDispatcher0 (server),
11-05 01:52:46.627 1507 6077 I wm_task_moved: [1,1,14]
11-05 01:52:46.632 1507 6077 I wm_focused_root_task: [0,0,1,76,RecentsAnimation.onAnimationFinished()]
11-05 01:52:46.632 5990 5990 I wm_on_top_resumed_lost_called: [173547019,com.android.deskclock.DeskClock,topStateChangedWhenResumed]
11-05 01:52:46.634 1507 6077 I wm_pause_activity: [0,173547019,com.android.deskclock/.DeskClock,userLeaving=false,pauseBackTasks]
11-05 01:52:46.638 1507 6077 I wm_set_resumed_activity: [0,com.android.launcher3/.uioverrides.QuickstepLauncher,resumeTopActivityInnerLocked]
11-05 01:52:46.643 1507 6077 I wm_resume_activity: [0,94458931,10,com.android.launcher3/.uioverrides.QuickstepLauncher]
11-05 01:52:46.644 1507 6077 I wm_add_to_stopping: [0,173547019,com.android.deskclock/.DeskClock,makeInvisible]
11-05 01:52:46.657 1507 1629 I input_focus: [Focus request 2395a3e com.android.launcher3/com.android.launcher3.uioverrides.QuickstepLauncher,reason=UpdateInputWindows]
11-05 01:52:46.658 2835 2835 I wm_on_resume_called: [94458931,com.android.launcher3.uioverrides.QuickstepLauncher,RESUME_ACTIVITY]
11-05 01:52:46.660 1507 2002 I input_focus: [Focus leaving recents_animation_input_consumer (server),reason=NOT_VISIBLE]
11-05 01:52:46.667 1507 1628 I sysui_multi_action: [757,803,799,window_time_0,802,7]
11-05 01:52:46.668 5990 5990 I wm_on_paused_called: [173547019,com.android.deskclock.DeskClock,performPause]
11-05 01:52:46.670 1507 1628 I wm_stop_activity: [0,173547019,com.android.deskclock/.DeskClock]
11-05 01:52:46.672 1507 1628 I sysui_multi_action: [757,803,799,window_time_0,802,0]
11-05 01:52:46.675 1507 2002 I input_focus: [Focus entering 2395a3e com.android.launcher3/com.android.launcher3.uioverrides.QuickstepLauncher (server),reason=setFocusedWindow]
11-05 01:52:46.683 2835 2835 I wm_on_top_resumed_gained_called: [94458931,com.android.launcher3.uioverrides.QuickstepLauncher,topStateChangedWhenResumed]
11-05 01:52:46.696 1507 1642 I am_pss : [8292,10090,com.android.music,26649600,22065152,0,147701760,0,4,7]
11-05 01:52:46.699 5990 5990 I wm_on_stop_called: [173547019,com.android.deskclock.DeskClock,STOP_ACTIVITY_ITEM]
11-05 01:52:46.761 1507 2980 I wm_finish_activity: [0,60465275,75,com.android.documentsui/.files.FilesActivity,recent-task-trimmed]
11-05 01:52:46.762 1507 2980 I wm_destroy_activity: [0,60465275,75,com.android.documentsui/.files.FilesActivity,finish-imm:finishIfPossible]
11-05 01:52:46.762 1507 2980 I wm_finish_activity: [0,60962523,78,com.android.calendar/.AllInOneActivity,recent-task-trimmed]
11-05 01:52:46.762 1507 1628 I am_kill : [0,8378,com.android.documentsui,940,remove task]
11-05 01:52:46.763 1507 2980 I wm_destroy_activity: [0,60962523,78,com.android.calendar/.AllInOneActivity,finish-imm:finishIfPossible]
11-05 01:52:46.764 1507 2980 I wm_finish_activity: [0,59547662,80,com.android.gallery3d/.app.GalleryActivity,recent-task-trimmed]
11-05 01:52:46.765 1507 2980 I wm_destroy_activity: [0,59547662,80,com.android.gallery3d/.app.GalleryActivity,finish-imm:finishIfPossible]
11-05 01:52:46.765 1507 2980 I wm_finish_activity: [0,17709857,77,com.android.music/.VideoBrowserActivity,recent-task-trimmed]
11-05 01:52:46.766 1507 2980 I wm_destroy_activity: [0,17709857,77,com.android.music/.VideoBrowserActivity,finish-imm:finishIfPossible]
11-05 01:52:46.766 8577 8577 I wm_on_destroy_called: [60962523,com.android.calendar.AllInOneActivity,performDestroy]
11-05 01:52:46.766 1507 2980 I wm_finish_activity: [0,238210760,85,com.android.settings/.Settings,recent-task-trimmed]
11-05 01:52:46.767 1507 2980 I wm_destroy_activity: [0,238210760,85,com.android.settings/.Settings,finish-imm:finishIfPossible]
11-05 01:52:46.767 1507 2980 I wm_finish_activity: [0,170745353,86,com.android.soundrecorder/.SoundRecorder,recent-task-trimmed]
11-05 01:52:46.768 1507 2980 I wm_destroy_activity: [0,170745353,86,com.android.soundrecorder/.SoundRecorder,finish-imm:finishIfPossible]
11-05 01:52:46.768 1507 2980 I wm_finish_activity: [0,77051618,84,com.android.music/.MusicBrowserActivity,recent-task-trimmed]
11-05 01:52:46.769 1507 2980 I wm_destroy_activity: [0,77051618,84,com.android.music/.MusicBrowserActivity,finish-imm:finishIfPossible]
11-05 01:52:46.769 1507 2980 I wm_finish_activity: [0,173547019,76,com.android.deskclock/.DeskClock,recent-task-trimmed]
11-05 01:52:46.769 8292 8292 I wm_on_destroy_called: [17709857,com.android.music.VideoBrowserActivity,performDestroy]
11-05 01:52:46.769 1507 2980 I wm_destroy_activity: [0,173547019,76,com.android.deskclock/.DeskClock,finish-imm:finishIfPossible]
11-05 01:52:46.776 1507 7110 I wm_task_removed: [77,removeChild:removeChild last r=ActivityRecord{10e3b21 u0 com.android.music/.VideoBrowserActivity t-1 f}} in t=Task{ff22d59 #77 type=standard A=10090:android.task.video U=0 visible=false mode=fullscreen translucent=true sz=0}]
11-05 01:52:46.776 1507 7110 I wm_task_removed: [77,removeChild]
11-05 01:52:46.781 1507 1628 I sysui_multi_action: [757,803,799,window_time_0,802,0]
11-05 01:52:46.792 1507 2980 I wm_task_removed: [78,removeChild:removeChild last r=ActivityRecord{3a236db u0 com.android.calendar/.AllInOneActivity t-1 f}} in t=Task{6ac4b90 #78 type=standard A=10063:android.task.calendar U=0 visible=false mode=fullscreen translucent=true sz=0}]
11-05 01:52:46.792 1507 2980 I wm_task_removed: [78,removeChild]
11-05 01:52:46.792 8711 8711 I wm_on_destroy_called: [59547662,com.android.gallery3d.app.GalleryActivity,performDestroy]
11-05 01:52:46.793 1507 1628 I am_kill : [0,8577,com.android.calendar,930,remove task]
11-05 01:52:46.794 1507 1628 I sysui_multi_action: [757,803,799,window_time_0,802,0]
11-05 01:52:46.797 8292 8292 I wm_on_destroy_called: [77051618,com.android.music.MusicBrowserActivity,performDestroy]
11-05 01:52:46.797 1507 1628 I am_kill : [0,8711,com.android.gallery3d,0,remove task]
11-05 01:52:46.798 1507 1628 I sysui_multi_action: [757,803,799,window_time_0,802,0]
11-05 01:52:46.799 9336 9336 I wm_on_destroy_called: [170745353,com.android.soundrecorder.SoundRecorder,performDestroy]
11-05 01:52:46.802 1507 1628 I sysui_multi_action: [757,803,799,window_time_0,802,0]
11-05 01:52:46.802 1507 1628 I am_kill : [0,9144,com.android.settings,910,remove task]
11-05 01:52:46.807 5990 5990 I wm_on_destroy_called: [173547019,com.android.deskclock.DeskClock,performDestroy]
11-05 01:52:46.807 1507 1628 I sysui_multi_action: [757,803,799,window_time_0,802,0]
11-05 01:52:46.808 1507 6077 I wm_task_removed: [84,removeChild:removeChild last r=ActivityRecord{497b6e2 u0 com.android.music/.MusicBrowserActivity t-1 f}} in t=Task{68643ad #84 type=standard A=10090:android.task.music U=0 visible=false mode=fullscreen translucent=true sz=0}]
11-05 01:52:46.808 1507 6077 I wm_task_removed: [84,removeChild]
11-05 01:52:46.809 1507 1507 I sysui_multi_action: [757,128,758,5,759,8,793,91424,794,0,795,12303,796,1,806,com.android.music,857,Channel-music,858,2,947,0,1500,12303,1641,transport,1688,1,1745,1043716538]
11-05 01:52:46.809 1507 1507 I notification_canceled: [0|com.android.music|1|null|10090,8,91424,12303,0,-1,-1,NULL]
11-05 01:52:46.811 1507 6077 I wm_task_removed: [86,removeChild:removeChild last r=ActivityRecord{a2d5e09 u0 com.android.soundrecorder/.SoundRecorder t-1 f}} in t=Task{82d7eec #86 type=standard A=10060:com.android.soundrecorder U=0 visible=false mode=fullscreen translucent=true sz=0}]
11-05 01:52:46.811 1507 6077 I wm_task_removed: [86,removeChild]
11-05 01:52:46.812 1507 1628 I am_kill : [0,9336,com.android.soundrecorder,900,remove task]
11-05 01:52:46.815 1507 1628 I sysui_multi_action: [757,803,799,window_time_0,802,0]
11-05 01:52:46.819 1507 6077 I wm_task_removed: [76,removeChild:removeChild last r=ActivityRecord{a581e0b u0 com.android.deskclock/.DeskClock t-1 f}} in t=Task{9244383 #76 type=standard A=10065:com.android.deskclock U=0 visible=false mode=fullscreen translucent=true sz=0}]
11-05 01:52:46.819 1507 6077 I wm_task_removed: [76,removeChild]
11-05 01:52:46.820 1507 1628 I sysui_multi_action: [757,803,799,window_time_0,802,0]
11-05 01:52:46.834 1507 1645 I am_uid_running: 10024
11-05 01:52:46.838 1507 1628 I sysui_multi_action: [757,803,799,window_time_0,802,0]
11-05 01:52:46.839 1507 7110 I sysui_multi_action: [757,856,758,2,806,com.android.music,857,Channel-music,858,2]
11-05 01:52:46.839 1507 1507 I notification_cancel_all: [1000,1507,com.android.music,0,0,0,20,NULL]
11-05 01:52:46.848 1507 1646 I am_proc_start: [0,9495,10024,com.android.musicfx,broadcast,{com.android.musicfx/com.android.musicfx.ControlPanelReceiver}]
11-05 01:52:46.861 1507 1507 I notification_enqueue: [10081,2365,com.android.systemui,1,empty_media,0,Notification(channel=empty_media_style_id shortcut=null contentView=null vibrate=null sound=null defaults=0x0 flags=0x20 color=0x00000000 category=transport actions=3 vis=PRIVATE),0]
11-05 01:52:46.875 1507 2980 I am_proc_died: [0,8378,com.android.documentsui,940,18]
11-05 01:52:46.878 1507 2980 I am_uid_stopped: 10032
11-05 01:52:46.879 1507 2980 I wm_task_removed: [75,removeChild:removeChild last r=ActivityRecord{39aa07b u0 com.android.documentsui/.files.FilesActivity t-1 f}} in t=Task{ac3012d #75 type=standard A=10032:com.android.documentsui U=0 visible=false mode=fullscreen translucent=true sz=0}]
11-05 01:52:46.879 1507 2980 I wm_task_removed: [75,removeChild]
11-05 01:52:46.883 1507 1628 I am_uid_stopped: 10069
11-05 01:52:46.883 1507 1628 I am_uid_running: 10069
11-05 01:52:46.886 1507 1628 I am_uid_running: 10032
11-05 01:52:46.890 1507 1628 I am_uid_stopped: 10063
11-05 01:52:46.890 1507 1628 I am_uid_running: 10063
11-05 01:52:46.896 1507 5662 I am_proc_died: [0,9144,com.android.settings,910,19]
11-05 01:52:46.897 1507 5662 I wm_task_removed: [85,removeChild:removeChild last r=ActivityRecord{e32cec8 u0 com.android.settings/.Settings t-1 f}} in t=Task{157a472 #85 type=standard A=1000:com.android.settings.root U=0 visible=false mode=fullscreen translucent=true sz=0}]
11-05 01:52:46.897 1507 5662 I wm_task_removed: [85,removeChild]
11-05 01:52:46.899 1507 2980 I am_proc_died: [0,8711,com.android.gallery3d,0,10]
11-05 01:52:46.900 1507 2980 I wm_task_removed: [80,removeChild:removeChild last r=ActivityRecord{38ca00e u0 com.android.gallery3d/.app.GalleryActivity t-1 f}} in t=Task{d6728be #80 type=standard A=10069:com.android.gallery3d U=0 visible=false mode=fullscreen translucent=true sz=0}]
11-05 01:52:46.900 1507 2980 I wm_task_removed: [80,removeChild]
11-05 01:52:46.901 1507 5224 I am_proc_bound: [0,9495,com.android.musicfx]
11-05 01:52:46.909 1507 5662 I am_proc_died: [0,9336,com.android.soundrecorder,900,19]
11-05 01:52:46.910 1507 5662 I am_uid_stopped: 10060
11-05 01:52:46.910 1507 1646 I am_proc_start: [0,9509,10069,com.android.gallery3d,NULL,]
11-05 01:52:46.917 1507 1646 I am_proc_start: [0,9512,1000,com.android.settings,NULL,]
11-05 01:52:46.926 1507 1646 I am_proc_start: [0,9524,10032,com.android.documentsui,NULL,]
11-05 01:52:46.932 1507 4894 I am_proc_bound: [0,9509,com.android.gallery3d]
11-05 01:52:46.943 1507 5662 I am_proc_bound: [0,9512,com.android.settings]
11-05 01:52:46.956 1507 5662 I am_proc_bound: [0,9524,com.android.documentsui]
11-05 01:52:46.981 1507 4894 I am_proc_died: [0,8577,com.android.calendar,930,19]
11-05 01:52:46.989 1507 1646 I am_proc_start: [0,9560,10063,com.android.calendar,NULL,]
11-05 01:52:47.011 1507 4894 I am_proc_bound: [0,9560,com.android.calendar]
11-05 01:52:47.062 1507 1507 I sysui_multi_action: [757,1501,758,1,793,202,794,0,795,202,796,1,797,empty_media,806,com.android.systemui,857,empty_media_style_id,858,4,947,0,1500,0,1641,transport,1688,1,1745,1043716538]
11-05 01:52:47.062 1507 1507 I sysui_multi_action: [757,804,799,note_interruptive,801,0,802,1]
11-05 01:52:47.095 1507 1627 I commit_sys_config_file: [notification-policy,2417410]
11-05 01:52:47.284 1507 2002 I input_interaction: Interaction with: 2395a3e com.android.launcher3/com.android.launcher3.uioverrides.QuickstepLauncher (server), ef1bc93 com.android.systemui.ImageWallpaper (server), edge-swipe (server), swipe-up (server), PointerEventDispatcher0 (server),
11-05 01:52:47.288 1507 1507 I service_manager_stats: [100,84,68204]
11-05 01:52:47.393 1507 2288 I wm_task_created: [87,-1]
11-05 01:52:47.400 1507 2288 I wm_task_moved: [87,1,7]
11-05 01:52:47.400 1507 2288 I wm_task_to_front: [0,87]
11-05 01:52:47.401 1507 2288 I wm_create_task: [0,87]
11-05 01:52:47.402 1507 2288 I wm_create_activity: [0,89591031,87,com.android.music/.VideoBrowserActivity,android.intent.action.MAIN,NULL,NULL,270532608]
11-05 01:52:47.402 1507 2288 I wm_task_moved: [87,1,7]
11-05 01:52:47.405 1507 2288 I wm_pause_activity: [0,94458931,com.android.launcher3/.uioverrides.QuickstepLauncher,userLeaving=true,pauseBackTasks]
11-05 01:52:47.414 2835 2835 I wm_on_top_resumed_lost_called: [94458931,com.android.launcher3.uioverrides.QuickstepLauncher,topStateChangedWhenResumed]
11-05 01:52:47.416 2835 2835 I wm_on_paused_called: [94458931,com.android.launcher3.uioverrides.QuickstepLauncher,performPause]
11-05 01:52:47.418 1507 1777 I wm_add_to_stopping: [0,94458931,com.android.launcher3/.uioverrides.QuickstepLauncher,makeInvisible]
11-05 01:52:47.419 1507 1777 I wm_restart_activity: [0,89591031,87,com.android.music/.VideoBrowserActivity]
11-05 01:52:47.420 1507 1777 I wm_set_resumed_activity: [0,com.android.music/.VideoBrowserActivity,minimalResumeActivityLocked]
11-05 01:52:47.426 1507 1628 I sysui_multi_action: [757,803,799,window_time_0,802,0]
11-05 01:52:47.441 8292 8292 I wm_on_create_called: [89591031,com.android.music.VideoBrowserActivity,performCreate]
11-05 01:52:47.441 8292 8292 I wm_on_start_called: [89591031,com.android.music.VideoBrowserActivity,handleStartActivity]
11-05 01:52:47.442 8292 8292 I wm_on_resume_called: [89591031,com.android.music.VideoBrowserActivity,RESUME_ACTIVITY]
11-05 01:52:47.443 1507 2002 I input_focus: [Focus leaving 2395a3e com.android.launcher3/com.android.launcher3.uioverrides.QuickstepLauncher (server),reason=NO_WINDOW]
11-05 01:52:47.445 8292 8292 I wm_on_top_resumed_gained_called: [89591031,com.android.music.VideoBrowserActivity,topStateChangedWhenResumed]
11-05 01:52:47.450 1507 1629 I input_focus: [Focus request becefc com.android.music/com.android.music.VideoBrowserActivity,reason=UpdateInputWindows]
11-05 01:52:47.466 1507 1625 I sysui_multi_action: [319,66,321,63,322,75,325,2441,757,761,758,8,759,1,806,com.android.music,871,com.android.music.VideoBrowserActivity,904,com.android.launcher3,905,0,1320,4,1321,1]
11-05 01:52:47.467 1507 1625 I wm_activity_launch_time: [0,89591031,com.android.music/.VideoBrowserActivity,75]
11-05 01:52:47.476 1507 2002 I input_focus: [Focus entering becefc com.android.music/com.android.music.VideoBrowserActivity (server),reason=Window became focusable. Previous reason: NOT_VISIBLE]
11-05 01:52:48.011 1507 1628 I wm_stop_activity: [0,94458931,com.android.launcher3/.uioverrides.QuickstepLauncher]
11-05 01:52:48.050 2835 2835 I wm_on_stop_called: [94458931,com.android.launcher3.uioverrides.QuickstepLauncher,STOP_ACTIVITY_ITEM]
11-05 01:52:49.150 1507 2002 I input_interaction: Interaction with: becefc com.android.music/com.android.music.VideoBrowserActivity (server), edge-swipe (server), swipe-up (server), PointerEventDispatcher0 (server),
11-05 01:52:49.175 1507 4894 I wm_task_moved: [1,0,0]
11-05 01:52:49.177 1507 4894 I wm_task_moved: [1,0,6]
11-05 01:52:49.204 2835 2835 I wm_on_restart_called: [94458931,com.android.launcher3.uioverrides.QuickstepLauncher,performRestartActivity]
11-05 01:52:49.222 2835 2835 I wm_on_start_called: [94458931,com.android.launcher3.uioverrides.QuickstepLauncher,handleStartActivity]
11-05 01:52:49.223 8292 8292 I view_enqueue_input_event: [Motion - Cancel,com.android.music/com.android.music.VideoBrowserActivity]
11-05 01:52:49.225 1507 1629 I input_focus: [Focus request recents_animation_input_consumer,reason=UpdateInputWindows]
11-05 01:52:49.231 1507 2002 I input_interaction: Interaction with: edge-swipe (server), swipe-up (server), PointerEventDispatcher0 (server),
11-05 01:52:49.234 2835 2835 I sysui_latency: [1,85]
11-05 01:52:49.246 1507 1625 I sysui_multi_action: [319,14,322,66,325,2443,757,761,758,9,759,5,806,com.android.launcher3,871,com.android.launcher3.uioverrides.QuickstepLauncher,905,0,1320,4,1321,1]
11-05 01:52:49.248 1507 2002 I input_focus: [Focus leaving becefc com.android.music/com.android.music.VideoBrowserActivity (server),reason=NOT_FOCUSABLE]
11-05 01:52:49.249 1507 2002 I input_focus: [Focus entering recents_animation_input_consumer (server),reason=setFocusedWindow]
11-05 01:52:49.430 1507 1751 I commit_sys_config_file: [settings-1-0,10]
11-05 01:52:49.541 1507 1642 I sysui_latency: [8,84]
11-05 01:52:50.349 1507 1751 I commit_sys_config_file: [settings-1-0,7]
11-05 01:52:51.528 1507 2002 I input_interaction: Interaction with: 2395a3e com.android.launcher3/com.android.launcher3.uioverrides.QuickstepLauncher (server), edge-swipe (server), swipe-up (server), PointerEventDispatcher0 (server),
11-05 01:52:51.676 1507 1777 I wm_task_moved: [1,1,7]
11-05 01:52:51.677 1507 1777 I wm_focused_root_task: [0,0,1,87,RecentsAnimation.onAnimationFinished()]
11-05 01:52:51.678 8292 8292 I wm_on_top_resumed_lost_called: [89591031,com.android.music.VideoBrowserActivity,topStateChangedWhenResumed]
11-05 01:52:51.679 1507 1777 I wm_pause_activity: [0,89591031,com.android.music/.VideoBrowserActivity,userLeaving=false,pauseBackTasks]
11-05 01:52:51.682 1507 1777 I wm_set_resumed_activity: [0,com.android.launcher3/.uioverrides.QuickstepLauncher,resumeTopActivityInnerLocked]
11-05 01:52:51.683 1507 1777 I wm_resume_activity: [0,94458931,10,com.android.launcher3/.uioverrides.QuickstepLauncher]
11-05 01:52:51.684 1507 1777 I wm_add_to_stopping: [0,89591031,com.android.music/.VideoBrowserActivity,makeInvisible]
11-05 01:52:51.694 8292 8292 I wm_on_paused_called: [89591031,com.android.music.VideoBrowserActivity,performPause]
11-05 01:52:51.694 1507 1629 I input_focus: [Focus request 2395a3e com.android.launcher3/com.android.launcher3.uioverrides.QuickstepLauncher,reason=UpdateInputWindows]
11-05 01:52:51.697 1507 1628 I sysui_multi_action: [757,803,799,window_time_0,802,5]
11-05 01:52:51.699 1507 2288 I wm_task_moved: [87,1,7]
11-05 01:52:51.700 1507 2288 I wm_focused_root_task: [0,0,87,1,bringingFoundTaskToFront]
11-05 01:52:51.700 1507 2288 I wm_set_resumed_activity: [0,com.android.music/.VideoBrowserActivity,bringingFoundTaskToFront]
11-05 01:52:51.702 1507 2288 I wm_pause_activity: [0,94458931,com.android.launcher3/.uioverrides.QuickstepLauncher,userLeaving=true,pauseBackTasks]
11-05 01:52:51.704 1507 2002 I input_focus: [Focus leaving recents_animation_input_consumer (server),reason=NOT_VISIBLE]
11-05 01:52:51.705 1507 2002 I input_focus: [Focus entering 2395a3e com.android.launcher3/com.android.launcher3.uioverrides.QuickstepLauncher (server),reason=setFocusedWindow]
11-05 01:52:51.707 2835 2835 I wm_on_resume_called: [94458931,com.android.launcher3.uioverrides.QuickstepLauncher,RESUME_ACTIVITY]
11-05 01:52:51.709 2835 2835 I wm_on_top_resumed_gained_called: [94458931,com.android.launcher3.uioverrides.QuickstepLauncher,topStateChangedWhenResumed]
11-05 01:52:51.709 2835 2835 I wm_on_top_resumed_lost_called: [94458931,com.android.launcher3.uioverrides.QuickstepLauncher,topStateChangedWhenResumed]
11-05 01:52:51.715 2835 2835 I wm_on_paused_called: [94458931,com.android.launcher3.uioverrides.QuickstepLauncher,performPause]
11-05 01:52:51.719 1507 2288 I wm_set_resumed_activity: [0,com.android.music/.VideoBrowserActivity,resumeTopActivityInnerLocked]
11-05 01:52:51.719 1507 2288 I wm_add_to_stopping: [0,94458931,com.android.launcher3/.uioverrides.QuickstepLauncher,makeInvisible]
11-05 01:52:51.721 1507 2288 I wm_resume_activity: [0,89591031,87,com.android.music/.VideoBrowserActivity]
11-05 01:52:51.729 1507 1628 I sysui_multi_action: [757,803,799,window_time_0,802,0]
11-05 01:52:51.736 1507 2002 I input_focus: [Focus leaving 2395a3e com.android.launcher3/com.android.launcher3.uioverrides.QuickstepLauncher (server),reason=NO_WINDOW]
11-05 01:52:51.739 1507 1628 I sysui_multi_action: [757,803,799,window_time_0,802,0]
11-05 01:52:51.739 1507 1625 I sysui_multi_action: [319,40,321,37,322,0,325,2446,757,761,758,9,759,4,806,com.android.music,871,com.android.music.VideoBrowserActivity,904,com.android.launcher3,905,0,1320,4,1321,1]
11-05 01:52:51.743 1507 1629 I input_focus: [Focus request becefc com.android.music/com.android.music.VideoBrowserActivity,reason=UpdateInputWindows]
11-05 01:52:51.747 8292 8292 I wm_on_resume_called: [89591031,com.android.music.VideoBrowserActivity,RESUME_ACTIVITY]
11-05 01:52:51.747 8292 8292 I wm_on_top_resumed_gained_called: [89591031,com.android.music.VideoBrowserActivity,topWhenResuming]
11-05 01:52:51.761 1507 2002 I input_focus: [Focus entering becefc com.android.music/com.android.music.VideoBrowserActivity (server),reason=setFocusedWindow]
11-05 01:52:52.094 1507 1628 I wm_stop_activity: [0,94458931,com.android.launcher3/.uioverrides.QuickstepLauncher]
11-05 01:52:52.130 2835 2835 I wm_on_stop_called: [94458931,com.android.launcher3.uioverrides.QuickstepLauncher,STOP_ACTIVITY_ITEM]
11-05 01:52:53.271 1507 2002 I input_interaction: Interaction with: becefc com.android.music/com.android.music.VideoBrowserActivity (server), edge-swipe (server), swipe-up (server), PointerEventDispatcher0 (server),
11-05 01:52:53.292 1507 4894 I wm_task_moved: [1,0,0]
11-05 01:52:53.293 1507 4894 I wm_task_moved: [1,0,6]
11-05 01:52:53.318 8292 8292 I view_enqueue_input_event: [Motion - Cancel,com.android.music/com.android.music.VideoBrowserActivity]
11-05 01:52:53.330 2835 2835 I wm_on_restart_called: [94458931,com.android.launcher3.uioverrides.QuickstepLauncher,performRestartActivity]
11-05 01:52:53.330 1507 2002 I input_interaction: Interaction with: edge-swipe (server), swipe-up (server), PointerEventDispatcher0 (server),
11-05 01:52:53.331 1507 1629 I input_focus: [Focus request recents_animation_input_consumer,reason=UpdateInputWindows]
11-05 01:52:53.347 2835 2835 I wm_on_start_called: [94458931,com.android.launcher3.uioverrides.QuickstepLauncher,handleStartActivity]
11-05 01:52:53.356 1507 2002 I input_focus: [Focus leaving becefc com.android.music/com.android.music.VideoBrowserActivity (server),reason=NOT_FOCUSABLE]
11-05 01:52:53.356 1507 2002 I input_focus: [Focus entering recents_animation_input_consumer (server),reason=setFocusedWindow]
11-05 01:52:53.357 2835 2835 I sysui_latency: [1,87]
11-05 01:52:53.370 1507 1625 I sysui_multi_action: [319,15,322,71,325,2447,757,761,758,9,759,5,806,com.android.launcher3,871,com.android.launcher3.uioverrides.QuickstepLauncher,905,0,1320,4,1321,1]
11-05 01:52:53.550 1507 1751 I commit_sys_config_file: [settings-1-0,4]
11-05 01:52:53.666 1507 1642 I sysui_latency: [8,86]
11-05 01:52:54.196 1507 1751 I commit_sys_config_file: [settings-1-0,6]
11-05 01:52:55.087 1507 2002 I input_interaction: Interaction with: 2395a3e com.android.launcher3/com.android.launcher3.uioverrides.QuickstepLauncher (server), edge-swipe (server), swipe-up (server), PointerEventDispatcher0 (server),
11-05 01:52:55.247 1507 4894 I wm_task_moved: [1,1,7]
11-05 01:52:55.248 1507 4894 I wm_focused_root_task: [0,0,1,87,RecentsAnimation.onAnimationFinished()]
11-05 01:52:55.250 8292 8292 I wm_on_top_resumed_lost_called: [89591031,com.android.music.VideoBrowserActivity,topStateChangedWhenResumed]
11-05 01:52:55.251 1507 4894 I wm_pause_activity: [0,89591031,com.android.music/.VideoBrowserActivity,userLeaving=false,pauseBackTasks]
11-05 01:52:55.253 1507 4894 I wm_set_resumed_activity: [0,com.android.launcher3/.uioverrides.QuickstepLauncher,resumeTopActivityInnerLocked]
11-05 01:52:55.255 1507 4894 I wm_resume_activity: [0,94458931,10,com.android.launcher3/.uioverrides.QuickstepLauncher]
11-05 01:52:55.256 1507 4894 I wm_add_to_stopping: [0,89591031,com.android.music/.VideoBrowserActivity,makeInvisible]
11-05 01:52:55.264 1507 1629 I input_focus: [Focus request 2395a3e com.android.launcher3/com.android.launcher3.uioverrides.QuickstepLauncher,reason=UpdateInputWindows]
11-05 01:52:55.264 8292 8292 I wm_on_paused_called: [89591031,com.android.music.VideoBrowserActivity,performPause]
11-05 01:52:55.265 1507 1628 I sysui_multi_action: [757,803,799,window_time_0,802,3]
11-05 01:52:55.274 1507 4963 I wm_task_created: [88,-1]
11-05 01:52:55.281 1507 2002 I input_focus: [Focus leaving recents_animation_input_consumer (server),reason=NOT_VISIBLE]
11-05 01:52:55.281 1507 2002 I input_focus: [Focus entering 2395a3e com.android.launcher3/com.android.launcher3.uioverrides.QuickstepLauncher (server),reason=setFocusedWindow]
11-05 01:52:55.284 1507 4963 I wm_task_moved: [88,1,8]
11-05 01:52:55.284 1507 4963 I wm_task_to_front: [0,88]
11-05 01:52:55.285 1507 4963 I wm_create_task: [0,88]
11-05 01:52:55.285 1507 4963 I wm_create_activity: [0,207799423,88,com.android.gallery3d/.app.GalleryActivity,android.intent.action.MAIN,NULL,NULL,270532608]
11-05 01:52:55.285 1507 4963 I wm_task_moved: [88,1,8]
11-05 01:52:55.289 1507 4963 I wm_pause_activity: [0,94458931,com.android.launcher3/.uioverrides.QuickstepLauncher,userLeaving=true,pauseBackTasks]
11-05 01:52:55.301 2835 2835 I wm_on_resume_called: [94458931,com.android.launcher3.uioverrides.QuickstepLauncher,RESUME_ACTIVITY]
11-05 01:52:55.304 2835 2835 I wm_on_top_resumed_gained_called: [94458931,com.android.launcher3.uioverrides.QuickstepLauncher,topStateChangedWhenResumed]
11-05 01:52:55.304 2835 2835 I wm_on_top_resumed_lost_called: [94458931,com.android.launcher3.uioverrides.QuickstepLauncher,topStateChangedWhenResumed]
11-05 01:52:55.310 2835 2835 I wm_on_paused_called: [94458931,com.android.launcher3.uioverrides.QuickstepLauncher,performPause]
11-05 01:52:55.313 1507 1628 I wm_stop_activity: [0,89591031,com.android.music/.VideoBrowserActivity]
11-05 01:52:55.314 8292 8292 I wm_on_stop_called: [89591031,com.android.music.VideoBrowserActivity,STOP_ACTIVITY_ITEM]
11-05 01:52:55.321 1507 5989 I wm_add_to_stopping: [0,94458931,com.android.launcher3/.uioverrides.QuickstepLauncher,makeInvisible]
11-05 01:52:55.322 1507 5989 I wm_restart_activity: [0,207799423,88,com.android.gallery3d/.app.GalleryActivity]
11-05 01:52:55.324 1507 5989 I wm_set_resumed_activity: [0,com.android.gallery3d/.app.GalleryActivity,minimalResumeActivityLocked]
11-05 01:52:55.329 1507 1628 I sysui_multi_action: [757,803,799,window_time_0,802,0]
11-05 01:52:55.329 1507 1628 I am_uid_active: 10069
11-05 01:52:55.344 1507 2002 I input_focus: [Focus leaving 2395a3e com.android.launcher3/com.android.launcher3.uioverrides.QuickstepLauncher (server),reason=NO_WINDOW]
11-05 01:52:55.347 1507 1628 I sysui_multi_action: [757,803,799,window_time_0,802,0]
11-05 01:52:55.386 9509 9509 I wm_on_create_called: [207799423,com.android.gallery3d.app.GalleryActivity,performCreate]
11-05 01:52:55.388 9509 9509 I wm_on_start_called: [207799423,com.android.gallery3d.app.GalleryActivity,handleStartActivity]
11-05 01:52:55.393 9509 9509 I wm_on_resume_called: [207799423,com.android.gallery3d.app.GalleryActivity,RESUME_ACTIVITY]
11-05 01:52:55.400 9509 9509 I wm_on_top_resumed_gained_called: [207799423,com.android.gallery3d.app.GalleryActivity,topStateChangedWhenResumed]
11-05 01:52:55.420 1507 1507 I notification_enqueue: [10081,2365,com.android.systemui,2048,NULL,0,Notification(channel=updateNotification shortcut=null contentView=null vibrate=null sound=null defaults=0x0 flags=0x0 color=0x00000000 vis=PRIVATE),1]
11-05 01:52:55.420 1507 1629 I input_focus: [Focus request 6a766fe com.android.gallery3d/com.android.gallery3d.app.GalleryActivity,reason=UpdateInputWindows]
11-05 01:52:55.421 2365 2365 I sysui_multi_action: [757,111,758,2]
11-05 01:52:55.421 2365 2365 I sysui_multi_action: [757,111,758,2]
11-05 01:52:55.440 2365 2365 I sysui_multi_action: [757,111,758,1]
11-05 01:52:55.440 2365 2365 I sysui_multi_action: [757,126,758,1,759,126,927,0,928,1,1593,0]
11-05 01:52:55.440 2365 2365 I sysui_multi_action: [757,113,758,1,759,113,927,1,928,1,1593,0]
11-05 01:52:55.440 2365 2365 I sysui_multi_action: [757,0,758,1,759,0,927,2,928,0,1593,0]
11-05 01:52:55.440 2365 2365 I sysui_multi_action: [757,0,758,1,759,0,927,3,928,0,1593,0]
11-05 01:52:55.440 2365 2365 I sysui_multi_action: [757,491,758,1,759,491,927,4,928,0,1311,-1,1593,0]
11-05 01:52:55.440 2365 2365 I sysui_multi_action: [757,0,758,1,759,0,927,5,928,0,1593,0]
11-05 01:52:55.440 2365 2365 I sysui_multi_action: [757,114,758,1,759,114,927,6,928,0,1593,0]
11-05 01:52:55.440 2365 2365 I sysui_multi_action: [757,120,758,1,759,120,927,7,928,0,1593,0]
11-05 01:52:55.440 2365 2365 I sysui_multi_action: [757,111,758,1]
11-05 01:52:55.441 2365 2365 I sysui_multi_action: [757,126,758,1,759,126,927,0,928,1,1593,0]
