11-05 02:19:47.699 1507 1645 I am_wtf : [0,1507,system_server,-1,DisplayDeviceConfig,requesting nits when no mapping exists.]
11-05 02:19:47.700 1507 1645 I am_wtf : [0,1507,system_server,-1,DisplayDeviceConfig,requesting nits when no mapping exists.]
11-05 02:19:47.715 1507 1645 I am_wtf : [0,1507,system_server,-1,DisplayDeviceConfig,requesting nits when no mapping exists.]
11-05 02:19:47.717 1507 1645 I am_wtf : [0,1507,system_server,-1,DisplayDeviceConfig,requesting nits when no mapping exists.]
11-05 02:19:49.547 1507 1752 I am_freeze: [11456,com.android.settings]
11-05 02:19:49.548 1507 1752 I am_kill : [0,11456,com.android.settings,995,Unable to freeze binder interface]
11-05 02:19:49.600 1507 7110 I am_proc_died: [0,11456,com.android.settings,995,19]
11-05 02:19:49.632 1507 1646 I am_proc_start: [0,12341,1000,com.android.settings,NULL,]
11-05 02:19:49.674 1507 7110 I am_proc_bound: [0,12341,com.android.settings]
11-05 02:20:18.770 1320 7017 I liblog : 64
11-05 02:20:36.998 1507 1752 I am_freeze: [11473,com.thundercomm.mcuupgrade]
11-05 02:20:37.000 1507 1752 I am_kill : [0,11473,com.thundercomm.mcuupgrade,985,Unable to freeze binder interface]
11-05 02:20:37.025 1507 6077 I am_proc_died: [0,11473,com.thundercomm.mcuupgrade,985,19]
11-05 02:20:37.036 1507 1642 I am_pss : [12341,1000,com.android.settings,26900480,24944640,0,112422912,0,19,6]
11-05 02:20:37.042 1507 1642 I am_pss : [12312,10069,com.android.gallery3d,7625728,5128192,0,93564928,0,19,6]
11-05 02:20:37.050 1507 1646 I am_proc_start: [0,12359,1000,com.thundercomm.mcuupgrade,NULL,]
11-05 02:20:37.093 1507 6077 I am_proc_bound: [0,12359,com.thundercomm.mcuupgrade]
11-05 02:20:37.094 1507 6077 I service_manager_stats: [107,65,50244]
11-05 02:20:53.127 1507 1645 I am_uid_idle: 10062 --------- beginning of main
11-05 02:21:39.336 648 663 I mpu_uart: [MSG-P:RECV]:No message received in 1000 ms
11-05 02:21:40.337 648 663 I mpu_uart: [MSG-P:RECV]:No message received in 1000 ms
11-05 02:21:40.626 648 662 I mpu_uart: [MSG-P:R]:recv sync frame timeout
11-05 02:21:41.337 648 663 I mpu_uart: [MSG-P:RECV]:No message received in 1000 ms
11-05 02:21:42.337 648 663 I mpu_uart: [MSG-P:RECV]:No message received in 1000 ms
11-05 02:21:43.338 648 663 I mpu_uart: [MSG-P:RECV]:No message received in 1000 ms
11-05 02:21:43.629 648 662 I mpu_uart: [MSG-P:R]:recv sync frame timeout
11-05 02:21:44.338 648 663 I mpu_uart: [MSG-P:RECV]:No message received in 1000 ms
11-05 02:21:45.338 648 663 I mpu_uart: [MSG-P:RECV]:No message received in 1000 ms
11-05 02:21:46.339 648 663 I mpu_uart: [MSG-P:RECV]:No message received in 1000 ms
11-05 02:21:46.632 648 662 I mpu_uart: [MSG-P:R]:recv sync frame timeout
11-05 02:21:47.339 648 663 I mpu_uart: [MSG-P:RECV]:No message received in 1000 ms
11-05 02:21:48.128 1507 2002 I input_interaction: Interaction with: ff7984f com.thundercomm.screensaver/android.service.dreams.DreamActivity (server), edge-swipe (server), swipe-up (server), PointerEventDispatcher0 (server),
11-05 02:21:48.136 1507 6077 I wm_finish_activity: [0,173535219,131,com.thundercomm.screensaver/android.service.dreams.DreamActivity,finish-activity]
11-05 02:21:48.136 1507 6077 I wm_task_moved: [1,1,6]
11-05 02:21:48.138 1507 6077 I wm_task_moved: [10,1,2147483647]
11-05 02:21:48.138 1507 6077 I wm_task_to_front: [0,10]
11-05 02:21:48.139 1507 6077 I wm_focused_root_task: [0,0,1,131,finish-top adjustFocusToNextFocusableTask]
11-05 02:21:48.140 1507 6077 I wm_set_resumed_activity: [0,com.android.launcher3/.uioverrides.QuickstepLauncher,finish-top adjustFocusToNextFocusableTask]
11-05 02:21:48.140 1507 6077 D ActivityTrigger: ActivityTrigger activityPauseTrigger
11-05 02:21:48.142 1507 6077 I wm_pause_activity: [0,173535219,com.thundercomm.screensaver/android.service.dreams.DreamActivity,userLeaving=false,finish] --------- beginning of system
11-05 02:21:48.155 1507 6077 I DreamManagerService: Gently waking up from dream.
11-05 02:21:48.156 1507 1628 I sysui_multi_action: [757,803,799,window_time_0,802,121]
11-05 02:21:48.157 7669 7669 I wm_on_top_resumed_lost_called: [173535219,android.service.dreams.DreamActivity,topStateChangedWhenResumed]
11-05 02:21:48.157 7669 7669 I wm_on_paused_called: [173535219,android.service.dreams.DreamActivity,performPause]
11-05 02:21:48.158 1507 7110 I wm_add_to_stopping: [0,173535219,com.thundercomm.screensaver/android.service.dreams.DreamActivity,completeFinishing]
11-05 02:21:48.159 1507 7110 I ActivityTaskManager: FOREGROUND_APPLICATION_CHANGED to com.android.launcher3.uioverrides.QuickstepLauncher
11-05 02:21:48.159 1507 1625 I DreamManagerService: Performing gentle wake from dream.
11-05 02:21:48.161 1507 7110 I wm_set_resumed_activity: [0,com.android.launcher3/.uioverrides.QuickstepLauncher,resumeTopActivityInnerLocked]
11-05 02:21:48.164 1507 7110 I wm_resume_activity: [0,94458931,10,com.android.launcher3/.uioverrides.QuickstepLauncher]
11-05 02:21:48.166 2365 6633 D KeyguardViewMediator: setOccluded false
11-05 02:21:48.166 2835 2835 I wm_on_restart_called: [94458931,com.android.launcher3.uioverrides.QuickstepLauncher,performRestartActivity]
11-05 02:21:48.166 2835 2835 I wm_on_start_called: [94458931,com.android.launcher3.uioverrides.QuickstepLauncher,handleStartActivity]
11-05 02:21:48.167 2835 2835 I wm_on_resume_called: [94458931,com.android.launcher3.uioverrides.QuickstepLauncher,RESUME_ACTIVITY]
11-05 02:21:48.167 2835 2835 I wm_on_top_resumed_gained_called: [94458931,com.android.launcher3.uioverrides.QuickstepLauncher,topWhenResuming]
11-05 02:21:48.168 2365 2365 D StatusBar: disable disable2
11-05 02:21:48.169 2365 2365 D KeyguardViewMediator: adjustStatusBarLocked: mShowing=false mOccluded=false isSecure=false force=false --> flags=0x0
11-05 02:21:48.176 4273 4287 I GameMode_ActivityMonitoringService: onForegroundActivitiesChanged uid 10078 pid 2835 fg true
11-05 02:21:48.179 1507 1628 I sysui_multi_action: [757,803,799,window_time_0,802,0]
11-05 02:21:48.184 7669 7669 I view_enqueue_input_event: [Motion - Cancel,com.thundercomm.screensaver/android.service.dreams.DreamActivity]
11-05 02:21:48.185 1507 2002 I input_focus: [Focus leaving ff7984f com.thundercomm.screensaver/android.service.dreams.DreamActivity (server),reason=NO_WINDOW]
11-05 02:21:48.185 4273 4291 I GameMode_ActivityMonitoringService: Updating top task to: TaskInfoContainer [topActivity=ComponentInfo{com.android.launcher3/com.android.launcher3.uioverrides.QuickstepLauncher}, taskId=10, stackId=1, userId=0, displayId=0, position=6
11-05 02:21:48.186 4273 4291 I GameMode_ActivityMonitoringService: Notifying about top task: TaskInfoContainer [topActivity=ComponentInfo{com.android.launcher3/com.android.launcher3.uioverrides.QuickstepLauncher}, taskId=10, stackId=1, userId=0, displayId=0, position=6
11-05 02:21:48.186 4273 4291 D GameMode_GameMode: Show GameMode entry by service!
11-05 02:21:48.186 4273 4291 W ContextImpl: Calling a method in the system process without a qualified user: android.app.ContextImpl.startService:1816 android.content.ContextWrapper.startService:774 com.thundercomm.gamemode.ingame.services.GameModeActionUtils.startGameModeService:39 com.thundercomm.gamemode.ingame.services.GameModeActionUtils.startGameModeEntry:19 com.thundercomm.gamemode.ingame.services.ActivityMonitoringService$1.onActivityLaunch:119
11-05 02:21:48.189 4273 4273 D GameMode_GameMode: type=hide_entry
11-05 02:21:48.189 4273 4291 D GameMode: getUriFor setting_content_uri_root = content://com.thundercomm.gamemode.api/gamemode_settings , name = gamemode_isgaming
11-05 02:21:48.192 2365 6633 I OpenGLRenderer: Davey! duration=9223367854139ms; Flags=0, FrameTimelineVsyncId=-1, IntendedVsync=4182715523715, Vsync=4182715525122, InputEventId=0, HandleInputStart=4182715532361, AnimationStart=4182715534080, PerformTraversalsStart=4182715535590, DrawStart=4182715639028, FrameDeadline=9223372036854775807, FrameInterval=4182715525122, FrameStartTime=16666666, SyncQueued=4182716612413, SyncStart=4182716721580, IssueDrawCommandsStart=4182717045799, SwapBuffers=4182719955434, FrameCompleted=9223372036854775807, DequeueBufferDuration=45052, QueueBufferDuration=764740, GpuCompleted=9223372036854775807, SwapBuffersCompleted=4182721697361, DisplayPresentTime=0,
11-05 02:21:48.195 4273 4273 D GameMode_GameSettingsObserver: Game Data change!!!! uri = content://com.thundercomm.gamemode.api/gamemode_settings/gamemode_isgaming
11-05 02:21:48.195 1507 1507 I GameModeConfig: Current uri is uri = content://com.thundercomm.gamemode.api/gamemode_settings/gamemode_isgaming
11-05 02:21:48.195 1507 1507 D GameMode: getUriFor setting_content_uri_root = content://com.thundercomm.gamemode.api/gamemode_settings , name = gamemode_isgaming
11-05 02:21:48.195 4273 4291 D GameMode: gamemode_isgaming set to 0
11-05 02:21:48.195 4273 4273 D GameMode: getUriFor setting_content_uri_root = content://com.thundercomm.gamemode.api/gamemode_settings , name = gamemode_isgaming
11-05 02:21:48.195 1507 1642 I am_pss : [12359,1000,com.thundercomm.mcuupgrade,6968320,5197824,0,90238976,0,19,6]
11-05 02:21:48.195 1507 1507 I am_uid_active: 10062
11-05 02:21:48.198 1507 1507 I GameModeConfig: isGameModeOn = false
11-05 02:21:48.198 1507 1507 I GameModeConfig: isGameModeOn = false
11-05 02:21:48.198 1507 1507 I GameModeConfig: isDisableVoice = true
11-05 02:21:48.200 4273 4273 D GameMode_GameMode:GameModeService: updateGlobalSettings = gamemode_isgaming
11-05 02:21:48.202 1507 1642 I am_pss : [12341,1000,com.android.settings,26860544,24944640,0,112422912,0,19,6]
11-05 02:21:48.202 1209 4817 I OMX-VENC: venc_dev: stats: avg. fps 0.22, bitrate 494
11-05 02:21:48.210 1507 1642 I am_pss : [4273,1000,com.thundercomm.gamemode,15875072,12070912,0,119435264,0,10,6]
11-05 02:21:48.213 1507 1629 I input_focus: [Focus request 2395a3e com.android.launcher3/com.android.launcher3.uioverrides.QuickstepLauncher,reason=UpdateInputWindows]
11-05 02:21:48.228 1507 1666 I PowerManagerService: Powering on display group fromDreaming (groupId=0, uid=1000, reason=WAKE_REASON_UNKNOWN, details=android.server.power:DREAM_FINISHED)...
11-05 02:21:48.228 1507 1666 I PowerManagerService: Waking up from Dreaming (uid=1000, reason=WAKE_REASON_UNKNOWN, details=android.server.power:DREAM_FINISHED)...
11-05 02:21:48.241 1507 2002 I input_focus: [Focus entering 2395a3e com.android.launcher3/com.android.launcher3.uioverrides.QuickstepLauncher (server),reason=Window became focusable. Previous reason: NOT_VISIBLE]
11-05 02:21:48.266 4273 4287 I GameMode_ActivityMonitoringService: onTaskStackChanged
11-05 02:21:48.269 4273 4291 I GameMode_ActivityMonitoringService: Updating top task to: TaskInfoContainer [topActivity=ComponentInfo{com.android.launcher3/com.android.launcher3.uioverrides.QuickstepLauncher}, taskId=10, stackId=1, userId=0, displayId=0, position=6
11-05 02:21:48.269 4273 4291 I GameMode_ActivityMonitoringService: Notifying about top task: TaskInfoContainer [topActivity=ComponentInfo{com.android.launcher3/com.android.launcher3.uioverrides.QuickstepLauncher}, taskId=10, stackId=1, userId=0, displayId=0, position=6
11-05 02:21:48.269 4273 4291 D GameMode_GameMode: Show GameMode entry by service!
11-05 02:21:48.269 4273 4291 W ContextImpl: Calling a method in the system process without a qualified user: android.app.ContextImpl.startService:1816 android.content.ContextWrapper.startService:774 com.thundercomm.gamemode.ingame.services.GameModeActionUtils.startGameModeService:39 com.thundercomm.gamemode.ingame.services.GameModeActionUtils.startGameModeEntry:19 com.thundercomm.gamemode.ingame.services.ActivityMonitoringService$1.onActivityLaunch:119
11-05 02:21:48.271 4273 4291 D GameMode: getUriFor setting_content_uri_root = content://com.thundercomm.gamemode.api/gamemode_settings , name = gamemode_isgaming
11-05 02:21:48.271 4273 4273 D GameMode_GameMode: type=hide_entry
11-05 02:21:48.273 4273 4291 D GameMode: gamemode_isgaming set to 0
11-05 02:21:48.274 1507 1507 I GameModeConfig: Current uri is uri = content://com.thundercomm.gamemode.api/gamemode_settings/gamemode_isgaming
11-05 02:21:48.274 1507 1507 D GameMode: getUriFor setting_content_uri_root = content://com.thundercomm.gamemode.api/gamemode_settings , name = gamemode_isgaming
11-05 02:21:48.276 1507 1507 I GameModeConfig: isGameModeOn = false
11-05 02:21:48.276 1507 1507 I GameModeConfig: isGameModeOn = false
11-05 02:21:48.276 1507 1507 I GameModeConfig: isDisableVoice = true
11-05 02:21:48.299 4273 4273 D GameMode_GameSettingsObserver: Game Data change!!!! uri = content://com.thundercomm.gamemode.api/gamemode_settings/gamemode_isgaming
11-05 02:21:48.299 4273 4273 D GameMode: getUriFor setting_content_uri_root = content://com.thundercomm.gamemode.api/gamemode_settings , name = gamemode_isgaming
11-05 02:21:48.302 4273 4273 D GameMode_GameMode:GameModeService: updateGlobalSettings = gamemode_isgaming
11-05 02:21:48.340 648 663 I mpu_uart: [MSG-P:RECV]:No message received in 1000 ms
11-05 02:21:48.479 1507 1628 I wm_destroy_activity: [0,173535219,131,com.thundercomm.screensaver/android.service.dreams.DreamActivity,finish-imm:idle]
11-05 02:21:48.482 4273 4287 I GameMode_ActivityMonitoringService: onForegroundActivitiesChanged uid 10043 pid 7669 fg false
11-05 02:21:48.487 4273 4291 I GameMode_ActivityMonitoringService: Updating top task to: TaskInfoContainer [topActivity=ComponentInfo{com.android.launcher3/com.android.launcher3.uioverrides.QuickstepLauncher}, taskId=10, stackId=1, userId=0, displayId=0, position=6
11-05 02:21:48.487 4273 4291 I GameMode_ActivityMonitoringService: Notifying about top task: TaskInfoContainer [topActivity=ComponentInfo{com.android.launcher3/com.android.launcher3.uioverrides.QuickstepLauncher}, taskId=10, stackId=1, userId=0, displayId=0, position=6
11-05 02:21:48.488 4273 4291 D GameMode_GameMode: Show GameMode entry by service!
11-05 02:21:48.488 4273 4291 W ContextImpl: Calling a method in the system process without a qualified user: android.app.ContextImpl.startService:1816 android.content.ContextWrapper.startService:774 com.thundercomm.gamemode.ingame.services.GameModeActionUtils.startGameModeService:39 com.thundercomm.gamemode.ingame.services.GameModeActionUtils.startGameModeEntry:19 com.thundercomm.gamemode.ingame.services.ActivityMonitoringService$1.onActivityLaunch:119
11-05 02:21:48.491 4273 4291 D GameMode: getUriFor setting_content_uri_root = content://com.thundercomm.gamemode.api/gamemode_settings , name = gamemode_isgaming
11-05 02:21:48.493 1507 1507 I GameModeConfig: Current uri is uri = content://com.thundercomm.gamemode.api/gamemode_settings/gamemode_isgaming
11-05 02:21:48.493 1507 1507 D GameMode: getUriFor setting_content_uri_root = content://com.thundercomm.gamemode.api/gamemode_settings , name = gamemode_isgaming
11-05 02:21:48.494 4273 4291 D GameMode: gamemode_isgaming set to 0
11-05 02:21:48.495 4273 4273 D GameMode_GameMode: type=hide_entry
11-05 02:21:48.498 1507 1507 I GameModeConfig: isGameModeOn = false
11-05 02:21:48.499 1507 1507 I GameModeConfig: isGameModeOn = false
11-05 02:21:48.499 1507 1507 I GameModeConfig: isDisableVoice = true
11-05 02:21:48.505 7669 7669 I wm_on_stop_called: [173535219,android.service.dreams.DreamActivity,LIFECYCLER_STOP_ACTIVITY]
11-05 02:21:48.506 7669 7669 I wm_on_destroy_called: [173535219,android.service.dreams.DreamActivity,performDestroy]
11-05 02:21:48.508 4273 4273 D GameMode_GameSettingsObserver: Game Data change!!!! uri = content://com.thundercomm.gamemode.api/gamemode_settings/gamemode_isgaming
11-05 02:21:48.508 4273 4273 D GameMode: getUriFor setting_content_uri_root = content://com.thundercomm.gamemode.api/gamemode_settings , name = gamemode_isgaming
11-05 02:21:48.510 1507 6077 I DreamManagerService: Leaving dreamland.
11-05 02:21:48.510 4273 4273 D GameMode_GameMode:GameModeService: updateGlobalSettings = gamemode_isgaming
11-05 02:21:48.512 1507 1625 I DreamManagerService: Performing gentle wake from dream.
11-05 02:21:48.512 1507 1625 I DreamController: Stopping dream: name=ComponentInfo{com.thundercomm.screensaver/com.thundercomm.saverclock.service.ClockScreensaver}, isTest=false, canDoze=false, userId=0, reason='finished self'(from 'finished self')
11-05 02:21:48.512 1507 1625 I sysui_multi_action: [757,222,758,2]
11-05 02:21:48.513 1507 1625 I sysui_multi_action: [757,804,799,dreaming_minutes,801,2,802,1]
11-05 02:21:48.516 1507 6077 W InputManager-JNI: Input channel object 'ff7984f com.thundercomm.screensaver/android.service.dreams.DreamActivity (client)' was disposed without first being removed with the input manager!
11-05 02:21:48.525 1507 4963 I wm_task_removed: [131,removeChild:removeChild last r=ActivityRecord{a57eff3 u0 com.thundercomm.screensaver/android.service.dreams.DreamActivity t-1 f}} in t=Task{75e340c #131 type=dream A=10043:android:com.thundercomm.screensaver/dream U=0 visible=false mode=fullscreen translucent=true sz=0}]
11-05 02:21:48.525 1507 4963 I wm_task_removed: [131,removeChild]
11-05 02:21:48.527 1507 1629 W ActivityTaskManager: Can't find TaskDisplayArea to determine support for multi window. Task id=131 attached=false
11-05 02:21:49.275 1194 1256 I selfinstaller: create socket failed: Network is unreachable 101
11-05 02:21:49.291 1209 4817 I OMX-VENC: venc_dev: stats: avg. fps 32.14, bitrate 1032591
11-05 02:21:49.340 648 663 I mpu_uart: [MSG-P:RECV]:No message received in 1000 ms
11-05 02:21:49.635 648 662 I mpu_uart: [MSG-P:R]:recv sync frame timeout
11-05 02:21:50.155 1507 2002 I input_interaction: Interaction with: 2395a3e com.android.launcher3/com.android.launcher3.uioverrides.QuickstepLauncher (server), ef1bc93 com.android.systemui.ImageWallpaper (server), edge-swipe (server), swipe-up (server), PointerEventDispatcher0 (server),
11-05 02:21:50.293 2835 3696 I OpenGLRenderer: Davey! duration=9223367852045ms; Flags=0, FrameTimelineVsyncId=-1, IntendedVsync=4184808556996, Vsync=4184808561006, InputEventId=-617528236, HandleInputStart=4184808571996, AnimationStart=4184808576267, PerformTraversalsStart=4184808806944, DrawStart=4184809009965, FrameDeadline=9223372036854775807, FrameInterval=4184808561006, FrameStartTime=16666666, SyncQueued=4184809531840, SyncStart=4184809765121, IssueDrawCommandsStart=4184810259548, SwapBuffers=4184815364235, FrameCompleted=9223372036854775807, DequeueBufferDuration=74323, QueueBufferDuration=1773229, GpuCompleted=9223372036854775807, SwapBuffersCompleted=4184818084756, DisplayPresentTime=0,
11-05 02:21:50.304 1209 4817 I OMX-VENC: venc_dev: stats: avg. fps 5.93, bitrate 112385
11-05 02:21:50.340 648 663 I mpu_uart: [MSG-P:RECV]:No message received in 1000 ms
11-05 02:21:50.572 2835 3566 E FrameEvents: updateAcquireFence: Did not find frame.
11-05 02:21:50.621 876 876 D vendor.qti.vibrator: Vibrator perform effect 5
11-05 02:21:50.643 876 876 D vendor.qti.vibrator: Vibrator on for timeoutMs: 21
11-05 02:21:50.643 876 12398 D vendor.qti.vibrator: Starting on on another thread
11-05 02:21:50.665 876 12398 D vendor.qti.vibrator: Notifying on complete
11-05 02:21:50.665 876 876 D vendor.qti.vibrator: QTI Vibrator off
11-05 02:21:50.747 2835 2835 D FlingToDeleteHelper: isFlingToDelete = false
11-05 02:21:50.860 2835 2835 D HotseatController: adjustPadding: height=732,size=4
11-05 02:21:51.340 648 663 I mpu_uart: [MSG-P:RECV]:No message received in 1000 ms
11-05 02:21:51.371 1209 4817 I OMX-VENC: venc_dev: stats: avg. fps 45.89, bitrate 1481264
11-05 02:21:51.633 1507 2457 I ActivityTaskManager: START u0 {flg=0x10008000 cmp=com.android.deskclock/.DeskClock} from uid 10078
11-05 02:21:51.634 1507 1628 I EventSequenceValidator: Transition from ACTIVITY_FINISHED to INTENT_STARTED
11-05 02:21:51.645 1507 2457 E ANDR-PERF-JNI: com_qualcomm_qtiperformance_native_perf_io_prefetch_start
11-05 02:21:51.646 1507 2457 I wm_task_created: [132,-1]
11-05 02:21:51.647 1507 2457 W ActivityTaskManager: Can't find TaskDisplayArea to determine support for multi window. Task id=132 attached=false
11-05 02:21:51.654 862 3802 E ANDR-IOP: io prefetch is disabled
11-05 02:21:51.658 1507 2457 D FreeFormWindowHelper: Add freeform task=Task{1b75323 #132 type=standard ?? U=0 visible=false mode=freeform translucent=true sz=0}
11-05 02:21:51.664 1507 2457 I wm_task_moved: [132,1,7]
11-05 02:21:51.664 1507 2457 I wm_task_to_front: [0,132]
11-05 02:21:51.665 1507 2457 I wm_create_task: [0,132]
11-05 02:21:51.665 1507 2457 I wm_create_activity: [0,108347424,132,com.android.deskclock/.DeskClock,NULL,NULL,NULL,268468224]
11-05 02:21:51.665 1507 2457 I wm_task_moved: [132,1,7]
11-05 02:21:51.666 1507 2457 D CompatibilityInfo: mCompatibilityFlags - 4
11-05 02:21:51.666 1507 2457 D CompatibilityInfo: applicationDensity - 240
11-05 02:21:51.666 1507 2457 D CompatibilityInfo: applicationScale - 1.0
11-05 02:21:51.667 1507 2457 I ActivityTaskManager: FOREGROUND_APPLICATION_CHANGED to com.android.deskclock.DeskClock
11-05 02:21:51.667 1507 2457 I ActivityTaskManager: The Process com.android.deskclock Already Exists in BG. So sending its PID: 5990
11-05 02:21:51.667 1507 2457 W ActivityTaskManager: Tried to set launchTime (0) < mLastActivityLaunchTime (3900674)
11-05 02:21:51.668 1507 2457 I wm_restart_activity: [0,108347424,132,com.android.deskclock/.DeskClock]
11-05 02:21:51.668 1507 2457 D CompatibilityInfo: mCompatibilityFlags - 4
11-05 02:21:51.668 1507 2457 D CompatibilityInfo: applicationDensity - 240
11-05 02:21:51.668 1507 2457 D CompatibilityInfo: applicationScale - 1.0
11-05 02:21:51.670 1507 2457 I wm_set_resumed_activity: [0,com.android.deskclock/.DeskClock,minimalResumeActivityLocked]
11-05 02:21:51.673 2835 2835 D StateManager: goToState: Normal
11-05 02:21:51.674 1507 1628 I am_uid_active: 10065
11-05 02:21:51.677 4273 12036 I GameMode_ActivityMonitoringService: onForegroundActivitiesChanged uid 10065 pid 5990 fg true
11-05 02:21:51.686 1507 1628 I EventSequenceValidator: Transition from INTENT_STARTED to INTENT_FAILED
11-05 02:21:51.689 2835 2835 I wm_on_top_resumed_lost_called: [94458931,com.android.launcher3.uioverrides.QuickstepLauncher,topStateChangedWhenResumed]
11-05 02:21:51.694 4273 4291 I GameMode_ActivityMonitoringService: Updating top task to: TaskInfoContainer [topActivity=ComponentInfo{com.android.deskclock/com.android.deskclock.DeskClock}, taskId=132, stackId=132, userId=0, displayId=0, position=7
11-05 02:21:51.694 4273 4291 I GameMode_ActivityMonitoringService: Notifying about top task: TaskInfoContainer [topActivity=ComponentInfo{com.android.deskclock/com.android.deskclock.DeskClock}, taskId=132, stackId=132, userId=0, displayId=0, position=7
11-05 02:21:51.694 4273 4291 D GameMode_GameMode: Show GameMode entry by service!
11-05 02:21:51.694 4273 4291 W ContextImpl: Calling a method in the system process without a qualified user: android.app.ContextImpl.startService:1816 android.content.ContextWrapper.startService:774 com.thundercomm.gamemode.ingame.services.GameModeActionUtils.startGameModeService:39 com.thundercomm.gamemode.ingame.services.GameModeActionUtils.startGameModeEntry:19 com.thundercomm.gamemode.ingame.services.ActivityMonitoringService$1.onActivityLaunch:119
11-05 02:21:51.697 4273 4273 D GameMode_GameMode: type=hide_entry
11-05 02:21:51.697 4273 4291 D GameMode: getUriFor setting_content_uri_root = content://com.thundercomm.gamemode.api/gamemode_settings , name = gamemode_isgaming
11-05 02:21:51.699 1507 1507 I GameModeConfig: Current uri is uri = content://com.thundercomm.gamemode.api/gamemode_settings/gamemode_isgaming
11-05 02:21:51.699 1507 1507 D GameMode: getUriFor setting_content_uri_root = content://com.thundercomm.gamemode.api/gamemode_settings , name = gamemode_isgaming
11-05 02:21:51.699 4273 4291 D GameMode: gamemode_isgaming set to 0
11-05 02:21:51.701 1507 1507 I GameModeConfig: isGameModeOn = false
11-05 02:21:51.702 1507 1507 I GameModeConfig: isGameModeOn = false
11-05 02:21:51.702 1507 1507 I GameModeConfig: isDisableVoice = true
11-05 02:21:51.703 1507 4739 I ActivityTaskManager: START u0 {act=android.content.pm.action.REQUEST_PERMISSIONS pkg=com.android.permissioncontroller cmp=com.android.permissioncontroller/.permission.ui.GrantPermissionsActivity (has extras)} from uid 10065
11-05 02:21:51.707 4273 4273 D GameMode_GameSettingsObserver: Game Data change!!!! uri = content://com.thundercomm.gamemode.api/gamemode_settings/gamemode_isgaming
11-05 02:21:51.707 4273 4273 D GameMode: getUriFor setting_content_uri_root = content://com.thundercomm.gamemode.api/gamemode_settings , name = gamemode_isgaming
11-05 02:21:51.709 4273 4273 D GameMode_GameMode:GameModeService: updateGlobalSettings = gamemode_isgaming
11-05 02:21:51.709 1507 4739 I wm_task_moved: [132,1,7]
11-05 02:21:51.710 1507 4739 I wm_set_resumed_activity: [0,com.android.deskclock/.DeskClock,positionChildAt]
11-05 02:21:51.710 1507 4739 I wm_create_activity: [0,44170879,132,com.android.permissioncontroller/.permission.ui.GrantPermissionsActivity,android.content.pm.action.REQUEST_PERMISSIONS,NULL,NULL,8388608]
11-05 02:21:51.710 1507 4739 D CompatibilityInfo: mCompatibilityFlags - 4
11-05 02:21:51.710 1507 4739 D CompatibilityInfo: applicationDensity - 240
11-05 02:21:51.710 1507 4739 D CompatibilityInfo: applicationScale - 1.0
11-05 02:21:51.710 1507 4739 D ActivityTrigger: ActivityTrigger activityPauseTrigger
11-05 02:21:51.711 1507 4739 I wm_pause_activity: [0,108347424,com.android.deskclock/.DeskClock,userLeaving=true,resumeTopActivityInnerLocked]
11-05 02:21:51.739 5990 5990 I wm_on_create_called: [108347424,com.android.deskclock.DeskClock,performCreate]
11-05 02:21:51.740 5990 5990 I wm_on_start_called: [108347424,com.android.deskclock.DeskClock,handleStartActivity]
11-05 02:21:51.742 5990 5990 I wm_on_resume_called: [108347424,com.android.deskclock.DeskClock,RESUME_ACTIVITY]
11-05 02:21:51.745 5990 5990 I wm_on_top_resumed_gained_called: [108347424,com.android.deskclock.DeskClock,topStateChangedWhenResumed]
11-05 02:21:51.745 5990 5990 I wm_on_top_resumed_lost_called: [108347424,com.android.deskclock.DeskClock,topStateChangedWhenResumed]
11-05 02:21:51.745 5990 5990 I wm_on_paused_called: [108347424,com.android.deskclock.DeskClock,performPause]
11-05 02:21:51.746 1507 4739 I ActivityTaskManager: FOREGROUND_APPLICATION_CHANGED to com.android.permissioncontroller.permission.ui.GrantPermissionsActivity
11-05 02:21:51.746 1507 4739 I ActivityTaskManager: The Process com.android.permissioncontroller Already Exists in BG. So sending its PID: 2368
11-05 02:21:51.746 1507 4739 W ActivityTaskManager: Tried to set launchTime (0) < mLastActivityLaunchTime (3900738)
11-05 02:21:51.747 1507 4739 I wm_restart_activity: [0,44170879,132,com.android.permissioncontroller/.permission.ui.GrantPermissionsActivity]
11-05 02:21:51.747 1507 4739 D CompatibilityInfo: mCompatibilityFlags - 4
11-05 02:21:51.747 1507 4739 D CompatibilityInfo: applicationDensity - 240
11-05 02:21:51.747 1507 4739 D CompatibilityInfo: applicationScale - 1.0
11-05 02:21:51.748 1507 4739 I wm_set_resumed_activity: [0,com.android.permissioncontroller/.permission.ui.GrantPermissionsActivity,minimalResumeActivityLocked]
11-05 02:21:51.748 1507 1628 I am_uid_active: 10094
11-05 02:21:51.750 1507 1628 I sysui_multi_action: [757,803,799,window_time_0,802,4]
11-05 02:21:51.767 2368 2368 I wm_on_create_called: [44170879,com.android.permissioncontroller.permission.ui.GrantPermissionsActivity,performCreate]
11-05 02:21:51.768 2368 2368 I wm_on_start_called: [44170879,com.android.permissioncontroller.permission.ui.GrantPermissionsActivity,handleStartActivity]
11-05 02:21:51.768 2368 2368 I wm_on_resume_called: [44170879,com.android.permissioncontroller.permission.ui.GrantPermissionsActivity,RESUME_ACTIVITY]
11-05 02:21:51.773 2368 2368 I wm_on_top_resumed_gained_called: [44170879,com.android.permissioncontroller.permission.ui.GrantPermissionsActivity,topStateChangedWhenResumed]
11-05 02:21:51.779 2368 2368 E GrantPermissionsViewModel: None of [org.codeaurora.permission.POWER_OFF_ALARM] in {android.permission-group.STORAGE=[android.permission.READ_EXTERNAL_STORAGE]}
11-05 02:21:51.779 1507 2457 I wm_finish_activity: [0,44170879,132,com.android.permissioncontroller/.permission.ui.GrantPermissionsActivity,app-request]
11-05 02:21:51.779 1507 2457 D ActivityTrigger: ActivityTrigger activityPauseTrigger
11-05 02:21:51.780 1507 2457 I wm_pause_activity: [0,44170879,com.android.permissioncontroller/.permission.ui.GrantPermissionsActivity,userLeaving=false,finish]
11-05 02:21:51.791 2368 2368 I wm_on_top_resumed_lost_called: [44170879,com.android.permissioncontroller.permission.ui.GrantPermissionsActivity,topStateChangedWhenResumed]
11-05 02:21:51.791 2368 2368 I wm_on_paused_called: [44170879,com.android.permissioncontroller.permission.ui.GrantPermissionsActivity,performPause]
11-05 02:21:51.792 1507 7110 I wm_add_to_stopping: [0,44170879,com.android.permissioncontroller/.permission.ui.GrantPermissionsActivity,completeFinishing]
11-05 02:21:51.792 1507 7110 I ActivityTaskManager: FOREGROUND_APPLICATION_CHANGED to com.android.deskclock.DeskClock
11-05 02:21:51.794 1507 7110 I wm_set_resumed_activity: [0,com.android.deskclock/.DeskClock,resumeTopActivityInnerLocked]
11-05 02:21:51.794 1507 7110 I wm_resume_activity: [0,108347424,132,com.android.deskclock/.DeskClock]
11-05 02:21:51.797 1507 1629 I input_focus: [Focus request 5c3de95 com.android.deskclock/com.android.deskclock.DeskClock,reason=UpdateInputWindows]
11-05 02:21:51.799 1507 1628 I sysui_multi_action: [757,803,799,window_time_2,802,0]
11-05 02:21:51.814 1507 2002 I input_focus: [Focus leaving 2395a3e com.android.launcher3/com.android.launcher3.uioverrides.QuickstepLauncher (server),reason=Waiting for window because NOT_VISIBLE]
11-05 02:21:51.823 5990 5990 I AlarmClock: Power off alarm permission is granted.
11-05 02:21:51.823 5990 5990 I wm_on_activity_result_called: [108347424,com.android.deskclock.DeskClock,ACTIVITY_RESULT]
11-05 02:21:51.823 5990 5990 I wm_on_resume_called: [108347424,com.android.deskclock.DeskClock,RESUME_ACTIVITY]
11-05 02:21:51.824 5990 5990 I wm_on_top_resumed_gained_called: [108347424,com.android.deskclock.DeskClock,topWhenResuming]
11-05 02:21:51.833 1507 2002 I input_focus: [Focus entering 5c3de95 com.android.deskclock/com.android.deskclock.DeskClock (server),reason=Window became focusable. Previous reason: NOT_VISIBLE]
11-05 02:21:51.896 4273 12036 I GameMode_ActivityMonitoringService: onTaskStackChanged
11-05 02:21:51.901 4273 4291 I GameMode_ActivityMonitoringService: Updating top task to: TaskInfoContainer [topActivity=ComponentInfo{com.android.deskclock/com.android.deskclock.DeskClock}, taskId=132, stackId=132, userId=0, displayId=0, position=7
11-05 02:21:51.901 4273 4291 I GameMode_ActivityMonitoringService: Notifying about top task: TaskInfoContainer [topActivity=ComponentInfo{com.android.deskclock/com.android.deskclock.DeskClock}, taskId=132, stackId=132, userId=0, displayId=0, position=7
11-05 02:21:51.901 4273 4291 D GameMode_GameMode: Show GameMode entry by service!
11-05 02:21:51.901 4273 4291 W ContextImpl: Calling a method in the system process without a qualified user: android.app.ContextImpl.startService:1816 android.content.ContextWrapper.startService:774 com.thundercomm.gamemode.ingame.services.GameModeActionUtils.startGameModeService:39 com.thundercomm.gamemode.ingame.services.GameModeActionUtils.startGameModeEntry:19 com.thundercomm.gamemode.ingame.services.ActivityMonitoringService$1.onActivityLaunch:119
11-05 02:21:51.903 4273 4273 D GameMode_GameMode: type=hide_entry
11-05 02:21:51.903 4273 4291 D GameMode: getUriFor setting_content_uri_root = content://com.thundercomm.gamemode.api/gamemode_settings , name = gamemode_isgaming
11-05 02:21:51.905 1507 1507 I GameModeConfig: Current uri is uri = content://com.thundercomm.gamemode.api/gamemode_settings/gamemode_isgaming
11-05 02:21:51.905 1507 1507 D GameMode: getUriFor setting_content_uri_root = content://com.thundercomm.gamemode.api/gamemode_settings , name = gamemode_isgaming
11-05 02:21:51.906 1507 1507 I GameModeConfig: isGameModeOn = false
11-05 02:21:51.907 1507 1507 I GameModeConfig: isGameModeOn = false
11-05 02:21:51.907 1507 1507 I GameModeConfig: isDisableVoice = true
11-05 02:21:51.908 4273 4291 D GameMode: gamemode_isgaming set to 0
11-05 02:21:51.909 4273 4273 D GameMode_GameSettingsObserver: Game Data change!!!! uri = content://com.thundercomm.gamemode.api/gamemode_settings/gamemode_isgaming
11-05 02:21:51.909 4273 4273 D GameMode: getUriFor setting_content_uri_root = content://com.thundercomm.gamemode.api/gamemode_settings , name = gamemode_isgaming
11-05 02:21:51.910 4273 4273 D GameMode_GameMode:GameModeService: updateGlobalSettings = gamemode_isgaming
11-05 02:21:52.105 1507 1628 I wm_destroy_activity: [0,44170879,132,com.android.permissioncontroller/.permission.ui.GrantPermissionsActivity,finish-imm:idle]
11-05 02:21:52.107 4273 12036 I GameMode_ActivityMonitoringService: onForegroundActivitiesChanged uid 10094 pid 2368 fg false
11-05 02:21:52.112 2368 2368 I wm_on_stop_called: [44170879,com.android.permissioncontroller.permission.ui.GrantPermissionsActivity,LIFECYCLER_STOP_ACTIVITY]
11-05 02:21:52.113 2368 2368 I wm_on_destroy_called: [44170879,com.android.permissioncontroller.permission.ui.GrantPermissionsActivity,performDestroy]
11-05 02:21:52.114 4273 4291 I GameMode_ActivityMonitoringService: Updating top task to: TaskInfoContainer [topActivity=ComponentInfo{com.android.deskclock/com.android.deskclock.DeskClock}, taskId=132, stackId=132, userId=0, displayId=0, position=7
11-05 02:21:52.114 4273 4291 I GameMode_ActivityMonitoringService: Notifying about top task: TaskInfoContainer [topActivity=ComponentInfo{com.android.deskclock/com.android.deskclock.DeskClock}, taskId=132, stackId=132, userId=0, displayId=0, position=7
11-05 02:21:52.114 4273 4291 D GameMode_GameMode: Show GameMode entry by service!
11-05 02:21:52.114 1507 4739 W InputManager-JNI: Input channel object '6a58876 com.android.permissioncontroller/com.android.permissioncontroller.permission.ui.GrantPermissionsActivity (client)' was disposed without first being removed with the input manager!
11-05 02:21:52.115 4273 4291 W ContextImpl: Calling a method in the system process without a qualified user: android.app.ContextImpl.startService:1816 android.content.ContextWrapper.startService:774 com.thundercomm.gamemode.ingame.services.GameModeActionUtils.startGameModeService:39 com.thundercomm.gamemode.ingame.services.GameModeActionUtils.startGameModeEntry:19 com.thundercomm.gamemode.ingame.services.ActivityMonitoringService$1.onActivityLaunch:119
11-05 02:21:52.116 4273 4291 D GameMode: getUriFor setting_content_uri_root = content://com.thundercomm.gamemode.api/gamemode_settings , name = gamemode_isgaming
11-05 02:21:52.118 1507 1507 I GameModeConfig: Current uri is uri = content://com.thundercomm.gamemode.api/gamemode_settings/gamemode_isgaming
11-05 02:21:52.118 1507 1507 D GameMode: getUriFor setting_content_uri_root = content://com.thundercomm.gamemode.api/gamemode_settings , name = gamemode_isgaming
11-05 02:21:52.118 4273 4291 D GameMode: gamemode_isgaming set to 0
11-05 02:21:52.121 4273 4273 D GameMode_GameSettingsObserver: Game Data change!!!! uri = content://com.thundercomm.gamemode.api/gamemode_settings/gamemode_isgaming
11-05 02:21:52.121 4273 4273 D GameMode: getUriFor setting_content_uri_root = content://com.thundercomm.gamemode.api/gamemode_settings , name = gamemode_isgaming
11-05 02:21:52.123 1507 1507 I GameModeConfig: isGameModeOn = false
11-05 02:21:52.123 1507 1507 I GameModeConfig: isGameModeOn = false
11-05 02:21:52.123 1507 1507 I GameModeConfig: isDisableVoice = true
11-05 02:21:52.125 4273 4273 D GameMode_GameMode: type=hide_entry
11-05 02:21:52.132 4273 4273 D GameMode_GameMode:GameModeService: updateGlobalSettings = gamemode_isgaming
11-05 02:21:52.341 648 663 I mpu_uart: [MSG-P:RECV]:No message received in 1000 ms
11-05 02:21:52.469 1209 4817 I OMX-VENC: venc_dev: stats: avg. fps 35.54, bitrate 1929573
11-05 02:21:52.639 648 662 I mpu_uart: [MSG-P:R]:recv sync frame timeout
11-05 02:21:52.907 1507 2002 I input_interaction: Interaction with: 5c3de95 com.android.deskclock/com.android.deskclock.DeskClock (server), edge-swipe (server), swipe-up (server), PointerEventDispatcher0 (server),
11-05 02:21:52.926 963 1073 I BpBinder: onLastStrongRef automatically unlinking death recipients:
11-05 02:21:53.009 963 1073 I BpBinder: onLastStrongRef automatically unlinking death recipients:
11-05 02:21:53.049 963 1069 W HWComposer: Ignoring duplicate VSYNC event from HWC for display 4630946816427681409 (t=4187594248000)
11-05 02:21:53.055 1507 4739 I wm_relaunch_resume_activity: [0,108347424,132,com.android.deskclock/.DeskClock]
11-05 02:21:53.056 1507 4739 I wm_add_to_stopping: [0,94458931,com.android.launcher3/.uioverrides.QuickstepLauncher,makeInvisible]
11-05 02:21:53.059 1507 4739 D FreeFormWindowHelper: Remove freefrom task=Task{1b75323 #132 type=standard A=10065:com.android.deskclock U=0 visible=true mode=fullscreen translucent=false sz=1}
11-05 02:21:53.066 963 1069 W HWComposer: Ignoring duplicate VSYNC event from HWC for display 4630946816427681409 (t=4187611002000)
11-05 02:21:53.066 5990 5990 I wm_on_top_resumed_lost_called: [108347424,com.android.deskclock.DeskClock,pausing]
11-05 02:21:53.069 5990 5990 I wm_on_paused_called: [108347424,com.android.deskclock.DeskClock,performPause]
11-05 02:21:53.071 1507 7110 W WindowManager: Attempted to set replacing window on app token with no content Token{ea0cb4 ActivityRecord{6754020 u0 com.android.deskclock/.DeskClock t132}}
11-05 02:21:53.072 5990 5990 I wm_on_stop_called: [108347424,com.android.deskclock.DeskClock,handleRelaunchActivity]
11-05 02:21:53.074 4273 12036 I GameMode_ActivityMonitoringService: onForegroundActivitiesChanged uid 10078 pid 2835 fg false
11-05 02:21:53.083 963 1069 W HWComposer: Ignoring duplicate VSYNC event from HWC for display 4630946816427681409 (t=4187627707000)
11-05 02:21:53.085 4273 4291 I GameMode_ActivityMonitoringService: Updating top task to: TaskInfoContainer [topActivity=ComponentInfo{com.android.deskclock/com.android.deskclock.DeskClock}, taskId=132, stackId=132, userId=0, displayId=0, position=7
11-05 02:21:53.085 4273 4291 I GameMode_ActivityMonitoringService: Notifying about top task: TaskInfoContainer [topActivity=ComponentInfo{com.android.deskclock/com.android.deskclock.DeskClock}, taskId=132, stackId=132, userId=0, displayId=0, position=7
11-05 02:21:53.085 4273 4291 D GameMode_GameMode: Show GameMode entry by service!
11-05 02:21:53.086 4273 4291 W ContextImpl: Calling a method in the system process without a qualified user: android.app.ContextImpl.startService:1816 android.content.ContextWrapper.startService:774 com.thundercomm.gamemode.ingame.services.GameModeActionUtils.startGameModeService:39 com.thundercomm.gamemode.ingame.services.GameModeActionUtils.startGameModeEntry:19 com.thundercomm.gamemode.ingame.services.ActivityMonitoringService$1.onActivityLaunch:119
11-05 02:21:53.088 4273 4291 D GameMode: getUriFor setting_content_uri_root = content://com.thundercomm.gamemode.api/gamemode_settings , name = gamemode_isgaming
11-05 02:21:53.088 4273 4273 D GameMode_GameMode: type=hide_entry
11-05 02:21:53.090 1507 1507 I GameModeConfig: Current uri is uri = content://com.thundercomm.gamemode.api/gamemode_settings/gamemode_isgaming
11-05 02:21:53.090 1507 1507 D GameMode: getUriFor setting_content_uri_root = content://com.thundercomm.gamemode.api/gamemode_settings , name = gamemode_isgaming
11-05 02:21:53.091 4273 4291 D GameMode: gamemode_isgaming set to 0
11-05 02:21:53.092 5990 5990 I wm_on_destroy_called: [108347424,com.android.deskclock.DeskClock,performDestroy]
11-05 02:21:53.092 1507 1507 I GameModeConfig: isGameModeOn = false
11-05 02:21:53.092 1507 1507 I GameModeConfig: isGameModeOn = false
11-05 02:21:53.092 1507 1507 I GameModeConfig: isDisableVoice = true
11-05 02:21:53.100 963 1069 W HWComposer: Ignoring duplicate VSYNC event from HWC for display 4630946816427681409 (t=4187644439000)
11-05 02:21:53.105 4273 4273 D GameMode_GameSettingsObserver: Game Data change!!!! uri = content://com.thundercomm.gamemode.api/gamemode_settings/gamemode_isgaming
11-05 02:21:53.105 4273 4273 D GameMode: getUriFor setting_content_uri_root = content://com.thundercomm.gamemode.api/gamemode_settings , name = gamemode_isgaming
11-05 02:21:53.108 4273 4273 D GameMode_GameMode:GameModeService: updateGlobalSettings = gamemode_isgaming
11-05 02:21:53.111 1507 4739 I ActivityTaskManager: START u0 {act=android.content.pm.action.REQUEST_PERMISSIONS pkg=com.android.permissioncontroller cmp=com.android.permissioncontroller/.permission.ui.GrantPermissionsActivity (has extras)} from uid 10065
11-05 02:21:53.111 1507 1628 I EventSequenceValidator: Transition from INTENT_FAILED to INTENT_STARTED
11-05 02:21:53.112 1507 4739 I wm_task_moved: [132,1,7]
11-05 02:21:53.113 1507 4739 I wm_set_resumed_activity: [0,com.android.deskclock/.DeskClock,positionChildAt]
11-05 02:21:53.113 1507 4739 I wm_create_activity: [0,148085558,132,com.android.permissioncontroller/.permission.ui.GrantPermissionsActivity,android.content.pm.action.REQUEST_PERMISSIONS,NULL,NULL,8388608]
11-05 02:21:53.113 1507 4739 D CompatibilityInfo: mCompatibilityFlags - 4
11-05 02:21:53.113 1507 4739 D CompatibilityInfo: applicationDensity - 240
11-05 02:21:53.113 1507 4739 D CompatibilityInfo: applicationScale - 1.0
11-05 02:21:53.113 1507 4739 D ActivityTrigger: ActivityTrigger activityPauseTrigger
11-05 02:21:53.113 1507 4739 I wm_pause_activity: [0,94458931,com.android.launcher3/.uioverrides.QuickstepLauncher,userLeaving=true,pauseBackTasks]
11-05 02:21:53.114 1507 4739 D ActivityTrigger: ActivityTrigger activityPauseTrigger
11-05 02:21:53.114 2835 2835 I wm_on_paused_called: [94458931,com.android.launcher3.uioverrides.QuickstepLauncher,performPause]
11-05 02:21:53.114 1507 4739 I wm_pause_activity: [0,108347424,com.android.deskclock/.DeskClock,userLeaving=true,resumeTopActivityInnerLocked]
11-05 02:21:53.116 963 1069 W HWComposer: Ignoring duplicate VSYNC event from HWC for display 4630946816427681409 (t=4187661138000)
11-05 02:21:53.118 1507 2457 I ActivityTaskManager: The Process com.android.permissioncontroller Already Exists in BG. So sending its PID: 2368
11-05 02:21:53.120 1507 1628 I EventSequenceValidator: Transition from INTENT_STARTED to ACTIVITY_LAUNCHED
11-05 02:21:53.121 1507 1628 I EventSequenceValidator: Transition from ACTIVITY_LAUNCHED to ACTIVITY_CANCELLED
11-05 02:21:53.121 1507 1628 I sysui_multi_action: [757,803,799,window_time_2,802,1]
11-05 02:21:53.122 4273 4287 I GameMode_ActivityMonitoringService: onForegroundActivitiesChanged uid 10078 pid 2835 fg true
11-05 02:21:53.126 4273 4291 I GameMode_ActivityMonitoringService: Updating top task to: TaskInfoContainer [topActivity=ComponentInfo{com.android.permissioncontroller/com.android.permissioncontroller.permission.ui.GrantPermissionsActivity}, taskId=132, stackId=132, userId=0, displayId=0, position=7
11-05 02:21:53.126 4273 4291 I GameMode_ActivityMonitoringService: Notifying about top task: TaskInfoContainer [topActivity=ComponentInfo{com.android.permissioncontroller/com.android.permissioncontroller.permission.ui.GrantPermissionsActivity}, taskId=132, stackId=132, userId=0, displayId=0, position=7
11-05 02:21:53.126 4273 4291 D GameMode_GameMode: Show GameMode entry by service!
11-05 02:21:53.126 4273 4291 W ContextImpl: Calling a method in the system process without a qualified user: android.app.ContextImpl.startService:1816 android.content.ContextWrapper.startService:774 com.thundercomm.gamemode.ingame.services.GameModeActionUtils.startGameModeService:39 com.thundercomm.gamemode.ingame.services.GameModeActionUtils.startGameModeEntry:19 com.thundercomm.gamemode.ingame.services.ActivityMonitoringService$1.onActivityLaunch:119
11-05 02:21:53.128 5990 5990 I wm_on_create_called: [108347424,com.android.deskclock.DeskClock,performCreate]
11-05 02:21:53.129 4273 4273 D GameMode_GameMode: type=hide_entry
11-05 02:21:53.129 4273 4291 D GameMode: getUriFor setting_content_uri_root = content://com.thundercomm.gamemode.api/gamemode_settings , name = gamemode_isgaming
11-05 02:21:53.132 1507 1507 I GameModeConfig: Current uri is uri = content://com.thundercomm.gamemode.api/gamemode_settings/gamemode_isgaming
11-05 02:21:53.132 1507 1507 D GameMode: getUriFor setting_content_uri_root = content://com.thundercomm.gamemode.api/gamemode_settings , name = gamemode_isgaming
11-05 02:21:53.132 4273 4291 D GameMode: gamemode_isgaming set to 0
11-05 02:21:53.133 963 1069 W HWComposer: Ignoring duplicate VSYNC event from HWC for display 4630946816427681409 (t=4187677884000)
11-05 02:21:53.135 1507 1507 I GameModeConfig: isGameModeOn = false
11-05 02:21:53.135 1507 1507 I GameModeConfig: isGameModeOn = false
11-05 02:21:53.135 1507 1507 I GameModeConfig: isDisableVoice = true
11-05 02:21:53.135 4273 4273 D GameMode_GameSettingsObserver: Game Data change!!!! uri = content://com.thundercomm.gamemode.api/gamemode_settings/gamemode_isgaming
11-05 02:21:53.135 4273 4273 D GameMode: getUriFor setting_content_uri_root = content://com.thundercomm.gamemode.api/gamemode_settings , name = gamemode_isgaming
11-05 02:21:53.138 4273 4273 D GameMode_GameMode:GameModeService: updateGlobalSettings = gamemode_isgaming
11-05 02:21:53.155 5990 5990 I wm_on_start_called: [108347424,com.android.deskclock.DeskClock,handleStartActivity]
11-05 02:21:53.156 5990 5990 I wm_on_resume_called: [108347424,com.android.deskclock.DeskClock,RESUME_ACTIVITY]
11-05 02:21:53.160 5990 5990 I wm_on_top_resumed_gained_called: [108347424,com.android.deskclock.DeskClock,topWhenResuming]
11-05 02:21:53.211 1507 4963 I WindowManager: finishDrawing of relaunch: Window{5c3de95 u0 com.android.deskclock/com.android.deskclock.DeskClock} 156ms
11-05 02:21:53.211 5990 5990 I wm_on_top_resumed_lost_called: [108347424,com.android.deskclock.DeskClock,topStateChangedWhenResumed]
11-05 02:21:53.213 5990 5990 I wm_on_paused_called: [108347424,com.android.deskclock.DeskClock,performPause]
11-05 02:21:53.213 1507 4739 I ActivityTaskManager: FOREGROUND_APPLICATION_CHANGED to com.android.permissioncontroller.permission.ui.GrantPermissionsActivity
11-05 02:21:53.214 1507 4739 I ActivityTaskManager: The Process com.android.permissioncontroller Already Exists in BG. So sending its PID: 2368
11-05 02:21:53.214 1507 4739 W ActivityTaskManager: Tried to set launchTime (0) < mLastActivityLaunchTime (4186292)
11-05 02:21:53.216 1507 4739 I wm_restart_activity: [0,148085558,132,com.android.permissioncontroller/.permission.ui.GrantPermissionsActivity]
11-05 02:21:53.216 1507 4739 D CompatibilityInfo: mCompatibilityFlags - 4
11-05 02:21:53.216 1507 4739 D CompatibilityInfo: applicationDensity - 240
11-05 02:21:53.216 1507 4739 D CompatibilityInfo: applicationScale - 1.0
11-05 02:21:53.218 1507 4739 I wm_set_resumed_activity: [0,com.android.permissioncontroller/.permission.ui.GrantPermissionsActivity,minimalResumeActivityLocked]
11-05 02:21:53.225 4273 12036 I GameMode_ActivityMonitoringService: onTaskStackChanged
11-05 02:21:53.226 1507 1628 I sysui_multi_action: [757,803,799,window_time_0,802,0]
11-05 02:21:53.227 4273 12036 I GameMode_ActivityMonitoringService: onForegroundActivitiesChanged uid 10094 pid 2368 fg true
11-05 02:21:53.242 4273 4291 I GameMode_ActivityMonitoringService: Updating top task to: TaskInfoContainer [topActivity=ComponentInfo{com.android.permissioncontroller/com.android.permissioncontroller.permission.ui.GrantPermissionsActivity}, taskId=132, stackId=132, userId=0, displayId=0, position=7
11-05 02:21:53.244 4273 4291 I GameMode_ActivityMonitoringService: Notifying about top task: TaskInfoContainer [topActivity=ComponentInfo{com.android.permissioncontroller/com.android.permissioncontroller.permission.ui.GrantPermissionsActivity}, taskId=132, stackId=132, userId=0, displayId=0, position=7
11-05 02:21:53.244 4273 4291 D GameMode_GameMode: Show GameMode entry by service!
11-05 02:21:53.244 4273 4291 W ContextImpl: Calling a method in the system process without a qualified user: android.app.ContextImpl.startService:1816 android.content.ContextWrapper.startService:774 com.thundercomm.gamemode.ingame.services.GameModeActionUtils.startGameModeService:39 com.thundercomm.gamemode.ingame.services.GameModeActionUtils.startGameModeEntry:19 com.thundercomm.gamemode.ingame.services.ActivityMonitoringService$1.onActivityLaunch:119
11-05 02:21:53.247 4273 4291 D GameMode: getUriFor setting_content_uri_root = content://com.thundercomm.gamemode.api/gamemode_settings , name = gamemode_isgaming
11-05 02:21:53.247 4273 4273 D GameMode_GameMode: type=hide_entry
11-05 02:21:53.247 2368 2368 I wm_on_create_called: [148085558,com.android.permissioncontroller.permission.ui.GrantPermissionsActivity,performCreate]
11-05 02:21:53.248 2368 2368 I wm_on_start_called: [148085558,com.android.permissioncontroller.permission.ui.GrantPermissionsActivity,handleStartActivity]
11-05 02:21:53.249 2368 2368 I wm_on_resume_called: [148085558,com.android.permissioncontroller.permission.ui.GrantPermissionsActivity,RESUME_ACTIVITY]
11-05 02:21:53.249 1507 1507 I GameModeConfig: Current uri is uri = content://com.thundercomm.gamemode.api/gamemode_settings/gamemode_isgaming
11-05 02:21:53.249 1507 1507 D GameMode: getUriFor setting_content_uri_root = content://com.thundercomm.gamemode.api/gamemode_settings , name = gamemode_isgaming
11-05 02:21:53.251 1507 1507 I GameModeConfig: isGameModeOn = false
11-05 02:21:53.251 1507 1507 I GameModeConfig: isGameModeOn = false
11-05 02:21:53.251 1507 1507 I GameModeConfig: isDisableVoice = true
11-05 02:21:53.251 4273 4291 D GameMode: gamemode_isgaming set to 0
11-05 02:21:53.251 2368 2368 I wm_on_top_resumed_gained_called: [148085558,com.android.permissioncontroller.permission.ui.GrantPermissionsActivity,topStateChangedWhenResumed]
