11-05 01:54:55.964 1507 1777 I wm_add_to_stopping: [0,5289280,com.android.gallery3d/.app.GalleryActivity,makeInvisible]
11-05 01:54:55.965 2835 2835 I wm_on_resume_called: [94458931,com.android.launcher3.uioverrides.QuickstepLauncher,RESUME_ACTIVITY]
11-05 01:54:55.980 1507 1629 I input_focus: [Focus request 2395a3e com.android.launcher3/com.android.launcher3.uioverrides.QuickstepLauncher,reason=UpdateInputWindows]
11-05 01:54:55.981 1507 1628 I sysui_multi_action: [757,803,799,window_time_0,802,50]
11-05 01:54:55.989 1507 2002 I input_focus: [Focus leaving recents_animation_input_consumer (server),reason=NOT_VISIBLE]
11-05 01:54:55.989 1507 2002 I input_focus: [Focus entering 2395a3e com.android.launcher3/com.android.launcher3.uioverrides.QuickstepLauncher (server),reason=setFocusedWindow]
11-05 01:54:55.993 1507 4894 I wm_stop_activity: [0,5289280,com.android.gallery3d/.app.GalleryActivity]
11-05 01:54:55.996 2835 2835 I wm_on_top_resumed_gained_called: [94458931,com.android.launcher3.uioverrides.QuickstepLauncher,topStateChangedWhenResumed]
11-05 01:54:56.002 9952 9952 I wm_on_paused_called: [5289280,com.android.gallery3d.app.GalleryActivity,performPause]
11-05 01:54:56.007 9952 9952 I wm_on_stop_called: [5289280,com.android.gallery3d.app.GalleryActivity,STOP_ACTIVITY_ITEM]
11-05 01:54:56.025 1507 1628 I sysui_multi_action: [757,803,799,window_time_0,802,0]
11-05 01:54:56.084 1507 7110 I wm_finish_activity: [0,5289280,93,com.android.gallery3d/.app.GalleryActivity,recent-task-trimmed]
11-05 01:54:56.085 1507 7110 I wm_destroy_activity: [0,5289280,93,com.android.gallery3d/.app.GalleryActivity,finish-imm:finishIfPossible]
11-05 01:54:56.088 1507 1628 I am_kill : [0,9952,com.android.gallery3d,900,remove task]
11-05 01:54:56.089 1507 2002 I input_interaction: Interaction with: 2395a3e com.android.launcher3/com.android.launcher3.uioverrides.QuickstepLauncher (server), ef1bc93 com.android.systemui.ImageWallpaper (server), edge-swipe (server), swipe-up (server), PointerEventDispatcher0 (server),
11-05 01:54:56.095 1507 1628 I sysui_multi_action: [757,803,799,window_time_0,802,0]
11-05 01:54:56.130 1507 5661 I am_proc_died: [0,9952,com.android.gallery3d,900,18]
11-05 01:54:56.134 1507 5661 I am_uid_stopped: 10069
11-05 01:54:56.135 1507 5661 I wm_task_removed: [93,removeChild:removeChild last r=ActivityRecord{50b540 u0 com.android.gallery3d/.app.GalleryActivity t-1 f}} in t=Task{13827ca #93 type=standard A=10069:com.android.gallery3d U=0 visible=false mode=fullscreen translucent=true sz=0}]
11-05 01:54:56.135 1507 5661 I wm_task_removed: [93,removeChild]
11-05 01:54:56.140 1507 1628 I am_uid_running: 10069
11-05 01:54:56.149 1507 1646 I am_proc_start: [0,10082,10069,com.android.gallery3d,NULL,]
11-05 01:54:56.179 1507 1777 I am_proc_bound: [0,10082,com.android.gallery3d]
11-05 01:55:02.629 1507 1645 I am_uid_idle: 10094
11-05 01:55:05.793 1507 1645 I am_uid_idle: 10065
11-05 01:55:06.299 4756 4756 I auditd : type=1400 audit(0.0:1025): avc: denied { search } for comm=73796E6320737663203236 name="oem" dev="dm-5" ino=42 scontext=u:r:adbd:s0 tcontext=u:object_r:oemfs:s0 tclass=dir permissive=0
11-05 01:55:06.299 4756 4756 I auditd : type=1400 audit(0.0:1026): avc: denied { search } for comm=73796E6320737663203236 name="oem" dev="dm-5" ino=42 scontext=u:r:adbd:s0 tcontext=u:object_r:oemfs:s0 tclass=dir permissive=0
11-05 01:55:06.299 4756 4756 I auditd : type=1400 audit(0.0:1027): avc: denied { search } for comm=73796E6320737663203236 name="oem" dev="dm-5" ino=42 scontext=u:r:adbd:s0 tcontext=u:object_r:oemfs:s0 tclass=dir permissive=0
11-05 01:55:06.435 4756 4756 I auditd : type=1400 audit(0.0:1028): avc: denied { search } for comm=73796E6320737663203236 name="oem" dev="dm-5" ino=42 scontext=u:r:adbd:s0 tcontext=u:object_r:oemfs:s0 tclass=dir permissive=0
11-05 01:55:16.503 4756 4756 I auditd : type=1400 audit(0.0:1029): avc: denied { search } for comm=73796E6320737663203236 name="oem" dev="dm-5" ino=42 scontext=u:r:adbd:s0 tcontext=u:object_r:oemfs:s0 tclass=dir permissive=0
11-05 01:55:16.663 4756 4756 I auditd : type=1400 audit(0.0:1030): avc: denied { search } for comm=73796E6320737663203236 name="oem" dev="dm-5" ino=42 scontext=u:r:adbd:s0 tcontext=u:object_r:oemfs:s0 tclass=dir permissive=0
11-05 01:55:18.483 4756 4756 I auditd : type=1400 audit(0.0:1031): avc: denied { search } for comm=73796E6320737663203236 name="oem" dev="dm-5" ino=42 scontext=u:r:adbd:s0 tcontext=u:object_r:oemfs:s0 tclass=dir permissive=0
11-05 01:55:31.957 1507 2310 I storage_state: [41217664-9172-527a-b3d5-edabb50a7d69,0,0,115942653952,118610538496]
11-05 01:55:34.559 1507 1777 I wm_task_created: [94,-1]
11-05 01:55:34.567 1507 1777 I wm_task_moved: [94,1,7]
11-05 01:55:34.567 1507 1777 I wm_task_to_front: [0,94]
11-05 01:55:34.568 1507 1777 I wm_create_task: [0,94]
11-05 01:55:34.568 1507 1777 I wm_create_activity: [0,38339170,94,com.android.music/.VideoBrowserActivity,android.intent.action.MAIN,NULL,NULL,270532608]
11-05 01:55:34.568 1507 1777 I wm_task_moved: [94,1,7]
11-05 01:55:34.571 1507 1777 I wm_pause_activity: [0,94458931,com.android.launcher3/.uioverrides.QuickstepLauncher,userLeaving=true,pauseBackTasks]
11-05 01:55:34.580 2835 2835 I wm_on_top_resumed_lost_called: [94458931,com.android.launcher3.uioverrides.QuickstepLauncher,topStateChangedWhenResumed]
11-05 01:55:34.581 2835 2835 I wm_on_paused_called: [94458931,com.android.launcher3.uioverrides.QuickstepLauncher,performPause]
11-05 01:55:34.584 1507 4894 I wm_add_to_stopping: [0,94458931,com.android.launcher3/.uioverrides.QuickstepLauncher,makeInvisible]
11-05 01:55:34.585 1507 4894 I wm_restart_activity: [0,38339170,94,com.android.music/.VideoBrowserActivity]
11-05 01:55:34.587 1507 4894 I wm_set_resumed_activity: [0,com.android.music/.VideoBrowserActivity,minimalResumeActivityLocked]
11-05 01:55:34.589 1507 1628 I am_uid_active: 10090
11-05 01:55:34.593 1507 2002 I input_focus: [Focus leaving 2395a3e com.android.launcher3/com.android.launcher3.uioverrides.QuickstepLauncher (server),reason=NO_WINDOW]
11-05 01:55:34.595 1507 1628 I sysui_multi_action: [757,803,799,window_time_0,802,39]
11-05 01:55:34.618 1507 1642 I am_pss : [10082,10069,com.android.gallery3d,7564288,5218304,0,93696000,0,19,5]
11-05 01:55:34.623 9951 9951 I wm_on_create_called: [38339170,com.android.music.VideoBrowserActivity,performCreate]
11-05 01:55:34.624 9951 9951 I wm_on_start_called: [38339170,com.android.music.VideoBrowserActivity,handleStartActivity]
11-05 01:55:34.625 9951 9951 I wm_on_resume_called: [38339170,com.android.music.VideoBrowserActivity,RESUME_ACTIVITY]
11-05 01:55:34.628 1507 1642 I am_pss : [4273,1000,com.thundercomm.gamemode,15741952,12136448,0,119476224,0,10,7]
11-05 01:55:34.631 9951 9951 I wm_on_top_resumed_gained_called: [38339170,com.android.music.VideoBrowserActivity,topStateChangedWhenResumed]
11-05 01:55:34.637 1507 1629 I input_focus: [Focus request ef9535e com.android.music/com.android.music.VideoBrowserActivity,reason=UpdateInputWindows]
11-05 01:55:34.679 1507 2002 I input_focus: [Focus entering ef9535e com.android.music/com.android.music.VideoBrowserActivity (server),reason=Window became focusable. Previous reason: NOT_VISIBLE]
11-05 01:55:34.679 1507 1625 I sysui_multi_action: [319,72,321,70,322,126,325,2609,757,761,758,8,759,1,806,com.android.music,871,com.android.music.VideoBrowserActivity,904,com.android.launcher3,905,0,1320,4,1321,1]
11-05 01:55:34.684 1507 1625 I wm_activity_launch_time: [0,38339170,com.android.music/.VideoBrowserActivity,126]
11-05 01:55:35.149 1507 1628 I wm_stop_activity: [0,94458931,com.android.launcher3/.uioverrides.QuickstepLauncher]
11-05 01:55:35.172 2835 2835 I wm_on_stop_called: [94458931,com.android.launcher3.uioverrides.QuickstepLauncher,STOP_ACTIVITY_ITEM]
11-05 01:55:35.873 1507 2002 I input_interaction: Interaction with: ef9535e com.android.music/com.android.music.VideoBrowserActivity (server), edge-swipe (server), swipe-up (server), PointerEventDispatcher0 (server),
11-05 01:55:36.070 1507 2288 I wm_task_moved: [94,1,7]
11-05 01:55:36.071 1507 2288 I wm_set_resumed_activity: [0,com.android.music/.VideoBrowserActivity,positionChildAt]
11-05 01:55:36.071 1507 2288 I wm_create_activity: [0,255187134,94,com.android.gallery3d/.app.MovieActivity,android.intent.action.VIEW,video/mp4,content://media/external/video/media/20,0]
11-05 01:55:36.072 1507 2288 I wm_pause_activity: [0,38339170,com.android.music/.VideoBrowserActivity,userLeaving=true,resumeTopActivityInnerLocked]
11-05 01:55:36.078 9951 9951 I wm_on_top_resumed_lost_called: [38339170,com.android.music.VideoBrowserActivity,topStateChangedWhenResumed]
11-05 01:55:36.079 9951 9951 I wm_on_paused_called: [38339170,com.android.music.VideoBrowserActivity,performPause]
11-05 01:55:36.083 1507 5437 I wm_add_to_stopping: [0,38339170,com.android.music/.VideoBrowserActivity,makeInvisible]
11-05 01:55:36.084 1507 5437 I wm_restart_activity: [0,255187134,94,com.android.gallery3d/.app.MovieActivity]
11-05 01:55:36.085 1507 5437 I wm_set_resumed_activity: [0,com.android.gallery3d/.app.MovieActivity,minimalResumeActivityLocked]
11-05 01:55:36.093 1507 1628 I am_uid_active: 10069
11-05 01:55:36.094 1507 1628 I sysui_multi_action: [757,803,799,window_time_0,802,1]
11-05 01:55:36.115 1507 2002 I input_focus: [Focus leaving ef9535e com.android.music/com.android.music.VideoBrowserActivity (server),reason=NO_WINDOW]
11-05 01:55:36.135 10082 10082 I wm_on_create_called: [255187134,com.android.gallery3d.app.MovieActivity,performCreate]
11-05 01:55:36.140 10082 10082 I wm_on_start_called: [255187134,com.android.gallery3d.app.MovieActivity,handleStartActivity]
11-05 01:55:36.141 10082 10082 I wm_on_resume_called: [255187134,com.android.gallery3d.app.MovieActivity,RESUME_ACTIVITY]
11-05 01:55:36.146 10082 10082 I wm_on_top_resumed_gained_called: [255187134,com.android.gallery3d.app.MovieActivity,topStateChangedWhenResumed]
11-05 01:55:36.153 1507 1629 I input_focus: [Focus request 962e170 com.android.gallery3d/com.android.gallery3d.app.MovieActivity,reason=UpdateInputWindows]
11-05 01:55:36.168 1507 1507 I notification_enqueue: [10081,2365,com.android.systemui,2048,NULL,0,Notification(channel=updateNotification shortcut=null contentView=null vibrate=null sound=null defaults=0x0 flags=0x0 color=0x00000000 vis=PRIVATE),1]
11-05 01:55:36.168 2365 2365 I sysui_multi_action: [757,111,758,2]
11-05 01:55:36.170 2365 2365 I sysui_multi_action: [757,111,758,2]
11-05 01:55:36.188 2365 2365 I sysui_multi_action: [757,111,758,1]
11-05 01:55:36.189 2365 2365 I sysui_multi_action: [757,126,758,1,759,126,927,0,928,1,1593,0]
11-05 01:55:36.189 2365 2365 I sysui_multi_action: [757,113,758,1,759,113,927,1,928,1,1593,0]
11-05 01:55:36.189 2365 2365 I sysui_multi_action: [757,0,758,1,759,0,927,2,928,0,1593,0]
11-05 01:55:36.189 2365 2365 I sysui_multi_action: [757,0,758,1,759,0,927,3,928,0,1593,0]
11-05 01:55:36.189 2365 2365 I sysui_multi_action: [757,491,758,1,759,491,927,4,928,0,1311,-1,1593,0]
11-05 01:55:36.189 2365 2365 I sysui_multi_action: [757,0,758,1,759,0,927,5,928,0,1593,0]
11-05 01:55:36.189 2365 2365 I sysui_multi_action: [757,114,758,1,759,114,927,6,928,0,1593,0]
11-05 01:55:36.189 2365 2365 I sysui_multi_action: [757,120,758,1,759,120,927,7,928,0,1593,0]
11-05 01:55:36.189 2365 2365 I sysui_multi_action: [757,111,758,1]
11-05 01:55:36.189 2365 2365 I sysui_multi_action: [757,126,758,1,759,126,927,0,928,1,1593,0]
11-05 01:55:36.189 2365 2365 I sysui_multi_action: [757,113,758,1,759,113,927,1,928,1,1593,0]
11-05 01:55:36.189 2365 2365 I sysui_multi_action: [757,0,758,1,759,0,927,2,928,0,1593,0]
11-05 01:55:36.189 2365 2365 I sysui_multi_action: [757,0,758,1,759,0,927,3,928,0,1593,0]
11-05 01:55:36.209 1507 1625 I sysui_multi_action: [319,142,322,141,325,2610,757,761,758,8,759,2,806,com.android.gallery3d,871,com.android.gallery3d.app.MovieActivity,904,com.android.music,905,0,1320,4,1321,1]
11-05 01:55:36.210 1507 1625 I wm_activity_launch_time: [0,255187134,com.android.gallery3d/.app.MovieActivity,141]
11-05 01:55:36.215 1507 2002 I input_focus: [Focus entering 962e170 com.android.gallery3d/com.android.gallery3d.app.MovieActivity (server),reason=Window became focusable. Previous reason: NOT_VISIBLE]
11-05 01:55:36.600 1507 1628 I wm_stop_activity: [0,38339170,com.android.music/.VideoBrowserActivity]
11-05 01:55:36.638 9951 9951 I wm_on_stop_called: [38339170,com.android.music.VideoBrowserActivity,STOP_ACTIVITY_ITEM]
11-05 01:55:38.749 1507 2002 I input_interaction: Interaction with: 962e170 com.android.gallery3d/com.android.gallery3d.app.MovieActivity (server), edge-swipe (server), swipe-up (server), PointerEventDispatcher0 (server),
11-05 01:55:42.868 1507 1777 I wm_task_moved: [1,0,0]
11-05 01:55:42.868 1507 1777 I wm_task_moved: [1,0,6]
11-05 01:55:42.874 2835 2835 I wm_on_restart_called: [94458931,com.android.launcher3.uioverrides.QuickstepLauncher,performRestartActivity]
11-05 01:55:42.898 2835 2835 I wm_on_start_called: [94458931,com.android.launcher3.uioverrides.QuickstepLauncher,handleStartActivity]
11-05 01:55:42.918 1507 1625 I sysui_multi_action: [319,11,322,45,325,2617,757,761,758,9,759,5,806,com.android.launcher3,871,com.android.launcher3.uioverrides.QuickstepLauncher,905,0,1320,4,1321,1]
11-05 01:55:42.943 10082 10082 I view_enqueue_input_event: [Motion - Cancel,com.android.gallery3d/com.android.gallery3d.app.MovieActivity]
11-05 01:55:42.943 1507 2002 I input_interaction: Interaction with: edge-swipe (server), swipe-up (server), PointerEventDispatcher0 (server),
11-05 01:55:42.945 2835 2835 I sysui_latency: [1,70]
11-05 01:55:42.950 1507 1629 I input_focus: [Focus request recents_animation_input_consumer,reason=UpdateInputWindows]
11-05 01:55:42.981 1507 2002 I input_focus: [Focus leaving 962e170 com.android.gallery3d/com.android.gallery3d.app.MovieActivity (server),reason=NOT_FOCUSABLE]
11-05 01:55:42.982 1507 2002 I input_focus: [Focus entering recents_animation_input_consumer (server),reason=setFocusedWindow]
11-05 01:55:43.115 1507 1751 I commit_sys_config_file: [settings-1-0,17]
11-05 01:55:43.213 1507 1642 I sysui_latency: [8,69]
11-05 01:55:43.736 1507 1751 I commit_sys_config_file: [settings-1-0,6]
11-05 01:55:44.980 1507 2002 I input_interaction: Interaction with: 2395a3e com.android.launcher3/com.android.launcher3.uioverrides.QuickstepLauncher (server), edge-swipe (server), swipe-up (server), PointerEventDispatcher0 (server),
11-05 01:55:45.423 1507 5661 I wm_task_moved: [1,1,7]
11-05 01:55:45.425 1507 5661 I wm_focused_root_task: [0,0,1,94,RecentsAnimation.onAnimationFinished()]
11-05 01:55:45.427 1507 5661 I wm_pause_activity: [0,255187134,com.android.gallery3d/.app.MovieActivity,userLeaving=false,pauseBackTasks]
11-05 01:55:45.428 1507 5661 I wm_set_resumed_activity: [0,com.android.launcher3/.uioverrides.QuickstepLauncher,resumeTopActivityInnerLocked]
11-05 01:55:45.429 1507 5661 I wm_resume_activity: [0,94458931,10,com.android.launcher3/.uioverrides.QuickstepLauncher]
11-05 01:55:45.430 1507 5661 I wm_add_to_stopping: [0,255187134,com.android.gallery3d/.app.MovieActivity,makeInvisible]
11-05 01:55:45.432 2835 2835 I wm_on_resume_called: [94458931,com.android.launcher3.uioverrides.QuickstepLauncher,RESUME_ACTIVITY]
11-05 01:55:45.437 10082 10082 I wm_on_top_resumed_lost_called: [255187134,com.android.gallery3d.app.MovieActivity,topStateChangedWhenResumed]
11-05 01:55:45.442 1507 1629 I input_focus: [Focus request 2395a3e com.android.launcher3/com.android.launcher3.uioverrides.QuickstepLauncher,reason=UpdateInputWindows]
11-05 01:55:45.445 1507 1628 I sysui_multi_action: [757,803,799,window_time_0,802,9]
11-05 01:55:45.450 1507 4894 I wm_stop_activity: [0,255187134,com.android.gallery3d/.app.MovieActivity]
11-05 01:55:45.454 1507 2002 I input_focus: [Focus leaving recents_animation_input_consumer (server),reason=NOT_VISIBLE]
11-05 01:55:45.455 1507 2002 I input_focus: [Focus entering 2395a3e com.android.launcher3/com.android.launcher3.uioverrides.QuickstepLauncher (server),reason=setFocusedWindow]
11-05 01:55:45.455 1507 1628 I sysui_multi_action: [757,803,799,window_time_0,802,1]
11-05 01:55:45.461 2835 2835 I wm_on_top_resumed_gained_called: [94458931,com.android.launcher3.uioverrides.QuickstepLauncher,topStateChangedWhenResumed]
11-05 01:55:45.493 10082 10082 I wm_on_paused_called: [255187134,com.android.gallery3d.app.MovieActivity,performPause]
11-05 01:55:45.509 10082 10082 I wm_on_stop_called: [255187134,com.android.gallery3d.app.MovieActivity,STOP_ACTIVITY_ITEM]
11-05 01:55:45.545 1507 5437 I wm_finish_activity: [0,255187134,94,com.android.gallery3d/.app.MovieActivity,recent-task-trimmed]
11-05 01:55:45.545 1507 5437 I wm_destroy_activity: [0,255187134,94,com.android.gallery3d/.app.MovieActivity,finish-imm:finishIfPossible]
11-05 01:55:45.546 1507 5437 I wm_finish_activity: [0,38339170,94,com.android.music/.VideoBrowserActivity,recent-task-trimmed]
11-05 01:55:45.547 10082 10082 I wm_on_destroy_called: [255187134,com.android.gallery3d.app.MovieActivity,performDestroy]
11-05 01:55:45.548 1507 5437 I wm_destroy_activity: [0,38339170,94,com.android.music/.VideoBrowserActivity,finish-imm:finishIfPossible]
11-05 01:55:45.549 1507 1628 I am_kill : [0,9951,com.android.music,900,remove task]
11-05 01:55:45.551 1507 1628 I sysui_multi_action: [757,803,799,window_time_0,802,0]
11-05 01:55:45.597 1507 5661 I am_proc_died: [0,9951,com.android.music,900,18]
11-05 01:55:45.601 1507 5661 I am_uid_stopped: 10090
11-05 01:55:45.602 1507 5661 I wm_task_removed: [94,removeChild:removeChild last r=ActivityRecord{2490262 u0 com.android.music/.VideoBrowserActivity t-1 f}} in t=Task{e347bba #94 type=standard A=10090:android.task.video U=0 visible=false mode=fullscreen translucent=true sz=0}]
11-05 01:55:45.602 1507 5661 I wm_task_removed: [94,removeChild]
11-05 01:55:45.609 1507 1628 I am_uid_running: 10090
11-05 01:55:45.619 1507 1646 I am_proc_start: [0,10205,10090,com.android.music,NULL,]
11-05 01:55:45.647 1507 5661 I am_proc_bound: [0,10205,com.android.music]
11-05 01:55:45.856 1507 2002 I input_interaction: Interaction with: 2395a3e com.android.launcher3/com.android.launcher3.uioverrides.QuickstepLauncher (server), ef1bc93 com.android.systemui.ImageWallpaper (server), edge-swipe (server), swipe-up (server), PointerEventDispatcher0 (server),
11-05 01:55:47.108 1507 2288 I wm_task_created: [95,-1]
11-05 01:55:47.118 1507 2288 I wm_task_moved: [95,1,7]
11-05 01:55:47.118 1507 2288 I wm_task_to_front: [0,95]
11-05 01:55:47.118 1507 2288 I wm_create_task: [0,95]
11-05 01:55:47.118 1507 2288 I wm_create_activity: [0,141055210,95,com.android.music/.VideoBrowserActivity,android.intent.action.MAIN,NULL,NULL,270532608]
11-05 01:55:47.118 1507 2288 I wm_task_moved: [95,1,7]
11-05 01:55:47.120 1507 2288 I wm_pause_activity: [0,94458931,com.android.launcher3/.uioverrides.QuickstepLauncher,userLeaving=true,pauseBackTasks]
11-05 01:55:47.128 2835 2835 I wm_on_top_resumed_lost_called: [94458931,com.android.launcher3.uioverrides.QuickstepLauncher,topStateChangedWhenResumed]
11-05 01:55:47.137 2835 2835 I wm_on_paused_called: [94458931,com.android.launcher3.uioverrides.QuickstepLauncher,performPause]
11-05 01:55:47.144 1507 2410 I wm_add_to_stopping: [0,94458931,com.android.launcher3/.uioverrides.QuickstepLauncher,makeInvisible]
11-05 01:55:47.145 1507 2410 I wm_restart_activity: [0,141055210,95,com.android.music/.VideoBrowserActivity]
11-05 01:55:47.148 1507 2410 I wm_set_resumed_activity: [0,com.android.music/.VideoBrowserActivity,minimalResumeActivityLocked]
11-05 01:55:47.154 1507 1628 I am_uid_active: 10090
11-05 01:55:47.164 1507 1628 I sysui_multi_action: [757,803,799,window_time_0,802,1]
11-05 01:55:47.174 1507 2002 I input_focus: [Focus leaving 2395a3e com.android.launcher3/com.android.launcher3.uioverrides.QuickstepLauncher (server),reason=NO_WINDOW]
11-05 01:55:47.187 10205 10205 I wm_on_create_called: [141055210,com.android.music.VideoBrowserActivity,performCreate]
11-05 01:55:47.188 10205 10205 I wm_on_start_called: [141055210,com.android.music.VideoBrowserActivity,handleStartActivity]
11-05 01:55:47.189 10205 10205 I wm_on_resume_called: [141055210,com.android.music.VideoBrowserActivity,RESUME_ACTIVITY]
11-05 01:55:47.197 10205 10205 I wm_on_top_resumed_gained_called: [141055210,com.android.music.VideoBrowserActivity,topStateChangedWhenResumed]
11-05 01:55:47.203 1507 1629 I input_focus: [Focus request ab61866 com.android.music/com.android.music.VideoBrowserActivity,reason=UpdateInputWindows]
11-05 01:55:47.241 1507 2002 I input_focus: [Focus entering ab61866 com.android.music/com.android.music.VideoBrowserActivity (server),reason=Window became focusable. Previous reason: NOT_VISIBLE]
11-05 01:55:47.242 1507 1625 I sysui_multi_action: [319,82,321,80,322,133,325,2621,757,761,758,8,759,1,806,com.android.music,871,com.android.music.VideoBrowserActivity,904,com.android.launcher3,905,0,1320,4,1321,1]
11-05 01:55:47.243 1507 1625 I wm_activity_launch_time: [0,141055210,com.android.music/.VideoBrowserActivity,133]
11-05 01:55:47.754 1507 1628 I wm_stop_activity: [0,94458931,com.android.launcher3/.uioverrides.QuickstepLauncher]
11-05 01:55:47.784 2835 2835 I wm_on_stop_called: [94458931,com.android.launcher3.uioverrides.QuickstepLauncher,STOP_ACTIVITY_ITEM]
11-05 01:55:48.326 1507 2002 I input_interaction: Interaction with: ab61866 com.android.music/com.android.music.VideoBrowserActivity (server), edge-swipe (server), swipe-up (server), PointerEventDispatcher0 (server),
11-05 01:55:48.354 1507 1594 I wm_task_moved: [1,0,0]
11-05 01:55:48.355 1507 1594 I wm_task_moved: [1,0,6]
11-05 01:55:48.376 2835 2835 I wm_on_restart_called: [94458931,com.android.launcher3.uioverrides.QuickstepLauncher,performRestartActivity]
11-05 01:55:48.400 2835 2835 I wm_on_start_called: [94458931,com.android.launcher3.uioverrides.QuickstepLauncher,handleStartActivity]
11-05 01:55:48.423 1507 1625 I sysui_multi_action: [319,12,322,61,325,2622,757,761,758,9,759,5,806,com.android.launcher3,871,com.android.launcher3.uioverrides.QuickstepLauncher,905,0,1320,4,1321,1]
11-05 01:55:48.456 10205 10205 I view_enqueue_input_event: [Motion - Cancel,com.android.music/com.android.music.VideoBrowserActivity]
11-05 01:55:48.457 2835 2835 I sysui_latency: [1,84]
11-05 01:55:48.463 1507 1629 I input_focus: [Focus request recents_animation_input_consumer,reason=UpdateInputWindows]
11-05 01:55:48.472 1507 2002 I input_interaction: Interaction with: edge-swipe (server), swipe-up (server), PointerEventDispatcher0 (server),
11-05 01:55:48.495 1507 2002 I input_focus: [Focus leaving ab61866 com.android.music/com.android.music.VideoBrowserActivity (server),reason=NOT_FOCUSABLE]
11-05 01:55:48.495 1507 2002 I input_focus: [Focus entering recents_animation_input_consumer (server),reason=setFocusedWindow]
11-05 01:55:48.608 1507 1751 I commit_sys_config_file: [settings-1-0,8]
11-05 01:55:48.717 1507 1642 I sysui_latency: [8,83]
11-05 01:55:49.248 1507 1751 I commit_sys_config_file: [settings-1-0,6]
11-05 01:55:49.893 1507 2002 I input_interaction: Interaction with: 2395a3e com.android.launcher3/com.android.launcher3.uioverrides.QuickstepLauncher (server), edge-swipe (server), swipe-up (server), PointerEventDispatcher0 (server),
11-05 01:55:50.328 1507 5661 I wm_task_moved: [1,0,6]
11-05 01:55:50.330 1507 5661 I wm_add_to_stopping: [0,94458931,com.android.launcher3/.uioverrides.QuickstepLauncher,makeInvisible]
11-05 01:55:50.340 1507 1629 I input_focus: [Focus request ab61866 com.android.music/com.android.music.VideoBrowserActivity,reason=UpdateInputWindows]
11-05 01:55:50.342 1507 1628 I wm_stop_activity: [0,94458931,com.android.launcher3/.uioverrides.QuickstepLauncher]
11-05 01:55:50.349 1507 2002 I input_focus: [Focus leaving recents_animation_input_consumer (server),reason=NOT_VISIBLE]
11-05 01:55:50.349 1507 2002 I input_focus: [Focus entering ab61866 com.android.music/com.android.music.VideoBrowserActivity (server),reason=setFocusedWindow]
11-05 01:55:50.377 2835 2835 I wm_on_stop_called: [94458931,com.android.launcher3.uioverrides.QuickstepLauncher,STOP_ACTIVITY_ITEM]
11-05 01:55:53.131 1507 2002 I input_interaction: Interaction with: ab61866 com.android.music/com.android.music.VideoBrowserActivity (server), edge-swipe (server), swipe-up (server), PointerEventDispatcher0 (server),
11-05 01:55:53.146 1507 1594 I wm_task_moved: [1,0,0]
11-05 01:55:53.147 1507 1594 I wm_task_moved: [1,0,6]
11-05 01:55:53.155 2835 2835 I wm_on_restart_called: [94458931,com.android.launcher3.uioverrides.QuickstepLauncher,performRestartActivity]
11-05 01:55:53.180 2835 2835 I wm_on_start_called: [94458931,com.android.launcher3.uioverrides.QuickstepLauncher,handleStartActivity]
11-05 01:55:53.205 1507 1625 I sysui_multi_action: [319,16,322,48,325,2627,757,761,758,9,759,5,806,com.android.launcher3,871,com.android.launcher3.uioverrides.QuickstepLauncher,905,0,1320,4,1321,1]
11-05 01:55:53.247 10205 10205 I view_enqueue_input_event: [Motion - Cancel,com.android.music/com.android.music.VideoBrowserActivity]
11-05 01:55:53.248 2835 2835 I sysui_latency: [1,60]
11-05 01:55:53.250 1507 2002 I input_interaction: Interaction with: edge-swipe (server), swipe-up (server), PointerEventDispatcher0 (server),
11-05 01:55:53.255 1507 1629 I input_focus: [Focus request recents_animation_input_consumer,reason=UpdateInputWindows]
11-05 01:55:53.290 1507 2002 I input_focus: [Focus leaving ab61866 com.android.music/com.android.music.VideoBrowserActivity (server),reason=NOT_FOCUSABLE]
11-05 01:55:53.290 1507 2002 I input_focus: [Focus entering recents_animation_input_consumer (server),reason=setFocusedWindow]
11-05 01:55:53.384 1507 1751 I commit_sys_config_file: [settings-1-0,5]
11-05 01:55:53.495 1507 1642 I sysui_latency: [8,59]
11-05 01:55:53.585 1507 1751 I commit_sys_config_file: [settings-1-0,4]
11-05 01:55:54.037 1507 2288 I wm_task_moved: [1,1,7]
11-05 01:55:54.040 1507 2288 I wm_task_moved: [10,1,2147483647]
11-05 01:55:54.040 1507 2288 I wm_task_to_front: [0,10]
11-05 01:55:54.040 1507 2288 I wm_focused_root_task: [0,0,1,95,RecentsAnimation.onAnimationFinished()]
11-05 01:55:54.040 10205 10205 I wm_on_top_resumed_lost_called: [141055210,com.android.music.VideoBrowserActivity,topStateChangedWhenResumed]
11-05 01:55:54.040 1507 2288 I wm_set_resumed_activity: [0,com.android.launcher3/.uioverrides.QuickstepLauncher,RecentsAnimation.onAnimationFinished()]
11-05 01:55:54.041 1507 2288 I wm_pause_activity: [0,141055210,com.android.music/.VideoBrowserActivity,userLeaving=true,pauseBackTasks]
11-05 01:55:54.043 1507 2288 I wm_add_to_stopping: [0,141055210,com.android.music/.VideoBrowserActivity,makeInvisible]
11-05 01:55:54.044 1507 2288 I wm_set_resumed_activity: [0,com.android.launcher3/.uioverrides.QuickstepLauncher,resumeTopActivityInnerLocked]
11-05 01:55:54.045 1507 2288 I wm_resume_activity: [0,94458931,10,com.android.launcher3/.uioverrides.QuickstepLauncher]
11-05 01:55:54.051 2835 2835 I wm_on_resume_called: [94458931,com.android.launcher3.uioverrides.QuickstepLauncher,RESUME_ACTIVITY]
11-05 01:55:54.056 1507 1629 I input_focus: [Focus request 2395a3e com.android.launcher3/com.android.launcher3.uioverrides.QuickstepLauncher,reason=UpdateInputWindows]
11-05 01:55:54.058 10205 10205 I wm_on_paused_called: [141055210,com.android.music.VideoBrowserActivity,performPause]
11-05 01:55:54.059 1507 2002 I input_focus: [Focus leaving recents_animation_input_consumer (server),reason=NOT_VISIBLE]
11-05 01:55:54.062 1507 1628 I wm_stop_activity: [0,141055210,com.android.music/.VideoBrowserActivity]
11-05 01:55:54.062 2835 2835 I wm_on_top_resumed_gained_called: [94458931,com.android.launcher3.uioverrides.QuickstepLauncher,topStateChangedWhenResumed]
11-05 01:55:54.066 1507 1628 I sysui_multi_action: [757,803,799,window_time_0,802,7]
11-05 01:55:54.077 1507 2002 I input_focus: [Focus entering 2395a3e com.android.launcher3/com.android.launcher3.uioverrides.QuickstepLauncher (server),reason=setFocusedWindow]
11-05 01:55:54.081 10205 10205 I wm_on_stop_called: [141055210,com.android.music.VideoBrowserActivity,STOP_ACTIVITY_ITEM]
11-05 01:55:54.082 1507 1628 I sysui_multi_action: [757,803,799,window_time_0,802,0]
11-05 01:55:54.742 1507 2002 I input_interaction: Interaction with: 2395a3e com.android.launcher3/com.android.launcher3.uioverrides.QuickstepLauncher (server), ef1bc93 com.android.systemui.ImageWallpaper (server), edge-swipe (server), swipe-up (server), PointerEventDispatcher0 (server),
11-05 01:55:55.035 1507 1751 I commit_sys_config_file: [settings-1-0,5]
11-05 01:55:55.656 1507 5661 I wm_task_created: [96,-1]
11-05 01:55:55.664 1507 5661 I wm_task_moved: [96,1,8]
11-05 01:55:55.664 1507 5661 I wm_task_to_front: [0,96]
11-05 01:55:55.665 1507 5661 I wm_create_task: [0,96]
11-05 01:55:55.665 1507 5661 I wm_create_activity: [0,57676103,96,com.android.deskclock/.DeskClock,android.intent.action.MAIN,NULL,NULL,270532608]
11-05 01:55:55.665 1507 5661 I wm_task_moved: [96,1,8]
11-05 01:55:55.669 1507 5661 I wm_pause_activity: [0,94458931,com.android.launcher3/.uioverrides.QuickstepLauncher,userLeaving=true,pauseBackTasks]
11-05 01:55:55.690 2835 2835 I wm_on_top_resumed_lost_called: [94458931,com.android.launcher3.uioverrides.QuickstepLauncher,topStateChangedWhenResumed]
11-05 01:55:55.691 2835 2835 I wm_on_paused_called: [94458931,com.android.launcher3.uioverrides.QuickstepLauncher,performPause]
11-05 01:55:55.693 1507 5661 I wm_add_to_stopping: [0,94458931,com.android.launcher3/.uioverrides.QuickstepLauncher,makeInvisible]
11-05 01:55:55.694 1507 5661 I wm_restart_activity: [0,57676103,96,com.android.deskclock/.DeskClock]
11-05 01:55:55.696 1507 5661 I wm_set_resumed_activity: [0,com.android.deskclock/.DeskClock,minimalResumeActivityLocked]
11-05 01:55:55.704 1507 1628 I am_uid_active: 10065
11-05 01:55:55.709 1507 1628 I sysui_multi_action: [757,803,799,window_time_0,802,2]
11-05 01:55:55.732 1507 2002 I input_focus: [Focus leaving 2395a3e com.android.launcher3/com.android.launcher3.uioverrides.QuickstepLauncher (server),reason=NO_WINDOW]
11-05 01:55:55.739 1507 4963 I wm_task_moved: [96,1,8]
11-05 01:55:55.739 1507 4963 I wm_set_resumed_activity: [0,com.android.deskclock/.DeskClock,positionChildAt]
11-05 01:55:55.739 1507 4963 I wm_create_activity: [0,187447288,96,com.android.permissioncontroller/.permission.ui.GrantPermissionsActivity,android.content.pm.action.REQUEST_PERMISSIONS,NULL,NULL,8388608]
11-05 01:55:55.741 1507 4963 I wm_pause_activity: [0,57676103,com.android.deskclock/.DeskClock,userLeaving=true,resumeTopActivityInnerLocked]
11-05 01:55:55.761 5990 5990 I wm_on_create_called: [57676103,com.android.deskclock.DeskClock,performCreate]
11-05 01:55:55.762 5990 5990 I wm_on_start_called: [57676103,com.android.deskclock.DeskClock,handleStartActivity]
11-05 01:55:55.763 5990 5990 I wm_on_resume_called: [57676103,com.android.deskclock.DeskClock,RESUME_ACTIVITY]
11-05 01:55:55.763 1507 1507 I sysui_multi_action: [757,128,758,5,759,8,793,109965,794,0,795,109965,796,2147483646,806,com.android.deskclock,857,StopwatchNotification,858,3,946,3,947,0,1500,109757,1688,1,1745,-868672399]
11-05 01:55:55.763 1507 1507 I notification_canceled: [0|com.android.deskclock|2147483646|null|10065,8,109965,109965,0,-1,-1,NULL]
11-05 01:55:55.766 5990 5990 I wm_on_top_resumed_gained_called: [57676103,com.android.deskclock.DeskClock,topStateChangedWhenResumed]
11-05 01:55:55.766 5990 5990 I wm_on_top_resumed_lost_called: [57676103,com.android.deskclock.DeskClock,topStateChangedWhenResumed]
11-05 01:55:55.766 5990 5990 I wm_on_paused_called: [57676103,com.android.deskclock.DeskClock,performPause]
11-05 01:55:55.767 1507 2410 I wm_restart_activity: [0,187447288,96,com.android.permissioncontroller/.permission.ui.GrantPermissionsActivity]
11-05 01:55:55.768 1507 2410 I wm_set_resumed_activity: [0,com.android.permissioncontroller/.permission.ui.GrantPermissionsActivity,minimalResumeActivityLocked]
11-05 01:55:55.769 1507 1628 I am_uid_active: 10094
11-05 01:55:55.773 1507 1628 I sysui_multi_action: [757,803,799,window_time_0,802,0]
11-05 01:55:55.786 2368 2368 I wm_on_create_called: [187447288,com.android.permissioncontroller.permission.ui.GrantPermissionsActivity,performCreate]
11-05 01:55:55.787 2368 2368 I wm_on_start_called: [187447288,com.android.permissioncontroller.permission.ui.GrantPermissionsActivity,handleStartActivity]
11-05 01:55:55.787 2368 2368 I wm_on_resume_called: [187447288,com.android.permissioncontroller.permission.ui.GrantPermissionsActivity,RESUME_ACTIVITY]
11-05 01:55:55.790 2368 2368 I wm_on_top_resumed_gained_called: [187447288,com.android.permissioncontroller.permission.ui.GrantPermissionsActivity,topStateChangedWhenResumed]
11-05 01:55:55.804 1507 1629 I input_focus: [Focus request baa0e10 com.android.permissioncontroller/com.android.permissioncontroller.permission.ui.GrantPermissionsActivity,reason=UpdateInputWindows]
11-05 01:55:55.811 1507 1594 I wm_finish_activity: [0,187447288,96,com.android.permissioncontroller/.permission.ui.GrantPermissionsActivity,app-request]
11-05 01:55:55.830 1507 2002 I input_focus: [Focus entering baa0e10 com.android.permissioncontroller/com.android.permissioncontroller.permission.ui.GrantPermissionsActivity (server),reason=Window became focusable. Previous reason: NOT_VISIBLE]
11-05 01:55:55.832 1507 1594 I wm_pause_activity: [0,187447288,com.android.permissioncontroller/.permission.ui.GrantPermissionsActivity,userLeaving=false,finish]
11-05 01:55:55.835 2368 2368 I wm_on_top_resumed_lost_called: [187447288,com.android.permissioncontroller.permission.ui.GrantPermissionsActivity,topStateChangedWhenResumed]
11-05 01:55:55.836 2368 2368 I wm_on_paused_called: [187447288,com.android.permissioncontroller.permission.ui.GrantPermissionsActivity,performPause]
11-05 01:55:55.841 1507 2410 I wm_add_to_stopping: [0,187447288,com.android.permissioncontroller/.permission.ui.GrantPermissionsActivity,completeFinishing]
11-05 01:55:55.845 1507 2410 I wm_set_resumed_activity: [0,com.android.deskclock/.DeskClock,resumeTopActivityInnerLocked]
11-05 01:55:55.845 1507 2002 I input_focus: [Focus leaving baa0e10 com.android.permissioncontroller/com.android.permissioncontroller.permission.ui.GrantPermissionsActivity (server),reason=NO_WINDOW]
11-05 01:55:55.846 1507 2410 I wm_resume_activity: [0,57676103,96,com.android.deskclock/.DeskClock]
11-05 01:55:55.854 1507 1629 I input_focus: [Focus request a79da37 com.android.deskclock/com.android.deskclock.DeskClock,reason=UpdateInputWindows]
11-05 01:55:55.857 1507 1628 I sysui_multi_action: [757,803,799,window_time_0,802,0]
11-05 01:55:55.869 5990 5990 I wm_on_activity_result_called: [57676103,com.android.deskclock.DeskClock,ACTIVITY_RESULT]
11-05 01:55:55.869 5990 5990 I wm_on_resume_called: [57676103,com.android.deskclock.DeskClock,RESUME_ACTIVITY]
11-05 01:55:55.873 5990 5990 I wm_on_top_resumed_gained_called: [57676103,com.android.deskclock.DeskClock,topWhenResuming]
11-05 01:55:55.874 1507 1625 I wm_activity_launch_time: [0,187447288,com.android.permissioncontroller/.permission.ui.GrantPermissionsActivity,225]
11-05 01:55:55.880 1507 2002 I input_focus: [Focus entering a79da37 com.android.deskclock/com.android.deskclock.DeskClock (server),reason=Window became focusable. Previous reason: NOT_VISIBLE]
11-05 01:55:56.277 1507 1628 I wm_destroy_activity: [0,187447288,96,com.android.permissioncontroller/.permission.ui.GrantPermissionsActivity,finish-imm:idle]
11-05 01:55:56.278 1507 1628 I wm_stop_activity: [0,94458931,com.android.launcher3/.uioverrides.QuickstepLauncher]
11-05 01:55:56.281 2368 2368 I wm_on_stop_called: [187447288,com.android.permissioncontroller.permission.ui.GrantPermissionsActivity,LIFECYCLER_STOP_ACTIVITY]
11-05 01:55:56.284 2368 2368 I wm_on_destroy_called: [187447288,com.android.permissioncontroller.permission.ui.GrantPermissionsActivity,performDestroy]
11-05 01:55:56.323 2835 2835 I wm_on_stop_called: [94458931,com.android.launcher3.uioverrides.QuickstepLauncher,STOP_ACTIVITY_ITEM]
11-05 01:55:58.530 1507 2002 I input_interaction: Interaction with: 68fadb2 StatusBar (server), edge-swipe (server), swipe-up (server), PointerEventDispatcher0 (server),
11-05 01:55:58.542 2365 2365 I sysui_multi_action: [757,803,799,panel_open,802,1]
11-05 01:55:58.545 2365 2365 I sysui_multi_action: [757,1328,758,4,1326,48,1327,1,1329,0]
11-05 01:56:00.138 2365 2365 I sysui_multi_action: [757,803,799,panel_open,802,1]
11-05 01:56:00.142 2365 2365 I sysui_multi_action: [757,1328,758,4,1326,48,1327,2,1329,0]
11-05 01:56:00.457 1507 2980 I sysui_multi_action: [757,127,758,1]
11-05 01:56:00.457 1507 2980 I sysui_multi_action: [757,804,799,note_load,801,2,802,1]
11-05 01:56:00.462 1507 2980 I notification_panel_revealed: 2
11-05 01:56:00.465 1507 1507 I notification_enqueue: [10081,2365,com.android.systemui,2048,NULL,0,Notification(channel=updateNotification shortcut=null contentView=null vibrate=null sound=null defaults=0x0 flags=0x0 color=0x00000000 vis=PRIVATE),1]
11-05 01:56:00.467 2365 2365 I sysui_multi_action: [757,111,758,2]
11-05 01:56:00.467 2365 2365 I sysui_multi_action: [757,111,758,2]
11-05 01:56:00.501 1507 1629 I input_focus: [Focus request c697081 NotificationShade,reason=UpdateInputWindows]
11-05 01:56:00.511 2365 2365 I sysui_multi_action: [757,111,758,1]
11-05 01:56:00.511 2365 2365 I sysui_multi_action: [757,126,758,1,759,126,927,0,928,1,1593,0]
11-05 01:56:00.511 2365 2365 I sysui_multi_action: [757,113,758,1,759,113,927,1,928,1,1593,0]
11-05 01:56:00.511 2365 2365 I sysui_multi_action: [757,0,758,1,759,0,927,2,928,0,1593,0]
11-05 01:56:00.511 2365 2365 I sysui_multi_action: [757,0,758,1,759,0,927,3,928,0,1593,0]
11-05 01:56:00.512 2365 2365 I sysui_multi_action: [757,491,758,1,759,491,927,4,928,0,1311,-1,1593,0]
11-05 01:56:00.512 2365 2365 I sysui_multi_action: [757,0,758,1,759,0,927,5,928,0,1593,0]
11-05 01:56:00.512 2365 2365 I sysui_multi_action: [757,114,758,1,759,114,927,6,928,0,1593,0]
11-05 01:56:00.512 2365 2365 I sysui_multi_action: [757,120,758,1,759,120,927,7,928,0,1593,0]
11-05 01:56:00.512 2365 2365 I sysui_multi_action: [757,111,758,1]
11-05 01:56:00.512 2365 2365 I sysui_multi_action: [757,126,758,1,759,126,927,0,928,1,1593,0]
11-05 01:56:00.512 2365 2365 I sysui_multi_action: [757,113,758,1,759,113,927,1,928,1,1593,0]
11-05 01:56:00.512 2365 2365 I sysui_multi_action: [757,0,758,1,759,0,927,2,928,0,1593,0]
11-05 01:56:00.512 2365 2365 I sysui_multi_action: [757,0,758,1,759,0,927,3,928,0,1593,0]
11-05 01:56:00.527 1507 2002 I input_focus: [Focus leaving a79da37 com.android.deskclock/com.android.deskclock.DeskClock (server),reason=Waiting for window because NOT_VISIBLE]
11-05 01:56:00.528 2365 2365 I sysui_multi_action: [757,111,758,2]
11-05 01:56:00.529 2365 2365 I sysui_multi_action: [757,111,758,2]
11-05 01:56:00.529 1507 1507 I notification_enqueue: [10081,2365,com.android.systemui,2048,NULL,0,Notification(channel=updateNotification shortcut=null contentView=null vibrate=null sound=null defaults=0x0 flags=0x0 color=0x00000000 vis=PRIVATE),1]
11-05 01:56:00.537 2365 2365 I sysui_multi_action: [757,111,758,1]
11-05 01:56:00.537 2365 2365 I sysui_multi_action: [757,126,758,1,759,126,927,0,928,1,1593,0]
11-05 01:56:00.537 2365 2365 I sysui_multi_action: [757,113,758,1,759,113,927,1,928,1,1593,0]
11-05 01:56:00.537 2365 2365 I sysui_multi_action: [757,0,758,1,759,0,927,2,928,0,1593,0]
11-05 01:56:00.537 2365 2365 I sysui_multi_action: [757,0,758,1,759,0,927,3,928,0,1593,0]
11-05 01:56:00.538 2365 2365 I sysui_multi_action: [757,491,758,1,759,491,927,4,928,0,1311,-1,1593,0]
11-05 01:56:00.538 2365 2365 I sysui_multi_action: [757,0,758,1,759,0,927,5,928,0,1593,0]
11-05 01:56:00.538 2365 2365 I sysui_multi_action: [757,114,758,1,759,114,927,6,928,0,1593,0]
11-05 01:56:00.538 2365 2365 I sysui_multi_action: [757,120,758,1,759,120,927,7,928,0,1593,0]
11-05 01:56:00.538 2365 2365 I sysui_multi_action: [757,111,758,1]
11-05 01:56:00.538 2365 2365 I sysui_multi_action: [757,126,758,1,759,126,927,0,928,1,1593,0]
11-05 01:56:00.538 2365 2365 I sysui_multi_action: [757,113,758,1,759,113,927,1,928,1,1593,0]
11-05 01:56:00.538 2365 2365 I sysui_multi_action: [757,0,758,1,759,0,927,2,928,0,1593,0]
11-05 01:56:00.538 2365 2365 I sysui_multi_action: [757,0,758,1,759,0,927,3,928,0,1593,0]
11-05 01:56:00.543 1507 2002 I input_focus: [Focus entering c697081 NotificationShade (server),reason=Window became focusable. Previous reason: NOT_VISIBLE]
11-05 01:56:00.573 2365 2365 I sysui_multi_action: [757,111,758,2]
11-05 01:56:00.573 2365 2365 I sysui_multi_action: [757,111,758,2]
11-05 01:56:00.573 1507 1507 I notification_enqueue: [10081,2365,com.android.systemui,2048,NULL,0,Notification(channel=updateNotification shortcut=null contentView=null vibrate=null sound=null defaults=0x0 flags=0x0 color=0x00000000 vis=PRIVATE),1]
11-05 01:56:00.584 2365 2365 I sysui_multi_action: [757,111,758,1]
11-05 01:56:00.584 2365 2365 I sysui_multi_action: [757,126,758,1,759,126,927,0,928,1,1593,0]
11-05 01:56:00.584 2365 2365 I sysui_multi_action: [757,113,758,1,759,113,927,1,928,1,1593,0]
11-05 01:56:00.584 2365 2365 I sysui_multi_action: [757,0,758,1,759,0,927,2,928,0,1593,0]
11-05 01:56:00.584 2365 2365 I sysui_multi_action: [757,0,758,1,759,0,927,3,928,0,1593,0]
11-05 01:56:00.584 2365 2365 I sysui_multi_action: [757,491,758,1,759,491,927,4,928,0,1311,-1,1593,0]
11-05 01:56:00.584 2365 2365 I sysui_multi_action: [757,0,758,1,759,0,927,5,928,0,1593,0]
11-05 01:56:00.585 2365 2365 I sysui_multi_action: [757,114,758,1,759,114,927,6,928,0,1593,0]
11-05 01:56:00.585 2365 2365 I sysui_multi_action: [757,120,758,1,759,120,927,7,928,0,1593,0]
11-05 01:56:00.585 2365 2365 I sysui_multi_action: [757,111,758,1]
11-05 01:56:00.585 2365 2365 I sysui_multi_action: [757,126,758,1,759,126,927,0,928,1,1593,0]
11-05 01:56:00.585 2365 2365 I sysui_multi_action: [757,113,758,1,759,113,927,1,928,1,1593,0]
11-05 01:56:00.585 2365 2365 I sysui_multi_action: [757,0,758,1,759,0,927,2,928,0,1593,0]
11-05 01:56:00.585 2365 2365 I sysui_multi_action: [757,0,758,1,759,0,927,3,928,0,1593,0]
11-05 01:56:00.601 2365 2365 I sysui_multi_action: [757,111,758,2]
11-05 01:56:00.601 2365 2365 I sysui_multi_action: [757,111,758,2]
11-05 01:56:00.602 1507 1507 I notification_enqueue: [10081,2365,com.android.systemui,2048,NULL,0,Notification(channel=updateNotification shortcut=null contentView=null vibrate=null sound=null defaults=0x0 flags=0x0 color=0x00000000 vis=PRIVATE),1]
11-05 01:56:00.609 2365 2365 I sysui_multi_action: [757,111,758,1]
11-05 01:56:00.609 2365 2365 I sysui_multi_action: [757,126,758,1,759,126,927,0,928,1,1593,0]
11-05 01:56:00.609 2365 2365 I sysui_multi_action: [757,113,758,1,759,113,927,1,928,1,1593,0]
11-05 01:56:00.610 2365 2365 I sysui_multi_action: [757,0,758,1,759,0,927,2,928,0,1593,0]
11-05 01:56:00.610 2365 2365 I sysui_multi_action: [757,0,758,1,759,0,927,3,928,0,1593,0]
11-05 01:56:00.610 2365 2365 I sysui_multi_action: [757,491,758,1,759,491,927,4,928,0,1311,-1,1593,0]
11-05 01:56:00.610 2365 2365 I sysui_multi_action: [757,0,758,1,759,0,927,5,928,0,1593,0]
11-05 01:56:00.610 2365 2365 I sysui_multi_action: [757,114,758,1,759,114,927,6,928,0,1593,0]
11-05 01:56:00.610 2365 2365 I sysui_multi_action: [757,120,758,1,759,120,927,7,928,0,1593,0]
11-05 01:56:00.610 2365 2365 I sysui_multi_action: [757,111,758,1]
11-05 01:56:00.610 2365 2365 I sysui_multi_action: [757,126,758,1,759,126,927,0,928,1,1593,0]
11-05 01:56:00.610 2365 2365 I sysui_multi_action: [757,113,758,1,759,113,927,1,928,1,1593,0]
11-05 01:56:00.610 2365 2365 I sysui_multi_action: [757,0,758,1,759,0,927,2,928,0,1593,0]
11-05 01:56:00.610 2365 2365 I sysui_multi_action: [757,0,758,1,759,0,927,3,928,0,1593,0]
11-05 01:56:00.626 2365 2365 I sysui_multi_action: [757,111,758,2]
11-05 01:56:00.626 2365 2365 I sysui_multi_action: [757,111,758,2]
11-05 01:56:00.627 1507 1507 I notification_enqueue: [10081,2365,com.android.systemui,2048,NULL,0,Notification(channel=updateNotification shortcut=null contentView=null vibrate=null sound=null defaults=0x0 flags=0x0 color=0x00000000 vis=PRIVATE),1]
11-05 01:56:00.633 2365 2365 I sysui_multi_action: [757,111,758,1]
11-05 01:56:00.633 2365 2365 I sysui_multi_action: [757,126,758,1,759,126,927,0,928,1,1593,0]
11-05 01:56:00.633 2365 2365 I sysui_multi_action: [757,113,758,1,759,113,927,1,928,1,1593,0]
11-05 01:56:00.633 2365 2365 I sysui_multi_action: [757,0,758,1,759,0,927,2,928,0,1593,0]
11-05 01:56:00.633 2365 2365 I sysui_multi_action: [757,0,758,1,759,0,927,3,928,0,1593,0]
11-05 01:56:00.633 2365 2365 I sysui_multi_action: [757,491,758,1,759,491,927,4,928,0,1311,-1,1593,0]
11-05 01:56:00.633 2365 2365 I sysui_multi_action: [757,0,758,1,759,0,927,5,928,0,1593,0]
11-05 01:56:00.633 2365 2365 I sysui_multi_action: [757,114,758,1,759,114,927,6,928,0,1593,0]
11-05 01:56:00.633 2365 2365 I sysui_multi_action: [757,120,758,1,759,120,927,7,928,0,1593,0]
11-05 01:56:00.633 2365 2365 I sysui_multi_action: [757,111,758,1]
11-05 01:56:00.634 2365 2365 I sysui_multi_action: [757,126,758,1,759,126,927,0,928,1,1593,0]
11-05 01:56:00.634 2365 2365 I sysui_multi_action: [757,113,758,1,759,113,927,1,928,1,1593,0]
11-05 01:56:00.634 2365 2365 I sysui_multi_action: [757,0,758,1,759,0,927,2,928,0,1593,0]
11-05 01:56:00.634 2365 2365 I sysui_multi_action: [757,0,758,1,759,0,927,3,928,0,1593,0]
11-05 01:56:00.646 2365 2365 I sysui_multi_action: [757,111,758,2]
11-05 01:56:00.646 2365 2365 I sysui_multi_action: [757,111,758,2]
11-05 01:56:00.646 1507 1507 I notification_enqueue: [10081,2365,com.android.systemui,2048,NULL,0,Notification(channel=updateNotification shortcut=null contentView=null vibrate=null sound=null defaults=0x0 flags=0x0 color=0x00000000 vis=PRIVATE),1]
11-05 01:56:00.654 2365 2365 I sysui_multi_action: [757,111,758,1]
11-05 01:56:00.654 2365 2365 I sysui_multi_action: [757,126,758,1,759,126,927,0,928,1,1593,0]
11-05 01:56:00.654 2365 2365 I sysui_multi_action: [757,113,758,1,759,113,927,1,928,1,1593,0]
11-05 01:56:00.654 2365 2365 I sysui_multi_action: [757,0,758,1,759,0,927,2,928,0,1593,0]
11-05 01:56:00.654 2365 2365 I sysui_multi_action: [757,0,758,1,759,0,927,3,928,0,1593,0]
11-05 01:56:00.654 2365 2365 I sysui_multi_action: [757,491,758,1,759,491,927,4,928,0,1311,-1,1593,0]
11-05 01:56:00.654 2365 2365 I sysui_multi_action: [757,0,758,1,759,0,927,5,928,0,1593,0]
11-05 01:56:00.654 2365 2365 I sysui_multi_action: [757,114,758,1,759,114,927,6,928,0,1593,0]
11-05 01:56:00.654 2365 2365 I sysui_multi_action: [757,120,758,1,759,120,927,7,928,0,1593,0]
11-05 01:56:00.654 2365 2365 I sysui_multi_action: [757,111,758,1]
11-05 01:56:00.654 2365 2365 I sysui_multi_action: [757,126,758,1,759,126,927,0,928,1,1593,0]
11-05 01:56:00.655 2365 2365 I sysui_multi_action: [757,113,758,1,759,113,927,1,928,1,1593,0]
11-05 01:56:00.655 2365 2365 I sysui_multi_action: [757,0,758,1,759,0,927,2,928,0,1593,0]
11-05 01:56:00.655 2365 2365 I sysui_multi_action: [757,0,758,1,759,0,927,3,928,0,1593,0]
11-05 01:56:00.666 2365 2365 I sysui_multi_action: [757,111,758,2]
11-05 01:56:00.666 2365 2365 I sysui_multi_action: [757,111,758,2]
11-05 01:56:00.669 1507 1507 I notification_enqueue: [10081,2365,com.android.systemui,2048,NULL,0,Notification(channel=updateNotification shortcut=null contentView=null vibrate=null sound=null defaults=0x0 flags=0x0 color=0x00000000 vis=PRIVATE),1]
11-05 01:56:00.672 2365 2365 I sysui_multi_action: [757,111,758,1]
11-05 01:56:00.672 2365 2365 I sysui_multi_action: [757,126,758,1,759,126,927,0,928,1,1593,0]
11-05 01:56:00.673 2365 2365 I sysui_multi_action: [757,113,758,1,759,113,927,1,928,1,1593,0]
11-05 01:56:00.673 2365 2365 I sysui_multi_action: [757,0,758,1,759,0,927,2,928,0,1593,0]
11-05 01:56:00.673 2365 2365 I sysui_multi_action: [757,0,758,1,759,0,927,3,928,0,1593,0]
11-05 01:56:00.673 2365 2365 I sysui_multi_action: [757,491,758,1,759,491,927,4,928,0,1311,-1,1593,0]
11-05 01:56:00.673 2365 2365 I sysui_multi_action: [757,0,758,1,759,0,927,5,928,0,1593,0]
11-05 01:56:00.673 2365 2365 I sysui_multi_action: [757,114,758,1,759,114,927,6,928,0,1593,0]
11-05 01:56:00.673 2365 2365 I sysui_multi_action: [757,120,758,1,759,120,927,7,928,0,1593,0]
11-05 01:56:00.673 2365 2365 I sysui_multi_action: [757,111,758,1]
11-05 01:56:00.673 2365 2365 I sysui_multi_action: [757,126,758,1,759,126,927,0,928,1,1593,0]
11-05 01:56:00.673 2365 2365 I sysui_multi_action: [757,113,758,1,759,113,927,1,928,1,1593,0]
11-05 01:56:00.673 2365 2365 I sysui_multi_action: [757,0,758,1,759,0,927,2,928,0,1593,0]
11-05 01:56:00.673 2365 2365 I sysui_multi_action: [757,0,758,1,759,0,927,3,928,0,1593,0]
11-05 01:56:00.689 2365 2365 I sysui_multi_action: [757,111,758,2]
11-05 01:56:00.689 2365 2365 I sysui_multi_action: [757,111,758,2]
11-05 01:56:00.689 1507 1507 I notification_enqueue: [10081,2365,com.android.systemui,2048,NULL,0,Notification(channel=updateNotification shortcut=null contentView=null vibrate=null sound=null defaults=0x0 flags=0x0 color=0x00000000 vis=PRIVATE),1]
11-05 01:56:00.697 2365 2365 I sysui_multi_action: [757,111,758,1]
11-05 01:56:00.697 2365 2365 I sysui_multi_action: [757,126,758,1,759,126,927,0,928,1,1593,0]
11-05 01:56:00.697 2365 2365 I sysui_multi_action: [757,113,758,1,759,113,927,1,928,1,1593,0]
11-05 01:56:00.697 2365 2365 I sysui_multi_action: [757,0,758,1,759,0,927,2,928,0,1593,0]
11-05 01:56:00.697 2365 2365 I sysui_multi_action: [757,0,758,1,759,0,927,3,928,0,1593,0]
11-05 01:56:00.697 2365 2365 I sysui_multi_action: [757,491,758,1,759,491,927,4,928,0,1311,-1,1593,0]
11-05 01:56:00.697 2365 2365 I sysui_multi_action: [757,0,758,1,759,0,927,5,928,0,1593,0]
11-05 01:56:00.697 2365 2365 I sysui_multi_action: [757,114,758,1,759,114,927,6,928,0,1593,0]
11-05 01:56:00.697 2365 2365 I sysui_multi_action: [757,120,758,1,759,120,927,7,928,0,1593,0]
11-05 01:56:00.697 2365 2365 I sysui_multi_action: [757,111,758,1]
11-05 01:56:00.697 2365 2365 I sysui_multi_action: [757,126,758,1,759,126,927,0,928,1,1593,0]
