11-05 01:56:00.697 2365 2365 I sysui_multi_action: [757,113,758,1,759,113,927,1,928,1,1593,0]
11-05 01:56:00.697 2365 2365 I sysui_multi_action: [757,0,758,1,759,0,927,2,928,0,1593,0]
11-05 01:56:00.697 2365 2365 I sysui_multi_action: [757,0,758,1,759,0,927,3,928,0,1593,0]
11-05 01:56:00.712 2365 2365 I sysui_multi_action: [757,111,758,2]
11-05 01:56:00.712 2365 2365 I sysui_multi_action: [757,111,758,2]
11-05 01:56:00.713 1507 1507 I notification_enqueue: [10081,2365,com.android.systemui,2048,NULL,0,Notification(channel=updateNotification shortcut=null contentView=null vibrate=null sound=null defaults=0x0 flags=0x0 color=0x00000000 vis=PRIVATE),1]
11-05 01:56:00.718 2365 2365 I sysui_multi_action: [757,111,758,1]
11-05 01:56:00.718 2365 2365 I sysui_multi_action: [757,126,758,1,759,126,927,0,928,1,1593,0]
11-05 01:56:00.718 2365 2365 I sysui_multi_action: [757,113,758,1,759,113,927,1,928,1,1593,0]
11-05 01:56:00.718 2365 2365 I sysui_multi_action: [757,0,758,1,759,0,927,2,928,0,1593,0]
11-05 01:56:00.718 2365 2365 I sysui_multi_action: [757,0,758,1,759,0,927,3,928,0,1593,0]
11-05 01:56:00.718 2365 2365 I sysui_multi_action: [757,491,758,1,759,491,927,4,928,0,1311,-1,1593,0]
11-05 01:56:00.718 2365 2365 I sysui_multi_action: [757,0,758,1,759,0,927,5,928,0,1593,0]
11-05 01:56:00.718 2365 2365 I sysui_multi_action: [757,114,758,1,759,114,927,6,928,0,1593,0]
11-05 01:56:00.718 2365 2365 I sysui_multi_action: [757,120,758,1,759,120,927,7,928,0,1593,0]
11-05 01:56:00.718 2365 2365 I sysui_multi_action: [757,111,758,1]
11-05 01:56:00.718 2365 2365 I sysui_multi_action: [757,126,758,1,759,126,927,0,928,1,1593,0]
11-05 01:56:00.718 2365 2365 I sysui_multi_action: [757,113,758,1,759,113,927,1,928,1,1593,0]
11-05 01:56:00.719 2365 2365 I sysui_multi_action: [757,0,758,1,759,0,927,2,928,0,1593,0]
11-05 01:56:00.719 2365 2365 I sysui_multi_action: [757,0,758,1,759,0,927,3,928,0,1593,0]
11-05 01:56:00.739 2365 2365 I sysui_multi_action: [757,111,758,2]
11-05 01:56:00.739 2365 2365 I sysui_multi_action: [757,111,758,2]
11-05 01:56:00.739 1507 1507 I notification_enqueue: [10081,2365,com.android.systemui,2048,NULL,0,Notification(channel=updateNotification shortcut=null contentView=null vibrate=null sound=null defaults=0x0 flags=0x0 color=0x00000000 vis=PRIVATE),1]
11-05 01:56:00.746 2365 2365 I sysui_multi_action: [757,111,758,1]
11-05 01:56:00.746 2365 2365 I sysui_multi_action: [757,126,758,1,759,126,927,0,928,1,1593,0]
11-05 01:56:00.746 2365 2365 I sysui_multi_action: [757,113,758,1,759,113,927,1,928,1,1593,0]
11-05 01:56:00.746 2365 2365 I sysui_multi_action: [757,0,758,1,759,0,927,2,928,0,1593,0]
11-05 01:56:00.746 2365 2365 I sysui_multi_action: [757,0,758,1,759,0,927,3,928,0,1593,0]
11-05 01:56:00.746 2365 2365 I sysui_multi_action: [757,491,758,1,759,491,927,4,928,0,1311,-1,1593,0]
11-05 01:56:00.747 2365 2365 I sysui_multi_action: [757,0,758,1,759,0,927,5,928,0,1593,0]
11-05 01:56:00.747 2365 2365 I sysui_multi_action: [757,114,758,1,759,114,927,6,928,0,1593,0]
11-05 01:56:00.747 2365 2365 I sysui_multi_action: [757,120,758,1,759,120,927,7,928,0,1593,0]
11-05 01:56:00.747 2365 2365 I sysui_multi_action: [757,111,758,1]
11-05 01:56:00.747 2365 2365 I sysui_multi_action: [757,126,758,1,759,126,927,0,928,1,1593,0]
11-05 01:56:00.747 2365 2365 I sysui_multi_action: [757,113,758,1,759,113,927,1,928,1,1593,0]
11-05 01:56:00.747 2365 2365 I sysui_multi_action: [757,0,758,1,759,0,927,2,928,0,1593,0]
11-05 01:56:00.747 2365 2365 I sysui_multi_action: [757,0,758,1,759,0,927,3,928,0,1593,0]
11-05 01:56:00.757 2365 2365 I sysui_multi_action: [757,111,758,2]
11-05 01:56:00.757 2365 2365 I sysui_multi_action: [757,111,758,2]
11-05 01:56:00.758 1507 1507 I notification_enqueue: [10081,2365,com.android.systemui,2048,NULL,0,Notification(channel=updateNotification shortcut=null contentView=null vibrate=null sound=null defaults=0x0 flags=0x0 color=0x00000000 vis=PRIVATE),1]
11-05 01:56:00.763 2365 2365 I sysui_multi_action: [757,111,758,1]
11-05 01:56:00.763 2365 2365 I sysui_multi_action: [757,126,758,1,759,126,927,0,928,1,1593,0]
11-05 01:56:00.764 2365 2365 I sysui_multi_action: [757,113,758,1,759,113,927,1,928,1,1593,0]
11-05 01:56:00.764 2365 2365 I sysui_multi_action: [757,0,758,1,759,0,927,2,928,0,1593,0]
11-05 01:56:00.764 2365 2365 I sysui_multi_action: [757,0,758,1,759,0,927,3,928,0,1593,0]
11-05 01:56:00.764 2365 2365 I sysui_multi_action: [757,491,758,1,759,491,927,4,928,0,1311,-1,1593,0]
11-05 01:56:00.764 2365 2365 I sysui_multi_action: [757,0,758,1,759,0,927,5,928,0,1593,0]
11-05 01:56:00.764 2365 2365 I sysui_multi_action: [757,114,758,1,759,114,927,6,928,0,1593,0]
11-05 01:56:00.764 2365 2365 I sysui_multi_action: [757,120,758,1,759,120,927,7,928,0,1593,0]
11-05 01:56:00.764 2365 2365 I sysui_multi_action: [757,111,758,1]
11-05 01:56:00.764 2365 2365 I sysui_multi_action: [757,126,758,1,759,126,927,0,928,1,1593,0]
11-05 01:56:00.764 2365 2365 I sysui_multi_action: [757,113,758,1,759,113,927,1,928,1,1593,0]
11-05 01:56:00.764 2365 2365 I sysui_multi_action: [757,0,758,1,759,0,927,2,928,0,1593,0]
11-05 01:56:00.764 2365 2365 I sysui_multi_action: [757,0,758,1,759,0,927,3,928,0,1593,0]
11-05 01:56:00.789 2365 2365 I sysui_multi_action: [757,111,758,2]
11-05 01:56:00.789 2365 2365 I sysui_multi_action: [757,111,758,2]
11-05 01:56:00.789 1507 1507 I notification_enqueue: [10081,2365,com.android.systemui,2048,NULL,0,Notification(channel=updateNotification shortcut=null contentView=null vibrate=null sound=null defaults=0x0 flags=0x0 color=0x00000000 vis=PRIVATE),1]
11-05 01:56:00.796 2365 2365 I sysui_multi_action: [757,111,758,1]
11-05 01:56:00.796 2365 2365 I sysui_multi_action: [757,126,758,1,759,126,927,0,928,1,1593,0]
11-05 01:56:00.796 2365 2365 I sysui_multi_action: [757,113,758,1,759,113,927,1,928,1,1593,0]
11-05 01:56:00.796 2365 2365 I sysui_multi_action: [757,0,758,1,759,0,927,2,928,0,1593,0]
11-05 01:56:00.796 2365 2365 I sysui_multi_action: [757,0,758,1,759,0,927,3,928,0,1593,0]
11-05 01:56:00.797 2365 2365 I sysui_multi_action: [757,491,758,1,759,491,927,4,928,0,1311,-1,1593,0]
11-05 01:56:00.797 2365 2365 I sysui_multi_action: [757,0,758,1,759,0,927,5,928,0,1593,0]
11-05 01:56:00.797 2365 2365 I sysui_multi_action: [757,114,758,1,759,114,927,6,928,0,1593,0]
11-05 01:56:00.797 2365 2365 I sysui_multi_action: [757,120,758,1,759,120,927,7,928,0,1593,0]
11-05 01:56:00.797 2365 2365 I sysui_multi_action: [757,111,758,1]
11-05 01:56:00.797 2365 2365 I sysui_multi_action: [757,126,758,1,759,126,927,0,928,1,1593,0]
11-05 01:56:00.797 2365 2365 I sysui_multi_action: [757,113,758,1,759,113,927,1,928,1,1593,0]
11-05 01:56:00.797 2365 2365 I sysui_multi_action: [757,0,758,1,759,0,927,2,928,0,1593,0]
11-05 01:56:00.797 2365 2365 I sysui_multi_action: [757,0,758,1,759,0,927,3,928,0,1593,0]
11-05 01:56:00.845 2365 2365 I sysui_multi_action: [757,111,758,2]
11-05 01:56:00.845 2365 2365 I sysui_multi_action: [757,111,758,2]
11-05 01:56:00.845 1507 1507 I notification_enqueue: [10081,2365,com.android.systemui,2048,NULL,0,Notification(channel=updateNotification shortcut=null contentView=null vibrate=null sound=null defaults=0x0 flags=0x0 color=0x00000000 vis=PRIVATE),1]
11-05 01:56:00.869 2365 2365 I sysui_multi_action: [757,111,758,1]
11-05 01:56:00.869 2365 2365 I sysui_multi_action: [757,126,758,1,759,126,927,0,928,1,1593,0]
11-05 01:56:00.869 2365 2365 I sysui_multi_action: [757,113,758,1,759,113,927,1,928,1,1593,0]
11-05 01:56:00.869 2365 2365 I sysui_multi_action: [757,0,758,1,759,0,927,2,928,0,1593,0]
11-05 01:56:00.869 2365 2365 I sysui_multi_action: [757,0,758,1,759,0,927,3,928,0,1593,0]
11-05 01:56:00.870 2365 2365 I sysui_multi_action: [757,491,758,1,759,491,927,4,928,0,1311,-1,1593,0]
11-05 01:56:00.870 2365 2365 I sysui_multi_action: [757,0,758,1,759,0,927,5,928,0,1593,0]
11-05 01:56:00.870 2365 2365 I sysui_multi_action: [757,114,758,1,759,114,927,6,928,0,1593,0]
11-05 01:56:00.870 2365 2365 I sysui_multi_action: [757,120,758,1,759,120,927,7,928,0,1593,0]
11-05 01:56:00.870 2365 2365 I sysui_multi_action: [757,111,758,1]
11-05 01:56:00.870 2365 2365 I sysui_multi_action: [757,126,758,1,759,126,927,0,928,1,1593,0]
11-05 01:56:00.870 2365 2365 I sysui_multi_action: [757,113,758,1,759,113,927,1,928,1,1593,0]
11-05 01:56:00.870 2365 2365 I sysui_multi_action: [757,0,758,1,759,0,927,2,928,0,1593,0]
11-05 01:56:00.870 2365 2365 I sysui_multi_action: [757,0,758,1,759,0,927,3,928,0,1593,0]
11-05 01:56:00.882 2365 2365 I sysui_multi_action: [757,111,758,2]
11-05 01:56:00.882 2365 2365 I sysui_multi_action: [757,111,758,2]
11-05 01:56:00.883 1507 1507 I notification_enqueue: [10081,2365,com.android.systemui,2048,NULL,0,Notification(channel=updateNotification shortcut=null contentView=null vibrate=null sound=null defaults=0x0 flags=0x0 color=0x00000000 vis=PRIVATE),1]
11-05 01:56:00.889 2365 2365 I sysui_multi_action: [757,111,758,1]
11-05 01:56:00.889 2365 2365 I sysui_multi_action: [757,126,758,1,759,126,927,0,928,1,1593,0]
11-05 01:56:00.889 2365 2365 I sysui_multi_action: [757,113,758,1,759,113,927,1,928,1,1593,0]
11-05 01:56:00.889 2365 2365 I sysui_multi_action: [757,0,758,1,759,0,927,2,928,0,1593,0]
11-05 01:56:00.889 2365 2365 I sysui_multi_action: [757,0,758,1,759,0,927,3,928,0,1593,0]
11-05 01:56:00.889 2365 2365 I sysui_multi_action: [757,491,758,1,759,491,927,4,928,0,1311,-1,1593,0]
11-05 01:56:00.889 2365 2365 I sysui_multi_action: [757,0,758,1,759,0,927,5,928,0,1593,0]
11-05 01:56:00.889 2365 2365 I sysui_multi_action: [757,114,758,1,759,114,927,6,928,0,1593,0]
11-05 01:56:00.889 2365 2365 I sysui_multi_action: [757,120,758,1,759,120,927,7,928,0,1593,0]
11-05 01:56:00.889 2365 2365 I sysui_multi_action: [757,111,758,1]
11-05 01:56:00.889 2365 2365 I sysui_multi_action: [757,126,758,1,759,126,927,0,928,1,1593,0]
11-05 01:56:00.889 2365 2365 I sysui_multi_action: [757,113,758,1,759,113,927,1,928,1,1593,0]
11-05 01:56:00.889 2365 2365 I sysui_multi_action: [757,0,758,1,759,0,927,2,928,0,1593,0]
11-05 01:56:00.890 2365 2365 I sysui_multi_action: [757,0,758,1,759,0,927,3,928,0,1593,0]
11-05 01:56:00.904 2365 2365 I sysui_multi_action: [757,111,758,2]
11-05 01:56:00.904 2365 2365 I sysui_multi_action: [757,111,758,2]
11-05 01:56:00.904 1507 1507 I notification_enqueue: [10081,2365,com.android.systemui,2048,NULL,0,Notification(channel=updateNotification shortcut=null contentView=null vibrate=null sound=null defaults=0x0 flags=0x0 color=0x00000000 vis=PRIVATE),1]
11-05 01:56:00.910 2365 2365 I sysui_multi_action: [757,111,758,1]
11-05 01:56:00.910 2365 2365 I sysui_multi_action: [757,126,758,1,759,126,927,0,928,1,1593,0]
11-05 01:56:00.910 2365 2365 I sysui_multi_action: [757,113,758,1,759,113,927,1,928,1,1593,0]
11-05 01:56:00.910 2365 2365 I sysui_multi_action: [757,0,758,1,759,0,927,2,928,0,1593,0]
11-05 01:56:00.910 2365 2365 I sysui_multi_action: [757,0,758,1,759,0,927,3,928,0,1593,0]
11-05 01:56:00.910 2365 2365 I sysui_multi_action: [757,491,758,1,759,491,927,4,928,0,1311,-1,1593,0]
11-05 01:56:00.910 2365 2365 I sysui_multi_action: [757,0,758,1,759,0,927,5,928,0,1593,0]
11-05 01:56:00.910 2365 2365 I sysui_multi_action: [757,114,758,1,759,114,927,6,928,0,1593,0]
11-05 01:56:00.911 2365 2365 I sysui_multi_action: [757,120,758,1,759,120,927,7,928,0,1593,0]
11-05 01:56:00.911 2365 2365 I sysui_multi_action: [757,111,758,1]
11-05 01:56:00.911 2365 2365 I sysui_multi_action: [757,126,758,1,759,126,927,0,928,1,1593,0]
11-05 01:56:00.911 2365 2365 I sysui_multi_action: [757,113,758,1,759,113,927,1,928,1,1593,0]
11-05 01:56:00.911 2365 2365 I sysui_multi_action: [757,0,758,1,759,0,927,2,928,0,1593,0]
11-05 01:56:00.911 2365 2365 I sysui_multi_action: [757,0,758,1,759,0,927,3,928,0,1593,0]
11-05 01:56:00.924 2365 2365 I sysui_multi_action: [757,111,758,2]
11-05 01:56:00.924 2365 2365 I sysui_multi_action: [757,111,758,2]
11-05 01:56:00.925 1507 1507 I notification_enqueue: [10081,2365,com.android.systemui,2048,NULL,0,Notification(channel=updateNotification shortcut=null contentView=null vibrate=null sound=null defaults=0x0 flags=0x0 color=0x00000000 vis=PRIVATE),1]
11-05 01:56:00.930 2365 2365 I sysui_multi_action: [757,111,758,1]
11-05 01:56:00.930 2365 2365 I sysui_multi_action: [757,126,758,1,759,126,927,0,928,1,1593,0]
11-05 01:56:00.930 2365 2365 I sysui_multi_action: [757,113,758,1,759,113,927,1,928,1,1593,0]
11-05 01:56:00.930 2365 2365 I sysui_multi_action: [757,0,758,1,759,0,927,2,928,0,1593,0]
11-05 01:56:00.930 2365 2365 I sysui_multi_action: [757,0,758,1,759,0,927,3,928,0,1593,0]
11-05 01:56:00.930 2365 2365 I sysui_multi_action: [757,491,758,1,759,491,927,4,928,0,1311,-1,1593,0]
11-05 01:56:00.930 2365 2365 I sysui_multi_action: [757,0,758,1,759,0,927,5,928,0,1593,0]
11-05 01:56:00.930 2365 2365 I sysui_multi_action: [757,114,758,1,759,114,927,6,928,0,1593,0]
11-05 01:56:00.930 2365 2365 I sysui_multi_action: [757,120,758,1,759,120,927,7,928,0,1593,0]
11-05 01:56:00.930 2365 2365 I sysui_multi_action: [757,111,758,1]
11-05 01:56:00.931 2365 2365 I sysui_multi_action: [757,126,758,1,759,126,927,0,928,1,1593,0]
11-05 01:56:00.931 2365 2365 I sysui_multi_action: [757,113,758,1,759,113,927,1,928,1,1593,0]
11-05 01:56:00.931 2365 2365 I sysui_multi_action: [757,0,758,1,759,0,927,2,928,0,1593,0]
11-05 01:56:00.931 2365 2365 I sysui_multi_action: [757,0,758,1,759,0,927,3,928,0,1593,0]
11-05 01:56:00.944 2365 2365 I sysui_multi_action: [757,111,758,2]
11-05 01:56:00.944 2365 2365 I sysui_multi_action: [757,111,758,2]
11-05 01:56:00.944 1507 1507 I notification_enqueue: [10081,2365,com.android.systemui,2048,NULL,0,Notification(channel=updateNotification shortcut=null contentView=null vibrate=null sound=null defaults=0x0 flags=0x0 color=0x00000000 vis=PRIVATE),1]
11-05 01:56:00.956 1507 1629 I input_focus: [Focus request a79da37 com.android.deskclock/com.android.deskclock.DeskClock,reason=UpdateInputWindows]
11-05 01:56:00.957 2365 2365 I sysui_multi_action: [757,111,758,1]
11-05 01:56:00.957 2365 2365 I sysui_multi_action: [757,126,758,1,759,126,927,0,928,1,1593,0]
11-05 01:56:00.957 2365 2365 I sysui_multi_action: [757,113,758,1,759,113,927,1,928,1,1593,0]
11-05 01:56:00.957 2365 2365 I sysui_multi_action: [757,0,758,1,759,0,927,2,928,0,1593,0]
11-05 01:56:00.957 2365 2365 I sysui_multi_action: [757,0,758,1,759,0,927,3,928,0,1593,0]
11-05 01:56:00.958 2365 2365 I sysui_multi_action: [757,491,758,1,759,491,927,4,928,0,1311,-1,1593,0]
11-05 01:56:00.958 2365 2365 I sysui_multi_action: [757,0,758,1,759,0,927,5,928,0,1593,0]
11-05 01:56:00.958 2365 2365 I sysui_multi_action: [757,114,758,1,759,114,927,6,928,0,1593,0]
11-05 01:56:00.958 2365 2365 I sysui_multi_action: [757,120,758,1,759,120,927,7,928,0,1593,0]
11-05 01:56:00.958 2365 2365 I sysui_multi_action: [757,111,758,1]
11-05 01:56:00.958 2365 2365 I sysui_multi_action: [757,126,758,1,759,126,927,0,928,1,1593,0]
11-05 01:56:00.958 2365 2365 I sysui_multi_action: [757,113,758,1,759,113,927,1,928,1,1593,0]
11-05 01:56:00.958 2365 2365 I sysui_multi_action: [757,0,758,1,759,0,927,2,928,0,1593,0]
11-05 01:56:00.958 2365 2365 I sysui_multi_action: [757,0,758,1,759,0,927,3,928,0,1593,0]
11-05 01:56:00.972 2365 2365 I sysui_multi_action: [757,111,758,2]
11-05 01:56:00.973 1507 1507 I notification_enqueue: [10081,2365,com.android.systemui,2048,NULL,0,Notification(channel=updateNotification shortcut=null contentView=null vibrate=null sound=null defaults=0x0 flags=0x0 color=0x00000000 vis=PRIVATE),1]
11-05 01:56:00.973 2365 2365 I sysui_multi_action: [757,111,758,2]
11-05 01:56:00.975 1507 2980 I sysui_multi_action: [757,127,758,2]
11-05 01:56:00.975 1507 2980 I notification_panel_hidden:
11-05 01:56:00.982 1507 2002 I input_focus: [Focus leaving c697081 NotificationShade (server),reason=NOT_FOCUSABLE]
11-05 01:56:00.982 1507 2002 I input_focus: [Focus entering a79da37 com.android.deskclock/com.android.deskclock.DeskClock (server),reason=setFocusedWindow]
11-05 01:56:00.992 2365 2365 I sysui_multi_action: [757,111,758,1]
11-05 01:56:00.992 2365 2365 I sysui_multi_action: [757,126,758,1,759,126,927,0,928,1,1593,0]
11-05 01:56:00.992 2365 2365 I sysui_multi_action: [757,113,758,1,759,113,927,1,928,1,1593,0]
11-05 01:56:00.992 2365 2365 I sysui_multi_action: [757,0,758,1,759,0,927,2,928,0,1593,0]
11-05 01:56:00.992 2365 2365 I sysui_multi_action: [757,0,758,1,759,0,927,3,928,0,1593,0]
11-05 01:56:00.992 2365 2365 I sysui_multi_action: [757,491,758,1,759,491,927,4,928,0,1311,-1,1593,0]
11-05 01:56:00.992 2365 2365 I sysui_multi_action: [757,0,758,1,759,0,927,5,928,0,1593,0]
11-05 01:56:00.992 2365 2365 I sysui_multi_action: [757,114,758,1,759,114,927,6,928,0,1593,0]
11-05 01:56:00.992 2365 2365 I sysui_multi_action: [757,120,758,1,759,120,927,7,928,0,1593,0]
11-05 01:56:00.992 2365 2365 I sysui_multi_action: [757,111,758,1]
11-05 01:56:00.993 2365 2365 I sysui_multi_action: [757,126,758,1,759,126,927,0,928,1,1593,0]
11-05 01:56:00.993 2365 2365 I sysui_multi_action: [757,113,758,1,759,113,927,1,928,1,1593,0]
11-05 01:56:00.993 2365 2365 I sysui_multi_action: [757,0,758,1,759,0,927,2,928,0,1593,0]
11-05 01:56:00.993 2365 2365 I sysui_multi_action: [757,0,758,1,759,0,927,3,928,0,1593,0]
11-05 01:56:01.492 2365 2365 I sysui_multi_action: [757,803,799,panel_open,802,1]
11-05 01:56:01.494 2365 2365 I sysui_multi_action: [757,1328,758,4,1326,48,1327,1,1329,0]
11-05 01:56:01.622 1507 5661 I sysui_multi_action: [757,127,758,1]
11-05 01:56:01.622 1507 5661 I sysui_multi_action: [757,804,799,note_load,801,2,802,1]
11-05 01:56:01.622 1507 5661 I notification_panel_revealed: 2
11-05 01:56:01.630 2365 2365 I sysui_multi_action: [757,111,758,2]
11-05 01:56:01.630 1507 1507 I notification_enqueue: [10081,2365,com.android.systemui,2048,NULL,0,Notification(channel=updateNotification shortcut=null contentView=null vibrate=null sound=null defaults=0x0 flags=0x0 color=0x00000000 vis=PRIVATE),1]
11-05 01:56:01.630 2365 2365 I sysui_multi_action: [757,111,758,2]
11-05 01:56:01.656 1507 1629 I input_focus: [Focus request c697081 NotificationShade,reason=UpdateInputWindows]
11-05 01:56:01.671 2365 2365 I sysui_multi_action: [757,111,758,1]
11-05 01:56:01.671 2365 2365 I sysui_multi_action: [757,126,758,1,759,126,927,0,928,1,1593,0]
11-05 01:56:01.671 2365 2365 I sysui_multi_action: [757,113,758,1,759,113,927,1,928,1,1593,0]
11-05 01:56:01.671 2365 2365 I sysui_multi_action: [757,0,758,1,759,0,927,2,928,0,1593,0]
11-05 01:56:01.671 2365 2365 I sysui_multi_action: [757,0,758,1,759,0,927,3,928,0,1593,0]
11-05 01:56:01.672 2365 2365 I sysui_multi_action: [757,491,758,1,759,491,927,4,928,0,1311,-1,1593,0]
11-05 01:56:01.672 2365 2365 I sysui_multi_action: [757,0,758,1,759,0,927,5,928,0,1593,0]
11-05 01:56:01.672 2365 2365 I sysui_multi_action: [757,114,758,1,759,114,927,6,928,0,1593,0]
11-05 01:56:01.672 2365 2365 I sysui_multi_action: [757,120,758,1,759,120,927,7,928,0,1593,0]
11-05 01:56:01.672 2365 2365 I sysui_multi_action: [757,111,758,1]
11-05 01:56:01.672 2365 2365 I sysui_multi_action: [757,126,758,1,759,126,927,0,928,1,1593,0]
11-05 01:56:01.672 2365 2365 I sysui_multi_action: [757,113,758,1,759,113,927,1,928,1,1593,0]
11-05 01:56:01.672 2365 2365 I sysui_multi_action: [757,0,758,1,759,0,927,2,928,0,1593,0]
11-05 01:56:01.673 2365 2365 I sysui_multi_action: [757,0,758,1,759,0,927,3,928,0,1593,0]
11-05 01:56:01.678 1507 2002 I input_focus: [Focus leaving a79da37 com.android.deskclock/com.android.deskclock.DeskClock (server),reason=Waiting for window because NOT_VISIBLE]
11-05 01:56:01.688 1507 1507 I notification_enqueue: [10081,2365,com.android.systemui,2048,NULL,0,Notification(channel=updateNotification shortcut=null contentView=null vibrate=null sound=null defaults=0x0 flags=0x0 color=0x00000000 vis=PRIVATE),1]
11-05 01:56:01.688 2365 2365 I sysui_multi_action: [757,111,758,2]
11-05 01:56:01.688 2365 2365 I sysui_multi_action: [757,111,758,2]
11-05 01:56:01.695 1507 2002 I input_focus: [Focus entering c697081 NotificationShade (server),reason=Window became focusable. Previous reason: NOT_VISIBLE]
11-05 01:56:01.696 2365 2365 I sysui_multi_action: [757,111,758,1]
11-05 01:56:01.696 2365 2365 I sysui_multi_action: [757,126,758,1,759,126,927,0,928,1,1593,0]
11-05 01:56:01.696 2365 2365 I sysui_multi_action: [757,113,758,1,759,113,927,1,928,1,1593,0]
11-05 01:56:01.696 2365 2365 I sysui_multi_action: [757,0,758,1,759,0,927,2,928,0,1593,0]
11-05 01:56:01.696 2365 2365 I sysui_multi_action: [757,0,758,1,759,0,927,3,928,0,1593,0]
11-05 01:56:01.697 2365 2365 I sysui_multi_action: [757,491,758,1,759,491,927,4,928,0,1311,-1,1593,0]
11-05 01:56:01.697 2365 2365 I sysui_multi_action: [757,0,758,1,759,0,927,5,928,0,1593,0]
11-05 01:56:01.697 2365 2365 I sysui_multi_action: [757,114,758,1,759,114,927,6,928,0,1593,0]
11-05 01:56:01.697 2365 2365 I sysui_multi_action: [757,120,758,1,759,120,927,7,928,0,1593,0]
11-05 01:56:01.697 2365 2365 I sysui_multi_action: [757,111,758,1]
11-05 01:56:01.697 2365 2365 I sysui_multi_action: [757,126,758,1,759,126,927,0,928,1,1593,0]
11-05 01:56:01.697 2365 2365 I sysui_multi_action: [757,113,758,1,759,113,927,1,928,1,1593,0]
11-05 01:56:01.697 2365 2365 I sysui_multi_action: [757,0,758,1,759,0,927,2,928,0,1593,0]
11-05 01:56:01.697 2365 2365 I sysui_multi_action: [757,0,758,1,759,0,927,3,928,0,1593,0]
11-05 01:56:01.712 2365 2365 I sysui_multi_action: [757,111,758,2]
11-05 01:56:01.712 2365 2365 I sysui_multi_action: [757,111,758,2]
11-05 01:56:01.712 1507 1507 I notification_enqueue: [10081,2365,com.android.systemui,2048,NULL,0,Notification(channel=updateNotification shortcut=null contentView=null vibrate=null sound=null defaults=0x0 flags=0x0 color=0x00000000 vis=PRIVATE),1]
11-05 01:56:01.723 2365 2365 I sysui_multi_action: [757,111,758,1]
11-05 01:56:01.723 2365 2365 I sysui_multi_action: [757,126,758,1,759,126,927,0,928,1,1593,0]
11-05 01:56:01.723 2365 2365 I sysui_multi_action: [757,113,758,1,759,113,927,1,928,1,1593,0]
11-05 01:56:01.723 2365 2365 I sysui_multi_action: [757,0,758,1,759,0,927,2,928,0,1593,0]
11-05 01:56:01.724 2365 2365 I sysui_multi_action: [757,0,758,1,759,0,927,3,928,0,1593,0]
11-05 01:56:01.724 2365 2365 I sysui_multi_action: [757,491,758,1,759,491,927,4,928,0,1311,-1,1593,0]
11-05 01:56:01.724 2365 2365 I sysui_multi_action: [757,0,758,1,759,0,927,5,928,0,1593,0]
11-05 01:56:01.724 2365 2365 I sysui_multi_action: [757,114,758,1,759,114,927,6,928,0,1593,0]
11-05 01:56:01.724 2365 2365 I sysui_multi_action: [757,120,758,1,759,120,927,7,928,0,1593,0]
11-05 01:56:01.724 2365 2365 I sysui_multi_action: [757,111,758,1]
11-05 01:56:01.724 2365 2365 I sysui_multi_action: [757,126,758,1,759,126,927,0,928,1,1593,0]
11-05 01:56:01.724 2365 2365 I sysui_multi_action: [757,113,758,1,759,113,927,1,928,1,1593,0]
11-05 01:56:01.724 2365 2365 I sysui_multi_action: [757,0,758,1,759,0,927,2,928,0,1593,0]
11-05 01:56:01.724 2365 2365 I sysui_multi_action: [757,0,758,1,759,0,927,3,928,0,1593,0]
11-05 01:56:01.736 1507 1507 I notification_enqueue: [10081,2365,com.android.systemui,2048,NULL,0,Notification(channel=updateNotification shortcut=null contentView=null vibrate=null sound=null defaults=0x0 flags=0x0 color=0x00000000 vis=PRIVATE),1]
11-05 01:56:01.737 2365 2365 I sysui_multi_action: [757,111,758,2]
11-05 01:56:01.737 2365 2365 I sysui_multi_action: [757,111,758,2]
11-05 01:56:01.743 2365 2365 I sysui_multi_action: [757,111,758,1]
11-05 01:56:01.743 2365 2365 I sysui_multi_action: [757,126,758,1,759,126,927,0,928,1,1593,0]
11-05 01:56:01.743 2365 2365 I sysui_multi_action: [757,113,758,1,759,113,927,1,928,1,1593,0]
11-05 01:56:01.743 2365 2365 I sysui_multi_action: [757,0,758,1,759,0,927,2,928,0,1593,0]
11-05 01:56:01.743 2365 2365 I sysui_multi_action: [757,0,758,1,759,0,927,3,928,0,1593,0]
11-05 01:56:01.743 2365 2365 I sysui_multi_action: [757,491,758,1,759,491,927,4,928,0,1311,-1,1593,0]
11-05 01:56:01.743 2365 2365 I sysui_multi_action: [757,0,758,1,759,0,927,5,928,0,1593,0]
11-05 01:56:01.743 2365 2365 I sysui_multi_action: [757,114,758,1,759,114,927,6,928,0,1593,0]
11-05 01:56:01.744 2365 2365 I sysui_multi_action: [757,120,758,1,759,120,927,7,928,0,1593,0]
11-05 01:56:01.744 2365 2365 I sysui_multi_action: [757,111,758,1]
11-05 01:56:01.744 2365 2365 I sysui_multi_action: [757,126,758,1,759,126,927,0,928,1,1593,0]
11-05 01:56:01.744 2365 2365 I sysui_multi_action: [757,113,758,1,759,113,927,1,928,1,1593,0]
11-05 01:56:01.744 2365 2365 I sysui_multi_action: [757,0,758,1,759,0,927,2,928,0,1593,0]
11-05 01:56:01.744 2365 2365 I sysui_multi_action: [757,0,758,1,759,0,927,3,928,0,1593,0]
11-05 01:56:01.754 2365 2365 I sysui_multi_action: [757,111,758,2]
11-05 01:56:01.754 2365 2365 I sysui_multi_action: [757,111,758,2]
11-05 01:56:01.754 1507 1507 I notification_enqueue: [10081,2365,com.android.systemui,2048,NULL,0,Notification(channel=updateNotification shortcut=null contentView=null vibrate=null sound=null defaults=0x0 flags=0x0 color=0x00000000 vis=PRIVATE),1]
11-05 01:56:01.760 2365 2365 I sysui_multi_action: [757,111,758,1]
11-05 01:56:01.760 2365 2365 I sysui_multi_action: [757,126,758,1,759,126,927,0,928,1,1593,0]
11-05 01:56:01.760 2365 2365 I sysui_multi_action: [757,113,758,1,759,113,927,1,928,1,1593,0]
11-05 01:56:01.761 2365 2365 I sysui_multi_action: [757,0,758,1,759,0,927,2,928,0,1593,0]
11-05 01:56:01.761 2365 2365 I sysui_multi_action: [757,0,758,1,759,0,927,3,928,0,1593,0]
11-05 01:56:01.761 2365 2365 I sysui_multi_action: [757,491,758,1,759,491,927,4,928,0,1311,-1,1593,0]
11-05 01:56:01.761 2365 2365 I sysui_multi_action: [757,0,758,1,759,0,927,5,928,0,1593,0]
11-05 01:56:01.761 2365 2365 I sysui_multi_action: [757,114,758,1,759,114,927,6,928,0,1593,0]
11-05 01:56:01.761 2365 2365 I sysui_multi_action: [757,120,758,1,759,120,927,7,928,0,1593,0]
11-05 01:56:01.761 2365 2365 I sysui_multi_action: [757,111,758,1]
11-05 01:56:01.761 2365 2365 I sysui_multi_action: [757,126,758,1,759,126,927,0,928,1,1593,0]
11-05 01:56:01.761 2365 2365 I sysui_multi_action: [757,113,758,1,759,113,927,1,928,1,1593,0]
11-05 01:56:01.761 2365 2365 I sysui_multi_action: [757,0,758,1,759,0,927,2,928,0,1593,0]
11-05 01:56:01.761 2365 2365 I sysui_multi_action: [757,0,758,1,759,0,927,3,928,0,1593,0]
11-05 01:56:01.771 2365 2365 I sysui_multi_action: [757,111,758,2]
11-05 01:56:01.771 2365 2365 I sysui_multi_action: [757,111,758,2]
11-05 01:56:01.773 1507 1507 I notification_enqueue: [10081,2365,com.android.systemui,2048,NULL,0,Notification(channel=updateNotification shortcut=null contentView=null vibrate=null sound=null defaults=0x0 flags=0x0 color=0x00000000 vis=PRIVATE),1]
11-05 01:56:01.778 2365 2365 I sysui_multi_action: [757,111,758,1]
11-05 01:56:01.778 2365 2365 I sysui_multi_action: [757,126,758,1,759,126,927,0,928,1,1593,0]
11-05 01:56:01.778 2365 2365 I sysui_multi_action: [757,113,758,1,759,113,927,1,928,1,1593,0]
11-05 01:56:01.778 2365 2365 I sysui_multi_action: [757,0,758,1,759,0,927,2,928,0,1593,0]
11-05 01:56:01.778 2365 2365 I sysui_multi_action: [757,0,758,1,759,0,927,3,928,0,1593,0]
11-05 01:56:01.778 2365 2365 I sysui_multi_action: [757,491,758,1,759,491,927,4,928,0,1311,-1,1593,0]
11-05 01:56:01.778 2365 2365 I sysui_multi_action: [757,0,758,1,759,0,927,5,928,0,1593,0]
11-05 01:56:01.778 2365 2365 I sysui_multi_action: [757,114,758,1,759,114,927,6,928,0,1593,0]
11-05 01:56:01.778 2365 2365 I sysui_multi_action: [757,120,758,1,759,120,927,7,928,0,1593,0]
11-05 01:56:01.778 2365 2365 I sysui_multi_action: [757,111,758,1]
11-05 01:56:01.778 2365 2365 I sysui_multi_action: [757,126,758,1,759,126,927,0,928,1,1593,0]
11-05 01:56:01.778 2365 2365 I sysui_multi_action: [757,113,758,1,759,113,927,1,928,1,1593,0]
11-05 01:56:01.778 2365 2365 I sysui_multi_action: [757,0,758,1,759,0,927,2,928,0,1593,0]
11-05 01:56:01.778 2365 2365 I sysui_multi_action: [757,0,758,1,759,0,927,3,928,0,1593,0]
11-05 01:56:01.793 2365 2365 I sysui_multi_action: [757,111,758,2]
11-05 01:56:01.793 2365 2365 I sysui_multi_action: [757,111,758,2]
11-05 01:56:01.793 1507 1507 I notification_enqueue: [10081,2365,com.android.systemui,2048,NULL,0,Notification(channel=updateNotification shortcut=null contentView=null vibrate=null sound=null defaults=0x0 flags=0x0 color=0x00000000 vis=PRIVATE),1]
11-05 01:56:01.818 2365 2365 I sysui_multi_action: [757,111,758,1]
11-05 01:56:01.818 2365 2365 I sysui_multi_action: [757,126,758,1,759,126,927,0,928,1,1593,0]
11-05 01:56:01.818 2365 2365 I sysui_multi_action: [757,113,758,1,759,113,927,1,928,1,1593,0]
11-05 01:56:01.818 2365 2365 I sysui_multi_action: [757,0,758,1,759,0,927,2,928,0,1593,0]
11-05 01:56:01.818 2365 2365 I sysui_multi_action: [757,0,758,1,759,0,927,3,928,0,1593,0]
11-05 01:56:01.818 2365 2365 I sysui_multi_action: [757,491,758,1,759,491,927,4,928,0,1311,-1,1593,0]
11-05 01:56:01.819 2365 2365 I sysui_multi_action: [757,0,758,1,759,0,927,5,928,0,1593,0]
11-05 01:56:01.819 2365 2365 I sysui_multi_action: [757,114,758,1,759,114,927,6,928,0,1593,0]
11-05 01:56:01.819 2365 2365 I sysui_multi_action: [757,120,758,1,759,120,927,7,928,0,1593,0]
11-05 01:56:01.819 2365 2365 I sysui_multi_action: [757,111,758,1]
11-05 01:56:01.819 2365 2365 I sysui_multi_action: [757,126,758,1,759,126,927,0,928,1,1593,0]
11-05 01:56:01.819 2365 2365 I sysui_multi_action: [757,113,758,1,759,113,927,1,928,1,1593,0]
11-05 01:56:01.819 2365 2365 I sysui_multi_action: [757,0,758,1,759,0,927,2,928,0,1593,0]
11-05 01:56:01.819 2365 2365 I sysui_multi_action: [757,0,758,1,759,0,927,3,928,0,1593,0]
11-05 01:56:01.829 2365 2365 I sysui_multi_action: [757,111,758,2]
11-05 01:56:01.829 2365 2365 I sysui_multi_action: [757,111,758,2]
11-05 01:56:01.829 1507 1507 I notification_enqueue: [10081,2365,com.android.systemui,2048,NULL,0,Notification(channel=updateNotification shortcut=null contentView=null vibrate=null sound=null defaults=0x0 flags=0x0 color=0x00000000 vis=PRIVATE),1]
11-05 01:56:01.835 2365 2365 I sysui_multi_action: [757,111,758,1]
11-05 01:56:01.835 2365 2365 I sysui_multi_action: [757,126,758,1,759,126,927,0,928,1,1593,0]
11-05 01:56:01.835 2365 2365 I sysui_multi_action: [757,113,758,1,759,113,927,1,928,1,1593,0]
11-05 01:56:01.836 2365 2365 I sysui_multi_action: [757,0,758,1,759,0,927,2,928,0,1593,0]
11-05 01:56:01.836 2365 2365 I sysui_multi_action: [757,0,758,1,759,0,927,3,928,0,1593,0]
11-05 01:56:01.836 2365 2365 I sysui_multi_action: [757,491,758,1,759,491,927,4,928,0,1311,-1,1593,0]
11-05 01:56:01.836 2365 2365 I sysui_multi_action: [757,0,758,1,759,0,927,5,928,0,1593,0]
11-05 01:56:01.836 2365 2365 I sysui_multi_action: [757,114,758,1,759,114,927,6,928,0,1593,0]
11-05 01:56:01.836 2365 2365 I sysui_multi_action: [757,120,758,1,759,120,927,7,928,0,1593,0]
11-05 01:56:01.836 2365 2365 I sysui_multi_action: [757,111,758,1]
11-05 01:56:01.836 2365 2365 I sysui_multi_action: [757,126,758,1,759,126,927,0,928,1,1593,0]
11-05 01:56:01.836 2365 2365 I sysui_multi_action: [757,113,758,1,759,113,927,1,928,1,1593,0]
11-05 01:56:01.836 2365 2365 I sysui_multi_action: [757,0,758,1,759,0,927,2,928,0,1593,0]
11-05 01:56:01.836 2365 2365 I sysui_multi_action: [757,0,758,1,759,0,927,3,928,0,1593,0]
11-05 01:56:01.848 2365 2365 I sysui_multi_action: [757,111,758,2]
11-05 01:56:01.848 2365 2365 I sysui_multi_action: [757,111,758,2]
11-05 01:56:01.848 1507 1507 I notification_enqueue: [10081,2365,com.android.systemui,2048,NULL,0,Notification(channel=updateNotification shortcut=null contentView=null vibrate=null sound=null defaults=0x0 flags=0x0 color=0x00000000 vis=PRIVATE),1]
11-05 01:56:01.854 2365 2365 I sysui_multi_action: [757,111,758,1]
11-05 01:56:01.854 2365 2365 I sysui_multi_action: [757,126,758,1,759,126,927,0,928,1,1593,0]
11-05 01:56:01.854 2365 2365 I sysui_multi_action: [757,113,758,1,759,113,927,1,928,1,1593,0]
11-05 01:56:01.854 2365 2365 I sysui_multi_action: [757,0,758,1,759,0,927,2,928,0,1593,0]
11-05 01:56:01.854 2365 2365 I sysui_multi_action: [757,0,758,1,759,0,927,3,928,0,1593,0]
11-05 01:56:01.854 2365 2365 I sysui_multi_action: [757,491,758,1,759,491,927,4,928,0,1311,-1,1593,0]
11-05 01:56:01.854 2365 2365 I sysui_multi_action: [757,0,758,1,759,0,927,5,928,0,1593,0]
11-05 01:56:01.854 2365 2365 I sysui_multi_action: [757,114,758,1,759,114,927,6,928,0,1593,0]
11-05 01:56:01.854 2365 2365 I sysui_multi_action: [757,120,758,1,759,120,927,7,928,0,1593,0]
11-05 01:56:01.854 2365 2365 I sysui_multi_action: [757,111,758,1]
11-05 01:56:01.854 2365 2365 I sysui_multi_action: [757,126,758,1,759,126,927,0,928,1,1593,0]
11-05 01:56:01.854 2365 2365 I sysui_multi_action: [757,113,758,1,759,113,927,1,928,1,1593,0]
11-05 01:56:01.854 2365 2365 I sysui_multi_action: [757,0,758,1,759,0,927,2,928,0,1593,0]
11-05 01:56:01.854 2365 2365 I sysui_multi_action: [757,0,758,1,759,0,927,3,928,0,1593,0]
11-05 01:56:01.868 2365 2365 I sysui_multi_action: [757,111,758,2]
11-05 01:56:01.868 2365 2365 I sysui_multi_action: [757,111,758,2]
11-05 01:56:01.868 1507 1507 I notification_enqueue: [10081,2365,com.android.systemui,2048,NULL,0,Notification(channel=updateNotification shortcut=null contentView=null vibrate=null sound=null defaults=0x0 flags=0x0 color=0x00000000 vis=PRIVATE),1]
11-05 01:56:01.874 2365 2365 I sysui_multi_action: [757,111,758,1]
11-05 01:56:01.874 2365 2365 I sysui_multi_action: [757,126,758,1,759,126,927,0,928,1,1593,0]
11-05 01:56:01.874 2365 2365 I sysui_multi_action: [757,113,758,1,759,113,927,1,928,1,1593,0]
11-05 01:56:01.874 2365 2365 I sysui_multi_action: [757,0,758,1,759,0,927,2,928,0,1593,0]
11-05 01:56:01.874 2365 2365 I sysui_multi_action: [757,0,758,1,759,0,927,3,928,0,1593,0]
11-05 01:56:01.875 2365 2365 I sysui_multi_action: [757,491,758,1,759,491,927,4,928,0,1311,-1,1593,0]
11-05 01:56:01.875 2365 2365 I sysui_multi_action: [757,0,758,1,759,0,927,5,928,0,1593,0]
11-05 01:56:01.875 2365 2365 I sysui_multi_action: [757,114,758,1,759,114,927,6,928,0,1593,0]
11-05 01:56:01.875 2365 2365 I sysui_multi_action: [757,120,758,1,759,120,927,7,928,0,1593,0]
11-05 01:56:01.875 2365 2365 I sysui_multi_action: [757,111,758,1]
11-05 01:56:01.875 2365 2365 I sysui_multi_action: [757,126,758,1,759,126,927,0,928,1,1593,0]
11-05 01:56:01.875 2365 2365 I sysui_multi_action: [757,113,758,1,759,113,927,1,928,1,1593,0]
11-05 01:56:01.875 2365 2365 I sysui_multi_action: [757,0,758,1,759,0,927,2,928,0,1593,0]
11-05 01:56:01.875 2365 2365 I sysui_multi_action: [757,0,758,1,759,0,927,3,928,0,1593,0]
11-05 01:56:01.885 2365 2365 I sysui_multi_action: [757,111,758,2]
11-05 01:56:01.886 2365 2365 I sysui_multi_action: [757,111,758,2]
11-05 01:56:01.886 1507 1507 I notification_enqueue: [10081,2365,com.android.systemui,2048,NULL,0,Notification(channel=updateNotification shortcut=null contentView=null vibrate=null sound=null defaults=0x0 flags=0x0 color=0x00000000 vis=PRIVATE),1]
11-05 01:56:01.893 2365 2365 I sysui_multi_action: [757,111,758,1]
11-05 01:56:01.893 2365 2365 I sysui_multi_action: [757,126,758,1,759,126,927,0,928,1,1593,0]
11-05 01:56:01.893 2365 2365 I sysui_multi_action: [757,113,758,1,759,113,927,1,928,1,1593,0]
11-05 01:56:01.893 2365 2365 I sysui_multi_action: [757,0,758,1,759,0,927,2,928,0,1593,0]
11-05 01:56:01.893 2365 2365 I sysui_multi_action: [757,0,758,1,759,0,927,3,928,0,1593,0]
11-05 01:56:01.893 2365 2365 I sysui_multi_action: [757,491,758,1,759,491,927,4,928,0,1311,-1,1593,0]
11-05 01:56:01.893 2365 2365 I sysui_multi_action: [757,0,758,1,759,0,927,5,928,0,1593,0]
11-05 01:56:01.893 2365 2365 I sysui_multi_action: [757,114,758,1,759,114,927,6,928,0,1593,0]
11-05 01:56:01.893 2365 2365 I sysui_multi_action: [757,120,758,1,759,120,927,7,928,0,1593,0]
11-05 01:56:01.893 2365 2365 I sysui_multi_action: [757,111,758,1]
11-05 01:56:01.893 2365 2365 I sysui_multi_action: [757,126,758,1,759,126,927,0,928,1,1593,0]
11-05 01:56:01.893 2365 2365 I sysui_multi_action: [757,113,758,1,759,113,927,1,928,1,1593,0]
11-05 01:56:01.893 2365 2365 I sysui_multi_action: [757,0,758,1,759,0,927,2,928,0,1593,0]
11-05 01:56:01.893 2365 2365 I sysui_multi_action: [757,0,758,1,759,0,927,3,928,0,1593,0]
11-05 01:56:01.904 2365 2365 I sysui_multi_action: [757,111,758,2]
11-05 01:56:01.904 2365 2365 I sysui_multi_action: [757,111,758,2]
11-05 01:56:01.905 1507 1507 I notification_enqueue: [10081,2365,com.android.systemui,2048,NULL,0,Notification(channel=updateNotification shortcut=null contentView=null vibrate=null sound=null defaults=0x0 flags=0x0 color=0x00000000 vis=PRIVATE),1]
11-05 01:56:01.915 1507 1629 I input_focus: [Focus request a79da37 com.android.deskclock/com.android.deskclock.DeskClock,reason=UpdateInputWindows]
11-05 01:56:01.916 2365 2365 I sysui_multi_action: [757,111,758,1]
11-05 01:56:01.916 2365 2365 I sysui_multi_action: [757,126,758,1,759,126,927,0,928,1,1593,0]
11-05 01:56:01.916 2365 2365 I sysui_multi_action: [757,113,758,1,759,113,927,1,928,1,1593,0]
11-05 01:56:01.916 2365 2365 I sysui_multi_action: [757,0,758,1,759,0,927,2,928,0,1593,0]
11-05 01:56:01.916 2365 2365 I sysui_multi_action: [757,0,758,1,759,0,927,3,928,0,1593,0]
11-05 01:56:01.916 2365 2365 I sysui_multi_action: [757,491,758,1,759,491,927,4,928,0,1311,-1,1593,0]
11-05 01:56:01.916 2365 2365 I sysui_multi_action: [757,0,758,1,759,0,927,5,928,0,1593,0]
11-05 01:56:01.916 2365 2365 I sysui_multi_action: [757,114,758,1,759,114,927,6,928,0,1593,0]
11-05 01:56:01.916 2365 2365 I sysui_multi_action: [757,120,758,1,759,120,927,7,928,0,1593,0]
11-05 01:56:01.916 2365 2365 I sysui_multi_action: [757,111,758,1]
11-05 01:56:01.916 2365 2365 I sysui_multi_action: [757,126,758,1,759,126,927,0,928,1,1593,0]
11-05 01:56:01.916 2365 2365 I sysui_multi_action: [757,113,758,1,759,113,927,1,928,1,1593,0]
11-05 01:56:01.916 2365 2365 I sysui_multi_action: [757,0,758,1,759,0,927,2,928,0,1593,0]
11-05 01:56:01.916 2365 2365 I sysui_multi_action: [757,0,758,1,759,0,927,3,928,0,1593,0]
11-05 01:56:01.930 1507 2002 I input_focus: [Focus leaving c697081 NotificationShade (server),reason=NOT_FOCUSABLE]
11-05 01:56:01.931 1507 2002 I input_focus: [Focus entering a79da37 com.android.deskclock/com.android.deskclock.DeskClock (server),reason=setFocusedWindow]
11-05 01:56:01.931 2365 2365 I sysui_multi_action: [757,111,758,2]
11-05 01:56:01.931 2365 2365 I sysui_multi_action: [757,111,758,2]
11-05 01:56:01.931 1507 1507 I notification_enqueue: [10081,2365,com.android.systemui,2048,NULL,0,Notification(channel=updateNotification shortcut=null contentView=null vibrate=null sound=null defaults=0x0 flags=0x0 color=0x00000000 vis=PRIVATE),1]
11-05 01:56:01.933 1507 5661 I sysui_multi_action: [757,127,758,2]
11-05 01:56:01.933 1507 5661 I notification_panel_hidden:
11-05 01:56:01.955 2365 2365 I sysui_multi_action: [757,111,758,1]
11-05 01:56:01.955 2365 2365 I sysui_multi_action: [757,126,758,1,759,126,927,0,928,1,1593,0]
11-05 01:56:01.955 2365 2365 I sysui_multi_action: [757,113,758,1,759,113,927,1,928,1,1593,0]
11-05 01:56:01.955 2365 2365 I sysui_multi_action: [757,0,758,1,759,0,927,2,928,0,1593,0]
11-05 01:56:01.955 2365 2365 I sysui_multi_action: [757,0,758,1,759,0,927,3,928,0,1593,0]
11-05 01:56:01.955 2365 2365 I sysui_multi_action: [757,491,758,1,759,491,927,4,928,0,1311,-1,1593,0]
11-05 01:56:01.955 2365 2365 I sysui_multi_action: [757,0,758,1,759,0,927,5,928,0,1593,0]
11-05 01:56:01.955 2365 2365 I sysui_multi_action: [757,114,758,1,759,114,927,6,928,0,1593,0]
11-05 01:56:01.955 2365 2365 I sysui_multi_action: [757,120,758,1,759,120,927,7,928,0,1593,0]
11-05 01:56:01.955 2365 2365 I sysui_multi_action: [757,111,758,1]
11-05 01:56:01.956 2365 2365 I sysui_multi_action: [757,126,758,1,759,126,927,0,928,1,1593,0]
11-05 01:56:01.956 2365 2365 I sysui_multi_action: [757,113,758,1,759,113,927,1,928,1,1593,0]
11-05 01:56:01.956 2365 2365 I sysui_multi_action: [757,0,758,1,759,0,927,2,928,0,1593,0]
11-05 01:56:01.956 2365 2365 I sysui_multi_action: [757,0,758,1,759,0,927,3,928,0,1593,0]
11-05 01:56:03.976 1507 2002 I input_interaction: Interaction with: a79da37 com.android.deskclock/com.android.deskclock.DeskClock (server), edge-swipe (server), swipe-up (server), PointerEventDispatcher0 (server),
11-05 01:56:04.003 1507 5661 I wm_task_moved: [1,0,0]
11-05 01:56:04.005 1507 5661 I wm_task_moved: [1,0,7]
11-05 01:56:04.034 2835 2835 I wm_on_restart_called: [94458931,com.android.launcher3.uioverrides.QuickstepLauncher,performRestartActivity]
11-05 01:56:04.071 2835 2835 I wm_on_start_called: [94458931,com.android.launcher3.uioverrides.QuickstepLauncher,handleStartActivity]
11-05 01:56:04.086 5990 5990 I view_enqueue_input_event: [Motion - Cancel,com.android.deskclock/com.android.deskclock.DeskClock]
11-05 01:56:04.086 2835 2835 I sysui_latency: [1,104]
11-05 01:56:04.092 1507 1629 I input_focus: [Focus request recents_animation_input_consumer,reason=UpdateInputWindows]
11-05 01:56:04.103 1507 1625 I sysui_multi_action: [319,16,322,86,325,2638,757,761,758,9,759,5,806,com.android.launcher3,871,com.android.launcher3.uioverrides.QuickstepLauncher,905,0,1320,4,1321,1]
11-05 01:56:04.107 1507 2002 I input_interaction: Interaction with: edge-swipe (server), swipe-up (server), PointerEventDispatcher0 (server),
11-05 01:56:04.115 1507 2002 I input_focus: [Focus leaving a79da37 com.android.deskclock/com.android.deskclock.DeskClock (server),reason=NOT_FOCUSABLE]
11-05 01:56:04.115 1507 2002 I input_focus: [Focus entering recents_animation_input_consumer (server),reason=setFocusedWindow]
11-05 01:56:04.253 1507 1751 I commit_sys_config_file: [settings-1-0,16]
11-05 01:56:04.391 1507 1642 I sysui_latency: [8,106]
11-05 01:56:05.058 1507 1751 I commit_sys_config_file: [settings-1-0,3]
11-05 01:56:05.443 1507 2002 I input_interaction: Interaction with: 2395a3e com.android.launcher3/com.android.launcher3.uioverrides.QuickstepLauncher (server), edge-swipe (server), swipe-up (server), PointerEventDispatcher0 (server),
11-05 01:56:05.892 1507 2410 I wm_task_moved: [1,1,8]
11-05 01:56:05.894 1507 2410 I wm_focused_root_task: [0,0,1,96,RecentsAnimation.onAnimationFinished()]
11-05 01:56:05.896 1507 2410 I wm_pause_activity: [0,57676103,com.android.deskclock/.DeskClock,userLeaving=false,pauseBackTasks]
11-05 01:56:05.896 5990 5990 I wm_on_top_resumed_lost_called: [57676103,com.android.deskclock.DeskClock,topStateChangedWhenResumed]
11-05 01:56:05.897 1507 2410 I wm_set_resumed_activity: [0,com.android.launcher3/.uioverrides.QuickstepLauncher,resumeTopActivityInnerLocked]
11-05 01:56:05.899 1507 2410 I wm_resume_activity: [0,94458931,10,com.android.launcher3/.uioverrides.QuickstepLauncher]
11-05 01:56:05.899 1507 2410 I wm_add_to_stopping: [0,57676103,com.android.deskclock/.DeskClock,makeInvisible]
11-05 01:56:05.900 2835 2835 I wm_on_resume_called: [94458931,com.android.launcher3.uioverrides.QuickstepLauncher,RESUME_ACTIVITY]
11-05 01:56:05.907 1507 1629 I input_focus: [Focus request 2395a3e com.android.launcher3/com.android.launcher3.uioverrides.QuickstepLauncher,reason=UpdateInputWindows]
11-05 01:56:05.912 5990 5990 I wm_on_paused_called: [57676103,com.android.deskclock.DeskClock,performPause]
11-05 01:56:05.915 1507 2980 I wm_stop_activity: [0,57676103,com.android.deskclock/.DeskClock]
11-05 01:56:05.916 1507 1628 I sysui_multi_action: [757,803,799,window_time_0,802,10]
11-05 01:56:05.919 1507 2002 I input_focus: [Focus leaving recents_animation_input_consumer (server),reason=NOT_VISIBLE]
11-05 01:56:05.919 1507 2002 I input_focus: [Focus entering 2395a3e com.android.launcher3/com.android.launcher3.uioverrides.QuickstepLauncher (server),reason=setFocusedWindow]
11-05 01:56:05.920 1507 1628 I sysui_multi_action: [757,803,799,window_time_0,802,0]
11-05 01:56:05.925 2835 2835 I wm_on_top_resumed_gained_called: [94458931,com.android.launcher3.uioverrides.QuickstepLauncher,topStateChangedWhenResumed]
11-05 01:56:05.956 1507 1507 I notification_enqueue: [10065,5990,com.android.deskclock,2147483646,NULL,0,Notification(channel=StopwatchNotification shortcut=null contentView=com.android.deskclock/0x7f0d0024 vibrate=null sound=null defaults=0x0 flags=0x102 color=0xff1a237e groupKey=3 actions=2 vis=PRIVATE),0]
11-05 01:56:05.957 5990 5990 I wm_on_stop_called: [57676103,com.android.deskclock.DeskClock,STOP_ACTIVITY_ITEM]
11-05 01:56:05.981 1507 2002 I input_interaction: Interaction with: 2395a3e com.android.launcher3/com.android.launcher3.uioverrides.QuickstepLauncher (server), ef1bc93 com.android.systemui.ImageWallpaper (server), edge-swipe (server), swipe-up (server), PointerEventDispatcher0 (server),
11-05 01:56:06.009 1507 2410 I wm_finish_activity: [0,141055210,95,com.android.music/.VideoBrowserActivity,recent-task-trimmed]
11-05 01:56:06.010 1507 2410 I wm_destroy_activity: [0,141055210,95,com.android.music/.VideoBrowserActivity,finish-imm:finishIfPossible]
11-05 01:56:06.012 1507 1628 I am_kill : [0,10205,com.android.music,900,remove task]
11-05 01:56:06.012 1507 2410 I wm_finish_activity: [0,57676103,96,com.android.deskclock/.DeskClock,recent-task-trimmed]
11-05 01:56:06.012 1507 2410 I wm_destroy_activity: [0,57676103,96,com.android.deskclock/.DeskClock,finish-imm:finishIfPossible]
11-05 01:56:06.013 1507 1628 I sysui_multi_action: [757,803,799,window_time_0,802,0]
11-05 01:56:06.015 1507 1628 I sysui_multi_action: [757,803,799,window_time_0,802,0]
11-05 01:56:06.039 1507 5661 I am_proc_died: [0,10205,com.android.music,900,18]
11-05 01:56:06.040 1507 5661 I am_uid_stopped: 10090
11-05 01:56:06.042 1507 5661 I wm_task_removed: [95,removeChild:removeChild last r=ActivityRecord{86854ea u0 com.android.music/.VideoBrowserActivity t-1 f}} in t=Task{88a9742 #95 type=standard A=10090:android.task.video U=0 visible=false mode=fullscreen translucent=true sz=0}]
11-05 01:56:06.042 1507 5661 I wm_task_removed: [95,removeChild]
11-05 01:56:06.046 1507 1628 I am_uid_running: 10090
11-05 01:56:06.054 5990 5990 I wm_on_destroy_called: [57676103,com.android.deskclock.DeskClock,performDestroy]
11-05 01:56:06.054 1507 1646 I am_proc_start: [0,10275,10090,com.android.music,NULL,]
11-05 01:56:06.060 1507 2980 I wm_task_removed: [96,removeChild:removeChild last r=ActivityRecord{3701147 u0 com.android.deskclock/.DeskClock t-1 f}} in t=Task{e030b99 #96 type=standard A=10065:com.android.deskclock U=0 visible=false mode=fullscreen translucent=true sz=0}]
11-05 01:56:06.060 1507 2980 I wm_task_removed: [96,removeChild]
11-05 01:56:06.083 1507 5661 I am_proc_bound: [0,10275,com.android.music]
11-05 01:56:06.158 1507 1507 I sysui_multi_action: [757,1501,758,1,793,205,794,0,795,205,796,2147483646,806,com.android.deskclock,857,StopwatchNotification,858,3,946,3,947,0,1500,0,1688,1,1745,-868672399]
11-05 01:56:06.158 1507 1507 I sysui_multi_action: [757,804,799,note_interruptive,801,0,802,1]
11-05 01:56:14.956 1507 2980 I wm_task_created: [97,-1]
11-05 01:56:14.963 1507 2980 I wm_task_moved: [97,1,7]
11-05 01:56:14.963 1507 2980 I wm_task_to_front: [0,97]
11-05 01:56:14.963 1507 2980 I wm_create_task: [0,97]
11-05 01:56:14.963 1507 2980 I wm_create_activity: [0,146596443,97,com.android.music/.MusicBrowserActivity,android.intent.action.MAIN,NULL,NULL,270532608]
11-05 01:56:14.963 1507 2980 I wm_task_moved: [97,1,7]
11-05 01:56:14.965 1507 2980 I wm_pause_activity: [0,94458931,com.android.launcher3/.uioverrides.QuickstepLauncher,userLeaving=true,pauseBackTasks]
11-05 01:56:14.973 2835 2835 I wm_on_top_resumed_lost_called: [94458931,com.android.launcher3.uioverrides.QuickstepLauncher,topStateChangedWhenResumed]
11-05 01:56:14.974 2835 2835 I wm_on_paused_called: [94458931,com.android.launcher3.uioverrides.QuickstepLauncher,performPause]
11-05 01:56:14.977 1507 5661 I wm_add_to_stopping: [0,94458931,com.android.launcher3/.uioverrides.QuickstepLauncher,makeInvisible]
11-05 01:56:14.978 1507 5661 I wm_restart_activity: [0,146596443,97,com.android.music/.MusicBrowserActivity]
11-05 01:56:14.993 1507 5661 I wm_set_resumed_activity: [0,com.android.music/.MusicBrowserActivity,minimalResumeActivityLocked]
11-05 01:56:14.998 1507 1628 I am_uid_active: 10090
11-05 01:56:15.010 1507 1628 I sysui_multi_action: [757,803,799,window_time_0,802,9]
11-05 01:56:15.010 1507 2002 I input_focus: [Focus leaving 2395a3e com.android.launcher3/com.android.launcher3.uioverrides.QuickstepLauncher (server),reason=NO_WINDOW]
11-05 01:56:15.056 10275 10275 I wm_on_create_called: [146596443,com.android.music.MusicBrowserActivity,performCreate]
11-05 01:56:15.068 10275 10275 I wm_on_start_called: [146596443,com.android.music.MusicBrowserActivity,handleStartActivity]
11-05 01:56:15.068 10275 10275 I wm_on_resume_called: [146596443,com.android.music.MusicBrowserActivity,RESUME_ACTIVITY]
11-05 01:56:15.072 10275 10275 I wm_on_top_resumed_gained_called: [146596443,com.android.music.MusicBrowserActivity,topStateChangedWhenResumed]
11-05 01:56:15.088 1507 2980 I sysui_multi_action: [757,856,758,1,806,com.android.music,857,Channel-music,858,2]
11-05 01:56:15.097 1507 1507 I notification_enqueue: [10090,10275,com.android.music,1,NULL,0,Notification(channel=Channel-music shortcut=null contentView=null vibrate=null sound=null defaults=0x0 flags=0x0 color=0x00000000 category=transport actions=3 vis=PRIVATE),0]
11-05 01:56:15.099 1507 1507 I notification_enqueue: [10090,10275,com.android.music,1,NULL,0,Notification(channel=Channel-music shortcut=null contentView=null vibrate=null sound=null defaults=0x0 flags=0x40 color=0x00000000 category=transport actions=3 vis=PRIVATE),0]
11-05 01:56:15.104 1507 1507 I notification_enqueue: [10090,10275,com.android.music,1,NULL,0,Notification(channel=Channel-music shortcut=null contentView=null vibrate=null sound=null defaults=0x0 flags=0x40 color=0x00000000 category=transport actions=3 vis=PRIVATE),0]
11-05 01:56:15.109 1507 1507 I notification_enqueue: [10090,10275,com.android.music,1,NULL,0,Notification(channel=Channel-music shortcut=null contentView=null vibrate=null sound=null defaults=0x0 flags=0x40 color=0x00000000 category=transport actions=3 vis=PRIVATE),0]
