--------- beginning of radio
11-05 01:12:29.360 1507 1507 D TelephonyRegistry: listen oscl: mHasNotifySubscriptionInfoChangedOccurred==false no callback
11-05 01:12:29.830 1507 2457 D TelephonyRegistry: listen oscl: mHasNotifySubscriptionInfoChangedOccurred==false no callback
11-05 01:12:29.883 1507 2292 D TelephonyRegistry: listen oscl: mHasNotifySubscriptionInfoChangedOccurred==false no callback
11-05 01:12:29.897 1507 1507 D TelephonyRegistry: listen oscl: mHasNotifySubscriptionInfoChangedOccurred==false no callback
11-05 01:12:29.913 1507 2293 D TelephonyRegistry: listen oscl: mHasNotifySubscriptionInfoChangedOccurred==false no callback
11-05 01:12:29.932 1507 1507 D TelephonyRegistry: listen oscl: mHasNotifySubscriptionInfoChangedOccurred==false no callback
11-05 01:12:29.963 1507 1507 D TelephonyRegistry: systemRunning register for intents
11-05 01:12:29.982 1507 1625 W CarrierConfigManager: Error getting config for subId -1 ICarrierConfigLoader is null
11-05 01:12:30.045 1507 1642 D TelephonyRegistry: listen oscl: mHasNotifySubscriptionInfoChangedOccurred==false no callback
11-05 01:12:30.314 2365 2365 W CarrierConfigManager: Error getting config for subId -1 ICarrierConfigLoader is null
11-05 01:12:30.323 1507 1596 D TelephonyRegistry: listen oscl: mHasNotifySubscriptionInfoChangedOccurred==false no callback
11-05 01:12:30.729 1507 1507 D TelephonyRegistry: listen oscl: mHasNotifySubscriptionInfoChangedOccurred==false no callback
11-05 01:12:30.731 1507 1507 W CarrierConfigManager: Error getting config for subId -1 ICarrierConfigLoader is null
11-05 01:12:30.961 1507 1507 D TelephonyRegistry: notifyCellLocationForSubscriber: subId=2147483647 cellIdentity=null
11-05 01:12:31.257 1507 2725 D TelephonyRegistry: listen oscl: mHasNotifySubscriptionInfoChangedOccurred==false no callback
11-05 01:12:31.860 1507 2288 D TelephonyRegistry: listen oscl: mHasNotifySubscriptionInfoChangedOccurred==false no callback
11-05 01:12:32.545 1507 2980 D TelephonyRegistry: listen oscl: mHasNotifySubscriptionInfoChangedOccurred==false no callback
11-05 01:12:33.636 1507 1507 W CarrierConfigManager: Error getting config for subId -1 ICarrierConfigLoader is null
11-05 01:12:33.637 1507 1507 W CarrierConfigManager: Error getting config for subId -1 ICarrierConfigLoader is null
11-05 01:12:34.044 4169 4169 D CAT : BootCompletedReceiver: [ACTION_BOOT_COMPLETED]
11-05 01:12:34.045 4169 4169 D CAT : StkAppService: onCreate()+
11-05 01:12:34.045 4169 4169 D CAT : StkAppService: simCount: 1
11-05 01:12:34.045 4169 4169 D CAT : StkAppService: slotId: 0
11-05 01:12:34.046 4169 4169 D CAT : StkAppService: onStart sim id: 0, op: 5, *****
11-05 01:12:34.046 4169 4169 D CAT : StkAppService: mStkService is: -1
11-05 01:12:34.058 4169 4169 D CAT : StkAppService: onDestroy()
11-05 01:13:15.310 2908 2908 W CarrierConfigManager: Error getting config for subId -1 ICarrierConfigLoader is null
11-05 01:13:15.351 1507 2288 D TelephonyRegistry: listen oscl: mHasNotifySubscriptionInfoChangedOccurred==false no callback
11-05 01:13:15.354 1507 2288 D TelephonyRegistry: listen oscl: mHasNotifySubscriptionInfoChangedOccurred==false no callback
11-05 01:13:20.442 2908 2908 W FeatureConnector: [ImsConnector, 0] connect: not supported.
11-05 01:13:26.140 1507 1596 D TelephonyRegistry: listen oscl: mHasNotifySubscriptionInfoChangedOccurred==false no callback
11-05 01:13:26.143 1507 1596 D TelephonyRegistry: listen oscl: mHasNotifySubscriptionInfoChangedOccurred==false no callback
11-05 01:13:32.000 1507 2288 D TelephonyRegistry: listen oscl: mHasNotifySubscriptionInfoChangedOccurred==false no callback
11-05 01:13:32.012 1507 2410 D TelephonyRegistry: listen oscl: mHasNotifySubscriptionInfoChangedOccurred==false no callback
11-05 01:13:59.916 1507 2721 D TelephonyRegistry: listen oscl: mHasNotifySubscriptionInfoChangedOccurred==false no callback
11-05 01:13:59.920 1507 2336 D TelephonyRegistry: listen oscl: mHasNotifySubscriptionInfoChangedOccurred==false no callback
11-05 01:14:08.104 1507 2410 D TelephonyRegistry: listen oscl: mHasNotifySubscriptionInfoChangedOccurred==false no callback
11-05 01:14:08.109 1507 2457 D TelephonyRegistry: listen oscl: mHasNotifySubscriptionInfoChangedOccurred==false no callback
11-05 01:14:58.412 1507 1594 D TelephonyRegistry: listen oscl: mHasNotifySubscriptionInfoChangedOccurred==false no callback
11-05 01:14:58.417 1507 2410 D TelephonyRegistry: listen oscl: mHasNotifySubscriptionInfoChangedOccurred==false no callback
11-05 01:15:46.360 5154 5154 W CarrierConfigManager: Error getting config for subId -1 ICarrierConfigLoader is null
11-05 01:15:46.404 1507 2721 D TelephonyRegistry: listen oscl: mHasNotifySubscriptionInfoChangedOccurred==false no callback
11-05 01:15:46.408 1507 2457 D TelephonyRegistry: listen oscl: mHasNotifySubscriptionInfoChangedOccurred==false no callback
11-05 01:19:39.804 5226 5226 W CarrierConfigManager: Error getting config for subId -1 ICarrierConfigLoader is null
11-05 01:19:39.855 1507 5119 D TelephonyRegistry: listen oscl: mHasNotifySubscriptionInfoChangedOccurred==false no callback
11-05 01:19:39.862 1507 4739 D TelephonyRegistry: listen oscl: mHasNotifySubscriptionInfoChangedOccurred==false no callback
11-05 01:21:16.637 6079 6079 W CarrierConfigManager: Error getting config for subId -1 ICarrierConfigLoader is null
11-05 01:21:16.675 1507 5224 D TelephonyRegistry: listen oscl: mHasNotifySubscriptionInfoChangedOccurred==false no callback
11-05 01:21:16.678 1507 5224 D TelephonyRegistry: listen oscl: mHasNotifySubscriptionInfoChangedOccurred==false no callback
11-05 01:21:30.856 1507 3592 D TelephonyRegistry: listen oscl: mHasNotifySubscriptionInfoChangedOccurred==false no callback
11-05 01:21:30.861 1507 5662 D TelephonyRegistry: listen oscl: mHasNotifySubscriptionInfoChangedOccurred==false no callback
11-05 01:25:08.436 7111 7111 W CarrierConfigManager: Error getting config for subId -1 ICarrierConfigLoader is null
11-05 01:25:08.478 1507 5225 D TelephonyRegistry: listen oscl: mHasNotifySubscriptionInfoChangedOccurred==false no callback
11-05 01:25:08.482 1507 6077 D TelephonyRegistry: listen oscl: mHasNotifySubscriptionInfoChangedOccurred==false no callback
11-05 01:38:56.193 8434 8434 W CarrierConfigManager: Error getting config for subId -1 ICarrierConfigLoader is null
11-05 01:38:56.249 1507 3592 D TelephonyRegistry: listen oscl: mHasNotifySubscriptionInfoChangedOccurred==false no callback
11-05 01:38:56.253 1507 3592 D TelephonyRegistry: listen oscl: mHasNotifySubscriptionInfoChangedOccurred==false no callback --------- beginning of events
11-05 01:46:12.253 1507 1645 I am_wtf : [0,1507,system_server,-1,DisplayDeviceConfig,requesting nits when no mapping exists.]
11-05 01:46:12.262 1507 1645 I am_wtf : [0,1507,system_server,-1,DisplayDeviceConfig,requesting nits when no mapping exists.]
11-05 01:46:12.266 1507 1645 I am_wtf : [0,1507,system_server,-1,DisplayDeviceConfig,requesting nits when no mapping exists.]
11-05 01:46:12.273 1507 1645 I am_wtf : [0,1507,system_server,-1,DisplayDeviceConfig,requesting nits when no mapping exists.]
11-05 01:46:12.276 1507 1645 I am_wtf : [0,1507,system_server,-1,DisplayDeviceConfig,requesting nits when no mapping exists.]
11-05 01:46:12.290 1507 1645 I am_wtf : [0,1507,system_server,-1,DisplayDeviceConfig,requesting nits when no mapping exists.]
11-05 01:46:12.292 1507 1645 I am_wtf : [0,1507,system_server,-1,DisplayDeviceConfig,requesting nits when no mapping exists.]
11-05 01:46:12.307 1507 1645 I am_wtf : [0,1507,system_server,-1,DisplayDeviceConfig,requesting nits when no mapping exists.]
11-05 01:46:12.309 1507 1645 I am_wtf : [0,1507,system_server,-1,DisplayDeviceConfig,requesting nits when no mapping exists.]
11-05 01:46:12.324 1507 1645 I am_wtf : [0,1507,system_server,-1,DisplayDeviceConfig,requesting nits when no mapping exists.]
11-05 01:46:12.326 1507 1645 I am_wtf : [0,1507,system_server,-1,DisplayDeviceConfig,requesting nits when no mapping exists.]
11-05 01:46:12.340 1507 1645 I am_wtf : [0,1507,system_server,-1,DisplayDeviceConfig,requesting nits when no mapping exists.]
11-05 01:46:12.341 1507 1645 I am_wtf : [0,1507,system_server,-1,DisplayDeviceConfig,requesting nits when no mapping exists.]
11-05 01:46:12.357 1507 1645 I am_wtf : [0,1507,system_server,-1,DisplayDeviceConfig,requesting nits when no mapping exists.]
11-05 01:46:12.358 1507 1645 I am_wtf : [0,1507,system_server,-1,DisplayDeviceConfig,requesting nits when no mapping exists.]
11-05 01:46:12.374 1507 1645 I am_wtf : [0,1507,system_server,-1,DisplayDeviceConfig,requesting nits when no mapping exists.]
11-05 01:46:12.375 1507 1645 I am_wtf : [0,1507,system_server,-1,DisplayDeviceConfig,requesting nits when no mapping exists.]
11-05 01:46:12.391 1507 1645 I am_wtf : [0,1507,system_server,-1,DisplayDeviceConfig,requesting nits when no mapping exists.]
11-05 01:46:12.392 1507 1645 I am_wtf : [0,1507,system_server,-1,DisplayDeviceConfig,requesting nits when no mapping exists.]
11-05 01:46:12.407 1507 1645 I am_wtf : [0,1507,system_server,-1,DisplayDeviceConfig,requesting nits when no mapping exists.]
11-05 01:46:12.408 1507 1645 I am_wtf : [0,1507,system_server,-1,DisplayDeviceConfig,requesting nits when no mapping exists.]
11-05 01:46:12.424 1507 1645 I am_wtf : [0,1507,system_server,-1,DisplayDeviceConfig,requesting nits when no mapping exists.]
11-05 01:46:12.425 1507 1645 I am_wtf : [0,1507,system_server,-1,DisplayDeviceConfig,requesting nits when no mapping exists.]
11-05 01:46:12.441 1507 1645 I am_wtf : [0,1507,system_server,-1,DisplayDeviceConfig,requesting nits when no mapping exists.]
11-05 01:46:12.442 1507 1645 I am_wtf : [0,1507,system_server,-1,DisplayDeviceConfig,requesting nits when no mapping exists.]
11-05 01:46:12.458 1507 1645 I am_wtf : [0,1507,system_server,-1,DisplayDeviceConfig,requesting nits when no mapping exists.]
11-05 01:46:12.459 1507 1645 I am_wtf : [0,1507,system_server,-1,DisplayDeviceConfig,requesting nits when no mapping exists.]
11-05 01:46:12.475 1507 1645 I am_wtf : [0,1507,system_server,-1,DisplayDeviceConfig,requesting nits when no mapping exists.]
11-05 01:46:12.476 1507 1645 I am_wtf : [0,1507,system_server,-1,DisplayDeviceConfig,requesting nits when no mapping exists.]
11-05 01:46:12.491 1507 1645 I am_wtf : [0,1507,system_server,-1,DisplayDeviceConfig,requesting nits when no mapping exists.]
11-05 01:46:12.492 1507 1645 I am_wtf : [0,1507,system_server,-1,DisplayDeviceConfig,requesting nits when no mapping exists.]
11-05 01:46:12.508 1507 1645 I am_wtf : [0,1507,system_server,-1,DisplayDeviceConfig,requesting nits when no mapping exists.]
11-05 01:46:12.509 1507 1645 I am_wtf : [0,1507,system_server,-1,DisplayDeviceConfig,requesting nits when no mapping exists.]
11-05 01:46:12.525 1507 1645 I am_wtf : [0,1507,system_server,-1,DisplayDeviceConfig,requesting nits when no mapping exists.]
11-05 01:46:12.525 1507 1645 I am_wtf : [0,1507,system_server,-1,DisplayDeviceConfig,requesting nits when no mapping exists.]
11-05 01:46:12.541 1507 1645 I am_wtf : [0,1507,system_server,-1,DisplayDeviceConfig,requesting nits when no mapping exists.]
11-05 01:46:12.542 1507 1645 I am_wtf : [0,1507,system_server,-1,DisplayDeviceConfig,requesting nits when no mapping exists.]
11-05 01:46:12.558 1507 1645 I am_wtf : [0,1507,system_server,-1,DisplayDeviceConfig,requesting nits when no mapping exists.]
11-05 01:46:12.559 1507 1645 I am_wtf : [0,1507,system_server,-1,DisplayDeviceConfig,requesting nits when no mapping exists.]
11-05 01:46:12.574 1507 1645 I am_wtf : [0,1507,system_server,-1,DisplayDeviceConfig,requesting nits when no mapping exists.]
11-05 01:46:12.575 1507 1645 I am_wtf : [0,1507,system_server,-1,DisplayDeviceConfig,requesting nits when no mapping exists.]
11-05 01:46:12.592 1507 1645 I am_wtf : [0,1507,system_server,-1,DisplayDeviceConfig,requesting nits when no mapping exists.]
11-05 01:46:12.593 1507 1645 I am_wtf : [0,1507,system_server,-1,DisplayDeviceConfig,requesting nits when no mapping exists.]
11-05 01:46:12.609 1507 1645 I am_wtf : [0,1507,system_server,-1,DisplayDeviceConfig,requesting nits when no mapping exists.]
11-05 01:46:12.610 1507 1645 I am_wtf : [0,1507,system_server,-1,DisplayDeviceConfig,requesting nits when no mapping exists.]
11-05 01:46:12.625 1507 1645 I am_wtf : [0,1507,system_server,-1,DisplayDeviceConfig,requesting nits when no mapping exists.]
11-05 01:46:12.626 1507 1645 I am_wtf : [0,1507,system_server,-1,DisplayDeviceConfig,requesting nits when no mapping exists.]
11-05 01:46:12.642 1507 1645 I am_wtf : [0,1507,system_server,-1,DisplayDeviceConfig,requesting nits when no mapping exists.]
11-05 01:46:12.643 1507 1645 I am_wtf : [0,1507,system_server,-1,DisplayDeviceConfig,requesting nits when no mapping exists.]
11-05 01:46:12.658 1507 1645 I am_wtf : [0,1507,system_server,-1,DisplayDeviceConfig,requesting nits when no mapping exists.]
11-05 01:46:12.659 1507 1645 I am_wtf : [0,1507,system_server,-1,DisplayDeviceConfig,requesting nits when no mapping exists.]
11-05 01:46:12.675 1507 1645 I am_wtf : [0,1507,system_server,-1,DisplayDeviceConfig,requesting nits when no mapping exists.]
11-05 01:46:12.676 1507 1645 I am_wtf : [0,1507,system_server,-1,DisplayDeviceConfig,requesting nits when no mapping exists.]
11-05 01:46:12.691 1507 1645 I am_wtf : [0,1507,system_server,-1,DisplayDeviceConfig,requesting nits when no mapping exists.]
11-05 01:46:12.693 1507 1645 I am_wtf : [0,1507,system_server,-1,DisplayDeviceConfig,requesting nits when no mapping exists.]
11-05 01:46:12.708 1507 1645 I am_wtf : [0,1507,system_server,-1,DisplayDeviceConfig,requesting nits when no mapping exists.]
11-05 01:46:12.709 1507 1645 I am_wtf : [0,1507,system_server,-1,DisplayDeviceConfig,requesting nits when no mapping exists.]
11-05 01:46:12.725 1507 1645 I am_wtf : [0,1507,system_server,-1,DisplayDeviceConfig,requesting nits when no mapping exists.]
11-05 01:46:12.726 1507 1645 I am_wtf : [0,1507,system_server,-1,DisplayDeviceConfig,requesting nits when no mapping exists.]
11-05 01:46:12.742 1507 1645 I am_wtf : [0,1507,system_server,-1,DisplayDeviceConfig,requesting nits when no mapping exists.]
11-05 01:46:12.743 1507 1645 I am_wtf : [0,1507,system_server,-1,DisplayDeviceConfig,requesting nits when no mapping exists.]
11-05 01:46:12.758 1507 1645 I am_wtf : [0,1507,system_server,-1,DisplayDeviceConfig,requesting nits when no mapping exists.]
11-05 01:46:12.759 1507 1645 I am_wtf : [0,1507,system_server,-1,DisplayDeviceConfig,requesting nits when no mapping exists.]
11-05 01:46:12.775 1507 1645 I am_wtf : [0,1507,system_server,-1,DisplayDeviceConfig,requesting nits when no mapping exists.]
11-05 01:46:12.776 1507 1645 I am_wtf : [0,1507,system_server,-1,DisplayDeviceConfig,requesting nits when no mapping exists.]
11-05 01:46:12.792 1507 1645 I am_wtf : [0,1507,system_server,-1,DisplayDeviceConfig,requesting nits when no mapping exists.]
11-05 01:46:12.793 1507 1645 I am_wtf : [0,1507,system_server,-1,DisplayDeviceConfig,requesting nits when no mapping exists.]
11-05 01:46:12.808 1507 1645 I am_wtf : [0,1507,system_server,-1,DisplayDeviceConfig,requesting nits when no mapping exists.]
11-05 01:46:12.810 1507 1645 I am_wtf : [0,1507,system_server,-1,DisplayDeviceConfig,requesting nits when no mapping exists.]
11-05 01:46:12.825 1507 1645 I am_wtf : [0,1507,system_server,-1,DisplayDeviceConfig,requesting nits when no mapping exists.]
11-05 01:46:12.826 1507 1645 I am_wtf : [0,1507,system_server,-1,DisplayDeviceConfig,requesting nits when no mapping exists.]
11-05 01:46:12.842 1507 1645 I am_wtf : [0,1507,system_server,-1,DisplayDeviceConfig,requesting nits when no mapping exists.]
11-05 01:46:12.843 1507 1645 I am_wtf : [0,1507,system_server,-1,DisplayDeviceConfig,requesting nits when no mapping exists.]
11-05 01:46:12.859 1507 1645 I am_wtf : [0,1507,system_server,-1,DisplayDeviceConfig,requesting nits when no mapping exists.]
11-05 01:46:12.861 1507 1645 I am_wtf : [0,1507,system_server,-1,DisplayDeviceConfig,requesting nits when no mapping exists.]
11-05 01:46:12.876 1507 1645 I am_wtf : [0,1507,system_server,-1,DisplayDeviceConfig,requesting nits when no mapping exists.]
11-05 01:46:12.877 1507 1645 I am_wtf : [0,1507,system_server,-1,DisplayDeviceConfig,requesting nits when no mapping exists.]
11-05 01:46:12.892 1507 1645 I am_wtf : [0,1507,system_server,-1,DisplayDeviceConfig,requesting nits when no mapping exists.]
11-05 01:46:12.893 1507 1645 I service_manager_stats: [100,70,61350]
11-05 01:46:12.893 1507 1645 I am_wtf : [0,1507,system_server,-1,DisplayDeviceConfig,requesting nits when no mapping exists.]
11-05 01:46:12.909 1507 1645 I am_wtf : [0,1507,system_server,-1,DisplayDeviceConfig,requesting nits when no mapping exists.]
11-05 01:46:12.911 1507 1645 I am_wtf : [0,1507,system_server,-1,DisplayDeviceConfig,requesting nits when no mapping exists.]
11-05 01:46:12.925 1507 1645 I am_wtf : [0,1507,system_server,-1,DisplayDeviceConfig,requesting nits when no mapping exists.]
11-05 01:46:12.926 1507 1645 I am_wtf : [0,1507,system_server,-1,DisplayDeviceConfig,requesting nits when no mapping exists.]
11-05 01:46:12.942 1507 1645 I am_wtf : [0,1507,system_server,-1,DisplayDeviceConfig,requesting nits when no mapping exists.]
11-05 01:46:12.942 1507 1645 I am_wtf : [0,1507,system_server,-1,DisplayDeviceConfig,requesting nits when no mapping exists.]
11-05 01:46:12.959 1507 1645 I am_wtf : [0,1507,system_server,-1,DisplayDeviceConfig,requesting nits when no mapping exists.]
11-05 01:46:12.959 1507 1645 I am_wtf : [0,1507,system_server,-1,DisplayDeviceConfig,requesting nits when no mapping exists.]
11-05 01:46:12.975 1507 1645 I am_wtf : [0,1507,system_server,-1,DisplayDeviceConfig,requesting nits when no mapping exists.]
11-05 01:46:12.976 1507 1645 I am_wtf : [0,1507,system_server,-1,DisplayDeviceConfig,requesting nits when no mapping exists.]
11-05 01:46:12.992 1507 1645 I am_wtf : [0,1507,system_server,-1,DisplayDeviceConfig,requesting nits when no mapping exists.]
11-05 01:46:12.993 1507 1645 I am_wtf : [0,1507,system_server,-1,DisplayDeviceConfig,requesting nits when no mapping exists.]
11-05 01:46:13.009 1507 1645 I am_wtf : [0,1507,system_server,-1,DisplayDeviceConfig,requesting nits when no mapping exists.]
11-05 01:46:13.010 1507 1645 I am_wtf : [0,1507,system_server,-1,DisplayDeviceConfig,requesting nits when no mapping exists.]
11-05 01:46:13.025 1507 1645 I am_wtf : [0,1507,system_server,-1,DisplayDeviceConfig,requesting nits when no mapping exists.]
11-05 01:46:13.026 1507 1645 I am_wtf : [0,1507,system_server,-1,DisplayDeviceConfig,requesting nits when no mapping exists.]
11-05 01:46:13.043 1507 1645 I am_wtf : [0,1507,system_server,-1,DisplayDeviceConfig,requesting nits when no mapping exists.]
11-05 01:46:13.044 1507 1645 I am_wtf : [0,1507,system_server,-1,DisplayDeviceConfig,requesting nits when no mapping exists.]
11-05 01:46:13.059 1507 1645 I am_wtf : [0,1507,system_server,-1,DisplayDeviceConfig,requesting nits when no mapping exists.]
11-05 01:46:13.061 1507 1645 I am_wtf : [0,1507,system_server,-1,DisplayDeviceConfig,requesting nits when no mapping exists.]
11-05 01:46:13.077 1507 1645 I am_wtf : [0,1507,system_server,-1,DisplayDeviceConfig,requesting nits when no mapping exists.]
11-05 01:46:13.079 1507 1645 I am_wtf : [0,1507,system_server,-1,DisplayDeviceConfig,requesting nits when no mapping exists.]
11-05 01:46:13.092 1507 1645 I am_wtf : [0,1507,system_server,-1,DisplayDeviceConfig,requesting nits when no mapping exists.]
11-05 01:46:13.094 1507 1645 I am_wtf : [0,1507,system_server,-1,DisplayDeviceConfig,requesting nits when no mapping exists.]
11-05 01:46:13.109 1507 1645 I am_wtf : [0,1507,system_server,-1,DisplayDeviceConfig,requesting nits when no mapping exists.]
11-05 01:46:13.110 1507 1645 I am_wtf : [0,1507,system_server,-1,DisplayDeviceConfig,requesting nits when no mapping exists.]
11-05 01:46:13.127 1507 1645 I am_wtf : [0,1507,system_server,-1,DisplayDeviceConfig,requesting nits when no mapping exists.]
11-05 01:46:13.130 1507 1645 I am_wtf : [0,1507,system_server,-1,DisplayDeviceConfig,requesting nits when no mapping exists.]
11-05 01:46:13.142 1507 1645 I am_wtf : [0,1507,system_server,-1,DisplayDeviceConfig,requesting nits when no mapping exists.]
11-05 01:46:13.143 1507 1645 I am_wtf : [0,1507,system_server,-1,DisplayDeviceConfig,requesting nits when no mapping exists.]
11-05 01:46:13.160 1507 1645 I am_wtf : [0,1507,system_server,-1,DisplayDeviceConfig,requesting nits when no mapping exists.]
11-05 01:46:13.161 1507 1645 I am_wtf : [0,1507,system_server,-1,DisplayDeviceConfig,requesting nits when no mapping exists.]
11-05 01:46:13.177 1507 1645 I am_wtf : [0,1507,system_server,-1,DisplayDeviceConfig,requesting nits when no mapping exists.]
11-05 01:46:13.178 1507 1645 I am_wtf : [0,1507,system_server,-1,DisplayDeviceConfig,requesting nits when no mapping exists.]
11-05 01:46:13.193 1507 1645 I am_wtf : [0,1507,system_server,-1,DisplayDeviceConfig,requesting nits when no mapping exists.]
11-05 01:46:13.195 1507 1645 I am_wtf : [0,1507,system_server,-1,DisplayDeviceConfig,requesting nits when no mapping exists.]
11-05 01:46:17.613 1507 1645 I am_uid_idle: 10069
11-05 01:46:19.241 1507 1625 I sysui_multi_action: [757,222,758,1]
11-05 01:46:19.244 1507 1625 I am_uid_active: 10043
11-05 01:46:19.259 1507 4740 I wm_task_created: [81,-1]
11-05 01:46:19.263 1507 4740 I wm_task_moved: [81,1,12]
11-05 01:46:19.263 1507 4740 I wm_task_to_front: [0,81]
11-05 01:46:19.264 1507 4740 I wm_create_task: [0,81]
11-05 01:46:19.264 1507 4740 I wm_create_activity: [0,147739625,81,com.thundercomm.screensaver/android.service.dreams.DreamActivity,NULL,NULL,NULL,276824064]
11-05 01:46:19.264 1507 4740 I wm_task_moved: [81,1,12]
11-05 01:46:19.267 1507 4740 I wm_pause_activity: [0,173547019,com.android.deskclock/.DeskClock,userLeaving=true,pauseBackTasks]
11-05 01:46:19.271 5990 5990 I wm_on_top_resumed_lost_called: [173547019,com.android.deskclock.DeskClock,topStateChangedWhenResumed]
11-05 01:46:19.277 5990 5990 I wm_on_paused_called: [173547019,com.android.deskclock.DeskClock,performPause]
11-05 01:46:19.279 1507 6077 I wm_add_to_stopping: [0,173547019,com.android.deskclock/.DeskClock,makeInvisible]
11-05 01:46:19.280 1507 6077 I wm_restart_activity: [0,147739625,81,com.thundercomm.screensaver/android.service.dreams.DreamActivity]
11-05 01:46:19.283 1507 6077 I wm_set_resumed_activity: [0,com.thundercomm.screensaver/android.service.dreams.DreamActivity,minimalResumeActivityLocked]
11-05 01:46:19.294 1507 1628 I sysui_multi_action: [757,803,799,window_time_0,802,60]
11-05 01:46:19.304 7669 7669 I wm_on_create_called: [147739625,android.service.dreams.DreamActivity,performCreate]
11-05 01:46:19.305 7669 7669 I wm_on_start_called: [147739625,android.service.dreams.DreamActivity,handleStartActivity]
11-05 01:46:19.306 7669 7669 I wm_on_resume_called: [147739625,android.service.dreams.DreamActivity,RESUME_ACTIVITY]
11-05 01:46:19.309 1507 2002 I input_focus: [Focus leaving 560b271 com.android.deskclock/com.android.deskclock.DeskClock (server),reason=NO_WINDOW]
11-05 01:46:19.310 7669 7669 I wm_on_top_resumed_gained_called: [147739625,android.service.dreams.DreamActivity,topStateChangedWhenResumed]
11-05 01:46:19.331 1507 1629 I input_focus: [Focus request d2f45a5 com.thundercomm.screensaver/android.service.dreams.DreamActivity,reason=UpdateInputWindows]
11-05 01:46:19.344 2365 2365 I sysui_multi_action: [757,111,758,2]
11-05 01:46:19.344 2365 2365 I sysui_multi_action: [757,111,758,2]
11-05 01:46:19.345 1507 1507 I notification_enqueue: [10081,2365,com.android.systemui,2048,NULL,0,Notification(channel=updateNotification shortcut=null contentView=null vibrate=null sound=null defaults=0x0 flags=0x0 color=0x00000000 vis=PRIVATE),1]
11-05 01:46:19.361 1507 1666 I sysui_multi_action: [757,1696,758,6,759,3]
11-05 01:46:19.363 2365 2365 I sysui_multi_action: [757,111,758,1]
11-05 01:46:19.364 2365 2365 I sysui_multi_action: [757,126,758,1,759,126,927,0,928,1,1593,0]
11-05 01:46:19.364 2365 2365 I sysui_multi_action: [757,113,758,1,759,113,927,1,928,1,1593,0]
11-05 01:46:19.364 2365 2365 I sysui_multi_action: [757,0,758,1,759,0,927,2,928,0,1593,0]
11-05 01:46:19.364 2365 2365 I sysui_multi_action: [757,0,758,1,759,0,927,3,928,0,1593,0]
11-05 01:46:19.364 2365 2365 I sysui_multi_action: [757,491,758,1,759,491,927,4,928,0,1311,-1,1593,0]
11-05 01:46:19.364 2365 2365 I sysui_multi_action: [757,0,758,1,759,0,927,5,928,0,1593,0]
11-05 01:46:19.364 2365 2365 I sysui_multi_action: [757,114,758,1,759,114,927,6,928,0,1593,0]
11-05 01:46:19.364 2365 2365 I sysui_multi_action: [757,120,758,1,759,120,927,7,928,0,1593,0]
11-05 01:46:19.364 2365 2365 I sysui_multi_action: [757,111,758,1]
11-05 01:46:19.364 2365 2365 I sysui_multi_action: [757,126,758,1,759,126,927,0,928,1,1593,0]
11-05 01:46:19.364 2365 2365 I sysui_multi_action: [757,113,758,1,759,113,927,1,928,1,1593,0]
11-05 01:46:19.364 2365 2365 I sysui_multi_action: [757,0,758,1,759,0,927,2,928,0,1593,0]
11-05 01:46:19.364 2365 2365 I sysui_multi_action: [757,0,758,1,759,0,927,3,928,0,1593,0]
11-05 01:46:19.372 1507 1625 I sysui_multi_action: [319,100,322,90,325,2053,757,761,758,8,759,2,806,com.thundercomm.screensaver,871,android.service.dreams.DreamActivity,904,com.thundercomm.screensaver,905,0,1320,4,1321,2]
11-05 01:46:19.374 1507 1625 I wm_activity_launch_time: [0,147739625,com.thundercomm.screensaver/android.service.dreams.DreamActivity,90]
11-05 01:46:19.377 1507 1645 I am_wtf : [0,1507,system_server,-1,DisplayDeviceConfig,requesting nits when no mapping exists.]
11-05 01:46:19.378 1507 2002 I input_focus: [Focus entering d2f45a5 com.thundercomm.screensaver/android.service.dreams.DreamActivity (server),reason=Window became focusable. Previous reason: NOT_VISIBLE]
11-05 01:46:19.378 1507 1645 I am_wtf : [0,1507,system_server,-1,DisplayDeviceConfig,requesting nits when no mapping exists.]
11-05 01:46:19.394 1507 1645 I am_wtf : [0,1507,system_server,-1,DisplayDeviceConfig,requesting nits when no mapping exists.]
11-05 01:46:19.395 1507 1645 I am_wtf : [0,1507,system_server,-1,DisplayDeviceConfig,requesting nits when no mapping exists.]
11-05 01:46:19.410 1507 1645 I am_wtf : [0,1507,system_server,-1,DisplayDeviceConfig,requesting nits when no mapping exists.]
11-05 01:46:19.411 1507 1645 I am_wtf : [0,1507,system_server,-1,DisplayDeviceConfig,requesting nits when no mapping exists.]
11-05 01:46:19.430 1507 1645 I am_wtf : [0,1507,system_server,-1,DisplayDeviceConfig,requesting nits when no mapping exists.]
11-05 01:46:19.431 1507 1645 I am_wtf : [0,1507,system_server,-1,DisplayDeviceConfig,requesting nits when no mapping exists.]
11-05 01:46:19.450 1507 1645 I am_wtf : [0,1507,system_server,-1,DisplayDeviceConfig,requesting nits when no mapping exists.]
11-05 01:46:19.451 1507 1645 I am_wtf : [0,1507,system_server,-1,DisplayDeviceConfig,requesting nits when no mapping exists.]
11-05 01:46:19.462 1507 1645 I am_wtf : [0,1507,system_server,-1,DisplayDeviceConfig,requesting nits when no mapping exists.]
11-05 01:46:19.463 1507 1645 I am_wtf : [0,1507,system_server,-1,DisplayDeviceConfig,requesting nits when no mapping exists.]
11-05 01:46:19.480 1507 1645 I am_wtf : [0,1507,system_server,-1,DisplayDeviceConfig,requesting nits when no mapping exists.]
11-05 01:46:19.481 1507 1645 I am_wtf : [0,1507,system_server,-1,DisplayDeviceConfig,requesting nits when no mapping exists.]
11-05 01:46:19.494 1507 1645 I am_wtf : [0,1507,system_server,-1,DisplayDeviceConfig,requesting nits when no mapping exists.]
11-05 01:46:19.496 1507 1645 I am_wtf : [0,1507,system_server,-1,DisplayDeviceConfig,requesting nits when no mapping exists.]
11-05 01:46:19.517 1507 1645 I am_wtf : [0,1507,system_server,-1,DisplayDeviceConfig,requesting nits when no mapping exists.]
11-05 01:46:19.518 1507 1645 I am_wtf : [0,1507,system_server,-1,DisplayDeviceConfig,requesting nits when no mapping exists.]
11-05 01:46:19.529 1507 1645 I am_wtf : [0,1507,system_server,-1,DisplayDeviceConfig,requesting nits when no mapping exists.]
11-05 01:46:19.530 1507 1645 I am_wtf : [0,1507,system_server,-1,DisplayDeviceConfig,requesting nits when no mapping exists.]
11-05 01:46:19.544 1507 1645 I am_wtf : [0,1507,system_server,-1,DisplayDeviceConfig,requesting nits when no mapping exists.]
11-05 01:46:19.545 1507 1645 I am_wtf : [0,1507,system_server,-1,DisplayDeviceConfig,requesting nits when no mapping exists.]
11-05 01:46:19.562 1507 1645 I am_wtf : [0,1507,system_server,-1,DisplayDeviceConfig,requesting nits when no mapping exists.]
11-05 01:46:19.566 1507 1645 I am_wtf : [0,1507,system_server,-1,DisplayDeviceConfig,requesting nits when no mapping exists.]
11-05 01:46:19.579 1507 1645 I am_wtf : [0,1507,system_server,-1,DisplayDeviceConfig,requesting nits when no mapping exists.]
11-05 01:46:19.580 1507 1645 I am_wtf : [0,1507,system_server,-1,DisplayDeviceConfig,requesting nits when no mapping exists.]
11-05 01:46:19.595 1507 1645 I am_wtf : [0,1507,system_server,-1,DisplayDeviceConfig,requesting nits when no mapping exists.]
11-05 01:46:19.596 1507 1645 I am_wtf : [0,1507,system_server,-1,DisplayDeviceConfig,requesting nits when no mapping exists.]
11-05 01:46:19.612 1507 1645 I am_wtf : [0,1507,system_server,-1,DisplayDeviceConfig,requesting nits when no mapping exists.]
11-05 01:46:19.613 1507 1645 I am_wtf : [0,1507,system_server,-1,DisplayDeviceConfig,requesting nits when no mapping exists.]
11-05 01:46:19.628 1507 1645 I am_wtf : [0,1507,system_server,-1,DisplayDeviceConfig,requesting nits when no mapping exists.]
11-05 01:46:19.629 1507 1645 I am_wtf : [0,1507,system_server,-1,DisplayDeviceConfig,requesting nits when no mapping exists.]
11-05 01:46:19.644 1507 1645 I am_wtf : [0,1507,system_server,-1,DisplayDeviceConfig,requesting nits when no mapping exists.]
11-05 01:46:19.646 1507 1645 I am_wtf : [0,1507,system_server,-1,DisplayDeviceConfig,requesting nits when no mapping exists.]
11-05 01:46:19.662 1507 1645 I am_wtf : [0,1507,system_server,-1,DisplayDeviceConfig,requesting nits when no mapping exists.]
11-05 01:46:19.664 1507 1645 I am_wtf : [0,1507,system_server,-1,DisplayDeviceConfig,requesting nits when no mapping exists.]
11-05 01:46:19.683 1507 1645 I am_wtf : [0,1507,system_server,-1,DisplayDeviceConfig,requesting nits when no mapping exists.]
11-05 01:46:19.685 1507 1645 I am_wtf : [0,1507,system_server,-1,DisplayDeviceConfig,requesting nits when no mapping exists.]
11-05 01:46:19.695 1507 1645 I am_wtf : [0,1507,system_server,-1,DisplayDeviceConfig,requesting nits when no mapping exists.]
11-05 01:46:19.698 1507 1645 I am_wtf : [0,1507,system_server,-1,DisplayDeviceConfig,requesting nits when no mapping exists.]
11-05 01:46:19.714 1507 1645 I am_wtf : [0,1507,system_server,-1,DisplayDeviceConfig,requesting nits when no mapping exists.]
11-05 01:46:19.716 1507 1645 I am_wtf : [0,1507,system_server,-1,DisplayDeviceConfig,requesting nits when no mapping exists.]
11-05 01:46:19.729 1507 1645 I am_wtf : [0,1507,system_server,-1,DisplayDeviceConfig,requesting nits when no mapping exists.]
11-05 01:46:19.731 1507 1645 I am_wtf : [0,1507,system_server,-1,DisplayDeviceConfig,requesting nits when no mapping exists.]
11-05 01:46:19.745 1507 1645 I am_wtf : [0,1507,system_server,-1,DisplayDeviceConfig,requesting nits when no mapping exists.]
11-05 01:46:19.746 1507 1645 I am_wtf : [0,1507,system_server,-1,DisplayDeviceConfig,requesting nits when no mapping exists.]
11-05 01:46:19.762 1507 1645 I am_wtf : [0,1507,system_server,-1,DisplayDeviceConfig,requesting nits when no mapping exists.]
11-05 01:46:19.763 1507 1645 I am_wtf : [0,1507,system_server,-1,DisplayDeviceConfig,requesting nits when no mapping exists.]
11-05 01:46:19.779 1507 1645 I am_wtf : [0,1507,system_server,-1,DisplayDeviceConfig,requesting nits when no mapping exists.]
11-05 01:46:19.780 1507 1645 I am_wtf : [0,1507,system_server,-1,DisplayDeviceConfig,requesting nits when no mapping exists.]
11-05 01:46:19.796 1507 1645 I am_wtf : [0,1507,system_server,-1,DisplayDeviceConfig,requesting nits when no mapping exists.]
11-05 01:46:19.797 1507 1645 I am_wtf : [0,1507,system_server,-1,DisplayDeviceConfig,requesting nits when no mapping exists.]
11-05 01:46:19.813 1507 1645 I am_wtf : [0,1507,system_server,-1,DisplayDeviceConfig,requesting nits when no mapping exists.]
11-05 01:46:19.814 1507 1645 I am_wtf : [0,1507,system_server,-1,DisplayDeviceConfig,requesting nits when no mapping exists.]
11-05 01:46:19.828 1507 1645 I am_wtf : [0,1507,system_server,-1,DisplayDeviceConfig,requesting nits when no mapping exists.]
11-05 01:46:19.829 1507 1645 I am_wtf : [0,1507,system_server,-1,DisplayDeviceConfig,requesting nits when no mapping exists.]
11-05 01:46:19.846 1507 1645 I am_wtf : [0,1507,system_server,-1,DisplayDeviceConfig,requesting nits when no mapping exists.]
11-05 01:46:19.846 1507 1645 I service_manager_stats: [100,62,6953]
11-05 01:46:19.847 1507 1645 I am_wtf : [0,1507,system_server,-1,DisplayDeviceConfig,requesting nits when no mapping exists.]
11-05 01:46:19.861 1507 1645 I am_wtf : [0,1507,system_server,-1,DisplayDeviceConfig,requesting nits when no mapping exists.]
11-05 01:46:19.862 1507 1645 I am_wtf : [0,1507,system_server,-1,DisplayDeviceConfig,requesting nits when no mapping exists.]
11-05 01:46:19.866 1507 1628 I wm_stop_activity: [0,173547019,com.android.deskclock/.DeskClock]
11-05 01:46:19.880 5990 5990 I wm_on_stop_called: [173547019,com.android.deskclock.DeskClock,STOP_ACTIVITY_ITEM]
11-05 01:46:19.881 1507 1645 I am_wtf : [0,1507,system_server,-1,DisplayDeviceConfig,requesting nits when no mapping exists.]
11-05 01:46:19.884 1507 1645 I am_wtf : [0,1507,system_server,-1,DisplayDeviceConfig,requesting nits when no mapping exists.]
11-05 01:46:19.894 1507 1645 I am_wtf : [0,1507,system_server,-1,DisplayDeviceConfig,requesting nits when no mapping exists.]
11-05 01:46:19.904 1507 1645 I am_wtf : [0,1507,system_server,-1,DisplayDeviceConfig,requesting nits when no mapping exists.]
11-05 01:46:19.915 1507 1645 I am_wtf : [0,1507,system_server,-1,DisplayDeviceConfig,requesting nits when no mapping exists.]
11-05 01:46:19.916 1507 1645 I am_wtf : [0,1507,system_server,-1,DisplayDeviceConfig,requesting nits when no mapping exists.]
11-05 01:46:19.929 1507 1645 I am_wtf : [0,1507,system_server,-1,DisplayDeviceConfig,requesting nits when no mapping exists.]
11-05 01:46:19.930 1507 1645 I am_wtf : [0,1507,system_server,-1,DisplayDeviceConfig,requesting nits when no mapping exists.]
11-05 01:46:19.942 1507 1645 I am_wtf : [0,1507,system_server,-1,DisplayDeviceConfig,requesting nits when no mapping exists.]
11-05 01:46:19.943 1507 1645 I am_wtf : [0,1507,system_server,-1,DisplayDeviceConfig,requesting nits when no mapping exists.]
11-05 01:46:19.959 1507 1645 I am_wtf : [0,1507,system_server,-1,DisplayDeviceConfig,requesting nits when no mapping exists.]
11-05 01:46:19.960 1507 1645 I am_wtf : [0,1507,system_server,-1,DisplayDeviceConfig,requesting nits when no mapping exists.]
11-05 01:46:19.976 1507 1645 I am_wtf : [0,1507,system_server,-1,DisplayDeviceConfig,requesting nits when no mapping exists.]
11-05 01:46:19.977 1507 1645 I am_wtf : [0,1507,system_server,-1,DisplayDeviceConfig,requesting nits when no mapping exists.]
11-05 01:46:19.992 1507 1645 I am_wtf : [0,1507,system_server,-1,DisplayDeviceConfig,requesting nits when no mapping exists.]
11-05 01:46:19.993 1507 1645 I am_wtf : [0,1507,system_server,-1,DisplayDeviceConfig,requesting nits when no mapping exists.]
11-05 01:46:20.009 1507 1645 I am_wtf : [0,1507,system_server,-1,DisplayDeviceConfig,requesting nits when no mapping exists.]
11-05 01:46:20.011 1507 1645 I am_wtf : [0,1507,system_server,-1,DisplayDeviceConfig,requesting nits when no mapping exists.]
11-05 01:46:20.025 1507 1645 I am_wtf : [0,1507,system_server,-1,DisplayDeviceConfig,requesting nits when no mapping exists.]
11-05 01:46:20.028 1507 1645 I am_wtf : [0,1507,system_server,-1,DisplayDeviceConfig,requesting nits when no mapping exists.]
11-05 01:46:20.044 1507 1645 I am_wtf : [0,1507,system_server,-1,DisplayDeviceConfig,requesting nits when no mapping exists.]
11-05 01:46:20.045 1507 1645 I am_wtf : [0,1507,system_server,-1,DisplayDeviceConfig,requesting nits when no mapping exists.]
11-05 01:46:20.059 1507 1645 I am_wtf : [0,1507,system_server,-1,DisplayDeviceConfig,requesting nits when no mapping exists.]
11-05 01:46:20.061 1507 1645 I am_wtf : [0,1507,system_server,-1,DisplayDeviceConfig,requesting nits when no mapping exists.]
11-05 01:46:20.077 1507 1645 I am_wtf : [0,1507,system_server,-1,DisplayDeviceConfig,requesting nits when no mapping exists.]
11-05 01:46:20.077 1507 1645 I am_wtf : [0,1507,system_server,-1,DisplayDeviceConfig,requesting nits when no mapping exists.]
11-05 01:46:20.094 1507 1645 I am_wtf : [0,1507,system_server,-1,DisplayDeviceConfig,requesting nits when no mapping exists.]
11-05 01:46:20.095 1507 1645 I am_wtf : [0,1507,system_server,-1,DisplayDeviceConfig,requesting nits when no mapping exists.]
11-05 01:46:20.110 1507 1645 I am_wtf : [0,1507,system_server,-1,DisplayDeviceConfig,requesting nits when no mapping exists.]
11-05 01:46:20.110 1507 1645 I am_wtf : [0,1507,system_server,-1,DisplayDeviceConfig,requesting nits when no mapping exists.]
11-05 01:46:20.126 1507 1645 I am_wtf : [0,1507,system_server,-1,DisplayDeviceConfig,requesting nits when no mapping exists.]
11-05 01:46:20.127 1507 1645 I am_wtf : [0,1507,system_server,-1,DisplayDeviceConfig,requesting nits when no mapping exists.]
11-05 01:46:20.143 1507 1645 I am_wtf : [0,1507,system_server,-1,DisplayDeviceConfig,requesting nits when no mapping exists.]
11-05 01:46:20.144 1507 1645 I am_wtf : [0,1507,system_server,-1,DisplayDeviceConfig,requesting nits when no mapping exists.]
11-05 01:46:20.160 1507 1645 I am_wtf : [0,1507,system_server,-1,DisplayDeviceConfig,requesting nits when no mapping exists.]
11-05 01:46:20.161 1507 1645 I am_wtf : [0,1507,system_server,-1,DisplayDeviceConfig,requesting nits when no mapping exists.]
11-05 01:46:20.177 1507 1645 I am_wtf : [0,1507,system_server,-1,DisplayDeviceConfig,requesting nits when no mapping exists.]
11-05 01:46:20.179 1507 1645 I am_wtf : [0,1507,system_server,-1,DisplayDeviceConfig,requesting nits when no mapping exists.]
11-05 01:46:20.197 1507 1645 I am_wtf : [0,1507,system_server,-1,DisplayDeviceConfig,requesting nits when no mapping exists.]
11-05 01:46:20.198 1507 1645 I am_wtf : [0,1507,system_server,-1,DisplayDeviceConfig,requesting nits when no mapping exists.]
11-05 01:46:20.220 1507 1645 I am_wtf : [0,1507,system_server,-1,DisplayDeviceConfig,requesting nits when no mapping exists.]
11-05 01:46:20.222 1507 1645 I am_wtf : [0,1507,system_server,-1,DisplayDeviceConfig,requesting nits when no mapping exists.]
11-05 01:46:20.230 1507 1645 I am_wtf : [0,1507,system_server,-1,DisplayDeviceConfig,requesting nits when no mapping exists.]
11-05 01:46:20.234 1507 1645 I am_wtf : [0,1507,system_server,-1,DisplayDeviceConfig,requesting nits when no mapping exists.]
11-05 01:46:20.253 1507 1645 I am_wtf : [0,1507,system_server,-1,DisplayDeviceConfig,requesting nits when no mapping exists.]
11-05 01:46:20.254 1507 1645 I am_wtf : [0,1507,system_server,-1,DisplayDeviceConfig,requesting nits when no mapping exists.]
11-05 01:46:20.262 1507 1645 I am_wtf : [0,1507,system_server,-1,DisplayDeviceConfig,requesting nits when no mapping exists.]
11-05 01:46:20.263 1507 1645 I am_wtf : [0,1507,system_server,-1,DisplayDeviceConfig,requesting nits when no mapping exists.]
11-05 01:46:20.288 1507 1645 I am_wtf : [0,1507,system_server,-1,DisplayDeviceConfig,requesting nits when no mapping exists.]
11-05 01:46:20.289 1507 1645 I am_wtf : [0,1507,system_server,-1,DisplayDeviceConfig,requesting nits when no mapping exists.]
11-05 01:46:20.295 1507 1645 I am_wtf : [0,1507,system_server,-1,DisplayDeviceConfig,requesting nits when no mapping exists.]
11-05 01:46:20.296 1507 1645 I am_wtf : [0,1507,system_server,-1,DisplayDeviceConfig,requesting nits when no mapping exists.]
11-05 01:46:20.310 1507 1645 I am_wtf : [0,1507,system_server,-1,DisplayDeviceConfig,requesting nits when no mapping exists.]
11-05 01:46:20.312 1507 1645 I am_wtf : [0,1507,system_server,-1,DisplayDeviceConfig,requesting nits when no mapping exists.]
11-05 01:46:20.328 1507 1645 I am_wtf : [0,1507,system_server,-1,DisplayDeviceConfig,requesting nits when no mapping exists.]
11-05 01:46:20.328 1507 1645 I am_wtf : [0,1507,system_server,-1,DisplayDeviceConfig,requesting nits when no mapping exists.]
11-05 01:47:19.887 1507 1645 I am_uid_idle: 10065
11-05 01:47:25.988 1507 1645 I am_uid_idle: 10062
11-05 01:47:37.321 1507 2002 I input_interaction: Interaction with: d2f45a5 com.thundercomm.screensaver/android.service.dreams.DreamActivity (server), edge-swipe (server), swipe-up (server), PointerEventDispatcher0 (server),
11-05 01:47:37.325 1507 2721 I wm_finish_activity: [0,147739625,81,com.thundercomm.screensaver/android.service.dreams.DreamActivity,finish-activity]
11-05 01:47:37.326 1507 2721 I wm_task_moved: [76,1,11]
11-05 01:47:37.326 1507 2721 I wm_task_to_front: [0,76]
11-05 01:47:37.327 1507 2721 I wm_focused_root_task: [0,0,76,81,finish-top adjustFocusToNextFocusableTask]
11-05 01:47:37.329 1507 2721 I wm_pause_activity: [0,147739625,com.thundercomm.screensaver/android.service.dreams.DreamActivity,userLeaving=false,finish]
11-05 01:47:37.336 1507 1628 I sysui_multi_action: [757,803,799,window_time_0,802,78]
11-05 01:47:37.342 7669 7669 I wm_on_top_resumed_lost_called: [147739625,android.service.dreams.DreamActivity,topStateChangedWhenResumed]
11-05 01:47:37.342 7669 7669 I wm_on_paused_called: [147739625,android.service.dreams.DreamActivity,performPause]
11-05 01:47:37.343 1507 2721 I wm_add_to_stopping: [0,147739625,com.thundercomm.screensaver/android.service.dreams.DreamActivity,completeFinishing]
11-05 01:47:37.346 1507 2721 I wm_set_resumed_activity: [0,com.android.deskclock/.DeskClock,resumeTopActivityInnerLocked]
11-05 01:47:37.347 1507 2721 I wm_resume_activity: [0,173547019,76,com.android.deskclock/.DeskClock]
11-05 01:47:37.353 1507 1628 I am_uid_active: 10065
11-05 01:47:37.354 1507 1628 I sysui_multi_action: [757,803,799,window_time_0,802,0]
11-05 01:47:37.365 1507 2002 I input_focus: [Focus leaving d2f45a5 com.thundercomm.screensaver/android.service.dreams.DreamActivity (server),reason=NO_WINDOW]
11-05 01:47:37.365 7669 7669 I view_enqueue_input_event: [Motion - Cancel,com.thundercomm.screensaver/android.service.dreams.DreamActivity]
11-05 01:47:37.373 5990 5990 I wm_on_restart_called: [173547019,com.android.deskclock.DeskClock,performRestartActivity]
11-05 01:47:37.380 5990 5990 I wm_on_start_called: [173547019,com.android.deskclock.DeskClock,handleStartActivity]
11-05 01:47:37.381 5990 5990 I wm_on_resume_called: [173547019,com.android.deskclock.DeskClock,RESUME_ACTIVITY]
11-05 01:47:37.384 5990 5990 I wm_on_top_resumed_gained_called: [173547019,com.android.deskclock.DeskClock,topWhenResuming]
11-05 01:47:37.395 1507 1629 I input_focus: [Focus request 560b271 com.android.deskclock/com.android.deskclock.DeskClock,reason=UpdateInputWindows]
11-05 01:47:37.398 1507 1507 I am_uid_active: 10062
11-05 01:47:37.423 1507 2002 I input_interaction: Interaction with: edge-swipe (server), swipe-up (server), PointerEventDispatcher0 (server),
11-05 01:47:37.433 1507 2002 I input_focus: [Focus entering 560b271 com.android.deskclock/com.android.deskclock.DeskClock (server),reason=Window became focusable. Previous reason: NOT_VISIBLE]
11-05 01:47:37.938 1507 1628 I wm_destroy_activity: [0,147739625,81,com.thundercomm.screensaver/android.service.dreams.DreamActivity,finish-imm:idle]
11-05 01:47:37.969 7669 7669 I wm_on_stop_called: [147739625,android.service.dreams.DreamActivity,LIFECYCLER_STOP_ACTIVITY]
11-05 01:47:37.970 7669 7669 I wm_on_destroy_called: [147739625,android.service.dreams.DreamActivity,performDestroy]
11-05 01:47:37.973 1507 1625 I sysui_multi_action: [757,222,758,2]
11-05 01:47:37.973 1507 1625 I sysui_multi_action: [757,804,799,dreaming_minutes,801,1,802,1]
11-05 01:47:37.986 1507 2438 I wm_task_removed: [81,removeChild:removeChild last r=ActivityRecord{8ce53e9 u0 com.thundercomm.screensaver/android.service.dreams.DreamActivity t-1 f}} in t=Task{811d92a #81 type=dream A=10043:android:com.thundercomm.screensaver/dream U=0 visible=false mode=fullscreen translucent=true sz=0}]
11-05 01:47:37.986 1507 2438 I wm_task_removed: [81,removeChild]
11-05 01:47:40.044 1507 2002 I input_interaction: Interaction with: 560b271 com.android.deskclock/com.android.deskclock.DeskClock (server), edge-swipe (server), swipe-up (server), PointerEventDispatcher0 (server),
11-05 01:47:40.061 1507 4740 I wm_task_moved: [1,0,0]
11-05 01:47:40.062 1507 4740 I wm_task_moved: [1,0,10]
11-05 01:47:40.095 2835 2835 I wm_on_restart_called: [94458931,com.android.launcher3.uioverrides.QuickstepLauncher,performRestartActivity]
11-05 01:47:40.114 2835 2835 I wm_on_start_called: [94458931,com.android.launcher3.uioverrides.QuickstepLauncher,handleStartActivity]
11-05 01:47:40.141 5990 5990 I view_enqueue_input_event: [Motion - Cancel,com.android.deskclock/com.android.deskclock.DeskClock]
11-05 01:47:40.142 2835 2835 I sysui_latency: [1,82]
11-05 01:47:40.143 1507 2002 I input_interaction: Interaction with: edge-swipe (server), swipe-up (server), PointerEventDispatcher0 (server),
11-05 01:47:40.143 1507 1629 I input_focus: [Focus request recents_animation_input_consumer,reason=UpdateInputWindows]
11-05 01:47:40.157 1507 2002 I input_focus: [Focus leaving 560b271 com.android.deskclock/com.android.deskclock.DeskClock (server),reason=NOT_FOCUSABLE]
11-05 01:47:40.157 1507 1625 I sysui_multi_action: [319,7,322,84,325,2134,757,761,758,9,759,5,806,com.android.launcher3,871,com.android.launcher3.uioverrides.QuickstepLauncher,905,0,1320,4,1321,1]
11-05 01:47:40.159 1507 2002 I input_focus: [Focus entering recents_animation_input_consumer (server),reason=setFocusedWindow]
11-05 01:47:40.302 1507 1751 I commit_sys_config_file: [settings-1-0,4]
11-05 01:47:40.449 1507 1642 I sysui_latency: [8,96]
11-05 01:47:40.607 1507 1751 I commit_sys_config_file: [settings-1-0,15]
11-05 01:47:41.064 1507 2725 I wm_task_moved: [1,1,11]
11-05 01:47:41.068 1507 2725 I wm_task_moved: [10,1,2147483647]
11-05 01:47:41.068 1507 2725 I wm_task_to_front: [0,10]
11-05 01:47:41.068 1507 2725 I wm_focused_root_task: [0,0,1,76,RecentsAnimation.onAnimationFinished()]
11-05 01:47:41.068 1507 2725 I wm_set_resumed_activity: [0,com.android.launcher3/.uioverrides.QuickstepLauncher,RecentsAnimation.onAnimationFinished()]
11-05 01:47:41.068 5990 5990 I wm_on_top_resumed_lost_called: [173547019,com.android.deskclock.DeskClock,topStateChangedWhenResumed]
11-05 01:47:41.073 1507 2725 I wm_pause_activity: [0,173547019,com.android.deskclock/.DeskClock,userLeaving=true,pauseBackTasks]
11-05 01:47:41.074 1507 2725 I wm_add_to_stopping: [0,173547019,com.android.deskclock/.DeskClock,makeInvisible]
11-05 01:47:41.075 1507 2725 I wm_set_resumed_activity: [0,com.android.launcher3/.uioverrides.QuickstepLauncher,resumeTopActivityInnerLocked]
11-05 01:47:41.076 1507 2725 I wm_resume_activity: [0,94458931,10,com.android.launcher3/.uioverrides.QuickstepLauncher]
11-05 01:47:41.077 2835 2835 I wm_on_resume_called: [94458931,com.android.launcher3.uioverrides.QuickstepLauncher,RESUME_ACTIVITY]
11-05 01:47:41.082 1507 1628 I wm_stop_activity: [0,173547019,com.android.deskclock/.DeskClock]
11-05 01:47:41.082 1507 1628 I sysui_multi_action: [757,803,799,window_time_0,802,4]
11-05 01:47:41.085 1507 1629 I input_focus: [Focus request 2395a3e com.android.launcher3/com.android.launcher3.uioverrides.QuickstepLauncher,reason=UpdateInputWindows]
11-05 01:47:41.087 2835 2835 I wm_on_top_resumed_gained_called: [94458931,com.android.launcher3.uioverrides.QuickstepLauncher,topStateChangedWhenResumed]
11-05 01:47:41.088 5990 5990 I wm_on_paused_called: [173547019,com.android.deskclock.DeskClock,performPause]
11-05 01:47:41.090 5990 5990 I wm_on_stop_called: [173547019,com.android.deskclock.DeskClock,STOP_ACTIVITY_ITEM]
11-05 01:47:41.091 1507 2002 I input_focus: [Focus leaving recents_animation_input_consumer (server),reason=NOT_VISIBLE]
11-05 01:47:41.091 1507 2002 I input_focus: [Focus entering 2395a3e com.android.launcher3/com.android.launcher3.uioverrides.QuickstepLauncher (server),reason=setFocusedWindow]
11-05 01:47:41.099 1507 1628 I sysui_multi_action: [757,803,799,window_time_0,802,0]
11-05 01:48:04.473 1507 2002 I input_interaction: Interaction with: 2395a3e com.android.launcher3/com.android.launcher3.uioverrides.QuickstepLauncher (server), ef1bc93 com.android.systemui.ImageWallpaper (server), edge-swipe (server), swipe-up (server), PointerEventDispatcher0 (server),
11-05 01:48:04.775 1507 1751 I commit_sys_config_file: [settings-1-0,9]
11-05 01:48:05.437 1507 2721 I wm_task_moved: [76,1,11]
11-05 01:48:05.437 1507 2721 I wm_task_to_front: [0,76]
11-05 01:48:05.438 1507 2721 I wm_focused_root_task: [0,0,76,1,bringingFoundTaskToFront]
11-05 01:48:05.439 1507 2721 I wm_set_resumed_activity: [0,com.android.deskclock/.DeskClock,bringingFoundTaskToFront]
11-05 01:48:05.440 1507 2721 I wm_new_intent: [0,173547019,76,com.android.deskclock/.DeskClock,android.intent.action.MAIN,NULL,NULL,270532608]
11-05 01:48:05.445 1507 2721 I wm_pause_activity: [0,94458931,com.android.launcher3/.uioverrides.QuickstepLauncher,userLeaving=true,pauseBackTasks]
11-05 01:48:05.459 2835 2835 I wm_on_top_resumed_lost_called: [94458931,com.android.launcher3.uioverrides.QuickstepLauncher,topStateChangedWhenResumed]
11-05 01:48:05.464 2835 2835 I wm_on_paused_called: [94458931,com.android.launcher3.uioverrides.QuickstepLauncher,performPause]
11-05 01:48:05.468 1507 2438 I wm_set_resumed_activity: [0,com.android.deskclock/.DeskClock,resumeTopActivityInnerLocked]
