11-05 01:56:15.112 1507 1507 I notification_enqueue: [10090,10275,com.android.music,1,NULL,0,Notification(channel=Channel-music shortcut=null contentView=null vibrate=null sound=null defaults=0x0 flags=0x40 color=0x00000000 category=transport actions=3 vis=PRIVATE),0]
11-05 01:56:15.113 1507 1507 I notification_enqueue: [10090,10275,com.android.music,1,NULL,0,Notification(channel=Channel-music shortcut=null contentView=null vibrate=null sound=null defaults=0x0 flags=0x40 color=0x00000000 category=transport actions=3 vis=PRIVATE),0]
11-05 01:56:15.122 1507 1629 I input_focus: [Focus request 51b436e com.android.music/com.android.music.MusicBrowserActivity,reason=UpdateInputWindows]
11-05 01:56:15.157 1507 1507 I sysui_multi_action: [757,128,758,5,759,8,793,64,794,0,795,64,796,1,806,com.android.music,857,Channel-music,858,2,947,0,1500,64,1641,transport,1688,1,1745,1043716538]
11-05 01:56:15.158 1507 1507 I notification_canceled: [0|com.android.music|1|null|10090,8,64,64,0,-1,-1,NULL]
11-05 01:56:15.160 1507 1625 I sysui_multi_action: [319,79,321,75,322,206,325,2649,757,761,758,8,759,1,806,com.android.music,871,com.android.music.MusicBrowserActivity,904,com.android.launcher3,905,0,1320,4,1321,1]
11-05 01:56:15.160 1507 2002 I input_focus: [Focus entering 51b436e com.android.music/com.android.music.MusicBrowserActivity (server),reason=Window became focusable. Previous reason: NOT_VISIBLE]
11-05 01:56:15.161 1507 1625 I wm_activity_launch_time: [0,146596443,com.android.music/.MusicBrowserActivity,206]
11-05 01:56:15.346 1507 1627 I commit_sys_config_file: [notification-policy,2625660]
11-05 01:56:15.588 1507 1628 I wm_stop_activity: [0,94458931,com.android.launcher3/.uioverrides.QuickstepLauncher]
11-05 01:56:15.630 2835 2835 I wm_on_stop_called: [94458931,com.android.launcher3.uioverrides.QuickstepLauncher,STOP_ACTIVITY_ITEM]
11-05 01:56:16.242 1507 2002 I input_interaction: Interaction with: 51b436e com.android.music/com.android.music.MusicBrowserActivity (server), edge-swipe (server), swipe-up (server), PointerEventDispatcher0 (server),
11-05 01:56:17.219 1507 1507 I service_manager_stats: [100,84,84866]
11-05 01:56:17.285 1507 1507 I notification_enqueue: [10090,10275,com.android.music,1,NULL,0,Notification(channel=Channel-music shortcut=null contentView=null vibrate=null sound=null defaults=0x0 flags=0x40 color=0x00000000 category=transport actions=3 vis=PRIVATE),0]
11-05 01:56:17.287 1507 1507 I notification_enqueue: [10090,10275,com.android.music,1,NULL,0,Notification(channel=Channel-music shortcut=null contentView=null vibrate=null sound=null defaults=0x0 flags=0x40 color=0x00000000 category=transport actions=3 vis=PRIVATE),0]
11-05 01:56:17.487 1507 1507 I sysui_multi_action: [757,1501,758,1,793,203,794,0,795,203,796,1,806,com.android.music,857,Channel-music,858,2,947,0,1500,0,1641,transport,1688,1,1745,1043716538]
11-05 01:56:17.488 1507 1507 I sysui_multi_action: [757,804,799,note_interruptive,801,0,802,1]
11-05 01:56:17.544 1507 1507 I sysui_multi_action: [757,128,758,5,759,8,793,210685,794,0,795,210685,796,1,797,empty_media,806,com.android.systemui,857,empty_media_style_id,858,4,947,0,1500,210483,1641,transport,1688,1,1745,1043716538]
11-05 01:56:17.544 1507 1507 I notification_canceled: [0|com.android.systemui|1|empty_media|10081,8,210685,210685,0,-1,-1,NULL]
11-05 01:56:18.531 1507 1507 I notification_enqueue: [10090,10275,com.android.music,1,NULL,0,Notification(channel=Channel-music shortcut=null contentView=null vibrate=null sound=null defaults=0x0 flags=0x62 color=0x00000000 category=transport actions=3 vis=PRIVATE),1]
11-05 01:56:18.681 1507 1507 I notification_enqueue: [10090,10275,com.android.music,1,NULL,0,Notification(channel=Channel-music shortcut=null contentView=null vibrate=null sound=null defaults=0x0 flags=0x2 color=0x00000000 category=transport actions=3 vis=PRIVATE),1]
11-05 01:56:18.855 1507 1751 I commit_sys_config_file: [settings-2-0,6]
11-05 01:56:18.882 1507 1507 I sysui_multi_action: [757,1501,758,1,793,1595,794,0,795,201,796,1,806,com.android.music,857,Channel-music,858,2,947,0,1500,0,1641,transport,1688,1,1745,1043716538]
11-05 01:56:18.882 1507 1507 I sysui_multi_action: [757,804,799,note_interruptive,801,0,802,1]
11-05 01:56:20.689 1507 3592 I wm_task_moved: [1,0,0]
11-05 01:56:20.689 1507 3592 I wm_task_moved: [1,0,6]
11-05 01:56:20.704 10275 10275 I view_enqueue_input_event: [Motion - Cancel,com.android.music/com.android.music.MusicBrowserActivity]
11-05 01:56:20.709 2835 2835 I wm_on_restart_called: [94458931,com.android.launcher3.uioverrides.QuickstepLauncher,performRestartActivity]
11-05 01:56:20.710 1507 1629 I input_focus: [Focus request recents_animation_input_consumer,reason=UpdateInputWindows]
11-05 01:56:20.712 1507 2002 I input_interaction: Interaction with: edge-swipe (server), swipe-up (server), PointerEventDispatcher0 (server),
11-05 01:56:20.734 2835 2835 I wm_on_start_called: [94458931,com.android.launcher3.uioverrides.QuickstepLauncher,handleStartActivity]
11-05 01:56:20.738 1507 2002 I input_focus: [Focus leaving 51b436e com.android.music/com.android.music.MusicBrowserActivity (server),reason=NOT_FOCUSABLE]
11-05 01:56:20.739 1507 2002 I input_focus: [Focus entering recents_animation_input_consumer (server),reason=setFocusedWindow]
11-05 01:56:20.743 2835 2835 I sysui_latency: [1,85]
11-05 01:56:20.761 1507 1625 I sysui_multi_action: [319,12,322,61,325,2655,757,761,758,9,759,5,806,com.android.launcher3,871,com.android.launcher3.uioverrides.QuickstepLauncher,905,0,1320,4,1321,1]
11-05 01:56:20.939 1507 1751 I commit_sys_config_file: [settings-1-0,6]
11-05 01:56:21.051 1507 1642 I sysui_latency: [8,83]
11-05 01:56:21.163 1507 1594 I wm_task_moved: [1,0,6]
11-05 01:56:21.164 1507 1594 I wm_add_to_stopping: [0,94458931,com.android.launcher3/.uioverrides.QuickstepLauncher,makeInvisible]
11-05 01:56:21.171 1507 1629 I input_focus: [Focus request 51b436e com.android.music/com.android.music.MusicBrowserActivity,reason=UpdateInputWindows]
11-05 01:56:21.173 1507 1628 I wm_stop_activity: [0,94458931,com.android.launcher3/.uioverrides.QuickstepLauncher]
11-05 01:56:21.178 1507 2002 I input_focus: [Focus leaving recents_animation_input_consumer (server),reason=NOT_VISIBLE]
11-05 01:56:21.179 1507 2002 I input_focus: [Focus entering 51b436e com.android.music/com.android.music.MusicBrowserActivity (server),reason=setFocusedWindow]
11-05 01:56:21.222 2835 2835 I wm_on_stop_called: [94458931,com.android.launcher3.uioverrides.QuickstepLauncher,STOP_ACTIVITY_ITEM]
11-05 01:56:21.419 1507 1751 I commit_sys_config_file: [settings-1-0,5]
11-05 01:56:22.124 1507 2002 I input_interaction: Interaction with: 51b436e com.android.music/com.android.music.MusicBrowserActivity (server), edge-swipe (server), swipe-up (server), PointerEventDispatcher0 (server),
11-05 01:56:24.914 1507 1594 I wm_task_moved: [1,0,0]
11-05 01:56:24.915 1507 1594 I wm_task_moved: [1,0,6]
11-05 01:56:24.931 2835 2835 I wm_on_restart_called: [94458931,com.android.launcher3.uioverrides.QuickstepLauncher,performRestartActivity]
11-05 01:56:24.955 2835 2835 I wm_on_start_called: [94458931,com.android.launcher3.uioverrides.QuickstepLauncher,handleStartActivity]
11-05 01:56:24.972 1507 1625 I sysui_multi_action: [319,10,322,52,325,2659,757,761,758,9,759,5,806,com.android.launcher3,871,com.android.launcher3.uioverrides.QuickstepLauncher,905,0,1320,4,1321,1]
11-05 01:56:24.994 10275 10275 I view_enqueue_input_event: [Motion - Cancel,com.android.music/com.android.music.MusicBrowserActivity]
11-05 01:56:24.995 2835 2835 I sysui_latency: [1,67]
11-05 01:56:25.001 1507 1629 I input_focus: [Focus request recents_animation_input_consumer,reason=UpdateInputWindows]
11-05 01:56:25.005 1507 2002 I input_interaction: Interaction with: edge-swipe (server), swipe-up (server), PointerEventDispatcher0 (server),
11-05 01:56:25.032 1507 2002 I input_focus: [Focus leaving 51b436e com.android.music/com.android.music.MusicBrowserActivity (server),reason=NOT_FOCUSABLE]
11-05 01:56:25.036 1507 2002 I input_focus: [Focus entering recents_animation_input_consumer (server),reason=setFocusedWindow]
11-05 01:56:25.157 1507 1751 I commit_sys_config_file: [settings-1-0,4]
11-05 01:56:25.269 1507 1642 I sysui_latency: [8,64]
11-05 01:56:25.898 1507 1751 I commit_sys_config_file: [settings-1-0,4]
11-05 01:56:26.265 1507 2002 I input_interaction: Interaction with: 2395a3e com.android.launcher3/com.android.launcher3.uioverrides.QuickstepLauncher (server), edge-swipe (server), swipe-up (server), PointerEventDispatcher0 (server),
11-05 01:56:26.672 1507 4740 I wm_task_moved: [1,1,7]
11-05 01:56:26.677 1507 4740 I wm_focused_root_task: [0,0,1,97,RecentsAnimation.onAnimationFinished()]
11-05 01:56:26.679 1507 4740 I wm_pause_activity: [0,146596443,com.android.music/.MusicBrowserActivity,userLeaving=false,pauseBackTasks]
11-05 01:56:26.682 1507 4740 I wm_set_resumed_activity: [0,com.android.launcher3/.uioverrides.QuickstepLauncher,resumeTopActivityInnerLocked]
11-05 01:56:26.686 1507 4740 I wm_resume_activity: [0,94458931,10,com.android.launcher3/.uioverrides.QuickstepLauncher]
11-05 01:56:26.687 1507 4740 I wm_add_to_stopping: [0,146596443,com.android.music/.MusicBrowserActivity,makeInvisible]
11-05 01:56:26.694 10275 10275 I wm_on_top_resumed_lost_called: [146596443,com.android.music.MusicBrowserActivity,topStateChangedWhenResumed]
11-05 01:56:26.701 1507 1629 I input_focus: [Focus request 2395a3e com.android.launcher3/com.android.launcher3.uioverrides.QuickstepLauncher,reason=UpdateInputWindows]
11-05 01:56:26.705 1507 2002 I input_focus: [Focus leaving recents_animation_input_consumer (server),reason=NOT_VISIBLE]
11-05 01:56:26.705 1507 1628 I sysui_multi_action: [757,803,799,window_time_0,802,12]
11-05 01:56:26.705 10275 10275 I wm_on_paused_called: [146596443,com.android.music.MusicBrowserActivity,performPause]
11-05 01:56:26.714 1507 1628 I wm_stop_activity: [0,146596443,com.android.music/.MusicBrowserActivity]
11-05 01:56:26.715 1507 1628 I sysui_multi_action: [757,803,799,window_time_0,802,0]
11-05 01:56:26.720 1507 2002 I input_focus: [Focus entering 2395a3e com.android.launcher3/com.android.launcher3.uioverrides.QuickstepLauncher (server),reason=setFocusedWindow]
11-05 01:56:26.721 2835 2835 I wm_on_resume_called: [94458931,com.android.launcher3.uioverrides.QuickstepLauncher,RESUME_ACTIVITY]
11-05 01:56:26.722 2835 2835 I wm_on_top_resumed_gained_called: [94458931,com.android.launcher3.uioverrides.QuickstepLauncher,topStateChangedWhenResumed]
11-05 01:56:26.733 10275 10275 I wm_on_stop_called: [146596443,com.android.music.MusicBrowserActivity,STOP_ACTIVITY_ITEM]
11-05 01:56:26.801 1507 1594 I wm_finish_activity: [0,146596443,97,com.android.music/.MusicBrowserActivity,recent-task-trimmed]
11-05 01:56:26.801 1507 1594 I wm_destroy_activity: [0,146596443,97,com.android.music/.MusicBrowserActivity,finish-imm:finishIfPossible]
11-05 01:56:26.806 1507 1628 I sysui_multi_action: [757,803,799,window_time_0,802,0]
11-05 01:56:26.812 10275 10275 I wm_on_destroy_called: [146596443,com.android.music.MusicBrowserActivity,performDestroy]
11-05 01:56:26.824 1507 1507 I sysui_multi_action: [757,128,758,5,759,8,793,9537,794,0,795,8143,796,1,806,com.android.music,857,Channel-music,858,2,947,0,1500,7942,1641,transport,1688,1,1745,1043716538]
11-05 01:56:26.824 1507 1507 I notification_canceled: [0|com.android.music|1|null|10090,8,9537,8143,0,-1,-1,NULL]
11-05 01:56:26.826 1507 3592 I am_kill : [0,10275,com.android.music,1001,remove task]
11-05 01:56:26.828 1507 2980 I wm_task_removed: [97,removeChild:removeChild last r=ActivityRecord{8bce25b u0 com.android.music/.MusicBrowserActivity t-1 f}} in t=Task{dacd7c5 #97 type=standard A=10090:android.task.music U=0 visible=false mode=fullscreen translucent=true sz=0}]
11-05 01:56:26.828 1507 2980 I wm_task_removed: [97,removeChild]
11-05 01:56:26.858 1507 1507 I notification_enqueue: [10081,2365,com.android.systemui,1,empty_media,0,Notification(channel=empty_media_style_id shortcut=null contentView=null vibrate=null sound=null defaults=0x0 flags=0x20 color=0x00000000 category=transport actions=3 vis=PRIVATE),0]
11-05 01:56:26.893 1507 2980 I am_proc_died: [0,10275,com.android.music,1001,10]
11-05 01:56:26.895 1507 2980 I am_schedule_service_restart: [0,com.android.music/.MediaPlaybackService,1000]
11-05 01:56:26.895 1507 2980 I am_uid_stopped: 10090
11-05 01:56:26.903 1507 1628 I am_uid_running: 10090
11-05 01:56:26.913 1507 1646 I am_proc_start: [0,10347,10090,com.android.music,NULL,]
11-05 01:56:26.940 1507 7110 I am_proc_bound: [0,10347,com.android.music]
11-05 01:56:26.943 1507 7110 I am_stop_idle_service: [10090,com.android.music/.MediaPlaybackService]
11-05 01:56:27.058 1507 1507 I sysui_multi_action: [757,1501,758,1,793,201,794,0,795,201,796,1,797,empty_media,806,com.android.systemui,857,empty_media_style_id,858,4,947,0,1500,0,1641,transport,1688,1,1745,1043716538]
11-05 01:56:27.059 1507 1507 I sysui_multi_action: [757,804,799,note_interruptive,801,0,802,1]
11-05 01:56:28.524 1507 2002 I input_interaction: Interaction with: 2395a3e com.android.launcher3/com.android.launcher3.uioverrides.QuickstepLauncher (server), ef1bc93 com.android.systemui.ImageWallpaper (server), edge-swipe (server), swipe-up (server), PointerEventDispatcher0 (server),
11-05 01:56:28.816 1507 1751 I commit_sys_config_file: [settings-1-0,6]
11-05 01:56:29.857 1507 6076 I wm_task_created: [98,-1]
11-05 01:56:29.865 1507 6076 I wm_task_moved: [98,1,7]
11-05 01:56:29.865 1507 6076 I wm_task_to_front: [0,98]
11-05 01:56:29.866 1507 6076 I wm_create_task: [0,98]
11-05 01:56:29.866 1507 6076 I wm_create_activity: [0,254116221,98,com.android.documentsui/.LauncherActivity,android.intent.action.MAIN,NULL,NULL,270532608]
11-05 01:56:29.866 1507 6076 I wm_task_moved: [98,1,7]
11-05 01:56:29.870 1507 6076 I wm_pause_activity: [0,94458931,com.android.launcher3/.uioverrides.QuickstepLauncher,userLeaving=true,pauseBackTasks]
11-05 01:56:29.878 2835 2835 I wm_on_top_resumed_lost_called: [94458931,com.android.launcher3.uioverrides.QuickstepLauncher,topStateChangedWhenResumed]
11-05 01:56:29.880 2835 2835 I wm_on_paused_called: [94458931,com.android.launcher3.uioverrides.QuickstepLauncher,performPause]
11-05 01:56:29.885 1507 2980 I wm_restart_activity: [0,254116221,98,com.android.documentsui/.LauncherActivity]
11-05 01:56:29.886 1507 2980 I wm_set_resumed_activity: [0,com.android.documentsui/.LauncherActivity,minimalResumeActivityLocked]
11-05 01:56:29.891 1507 1628 I am_uid_active: 10032
11-05 01:56:29.904 1507 1628 I sysui_multi_action: [757,803,799,window_time_0,802,3]
11-05 01:56:29.914 1507 2980 I wm_task_created: [99,-1]
11-05 01:56:29.916 1507 2980 I wm_task_moved: [99,1,8]
11-05 01:56:29.916 1507 2980 I wm_task_to_front: [0,99]
11-05 01:56:29.917 1507 2980 I wm_create_task: [0,99]
11-05 01:56:29.917 1507 2980 I wm_create_activity: [0,185043487,99,com.android.documentsui/.files.FilesActivity,NULL,NULL,//com.android.documentsui.launchControl,271056896]
11-05 01:56:29.917 1507 2980 I wm_task_moved: [99,1,8]
11-05 01:56:29.919 1507 2980 I wm_pause_activity: [0,254116221,com.android.documentsui/.LauncherActivity,userLeaving=true,pauseBackTasks]
11-05 01:56:29.922 1507 2980 I wm_finish_activity: [0,254116221,98,com.android.documentsui/.LauncherActivity,app-request]
11-05 01:56:29.922 9524 9524 I wm_on_create_called: [254116221,com.android.documentsui.LauncherActivity,performCreate]
11-05 01:56:29.928 1507 5741 I wm_add_to_stopping: [0,254116221,com.android.documentsui/.LauncherActivity,completeFinishing]
11-05 01:56:29.929 1507 5741 I wm_add_to_stopping: [0,94458931,com.android.launcher3/.uioverrides.QuickstepLauncher,makeInvisible]
11-05 01:56:29.930 1507 5741 I wm_restart_activity: [0,185043487,99,com.android.documentsui/.files.FilesActivity]
11-05 01:56:29.931 1507 5741 I wm_set_resumed_activity: [0,com.android.documentsui/.files.FilesActivity,minimalResumeActivityLocked]
11-05 01:56:29.934 1507 1628 I wm_destroy_activity: [0,254116221,98,com.android.documentsui/.LauncherActivity,finish-imm:idle]
11-05 01:56:29.936 1507 1628 I sysui_multi_action: [757,803,799,window_time_0,802,0]
11-05 01:56:29.960 1507 2002 I input_focus: [Focus leaving 2395a3e com.android.launcher3/com.android.launcher3.uioverrides.QuickstepLauncher (server),reason=NO_WINDOW]
11-05 01:56:30.011 9524 9524 I wm_on_create_called: [185043487,com.android.documentsui.files.FilesActivity,performCreate]
11-05 01:56:30.014 9524 9524 I wm_on_start_called: [185043487,com.android.documentsui.files.FilesActivity,handleStartActivity]
11-05 01:56:30.015 9524 9524 I wm_on_resume_called: [185043487,com.android.documentsui.files.FilesActivity,RESUME_ACTIVITY]
11-05 01:56:30.025 1507 7110 I am_uid_running: 10031
11-05 01:56:30.034 9524 9524 I wm_on_top_resumed_gained_called: [185043487,com.android.documentsui.files.FilesActivity,topStateChangedWhenResumed]
11-05 01:56:30.035 9524 9524 I wm_on_destroy_called: [254116221,com.android.documentsui.LauncherActivity,performDestroy]
11-05 01:56:30.036 1507 2980 I wm_task_removed: [98,removeChild:removeChild last r=ActivityRecord{f25817d u0 com.android.documentsui/.LauncherActivity t-1 f}} in t=Task{e24a93b #98 type=standard A=10032:com.android.documentsui U=0 visible=false mode=fullscreen translucent=true sz=0}]
11-05 01:56:30.036 1507 2980 I wm_task_removed: [98,removeChild]
11-05 01:56:30.037 1507 1646 I am_proc_start: [0,10388,10031,com.android.externalstorage,content provider,{com.android.externalstorage/com.android.externalstorage.ExternalStorageProvider}]
11-05 01:56:30.042 1507 7110 I am_uid_running: 10018
11-05 01:56:30.056 1507 1629 I input_focus: [Focus request 43e0d9c com.android.documentsui/com.android.documentsui.files.FilesActivity,reason=UpdateInputWindows]
11-05 01:56:30.060 1507 1646 I am_proc_start: [0,10404,10018,android.process.media,content provider,{com.android.providers.downloads/com.android.providers.downloads.DownloadStorageProvider}]
11-05 01:56:30.067 1507 5741 I am_proc_bound: [0,10388,com.android.externalstorage]
11-05 01:56:30.070 1507 5741 I am_uid_active: 10031
11-05 01:56:30.083 1507 7110 I am_proc_bound: [0,10404,android.process.media]
11-05 01:56:30.092 1507 7110 I am_uid_active: 10018
11-05 01:56:30.114 1507 2002 I input_focus: [Focus entering 43e0d9c com.android.documentsui/com.android.documentsui.files.FilesActivity (server),reason=Window became focusable. Previous reason: NOT_VISIBLE]
11-05 01:56:30.116 1507 1625 I sysui_multi_action: [319,116,321,113,322,261,325,2664,757,761,758,8,759,1,806,com.android.documentsui,871,com.android.documentsui.files.FilesActivity,904,com.android.documentsui,905,0,1320,4,1321,1]
11-05 01:56:30.118 1507 1625 I wm_activity_launch_time: [0,185043487,com.android.documentsui/.files.FilesActivity,261]
11-05 01:56:30.518 1507 1628 I wm_stop_activity: [0,94458931,com.android.launcher3/.uioverrides.QuickstepLauncher]
11-05 01:56:30.560 2835 2835 I wm_on_stop_called: [94458931,com.android.launcher3.uioverrides.QuickstepLauncher,STOP_ACTIVITY_ITEM]
11-05 01:56:31.167 1507 2002 I input_interaction: Interaction with: 43e0d9c com.android.documentsui/com.android.documentsui.files.FilesActivity (server), edge-swipe (server), swipe-up (server), PointerEventDispatcher0 (server),
11-05 01:56:35.935 1507 7110 I wm_task_moved: [99,1,7]
11-05 01:56:35.935 1507 7110 I wm_set_resumed_activity: [0,com.android.documentsui/.files.FilesActivity,positionChildAt]
11-05 01:56:35.937 1507 7110 I wm_create_activity: [0,229492671,99,com.android.music/.AudioPreview,android.intent.action.VIEW,audio/mpeg,content://com.android.externalstorage.documents/document/primary:t/gequ.mp3,545259523]
11-05 01:56:35.940 1507 7110 I wm_pause_activity: [0,185043487,com.android.documentsui/.files.FilesActivity,userLeaving=true,resumeTopActivityInnerLocked]
11-05 01:56:35.946 9524 9524 I wm_on_top_resumed_lost_called: [185043487,com.android.documentsui.files.FilesActivity,topStateChangedWhenResumed]
11-05 01:56:35.951 9524 9524 I wm_on_paused_called: [185043487,com.android.documentsui.files.FilesActivity,performPause]
11-05 01:56:35.957 1507 5741 I wm_restart_activity: [0,229492671,99,com.android.music/.AudioPreview]
11-05 01:56:35.959 1507 5741 I wm_set_resumed_activity: [0,com.android.music/.AudioPreview,minimalResumeActivityLocked]
11-05 01:56:35.960 1507 1628 I am_uid_active: 10090
11-05 01:56:35.973 1507 1628 I sysui_multi_action: [757,803,799,window_time_0,802,6]
11-05 01:56:36.060 10347 10347 I wm_on_create_called: [229492671,com.android.music.AudioPreview,performCreate]
11-05 01:56:36.063 10347 10347 I wm_on_start_called: [229492671,com.android.music.AudioPreview,handleStartActivity]
11-05 01:56:36.064 10347 10347 I wm_on_resume_called: [229492671,com.android.music.AudioPreview,RESUME_ACTIVITY]
11-05 01:56:36.076 10347 10347 I wm_on_top_resumed_gained_called: [229492671,com.android.music.AudioPreview,topStateChangedWhenResumed]
11-05 01:56:36.087 1507 1629 I input_focus: [Focus request 85692bc com.android.music/com.android.music.AudioPreview,reason=UpdateInputWindows]
11-05 01:56:36.114 1507 2002 I input_focus: [Focus leaving 43e0d9c com.android.documentsui/com.android.documentsui.files.FilesActivity (server),reason=Waiting for window because NOT_VISIBLE]
11-05 01:56:36.138 1507 1625 I sysui_multi_action: [319,211,322,210,325,2670,757,761,758,8,759,2,806,com.android.music,871,com.android.music.AudioPreview,904,com.android.documentsui,905,0,1320,4,1321,1]
11-05 01:56:36.140 1507 1625 I wm_activity_launch_time: [0,229492671,com.android.music/.AudioPreview,210]
11-05 01:56:36.147 1507 2002 I input_focus: [Focus entering 85692bc com.android.music/com.android.music.AudioPreview (server),reason=Window became focusable. Previous reason: NOT_VISIBLE]
11-05 01:56:37.280 1507 2002 I input_interaction: Interaction with: 85692bc com.android.music/com.android.music.AudioPreview (server), edge-swipe (server), swipe-up (server), PointerEventDispatcher0 (server),
11-05 01:56:37.412 1507 2980 I snet_event_log: [172655291,-1,]
11-05 01:56:39.158 1507 2721 I wm_finish_activity: [0,229492671,99,com.android.music/.AudioPreview,app-request]
11-05 01:56:39.177 1507 2721 I wm_pause_activity: [0,229492671,com.android.music/.AudioPreview,userLeaving=false,finish]
11-05 01:56:39.182 10347 10347 I wm_on_top_resumed_lost_called: [229492671,com.android.music.AudioPreview,topStateChangedWhenResumed]
11-05 01:56:39.184 10347 10347 I wm_on_paused_called: [229492671,com.android.music.AudioPreview,performPause]
11-05 01:56:39.193 1507 2721 I wm_set_resumed_activity: [0,com.android.documentsui/.files.FilesActivity,resumeTopActivityInnerLocked]
11-05 01:56:39.195 1507 2721 I wm_resume_activity: [0,185043487,99,com.android.documentsui/.files.FilesActivity]
11-05 01:56:39.206 1507 1629 I input_focus: [Focus request 43e0d9c com.android.documentsui/com.android.documentsui.files.FilesActivity,reason=UpdateInputWindows]
11-05 01:56:39.207 1507 1628 I sysui_multi_action: [757,803,799,window_time_0,802,3]
11-05 01:56:39.207 9524 9524 I wm_on_resume_called: [185043487,com.android.documentsui.files.FilesActivity,RESUME_ACTIVITY]
11-05 01:56:39.212 9524 9524 I wm_on_top_resumed_gained_called: [185043487,com.android.documentsui.files.FilesActivity,topWhenResuming]
11-05 01:56:39.231 1507 2002 I input_focus: [Focus leaving 85692bc com.android.music/com.android.music.AudioPreview (server),reason=NO_WINDOW]
11-05 01:56:39.231 1507 2002 I input_focus: [Focus entering 43e0d9c com.android.documentsui/com.android.documentsui.files.FilesActivity (server),reason=setFocusedWindow]
11-05 01:56:39.301 1507 7110 I wm_destroy_activity: [0,229492671,99,com.android.music/.AudioPreview,finish-idle]
11-05 01:56:39.302 10347 10347 I wm_on_stop_called: [229492671,com.android.music.AudioPreview,LIFECYCLER_STOP_ACTIVITY]
11-05 01:56:39.316 10347 10347 I wm_on_destroy_called: [229492671,com.android.music.AudioPreview,performDestroy]
11-05 01:56:39.612 1507 2002 I input_interaction: Interaction with: 43e0d9c com.android.documentsui/com.android.documentsui.files.FilesActivity (server), edge-swipe (server), swipe-up (server), PointerEventDispatcher0 (server),
11-05 01:56:39.740 1507 2721 I wm_task_moved: [99,1,7]
11-05 01:56:39.740 1507 2721 I wm_set_resumed_activity: [0,com.android.documentsui/.files.FilesActivity,positionChildAt]
11-05 01:56:39.742 1507 2721 I wm_create_activity: [0,221511757,99,com.android.gallery3d/.app.MovieActivity,android.intent.action.VIEW,video/mp4,content://com.android.externalstorage.documents/document/primary:t/Food.mp4,536870915]
11-05 01:56:39.745 1507 2721 I wm_pause_activity: [0,185043487,com.android.documentsui/.files.FilesActivity,userLeaving=true,resumeTopActivityInnerLocked]
11-05 01:56:39.751 9524 9524 I wm_on_top_resumed_lost_called: [185043487,com.android.documentsui.files.FilesActivity,topStateChangedWhenResumed]
11-05 01:56:39.753 9524 9524 I wm_on_paused_called: [185043487,com.android.documentsui.files.FilesActivity,performPause]
11-05 01:56:39.755 1507 2721 I wm_add_to_stopping: [0,185043487,com.android.documentsui/.files.FilesActivity,makeInvisible]
11-05 01:56:39.756 1507 2721 I wm_restart_activity: [0,221511757,99,com.android.gallery3d/.app.MovieActivity]
11-05 01:56:39.758 1507 2721 I wm_set_resumed_activity: [0,com.android.gallery3d/.app.MovieActivity,minimalResumeActivityLocked]
11-05 01:56:39.762 1507 1628 I sysui_multi_action: [757,803,799,window_time_0,802,1]
11-05 01:56:39.783 1507 2002 I input_focus: [Focus leaving 43e0d9c com.android.documentsui/com.android.documentsui.files.FilesActivity (server),reason=NO_WINDOW]
11-05 01:56:39.787 10082 10082 I wm_on_create_called: [221511757,com.android.gallery3d.app.MovieActivity,performCreate]
11-05 01:56:39.790 10082 10082 I wm_on_start_called: [221511757,com.android.gallery3d.app.MovieActivity,handleStartActivity]
11-05 01:56:39.790 10082 10082 I wm_on_resume_called: [221511757,com.android.gallery3d.app.MovieActivity,RESUME_ACTIVITY]
11-05 01:56:39.795 10082 10082 I wm_on_top_resumed_gained_called: [221511757,com.android.gallery3d.app.MovieActivity,topStateChangedWhenResumed]
11-05 01:56:39.809 1507 1629 I input_focus: [Focus request 535345a com.android.gallery3d/com.android.gallery3d.app.MovieActivity,reason=UpdateInputWindows]
11-05 01:56:39.814 1507 1507 I notification_enqueue: [10081,2365,com.android.systemui,2048,NULL,0,Notification(channel=updateNotification shortcut=null contentView=null vibrate=null sound=null defaults=0x0 flags=0x0 color=0x00000000 vis=PRIVATE),1]
11-05 01:56:39.814 2365 2365 I sysui_multi_action: [757,111,758,2]
11-05 01:56:39.814 2365 2365 I sysui_multi_action: [757,111,758,2]
11-05 01:56:39.836 2365 2365 I sysui_multi_action: [757,111,758,1]
11-05 01:56:39.836 2365 2365 I sysui_multi_action: [757,126,758,1,759,126,927,0,928,1,1593,0]
11-05 01:56:39.837 2365 2365 I sysui_multi_action: [757,113,758,1,759,113,927,1,928,1,1593,0]
11-05 01:56:39.837 2365 2365 I sysui_multi_action: [757,0,758,1,759,0,927,2,928,0,1593,0]
11-05 01:56:39.837 2365 2365 I sysui_multi_action: [757,0,758,1,759,0,927,3,928,0,1593,0]
11-05 01:56:39.839 2365 2365 I sysui_multi_action: [757,491,758,1,759,491,927,4,928,0,1311,-1,1593,0]
11-05 01:56:39.839 2365 2365 I sysui_multi_action: [757,0,758,1,759,0,927,5,928,0,1593,0]
11-05 01:56:39.839 2365 2365 I sysui_multi_action: [757,114,758,1,759,114,927,6,928,0,1593,0]
11-05 01:56:39.839 2365 2365 I sysui_multi_action: [757,120,758,1,759,120,927,7,928,0,1593,0]
11-05 01:56:39.839 2365 2365 I sysui_multi_action: [757,111,758,1]
11-05 01:56:39.839 2365 2365 I sysui_multi_action: [757,126,758,1,759,126,927,0,928,1,1593,0]
11-05 01:56:39.839 2365 2365 I sysui_multi_action: [757,113,758,1,759,113,927,1,928,1,1593,0]
11-05 01:56:39.839 2365 2365 I sysui_multi_action: [757,0,758,1,759,0,927,2,928,0,1593,0]
11-05 01:56:39.839 2365 2365 I sysui_multi_action: [757,0,758,1,759,0,927,3,928,0,1593,0]
11-05 01:56:39.891 1507 1625 I sysui_multi_action: [319,158,322,158,325,2674,757,761,758,8,759,2,806,com.android.gallery3d,871,com.android.gallery3d.app.MovieActivity,904,com.android.documentsui,905,0,1320,4,1321,1]
11-05 01:56:39.893 1507 1625 I wm_activity_launch_time: [0,221511757,com.android.gallery3d/.app.MovieActivity,158]
11-05 01:56:39.905 1507 2002 I input_focus: [Focus entering 535345a com.android.gallery3d/com.android.gallery3d.app.MovieActivity (server),reason=Window became focusable. Previous reason: NOT_VISIBLE]
11-05 01:56:39.996 1507 6076 I snet_event_log: [172655291,-1,]
11-05 01:56:40.288 1507 1628 I wm_stop_activity: [0,185043487,com.android.documentsui/.files.FilesActivity]
11-05 01:56:40.326 9524 9524 I wm_on_stop_called: [185043487,com.android.documentsui.files.FilesActivity,STOP_ACTIVITY_ITEM]
11-05 01:56:41.199 1507 2002 I input_interaction: Interaction with: 535345a com.android.gallery3d/com.android.gallery3d.app.MovieActivity (server), edge-swipe (server), swipe-up (server), PointerEventDispatcher0 (server),
11-05 01:56:42.912 10082 10082 I menu_item_selected: [0,Food.mp4]
11-05 01:56:42.920 1507 2721 I wm_task_moved: [99,1,7]
11-05 01:56:42.921 1507 2721 I wm_set_resumed_activity: [0,com.android.gallery3d/.app.MovieActivity,positionChildAt]
11-05 01:56:42.921 1507 2721 I wm_create_activity: [0,160505415,99,com.android.gallery3d/.app.GalleryActivity,NULL,NULL,NULL,0]
11-05 01:56:42.923 1507 2721 I wm_pause_activity: [0,221511757,com.android.gallery3d/.app.MovieActivity,userLeaving=true,resumeTopActivityInnerLocked]
11-05 01:56:42.939 1507 6076 I wm_finish_activity: [0,221511757,99,com.android.gallery3d/.app.MovieActivity,app-request]
11-05 01:56:42.940 10082 10082 I wm_on_top_resumed_lost_called: [221511757,com.android.gallery3d.app.MovieActivity,topStateChangedWhenResumed]
11-05 01:56:43.050 10082 10082 I wm_on_paused_called: [221511757,com.android.gallery3d.app.MovieActivity,performPause]
11-05 01:56:43.050 1507 6076 I wm_add_to_stopping: [0,221511757,com.android.gallery3d/.app.MovieActivity,completeFinishing]
11-05 01:56:43.054 1507 6076 I wm_restart_activity: [0,160505415,99,com.android.gallery3d/.app.GalleryActivity]
11-05 01:56:43.056 1507 6076 I wm_set_resumed_activity: [0,com.android.gallery3d/.app.GalleryActivity,minimalResumeActivityLocked]
11-05 01:56:43.059 1507 1628 I sysui_multi_action: [757,803,799,window_time_0,802,3]
11-05 01:56:43.074 1507 2002 I input_focus: [Focus leaving 535345a com.android.gallery3d/com.android.gallery3d.app.MovieActivity (server),reason=NO_WINDOW]
11-05 01:56:43.100 10082 10082 I wm_on_create_called: [160505415,com.android.gallery3d.app.GalleryActivity,performCreate]
11-05 01:56:43.102 10082 10082 I wm_on_start_called: [160505415,com.android.gallery3d.app.GalleryActivity,handleStartActivity]
11-05 01:56:43.109 10082 10082 I wm_on_resume_called: [160505415,com.android.gallery3d.app.GalleryActivity,RESUME_ACTIVITY]
11-05 01:56:43.113 10082 10082 I wm_on_top_resumed_gained_called: [160505415,com.android.gallery3d.app.GalleryActivity,topStateChangedWhenResumed]
11-05 01:56:43.130 1507 1629 I input_focus: [Focus request cbfb36a com.android.gallery3d/com.android.gallery3d.app.GalleryActivity,reason=UpdateInputWindows]
11-05 01:56:43.161 1507 1625 I wm_activity_launch_time: [0,160505415,com.android.gallery3d/.app.GalleryActivity,245]
11-05 01:56:43.177 1507 2002 I input_focus: [Focus entering cbfb36a com.android.gallery3d/com.android.gallery3d.app.GalleryActivity (server),reason=Window became focusable. Previous reason: NOT_VISIBLE]
11-05 01:56:43.564 1507 1628 I wm_destroy_activity: [0,221511757,99,com.android.gallery3d/.app.MovieActivity,finish-imm:idle]
11-05 01:56:43.583 10082 10082 I wm_on_stop_called: [221511757,com.android.gallery3d.app.MovieActivity,LIFECYCLER_STOP_ACTIVITY]
11-05 01:56:43.584 10082 10082 I wm_on_destroy_called: [221511757,com.android.gallery3d.app.MovieActivity,performDestroy]
11-05 01:56:44.138 1507 2002 I input_interaction: Interaction with: cbfb36a com.android.gallery3d/com.android.gallery3d.app.GalleryActivity (server), edge-swipe (server), swipe-up (server), PointerEventDispatcher0 (server),
11-05 01:56:45.415 1507 2002 I input_interaction: Interaction with: 68fadb2 StatusBar (server), edge-swipe (server), swipe-up (server), PointerEventDispatcher0 (server),
11-05 01:56:45.422 2365 2365 I sysui_multi_action: [757,803,799,panel_open,802,1]
11-05 01:56:45.423 2365 2365 I sysui_multi_action: [757,1328,758,4,1326,33,1327,2,1329,0]
11-05 01:56:45.488 1507 2721 I sysui_multi_action: [757,127,758,1]
11-05 01:56:45.488 1507 2721 I sysui_multi_action: [757,804,799,note_load,801,3,802,1]
11-05 01:56:45.488 1507 2721 I notification_panel_revealed: 3
11-05 01:56:45.494 2365 2365 I sysui_multi_action: [757,111,758,2]
11-05 01:56:45.494 2365 2365 I sysui_multi_action: [757,111,758,2]
11-05 01:56:45.496 1507 1507 I notification_enqueue: [10081,2365,com.android.systemui,2048,NULL,0,Notification(channel=updateNotification shortcut=null contentView=null vibrate=null sound=null defaults=0x0 flags=0x0 color=0x00000000 vis=PRIVATE),1]
11-05 01:56:45.523 1507 1629 I input_focus: [Focus request c697081 NotificationShade,reason=UpdateInputWindows]
11-05 01:56:45.525 2365 2365 I sysui_multi_action: [757,111,758,1]
11-05 01:56:45.525 2365 2365 I sysui_multi_action: [757,126,758,1,759,126,927,0,928,1,1593,0]
11-05 01:56:45.525 2365 2365 I sysui_multi_action: [757,113,758,1,759,113,927,1,928,1,1593,0]
11-05 01:56:45.525 2365 2365 I sysui_multi_action: [757,0,758,1,759,0,927,2,928,0,1593,0]
11-05 01:56:45.526 2365 2365 I sysui_multi_action: [757,0,758,1,759,0,927,3,928,0,1593,0]
11-05 01:56:45.526 2365 2365 I sysui_multi_action: [757,491,758,1,759,491,927,4,928,0,1311,-1,1593,0]
11-05 01:56:45.526 2365 2365 I sysui_multi_action: [757,0,758,1,759,0,927,5,928,0,1593,0]
11-05 01:56:45.526 2365 2365 I sysui_multi_action: [757,114,758,1,759,114,927,6,928,0,1593,0]
11-05 01:56:45.526 2365 2365 I sysui_multi_action: [757,120,758,1,759,120,927,7,928,0,1593,0]
11-05 01:56:45.526 2365 2365 I sysui_multi_action: [757,111,758,1]
11-05 01:56:45.526 2365 2365 I sysui_multi_action: [757,126,758,1,759,126,927,0,928,1,1593,0]
11-05 01:56:45.527 2365 2365 I sysui_multi_action: [757,113,758,1,759,113,927,1,928,1,1593,0]
11-05 01:56:45.527 2365 2365 I sysui_multi_action: [757,0,758,1,759,0,927,2,928,0,1593,0]
11-05 01:56:45.527 2365 2365 I sysui_multi_action: [757,0,758,1,759,0,927,3,928,0,1593,0]
11-05 01:56:45.551 1507 2002 I input_focus: [Focus leaving cbfb36a com.android.gallery3d/com.android.gallery3d.app.GalleryActivity (server),reason=Waiting for window because NOT_VISIBLE]
11-05 01:56:45.553 2365 2365 I sysui_multi_action: [757,111,758,2]
11-05 01:56:45.553 2365 2365 I sysui_multi_action: [757,111,758,2]
11-05 01:56:45.553 1507 1507 I notification_enqueue: [10081,2365,com.android.systemui,2048,NULL,0,Notification(channel=updateNotification shortcut=null contentView=null vibrate=null sound=null defaults=0x0 flags=0x0 color=0x00000000 vis=PRIVATE),1]
11-05 01:56:45.565 2365 2365 I sysui_multi_action: [757,111,758,1]
11-05 01:56:45.565 2365 2365 I sysui_multi_action: [757,126,758,1,759,126,927,0,928,1,1593,0]
11-05 01:56:45.565 2365 2365 I sysui_multi_action: [757,113,758,1,759,113,927,1,928,1,1593,0]
11-05 01:56:45.565 2365 2365 I sysui_multi_action: [757,0,758,1,759,0,927,2,928,0,1593,0]
11-05 01:56:45.565 2365 2365 I sysui_multi_action: [757,0,758,1,759,0,927,3,928,0,1593,0]
11-05 01:56:45.565 2365 2365 I sysui_multi_action: [757,491,758,1,759,491,927,4,928,0,1311,-1,1593,0]
11-05 01:56:45.566 2365 2365 I sysui_multi_action: [757,0,758,1,759,0,927,5,928,0,1593,0]
11-05 01:56:45.566 2365 2365 I sysui_multi_action: [757,114,758,1,759,114,927,6,928,0,1593,0]
11-05 01:56:45.566 2365 2365 I sysui_multi_action: [757,120,758,1,759,120,927,7,928,0,1593,0]
11-05 01:56:45.566 2365 2365 I sysui_multi_action: [757,111,758,1]
11-05 01:56:45.566 2365 2365 I sysui_multi_action: [757,126,758,1,759,126,927,0,928,1,1593,0]
11-05 01:56:45.566 2365 2365 I sysui_multi_action: [757,113,758,1,759,113,927,1,928,1,1593,0]
11-05 01:56:45.566 2365 2365 I sysui_multi_action: [757,0,758,1,759,0,927,2,928,0,1593,0]
11-05 01:56:45.566 2365 2365 I sysui_multi_action: [757,0,758,1,759,0,927,3,928,0,1593,0]
11-05 01:56:45.568 1507 2002 I input_focus: [Focus entering c697081 NotificationShade (server),reason=Window became focusable. Previous reason: NOT_VISIBLE]
11-05 01:56:45.588 2365 2365 I sysui_multi_action: [757,111,758,2]
11-05 01:56:45.588 2365 2365 I sysui_multi_action: [757,111,758,2]
11-05 01:56:45.588 1507 1507 I notification_enqueue: [10081,2365,com.android.systemui,2048,NULL,0,Notification(channel=updateNotification shortcut=null contentView=null vibrate=null sound=null defaults=0x0 flags=0x0 color=0x00000000 vis=PRIVATE),1]
11-05 01:56:45.604 2365 2365 I sysui_multi_action: [757,111,758,1]
11-05 01:56:45.604 2365 2365 I sysui_multi_action: [757,126,758,1,759,126,927,0,928,1,1593,0]
11-05 01:56:45.604 2365 2365 I sysui_multi_action: [757,113,758,1,759,113,927,1,928,1,1593,0]
11-05 01:56:45.604 2365 2365 I sysui_multi_action: [757,0,758,1,759,0,927,2,928,0,1593,0]
11-05 01:56:45.604 2365 2365 I sysui_multi_action: [757,0,758,1,759,0,927,3,928,0,1593,0]
11-05 01:56:45.604 2365 2365 I sysui_multi_action: [757,491,758,1,759,491,927,4,928,0,1311,-1,1593,0]
11-05 01:56:45.604 2365 2365 I sysui_multi_action: [757,0,758,1,759,0,927,5,928,0,1593,0]
11-05 01:56:45.604 2365 2365 I sysui_multi_action: [757,114,758,1,759,114,927,6,928,0,1593,0]
11-05 01:56:45.604 2365 2365 I sysui_multi_action: [757,120,758,1,759,120,927,7,928,0,1593,0]
11-05 01:56:45.604 2365 2365 I sysui_multi_action: [757,111,758,1]
11-05 01:56:45.605 2365 2365 I sysui_multi_action: [757,126,758,1,759,126,927,0,928,1,1593,0]
11-05 01:56:45.605 2365 2365 I sysui_multi_action: [757,113,758,1,759,113,927,1,928,1,1593,0]
11-05 01:56:45.605 2365 2365 I sysui_multi_action: [757,0,758,1,759,0,927,2,928,0,1593,0]
11-05 01:56:45.605 2365 2365 I sysui_multi_action: [757,0,758,1,759,0,927,3,928,0,1593,0]
11-05 01:56:45.621 2365 2365 I sysui_multi_action: [757,111,758,2]
11-05 01:56:45.621 2365 2365 I sysui_multi_action: [757,111,758,2]
11-05 01:56:45.621 1507 1507 I notification_enqueue: [10081,2365,com.android.systemui,2048,NULL,0,Notification(channel=updateNotification shortcut=null contentView=null vibrate=null sound=null defaults=0x0 flags=0x0 color=0x00000000 vis=PRIVATE),1]
11-05 01:56:45.633 2365 2365 I sysui_multi_action: [757,111,758,1]
11-05 01:56:45.633 2365 2365 I sysui_multi_action: [757,126,758,1,759,126,927,0,928,1,1593,0]
11-05 01:56:45.633 2365 2365 I sysui_multi_action: [757,113,758,1,759,113,927,1,928,1,1593,0]
11-05 01:56:45.633 2365 2365 I sysui_multi_action: [757,0,758,1,759,0,927,2,928,0,1593,0]
11-05 01:56:45.633 2365 2365 I sysui_multi_action: [757,0,758,1,759,0,927,3,928,0,1593,0]
11-05 01:56:45.633 2365 2365 I sysui_multi_action: [757,491,758,1,759,491,927,4,928,0,1311,-1,1593,0]
11-05 01:56:45.633 2365 2365 I sysui_multi_action: [757,0,758,1,759,0,927,5,928,0,1593,0]
11-05 01:56:45.633 2365 2365 I sysui_multi_action: [757,114,758,1,759,114,927,6,928,0,1593,0]
11-05 01:56:45.633 2365 2365 I sysui_multi_action: [757,120,758,1,759,120,927,7,928,0,1593,0]
11-05 01:56:45.633 2365 2365 I sysui_multi_action: [757,111,758,1]
11-05 01:56:45.633 2365 2365 I sysui_multi_action: [757,126,758,1,759,126,927,0,928,1,1593,0]
11-05 01:56:45.633 2365 2365 I sysui_multi_action: [757,113,758,1,759,113,927,1,928,1,1593,0]
11-05 01:56:45.633 2365 2365 I sysui_multi_action: [757,0,758,1,759,0,927,2,928,0,1593,0]
11-05 01:56:45.633 2365 2365 I sysui_multi_action: [757,0,758,1,759,0,927,3,928,0,1593,0]
11-05 01:56:46.066 1507 6076 I sysui_multi_action: [757,128,758,1,793,2559754,794,0,795,2559754,796,26,798,0,806,android,857,DEVELOPER_IMPORTANT,858,4,947,0,1395,3,1500,2559551,1688,1]
11-05 01:56:46.066 1507 6076 I sysui_multi_action: [757,804,799,note_freshness,801,2559754,802,1]
11-05 01:56:46.066 1507 6076 I notification_visibility: [-1|android|26|null|1000,1,2559754,2559754,0,0]
11-05 01:56:46.066 1507 6076 I sysui_multi_action: [757,128,758,1,793,40113,794,0,795,40113,796,2147483646,798,1,806,com.android.deskclock,857,StopwatchNotification,858,3,946,3,947,0,1395,3,1500,39908,1688,1,1745,-868672399]
11-05 01:56:46.067 1507 6076 I sysui_multi_action: [757,804,799,note_freshness,801,40113,802,1]
11-05 01:56:46.067 1507 6076 I notification_visibility: [0|com.android.deskclock|2147483646|null|10065,1,40113,40113,0,1]
11-05 01:56:46.067 1507 6076 I sysui_multi_action: [757,128,758,1,793,2654736,794,0,795,2654736,796,32,798,2,806,android,857,USB,858,1,947,0,1395,3,1500,2654518,1688,1]
11-05 01:56:46.067 1507 6076 I sysui_multi_action: [757,804,799,note_freshness,801,2654736,802,1]
11-05 01:56:46.067 1507 6076 I notification_visibility: [-1|android|32|null|1000,1,2654736,2654736,0,2]
11-05 01:56:46.358 1507 2002 I input_interaction: Interaction with: c697081 NotificationShade (server), edge-swipe (server), swipe-up (server), PointerEventDispatcher0 (server),
11-05 01:56:47.874 2365 2365 I sysui_multi_action: [757,407,758,4,759,1]
11-05 01:56:48.104 1507 2721 I sysui_multi_action: [757,128,758,3,793,42151,794,2038,795,42151,796,2147483646,806,com.android.deskclock,857,StopwatchNotification,858,3,946,3,947,0,1500,41946,1688,1,1745,-868672399]
11-05 01:56:48.993 2365 2365 I sysui_multi_action: [757,148,758,4]
11-05 01:56:48.998 1507 1507 I notification_cancel_all: [10081,2365,NULL,0,0,0,3,NULL]
11-05 01:56:48.999 1507 1507 I sysui_multi_action: [757,804,799,note_dismiss_longevity,801,0,802,1]
11-05 01:56:49.000 1507 1507 I sysui_multi_action: [757,128,758,5,759,3,793,2591297,794,0,795,3381,796,2048,806,com.android.systemui,857,updateNotification,858,3,947,0,1500,3381,1688,1]
11-05 01:56:49.000 1507 1507 I notification_canceled: [0|com.android.systemui|2048|null|10081,3,2591297,3381,0,-1,-1,NULL]
11-05 01:56:50.618 1507 6076 I sysui_multi_action: [757,129,758,4,759,0,793,44664,794,4551,795,44664,796,2147483646,798,3,806,com.android.deskclock,857,StopwatchNotification,858,3,946,3,947,0,1395,3,1500,44459,1600,0,1601,0,1629,3,1688,1,1745,-868672399]
11-05 01:56:50.618 1507 6076 I notification_action_clicked: [0|com.android.deskclock|2147483646|null|10065,0,44664,44664,4551,3,3]
11-05 01:56:50.646 1507 1642 I am_pss : [10082,10069,com.android.gallery3d,103675904,98238464,0,224477184,0,2,10]
11-05 01:56:50.646 1507 1507 I notification_enqueue: [10065,5990,com.android.deskclock,2147483646,NULL,0,Notification(channel=StopwatchNotification shortcut=null contentView=com.android.deskclock/0x7f0d0024 vibrate=null sound=null defaults=0x0 flags=0x110 color=0xff1a237e groupKey=3 actions=2 vis=PRIVATE),1]
11-05 01:56:50.849 1507 1507 I sysui_multi_action: [757,1501,758,1,793,44895,794,4782,795,203,796,2147483646,806,com.android.deskclock,857,StopwatchNotification,858,3,946,3,947,0,1500,0,1688,1,1745,-868672399]
11-05 01:56:50.850 1507 1507 I sysui_multi_action: [757,804,799,note_interruptive,801,0,802,1]
11-05 01:56:51.315 1507 2721 I sysui_multi_action: [757,128,758,3,793,45362,794,5249,795,670,796,2147483646,806,com.android.deskclock,857,StopwatchNotification,858,3,946,3,947,0,1500,467,1688,1,1745,-868672399]
11-05 01:56:51.674 2365 2365 I sysui_multi_action: [757,148,758,4]
11-05 01:56:51.906 1507 1507 I sysui_multi_action: [757,804,799,note_dismiss_longevity,801,0,802,1]
11-05 01:56:51.907 1507 1507 I sysui_multi_action: [757,128,758,5,759,2,793,45954,794,5841,795,1262,796,2147483646,798,0,806,com.android.deskclock,857,StopwatchNotification,858,3,946,3,947,0,1395,3,1500,1059,1688,1,1745,-868672399]
11-05 01:56:51.907 1507 1507 I notification_canceled: [0|com.android.deskclock|2147483646|null|10065,2,45954,1262,5841,0,3,NULL]
11-05 01:56:51.909 1507 1507 I notification_cancel_all: [10081,2365,NULL,0,0,0,3,NULL]
11-05 01:56:52.952 2365 2365 I sysui_multi_action: [757,111,758,2]
11-05 01:56:52.953 2365 2365 I sysui_multi_action: [757,111,758,2]
11-05 01:56:52.955 1507 1507 I notification_enqueue: [10081,2365,com.android.systemui,2048,NULL,0,Notification(channel=updateNotification shortcut=null contentView=null vibrate=null sound=null defaults=0x0 flags=0x0 color=0x00000000 vis=PRIVATE),0]
11-05 01:56:52.969 2365 2365 I sysui_multi_action: [757,111,758,1]
11-05 01:56:52.970 2365 2365 I sysui_multi_action: [757,126,758,1,759,126,927,0,928,1,1593,1]
11-05 01:56:52.970 2365 2365 I sysui_multi_action: [757,113,758,1,759,113,927,1,928,1,1593,1]
11-05 01:56:52.970 2365 2365 I sysui_multi_action: [757,0,758,1,759,0,927,2,928,0,1593,1]
11-05 01:56:52.970 2365 2365 I sysui_multi_action: [757,0,758,1,759,0,927,3,928,0,1593,1]
11-05 01:56:52.970 2365 2365 I sysui_multi_action: [757,491,758,1,759,491,927,4,928,0,1311,-1,1593,0]
11-05 01:56:52.971 2365 2365 I sysui_multi_action: [757,0,758,1,759,0,927,5,928,0,1593,0]
11-05 01:56:52.971 2365 2365 I sysui_multi_action: [757,114,758,1,759,114,927,6,928,0,1593,0]
11-05 01:56:52.971 2365 2365 I sysui_multi_action: [757,120,758,1,759,120,927,7,928,0,1593,0]
11-05 01:56:52.971 2365 2365 I sysui_multi_action: [757,111,758,1]
11-05 01:56:52.971 2365 2365 I sysui_multi_action: [757,126,758,1,759,126,927,0,928,1,1593,1]
11-05 01:56:52.972 2365 2365 I sysui_multi_action: [757,113,758,1,759,113,927,1,928,1,1593,1]
11-05 01:56:52.972 2365 2365 I sysui_multi_action: [757,0,758,1,759,0,927,2,928,0,1593,1]
11-05 01:56:52.972 2365 2365 I sysui_multi_action: [757,0,758,1,759,0,927,3,928,0,1593,1]
11-05 01:56:53.002 2365 2365 I sysui_multi_action: [757,111,758,2]
11-05 01:56:53.002 2365 2365 I sysui_multi_action: [757,111,758,2]
11-05 01:56:53.002 1507 1507 I notification_enqueue: [10081,2365,com.android.systemui,2048,NULL,0,Notification(channel=updateNotification shortcut=null contentView=null vibrate=null sound=null defaults=0x0 flags=0x0 color=0x00000000 vis=PRIVATE),0]
11-05 01:56:53.012 2365 2365 I sysui_multi_action: [757,111,758,1]
11-05 01:56:53.012 2365 2365 I sysui_multi_action: [757,126,758,1,759,126,927,0,928,1,1593,1]
11-05 01:56:53.012 2365 2365 I sysui_multi_action: [757,113,758,1,759,113,927,1,928,1,1593,1]
11-05 01:56:53.012 2365 2365 I sysui_multi_action: [757,0,758,1,759,0,927,2,928,0,1593,1]
11-05 01:56:53.012 2365 2365 I sysui_multi_action: [757,0,758,1,759,0,927,3,928,0,1593,1]
11-05 01:56:53.012 2365 2365 I sysui_multi_action: [757,491,758,1,759,491,927,4,928,0,1311,-1,1593,0]
11-05 01:56:53.012 2365 2365 I sysui_multi_action: [757,0,758,1,759,0,927,5,928,0,1593,0]
11-05 01:56:53.012 2365 2365 I sysui_multi_action: [757,114,758,1,759,114,927,6,928,0,1593,0]
11-05 01:56:53.012 2365 2365 I sysui_multi_action: [757,120,758,1,759,120,927,7,928,0,1593,0]
11-05 01:56:53.012 2365 2365 I sysui_multi_action: [757,111,758,1]
11-05 01:56:53.013 2365 2365 I sysui_multi_action: [757,126,758,1,759,126,927,0,928,1,1593,1]
11-05 01:56:53.013 2365 2365 I sysui_multi_action: [757,113,758,1,759,113,927,1,928,1,1593,1]
11-05 01:56:53.013 2365 2365 I sysui_multi_action: [757,0,758,1,759,0,927,2,928,0,1593,1]
11-05 01:56:53.013 2365 2365 I sysui_multi_action: [757,0,758,1,759,0,927,3,928,0,1593,1]
11-05 01:56:53.025 1507 6076 I sysui_multi_action: [757,128,758,2,793,2566714,794,6960,795,2566714,796,26,798,0,806,android,857,DEVELOPER_IMPORTANT,858,4,947,0,1395,2,1500,2566511,1688,1]
11-05 01:56:53.025 1507 6076 I notification_visibility: [-1|android|26|null|1000,0,2566714,2566714,0,0]
11-05 01:56:53.025 1507 6076 I sysui_multi_action: [757,128,758,2,793,2661694,794,6958,795,2661694,796,32,798,1,806,android,857,USB,858,1,947,0,1395,2,1500,2661476,1688,1]
11-05 01:56:53.025 1507 6076 I notification_visibility: [-1|android|32|null|1000,0,2661694,2661694,0,1]
11-05 01:56:53.030 2365 2365 I sysui_multi_action: [757,111,758,2]
11-05 01:56:53.030 2365 2365 I sysui_multi_action: [757,111,758,2]
11-05 01:56:53.030 1507 1507 I notification_enqueue: [10081,2365,com.android.systemui,2048,NULL,0,Notification(channel=updateNotification shortcut=null contentView=null vibrate=null sound=null defaults=0x0 flags=0x0 color=0x00000000 vis=PRIVATE),0]
11-05 01:56:53.038 2365 2365 I sysui_multi_action: [757,111,758,1]
11-05 01:56:53.038 2365 2365 I sysui_multi_action: [757,126,758,1,759,126,927,0,928,1,1593,1]
11-05 01:56:53.038 2365 2365 I sysui_multi_action: [757,113,758,1,759,113,927,1,928,1,1593,1]
11-05 01:56:53.038 2365 2365 I sysui_multi_action: [757,0,758,1,759,0,927,2,928,0,1593,1]
11-05 01:56:53.038 2365 2365 I sysui_multi_action: [757,0,758,1,759,0,927,3,928,0,1593,1]
11-05 01:56:53.038 2365 2365 I sysui_multi_action: [757,491,758,1,759,491,927,4,928,0,1311,-1,1593,0]
11-05 01:56:53.038 2365 2365 I sysui_multi_action: [757,0,758,1,759,0,927,5,928,0,1593,0]
11-05 01:56:53.038 2365 2365 I sysui_multi_action: [757,114,758,1,759,114,927,6,928,0,1593,0]
11-05 01:56:53.039 2365 2365 I sysui_multi_action: [757,120,758,1,759,120,927,7,928,0,1593,0]
11-05 01:56:53.039 2365 2365 I sysui_multi_action: [757,111,758,1]
11-05 01:56:53.039 2365 2365 I sysui_multi_action: [757,126,758,1,759,126,927,0,928,1,1593,1]
11-05 01:56:53.039 2365 2365 I sysui_multi_action: [757,113,758,1,759,113,927,1,928,1,1593,1]
11-05 01:56:53.039 2365 2365 I sysui_multi_action: [757,0,758,1,759,0,927,2,928,0,1593,1]
11-05 01:56:53.039 2365 2365 I sysui_multi_action: [757,0,758,1,759,0,927,3,928,0,1593,1]
11-05 01:56:53.051 2365 2365 I sysui_multi_action: [757,111,758,2]
11-05 01:56:53.052 2365 2365 I sysui_multi_action: [757,111,758,2]
11-05 01:56:53.052 1507 1507 I notification_enqueue: [10081,2365,com.android.systemui,2048,NULL,0,Notification(channel=updateNotification shortcut=null contentView=null vibrate=null sound=null defaults=0x0 flags=0x0 color=0x00000000 vis=PRIVATE),0]
11-05 01:56:53.058 2365 2365 I sysui_multi_action: [757,111,758,1]
11-05 01:56:53.058 2365 2365 I sysui_multi_action: [757,126,758,1,759,126,927,0,928,1,1593,1]
11-05 01:56:53.058 2365 2365 I sysui_multi_action: [757,113,758,1,759,113,927,1,928,1,1593,1]
11-05 01:56:53.058 2365 2365 I sysui_multi_action: [757,0,758,1,759,0,927,2,928,0,1593,1]
