11-05 01:57:20.189 2835 2835 I wm_on_stop_called: [94458931,com.android.launcher3.uioverrides.QuickstepLauncher,STOP_ACTIVITY_ITEM]
11-05 01:57:23.874 1507 2002 I input_interaction: Interaction with: 68fadb2 StatusBar (server), edge-swipe (server), swipe-up (server), PointerEventDispatcher0 (server),
11-05 01:57:23.882 2365 2365 I sysui_multi_action: [757,803,799,panel_open,802,1]
11-05 01:57:23.886 2365 2365 I sysui_multi_action: [757,1328,758,4,1326,47,1327,1,1329,0]
11-05 01:57:24.082 1507 1777 I sysui_multi_action: [757,127,758,1]
11-05 01:57:24.082 1507 1777 I sysui_multi_action: [757,804,799,note_load,801,3,802,1]
11-05 01:57:24.082 1507 1777 I notification_panel_revealed: 3
11-05 01:57:24.095 1507 1507 I notification_enqueue: [10081,2365,com.android.systemui,2048,NULL,0,Notification(channel=updateNotification shortcut=null contentView=null vibrate=null sound=null defaults=0x0 flags=0x0 color=0x00000000 vis=PRIVATE),1]
11-05 01:57:24.095 2365 2365 I sysui_multi_action: [757,111,758,2]
11-05 01:57:24.096 2365 2365 I sysui_multi_action: [757,111,758,2]
11-05 01:57:24.134 1507 1629 I input_focus: [Focus request c697081 NotificationShade,reason=UpdateInputWindows]
11-05 01:57:24.148 2365 2365 I sysui_multi_action: [757,111,758,1]
11-05 01:57:24.149 2365 2365 I sysui_multi_action: [757,126,758,1,759,126,927,0,928,1,1593,0]
11-05 01:57:24.149 2365 2365 I sysui_multi_action: [757,113,758,1,759,113,927,1,928,1,1593,0]
11-05 01:57:24.149 2365 2365 I sysui_multi_action: [757,0,758,1,759,0,927,2,928,0,1593,0]
11-05 01:57:24.149 2365 2365 I sysui_multi_action: [757,0,758,1,759,0,927,3,928,0,1593,0]
11-05 01:57:24.149 2365 2365 I sysui_multi_action: [757,491,758,1,759,491,927,4,928,0,1311,-1,1593,0]
11-05 01:57:24.149 2365 2365 I sysui_multi_action: [757,0,758,1,759,0,927,5,928,0,1593,0]
11-05 01:57:24.149 2365 2365 I sysui_multi_action: [757,114,758,1,759,114,927,6,928,0,1593,0]
11-05 01:57:24.149 2365 2365 I sysui_multi_action: [757,120,758,1,759,120,927,7,928,0,1593,0]
11-05 01:57:24.150 2365 2365 I sysui_multi_action: [757,111,758,1]
11-05 01:57:24.150 2365 2365 I sysui_multi_action: [757,126,758,1,759,126,927,0,928,1,1593,0]
11-05 01:57:24.150 2365 2365 I sysui_multi_action: [757,113,758,1,759,113,927,1,928,1,1593,0]
11-05 01:57:24.150 2365 2365 I sysui_multi_action: [757,0,758,1,759,0,927,2,928,0,1593,0]
11-05 01:57:24.150 2365 2365 I sysui_multi_action: [757,0,758,1,759,0,927,3,928,0,1593,0]
11-05 01:57:24.160 1507 2002 I input_focus: [Focus leaving 69db72d com.android.gallery3d/com.android.gallery3d.app.MovieActivity (server),reason=Waiting for window because NOT_VISIBLE]
11-05 01:57:24.169 2365 2365 I sysui_multi_action: [757,111,758,2]
11-05 01:57:24.169 2365 2365 I sysui_multi_action: [757,111,758,2]
11-05 01:57:24.172 1507 1507 I notification_enqueue: [10081,2365,com.android.systemui,2048,NULL,0,Notification(channel=updateNotification shortcut=null contentView=null vibrate=null sound=null defaults=0x0 flags=0x0 color=0x00000000 vis=PRIVATE),1]
11-05 01:57:24.176 1507 2002 I input_focus: [Focus entering c697081 NotificationShade (server),reason=Window became focusable. Previous reason: NOT_VISIBLE]
11-05 01:57:24.179 2365 2365 I sysui_multi_action: [757,111,758,1]
11-05 01:57:24.179 2365 2365 I sysui_multi_action: [757,126,758,1,759,126,927,0,928,1,1593,0]
11-05 01:57:24.180 2365 2365 I sysui_multi_action: [757,113,758,1,759,113,927,1,928,1,1593,0]
11-05 01:57:24.180 2365 2365 I sysui_multi_action: [757,0,758,1,759,0,927,2,928,0,1593,0]
11-05 01:57:24.180 2365 2365 I sysui_multi_action: [757,0,758,1,759,0,927,3,928,0,1593,0]
11-05 01:57:24.180 2365 2365 I sysui_multi_action: [757,491,758,1,759,491,927,4,928,0,1311,-1,1593,0]
11-05 01:57:24.180 2365 2365 I sysui_multi_action: [757,0,758,1,759,0,927,5,928,0,1593,0]
11-05 01:57:24.180 2365 2365 I sysui_multi_action: [757,114,758,1,759,114,927,6,928,0,1593,0]
11-05 01:57:24.180 2365 2365 I sysui_multi_action: [757,120,758,1,759,120,927,7,928,0,1593,0]
11-05 01:57:24.180 2365 2365 I sysui_multi_action: [757,111,758,1]
11-05 01:57:24.180 2365 2365 I sysui_multi_action: [757,126,758,1,759,126,927,0,928,1,1593,0]
11-05 01:57:24.180 2365 2365 I sysui_multi_action: [757,113,758,1,759,113,927,1,928,1,1593,0]
11-05 01:57:24.180 2365 2365 I sysui_multi_action: [757,0,758,1,759,0,927,2,928,0,1593,0]
11-05 01:57:24.180 2365 2365 I sysui_multi_action: [757,0,758,1,759,0,927,3,928,0,1593,0]
11-05 01:57:24.198 2365 2365 I sysui_multi_action: [757,111,758,2]
11-05 01:57:24.198 2365 2365 I sysui_multi_action: [757,111,758,2]
11-05 01:57:24.198 1507 1507 I notification_enqueue: [10081,2365,com.android.systemui,2048,NULL,0,Notification(channel=updateNotification shortcut=null contentView=null vibrate=null sound=null defaults=0x0 flags=0x0 color=0x00000000 vis=PRIVATE),1]
11-05 01:57:24.211 2365 2365 I sysui_multi_action: [757,111,758,1]
11-05 01:57:24.211 2365 2365 I sysui_multi_action: [757,126,758,1,759,126,927,0,928,1,1593,0]
11-05 01:57:24.211 2365 2365 I sysui_multi_action: [757,113,758,1,759,113,927,1,928,1,1593,0]
11-05 01:57:24.211 2365 2365 I sysui_multi_action: [757,0,758,1,759,0,927,2,928,0,1593,0]
11-05 01:57:24.211 2365 2365 I sysui_multi_action: [757,0,758,1,759,0,927,3,928,0,1593,0]
11-05 01:57:24.212 2365 2365 I sysui_multi_action: [757,491,758,1,759,491,927,4,928,0,1311,-1,1593,0]
11-05 01:57:24.212 2365 2365 I sysui_multi_action: [757,0,758,1,759,0,927,5,928,0,1593,0]
11-05 01:57:24.212 2365 2365 I sysui_multi_action: [757,114,758,1,759,114,927,6,928,0,1593,0]
11-05 01:57:24.212 2365 2365 I sysui_multi_action: [757,120,758,1,759,120,927,7,928,0,1593,0]
11-05 01:57:24.212 2365 2365 I sysui_multi_action: [757,111,758,1]
11-05 01:57:24.212 2365 2365 I sysui_multi_action: [757,126,758,1,759,126,927,0,928,1,1593,0]
11-05 01:57:24.212 2365 2365 I sysui_multi_action: [757,113,758,1,759,113,927,1,928,1,1593,0]
11-05 01:57:24.212 2365 2365 I sysui_multi_action: [757,0,758,1,759,0,927,2,928,0,1593,0]
11-05 01:57:24.212 2365 2365 I sysui_multi_action: [757,0,758,1,759,0,927,3,928,0,1593,0]
11-05 01:57:24.225 2365 2365 I sysui_multi_action: [757,111,758,2]
11-05 01:57:24.225 2365 2365 I sysui_multi_action: [757,111,758,2]
11-05 01:57:24.228 1507 1507 I notification_enqueue: [10081,2365,com.android.systemui,2048,NULL,0,Notification(channel=updateNotification shortcut=null contentView=null vibrate=null sound=null defaults=0x0 flags=0x0 color=0x00000000 vis=PRIVATE),1]
11-05 01:57:24.232 2365 2365 I sysui_multi_action: [757,111,758,1]
11-05 01:57:24.232 2365 2365 I sysui_multi_action: [757,126,758,1,759,126,927,0,928,1,1593,0]
11-05 01:57:24.232 2365 2365 I sysui_multi_action: [757,113,758,1,759,113,927,1,928,1,1593,0]
11-05 01:57:24.232 2365 2365 I sysui_multi_action: [757,0,758,1,759,0,927,2,928,0,1593,0]
11-05 01:57:24.232 2365 2365 I sysui_multi_action: [757,0,758,1,759,0,927,3,928,0,1593,0]
11-05 01:57:24.232 2365 2365 I sysui_multi_action: [757,491,758,1,759,491,927,4,928,0,1311,-1,1593,0]
11-05 01:57:24.232 2365 2365 I sysui_multi_action: [757,0,758,1,759,0,927,5,928,0,1593,0]
11-05 01:57:24.232 2365 2365 I sysui_multi_action: [757,114,758,1,759,114,927,6,928,0,1593,0]
11-05 01:57:24.233 2365 2365 I sysui_multi_action: [757,120,758,1,759,120,927,7,928,0,1593,0]
11-05 01:57:24.233 2365 2365 I sysui_multi_action: [757,111,758,1]
11-05 01:57:24.233 2365 2365 I sysui_multi_action: [757,126,758,1,759,126,927,0,928,1,1593,0]
11-05 01:57:24.233 2365 2365 I sysui_multi_action: [757,113,758,1,759,113,927,1,928,1,1593,0]
11-05 01:57:24.233 2365 2365 I sysui_multi_action: [757,0,758,1,759,0,927,2,928,0,1593,0]
11-05 01:57:24.233 2365 2365 I sysui_multi_action: [757,0,758,1,759,0,927,3,928,0,1593,0]
11-05 01:57:24.246 2365 2365 I sysui_multi_action: [757,111,758,2]
11-05 01:57:24.246 2365 2365 I sysui_multi_action: [757,111,758,2]
11-05 01:57:24.250 1507 1507 I notification_enqueue: [10081,2365,com.android.systemui,2048,NULL,0,Notification(channel=updateNotification shortcut=null contentView=null vibrate=null sound=null defaults=0x0 flags=0x0 color=0x00000000 vis=PRIVATE),1]
11-05 01:57:24.253 2365 2365 I sysui_multi_action: [757,111,758,1]
11-05 01:57:24.254 2365 2365 I sysui_multi_action: [757,126,758,1,759,126,927,0,928,1,1593,0]
11-05 01:57:24.254 2365 2365 I sysui_multi_action: [757,113,758,1,759,113,927,1,928,1,1593,0]
11-05 01:57:24.254 2365 2365 I sysui_multi_action: [757,0,758,1,759,0,927,2,928,0,1593,0]
11-05 01:57:24.254 2365 2365 I sysui_multi_action: [757,0,758,1,759,0,927,3,928,0,1593,0]
11-05 01:57:24.254 2365 2365 I sysui_multi_action: [757,491,758,1,759,491,927,4,928,0,1311,-1,1593,0]
11-05 01:57:24.254 2365 2365 I sysui_multi_action: [757,0,758,1,759,0,927,5,928,0,1593,0]
11-05 01:57:24.254 2365 2365 I sysui_multi_action: [757,114,758,1,759,114,927,6,928,0,1593,0]
11-05 01:57:24.254 2365 2365 I sysui_multi_action: [757,120,758,1,759,120,927,7,928,0,1593,0]
11-05 01:57:24.254 2365 2365 I sysui_multi_action: [757,111,758,1]
11-05 01:57:24.254 2365 2365 I sysui_multi_action: [757,126,758,1,759,126,927,0,928,1,1593,0]
11-05 01:57:24.254 2365 2365 I sysui_multi_action: [757,113,758,1,759,113,927,1,928,1,1593,0]
11-05 01:57:24.254 2365 2365 I sysui_multi_action: [757,0,758,1,759,0,927,2,928,0,1593,0]
11-05 01:57:24.254 2365 2365 I sysui_multi_action: [757,0,758,1,759,0,927,3,928,0,1593,0]
11-05 01:57:24.266 2365 2365 I sysui_multi_action: [757,111,758,2]
11-05 01:57:24.267 2365 2365 I sysui_multi_action: [757,111,758,2]
11-05 01:57:24.270 1507 1507 I notification_enqueue: [10081,2365,com.android.systemui,2048,NULL,0,Notification(channel=updateNotification shortcut=null contentView=null vibrate=null sound=null defaults=0x0 flags=0x0 color=0x00000000 vis=PRIVATE),1]
11-05 01:57:24.275 2365 2365 I sysui_multi_action: [757,111,758,1]
11-05 01:57:24.276 2365 2365 I sysui_multi_action: [757,126,758,1,759,126,927,0,928,1,1593,0]
11-05 01:57:24.276 2365 2365 I sysui_multi_action: [757,113,758,1,759,113,927,1,928,1,1593,0]
11-05 01:57:24.276 2365 2365 I sysui_multi_action: [757,0,758,1,759,0,927,2,928,0,1593,0]
11-05 01:57:24.276 2365 2365 I sysui_multi_action: [757,0,758,1,759,0,927,3,928,0,1593,0]
11-05 01:57:24.276 2365 2365 I sysui_multi_action: [757,491,758,1,759,491,927,4,928,0,1311,-1,1593,0]
11-05 01:57:24.276 2365 2365 I sysui_multi_action: [757,0,758,1,759,0,927,5,928,0,1593,0]
11-05 01:57:24.276 2365 2365 I sysui_multi_action: [757,114,758,1,759,114,927,6,928,0,1593,0]
11-05 01:57:24.276 2365 2365 I sysui_multi_action: [757,120,758,1,759,120,927,7,928,0,1593,0]
11-05 01:57:24.276 2365 2365 I sysui_multi_action: [757,111,758,1]
11-05 01:57:24.276 2365 2365 I sysui_multi_action: [757,126,758,1,759,126,927,0,928,1,1593,0]
11-05 01:57:24.276 2365 2365 I sysui_multi_action: [757,113,758,1,759,113,927,1,928,1,1593,0]
11-05 01:57:24.276 2365 2365 I sysui_multi_action: [757,0,758,1,759,0,927,2,928,0,1593,0]
11-05 01:57:24.276 2365 2365 I sysui_multi_action: [757,0,758,1,759,0,927,3,928,0,1593,0]
11-05 01:57:24.691 1507 7110 I sysui_multi_action: [757,128,758,1,793,2598380,794,0,795,2598380,796,26,798,0,806,android,857,DEVELOPER_IMPORTANT,858,4,947,0,1395,3,1500,2598177,1688,1]
11-05 01:57:24.691 1507 7110 I sysui_multi_action: [757,804,799,note_freshness,801,2598380,802,1]
11-05 01:57:24.691 1507 7110 I notification_visibility: [-1|android|26|null|1000,1,2598380,2598380,0,0]
11-05 01:57:24.692 1507 7110 I sysui_multi_action: [757,128,758,1,793,25890,794,0,795,25890,796,17303299,797,com.android.wifi,798,1,806,android,857,NETWORK_AVAILABLE,858,2,947,0,1395,3,1500,25685,1688,1]
11-05 01:57:24.692 1507 7110 I sysui_multi_action: [757,804,799,note_freshness,801,25890,802,1]
11-05 01:57:24.692 1507 7110 I notification_visibility: [0|android|17303299|com.android.wifi|1000,1,25890,25890,0,1]
11-05 01:57:24.692 1507 7110 I sysui_multi_action: [757,128,758,1,793,2693361,794,0,795,2693361,796,32,798,2,806,android,857,USB,858,1,947,0,1395,3,1500,2693143,1688,1]
11-05 01:57:24.693 1507 7110 I sysui_multi_action: [757,804,799,note_freshness,801,2693361,802,1]
11-05 01:57:24.693 1507 7110 I notification_visibility: [-1|android|32|null|1000,1,2693361,2693361,0,2]
11-05 01:57:25.251 1507 2002 I input_interaction: Interaction with: c697081 NotificationShade (server), edge-swipe (server), swipe-up (server), PointerEventDispatcher0 (server),
11-05 01:57:25.460 2365 2365 I sysui_multi_action: [757,111,758,2]
11-05 01:57:25.460 1507 1507 I notification_enqueue: [10081,2365,com.android.systemui,2048,NULL,0,Notification(channel=updateNotification shortcut=null contentView=null vibrate=null sound=null defaults=0x0 flags=0x0 color=0x00000000 vis=PRIVATE),1]
11-05 01:57:25.460 2365 2365 I sysui_multi_action: [757,111,758,2]
11-05 01:57:25.467 2365 2365 I sysui_multi_action: [757,111,758,1]
11-05 01:57:25.467 2365 2365 I sysui_multi_action: [757,126,758,1,759,126,927,0,928,1,1593,0]
11-05 01:57:25.467 2365 2365 I sysui_multi_action: [757,113,758,1,759,113,927,1,928,1,1593,0]
11-05 01:57:25.467 2365 2365 I sysui_multi_action: [757,0,758,1,759,0,927,2,928,0,1593,0]
11-05 01:57:25.467 2365 2365 I sysui_multi_action: [757,0,758,1,759,0,927,3,928,0,1593,0]
11-05 01:57:25.468 2365 2365 I sysui_multi_action: [757,491,758,1,759,491,927,4,928,0,1311,-1,1593,0]
11-05 01:57:25.468 2365 2365 I sysui_multi_action: [757,0,758,1,759,0,927,5,928,0,1593,0]
11-05 01:57:25.468 2365 2365 I sysui_multi_action: [757,114,758,1,759,114,927,6,928,0,1593,0]
11-05 01:57:25.468 2365 2365 I sysui_multi_action: [757,120,758,1,759,120,927,7,928,0,1593,0]
11-05 01:57:25.468 2365 2365 I sysui_multi_action: [757,111,758,1]
11-05 01:57:25.468 2365 2365 I sysui_multi_action: [757,126,758,1,759,126,927,0,928,1,1593,0]
11-05 01:57:25.469 2365 2365 I sysui_multi_action: [757,113,758,1,759,113,927,1,928,1,1593,1]
11-05 01:57:25.469 2365 2365 I sysui_multi_action: [757,0,758,1,759,0,927,2,928,0,1593,1]
11-05 01:57:25.469 2365 2365 I sysui_multi_action: [757,0,758,1,759,0,927,3,928,0,1593,1]
11-05 01:57:25.504 2365 2365 I sysui_multi_action: [757,111,758,2]
11-05 01:57:25.504 2365 2365 I sysui_multi_action: [757,111,758,2]
11-05 01:57:25.505 1507 1507 I notification_enqueue: [10081,2365,com.android.systemui,2048,NULL,0,Notification(channel=updateNotification shortcut=null contentView=null vibrate=null sound=null defaults=0x0 flags=0x0 color=0x00000000 vis=PRIVATE),1]
11-05 01:57:25.517 2365 2365 I sysui_multi_action: [757,111,758,1]
11-05 01:57:25.517 2365 2365 I sysui_multi_action: [757,126,758,1,759,126,927,0,928,1,1593,1]
11-05 01:57:25.517 2365 2365 I sysui_multi_action: [757,113,758,1,759,113,927,1,928,1,1593,1]
11-05 01:57:25.517 2365 2365 I sysui_multi_action: [757,0,758,1,759,0,927,2,928,0,1593,1]
11-05 01:57:25.518 2365 2365 I sysui_multi_action: [757,0,758,1,759,0,927,3,928,0,1593,1]
11-05 01:57:25.518 2365 2365 I sysui_multi_action: [757,491,758,1,759,491,927,4,928,0,1311,-1,1593,0]
11-05 01:57:25.518 2365 2365 I sysui_multi_action: [757,0,758,1,759,0,927,5,928,0,1593,0]
11-05 01:57:25.518 2365 2365 I sysui_multi_action: [757,114,758,1,759,114,927,6,928,0,1593,0]
11-05 01:57:25.518 2365 2365 I sysui_multi_action: [757,120,758,1,759,120,927,7,928,0,1593,0]
11-05 01:57:25.518 2365 2365 I sysui_multi_action: [757,111,758,1]
11-05 01:57:25.518 2365 2365 I sysui_multi_action: [757,126,758,1,759,126,927,0,928,1,1593,1]
11-05 01:57:25.518 2365 2365 I sysui_multi_action: [757,113,758,1,759,113,927,1,928,1,1593,1]
11-05 01:57:25.518 2365 2365 I sysui_multi_action: [757,0,758,1,759,0,927,2,928,0,1593,1]
11-05 01:57:25.518 2365 2365 I sysui_multi_action: [757,0,758,1,759,0,927,3,928,0,1593,1]
11-05 01:57:25.536 1507 1507 I notification_enqueue: [10081,2365,com.android.systemui,2048,NULL,0,Notification(channel=updateNotification shortcut=null contentView=null vibrate=null sound=null defaults=0x0 flags=0x0 color=0x00000000 vis=PRIVATE),1]
11-05 01:57:25.536 2365 2365 I sysui_multi_action: [757,111,758,2]
11-05 01:57:25.536 2365 2365 I sysui_multi_action: [757,111,758,2]
11-05 01:57:25.545 2365 2365 I sysui_multi_action: [757,111,758,1]
11-05 01:57:25.545 2365 2365 I sysui_multi_action: [757,126,758,1,759,126,927,0,928,1,1593,1]
11-05 01:57:25.545 2365 2365 I sysui_multi_action: [757,113,758,1,759,113,927,1,928,1,1593,1]
11-05 01:57:25.545 2365 2365 I sysui_multi_action: [757,0,758,1,759,0,927,2,928,0,1593,1]
11-05 01:57:25.545 2365 2365 I sysui_multi_action: [757,0,758,1,759,0,927,3,928,0,1593,1]
11-05 01:57:25.545 2365 2365 I sysui_multi_action: [757,491,758,1,759,491,927,4,928,0,1311,-1,1593,0]
11-05 01:57:25.546 2365 2365 I sysui_multi_action: [757,0,758,1,759,0,927,5,928,0,1593,0]
11-05 01:57:25.546 2365 2365 I sysui_multi_action: [757,114,758,1,759,114,927,6,928,0,1593,0]
11-05 01:57:25.546 2365 2365 I sysui_multi_action: [757,120,758,1,759,120,927,7,928,0,1593,0]
11-05 01:57:25.546 2365 2365 I sysui_multi_action: [757,111,758,1]
11-05 01:57:25.546 2365 2365 I sysui_multi_action: [757,126,758,1,759,126,927,0,928,1,1593,1]
11-05 01:57:25.546 2365 2365 I sysui_multi_action: [757,113,758,1,759,113,927,1,928,1,1593,1]
11-05 01:57:25.546 2365 2365 I sysui_multi_action: [757,0,758,1,759,0,927,2,928,0,1593,1]
11-05 01:57:25.546 2365 2365 I sysui_multi_action: [757,0,758,1,759,0,927,3,928,0,1593,1]
11-05 01:57:25.559 2365 2365 I sysui_multi_action: [757,111,758,2]
11-05 01:57:25.559 2365 2365 I sysui_multi_action: [757,111,758,2]
11-05 01:57:25.559 1507 1507 I notification_enqueue: [10081,2365,com.android.systemui,2048,NULL,0,Notification(channel=updateNotification shortcut=null contentView=null vibrate=null sound=null defaults=0x0 flags=0x0 color=0x00000000 vis=PRIVATE),1]
11-05 01:57:25.566 2365 2365 I sysui_multi_action: [757,111,758,1]
11-05 01:57:25.566 2365 2365 I sysui_multi_action: [757,126,758,1,759,126,927,0,928,1,1593,0]
11-05 01:57:25.566 2365 2365 I sysui_multi_action: [757,113,758,1,759,113,927,1,928,1,1593,0]
11-05 01:57:25.566 2365 2365 I sysui_multi_action: [757,0,758,1,759,0,927,2,928,0,1593,0]
11-05 01:57:25.566 2365 2365 I sysui_multi_action: [757,0,758,1,759,0,927,3,928,0,1593,0]
11-05 01:57:25.566 2365 2365 I sysui_multi_action: [757,491,758,1,759,491,927,4,928,0,1311,-1,1593,0]
11-05 01:57:25.566 2365 2365 I sysui_multi_action: [757,0,758,1,759,0,927,5,928,0,1593,0]
11-05 01:57:25.566 2365 2365 I sysui_multi_action: [757,114,758,1,759,114,927,6,928,0,1593,0]
11-05 01:57:25.566 2365 2365 I sysui_multi_action: [757,120,758,1,759,120,927,7,928,0,1593,0]
11-05 01:57:25.566 2365 2365 I sysui_multi_action: [757,111,758,1]
11-05 01:57:25.566 2365 2365 I sysui_multi_action: [757,126,758,1,759,126,927,0,928,1,1593,1]
11-05 01:57:25.566 2365 2365 I sysui_multi_action: [757,113,758,1,759,113,927,1,928,1,1593,1]
11-05 01:57:25.566 2365 2365 I sysui_multi_action: [757,0,758,1,759,0,927,2,928,0,1593,1]
11-05 01:57:25.566 2365 2365 I sysui_multi_action: [757,0,758,1,759,0,927,3,928,0,1593,1]
11-05 01:57:25.578 2365 2365 I sysui_multi_action: [757,111,758,2]
11-05 01:57:25.578 2365 2365 I sysui_multi_action: [757,111,758,2]
11-05 01:57:25.579 1507 1507 I notification_enqueue: [10081,2365,com.android.systemui,2048,NULL,0,Notification(channel=updateNotification shortcut=null contentView=null vibrate=null sound=null defaults=0x0 flags=0x0 color=0x00000000 vis=PRIVATE),1]
11-05 01:57:25.585 2365 2365 I sysui_multi_action: [757,111,758,1]
11-05 01:57:25.585 2365 2365 I sysui_multi_action: [757,126,758,1,759,126,927,0,928,1,1593,1]
11-05 01:57:25.585 2365 2365 I sysui_multi_action: [757,113,758,1,759,113,927,1,928,1,1593,1]
11-05 01:57:25.585 2365 2365 I sysui_multi_action: [757,0,758,1,759,0,927,2,928,0,1593,1]
11-05 01:57:25.585 2365 2365 I sysui_multi_action: [757,0,758,1,759,0,927,3,928,0,1593,1]
11-05 01:57:25.586 2365 2365 I sysui_multi_action: [757,491,758,1,759,491,927,4,928,0,1311,-1,1593,0]
11-05 01:57:25.586 2365 2365 I sysui_multi_action: [757,0,758,1,759,0,927,5,928,0,1593,0]
11-05 01:57:25.586 2365 2365 I sysui_multi_action: [757,114,758,1,759,114,927,6,928,0,1593,0]
11-05 01:57:25.586 2365 2365 I sysui_multi_action: [757,120,758,1,759,120,927,7,928,0,1593,0]
11-05 01:57:25.586 2365 2365 I sysui_multi_action: [757,111,758,1]
11-05 01:57:25.586 2365 2365 I sysui_multi_action: [757,126,758,1,759,126,927,0,928,1,1593,1]
11-05 01:57:25.586 2365 2365 I sysui_multi_action: [757,113,758,1,759,113,927,1,928,1,1593,1]
11-05 01:57:25.586 2365 2365 I sysui_multi_action: [757,0,758,1,759,0,927,2,928,0,1593,1]
11-05 01:57:25.586 2365 2365 I sysui_multi_action: [757,0,758,1,759,0,927,3,928,0,1593,1]
11-05 01:57:25.598 2365 2365 I sysui_multi_action: [757,111,758,2]
11-05 01:57:25.598 2365 2365 I sysui_multi_action: [757,111,758,2]
11-05 01:57:25.598 1507 1507 I notification_enqueue: [10081,2365,com.android.systemui,2048,NULL,0,Notification(channel=updateNotification shortcut=null contentView=null vibrate=null sound=null defaults=0x0 flags=0x0 color=0x00000000 vis=PRIVATE),1]
11-05 01:57:25.605 2365 2365 I sysui_multi_action: [757,111,758,1]
11-05 01:57:25.605 2365 2365 I sysui_multi_action: [757,126,758,1,759,126,927,0,928,1,1593,1]
11-05 01:57:25.605 2365 2365 I sysui_multi_action: [757,113,758,1,759,113,927,1,928,1,1593,1]
11-05 01:57:25.605 2365 2365 I sysui_multi_action: [757,0,758,1,759,0,927,2,928,0,1593,1]
11-05 01:57:25.605 2365 2365 I sysui_multi_action: [757,0,758,1,759,0,927,3,928,0,1593,1]
11-05 01:57:25.606 2365 2365 I sysui_multi_action: [757,491,758,1,759,491,927,4,928,0,1311,-1,1593,0]
11-05 01:57:25.606 2365 2365 I sysui_multi_action: [757,0,758,1,759,0,927,5,928,0,1593,0]
11-05 01:57:25.606 2365 2365 I sysui_multi_action: [757,114,758,1,759,114,927,6,928,0,1593,0]
11-05 01:57:25.606 2365 2365 I sysui_multi_action: [757,120,758,1,759,120,927,7,928,0,1593,0]
11-05 01:57:25.606 2365 2365 I sysui_multi_action: [757,111,758,1]
11-05 01:57:25.606 2365 2365 I sysui_multi_action: [757,126,758,1,759,126,927,0,928,1,1593,1]
11-05 01:57:25.606 2365 2365 I sysui_multi_action: [757,113,758,1,759,113,927,1,928,1,1593,1]
11-05 01:57:25.606 2365 2365 I sysui_multi_action: [757,0,758,1,759,0,927,2,928,0,1593,1]
11-05 01:57:25.606 2365 2365 I sysui_multi_action: [757,0,758,1,759,0,927,3,928,0,1593,1]
11-05 01:57:25.620 2365 2365 I sysui_multi_action: [757,111,758,2]
11-05 01:57:25.620 2365 2365 I sysui_multi_action: [757,111,758,2]
11-05 01:57:25.620 1507 1507 I notification_enqueue: [10081,2365,com.android.systemui,2048,NULL,0,Notification(channel=updateNotification shortcut=null contentView=null vibrate=null sound=null defaults=0x0 flags=0x0 color=0x00000000 vis=PRIVATE),1]
11-05 01:57:25.629 2365 2365 I sysui_multi_action: [757,111,758,1]
11-05 01:57:25.629 2365 2365 I sysui_multi_action: [757,126,758,1,759,126,927,0,928,1,1593,0]
11-05 01:57:25.629 2365 2365 I sysui_multi_action: [757,113,758,1,759,113,927,1,928,1,1593,0]
11-05 01:57:25.629 2365 2365 I sysui_multi_action: [757,0,758,1,759,0,927,2,928,0,1593,0]
11-05 01:57:25.629 2365 2365 I sysui_multi_action: [757,0,758,1,759,0,927,3,928,0,1593,0]
11-05 01:57:25.629 2365 2365 I sysui_multi_action: [757,491,758,1,759,491,927,4,928,0,1311,-1,1593,0]
11-05 01:57:25.629 2365 2365 I sysui_multi_action: [757,0,758,1,759,0,927,5,928,0,1593,0]
11-05 01:57:25.629 2365 2365 I sysui_multi_action: [757,114,758,1,759,114,927,6,928,0,1593,0]
11-05 01:57:25.629 2365 2365 I sysui_multi_action: [757,120,758,1,759,120,927,7,928,0,1593,0]
11-05 01:57:25.629 2365 2365 I sysui_multi_action: [757,111,758,1]
11-05 01:57:25.629 2365 2365 I sysui_multi_action: [757,126,758,1,759,126,927,0,928,1,1593,0]
11-05 01:57:25.629 2365 2365 I sysui_multi_action: [757,113,758,1,759,113,927,1,928,1,1593,0]
11-05 01:57:25.630 2365 2365 I sysui_multi_action: [757,0,758,1,759,0,927,2,928,0,1593,0]
11-05 01:57:25.630 2365 2365 I sysui_multi_action: [757,0,758,1,759,0,927,3,928,0,1593,0]
11-05 01:57:25.644 2365 2365 I sysui_multi_action: [757,111,758,2]
11-05 01:57:25.644 2365 2365 I sysui_multi_action: [757,111,758,2]
11-05 01:57:25.644 1507 1507 I notification_enqueue: [10081,2365,com.android.systemui,2048,NULL,0,Notification(channel=updateNotification shortcut=null contentView=null vibrate=null sound=null defaults=0x0 flags=0x0 color=0x00000000 vis=PRIVATE),1]
11-05 01:57:25.655 1507 1629 I input_focus: [Focus request 69db72d com.android.gallery3d/com.android.gallery3d.app.MovieActivity,reason=UpdateInputWindows]
11-05 01:57:25.656 2365 2365 I sysui_multi_action: [757,111,758,1]
11-05 01:57:25.656 2365 2365 I sysui_multi_action: [757,126,758,1,759,126,927,0,928,1,1593,0]
11-05 01:57:25.656 2365 2365 I sysui_multi_action: [757,113,758,1,759,113,927,1,928,1,1593,0]
11-05 01:57:25.656 2365 2365 I sysui_multi_action: [757,0,758,1,759,0,927,2,928,0,1593,0]
11-05 01:57:25.656 2365 2365 I sysui_multi_action: [757,0,758,1,759,0,927,3,928,0,1593,0]
11-05 01:57:25.657 2365 2365 I sysui_multi_action: [757,491,758,1,759,491,927,4,928,0,1311,-1,1593,0]
11-05 01:57:25.657 2365 2365 I sysui_multi_action: [757,0,758,1,759,0,927,5,928,0,1593,0]
11-05 01:57:25.657 2365 2365 I sysui_multi_action: [757,114,758,1,759,114,927,6,928,0,1593,0]
11-05 01:57:25.657 2365 2365 I sysui_multi_action: [757,120,758,1,759,120,927,7,928,0,1593,0]
11-05 01:57:25.657 2365 2365 I sysui_multi_action: [757,111,758,1]
11-05 01:57:25.657 2365 2365 I sysui_multi_action: [757,126,758,1,759,126,927,0,928,1,1593,1]
11-05 01:57:25.657 2365 2365 I sysui_multi_action: [757,113,758,1,759,113,927,1,928,1,1593,1]
11-05 01:57:25.657 2365 2365 I sysui_multi_action: [757,0,758,1,759,0,927,2,928,0,1593,1]
11-05 01:57:25.657 2365 2365 I sysui_multi_action: [757,0,758,1,759,0,927,3,928,0,1593,1]
11-05 01:57:25.668 2365 2365 I sysui_multi_action: [757,111,758,2]
11-05 01:57:25.668 2365 2365 I sysui_multi_action: [757,111,758,2]
11-05 01:57:25.668 1507 1507 I notification_enqueue: [10081,2365,com.android.systemui,2048,NULL,0,Notification(channel=updateNotification shortcut=null contentView=null vibrate=null sound=null defaults=0x0 flags=0x0 color=0x00000000 vis=PRIVATE),1]
11-05 01:57:25.670 1507 2410 I sysui_multi_action: [757,128,758,2,793,2599359,794,979,795,2599359,796,26,798,0,806,android,857,DEVELOPER_IMPORTANT,858,4,947,0,1395,3,1500,2599156,1688,1]
11-05 01:57:25.670 1507 2410 I notification_visibility: [-1|android|26|null|1000,0,2599359,2599359,0,0]
11-05 01:57:25.670 1507 2410 I sysui_multi_action: [757,128,758,2,793,26868,794,978,795,26868,796,17303299,797,com.android.wifi,798,1,806,android,857,NETWORK_AVAILABLE,858,2,947,0,1395,3,1500,26663,1688,1]
11-05 01:57:25.670 1507 2410 I notification_visibility: [0|android|17303299|com.android.wifi|1000,0,26868,26868,0,1]
11-05 01:57:25.670 1507 2410 I sysui_multi_action: [757,128,758,2,793,2694339,794,978,795,2694339,796,32,798,2,806,android,857,USB,858,1,947,0,1395,3,1500,2694121,1688,1]
11-05 01:57:25.670 1507 2410 I notification_visibility: [-1|android|32|null|1000,0,2694339,2694339,0,2]
11-05 01:57:25.670 1507 6076 I sysui_multi_action: [757,127,758,2]
11-05 01:57:25.670 1507 6076 I notification_panel_hidden:
11-05 01:57:25.680 1507 2002 I input_focus: [Focus leaving c697081 NotificationShade (server),reason=NOT_FOCUSABLE]
11-05 01:57:25.681 1507 2002 I input_focus: [Focus entering 69db72d com.android.gallery3d/com.android.gallery3d.app.MovieActivity (server),reason=setFocusedWindow]
11-05 01:57:25.687 2365 2365 I sysui_multi_action: [757,111,758,1]
11-05 01:57:25.687 2365 2365 I sysui_multi_action: [757,126,758,1,759,126,927,0,928,1,1593,1]
11-05 01:57:25.687 2365 2365 I sysui_multi_action: [757,113,758,1,759,113,927,1,928,1,1593,1]
11-05 01:57:25.687 2365 2365 I sysui_multi_action: [757,0,758,1,759,0,927,2,928,0,1593,1]
11-05 01:57:25.687 2365 2365 I sysui_multi_action: [757,0,758,1,759,0,927,3,928,0,1593,1]
11-05 01:57:25.687 2365 2365 I sysui_multi_action: [757,491,758,1,759,491,927,4,928,0,1311,-1,1593,0]
11-05 01:57:25.687 2365 2365 I sysui_multi_action: [757,0,758,1,759,0,927,5,928,0,1593,0]
11-05 01:57:25.687 2365 2365 I sysui_multi_action: [757,114,758,1,759,114,927,6,928,0,1593,0]
11-05 01:57:25.687 2365 2365 I sysui_multi_action: [757,120,758,1,759,120,927,7,928,0,1593,0]
11-05 01:57:25.687 2365 2365 I sysui_multi_action: [757,111,758,1]
11-05 01:57:25.687 2365 2365 I sysui_multi_action: [757,126,758,1,759,126,927,0,928,1,1593,1]
11-05 01:57:25.687 2365 2365 I sysui_multi_action: [757,113,758,1,759,113,927,1,928,1,1593,1]
11-05 01:57:25.687 2365 2365 I sysui_multi_action: [757,0,758,1,759,0,927,2,928,0,1593,1]
11-05 01:57:25.687 2365 2365 I sysui_multi_action: [757,0,758,1,759,0,927,3,928,0,1593,1]
11-05 01:57:25.977 1507 2002 I input_interaction: Interaction with: 69db72d com.android.gallery3d/com.android.gallery3d.app.MovieActivity (server), edge-swipe (server), swipe-up (server), PointerEventDispatcher0 (server),
11-05 01:57:28.305 10082 10082 I menu_item_selected: [0,Food]
11-05 01:57:28.306 1507 6076 I wm_finish_activity: [0,221546107,100,com.android.gallery3d/.app.MovieActivity,app-request]
11-05 01:57:28.314 1507 6076 I wm_pause_activity: [0,221546107,com.android.gallery3d/.app.MovieActivity,userLeaving=false,finish]
11-05 01:57:28.318 10082 10082 I wm_on_top_resumed_lost_called: [221546107,com.android.gallery3d.app.MovieActivity,topStateChangedWhenResumed]
11-05 01:57:28.336 1507 2002 I input_focus: [Focus leaving 69db72d com.android.gallery3d/com.android.gallery3d.app.MovieActivity (server),reason=NO_WINDOW]
11-05 01:57:28.380 10082 10082 I wm_on_paused_called: [221546107,com.android.gallery3d.app.MovieActivity,performPause]
11-05 01:57:28.381 1507 6558 I wm_add_to_stopping: [0,221546107,com.android.gallery3d/.app.MovieActivity,completeFinishing]
11-05 01:57:28.383 1507 6558 I wm_set_resumed_activity: [0,com.android.gallery3d/.app.GalleryActivity,resumeTopActivityInnerLocked]
11-05 01:57:28.384 1507 6558 I wm_resume_activity: [0,53428629,100,com.android.gallery3d/.app.GalleryActivity]
11-05 01:57:28.387 1507 1628 I sysui_multi_action: [757,803,799,window_time_2,802,11]
11-05 01:57:28.392 10082 10082 I wm_on_activity_result_called: [53428629,com.android.gallery3d.app.GalleryActivity,ACTIVITY_RESULT]
11-05 01:57:28.400 10082 10082 I wm_on_resume_called: [53428629,com.android.gallery3d.app.GalleryActivity,RESUME_ACTIVITY]
11-05 01:57:28.400 10082 10082 I wm_on_top_resumed_gained_called: [53428629,com.android.gallery3d.app.GalleryActivity,topWhenResuming]
11-05 01:57:28.409 1507 1629 I input_focus: [Focus request 56b8977 com.android.gallery3d/com.android.gallery3d.app.GalleryActivity,reason=UpdateInputWindows]
11-05 01:57:28.453 1507 2002 I input_focus: [Focus entering 56b8977 com.android.gallery3d/com.android.gallery3d.app.GalleryActivity (server),reason=Window became focusable. Previous reason: NOT_VISIBLE]
11-05 01:57:28.663 1507 1642 I am_pss : [10388,10031,com.android.externalstorage,6295552,4419584,0,95850496,0,19,7]
11-05 01:57:28.676 1507 1642 I am_pss : [10347,10090,com.android.music,15440896,11407360,0,127565824,0,19,7]
11-05 01:57:28.840 1507 1628 I wm_destroy_activity: [0,221546107,100,com.android.gallery3d/.app.MovieActivity,finish-imm:idle]
11-05 01:57:28.858 10082 10082 I wm_on_stop_called: [221546107,com.android.gallery3d.app.MovieActivity,LIFECYCLER_STOP_ACTIVITY]
11-05 01:57:28.859 10082 10082 I wm_on_destroy_called: [221546107,com.android.gallery3d.app.MovieActivity,performDestroy]
11-05 01:57:29.612 1507 2002 I input_interaction: Interaction with: 56b8977 com.android.gallery3d/com.android.gallery3d.app.GalleryActivity (server), edge-swipe (server), swipe-up (server), PointerEventDispatcher0 (server),
11-05 01:57:29.639 1507 7110 I wm_task_moved: [1,0,0]
11-05 01:57:29.640 1507 7110 I wm_task_moved: [1,0,6]
11-05 01:57:29.672 2835 2835 I wm_on_restart_called: [94458931,com.android.launcher3.uioverrides.QuickstepLauncher,performRestartActivity]
11-05 01:57:29.697 2835 2835 I wm_on_start_called: [94458931,com.android.launcher3.uioverrides.QuickstepLauncher,handleStartActivity]
11-05 01:57:29.713 10082 10082 I view_enqueue_input_event: [Motion - Cancel,com.android.gallery3d/com.android.gallery3d.app.GalleryActivity]
11-05 01:57:29.713 2835 2835 I sysui_latency: [1,96]
11-05 01:57:29.717 1507 1629 I input_focus: [Focus request recents_animation_input_consumer,reason=UpdateInputWindows]
11-05 01:57:29.724 1507 1625 I sysui_multi_action: [319,17,322,71,325,2724,757,761,758,9,759,5,806,com.android.launcher3,871,com.android.launcher3.uioverrides.QuickstepLauncher,905,0,1320,4,1321,1]
11-05 01:57:29.728 1507 2002 I input_interaction: Interaction with: edge-swipe (server), swipe-up (server), PointerEventDispatcher0 (server),
11-05 01:57:29.737 1507 2002 I input_focus: [Focus leaving 56b8977 com.android.gallery3d/com.android.gallery3d.app.GalleryActivity (server),reason=NOT_FOCUSABLE]
11-05 01:57:29.738 1507 2002 I input_focus: [Focus entering recents_animation_input_consumer (server),reason=setFocusedWindow]
11-05 01:57:29.902 1507 1751 I commit_sys_config_file: [settings-1-0,6]
11-05 01:57:30.013 1507 1642 I sysui_latency: [8,92]
11-05 01:57:30.600 1507 1751 I commit_sys_config_file: [settings-1-0,5]
11-05 01:57:31.040 1507 2002 I input_interaction: Interaction with: 2395a3e com.android.launcher3/com.android.launcher3.uioverrides.QuickstepLauncher (server), edge-swipe (server), swipe-up (server), PointerEventDispatcher0 (server),
11-05 01:57:31.527 1507 2410 I wm_task_moved: [1,1,7]
11-05 01:57:31.535 1507 2410 I wm_focused_root_task: [0,0,1,100,RecentsAnimation.onAnimationFinished()]
11-05 01:57:31.537 1507 2410 I wm_pause_activity: [0,53428629,com.android.gallery3d/.app.GalleryActivity,userLeaving=false,pauseBackTasks]
11-05 01:57:31.539 1507 2410 I wm_set_resumed_activity: [0,com.android.launcher3/.uioverrides.QuickstepLauncher,resumeTopActivityInnerLocked]
11-05 01:57:31.540 10082 10082 I wm_on_top_resumed_lost_called: [53428629,com.android.gallery3d.app.GalleryActivity,topStateChangedWhenResumed]
11-05 01:57:31.544 1507 2410 I wm_resume_activity: [0,94458931,10,com.android.launcher3/.uioverrides.QuickstepLauncher]
11-05 01:57:31.545 1507 2410 I wm_add_to_stopping: [0,53428629,com.android.gallery3d/.app.GalleryActivity,makeInvisible]
11-05 01:57:31.545 2835 2835 I wm_on_resume_called: [94458931,com.android.launcher3.uioverrides.QuickstepLauncher,RESUME_ACTIVITY]
11-05 01:57:31.556 1507 1629 I input_focus: [Focus request 2395a3e com.android.launcher3/com.android.launcher3.uioverrides.QuickstepLauncher,reason=UpdateInputWindows]
11-05 01:57:31.562 1507 7110 I wm_stop_activity: [0,53428629,com.android.gallery3d/.app.GalleryActivity]
11-05 01:57:31.562 1507 1628 I sysui_multi_action: [757,803,799,window_time_0,802,4]
11-05 01:57:31.569 2835 2835 I wm_on_top_resumed_gained_called: [94458931,com.android.launcher3.uioverrides.QuickstepLauncher,topStateChangedWhenResumed]
11-05 01:57:31.571 1507 2002 I input_focus: [Focus leaving recents_animation_input_consumer (server),reason=NOT_VISIBLE]
11-05 01:57:31.572 10082 10082 I wm_on_paused_called: [53428629,com.android.gallery3d.app.GalleryActivity,performPause]
11-05 01:57:31.576 10082 10082 I wm_on_stop_called: [53428629,com.android.gallery3d.app.GalleryActivity,STOP_ACTIVITY_ITEM]
11-05 01:57:31.578 1507 1628 I sysui_multi_action: [757,803,799,window_time_0,802,0]
11-05 01:57:31.589 1507 1642 I am_pss : [10611,10032,com.android.documentsui,11254784,8548352,0,106110976,0,19,6]
11-05 01:57:31.594 1507 2002 I input_focus: [Focus entering 2395a3e com.android.launcher3/com.android.launcher3.uioverrides.QuickstepLauncher (server),reason=setFocusedWindow]
11-05 01:57:31.657 1507 2410 I wm_finish_activity: [0,53428629,100,com.android.gallery3d/.app.GalleryActivity,remove-task]
11-05 01:57:31.658 1507 2410 I wm_destroy_activity: [0,53428629,100,com.android.gallery3d/.app.GalleryActivity,finish-imm:finishIfPossible]
11-05 01:57:31.663 10082 10082 I wm_on_destroy_called: [53428629,com.android.gallery3d.app.GalleryActivity,performDestroy]
11-05 01:57:31.663 1507 1628 I am_kill : [0,10082,com.android.gallery3d,0,remove task]
11-05 01:57:31.664 1507 1628 I sysui_multi_action: [757,803,799,window_time_0,802,0]
11-05 01:57:31.721 1507 5741 I am_proc_died: [0,10082,com.android.gallery3d,0,10]
11-05 01:57:31.727 1507 5741 I am_uid_stopped: 10069
11-05 01:57:31.730 1507 5741 I wm_task_removed: [100,removeChild:removeChild last r=ActivityRecord{32f4195 u0 com.android.gallery3d/.app.GalleryActivity t-1 f}} in t=Task{9fd4d4c #100 type=standard A=10069:com.android.gallery3d U=0 visible=false mode=fullscreen translucent=true sz=0}]
11-05 01:57:31.731 1507 5741 I wm_task_removed: [100,removeChild]
11-05 01:57:31.735 1507 1628 I am_uid_running: 10069
11-05 01:57:31.746 1507 1646 I am_proc_start: [0,10735,10069,com.android.gallery3d,NULL,]
11-05 01:57:31.761 1507 2002 I input_interaction: Interaction with: 2395a3e com.android.launcher3/com.android.launcher3.uioverrides.QuickstepLauncher (server), ef1bc93 com.android.systemui.ImageWallpaper (server), edge-swipe (server), swipe-up (server), PointerEventDispatcher0 (server),
11-05 01:57:31.785 1507 5741 I am_proc_bound: [0,10735,com.android.gallery3d]
11-05 01:57:34.193 1507 1751 I commit_sys_config_file: [settings-1-0,7]
11-05 01:57:34.529 1507 1642 I am_kill : [0,3627,com.android.managedprovisioning,985,empty for 2701s]
11-05 01:57:34.570 1507 5437 I am_proc_died: [0,3627,com.android.managedprovisioning,985,19]
11-05 01:57:34.572 1507 5437 I am_uid_stopped: 10023
11-05 01:57:34.593 1507 1642 I am_pss : [5990,10065,com.android.deskclock,41345024,32661504,0,176984064,0,10,15]
11-05 01:57:34.781 1507 5989 I wm_task_created: [101,-1]
11-05 01:57:34.786 1507 5989 I wm_task_moved: [101,1,7]
11-05 01:57:34.786 1507 5989 I wm_task_to_front: [0,101]
11-05 01:57:34.786 1507 5989 I wm_create_task: [0,101]
11-05 01:57:34.786 1507 5989 I wm_create_activity: [0,21495496,101,com.android.deskclock/.DeskClock,android.intent.action.MAIN,NULL,NULL,270532608]
11-05 01:57:34.786 1507 5989 I wm_task_moved: [101,1,7]
11-05 01:57:34.789 1507 5989 I wm_pause_activity: [0,94458931,com.android.launcher3/.uioverrides.QuickstepLauncher,userLeaving=true,pauseBackTasks]
11-05 01:57:34.802 2835 2835 I wm_on_top_resumed_lost_called: [94458931,com.android.launcher3.uioverrides.QuickstepLauncher,topStateChangedWhenResumed]
11-05 01:57:34.813 2835 2835 I wm_on_paused_called: [94458931,com.android.launcher3.uioverrides.QuickstepLauncher,performPause]
11-05 01:57:34.816 1507 5741 I wm_add_to_stopping: [0,94458931,com.android.launcher3/.uioverrides.QuickstepLauncher,makeInvisible]
11-05 01:57:34.817 1507 5741 I wm_restart_activity: [0,21495496,101,com.android.deskclock/.DeskClock]
11-05 01:57:34.818 1507 5741 I wm_set_resumed_activity: [0,com.android.deskclock/.DeskClock,minimalResumeActivityLocked]
11-05 01:57:34.841 1507 1628 I sysui_multi_action: [757,803,799,window_time_0,802,3]
11-05 01:57:34.854 1507 2002 I input_focus: [Focus leaving 2395a3e com.android.launcher3/com.android.launcher3.uioverrides.QuickstepLauncher (server),reason=NO_WINDOW]
11-05 01:57:34.855 1507 6558 I wm_task_moved: [101,1,7]
11-05 01:57:34.855 1507 6558 I wm_set_resumed_activity: [0,com.android.deskclock/.DeskClock,positionChildAt]
11-05 01:57:34.855 1507 6558 I wm_create_activity: [0,68695267,101,com.android.permissioncontroller/.permission.ui.GrantPermissionsActivity,android.content.pm.action.REQUEST_PERMISSIONS,NULL,NULL,8388608]
11-05 01:57:34.857 1507 6558 I wm_pause_activity: [0,21495496,com.android.deskclock/.DeskClock,userLeaving=true,resumeTopActivityInnerLocked]
11-05 01:57:34.883 5990 5990 I wm_on_create_called: [21495496,com.android.deskclock.DeskClock,performCreate]
11-05 01:57:34.884 5990 5990 I wm_on_start_called: [21495496,com.android.deskclock.DeskClock,handleStartActivity]
11-05 01:57:34.885 5990 5990 I wm_on_resume_called: [21495496,com.android.deskclock.DeskClock,RESUME_ACTIVITY]
11-05 01:57:34.887 5990 5990 I wm_on_top_resumed_gained_called: [21495496,com.android.deskclock.DeskClock,topStateChangedWhenResumed]
11-05 01:57:34.887 5990 5990 I wm_on_top_resumed_lost_called: [21495496,com.android.deskclock.DeskClock,topStateChangedWhenResumed]
11-05 01:57:34.888 5990 5990 I wm_on_paused_called: [21495496,com.android.deskclock.DeskClock,performPause]
11-05 01:57:34.893 1507 6077 I wm_restart_activity: [0,68695267,101,com.android.permissioncontroller/.permission.ui.GrantPermissionsActivity]
11-05 01:57:34.895 1507 6077 I wm_set_resumed_activity: [0,com.android.permissioncontroller/.permission.ui.GrantPermissionsActivity,minimalResumeActivityLocked]
11-05 01:57:34.895 1507 1628 I am_uid_active: 10094
11-05 01:57:34.904 1507 1628 I sysui_multi_action: [757,803,799,window_time_0,802,0]
11-05 01:57:34.913 2368 2368 I wm_on_create_called: [68695267,com.android.permissioncontroller.permission.ui.GrantPermissionsActivity,performCreate]
11-05 01:57:34.914 2368 2368 I wm_on_start_called: [68695267,com.android.permissioncontroller.permission.ui.GrantPermissionsActivity,handleStartActivity]
11-05 01:57:34.914 2368 2368 I wm_on_resume_called: [68695267,com.android.permissioncontroller.permission.ui.GrantPermissionsActivity,RESUME_ACTIVITY]
11-05 01:57:34.918 2368 2368 I wm_on_top_resumed_gained_called: [68695267,com.android.permissioncontroller.permission.ui.GrantPermissionsActivity,topStateChangedWhenResumed]
11-05 01:57:34.923 1507 5741 I wm_finish_activity: [0,68695267,101,com.android.permissioncontroller/.permission.ui.GrantPermissionsActivity,app-request]
11-05 01:57:34.929 1507 5741 I wm_pause_activity: [0,68695267,com.android.permissioncontroller/.permission.ui.GrantPermissionsActivity,userLeaving=false,finish]
11-05 01:57:34.942 2368 2368 I wm_on_top_resumed_lost_called: [68695267,com.android.permissioncontroller.permission.ui.GrantPermissionsActivity,topStateChangedWhenResumed]
11-05 01:57:34.944 2368 2368 I wm_on_paused_called: [68695267,com.android.permissioncontroller.permission.ui.GrantPermissionsActivity,performPause]
11-05 01:57:34.944 1507 5989 I wm_add_to_stopping: [0,68695267,com.android.permissioncontroller/.permission.ui.GrantPermissionsActivity,completeFinishing]
11-05 01:57:34.945 1507 5989 I wm_set_resumed_activity: [0,com.android.deskclock/.DeskClock,resumeTopActivityInnerLocked]
11-05 01:57:34.945 1507 5989 I wm_resume_activity: [0,21495496,101,com.android.deskclock/.DeskClock]
11-05 01:57:34.952 1507 1628 I sysui_multi_action: [757,803,799,window_time_0,802,0]
11-05 01:57:34.975 1507 1629 I input_focus: [Focus request b0e1ed1 com.android.deskclock/com.android.deskclock.DeskClock,reason=UpdateInputWindows]
11-05 01:57:34.994 1507 1625 I wm_activity_launch_time: [0,68695267,com.android.permissioncontroller/.permission.ui.GrantPermissionsActivity,224]
11-05 01:57:34.994 5990 5990 I wm_on_activity_result_called: [21495496,com.android.deskclock.DeskClock,ACTIVITY_RESULT]
11-05 01:57:34.994 5990 5990 I wm_on_resume_called: [21495496,com.android.deskclock.DeskClock,RESUME_ACTIVITY]
11-05 01:57:34.998 5990 5990 I wm_on_top_resumed_gained_called: [21495496,com.android.deskclock.DeskClock,topWhenResuming]
11-05 01:57:35.001 1507 2002 I input_focus: [Focus entering b0e1ed1 com.android.deskclock/com.android.deskclock.DeskClock (server),reason=setFocusedWindow]
11-05 01:57:35.053 1507 6558 I wm_destroy_activity: [0,68695267,101,com.android.permissioncontroller/.permission.ui.GrantPermissionsActivity,finish-imm:idle]
11-05 01:57:35.053 2368 2368 I wm_on_stop_called: [68695267,com.android.permissioncontroller.permission.ui.GrantPermissionsActivity,LIFECYCLER_STOP_ACTIVITY]
11-05 01:57:35.054 2368 2368 I wm_on_destroy_called: [68695267,com.android.permissioncontroller.permission.ui.GrantPermissionsActivity,performDestroy]
11-05 01:57:35.408 1507 1628 I wm_stop_activity: [0,94458931,com.android.launcher3/.uioverrides.QuickstepLauncher]
11-05 01:57:35.430 2835 2835 I wm_on_stop_called: [94458931,com.android.launcher3.uioverrides.QuickstepLauncher,STOP_ACTIVITY_ITEM]
11-05 01:57:36.243 1507 1645 I am_uid_idle: 10018
11-05 01:57:36.417 1507 2002 I input_interaction: Interaction with: b0e1ed1 com.android.deskclock/com.android.deskclock.DeskClock (server), edge-swipe (server), swipe-up (server), PointerEventDispatcher0 (server),
11-05 01:57:36.439 1507 6077 I wm_task_moved: [1,0,0]
11-05 01:57:36.441 1507 6077 I wm_task_moved: [1,0,6]
11-05 01:57:36.475 2835 2835 I wm_on_restart_called: [94458931,com.android.launcher3.uioverrides.QuickstepLauncher,performRestartActivity]
11-05 01:57:36.503 2835 2835 I wm_on_start_called: [94458931,com.android.launcher3.uioverrides.QuickstepLauncher,handleStartActivity]
11-05 01:57:36.528 1507 1625 I sysui_multi_action: [319,23,322,80,325,2730,757,761,758,9,759,5,806,com.android.launcher3,871,com.android.launcher3.uioverrides.QuickstepLauncher,905,0,1320,4,1321,1]
11-05 01:57:36.584 5990 5990 I view_enqueue_input_event: [Motion - Cancel,com.android.deskclock/com.android.deskclock.DeskClock]
11-05 01:57:36.585 2835 2835 I sysui_latency: [1,98]
11-05 01:57:36.591 1507 1629 I input_focus: [Focus request recents_animation_input_consumer,reason=UpdateInputWindows]
11-05 01:57:36.598 1507 2002 I input_interaction: Interaction with: edge-swipe (server), swipe-up (server), PointerEventDispatcher0 (server),
11-05 01:57:36.607 1507 2002 I input_focus: [Focus leaving b0e1ed1 com.android.deskclock/com.android.deskclock.DeskClock (server),reason=NOT_FOCUSABLE]
11-05 01:57:36.607 1507 2002 I input_focus: [Focus entering recents_animation_input_consumer (server),reason=setFocusedWindow]
11-05 01:57:36.682 1507 1751 I commit_sys_config_file: [settings-1-0,4]
11-05 01:57:36.821 1507 1642 I sysui_latency: [8,95]
11-05 01:57:37.108 1507 6077 I wm_task_moved: [1,0,6]
11-05 01:57:37.109 1507 6077 I wm_add_to_stopping: [0,94458931,com.android.launcher3/.uioverrides.QuickstepLauncher,makeInvisible]
11-05 01:57:37.117 1507 1629 I input_focus: [Focus request b0e1ed1 com.android.deskclock/com.android.deskclock.DeskClock,reason=UpdateInputWindows]
11-05 01:57:37.118 1507 1628 I wm_stop_activity: [0,94458931,com.android.launcher3/.uioverrides.QuickstepLauncher]
11-05 01:57:37.138 1507 2002 I input_focus: [Focus leaving recents_animation_input_consumer (server),reason=NOT_VISIBLE]
11-05 01:57:37.138 1507 2002 I input_focus: [Focus entering b0e1ed1 com.android.deskclock/com.android.deskclock.DeskClock (server),reason=setFocusedWindow]
11-05 01:57:37.155 2835 2835 I wm_on_stop_called: [94458931,com.android.launcher3.uioverrides.QuickstepLauncher,STOP_ACTIVITY_ITEM]
11-05 01:57:37.352 1507 1751 I commit_sys_config_file: [settings-1-0,5]
11-05 01:57:38.092 1507 2002 I input_interaction: Interaction with: b0e1ed1 com.android.deskclock/com.android.deskclock.DeskClock (server), edge-swipe (server), swipe-up (server), PointerEventDispatcher0 (server),
11-05 01:57:39.091 1507 6558 I wm_task_moved: [1,0,0]
11-05 01:57:39.092 1507 6558 I wm_task_moved: [1,0,6]
11-05 01:57:39.110 2835 2835 I wm_on_restart_called: [94458931,com.android.launcher3.uioverrides.QuickstepLauncher,performRestartActivity]
11-05 01:57:39.124 2835 2835 I wm_on_start_called: [94458931,com.android.launcher3.uioverrides.QuickstepLauncher,handleStartActivity]
11-05 01:57:39.162 1507 1625 I sysui_multi_action: [319,11,322,59,325,2733,757,761,758,9,759,5,806,com.android.launcher3,871,com.android.launcher3.uioverrides.QuickstepLauncher,905,0,1320,4,1321,1]
11-05 01:57:39.210 5990 5990 I view_enqueue_input_event: [Motion - Cancel,com.android.deskclock/com.android.deskclock.DeskClock]
11-05 01:57:39.212 2835 2835 I sysui_latency: [1,73]
11-05 01:57:39.219 1507 1629 I input_focus: [Focus request recents_animation_input_consumer,reason=UpdateInputWindows]
11-05 01:57:39.229 1507 2002 I input_interaction: Interaction with: edge-swipe (server), swipe-up (server), PointerEventDispatcher0 (server),
11-05 01:57:39.244 1507 2002 I input_focus: [Focus leaving b0e1ed1 com.android.deskclock/com.android.deskclock.DeskClock (server),reason=NOT_FOCUSABLE]
11-05 01:57:39.244 1507 2002 I input_focus: [Focus entering recents_animation_input_consumer (server),reason=setFocusedWindow]
11-05 01:57:39.304 1507 1645 I am_uid_idle: 10090
11-05 01:57:39.331 1507 1751 I commit_sys_config_file: [settings-1-0,8]
11-05 01:57:39.451 1507 1642 I sysui_latency: [8,71]
11-05 01:57:39.956 1507 6077 I wm_task_moved: [1,1,7]
11-05 01:57:39.958 1507 6077 I wm_task_moved: [10,1,2147483647]
11-05 01:57:39.958 1507 6077 I wm_task_to_front: [0,10]
11-05 01:57:39.959 1507 6077 I wm_focused_root_task: [0,0,1,101,RecentsAnimation.onAnimationFinished()]
11-05 01:57:39.959 5990 5990 I wm_on_top_resumed_lost_called: [21495496,com.android.deskclock.DeskClock,topStateChangedWhenResumed]
11-05 01:57:39.959 1507 6077 I wm_set_resumed_activity: [0,com.android.launcher3/.uioverrides.QuickstepLauncher,RecentsAnimation.onAnimationFinished()]
11-05 01:57:39.963 1507 6077 I wm_pause_activity: [0,21495496,com.android.deskclock/.DeskClock,userLeaving=true,pauseBackTasks]
11-05 01:57:39.964 1507 6077 I wm_add_to_stopping: [0,21495496,com.android.deskclock/.DeskClock,makeInvisible]
11-05 01:57:39.965 1507 6077 I wm_set_resumed_activity: [0,com.android.launcher3/.uioverrides.QuickstepLauncher,resumeTopActivityInnerLocked]
11-05 01:57:39.966 1507 6077 I wm_resume_activity: [0,94458931,10,com.android.launcher3/.uioverrides.QuickstepLauncher]
11-05 01:57:39.969 2835 2835 I wm_on_resume_called: [94458931,com.android.launcher3.uioverrides.QuickstepLauncher,RESUME_ACTIVITY]
11-05 01:57:39.976 1507 1629 I input_focus: [Focus request 2395a3e com.android.launcher3/com.android.launcher3.uioverrides.QuickstepLauncher,reason=UpdateInputWindows]
11-05 01:57:39.978 5990 5990 I wm_on_paused_called: [21495496,com.android.deskclock.DeskClock,performPause]
11-05 01:57:39.979 1507 2002 I input_focus: [Focus leaving recents_animation_input_consumer (server),reason=NOT_VISIBLE]
11-05 01:57:39.980 2835 2835 I wm_on_top_resumed_gained_called: [94458931,com.android.launcher3.uioverrides.QuickstepLauncher,topStateChangedWhenResumed]
11-05 01:57:39.987 1507 6558 I wm_stop_activity: [0,21495496,com.android.deskclock/.DeskClock]
11-05 01:57:39.988 1507 1628 I sysui_multi_action: [757,803,799,window_time_0,802,5]
