11-05 02:21:53.252 4273 4273 D GameMode_GameSettingsObserver: Game Data change!!!! uri = content://com.thundercomm.gamemode.api/gamemode_settings/gamemode_isgaming
11-05 02:21:53.252 4273 4273 D GameMode: getUriFor setting_content_uri_root = content://com.thundercomm.gamemode.api/gamemode_settings , name = gamemode_isgaming
11-05 02:21:53.257 1507 1629 I input_focus: [Focus request 29ea017 com.android.permissioncontroller/com.android.permissioncontroller.permission.ui.GrantPermissionsActivity,reason=UpdateInputWindows]
11-05 02:21:53.259 4273 4291 I GameMode_ActivityMonitoringService: Updating top task to: TaskInfoContainer [topActivity=ComponentInfo{com.android.permissioncontroller/com.android.permissioncontroller.permission.ui.GrantPermissionsActivity}, taskId=132, stackId=132, userId=0, displayId=0, position=7
11-05 02:21:53.259 4273 4291 I GameMode_ActivityMonitoringService: Notifying about top task: TaskInfoContainer [topActivity=ComponentInfo{com.android.permissioncontroller/com.android.permissioncontroller.permission.ui.GrantPermissionsActivity}, taskId=132, stackId=132, userId=0, displayId=0, position=7
11-05 02:21:53.259 4273 4291 D GameMode_GameMode: Show GameMode entry by service!
11-05 02:21:53.259 4273 4291 W ContextImpl: Calling a method in the system process without a qualified user: android.app.ContextImpl.startService:1816 android.content.ContextWrapper.startService:774 com.thundercomm.gamemode.ingame.services.GameModeActionUtils.startGameModeService:39 com.thundercomm.gamemode.ingame.services.GameModeActionUtils.startGameModeEntry:19 com.thundercomm.gamemode.ingame.services.ActivityMonitoringService$1.onActivityLaunch:119
11-05 02:21:53.261 4273 4291 D GameMode: getUriFor setting_content_uri_root = content://com.thundercomm.gamemode.api/gamemode_settings , name = gamemode_isgaming
11-05 02:21:53.263 2368 2368 E GrantPermissionsViewModel: None of [org.codeaurora.permission.POWER_OFF_ALARM] in {android.permission-group.STORAGE=[android.permission.READ_EXTERNAL_STORAGE]}
11-05 02:21:53.266 4273 4273 D GameMode_GameMode: type=hide_entry
11-05 02:21:53.266 1507 1628 I EventSequenceValidator: inc AccIntentStartedEvents to 1
11-05 02:21:53.266 1507 6077 I wm_finish_activity: [0,148085558,132,com.android.permissioncontroller/.permission.ui.GrantPermissionsActivity,app-request]
11-05 02:21:53.267 1507 6077 D ActivityTrigger: ActivityTrigger activityPauseTrigger
11-05 02:21:53.268 1507 6077 I wm_pause_activity: [0,148085558,com.android.permissioncontroller/.permission.ui.GrantPermissionsActivity,userLeaving=false,finish]
11-05 02:21:53.269 1507 1507 I GameModeConfig: Current uri is uri = content://com.thundercomm.gamemode.api/gamemode_settings/gamemode_isgaming
11-05 02:21:53.269 1507 1507 D GameMode: getUriFor setting_content_uri_root = content://com.thundercomm.gamemode.api/gamemode_settings , name = gamemode_isgaming
11-05 02:21:53.269 4273 4291 D GameMode: gamemode_isgaming set to 0
11-05 02:21:53.270 1507 1625 I sysui_multi_action: [319,153,322,152,325,4187,757,761,758,8,759,2,806,com.android.permissioncontroller,871,com.android.permissioncontroller.permission.ui.GrantPermissionsActivity,904,com.android.deskclock,905,0,1320,4,1321,2]
11-05 02:21:53.270 2368 2368 I wm_on_top_resumed_lost_called: [148085558,com.android.permissioncontroller.permission.ui.GrantPermissionsActivity,topStateChangedWhenResumed]
11-05 02:21:53.270 2368 2368 I wm_on_paused_called: [148085558,com.android.permissioncontroller.permission.ui.GrantPermissionsActivity,performPause]
11-05 02:21:53.271 1507 1625 I wm_activity_launch_time: [0,148085558,com.android.permissioncontroller/.permission.ui.GrantPermissionsActivity,152]
11-05 02:21:53.272 1507 2002 I input_focus: [Focus leaving 5c3de95 com.android.deskclock/com.android.deskclock.DeskClock (server),reason=setFocusedWindow]
11-05 02:21:53.272 1507 2002 I input_focus: [Focus entering 29ea017 com.android.permissioncontroller/com.android.permissioncontroller.permission.ui.GrantPermissionsActivity (server),reason=setFocusedWindow]
11-05 02:21:53.272 1507 7110 I ActivityTaskManager: FOREGROUND_APPLICATION_CHANGED to com.android.deskclock.DeskClock
11-05 02:21:53.273 1507 1507 I GameModeConfig: isGameModeOn = false
11-05 02:21:53.273 1507 7110 I wm_set_resumed_activity: [0,com.android.deskclock/.DeskClock,resumeTopActivityInnerLocked]
11-05 02:21:53.273 1507 1507 I GameModeConfig: isGameModeOn = false
11-05 02:21:53.273 1507 1507 I GameModeConfig: isDisableVoice = true
11-05 02:21:53.274 1507 7110 I wm_resume_activity: [0,108347424,132,com.android.deskclock/.DeskClock]
11-05 02:21:53.277 1507 1625 I ActivityTaskManager: Displayed com.android.permissioncontroller/.permission.ui.GrantPermissionsActivity: +152ms
11-05 02:21:53.278 1507 1629 I input_focus: [Focus request 5c3de95 com.android.deskclock/com.android.deskclock.DeskClock,reason=UpdateInputWindows]
11-05 02:21:53.280 1507 1628 I sysui_multi_action: [757,803,799,window_time_0,802,0]
11-05 02:21:53.287 5990 5990 I AlarmClock: Power off alarm permission is granted.
11-05 02:21:53.287 5990 5990 I wm_on_activity_result_called: [108347424,com.android.deskclock.DeskClock,ACTIVITY_RESULT]
11-05 02:21:53.287 5990 5990 I wm_on_resume_called: [108347424,com.android.deskclock.DeskClock,RESUME_ACTIVITY]
11-05 02:21:53.287 1507 2002 I input_focus: [Focus leaving 29ea017 com.android.permissioncontroller/com.android.permissioncontroller.permission.ui.GrantPermissionsActivity (server),reason=NO_WINDOW]
11-05 02:21:53.288 4273 4273 D GameMode_GameMode:GameModeService: updateGlobalSettings = gamemode_isgaming
11-05 02:21:53.288 4273 4273 D GameMode_GameSettingsObserver: Game Data change!!!! uri = content://com.thundercomm.gamemode.api/gamemode_settings/gamemode_isgaming
11-05 02:21:53.288 4273 4273 D GameMode: getUriFor setting_content_uri_root = content://com.thundercomm.gamemode.api/gamemode_settings , name = gamemode_isgaming
11-05 02:21:53.290 4273 4273 D GameMode_GameMode:GameModeService: updateGlobalSettings = gamemode_isgaming
11-05 02:21:53.290 5990 5990 I wm_on_top_resumed_gained_called: [108347424,com.android.deskclock.DeskClock,topWhenResuming]
11-05 02:21:53.302 1507 2002 I input_focus: [Focus entering 5c3de95 com.android.deskclock/com.android.deskclock.DeskClock (server),reason=setFocusedWindow]
11-05 02:21:53.338 1507 4739 I wm_destroy_activity: [0,148085558,132,com.android.permissioncontroller/.permission.ui.GrantPermissionsActivity,finish-idle]
11-05 02:21:53.340 2368 2368 I wm_on_stop_called: [148085558,com.android.permissioncontroller.permission.ui.GrantPermissionsActivity,LIFECYCLER_STOP_ACTIVITY]
11-05 02:21:53.341 2368 2368 I wm_on_destroy_called: [148085558,com.android.permissioncontroller.permission.ui.GrantPermissionsActivity,performDestroy]
11-05 02:21:53.342 648 663 I mpu_uart: [MSG-P:RECV]:No message received in 1000 ms
11-05 02:21:53.342 1507 4739 W InputManager-JNI: Input channel object '29ea017 com.android.permissioncontroller/com.android.permissioncontroller.permission.ui.GrantPermissionsActivity (client)' was disposed without first being removed with the input manager!
11-05 02:21:53.343 4273 12036 I GameMode_ActivityMonitoringService: onForegroundActivitiesChanged uid 10094 pid 2368 fg false
11-05 02:21:53.352 4273 4291 I GameMode_ActivityMonitoringService: Updating top task to: TaskInfoContainer [topActivity=ComponentInfo{com.android.deskclock/com.android.deskclock.DeskClock}, taskId=132, stackId=132, userId=0, displayId=0, position=7
11-05 02:21:53.353 4273 4291 I GameMode_ActivityMonitoringService: Notifying about top task: TaskInfoContainer [topActivity=ComponentInfo{com.android.deskclock/com.android.deskclock.DeskClock}, taskId=132, stackId=132, userId=0, displayId=0, position=7
11-05 02:21:53.353 4273 4291 D GameMode_GameMode: Show GameMode entry by service!
11-05 02:21:53.353 4273 4291 W ContextImpl: Calling a method in the system process without a qualified user: android.app.ContextImpl.startService:1816 android.content.ContextWrapper.startService:774 com.thundercomm.gamemode.ingame.services.GameModeActionUtils.startGameModeService:39 com.thundercomm.gamemode.ingame.services.GameModeActionUtils.startGameModeEntry:19 com.thundercomm.gamemode.ingame.services.ActivityMonitoringService$1.onActivityLaunch:119
11-05 02:21:53.358 4273 4273 D GameMode_GameMode: type=hide_entry
11-05 02:21:53.358 4273 4291 D GameMode: getUriFor setting_content_uri_root = content://com.thundercomm.gamemode.api/gamemode_settings , name = gamemode_isgaming
11-05 02:21:53.361 4273 4291 D GameMode: gamemode_isgaming set to 0
11-05 02:21:53.363 1507 1507 I GameModeConfig: Current uri is uri = content://com.thundercomm.gamemode.api/gamemode_settings/gamemode_isgaming
11-05 02:21:53.363 1507 1507 D GameMode: getUriFor setting_content_uri_root = content://com.thundercomm.gamemode.api/gamemode_settings , name = gamemode_isgaming
11-05 02:21:53.365 1507 1507 I GameModeConfig: isGameModeOn = false
11-05 02:21:53.365 1507 1507 I GameModeConfig: isGameModeOn = false
11-05 02:21:53.365 1507 1507 I GameModeConfig: isDisableVoice = true
11-05 02:21:53.375 4273 12036 I GameMode_ActivityMonitoringService: onTaskStackChanged
11-05 02:21:53.381 4273 4291 I GameMode_ActivityMonitoringService: Updating top task to: TaskInfoContainer [topActivity=ComponentInfo{com.android.deskclock/com.android.deskclock.DeskClock}, taskId=132, stackId=132, userId=0, displayId=0, position=7
11-05 02:21:53.381 4273 4291 I GameMode_ActivityMonitoringService: Notifying about top task: TaskInfoContainer [topActivity=ComponentInfo{com.android.deskclock/com.android.deskclock.DeskClock}, taskId=132, stackId=132, userId=0, displayId=0, position=7
11-05 02:21:53.381 4273 4291 D GameMode_GameMode: Show GameMode entry by service!
11-05 02:21:53.381 4273 4291 W ContextImpl: Calling a method in the system process without a qualified user: android.app.ContextImpl.startService:1816 android.content.ContextWrapper.startService:774 com.thundercomm.gamemode.ingame.services.GameModeActionUtils.startGameModeService:39 com.thundercomm.gamemode.ingame.services.GameModeActionUtils.startGameModeEntry:19 com.thundercomm.gamemode.ingame.services.ActivityMonitoringService$1.onActivityLaunch:119
11-05 02:21:53.381 4273 4273 D GameMode_GameSettingsObserver: Game Data change!!!! uri = content://com.thundercomm.gamemode.api/gamemode_settings/gamemode_isgaming
11-05 02:21:53.382 4273 4273 D GameMode: getUriFor setting_content_uri_root = content://com.thundercomm.gamemode.api/gamemode_settings , name = gamemode_isgaming
11-05 02:21:53.384 4273 4273 D GameMode_GameMode:GameModeService: updateGlobalSettings = gamemode_isgaming
11-05 02:21:53.384 4273 4291 D GameMode: getUriFor setting_content_uri_root = content://com.thundercomm.gamemode.api/gamemode_settings , name = gamemode_isgaming
11-05 02:21:53.386 4273 4273 D GameMode_GameMode: type=hide_entry
11-05 02:21:53.386 1507 1507 I GameModeConfig: Current uri is uri = content://com.thundercomm.gamemode.api/gamemode_settings/gamemode_isgaming
11-05 02:21:53.387 1507 1507 D GameMode: getUriFor setting_content_uri_root = content://com.thundercomm.gamemode.api/gamemode_settings , name = gamemode_isgaming
11-05 02:21:53.388 1507 1507 I GameModeConfig: isGameModeOn = false
11-05 02:21:53.388 1507 1507 I GameModeConfig: isGameModeOn = false
11-05 02:21:53.388 1507 1507 I GameModeConfig: isDisableVoice = true
11-05 02:21:53.389 4273 4291 D GameMode: gamemode_isgaming set to 0
11-05 02:21:53.392 4273 4273 D GameMode_GameSettingsObserver: Game Data change!!!! uri = content://com.thundercomm.gamemode.api/gamemode_settings/gamemode_isgaming
11-05 02:21:53.392 4273 4273 D GameMode: getUriFor setting_content_uri_root = content://com.thundercomm.gamemode.api/gamemode_settings , name = gamemode_isgaming
11-05 02:21:53.394 4273 4273 D GameMode_GameMode:GameModeService: updateGlobalSettings = gamemode_isgaming
11-05 02:21:53.471 1209 4817 I OMX-VENC: venc_dev: stats: avg. fps 29.93, bitrate 1319471
11-05 02:21:53.604 1507 1628 I wm_stop_activity: [0,94458931,com.android.launcher3/.uioverrides.QuickstepLauncher]
11-05 02:21:53.609 2835 2835 D StateManager: goToState: Normal
11-05 02:21:53.611 2835 2835 I wm_on_stop_called: [94458931,com.android.launcher3.uioverrides.QuickstepLauncher,STOP_ACTIVITY_ITEM]
11-05 02:21:53.631 4273 12036 I GameMode_ActivityMonitoringService: onForegroundActivitiesChanged uid 10078 pid 2835 fg false
11-05 02:21:53.638 4273 4291 I GameMode_ActivityMonitoringService: Updating top task to: TaskInfoContainer [topActivity=ComponentInfo{com.android.deskclock/com.android.deskclock.DeskClock}, taskId=132, stackId=132, userId=0, displayId=0, position=7
11-05 02:21:53.638 4273 4291 I GameMode_ActivityMonitoringService: Notifying about top task: TaskInfoContainer [topActivity=ComponentInfo{com.android.deskclock/com.android.deskclock.DeskClock}, taskId=132, stackId=132, userId=0, displayId=0, position=7
11-05 02:21:53.638 4273 4291 D GameMode_GameMode: Show GameMode entry by service!
11-05 02:21:53.639 4273 4291 W ContextImpl: Calling a method in the system process without a qualified user: android.app.ContextImpl.startService:1816 android.content.ContextWrapper.startService:774 com.thundercomm.gamemode.ingame.services.GameModeActionUtils.startGameModeService:39 com.thundercomm.gamemode.ingame.services.GameModeActionUtils.startGameModeEntry:19 com.thundercomm.gamemode.ingame.services.ActivityMonitoringService$1.onActivityLaunch:119
11-05 02:21:53.643 4273 4291 D GameMode: getUriFor setting_content_uri_root = content://com.thundercomm.gamemode.api/gamemode_settings , name = gamemode_isgaming
11-05 02:21:53.645 1507 1507 I GameModeConfig: Current uri is uri = content://com.thundercomm.gamemode.api/gamemode_settings/gamemode_isgaming
11-05 02:21:53.646 1507 1507 D GameMode: getUriFor setting_content_uri_root = content://com.thundercomm.gamemode.api/gamemode_settings , name = gamemode_isgaming
11-05 02:21:53.646 4273 4273 D GameMode_GameSettingsObserver: Game Data change!!!! uri = content://com.thundercomm.gamemode.api/gamemode_settings/gamemode_isgaming
11-05 02:21:53.646 4273 4273 D GameMode: getUriFor setting_content_uri_root = content://com.thundercomm.gamemode.api/gamemode_settings , name = gamemode_isgaming
11-05 02:21:53.646 4273 4291 D GameMode: gamemode_isgaming set to 0
11-05 02:21:53.648 1507 1507 I GameModeConfig: isGameModeOn = false
11-05 02:21:53.648 1507 1507 I GameModeConfig: isGameModeOn = false
11-05 02:21:53.648 1507 1507 I GameModeConfig: isDisableVoice = true
11-05 02:21:53.649 4273 4273 D GameMode_GameMode: type=hide_entry
11-05 02:21:53.659 4273 4273 D GameMode_GameMode:GameModeService: updateGlobalSettings = gamemode_isgaming
11-05 02:21:54.342 648 663 I mpu_uart: [MSG-P:RECV]:No message received in 1000 ms
11-05 02:21:54.475 1209 4817 I OMX-VENC: venc_dev: stats: avg. fps 59.73, bitrate 981016
11-05 02:21:54.678 1507 3825 E TaskPersister: File error accessing recents directory (directory doesn't exist?).
11-05 02:21:54.946 1507 4963 I wm_task_moved: [1,0,0]
11-05 02:21:54.947 1507 1628 I EventSequenceValidator: inc AccIntentStartedEvents to 2
11-05 02:21:54.948 1507 4963 I wm_task_moved: [1,0,6]
11-05 02:21:54.955 2835 2835 I wm_on_restart_called: [94458931,com.android.launcher3.uioverrides.QuickstepLauncher,performRestartActivity]
11-05 02:21:54.955 2835 2835 D StateManager: goToState: Background
11-05 02:21:54.956 2835 2835 D FreeWindowContainer: reloadTask: null
11-05 02:21:54.958 963 1073 I BpBinder: onLastStrongRef automatically unlinking death recipients:
11-05 02:21:54.977 2835 2835 D EditModeHelper: setHotseatVisibility: 8
11-05 02:21:54.979 2835 2835 I wm_on_start_called: [94458931,com.android.launcher3.uioverrides.QuickstepLauncher,handleStartActivity]
11-05 02:21:54.995 1507 1628 I EventSequenceValidator: dec AccIntentStartedEvents to 1
11-05 02:21:55.002 1507 1625 I sysui_multi_action: [319,14,322,47,325,4189,757,761,758,9,759,5,806,com.android.launcher3,871,com.android.launcher3.uioverrides.QuickstepLauncher,905,0,1320,4,1321,1]
11-05 02:21:55.027 1507 6077 I InputDispatcher: Monitor swipe-up (server) is stealing touch from [5c3de95 com.android.deskclock/com.android.deskclock.DeskClock (server), ]
11-05 02:21:55.028 5990 5990 I view_enqueue_input_event: [Motion - Cancel,com.android.deskclock/com.android.deskclock.DeskClock]
11-05 02:21:55.029 2835 2835 I LatencyTracker: ACTION_TOGGLE_RECENTS latency=64
11-05 02:21:55.029 2835 2835 I sysui_latency: [1,64]
11-05 02:21:55.032 2365 2365 V ShadeControllerImpl: NotificationShadeWindow: com.android.systemui.statusbar.phone.NotificationShadeWindowView{44a180 I.E...... ......ID 0,0-2560,1080} canPanelBeCollapsed(): false
11-05 02:21:55.034 1507 1629 I input_focus: [Focus request recents_animation_input_consumer,reason=UpdateInputWindows]
11-05 02:21:55.034 1507 2002 I input_interaction: Interaction with: edge-swipe (server), swipe-up (server), PointerEventDispatcher0 (server),
11-05 02:21:55.057 1507 2002 I input_focus: [Focus leaving 5c3de95 com.android.deskclock/com.android.deskclock.DeskClock (server),reason=NOT_FOCUSABLE]
11-05 02:21:55.058 1507 2002 I input_focus: [Focus entering recents_animation_input_consumer (server),reason=setFocusedWindow]
11-05 02:21:55.099 2835 2835 W OrientationEventListener: Cannot detect sensors. Invalid disable
11-05 02:21:55.109 2835 2835 D EditModeHelper: setHotseatVisibility: 0
11-05 02:21:55.183 1507 1751 I commit_sys_config_file: [settings-1-0,4]
11-05 02:21:55.295 1507 1642 I LatencyTracker: ACTION_START_RECENTS_ANIMATION latency=63
11-05 02:21:55.295 1507 1642 I sysui_latency: [8,63]
11-05 02:21:55.342 648 663 I mpu_uart: [MSG-P:RECV]:No message received in 1000 ms
11-05 02:21:55.479 1209 4817 I OMX-VENC: venc_dev: stats: avg. fps 43.82, bitrate 1964149
11-05 02:21:55.639 648 662 I mpu_uart: [MSG-P:R]:recv sync frame timeout
11-05 02:21:55.728 2835 2835 D EditModeHelper: setHotseatVisibility: 0
11-05 02:21:55.749 1507 4739 I wm_task_moved: [1,1,7]
11-05 02:21:55.752 1507 4739 I wm_task_moved: [10,1,2147483647]
11-05 02:21:55.752 1507 4739 I wm_task_to_front: [0,10]
11-05 02:21:55.752 1507 4739 I wm_focused_root_task: [0,0,1,132,RecentsAnimation.onAnimationFinished()]
11-05 02:21:55.753 1507 4739 I wm_set_resumed_activity: [0,com.android.launcher3/.uioverrides.QuickstepLauncher,RecentsAnimation.onAnimationFinished()]
11-05 02:21:55.753 5990 5990 I wm_on_top_resumed_lost_called: [108347424,com.android.deskclock.DeskClock,topStateChangedWhenResumed]
11-05 02:21:55.755 1507 4739 D ActivityTrigger: ActivityTrigger activityPauseTrigger
11-05 02:21:55.756 1507 4739 I wm_pause_activity: [0,108347424,com.android.deskclock/.DeskClock,userLeaving=true,pauseBackTasks]
11-05 02:21:55.758 1507 4739 I wm_add_to_stopping: [0,108347424,com.android.deskclock/.DeskClock,makeInvisible]
11-05 02:21:55.764 1507 4739 I ActivityTaskManager: FOREGROUND_APPLICATION_CHANGED to com.android.launcher3.uioverrides.QuickstepLauncher
11-05 02:21:55.764 1507 4739 I wm_set_resumed_activity: [0,com.android.launcher3/.uioverrides.QuickstepLauncher,resumeTopActivityInnerLocked]
11-05 02:21:55.765 1507 4739 I wm_resume_activity: [0,94458931,10,com.android.launcher3/.uioverrides.QuickstepLauncher]
11-05 02:21:55.769 2835 2835 I wm_on_resume_called: [94458931,com.android.launcher3.uioverrides.QuickstepLauncher,RESUME_ACTIVITY]
11-05 02:21:55.774 1507 1629 I input_focus: [Focus request 2395a3e com.android.launcher3/com.android.launcher3.uioverrides.QuickstepLauncher,reason=UpdateInputWindows]
11-05 02:21:55.776 1507 2002 I input_focus: [Focus leaving recents_animation_input_consumer (server),reason=NOT_VISIBLE]
11-05 02:21:55.779 2835 2835 I wm_on_top_resumed_gained_called: [94458931,com.android.launcher3.uioverrides.QuickstepLauncher,topStateChangedWhenResumed]
11-05 02:21:55.779 1507 1628 I wm_stop_activity: [0,108347424,com.android.deskclock/.DeskClock]
11-05 02:21:55.779 1507 1628 I sysui_multi_action: [757,803,799,window_time_0,802,3]
11-05 02:21:55.783 5990 5990 I wm_on_paused_called: [108347424,com.android.deskclock.DeskClock,performPause]
11-05 02:21:55.786 1507 1628 I sysui_multi_action: [757,803,799,window_time_0,802,0]
11-05 02:21:55.792 1507 2002 I input_focus: [Focus entering 2395a3e com.android.launcher3/com.android.launcher3.uioverrides.QuickstepLauncher (server),reason=setFocusedWindow]
11-05 02:21:55.792 5990 5990 I wm_on_stop_called: [108347424,com.android.deskclock.DeskClock,STOP_ACTIVITY_ITEM]
11-05 02:21:55.818 4273 8495 I GameMode_ActivityMonitoringService: onForegroundActivitiesChanged uid 10065 pid 5990 fg false
11-05 02:21:55.824 4273 4291 I GameMode_ActivityMonitoringService: Updating top task to: TaskInfoContainer [topActivity=ComponentInfo{com.android.launcher3/com.android.launcher3.uioverrides.QuickstepLauncher}, taskId=10, stackId=1, userId=0, displayId=0, position=7
11-05 02:21:55.824 4273 4291 I GameMode_ActivityMonitoringService: Notifying about top task: TaskInfoContainer [topActivity=ComponentInfo{com.android.launcher3/com.android.launcher3.uioverrides.QuickstepLauncher}, taskId=10, stackId=1, userId=0, displayId=0, position=7
11-05 02:21:55.824 4273 4291 D GameMode_GameMode: Show GameMode entry by service!
11-05 02:21:55.824 4273 4291 W ContextImpl: Calling a method in the system process without a qualified user: android.app.ContextImpl.startService:1816 android.content.ContextWrapper.startService:774 com.thundercomm.gamemode.ingame.services.GameModeActionUtils.startGameModeService:39 com.thundercomm.gamemode.ingame.services.GameModeActionUtils.startGameModeEntry:19 com.thundercomm.gamemode.ingame.services.ActivityMonitoringService$1.onActivityLaunch:119
11-05 02:21:55.827 4273 4291 D GameMode: getUriFor setting_content_uri_root = content://com.thundercomm.gamemode.api/gamemode_settings , name = gamemode_isgaming
11-05 02:21:55.827 4273 4273 D GameMode_GameMode: type=hide_entry
11-05 02:21:55.830 1507 1507 I GameModeConfig: Current uri is uri = content://com.thundercomm.gamemode.api/gamemode_settings/gamemode_isgaming
11-05 02:21:55.830 1507 1507 D GameMode: getUriFor setting_content_uri_root = content://com.thundercomm.gamemode.api/gamemode_settings , name = gamemode_isgaming
11-05 02:21:55.831 4273 4291 D GameMode: gamemode_isgaming set to 0
11-05 02:21:55.834 1507 1507 I GameModeConfig: isGameModeOn = false
11-05 02:21:55.835 1507 1507 I GameModeConfig: isGameModeOn = false
11-05 02:21:55.835 1507 1507 I GameModeConfig: isDisableVoice = true
11-05 02:21:55.840 4273 4273 D GameMode_GameSettingsObserver: Game Data change!!!! uri = content://com.thundercomm.gamemode.api/gamemode_settings/gamemode_isgaming
11-05 02:21:55.840 4273 4273 D GameMode: getUriFor setting_content_uri_root = content://com.thundercomm.gamemode.api/gamemode_settings , name = gamemode_isgaming
11-05 02:21:55.843 4273 4273 D GameMode_GameMode:GameModeService: updateGlobalSettings = gamemode_isgaming
11-05 02:21:55.875 4273 8495 I GameMode_ActivityMonitoringService: onTaskStackChanged
11-05 02:21:55.882 4273 4291 I GameMode_ActivityMonitoringService: Updating top task to: TaskInfoContainer [topActivity=ComponentInfo{com.android.launcher3/com.android.launcher3.uioverrides.QuickstepLauncher}, taskId=10, stackId=1, userId=0, displayId=0, position=7
11-05 02:21:55.883 4273 4291 I GameMode_ActivityMonitoringService: Notifying about top task: TaskInfoContainer [topActivity=ComponentInfo{com.android.launcher3/com.android.launcher3.uioverrides.QuickstepLauncher}, taskId=10, stackId=1, userId=0, displayId=0, position=7
11-05 02:21:55.883 4273 4291 D GameMode_GameMode: Show GameMode entry by service!
11-05 02:21:55.883 4273 4291 W ContextImpl: Calling a method in the system process without a qualified user: android.app.ContextImpl.startService:1816 android.content.ContextWrapper.startService:774 com.thundercomm.gamemode.ingame.services.GameModeActionUtils.startGameModeService:39 com.thundercomm.gamemode.ingame.services.GameModeActionUtils.startGameModeEntry:19 com.thundercomm.gamemode.ingame.services.ActivityMonitoringService$1.onActivityLaunch:119
11-05 02:21:55.885 4273 4291 D GameMode: getUriFor setting_content_uri_root = content://com.thundercomm.gamemode.api/gamemode_settings , name = gamemode_isgaming
11-05 02:21:55.885 4273 4273 D GameMode_GameMode: type=hide_entry
11-05 02:21:55.887 1507 1507 I GameModeConfig: Current uri is uri = content://com.thundercomm.gamemode.api/gamemode_settings/gamemode_isgaming
11-05 02:21:55.887 1507 1507 D GameMode: getUriFor setting_content_uri_root = content://com.thundercomm.gamemode.api/gamemode_settings , name = gamemode_isgaming
11-05 02:21:55.889 4273 4291 D GameMode: gamemode_isgaming set to 0
11-05 02:21:55.890 1507 1507 I GameModeConfig: isGameModeOn = false
11-05 02:21:55.891 1507 1507 I GameModeConfig: isGameModeOn = false
11-05 02:21:55.891 1507 1507 I GameModeConfig: isDisableVoice = true
11-05 02:21:55.897 1507 1530 W System : A resource failed to call release.
11-05 02:21:55.897 1507 1530 W System : A resource failed to call close.
11-05 02:21:55.897 1507 1530 W System : A resource failed to call close.
11-05 02:21:55.897 1507 1530 W System : A resource failed to call close.
11-05 02:21:55.898 1507 1530 W System : A resource failed to call release.
11-05 02:21:55.898 1507 1530 W System : A resource failed to call close.
11-05 02:21:55.900 4273 4273 D GameMode_GameSettingsObserver: Game Data change!!!! uri = content://com.thundercomm.gamemode.api/gamemode_settings/gamemode_isgaming
11-05 02:21:55.900 4273 4273 D GameMode: getUriFor setting_content_uri_root = content://com.thundercomm.gamemode.api/gamemode_settings , name = gamemode_isgaming
11-05 02:21:55.902 4273 4273 D GameMode_GameMode:GameModeService: updateGlobalSettings = gamemode_isgaming
11-05 02:21:56.342 648 663 I mpu_uart: [MSG-P:RECV]:No message received in 1000 ms
11-05 02:21:56.483 1209 4817 I OMX-VENC: venc_dev: stats: avg. fps 54.80, bitrate 1223745
11-05 02:21:57.343 648 663 I mpu_uart: [MSG-P:RECV]:No message received in 1000 ms
11-05 02:21:57.523 1209 4817 I OMX-VENC: venc_dev: stats: avg. fps 35.57, bitrate 647566