11-05 01:50:10.981 1507 1645 I am_wtf : [0,1507,system_server,-1,DisplayDeviceConfig,requesting nits when no mapping exists.]
11-05 01:50:10.997 1507 1645 I am_wtf : [0,1507,system_server,-1,DisplayDeviceConfig,requesting nits when no mapping exists.]
11-05 01:50:10.998 1507 1645 I am_wtf : [0,1507,system_server,-1,DisplayDeviceConfig,requesting nits when no mapping exists.]
11-05 01:50:11.014 1507 1645 I am_wtf : [0,1507,system_server,-1,DisplayDeviceConfig,requesting nits when no mapping exists.]
11-05 01:50:11.015 1507 1645 I am_wtf : [0,1507,system_server,-1,DisplayDeviceConfig,requesting nits when no mapping exists.]
11-05 01:50:11.030 1507 1645 I am_wtf : [0,1507,system_server,-1,DisplayDeviceConfig,requesting nits when no mapping exists.]
11-05 01:50:11.032 1507 1645 I am_wtf : [0,1507,system_server,-1,DisplayDeviceConfig,requesting nits when no mapping exists.]
11-05 01:50:11.047 1507 1645 I am_wtf : [0,1507,system_server,-1,DisplayDeviceConfig,requesting nits when no mapping exists.]
11-05 01:50:11.048 1507 1645 I am_wtf : [0,1507,system_server,-1,DisplayDeviceConfig,requesting nits when no mapping exists.]
11-05 01:50:11.064 1507 1645 I am_wtf : [0,1507,system_server,-1,DisplayDeviceConfig,requesting nits when no mapping exists.]
11-05 01:50:11.065 1507 1645 I am_wtf : [0,1507,system_server,-1,DisplayDeviceConfig,requesting nits when no mapping exists.]
11-05 01:50:11.081 1507 1645 I am_wtf : [0,1507,system_server,-1,DisplayDeviceConfig,requesting nits when no mapping exists.]
11-05 01:50:11.082 1507 1645 I am_wtf : [0,1507,system_server,-1,DisplayDeviceConfig,requesting nits when no mapping exists.]
11-05 01:50:11.097 1507 1645 I am_wtf : [0,1507,system_server,-1,DisplayDeviceConfig,requesting nits when no mapping exists.]
11-05 01:50:11.098 1507 1645 I am_wtf : [0,1507,system_server,-1,DisplayDeviceConfig,requesting nits when no mapping exists.]
11-05 01:50:11.115 1507 1645 I am_wtf : [0,1507,system_server,-1,DisplayDeviceConfig,requesting nits when no mapping exists.]
11-05 01:50:11.116 1507 1645 I am_wtf : [0,1507,system_server,-1,DisplayDeviceConfig,requesting nits when no mapping exists.]
11-05 01:50:11.131 1507 1645 I am_wtf : [0,1507,system_server,-1,DisplayDeviceConfig,requesting nits when no mapping exists.]
11-05 01:50:11.133 1507 1645 I am_wtf : [0,1507,system_server,-1,DisplayDeviceConfig,requesting nits when no mapping exists.]
11-05 01:50:11.147 1507 1645 I am_wtf : [0,1507,system_server,-1,DisplayDeviceConfig,requesting nits when no mapping exists.]
11-05 01:50:11.149 1507 1645 I am_wtf : [0,1507,system_server,-1,DisplayDeviceConfig,requesting nits when no mapping exists.]
11-05 01:50:11.164 1507 1645 I am_wtf : [0,1507,system_server,-1,DisplayDeviceConfig,requesting nits when no mapping exists.]
11-05 01:50:11.165 1507 1645 I am_wtf : [0,1507,system_server,-1,DisplayDeviceConfig,requesting nits when no mapping exists.]
11-05 01:50:11.181 1507 1645 I am_wtf : [0,1507,system_server,-1,DisplayDeviceConfig,requesting nits when no mapping exists.]
11-05 01:50:11.182 1507 1645 I am_wtf : [0,1507,system_server,-1,DisplayDeviceConfig,requesting nits when no mapping exists.]
11-05 01:50:11.198 1507 1645 I am_wtf : [0,1507,system_server,-1,DisplayDeviceConfig,requesting nits when no mapping exists.]
11-05 01:50:11.199 1507 1645 I am_wtf : [0,1507,system_server,-1,DisplayDeviceConfig,requesting nits when no mapping exists.]
11-05 01:50:11.214 1507 1645 I am_wtf : [0,1507,system_server,-1,DisplayDeviceConfig,requesting nits when no mapping exists.]
11-05 01:50:11.216 1507 1645 I am_wtf : [0,1507,system_server,-1,DisplayDeviceConfig,requesting nits when no mapping exists.]
11-05 01:50:11.232 1507 1645 I am_wtf : [0,1507,system_server,-1,DisplayDeviceConfig,requesting nits when no mapping exists.]
11-05 01:50:11.233 1507 1645 I am_wtf : [0,1507,system_server,-1,DisplayDeviceConfig,requesting nits when no mapping exists.]
11-05 01:50:11.248 1507 1645 I am_wtf : [0,1507,system_server,-1,DisplayDeviceConfig,requesting nits when no mapping exists.]
11-05 01:50:11.250 1507 1645 I am_wtf : [0,1507,system_server,-1,DisplayDeviceConfig,requesting nits when no mapping exists.]
11-05 01:50:11.264 1507 1645 I am_wtf : [0,1507,system_server,-1,DisplayDeviceConfig,requesting nits when no mapping exists.]
11-05 01:50:11.265 1507 1645 I am_wtf : [0,1507,system_server,-1,DisplayDeviceConfig,requesting nits when no mapping exists.]
11-05 01:50:11.281 1507 1645 I am_wtf : [0,1507,system_server,-1,DisplayDeviceConfig,requesting nits when no mapping exists.]
11-05 01:50:11.281 1507 1645 I am_wtf : [0,1507,system_server,-1,DisplayDeviceConfig,requesting nits when no mapping exists.]
11-05 01:50:11.297 1507 1645 I am_wtf : [0,1507,system_server,-1,DisplayDeviceConfig,requesting nits when no mapping exists.]
11-05 01:50:11.298 1507 1645 I am_wtf : [0,1507,system_server,-1,DisplayDeviceConfig,requesting nits when no mapping exists.]
11-05 01:50:11.314 1507 1645 I am_wtf : [0,1507,system_server,-1,DisplayDeviceConfig,requesting nits when no mapping exists.]
11-05 01:50:11.315 1507 1645 I am_wtf : [0,1507,system_server,-1,DisplayDeviceConfig,requesting nits when no mapping exists.]
11-05 01:50:11.332 1507 1645 I am_wtf : [0,1507,system_server,-1,DisplayDeviceConfig,requesting nits when no mapping exists.]
11-05 01:50:11.333 1507 1645 I am_wtf : [0,1507,system_server,-1,DisplayDeviceConfig,requesting nits when no mapping exists.]
11-05 01:50:11.348 1507 1645 I am_wtf : [0,1507,system_server,-1,DisplayDeviceConfig,requesting nits when no mapping exists.]
11-05 01:50:11.349 1507 1645 I am_wtf : [0,1507,system_server,-1,DisplayDeviceConfig,requesting nits when no mapping exists.]
11-05 01:50:11.364 1507 1645 I am_wtf : [0,1507,system_server,-1,DisplayDeviceConfig,requesting nits when no mapping exists.]
11-05 01:50:11.365 1507 1645 I am_wtf : [0,1507,system_server,-1,DisplayDeviceConfig,requesting nits when no mapping exists.]
11-05 01:50:11.381 1507 1645 I am_wtf : [0,1507,system_server,-1,DisplayDeviceConfig,requesting nits when no mapping exists.]
11-05 01:50:11.382 1507 1645 I am_wtf : [0,1507,system_server,-1,DisplayDeviceConfig,requesting nits when no mapping exists.]
11-05 01:50:11.398 1507 1645 I am_wtf : [0,1507,system_server,-1,DisplayDeviceConfig,requesting nits when no mapping exists.]
11-05 01:50:11.399 1507 1645 I am_wtf : [0,1507,system_server,-1,DisplayDeviceConfig,requesting nits when no mapping exists.]
11-05 01:50:11.415 1507 1645 I am_wtf : [0,1507,system_server,-1,DisplayDeviceConfig,requesting nits when no mapping exists.]
11-05 01:50:11.416 1507 1645 I am_wtf : [0,1507,system_server,-1,DisplayDeviceConfig,requesting nits when no mapping exists.]
11-05 01:50:11.432 1507 1645 I am_wtf : [0,1507,system_server,-1,DisplayDeviceConfig,requesting nits when no mapping exists.]
11-05 01:50:11.433 1507 1645 I am_wtf : [0,1507,system_server,-1,DisplayDeviceConfig,requesting nits when no mapping exists.]
11-05 01:50:11.449 1507 1645 I am_wtf : [0,1507,system_server,-1,DisplayDeviceConfig,requesting nits when no mapping exists.]
11-05 01:50:11.450 1507 1645 I am_wtf : [0,1507,system_server,-1,DisplayDeviceConfig,requesting nits when no mapping exists.]
11-05 01:50:11.465 1507 1645 I am_wtf : [0,1507,system_server,-1,DisplayDeviceConfig,requesting nits when no mapping exists.]
11-05 01:50:11.466 1507 1645 I am_wtf : [0,1507,system_server,-1,DisplayDeviceConfig,requesting nits when no mapping exists.]
11-05 01:50:11.481 1507 1645 I am_wtf : [0,1507,system_server,-1,DisplayDeviceConfig,requesting nits when no mapping exists.]
11-05 01:50:11.483 1507 1645 I am_wtf : [0,1507,system_server,-1,DisplayDeviceConfig,requesting nits when no mapping exists.]
11-05 01:50:11.498 1507 1645 I am_wtf : [0,1507,system_server,-1,DisplayDeviceConfig,requesting nits when no mapping exists.]
11-05 01:50:11.499 1507 1645 I am_wtf : [0,1507,system_server,-1,DisplayDeviceConfig,requesting nits when no mapping exists.]
11-05 01:50:11.516 1507 1645 I am_wtf : [0,1507,system_server,-1,DisplayDeviceConfig,requesting nits when no mapping exists.]
11-05 01:50:11.517 1507 1645 I am_wtf : [0,1507,system_server,-1,DisplayDeviceConfig,requesting nits when no mapping exists.]
11-05 01:50:11.532 1507 1645 I am_wtf : [0,1507,system_server,-1,DisplayDeviceConfig,requesting nits when no mapping exists.]
11-05 01:50:11.534 1507 1645 I am_wtf : [0,1507,system_server,-1,DisplayDeviceConfig,requesting nits when no mapping exists.]
11-05 01:50:11.549 1507 1645 I am_wtf : [0,1507,system_server,-1,DisplayDeviceConfig,requesting nits when no mapping exists.]
11-05 01:50:11.550 1507 1645 I am_wtf : [0,1507,system_server,-1,DisplayDeviceConfig,requesting nits when no mapping exists.]
11-05 01:50:11.565 1507 1645 I am_wtf : [0,1507,system_server,-1,DisplayDeviceConfig,requesting nits when no mapping exists.]
11-05 01:50:11.566 1507 1645 I am_wtf : [0,1507,system_server,-1,DisplayDeviceConfig,requesting nits when no mapping exists.]
11-05 01:50:11.582 1507 1645 I am_wtf : [0,1507,system_server,-1,DisplayDeviceConfig,requesting nits when no mapping exists.]
11-05 01:50:11.583 1507 1645 I am_wtf : [0,1507,system_server,-1,DisplayDeviceConfig,requesting nits when no mapping exists.]
11-05 01:50:11.598 1507 1645 I am_wtf : [0,1507,system_server,-1,DisplayDeviceConfig,requesting nits when no mapping exists.]
11-05 01:50:11.599 1507 1645 I am_wtf : [0,1507,system_server,-1,DisplayDeviceConfig,requesting nits when no mapping exists.]
11-05 01:50:11.616 1507 1645 I am_wtf : [0,1507,system_server,-1,DisplayDeviceConfig,requesting nits when no mapping exists.]
11-05 01:50:11.617 1507 1645 I am_wtf : [0,1507,system_server,-1,DisplayDeviceConfig,requesting nits when no mapping exists.]
11-05 01:50:11.632 1507 1645 I am_wtf : [0,1507,system_server,-1,DisplayDeviceConfig,requesting nits when no mapping exists.]
11-05 01:50:11.633 1507 1645 I am_wtf : [0,1507,system_server,-1,DisplayDeviceConfig,requesting nits when no mapping exists.]
11-05 01:50:11.649 1507 1645 I am_wtf : [0,1507,system_server,-1,DisplayDeviceConfig,requesting nits when no mapping exists.]
11-05 01:50:11.651 1507 1645 I am_wtf : [0,1507,system_server,-1,DisplayDeviceConfig,requesting nits when no mapping exists.]
11-05 01:50:11.652 1507 1645 I service_manager_stats: [100,58,55656]
11-05 01:50:11.665 1507 1645 I am_wtf : [0,1507,system_server,-1,DisplayDeviceConfig,requesting nits when no mapping exists.]
11-05 01:50:11.666 1507 1645 I am_wtf : [0,1507,system_server,-1,DisplayDeviceConfig,requesting nits when no mapping exists.]
11-05 01:50:11.684 1507 1645 I am_wtf : [0,1507,system_server,-1,DisplayDeviceConfig,requesting nits when no mapping exists.]
11-05 01:50:11.688 1507 1645 I am_wtf : [0,1507,system_server,-1,DisplayDeviceConfig,requesting nits when no mapping exists.]
11-05 01:50:11.699 1507 1645 I am_wtf : [0,1507,system_server,-1,DisplayDeviceConfig,requesting nits when no mapping exists.]
11-05 01:50:11.700 1507 1645 I am_wtf : [0,1507,system_server,-1,DisplayDeviceConfig,requesting nits when no mapping exists.]
11-05 01:50:11.716 1507 1645 I am_wtf : [0,1507,system_server,-1,DisplayDeviceConfig,requesting nits when no mapping exists.]
11-05 01:50:11.718 1507 1645 I am_wtf : [0,1507,system_server,-1,DisplayDeviceConfig,requesting nits when no mapping exists.]
11-05 01:50:11.733 1507 1645 I am_wtf : [0,1507,system_server,-1,DisplayDeviceConfig,requesting nits when no mapping exists.]
11-05 01:50:11.734 1507 1645 I am_wtf : [0,1507,system_server,-1,DisplayDeviceConfig,requesting nits when no mapping exists.]
11-05 01:50:11.749 1507 1645 I am_wtf : [0,1507,system_server,-1,DisplayDeviceConfig,requesting nits when no mapping exists.]
11-05 01:50:11.749 1507 1645 I am_wtf : [0,1507,system_server,-1,DisplayDeviceConfig,requesting nits when no mapping exists.]
11-05 01:50:11.765 1507 1645 I am_wtf : [0,1507,system_server,-1,DisplayDeviceConfig,requesting nits when no mapping exists.]
11-05 01:50:11.766 1507 1645 I am_wtf : [0,1507,system_server,-1,DisplayDeviceConfig,requesting nits when no mapping exists.]
11-05 01:50:11.782 1507 1645 I am_wtf : [0,1507,system_server,-1,DisplayDeviceConfig,requesting nits when no mapping exists.]
11-05 01:50:11.784 1507 1645 I am_wtf : [0,1507,system_server,-1,DisplayDeviceConfig,requesting nits when no mapping exists.]
11-05 01:50:11.799 1507 1645 I am_wtf : [0,1507,system_server,-1,DisplayDeviceConfig,requesting nits when no mapping exists.]
11-05 01:50:11.800 1507 1645 I am_wtf : [0,1507,system_server,-1,DisplayDeviceConfig,requesting nits when no mapping exists.]
11-05 01:50:11.815 1507 1645 I am_wtf : [0,1507,system_server,-1,DisplayDeviceConfig,requesting nits when no mapping exists.]
11-05 01:50:11.816 1507 1645 I am_wtf : [0,1507,system_server,-1,DisplayDeviceConfig,requesting nits when no mapping exists.]
11-05 01:50:11.832 1507 1645 I am_wtf : [0,1507,system_server,-1,DisplayDeviceConfig,requesting nits when no mapping exists.]
11-05 01:50:11.833 1507 1645 I am_wtf : [0,1507,system_server,-1,DisplayDeviceConfig,requesting nits when no mapping exists.]
11-05 01:50:16.358 1507 1645 I am_uid_idle: 10043
11-05 01:50:17.892 1507 1642 I am_pss : [9144,1000,com.android.settings,26817536,25067520,0,112390144,0,19,12]
11-05 01:50:17.896 1507 1625 I sysui_multi_action: [757,222,758,1]
11-05 01:50:17.898 1507 1625 I am_uid_active: 10043
11-05 01:50:17.909 1507 2721 I wm_task_created: [83,-1]
11-05 01:50:17.913 1507 2721 I wm_task_moved: [83,1,12]
11-05 01:50:17.913 1507 2721 I wm_task_to_front: [0,83]
11-05 01:50:17.914 1507 2721 I wm_create_task: [0,83]
11-05 01:50:17.914 1507 2721 I wm_create_activity: [0,133137630,83,com.thundercomm.screensaver/android.service.dreams.DreamActivity,NULL,NULL,NULL,276824064]
11-05 01:50:17.914 1507 2721 I wm_task_moved: [83,1,12]
11-05 01:50:17.914 5990 5990 I wm_on_top_resumed_lost_called: [173547019,com.android.deskclock.DeskClock,topStateChangedWhenResumed]
11-05 01:50:17.916 1507 2721 I wm_pause_activity: [0,173547019,com.android.deskclock/.DeskClock,userLeaving=true,pauseBackTasks]
11-05 01:50:17.928 5990 5990 I wm_on_paused_called: [173547019,com.android.deskclock.DeskClock,performPause]
11-05 01:50:17.931 1507 6077 I wm_add_to_stopping: [0,173547019,com.android.deskclock/.DeskClock,makeInvisible]
11-05 01:50:17.932 1507 6077 I wm_restart_activity: [0,133137630,83,com.thundercomm.screensaver/android.service.dreams.DreamActivity]
11-05 01:50:17.933 1507 6077 I wm_set_resumed_activity: [0,com.thundercomm.screensaver/android.service.dreams.DreamActivity,minimalResumeActivityLocked]
11-05 01:50:17.943 1507 1628 I sysui_multi_action: [757,803,799,window_time_0,802,60]
11-05 01:50:17.951 7669 7669 I wm_on_create_called: [133137630,android.service.dreams.DreamActivity,performCreate]
11-05 01:50:17.951 7669 7669 I wm_on_start_called: [133137630,android.service.dreams.DreamActivity,handleStartActivity]
11-05 01:50:17.952 7669 7669 I wm_on_resume_called: [133137630,android.service.dreams.DreamActivity,RESUME_ACTIVITY]
11-05 01:50:17.952 1507 2002 I input_focus: [Focus leaving 560b271 com.android.deskclock/com.android.deskclock.DeskClock (server),reason=NO_WINDOW]
11-05 01:50:17.958 7669 7669 I wm_on_top_resumed_gained_called: [133137630,android.service.dreams.DreamActivity,topStateChangedWhenResumed]
11-05 01:50:17.984 1507 1629 I input_focus: [Focus request 16b10ea com.thundercomm.screensaver/android.service.dreams.DreamActivity,reason=UpdateInputWindows]
11-05 01:50:17.988 1507 1507 I notification_enqueue: [10081,2365,com.android.systemui,2048,NULL,0,Notification(channel=updateNotification shortcut=null contentView=null vibrate=null sound=null defaults=0x0 flags=0x0 color=0x00000000 vis=PRIVATE),1]
11-05 01:50:17.993 2365 2365 I sysui_multi_action: [757,111,758,2]
11-05 01:50:17.993 2365 2365 I sysui_multi_action: [757,111,758,2]
11-05 01:50:18.016 1507 1666 I sysui_multi_action: [757,1696,758,6,759,3]
11-05 01:50:18.017 2365 2365 I sysui_multi_action: [757,111,758,1]
11-05 01:50:18.017 2365 2365 I sysui_multi_action: [757,126,758,1,759,126,927,0,928,1,1593,0]
11-05 01:50:18.017 2365 2365 I sysui_multi_action: [757,113,758,1,759,113,927,1,928,1,1593,0]
11-05 01:50:18.017 2365 2365 I sysui_multi_action: [757,0,758,1,759,0,927,2,928,0,1593,0]
11-05 01:50:18.017 2365 2365 I sysui_multi_action: [757,0,758,1,759,0,927,3,928,0,1593,0]
11-05 01:50:18.017 2365 2365 I sysui_multi_action: [757,491,758,1,759,491,927,4,928,0,1311,-1,1593,0]
11-05 01:50:18.017 2365 2365 I sysui_multi_action: [757,0,758,1,759,0,927,5,928,0,1593,0]
11-05 01:50:18.017 2365 2365 I sysui_multi_action: [757,114,758,1,759,114,927,6,928,0,1593,0]
11-05 01:50:18.017 2365 2365 I sysui_multi_action: [757,120,758,1,759,120,927,7,928,0,1593,0]
11-05 01:50:18.017 2365 2365 I sysui_multi_action: [757,111,758,1]
11-05 01:50:18.018 2365 2365 I sysui_multi_action: [757,126,758,1,759,126,927,0,928,1,1593,0]
11-05 01:50:18.018 2365 2365 I sysui_multi_action: [757,113,758,1,759,113,927,1,928,1,1593,0]
11-05 01:50:18.018 2365 2365 I sysui_multi_action: [757,0,758,1,759,0,927,2,928,0,1593,0]
11-05 01:50:18.018 2365 2365 I sysui_multi_action: [757,0,758,1,759,0,927,3,928,0,1593,0]
11-05 01:50:18.018 1507 1645 I am_wtf : [0,1507,system_server,-1,DisplayDeviceConfig,requesting nits when no mapping exists.]
11-05 01:50:18.019 1507 1645 I am_wtf : [0,1507,system_server,-1,DisplayDeviceConfig,requesting nits when no mapping exists.]
11-05 01:50:18.034 1507 2002 I input_focus: [Focus entering 16b10ea com.thundercomm.screensaver/android.service.dreams.DreamActivity (server),reason=Window became focusable. Previous reason: NOT_VISIBLE]
11-05 01:50:18.036 1507 1645 I am_wtf : [0,1507,system_server,-1,DisplayDeviceConfig,requesting nits when no mapping exists.]
11-05 01:50:18.036 1507 1645 I am_wtf : [0,1507,system_server,-1,DisplayDeviceConfig,requesting nits when no mapping exists.]
11-05 01:50:18.037 1507 1625 I sysui_multi_action: [319,103,322,91,325,2292,757,761,758,8,759,2,806,com.thundercomm.screensaver,871,android.service.dreams.DreamActivity,904,com.thundercomm.screensaver,905,0,1320,4,1321,2]
11-05 01:50:18.037 1507 1625 I wm_activity_launch_time: [0,133137630,com.thundercomm.screensaver/android.service.dreams.DreamActivity,91]
11-05 01:50:18.053 1507 1645 I am_wtf : [0,1507,system_server,-1,DisplayDeviceConfig,requesting nits when no mapping exists.]
11-05 01:50:18.053 1507 1645 I am_wtf : [0,1507,system_server,-1,DisplayDeviceConfig,requesting nits when no mapping exists.]
11-05 01:50:18.071 1507 1645 I am_wtf : [0,1507,system_server,-1,DisplayDeviceConfig,requesting nits when no mapping exists.]
11-05 01:50:18.072 1507 1645 I am_wtf : [0,1507,system_server,-1,DisplayDeviceConfig,requesting nits when no mapping exists.]
11-05 01:50:18.084 1507 1645 I am_wtf : [0,1507,system_server,-1,DisplayDeviceConfig,requesting nits when no mapping exists.]
11-05 01:50:18.085 1507 1645 I am_wtf : [0,1507,system_server,-1,DisplayDeviceConfig,requesting nits when no mapping exists.]
11-05 01:50:18.100 1507 1645 I am_wtf : [0,1507,system_server,-1,DisplayDeviceConfig,requesting nits when no mapping exists.]
11-05 01:50:18.101 1507 1645 I am_wtf : [0,1507,system_server,-1,DisplayDeviceConfig,requesting nits when no mapping exists.]
11-05 01:50:18.117 1507 1645 I am_wtf : [0,1507,system_server,-1,DisplayDeviceConfig,requesting nits when no mapping exists.]
11-05 01:50:18.119 1507 1645 I am_wtf : [0,1507,system_server,-1,DisplayDeviceConfig,requesting nits when no mapping exists.]
11-05 01:50:18.134 1507 1645 I am_wtf : [0,1507,system_server,-1,DisplayDeviceConfig,requesting nits when no mapping exists.]
11-05 01:50:18.140 1507 1645 I am_wtf : [0,1507,system_server,-1,DisplayDeviceConfig,requesting nits when no mapping exists.]
11-05 01:50:18.151 1507 1645 I am_wtf : [0,1507,system_server,-1,DisplayDeviceConfig,requesting nits when no mapping exists.]
11-05 01:50:18.152 1507 1645 I am_wtf : [0,1507,system_server,-1,DisplayDeviceConfig,requesting nits when no mapping exists.]
11-05 01:50:18.169 1507 1645 I am_wtf : [0,1507,system_server,-1,DisplayDeviceConfig,requesting nits when no mapping exists.]
11-05 01:50:18.170 1507 1645 I am_wtf : [0,1507,system_server,-1,DisplayDeviceConfig,requesting nits when no mapping exists.]
11-05 01:50:18.185 1507 1645 I am_wtf : [0,1507,system_server,-1,DisplayDeviceConfig,requesting nits when no mapping exists.]
11-05 01:50:18.186 1507 1645 I am_wtf : [0,1507,system_server,-1,DisplayDeviceConfig,requesting nits when no mapping exists.]
11-05 01:50:18.202 1507 1645 I am_wtf : [0,1507,system_server,-1,DisplayDeviceConfig,requesting nits when no mapping exists.]
11-05 01:50:18.203 1507 1645 I am_wtf : [0,1507,system_server,-1,DisplayDeviceConfig,requesting nits when no mapping exists.]
11-05 01:50:18.220 1507 1645 I am_wtf : [0,1507,system_server,-1,DisplayDeviceConfig,requesting nits when no mapping exists.]
11-05 01:50:18.221 1507 1645 I am_wtf : [0,1507,system_server,-1,DisplayDeviceConfig,requesting nits when no mapping exists.]
11-05 01:50:18.235 1507 1645 I am_wtf : [0,1507,system_server,-1,DisplayDeviceConfig,requesting nits when no mapping exists.]
11-05 01:50:18.236 1507 1645 I am_wtf : [0,1507,system_server,-1,DisplayDeviceConfig,requesting nits when no mapping exists.]
11-05 01:50:18.253 1507 1645 I am_wtf : [0,1507,system_server,-1,DisplayDeviceConfig,requesting nits when no mapping exists.]
11-05 01:50:18.253 1507 1645 I am_wtf : [0,1507,system_server,-1,DisplayDeviceConfig,requesting nits when no mapping exists.]
11-05 01:50:18.268 1507 1645 I am_wtf : [0,1507,system_server,-1,DisplayDeviceConfig,requesting nits when no mapping exists.]
11-05 01:50:18.268 1507 1645 I am_wtf : [0,1507,system_server,-1,DisplayDeviceConfig,requesting nits when no mapping exists.]
11-05 01:50:18.288 1507 1645 I am_wtf : [0,1507,system_server,-1,DisplayDeviceConfig,requesting nits when no mapping exists.]
11-05 01:50:18.289 1507 1645 I am_wtf : [0,1507,system_server,-1,DisplayDeviceConfig,requesting nits when no mapping exists.]
11-05 01:50:18.303 1507 1645 I am_wtf : [0,1507,system_server,-1,DisplayDeviceConfig,requesting nits when no mapping exists.]
11-05 01:50:18.304 1507 1645 I am_wtf : [0,1507,system_server,-1,DisplayDeviceConfig,requesting nits when no mapping exists.]
11-05 01:50:18.320 1507 1645 I am_wtf : [0,1507,system_server,-1,DisplayDeviceConfig,requesting nits when no mapping exists.]
11-05 01:50:18.322 1507 1645 I am_wtf : [0,1507,system_server,-1,DisplayDeviceConfig,requesting nits when no mapping exists.]
11-05 01:50:18.334 1507 1645 I am_wtf : [0,1507,system_server,-1,DisplayDeviceConfig,requesting nits when no mapping exists.]
11-05 01:50:18.335 1507 1645 I am_wtf : [0,1507,system_server,-1,DisplayDeviceConfig,requesting nits when no mapping exists.]
11-05 01:50:18.360 1507 1645 I am_wtf : [0,1507,system_server,-1,DisplayDeviceConfig,requesting nits when no mapping exists.]
11-05 01:50:18.361 1507 1645 I am_wtf : [0,1507,system_server,-1,DisplayDeviceConfig,requesting nits when no mapping exists.]
11-05 01:50:18.368 1507 1645 I am_wtf : [0,1507,system_server,-1,DisplayDeviceConfig,requesting nits when no mapping exists.]
11-05 01:50:18.372 1507 1645 I am_wtf : [0,1507,system_server,-1,DisplayDeviceConfig,requesting nits when no mapping exists.]
11-05 01:50:18.384 1507 1645 I am_wtf : [0,1507,system_server,-1,DisplayDeviceConfig,requesting nits when no mapping exists.]
11-05 01:50:18.385 1507 1645 I am_wtf : [0,1507,system_server,-1,DisplayDeviceConfig,requesting nits when no mapping exists.]
11-05 01:50:18.402 1507 1645 I am_wtf : [0,1507,system_server,-1,DisplayDeviceConfig,requesting nits when no mapping exists.]
11-05 01:50:18.403 1507 1645 I am_wtf : [0,1507,system_server,-1,DisplayDeviceConfig,requesting nits when no mapping exists.]
11-05 01:50:18.419 1507 1645 I am_wtf : [0,1507,system_server,-1,DisplayDeviceConfig,requesting nits when no mapping exists.]
11-05 01:50:18.420 1507 1645 I am_wtf : [0,1507,system_server,-1,DisplayDeviceConfig,requesting nits when no mapping exists.]
11-05 01:50:18.436 1507 1645 I am_wtf : [0,1507,system_server,-1,DisplayDeviceConfig,requesting nits when no mapping exists.]
11-05 01:50:18.437 1507 1645 I am_wtf : [0,1507,system_server,-1,DisplayDeviceConfig,requesting nits when no mapping exists.]
11-05 01:50:18.453 1507 1645 I am_wtf : [0,1507,system_server,-1,DisplayDeviceConfig,requesting nits when no mapping exists.]
11-05 01:50:18.454 1507 1645 I am_wtf : [0,1507,system_server,-1,DisplayDeviceConfig,requesting nits when no mapping exists.]
11-05 01:50:18.472 1507 1645 I am_wtf : [0,1507,system_server,-1,DisplayDeviceConfig,requesting nits when no mapping exists.]
11-05 01:50:18.472 1507 1645 I am_wtf : [0,1507,system_server,-1,DisplayDeviceConfig,requesting nits when no mapping exists.]
11-05 01:50:18.487 1507 1645 I am_wtf : [0,1507,system_server,-1,DisplayDeviceConfig,requesting nits when no mapping exists.]
11-05 01:50:18.488 1507 1645 I am_wtf : [0,1507,system_server,-1,DisplayDeviceConfig,requesting nits when no mapping exists.]
11-05 01:50:18.501 1507 1645 I am_wtf : [0,1507,system_server,-1,DisplayDeviceConfig,requesting nits when no mapping exists.]
11-05 01:50:18.503 1507 1645 I am_wtf : [0,1507,system_server,-1,DisplayDeviceConfig,requesting nits when no mapping exists.]
11-05 01:50:18.522 1507 1628 I wm_stop_activity: [0,173547019,com.android.deskclock/.DeskClock]
11-05 01:50:18.529 1507 1645 I am_wtf : [0,1507,system_server,-1,DisplayDeviceConfig,requesting nits when no mapping exists.]
11-05 01:50:18.530 1507 1645 I am_wtf : [0,1507,system_server,-1,DisplayDeviceConfig,requesting nits when no mapping exists.]
11-05 01:50:18.536 1507 1645 I am_wtf : [0,1507,system_server,-1,DisplayDeviceConfig,requesting nits when no mapping exists.]
11-05 01:50:18.538 1507 1645 I am_wtf : [0,1507,system_server,-1,DisplayDeviceConfig,requesting nits when no mapping exists.]
11-05 01:50:18.549 5990 5990 I wm_on_stop_called: [173547019,com.android.deskclock.DeskClock,STOP_ACTIVITY_ITEM]
11-05 01:50:18.552 1507 1645 I am_wtf : [0,1507,system_server,-1,DisplayDeviceConfig,requesting nits when no mapping exists.]
11-05 01:50:18.557 1507 1645 I am_wtf : [0,1507,system_server,-1,DisplayDeviceConfig,requesting nits when no mapping exists.]
11-05 01:50:18.570 1507 1645 I am_wtf : [0,1507,system_server,-1,DisplayDeviceConfig,requesting nits when no mapping exists.]
11-05 01:50:18.571 1507 1645 I am_wtf : [0,1507,system_server,-1,DisplayDeviceConfig,requesting nits when no mapping exists.]
11-05 01:50:18.584 1507 1645 I am_wtf : [0,1507,system_server,-1,DisplayDeviceConfig,requesting nits when no mapping exists.]
11-05 01:50:18.585 1507 1645 I am_wtf : [0,1507,system_server,-1,DisplayDeviceConfig,requesting nits when no mapping exists.]
11-05 01:50:18.601 1507 1645 I am_wtf : [0,1507,system_server,-1,DisplayDeviceConfig,requesting nits when no mapping exists.]
11-05 01:50:18.603 1507 1645 I am_wtf : [0,1507,system_server,-1,DisplayDeviceConfig,requesting nits when no mapping exists.]
11-05 01:50:18.617 1507 1645 I am_wtf : [0,1507,system_server,-1,DisplayDeviceConfig,requesting nits when no mapping exists.]
11-05 01:50:18.618 1507 1645 I am_wtf : [0,1507,system_server,-1,DisplayDeviceConfig,requesting nits when no mapping exists.]
11-05 01:50:18.632 1507 1645 I am_wtf : [0,1507,system_server,-1,DisplayDeviceConfig,requesting nits when no mapping exists.]
11-05 01:50:18.633 1507 1645 I am_wtf : [0,1507,system_server,-1,DisplayDeviceConfig,requesting nits when no mapping exists.]
11-05 01:50:18.650 1507 1645 I am_wtf : [0,1507,system_server,-1,DisplayDeviceConfig,requesting nits when no mapping exists.]
11-05 01:50:18.651 1507 1645 I am_wtf : [0,1507,system_server,-1,DisplayDeviceConfig,requesting nits when no mapping exists.]
11-05 01:50:18.651 1507 1645 I service_manager_stats: [100,55,6999]
11-05 01:50:18.665 1507 1645 I am_wtf : [0,1507,system_server,-1,DisplayDeviceConfig,requesting nits when no mapping exists.]
11-05 01:50:18.666 1507 1645 I am_wtf : [0,1507,system_server,-1,DisplayDeviceConfig,requesting nits when no mapping exists.]
11-05 01:50:18.682 1507 1645 I am_wtf : [0,1507,system_server,-1,DisplayDeviceConfig,requesting nits when no mapping exists.]
11-05 01:50:18.683 1507 1645 I am_wtf : [0,1507,system_server,-1,DisplayDeviceConfig,requesting nits when no mapping exists.]
11-05 01:50:18.699 1507 1645 I am_wtf : [0,1507,system_server,-1,DisplayDeviceConfig,requesting nits when no mapping exists.]
11-05 01:50:18.700 1507 1645 I am_wtf : [0,1507,system_server,-1,DisplayDeviceConfig,requesting nits when no mapping exists.]
11-05 01:50:18.715 1507 1645 I am_wtf : [0,1507,system_server,-1,DisplayDeviceConfig,requesting nits when no mapping exists.]
11-05 01:50:18.717 1507 1645 I am_wtf : [0,1507,system_server,-1,DisplayDeviceConfig,requesting nits when no mapping exists.]
11-05 01:50:18.732 1507 1645 I am_wtf : [0,1507,system_server,-1,DisplayDeviceConfig,requesting nits when no mapping exists.]
11-05 01:50:18.734 1507 1645 I am_wtf : [0,1507,system_server,-1,DisplayDeviceConfig,requesting nits when no mapping exists.]
11-05 01:50:18.751 1507 1645 I am_wtf : [0,1507,system_server,-1,DisplayDeviceConfig,requesting nits when no mapping exists.]
11-05 01:50:18.752 1507 1645 I am_wtf : [0,1507,system_server,-1,DisplayDeviceConfig,requesting nits when no mapping exists.]
11-05 01:50:18.766 1507 1645 I am_wtf : [0,1507,system_server,-1,DisplayDeviceConfig,requesting nits when no mapping exists.]
11-05 01:50:18.767 1507 1645 I am_wtf : [0,1507,system_server,-1,DisplayDeviceConfig,requesting nits when no mapping exists.]
11-05 01:50:18.783 1507 1645 I am_wtf : [0,1507,system_server,-1,DisplayDeviceConfig,requesting nits when no mapping exists.]
11-05 01:50:18.784 1507 1645 I am_wtf : [0,1507,system_server,-1,DisplayDeviceConfig,requesting nits when no mapping exists.]
11-05 01:50:18.799 1507 1645 I am_wtf : [0,1507,system_server,-1,DisplayDeviceConfig,requesting nits when no mapping exists.]
11-05 01:50:18.801 1507 1645 I am_wtf : [0,1507,system_server,-1,DisplayDeviceConfig,requesting nits when no mapping exists.]
11-05 01:50:18.818 1507 1645 I am_wtf : [0,1507,system_server,-1,DisplayDeviceConfig,requesting nits when no mapping exists.]
11-05 01:50:18.819 1507 1645 I am_wtf : [0,1507,system_server,-1,DisplayDeviceConfig,requesting nits when no mapping exists.]
11-05 01:50:18.833 1507 1645 I am_wtf : [0,1507,system_server,-1,DisplayDeviceConfig,requesting nits when no mapping exists.]
11-05 01:50:18.834 1507 1645 I am_wtf : [0,1507,system_server,-1,DisplayDeviceConfig,requesting nits when no mapping exists.]
11-05 01:50:18.849 1507 1645 I am_wtf : [0,1507,system_server,-1,DisplayDeviceConfig,requesting nits when no mapping exists.]
11-05 01:50:18.850 1507 1645 I am_wtf : [0,1507,system_server,-1,DisplayDeviceConfig,requesting nits when no mapping exists.]
11-05 01:50:18.868 1507 1645 I am_wtf : [0,1507,system_server,-1,DisplayDeviceConfig,requesting nits when no mapping exists.]
11-05 01:50:18.869 1507 1645 I am_wtf : [0,1507,system_server,-1,DisplayDeviceConfig,requesting nits when no mapping exists.]
11-05 01:50:18.884 1507 1645 I am_wtf : [0,1507,system_server,-1,DisplayDeviceConfig,requesting nits when no mapping exists.]
11-05 01:50:18.885 1507 1645 I am_wtf : [0,1507,system_server,-1,DisplayDeviceConfig,requesting nits when no mapping exists.]
11-05 01:50:18.900 1507 1645 I am_wtf : [0,1507,system_server,-1,DisplayDeviceConfig,requesting nits when no mapping exists.]
11-05 01:50:18.901 1507 1645 I am_wtf : [0,1507,system_server,-1,DisplayDeviceConfig,requesting nits when no mapping exists.]
11-05 01:50:18.917 1507 1645 I am_wtf : [0,1507,system_server,-1,DisplayDeviceConfig,requesting nits when no mapping exists.]
11-05 01:50:18.918 1507 1645 I am_wtf : [0,1507,system_server,-1,DisplayDeviceConfig,requesting nits when no mapping exists.]
11-05 01:50:18.935 1507 1645 I am_wtf : [0,1507,system_server,-1,DisplayDeviceConfig,requesting nits when no mapping exists.]
11-05 01:50:18.936 1507 1645 I am_wtf : [0,1507,system_server,-1,DisplayDeviceConfig,requesting nits when no mapping exists.]
11-05 01:50:18.949 1507 1645 I am_wtf : [0,1507,system_server,-1,DisplayDeviceConfig,requesting nits when no mapping exists.]
11-05 01:50:18.950 1507 1645 I am_wtf : [0,1507,system_server,-1,DisplayDeviceConfig,requesting nits when no mapping exists.]
11-05 01:50:18.967 1507 1645 I am_wtf : [0,1507,system_server,-1,DisplayDeviceConfig,requesting nits when no mapping exists.]
11-05 01:50:18.968 1507 1645 I am_wtf : [0,1507,system_server,-1,DisplayDeviceConfig,requesting nits when no mapping exists.]
11-05 01:50:36.464 1507 1752 I am_freeze: [8758,com.thundercomm.mcuupgrade]
11-05 01:50:36.467 1507 1752 I am_kill : [0,8758,com.thundercomm.mcuupgrade,965,Unable to freeze binder interface]
11-05 01:50:36.501 1507 6077 I am_proc_died: [0,8758,com.thundercomm.mcuupgrade,965,19]
11-05 01:50:36.522 1507 1642 I am_pss : [7669,10043,com.thundercomm.screensaver,62414848,56229888,0,183463936,0,2,11]
11-05 01:50:36.533 1507 1646 I am_proc_start: [0,9172,1000,com.thundercomm.mcuupgrade,NULL,]
11-05 01:50:36.583 1507 6077 I am_proc_bound: [0,9172,com.thundercomm.mcuupgrade]
11-05 01:51:04.753 1507 2002 I input_interaction: Interaction with: 16b10ea com.thundercomm.screensaver/android.service.dreams.DreamActivity (server), edge-swipe (server), swipe-up (server), PointerEventDispatcher0 (server),
11-05 01:51:04.757 1507 2721 I wm_finish_activity: [0,133137630,83,com.thundercomm.screensaver/android.service.dreams.DreamActivity,finish-activity]
11-05 01:51:04.757 1507 2721 I wm_task_moved: [76,1,11]
11-05 01:51:04.757 1507 2721 I wm_task_to_front: [0,76]
11-05 01:51:04.758 1507 2721 I wm_focused_root_task: [0,0,76,83,finish-top adjustFocusToNextFocusableTask]
11-05 01:51:04.760 1507 2721 I wm_pause_activity: [0,133137630,com.thundercomm.screensaver/android.service.dreams.DreamActivity,userLeaving=false,finish]
11-05 01:51:04.768 7669 7669 I wm_on_top_resumed_lost_called: [133137630,android.service.dreams.DreamActivity,topStateChangedWhenResumed]
11-05 01:51:04.770 1507 1628 I sysui_multi_action: [757,803,799,window_time_0,802,47]
11-05 01:51:04.771 7669 7669 I wm_on_paused_called: [133137630,android.service.dreams.DreamActivity,performPause]
11-05 01:51:04.772 1507 2721 I wm_add_to_stopping: [0,133137630,com.thundercomm.screensaver/android.service.dreams.DreamActivity,completeFinishing]
11-05 01:51:04.775 1507 2721 I wm_set_resumed_activity: [0,com.android.deskclock/.DeskClock,resumeTopActivityInnerLocked]
11-05 01:51:04.778 1507 2721 I wm_resume_activity: [0,173547019,76,com.android.deskclock/.DeskClock]
11-05 01:51:04.793 1507 1628 I sysui_multi_action: [757,803,799,window_time_0,802,0]
11-05 01:51:04.798 5990 5990 I wm_on_restart_called: [173547019,com.android.deskclock.DeskClock,performRestartActivity]
11-05 01:51:04.804 5990 5990 I wm_on_start_called: [173547019,com.android.deskclock.DeskClock,handleStartActivity]
11-05 01:51:04.805 5990 5990 I wm_on_resume_called: [173547019,com.android.deskclock.DeskClock,RESUME_ACTIVITY]
11-05 01:51:04.808 1507 1642 I am_pss : [9172,1000,com.thundercomm.mcuupgrade,6863872,5218304,0,90275840,0,19,7]
11-05 01:51:04.809 1507 2002 I input_focus: [Focus leaving 16b10ea com.thundercomm.screensaver/android.service.dreams.DreamActivity (server),reason=NO_WINDOW]
11-05 01:51:04.809 5990 5990 I wm_on_top_resumed_gained_called: [173547019,com.android.deskclock.DeskClock,topWhenResuming]
11-05 01:51:04.814 7669 7669 I view_enqueue_input_event: [Motion - Cancel,com.thundercomm.screensaver/android.service.dreams.DreamActivity]
11-05 01:51:04.821 1507 1642 I am_pss : [9144,1000,com.android.settings,26817536,25067520,0,112390144,0,19,7]
11-05 01:51:04.821 1507 1629 I input_focus: [Focus request 560b271 com.android.deskclock/com.android.deskclock.DeskClock,reason=UpdateInputWindows]
11-05 01:51:04.847 1507 2002 I input_focus: [Focus entering 560b271 com.android.deskclock/com.android.deskclock.DeskClock (server),reason=setFocusedWindow]
11-05 01:51:05.353 1507 1628 I wm_destroy_activity: [0,133137630,83,com.thundercomm.screensaver/android.service.dreams.DreamActivity,finish-imm:idle]
11-05 01:51:05.378 7669 7669 I wm_on_stop_called: [133137630,android.service.dreams.DreamActivity,LIFECYCLER_STOP_ACTIVITY]
11-05 01:51:05.380 7669 7669 I wm_on_destroy_called: [133137630,android.service.dreams.DreamActivity,performDestroy]
11-05 01:51:05.385 1507 1625 I sysui_multi_action: [757,222,758,2]
11-05 01:51:05.385 1507 1625 I sysui_multi_action: [757,804,799,dreaming_minutes,801,0,802,1]
11-05 01:51:05.398 1507 6077 I wm_task_removed: [83,removeChild:removeChild last r=ActivityRecord{7ef84de u0 com.thundercomm.screensaver/android.service.dreams.DreamActivity t-1 f}} in t=Task{bc245cb #83 type=dream A=10043:android:com.thundercomm.screensaver/dream U=0 visible=false mode=fullscreen translucent=true sz=0}]
11-05 01:51:05.398 1507 6077 I wm_task_removed: [83,removeChild]
11-05 01:51:07.115 1507 2002 I input_interaction: Interaction with: 560b271 com.android.deskclock/com.android.deskclock.DeskClock (server), edge-swipe (server), swipe-up (server), PointerEventDispatcher0 (server),
11-05 01:51:11.597 1507 2438 I wm_task_moved: [1,0,0]
11-05 01:51:11.598 1507 2438 I wm_task_moved: [1,0,10]
11-05 01:51:11.609 2835 2835 I wm_on_restart_called: [94458931,com.android.launcher3.uioverrides.QuickstepLauncher,performRestartActivity]
11-05 01:51:11.634 2835 2835 I wm_on_start_called: [94458931,com.android.launcher3.uioverrides.QuickstepLauncher,handleStartActivity]
11-05 01:51:11.653 2835 2835 I sysui_latency: [1,72]
11-05 01:51:11.653 1507 2002 I input_interaction: Interaction with: edge-swipe (server), swipe-up (server), PointerEventDispatcher0 (server),
11-05 01:51:11.655 5990 5990 I view_enqueue_input_event: [Motion - Cancel,com.android.deskclock/com.android.deskclock.DeskClock]
11-05 01:51:11.655 1507 1629 I input_focus: [Focus request recents_animation_input_consumer,reason=UpdateInputWindows]
11-05 01:51:11.663 1507 2002 I input_focus: [Focus leaving 560b271 com.android.deskclock/com.android.deskclock.DeskClock (server),reason=NOT_FOCUSABLE]
11-05 01:51:11.663 1507 2002 I input_focus: [Focus entering recents_animation_input_consumer (server),reason=setFocusedWindow]
11-05 01:51:11.667 1507 1625 I sysui_multi_action: [319,14,322,60,325,2346,757,761,758,9,759,5,806,com.android.launcher3,871,com.android.launcher3.uioverrides.QuickstepLauncher,905,0,1320,4,1321,1]
11-05 01:51:11.820 1507 1751 I commit_sys_config_file: [settings-1-0,7]
11-05 01:51:11.959 1507 1642 I sysui_latency: [8,72]
11-05 01:51:12.444 1507 2725 I wm_task_moved: [1,1,11]
11-05 01:51:12.446 1507 2725 I wm_task_moved: [10,1,2147483647]
11-05 01:51:12.446 1507 2725 I wm_task_to_front: [0,10]
11-05 01:51:12.447 5990 5990 I wm_on_top_resumed_lost_called: [173547019,com.android.deskclock.DeskClock,topStateChangedWhenResumed]
11-05 01:51:12.447 1507 2725 I wm_focused_root_task: [0,0,1,76,RecentsAnimation.onAnimationFinished()]
11-05 01:51:12.447 1507 2725 I wm_set_resumed_activity: [0,com.android.launcher3/.uioverrides.QuickstepLauncher,RecentsAnimation.onAnimationFinished()]
11-05 01:51:12.448 1507 2725 I wm_pause_activity: [0,173547019,com.android.deskclock/.DeskClock,userLeaving=true,pauseBackTasks]
11-05 01:51:12.450 1507 2725 I wm_add_to_stopping: [0,173547019,com.android.deskclock/.DeskClock,makeInvisible]
11-05 01:51:12.451 1507 2725 I wm_set_resumed_activity: [0,com.android.launcher3/.uioverrides.QuickstepLauncher,resumeTopActivityInnerLocked]
11-05 01:51:12.453 1507 2725 I wm_resume_activity: [0,94458931,10,com.android.launcher3/.uioverrides.QuickstepLauncher]
11-05 01:51:12.459 1507 1629 I input_focus: [Focus request 2395a3e com.android.launcher3/com.android.launcher3.uioverrides.QuickstepLauncher,reason=UpdateInputWindows]
11-05 01:51:12.461 2835 2835 I wm_on_resume_called: [94458931,com.android.launcher3.uioverrides.QuickstepLauncher,RESUME_ACTIVITY]
11-05 01:51:12.465 1507 2002 I input_focus: [Focus leaving recents_animation_input_consumer (server),reason=NOT_VISIBLE]
11-05 01:51:12.472 1507 1628 I wm_stop_activity: [0,173547019,com.android.deskclock/.DeskClock]
11-05 01:51:12.473 5990 5990 I wm_on_paused_called: [173547019,com.android.deskclock.DeskClock,performPause]
11-05 01:51:12.481 1507 2002 I input_focus: [Focus entering 2395a3e com.android.launcher3/com.android.launcher3.uioverrides.QuickstepLauncher (server),reason=setFocusedWindow]
11-05 01:51:12.484 5990 5990 I wm_on_stop_called: [173547019,com.android.deskclock.DeskClock,STOP_ACTIVITY_ITEM]
11-05 01:51:12.485 1507 1628 I sysui_multi_action: [757,803,799,window_time_0,802,8]
11-05 01:51:12.485 1507 1628 I sysui_multi_action: [757,803,799,window_time_0,802,0]
11-05 01:51:12.495 2835 2835 I wm_on_top_resumed_gained_called: [94458931,com.android.launcher3.uioverrides.QuickstepLauncher,topStateChangedWhenResumed]
11-05 01:51:12.735 1507 2002 I input_interaction: Interaction with: 2395a3e com.android.launcher3/com.android.launcher3.uioverrides.QuickstepLauncher (server), ef1bc93 com.android.systemui.ImageWallpaper (server), edge-swipe (server), swipe-up (server), PointerEventDispatcher0 (server),
11-05 01:51:13.930 1507 2725 I wm_task_created: [84,-1]
11-05 01:51:13.940 1507 2725 I wm_task_moved: [84,1,12]
11-05 01:51:13.940 1507 2725 I wm_task_to_front: [0,84]
11-05 01:51:13.941 1507 2725 I wm_create_task: [0,84]
11-05 01:51:13.941 1507 2725 I wm_create_activity: [0,77051618,84,com.android.music/.MusicBrowserActivity,NULL,NULL,NULL,268468224]
11-05 01:51:13.941 1507 2725 I wm_task_moved: [84,1,12]
11-05 01:51:13.943 1507 2725 I wm_restart_activity: [0,77051618,84,com.android.music/.MusicBrowserActivity]
11-05 01:51:13.945 1507 2725 I wm_set_resumed_activity: [0,com.android.music/.MusicBrowserActivity,minimalResumeActivityLocked]
11-05 01:51:13.949 1507 1628 I am_uid_active: 10090
11-05 01:51:13.957 2835 2835 I wm_on_top_resumed_lost_called: [94458931,com.android.launcher3.uioverrides.QuickstepLauncher,topStateChangedWhenResumed]
11-05 01:51:13.987 8292 8292 I wm_on_create_called: [77051618,com.android.music.MusicBrowserActivity,performCreate]
11-05 01:51:13.995 8292 8292 I wm_on_start_called: [77051618,com.android.music.MusicBrowserActivity,handleStartActivity]
11-05 01:51:13.995 8292 8292 I wm_on_resume_called: [77051618,com.android.music.MusicBrowserActivity,RESUME_ACTIVITY]
11-05 01:51:13.997 8292 8292 I wm_on_top_resumed_gained_called: [77051618,com.android.music.MusicBrowserActivity,topStateChangedWhenResumed]
11-05 01:51:14.007 1507 2725 I sysui_multi_action: [757,856,758,1,806,com.android.music,857,Channel-music,858,2]
11-05 01:51:14.012 1507 1507 I notification_enqueue: [10090,8292,com.android.music,1,NULL,0,Notification(channel=Channel-music shortcut=null contentView=null vibrate=null sound=null defaults=0x0 flags=0x0 color=0x00000000 category=transport actions=3 vis=PRIVATE),0]
11-05 01:51:14.014 1507 1507 I notification_enqueue: [10090,8292,com.android.music,1,NULL,0,Notification(channel=Channel-music shortcut=null contentView=null vibrate=null sound=null defaults=0x0 flags=0x40 color=0x00000000 category=transport actions=3 vis=PRIVATE),0]
11-05 01:51:14.016 1507 1507 I notification_enqueue: [10090,8292,com.android.music,1,NULL,0,Notification(channel=Channel-music shortcut=null contentView=null vibrate=null sound=null defaults=0x0 flags=0x40 color=0x00000000 category=transport actions=3 vis=PRIVATE),0]
11-05 01:51:14.024 1507 1507 I notification_enqueue: [10090,8292,com.android.music,1,NULL,0,Notification(channel=Channel-music shortcut=null contentView=null vibrate=null sound=null defaults=0x0 flags=0x40 color=0x00000000 category=transport actions=3 vis=PRIVATE),0]
11-05 01:51:14.030 1507 1507 I notification_enqueue: [10090,8292,com.android.music,1,NULL,0,Notification(channel=Channel-music shortcut=null contentView=null vibrate=null sound=null defaults=0x0 flags=0x40 color=0x00000000 category=transport actions=3 vis=PRIVATE),0]
11-05 01:51:14.032 1507 1507 I notification_enqueue: [10090,8292,com.android.music,1,NULL,0,Notification(channel=Channel-music shortcut=null contentView=null vibrate=null sound=null defaults=0x0 flags=0x40 color=0x00000000 category=transport actions=3 vis=PRIVATE),0]
11-05 01:51:14.038 1507 1629 I input_focus: [Focus request 7fadd78 com.android.music/com.android.music.MusicBrowserActivity,reason=UpdateInputWindows]
11-05 01:51:14.049 1507 1507 I sysui_multi_action: [757,128,758,5,759,8,793,38,794,0,795,38,796,1,806,com.android.music,857,Channel-music,858,2,947,0,1500,38,1641,transport,1688,1,1745,1043716538]
11-05 01:51:14.049 1507 1507 I notification_canceled: [0|com.android.music|1|null|10090,8,38,38,0,-1,-1,NULL]
11-05 01:51:14.049 1507 1625 I sysui_multi_action: [319,130,322,129,325,2348,757,761,758,8,759,2,806,com.android.music,871,com.android.music.MusicBrowserActivity,904,com.android.launcher3,905,0,1320,4,1321,1]
11-05 01:51:14.050 1507 1625 I wm_activity_launch_time: [0,77051618,com.android.music/.MusicBrowserActivity,129]
11-05 01:51:14.052 1507 2002 I input_focus: [Focus leaving 2395a3e com.android.launcher3/com.android.launcher3.uioverrides.QuickstepLauncher (server),reason=Waiting for window because NOT_VISIBLE]
11-05 01:51:14.069 1507 2002 I input_focus: [Focus entering 7fadd78 com.android.music/com.android.music.MusicBrowserActivity (server),reason=Window became focusable. Previous reason: NOT_VISIBLE]
11-05 01:51:14.266 1507 1627 I commit_sys_config_file: [notification-policy,2324580]
11-05 01:51:15.127 1507 2002 I input_interaction: Interaction with: 7fadd78 com.android.music/com.android.music.MusicBrowserActivity (server), edge-swipe (server), swipe-up (server), PointerEventDispatcher0 (server),
11-05 01:51:15.279 1507 6077 I wm_relaunch_resume_activity: [0,77051618,84,com.android.music/.MusicBrowserActivity]
11-05 01:51:15.280 1507 6077 I wm_add_to_stopping: [0,94458931,com.android.launcher3/.uioverrides.QuickstepLauncher,makeInvisible]
11-05 01:51:15.286 8292 8292 I wm_on_top_resumed_lost_called: [77051618,com.android.music.MusicBrowserActivity,pausing]
11-05 01:51:15.286 8292 8292 I wm_on_paused_called: [77051618,com.android.music.MusicBrowserActivity,performPause]
11-05 01:51:15.296 8292 8292 I wm_on_stop_called: [77051618,com.android.music.MusicBrowserActivity,handleRelaunchActivity]
11-05 01:51:15.301 8292 8292 I wm_on_destroy_called: [77051618,com.android.music.MusicBrowserActivity,performDestroy]
11-05 01:51:15.337 8292 8292 I wm_on_create_called: [77051618,com.android.music.MusicBrowserActivity,performCreate]
11-05 01:51:15.350 8292 8292 I wm_on_start_called: [77051618,com.android.music.MusicBrowserActivity,handleStartActivity]
11-05 01:51:15.351 8292 8292 I wm_on_resume_called: [77051618,com.android.music.MusicBrowserActivity,RESUME_ACTIVITY]
11-05 01:51:15.351 8292 8292 I wm_on_top_resumed_gained_called: [77051618,com.android.music.MusicBrowserActivity,topWhenResuming]
11-05 01:51:15.369 1507 1507 I notification_enqueue: [10090,8292,com.android.music,1,NULL,0,Notification(channel=Channel-music shortcut=null contentView=null vibrate=null sound=null defaults=0x0 flags=0x40 color=0x00000000 category=transport actions=3 vis=PRIVATE),0]
11-05 01:51:15.370 1507 1507 I notification_enqueue: [10090,8292,com.android.music,1,NULL,0,Notification(channel=Channel-music shortcut=null contentView=null vibrate=null sound=null defaults=0x0 flags=0x40 color=0x00000000 category=transport actions=3 vis=PRIVATE),0]
11-05 01:51:15.380 1507 1507 I notification_enqueue: [10090,8292,com.android.music,1,NULL,0,Notification(channel=Channel-music shortcut=null contentView=null vibrate=null sound=null defaults=0x0 flags=0x40 color=0x00000000 category=transport actions=3 vis=PRIVATE),0]
11-05 01:51:15.381 1507 1507 I notification_enqueue: [10090,8292,com.android.music,1,NULL,0,Notification(channel=Channel-music shortcut=null contentView=null vibrate=null sound=null defaults=0x0 flags=0x40 color=0x00000000 category=transport actions=3 vis=PRIVATE),0]
11-05 01:51:15.386 1507 1507 I notification_enqueue: [10090,8292,com.android.music,1,NULL,0,Notification(channel=Channel-music shortcut=null contentView=null vibrate=null sound=null defaults=0x0 flags=0x40 color=0x00000000 category=transport actions=3 vis=PRIVATE),0]
11-05 01:51:15.395 2349 3665 I liblog : 17
11-05 01:51:15.398 1507 1507 I notification_enqueue: [10090,8292,com.android.music,1,NULL,0,Notification(channel=Channel-music shortcut=null contentView=null vibrate=null sound=null defaults=0x0 flags=0x40 color=0x00000000 category=transport actions=3 vis=PRIVATE),0]
11-05 01:51:15.571 1507 1507 I sysui_multi_action: [757,1501,758,1,793,204,794,0,795,204,796,1,806,com.android.music,857,Channel-music,858,2,947,0,1500,0,1641,transport,1688,1,1745,1043716538]
11-05 01:51:15.573 1507 1507 I sysui_multi_action: [757,804,799,note_interruptive,801,0,802,1]
11-05 01:51:15.648 1507 1507 I sysui_multi_action: [757,128,758,5,759,8,793,1032270,794,0,795,1032270,796,1,797,empty_media,806,com.android.systemui,857,empty_media_style_id,858,4,947,0,1500,1032069,1641,transport,1688,1,1745,1043716538]
11-05 01:51:15.648 1507 1507 I notification_canceled: [0|com.android.systemui|1|empty_media|10081,8,1032270,1032270,0,-1,-1,NULL]
11-05 01:51:15.705 1507 1628 I wm_stop_activity: [0,94458931,com.android.launcher3/.uioverrides.QuickstepLauncher]
11-05 01:51:15.736 2835 2835 I wm_on_paused_called: [94458931,com.android.launcher3.uioverrides.QuickstepLauncher,performPause]
11-05 01:51:15.739 2835 2835 I wm_on_stop_called: [94458931,com.android.launcher3.uioverrides.QuickstepLauncher,STOP_ACTIVITY_ITEM]
11-05 01:51:16.891 1507 2438 I wm_task_moved: [1,0,0]
11-05 01:51:16.892 1507 2438 I wm_task_moved: [1,0,11]
11-05 01:51:16.905 2835 2835 I wm_on_restart_called: [94458931,com.android.launcher3.uioverrides.QuickstepLauncher,performRestartActivity]
11-05 01:51:16.922 2835 2835 I wm_on_start_called: [94458931,com.android.launcher3.uioverrides.QuickstepLauncher,handleStartActivity]
