11-05 02:22:50.767 0 0 I auditd : type=1400 audit(0.0:4685): avc: denied { kill } for comm="swapper/2" capability=5 scontext=u:r:kernel:s0 tcontext=u:r:kernel:s0 tclass=capability permissive=0
11-05 02:22:51.767 0 0 I auditd : type=1400 audit(0.0:4686): avc: denied { kill } for comm="swapper/2" capability=5 scontext=u:r:kernel:s0 tcontext=u:r:kernel:s0 tclass=capability permissive=0
11-05 02:22:52.767 0 0 I auditd : type=1400 audit(0.0:4687): avc: denied { kill } for comm="swapper/2" capability=5 scontext=u:r:kernel:s0 tcontext=u:r:kernel:s0 tclass=capability permissive=0
11-05 02:22:53.767 0 0 I auditd : type=1400 audit(0.0:4688): avc: denied { kill } for comm="swapper/2" capability=5 scontext=u:r:kernel:s0 tcontext=u:r:kernel:s0 tclass=capability permissive=0
11-05 02:22:54.767 0 0 I auditd : type=1400 audit(0.0:4689): avc: denied { kill } for comm="swapper/2" capability=5 scontext=u:r:kernel:s0 tcontext=u:r:kernel:s0 tclass=capability permissive=0
11-05 02:22:55.373 1511 1687 I input_interaction: Interaction with: a226794 com.android.launcher3/com.android.launcher3.uioverrides.QuickstepLauncher (server), 2153fad com.android.systemui.ImageWallpaper (server), edge-swipe (server), swipe-up (server), PointerEventDispatcher0 (server),
11-05 02:22:55.466 1511 1687 I input_interaction: Interaction with: edge-swipe (server), swipe-up (server), PointerEventDispatcher0 (server),
11-05 02:22:55.467 2535 2535 I view_enqueue_input_event: [Motion - Cancel,com.android.launcher3/com.android.launcher3.uioverrides.QuickstepLauncher]
11-05 02:22:55.653 1511 1669 I commit_sys_config_file: [settings-1-0,15]
11-05 02:22:55.767 0 0 I auditd : type=1400 audit(0.0:4690): avc: denied { kill } for comm="swapper/2" capability=5 scontext=u:r:kernel:s0 tcontext=u:r:kernel:s0 tclass=capability permissive=0
11-05 02:22:55.991 1511 1669 I commit_sys_config_file: [settings-1-0,4]
11-05 02:22:56.415 1511 1687 I input_interaction: Interaction with: a226794 com.android.launcher3/com.android.launcher3.uioverrides.QuickstepLauncher (server), 2153fad com.android.systemui.ImageWallpaper (server), edge-swipe (server), swipe-up (server), PointerEventDispatcher0 (server),
11-05 02:22:57.297 1511 4731 I wm_task_created: [121,-1]
11-05 02:22:57.302 1511 4731 I wm_task_moved: [121,1,6]
11-05 02:22:57.302 1511 4731 I wm_task_to_front: [0,121]
11-05 02:22:57.303 1511 4731 I wm_create_task: [0,121]
11-05 02:22:57.303 1511 4731 I wm_create_activity: [0,170903706,121,com.android.settings/.Settings,android.intent.action.MAIN,NULL,NULL,270532608]
11-05 02:22:57.303 1511 4731 I wm_task_moved: [121,1,6]
11-05 02:22:57.305 1511 4731 I wm_pause_activity: [0,245869423,com.android.launcher3/.uioverrides.QuickstepLauncher,userLeaving=true,pauseBackTasks]
11-05 02:22:57.312 2535 2535 I wm_on_top_resumed_lost_called: [245869423,com.android.launcher3.uioverrides.QuickstepLauncher,topStateChangedWhenResumed]
11-05 02:22:57.314 2535 2535 I wm_on_paused_called: [245869423,com.android.launcher3.uioverrides.QuickstepLauncher,performPause]
11-05 02:22:57.317 1511 6092 I wm_add_to_stopping: [0,245869423,com.android.launcher3/.uioverrides.QuickstepLauncher,makeInvisible]
11-05 02:22:57.318 1511 6092 I wm_restart_activity: [0,170903706,121,com.android.settings/.Settings]
11-05 02:22:57.320 1511 6092 I wm_set_resumed_activity: [0,com.android.settings/.Settings,minimalResumeActivityLocked]
11-05 02:22:57.339 1511 1602 I sysui_multi_action: [757,803,799,window_time_0,802,22]
11-05 02:22:57.342 2535 2535 I view_enqueue_input_event: [Key - Cancel,com.android.launcher3/com.android.launcher3.uioverrides.QuickstepLauncher]
11-05 02:22:57.343 1511 1687 I input_focus: [Focus leaving a226794 com.android.launcher3/com.android.launcher3.uioverrides.QuickstepLauncher (server),reason=NO_WINDOW]
11-05 02:22:57.358 1511 1608 I am_pss : [17094,10090,com.android.music,7606272,5697536,0,91701248,0,19,5]
11-05 02:22:57.396 1511 4731 I am_uid_active: 10088
11-05 02:22:57.399 17169 17169 I wm_on_create_called: [170903706,com.android.settings.Settings,performCreate]
11-05 02:22:57.436 17169 17169 I wm_on_start_called: [170903706,com.android.settings.Settings,handleStartActivity]
11-05 02:22:57.436 17169 17169 I snet_event_log: [120484087,-1,]
11-05 02:22:57.437 17169 17169 I wm_on_resume_called: [170903706,com.android.settings.Settings,RESUME_ACTIVITY]
11-05 02:22:57.438 17169 17169 I sysui_multi_action: [757,35,758,1,833,0,1089,36]
11-05 02:22:57.447 17169 17169 I sysui_multi_action: [757,1729,758,4,854,isParalleledControllers:false,1089,45]
11-05 02:22:57.459 17169 17169 I wm_on_top_resumed_gained_called: [170903706,com.android.settings.Settings,topStateChangedWhenResumed]
11-05 02:22:57.515 1511 1603 I input_focus: [Focus request b979bfa com.android.settings/com.android.settings.Settings,reason=UpdateInputWindows]
11-05 02:22:57.561 1511 1603 I sysui_multi_action: [324,1,757,1090,758,12,806,com.android.settings,871,com.android.settings.Settings,1091,271]
11-05 02:22:57.571 1511 1599 I sysui_multi_action: [319,75,321,72,322,271,325,4247,757,761,758,8,759,1,806,com.android.settings,871,com.android.settings.Settings,904,com.android.launcher3,905,0,1320,4,1321,1]
11-05 02:22:57.573 1511 1599 I wm_activity_launch_time: [0,170903706,com.android.settings/.Settings,271]
11-05 02:22:57.577 1511 1687 I input_focus: [Focus entering b979bfa com.android.settings/com.android.settings.Settings (server),reason=Window became focusable. Previous reason: NOT_VISIBLE]
11-05 02:22:57.702 17169 17169 W CarrierConfigManager: Error getting config for subId -1 ICarrierConfigLoader is null
11-05 02:22:57.752 17169 17169 I sysui_multi_action: [757,746,758,1,833,0,1089,73]
11-05 02:22:57.755 1511 4178 D TelephonyRegistry: listen oscl: mHasNotifySubscriptionInfoChangedOccurred==false no callback
11-05 02:22:57.758 1511 4731 D TelephonyRegistry: listen oscl: mHasNotifySubscriptionInfoChangedOccurred==false no callback
11-05 02:22:57.766 17169 17169 I sysui_multi_action: [757,1729,758,4,854,isParalleledControllers:false,1089,87]
11-05 02:22:57.900 1511 1602 I wm_stop_activity: [0,245869423,com.android.launcher3/.uioverrides.QuickstepLauncher]
11-05 02:22:57.917 2535 2535 I wm_on_stop_called: [245869423,com.android.launcher3.uioverrides.QuickstepLauncher,STOP_ACTIVITY_ITEM]
11-05 02:22:58.767 0 0 I auditd : type=1400 audit(0.0:4691): avc: denied { kill } for comm="swapper/3" capability=5 scontext=u:r:kernel:s0 tcontext=u:r:kernel:s0 tclass=capability permissive=0
11-05 02:22:59.641 1391 17137 I liblog : 139
11-05 02:22:59.641 1391 17137 I liblog : 3
11-05 02:22:59.767 0 0 I auditd : type=1400 audit(0.0:4692): avc: denied { kill } for comm="swapper/1" capability=5 scontext=u:r:kernel:s0 tcontext=u:r:kernel:s0 tclass=capability permissive=0
11-05 02:23:00.023 1511 1687 I input_interaction: Interaction with: b979bfa com.android.settings/com.android.settings.Settings (server), edge-swipe (server), swipe-up (server), PointerEventDispatcher0 (server),
11-05 02:23:00.130 17169 17169 I sysui_multi_action: [757,138,758,4,759,1]
11-05 02:23:00.139 17169 17169 I sysui_multi_action: [757,830,758,4,833,0,854,main_toggle_wifi,1089,0]
11-05 02:23:00.342 1511 1669 I commit_sys_config_file: [settings-0-0,8]
11-05 02:23:00.423 842 842 I auditd : type=1400 audit(0.0:4693): avc: denied { search } for comm="wifi@1.0-servic" name="tombstones" dev="dm-10" ino=36 scontext=u:r:hal_wifi_default:s0 tcontext=u:object_r:vendor_tombstone_data_file:s0 tclass=dir permissive=0
11-05 02:23:00.458 1511 1749 I netstats_mobile_sample: [0,0,0,0,0,0,0,0,0,0,0,0,1667586180457]
11-05 02:23:00.458 1511 1749 I netstats_wifi_sample: [10887954,28985,11984133,33321,10887954,28985,11984133,33321,18862031,87248,6056850,17563,1667586180457]
11-05 02:23:00.767 0 0 I auditd : type=1400 audit(0.0:4694): avc: denied { kill } for comm="swapper/1" capability=5 scontext=u:r:kernel:s0 tcontext=u:r:kernel:s0 tclass=capability permissive=0
11-05 02:23:01.710 1511 1687 I input_interaction: Interaction with: f0a305f StatusBar (server), edge-swipe (server), swipe-up (server), PointerEventDispatcher0 (server),
11-05 02:23:01.717 1934 1934 I sysui_multi_action: [757,803,799,panel_open,802,1]
11-05 02:23:01.719 1934 1934 I sysui_multi_action: [757,1328,758,4,1326,49,1327,2,1329,0]
11-05 02:23:01.767 0 0 I auditd : type=1400 audit(0.0:4695): avc: denied { kill } for comm="swapper/1" capability=5 scontext=u:r:kernel:s0 tcontext=u:r:kernel:s0 tclass=capability permissive=0
11-05 02:23:01.792 1511 4178 I sysui_multi_action: [757,127,758,1]
11-05 02:23:01.793 1511 4178 I sysui_multi_action: [757,804,799,note_load,801,2,802,1]
11-05 02:23:01.793 1511 4178 I notification_panel_revealed: 2
11-05 02:23:01.798 1511 1511 I notification_enqueue: [10082,1934,com.android.systemui,2048,NULL,0,Notification(channel=updateNotification shortcut=null contentView=null vibrate=null sound=null defaults=0x0 flags=0x0 color=0x00000000 vis=PRIVATE),1]
11-05 02:23:01.798 1934 1934 I sysui_multi_action: [757,111,758,2]
11-05 02:23:01.798 1934 1934 I sysui_multi_action: [757,111,758,2]
11-05 02:23:01.822 1511 1603 I input_focus: [Focus request eefcbb2 NotificationShade,reason=UpdateInputWindows]
11-05 02:23:01.827 1934 1934 I sysui_multi_action: [757,111,758,1]
11-05 02:23:01.827 1934 1934 I sysui_multi_action: [757,126,758,1,759,126,927,0,928,1,1593,0]
11-05 02:23:01.827 1934 1934 I sysui_multi_action: [757,113,758,1,759,113,927,1,928,1,1593,0]
11-05 02:23:01.827 1934 1934 I sysui_multi_action: [757,0,758,1,759,0,927,2,928,0,1593,0]
11-05 02:23:01.827 1934 1934 I sysui_multi_action: [757,0,758,1,759,0,927,3,928,0,1593,0]
11-05 02:23:01.828 1934 1934 I sysui_multi_action: [757,491,758,1,759,491,927,4,928,0,1311,-1,1593,0]
11-05 02:23:01.828 1934 1934 I sysui_multi_action: [757,0,758,1,759,0,927,5,928,0,1593,0]
11-05 02:23:01.828 1934 1934 I sysui_multi_action: [757,111,758,1]
11-05 02:23:01.828 1934 1934 I sysui_multi_action: [757,126,758,1,759,126,927,0,928,1,1593,0]
11-05 02:23:01.828 1934 1934 I sysui_multi_action: [757,113,758,1,759,113,927,1,928,1,1593,0]
11-05 02:23:01.828 1934 1934 I sysui_multi_action: [757,0,758,1,759,0,927,2,928,0,1593,0]
11-05 02:23:01.828 1934 1934 I sysui_multi_action: [757,0,758,1,759,0,927,3,928,0,1593,0]
11-05 02:23:01.842 1511 1687 I input_focus: [Focus leaving b979bfa com.android.settings/com.android.settings.Settings (server),reason=Waiting for window because NOT_VISIBLE]
11-05 02:23:01.842 1934 1934 I sysui_multi_action: [757,111,758,2]
11-05 02:23:01.842 1934 1934 I sysui_multi_action: [757,111,758,2]
11-05 02:23:01.843 1511 1511 I notification_enqueue: [10082,1934,com.android.systemui,2048,NULL,0,Notification(channel=updateNotification shortcut=null contentView=null vibrate=null sound=null defaults=0x0 flags=0x0 color=0x00000000 vis=PRIVATE),1]
11-05 02:23:01.846 1934 1934 I sysui_multi_action: [757,111,758,1]
11-05 02:23:01.846 1934 1934 I sysui_multi_action: [757,126,758,1,759,126,927,0,928,0,1593,0]
11-05 02:23:01.847 1934 1934 I sysui_multi_action: [757,113,758,1,759,113,927,1,928,1,1593,0]
11-05 02:23:01.847 1934 1934 I sysui_multi_action: [757,0,758,1,759,0,927,2,928,0,1593,0]
11-05 02:23:01.847 1934 1934 I sysui_multi_action: [757,0,758,1,759,0,927,3,928,0,1593,0]
11-05 02:23:01.847 1934 1934 I sysui_multi_action: [757,491,758,1,759,491,927,4,928,0,1311,-1,1593,0]
11-05 02:23:01.847 1934 1934 I sysui_multi_action: [757,0,758,1,759,0,927,5,928,0,1593,0]
11-05 02:23:01.847 1934 1934 I sysui_multi_action: [757,111,758,1]
11-05 02:23:01.847 1934 1934 I sysui_multi_action: [757,126,758,1,759,126,927,0,928,0,1593,0]
11-05 02:23:01.847 1934 1934 I sysui_multi_action: [757,113,758,1,759,113,927,1,928,1,1593,0]
11-05 02:23:01.847 1934 1934 I sysui_multi_action: [757,0,758,1,759,0,927,2,928,0,1593,0]
11-05 02:23:01.848 1934 1934 I sysui_multi_action: [757,0,758,1,759,0,927,3,928,0,1593,0]
11-05 02:23:01.856 1511 1687 I input_focus: [Focus entering eefcbb2 NotificationShade (server),reason=Window became focusable. Previous reason: NOT_VISIBLE]
11-05 02:23:01.860 1934 1934 I sysui_multi_action: [757,111,758,2]
11-05 02:23:01.860 1934 1934 I sysui_multi_action: [757,111,758,2]
11-05 02:23:01.861 1511 1511 I notification_enqueue: [10082,1934,com.android.systemui,2048,NULL,0,Notification(channel=updateNotification shortcut=null contentView=null vibrate=null sound=null defaults=0x0 flags=0x0 color=0x00000000 vis=PRIVATE),1]
11-05 02:23:01.865 1934 1934 I sysui_multi_action: [757,111,758,1]
11-05 02:23:01.866 1934 1934 I sysui_multi_action: [757,126,758,1,759,126,927,0,928,0,1593,0]
11-05 02:23:01.866 1934 1934 I sysui_multi_action: [757,113,758,1,759,113,927,1,928,1,1593,0]
11-05 02:23:01.866 1934 1934 I sysui_multi_action: [757,0,758,1,759,0,927,2,928,0,1593,0]
11-05 02:23:01.866 1934 1934 I sysui_multi_action: [757,0,758,1,759,0,927,3,928,0,1593,0]
11-05 02:23:01.866 1934 1934 I sysui_multi_action: [757,491,758,1,759,491,927,4,928,0,1311,-1,1593,0]
11-05 02:23:01.866 1934 1934 I sysui_multi_action: [757,0,758,1,759,0,927,5,928,0,1593,0]
11-05 02:23:01.866 1934 1934 I sysui_multi_action: [757,111,758,1]
11-05 02:23:01.866 1934 1934 I sysui_multi_action: [757,126,758,1,759,126,927,0,928,0,1593,0]
11-05 02:23:01.866 1934 1934 I sysui_multi_action: [757,113,758,1,759,113,927,1,928,1,1593,0]
11-05 02:23:01.867 1934 1934 I sysui_multi_action: [757,0,758,1,759,0,927,2,928,0,1593,0]
11-05 02:23:01.867 1934 1934 I sysui_multi_action: [757,0,758,1,759,0,927,3,928,0,1593,0]
11-05 02:23:01.875 1934 1934 I sysui_multi_action: [757,111,758,2]
11-05 02:23:01.875 1934 1934 I sysui_multi_action: [757,111,758,2]
11-05 02:23:01.875 1511 1511 I notification_enqueue: [10082,1934,com.android.systemui,2048,NULL,0,Notification(channel=updateNotification shortcut=null contentView=null vibrate=null sound=null defaults=0x0 flags=0x0 color=0x00000000 vis=PRIVATE),1]
11-05 02:23:01.879 1934 1934 I sysui_multi_action: [757,111,758,1]
11-05 02:23:01.879 1934 1934 I sysui_multi_action: [757,126,758,1,759,126,927,0,928,0,1593,0]
11-05 02:23:01.879 1934 1934 I sysui_multi_action: [757,113,758,1,759,113,927,1,928,1,1593,0]
11-05 02:23:01.879 1934 1934 I sysui_multi_action: [757,0,758,1,759,0,927,2,928,0,1593,0]
11-05 02:23:01.879 1934 1934 I sysui_multi_action: [757,0,758,1,759,0,927,3,928,0,1593,0]
11-05 02:23:01.880 1934 1934 I sysui_multi_action: [757,491,758,1,759,491,927,4,928,0,1311,-1,1593,0]
11-05 02:23:01.880 1934 1934 I sysui_multi_action: [757,0,758,1,759,0,927,5,928,0,1593,0]
11-05 02:23:01.880 1934 1934 I sysui_multi_action: [757,111,758,1]
11-05 02:23:01.880 1934 1934 I sysui_multi_action: [757,126,758,1,759,126,927,0,928,0,1593,0]
11-05 02:23:01.880 1934 1934 I sysui_multi_action: [757,113,758,1,759,113,927,1,928,1,1593,0]
11-05 02:23:01.880 1934 1934 I sysui_multi_action: [757,0,758,1,759,0,927,2,928,0,1593,0]
11-05 02:23:01.880 1934 1934 I sysui_multi_action: [757,0,758,1,759,0,927,3,928,0,1593,0]
11-05 02:23:02.343 1511 6092 I sysui_multi_action: [757,128,758,1,793,4241232,794,0,795,4241232,796,26,798,0,806,android,857,DEVELOPER_IMPORTANT,858,4,947,0,1395,2,1500,4240535,1688,1]
11-05 02:23:02.343 1511 6092 I sysui_multi_action: [757,804,799,note_freshness,801,4241232,802,1]
11-05 02:23:02.344 1511 6092 I notification_visibility: [-1|android|26|null|1000,1,4241232,4241232,0,0]
11-05 02:23:02.344 1511 6092 I sysui_multi_action: [757,128,758,1,793,4242008,794,0,795,4242008,796,32,798,1,806,android,857,USB,858,1,947,0,1395,2,1500,4241950,1688,1]
11-05 02:23:02.344 1511 6092 I sysui_multi_action: [757,804,799,note_freshness,801,4242008,802,1]
11-05 02:23:02.344 1511 6092 I notification_visibility: [-1|android|32|null|1000,1,4242008,4242008,0,1]
11-05 02:23:02.487 1511 1719 I netstats_mobile_sample: [0,0,0,0,0,0,0,0,0,0,0,0,1667586182487]
11-05 02:23:02.488 1511 1719 I netstats_wifi_sample: [10887954,28985,11984133,33321,10887954,28985,11984133,33321,18862031,87248,6056850,17563,1667586182487]
11-05 02:23:02.767 0 0 I auditd : type=1400 audit(0.0:4696): avc: denied { kill } for comm="swapper/1" capability=5 scontext=u:r:kernel:s0 tcontext=u:r:kernel:s0 tclass=capability permissive=0
11-05 02:23:03.374 1511 1687 I input_interaction: Interaction with: eefcbb2 NotificationShade (server), edge-swipe (server), swipe-up (server), PointerEventDispatcher0 (server),
11-05 02:23:03.514 1934 1934 I sysui_multi_action: [757,925,758,4,759,126,927,0,928,0,1592,0,1593,1]
11-05 02:23:03.577 1511 4178 D TelephonyRegistry: listen oscl: mHasNotifySubscriptionInfoChangedOccurred==false no callback
11-05 02:23:03.579 1934 1934 W CarrierConfigManager: Error getting config for subId -1 ICarrierConfigLoader is null
11-05 02:23:03.600 1511 1603 I input_focus: [Focus request d3dd601 InternetDialog,reason=UpdateInputWindows]
11-05 02:23:03.635 1511 1687 I input_focus: [Focus leaving eefcbb2 NotificationShade (server),reason=setFocusedWindow]
11-05 02:23:03.635 1511 1687 I input_focus: [Focus entering d3dd601 InternetDialog (server),reason=setFocusedWindow]
11-05 02:23:03.767 0 0 I auditd : type=1400 audit(0.0:4697): avc: denied { kill } for comm="swapper/1" capability=5 scontext=u:r:kernel:s0 tcontext=u:r:kernel:s0 tclass=capability permissive=0
11-05 02:23:04.759 1511 1687 I input_interaction: Interaction with: d3dd601 InternetDialog (server), edge-swipe (server), swipe-up (server), PointerEventDispatcher0 (server),
11-05 02:23:04.767 0 0 I auditd : type=1400 audit(0.0:4698): avc: denied { kill } for comm="swapper/1" capability=5 scontext=u:r:kernel:s0 tcontext=u:r:kernel:s0 tclass=capability permissive=0
11-05 02:23:05.067 1511 1669 I commit_sys_config_file: [settings-0-0,9]
11-05 02:23:05.767 0 0 I auditd : type=1400 audit(0.0:4699): avc: denied { kill } for comm="swapper/1" capability=5 scontext=u:r:kernel:s0 tcontext=u:r:kernel:s0 tclass=capability permissive=0
11-05 02:23:06.728 1511 1722 I service_manager_stats: [100,106,86494]
11-05 02:23:06.767 0 0 I auditd : type=1400 audit(0.0:4700): avc: denied { kill } for comm="swapper/1" capability=5 scontext=u:r:kernel:s0 tcontext=u:r:kernel:s0 tclass=capability permissive=0
11-05 02:23:07.767 0 0 I auditd : type=1400 audit(0.0:4701): avc: denied { kill } for comm="swapper/1" capability=5 scontext=u:r:kernel:s0 tcontext=u:r:kernel:s0 tclass=capability permissive=0
11-05 02:23:08.363 1511 1749 I netstats_mobile_sample: [0,0,0,0,0,0,0,0,0,0,0,0,1667586188361]
11-05 02:23:08.363 1511 1749 I netstats_wifi_sample: [10887954,28985,11984133,33321,10887954,28985,11984133,33321,18862031,87248,6056850,17563,1667586188361]
11-05 02:23:08.482 1511 1749 I netstats_mobile_sample: [0,0,0,0,0,0,0,0,0,0,0,0,1667586188481]
11-05 02:23:08.482 1511 1749 I netstats_wifi_sample: [10887954,28985,11984133,33321,10887954,28985,11984133,33321,18862031,87248,6056850,17563,1667586188481]
11-05 02:23:08.501 1511 1749 I netstats_mobile_sample: [0,0,0,0,0,0,0,0,0,0,0,0,1667586188501]
11-05 02:23:08.501 1511 1749 I netstats_wifi_sample: [10887954,28985,11984133,33321,10887954,28985,11984133,33321,18862031,87248,6056850,17563,1667586188501]
11-05 02:23:08.520 1511 1749 I netstats_mobile_sample: [0,0,0,0,0,0,0,0,0,0,0,0,1667586188520]
11-05 02:23:08.520 1511 1749 I netstats_wifi_sample: [10887954,28985,11984133,33321,10887954,28985,11984133,33321,18862031,87248,6056850,17563,1667586188520]
11-05 02:23:08.530 1511 1749 I netstats_mobile_sample: [0,0,0,0,0,0,0,0,0,0,0,0,1667586188530]
11-05 02:23:08.530 1511 1749 I netstats_wifi_sample: [10887954,28985,11984133,33321,10887954,28985,11984133,33321,18862031,87248,6056850,17563,1667586188530]
11-05 02:23:08.767 0 0 I auditd : type=1400 audit(0.0:4702): avc: denied { kill } for comm="swapper/1" capability=5 scontext=u:r:kernel:s0 tcontext=u:r:kernel:s0 tclass=capability permissive=0
11-05 02:23:09.767 0 0 I auditd : type=1400 audit(0.0:4703): avc: denied { kill } for comm="swapper/1" capability=5 scontext=u:r:kernel:s0 tcontext=u:r:kernel:s0 tclass=capability permissive=0
11-05 02:23:10.767 0 0 I auditd : type=1400 audit(0.0:4704): avc: denied { kill } for comm="swapper/1" capability=5 scontext=u:r:kernel:s0 tcontext=u:r:kernel:s0 tclass=capability permissive=0
11-05 02:23:11.767 0 0 I auditd : type=1400 audit(0.0:4705): avc: denied { kill } for comm="swapper/1" capability=5 scontext=u:r:kernel:s0 tcontext=u:r:kernel:s0 tclass=capability permissive=0
11-05 02:23:12.767 15773 15773 I auditd : type=1400 audit(0.0:4706): avc: denied { kill } for comm="kworker/u16:7" capability=5 scontext=u:r:kernel:s0 tcontext=u:r:kernel:s0 tclass=capability permissive=0
11-05 02:23:13.767 0 0 I auditd : type=1400 audit(0.0:4707): avc: denied { kill } for comm="swapper/1" capability=5 scontext=u:r:kernel:s0 tcontext=u:r:kernel:s0 tclass=capability permissive=0
11-05 02:23:14.014 1511 1669 I commit_sys_config_file: [settings-0-0,12]
11-05 02:23:14.071 842 842 I auditd : type=1400 audit(0.0:4708): avc: denied { search } for comm="wifi@1.0-servic" name="tombstones" dev="dm-10" ino=36 scontext=u:r:hal_wifi_default:s0 tcontext=u:object_r:vendor_tombstone_data_file:s0 tclass=dir permissive=0
11-05 02:23:14.115 1511 1749 I netstats_mobile_sample: [0,0,0,0,0,0,0,0,0,0,0,0,1667586194115]
11-05 02:23:14.116 1511 1749 I netstats_wifi_sample: [10904898,29035,12003671,33392,10904898,29035,12003671,33392,18902416,87375,6067112,17604,1667586194115]
11-05 02:23:15.677 1511 1669 I commit_sys_config_file: [settings-0-0,11]
11-05 02:23:15.767 0 0 I auditd : type=1400 audit(0.0:4709): avc: denied { kill } for comm="swapper/0" capability=5 scontext=u:r:kernel:s0 tcontext=u:r:kernel:s0 tclass=capability permissive=0
11-05 02:23:16.248 1934 1934 I service_manager_stats: [200,152,325913]
11-05 02:23:16.767 0 0 I auditd : type=1400 audit(0.0:4710): avc: denied { kill } for comm="swapper/0" capability=5 scontext=u:r:kernel:s0 tcontext=u:r:kernel:s0 tclass=capability permissive=0
11-05 02:23:17.218 1391 17515 I liblog : 469
11-05 02:23:17.221 1391 17515 I liblog : 31
11-05 02:23:17.767 0 0 I auditd : type=1400 audit(0.0:4711): avc: denied { kill } for comm="swapper/0" capability=5 scontext=u:r:kernel:s0 tcontext=u:r:kernel:s0 tclass=capability permissive=0
11-05 02:23:18.007 1511 1669 I commit_sys_config_file: [settings-0-0,14]
11-05 02:23:18.067 842 842 I auditd : type=1400 audit(0.0:4712): avc: denied { search } for comm="wifi@1.0-servic" name="tombstones" dev="dm-10" ino=36 scontext=u:r:hal_wifi_default:s0 tcontext=u:object_r:vendor_tombstone_data_file:s0 tclass=dir permissive=0
11-05 02:23:18.129 17169 17169 I service_manager_stats: [100,57,4268669]
11-05 02:23:18.546 1511 2001 I ntp_failure: [time.android.com,java.net.UnknownHostException: Unable to resolve host "time.android.com": No address associated with hostname]
11-05 02:23:19.501 1511 1669 I commit_sys_config_file: [settings-0-0,9]
11-05 02:23:20.767 0 0 I auditd : type=1400 audit(0.0:4713): avc: denied { kill } for comm="swapper/0" capability=5 scontext=u:r:kernel:s0 tcontext=u:r:kernel:s0 tclass=capability permissive=0
11-05 02:23:20.980 1391 17530 I liblog : 342
11-05 02:23:21.659 1511 1669 I commit_sys_config_file: [settings-0-0,7]
11-05 02:23:21.815 842 842 I auditd : type=1400 audit(0.0:4714): avc: denied { search } for comm="wifi@1.0-servic" name="tombstones" dev="dm-10" ino=36 scontext=u:r:hal_wifi_default:s0 tcontext=u:object_r:vendor_tombstone_data_file:s0 tclass=dir permissive=0
11-05 02:23:22.767 0 0 I auditd : type=1400 audit(0.0:4715): avc: denied { kill } for comm="swapper/0" capability=5 scontext=u:r:kernel:s0 tcontext=u:r:kernel:s0 tclass=capability permissive=0
11-05 02:23:23.211 1511 1669 I commit_sys_config_file: [settings-0-0,8]
11-05 02:23:23.767 352 352 I auditd : type=1400 audit(0.0:4716): avc: denied { kill } for comm="irq/382-atmel_m" capability=5 scontext=u:r:kernel:s0 tcontext=u:r:kernel:s0 tclass=capability permissive=0
11-05 02:23:24.517 1511 1603 I input_focus: [Focus request eefcbb2 NotificationShade,reason=UpdateInputWindows]
11-05 02:23:24.526 1511 1687 I input_focus: [Focus entering eefcbb2 NotificationShade (server),reason=setFocusedWindow]
11-05 02:23:24.634 1511 1687 I input_interaction: Interaction with: eefcbb2 NotificationShade (server), edge-swipe (server), swipe-up (server), PointerEventDispatcher0 (server),
11-05 02:23:24.767 0 0 I auditd : type=1400 audit(0.0:4717): avc: denied { kill } for comm="swapper/0" capability=5 scontext=u:r:kernel:s0 tcontext=u:r:kernel:s0 tclass=capability permissive=0
11-05 02:23:24.793 1391 17542 I liblog : 142
11-05 02:23:24.800 1391 17542 I liblog : 140
11-05 02:23:24.802 1391 17542 I liblog : 49
11-05 02:23:24.802 1391 17542 I liblog : 1
11-05 02:23:24.802 1391 17542 I liblog : 1
11-05 02:23:24.802 1391 17542 I liblog : 1
11-05 02:23:24.973 1934 1934 I sysui_multi_action: [757,111,758,2]
11-05 02:23:24.973 1934 1934 I sysui_multi_action: [757,111,758,2]
11-05 02:23:24.975 1511 1511 I notification_enqueue: [10082,1934,com.android.systemui,2048,NULL,0,Notification(channel=updateNotification shortcut=null contentView=null vibrate=null sound=null defaults=0x0 flags=0x0 color=0x00000000 vis=PRIVATE),1]
11-05 02:23:24.978 1934 1934 I sysui_multi_action: [757,111,758,1]
11-05 02:23:24.979 1934 1934 I sysui_multi_action: [757,126,758,1,759,126,927,0,928,1,1593,0]
11-05 02:23:24.979 1934 1934 I sysui_multi_action: [757,113,758,1,759,113,927,1,928,1,1593,0]
11-05 02:23:24.979 1934 1934 I sysui_multi_action: [757,0,758,1,759,0,927,2,928,0,1593,0]
11-05 02:23:24.979 1934 1934 I sysui_multi_action: [757,0,758,1,759,0,927,3,928,0,1593,0]
11-05 02:23:24.979 1934 1934 I sysui_multi_action: [757,491,758,1,759,491,927,4,928,0,1311,-1,1593,0]
11-05 02:23:24.980 1934 1934 I sysui_multi_action: [757,0,758,1,759,0,927,5,928,0,1593,0]
11-05 02:23:24.980 1934 1934 I sysui_multi_action: [757,111,758,1]
11-05 02:23:24.980 1934 1934 I sysui_multi_action: [757,126,758,1,759,126,927,0,928,1,1593,0]
11-05 02:23:24.980 1934 1934 I sysui_multi_action: [757,113,758,1,759,113,927,1,928,1,1593,0]
11-05 02:23:24.980 1934 1934 I sysui_multi_action: [757,0,758,1,759,0,927,2,928,0,1593,0]
11-05 02:23:24.980 1934 1934 I sysui_multi_action: [757,0,758,1,759,0,927,3,928,0,1593,0]
11-05 02:23:24.995 1934 1934 I sysui_multi_action: [757,111,758,2]
11-05 02:23:24.995 1511 1511 I notification_enqueue: [10082,1934,com.android.systemui,2048,NULL,0,Notification(channel=updateNotification shortcut=null contentView=null vibrate=null sound=null defaults=0x0 flags=0x0 color=0x00000000 vis=PRIVATE),1]
11-05 02:23:24.995 1934 1934 I sysui_multi_action: [757,111,758,2]
11-05 02:23:25.000 1934 1934 I sysui_multi_action: [757,111,758,1]
11-05 02:23:25.000 1934 1934 I sysui_multi_action: [757,126,758,1,759,126,927,0,928,1,1593,0]
11-05 02:23:25.000 1934 1934 I sysui_multi_action: [757,113,758,1,759,113,927,1,928,1,1593,0]
11-05 02:23:25.000 1934 1934 I sysui_multi_action: [757,0,758,1,759,0,927,2,928,0,1593,0]
11-05 02:23:25.001 1934 1934 I sysui_multi_action: [757,0,758,1,759,0,927,3,928,0,1593,0]
11-05 02:23:25.001 1934 1934 I sysui_multi_action: [757,491,758,1,759,491,927,4,928,0,1311,-1,1593,0]
11-05 02:23:25.001 1934 1934 I sysui_multi_action: [757,0,758,1,759,0,927,5,928,0,1593,0]
11-05 02:23:25.001 1934 1934 I sysui_multi_action: [757,111,758,1]
11-05 02:23:25.001 1934 1934 I sysui_multi_action: [757,126,758,1,759,126,927,0,928,1,1593,0]
11-05 02:23:25.001 1934 1934 I sysui_multi_action: [757,113,758,1,759,113,927,1,928,1,1593,0]
11-05 02:23:25.001 1934 1934 I sysui_multi_action: [757,0,758,1,759,0,927,2,928,0,1593,0]
11-05 02:23:25.001 1934 1934 I sysui_multi_action: [757,0,758,1,759,0,927,3,928,0,1593,0]
11-05 02:23:25.013 1934 1934 I sysui_multi_action: [757,111,758,2]
11-05 02:23:25.013 1934 1934 I sysui_multi_action: [757,111,758,2]
11-05 02:23:25.014 1511 1511 I notification_enqueue: [10082,1934,com.android.systemui,2048,NULL,0,Notification(channel=updateNotification shortcut=null contentView=null vibrate=null sound=null defaults=0x0 flags=0x0 color=0x00000000 vis=PRIVATE),1]
11-05 02:23:25.016 1934 1934 I sysui_multi_action: [757,111,758,1]
11-05 02:23:25.016 1934 1934 I sysui_multi_action: [757,126,758,1,759,126,927,0,928,1,1593,1]
11-05 02:23:25.016 1934 1934 I sysui_multi_action: [757,113,758,1,759,113,927,1,928,1,1593,1]
11-05 02:23:25.016 1934 1934 I sysui_multi_action: [757,0,758,1,759,0,927,2,928,0,1593,1]
11-05 02:23:25.017 1934 1934 I sysui_multi_action: [757,0,758,1,759,0,927,3,928,0,1593,1]
11-05 02:23:25.017 1934 1934 I sysui_multi_action: [757,491,758,1,759,491,927,4,928,0,1311,-1,1593,1]
11-05 02:23:25.017 1934 1934 I sysui_multi_action: [757,0,758,1,759,0,927,5,928,0,1593,1]
11-05 02:23:25.017 1934 1934 I sysui_multi_action: [757,111,758,1]
11-05 02:23:25.017 1934 1934 I sysui_multi_action: [757,126,758,1,759,126,927,0,928,1,1593,1]
11-05 02:23:25.017 1934 1934 I sysui_multi_action: [757,113,758,1,759,113,927,1,928,1,1593,1]
11-05 02:23:25.017 1934 1934 I sysui_multi_action: [757,0,758,1,759,0,927,2,928,0,1593,1]
11-05 02:23:25.017 1934 1934 I sysui_multi_action: [757,0,758,1,759,0,927,3,928,0,1593,1]
11-05 02:23:25.025 1934 1934 I sysui_multi_action: [757,111,758,2]
11-05 02:23:25.025 1511 1511 I notification_enqueue: [10082,1934,com.android.systemui,2048,NULL,0,Notification(channel=updateNotification shortcut=null contentView=null vibrate=null sound=null defaults=0x0 flags=0x0 color=0x00000000 vis=PRIVATE),1]
11-05 02:23:25.025 1934 1934 I sysui_multi_action: [757,111,758,2]
11-05 02:23:25.027 1934 1934 I sysui_multi_action: [757,111,758,1]
11-05 02:23:25.028 1934 1934 I sysui_multi_action: [757,126,758,1,759,126,927,0,928,1,1593,1]
11-05 02:23:25.028 1934 1934 I sysui_multi_action: [757,113,758,1,759,113,927,1,928,1,1593,1]
11-05 02:23:25.028 1934 1934 I sysui_multi_action: [757,0,758,1,759,0,927,2,928,0,1593,1]
11-05 02:23:25.028 1934 1934 I sysui_multi_action: [757,0,758,1,759,0,927,3,928,0,1593,1]
11-05 02:23:25.028 1934 1934 I sysui_multi_action: [757,491,758,1,759,491,927,4,928,0,1311,-1,1593,0]
11-05 02:23:25.028 1934 1934 I sysui_multi_action: [757,0,758,1,759,0,927,5,928,0,1593,0]
11-05 02:23:25.028 1934 1934 I sysui_multi_action: [757,111,758,1]
11-05 02:23:25.028 1934 1934 I sysui_multi_action: [757,126,758,1,759,126,927,0,928,1,1593,1]
11-05 02:23:25.028 1934 1934 I sysui_multi_action: [757,113,758,1,759,113,927,1,928,1,1593,1]
11-05 02:23:25.028 1934 1934 I sysui_multi_action: [757,0,758,1,759,0,927,2,928,0,1593,1]
11-05 02:23:25.028 1934 1934 I sysui_multi_action: [757,0,758,1,759,0,927,3,928,0,1593,1]
11-05 02:23:25.033 1511 4708 I sysui_multi_action: [757,128,758,2,793,4263922,794,22690,795,4263922,796,26,798,0,806,android,857,DEVELOPER_IMPORTANT,858,4,947,0,1395,2,1500,4263225,1688,1]
11-05 02:23:25.033 1511 4708 I notification_visibility: [-1|android|26|null|1000,0,4263922,4263922,0,0]
11-05 02:23:25.033 1511 4708 I sysui_multi_action: [757,128,758,2,793,4264697,794,22689,795,4264697,796,32,798,1,806,android,857,USB,858,1,947,0,1395,2,1500,4264639,1688,1]
11-05 02:23:25.033 1511 4708 I notification_visibility: [-1|android|32|null|1000,0,4264697,4264697,0,1]
11-05 02:23:25.039 1934 1934 I sysui_multi_action: [757,111,758,2]
11-05 02:23:25.039 1934 1934 I sysui_multi_action: [757,111,758,2]
11-05 02:23:25.039 1511 1511 I notification_enqueue: [10082,1934,com.android.systemui,2048,NULL,0,Notification(channel=updateNotification shortcut=null contentView=null vibrate=null sound=null defaults=0x0 flags=0x0 color=0x00000000 vis=PRIVATE),1]
11-05 02:23:25.041 1934 1934 I sysui_multi_action: [757,111,758,1]
11-05 02:23:25.041 1934 1934 I sysui_multi_action: [757,126,758,1,759,126,927,0,928,1,1593,1]
11-05 02:23:25.042 1934 1934 I sysui_multi_action: [757,113,758,1,759,113,927,1,928,1,1593,1]
11-05 02:23:25.042 1934 1934 I sysui_multi_action: [757,0,758,1,759,0,927,2,928,0,1593,1]
11-05 02:23:25.042 1934 1934 I sysui_multi_action: [757,0,758,1,759,0,927,3,928,0,1593,1]
11-05 02:23:25.042 1934 1934 I sysui_multi_action: [757,491,758,1,759,491,927,4,928,0,1311,-1,1593,0]
11-05 02:23:25.042 1934 1934 I sysui_multi_action: [757,0,758,1,759,0,927,5,928,0,1593,0]
11-05 02:23:25.042 1934 1934 I sysui_multi_action: [757,111,758,1]
11-05 02:23:25.042 1934 1934 I sysui_multi_action: [757,126,758,1,759,126,927,0,928,1,1593,1]
11-05 02:23:25.042 1934 1934 I sysui_multi_action: [757,113,758,1,759,113,927,1,928,1,1593,1]
11-05 02:23:25.042 1934 1934 I sysui_multi_action: [757,0,758,1,759,0,927,2,928,0,1593,1]
11-05 02:23:25.042 1934 1934 I sysui_multi_action: [757,0,758,1,759,0,927,3,928,0,1593,1]
11-05 02:23:25.056 1934 1934 I sysui_multi_action: [757,111,758,2]
11-05 02:23:25.056 1934 1934 I sysui_multi_action: [757,111,758,2]
11-05 02:23:25.056 1511 1511 I notification_enqueue: [10082,1934,com.android.systemui,2048,NULL,0,Notification(channel=updateNotification shortcut=null contentView=null vibrate=null sound=null defaults=0x0 flags=0x0 color=0x00000000 vis=PRIVATE),1]
11-05 02:23:25.058 1934 1934 I sysui_multi_action: [757,111,758,1]
11-05 02:23:25.059 1934 1934 I sysui_multi_action: [757,126,758,1,759,126,927,0,928,1,1593,1]
11-05 02:23:25.059 1934 1934 I sysui_multi_action: [757,113,758,1,759,113,927,1,928,1,1593,1]
11-05 02:23:25.059 1934 1934 I sysui_multi_action: [757,0,758,1,759,0,927,2,928,0,1593,1]
11-05 02:23:25.059 1934 1934 I sysui_multi_action: [757,0,758,1,759,0,927,3,928,0,1593,1]
11-05 02:23:25.059 1934 1934 I sysui_multi_action: [757,491,758,1,759,491,927,4,928,0,1311,-1,1593,0]
11-05 02:23:25.059 1934 1934 I sysui_multi_action: [757,0,758,1,759,0,927,5,928,0,1593,1]
11-05 02:23:25.059 1934 1934 I sysui_multi_action: [757,111,758,1]
11-05 02:23:25.060 1934 1934 I sysui_multi_action: [757,126,758,1,759,126,927,0,928,1,1593,1]
11-05 02:23:25.060 1934 1934 I sysui_multi_action: [757,113,758,1,759,113,927,1,928,1,1593,1]
11-05 02:23:25.060 1934 1934 I sysui_multi_action: [757,0,758,1,759,0,927,2,928,0,1593,1]
11-05 02:23:25.060 1934 1934 I sysui_multi_action: [757,0,758,1,759,0,927,3,928,0,1593,1]
11-05 02:23:25.073 1934 1934 I sysui_multi_action: [757,111,758,2]
11-05 02:23:25.073 1934 1934 I sysui_multi_action: [757,111,758,2]
11-05 02:23:25.073 1511 1511 I notification_enqueue: [10082,1934,com.android.systemui,2048,NULL,0,Notification(channel=updateNotification shortcut=null contentView=null vibrate=null sound=null defaults=0x0 flags=0x0 color=0x00000000 vis=PRIVATE),1]
11-05 02:23:25.076 1934 1934 I sysui_multi_action: [757,111,758,1]
11-05 02:23:25.076 1934 1934 I sysui_multi_action: [757,126,758,1,759,126,927,0,928,1,1593,1]
11-05 02:23:25.076 1934 1934 I sysui_multi_action: [757,113,758,1,759,113,927,1,928,1,1593,1]
11-05 02:23:25.076 1934 1934 I sysui_multi_action: [757,0,758,1,759,0,927,2,928,0,1593,1]
11-05 02:23:25.076 1934 1934 I sysui_multi_action: [757,0,758,1,759,0,927,3,928,0,1593,1]
11-05 02:23:25.076 1934 1934 I sysui_multi_action: [757,491,758,1,759,491,927,4,928,0,1311,-1,1593,0]
11-05 02:23:25.076 1934 1934 I sysui_multi_action: [757,0,758,1,759,0,927,5,928,0,1593,0]
11-05 02:23:25.076 1934 1934 I sysui_multi_action: [757,111,758,1]
11-05 02:23:25.076 1934 1934 I sysui_multi_action: [757,126,758,1,759,126,927,0,928,1,1593,1]
11-05 02:23:25.076 1934 1934 I sysui_multi_action: [757,113,758,1,759,113,927,1,928,1,1593,1]
11-05 02:23:25.077 1934 1934 I sysui_multi_action: [757,0,758,1,759,0,927,2,928,0,1593,1]
11-05 02:23:25.077 1934 1934 I sysui_multi_action: [757,0,758,1,759,0,927,3,928,0,1593,1]
11-05 02:23:25.090 1934 1934 I sysui_multi_action: [757,111,758,2]
11-05 02:23:25.090 1511 1511 I notification_enqueue: [10082,1934,com.android.systemui,2048,NULL,0,Notification(channel=updateNotification shortcut=null contentView=null vibrate=null sound=null defaults=0x0 flags=0x0 color=0x00000000 vis=PRIVATE),1]
11-05 02:23:25.090 1934 1934 I sysui_multi_action: [757,111,758,2]
11-05 02:23:25.093 1934 1934 I sysui_multi_action: [757,111,758,1]
11-05 02:23:25.093 1934 1934 I sysui_multi_action: [757,126,758,1,759,126,927,0,928,1,1593,1]
11-05 02:23:25.093 1934 1934 I sysui_multi_action: [757,113,758,1,759,113,927,1,928,1,1593,1]
11-05 02:23:25.093 1934 1934 I sysui_multi_action: [757,0,758,1,759,0,927,2,928,0,1593,1]
11-05 02:23:25.093 1934 1934 I sysui_multi_action: [757,0,758,1,759,0,927,3,928,0,1593,1]
11-05 02:23:25.093 1934 1934 I sysui_multi_action: [757,491,758,1,759,491,927,4,928,0,1311,-1,1593,0]
11-05 02:23:25.093 1934 1934 I sysui_multi_action: [757,0,758,1,759,0,927,5,928,0,1593,0]
11-05 02:23:25.093 1934 1934 I sysui_multi_action: [757,111,758,1]
11-05 02:23:25.093 1934 1934 I sysui_multi_action: [757,126,758,1,759,126,927,0,928,1,1593,1]
11-05 02:23:25.093 1934 1934 I sysui_multi_action: [757,113,758,1,759,113,927,1,928,1,1593,1]
11-05 02:23:25.093 1934 1934 I sysui_multi_action: [757,0,758,1,759,0,927,2,928,0,1593,1]
11-05 02:23:25.093 1934 1934 I sysui_multi_action: [757,0,758,1,759,0,927,3,928,0,1593,1]
11-05 02:23:25.107 1934 1934 I sysui_multi_action: [757,111,758,2]
11-05 02:23:25.107 1511 1511 I notification_enqueue: [10082,1934,com.android.systemui,2048,NULL,0,Notification(channel=updateNotification shortcut=null contentView=null vibrate=null sound=null defaults=0x0 flags=0x0 color=0x00000000 vis=PRIVATE),1]
11-05 02:23:25.107 1934 1934 I sysui_multi_action: [757,111,758,2]
11-05 02:23:25.110 1934 1934 I sysui_multi_action: [757,111,758,1]
11-05 02:23:25.110 1934 1934 I sysui_multi_action: [757,126,758,1,759,126,927,0,928,1,1593,1]
11-05 02:23:25.110 1934 1934 I sysui_multi_action: [757,113,758,1,759,113,927,1,928,1,1593,1]
11-05 02:23:25.110 1934 1934 I sysui_multi_action: [757,0,758,1,759,0,927,2,928,0,1593,1]
11-05 02:23:25.111 1934 1934 I sysui_multi_action: [757,0,758,1,759,0,927,3,928,0,1593,1]
11-05 02:23:25.111 1934 1934 I sysui_multi_action: [757,491,758,1,759,491,927,4,928,0,1311,-1,1593,1]
11-05 02:23:25.111 1934 1934 I sysui_multi_action: [757,0,758,1,759,0,927,5,928,0,1593,1]
11-05 02:23:25.111 1934 1934 I sysui_multi_action: [757,111,758,1]
11-05 02:23:25.111 1934 1934 I sysui_multi_action: [757,126,758,1,759,126,927,0,928,1,1593,1]
11-05 02:23:25.111 1934 1934 I sysui_multi_action: [757,113,758,1,759,113,927,1,928,1,1593,1]
11-05 02:23:25.111 1934 1934 I sysui_multi_action: [757,0,758,1,759,0,927,2,928,0,1593,1]
11-05 02:23:25.111 1934 1934 I sysui_multi_action: [757,0,758,1,759,0,927,3,928,0,1593,1]
11-05 02:23:25.124 1934 1934 I sysui_multi_action: [757,111,758,2]
11-05 02:23:25.124 1934 1934 I sysui_multi_action: [757,111,758,2]
11-05 02:23:25.124 1511 1511 I notification_enqueue: [10082,1934,com.android.systemui,2048,NULL,0,Notification(channel=updateNotification shortcut=null contentView=null vibrate=null sound=null defaults=0x0 flags=0x0 color=0x00000000 vis=PRIVATE),1]
11-05 02:23:25.126 1934 1934 I sysui_multi_action: [757,111,758,1]
11-05 02:23:25.126 1934 1934 I sysui_multi_action: [757,126,758,1,759,126,927,0,928,1,1593,0]
11-05 02:23:25.126 1934 1934 I sysui_multi_action: [757,113,758,1,759,113,927,1,928,1,1593,0]
11-05 02:23:25.126 1934 1934 I sysui_multi_action: [757,0,758,1,759,0,927,2,928,0,1593,0]
11-05 02:23:25.126 1934 1934 I sysui_multi_action: [757,0,758,1,759,0,927,3,928,0,1593,0]
11-05 02:23:25.127 1934 1934 I sysui_multi_action: [757,491,758,1,759,491,927,4,928,0,1311,-1,1593,0]
11-05 02:23:25.127 1934 1934 I sysui_multi_action: [757,0,758,1,759,0,927,5,928,0,1593,0]
11-05 02:23:25.127 1934 1934 I sysui_multi_action: [757,111,758,1]
11-05 02:23:25.127 1934 1934 I sysui_multi_action: [757,126,758,1,759,126,927,0,928,1,1593,1]
11-05 02:23:25.127 1934 1934 I sysui_multi_action: [757,113,758,1,759,113,927,1,928,1,1593,1]
11-05 02:23:25.127 1934 1934 I sysui_multi_action: [757,0,758,1,759,0,927,2,928,0,1593,1]
11-05 02:23:25.127 1934 1934 I sysui_multi_action: [757,0,758,1,759,0,927,3,928,0,1593,1]
11-05 02:23:25.139 1934 1934 I sysui_multi_action: [757,111,758,2]
11-05 02:23:25.139 1934 1934 I sysui_multi_action: [757,111,758,2]
11-05 02:23:25.139 1511 1511 I notification_enqueue: [10082,1934,com.android.systemui,2048,NULL,0,Notification(channel=updateNotification shortcut=null contentView=null vibrate=null sound=null defaults=0x0 flags=0x0 color=0x00000000 vis=PRIVATE),1]
11-05 02:23:25.142 1934 1934 I sysui_multi_action: [757,111,758,1]
11-05 02:23:25.142 1934 1934 I sysui_multi_action: [757,126,758,1,759,126,927,0,928,1,1593,1]
11-05 02:23:25.142 1934 1934 I sysui_multi_action: [757,113,758,1,759,113,927,1,928,1,1593,1]
11-05 02:23:25.142 1934 1934 I sysui_multi_action: [757,0,758,1,759,0,927,2,928,0,1593,1]
11-05 02:23:25.142 1934 1934 I sysui_multi_action: [757,0,758,1,759,0,927,3,928,0,1593,1]
11-05 02:23:25.142 1934 1934 I sysui_multi_action: [757,491,758,1,759,491,927,4,928,0,1311,-1,1593,0]
11-05 02:23:25.142 1934 1934 I sysui_multi_action: [757,0,758,1,759,0,927,5,928,0,1593,0]
11-05 02:23:25.142 1934 1934 I sysui_multi_action: [757,111,758,1]
11-05 02:23:25.142 1934 1934 I sysui_multi_action: [757,126,758,1,759,126,927,0,928,1,1593,1]
11-05 02:23:25.142 1934 1934 I sysui_multi_action: [757,113,758,1,759,113,927,1,928,1,1593,1]
11-05 02:23:25.142 1934 1934 I sysui_multi_action: [757,0,758,1,759,0,927,2,928,0,1593,1]
11-05 02:23:25.142 1934 1934 I sysui_multi_action: [757,0,758,1,759,0,927,3,928,0,1593,1]
11-05 02:23:25.157 1934 1934 I sysui_multi_action: [757,111,758,2]
11-05 02:23:25.157 1511 1511 I notification_enqueue: [10082,1934,com.android.systemui,2048,NULL,0,Notification(channel=updateNotification shortcut=null contentView=null vibrate=null sound=null defaults=0x0 flags=0x0 color=0x00000000 vis=PRIVATE),1]
11-05 02:23:25.157 1934 1934 I sysui_multi_action: [757,111,758,2]
11-05 02:23:25.160 1934 1934 I sysui_multi_action: [757,111,758,1]
11-05 02:23:25.160 1934 1934 I sysui_multi_action: [757,126,758,1,759,126,927,0,928,1,1593,1]
11-05 02:23:25.160 1934 1934 I sysui_multi_action: [757,113,758,1,759,113,927,1,928,1,1593,1]
11-05 02:23:25.160 1934 1934 I sysui_multi_action: [757,0,758,1,759,0,927,2,928,0,1593,1]
11-05 02:23:25.160 1934 1934 I sysui_multi_action: [757,0,758,1,759,0,927,3,928,0,1593,1]
11-05 02:23:25.161 1934 1934 I sysui_multi_action: [757,491,758,1,759,491,927,4,928,0,1311,-1,1593,0]
11-05 02:23:25.161 1934 1934 I sysui_multi_action: [757,0,758,1,759,0,927,5,928,0,1593,0]
11-05 02:23:25.161 1934 1934 I sysui_multi_action: [757,111,758,1]
11-05 02:23:25.161 1934 1934 I sysui_multi_action: [757,126,758,1,759,126,927,0,928,1,1593,1]
11-05 02:23:25.161 1934 1934 I sysui_multi_action: [757,113,758,1,759,113,927,1,928,1,1593,1]
11-05 02:23:25.161 1934 1934 I sysui_multi_action: [757,0,758,1,759,0,927,2,928,0,1593,1]
11-05 02:23:25.161 1934 1934 I sysui_multi_action: [757,0,758,1,759,0,927,3,928,0,1593,1]
11-05 02:23:25.173 1934 1934 I sysui_multi_action: [757,111,758,2]
11-05 02:23:25.173 1511 1511 I notification_enqueue: [10082,1934,com.android.systemui,2048,NULL,0,Notification(channel=updateNotification shortcut=null contentView=null vibrate=null sound=null defaults=0x0 flags=0x0 color=0x00000000 vis=PRIVATE),1]
11-05 02:23:25.173 1934 1934 I sysui_multi_action: [757,111,758,2]
11-05 02:23:25.176 1934 1934 I sysui_multi_action: [757,111,758,1]
11-05 02:23:25.176 1934 1934 I sysui_multi_action: [757,126,758,1,759,126,927,0,928,1,1593,1]
11-05 02:23:25.176 1934 1934 I sysui_multi_action: [757,113,758,1,759,113,927,1,928,1,1593,1]
11-05 02:23:25.176 1934 1934 I sysui_multi_action: [757,0,758,1,759,0,927,2,928,0,1593,1]
11-05 02:23:25.176 1934 1934 I sysui_multi_action: [757,0,758,1,759,0,927,3,928,0,1593,1]
11-05 02:23:25.177 1934 1934 I sysui_multi_action: [757,491,758,1,759,491,927,4,928,0,1311,-1,1593,0]
11-05 02:23:25.177 1934 1934 I sysui_multi_action: [757,0,758,1,759,0,927,5,928,0,1593,0]
11-05 02:23:25.177 1934 1934 I sysui_multi_action: [757,111,758,1]
11-05 02:23:25.177 1934 1934 I sysui_multi_action: [757,126,758,1,759,126,927,0,928,1,1593,1]
11-05 02:23:25.177 1934 1934 I sysui_multi_action: [757,113,758,1,759,113,927,1,928,1,1593,1]
11-05 02:23:25.177 1934 1934 I sysui_multi_action: [757,0,758,1,759,0,927,2,928,0,1593,1]
11-05 02:23:25.177 1934 1934 I sysui_multi_action: [757,0,758,1,759,0,927,3,928,0,1593,1]
11-05 02:23:25.189 1934 1934 I sysui_multi_action: [757,111,758,2]
11-05 02:23:25.189 1934 1934 I sysui_multi_action: [757,111,758,2]
11-05 02:23:25.191 1511 1511 I notification_enqueue: [10082,1934,com.android.systemui,2048,NULL,0,Notification(channel=updateNotification shortcut=null contentView=null vibrate=null sound=null defaults=0x0 flags=0x0 color=0x00000000 vis=PRIVATE),1]
11-05 02:23:25.191 1934 1934 I sysui_multi_action: [757,111,758,1]
11-05 02:23:25.191 1934 1934 I sysui_multi_action: [757,126,758,1,759,126,927,0,928,1,1593,1]
11-05 02:23:25.191 1934 1934 I sysui_multi_action: [757,113,758,1,759,113,927,1,928,1,1593,1]
11-05 02:23:25.192 1934 1934 I sysui_multi_action: [757,0,758,1,759,0,927,2,928,0,1593,1]
11-05 02:23:25.192 1934 1934 I sysui_multi_action: [757,0,758,1,759,0,927,3,928,0,1593,1]
11-05 02:23:25.192 1934 1934 I sysui_multi_action: [757,491,758,1,759,491,927,4,928,0,1311,-1,1593,0]
11-05 02:23:25.192 1934 1934 I sysui_multi_action: [757,0,758,1,759,0,927,5,928,0,1593,0]
11-05 02:23:25.192 1934 1934 I sysui_multi_action: [757,111,758,1]
11-05 02:23:25.192 1934 1934 I sysui_multi_action: [757,126,758,1,759,126,927,0,928,1,1593,1]
11-05 02:23:25.192 1934 1934 I sysui_multi_action: [757,113,758,1,759,113,927,1,928,1,1593,1]
11-05 02:23:25.192 1934 1934 I sysui_multi_action: [757,0,758,1,759,0,927,2,928,0,1593,1]
11-05 02:23:25.192 1934 1934 I sysui_multi_action: [757,0,758,1,759,0,927,3,928,0,1593,1]
11-05 02:23:25.207 1934 1934 I sysui_multi_action: [757,111,758,2]
11-05 02:23:25.207 1511 1511 I notification_enqueue: [10082,1934,com.android.systemui,2048,NULL,0,Notification(channel=updateNotification shortcut=null contentView=null vibrate=null sound=null defaults=0x0 flags=0x0 color=0x00000000 vis=PRIVATE),1]
11-05 02:23:25.207 1934 1934 I sysui_multi_action: [757,111,758,2]
11-05 02:23:25.210 1934 1934 I sysui_multi_action: [757,111,758,1]
11-05 02:23:25.210 1934 1934 I sysui_multi_action: [757,126,758,1,759,126,927,0,928,1,1593,1]
11-05 02:23:25.210 1934 1934 I sysui_multi_action: [757,113,758,1,759,113,927,1,928,1,1593,1]
11-05 02:23:25.210 1934 1934 I sysui_multi_action: [757,0,758,1,759,0,927,2,928,0,1593,1]
11-05 02:23:25.210 1934 1934 I sysui_multi_action: [757,0,758,1,759,0,927,3,928,0,1593,1]
11-05 02:23:25.211 1934 1934 I sysui_multi_action: [757,491,758,1,759,491,927,4,928,0,1311,-1,1593,0]
11-05 02:23:25.211 1934 1934 I sysui_multi_action: [757,0,758,1,759,0,927,5,928,0,1593,0]
11-05 02:23:25.211 1934 1934 I sysui_multi_action: [757,111,758,1]
11-05 02:23:25.211 1934 1934 I sysui_multi_action: [757,126,758,1,759,126,927,0,928,1,1593,1]
11-05 02:23:25.211 1934 1934 I sysui_multi_action: [757,113,758,1,759,113,927,1,928,1,1593,1]
11-05 02:23:25.211 1934 1934 I sysui_multi_action: [757,0,758,1,759,0,927,2,928,0,1593,1]
11-05 02:23:25.211 1934 1934 I sysui_multi_action: [757,0,758,1,759,0,927,3,928,0,1593,1]
11-05 02:23:25.223 1934 1934 I sysui_multi_action: [757,111,758,2]
11-05 02:23:25.223 1511 1511 I notification_enqueue: [10082,1934,com.android.systemui,2048,NULL,0,Notification(channel=updateNotification shortcut=null contentView=null vibrate=null sound=null defaults=0x0 flags=0x0 color=0x00000000 vis=PRIVATE),1]
11-05 02:23:25.223 1934 1934 I sysui_multi_action: [757,111,758,2]
11-05 02:23:25.226 1934 1934 I sysui_multi_action: [757,111,758,1]
11-05 02:23:25.226 1934 1934 I sysui_multi_action: [757,126,758,1,759,126,927,0,928,1,1593,1]
11-05 02:23:25.226 1934 1934 I sysui_multi_action: [757,113,758,1,759,113,927,1,928,1,1593,1]
11-05 02:23:25.227 1934 1934 I sysui_multi_action: [757,0,758,1,759,0,927,2,928,0,1593,1]
11-05 02:23:25.227 1934 1934 I sysui_multi_action: [757,0,758,1,759,0,927,3,928,0,1593,1]
11-05 02:23:25.227 1934 1934 I sysui_multi_action: [757,491,758,1,759,491,927,4,928,0,1311,-1,1593,0]
11-05 02:23:25.227 1934 1934 I sysui_multi_action: [757,0,758,1,759,0,927,5,928,0,1593,0]
11-05 02:23:25.227 1934 1934 I sysui_multi_action: [757,111,758,1]
11-05 02:23:25.227 1934 1934 I sysui_multi_action: [757,126,758,1,759,126,927,0,928,1,1593,1]
11-05 02:23:25.227 1934 1934 I sysui_multi_action: [757,113,758,1,759,113,927,1,928,1,1593,1]
11-05 02:23:25.227 1934 1934 I sysui_multi_action: [757,0,758,1,759,0,927,2,928,0,1593,1]
11-05 02:23:25.227 1934 1934 I sysui_multi_action: [757,0,758,1,759,0,927,3,928,0,1593,1]
11-05 02:23:25.239 1934 1934 I sysui_multi_action: [757,111,758,2]
11-05 02:23:25.240 1934 1934 I sysui_multi_action: [757,111,758,2]
11-05 02:23:25.241 1511 1511 I notification_enqueue: [10082,1934,com.android.systemui,2048,NULL,0,Notification(channel=updateNotification shortcut=null contentView=null vibrate=null sound=null defaults=0x0 flags=0x0 color=0x00000000 vis=PRIVATE),1]
11-05 02:23:25.251 1511 1603 I input_focus: [Focus request b979bfa com.android.settings/com.android.settings.Settings,reason=UpdateInputWindows]
11-05 02:23:25.251 1934 1934 I sysui_multi_action: [757,111,758,1]
11-05 02:23:25.251 1934 1934 I sysui_multi_action: [757,126,758,1,759,126,927,0,928,1,1593,0]
11-05 02:23:25.251 1934 1934 I sysui_multi_action: [757,113,758,1,759,113,927,1,928,1,1593,0]
11-05 02:23:25.251 1934 1934 I sysui_multi_action: [757,0,758,1,759,0,927,2,928,0,1593,0]
11-05 02:23:25.251 1934 1934 I sysui_multi_action: [757,0,758,1,759,0,927,3,928,0,1593,0]
11-05 02:23:25.252 1934 1934 I sysui_multi_action: [757,491,758,1,759,491,927,4,928,0,1311,-1,1593,0]
11-05 02:23:25.252 1934 1934 I sysui_multi_action: [757,0,758,1,759,0,927,5,928,0,1593,0]
11-05 02:23:25.252 1934 1934 I sysui_multi_action: [757,111,758,1]
11-05 02:23:25.252 1934 1934 I sysui_multi_action: [757,126,758,1,759,126,927,0,928,1,1593,0]
11-05 02:23:25.252 1934 1934 I sysui_multi_action: [757,113,758,1,759,113,927,1,928,1,1593,1]
11-05 02:23:25.252 1934 1934 I sysui_multi_action: [757,0,758,1,759,0,927,2,928,0,1593,1]
11-05 02:23:25.252 1934 1934 I sysui_multi_action: [757,0,758,1,759,0,927,3,928,0,1593,1]
11-05 02:23:25.261 1934 1934 I sysui_multi_action: [757,111,758,2]
