11-05 02:37:22.767 0 0 I auditd : type=1400 audit(0.0:5670): avc: denied { kill } for comm="swapper/3" capability=5 scontext=u:r:kernel:s0 tcontext=u:r:kernel:s0 tclass=capability permissive=0
11-05 02:37:23.767 0 0 I auditd : type=1400 audit(0.0:5671): avc: denied { kill } for comm="swapper/3" capability=5 scontext=u:r:kernel:s0 tcontext=u:r:kernel:s0 tclass=capability permissive=0
11-05 02:37:24.767 0 0 I auditd : type=1400 audit(0.0:5672): avc: denied { kill } for comm="swapper/3" capability=5 scontext=u:r:kernel:s0 tcontext=u:r:kernel:s0 tclass=capability permissive=0
11-05 02:37:25.767 0 0 I auditd : type=1400 audit(0.0:5673): avc: denied { kill } for comm="swapper/3" capability=5 scontext=u:r:kernel:s0 tcontext=u:r:kernel:s0 tclass=capability permissive=0
11-05 02:37:26.767 0 0 I auditd : type=1400 audit(0.0:5674): avc: denied { kill } for comm="swapper/3" capability=5 scontext=u:r:kernel:s0 tcontext=u:r:kernel:s0 tclass=capability permissive=0
11-05 02:37:27.767 0 0 I auditd : type=1400 audit(0.0:5675): avc: denied { kill } for comm="swapper/3" capability=5 scontext=u:r:kernel:s0 tcontext=u:r:kernel:s0 tclass=capability permissive=0
11-05 02:37:28.767 0 0 I auditd : type=1400 audit(0.0:5676): avc: denied { kill } for comm="swapper/3" capability=5 scontext=u:r:kernel:s0 tcontext=u:r:kernel:s0 tclass=capability permissive=0
11-05 02:37:29.767 0 0 I auditd : type=1400 audit(0.0:5677): avc: denied { kill } for comm="swapper/3" capability=5 scontext=u:r:kernel:s0 tcontext=u:r:kernel:s0 tclass=capability permissive=0
11-05 02:37:30.767 0 0 I auditd : type=1400 audit(0.0:5678): avc: denied { kill } for comm="swapper/3" capability=5 scontext=u:r:kernel:s0 tcontext=u:r:kernel:s0 tclass=capability permissive=0
11-05 02:37:31.767 0 0 I auditd : type=1400 audit(0.0:5679): avc: denied { kill } for comm="swapper/3" capability=5 scontext=u:r:kernel:s0 tcontext=u:r:kernel:s0 tclass=capability permissive=0
11-05 02:37:32.767 0 0 I auditd : type=1400 audit(0.0:5680): avc: denied { kill } for comm="swapper/3" capability=5 scontext=u:r:kernel:s0 tcontext=u:r:kernel:s0 tclass=capability permissive=0
11-05 02:37:33.767 0 0 I auditd : type=1400 audit(0.0:5681): avc: denied { kill } for comm="swapper/3" capability=5 scontext=u:r:kernel:s0 tcontext=u:r:kernel:s0 tclass=capability permissive=0
11-05 02:37:34.767 0 0 I auditd : type=1400 audit(0.0:5682): avc: denied { kill } for comm="swapper/3" capability=5 scontext=u:r:kernel:s0 tcontext=u:r:kernel:s0 tclass=capability permissive=0
11-05 02:37:35.767 0 0 I auditd : type=1400 audit(0.0:5683): avc: denied { kill } for comm="swapper/3" capability=5 scontext=u:r:kernel:s0 tcontext=u:r:kernel:s0 tclass=capability permissive=0
11-05 02:37:36.767 0 0 I auditd : type=1400 audit(0.0:5684): avc: denied { kill } for comm="swapper/3" capability=5 scontext=u:r:kernel:s0 tcontext=u:r:kernel:s0 tclass=capability permissive=0
11-05 02:37:37.767 0 0 I auditd : type=1400 audit(0.0:5685): avc: denied { kill } for comm="swapper/3" capability=5 scontext=u:r:kernel:s0 tcontext=u:r:kernel:s0 tclass=capability permissive=0
11-05 02:37:38.767 0 0 I auditd : type=1400 audit(0.0:5686): avc: denied { kill } for comm="swapper/3" capability=5 scontext=u:r:kernel:s0 tcontext=u:r:kernel:s0 tclass=capability permissive=0
11-05 02:37:39.767 0 0 I auditd : type=1400 audit(0.0:5687): avc: denied { kill } for comm="swapper/3" capability=5 scontext=u:r:kernel:s0 tcontext=u:r:kernel:s0 tclass=capability permissive=0
11-05 02:37:40.767 0 0 I auditd : type=1400 audit(0.0:5688): avc: denied { kill } for comm="swapper/3" capability=5 scontext=u:r:kernel:s0 tcontext=u:r:kernel:s0 tclass=capability permissive=0
11-05 02:37:42.767 0 0 I auditd : type=1400 audit(0.0:5689): avc: denied { kill } for comm="swapper/3" capability=5 scontext=u:r:kernel:s0 tcontext=u:r:kernel:s0 tclass=capability permissive=0
11-05 02:37:43.767 0 0 I auditd : type=1400 audit(0.0:5690): avc: denied { kill } for comm="swapper/3" capability=5 scontext=u:r:kernel:s0 tcontext=u:r:kernel:s0 tclass=capability permissive=0
11-05 02:37:44.767 0 0 I auditd : type=1400 audit(0.0:5691): avc: denied { kill } for comm="swapper/3" capability=5 scontext=u:r:kernel:s0 tcontext=u:r:kernel:s0 tclass=capability permissive=0
11-05 02:37:45.767 0 0 I auditd : type=1400 audit(0.0:5692): avc: denied { kill } for comm="swapper/3" capability=5 scontext=u:r:kernel:s0 tcontext=u:r:kernel:s0 tclass=capability permissive=0
11-05 02:37:47.767 0 0 I auditd : type=1400 audit(0.0:5693): avc: denied { kill } for comm="swapper/2" capability=5 scontext=u:r:kernel:s0 tcontext=u:r:kernel:s0 tclass=capability permissive=0
11-05 02:37:48.767 0 0 I auditd : type=1400 audit(0.0:5694): avc: denied { kill } for comm="swapper/2" capability=5 scontext=u:r:kernel:s0 tcontext=u:r:kernel:s0 tclass=capability permissive=0
11-05 02:37:49.767 0 0 I auditd : type=1400 audit(0.0:5695): avc: denied { kill } for comm="swapper/2" capability=5 scontext=u:r:kernel:s0 tcontext=u:r:kernel:s0 tclass=capability permissive=0
11-05 02:37:50.767 0 0 I auditd : type=1400 audit(0.0:5696): avc: denied { kill } for comm="swapper/2" capability=5 scontext=u:r:kernel:s0 tcontext=u:r:kernel:s0 tclass=capability permissive=0
11-05 02:37:51.767 0 0 I auditd : type=1400 audit(0.0:5697): avc: denied { kill } for comm="swapper/2" capability=5 scontext=u:r:kernel:s0 tcontext=u:r:kernel:s0 tclass=capability permissive=0
11-05 02:37:52.767 0 0 I auditd : type=1400 audit(0.0:5698): avc: denied { kill } for comm="swapper/2" capability=5 scontext=u:r:kernel:s0 tcontext=u:r:kernel:s0 tclass=capability permissive=0
11-05 02:37:53.767 0 0 I auditd : type=1400 audit(0.0:5699): avc: denied { kill } for comm="swapper/2" capability=5 scontext=u:r:kernel:s0 tcontext=u:r:kernel:s0 tclass=capability permissive=0
11-05 02:37:54.767 0 0 I auditd : type=1400 audit(0.0:5700): avc: denied { kill } for comm="swapper/2" capability=5 scontext=u:r:kernel:s0 tcontext=u:r:kernel:s0 tclass=capability permissive=0
11-05 02:37:55.767 0 0 I auditd : type=1400 audit(0.0:5701): avc: denied { kill } for comm="swapper/2" capability=5 scontext=u:r:kernel:s0 tcontext=u:r:kernel:s0 tclass=capability permissive=0
11-05 02:37:56.767 0 0 I auditd : type=1400 audit(0.0:5702): avc: denied { kill } for comm="swapper/2" capability=5 scontext=u:r:kernel:s0 tcontext=u:r:kernel:s0 tclass=capability permissive=0
11-05 02:37:57.767 0 0 I auditd : type=1400 audit(0.0:5703): avc: denied { kill } for comm="swapper/2" capability=5 scontext=u:r:kernel:s0 tcontext=u:r:kernel:s0 tclass=capability permissive=0
11-05 02:38:00.767 0 0 I auditd : type=1400 audit(0.0:5704): avc: denied { kill } for comm="swapper/1" capability=5 scontext=u:r:kernel:s0 tcontext=u:r:kernel:s0 tclass=capability permissive=0
11-05 02:38:02.767 0 0 I auditd : type=1400 audit(0.0:5705): avc: denied { kill } for comm="swapper/3" capability=5 scontext=u:r:kernel:s0 tcontext=u:r:kernel:s0 tclass=capability permissive=0
11-05 02:38:03.767 0 0 I auditd : type=1400 audit(0.0:5706): avc: denied { kill } for comm="swapper/3" capability=5 scontext=u:r:kernel:s0 tcontext=u:r:kernel:s0 tclass=capability permissive=0
11-05 02:38:04.767 0 0 I auditd : type=1400 audit(0.0:5707): avc: denied { kill } for comm="swapper/3" capability=5 scontext=u:r:kernel:s0 tcontext=u:r:kernel:s0 tclass=capability permissive=0
11-05 02:38:05.767 0 0 I auditd : type=1400 audit(0.0:5708): avc: denied { kill } for comm="swapper/3" capability=5 scontext=u:r:kernel:s0 tcontext=u:r:kernel:s0 tclass=capability permissive=0
11-05 02:38:06.767 0 0 I auditd : type=1400 audit(0.0:5709): avc: denied { kill } for comm="swapper/3" capability=5 scontext=u:r:kernel:s0 tcontext=u:r:kernel:s0 tclass=capability permissive=0
11-05 02:38:07.767 0 0 I auditd : type=1400 audit(0.0:5710): avc: denied { kill } for comm="swapper/3" capability=5 scontext=u:r:kernel:s0 tcontext=u:r:kernel:s0 tclass=capability permissive=0
11-05 02:38:08.767 0 0 I auditd : type=1400 audit(0.0:5711): avc: denied { kill } for comm="swapper/3" capability=5 scontext=u:r:kernel:s0 tcontext=u:r:kernel:s0 tclass=capability permissive=0
11-05 02:38:09.767 0 0 I auditd : type=1400 audit(0.0:5712): avc: denied { kill } for comm="swapper/3" capability=5 scontext=u:r:kernel:s0 tcontext=u:r:kernel:s0 tclass=capability permissive=0
11-05 02:38:10.767 0 0 I auditd : type=1400 audit(0.0:5713): avc: denied { kill } for comm="swapper/3" capability=5 scontext=u:r:kernel:s0 tcontext=u:r:kernel:s0 tclass=capability permissive=0
11-05 02:38:11.767 0 0 I auditd : type=1400 audit(0.0:5714): avc: denied { kill } for comm="swapper/3" capability=5 scontext=u:r:kernel:s0 tcontext=u:r:kernel:s0 tclass=capability permissive=0
11-05 02:38:12.767 0 0 I auditd : type=1400 audit(0.0:5715): avc: denied { kill } for comm="swapper/3" capability=5 scontext=u:r:kernel:s0 tcontext=u:r:kernel:s0 tclass=capability permissive=0
11-05 02:38:13.767 0 0 I auditd : type=1400 audit(0.0:5716): avc: denied { kill } for comm="swapper/3" capability=5 scontext=u:r:kernel:s0 tcontext=u:r:kernel:s0 tclass=capability permissive=0
11-05 02:38:14.767 0 0 I auditd : type=1400 audit(0.0:5717): avc: denied { kill } for comm="swapper/3" capability=5 scontext=u:r:kernel:s0 tcontext=u:r:kernel:s0 tclass=capability permissive=0
11-05 02:38:15.767 0 0 I auditd : type=1400 audit(0.0:5718): avc: denied { kill } for comm="swapper/3" capability=5 scontext=u:r:kernel:s0 tcontext=u:r:kernel:s0 tclass=capability permissive=0
11-05 02:38:16.767 0 0 I auditd : type=1400 audit(0.0:5719): avc: denied { kill } for comm="swapper/3" capability=5 scontext=u:r:kernel:s0 tcontext=u:r:kernel:s0 tclass=capability permissive=0
11-05 02:38:17.767 0 0 I auditd : type=1400 audit(0.0:5720): avc: denied { kill } for comm="swapper/3" capability=5 scontext=u:r:kernel:s0 tcontext=u:r:kernel:s0 tclass=capability permissive=0
11-05 02:38:18.767 0 0 I auditd : type=1400 audit(0.0:5721): avc: denied { kill } for comm="swapper/3" capability=5 scontext=u:r:kernel:s0 tcontext=u:r:kernel:s0 tclass=capability permissive=0
11-05 02:38:19.767 0 0 I auditd : type=1400 audit(0.0:5722): avc: denied { kill } for comm="swapper/3" capability=5 scontext=u:r:kernel:s0 tcontext=u:r:kernel:s0 tclass=capability permissive=0
11-05 02:38:20.767 0 0 I auditd : type=1400 audit(0.0:5723): avc: denied { kill } for comm="swapper/3" capability=5 scontext=u:r:kernel:s0 tcontext=u:r:kernel:s0 tclass=capability permissive=0
11-05 02:38:21.767 0 0 I auditd : type=1400 audit(0.0:5724): avc: denied { kill } for comm="swapper/3" capability=5 scontext=u:r:kernel:s0 tcontext=u:r:kernel:s0 tclass=capability permissive=0
11-05 02:38:22.767 0 0 I auditd : type=1400 audit(0.0:5725): avc: denied { kill } for comm="swapper/3" capability=5 scontext=u:r:kernel:s0 tcontext=u:r:kernel:s0 tclass=capability permissive=0
11-05 02:38:23.767 0 0 I auditd : type=1400 audit(0.0:5726): avc: denied { kill } for comm="swapper/3" capability=5 scontext=u:r:kernel:s0 tcontext=u:r:kernel:s0 tclass=capability permissive=0
11-05 02:38:24.767 0 0 I auditd : type=1400 audit(0.0:5727): avc: denied { kill } for comm="swapper/3" capability=5 scontext=u:r:kernel:s0 tcontext=u:r:kernel:s0 tclass=capability permissive=0
11-05 02:38:25.767 0 0 I auditd : type=1400 audit(0.0:5728): avc: denied { kill } for comm="swapper/3" capability=5 scontext=u:r:kernel:s0 tcontext=u:r:kernel:s0 tclass=capability permissive=0
11-05 02:38:26.767 0 0 I auditd : type=1400 audit(0.0:5729): avc: denied { kill } for comm="swapper/3" capability=5 scontext=u:r:kernel:s0 tcontext=u:r:kernel:s0 tclass=capability permissive=0
11-05 02:38:27.767 0 0 I auditd : type=1400 audit(0.0:5730): avc: denied { kill } for comm="swapper/3" capability=5 scontext=u:r:kernel:s0 tcontext=u:r:kernel:s0 tclass=capability permissive=0
11-05 02:38:28.767 0 0 I auditd : type=1400 audit(0.0:5731): avc: denied { kill } for comm="swapper/3" capability=5 scontext=u:r:kernel:s0 tcontext=u:r:kernel:s0 tclass=capability permissive=0
11-05 02:38:29.767 0 0 I auditd : type=1400 audit(0.0:5732): avc: denied { kill } for comm="swapper/3" capability=5 scontext=u:r:kernel:s0 tcontext=u:r:kernel:s0 tclass=capability permissive=0
11-05 02:38:30.767 0 0 I auditd : type=1400 audit(0.0:5733): avc: denied { kill } for comm="swapper/3" capability=5 scontext=u:r:kernel:s0 tcontext=u:r:kernel:s0 tclass=capability permissive=0
11-05 02:38:31.767 0 0 I auditd : type=1400 audit(0.0:5734): avc: denied { kill } for comm="swapper/3" capability=5 scontext=u:r:kernel:s0 tcontext=u:r:kernel:s0 tclass=capability permissive=0
11-05 02:38:32.767 0 0 I auditd : type=1400 audit(0.0:5735): avc: denied { kill } for comm="swapper/3" capability=5 scontext=u:r:kernel:s0 tcontext=u:r:kernel:s0 tclass=capability permissive=0
11-05 02:38:33.767 0 0 I auditd : type=1400 audit(0.0:5736): avc: denied { kill } for comm="swapper/3" capability=5 scontext=u:r:kernel:s0 tcontext=u:r:kernel:s0 tclass=capability permissive=0
11-05 02:38:34.767 0 0 I auditd : type=1400 audit(0.0:5737): avc: denied { kill } for comm="swapper/3" capability=5 scontext=u:r:kernel:s0 tcontext=u:r:kernel:s0 tclass=capability permissive=0
11-05 02:38:35.767 0 0 I auditd : type=1400 audit(0.0:5738): avc: denied { kill } for comm="swapper/3" capability=5 scontext=u:r:kernel:s0 tcontext=u:r:kernel:s0 tclass=capability permissive=0
11-05 02:38:36.767 0 0 I auditd : type=1400 audit(0.0:5739): avc: denied { kill } for comm="swapper/3" capability=5 scontext=u:r:kernel:s0 tcontext=u:r:kernel:s0 tclass=capability permissive=0
11-05 02:38:37.767 0 0 I auditd : type=1400 audit(0.0:5740): avc: denied { kill } for comm="swapper/3" capability=5 scontext=u:r:kernel:s0 tcontext=u:r:kernel:s0 tclass=capability permissive=0
11-05 02:38:38.632 1511 1670 I am_freeze: [18246,com.microsoft.emmx]
11-05 02:38:38.634 1511 1670 I am_kill : [0,18246,com.microsoft.emmx,955,Unable to freeze binder interface]
11-05 02:38:38.637 1511 1670 I am_freeze: [18252,com.android.gallery3d]
11-05 02:38:38.637 1511 1670 I am_kill : [0,18252,com.android.gallery3d,945,Unable to freeze binder interface]
11-05 02:38:38.668 1511 4551 I am_proc_died: [0,18252,com.android.gallery3d,945,19]
11-05 02:38:38.668 1511 4551 I am_uid_stopped: 10069
11-05 02:38:38.674 1511 1602 I am_uid_stopped: 10032
11-05 02:38:38.675 1511 1602 I am_uid_running: 10032
11-05 02:38:38.676 1511 1602 I am_uid_running: 10069
11-05 02:38:38.677 1511 2059 I am_proc_died: [0,18246,com.microsoft.emmx,955,19]
11-05 02:38:38.683 1511 1670 I am_freeze: [18266,com.android.calendar]
11-05 02:38:38.684 1511 1670 I am_kill : [0,18266,com.android.calendar,945,Unable to freeze binder interface]
11-05 02:38:38.685 1511 1608 I am_pss : [3968,10043,com.thundercomm.screensaver,64608256,57974784,0,177676288,0,2,7]
11-05 02:38:38.696 1511 1608 I am_pss : [3100,10026,com.baidu.input,139817984,119971840,0,287223808,0,7,10]
11-05 02:38:38.697 1511 1610 I am_proc_start: [0,18573,10032,com.microsoft.emmx,NULL,]
11-05 02:38:38.703 1511 1608 I am_pss : [18524,1000,com.qti.diagservices,6298624,3895296,0,93769728,0,10,5]
11-05 02:38:38.706 1511 1610 I am_proc_start: [0,18574,10069,com.android.gallery3d,NULL,]
11-05 02:38:38.709 1511 2059 I am_proc_died: [0,18266,com.android.calendar,945,19]
11-05 02:38:38.709 1511 1608 I am_pss : [18508,1000,com.android.settings,18212864,10956800,0,113524736,0,19,6]
11-05 02:38:38.710 1511 2059 I am_uid_stopped: 10063
11-05 02:38:38.715 1511 1602 I am_uid_running: 10063
11-05 02:38:38.716 1511 1608 I am_pss : [2866,10095,com.android.providers.media.module,19307520,15208448,0,124968960,0,0,7]
11-05 02:38:38.723 1511 1608 I am_pss : [2415,10096,android.ext.services,18196480,7499776,0,137629696,0,5,6]
11-05 02:38:38.725 1511 1610 I am_proc_start: [0,18588,10063,com.android.calendar,NULL,]
11-05 02:38:38.725 1511 2058 I am_proc_bound: [0,18573,com.microsoft.emmx]
11-05 02:38:38.726 1511 2058 I service_manager_stats: [111,66,284066]
11-05 02:38:38.730 1511 1608 I am_pss : [3004,10073,com.qualcomm.location.XT,6763520,4608000,0,94896128,0,6,6]
11-05 02:38:38.736 1511 1608 I am_pss : [3616,2000,com.android.shell,6376448,4304896,0,92692480,0,19,5]
11-05 02:38:38.742 1511 2058 I am_proc_bound: [0,18574,com.android.gallery3d]
11-05 02:38:38.743 1511 1608 I am_pss : [3530,10025,com.android.packageinstaller,7465984,5525504,0,91758592,0,19,6]
11-05 02:38:38.749 1511 1608 I am_pss : [3440,10022,com.android.managedprovisioning,9271296,7229440,0,95289344,0,19,5]
11-05 02:38:38.754 1511 2059 I am_proc_bound: [0,18588,com.android.calendar]
11-05 02:38:38.757 1511 1608 I am_pss : [2844,10076,com.qualcomm.location,16887808,13811712,0,112062464,0,0,7]
11-05 02:38:38.764 1511 1608 I am_pss : [2841,10089,com.qualcomm.qti.workloadclassifier,9325568,7086080,0,98197504,0,0,6]
11-05 02:38:38.771 1511 1608 I am_pss : [2817,10084,com.qualcomm.qti.qccnetstat,6358016,4325376,0,92426240,0,0,7]
11-05 02:38:38.777 1511 1608 I am_pss : [2786,10072,com.qualcomm.qti.services.systemhelper:systemhelper_service,6559744,4448256,0,94568448,0,0,5]
11-05 02:38:38.784 1511 1608 I am_pss : [2781,10052,.pasr,5598208,3645440,0,90116096,0,0,6]
11-05 02:38:38.792 1511 1608 I am_pss : [2726,10086,com.hht.lebocast,54749184,31117312,0,125018112,0,0,8]
11-05 02:38:38.798 1511 1608 I am_pss : [2734,10057,ts.car.uart,6402048,4456448,0,91242496,0,0,5]
11-05 02:38:38.804 1511 1608 I am_pss : [2370,1000,com.qualcomm.qti.qdma,11535360,7974912,0,111341568,0,0,6]
11-05 02:38:38.810 1511 1608 I am_pss : [3266,10064,com.qualcomm.qti.devicestatisticsservice,5524480,3584000,0,89751552,0,0,6]
11-05 02:38:38.817 1511 1608 I am_pss : [2305,1000,com.thundercomm.tcservice,7910400,5885952,0,94691328,0,0,6]
11-05 02:38:38.823 1511 1608 I am_pss : [2301,1000,com.thundercomm.remotecontrolservice,16998400,14483456,0,109469696,0,0,5]
11-05 02:38:38.828 1511 1608 I am_pss : [2175,1000,vendor.qti.qesdk.sysservice,5750784,3735552,0,91652096,0,0,5]
11-05 02:38:38.833 1511 1608 I am_pss : [2153,1000,com.tc.logclient,7372800,5328896,0,94629888,0,0,5]
11-05 02:38:38.838 1511 1608 I am_pss : [2192,10087,com.qti.qualcomm.mstatssystemservice,5669888,3710976,0,90701824,0,0,5]
11-05 02:38:38.843 1511 1608 I am_pss : [2240,1068,com.android.se,6048768,4030464,0,92680192,0,0,4]
11-05 02:38:38.849 1511 1608 I am_pss : [2141,1000,com.thundercomm.tchttpserver,9543680,7417856,0,96976896,0,0,5]
11-05 02:38:38.855 1511 1608 I am_pss : [2095,1001,.dataservices,9309184,6975488,0,99225600,0,0,5]
11-05 02:38:38.862 1511 1608 I am_pss : [2171,1073,com.android.networkstack.process,17135616,13463552,0,116076544,0,0,6]
11-05 02:38:38.867 1511 1608 I am_pss : [2125,10054,.qtidataservices,6129664,4136960,0,92356608,0,0,5]
11-05 02:38:38.872 1511 1608 I am_pss : [2083,1000,com.thundercomm.tcsetupWizard,6916096,4997120,0,91344896,0,0,4]
11-05 02:38:38.880 1511 1608 I am_pss : [2074,1000,com.thundercomm.microsettings,36175872,25935872,0,139444224,0,0,6]
11-05 02:38:38.886 1511 1608 I am_pss : [2033,1000,com.thundercomm.microservice,16435200,14405632,0,103006208,0,0,5]
11-05 02:38:38.903 1511 1608 I am_pss : [1934,10082,com.android.systemui,144022528,114241536,0,325361664,0,0,15]
11-05 02:38:38.930 1511 1608 I am_pss : [1511,1000,system,248375296,153833472,0,583544832,0,0,19]
11-05 02:38:39.767 0 0 I auditd : type=1400 audit(0.0:5741): avc: denied { kill } for comm="swapper/3" capability=5 scontext=u:r:kernel:s0 tcontext=u:r:kernel:s0 tclass=capability permissive=0
11-05 02:38:40.767 0 0 I auditd : type=1400 audit(0.0:5742): avc: denied { kill } for comm="swapper/3" capability=5 scontext=u:r:kernel:s0 tcontext=u:r:kernel:s0 tclass=capability permissive=0
11-05 02:38:41.767 0 0 I auditd : type=1400 audit(0.0:5743): avc: denied { kill } for comm="swapper/3" capability=5 scontext=u:r:kernel:s0 tcontext=u:r:kernel:s0 tclass=capability permissive=0
11-05 02:38:42.767 0 0 I auditd : type=1400 audit(0.0:5744): avc: denied { kill } for comm="swapper/3" capability=5 scontext=u:r:kernel:s0 tcontext=u:r:kernel:s0 tclass=capability permissive=0
11-05 02:38:43.767 0 0 I auditd : type=1400 audit(0.0:5745): avc: denied { kill } for comm="swapper/3" capability=5 scontext=u:r:kernel:s0 tcontext=u:r:kernel:s0 tclass=capability permissive=0
11-05 02:38:44.767 0 0 I auditd : type=1400 audit(0.0:5746): avc: denied { kill } for comm="swapper/3" capability=5 scontext=u:r:kernel:s0 tcontext=u:r:kernel:s0 tclass=capability permissive=0
11-05 02:38:45.767 0 0 I auditd : type=1400 audit(0.0:5747): avc: denied { kill } for comm="swapper/3" capability=5 scontext=u:r:kernel:s0 tcontext=u:r:kernel:s0 tclass=capability permissive=0
11-05 02:38:46.767 0 0 I auditd : type=1400 audit(0.0:5748): avc: denied { kill } for comm="swapper/3" capability=5 scontext=u:r:kernel:s0 tcontext=u:r:kernel:s0 tclass=capability permissive=0
11-05 02:38:47.767 0 0 I auditd : type=1400 audit(0.0:5749): avc: denied { kill } for comm="swapper/3" capability=5 scontext=u:r:kernel:s0 tcontext=u:r:kernel:s0 tclass=capability permissive=0
11-05 02:38:48.767 0 0 I auditd : type=1400 audit(0.0:5750): avc: denied { kill } for comm="swapper/3" capability=5 scontext=u:r:kernel:s0 tcontext=u:r:kernel:s0 tclass=capability permissive=0
11-05 02:38:49.767 0 0 I auditd : type=1400 audit(0.0:5751): avc: denied { kill } for comm="swapper/3" capability=5 scontext=u:r:kernel:s0 tcontext=u:r:kernel:s0 tclass=capability permissive=0
11-05 02:38:50.767 0 0 I auditd : type=1400 audit(0.0:5752): avc: denied { kill } for comm="swapper/3" capability=5 scontext=u:r:kernel:s0 tcontext=u:r:kernel:s0 tclass=capability permissive=0
11-05 02:38:51.614 1511 1687 I input_interaction: Interaction with: a1d8bde com.thundercomm.screensaver/android.service.dreams.DreamActivity (server), edge-swipe (server), swipe-up (server), PointerEventDispatcher0 (server),
11-05 02:38:51.617 1511 2058 I wm_finish_activity: [0,184549987,131,com.thundercomm.screensaver/android.service.dreams.DreamActivity,finish-activity]
11-05 02:38:51.618 1511 2058 I wm_task_moved: [1,1,5]
11-05 02:38:51.619 1511 2058 I wm_task_moved: [40,1,2147483647]
11-05 02:38:51.619 1511 2058 I wm_task_to_front: [0,40]
11-05 02:38:51.619 1511 2058 I wm_focused_root_task: [0,0,1,131,finish-top adjustFocusToNextFocusableTask]
11-05 02:38:51.619 1511 2058 I wm_set_resumed_activity: [0,com.android.launcher3/.uioverrides.QuickstepLauncher,finish-top adjustFocusToNextFocusableTask]
11-05 02:38:51.621 1511 2058 I wm_pause_activity: [0,184549987,com.thundercomm.screensaver/android.service.dreams.DreamActivity,userLeaving=false,finish]
11-05 02:38:51.628 3968 3968 I wm_on_top_resumed_lost_called: [184549987,android.service.dreams.DreamActivity,topStateChangedWhenResumed]
11-05 02:38:51.630 1511 1602 I sysui_multi_action: [757,803,799,window_time_0,802,297]
11-05 02:38:51.631 3968 3968 I wm_on_paused_called: [184549987,android.service.dreams.DreamActivity,performPause]
11-05 02:38:51.632 1511 2058 I wm_add_to_stopping: [0,184549987,com.thundercomm.screensaver/android.service.dreams.DreamActivity,completeFinishing]
11-05 02:38:51.634 1511 2058 I wm_set_resumed_activity: [0,com.android.launcher3/.uioverrides.QuickstepLauncher,resumeTopActivityInnerLocked]
11-05 02:38:51.636 1511 2058 I wm_resume_activity: [0,245869423,40,com.android.launcher3/.uioverrides.QuickstepLauncher]
11-05 02:38:51.649 2535 2535 I wm_on_restart_called: [245869423,com.android.launcher3.uioverrides.QuickstepLauncher,performRestartActivity]
11-05 02:38:51.650 2535 2535 I wm_on_start_called: [245869423,com.android.launcher3.uioverrides.QuickstepLauncher,handleStartActivity]
11-05 02:38:51.650 2535 2535 I wm_on_resume_called: [245869423,com.android.launcher3.uioverrides.QuickstepLauncher,RESUME_ACTIVITY]
11-05 02:38:51.650 1511 1687 I input_focus: [Focus leaving a1d8bde com.thundercomm.screensaver/android.service.dreams.DreamActivity (server),reason=NO_WINDOW]
11-05 02:38:51.650 2535 2535 I wm_on_top_resumed_gained_called: [245869423,com.android.launcher3.uioverrides.QuickstepLauncher,topWhenResuming]
11-05 02:38:51.650 3968 3968 I view_enqueue_input_event: [Motion - Cancel,com.thundercomm.screensaver/android.service.dreams.DreamActivity]
11-05 02:38:51.656 1511 1603 I input_focus: [Focus request a226794 com.android.launcher3/com.android.launcher3.uioverrides.QuickstepLauncher,reason=UpdateInputWindows]
11-05 02:38:51.657 1511 1602 I sysui_multi_action: [757,803,799,window_time_0,802,0]
11-05 02:38:51.664 1511 1511 I am_uid_active: 10062
11-05 02:38:51.684 1511 1687 I input_focus: [Focus entering a226794 com.android.launcher3/com.android.launcher3.uioverrides.QuickstepLauncher (server),reason=setFocusedWindow]
11-05 02:38:51.767 0 0 I auditd : type=1400 audit(0.0:5753): avc: denied { kill } for comm="swapper/3" capability=5 scontext=u:r:kernel:s0 tcontext=u:r:kernel:s0 tclass=capability permissive=0
11-05 02:38:51.922 1511 1602 I wm_destroy_activity: [0,184549987,131,com.thundercomm.screensaver/android.service.dreams.DreamActivity,finish-imm:idle]
11-05 02:38:51.943 3968 3968 I wm_on_stop_called: [184549987,android.service.dreams.DreamActivity,LIFECYCLER_STOP_ACTIVITY]
11-05 02:38:51.943 3968 3968 I wm_on_destroy_called: [184549987,android.service.dreams.DreamActivity,performDestroy]
11-05 02:38:51.948 1511 1599 I sysui_multi_action: [757,222,758,2]
11-05 02:38:51.948 1511 1599 I sysui_multi_action: [757,804,799,dreaming_minutes,801,4,802,1]
11-05 02:38:51.966 1511 4194 I wm_task_removed: [131,removeChild:removeChild last r=ActivityRecord{b000263 u0 com.thundercomm.screensaver/android.service.dreams.DreamActivity t-1 f}} in t=Task{1e4a4bc #131 type=dream A=10043:android:com.thundercomm.screensaver/dream U=0 visible=false mode=fullscreen translucent=true sz=0}]
11-05 02:38:51.966 1511 4194 I wm_task_removed: [131,removeChild]
11-05 02:38:52.767 0 0 I auditd : type=1400 audit(0.0:5754): avc: denied { kill } for comm="swapper/3" capability=5 scontext=u:r:kernel:s0 tcontext=u:r:kernel:s0 tclass=capability permissive=0
11-05 02:38:53.348 1511 1687 I input_interaction: Interaction with: f0a305f StatusBar (server), edge-swipe (server), swipe-up (server), PointerEventDispatcher0 (server),
11-05 02:38:53.354 1934 1934 I sysui_multi_action: [757,803,799,panel_open,802,1]
11-05 02:38:53.356 1934 1934 I sysui_multi_action: [757,1328,758,4,1326,46,1327,1,1329,0]
11-05 02:38:53.463 1511 4194 I sysui_multi_action: [757,127,758,1]
11-05 02:38:53.463 1511 4194 I sysui_multi_action: [757,804,799,note_load,801,3,802,1]
11-05 02:38:53.463 1511 4194 I notification_panel_revealed: 3
11-05 02:38:53.468 1934 1934 I sysui_multi_action: [757,111,758,2]
11-05 02:38:53.468 1511 1511 I notification_enqueue: [10082,1934,com.android.systemui,2048,NULL,0,Notification(channel=updateNotification shortcut=null contentView=null vibrate=null sound=null defaults=0x0 flags=0x0 color=0x00000000 vis=PRIVATE),1]
11-05 02:38:53.468 1934 1934 I sysui_multi_action: [757,111,758,2]
11-05 02:38:53.492 1511 1603 I input_focus: [Focus request eefcbb2 NotificationShade,reason=UpdateInputWindows]
11-05 02:38:53.496 1934 1934 I sysui_multi_action: [757,111,758,1]
11-05 02:38:53.496 1934 1934 I sysui_multi_action: [757,126,758,1,759,126,927,0,928,1,1593,0]
11-05 02:38:53.496 1934 1934 I sysui_multi_action: [757,113,758,1,759,113,927,1,928,1,1593,0]
11-05 02:38:53.497 1934 1934 I sysui_multi_action: [757,0,758,1,759,0,927,2,928,0,1593,0]
11-05 02:38:53.497 1934 1934 I sysui_multi_action: [757,0,758,1,759,0,927,3,928,0,1593,0]
11-05 02:38:53.497 1934 1934 I sysui_multi_action: [757,491,758,1,759,491,927,4,928,0,1311,-1,1593,0]
11-05 02:38:53.497 1934 1934 I sysui_multi_action: [757,0,758,1,759,0,927,5,928,0,1593,0]
11-05 02:38:53.497 1934 1934 I sysui_multi_action: [757,111,758,1]
11-05 02:38:53.498 1934 1934 I sysui_multi_action: [757,126,758,1,759,126,927,0,928,1,1593,0]
11-05 02:38:53.498 1934 1934 I sysui_multi_action: [757,113,758,1,759,113,927,1,928,1,1593,0]
11-05 02:38:53.498 1934 1934 I sysui_multi_action: [757,0,758,1,759,0,927,2,928,0,1593,0]
11-05 02:38:53.498 1934 1934 I sysui_multi_action: [757,0,758,1,759,0,927,3,928,0,1593,0]
11-05 02:38:53.508 1934 1934 I sysui_multi_action: [757,111,758,2]
11-05 02:38:53.509 1934 1934 I sysui_multi_action: [757,111,758,2]
11-05 02:38:53.509 1511 1511 I notification_enqueue: [10082,1934,com.android.systemui,2048,NULL,0,Notification(channel=updateNotification shortcut=null contentView=null vibrate=null sound=null defaults=0x0 flags=0x0 color=0x00000000 vis=PRIVATE),1]
11-05 02:38:53.513 1511 1687 I input_focus: [Focus leaving a226794 com.android.launcher3/com.android.launcher3.uioverrides.QuickstepLauncher (server),reason=setFocusedWindow]
11-05 02:38:53.513 1511 1687 I input_focus: [Focus entering eefcbb2 NotificationShade (server),reason=setFocusedWindow]
11-05 02:38:53.513 1934 1934 I sysui_multi_action: [757,111,758,1]
11-05 02:38:53.513 1934 1934 I sysui_multi_action: [757,126,758,1,759,126,927,0,928,1,1593,0]
11-05 02:38:53.514 1934 1934 I sysui_multi_action: [757,113,758,1,759,113,927,1,928,1,1593,0]
11-05 02:38:53.514 1934 1934 I sysui_multi_action: [757,0,758,1,759,0,927,2,928,0,1593,0]
11-05 02:38:53.514 1934 1934 I sysui_multi_action: [757,0,758,1,759,0,927,3,928,0,1593,0]
11-05 02:38:53.514 1934 1934 I sysui_multi_action: [757,491,758,1,759,491,927,4,928,0,1311,-1,1593,0]
11-05 02:38:53.515 1934 1934 I sysui_multi_action: [757,0,758,1,759,0,927,5,928,0,1593,0]
11-05 02:38:53.515 1934 1934 I sysui_multi_action: [757,111,758,1]
11-05 02:38:53.515 1934 1934 I sysui_multi_action: [757,126,758,1,759,126,927,0,928,1,1593,0]
11-05 02:38:53.515 1934 1934 I sysui_multi_action: [757,113,758,1,759,113,927,1,928,1,1593,0]
11-05 02:38:53.515 1934 1934 I sysui_multi_action: [757,0,758,1,759,0,927,2,928,0,1593,0]
11-05 02:38:53.515 1934 1934 I sysui_multi_action: [757,0,758,1,759,0,927,3,928,0,1593,0]
11-05 02:38:53.530 1934 1934 I sysui_multi_action: [757,111,758,2]
11-05 02:38:53.530 1934 1934 I sysui_multi_action: [757,111,758,2]
11-05 02:38:53.530 1511 1511 I notification_enqueue: [10082,1934,com.android.systemui,2048,NULL,0,Notification(channel=updateNotification shortcut=null contentView=null vibrate=null sound=null defaults=0x0 flags=0x0 color=0x00000000 vis=PRIVATE),1]
11-05 02:38:53.536 1934 1934 I sysui_multi_action: [757,111,758,1]
11-05 02:38:53.536 1934 1934 I sysui_multi_action: [757,126,758,1,759,126,927,0,928,1,1593,0]
11-05 02:38:53.536 1934 1934 I sysui_multi_action: [757,113,758,1,759,113,927,1,928,1,1593,0]
11-05 02:38:53.536 1934 1934 I sysui_multi_action: [757,0,758,1,759,0,927,2,928,0,1593,0]
11-05 02:38:53.536 1934 1934 I sysui_multi_action: [757,0,758,1,759,0,927,3,928,0,1593,0]
11-05 02:38:53.537 1934 1934 I sysui_multi_action: [757,491,758,1,759,491,927,4,928,0,1311,-1,1593,0]
11-05 02:38:53.537 1934 1934 I sysui_multi_action: [757,0,758,1,759,0,927,5,928,0,1593,0]
11-05 02:38:53.537 1934 1934 I sysui_multi_action: [757,111,758,1]
11-05 02:38:53.537 1934 1934 I sysui_multi_action: [757,126,758,1,759,126,927,0,928,1,1593,0]
11-05 02:38:53.537 1934 1934 I sysui_multi_action: [757,113,758,1,759,113,927,1,928,1,1593,0]
11-05 02:38:53.537 1934 1934 I sysui_multi_action: [757,0,758,1,759,0,927,2,928,0,1593,0]
11-05 02:38:53.537 1934 1934 I sysui_multi_action: [757,0,758,1,759,0,927,3,928,0,1593,0]
11-05 02:38:53.547 1934 1934 I sysui_multi_action: [757,111,758,2]
11-05 02:38:53.547 1934 1934 I sysui_multi_action: [757,111,758,2]
11-05 02:38:53.547 1511 1511 I notification_enqueue: [10082,1934,com.android.systemui,2048,NULL,0,Notification(channel=updateNotification shortcut=null contentView=null vibrate=null sound=null defaults=0x0 flags=0x0 color=0x00000000 vis=PRIVATE),1]
11-05 02:38:53.550 1934 1934 I sysui_multi_action: [757,111,758,1]
11-05 02:38:53.550 1934 1934 I sysui_multi_action: [757,126,758,1,759,126,927,0,928,1,1593,0]
11-05 02:38:53.550 1934 1934 I sysui_multi_action: [757,113,758,1,759,113,927,1,928,1,1593,0]
11-05 02:38:53.550 1934 1934 I sysui_multi_action: [757,0,758,1,759,0,927,2,928,0,1593,0]
11-05 02:38:53.550 1934 1934 I sysui_multi_action: [757,0,758,1,759,0,927,3,928,0,1593,0]
11-05 02:38:53.551 1934 1934 I sysui_multi_action: [757,491,758,1,759,491,927,4,928,0,1311,-1,1593,0]
11-05 02:38:53.551 1934 1934 I sysui_multi_action: [757,0,758,1,759,0,927,5,928,0,1593,0]
11-05 02:38:53.551 1934 1934 I sysui_multi_action: [757,111,758,1]
11-05 02:38:53.551 1934 1934 I sysui_multi_action: [757,126,758,1,759,126,927,0,928,1,1593,0]
11-05 02:38:53.551 1934 1934 I sysui_multi_action: [757,113,758,1,759,113,927,1,928,1,1593,0]
11-05 02:38:53.551 1934 1934 I sysui_multi_action: [757,0,758,1,759,0,927,2,928,0,1593,0]
11-05 02:38:53.551 1934 1934 I sysui_multi_action: [757,0,758,1,759,0,927,3,928,0,1593,0]
11-05 02:38:53.559 1934 1934 I sysui_multi_action: [757,111,758,2]
11-05 02:38:53.559 1934 1934 I sysui_multi_action: [757,111,758,2]
11-05 02:38:53.559 1511 1511 I notification_enqueue: [10082,1934,com.android.systemui,2048,NULL,0,Notification(channel=updateNotification shortcut=null contentView=null vibrate=null sound=null defaults=0x0 flags=0x0 color=0x00000000 vis=PRIVATE),1]
11-05 02:38:53.565 1934 1934 I sysui_multi_action: [757,111,758,1]
11-05 02:38:53.565 1934 1934 I sysui_multi_action: [757,126,758,1,759,126,927,0,928,1,1593,0]
11-05 02:38:53.565 1934 1934 I sysui_multi_action: [757,113,758,1,759,113,927,1,928,1,1593,0]
11-05 02:38:53.565 1934 1934 I sysui_multi_action: [757,0,758,1,759,0,927,2,928,0,1593,0]
11-05 02:38:53.565 1934 1934 I sysui_multi_action: [757,0,758,1,759,0,927,3,928,0,1593,0]
11-05 02:38:53.566 1934 1934 I sysui_multi_action: [757,491,758,1,759,491,927,4,928,0,1311,-1,1593,0]
11-05 02:38:53.566 1934 1934 I sysui_multi_action: [757,0,758,1,759,0,927,5,928,0,1593,0]
11-05 02:38:53.566 1934 1934 I sysui_multi_action: [757,111,758,1]
11-05 02:38:53.566 1934 1934 I sysui_multi_action: [757,126,758,1,759,126,927,0,928,1,1593,0]
11-05 02:38:53.566 1934 1934 I sysui_multi_action: [757,113,758,1,759,113,927,1,928,1,1593,0]
11-05 02:38:53.566 1934 1934 I sysui_multi_action: [757,0,758,1,759,0,927,2,928,0,1593,0]
11-05 02:38:53.566 1934 1934 I sysui_multi_action: [757,0,758,1,759,0,927,3,928,0,1593,0]
11-05 02:38:53.577 1934 1934 I sysui_multi_action: [757,111,758,2]
11-05 02:38:53.577 1934 1934 I sysui_multi_action: [757,111,758,2]
11-05 02:38:53.577 1511 1511 I notification_enqueue: [10082,1934,com.android.systemui,2048,NULL,0,Notification(channel=updateNotification shortcut=null contentView=null vibrate=null sound=null defaults=0x0 flags=0x0 color=0x00000000 vis=PRIVATE),1]
11-05 02:38:53.580 1934 1934 I sysui_multi_action: [757,111,758,1]
11-05 02:38:53.580 1934 1934 I sysui_multi_action: [757,126,758,1,759,126,927,0,928,1,1593,0]
11-05 02:38:53.580 1934 1934 I sysui_multi_action: [757,113,758,1,759,113,927,1,928,1,1593,0]
11-05 02:38:53.580 1934 1934 I sysui_multi_action: [757,0,758,1,759,0,927,2,928,0,1593,0]
11-05 02:38:53.580 1934 1934 I sysui_multi_action: [757,0,758,1,759,0,927,3,928,0,1593,0]
11-05 02:38:53.581 1934 1934 I sysui_multi_action: [757,491,758,1,759,491,927,4,928,0,1311,-1,1593,0]
11-05 02:38:53.581 1934 1934 I sysui_multi_action: [757,0,758,1,759,0,927,5,928,0,1593,0]
11-05 02:38:53.581 1934 1934 I sysui_multi_action: [757,111,758,1]
11-05 02:38:53.581 1934 1934 I sysui_multi_action: [757,126,758,1,759,126,927,0,928,1,1593,0]
11-05 02:38:53.581 1934 1934 I sysui_multi_action: [757,113,758,1,759,113,927,1,928,1,1593,0]
11-05 02:38:53.581 1934 1934 I sysui_multi_action: [757,0,758,1,759,0,927,2,928,0,1593,0]
11-05 02:38:53.581 1934 1934 I sysui_multi_action: [757,0,758,1,759,0,927,3,928,0,1593,0]
11-05 02:38:53.767 0 0 I auditd : type=1400 audit(0.0:5755): avc: denied { kill } for comm="swapper/3" capability=5 scontext=u:r:kernel:s0 tcontext=u:r:kernel:s0 tclass=capability permissive=0
11-05 02:38:54.027 1511 4194 I sysui_multi_action: [757,128,758,1,793,5192916,794,0,795,5192916,796,26,798,0,806,android,857,DEVELOPER_IMPORTANT,858,4,947,0,1395,3,1500,5192219,1688,1]
11-05 02:38:54.027 1511 4194 I sysui_multi_action: [757,804,799,note_freshness,801,5192916,802,1]
11-05 02:38:54.027 1511 4194 I notification_visibility: [-1|android|26|null|1000,1,5192916,5192916,0,0]
11-05 02:38:54.028 1511 4194 I sysui_multi_action: [757,128,758,1,793,365560,794,0,795,330724,796,17303299,797,com.android.wifi,798,1,806,android,857,NETWORK_AVAILABLE,858,2,947,0,1395,3,1500,330522,1688,1]
11-05 02:38:54.028 1511 4194 I sysui_multi_action: [757,1501,758,1,793,365560,794,0,795,330724,796,17303299,797,com.android.wifi,806,android,857,NETWORK_AVAILABLE,858,2,947,0,1500,0,1688,1]
11-05 02:38:54.028 1511 4194 I sysui_multi_action: [757,804,799,note_interruptive,801,0,802,1]
11-05 02:38:54.028 1511 4194 I sysui_multi_action: [757,804,799,note_freshness,801,330724,802,1]
11-05 02:38:54.028 1511 4194 I notification_visibility: [0|android|17303299|com.android.wifi|1000,1,365560,330724,0,1]
11-05 02:38:54.028 1511 4194 I sysui_multi_action: [757,128,758,1,793,5193692,794,0,795,5193692,796,32,798,2,806,android,857,USB,858,1,947,0,1395,3,1500,5193634,1688,1]
11-05 02:38:54.029 1511 4194 I sysui_multi_action: [757,804,799,note_freshness,801,5193692,802,1]
11-05 02:38:54.029 1511 4194 I notification_visibility: [-1|android|32|null|1000,1,5193692,5193692,0,2]
11-05 02:38:54.767 0 0 I auditd : type=1400 audit(0.0:5756): avc: denied { kill } for comm="swapper/3" capability=5 scontext=u:r:kernel:s0 tcontext=u:r:kernel:s0 tclass=capability permissive=0
11-05 02:38:55.767 0 0 I auditd : type=1400 audit(0.0:5757): avc: denied { kill } for comm="swapper/3" capability=5 scontext=u:r:kernel:s0 tcontext=u:r:kernel:s0 tclass=capability permissive=0
11-05 02:38:56.767 0 0 I auditd : type=1400 audit(0.0:5758): avc: denied { kill } for comm="swapper/3" capability=5 scontext=u:r:kernel:s0 tcontext=u:r:kernel:s0 tclass=capability permissive=0
11-05 02:38:57.767 0 0 I auditd : type=1400 audit(0.0:5759): avc: denied { kill } for comm="swapper/3" capability=5 scontext=u:r:kernel:s0 tcontext=u:r:kernel:s0 tclass=capability permissive=0
11-05 02:38:58.767 0 0 I auditd : type=1400 audit(0.0:5760): avc: denied { kill } for comm="swapper/3" capability=5 scontext=u:r:kernel:s0 tcontext=u:r:kernel:s0 tclass=capability permissive=0
11-05 02:38:59.767 0 0 I auditd : type=1400 audit(0.0:5761): avc: denied { kill } for comm="swapper/3" capability=5 scontext=u:r:kernel:s0 tcontext=u:r:kernel:s0 tclass=capability permissive=0
11-05 02:39:00.767 0 0 I auditd : type=1400 audit(0.0:5762): avc: denied { kill } for comm="swapper/3" capability=5 scontext=u:r:kernel:s0 tcontext=u:r:kernel:s0 tclass=capability permissive=0 --------- beginning of main
11-05 02:39:01.121 1213 4606 I OMX-VENC: venc_dev: stats: avg. fps 11.58, bitrate 130289
11-05 02:39:01.414 641 656 I mpu_uart: [MSG-P:RECV]:No message received in 1000 ms
11-05 02:39:01.474 641 655 I mpu_uart: [MSG-P:R]:recv sync frame timeout
11-05 02:39:01.767 0 0 I auditd : type=1400 audit(0.0:5763): avc: denied { kill } for comm="swapper/3" capability=5 scontext=u:r:kernel:s0 tcontext=u:r:kernel:s0 tclass=capability permissive=0
11-05 02:39:01.767 0 0 W swapper/3: type=1400 audit(0.0:5763): avc: denied { kill } for capability=5 scontext=u:r:kernel:s0 tcontext=u:r:kernel:s0 tclass=capability permissive=0
11-05 02:39:02.414 641 656 I mpu_uart: [MSG-P:RECV]:No message received in 1000 ms
11-05 02:39:02.767 0 0 I auditd : type=1400 audit(0.0:5764): avc: denied { kill } for comm="swapper/3" capability=5 scontext=u:r:kernel:s0 tcontext=u:r:kernel:s0 tclass=capability permissive=0
11-05 02:39:02.767 0 0 W swapper/3: type=1400 audit(0.0:5764): avc: denied { kill } for capability=5 scontext=u:r:kernel:s0 tcontext=u:r:kernel:s0 tclass=capability permissive=0
11-05 02:39:03.326 2726 2726 I hpplay-java: [main]:IMTask:getIMRoot
11-05 02:39:03.334 2726 18658 W hpplay-java: [AsyncTask #626]:HttpRequest:
11-05 02:39:03.336 2726 18658 W hpplay-java: [AsyncTask #626]:HttpRequest:
11-05 02:39:03.337 2726 18658 W hpplay-java: [AsyncTask #626]:HttpRequest:
11-05 02:39:03.337 2726 2726 E hpplay-java: [main]:IMTask:getIMRoot failed
11-05 02:39:03.415 641 656 I mpu_uart: [MSG-P:RECV]:No message received in 1000 ms --------- beginning of system
11-05 02:39:03.723 1511 1757 I GameModeConfig: isGameModeOn = false
11-05 02:39:03.723 1511 1757 I GameModeConfig: isGameModeOn = false
11-05 02:39:03.732 1511 1757 I GameModeConfig: isGameModeOn = false
11-05 02:39:03.748 1511 1757 I GameModeConfig: isGameModeOn = false
11-05 02:39:03.762 1511 1757 I GameModeConfig: isGameModeOn = false
11-05 02:39:03.767 0 0 I auditd : type=1400 audit(0.0:5765): avc: denied { kill } for comm="swapper/3" capability=5 scontext=u:r:kernel:s0 tcontext=u:r:kernel:s0 tclass=capability permissive=0
11-05 02:39:03.767 0 0 W swapper/3: type=1400 audit(0.0:5765): avc: denied { kill } for capability=5 scontext=u:r:kernel:s0 tcontext=u:r:kernel:s0 tclass=capability permissive=0
11-05 02:39:03.778 1511 1757 I GameModeConfig: isGameModeOn = false
11-05 02:39:04.415 641 656 I mpu_uart: [MSG-P:RECV]:No message received in 1000 ms
11-05 02:39:04.476 641 655 I mpu_uart: [MSG-P:R]:recv sync frame timeout
11-05 02:39:04.767 0 0 I auditd : type=1400 audit(0.0:5766): avc: denied { kill } for comm="swapper/3" capability=5 scontext=u:r:kernel:s0 tcontext=u:r:kernel:s0 tclass=capability permissive=0
11-05 02:39:04.767 0 0 W swapper/3: type=1400 audit(0.0:5766): avc: denied { kill } for capability=5 scontext=u:r:kernel:s0 tcontext=u:r:kernel:s0 tclass=capability permissive=0
11-05 02:39:05.415 641 656 I mpu_uart: [MSG-P:RECV]:No message received in 1000 ms
11-05 02:39:05.767 0 0 I auditd : type=1400 audit(0.0:5767): avc: denied { kill } for comm="swapper/3" capability=5 scontext=u:r:kernel:s0 tcontext=u:r:kernel:s0 tclass=capability permissive=0
11-05 02:39:05.767 0 0 W swapper/3: type=1400 audit(0.0:5767): avc: denied { kill } for capability=5 scontext=u:r:kernel:s0 tcontext=u:r:kernel:s0 tclass=capability permissive=0
11-05 02:39:06.416 641 656 I mpu_uart: [MSG-P:RECV]:No message received in 1000 ms
11-05 02:39:06.767 0 0 I auditd : type=1400 audit(0.0:5768): avc: denied { kill } for comm="swapper/3" capability=5 scontext=u:r:kernel:s0 tcontext=u:r:kernel:s0 tclass=capability permissive=0
11-05 02:39:06.767 0 0 W swapper/3: type=1400 audit(0.0:5768): avc: denied { kill } for capability=5 scontext=u:r:kernel:s0 tcontext=u:r:kernel:s0 tclass=capability permissive=0
11-05 02:39:07.416 641 656 I mpu_uart: [MSG-P:RECV]:No message received in 1000 ms
11-05 02:39:07.479 641 655 I mpu_uart: [MSG-P:R]:recv sync frame timeout
11-05 02:39:07.767 0 0 I auditd : type=1400 audit(0.0:5769): avc: denied { kill } for comm="swapper/3" capability=5 scontext=u:r:kernel:s0 tcontext=u:r:kernel:s0 tclass=capability permissive=0
11-05 02:39:07.767 0 0 W swapper/3: type=1400 audit(0.0:5769): avc: denied { kill } for capability=5 scontext=u:r:kernel:s0 tcontext=u:r:kernel:s0 tclass=capability permissive=0
11-05 02:39:08.214 1204 1232 I selfinstaller: create socket failed: Network is unreachable 101
11-05 02:39:08.416 641 656 I mpu_uart: [MSG-P:RECV]:No message received in 1000 ms
11-05 02:39:08.767 0 0 I auditd : type=1400 audit(0.0:5770): avc: denied { kill } for comm="swapper/3" capability=5 scontext=u:r:kernel:s0 tcontext=u:r:kernel:s0 tclass=capability permissive=0
11-05 02:39:08.767 0 0 W swapper/3: type=1400 audit(0.0:5770): avc: denied { kill } for capability=5 scontext=u:r:kernel:s0 tcontext=u:r:kernel:s0 tclass=capability permissive=0
11-05 02:39:09.417 641 656 I mpu_uart: [MSG-P:RECV]:No message received in 1000 ms
11-05 02:39:09.767 0 0 I auditd : type=1400 audit(0.0:5771): avc: denied { kill } for comm="swapper/3" capability=5 scontext=u:r:kernel:s0 tcontext=u:r:kernel:s0 tclass=capability permissive=0
11-05 02:39:09.767 0 0 W swapper/3: type=1400 audit(0.0:5771): avc: denied { kill } for capability=5 scontext=u:r:kernel:s0 tcontext=u:r:kernel:s0 tclass=capability permissive=0
11-05 02:39:10.417 641 656 I mpu_uart: [MSG-P:RECV]:No message received in 1000 ms
11-05 02:39:10.482 641 655 I mpu_uart: [MSG-P:R]:recv sync frame timeout
11-05 02:39:10.767 0 0 I auditd : type=1400 audit(0.0:5772): avc: denied { kill } for comm="swapper/3" capability=5 scontext=u:r:kernel:s0 tcontext=u:r:kernel:s0 tclass=capability permissive=0
11-05 02:39:10.767 0 0 W swapper/3: type=1400 audit(0.0:5772): avc: denied { kill } for capability=5 scontext=u:r:kernel:s0 tcontext=u:r:kernel:s0 tclass=capability permissive=0
11-05 02:39:11.417 641 656 I mpu_uart: [MSG-P:RECV]:No message received in 1000 ms
11-05 02:39:11.767 0 0 I auditd : type=1400 audit(0.0:5773): avc: denied { kill } for comm="swapper/3" capability=5 scontext=u:r:kernel:s0 tcontext=u:r:kernel:s0 tclass=capability permissive=0
11-05 02:39:11.767 0 0 W swapper/3: type=1400 audit(0.0:5773): avc: denied { kill } for capability=5 scontext=u:r:kernel:s0 tcontext=u:r:kernel:s0 tclass=capability permissive=0
11-05 02:39:12.417 641 656 I mpu_uart: [MSG-P:RECV]:No message received in 1000 ms
11-05 02:39:12.588 1511 1687 I input_interaction: Interaction with: eefcbb2 NotificationShade (server), edge-swipe (server), swipe-up (server), PointerEventDispatcher0 (server),
11-05 02:39:12.674 1934 1934 I sysui_multi_action: [757,925,758,4,759,126,927,0,928,1,1592,0,1593,1]
11-05 02:39:12.725 1213 4606 I OMX-VENC: venc_dev: stats: avg. fps 0.60, bitrate 6486
11-05 02:39:12.733 1934 1934 V KeyguardUpdateMonitor: *** register callback for com.android.systemui.qs.tiles.dialog.InternetDialogController$1@12772a7
11-05 02:39:12.733 1934 1934 V KeyguardUpdateMonitor: *** unregister callback for null
11-05 02:39:12.734 1511 2058 D TelephonyRegistry: listen oscl: mHasNotifySubscriptionInfoChangedOccurred==false no callback
11-05 02:39:12.736 1934 1934 W CarrierConfigManager: Error getting config for subId -1 ICarrierConfigLoader is null
11-05 02:39:12.738 1511 4551 D ConnectivityService: requestNetwork for uid/pid:10082/1934 activeRequest: null callbackRequest: 803 [NetworkRequest [ REQUEST id=804, [ Capabilities: INTERNET&NOT_RESTRICTED&TRUSTED&NOT_VCN_MANAGED Uid: 10082 RequestorUid: 10082 RequestorPkg: com.android.systemui] ]] callback flags: 0 priority: 2147483647
11-05 02:39:12.738 1511 1749 D ConnectivityService: NetReassign [no changes]
11-05 02:39:12.738 1511 1722 D WifiNetworkFactory: got request NetworkRequest [ REQUEST id=804, [ Capabilities: INTERNET&NOT_RESTRICTED&TRUSTED&NOT_VCN_MANAGED Uid: 10082 RequestorUid: 10082 RequestorPkg: com.android.systemui] ]
11-05 02:39:12.739 1511 1722 D UntrustedWifiNetworkFactory: got request NetworkRequest [ REQUEST id=804, [ Capabilities: INTERNET&NOT_RESTRICTED&TRUSTED&NOT_VCN_MANAGED Uid: 10082 RequestorUid: 10082 RequestorPkg: com.android.systemui] ]
11-05 02:39:12.739 1511 1854 D Ethernet: got request NetworkRequest [ REQUEST id=804, [ Capabilities: INTERNET&NOT_RESTRICTED&TRUSTED&NOT_VCN_MANAGED Uid: 10082 RequestorUid: 10082 RequestorPkg: com.android.systemui] ]
11-05 02:39:12.739 1511 1722 D OemPaidWifiNetworkFactory: got request NetworkRequest [ REQUEST id=804, [ Capabilities: INTERNET&NOT_RESTRICTED&TRUSTED&NOT_VCN_MANAGED Uid: 10082 RequestorUid: 10082 RequestorPkg: com.android.systemui] ]
11-05 02:39:12.739 1511 1854 D EthernetNetworkFactory: acceptRequest, request: NetworkRequest [ REQUEST id=804, [ Capabilities: INTERNET&NOT_RESTRICTED&TRUSTED&NOT_VCN_MANAGED Uid: 10082 RequestorUid: 10082 RequestorPkg: com.android.systemui] ]
11-05 02:39:12.739 1511 1854 I EthernetNetworkFactory: networkForRequest, request: NetworkRequest [ REQUEST id=804, [ Capabilities: INTERNET&NOT_RESTRICTED&TRUSTED&NOT_VCN_MANAGED Uid: 10082 RequestorUid: 10082 RequestorPkg: com.android.systemui] ], network: null
11-05 02:39:12.774 1511 1603 I input_focus: [Focus request c63bad5 InternetDialog,reason=UpdateInputWindows]
11-05 02:39:12.799 1511 2058 I WifiService: setWifiEnabled package=com.android.systemui uid=10082 enable=true
11-05 02:39:12.800 1511 1722 D WifiActiveModeWarden: Switching all client mode managers
11-05 02:39:12.803 1511 2058 D ConnectivityService: requestNetwork for uid/pid:10082/1934 activeRequest: null callbackRequest: 806 [NetworkRequest [ REQUEST id=807, [ Capabilities: INTERNET&NOT_RESTRICTED&TRUSTED&NOT_VCN_MANAGED Uid: 10082 RequestorUid: 10082 RequestorPkg: com.android.systemui] ]] callback flags: 0 priority: 2147483647
11-05 02:39:12.803 1511 1749 D ConnectivityService: NetReassign [no changes]
11-05 02:39:12.805 1511 1687 I input_focus: [Focus leaving eefcbb2 NotificationShade (server),reason=setFocusedWindow]
11-05 02:39:12.805 1511 1687 I input_focus: [Focus entering c63bad5 InternetDialog (server),reason=setFocusedWindow]
11-05 02:39:12.805 1511 1749 D ConnectivityService: NetReassign [no changes]
11-05 02:39:12.806 1511 1854 D Ethernet: got request NetworkRequest [ REQUEST id=807, [ Capabilities: INTERNET&NOT_RESTRICTED&TRUSTED&NOT_VCN_MANAGED Uid: 10082 RequestorUid: 10082 RequestorPkg: com.android.systemui] ]
11-05 02:39:12.806 1511 1854 D EthernetNetworkFactory: acceptRequest, request: NetworkRequest [ REQUEST id=807, [ Capabilities: INTERNET&NOT_RESTRICTED&TRUSTED&NOT_VCN_MANAGED Uid: 10082 RequestorUid: 10082 RequestorPkg: com.android.systemui] ]
11-05 02:39:12.806 1511 1854 I EthernetNetworkFactory: networkForRequest, request: NetworkRequest [ REQUEST id=807, [ Capabilities: INTERNET&NOT_RESTRICTED&TRUSTED&NOT_VCN_MANAGED Uid: 10082 RequestorUid: 10082 RequestorPkg: com.android.systemui] ], network: null
11-05 02:39:12.806 1511 1722 D WifiNetworkFactory: got request NetworkRequest [ REQUEST id=807, [ Capabilities: INTERNET&NOT_RESTRICTED&TRUSTED&NOT_VCN_MANAGED Uid: 10082 RequestorUid: 10082 RequestorPkg: com.android.systemui] ]
11-05 02:39:12.806 1511 1722 D UntrustedWifiNetworkFactory: got request NetworkRequest [ REQUEST id=807, [ Capabilities: INTERNET&NOT_RESTRICTED&TRUSTED&NOT_VCN_MANAGED Uid: 10082 RequestorUid: 10082 RequestorPkg: com.android.systemui] ]
