11-05 02:23:25.261 1934 1934 I sysui_multi_action: [757,111,758,2]
11-05 02:23:25.261 1511 1511 I notification_enqueue: [10082,1934,com.android.systemui,2048,NULL,0,Notification(channel=updateNotification shortcut=null contentView=null vibrate=null sound=null defaults=0x0 flags=0x0 color=0x00000000 vis=PRIVATE),1]
11-05 02:23:25.263 1511 2059 I sysui_multi_action: [757,127,758,2]
11-05 02:23:25.263 1511 2059 I notification_panel_hidden:
11-05 02:23:25.273 1934 1934 I sysui_multi_action: [757,111,758,1]
11-05 02:23:25.273 1934 1934 I sysui_multi_action: [757,126,758,1,759,126,927,0,928,1,1593,1]
11-05 02:23:25.273 1934 1934 I sysui_multi_action: [757,113,758,1,759,113,927,1,928,1,1593,1]
11-05 02:23:25.273 1934 1934 I sysui_multi_action: [757,0,758,1,759,0,927,2,928,0,1593,1]
11-05 02:23:25.273 1934 1934 I sysui_multi_action: [757,0,758,1,759,0,927,3,928,0,1593,1]
11-05 02:23:25.273 1934 1934 I sysui_multi_action: [757,491,758,1,759,491,927,4,928,0,1311,-1,1593,0]
11-05 02:23:25.273 1934 1934 I sysui_multi_action: [757,0,758,1,759,0,927,5,928,0,1593,0]
11-05 02:23:25.273 1934 1934 I sysui_multi_action: [757,111,758,1]
11-05 02:23:25.273 1934 1934 I sysui_multi_action: [757,126,758,1,759,126,927,0,928,1,1593,1]
11-05 02:23:25.273 1934 1934 I sysui_multi_action: [757,113,758,1,759,113,927,1,928,1,1593,1]
11-05 02:23:25.273 1934 1934 I sysui_multi_action: [757,0,758,1,759,0,927,2,928,0,1593,1]
11-05 02:23:25.273 1934 1934 I sysui_multi_action: [757,0,758,1,759,0,927,3,928,0,1593,1]
11-05 02:23:25.279 1511 1687 I input_focus: [Focus leaving eefcbb2 NotificationShade (server),reason=NO_WINDOW]
11-05 02:23:25.279 1511 1687 I input_focus: [Focus entering b979bfa com.android.settings/com.android.settings.Settings (server),reason=setFocusedWindow]
11-05 02:23:25.590 1511 1749 I netstats_mobile_sample: [0,0,0,0,0,0,0,0,0,0,0,0,1667586205590]
11-05 02:23:25.591 1511 1749 I netstats_wifi_sample: [10904898,29035,12003671,33392,10904898,29035,12003671,33392,18902416,87375,6067112,17604,1667586205590]
11-05 02:23:25.695 1511 1749 I service_manager_stats: [100,105,18967]
11-05 02:23:25.703 1511 1749 I netstats_mobile_sample: [0,0,0,0,0,0,0,0,0,0,0,0,1667586205703]
11-05 02:23:25.704 1511 1749 I netstats_wifi_sample: [10904898,29035,12003671,33392,10904898,29035,12003671,33392,18902416,87375,6067112,17604,1667586205703]
11-05 02:23:25.715 1511 1749 I netstats_mobile_sample: [0,0,0,0,0,0,0,0,0,0,0,0,1667586205715]
11-05 02:23:25.715 1511 1749 I netstats_wifi_sample: [10904898,29035,12003671,33392,10904898,29035,12003671,33392,18902416,87375,6067112,17604,1667586205715]
11-05 02:23:25.740 1511 1749 I netstats_mobile_sample: [0,0,0,0,0,0,0,0,0,0,0,0,1667586205740]
11-05 02:23:25.740 1511 1749 I netstats_wifi_sample: [10904898,29035,12003671,33392,10904898,29035,12003671,33392,18902416,87375,6067112,17604,1667586205740]
11-05 02:23:25.756 1511 1749 I netstats_mobile_sample: [0,0,0,0,0,0,0,0,0,0,0,0,1667586205755]
11-05 02:23:25.756 1511 1749 I netstats_wifi_sample: [10904898,29035,12003671,33392,10904898,29035,12003671,33392,18902416,87375,6067112,17604,1667586205755]
11-05 02:23:26.248 1511 1687 I input_interaction: Interaction with: b979bfa com.android.settings/com.android.settings.Settings (server), edge-swipe (server), swipe-up (server), PointerEventDispatcher0 (server),
11-05 02:23:26.353 17169 17169 I sysui_multi_action: [757,830,758,4,833,0,854,main_toggle_wifi,1089,0]
11-05 02:23:26.371 17169 17169 I sysui_multi_action: [757,746,758,2,1089,28618]
11-05 02:23:26.400 1511 1608 I am_pss : [17169,1000,com.android.settings,85313536,73138176,0,217653248,0,2,9]
11-05 02:23:26.421 1511 2058 I netstats_mobile_sample: [0,0,0,0,0,0,0,0,0,0,0,0,1667586206421]
11-05 02:23:26.421 1511 2058 I netstats_wifi_sample: [10906084,29039,12004719,33401,10906084,29039,12004719,33401,18907653,87393,6067812,17611,1667586206421]
11-05 02:23:26.432 1511 2058 I netstats_mobile_sample: [0,0,0,0,0,0,0,0,0,0,0,0,1667586206432]
11-05 02:23:26.432 1511 2058 I netstats_wifi_sample: [10906084,29039,12004719,33401,10906084,29039,12004719,33401,18907653,87393,6067812,17611,1667586206432]
11-05 02:23:26.461 17169 17169 I sysui_multi_action: [757,103,758,1,833,0,1089,74]
11-05 02:23:26.767 0 0 I auditd : type=1400 audit(0.0:4718): avc: denied { kill } for comm="swapper/6" capability=5 scontext=u:r:kernel:s0 tcontext=u:r:kernel:s0 tclass=capability permissive=0
11-05 02:23:27.515 1511 1687 I input_interaction: Interaction with: f0a305f StatusBar (server), edge-swipe (server), swipe-up (server), PointerEventDispatcher0 (server),
11-05 02:23:27.523 1934 1934 I sysui_multi_action: [757,803,799,panel_open,802,1]
11-05 02:23:27.525 1934 1934 I sysui_multi_action: [757,1328,758,4,1326,47,1327,1,1329,0]
11-05 02:23:27.622 1511 2058 I sysui_multi_action: [757,127,758,1]
11-05 02:23:27.622 1511 2058 I sysui_multi_action: [757,804,799,note_load,801,2,802,1]
11-05 02:23:27.622 1511 2058 I notification_panel_revealed: 2
11-05 02:23:27.626 1934 1934 I sysui_multi_action: [757,111,758,2]
11-05 02:23:27.626 1511 1511 I notification_enqueue: [10082,1934,com.android.systemui,2048,NULL,0,Notification(channel=updateNotification shortcut=null contentView=null vibrate=null sound=null defaults=0x0 flags=0x0 color=0x00000000 vis=PRIVATE),1]
11-05 02:23:27.626 1934 1934 I sysui_multi_action: [757,111,758,2]
11-05 02:23:27.645 1511 1603 I input_focus: [Focus request eefcbb2 NotificationShade,reason=UpdateInputWindows]
11-05 02:23:27.649 1934 1934 I sysui_multi_action: [757,111,758,1]
11-05 02:23:27.650 1934 1934 I sysui_multi_action: [757,126,758,1,759,126,927,0,928,1,1593,0]
11-05 02:23:27.650 1934 1934 I sysui_multi_action: [757,113,758,1,759,113,927,1,928,1,1593,0]
11-05 02:23:27.650 1934 1934 I sysui_multi_action: [757,0,758,1,759,0,927,2,928,0,1593,0]
11-05 02:23:27.651 1934 1934 I sysui_multi_action: [757,0,758,1,759,0,927,3,928,0,1593,0]
11-05 02:23:27.651 1934 1934 I sysui_multi_action: [757,491,758,1,759,491,927,4,928,0,1311,-1,1593,0]
11-05 02:23:27.651 1934 1934 I sysui_multi_action: [757,0,758,1,759,0,927,5,928,0,1593,0]
11-05 02:23:27.651 1934 1934 I sysui_multi_action: [757,111,758,1]
11-05 02:23:27.651 1934 1934 I sysui_multi_action: [757,126,758,1,759,126,927,0,928,1,1593,0]
11-05 02:23:27.651 1934 1934 I sysui_multi_action: [757,113,758,1,759,113,927,1,928,1,1593,0]
11-05 02:23:27.651 1934 1934 I sysui_multi_action: [757,0,758,1,759,0,927,2,928,0,1593,0]
11-05 02:23:27.651 1934 1934 I sysui_multi_action: [757,0,758,1,759,0,927,3,928,0,1593,0]
11-05 02:23:27.662 1934 1934 I sysui_multi_action: [757,111,758,2]
11-05 02:23:27.662 1934 1934 I sysui_multi_action: [757,111,758,2]
11-05 02:23:27.662 1511 1511 I notification_enqueue: [10082,1934,com.android.systemui,2048,NULL,0,Notification(channel=updateNotification shortcut=null contentView=null vibrate=null sound=null defaults=0x0 flags=0x0 color=0x00000000 vis=PRIVATE),1]
11-05 02:23:27.666 1934 1934 I sysui_multi_action: [757,111,758,1]
11-05 02:23:27.666 1934 1934 I sysui_multi_action: [757,126,758,1,759,126,927,0,928,1,1593,0]
11-05 02:23:27.666 1934 1934 I sysui_multi_action: [757,113,758,1,759,113,927,1,928,1,1593,0]
11-05 02:23:27.666 1934 1934 I sysui_multi_action: [757,0,758,1,759,0,927,2,928,0,1593,0]
11-05 02:23:27.666 1934 1934 I sysui_multi_action: [757,0,758,1,759,0,927,3,928,0,1593,0]
11-05 02:23:27.667 1934 1934 I sysui_multi_action: [757,491,758,1,759,491,927,4,928,0,1311,-1,1593,0]
11-05 02:23:27.667 1934 1934 I sysui_multi_action: [757,0,758,1,759,0,927,5,928,0,1593,0]
11-05 02:23:27.667 1934 1934 I sysui_multi_action: [757,111,758,1]
11-05 02:23:27.667 1511 1687 I input_focus: [Focus leaving b979bfa com.android.settings/com.android.settings.Settings (server),reason=setFocusedWindow]
11-05 02:23:27.667 1934 1934 I sysui_multi_action: [757,126,758,1,759,126,927,0,928,1,1593,0]
11-05 02:23:27.667 1511 1687 I input_focus: [Focus entering eefcbb2 NotificationShade (server),reason=setFocusedWindow]
11-05 02:23:27.667 1934 1934 I sysui_multi_action: [757,113,758,1,759,113,927,1,928,1,1593,0]
11-05 02:23:27.667 1934 1934 I sysui_multi_action: [757,0,758,1,759,0,927,2,928,0,1593,0]
11-05 02:23:27.667 1934 1934 I sysui_multi_action: [757,0,758,1,759,0,927,3,928,0,1593,0]
11-05 02:23:28.168 1511 1765 I sysui_multi_action: [757,128,758,1,793,4267057,794,0,795,4267057,796,26,798,0,806,android,857,DEVELOPER_IMPORTANT,858,4,947,0,1395,2,1500,4266360,1688,1]
11-05 02:23:28.168 1511 1765 I sysui_multi_action: [757,804,799,note_freshness,801,4267057,802,1]
11-05 02:23:28.168 1511 1765 I notification_visibility: [-1|android|26|null|1000,1,4267057,4267057,0,0]
11-05 02:23:28.169 1511 1765 I sysui_multi_action: [757,128,758,1,793,4267833,794,0,795,4267833,796,32,798,1,806,android,857,USB,858,1,947,0,1395,2,1500,4267775,1688,1]
11-05 02:23:28.169 1511 1765 I sysui_multi_action: [757,804,799,note_freshness,801,4267833,802,1]
11-05 02:23:28.169 1511 1765 I notification_visibility: [-1|android|32|null|1000,1,4267833,4267833,0,1]
11-05 02:23:28.888 1511 1687 I input_interaction: Interaction with: eefcbb2 NotificationShade (server), edge-swipe (server), swipe-up (server), PointerEventDispatcher0 (server),
11-05 02:23:29.001 1934 1934 I sysui_multi_action: [757,925,758,4,759,126,927,0,928,1,1592,0,1593,1]
11-05 02:23:29.042 1511 4129 D TelephonyRegistry: listen oscl: mHasNotifySubscriptionInfoChangedOccurred==false no callback
11-05 02:23:29.043 1934 1934 W CarrierConfigManager: Error getting config for subId -1 ICarrierConfigLoader is null
11-05 02:23:29.056 1511 1603 I input_focus: [Focus request 7528d36 InternetDialog,reason=UpdateInputWindows]
11-05 02:23:29.071 1511 1687 I input_focus: [Focus leaving eefcbb2 NotificationShade (server),reason=setFocusedWindow]
11-05 02:23:29.071 1511 1687 I input_focus: [Focus entering 7528d36 InternetDialog (server),reason=setFocusedWindow]
11-05 02:23:29.279 1511 1669 I commit_sys_config_file: [settings-0-0,10]
11-05 02:23:29.767 352 352 I auditd : type=1400 audit(0.0:4719): avc: denied { kill } for comm="irq/382-atmel_m" capability=5 scontext=u:r:kernel:s0 tcontext=u:r:kernel:s0 tclass=capability permissive=0
11-05 02:23:30.285 1511 1687 I input_interaction: Interaction with: 7528d36 InternetDialog (server), edge-swipe (server), swipe-up (server), PointerEventDispatcher0 (server),
11-05 02:23:30.635 1511 1669 I commit_sys_config_file: [settings-0-0,6]
11-05 02:23:30.735 842 842 I auditd : type=1400 audit(0.0:4720): avc: denied { search } for comm="wifi@1.0-servic" name="tombstones" dev="dm-10" ino=36 scontext=u:r:hal_wifi_default:s0 tcontext=u:object_r:vendor_tombstone_data_file:s0 tclass=dir permissive=0
11-05 02:23:30.767 0 0 I auditd : type=1400 audit(0.0:4721): avc: denied { kill } for comm="swapper/0" capability=5 scontext=u:r:kernel:s0 tcontext=u:r:kernel:s0 tclass=capability permissive=0
11-05 02:23:30.775 1511 1749 I netstats_mobile_sample: [0,0,0,0,0,0,0,0,0,0,0,0,1667586210775]
11-05 02:23:30.776 1511 1749 I netstats_wifi_sample: [10913216,29058,12011523,33427,10913216,29058,12011523,33427,18946551,87489,6071374,17626,1667586210775]
11-05 02:23:30.777 1511 2001 I ntp_failure: [time.android.com,java.net.UnknownHostException: Unable to resolve host "time.android.com": No address associated with hostname]
11-05 02:23:30.800 17169 17169 I sysui_multi_action: [757,853,758,4,854,null/switch_bar,1089,0]
11-05 02:23:31.767 0 0 I auditd : type=1400 audit(0.0:4722): avc: denied { kill } for comm="swapper/0" capability=5 scontext=u:r:kernel:s0 tcontext=u:r:kernel:s0 tclass=capability permissive=0
11-05 02:23:32.767 0 0 I auditd : type=1400 audit(0.0:4723): avc: denied { kill } for comm="swapper/0" capability=5 scontext=u:r:kernel:s0 tcontext=u:r:kernel:s0 tclass=capability permissive=0
11-05 02:23:33.767 0 0 I auditd : type=1400 audit(0.0:4724): avc: denied { kill } for comm="swapper/2" capability=5 scontext=u:r:kernel:s0 tcontext=u:r:kernel:s0 tclass=capability permissive=0
11-05 02:23:34.014 1511 1669 I commit_sys_config_file: [settings-0-0,6]
11-05 02:23:34.397 17169 17169 I sysui_multi_action: [757,853,758,4,854,null/switch_bar,1089,1]
11-05 02:23:34.767 0 0 I auditd : type=1400 audit(0.0:4725): avc: denied { kill } for comm="swapper/2" capability=5 scontext=u:r:kernel:s0 tcontext=u:r:kernel:s0 tclass=capability permissive=0
11-05 02:23:35.483 842 842 I auditd : type=1400 audit(0.0:4726): avc: denied { search } for comm="wifi@1.0-servic" name="tombstones" dev="dm-10" ino=36 scontext=u:r:hal_wifi_default:s0 tcontext=u:object_r:vendor_tombstone_data_file:s0 tclass=dir permissive=0
11-05 02:23:35.505 17169 17169 I sysui_multi_action: [757,853,758,4,854,null/switch_bar,1089,0]
11-05 02:23:35.508 1511 1669 I commit_sys_config_file: [settings-0-0,9]
11-05 02:23:35.767 0 0 I auditd : type=1400 audit(0.0:4727): avc: denied { kill } for comm="swapper/2" capability=5 scontext=u:r:kernel:s0 tcontext=u:r:kernel:s0 tclass=capability permissive=0
11-05 02:23:36.767 0 0 I auditd : type=1400 audit(0.0:4728): avc: denied { kill } for comm="swapper/2" capability=5 scontext=u:r:kernel:s0 tcontext=u:r:kernel:s0 tclass=capability permissive=0
11-05 02:23:37.767 0 0 I auditd : type=1400 audit(0.0:4729): avc: denied { kill } for comm="swapper/2" capability=5 scontext=u:r:kernel:s0 tcontext=u:r:kernel:s0 tclass=capability permissive=0
11-05 02:23:38.767 0 0 I auditd : type=1400 audit(0.0:4730): avc: denied { kill } for comm="swapper/2" capability=5 scontext=u:r:kernel:s0 tcontext=u:r:kernel:s0 tclass=capability permissive=0
11-05 02:23:39.767 0 0 I auditd : type=1400 audit(0.0:4731): avc: denied { kill } for comm="swapper/2" capability=5 scontext=u:r:kernel:s0 tcontext=u:r:kernel:s0 tclass=capability permissive=0
11-05 02:23:40.767 0 0 I auditd : type=1400 audit(0.0:4732): avc: denied { kill } for comm="swapper/2" capability=5 scontext=u:r:kernel:s0 tcontext=u:r:kernel:s0 tclass=capability permissive=0
11-05 02:23:41.767 0 0 I auditd : type=1400 audit(0.0:4733): avc: denied { kill } for comm="swapper/2" capability=5 scontext=u:r:kernel:s0 tcontext=u:r:kernel:s0 tclass=capability permissive=0
11-05 02:23:42.767 0 0 I auditd : type=1400 audit(0.0:4734): avc: denied { kill } for comm="swapper/2" capability=5 scontext=u:r:kernel:s0 tcontext=u:r:kernel:s0 tclass=capability permissive=0
11-05 02:23:43.767 0 0 I auditd : type=1400 audit(0.0:4735): avc: denied { kill } for comm="swapper/2" capability=5 scontext=u:r:kernel:s0 tcontext=u:r:kernel:s0 tclass=capability permissive=0
11-05 02:23:44.127 1511 1603 I input_focus: [Focus request eefcbb2 NotificationShade,reason=UpdateInputWindows]
11-05 02:23:44.159 1511 1687 I input_focus: [Focus entering eefcbb2 NotificationShade (server),reason=setFocusedWindow]
11-05 02:23:45.052 1511 1687 I input_interaction: Interaction with: eefcbb2 NotificationShade (server), edge-swipe (server), swipe-up (server), PointerEventDispatcher0 (server),
11-05 02:23:45.091 1511 4708 I wm_task_moved: [1,0,0]
11-05 02:23:45.091 1511 4708 I wm_task_moved: [1,0,5]
11-05 02:23:45.114 1511 1687 I input_interaction: Interaction with: edge-swipe (server), swipe-up (server), PointerEventDispatcher0 (server),
11-05 02:23:45.118 1934 1934 I view_enqueue_input_event: [Motion - Cancel,NotificationShade]
11-05 02:23:45.122 1511 1608 I am_pss : [17169,1000,com.android.settings,89995264,77250560,0,223821824,0,2,11]
11-05 02:23:45.127 2535 2535 I wm_on_restart_called: [245869423,com.android.launcher3.uioverrides.QuickstepLauncher,performRestartActivity]
11-05 02:23:45.141 2535 2535 I wm_on_start_called: [245869423,com.android.launcher3.uioverrides.QuickstepLauncher,handleStartActivity]
11-05 02:23:45.146 2535 2535 I sysui_latency: [1,97]
11-05 02:23:45.157 1511 1687 I input_focus: [Focus leaving eefcbb2 NotificationShade (server),reason=NOT_FOCUSABLE]
11-05 02:23:45.161 1511 1599 I sysui_multi_action: [319,16,322,61,325,4295,757,761,758,9,759,5,806,com.android.launcher3,871,com.android.launcher3.uioverrides.QuickstepLauncher,905,0,1320,4,1321,1]
11-05 02:23:45.347 1511 1669 I commit_sys_config_file: [settings-1-0,7]
11-05 02:23:45.366 1934 1934 I sysui_multi_action: [757,111,758,2]
11-05 02:23:45.366 1511 1511 I notification_enqueue: [10082,1934,com.android.systemui,2048,NULL,0,Notification(channel=updateNotification shortcut=null contentView=null vibrate=null sound=null defaults=0x0 flags=0x0 color=0x00000000 vis=PRIVATE),1]
11-05 02:23:45.366 1934 1934 I sysui_multi_action: [757,111,758,2]
11-05 02:23:45.371 1934 1934 I sysui_multi_action: [757,111,758,1]
11-05 02:23:45.371 1934 1934 I sysui_multi_action: [757,126,758,1,759,126,927,0,928,0,1593,0]
11-05 02:23:45.372 1934 1934 I sysui_multi_action: [757,113,758,1,759,113,927,1,928,1,1593,0]
11-05 02:23:45.372 1934 1934 I sysui_multi_action: [757,0,758,1,759,0,927,2,928,0,1593,0]
11-05 02:23:45.372 1934 1934 I sysui_multi_action: [757,0,758,1,759,0,927,3,928,0,1593,0]
11-05 02:23:45.373 1934 1934 I sysui_multi_action: [757,491,758,1,759,491,927,4,928,0,1311,-1,1593,0]
11-05 02:23:45.373 1934 1934 I sysui_multi_action: [757,0,758,1,759,0,927,5,928,0,1593,0]
11-05 02:23:45.373 1934 1934 I sysui_multi_action: [757,111,758,1]
11-05 02:23:45.373 1934 1934 I sysui_multi_action: [757,126,758,1,759,126,927,0,928,0,1593,0]
11-05 02:23:45.373 1934 1934 I sysui_multi_action: [757,113,758,1,759,113,927,1,928,1,1593,0]
11-05 02:23:45.373 1934 1934 I sysui_multi_action: [757,0,758,1,759,0,927,2,928,0,1593,1]
11-05 02:23:45.374 1934 1934 I sysui_multi_action: [757,0,758,1,759,0,927,3,928,0,1593,1]
11-05 02:23:45.394 1934 1934 I sysui_multi_action: [757,111,758,2]
11-05 02:23:45.394 1934 1934 I sysui_multi_action: [757,111,758,2]
11-05 02:23:45.394 1511 1511 I notification_enqueue: [10082,1934,com.android.systemui,2048,NULL,0,Notification(channel=updateNotification shortcut=null contentView=null vibrate=null sound=null defaults=0x0 flags=0x0 color=0x00000000 vis=PRIVATE),1]
11-05 02:23:45.398 1934 1934 I sysui_multi_action: [757,111,758,1]
11-05 02:23:45.398 1934 1934 I sysui_multi_action: [757,126,758,1,759,126,927,0,928,0,1593,1]
11-05 02:23:45.398 1934 1934 I sysui_multi_action: [757,113,758,1,759,113,927,1,928,1,1593,1]
11-05 02:23:45.398 1934 1934 I sysui_multi_action: [757,0,758,1,759,0,927,2,928,0,1593,1]
11-05 02:23:45.398 1934 1934 I sysui_multi_action: [757,0,758,1,759,0,927,3,928,0,1593,1]
11-05 02:23:45.399 1934 1934 I sysui_multi_action: [757,491,758,1,759,491,927,4,928,0,1311,-1,1593,0]
11-05 02:23:45.399 1934 1934 I sysui_multi_action: [757,0,758,1,759,0,927,5,928,0,1593,0]
11-05 02:23:45.399 1934 1934 I sysui_multi_action: [757,111,758,1]
11-05 02:23:45.399 1934 1934 I sysui_multi_action: [757,126,758,1,759,126,927,0,928,0,1593,1]
11-05 02:23:45.399 1934 1934 I sysui_multi_action: [757,113,758,1,759,113,927,1,928,1,1593,1]
11-05 02:23:45.400 1934 1934 I sysui_multi_action: [757,0,758,1,759,0,927,2,928,0,1593,1]
11-05 02:23:45.400 1934 1934 I sysui_multi_action: [757,0,758,1,759,0,927,3,928,0,1593,1]
11-05 02:23:45.410 1934 1934 I sysui_multi_action: [757,111,758,2]
11-05 02:23:45.410 1511 1511 I notification_enqueue: [10082,1934,com.android.systemui,2048,NULL,0,Notification(channel=updateNotification shortcut=null contentView=null vibrate=null sound=null defaults=0x0 flags=0x0 color=0x00000000 vis=PRIVATE),1]
11-05 02:23:45.410 1934 1934 I sysui_multi_action: [757,111,758,2]
11-05 02:23:45.415 1934 1934 I sysui_multi_action: [757,111,758,1]
11-05 02:23:45.415 1934 1934 I sysui_multi_action: [757,126,758,1,759,126,927,0,928,0,1593,1]
11-05 02:23:45.415 1934 1934 I sysui_multi_action: [757,113,758,1,759,113,927,1,928,1,1593,1]
11-05 02:23:45.415 1934 1934 I sysui_multi_action: [757,0,758,1,759,0,927,2,928,0,1593,1]
11-05 02:23:45.415 1934 1934 I sysui_multi_action: [757,0,758,1,759,0,927,3,928,0,1593,1]
11-05 02:23:45.416 1934 1934 I sysui_multi_action: [757,491,758,1,759,491,927,4,928,0,1311,-1,1593,0]
11-05 02:23:45.416 1934 1934 I sysui_multi_action: [757,0,758,1,759,0,927,5,928,0,1593,0]
11-05 02:23:45.416 1934 1934 I sysui_multi_action: [757,111,758,1]
11-05 02:23:45.416 1934 1934 I sysui_multi_action: [757,126,758,1,759,126,927,0,928,0,1593,1]
11-05 02:23:45.416 1934 1934 I sysui_multi_action: [757,113,758,1,759,113,927,1,928,1,1593,1]
11-05 02:23:45.416 1934 1934 I sysui_multi_action: [757,0,758,1,759,0,927,2,928,0,1593,1]
11-05 02:23:45.416 1934 1934 I sysui_multi_action: [757,0,758,1,759,0,927,3,928,0,1593,1]
11-05 02:23:45.426 1934 1934 I sysui_multi_action: [757,111,758,2]
11-05 02:23:45.426 1934 1934 I sysui_multi_action: [757,111,758,2]
11-05 02:23:45.427 1511 1511 I notification_enqueue: [10082,1934,com.android.systemui,2048,NULL,0,Notification(channel=updateNotification shortcut=null contentView=null vibrate=null sound=null defaults=0x0 flags=0x0 color=0x00000000 vis=PRIVATE),1]
11-05 02:23:45.429 1934 1934 I sysui_multi_action: [757,111,758,1]
11-05 02:23:45.430 1934 1934 I sysui_multi_action: [757,126,758,1,759,126,927,0,928,0,1593,0]
11-05 02:23:45.430 1934 1934 I sysui_multi_action: [757,113,758,1,759,113,927,1,928,1,1593,1]
11-05 02:23:45.430 1934 1934 I sysui_multi_action: [757,0,758,1,759,0,927,2,928,0,1593,1]
11-05 02:23:45.430 1934 1934 I sysui_multi_action: [757,0,758,1,759,0,927,3,928,0,1593,1]
11-05 02:23:45.430 1934 1934 I sysui_multi_action: [757,491,758,1,759,491,927,4,928,0,1311,-1,1593,0]
11-05 02:23:45.430 1934 1934 I sysui_multi_action: [757,0,758,1,759,0,927,5,928,0,1593,0]
11-05 02:23:45.430 1934 1934 I sysui_multi_action: [757,111,758,1]
11-05 02:23:45.430 1934 1934 I sysui_multi_action: [757,126,758,1,759,126,927,0,928,0,1593,1]
11-05 02:23:45.430 1934 1934 I sysui_multi_action: [757,113,758,1,759,113,927,1,928,1,1593,1]
11-05 02:23:45.431 1934 1934 I sysui_multi_action: [757,0,758,1,759,0,927,2,928,0,1593,1]
11-05 02:23:45.431 1934 1934 I sysui_multi_action: [757,0,758,1,759,0,927,3,928,0,1593,1]
11-05 02:23:45.442 1934 1934 I sysui_multi_action: [757,111,758,2]
11-05 02:23:45.442 1934 1934 I sysui_multi_action: [757,111,758,2]
11-05 02:23:45.442 1511 1511 I notification_enqueue: [10082,1934,com.android.systemui,2048,NULL,0,Notification(channel=updateNotification shortcut=null contentView=null vibrate=null sound=null defaults=0x0 flags=0x0 color=0x00000000 vis=PRIVATE),1]
11-05 02:23:45.446 1934 1934 I sysui_multi_action: [757,111,758,1]
11-05 02:23:45.446 1934 1934 I sysui_multi_action: [757,126,758,1,759,126,927,0,928,0,1593,1]
11-05 02:23:45.446 1934 1934 I sysui_multi_action: [757,113,758,1,759,113,927,1,928,1,1593,1]
11-05 02:23:45.446 1934 1934 I sysui_multi_action: [757,0,758,1,759,0,927,2,928,0,1593,1]
11-05 02:23:45.446 1934 1934 I sysui_multi_action: [757,0,758,1,759,0,927,3,928,0,1593,1]
11-05 02:23:45.446 1934 1934 I sysui_multi_action: [757,491,758,1,759,491,927,4,928,0,1311,-1,1593,0]
11-05 02:23:45.446 1934 1934 I sysui_multi_action: [757,0,758,1,759,0,927,5,928,0,1593,0]
11-05 02:23:45.446 1934 1934 I sysui_multi_action: [757,111,758,1]
11-05 02:23:45.447 1934 1934 I sysui_multi_action: [757,126,758,1,759,126,927,0,928,0,1593,1]
11-05 02:23:45.447 1934 1934 I sysui_multi_action: [757,113,758,1,759,113,927,1,928,1,1593,1]
11-05 02:23:45.447 1934 1934 I sysui_multi_action: [757,0,758,1,759,0,927,2,928,0,1593,1]
11-05 02:23:45.447 1934 1934 I sysui_multi_action: [757,0,758,1,759,0,927,3,928,0,1593,1]
11-05 02:23:45.454 1511 1608 I sysui_latency: [8,95]
11-05 02:23:45.459 1934 1934 I sysui_multi_action: [757,111,758,2]
11-05 02:23:45.459 1934 1934 I sysui_multi_action: [757,111,758,2]
11-05 02:23:45.460 1511 1511 I notification_enqueue: [10082,1934,com.android.systemui,2048,NULL,0,Notification(channel=updateNotification shortcut=null contentView=null vibrate=null sound=null defaults=0x0 flags=0x0 color=0x00000000 vis=PRIVATE),1]
11-05 02:23:45.462 1934 1934 I sysui_multi_action: [757,111,758,1]
11-05 02:23:45.462 1934 1934 I sysui_multi_action: [757,126,758,1,759,126,927,0,928,0,1593,1]
11-05 02:23:45.462 1934 1934 I sysui_multi_action: [757,113,758,1,759,113,927,1,928,1,1593,1]
11-05 02:23:45.462 1934 1934 I sysui_multi_action: [757,0,758,1,759,0,927,2,928,0,1593,1]
11-05 02:23:45.462 1934 1934 I sysui_multi_action: [757,0,758,1,759,0,927,3,928,0,1593,1]
11-05 02:23:45.463 1934 1934 I sysui_multi_action: [757,491,758,1,759,491,927,4,928,0,1311,-1,1593,0]
11-05 02:23:45.463 1934 1934 I sysui_multi_action: [757,0,758,1,759,0,927,5,928,0,1593,0]
11-05 02:23:45.463 1934 1934 I sysui_multi_action: [757,111,758,1]
11-05 02:23:45.463 1934 1934 I sysui_multi_action: [757,126,758,1,759,126,927,0,928,0,1593,1]
11-05 02:23:45.463 1934 1934 I sysui_multi_action: [757,113,758,1,759,113,927,1,928,1,1593,1]
11-05 02:23:45.463 1934 1934 I sysui_multi_action: [757,0,758,1,759,0,927,2,928,0,1593,1]
11-05 02:23:45.463 1934 1934 I sysui_multi_action: [757,0,758,1,759,0,927,3,928,0,1593,1]
11-05 02:23:45.475 1934 1934 I sysui_multi_action: [757,111,758,2]
11-05 02:23:45.475 1511 1511 I notification_enqueue: [10082,1934,com.android.systemui,2048,NULL,0,Notification(channel=updateNotification shortcut=null contentView=null vibrate=null sound=null defaults=0x0 flags=0x0 color=0x00000000 vis=PRIVATE),1]
11-05 02:23:45.475 1934 1934 I sysui_multi_action: [757,111,758,2]
11-05 02:23:45.478 1934 1934 I sysui_multi_action: [757,111,758,1]
11-05 02:23:45.478 1934 1934 I sysui_multi_action: [757,126,758,1,759,126,927,0,928,0,1593,1]
11-05 02:23:45.478 1934 1934 I sysui_multi_action: [757,113,758,1,759,113,927,1,928,1,1593,1]
11-05 02:23:45.479 1934 1934 I sysui_multi_action: [757,0,758,1,759,0,927,2,928,0,1593,1]
11-05 02:23:45.479 1934 1934 I sysui_multi_action: [757,0,758,1,759,0,927,3,928,0,1593,1]
11-05 02:23:45.479 1934 1934 I sysui_multi_action: [757,491,758,1,759,491,927,4,928,0,1311,-1,1593,0]
11-05 02:23:45.479 1934 1934 I sysui_multi_action: [757,0,758,1,759,0,927,5,928,0,1593,0]
11-05 02:23:45.479 1934 1934 I sysui_multi_action: [757,111,758,1]
11-05 02:23:45.479 1934 1934 I sysui_multi_action: [757,126,758,1,759,126,927,0,928,0,1593,1]
11-05 02:23:45.479 1934 1934 I sysui_multi_action: [757,113,758,1,759,113,927,1,928,1,1593,1]
11-05 02:23:45.479 1934 1934 I sysui_multi_action: [757,0,758,1,759,0,927,2,928,0,1593,1]
11-05 02:23:45.479 1934 1934 I sysui_multi_action: [757,0,758,1,759,0,927,3,928,0,1593,1]
11-05 02:23:45.492 1934 1934 I sysui_multi_action: [757,111,758,2]
11-05 02:23:45.492 1934 1934 I sysui_multi_action: [757,111,758,2]
11-05 02:23:45.493 1511 1511 I notification_enqueue: [10082,1934,com.android.systemui,2048,NULL,0,Notification(channel=updateNotification shortcut=null contentView=null vibrate=null sound=null defaults=0x0 flags=0x0 color=0x00000000 vis=PRIVATE),1]
11-05 02:23:45.495 1934 1934 I sysui_multi_action: [757,111,758,1]
11-05 02:23:45.495 1934 1934 I sysui_multi_action: [757,126,758,1,759,126,927,0,928,0,1593,1]
11-05 02:23:45.495 1934 1934 I sysui_multi_action: [757,113,758,1,759,113,927,1,928,1,1593,1]
11-05 02:23:45.495 1934 1934 I sysui_multi_action: [757,0,758,1,759,0,927,2,928,0,1593,1]
11-05 02:23:45.495 1934 1934 I sysui_multi_action: [757,0,758,1,759,0,927,3,928,0,1593,1]
11-05 02:23:45.495 1934 1934 I sysui_multi_action: [757,491,758,1,759,491,927,4,928,0,1311,-1,1593,0]
11-05 02:23:45.495 1934 1934 I sysui_multi_action: [757,0,758,1,759,0,927,5,928,0,1593,0]
11-05 02:23:45.496 1934 1934 I sysui_multi_action: [757,111,758,1]
11-05 02:23:45.496 1934 1934 I sysui_multi_action: [757,126,758,1,759,126,927,0,928,0,1593,1]
11-05 02:23:45.496 1934 1934 I sysui_multi_action: [757,113,758,1,759,113,927,1,928,1,1593,1]
11-05 02:23:45.496 1934 1934 I sysui_multi_action: [757,0,758,1,759,0,927,2,928,0,1593,1]
11-05 02:23:45.496 1934 1934 I sysui_multi_action: [757,0,758,1,759,0,927,3,928,0,1593,1]
11-05 02:23:45.508 1934 1934 I sysui_multi_action: [757,111,758,2]
11-05 02:23:45.508 1934 1934 I sysui_multi_action: [757,111,758,2]
11-05 02:23:45.509 1511 1511 I notification_enqueue: [10082,1934,com.android.systemui,2048,NULL,0,Notification(channel=updateNotification shortcut=null contentView=null vibrate=null sound=null defaults=0x0 flags=0x0 color=0x00000000 vis=PRIVATE),1]
11-05 02:23:45.511 1934 1934 I sysui_multi_action: [757,111,758,1]
11-05 02:23:45.511 1934 1934 I sysui_multi_action: [757,126,758,1,759,126,927,0,928,0,1593,1]
11-05 02:23:45.511 1934 1934 I sysui_multi_action: [757,113,758,1,759,113,927,1,928,1,1593,1]
11-05 02:23:45.512 1934 1934 I sysui_multi_action: [757,0,758,1,759,0,927,2,928,0,1593,1]
11-05 02:23:45.512 1934 1934 I sysui_multi_action: [757,0,758,1,759,0,927,3,928,0,1593,1]
11-05 02:23:45.512 1934 1934 I sysui_multi_action: [757,491,758,1,759,491,927,4,928,0,1311,-1,1593,0]
11-05 02:23:45.512 1934 1934 I sysui_multi_action: [757,0,758,1,759,0,927,5,928,0,1593,0]
11-05 02:23:45.512 1934 1934 I sysui_multi_action: [757,111,758,1]
11-05 02:23:45.512 1934 1934 I sysui_multi_action: [757,126,758,1,759,126,927,0,928,0,1593,1]
11-05 02:23:45.512 1934 1934 I sysui_multi_action: [757,113,758,1,759,113,927,1,928,1,1593,1]
11-05 02:23:45.512 1934 1934 I sysui_multi_action: [757,0,758,1,759,0,927,2,928,0,1593,1]
11-05 02:23:45.512 1934 1934 I sysui_multi_action: [757,0,758,1,759,0,927,3,928,0,1593,1]
11-05 02:23:45.526 1934 1934 I sysui_multi_action: [757,111,758,2]
11-05 02:23:45.526 1934 1934 I sysui_multi_action: [757,111,758,2]
11-05 02:23:45.533 1934 1934 I sysui_multi_action: [757,111,758,1]
11-05 02:23:45.533 1934 1934 I sysui_multi_action: [757,126,758,1,759,126,927,0,928,0,1593,0]
11-05 02:23:45.533 1934 1934 I sysui_multi_action: [757,113,758,1,759,113,927,1,928,1,1593,0]
11-05 02:23:45.533 1934 1934 I sysui_multi_action: [757,0,758,1,759,0,927,2,928,0,1593,0]
11-05 02:23:45.533 1511 1511 I notification_enqueue: [10082,1934,com.android.systemui,2048,NULL,0,Notification(channel=updateNotification shortcut=null contentView=null vibrate=null sound=null defaults=0x0 flags=0x0 color=0x00000000 vis=PRIVATE),1]
11-05 02:23:45.533 1934 1934 I sysui_multi_action: [757,0,758,1,759,0,927,3,928,0,1593,1]
11-05 02:23:45.534 1934 1934 I sysui_multi_action: [757,491,758,1,759,491,927,4,928,0,1311,-1,1593,0]
11-05 02:23:45.534 1934 1934 I sysui_multi_action: [757,0,758,1,759,0,927,5,928,0,1593,0]
11-05 02:23:45.534 1934 1934 I sysui_multi_action: [757,111,758,1]
11-05 02:23:45.534 1934 1934 I sysui_multi_action: [757,126,758,1,759,126,927,0,928,0,1593,1]
11-05 02:23:45.534 1934 1934 I sysui_multi_action: [757,113,758,1,759,113,927,1,928,1,1593,1]
11-05 02:23:45.534 1934 1934 I sysui_multi_action: [757,0,758,1,759,0,927,2,928,0,1593,1]
11-05 02:23:45.534 1934 1934 I sysui_multi_action: [757,0,758,1,759,0,927,3,928,0,1593,1]
11-05 02:23:45.542 1934 1934 I sysui_multi_action: [757,111,758,2]
11-05 02:23:45.543 1934 1934 I sysui_multi_action: [757,111,758,2]
11-05 02:23:45.545 1511 1511 I notification_enqueue: [10082,1934,com.android.systemui,2048,NULL,0,Notification(channel=updateNotification shortcut=null contentView=null vibrate=null sound=null defaults=0x0 flags=0x0 color=0x00000000 vis=PRIVATE),1]
11-05 02:23:45.545 1934 1934 I sysui_multi_action: [757,111,758,1]
11-05 02:23:45.545 1934 1934 I sysui_multi_action: [757,126,758,1,759,126,927,0,928,0,1593,0]
11-05 02:23:45.546 1934 1934 I sysui_multi_action: [757,113,758,1,759,113,927,1,928,1,1593,0]
11-05 02:23:45.546 1934 1934 I sysui_multi_action: [757,0,758,1,759,0,927,2,928,0,1593,0]
11-05 02:23:45.546 1934 1934 I sysui_multi_action: [757,0,758,1,759,0,927,3,928,0,1593,0]
11-05 02:23:45.546 1934 1934 I sysui_multi_action: [757,491,758,1,759,491,927,4,928,0,1311,-1,1593,0]
11-05 02:23:45.546 1934 1934 I sysui_multi_action: [757,0,758,1,759,0,927,5,928,0,1593,0]
11-05 02:23:45.546 1934 1934 I sysui_multi_action: [757,111,758,1]
11-05 02:23:45.546 1934 1934 I sysui_multi_action: [757,126,758,1,759,126,927,0,928,0,1593,1]
11-05 02:23:45.546 1934 1934 I sysui_multi_action: [757,113,758,1,759,113,927,1,928,1,1593,1]
11-05 02:23:45.547 1934 1934 I sysui_multi_action: [757,0,758,1,759,0,927,2,928,0,1593,1]
11-05 02:23:45.547 1934 1934 I sysui_multi_action: [757,0,758,1,759,0,927,3,928,0,1593,1]
11-05 02:23:45.564 1934 1934 I sysui_multi_action: [757,111,758,2]
11-05 02:23:45.564 1934 1934 I sysui_multi_action: [757,111,758,2]
11-05 02:23:45.565 1511 1511 I notification_enqueue: [10082,1934,com.android.systemui,2048,NULL,0,Notification(channel=updateNotification shortcut=null contentView=null vibrate=null sound=null defaults=0x0 flags=0x0 color=0x00000000 vis=PRIVATE),1]
11-05 02:23:45.566 1934 1934 I sysui_multi_action: [757,111,758,1]
11-05 02:23:45.567 1934 1934 I sysui_multi_action: [757,126,758,1,759,126,927,0,928,0,1593,0]
11-05 02:23:45.567 1934 1934 I sysui_multi_action: [757,113,758,1,759,113,927,1,928,1,1593,0]
11-05 02:23:45.567 1934 1934 I sysui_multi_action: [757,0,758,1,759,0,927,2,928,0,1593,0]
11-05 02:23:45.567 1934 1934 I sysui_multi_action: [757,0,758,1,759,0,927,3,928,0,1593,0]
11-05 02:23:45.567 1934 1934 I sysui_multi_action: [757,491,758,1,759,491,927,4,928,0,1311,-1,1593,0]
11-05 02:23:45.567 1934 1934 I sysui_multi_action: [757,0,758,1,759,0,927,5,928,0,1593,0]
11-05 02:23:45.567 1934 1934 I sysui_multi_action: [757,111,758,1]
11-05 02:23:45.567 1934 1934 I sysui_multi_action: [757,126,758,1,759,126,927,0,928,0,1593,0]
11-05 02:23:45.567 1934 1934 I sysui_multi_action: [757,113,758,1,759,113,927,1,928,1,1593,0]
11-05 02:23:45.567 1934 1934 I sysui_multi_action: [757,0,758,1,759,0,927,2,928,0,1593,0]
11-05 02:23:45.567 1934 1934 I sysui_multi_action: [757,0,758,1,759,0,927,3,928,0,1593,0]
11-05 02:23:45.579 1934 1934 I sysui_multi_action: [757,111,758,2]
11-05 02:23:45.579 1934 1934 I sysui_multi_action: [757,111,758,2]
11-05 02:23:45.579 1511 1511 I notification_enqueue: [10082,1934,com.android.systemui,2048,NULL,0,Notification(channel=updateNotification shortcut=null contentView=null vibrate=null sound=null defaults=0x0 flags=0x0 color=0x00000000 vis=PRIVATE),1]
11-05 02:23:45.582 1934 1934 I sysui_multi_action: [757,111,758,1]
11-05 02:23:45.582 1934 1934 I sysui_multi_action: [757,126,758,1,759,126,927,0,928,0,1593,1]
11-05 02:23:45.583 1934 1934 I sysui_multi_action: [757,113,758,1,759,113,927,1,928,1,1593,1]
11-05 02:23:45.583 1934 1934 I sysui_multi_action: [757,0,758,1,759,0,927,2,928,0,1593,1]
11-05 02:23:45.583 1934 1934 I sysui_multi_action: [757,0,758,1,759,0,927,3,928,0,1593,1]
11-05 02:23:45.583 1934 1934 I sysui_multi_action: [757,491,758,1,759,491,927,4,928,0,1311,-1,1593,1]
11-05 02:23:45.583 1934 1934 I sysui_multi_action: [757,0,758,1,759,0,927,5,928,0,1593,1]
11-05 02:23:45.583 1934 1934 I sysui_multi_action: [757,111,758,1]
11-05 02:23:45.583 1934 1934 I sysui_multi_action: [757,126,758,1,759,126,927,0,928,0,1593,1]
11-05 02:23:45.583 1934 1934 I sysui_multi_action: [757,113,758,1,759,113,927,1,928,1,1593,1]
11-05 02:23:45.583 1934 1934 I sysui_multi_action: [757,0,758,1,759,0,927,2,928,0,1593,1]
11-05 02:23:45.583 1934 1934 I sysui_multi_action: [757,0,758,1,759,0,927,3,928,0,1593,0]
11-05 02:23:45.591 1934 1934 I sysui_multi_action: [757,111,758,2]
11-05 02:23:45.592 1511 1511 I notification_enqueue: [10082,1934,com.android.systemui,2048,NULL,0,Notification(channel=updateNotification shortcut=null contentView=null vibrate=null sound=null defaults=0x0 flags=0x0 color=0x00000000 vis=PRIVATE),1]
11-05 02:23:45.592 1934 1934 I sysui_multi_action: [757,111,758,2]
11-05 02:23:45.594 1934 1934 I sysui_multi_action: [757,111,758,1]
11-05 02:23:45.594 1934 1934 I sysui_multi_action: [757,126,758,1,759,126,927,0,928,0,1593,1]
11-05 02:23:45.594 1934 1934 I sysui_multi_action: [757,113,758,1,759,113,927,1,928,1,1593,1]
11-05 02:23:45.595 1934 1934 I sysui_multi_action: [757,0,758,1,759,0,927,2,928,0,1593,1]
11-05 02:23:45.595 1934 1934 I sysui_multi_action: [757,0,758,1,759,0,927,3,928,0,1593,1]
11-05 02:23:45.595 1934 1934 I sysui_multi_action: [757,491,758,1,759,491,927,4,928,0,1311,-1,1593,1]
11-05 02:23:45.595 1934 1934 I sysui_multi_action: [757,0,758,1,759,0,927,5,928,0,1593,1]
11-05 02:23:45.595 1934 1934 I sysui_multi_action: [757,111,758,1]
11-05 02:23:45.595 1934 1934 I sysui_multi_action: [757,126,758,1,759,126,927,0,928,0,1593,1]
11-05 02:23:45.595 1934 1934 I sysui_multi_action: [757,113,758,1,759,113,927,1,928,1,1593,1]
11-05 02:23:45.595 1934 1934 I sysui_multi_action: [757,0,758,1,759,0,927,2,928,0,1593,1]
11-05 02:23:45.595 1934 1934 I sysui_multi_action: [757,0,758,1,759,0,927,3,928,0,1593,1]
11-05 02:23:45.608 1934 1934 I sysui_multi_action: [757,111,758,2]
11-05 02:23:45.608 1934 1934 I sysui_multi_action: [757,111,758,2]
11-05 02:23:45.608 1511 1511 I notification_enqueue: [10082,1934,com.android.systemui,2048,NULL,0,Notification(channel=updateNotification shortcut=null contentView=null vibrate=null sound=null defaults=0x0 flags=0x0 color=0x00000000 vis=PRIVATE),1]
11-05 02:23:45.610 1934 1934 I sysui_multi_action: [757,111,758,1]
11-05 02:23:45.610 1934 1934 I sysui_multi_action: [757,126,758,1,759,126,927,0,928,0,1593,1]
11-05 02:23:45.610 1934 1934 I sysui_multi_action: [757,113,758,1,759,113,927,1,928,1,1593,1]
11-05 02:23:45.610 1934 1934 I sysui_multi_action: [757,0,758,1,759,0,927,2,928,0,1593,1]
11-05 02:23:45.610 1934 1934 I sysui_multi_action: [757,0,758,1,759,0,927,3,928,0,1593,1]
11-05 02:23:45.610 1934 1934 I sysui_multi_action: [757,491,758,1,759,491,927,4,928,0,1311,-1,1593,1]
11-05 02:23:45.610 1934 1934 I sysui_multi_action: [757,0,758,1,759,0,927,5,928,0,1593,1]
11-05 02:23:45.610 1934 1934 I sysui_multi_action: [757,111,758,1]
11-05 02:23:45.610 1934 1934 I sysui_multi_action: [757,126,758,1,759,126,927,0,928,0,1593,0]
11-05 02:23:45.611 1934 1934 I sysui_multi_action: [757,113,758,1,759,113,927,1,928,1,1593,0]
11-05 02:23:45.611 1934 1934 I sysui_multi_action: [757,0,758,1,759,0,927,2,928,0,1593,0]
11-05 02:23:45.611 1934 1934 I sysui_multi_action: [757,0,758,1,759,0,927,3,928,0,1593,0]
11-05 02:23:45.624 1934 1934 I sysui_multi_action: [757,111,758,2]
11-05 02:23:45.624 1934 1934 I sysui_multi_action: [757,111,758,2]
11-05 02:23:45.624 1511 1511 I notification_enqueue: [10082,1934,com.android.systemui,2048,NULL,0,Notification(channel=updateNotification shortcut=null contentView=null vibrate=null sound=null defaults=0x0 flags=0x0 color=0x00000000 vis=PRIVATE),1]
11-05 02:23:45.633 1934 1934 I sysui_multi_action: [757,111,758,1]
11-05 02:23:45.633 1934 1934 I sysui_multi_action: [757,126,758,1,759,126,927,0,928,0,1593,1]
11-05 02:23:45.633 1934 1934 I sysui_multi_action: [757,113,758,1,759,113,927,1,928,1,1593,1]
11-05 02:23:45.633 1934 1934 I sysui_multi_action: [757,0,758,1,759,0,927,2,928,0,1593,1]
11-05 02:23:45.633 1934 1934 I sysui_multi_action: [757,0,758,1,759,0,927,3,928,0,1593,1]
11-05 02:23:45.633 1934 1934 I sysui_multi_action: [757,491,758,1,759,491,927,4,928,0,1311,-1,1593,0]
11-05 02:23:45.633 1934 1934 I sysui_multi_action: [757,0,758,1,759,0,927,5,928,0,1593,0]
11-05 02:23:45.633 1934 1934 I sysui_multi_action: [757,111,758,1]
11-05 02:23:45.633 1934 1934 I sysui_multi_action: [757,126,758,1,759,126,927,0,928,0,1593,1]
11-05 02:23:45.633 1934 1934 I sysui_multi_action: [757,113,758,1,759,113,927,1,928,1,1593,1]
11-05 02:23:45.633 1934 1934 I sysui_multi_action: [757,0,758,1,759,0,927,2,928,0,1593,1]
11-05 02:23:45.633 1934 1934 I sysui_multi_action: [757,0,758,1,759,0,927,3,928,0,1593,1]
11-05 02:23:45.636 1511 6092 I sysui_multi_action: [757,128,758,2,793,4284525,794,17468,795,4284525,796,26,798,0,806,android,857,DEVELOPER_IMPORTANT,858,4,947,0,1395,2,1500,4283828,1688,1]
11-05 02:23:45.637 1511 6092 I notification_visibility: [-1|android|26|null|1000,0,4284525,4284525,0,0]
11-05 02:23:45.637 1511 6092 I sysui_multi_action: [757,128,758,2,793,4285301,794,17468,795,4285301,796,32,798,1,806,android,857,USB,858,1,947,0,1395,2,1500,4285243,1688,1]
11-05 02:23:45.637 1511 6092 I notification_visibility: [-1|android|32|null|1000,0,4285301,4285301,0,1]
11-05 02:23:45.637 1934 1934 I sysui_multi_action: [757,111,758,2]
11-05 02:23:45.637 1934 1934 I sysui_multi_action: [757,111,758,2]
11-05 02:23:45.638 1511 1511 I notification_enqueue: [10082,1934,com.android.systemui,2048,NULL,0,Notification(channel=updateNotification shortcut=null contentView=null vibrate=null sound=null defaults=0x0 flags=0x0 color=0x00000000 vis=PRIVATE),1]
11-05 02:23:45.638 1511 6092 I sysui_multi_action: [757,127,758,2]
11-05 02:23:45.639 1511 6092 I notification_panel_hidden:
11-05 02:23:45.645 1934 1934 I sysui_multi_action: [757,111,758,1]
11-05 02:23:45.645 1934 1934 I sysui_multi_action: [757,126,758,1,759,126,927,0,928,0,1593,1]
11-05 02:23:45.645 1934 1934 I sysui_multi_action: [757,113,758,1,759,113,927,1,928,1,1593,1]
11-05 02:23:45.646 1934 1934 I sysui_multi_action: [757,0,758,1,759,0,927,2,928,0,1593,1]
11-05 02:23:45.646 1934 1934 I sysui_multi_action: [757,0,758,1,759,0,927,3,928,0,1593,1]
11-05 02:23:45.646 1934 1934 I sysui_multi_action: [757,491,758,1,759,491,927,4,928,0,1311,-1,1593,0]
11-05 02:23:45.646 1934 1934 I sysui_multi_action: [757,0,758,1,759,0,927,5,928,0,1593,0]
11-05 02:23:45.646 1934 1934 I sysui_multi_action: [757,111,758,1]
11-05 02:23:45.646 1934 1934 I sysui_multi_action: [757,126,758,1,759,126,927,0,928,0,1593,1]
11-05 02:23:45.646 1934 1934 I sysui_multi_action: [757,113,758,1,759,113,927,1,928,1,1593,1]
11-05 02:23:45.646 1934 1934 I sysui_multi_action: [757,0,758,1,759,0,927,2,928,0,1593,1]
11-05 02:23:45.646 1934 1934 I sysui_multi_action: [757,0,758,1,759,0,927,3,928,0,1593,1]
11-05 02:23:45.749 1511 1669 I commit_sys_config_file: [settings-1-0,10]
11-05 02:23:46.366 1511 1687 I input_interaction: Interaction with: a226794 com.android.launcher3/com.android.launcher3.uioverrides.QuickstepLauncher (server), edge-swipe (server), swipe-up (server), PointerEventDispatcher0 (server),
11-05 02:23:46.779 1511 4217 I wm_task_moved: [1,1,6]
11-05 02:23:46.780 1511 4217 I wm_focused_root_task: [0,0,1,121,RecentsAnimation.onAnimationFinished()]
11-05 02:23:46.780 17169 17169 I wm_on_top_resumed_lost_called: [170903706,com.android.settings.Settings,topStateChangedWhenResumed]
11-05 02:23:46.781 1511 4217 I wm_pause_activity: [0,170903706,com.android.settings/.Settings,userLeaving=false,pauseBackTasks]
11-05 02:23:46.785 1511 4217 I wm_set_resumed_activity: [0,com.android.launcher3/.uioverrides.QuickstepLauncher,resumeTopActivityInnerLocked]
11-05 02:23:46.786 1511 4217 I wm_resume_activity: [0,245869423,40,com.android.launcher3/.uioverrides.QuickstepLauncher]
11-05 02:23:46.787 1511 4217 I wm_add_to_stopping: [0,170903706,com.android.settings/.Settings,makeInvisible]
11-05 02:23:46.796 2535 2535 I wm_on_resume_called: [245869423,com.android.launcher3.uioverrides.QuickstepLauncher,RESUME_ACTIVITY]
11-05 02:23:46.796 1511 1603 I input_focus: [Focus request a226794 com.android.launcher3/com.android.launcher3.uioverrides.QuickstepLauncher,reason=UpdateInputWindows]
11-05 02:23:46.801 1511 1602 I sysui_multi_action: [757,803,799,window_time_0,802,50]
11-05 02:23:46.802 17169 17169 I sysui_multi_action: [757,35,758,2,1089,49364]
11-05 02:23:46.805 2535 2535 I wm_on_top_resumed_gained_called: [245869423,com.android.launcher3.uioverrides.QuickstepLauncher,topStateChangedWhenResumed]
11-05 02:23:46.805 17169 17169 I sysui_multi_action: [757,103,758,2,1089,20345]
11-05 02:23:46.807 17169 17169 I wm_on_paused_called: [170903706,com.android.settings.Settings,performPause]
11-05 02:23:46.810 1511 1602 I wm_stop_activity: [0,170903706,com.android.settings/.Settings]
11-05 02:23:46.811 1511 1687 I input_focus: [Focus entering a226794 com.android.launcher3/com.android.launcher3.uioverrides.QuickstepLauncher (server),reason=setFocusedWindow]
11-05 02:23:46.813 1511 1602 I sysui_multi_action: [757,803,799,window_time_0,802,0]
11-05 02:23:46.828 17169 17169 I wm_on_stop_called: [170903706,com.android.settings.Settings,STOP_ACTIVITY_ITEM]
11-05 02:23:46.898 1511 6092 I wm_finish_activity: [0,170903706,121,com.android.settings/.Settings,recent-task-trimmed]
11-05 02:23:46.899 1511 6092 I wm_destroy_activity: [0,170903706,121,com.android.settings/.Settings,finish-imm:finishIfPossible]
11-05 02:23:46.902 1511 1602 I am_kill : [0,17169,com.android.settings,905,remove task]
11-05 02:23:46.906 1511 1602 I sysui_multi_action: [757,803,799,window_time_0,802,0]
11-05 02:23:46.962 1511 3043 I am_proc_died: [0,17169,com.android.settings,905,19]
11-05 02:23:46.967 1511 3043 I wm_task_removed: [121,removeChild:removeChild last r=ActivityRecord{a2fc89a u0 com.android.settings/.Settings t-1 f}} in t=Task{5883bfd #121 type=standard A=1000:com.android.settings.root U=0 visible=false mode=fullscreen translucent=true sz=0}]
11-05 02:23:46.967 1511 3043 I wm_task_removed: [121,removeChild]
11-05 02:23:46.983 1511 1610 I am_proc_start: [0,17589,1000,com.android.settings,NULL,]
11-05 02:23:47.012 1511 2069 I am_proc_bound: [0,17589,com.android.settings]
11-05 02:23:47.604 1511 1687 I input_interaction: Interaction with: a226794 com.android.launcher3/com.android.launcher3.uioverrides.QuickstepLauncher (server), 2153fad com.android.systemui.ImageWallpaper (server), edge-swipe (server), swipe-up (server), PointerEventDispatcher0 (server),
11-05 02:23:47.711 1511 2069 I wm_task_created: [122,-1]
11-05 02:23:47.717 1511 2069 I wm_task_moved: [122,1,6]
11-05 02:23:47.717 1511 2069 I wm_task_to_front: [0,122]
11-05 02:23:47.718 1511 2069 I wm_create_task: [0,122]
11-05 02:23:47.718 1511 2069 I wm_create_activity: [0,139209418,122,com.android.settings/.Settings,android.intent.action.MAIN,NULL,NULL,270532608]
11-05 02:23:47.718 1511 2069 I wm_task_moved: [122,1,6]
11-05 02:23:47.721 1511 2069 I wm_pause_activity: [0,245869423,com.android.launcher3/.uioverrides.QuickstepLauncher,userLeaving=true,pauseBackTasks]
11-05 02:23:47.746 2535 2535 I wm_on_top_resumed_lost_called: [245869423,com.android.launcher3.uioverrides.QuickstepLauncher,topStateChangedWhenResumed]
11-05 02:23:47.751 2535 2535 I wm_on_paused_called: [245869423,com.android.launcher3.uioverrides.QuickstepLauncher,performPause]
11-05 02:23:47.755 1511 6932 I wm_add_to_stopping: [0,245869423,com.android.launcher3/.uioverrides.QuickstepLauncher,makeInvisible]
11-05 02:23:47.756 1511 6932 I wm_restart_activity: [0,139209418,122,com.android.settings/.Settings]
11-05 02:23:47.758 1511 6932 I wm_set_resumed_activity: [0,com.android.settings/.Settings,minimalResumeActivityLocked]
11-05 02:23:47.770 1511 1602 I sysui_multi_action: [757,803,799,window_time_0,802,1]
11-05 02:23:47.779 1511 1687 I input_focus: [Focus leaving a226794 com.android.launcher3/com.android.launcher3.uioverrides.QuickstepLauncher (server),reason=NO_WINDOW]
11-05 02:23:47.823 17589 17589 I wm_on_create_called: [139209418,com.android.settings.Settings,performCreate]
11-05 02:23:47.858 17589 17589 I wm_on_start_called: [139209418,com.android.settings.Settings,handleStartActivity]
11-05 02:23:47.859 17589 17589 I snet_event_log: [120484087,-1,]
11-05 02:23:47.859 17589 17589 I wm_on_resume_called: [139209418,com.android.settings.Settings,RESUME_ACTIVITY]
11-05 02:23:47.861 17589 17589 I sysui_multi_action: [757,35,758,1,833,0,1089,35]
11-05 02:23:47.867 17589 17589 I sysui_multi_action: [757,1729,758,4,854,isParalleledControllers:false,1089,42]
11-05 02:23:47.875 17589 17589 I wm_on_top_resumed_gained_called: [139209418,com.android.settings.Settings,topStateChangedWhenResumed]
11-05 02:23:47.891 563 563 I auditd : type=1400 audit(0.0:4736): avc: denied { read } for comm="Binder:563_2" name="wakeup58" dev="sysfs" ino=71726 scontext=u:r:system_suspend:s0 tcontext=u:object_r:sysfs:s0 tclass=dir permissive=0
11-05 02:23:47.891 563 563 I auditd : type=1400 audit(0.0:4737): avc: denied { read } for comm="Binder:563_2" name="wakeup48" dev="sysfs" ino=67421 scontext=u:r:system_suspend:s0 tcontext=u:object_r:sysfs:s0 tclass=dir permissive=0
11-05 02:23:47.891 563 563 I auditd : type=1400 audit(0.0:4738): avc: denied { read } for comm="Binder:563_2" name="wakeup4" dev="sysfs" ino=47028 scontext=u:r:system_suspend:s0 tcontext=u:object_r:sysfs:s0 tclass=dir permissive=0
11-05 02:23:47.891 563 563 I auditd : type=1400 audit(0.0:4739): avc: denied { read } for comm="Binder:563_2" name="wakeup76" dev="sysfs" ino=76812 scontext=u:r:system_suspend:s0 tcontext=u:object_r:sysfs:s0 tclass=dir permissive=0
11-05 02:23:47.895 563 563 I auditd : type=1400 audit(0.0:4740): avc: denied { read } for comm="Binder:563_2" name="wakeup28" dev="sysfs" ino=53233 scontext=u:r:system_suspend:s0 tcontext=u:object_r:sysfs:s0 tclass=dir permissive=0
11-05 02:23:47.920 1511 1603 I input_focus: [Focus request 8882c1b com.android.settings/com.android.settings.Settings,reason=UpdateInputWindows]
11-05 02:23:47.966 1511 1603 I sysui_multi_action: [324,1,757,1090,758,12,806,com.android.settings,871,com.android.settings.Settings,1091,262]
11-05 02:23:47.976 1511 1599 I sysui_multi_action: [319,87,321,85,322,262,325,4298,757,761,758,8,759,1,806,com.android.settings,871,com.android.settings.Settings,904,com.android.launcher3,905,0,1320,4,1321,1]
11-05 02:23:47.977 1511 1599 I wm_activity_launch_time: [0,139209418,com.android.settings/.Settings,262]
11-05 02:23:47.981 1511 1687 I input_focus: [Focus entering 8882c1b com.android.settings/com.android.settings.Settings (server),reason=Window became focusable. Previous reason: NOT_VISIBLE]
11-05 02:23:48.104 17589 17589 W CarrierConfigManager: Error getting config for subId -1 ICarrierConfigLoader is null
11-05 02:23:48.156 17589 17589 I sysui_multi_action: [757,746,758,1,833,0,1089,71]
11-05 02:23:48.157 1511 2766 D TelephonyRegistry: listen oscl: mHasNotifySubscriptionInfoChangedOccurred==false no callback
11-05 02:23:48.160 1511 2766 D TelephonyRegistry: listen oscl: mHasNotifySubscriptionInfoChangedOccurred==false no callback
11-05 02:23:48.174 17589 17589 I sysui_multi_action: [757,1729,758,4,854,isParalleledControllers:false,1089,90]
11-05 02:23:48.321 1511 1602 I wm_stop_activity: [0,245869423,com.android.launcher3/.uioverrides.QuickstepLauncher]
11-05 02:23:48.347 2535 2535 I wm_on_stop_called: [245869423,com.android.launcher3.uioverrides.QuickstepLauncher,STOP_ACTIVITY_ITEM]
