11-05 02:28:11.767 0 0 I auditd : type=1400 audit(0.0:5071): avc: denied { kill } for comm="swapper/1" capability=5 scontext=u:r:kernel:s0 tcontext=u:r:kernel:s0 tclass=capability permissive=0
11-05 02:28:12.767 0 0 I auditd : type=1400 audit(0.0:5072): avc: denied { kill } for comm="swapper/1" capability=5 scontext=u:r:kernel:s0 tcontext=u:r:kernel:s0 tclass=capability permissive=0
11-05 02:28:13.767 0 0 I auditd : type=1400 audit(0.0:5073): avc: denied { kill } for comm="swapper/1" capability=5 scontext=u:r:kernel:s0 tcontext=u:r:kernel:s0 tclass=capability permissive=0
11-05 02:28:14.767 0 0 I auditd : type=1400 audit(0.0:5074): avc: denied { kill } for comm="swapper/1" capability=5 scontext=u:r:kernel:s0 tcontext=u:r:kernel:s0 tclass=capability permissive=0
11-05 02:28:15.767 0 0 I auditd : type=1400 audit(0.0:5075): avc: denied { kill } for comm="swapper/1" capability=5 scontext=u:r:kernel:s0 tcontext=u:r:kernel:s0 tclass=capability permissive=0
11-05 02:28:16.767 0 0 I auditd : type=1400 audit(0.0:5076): avc: denied { kill } for comm="swapper/1" capability=5 scontext=u:r:kernel:s0 tcontext=u:r:kernel:s0 tclass=capability permissive=0
11-05 02:28:17.044 1511 1609 I am_uid_idle: 10062
11-05 02:28:17.767 0 0 I auditd : type=1400 audit(0.0:5077): avc: denied { kill } for comm="swapper/1" capability=5 scontext=u:r:kernel:s0 tcontext=u:r:kernel:s0 tclass=capability permissive=0
11-05 02:28:18.767 0 0 I auditd : type=1400 audit(0.0:5078): avc: denied { kill } for comm="swapper/1" capability=5 scontext=u:r:kernel:s0 tcontext=u:r:kernel:s0 tclass=capability permissive=0
11-05 02:28:19.767 0 0 I auditd : type=1400 audit(0.0:5079): avc: denied { kill } for comm="swapper/1" capability=5 scontext=u:r:kernel:s0 tcontext=u:r:kernel:s0 tclass=capability permissive=0
11-05 02:28:20.767 0 0 I auditd : type=1400 audit(0.0:5080): avc: denied { kill } for comm="swapper/1" capability=5 scontext=u:r:kernel:s0 tcontext=u:r:kernel:s0 tclass=capability permissive=0
11-05 02:28:21.767 0 0 I auditd : type=1400 audit(0.0:5081): avc: denied { kill } for comm="swapper/1" capability=5 scontext=u:r:kernel:s0 tcontext=u:r:kernel:s0 tclass=capability permissive=0
11-05 02:28:21.890 1511 1687 I input_interaction: Interaction with: c30933f com.thundercomm.screensaver/android.service.dreams.DreamActivity (server), edge-swipe (server), swipe-up (server), PointerEventDispatcher0 (server),
11-05 02:28:21.892 1511 4218 I wm_finish_activity: [0,32561542,126,com.thundercomm.screensaver/android.service.dreams.DreamActivity,finish-activity]
11-05 02:28:21.893 1511 4218 I wm_task_moved: [1,1,6]
11-05 02:28:21.894 1511 4218 I wm_task_moved: [40,1,2147483647]
11-05 02:28:21.894 1511 4218 I wm_task_to_front: [0,40]
11-05 02:28:21.894 1511 4218 I wm_focused_root_task: [0,0,1,126,finish-top adjustFocusToNextFocusableTask]
11-05 02:28:21.894 1511 4218 I wm_set_resumed_activity: [0,com.android.launcher3/.uioverrides.QuickstepLauncher,finish-top adjustFocusToNextFocusableTask]
11-05 02:28:21.896 1511 4218 I wm_pause_activity: [0,32561542,com.thundercomm.screensaver/android.service.dreams.DreamActivity,userLeaving=false,finish]
11-05 02:28:21.898 1511 1511 I service_manager_stats: [109,73,71197]
11-05 02:28:21.906 3968 3968 I wm_on_top_resumed_lost_called: [32561542,android.service.dreams.DreamActivity,topStateChangedWhenResumed]
11-05 02:28:21.908 3968 3968 I wm_on_paused_called: [32561542,android.service.dreams.DreamActivity,performPause]
11-05 02:28:21.910 1511 4194 I wm_add_to_stopping: [0,32561542,com.thundercomm.screensaver/android.service.dreams.DreamActivity,completeFinishing]
11-05 02:28:21.912 1511 4194 I wm_set_resumed_activity: [0,com.android.launcher3/.uioverrides.QuickstepLauncher,resumeTopActivityInnerLocked]
11-05 02:28:21.915 1511 4194 I wm_resume_activity: [0,245869423,40,com.android.launcher3/.uioverrides.QuickstepLauncher]
11-05 02:28:21.930 1511 1687 I input_focus: [Focus leaving c30933f com.thundercomm.screensaver/android.service.dreams.DreamActivity (server),reason=NO_WINDOW]
11-05 02:28:21.930 3968 3968 I view_enqueue_input_event: [Motion - Cancel,com.thundercomm.screensaver/android.service.dreams.DreamActivity]
11-05 02:28:21.933 2535 2535 I wm_on_restart_called: [245869423,com.android.launcher3.uioverrides.QuickstepLauncher,performRestartActivity]
11-05 02:28:21.933 2535 2535 I wm_on_start_called: [245869423,com.android.launcher3.uioverrides.QuickstepLauncher,handleStartActivity]
11-05 02:28:21.933 1511 1602 I sysui_multi_action: [757,803,799,window_time_0,802,71]
11-05 02:28:21.941 1511 1602 I sysui_multi_action: [757,803,799,window_time_0,802,0]
11-05 02:28:21.944 2535 2535 I wm_on_resume_called: [245869423,com.android.launcher3.uioverrides.QuickstepLauncher,RESUME_ACTIVITY]
11-05 02:28:21.944 2535 2535 I wm_on_top_resumed_gained_called: [245869423,com.android.launcher3.uioverrides.QuickstepLauncher,topWhenResuming]
11-05 02:28:21.954 1511 1603 I input_focus: [Focus request a226794 com.android.launcher3/com.android.launcher3.uioverrides.QuickstepLauncher,reason=UpdateInputWindows]
11-05 02:28:21.972 1511 1511 I am_uid_active: 10062
11-05 02:28:21.988 1511 1687 I input_focus: [Focus entering a226794 com.android.launcher3/com.android.launcher3.uioverrides.QuickstepLauncher (server),reason=Window became focusable. Previous reason: NOT_VISIBLE]
11-05 02:28:22.223 1511 1602 I wm_destroy_activity: [0,32561542,126,com.thundercomm.screensaver/android.service.dreams.DreamActivity,finish-imm:idle]
11-05 02:28:22.244 3968 3968 I wm_on_stop_called: [32561542,android.service.dreams.DreamActivity,LIFECYCLER_STOP_ACTIVITY]
11-05 02:28:22.245 3968 3968 I wm_on_destroy_called: [32561542,android.service.dreams.DreamActivity,performDestroy]
11-05 02:28:22.263 1511 1599 I sysui_multi_action: [757,222,758,2]
11-05 02:28:22.263 1511 1599 I sysui_multi_action: [757,804,799,dreaming_minutes,801,1,802,1]
11-05 02:28:22.265 1511 2766 I wm_task_removed: [126,removeChild:removeChild last r=ActivityRecord{1f0d986 u0 com.thundercomm.screensaver/android.service.dreams.DreamActivity t-1 f}} in t=Task{1baca2f #126 type=dream A=10043:android:com.thundercomm.screensaver/dream U=0 visible=false mode=fullscreen translucent=true sz=0}]
11-05 02:28:22.265 1511 2766 I wm_task_removed: [126,removeChild]
11-05 02:28:22.767 0 0 I auditd : type=1400 audit(0.0:5082): avc: denied { kill } for comm="swapper/1" capability=5 scontext=u:r:kernel:s0 tcontext=u:r:kernel:s0 tclass=capability permissive=0
11-05 02:28:23.049 1511 1687 I input_interaction: Interaction with: f0a305f StatusBar (server), edge-swipe (server), swipe-up (server), PointerEventDispatcher0 (server),
11-05 02:28:23.052 1934 1934 I sysui_multi_action: [757,803,799,panel_open,802,1]
11-05 02:28:23.053 1934 1934 I sysui_multi_action: [757,1328,758,4,1326,53,1327,2,1329,0]
11-05 02:28:23.114 1511 1765 I sysui_multi_action: [757,127,758,1]
11-05 02:28:23.114 1511 1765 I sysui_multi_action: [757,804,799,note_load,801,2,802,1]
11-05 02:28:23.115 1511 1765 I notification_panel_revealed: 2
11-05 02:28:23.119 1934 1934 I sysui_multi_action: [757,111,758,2]
11-05 02:28:23.119 1511 1511 I notification_enqueue: [10082,1934,com.android.systemui,2048,NULL,0,Notification(channel=updateNotification shortcut=null contentView=null vibrate=null sound=null defaults=0x0 flags=0x0 color=0x00000000 vis=PRIVATE),1]
11-05 02:28:23.119 1934 1934 I sysui_multi_action: [757,111,758,2]
11-05 02:28:23.135 1511 1603 I input_focus: [Focus request eefcbb2 NotificationShade,reason=UpdateInputWindows]
11-05 02:28:23.140 1934 1934 I sysui_multi_action: [757,111,758,1]
11-05 02:28:23.141 1934 1934 I sysui_multi_action: [757,126,758,1,759,126,927,0,928,0,1593,0]
11-05 02:28:23.141 1934 1934 I sysui_multi_action: [757,113,758,1,759,113,927,1,928,1,1593,0]
11-05 02:28:23.141 1934 1934 I sysui_multi_action: [757,0,758,1,759,0,927,2,928,0,1593,0]
11-05 02:28:23.141 1934 1934 I sysui_multi_action: [757,0,758,1,759,0,927,3,928,0,1593,0]
11-05 02:28:23.142 1934 1934 I sysui_multi_action: [757,491,758,1,759,491,927,4,928,0,1311,-1,1593,0]
11-05 02:28:23.142 1934 1934 I sysui_multi_action: [757,0,758,1,759,0,927,5,928,0,1593,0]
11-05 02:28:23.142 1934 1934 I sysui_multi_action: [757,111,758,1]
11-05 02:28:23.142 1934 1934 I sysui_multi_action: [757,126,758,1,759,126,927,0,928,0,1593,0]
11-05 02:28:23.143 1934 1934 I sysui_multi_action: [757,113,758,1,759,113,927,1,928,1,1593,0]
11-05 02:28:23.143 1934 1934 I sysui_multi_action: [757,0,758,1,759,0,927,2,928,0,1593,0]
11-05 02:28:23.143 1934 1934 I sysui_multi_action: [757,0,758,1,759,0,927,3,928,0,1593,0]
11-05 02:28:23.159 1934 1934 I sysui_multi_action: [757,111,758,2]
11-05 02:28:23.159 1934 1934 I sysui_multi_action: [757,111,758,2]
11-05 02:28:23.160 1511 1511 I notification_enqueue: [10082,1934,com.android.systemui,2048,NULL,0,Notification(channel=updateNotification shortcut=null contentView=null vibrate=null sound=null defaults=0x0 flags=0x0 color=0x00000000 vis=PRIVATE),1]
11-05 02:28:23.160 1511 1687 I input_focus: [Focus leaving a226794 com.android.launcher3/com.android.launcher3.uioverrides.QuickstepLauncher (server),reason=setFocusedWindow]
11-05 02:28:23.161 1511 1687 I input_focus: [Focus entering eefcbb2 NotificationShade (server),reason=setFocusedWindow]
11-05 02:28:23.162 1934 1934 I sysui_multi_action: [757,111,758,1]
11-05 02:28:23.163 1934 1934 I sysui_multi_action: [757,126,758,1,759,126,927,0,928,0,1593,0]
11-05 02:28:23.163 1934 1934 I sysui_multi_action: [757,113,758,1,759,113,927,1,928,1,1593,0]
11-05 02:28:23.163 1934 1934 I sysui_multi_action: [757,0,758,1,759,0,927,2,928,0,1593,0]
11-05 02:28:23.163 1934 1934 I sysui_multi_action: [757,0,758,1,759,0,927,3,928,0,1593,0]
11-05 02:28:23.163 1934 1934 I sysui_multi_action: [757,491,758,1,759,491,927,4,928,0,1311,-1,1593,0]
11-05 02:28:23.163 1934 1934 I sysui_multi_action: [757,0,758,1,759,0,927,5,928,0,1593,0]
11-05 02:28:23.163 1934 1934 I sysui_multi_action: [757,111,758,1]
11-05 02:28:23.164 1934 1934 I sysui_multi_action: [757,126,758,1,759,126,927,0,928,0,1593,0]
11-05 02:28:23.164 1934 1934 I sysui_multi_action: [757,113,758,1,759,113,927,1,928,1,1593,0]
11-05 02:28:23.164 1934 1934 I sysui_multi_action: [757,0,758,1,759,0,927,2,928,0,1593,0]
11-05 02:28:23.164 1934 1934 I sysui_multi_action: [757,0,758,1,759,0,927,3,928,0,1593,0]
11-05 02:28:23.662 1511 1765 I sysui_multi_action: [757,128,758,1,793,4562551,794,0,795,4562551,796,26,798,0,806,android,857,DEVELOPER_IMPORTANT,858,4,947,0,1395,2,1500,4561854,1688,1]
11-05 02:28:23.662 1511 1765 I sysui_multi_action: [757,804,799,note_freshness,801,4562551,802,1]
11-05 02:28:23.662 1511 1765 I notification_visibility: [-1|android|26|null|1000,1,4562551,4562551,0,0]
11-05 02:28:23.662 1511 1765 I sysui_multi_action: [757,128,758,1,793,4563326,794,0,795,4563326,796,32,798,1,806,android,857,USB,858,1,947,0,1395,2,1500,4563268,1688,1]
11-05 02:28:23.663 1511 1765 I sysui_multi_action: [757,804,799,note_freshness,801,4563326,802,1]
11-05 02:28:23.663 1511 1765 I notification_visibility: [-1|android|32|null|1000,1,4563326,4563326,0,1]
11-05 02:28:23.767 0 0 I auditd : type=1400 audit(0.0:5083): avc: denied { kill } for comm="swapper/1" capability=5 scontext=u:r:kernel:s0 tcontext=u:r:kernel:s0 tclass=capability permissive=0
11-05 02:28:24.426 1511 1687 I input_interaction: Interaction with: eefcbb2 NotificationShade (server), edge-swipe (server), swipe-up (server), PointerEventDispatcher0 (server),
11-05 02:28:24.567 1934 1934 I sysui_multi_action: [757,925,758,4,759,126,927,0,928,0,1592,0,1593,1]
11-05 02:28:24.594 1511 1765 D TelephonyRegistry: listen oscl: mHasNotifySubscriptionInfoChangedOccurred==false no callback
11-05 02:28:24.595 1934 1934 W CarrierConfigManager: Error getting config for subId -1 ICarrierConfigLoader is null
11-05 02:28:24.633 1511 1603 I input_focus: [Focus request 93ea132 InternetDialog,reason=UpdateInputWindows]
11-05 02:28:24.666 1511 1687 I input_focus: [Focus leaving eefcbb2 NotificationShade (server),reason=Waiting for window because NOT_VISIBLE]
11-05 02:28:24.699 1511 1687 I input_focus: [Focus entering 93ea132 InternetDialog (server),reason=Window became focusable. Previous reason: NOT_VISIBLE]
11-05 02:28:25.860 1511 1687 I input_interaction: Interaction with: 93ea132 InternetDialog (server), edge-swipe (server), swipe-up (server), PointerEventDispatcher0 (server),
11-05 02:28:26.196 1511 1669 I commit_sys_config_file: [settings-0-0,20]
11-05 02:28:26.629 1511 1603 I input_focus: [Focus request eefcbb2 NotificationShade,reason=UpdateInputWindows]
11-05 02:28:26.651 1511 1687 I input_focus: [Focus entering eefcbb2 NotificationShade (server),reason=setFocusedWindow]
11-05 02:28:26.767 0 0 I auditd : type=1400 audit(0.0:5084): avc: denied { kill } for comm="swapper/1" capability=5 scontext=u:r:kernel:s0 tcontext=u:r:kernel:s0 tclass=capability permissive=0
11-05 02:28:28.780 1391 18188 I liblog : 17
11-05 02:28:29.767 0 0 I auditd : type=1400 audit(0.0:5085): avc: denied { kill } for comm="swapper/1" capability=5 scontext=u:r:kernel:s0 tcontext=u:r:kernel:s0 tclass=capability permissive=0
11-05 02:28:30.091 1511 1687 I input_interaction: Interaction with: eefcbb2 NotificationShade (server), edge-swipe (server), swipe-up (server), PointerEventDispatcher0 (server),
11-05 02:28:30.237 1934 1934 I sysui_multi_action: [757,925,758,4,759,126,927,0,928,1,1592,0,1593,1]
11-05 02:28:30.270 1511 4218 D TelephonyRegistry: listen oscl: mHasNotifySubscriptionInfoChangedOccurred==false no callback
11-05 02:28:30.272 1934 1934 W CarrierConfigManager: Error getting config for subId -1 ICarrierConfigLoader is null
11-05 02:28:30.295 1511 1603 I input_focus: [Focus request 6000cc6 InternetDialog,reason=UpdateInputWindows]
11-05 02:28:30.310 1511 1687 I input_focus: [Focus leaving eefcbb2 NotificationShade (server),reason=setFocusedWindow]
11-05 02:28:30.310 1511 1687 I input_focus: [Focus entering 6000cc6 InternetDialog (server),reason=setFocusedWindow]
11-05 02:28:30.423 1511 1749 I netstats_mobile_sample: [0,0,0,0,0,0,0,0,0,0,0,0,1667586510423]
11-05 02:28:30.423 1511 1749 I netstats_wifi_sample: [11058084,29484,12193014,33943,11058084,29484,12193014,33943,19238570,88619,6185335,17940,1667586510423]
11-05 02:28:30.516 1511 1669 I commit_sys_config_file: [settings-0-0,4]
11-05 02:28:30.556 1511 1749 I netstats_mobile_sample: [0,0,0,0,0,0,0,0,0,0,0,0,1667586510556]
11-05 02:28:30.557 1511 1749 I netstats_wifi_sample: [11058084,29484,12193014,33943,11058084,29484,12193014,33943,19238570,88619,6185335,17940,1667586510556]
11-05 02:28:30.575 1511 1749 I netstats_mobile_sample: [0,0,0,0,0,0,0,0,0,0,0,0,1667586510575]
11-05 02:28:30.575 1511 1749 I netstats_wifi_sample: [11058084,29484,12193014,33943,11058084,29484,12193014,33943,19238570,88619,6185335,17940,1667586510575]
11-05 02:28:30.620 1511 1749 I netstats_mobile_sample: [0,0,0,0,0,0,0,0,0,0,0,0,1667586510620]
11-05 02:28:30.621 1511 1749 I netstats_wifi_sample: [11058084,29484,12193014,33943,11058084,29484,12193014,33943,19238570,88619,6185335,17940,1667586510620]
11-05 02:28:30.635 1934 1934 I service_manager_stats: [200,172,314387]
11-05 02:28:30.645 1511 1749 I netstats_mobile_sample: [0,0,0,0,0,0,0,0,0,0,0,0,1667586510644]
11-05 02:28:30.645 1511 1749 I netstats_wifi_sample: [11058084,29484,12193014,33943,11058084,29484,12193014,33943,19238570,88619,6185335,17940,1667586510644]
11-05 02:28:30.664 1511 1720 I service_manager_slow: [10,isub]
11-05 02:28:31.767 0 0 I auditd : type=1400 audit(0.0:5086): avc: denied { kill } for comm="swapper/0" capability=5 scontext=u:r:kernel:s0 tcontext=u:r:kernel:s0 tclass=capability permissive=0
11-05 02:28:32.236 1391 18191 I liblog : 139
11-05 02:28:32.248 1511 1687 I input_interaction: Interaction with: 6000cc6 InternetDialog (server), edge-swipe (server), swipe-up (server), PointerEventDispatcher0 (server),
11-05 02:28:32.249 1391 1402 I liblog : 114
11-05 02:28:32.390 1511 1603 I input_focus: [Focus request eefcbb2 NotificationShade,reason=UpdateInputWindows]
11-05 02:28:32.408 1511 1540 I wm_task_created: [127,-1]
11-05 02:28:32.411 1511 1540 I wm_task_moved: [127,1,7]
11-05 02:28:32.412 1511 1540 I wm_task_to_front: [0,127]
11-05 02:28:32.413 1511 1540 I wm_create_task: [0,127]
11-05 02:28:32.413 1511 1540 I wm_create_activity: [0,85145698,127,com.android.settings/.Settings$WifiDetailsSettingsActivity,android.settings.WIFI_DETAILS_SETTINGS,NULL,NULL,335544320]
11-05 02:28:32.413 1511 1540 I wm_task_moved: [127,1,7]
11-05 02:28:32.413 2535 2535 I wm_on_top_resumed_lost_called: [245869423,com.android.launcher3.uioverrides.QuickstepLauncher,topStateChangedWhenResumed]
11-05 02:28:32.415 1511 1687 I input_focus: [Focus entering eefcbb2 NotificationShade (server),reason=setFocusedWindow]
11-05 02:28:32.417 1511 1540 I wm_pause_activity: [0,245869423,com.android.launcher3/.uioverrides.QuickstepLauncher,userLeaving=true,pauseBackTasks]
11-05 02:28:32.425 2535 2535 I wm_on_paused_called: [245869423,com.android.launcher3.uioverrides.QuickstepLauncher,performPause]
11-05 02:28:32.431 1511 1603 I input_focus: [Focus request a226794 com.android.launcher3/com.android.launcher3.uioverrides.QuickstepLauncher,reason=UpdateInputWindows]
11-05 02:28:32.437 1511 1540 I wm_add_to_stopping: [0,245869423,com.android.launcher3/.uioverrides.QuickstepLauncher,makeInvisible]
11-05 02:28:32.438 1511 1540 I wm_restart_activity: [0,85145698,127,com.android.settings/.Settings$WifiDetailsSettingsActivity]
11-05 02:28:32.438 1511 1540 I wm_set_resumed_activity: [0,com.android.settings/.Settings$WifiDetailsSettingsActivity,minimalResumeActivityLocked]
11-05 02:28:32.449 1511 1687 I input_focus: [Focus leaving eefcbb2 NotificationShade (server),reason=NOT_FOCUSABLE]
11-05 02:28:32.449 1511 1687 I input_focus: [Focus entering a226794 com.android.launcher3/com.android.launcher3.uioverrides.QuickstepLauncher (server),reason=setFocusedWindow]
11-05 02:28:32.450 1511 1602 I sysui_multi_action: [757,803,799,window_time_0,802,10]
11-05 02:28:32.463 1511 4551 I am_uid_active: 10088
11-05 02:28:32.468 1511 1540 I wm_task_moved: [125,1,7]
11-05 02:28:32.469 1511 1540 I wm_task_to_front: [0,125]
11-05 02:28:32.469 1511 1540 I wm_focused_root_task: [0,0,125,127,bringingFoundTaskToFront]
11-05 02:28:32.469 1511 1540 I wm_set_resumed_activity: [0,com.android.settings/.Settings,bringingFoundTaskToFront]
11-05 02:28:32.469 1511 1540 I wm_new_intent: [0,218536549,125,com.android.settings/.Settings,android.intent.action.MAIN,NULL,NULL,270532608]
11-05 02:28:32.470 1511 1540 I wm_pause_activity: [0,85145698,com.android.settings/.Settings$WifiDetailsSettingsActivity,userLeaving=true,pauseBackTasks]
11-05 02:28:32.470 1511 1687 I input_focus: [Focus leaving a226794 com.android.launcher3/com.android.launcher3.uioverrides.QuickstepLauncher (server),reason=NO_WINDOW]
11-05 02:28:32.473 1511 4218 I wm_finish_activity: [0,85145698,127,com.android.settings/.Settings$WifiDetailsSettingsActivity,app-request]
11-05 02:28:32.473 17863 17863 I wm_on_create_called: [85145698,com.android.settings.Settings$WifiDetailsSettingsActivity,performCreate]
11-05 02:28:32.475 1511 2766 I wm_add_to_stopping: [0,85145698,com.android.settings/.Settings$WifiDetailsSettingsActivity,completeFinishing]
11-05 02:28:32.476 1511 2766 I wm_set_resumed_activity: [0,com.android.settings/.Settings,resumeTopActivityInnerLocked]
11-05 02:28:32.477 1511 2766 I wm_resume_activity: [0,218536549,125,com.android.settings/.Settings]
11-05 02:28:32.480 17863 17863 I wm_on_restart_called: [218536549,com.android.settings.Settings,performRestartActivity]
11-05 02:28:32.484 1511 1602 I sysui_multi_action: [757,803,799,window_time_0,802,1]
11-05 02:28:32.489 17863 17863 I wm_on_start_called: [218536549,com.android.settings.Settings,handleStartActivity]
11-05 02:28:32.490 17863 17863 I snet_event_log: [120484087,-1,]
11-05 02:28:32.490 17863 17863 I wm_on_resume_called: [218536549,com.android.settings.Settings,RESUME_ACTIVITY]
11-05 02:28:32.491 17863 17863 I sysui_multi_action: [757,35,758,1,833,0,1089,0]
11-05 02:28:32.501 17863 17863 I sysui_multi_action: [757,746,758,1,833,0,1089,0]
11-05 02:28:32.502 1511 1765 D TelephonyRegistry: listen oscl: mHasNotifySubscriptionInfoChangedOccurred==false no callback
11-05 02:28:32.504 1511 1765 D TelephonyRegistry: listen oscl: mHasNotifySubscriptionInfoChangedOccurred==false no callback
11-05 02:28:32.511 17863 17863 I wm_on_top_resumed_gained_called: [218536549,com.android.settings.Settings,topWhenResuming]
11-05 02:28:32.537 1511 1603 I input_focus: [Focus request db52f45 com.android.settings/com.android.settings.Settings,reason=UpdateInputWindows]
11-05 02:28:32.564 1511 1687 I input_focus: [Focus entering db52f45 com.android.settings/com.android.settings.Settings (server),reason=setFocusedWindow]
11-05 02:28:32.570 1511 1599 I sysui_multi_action: [319,56,321,54,322,156,325,4582,757,761,758,8,759,1,806,com.android.settings,871,com.android.settings.Settings,904,com.android.launcher3,905,0,1320,4,1321,1]
11-05 02:28:32.572 1511 1599 I wm_activity_launch_time: [0,218536549,com.android.settings/.Settings,156]
11-05 02:28:32.733 1511 1602 I wm_stop_activity: [0,245869423,com.android.launcher3/.uioverrides.QuickstepLauncher]
11-05 02:28:32.755 2535 2535 I wm_on_stop_called: [245869423,com.android.launcher3.uioverrides.QuickstepLauncher,STOP_ACTIVITY_ITEM]
11-05 02:28:32.768 1511 1511 I notification_enqueue: [10082,1934,com.android.systemui,2048,NULL,0,Notification(channel=updateNotification shortcut=null contentView=null vibrate=null sound=null defaults=0x0 flags=0x0 color=0x00000000 vis=PRIVATE),1]
11-05 02:28:32.768 1934 1934 I sysui_multi_action: [757,111,758,2]
11-05 02:28:32.768 1934 1934 I sysui_multi_action: [757,111,758,2]
11-05 02:28:32.773 1934 1934 I sysui_multi_action: [757,111,758,1]
11-05 02:28:32.773 1934 1934 I sysui_multi_action: [757,126,758,1,759,126,927,0,928,1,1593,1]
11-05 02:28:32.773 1934 1934 I sysui_multi_action: [757,113,758,1,759,113,927,1,928,1,1593,1]
11-05 02:28:32.774 1934 1934 I sysui_multi_action: [757,0,758,1,759,0,927,2,928,0,1593,1]
11-05 02:28:32.774 1934 1934 I sysui_multi_action: [757,0,758,1,759,0,927,3,928,0,1593,1]
11-05 02:28:32.774 1934 1934 I sysui_multi_action: [757,491,758,1,759,491,927,4,928,0,1311,-1,1593,0]
11-05 02:28:32.774 1934 1934 I sysui_multi_action: [757,0,758,1,759,0,927,5,928,0,1593,0]
11-05 02:28:32.774 1934 1934 I sysui_multi_action: [757,111,758,1]
11-05 02:28:32.774 1934 1934 I sysui_multi_action: [757,126,758,1,759,126,927,0,928,1,1593,1]
11-05 02:28:32.775 1934 1934 I sysui_multi_action: [757,113,758,1,759,113,927,1,928,1,1593,1]
11-05 02:28:32.775 1934 1934 I sysui_multi_action: [757,0,758,1,759,0,927,2,928,0,1593,1]
11-05 02:28:32.775 1934 1934 I sysui_multi_action: [757,0,758,1,759,0,927,3,928,0,1593,1]
11-05 02:28:32.767 0 0 I auditd : type=1400 audit(0.0:5087): avc: denied { kill } for comm="swapper/0" capability=5 scontext=u:r:kernel:s0 tcontext=u:r:kernel:s0 tclass=capability permissive=0
11-05 02:28:32.789 1934 1934 I sysui_multi_action: [757,111,758,2]
11-05 02:28:32.789 1511 1511 I notification_enqueue: [10082,1934,com.android.systemui,2048,NULL,0,Notification(channel=updateNotification shortcut=null contentView=null vibrate=null sound=null defaults=0x0 flags=0x0 color=0x00000000 vis=PRIVATE),1]
11-05 02:28:32.789 1934 1934 I sysui_multi_action: [757,111,758,2]
11-05 02:28:32.794 1934 1934 I sysui_multi_action: [757,111,758,1]
11-05 02:28:32.794 1934 1934 I sysui_multi_action: [757,126,758,1,759,126,927,0,928,1,1593,1]
11-05 02:28:32.794 1934 1934 I sysui_multi_action: [757,113,758,1,759,113,927,1,928,1,1593,1]
11-05 02:28:32.794 1934 1934 I sysui_multi_action: [757,0,758,1,759,0,927,2,928,0,1593,1]
11-05 02:28:32.794 1934 1934 I sysui_multi_action: [757,0,758,1,759,0,927,3,928,0,1593,1]
11-05 02:28:32.795 1934 1934 I sysui_multi_action: [757,491,758,1,759,491,927,4,928,0,1311,-1,1593,0]
11-05 02:28:32.795 1934 1934 I sysui_multi_action: [757,0,758,1,759,0,927,5,928,0,1593,0]
11-05 02:28:32.795 1934 1934 I sysui_multi_action: [757,111,758,1]
11-05 02:28:32.795 1934 1934 I sysui_multi_action: [757,126,758,1,759,126,927,0,928,1,1593,1]
11-05 02:28:32.795 1934 1934 I sysui_multi_action: [757,113,758,1,759,113,927,1,928,1,1593,1]
11-05 02:28:32.795 1934 1934 I sysui_multi_action: [757,0,758,1,759,0,927,2,928,0,1593,1]
11-05 02:28:32.795 1934 1934 I sysui_multi_action: [757,0,758,1,759,0,927,3,928,0,1593,1]
11-05 02:28:32.805 1934 1934 I sysui_multi_action: [757,111,758,2]
11-05 02:28:32.805 1934 1934 I sysui_multi_action: [757,111,758,2]
11-05 02:28:32.805 1511 1511 I notification_enqueue: [10082,1934,com.android.systemui,2048,NULL,0,Notification(channel=updateNotification shortcut=null contentView=null vibrate=null sound=null defaults=0x0 flags=0x0 color=0x00000000 vis=PRIVATE),1]
11-05 02:28:32.809 1934 1934 I sysui_multi_action: [757,111,758,1]
11-05 02:28:32.809 1934 1934 I sysui_multi_action: [757,126,758,1,759,126,927,0,928,1,1593,0]
11-05 02:28:32.809 1934 1934 I sysui_multi_action: [757,113,758,1,759,113,927,1,928,1,1593,0]
11-05 02:28:32.809 1934 1934 I sysui_multi_action: [757,0,758,1,759,0,927,2,928,0,1593,0]
11-05 02:28:32.809 1934 1934 I sysui_multi_action: [757,0,758,1,759,0,927,3,928,0,1593,0]
11-05 02:28:32.809 1934 1934 I sysui_multi_action: [757,491,758,1,759,491,927,4,928,0,1311,-1,1593,0]
11-05 02:28:32.809 1934 1934 I sysui_multi_action: [757,0,758,1,759,0,927,5,928,0,1593,0]
11-05 02:28:32.809 1934 1934 I sysui_multi_action: [757,111,758,1]
11-05 02:28:32.809 1934 1934 I sysui_multi_action: [757,126,758,1,759,126,927,0,928,1,1593,1]
11-05 02:28:32.809 1934 1934 I sysui_multi_action: [757,113,758,1,759,113,927,1,928,1,1593,1]
11-05 02:28:32.809 1934 1934 I sysui_multi_action: [757,0,758,1,759,0,927,2,928,0,1593,1]
11-05 02:28:32.810 1934 1934 I sysui_multi_action: [757,0,758,1,759,0,927,3,928,0,1593,1]
11-05 02:28:32.822 1934 1934 I sysui_multi_action: [757,111,758,2]
11-05 02:28:32.822 1511 1511 I notification_enqueue: [10082,1934,com.android.systemui,2048,NULL,0,Notification(channel=updateNotification shortcut=null contentView=null vibrate=null sound=null defaults=0x0 flags=0x0 color=0x00000000 vis=PRIVATE),1]
11-05 02:28:32.822 1934 1934 I sysui_multi_action: [757,111,758,2]
11-05 02:28:32.826 1934 1934 I sysui_multi_action: [757,111,758,1]
11-05 02:28:32.826 1934 1934 I sysui_multi_action: [757,126,758,1,759,126,927,0,928,1,1593,1]
11-05 02:28:32.826 1934 1934 I sysui_multi_action: [757,113,758,1,759,113,927,1,928,1,1593,1]
11-05 02:28:32.826 1934 1934 I sysui_multi_action: [757,0,758,1,759,0,927,2,928,0,1593,1]
11-05 02:28:32.826 1934 1934 I sysui_multi_action: [757,0,758,1,759,0,927,3,928,0,1593,1]
11-05 02:28:32.827 1934 1934 I sysui_multi_action: [757,491,758,1,759,491,927,4,928,0,1311,-1,1593,0]
11-05 02:28:32.827 1934 1934 I sysui_multi_action: [757,0,758,1,759,0,927,5,928,0,1593,0]
11-05 02:28:32.827 1934 1934 I sysui_multi_action: [757,111,758,1]
11-05 02:28:32.827 1934 1934 I sysui_multi_action: [757,126,758,1,759,126,927,0,928,1,1593,1]
11-05 02:28:32.827 1934 1934 I sysui_multi_action: [757,113,758,1,759,113,927,1,928,1,1593,1]
11-05 02:28:32.827 1934 1934 I sysui_multi_action: [757,0,758,1,759,0,927,2,928,0,1593,1]
11-05 02:28:32.827 1934 1934 I sysui_multi_action: [757,0,758,1,759,0,927,3,928,0,1593,1]
11-05 02:28:32.835 1934 1934 I sysui_multi_action: [757,111,758,2]
11-05 02:28:32.835 1511 1511 I notification_enqueue: [10082,1934,com.android.systemui,2048,NULL,0,Notification(channel=updateNotification shortcut=null contentView=null vibrate=null sound=null defaults=0x0 flags=0x0 color=0x00000000 vis=PRIVATE),1]
11-05 02:28:32.835 1934 1934 I sysui_multi_action: [757,111,758,2]
11-05 02:28:32.839 1934 1934 I sysui_multi_action: [757,111,758,1]
11-05 02:28:32.840 1934 1934 I sysui_multi_action: [757,126,758,1,759,126,927,0,928,1,1593,1]
11-05 02:28:32.840 1934 1934 I sysui_multi_action: [757,113,758,1,759,113,927,1,928,1,1593,1]
11-05 02:28:32.840 1934 1934 I sysui_multi_action: [757,0,758,1,759,0,927,2,928,0,1593,1]
11-05 02:28:32.840 1934 1934 I sysui_multi_action: [757,0,758,1,759,0,927,3,928,0,1593,1]
11-05 02:28:32.840 1934 1934 I sysui_multi_action: [757,491,758,1,759,491,927,4,928,0,1311,-1,1593,0]
11-05 02:28:32.840 1934 1934 I sysui_multi_action: [757,0,758,1,759,0,927,5,928,0,1593,0]
11-05 02:28:32.840 1934 1934 I sysui_multi_action: [757,111,758,1]
11-05 02:28:32.840 1934 1934 I sysui_multi_action: [757,126,758,1,759,126,927,0,928,1,1593,1]
11-05 02:28:32.841 1934 1934 I sysui_multi_action: [757,113,758,1,759,113,927,1,928,1,1593,1]
11-05 02:28:32.841 1934 1934 I sysui_multi_action: [757,0,758,1,759,0,927,2,928,0,1593,1]
11-05 02:28:32.841 1934 1934 I sysui_multi_action: [757,0,758,1,759,0,927,3,928,0,1593,1]
11-05 02:28:32.854 1934 1934 I sysui_multi_action: [757,111,758,2]
11-05 02:28:32.855 1511 1511 I notification_enqueue: [10082,1934,com.android.systemui,2048,NULL,0,Notification(channel=updateNotification shortcut=null contentView=null vibrate=null sound=null defaults=0x0 flags=0x0 color=0x00000000 vis=PRIVATE),1]
11-05 02:28:32.855 1934 1934 I sysui_multi_action: [757,111,758,2]
11-05 02:28:32.858 1934 1934 I sysui_multi_action: [757,111,758,1]
11-05 02:28:32.858 1934 1934 I sysui_multi_action: [757,126,758,1,759,126,927,0,928,1,1593,1]
11-05 02:28:32.858 1934 1934 I sysui_multi_action: [757,113,758,1,759,113,927,1,928,1,1593,1]
11-05 02:28:32.859 1934 1934 I sysui_multi_action: [757,0,758,1,759,0,927,2,928,0,1593,1]
11-05 02:28:32.859 1934 1934 I sysui_multi_action: [757,0,758,1,759,0,927,3,928,0,1593,1]
11-05 02:28:32.859 1934 1934 I sysui_multi_action: [757,491,758,1,759,491,927,4,928,0,1311,-1,1593,0]
11-05 02:28:32.859 1934 1934 I sysui_multi_action: [757,0,758,1,759,0,927,5,928,0,1593,0]
11-05 02:28:32.859 1934 1934 I sysui_multi_action: [757,111,758,1]
11-05 02:28:32.859 1934 1934 I sysui_multi_action: [757,126,758,1,759,126,927,0,928,1,1593,1]
11-05 02:28:32.859 1934 1934 I sysui_multi_action: [757,113,758,1,759,113,927,1,928,1,1593,1]
11-05 02:28:32.859 1934 1934 I sysui_multi_action: [757,0,758,1,759,0,927,2,928,0,1593,1]
11-05 02:28:32.859 1934 1934 I sysui_multi_action: [757,0,758,1,759,0,927,3,928,0,1593,1]
11-05 02:28:32.868 1934 1934 I sysui_multi_action: [757,111,758,2]
11-05 02:28:32.868 1511 1511 I notification_enqueue: [10082,1934,com.android.systemui,2048,NULL,0,Notification(channel=updateNotification shortcut=null contentView=null vibrate=null sound=null defaults=0x0 flags=0x0 color=0x00000000 vis=PRIVATE),1]
11-05 02:28:32.868 1934 1934 I sysui_multi_action: [757,111,758,2]
11-05 02:28:32.872 1934 1934 I sysui_multi_action: [757,111,758,1]
11-05 02:28:32.872 1934 1934 I sysui_multi_action: [757,126,758,1,759,126,927,0,928,1,1593,1]
11-05 02:28:32.873 1934 1934 I sysui_multi_action: [757,113,758,1,759,113,927,1,928,1,1593,1]
11-05 02:28:32.873 1934 1934 I sysui_multi_action: [757,0,758,1,759,0,927,2,928,0,1593,1]
11-05 02:28:32.873 1934 1934 I sysui_multi_action: [757,0,758,1,759,0,927,3,928,0,1593,1]
11-05 02:28:32.873 1934 1934 I sysui_multi_action: [757,491,758,1,759,491,927,4,928,0,1311,-1,1593,0]
11-05 02:28:32.873 1934 1934 I sysui_multi_action: [757,0,758,1,759,0,927,5,928,0,1593,0]
11-05 02:28:32.873 1934 1934 I sysui_multi_action: [757,111,758,1]
11-05 02:28:32.873 1934 1934 I sysui_multi_action: [757,126,758,1,759,126,927,0,928,1,1593,1]
11-05 02:28:32.873 1934 1934 I sysui_multi_action: [757,113,758,1,759,113,927,1,928,1,1593,1]
11-05 02:28:32.874 1934 1934 I sysui_multi_action: [757,0,758,1,759,0,927,2,928,0,1593,1]
11-05 02:28:32.874 1934 1934 I sysui_multi_action: [757,0,758,1,759,0,927,3,928,0,1593,1]
11-05 02:28:32.882 1934 1934 I sysui_multi_action: [757,111,758,2]
11-05 02:28:32.882 1511 1511 I notification_enqueue: [10082,1934,com.android.systemui,2048,NULL,0,Notification(channel=updateNotification shortcut=null contentView=null vibrate=null sound=null defaults=0x0 flags=0x0 color=0x00000000 vis=PRIVATE),1]
11-05 02:28:32.882 1934 1934 I sysui_multi_action: [757,111,758,2]
11-05 02:28:32.886 1934 1934 I sysui_multi_action: [757,111,758,1]
11-05 02:28:32.886 1934 1934 I sysui_multi_action: [757,126,758,1,759,126,927,0,928,1,1593,1]
11-05 02:28:32.886 1934 1934 I sysui_multi_action: [757,113,758,1,759,113,927,1,928,1,1593,1]
11-05 02:28:32.886 1934 1934 I sysui_multi_action: [757,0,758,1,759,0,927,2,928,0,1593,1]
11-05 02:28:32.886 1934 1934 I sysui_multi_action: [757,0,758,1,759,0,927,3,928,0,1593,1]
11-05 02:28:32.886 1934 1934 I sysui_multi_action: [757,491,758,1,759,491,927,4,928,0,1311,-1,1593,0]
11-05 02:28:32.886 1934 1934 I sysui_multi_action: [757,0,758,1,759,0,927,5,928,0,1593,0]
11-05 02:28:32.886 1934 1934 I sysui_multi_action: [757,111,758,1]
11-05 02:28:32.887 1934 1934 I sysui_multi_action: [757,126,758,1,759,126,927,0,928,1,1593,1]
11-05 02:28:32.887 1934 1934 I sysui_multi_action: [757,113,758,1,759,113,927,1,928,1,1593,1]
11-05 02:28:32.887 1934 1934 I sysui_multi_action: [757,0,758,1,759,0,927,2,928,0,1593,1]
11-05 02:28:32.887 1934 1934 I sysui_multi_action: [757,0,758,1,759,0,927,3,928,0,1593,1]
11-05 02:28:32.898 17863 17863 I sysui_multi_action: [757,746,758,2,1089,396]
11-05 02:28:32.898 1511 1511 I notification_enqueue: [10082,1934,com.android.systemui,2048,NULL,0,Notification(channel=updateNotification shortcut=null contentView=null vibrate=null sound=null defaults=0x0 flags=0x0 color=0x00000000 vis=PRIVATE),1]
11-05 02:28:32.899 1934 1934 I sysui_multi_action: [757,111,758,2]
11-05 02:28:32.899 1934 1934 I sysui_multi_action: [757,111,758,2]
11-05 02:28:32.903 1934 1934 I sysui_multi_action: [757,111,758,1]
11-05 02:28:32.903 1934 1934 I sysui_multi_action: [757,126,758,1,759,126,927,0,928,1,1593,0]
11-05 02:28:32.903 1934 1934 I sysui_multi_action: [757,113,758,1,759,113,927,1,928,1,1593,1]
11-05 02:28:32.903 1934 1934 I sysui_multi_action: [757,0,758,1,759,0,927,2,928,0,1593,1]
11-05 02:28:32.903 1934 1934 I sysui_multi_action: [757,0,758,1,759,0,927,3,928,0,1593,1]
11-05 02:28:32.903 1934 1934 I sysui_multi_action: [757,491,758,1,759,491,927,4,928,0,1311,-1,1593,0]
11-05 02:28:32.903 1934 1934 I sysui_multi_action: [757,0,758,1,759,0,927,5,928,0,1593,0]
11-05 02:28:32.903 1934 1934 I sysui_multi_action: [757,111,758,1]
11-05 02:28:32.903 1934 1934 I sysui_multi_action: [757,126,758,1,759,126,927,0,928,1,1593,1]
11-05 02:28:32.903 1934 1934 I sysui_multi_action: [757,113,758,1,759,113,927,1,928,1,1593,1]
11-05 02:28:32.903 1934 1934 I sysui_multi_action: [757,0,758,1,759,0,927,2,928,0,1593,1]
11-05 02:28:32.903 1934 1934 I sysui_multi_action: [757,0,758,1,759,0,927,3,928,0,1593,1]
11-05 02:28:32.913 1934 1934 I sysui_multi_action: [757,111,758,2]
11-05 02:28:32.913 1934 1934 I sysui_multi_action: [757,111,758,2]
11-05 02:28:32.914 1511 1511 I notification_enqueue: [10082,1934,com.android.systemui,2048,NULL,0,Notification(channel=updateNotification shortcut=null contentView=null vibrate=null sound=null defaults=0x0 flags=0x0 color=0x00000000 vis=PRIVATE),1]
11-05 02:28:32.916 1934 1934 I sysui_multi_action: [757,111,758,1]
11-05 02:28:32.916 1934 1934 I sysui_multi_action: [757,126,758,1,759,126,927,0,928,1,1593,1]
11-05 02:28:32.916 1934 1934 I sysui_multi_action: [757,113,758,1,759,113,927,1,928,1,1593,1]
11-05 02:28:32.916 1934 1934 I sysui_multi_action: [757,0,758,1,759,0,927,2,928,0,1593,1]
11-05 02:28:32.916 1934 1934 I sysui_multi_action: [757,0,758,1,759,0,927,3,928,0,1593,1]
11-05 02:28:32.916 1934 1934 I sysui_multi_action: [757,491,758,1,759,491,927,4,928,0,1311,-1,1593,1]
11-05 02:28:32.916 1934 1934 I sysui_multi_action: [757,0,758,1,759,0,927,5,928,0,1593,1]
11-05 02:28:32.916 1934 1934 I sysui_multi_action: [757,111,758,1]
11-05 02:28:32.916 1934 1934 I sysui_multi_action: [757,126,758,1,759,126,927,0,928,1,1593,1]
11-05 02:28:32.916 1934 1934 I sysui_multi_action: [757,113,758,1,759,113,927,1,928,1,1593,1]
11-05 02:28:32.916 1934 1934 I sysui_multi_action: [757,0,758,1,759,0,927,2,928,0,1593,0]
11-05 02:28:32.916 1934 1934 I sysui_multi_action: [757,0,758,1,759,0,927,3,928,0,1593,0]
11-05 02:28:32.930 1934 1934 I sysui_multi_action: [757,111,758,2]
11-05 02:28:32.930 1934 1934 I sysui_multi_action: [757,111,758,2]
11-05 02:28:32.931 1511 1511 I notification_enqueue: [10082,1934,com.android.systemui,2048,NULL,0,Notification(channel=updateNotification shortcut=null contentView=null vibrate=null sound=null defaults=0x0 flags=0x0 color=0x00000000 vis=PRIVATE),1]
11-05 02:28:32.933 1934 1934 I sysui_multi_action: [757,111,758,1]
11-05 02:28:32.933 1934 1934 I sysui_multi_action: [757,126,758,1,759,126,927,0,928,1,1593,1]
11-05 02:28:32.933 1934 1934 I sysui_multi_action: [757,113,758,1,759,113,927,1,928,1,1593,1]
11-05 02:28:32.933 1934 1934 I sysui_multi_action: [757,0,758,1,759,0,927,2,928,0,1593,1]
11-05 02:28:32.933 1934 1934 I sysui_multi_action: [757,0,758,1,759,0,927,3,928,0,1593,1]
11-05 02:28:32.933 1934 1934 I sysui_multi_action: [757,491,758,1,759,491,927,4,928,0,1311,-1,1593,0]
11-05 02:28:32.933 1934 1934 I sysui_multi_action: [757,0,758,1,759,0,927,5,928,0,1593,0]
11-05 02:28:32.933 1934 1934 I sysui_multi_action: [757,111,758,1]
11-05 02:28:32.933 1934 1934 I sysui_multi_action: [757,126,758,1,759,126,927,0,928,1,1593,1]
11-05 02:28:32.933 1934 1934 I sysui_multi_action: [757,113,758,1,759,113,927,1,928,1,1593,1]
11-05 02:28:32.933 1934 1934 I sysui_multi_action: [757,0,758,1,759,0,927,2,928,0,1593,1]
11-05 02:28:32.934 1934 1934 I sysui_multi_action: [757,0,758,1,759,0,927,3,928,0,1593,1]
11-05 02:28:32.943 1511 4218 I sysui_multi_action: [757,128,758,2,793,4571832,794,9281,795,4571832,796,26,798,0,806,android,857,DEVELOPER_IMPORTANT,858,4,947,0,1395,2,1500,4571135,1688,1]
11-05 02:28:32.943 1511 4218 I notification_visibility: [-1|android|26|null|1000,0,4571832,4571832,0,0]
11-05 02:28:32.943 1511 4218 I sysui_multi_action: [757,128,758,2,793,4572607,794,9281,795,4572607,796,32,798,1,806,android,857,USB,858,1,947,0,1395,2,1500,4572549,1688,1]
11-05 02:28:32.943 1511 4218 I notification_visibility: [-1|android|32|null|1000,0,4572607,4572607,0,1]
11-05 02:28:32.947 1934 1934 I sysui_multi_action: [757,111,758,2]
11-05 02:28:32.947 1934 1934 I sysui_multi_action: [757,111,758,2]
11-05 02:28:32.947 1511 1511 I notification_enqueue: [10082,1934,com.android.systemui,2048,NULL,0,Notification(channel=updateNotification shortcut=null contentView=null vibrate=null sound=null defaults=0x0 flags=0x0 color=0x00000000 vis=PRIVATE),1]
11-05 02:28:32.949 1934 1934 I sysui_multi_action: [757,111,758,1]
11-05 02:28:32.949 1934 1934 I sysui_multi_action: [757,126,758,1,759,126,927,0,928,1,1593,1]
11-05 02:28:32.949 1934 1934 I sysui_multi_action: [757,113,758,1,759,113,927,1,928,1,1593,1]
11-05 02:28:32.949 1934 1934 I sysui_multi_action: [757,0,758,1,759,0,927,2,928,0,1593,1]
11-05 02:28:32.949 1934 1934 I sysui_multi_action: [757,0,758,1,759,0,927,3,928,0,1593,1]
11-05 02:28:32.949 1934 1934 I sysui_multi_action: [757,491,758,1,759,491,927,4,928,0,1311,-1,1593,0]
11-05 02:28:32.949 1934 1934 I sysui_multi_action: [757,0,758,1,759,0,927,5,928,0,1593,0]
11-05 02:28:32.950 1934 1934 I sysui_multi_action: [757,111,758,1]
11-05 02:28:32.950 1934 1934 I sysui_multi_action: [757,126,758,1,759,126,927,0,928,1,1593,1]
11-05 02:28:32.950 1934 1934 I sysui_multi_action: [757,113,758,1,759,113,927,1,928,1,1593,1]
11-05 02:28:32.950 1934 1934 I sysui_multi_action: [757,0,758,1,759,0,927,2,928,0,1593,1]
11-05 02:28:32.950 1934 1934 I sysui_multi_action: [757,0,758,1,759,0,927,3,928,0,1593,1]
11-05 02:28:32.964 17863 17863 I sysui_multi_action: [757,849,758,1,833,0,1089,56]
11-05 02:28:32.965 1934 1934 I sysui_multi_action: [757,111,758,2]
11-05 02:28:32.965 1511 1511 I notification_enqueue: [10082,1934,com.android.systemui,2048,NULL,0,Notification(channel=updateNotification shortcut=null contentView=null vibrate=null sound=null defaults=0x0 flags=0x0 color=0x00000000 vis=PRIVATE),1]
11-05 02:28:32.965 1934 1934 I sysui_multi_action: [757,111,758,2]
11-05 02:28:32.965 17863 17863 I sysui_multi_action: [757,1729,758,4,854,isParalleledControllers:false,1089,58]
11-05 02:28:32.968 1934 1934 I sysui_multi_action: [757,111,758,1]
11-05 02:28:32.968 1934 1934 I sysui_multi_action: [757,126,758,1,759,126,927,0,928,1,1593,0]
11-05 02:28:32.968 1934 1934 I sysui_multi_action: [757,113,758,1,759,113,927,1,928,1,1593,0]
11-05 02:28:32.968 1934 1934 I sysui_multi_action: [757,0,758,1,759,0,927,2,928,0,1593,0]
11-05 02:28:32.968 1934 1934 I sysui_multi_action: [757,0,758,1,759,0,927,3,928,0,1593,0]
11-05 02:28:32.968 1934 1934 I sysui_multi_action: [757,491,758,1,759,491,927,4,928,0,1311,-1,1593,0]
11-05 02:28:32.968 1934 1934 I sysui_multi_action: [757,0,758,1,759,0,927,5,928,0,1593,0]
11-05 02:28:32.968 1934 1934 I sysui_multi_action: [757,111,758,1]
11-05 02:28:32.969 1934 1934 I sysui_multi_action: [757,126,758,1,759,126,927,0,928,1,1593,0]
11-05 02:28:32.969 1934 1934 I sysui_multi_action: [757,113,758,1,759,113,927,1,928,1,1593,0]
11-05 02:28:32.969 1934 1934 I sysui_multi_action: [757,0,758,1,759,0,927,2,928,0,1593,0]
11-05 02:28:32.969 1934 1934 I sysui_multi_action: [757,0,758,1,759,0,927,3,928,0,1593,0]
11-05 02:28:32.981 1934 1934 I sysui_multi_action: [757,111,758,2]
11-05 02:28:32.981 1511 1511 I notification_enqueue: [10082,1934,com.android.systemui,2048,NULL,0,Notification(channel=updateNotification shortcut=null contentView=null vibrate=null sound=null defaults=0x0 flags=0x0 color=0x00000000 vis=PRIVATE),1]
11-05 02:28:32.981 1934 1934 I sysui_multi_action: [757,111,758,2]
11-05 02:28:32.983 1934 1934 I sysui_multi_action: [757,111,758,1]
11-05 02:28:32.983 1934 1934 I sysui_multi_action: [757,126,758,1,759,126,927,0,928,1,1593,0]
11-05 02:28:32.983 1934 1934 I sysui_multi_action: [757,113,758,1,759,113,927,1,928,1,1593,0]
11-05 02:28:32.983 1934 1934 I sysui_multi_action: [757,0,758,1,759,0,927,2,928,0,1593,0]
11-05 02:28:32.983 1934 1934 I sysui_multi_action: [757,0,758,1,759,0,927,3,928,0,1593,0]
11-05 02:28:32.983 1934 1934 I sysui_multi_action: [757,491,758,1,759,491,927,4,928,0,1311,-1,1593,0]
11-05 02:28:32.984 1934 1934 I sysui_multi_action: [757,0,758,1,759,0,927,5,928,0,1593,0]
11-05 02:28:32.984 1934 1934 I sysui_multi_action: [757,111,758,1]
11-05 02:28:32.984 1934 1934 I sysui_multi_action: [757,126,758,1,759,126,927,0,928,1,1593,1]
11-05 02:28:32.984 1934 1934 I sysui_multi_action: [757,113,758,1,759,113,927,1,928,1,1593,1]
11-05 02:28:32.984 1934 1934 I sysui_multi_action: [757,0,758,1,759,0,927,2,928,0,1593,1]
11-05 02:28:32.984 1934 1934 I sysui_multi_action: [757,0,758,1,759,0,927,3,928,0,1593,1]
11-05 02:28:32.997 1934 1934 I sysui_multi_action: [757,111,758,2]
11-05 02:28:32.997 1934 1934 I sysui_multi_action: [757,111,758,2]
11-05 02:28:32.997 1511 1511 I notification_enqueue: [10082,1934,com.android.systemui,2048,NULL,0,Notification(channel=updateNotification shortcut=null contentView=null vibrate=null sound=null defaults=0x0 flags=0x0 color=0x00000000 vis=PRIVATE),1]
11-05 02:28:33.000 1934 1934 I sysui_multi_action: [757,111,758,1]
11-05 02:28:33.000 1934 1934 I sysui_multi_action: [757,126,758,1,759,126,927,0,928,1,1593,0]
11-05 02:28:33.000 1934 1934 I sysui_multi_action: [757,113,758,1,759,113,927,1,928,1,1593,0]
11-05 02:28:33.000 1934 1934 I sysui_multi_action: [757,0,758,1,759,0,927,2,928,0,1593,0]
11-05 02:28:33.000 1934 1934 I sysui_multi_action: [757,0,758,1,759,0,927,3,928,0,1593,0]
11-05 02:28:33.001 1934 1934 I sysui_multi_action: [757,491,758,1,759,491,927,4,928,0,1311,-1,1593,0]
11-05 02:28:33.001 1934 1934 I sysui_multi_action: [757,0,758,1,759,0,927,5,928,0,1593,0]
11-05 02:28:33.001 1934 1934 I sysui_multi_action: [757,111,758,1]
11-05 02:28:33.001 1934 1934 I sysui_multi_action: [757,126,758,1,759,126,927,0,928,1,1593,1]
11-05 02:28:33.001 1934 1934 I sysui_multi_action: [757,113,758,1,759,113,927,1,928,1,1593,1]
11-05 02:28:33.001 1934 1934 I sysui_multi_action: [757,0,758,1,759,0,927,2,928,0,1593,1]
11-05 02:28:33.001 1934 1934 I sysui_multi_action: [757,0,758,1,759,0,927,3,928,0,1593,1]
11-05 02:28:33.014 1934 1934 I sysui_multi_action: [757,111,758,2]
11-05 02:28:33.014 1934 1934 I sysui_multi_action: [757,111,758,2]
11-05 02:28:33.017 1934 1934 I sysui_multi_action: [757,111,758,1]
11-05 02:28:33.017 1934 1934 I sysui_multi_action: [757,126,758,1,759,126,927,0,928,1,1593,1]
11-05 02:28:33.017 1934 1934 I sysui_multi_action: [757,113,758,1,759,113,927,1,928,1,1593,1]
11-05 02:28:33.017 1934 1934 I sysui_multi_action: [757,0,758,1,759,0,927,2,928,0,1593,1]
11-05 02:28:33.017 1934 1934 I sysui_multi_action: [757,0,758,1,759,0,927,3,928,0,1593,1]
11-05 02:28:33.017 1934 1934 I sysui_multi_action: [757,491,758,1,759,491,927,4,928,0,1311,-1,1593,0]
11-05 02:28:33.017 1934 1934 I sysui_multi_action: [757,0,758,1,759,0,927,5,928,0,1593,0]
11-05 02:28:33.017 1934 1934 I sysui_multi_action: [757,111,758,1]
11-05 02:28:33.017 1934 1934 I sysui_multi_action: [757,126,758,1,759,126,927,0,928,1,1593,1]
11-05 02:28:33.017 1934 1934 I sysui_multi_action: [757,113,758,1,759,113,927,1,928,1,1593,1]
11-05 02:28:33.017 1934 1934 I sysui_multi_action: [757,0,758,1,759,0,927,2,928,0,1593,1]
11-05 02:28:33.017 1934 1934 I sysui_multi_action: [757,0,758,1,759,0,927,3,928,0,1593,1]
11-05 02:28:33.020 1511 1511 I notification_enqueue: [10082,1934,com.android.systemui,2048,NULL,0,Notification(channel=updateNotification shortcut=null contentView=null vibrate=null sound=null defaults=0x0 flags=0x0 color=0x00000000 vis=PRIVATE),1]
11-05 02:28:33.031 1934 1934 I sysui_multi_action: [757,111,758,2]
11-05 02:28:33.031 1934 1934 I sysui_multi_action: [757,111,758,2]
11-05 02:28:33.034 1511 1511 I notification_enqueue: [10082,1934,com.android.systemui,2048,NULL,0,Notification(channel=updateNotification shortcut=null contentView=null vibrate=null sound=null defaults=0x0 flags=0x0 color=0x00000000 vis=PRIVATE),1]
11-05 02:28:33.040 1934 1934 I sysui_multi_action: [757,111,758,1]
11-05 02:28:33.041 1934 1934 I sysui_multi_action: [757,126,758,1,759,126,927,0,928,1,1593,1]
11-05 02:28:33.041 1934 1934 I sysui_multi_action: [757,113,758,1,759,113,927,1,928,1,1593,1]
11-05 02:28:33.041 1934 1934 I sysui_multi_action: [757,0,758,1,759,0,927,2,928,0,1593,1]
11-05 02:28:33.041 1934 1934 I sysui_multi_action: [757,0,758,1,759,0,927,3,928,0,1593,1]
11-05 02:28:33.041 1934 1934 I sysui_multi_action: [757,491,758,1,759,491,927,4,928,0,1311,-1,1593,0]
11-05 02:28:33.041 1934 1934 I sysui_multi_action: [757,0,758,1,759,0,927,5,928,0,1593,0]
11-05 02:28:33.041 1934 1934 I sysui_multi_action: [757,111,758,1]
11-05 02:28:33.041 1934 1934 I sysui_multi_action: [757,126,758,1,759,126,927,0,928,1,1593,1]
11-05 02:28:33.041 1934 1934 I sysui_multi_action: [757,113,758,1,759,113,927,1,928,1,1593,1]
11-05 02:28:33.041 1934 1934 I sysui_multi_action: [757,0,758,1,759,0,927,2,928,0,1593,1]
11-05 02:28:33.041 1934 1934 I sysui_multi_action: [757,0,758,1,759,0,927,3,928,0,1593,1]
11-05 02:28:33.050 1511 1602 I wm_destroy_activity: [0,85145698,127,com.android.settings/.Settings$WifiDetailsSettingsActivity,finish-imm:idle]
11-05 02:28:33.052 1934 1934 I sysui_multi_action: [757,111,758,2]
11-05 02:28:33.052 1934 1934 I sysui_multi_action: [757,111,758,2]
11-05 02:28:33.053 1511 1511 I notification_enqueue: [10082,1934,com.android.systemui,2048,NULL,0,Notification(channel=updateNotification shortcut=null contentView=null vibrate=null sound=null defaults=0x0 flags=0x0 color=0x00000000 vis=PRIVATE),1]
11-05 02:28:33.054 1511 4218 I sysui_multi_action: [757,127,758,2]
11-05 02:28:33.054 1511 4218 I notification_panel_hidden:
11-05 02:28:33.065 1934 1934 I sysui_multi_action: [757,111,758,1]
11-05 02:28:33.065 1934 1934 I sysui_multi_action: [757,126,758,1,759,126,927,0,928,1,1593,1]
11-05 02:28:33.065 1934 1934 I sysui_multi_action: [757,113,758,1,759,113,927,1,928,1,1593,1]
11-05 02:28:33.065 1934 1934 I sysui_multi_action: [757,0,758,1,759,0,927,2,928,0,1593,1]
11-05 02:28:33.065 1934 1934 I sysui_multi_action: [757,0,758,1,759,0,927,3,928,0,1593,1]
11-05 02:28:33.066 1934 1934 I sysui_multi_action: [757,491,758,1,759,491,927,4,928,0,1311,-1,1593,0]
11-05 02:28:33.066 1934 1934 I sysui_multi_action: [757,0,758,1,759,0,927,5,928,0,1593,0]
11-05 02:28:33.066 1934 1934 I sysui_multi_action: [757,111,758,1]
11-05 02:28:33.066 1934 1934 I sysui_multi_action: [757,126,758,1,759,126,927,0,928,1,1593,1]
11-05 02:28:33.066 1934 1934 I sysui_multi_action: [757,113,758,1,759,113,927,1,928,1,1593,1]
11-05 02:28:33.066 1934 1934 I sysui_multi_action: [757,0,758,1,759,0,927,2,928,0,1593,1]
11-05 02:28:33.066 1934 1934 I sysui_multi_action: [757,0,758,1,759,0,927,3,928,0,1593,1]
11-05 02:28:33.120 17863 17863 I wm_on_destroy_called: [85145698,com.android.settings.Settings$WifiDetailsSettingsActivity,performDestroy]
11-05 02:28:33.121 1511 2042 I wm_task_removed: [127,removeChild:removeChild last r=ActivityRecord{5133862 u0 com.android.settings/.Settings$WifiDetailsSettingsActivity t-1 f}} in t=Task{f862861 #127 type=standard A=1000:com.android.settings U=0 visible=false mode=fullscreen translucent=true sz=0}]
11-05 02:28:33.121 1511 2042 I wm_task_removed: [127,removeChild]
11-05 02:28:33.767 0 0 I auditd : type=1400 audit(0.0:5088): avc: denied { kill } for comm="swapper/0" capability=5 scontext=u:r:kernel:s0 tcontext=u:r:kernel:s0 tclass=capability permissive=0
11-05 02:28:33.844 1511 1687 I input_interaction: Interaction with: db52f45 com.android.settings/com.android.settings.Settings (server), edge-swipe (server), swipe-up (server), PointerEventDispatcher0 (server),
11-05 02:28:33.979 17863 17863 I sysui_multi_action: [757,137,758,4]
11-05 02:28:33.983 17863 17863 I sysui_multi_action: [757,849,758,2,1089,1020]
11-05 02:28:34.200 1511 1749 I netstats_mobile_sample: [0,0,0,0,0,0,0,0,0,0,0,0,1667586514199]
11-05 02:28:34.200 1511 1749 I netstats_wifi_sample: [11062482,29499,12199378,33978,11062482,29499,12199378,33978,19261466,88685,6188759,17960,1667586514199]
