11-05 02:28:34.767 0 0 I auditd : type=1400 audit(0.0:5089): avc: denied { kill } for comm="swapper/1" capability=5 scontext=u:r:kernel:s0 tcontext=u:r:kernel:s0 tclass=capability permissive=0
11-05 02:28:35.155 1511 2042 I wm_task_moved: [125,0,0]
11-05 02:28:35.159 1511 2042 I wm_focused_root_task: [0,0,1,125,moveTaskToBackLocked]
11-05 02:28:35.160 1511 2042 I wm_add_to_stopping: [0,218536549,com.android.settings/.Settings,makeInvisible]
11-05 02:28:35.162 1511 2042 I wm_pause_activity: [0,218536549,com.android.settings/.Settings,userLeaving=false,pauseBackTasks]
11-05 02:28:35.166 1511 2042 I wm_set_resumed_activity: [0,com.android.launcher3/.uioverrides.QuickstepLauncher,resumeTopActivityInnerLocked]
11-05 02:28:35.168 1511 2042 I wm_resume_activity: [0,245869423,40,com.android.launcher3/.uioverrides.QuickstepLauncher]
11-05 02:28:35.169 17863 17863 I wm_on_top_resumed_lost_called: [218536549,com.android.settings.Settings,topStateChangedWhenResumed]
11-05 02:28:35.183 1511 1602 I sysui_multi_action: [757,803,799,window_time_0,802,2]
11-05 02:28:35.190 1511 1687 I input_focus: [Focus leaving db52f45 com.android.settings/com.android.settings.Settings (server),reason=NO_WINDOW]
11-05 02:28:35.193 2535 2535 I wm_on_restart_called: [245869423,com.android.launcher3.uioverrides.QuickstepLauncher,performRestartActivity]
11-05 02:28:35.194 2535 2535 I wm_on_start_called: [245869423,com.android.launcher3.uioverrides.QuickstepLauncher,handleStartActivity]
11-05 02:28:35.194 17863 17863 I sysui_multi_action: [757,35,758,2,1089,2703]
11-05 02:28:35.196 17863 17863 I wm_on_paused_called: [218536549,com.android.settings.Settings,performPause]
11-05 02:28:35.196 2535 2535 I wm_on_resume_called: [245869423,com.android.launcher3.uioverrides.QuickstepLauncher,RESUME_ACTIVITY]
11-05 02:28:35.197 2535 2535 I wm_on_top_resumed_gained_called: [245869423,com.android.launcher3.uioverrides.QuickstepLauncher,topStateChangedWhenResumed]
11-05 02:28:35.212 1511 1603 I input_focus: [Focus request a226794 com.android.launcher3/com.android.launcher3.uioverrides.QuickstepLauncher,reason=UpdateInputWindows]
11-05 02:28:35.236 1511 1687 I input_focus: [Focus entering a226794 com.android.launcher3/com.android.launcher3.uioverrides.QuickstepLauncher (server),reason=Window became focusable. Previous reason: NOT_VISIBLE]
11-05 02:28:35.590 1511 1602 I wm_stop_activity: [0,218536549,com.android.settings/.Settings]
11-05 02:28:35.637 17863 17863 I wm_on_stop_called: [218536549,com.android.settings.Settings,STOP_ACTIVITY_ITEM]
11-05 02:28:35.673 1511 2001 I ntp_failure: [time.android.com,java.net.UnknownHostException: Unable to resolve host "time.android.com": No address associated with hostname]
11-05 02:28:35.744 1391 18236 I liblog : 95
11-05 02:28:35.744 1391 18236 I liblog : 1
11-05 02:28:35.799 1511 1511 I notification_enqueue: [1000,1511,android,17303299,com.android.wifi,0,Notification(channel=NETWORK_AVAILABLE shortcut=null contentView=null vibrate=null sound=null tick defaults=0x0 flags=0x100 color=0x00000000 actions=2 vis=PRIVATE),0]
11-05 02:28:35.912 1511 1687 I input_interaction: Interaction with: f0a305f StatusBar (server), edge-swipe (server), swipe-up (server), PointerEventDispatcher0 (server),
11-05 02:28:35.920 1934 1934 I sysui_multi_action: [757,803,799,panel_open,802,1]
11-05 02:28:35.922 1934 1934 I sysui_multi_action: [757,1328,758,4,1326,46,1327,2,1329,0]
11-05 02:28:35.999 1511 1765 I sysui_multi_action: [757,127,758,1]
11-05 02:28:35.999 1511 1765 I sysui_multi_action: [757,804,799,note_load,801,2,802,1]
11-05 02:28:35.999 1511 1765 I notification_panel_revealed: 2
11-05 02:28:35.999 1511 1511 I sysui_multi_action: [757,1501,758,1,793,201,794,0,795,201,796,17303299,797,com.android.wifi,806,android,857,NETWORK_AVAILABLE,858,2,947,0,1500,0,1688,1]
11-05 02:28:36.000 1511 1511 I sysui_multi_action: [757,804,799,note_interruptive,801,0,802,1]
11-05 02:28:36.007 1511 1511 I notification_enqueue: [10082,1934,com.android.systemui,2048,NULL,0,Notification(channel=updateNotification shortcut=null contentView=null vibrate=null sound=null defaults=0x0 flags=0x0 color=0x00000000 vis=PRIVATE),1]
11-05 02:28:36.009 1934 1934 I sysui_multi_action: [757,111,758,2]
11-05 02:28:36.009 1934 1934 I sysui_multi_action: [757,111,758,2]
11-05 02:28:36.025 1511 1603 I input_focus: [Focus request eefcbb2 NotificationShade,reason=UpdateInputWindows]
11-05 02:28:36.027 1934 1934 I sysui_multi_action: [757,111,758,1]
11-05 02:28:36.028 1934 1934 I sysui_multi_action: [757,126,758,1,759,126,927,0,928,1,1593,0]
11-05 02:28:36.028 1934 1934 I sysui_multi_action: [757,113,758,1,759,113,927,1,928,1,1593,0]
11-05 02:28:36.028 1934 1934 I sysui_multi_action: [757,0,758,1,759,0,927,2,928,0,1593,0]
11-05 02:28:36.028 1934 1934 I sysui_multi_action: [757,0,758,1,759,0,927,3,928,0,1593,0]
11-05 02:28:36.028 1934 1934 I sysui_multi_action: [757,491,758,1,759,491,927,4,928,0,1311,-1,1593,0]
11-05 02:28:36.028 1934 1934 I sysui_multi_action: [757,0,758,1,759,0,927,5,928,0,1593,0]
11-05 02:28:36.029 1934 1934 I sysui_multi_action: [757,111,758,1]
11-05 02:28:36.029 1934 1934 I sysui_multi_action: [757,126,758,1,759,126,927,0,928,1,1593,0]
11-05 02:28:36.029 1934 1934 I sysui_multi_action: [757,113,758,1,759,113,927,1,928,1,1593,0]
11-05 02:28:36.029 1934 1934 I sysui_multi_action: [757,0,758,1,759,0,927,2,928,0,1593,0]
11-05 02:28:36.029 1934 1934 I sysui_multi_action: [757,0,758,1,759,0,927,3,928,0,1593,0]
11-05 02:28:36.042 1511 1687 I input_focus: [Focus leaving a226794 com.android.launcher3/com.android.launcher3.uioverrides.QuickstepLauncher (server),reason=setFocusedWindow]
11-05 02:28:36.042 1511 1687 I input_focus: [Focus entering eefcbb2 NotificationShade (server),reason=setFocusedWindow]
11-05 02:28:36.046 1934 1934 I sysui_multi_action: [757,111,758,2]
11-05 02:28:36.046 1934 1934 I sysui_multi_action: [757,111,758,2]
11-05 02:28:36.050 1934 1934 I sysui_multi_action: [757,111,758,1]
11-05 02:28:36.050 1934 1934 I sysui_multi_action: [757,126,758,1,759,126,927,0,928,1,1593,0]
11-05 02:28:36.050 1934 1934 I sysui_multi_action: [757,113,758,1,759,113,927,1,928,1,1593,0]
11-05 02:28:36.050 1511 1511 I notification_enqueue: [10082,1934,com.android.systemui,2048,NULL,0,Notification(channel=updateNotification shortcut=null contentView=null vibrate=null sound=null defaults=0x0 flags=0x0 color=0x00000000 vis=PRIVATE),1]
11-05 02:28:36.050 1934 1934 I sysui_multi_action: [757,0,758,1,759,0,927,2,928,0,1593,0]
11-05 02:28:36.050 1934 1934 I sysui_multi_action: [757,0,758,1,759,0,927,3,928,0,1593,0]
11-05 02:28:36.051 1934 1934 I sysui_multi_action: [757,491,758,1,759,491,927,4,928,0,1311,-1,1593,0]
11-05 02:28:36.051 1934 1934 I sysui_multi_action: [757,0,758,1,759,0,927,5,928,0,1593,0]
11-05 02:28:36.051 1934 1934 I sysui_multi_action: [757,111,758,1]
11-05 02:28:36.051 1934 1934 I sysui_multi_action: [757,126,758,1,759,126,927,0,928,1,1593,0]
11-05 02:28:36.051 1934 1934 I sysui_multi_action: [757,113,758,1,759,113,927,1,928,1,1593,0]
11-05 02:28:36.051 1934 1934 I sysui_multi_action: [757,0,758,1,759,0,927,2,928,0,1593,0]
11-05 02:28:36.051 1934 1934 I sysui_multi_action: [757,0,758,1,759,0,927,3,928,0,1593,0]
11-05 02:28:36.065 1934 1934 I sysui_multi_action: [757,111,758,2]
11-05 02:28:36.065 1934 1934 I sysui_multi_action: [757,111,758,2]
11-05 02:28:36.068 1511 1511 I notification_enqueue: [10082,1934,com.android.systemui,2048,NULL,0,Notification(channel=updateNotification shortcut=null contentView=null vibrate=null sound=null defaults=0x0 flags=0x0 color=0x00000000 vis=PRIVATE),1]
11-05 02:28:36.073 1934 1934 I sysui_multi_action: [757,111,758,1]
11-05 02:28:36.073 1934 1934 I sysui_multi_action: [757,126,758,1,759,126,927,0,928,1,1593,0]
11-05 02:28:36.073 1934 1934 I sysui_multi_action: [757,113,758,1,759,113,927,1,928,1,1593,0]
11-05 02:28:36.073 1934 1934 I sysui_multi_action: [757,0,758,1,759,0,927,2,928,0,1593,0]
11-05 02:28:36.073 1934 1934 I sysui_multi_action: [757,0,758,1,759,0,927,3,928,0,1593,0]
11-05 02:28:36.074 1934 1934 I sysui_multi_action: [757,491,758,1,759,491,927,4,928,0,1311,-1,1593,0]
11-05 02:28:36.074 1934 1934 I sysui_multi_action: [757,0,758,1,759,0,927,5,928,0,1593,0]
11-05 02:28:36.074 1934 1934 I sysui_multi_action: [757,111,758,1]
11-05 02:28:36.074 1934 1934 I sysui_multi_action: [757,126,758,1,759,126,927,0,928,1,1593,0]
11-05 02:28:36.074 1934 1934 I sysui_multi_action: [757,113,758,1,759,113,927,1,928,1,1593,0]
11-05 02:28:36.074 1934 1934 I sysui_multi_action: [757,0,758,1,759,0,927,2,928,0,1593,0]
11-05 02:28:36.074 1934 1934 I sysui_multi_action: [757,0,758,1,759,0,927,3,928,0,1593,0]
11-05 02:28:36.544 1511 4218 I sysui_multi_action: [757,128,758,1,793,4575433,794,0,795,4575433,796,26,798,0,806,android,857,DEVELOPER_IMPORTANT,858,4,947,0,1395,3,1500,4574736,1688,1]
11-05 02:28:36.545 1511 4218 I sysui_multi_action: [757,804,799,note_freshness,801,4575433,802,1]
11-05 02:28:36.545 1511 4218 I notification_visibility: [-1|android|26|null|1000,1,4575433,4575433,0,0]
11-05 02:28:36.545 1511 4218 I sysui_multi_action: [757,128,758,1,793,747,794,0,795,747,796,17303299,797,com.android.wifi,798,1,806,android,857,NETWORK_AVAILABLE,858,2,947,0,1395,3,1500,546,1688,1]
11-05 02:28:36.545 1511 4218 I sysui_multi_action: [757,804,799,note_freshness,801,747,802,1]
11-05 02:28:36.545 1511 4218 I notification_visibility: [0|android|17303299|com.android.wifi|1000,1,747,747,0,1]
11-05 02:28:36.546 1511 4218 I sysui_multi_action: [757,128,758,1,793,4576210,794,0,795,4576210,796,32,798,2,806,android,857,USB,858,1,947,0,1395,3,1500,4576152,1688,1]
11-05 02:28:36.546 1511 4218 I sysui_multi_action: [757,804,799,note_freshness,801,4576210,802,1]
11-05 02:28:36.546 1511 4218 I notification_visibility: [-1|android|32|null|1000,1,4576210,4576210,0,2]
11-05 02:28:37.190 1511 1687 I input_interaction: Interaction with: eefcbb2 NotificationShade (server), edge-swipe (server), swipe-up (server), PointerEventDispatcher0 (server),
11-05 02:28:37.313 1934 1934 I sysui_multi_action: [757,925,758,4,759,126,927,0,928,1,1592,0,1593,1]
11-05 02:28:37.366 1511 4218 D TelephonyRegistry: listen oscl: mHasNotifySubscriptionInfoChangedOccurred==false no callback
11-05 02:28:37.367 1934 1934 W CarrierConfigManager: Error getting config for subId -1 ICarrierConfigLoader is null
11-05 02:28:37.391 1511 1603 I input_focus: [Focus request 2e7e5ad InternetDialog,reason=UpdateInputWindows]
11-05 02:28:37.412 1511 1687 I input_focus: [Focus leaving eefcbb2 NotificationShade (server),reason=setFocusedWindow]
11-05 02:28:37.412 1511 1687 I input_focus: [Focus entering 2e7e5ad InternetDialog (server),reason=setFocusedWindow]
11-05 02:28:38.498 1511 1670 I am_freeze: [16589,com.microsoft.emmx]
11-05 02:28:38.501 1511 1670 I am_freeze: [16590,com.android.gallery3d]
11-05 02:28:38.503 1511 1670 I am_freeze: [16596,com.android.calendar]
11-05 02:28:38.504 1511 1670 I am_kill : [0,16589,com.microsoft.emmx,945,Unable to freeze binder interface]
11-05 02:28:38.506 1511 1670 I am_kill : [0,16590,com.android.gallery3d,935,Unable to freeze binder interface]
11-05 02:28:38.508 1511 1670 I am_kill : [0,16596,com.android.calendar,925,Unable to freeze binder interface]
11-05 02:28:38.551 1511 1765 I am_proc_died: [0,16590,com.android.gallery3d,935,19]
11-05 02:28:38.552 1511 1765 I am_uid_stopped: 10069
11-05 02:28:38.561 1511 1602 I am_uid_stopped: 10032
11-05 02:28:38.561 1511 1602 I am_uid_running: 10032
11-05 02:28:38.563 1511 1602 I am_uid_running: 10069
11-05 02:28:38.564 1511 1602 I am_uid_stopped: 10063
11-05 02:28:38.564 1511 1602 I am_uid_running: 10063
11-05 02:28:38.565 1511 4551 I am_proc_died: [0,16589,com.microsoft.emmx,945,19]
11-05 02:28:38.582 1511 1610 I am_proc_start: [0,18246,10032,com.microsoft.emmx,NULL,]
11-05 02:28:38.587 1511 4551 I am_proc_died: [0,16596,com.android.calendar,925,19]
11-05 02:28:38.600 1511 1610 I am_proc_start: [0,18252,10069,com.android.gallery3d,NULL,]
11-05 02:28:38.613 1511 1610 I am_proc_start: [0,18266,10063,com.android.calendar,NULL,]
11-05 02:28:38.614 1511 4551 I am_proc_bound: [0,18246,com.microsoft.emmx]
11-05 02:28:38.627 1511 4551 I am_proc_bound: [0,18252,com.android.gallery3d]
11-05 02:28:38.653 1511 4551 I am_proc_bound: [0,18266,com.android.calendar]
11-05 02:28:38.767 0 0 I auditd : type=1400 audit(0.0:5090): avc: denied { kill } for comm="swapper/3" capability=5 scontext=u:r:kernel:s0 tcontext=u:r:kernel:s0 tclass=capability permissive=0
11-05 02:28:39.767 0 0 I auditd : type=1400 audit(0.0:5091): avc: denied { kill } for comm="swapper/3" capability=5 scontext=u:r:kernel:s0 tcontext=u:r:kernel:s0 tclass=capability permissive=0
11-05 02:28:40.767 0 0 I auditd : type=1400 audit(0.0:5092): avc: denied { kill } for comm="swapper/3" capability=5 scontext=u:r:kernel:s0 tcontext=u:r:kernel:s0 tclass=capability permissive=0
11-05 02:28:41.767 0 0 I auditd : type=1400 audit(0.0:5093): avc: denied { kill } for comm="swapper/3" capability=5 scontext=u:r:kernel:s0 tcontext=u:r:kernel:s0 tclass=capability permissive=0
11-05 02:28:42.767 0 0 I auditd : type=1400 audit(0.0:5094): avc: denied { kill } for comm="swapper/3" capability=5 scontext=u:r:kernel:s0 tcontext=u:r:kernel:s0 tclass=capability permissive=0
11-05 02:28:43.767 0 0 I auditd : type=1400 audit(0.0:5095): avc: denied { kill } for comm="swapper/3" capability=5 scontext=u:r:kernel:s0 tcontext=u:r:kernel:s0 tclass=capability permissive=0
11-05 02:28:44.767 0 0 I auditd : type=1400 audit(0.0:5096): avc: denied { kill } for comm="swapper/3" capability=5 scontext=u:r:kernel:s0 tcontext=u:r:kernel:s0 tclass=capability permissive=0
11-05 02:28:45.767 0 0 I auditd : type=1400 audit(0.0:5097): avc: denied { kill } for comm="swapper/3" capability=5 scontext=u:r:kernel:s0 tcontext=u:r:kernel:s0 tclass=capability permissive=0
11-05 02:28:46.767 0 0 I auditd : type=1400 audit(0.0:5098): avc: denied { kill } for comm="swapper/3" capability=5 scontext=u:r:kernel:s0 tcontext=u:r:kernel:s0 tclass=capability permissive=0
11-05 02:28:47.767 14997 14997 I auditd : type=1400 audit(0.0:5099): avc: denied { kill } for comm="kworker/u16:3" capability=5 scontext=u:r:kernel:s0 tcontext=u:r:kernel:s0 tclass=capability permissive=0
11-05 02:28:48.767 0 0 I auditd : type=1400 audit(0.0:5100): avc: denied { kill } for comm="swapper/3" capability=5 scontext=u:r:kernel:s0 tcontext=u:r:kernel:s0 tclass=capability permissive=0
11-05 02:28:48.848 1511 1511 I notification_enqueue: [1000,1511,android,17303299,com.android.wifi,0,Notification(channel=NETWORK_AVAILABLE shortcut=null contentView=null vibrate=null sound=null tick defaults=0x0 flags=0x100 color=0x00000000 actions=2 vis=PRIVATE),1]
11-05 02:28:49.049 1511 1511 I sysui_multi_action: [757,1501,758,1,793,13251,794,12504,795,202,796,17303299,797,com.android.wifi,806,android,857,NETWORK_AVAILABLE,858,2,947,0,1500,0,1688,1]
11-05 02:28:49.050 1511 1511 I sysui_multi_action: [757,804,799,note_interruptive,801,0,802,1]
11-05 02:28:49.767 0 0 I auditd : type=1400 audit(0.0:5101): avc: denied { kill } for comm="swapper/3" capability=5 scontext=u:r:kernel:s0 tcontext=u:r:kernel:s0 tclass=capability permissive=0
11-05 02:28:51.767 0 0 I auditd : type=1400 audit(0.0:5102): avc: denied { kill } for comm="swapper/3" capability=5 scontext=u:r:kernel:s0 tcontext=u:r:kernel:s0 tclass=capability permissive=0
11-05 02:28:52.767 0 0 I auditd : type=1400 audit(0.0:5103): avc: denied { kill } for comm="swapper/3" capability=5 scontext=u:r:kernel:s0 tcontext=u:r:kernel:s0 tclass=capability permissive=0
11-05 02:28:53.767 0 0 I auditd : type=1400 audit(0.0:5104): avc: denied { kill } for comm="swapper/3" capability=5 scontext=u:r:kernel:s0 tcontext=u:r:kernel:s0 tclass=capability permissive=0
11-05 02:28:54.767 0 0 I auditd : type=1400 audit(0.0:5105): avc: denied { kill } for comm="swapper/3" capability=5 scontext=u:r:kernel:s0 tcontext=u:r:kernel:s0 tclass=capability permissive=0
11-05 02:28:55.767 0 0 I auditd : type=1400 audit(0.0:5106): avc: denied { kill } for comm="swapper/3" capability=5 scontext=u:r:kernel:s0 tcontext=u:r:kernel:s0 tclass=capability permissive=0
11-05 02:28:56.767 0 0 I auditd : type=1400 audit(0.0:5107): avc: denied { kill } for comm="swapper/3" capability=5 scontext=u:r:kernel:s0 tcontext=u:r:kernel:s0 tclass=capability permissive=0
11-05 02:28:57.767 0 0 I auditd : type=1400 audit(0.0:5108): avc: denied { kill } for comm="swapper/3" capability=5 scontext=u:r:kernel:s0 tcontext=u:r:kernel:s0 tclass=capability permissive=0
11-05 02:28:58.767 0 0 I auditd : type=1400 audit(0.0:5109): avc: denied { kill } for comm="swapper/3" capability=5 scontext=u:r:kernel:s0 tcontext=u:r:kernel:s0 tclass=capability permissive=0
11-05 02:28:59.767 0 0 I auditd : type=1400 audit(0.0:5110): avc: denied { kill } for comm="swapper/3" capability=5 scontext=u:r:kernel:s0 tcontext=u:r:kernel:s0 tclass=capability permissive=0
11-05 02:29:00.767 0 0 I auditd : type=1400 audit(0.0:5111): avc: denied { kill } for comm="swapper/3" capability=5 scontext=u:r:kernel:s0 tcontext=u:r:kernel:s0 tclass=capability permissive=0
11-05 02:29:01.767 0 0 I auditd : type=1400 audit(0.0:5112): avc: denied { kill } for comm="swapper/3" capability=5 scontext=u:r:kernel:s0 tcontext=u:r:kernel:s0 tclass=capability permissive=0
11-05 02:29:02.767 0 0 I auditd : type=1400 audit(0.0:5113): avc: denied { kill } for comm="swapper/3" capability=5 scontext=u:r:kernel:s0 tcontext=u:r:kernel:s0 tclass=capability permissive=0
11-05 02:29:03.767 0 0 I auditd : type=1400 audit(0.0:5114): avc: denied { kill } for comm="swapper/3" capability=5 scontext=u:r:kernel:s0 tcontext=u:r:kernel:s0 tclass=capability permissive=0
11-05 02:29:04.767 0 0 I auditd : type=1400 audit(0.0:5115): avc: denied { kill } for comm="swapper/3" capability=5 scontext=u:r:kernel:s0 tcontext=u:r:kernel:s0 tclass=capability permissive=0
11-05 02:29:05.767 0 0 I auditd : type=1400 audit(0.0:5116): avc: denied { kill } for comm="swapper/3" capability=5 scontext=u:r:kernel:s0 tcontext=u:r:kernel:s0 tclass=capability permissive=0
11-05 02:29:06.767 0 0 I auditd : type=1400 audit(0.0:5117): avc: denied { kill } for comm="swapper/3" capability=5 scontext=u:r:kernel:s0 tcontext=u:r:kernel:s0 tclass=capability permissive=0
11-05 02:29:07.767 0 0 I auditd : type=1400 audit(0.0:5118): avc: denied { kill } for comm="swapper/3" capability=5 scontext=u:r:kernel:s0 tcontext=u:r:kernel:s0 tclass=capability permissive=0
11-05 02:29:08.767 0 0 I auditd : type=1400 audit(0.0:5119): avc: denied { kill } for comm="swapper/3" capability=5 scontext=u:r:kernel:s0 tcontext=u:r:kernel:s0 tclass=capability permissive=0
11-05 02:29:10.571 1391 18236 I liblog : 25
11-05 02:29:10.580 1391 18236 I liblog : 13
11-05 02:29:10.580 1391 18236 I liblog : 2
11-05 02:29:10.580 1391 18236 I liblog : 1
11-05 02:29:10.582 1391 18236 I liblog : 34
11-05 02:29:10.767 0 0 I auditd : type=1400 audit(0.0:5120): avc: denied { kill } for comm="swapper/3" capability=5 scontext=u:r:kernel:s0 tcontext=u:r:kernel:s0 tclass=capability permissive=0
11-05 02:29:11.767 0 0 I auditd : type=1400 audit(0.0:5121): avc: denied { kill } for comm="swapper/3" capability=5 scontext=u:r:kernel:s0 tcontext=u:r:kernel:s0 tclass=capability permissive=0
11-05 02:29:12.767 0 0 I auditd : type=1400 audit(0.0:5122): avc: denied { kill } for comm="swapper/3" capability=5 scontext=u:r:kernel:s0 tcontext=u:r:kernel:s0 tclass=capability permissive=0
11-05 02:29:13.767 0 0 I auditd : type=1400 audit(0.0:5123): avc: denied { kill } for comm="swapper/3" capability=5 scontext=u:r:kernel:s0 tcontext=u:r:kernel:s0 tclass=capability permissive=0
11-05 02:29:14.767 0 0 I auditd : type=1400 audit(0.0:5124): avc: denied { kill } for comm="swapper/3" capability=5 scontext=u:r:kernel:s0 tcontext=u:r:kernel:s0 tclass=capability permissive=0
11-05 02:29:15.767 0 0 I auditd : type=1400 audit(0.0:5125): avc: denied { kill } for comm="swapper/3" capability=5 scontext=u:r:kernel:s0 tcontext=u:r:kernel:s0 tclass=capability permissive=0
11-05 02:29:16.767 0 0 I auditd : type=1400 audit(0.0:5126): avc: denied { kill } for comm="swapper/3" capability=5 scontext=u:r:kernel:s0 tcontext=u:r:kernel:s0 tclass=capability permissive=0
11-05 02:29:18.767 0 0 I auditd : type=1400 audit(0.0:5127): avc: denied { kill } for comm="swapper/2" capability=5 scontext=u:r:kernel:s0 tcontext=u:r:kernel:s0 tclass=capability permissive=0
11-05 02:29:18.950 1511 1511 I notification_enqueue: [1000,1511,android,17303299,com.android.wifi,0,Notification(channel=NETWORK_AVAILABLE shortcut=null contentView=null vibrate=null sound=null tick defaults=0x0 flags=0x100 color=0x00000000 actions=2 vis=PRIVATE),1]
11-05 02:29:19.152 1511 1511 I sysui_multi_action: [757,1501,758,1,793,43354,794,42607,795,203,796,17303299,797,com.android.wifi,806,android,857,NETWORK_AVAILABLE,858,2,947,0,1500,0,1688,1]
11-05 02:29:19.153 1511 1511 I sysui_multi_action: [757,804,799,note_interruptive,801,0,802,1]
11-05 02:29:21.767 0 0 I auditd : type=1400 audit(0.0:5128): avc: denied { kill } for comm="swapper/2" capability=5 scontext=u:r:kernel:s0 tcontext=u:r:kernel:s0 tclass=capability permissive=0
11-05 02:29:22.271 1511 1609 I am_uid_idle: 10043
11-05 02:29:22.767 0 0 I auditd : type=1400 audit(0.0:5129): avc: denied { kill } for comm="swapper/2" capability=5 scontext=u:r:kernel:s0 tcontext=u:r:kernel:s0 tclass=capability permissive=0
11-05 02:29:23.767 0 0 I auditd : type=1400 audit(0.0:5130): avc: denied { kill } for comm="swapper/2" capability=5 scontext=u:r:kernel:s0 tcontext=u:r:kernel:s0 tclass=capability permissive=0
11-05 02:29:24.767 0 0 I auditd : type=1400 audit(0.0:5131): avc: denied { kill } for comm="swapper/2" capability=5 scontext=u:r:kernel:s0 tcontext=u:r:kernel:s0 tclass=capability permissive=0
11-05 02:29:25.767 0 0 I auditd : type=1400 audit(0.0:5132): avc: denied { kill } for comm="swapper/2" capability=5 scontext=u:r:kernel:s0 tcontext=u:r:kernel:s0 tclass=capability permissive=0
11-05 02:29:26.767 0 0 I auditd : type=1400 audit(0.0:5133): avc: denied { kill } for comm="swapper/2" capability=5 scontext=u:r:kernel:s0 tcontext=u:r:kernel:s0 tclass=capability permissive=0
11-05 02:29:27.767 0 0 I auditd : type=1400 audit(0.0:5134): avc: denied { kill } for comm="swapper/2" capability=5 scontext=u:r:kernel:s0 tcontext=u:r:kernel:s0 tclass=capability permissive=0
11-05 02:29:28.767 0 0 I auditd : type=1400 audit(0.0:5135): avc: denied { kill } for comm="swapper/2" capability=5 scontext=u:r:kernel:s0 tcontext=u:r:kernel:s0 tclass=capability permissive=0
11-05 02:29:28.920 1391 18236 I liblog : 20
11-05 02:29:30.314 1511 1625 I sysui_multi_action: [757,1696,758,6,759,2]
11-05 02:29:30.333 1511 1609 I am_wtf : [0,1511,system_server,-1,DisplayDeviceConfig,requesting nits when no mapping exists.]
11-05 02:29:30.337 1511 1609 I am_wtf : [0,1511,system_server,-1,DisplayDeviceConfig,requesting nits when no mapping exists.]
11-05 02:29:30.350 1511 1609 I am_wtf : [0,1511,system_server,-1,DisplayDeviceConfig,requesting nits when no mapping exists.]
11-05 02:29:30.356 1511 1609 I am_wtf : [0,1511,system_server,-1,DisplayDeviceConfig,requesting nits when no mapping exists.]
11-05 02:29:30.366 1511 1609 I am_wtf : [0,1511,system_server,-1,DisplayDeviceConfig,requesting nits when no mapping exists.]
11-05 02:29:30.367 1511 1609 I am_wtf : [0,1511,system_server,-1,DisplayDeviceConfig,requesting nits when no mapping exists.]
11-05 02:29:30.383 1511 1609 I am_wtf : [0,1511,system_server,-1,DisplayDeviceConfig,requesting nits when no mapping exists.]
11-05 02:29:30.384 1511 1609 I am_wtf : [0,1511,system_server,-1,DisplayDeviceConfig,requesting nits when no mapping exists.]
11-05 02:29:30.400 1511 1609 I am_wtf : [0,1511,system_server,-1,DisplayDeviceConfig,requesting nits when no mapping exists.]
11-05 02:29:30.401 1511 1609 I am_wtf : [0,1511,system_server,-1,DisplayDeviceConfig,requesting nits when no mapping exists.]
11-05 02:29:30.416 1511 1609 I am_wtf : [0,1511,system_server,-1,DisplayDeviceConfig,requesting nits when no mapping exists.]
11-05 02:29:30.417 1511 1609 I am_wtf : [0,1511,system_server,-1,DisplayDeviceConfig,requesting nits when no mapping exists.]
11-05 02:29:30.433 1511 1609 I am_wtf : [0,1511,system_server,-1,DisplayDeviceConfig,requesting nits when no mapping exists.]
11-05 02:29:30.434 1511 1609 I am_wtf : [0,1511,system_server,-1,DisplayDeviceConfig,requesting nits when no mapping exists.]
11-05 02:29:30.449 1511 1609 I am_wtf : [0,1511,system_server,-1,DisplayDeviceConfig,requesting nits when no mapping exists.]
11-05 02:29:30.450 1511 1609 I am_wtf : [0,1511,system_server,-1,DisplayDeviceConfig,requesting nits when no mapping exists.]
11-05 02:29:30.466 1511 1609 I am_wtf : [0,1511,system_server,-1,DisplayDeviceConfig,requesting nits when no mapping exists.]
11-05 02:29:30.467 1511 1609 I am_wtf : [0,1511,system_server,-1,DisplayDeviceConfig,requesting nits when no mapping exists.]
11-05 02:29:30.483 1511 1609 I am_wtf : [0,1511,system_server,-1,DisplayDeviceConfig,requesting nits when no mapping exists.]
11-05 02:29:30.484 1511 1609 I am_wtf : [0,1511,system_server,-1,DisplayDeviceConfig,requesting nits when no mapping exists.]
11-05 02:29:30.500 1511 1609 I am_wtf : [0,1511,system_server,-1,DisplayDeviceConfig,requesting nits when no mapping exists.]
11-05 02:29:30.502 1511 1609 I am_wtf : [0,1511,system_server,-1,DisplayDeviceConfig,requesting nits when no mapping exists.]
11-05 02:29:30.516 1511 1609 I am_wtf : [0,1511,system_server,-1,DisplayDeviceConfig,requesting nits when no mapping exists.]
11-05 02:29:30.517 1511 1609 I am_wtf : [0,1511,system_server,-1,DisplayDeviceConfig,requesting nits when no mapping exists.]
11-05 02:29:30.533 1511 1609 I am_wtf : [0,1511,system_server,-1,DisplayDeviceConfig,requesting nits when no mapping exists.]
11-05 02:29:30.534 1511 1609 I am_wtf : [0,1511,system_server,-1,DisplayDeviceConfig,requesting nits when no mapping exists.]
11-05 02:29:30.550 1511 1609 I am_wtf : [0,1511,system_server,-1,DisplayDeviceConfig,requesting nits when no mapping exists.]
11-05 02:29:30.551 1511 1609 I am_wtf : [0,1511,system_server,-1,DisplayDeviceConfig,requesting nits when no mapping exists.]
11-05 02:29:30.551 1511 1609 I service_manager_stats: [100,95,68653]
11-05 02:29:30.567 1511 1609 I am_wtf : [0,1511,system_server,-1,DisplayDeviceConfig,requesting nits when no mapping exists.]
11-05 02:29:30.567 1511 1609 I am_wtf : [0,1511,system_server,-1,DisplayDeviceConfig,requesting nits when no mapping exists.]
11-05 02:29:30.583 1511 1609 I am_wtf : [0,1511,system_server,-1,DisplayDeviceConfig,requesting nits when no mapping exists.]
11-05 02:29:30.585 1511 1609 I am_wtf : [0,1511,system_server,-1,DisplayDeviceConfig,requesting nits when no mapping exists.]
11-05 02:29:30.601 1511 1609 I am_wtf : [0,1511,system_server,-1,DisplayDeviceConfig,requesting nits when no mapping exists.]
11-05 02:29:30.604 1511 1609 I am_wtf : [0,1511,system_server,-1,DisplayDeviceConfig,requesting nits when no mapping exists.]
11-05 02:29:30.618 1511 1609 I am_wtf : [0,1511,system_server,-1,DisplayDeviceConfig,requesting nits when no mapping exists.]
11-05 02:29:30.620 1511 1609 I am_wtf : [0,1511,system_server,-1,DisplayDeviceConfig,requesting nits when no mapping exists.]
11-05 02:29:30.634 1511 1609 I am_wtf : [0,1511,system_server,-1,DisplayDeviceConfig,requesting nits when no mapping exists.]
11-05 02:29:30.635 1511 1609 I am_wtf : [0,1511,system_server,-1,DisplayDeviceConfig,requesting nits when no mapping exists.]
11-05 02:29:30.650 1511 1609 I am_wtf : [0,1511,system_server,-1,DisplayDeviceConfig,requesting nits when no mapping exists.]
11-05 02:29:30.651 1511 1609 I am_wtf : [0,1511,system_server,-1,DisplayDeviceConfig,requesting nits when no mapping exists.]
11-05 02:29:30.667 1511 1609 I am_wtf : [0,1511,system_server,-1,DisplayDeviceConfig,requesting nits when no mapping exists.]
11-05 02:29:30.667 1511 1609 I am_wtf : [0,1511,system_server,-1,DisplayDeviceConfig,requesting nits when no mapping exists.]
11-05 02:29:30.683 1511 1609 I am_wtf : [0,1511,system_server,-1,DisplayDeviceConfig,requesting nits when no mapping exists.]
11-05 02:29:30.684 1511 1609 I am_wtf : [0,1511,system_server,-1,DisplayDeviceConfig,requesting nits when no mapping exists.]
11-05 02:29:30.701 1511 1609 I am_wtf : [0,1511,system_server,-1,DisplayDeviceConfig,requesting nits when no mapping exists.]
11-05 02:29:30.701 1511 1609 I am_wtf : [0,1511,system_server,-1,DisplayDeviceConfig,requesting nits when no mapping exists.]
11-05 02:29:30.718 1511 1609 I am_wtf : [0,1511,system_server,-1,DisplayDeviceConfig,requesting nits when no mapping exists.]
11-05 02:29:30.720 1511 1609 I am_wtf : [0,1511,system_server,-1,DisplayDeviceConfig,requesting nits when no mapping exists.]
11-05 02:29:30.734 1511 1609 I am_wtf : [0,1511,system_server,-1,DisplayDeviceConfig,requesting nits when no mapping exists.]
11-05 02:29:30.735 1511 1609 I am_wtf : [0,1511,system_server,-1,DisplayDeviceConfig,requesting nits when no mapping exists.]
11-05 02:29:30.750 1511 1609 I am_wtf : [0,1511,system_server,-1,DisplayDeviceConfig,requesting nits when no mapping exists.]
11-05 02:29:30.751 1511 1609 I am_wtf : [0,1511,system_server,-1,DisplayDeviceConfig,requesting nits when no mapping exists.]
11-05 02:29:30.767 1511 1609 I am_wtf : [0,1511,system_server,-1,DisplayDeviceConfig,requesting nits when no mapping exists.]
11-05 02:29:30.767 1511 1609 I am_wtf : [0,1511,system_server,-1,DisplayDeviceConfig,requesting nits when no mapping exists.]
11-05 02:29:30.783 1511 1609 I am_wtf : [0,1511,system_server,-1,DisplayDeviceConfig,requesting nits when no mapping exists.]
11-05 02:29:30.784 1511 1609 I am_wtf : [0,1511,system_server,-1,DisplayDeviceConfig,requesting nits when no mapping exists.]
11-05 02:29:30.801 1511 1609 I am_wtf : [0,1511,system_server,-1,DisplayDeviceConfig,requesting nits when no mapping exists.]
11-05 02:29:30.802 1511 1609 I am_wtf : [0,1511,system_server,-1,DisplayDeviceConfig,requesting nits when no mapping exists.]
11-05 02:29:30.818 1511 1609 I am_wtf : [0,1511,system_server,-1,DisplayDeviceConfig,requesting nits when no mapping exists.]
11-05 02:29:30.819 1511 1609 I am_wtf : [0,1511,system_server,-1,DisplayDeviceConfig,requesting nits when no mapping exists.]
11-05 02:29:30.836 1511 1609 I am_wtf : [0,1511,system_server,-1,DisplayDeviceConfig,requesting nits when no mapping exists.]
11-05 02:29:30.837 1511 1609 I am_wtf : [0,1511,system_server,-1,DisplayDeviceConfig,requesting nits when no mapping exists.]
11-05 02:29:30.854 1511 1609 I am_wtf : [0,1511,system_server,-1,DisplayDeviceConfig,requesting nits when no mapping exists.]
11-05 02:29:30.855 1511 1609 I am_wtf : [0,1511,system_server,-1,DisplayDeviceConfig,requesting nits when no mapping exists.]
11-05 02:29:30.869 1511 1609 I am_wtf : [0,1511,system_server,-1,DisplayDeviceConfig,requesting nits when no mapping exists.]
11-05 02:29:30.876 1511 1609 I am_wtf : [0,1511,system_server,-1,DisplayDeviceConfig,requesting nits when no mapping exists.]
11-05 02:29:30.884 1511 1609 I am_wtf : [0,1511,system_server,-1,DisplayDeviceConfig,requesting nits when no mapping exists.]
11-05 02:29:30.885 1511 1609 I am_wtf : [0,1511,system_server,-1,DisplayDeviceConfig,requesting nits when no mapping exists.]
11-05 02:29:30.900 1511 1609 I am_wtf : [0,1511,system_server,-1,DisplayDeviceConfig,requesting nits when no mapping exists.]
11-05 02:29:30.901 1511 1609 I am_wtf : [0,1511,system_server,-1,DisplayDeviceConfig,requesting nits when no mapping exists.]
11-05 02:29:30.917 1511 1609 I am_wtf : [0,1511,system_server,-1,DisplayDeviceConfig,requesting nits when no mapping exists.]
11-05 02:29:30.918 1511 1609 I am_wtf : [0,1511,system_server,-1,DisplayDeviceConfig,requesting nits when no mapping exists.]
11-05 02:29:30.933 1511 1609 I am_wtf : [0,1511,system_server,-1,DisplayDeviceConfig,requesting nits when no mapping exists.]
11-05 02:29:30.934 1511 1609 I am_wtf : [0,1511,system_server,-1,DisplayDeviceConfig,requesting nits when no mapping exists.]
11-05 02:29:30.950 1511 1609 I am_wtf : [0,1511,system_server,-1,DisplayDeviceConfig,requesting nits when no mapping exists.]
11-05 02:29:30.951 1511 1609 I am_wtf : [0,1511,system_server,-1,DisplayDeviceConfig,requesting nits when no mapping exists.]
11-05 02:29:30.967 1511 1609 I am_wtf : [0,1511,system_server,-1,DisplayDeviceConfig,requesting nits when no mapping exists.]
11-05 02:29:30.968 1511 1609 I am_wtf : [0,1511,system_server,-1,DisplayDeviceConfig,requesting nits when no mapping exists.]
11-05 02:29:30.985 1511 1609 I am_wtf : [0,1511,system_server,-1,DisplayDeviceConfig,requesting nits when no mapping exists.]
11-05 02:29:30.986 1511 1609 I am_wtf : [0,1511,system_server,-1,DisplayDeviceConfig,requesting nits when no mapping exists.]
11-05 02:29:31.003 1511 1609 I am_wtf : [0,1511,system_server,-1,DisplayDeviceConfig,requesting nits when no mapping exists.]
11-05 02:29:31.004 1511 1609 I am_wtf : [0,1511,system_server,-1,DisplayDeviceConfig,requesting nits when no mapping exists.]
11-05 02:29:31.029 1511 1609 I am_wtf : [0,1511,system_server,-1,DisplayDeviceConfig,requesting nits when no mapping exists.]
11-05 02:29:31.030 1511 1609 I am_wtf : [0,1511,system_server,-1,DisplayDeviceConfig,requesting nits when no mapping exists.]
11-05 02:29:31.036 1511 1609 I am_wtf : [0,1511,system_server,-1,DisplayDeviceConfig,requesting nits when no mapping exists.]
11-05 02:29:31.036 1511 1609 I am_wtf : [0,1511,system_server,-1,DisplayDeviceConfig,requesting nits when no mapping exists.]
11-05 02:29:31.051 1511 1609 I am_wtf : [0,1511,system_server,-1,DisplayDeviceConfig,requesting nits when no mapping exists.]
11-05 02:29:31.052 1511 1609 I am_wtf : [0,1511,system_server,-1,DisplayDeviceConfig,requesting nits when no mapping exists.]
11-05 02:29:31.067 1511 1609 I am_wtf : [0,1511,system_server,-1,DisplayDeviceConfig,requesting nits when no mapping exists.]
11-05 02:29:31.068 1511 1609 I am_wtf : [0,1511,system_server,-1,DisplayDeviceConfig,requesting nits when no mapping exists.]
11-05 02:29:31.084 1511 1609 I am_wtf : [0,1511,system_server,-1,DisplayDeviceConfig,requesting nits when no mapping exists.]
11-05 02:29:31.085 1511 1609 I am_wtf : [0,1511,system_server,-1,DisplayDeviceConfig,requesting nits when no mapping exists.]
11-05 02:29:31.101 1511 1609 I am_wtf : [0,1511,system_server,-1,DisplayDeviceConfig,requesting nits when no mapping exists.]
11-05 02:29:31.102 1511 1609 I am_wtf : [0,1511,system_server,-1,DisplayDeviceConfig,requesting nits when no mapping exists.]
11-05 02:29:31.118 1511 1609 I am_wtf : [0,1511,system_server,-1,DisplayDeviceConfig,requesting nits when no mapping exists.]
11-05 02:29:31.119 1511 1609 I am_wtf : [0,1511,system_server,-1,DisplayDeviceConfig,requesting nits when no mapping exists.]
11-05 02:29:31.135 1511 1609 I am_wtf : [0,1511,system_server,-1,DisplayDeviceConfig,requesting nits when no mapping exists.]
11-05 02:29:31.135 1511 1609 I am_wtf : [0,1511,system_server,-1,DisplayDeviceConfig,requesting nits when no mapping exists.]
11-05 02:29:31.152 1511 1609 I am_wtf : [0,1511,system_server,-1,DisplayDeviceConfig,requesting nits when no mapping exists.]
11-05 02:29:31.154 1511 1609 I am_wtf : [0,1511,system_server,-1,DisplayDeviceConfig,requesting nits when no mapping exists.]
11-05 02:29:31.168 1511 1609 I am_wtf : [0,1511,system_server,-1,DisplayDeviceConfig,requesting nits when no mapping exists.]
11-05 02:29:31.170 1511 1609 I am_wtf : [0,1511,system_server,-1,DisplayDeviceConfig,requesting nits when no mapping exists.]
11-05 02:29:31.186 1511 1609 I am_wtf : [0,1511,system_server,-1,DisplayDeviceConfig,requesting nits when no mapping exists.]
11-05 02:29:31.187 1511 1609 I am_wtf : [0,1511,system_server,-1,DisplayDeviceConfig,requesting nits when no mapping exists.]
11-05 02:29:31.202 1511 1609 I am_wtf : [0,1511,system_server,-1,DisplayDeviceConfig,requesting nits when no mapping exists.]
11-05 02:29:31.204 1511 1609 I am_wtf : [0,1511,system_server,-1,DisplayDeviceConfig,requesting nits when no mapping exists.]
11-05 02:29:31.220 1511 1609 I am_wtf : [0,1511,system_server,-1,DisplayDeviceConfig,requesting nits when no mapping exists.]
11-05 02:29:31.221 1511 1609 I am_wtf : [0,1511,system_server,-1,DisplayDeviceConfig,requesting nits when no mapping exists.]
11-05 02:29:31.235 1511 1609 I am_wtf : [0,1511,system_server,-1,DisplayDeviceConfig,requesting nits when no mapping exists.]
11-05 02:29:31.235 1511 1609 I am_wtf : [0,1511,system_server,-1,DisplayDeviceConfig,requesting nits when no mapping exists.]
11-05 02:29:31.251 1511 1609 I am_wtf : [0,1511,system_server,-1,DisplayDeviceConfig,requesting nits when no mapping exists.]
11-05 02:29:31.253 1511 1609 I am_wtf : [0,1511,system_server,-1,DisplayDeviceConfig,requesting nits when no mapping exists.]
11-05 02:29:31.268 1511 1609 I am_wtf : [0,1511,system_server,-1,DisplayDeviceConfig,requesting nits when no mapping exists.]
11-05 02:29:31.269 1511 1609 I am_wtf : [0,1511,system_server,-1,DisplayDeviceConfig,requesting nits when no mapping exists.]
11-05 02:29:31.767 0 0 I auditd : type=1400 audit(0.0:5136): avc: denied { kill } for comm="swapper/0" capability=5 scontext=u:r:kernel:s0 tcontext=u:r:kernel:s0 tclass=capability permissive=0
11-05 02:29:32.767 0 0 I auditd : type=1400 audit(0.0:5137): avc: denied { kill } for comm="swapper/0" capability=5 scontext=u:r:kernel:s0 tcontext=u:r:kernel:s0 tclass=capability permissive=0
11-05 02:29:33.767 0 0 I auditd : type=1400 audit(0.0:5138): avc: denied { kill } for comm="swapper/0" capability=5 scontext=u:r:kernel:s0 tcontext=u:r:kernel:s0 tclass=capability permissive=0
11-05 02:29:34.767 0 0 I auditd : type=1400 audit(0.0:5139): avc: denied { kill } for comm="swapper/0" capability=5 scontext=u:r:kernel:s0 tcontext=u:r:kernel:s0 tclass=capability permissive=0
11-05 02:29:35.600 1511 1609 I am_uid_idle: 10088
11-05 02:29:35.767 352 352 I auditd : type=1400 audit(0.0:5140): avc: denied { kill } for comm="irq/382-atmel_m" capability=5 scontext=u:r:kernel:s0 tcontext=u:r:kernel:s0 tclass=capability permissive=0
11-05 02:29:36.767 0 0 I auditd : type=1400 audit(0.0:5141): avc: denied { kill } for comm="swapper/0" capability=5 scontext=u:r:kernel:s0 tcontext=u:r:kernel:s0 tclass=capability permissive=0
11-05 02:29:37.308 1511 1599 I sysui_multi_action: [757,222,758,1]
11-05 02:29:37.311 1511 1599 I am_uid_active: 10043
11-05 02:29:37.323 1511 1608 I am_pss : [18266,10063,com.android.calendar,6914048,4902912,0,92565504,0,19,9]
11-05 02:29:37.332 1511 1603 I input_focus: [Focus request eefcbb2 NotificationShade,reason=UpdateInputWindows]
11-05 02:29:37.333 1511 1608 I am_pss : [18252,10069,com.android.gallery3d,8502272,6418432,0,94728192,0,19,7]
11-05 02:29:37.337 1511 2059 I wm_task_created: [128,-1]
11-05 02:29:37.340 1511 2059 I wm_task_moved: [128,1,7]
11-05 02:29:37.340 1511 2059 I wm_task_to_front: [0,128]
11-05 02:29:37.341 1511 2059 I wm_create_task: [0,128]
11-05 02:29:37.341 1511 2059 I wm_create_activity: [0,112916975,128,com.thundercomm.screensaver/android.service.dreams.DreamActivity,NULL,NULL,NULL,276824064]
11-05 02:29:37.341 1511 2059 I wm_task_moved: [128,1,7]
11-05 02:29:37.342 1511 2059 I wm_pause_activity: [0,245869423,com.android.launcher3/.uioverrides.QuickstepLauncher,userLeaving=true,pauseBackTasks]
11-05 02:29:37.344 1511 1608 I am_pss : [18246,10032,com.microsoft.emmx,35555328,31821824,0,133996544,0,19,7]
11-05 02:29:37.347 2535 2535 I wm_on_top_resumed_lost_called: [245869423,com.android.launcher3.uioverrides.QuickstepLauncher,topStateChangedWhenResumed]
11-05 02:29:37.352 1511 1603 I input_focus: [Focus request a226794 com.android.launcher3/com.android.launcher3.uioverrides.QuickstepLauncher,reason=UpdateInputWindows]
11-05 02:29:37.352 2535 2535 I wm_on_paused_called: [245869423,com.android.launcher3.uioverrides.QuickstepLauncher,performPause]
11-05 02:29:37.357 1511 4551 I wm_add_to_stopping: [0,245869423,com.android.launcher3/.uioverrides.QuickstepLauncher,makeInvisible]
11-05 02:29:37.358 1511 4551 I wm_restart_activity: [0,112916975,128,com.thundercomm.screensaver/android.service.dreams.DreamActivity]
11-05 02:29:37.358 1511 1687 I input_focus: [Focus entering eefcbb2 NotificationShade (server),reason=setFocusedWindow]
11-05 02:29:37.359 1511 4551 I wm_set_resumed_activity: [0,com.thundercomm.screensaver/android.service.dreams.DreamActivity,minimalResumeActivityLocked]
11-05 02:29:37.369 1511 1687 I input_focus: [Focus leaving eefcbb2 NotificationShade (server),reason=NOT_FOCUSABLE]
11-05 02:29:37.369 1511 1687 I input_focus: [Focus entering a226794 com.android.launcher3/com.android.launcher3.uioverrides.QuickstepLauncher (server),reason=setFocusedWindow]
11-05 02:29:37.372 1511 1602 I sysui_multi_action: [757,803,799,window_time_0,802,62]
11-05 02:29:37.381 3968 3968 I wm_on_create_called: [112916975,android.service.dreams.DreamActivity,performCreate]
11-05 02:29:37.381 3968 3968 I wm_on_start_called: [112916975,android.service.dreams.DreamActivity,handleStartActivity]
11-05 02:29:37.382 3968 3968 I wm_on_resume_called: [112916975,android.service.dreams.DreamActivity,RESUME_ACTIVITY]
11-05 02:29:37.385 1511 1687 I input_focus: [Focus leaving a226794 com.android.launcher3/com.android.launcher3.uioverrides.QuickstepLauncher (server),reason=NO_WINDOW]
11-05 02:29:37.393 3968 3968 I wm_on_top_resumed_gained_called: [112916975,android.service.dreams.DreamActivity,topStateChangedWhenResumed]
11-05 02:29:37.415 1511 1603 I input_focus: [Focus request 9d3fa3d com.thundercomm.screensaver/android.service.dreams.DreamActivity,reason=UpdateInputWindows]
11-05 02:29:37.422 1934 1934 I sysui_multi_action: [757,111,758,2]
11-05 02:29:37.422 1934 1934 I sysui_multi_action: [757,111,758,2]
11-05 02:29:37.423 1511 1511 I notification_enqueue: [10082,1934,com.android.systemui,2048,NULL,0,Notification(channel=updateNotification shortcut=null contentView=null vibrate=null sound=null defaults=0x0 flags=0x0 color=0x00000000 vis=PRIVATE),1]
11-05 02:29:37.429 1511 1625 I sysui_multi_action: [757,1696,758,6,759,3]
11-05 02:29:37.435 1934 1934 I sysui_multi_action: [757,111,758,1]
11-05 02:29:37.435 1934 1934 I sysui_multi_action: [757,126,758,1,759,126,927,0,928,1,1593,0]
11-05 02:29:37.435 1934 1934 I sysui_multi_action: [757,113,758,1,759,113,927,1,928,1,1593,0]
11-05 02:29:37.435 1934 1934 I sysui_multi_action: [757,0,758,1,759,0,927,2,928,0,1593,0]
11-05 02:29:37.435 1934 1934 I sysui_multi_action: [757,0,758,1,759,0,927,3,928,0,1593,0]
11-05 02:29:37.435 1934 1934 I sysui_multi_action: [757,491,758,1,759,491,927,4,928,0,1311,-1,1593,0]
11-05 02:29:37.435 1934 1934 I sysui_multi_action: [757,0,758,1,759,0,927,5,928,0,1593,0]
11-05 02:29:37.436 1934 1934 I sysui_multi_action: [757,111,758,1]
11-05 02:29:37.436 1934 1934 I sysui_multi_action: [757,126,758,1,759,126,927,0,928,1,1593,0]
11-05 02:29:37.436 1934 1934 I sysui_multi_action: [757,113,758,1,759,113,927,1,928,1,1593,0]
11-05 02:29:37.436 1934 1934 I sysui_multi_action: [757,0,758,1,759,0,927,2,928,0,1593,0]
11-05 02:29:37.436 1934 1934 I sysui_multi_action: [757,0,758,1,759,0,927,3,928,0,1593,0]
11-05 02:29:37.436 1511 1609 I am_wtf : [0,1511,system_server,-1,DisplayDeviceConfig,requesting nits when no mapping exists.]
11-05 02:29:37.436 1511 1599 I sysui_multi_action: [319,91,322,90,325,4647,757,761,758,8,759,2,806,com.thundercomm.screensaver,871,android.service.dreams.DreamActivity,904,com.thundercomm.screensaver,905,0,1320,4,1321,2]
11-05 02:29:37.437 1511 1609 I am_wtf : [0,1511,system_server,-1,DisplayDeviceConfig,requesting nits when no mapping exists.]
11-05 02:29:37.438 1511 1599 I wm_activity_launch_time: [0,112916975,com.thundercomm.screensaver/android.service.dreams.DreamActivity,90]
11-05 02:29:37.452 1511 1687 I input_focus: [Focus entering 9d3fa3d com.thundercomm.screensaver/android.service.dreams.DreamActivity (server),reason=Window became focusable. Previous reason: NOT_VISIBLE]
11-05 02:29:37.454 1511 1609 I am_wtf : [0,1511,system_server,-1,DisplayDeviceConfig,requesting nits when no mapping exists.]
11-05 02:29:37.455 1511 1609 I am_wtf : [0,1511,system_server,-1,DisplayDeviceConfig,requesting nits when no mapping exists.]
11-05 02:29:37.470 1511 1609 I am_wtf : [0,1511,system_server,-1,DisplayDeviceConfig,requesting nits when no mapping exists.]
11-05 02:29:37.471 1511 1609 I am_wtf : [0,1511,system_server,-1,DisplayDeviceConfig,requesting nits when no mapping exists.]
11-05 02:29:37.486 1511 1609 I am_wtf : [0,1511,system_server,-1,DisplayDeviceConfig,requesting nits when no mapping exists.]
11-05 02:29:37.487 1511 1609 I am_wtf : [0,1511,system_server,-1,DisplayDeviceConfig,requesting nits when no mapping exists.]
11-05 02:29:37.504 1511 1609 I am_wtf : [0,1511,system_server,-1,DisplayDeviceConfig,requesting nits when no mapping exists.]
11-05 02:29:37.505 1511 1609 I service_manager_stats: [100,46,6954]
11-05 02:29:37.505 1511 1609 I am_wtf : [0,1511,system_server,-1,DisplayDeviceConfig,requesting nits when no mapping exists.]
11-05 02:29:37.521 1511 1609 I am_wtf : [0,1511,system_server,-1,DisplayDeviceConfig,requesting nits when no mapping exists.]
11-05 02:29:37.522 1511 1609 I am_wtf : [0,1511,system_server,-1,DisplayDeviceConfig,requesting nits when no mapping exists.]
11-05 02:29:37.535 1511 1609 I am_wtf : [0,1511,system_server,-1,DisplayDeviceConfig,requesting nits when no mapping exists.]
11-05 02:29:37.536 1511 1609 I am_wtf : [0,1511,system_server,-1,DisplayDeviceConfig,requesting nits when no mapping exists.]
11-05 02:29:37.554 1511 1609 I am_wtf : [0,1511,system_server,-1,DisplayDeviceConfig,requesting nits when no mapping exists.]
11-05 02:29:37.555 1511 1609 I am_wtf : [0,1511,system_server,-1,DisplayDeviceConfig,requesting nits when no mapping exists.]
11-05 02:29:37.571 1511 1609 I am_wtf : [0,1511,system_server,-1,DisplayDeviceConfig,requesting nits when no mapping exists.]
11-05 02:29:37.572 1934 1934 I sysui_multi_action: [757,111,758,2]
11-05 02:29:37.572 1511 1511 I notification_enqueue: [10082,1934,com.android.systemui,2048,NULL,0,Notification(channel=updateNotification shortcut=null contentView=null vibrate=null sound=null defaults=0x0 flags=0x0 color=0x00000000 vis=PRIVATE),1]
11-05 02:29:37.572 1934 1934 I sysui_multi_action: [757,111,758,2]
11-05 02:29:37.575 1511 1609 I am_wtf : [0,1511,system_server,-1,DisplayDeviceConfig,requesting nits when no mapping exists.]
11-05 02:29:37.576 1934 1934 I sysui_multi_action: [757,111,758,1]
11-05 02:29:37.577 1934 1934 I sysui_multi_action: [757,126,758,1,759,126,927,0,928,1,1593,1]
11-05 02:29:37.577 1934 1934 I sysui_multi_action: [757,113,758,1,759,113,927,1,928,1,1593,1]
11-05 02:29:37.577 1934 1934 I sysui_multi_action: [757,0,758,1,759,0,927,2,928,0,1593,1]
11-05 02:29:37.577 1934 1934 I sysui_multi_action: [757,0,758,1,759,0,927,3,928,0,1593,1]
11-05 02:29:37.577 1934 1934 I sysui_multi_action: [757,491,758,1,759,491,927,4,928,0,1311,-1,1593,0]
11-05 02:29:37.577 1934 1934 I sysui_multi_action: [757,0,758,1,759,0,927,5,928,0,1593,0]
11-05 02:29:37.578 1934 1934 I sysui_multi_action: [757,111,758,1]
11-05 02:29:37.578 1934 1934 I sysui_multi_action: [757,126,758,1,759,126,927,0,928,1,1593,1]
11-05 02:29:37.578 1934 1934 I sysui_multi_action: [757,113,758,1,759,113,927,1,928,1,1593,1]
11-05 02:29:37.578 1934 1934 I sysui_multi_action: [757,0,758,1,759,0,927,2,928,0,1593,1]
11-05 02:29:37.578 1934 1934 I sysui_multi_action: [757,0,758,1,759,0,927,3,928,0,1593,1]
11-05 02:29:37.586 1511 1609 I am_wtf : [0,1511,system_server,-1,DisplayDeviceConfig,requesting nits when no mapping exists.]
11-05 02:29:37.587 1511 1609 I am_wtf : [0,1511,system_server,-1,DisplayDeviceConfig,requesting nits when no mapping exists.]
11-05 02:29:37.595 1934 1934 I sysui_multi_action: [757,111,758,2]
11-05 02:29:37.595 1511 1511 I notification_enqueue: [10082,1934,com.android.systemui,2048,NULL,0,Notification(channel=updateNotification shortcut=null contentView=null vibrate=null sound=null defaults=0x0 flags=0x0 color=0x00000000 vis=PRIVATE),1]
11-05 02:29:37.595 1934 1934 I sysui_multi_action: [757,111,758,2]
11-05 02:29:37.600 1934 1934 I sysui_multi_action: [757,111,758,1]
11-05 02:29:37.600 1934 1934 I sysui_multi_action: [757,126,758,1,759,126,927,0,928,1,1593,1]
11-05 02:29:37.600 1934 1934 I sysui_multi_action: [757,113,758,1,759,113,927,1,928,1,1593,1]
11-05 02:29:37.600 1934 1934 I sysui_multi_action: [757,0,758,1,759,0,927,2,928,0,1593,1]
11-05 02:29:37.600 1934 1934 I sysui_multi_action: [757,0,758,1,759,0,927,3,928,0,1593,1]
11-05 02:29:37.601 1934 1934 I sysui_multi_action: [757,491,758,1,759,491,927,4,928,0,1311,-1,1593,0]
11-05 02:29:37.601 1934 1934 I sysui_multi_action: [757,0,758,1,759,0,927,5,928,0,1593,0]
11-05 02:29:37.601 1934 1934 I sysui_multi_action: [757,111,758,1]
11-05 02:29:37.601 1934 1934 I sysui_multi_action: [757,126,758,1,759,126,927,0,928,1,1593,1]
11-05 02:29:37.601 1934 1934 I sysui_multi_action: [757,113,758,1,759,113,927,1,928,1,1593,1]
11-05 02:29:37.601 1934 1934 I sysui_multi_action: [757,0,758,1,759,0,927,2,928,0,1593,1]
11-05 02:29:37.601 1934 1934 I sysui_multi_action: [757,0,758,1,759,0,927,3,928,0,1593,1]
11-05 02:29:37.605 1511 1609 I am_wtf : [0,1511,system_server,-1,DisplayDeviceConfig,requesting nits when no mapping exists.]
11-05 02:29:37.606 1511 1609 I am_wtf : [0,1511,system_server,-1,DisplayDeviceConfig,requesting nits when no mapping exists.]
11-05 02:29:37.614 1934 1934 I sysui_multi_action: [757,111,758,2]
11-05 02:29:37.614 1511 1511 I notification_enqueue: [10082,1934,com.android.systemui,2048,NULL,0,Notification(channel=updateNotification shortcut=null contentView=null vibrate=null sound=null defaults=0x0 flags=0x0 color=0x00000000 vis=PRIVATE),1]
11-05 02:29:37.614 1934 1934 I sysui_multi_action: [757,111,758,2]
11-05 02:29:37.619 1934 1934 I sysui_multi_action: [757,111,758,1]
11-05 02:29:37.619 1934 1934 I sysui_multi_action: [757,126,758,1,759,126,927,0,928,1,1593,1]
