11-05 02:16:11.834 1934 1934 I sysui_multi_action: [757,111,758,2]
11-05 02:16:11.834 1934 1934 I sysui_multi_action: [757,111,758,2]
11-05 02:16:11.835 1511 1511 I notification_enqueue: [10082,1934,com.android.systemui,2048,NULL,0,Notification(channel=updateNotification shortcut=null contentView=null vibrate=null sound=null defaults=0x0 flags=0x0 color=0x00000000 vis=PRIVATE),1]
11-05 02:16:11.837 1934 1934 I sysui_multi_action: [757,111,758,1]
11-05 02:16:11.837 1934 1934 I sysui_multi_action: [757,126,758,1,759,126,927,0,928,1,1593,1]
11-05 02:16:11.837 1934 1934 I sysui_multi_action: [757,113,758,1,759,113,927,1,928,1,1593,1]
11-05 02:16:11.838 1934 1934 I sysui_multi_action: [757,0,758,1,759,0,927,2,928,0,1593,1]
11-05 02:16:11.838 1934 1934 I sysui_multi_action: [757,0,758,1,759,0,927,3,928,0,1593,1]
11-05 02:16:11.838 1934 1934 I sysui_multi_action: [757,491,758,1,759,491,927,4,928,0,1311,-1,1593,0]
11-05 02:16:11.838 1934 1934 I sysui_multi_action: [757,0,758,1,759,0,927,5,928,0,1593,0]
11-05 02:16:11.838 1934 1934 I sysui_multi_action: [757,111,758,1]
11-05 02:16:11.838 1934 1934 I sysui_multi_action: [757,126,758,1,759,126,927,0,928,1,1593,1]
11-05 02:16:11.838 1934 1934 I sysui_multi_action: [757,113,758,1,759,113,927,1,928,1,1593,1]
11-05 02:16:11.838 1934 1934 I sysui_multi_action: [757,0,758,1,759,0,927,2,928,0,1593,1]
11-05 02:16:11.838 1934 1934 I sysui_multi_action: [757,0,758,1,759,0,927,3,928,0,1593,1]
11-05 02:16:11.845 2535 2535 I wm_on_stop_called: [245869423,com.android.launcher3.uioverrides.QuickstepLauncher,STOP_ACTIVITY_ITEM]
11-05 02:16:11.850 1934 1934 I sysui_multi_action: [757,111,758,2]
11-05 02:16:11.851 1934 1934 I sysui_multi_action: [757,111,758,2]
11-05 02:16:11.851 1511 1511 I notification_enqueue: [10082,1934,com.android.systemui,2048,NULL,0,Notification(channel=updateNotification shortcut=null contentView=null vibrate=null sound=null defaults=0x0 flags=0x0 color=0x00000000 vis=PRIVATE),1]
11-05 02:16:11.853 1934 1934 I sysui_multi_action: [757,111,758,1]
11-05 02:16:11.854 1934 1934 I sysui_multi_action: [757,126,758,1,759,126,927,0,928,1,1593,1]
11-05 02:16:11.854 1934 1934 I sysui_multi_action: [757,113,758,1,759,113,927,1,928,1,1593,1]
11-05 02:16:11.854 1934 1934 I sysui_multi_action: [757,0,758,1,759,0,927,2,928,0,1593,1]
11-05 02:16:11.854 1934 1934 I sysui_multi_action: [757,0,758,1,759,0,927,3,928,0,1593,1]
11-05 02:16:11.854 1934 1934 I sysui_multi_action: [757,491,758,1,759,491,927,4,928,0,1311,-1,1593,0]
11-05 02:16:11.854 1934 1934 I sysui_multi_action: [757,0,758,1,759,0,927,5,928,0,1593,0]
11-05 02:16:11.854 1934 1934 I sysui_multi_action: [757,111,758,1]
11-05 02:16:11.854 1934 1934 I sysui_multi_action: [757,126,758,1,759,126,927,0,928,1,1593,1]
11-05 02:16:11.854 1934 1934 I sysui_multi_action: [757,113,758,1,759,113,927,1,928,1,1593,1]
11-05 02:16:11.854 1934 1934 I sysui_multi_action: [757,0,758,1,759,0,927,2,928,0,1593,1]
11-05 02:16:11.854 1934 1934 I sysui_multi_action: [757,0,758,1,759,0,927,3,928,0,1593,1]
11-05 02:16:11.868 1934 1934 I sysui_multi_action: [757,111,758,2]
11-05 02:16:11.868 1934 1934 I sysui_multi_action: [757,111,758,2]
11-05 02:16:11.871 1934 1934 I sysui_multi_action: [757,111,758,1]
11-05 02:16:11.871 1934 1934 I sysui_multi_action: [757,126,758,1,759,126,927,0,928,1,1593,0]
11-05 02:16:11.871 1934 1934 I sysui_multi_action: [757,113,758,1,759,113,927,1,928,1,1593,0]
11-05 02:16:11.871 1934 1934 I sysui_multi_action: [757,0,758,1,759,0,927,2,928,0,1593,0]
11-05 02:16:11.871 1934 1934 I sysui_multi_action: [757,0,758,1,759,0,927,3,928,0,1593,0]
11-05 02:16:11.871 1934 1934 I sysui_multi_action: [757,491,758,1,759,491,927,4,928,0,1311,-1,1593,0]
11-05 02:16:11.871 1934 1934 I sysui_multi_action: [757,0,758,1,759,0,927,5,928,0,1593,0]
11-05 02:16:11.871 1934 1934 I sysui_multi_action: [757,111,758,1]
11-05 02:16:11.872 1934 1934 I sysui_multi_action: [757,126,758,1,759,126,927,0,928,1,1593,1]
11-05 02:16:11.872 1934 1934 I sysui_multi_action: [757,113,758,1,759,113,927,1,928,1,1593,1]
11-05 02:16:11.872 1934 1934 I sysui_multi_action: [757,0,758,1,759,0,927,2,928,0,1593,1]
11-05 02:16:11.872 1934 1934 I sysui_multi_action: [757,0,758,1,759,0,927,3,928,0,1593,1]
11-05 02:16:11.873 1511 1511 I notification_enqueue: [10082,1934,com.android.systemui,2048,NULL,0,Notification(channel=updateNotification shortcut=null contentView=null vibrate=null sound=null defaults=0x0 flags=0x0 color=0x00000000 vis=PRIVATE),1]
11-05 02:16:11.882 1934 1934 I sysui_multi_action: [757,111,758,2]
11-05 02:16:11.882 1511 1511 I notification_enqueue: [10082,1934,com.android.systemui,2048,NULL,0,Notification(channel=updateNotification shortcut=null contentView=null vibrate=null sound=null defaults=0x0 flags=0x0 color=0x00000000 vis=PRIVATE),1]
11-05 02:16:11.882 1934 1934 I sysui_multi_action: [757,111,758,2]
11-05 02:16:11.886 1934 1934 I sysui_multi_action: [757,111,758,1]
11-05 02:16:11.886 1934 1934 I sysui_multi_action: [757,126,758,1,759,126,927,0,928,1,1593,0]
11-05 02:16:11.886 1934 1934 I sysui_multi_action: [757,113,758,1,759,113,927,1,928,1,1593,0]
11-05 02:16:11.886 1934 1934 I sysui_multi_action: [757,0,758,1,759,0,927,2,928,0,1593,0]
11-05 02:16:11.886 1934 1934 I sysui_multi_action: [757,0,758,1,759,0,927,3,928,0,1593,0]
11-05 02:16:11.886 1934 1934 I sysui_multi_action: [757,491,758,1,759,491,927,4,928,0,1311,-1,1593,0]
11-05 02:16:11.886 1934 1934 I sysui_multi_action: [757,0,758,1,759,0,927,5,928,0,1593,0]
11-05 02:16:11.886 1934 1934 I sysui_multi_action: [757,111,758,1]
11-05 02:16:11.887 1934 1934 I sysui_multi_action: [757,126,758,1,759,126,927,0,928,1,1593,1]
11-05 02:16:11.887 1934 1934 I sysui_multi_action: [757,113,758,1,759,113,927,1,928,1,1593,1]
11-05 02:16:11.887 1934 1934 I sysui_multi_action: [757,0,758,1,759,0,927,2,928,0,1593,1]
11-05 02:16:11.887 1934 1934 I sysui_multi_action: [757,0,758,1,759,0,927,3,928,0,1593,1]
11-05 02:16:11.898 1934 1934 I sysui_multi_action: [757,111,758,2]
11-05 02:16:11.898 1511 1511 I notification_enqueue: [10082,1934,com.android.systemui,2048,NULL,0,Notification(channel=updateNotification shortcut=null contentView=null vibrate=null sound=null defaults=0x0 flags=0x0 color=0x00000000 vis=PRIVATE),1]
11-05 02:16:11.898 1934 1934 I sysui_multi_action: [757,111,758,2]
11-05 02:16:11.903 1934 1934 I sysui_multi_action: [757,111,758,1]
11-05 02:16:11.903 1934 1934 I sysui_multi_action: [757,126,758,1,759,126,927,0,928,1,1593,0]
11-05 02:16:11.903 1934 1934 I sysui_multi_action: [757,113,758,1,759,113,927,1,928,1,1593,0]
11-05 02:16:11.903 1934 1934 I sysui_multi_action: [757,0,758,1,759,0,927,2,928,0,1593,1]
11-05 02:16:11.903 1934 1934 I sysui_multi_action: [757,0,758,1,759,0,927,3,928,0,1593,1]
11-05 02:16:11.903 1934 1934 I sysui_multi_action: [757,491,758,1,759,491,927,4,928,0,1311,-1,1593,0]
11-05 02:16:11.903 1934 1934 I sysui_multi_action: [757,0,758,1,759,0,927,5,928,0,1593,0]
11-05 02:16:11.903 1934 1934 I sysui_multi_action: [757,111,758,1]
11-05 02:16:11.903 1934 1934 I sysui_multi_action: [757,126,758,1,759,126,927,0,928,1,1593,1]
11-05 02:16:11.904 1934 1934 I sysui_multi_action: [757,113,758,1,759,113,927,1,928,1,1593,1]
11-05 02:16:11.904 1934 1934 I sysui_multi_action: [757,0,758,1,759,0,927,2,928,0,1593,1]
11-05 02:16:11.904 1934 1934 I sysui_multi_action: [757,0,758,1,759,0,927,3,928,0,1593,1]
11-05 02:16:11.915 1934 1934 I sysui_multi_action: [757,111,758,2]
11-05 02:16:11.915 1934 1934 I sysui_multi_action: [757,111,758,2]
11-05 02:16:11.915 1511 1511 I notification_enqueue: [10082,1934,com.android.systemui,2048,NULL,0,Notification(channel=updateNotification shortcut=null contentView=null vibrate=null sound=null defaults=0x0 flags=0x0 color=0x00000000 vis=PRIVATE),1]
11-05 02:16:11.918 1934 1934 I sysui_multi_action: [757,111,758,1]
11-05 02:16:11.918 1934 1934 I sysui_multi_action: [757,126,758,1,759,126,927,0,928,1,1593,1]
11-05 02:16:11.918 1934 1934 I sysui_multi_action: [757,113,758,1,759,113,927,1,928,1,1593,1]
11-05 02:16:11.918 1934 1934 I sysui_multi_action: [757,0,758,1,759,0,927,2,928,0,1593,1]
11-05 02:16:11.918 1934 1934 I sysui_multi_action: [757,0,758,1,759,0,927,3,928,0,1593,1]
11-05 02:16:11.918 1934 1934 I sysui_multi_action: [757,491,758,1,759,491,927,4,928,0,1311,-1,1593,1]
11-05 02:16:11.918 1934 1934 I sysui_multi_action: [757,0,758,1,759,0,927,5,928,0,1593,1]
11-05 02:16:11.918 1934 1934 I sysui_multi_action: [757,111,758,1]
11-05 02:16:11.918 1934 1934 I sysui_multi_action: [757,126,758,1,759,126,927,0,928,1,1593,1]
11-05 02:16:11.918 1934 1934 I sysui_multi_action: [757,113,758,1,759,113,927,1,928,1,1593,1]
11-05 02:16:11.918 1934 1934 I sysui_multi_action: [757,0,758,1,759,0,927,2,928,0,1593,1]
11-05 02:16:11.918 1934 1934 I sysui_multi_action: [757,0,758,1,759,0,927,3,928,0,1593,1]
11-05 02:16:11.932 1934 1934 I sysui_multi_action: [757,111,758,2]
11-05 02:16:11.932 1934 1934 I sysui_multi_action: [757,111,758,2]
11-05 02:16:11.933 1511 1511 I notification_enqueue: [10082,1934,com.android.systemui,2048,NULL,0,Notification(channel=updateNotification shortcut=null contentView=null vibrate=null sound=null defaults=0x0 flags=0x0 color=0x00000000 vis=PRIVATE),1]
11-05 02:16:11.935 1934 1934 I sysui_multi_action: [757,111,758,1]
11-05 02:16:11.935 1934 1934 I sysui_multi_action: [757,126,758,1,759,126,927,0,928,1,1593,0]
11-05 02:16:11.935 1934 1934 I sysui_multi_action: [757,113,758,1,759,113,927,1,928,1,1593,0]
11-05 02:16:11.935 1934 1934 I sysui_multi_action: [757,0,758,1,759,0,927,2,928,0,1593,0]
11-05 02:16:11.935 1934 1934 I sysui_multi_action: [757,0,758,1,759,0,927,3,928,0,1593,0]
11-05 02:16:11.935 1934 1934 I sysui_multi_action: [757,491,758,1,759,491,927,4,928,0,1311,-1,1593,0]
11-05 02:16:11.935 1934 1934 I sysui_multi_action: [757,0,758,1,759,0,927,5,928,0,1593,0]
11-05 02:16:11.936 1934 1934 I sysui_multi_action: [757,111,758,1]
11-05 02:16:11.936 1934 1934 I sysui_multi_action: [757,126,758,1,759,126,927,0,928,1,1593,1]
11-05 02:16:11.936 1934 1934 I sysui_multi_action: [757,113,758,1,759,113,927,1,928,1,1593,1]
11-05 02:16:11.936 1934 1934 I sysui_multi_action: [757,0,758,1,759,0,927,2,928,0,1593,1]
11-05 02:16:11.936 1934 1934 I sysui_multi_action: [757,0,758,1,759,0,927,3,928,0,1593,1]
11-05 02:16:11.936 15987 15987 I sysui_multi_action: [757,849,758,1,833,0,1089,46]
11-05 02:16:11.943 15987 15987 I sysui_multi_action: [757,1729,758,4,854,isParalleledControllers:false,1089,53]
11-05 02:16:11.949 1934 1934 I sysui_multi_action: [757,111,758,2]
11-05 02:16:11.949 1934 1934 I sysui_multi_action: [757,111,758,2]
11-05 02:16:11.949 1511 1511 I notification_enqueue: [10082,1934,com.android.systemui,2048,NULL,0,Notification(channel=updateNotification shortcut=null contentView=null vibrate=null sound=null defaults=0x0 flags=0x0 color=0x00000000 vis=PRIVATE),1]
11-05 02:16:11.952 1934 1934 I sysui_multi_action: [757,111,758,1]
11-05 02:16:11.952 1934 1934 I sysui_multi_action: [757,126,758,1,759,126,927,0,928,1,1593,1]
11-05 02:16:11.952 1934 1934 I sysui_multi_action: [757,113,758,1,759,113,927,1,928,1,1593,1]
11-05 02:16:11.952 1934 1934 I sysui_multi_action: [757,0,758,1,759,0,927,2,928,0,1593,1]
11-05 02:16:11.952 1934 1934 I sysui_multi_action: [757,0,758,1,759,0,927,3,928,0,1593,1]
11-05 02:16:11.952 1934 1934 I sysui_multi_action: [757,491,758,1,759,491,927,4,928,0,1311,-1,1593,0]
11-05 02:16:11.952 1934 1934 I sysui_multi_action: [757,0,758,1,759,0,927,5,928,0,1593,0]
11-05 02:16:11.952 1934 1934 I sysui_multi_action: [757,111,758,1]
11-05 02:16:11.952 1934 1934 I sysui_multi_action: [757,126,758,1,759,126,927,0,928,1,1593,1]
11-05 02:16:11.952 1934 1934 I sysui_multi_action: [757,113,758,1,759,113,927,1,928,1,1593,1]
11-05 02:16:11.952 1934 1934 I sysui_multi_action: [757,0,758,1,759,0,927,2,928,0,1593,1]
11-05 02:16:11.952 1934 1934 I sysui_multi_action: [757,0,758,1,759,0,927,3,928,0,1593,1]
11-05 02:16:11.966 1934 1934 I sysui_multi_action: [757,111,758,2]
11-05 02:16:11.966 1934 1934 I sysui_multi_action: [757,111,758,2]
11-05 02:16:11.966 1511 1511 I notification_enqueue: [10082,1934,com.android.systemui,2048,NULL,0,Notification(channel=updateNotification shortcut=null contentView=null vibrate=null sound=null defaults=0x0 flags=0x0 color=0x00000000 vis=PRIVATE),1]
11-05 02:16:11.969 1934 1934 I sysui_multi_action: [757,111,758,1]
11-05 02:16:11.969 1934 1934 I sysui_multi_action: [757,126,758,1,759,126,927,0,928,1,1593,0]
11-05 02:16:11.969 1934 1934 I sysui_multi_action: [757,113,758,1,759,113,927,1,928,1,1593,0]
11-05 02:16:11.969 1934 1934 I sysui_multi_action: [757,0,758,1,759,0,927,2,928,0,1593,0]
11-05 02:16:11.969 1934 1934 I sysui_multi_action: [757,0,758,1,759,0,927,3,928,0,1593,0]
11-05 02:16:11.969 1934 1934 I sysui_multi_action: [757,491,758,1,759,491,927,4,928,0,1311,-1,1593,0]
11-05 02:16:11.969 1934 1934 I sysui_multi_action: [757,0,758,1,759,0,927,5,928,0,1593,0]
11-05 02:16:11.969 1934 1934 I sysui_multi_action: [757,111,758,1]
11-05 02:16:11.970 1934 1934 I sysui_multi_action: [757,126,758,1,759,126,927,0,928,1,1593,1]
11-05 02:16:11.970 1934 1934 I sysui_multi_action: [757,113,758,1,759,113,927,1,928,1,1593,1]
11-05 02:16:11.970 1934 1934 I sysui_multi_action: [757,0,758,1,759,0,927,2,928,0,1593,1]
11-05 02:16:11.970 1934 1934 I sysui_multi_action: [757,0,758,1,759,0,927,3,928,0,1593,1]
11-05 02:16:11.974 1511 4193 I sysui_multi_action: [757,128,758,2,793,3830863,794,3309,795,3830863,796,26,798,0,806,android,857,DEVELOPER_IMPORTANT,858,4,947,0,1395,2,1500,3830166,1688,1]
11-05 02:16:11.974 1511 4193 I notification_visibility: [-1|android|26|null|1000,0,3830863,3830863,0,0]
11-05 02:16:11.974 1511 4193 I sysui_multi_action: [757,128,758,2,793,3831638,794,3308,795,3831638,796,32,798,1,806,android,857,USB,858,1,947,0,1395,2,1500,3831580,1688,1]
11-05 02:16:11.974 1511 4193 I notification_visibility: [-1|android|32|null|1000,0,3831638,3831638,0,1]
11-05 02:16:11.983 1934 1934 I sysui_multi_action: [757,111,758,2]
11-05 02:16:11.983 1934 1934 I sysui_multi_action: [757,111,758,2]
11-05 02:16:11.983 1511 1511 I notification_enqueue: [10082,1934,com.android.systemui,2048,NULL,0,Notification(channel=updateNotification shortcut=null contentView=null vibrate=null sound=null defaults=0x0 flags=0x0 color=0x00000000 vis=PRIVATE),1]
11-05 02:16:11.986 1934 1934 I sysui_multi_action: [757,111,758,1]
11-05 02:16:11.986 1934 1934 I sysui_multi_action: [757,126,758,1,759,126,927,0,928,1,1593,0]
11-05 02:16:11.986 1934 1934 I sysui_multi_action: [757,113,758,1,759,113,927,1,928,1,1593,0]
11-05 02:16:11.986 1934 1934 I sysui_multi_action: [757,0,758,1,759,0,927,2,928,0,1593,0]
11-05 02:16:11.986 1934 1934 I sysui_multi_action: [757,0,758,1,759,0,927,3,928,0,1593,0]
11-05 02:16:11.987 1934 1934 I sysui_multi_action: [757,491,758,1,759,491,927,4,928,0,1311,-1,1593,0]
11-05 02:16:11.987 1934 1934 I sysui_multi_action: [757,0,758,1,759,0,927,5,928,0,1593,0]
11-05 02:16:11.987 1934 1934 I sysui_multi_action: [757,111,758,1]
11-05 02:16:11.987 1934 1934 I sysui_multi_action: [757,126,758,1,759,126,927,0,928,1,1593,1]
11-05 02:16:11.987 1934 1934 I sysui_multi_action: [757,113,758,1,759,113,927,1,928,1,1593,1]
11-05 02:16:11.987 1934 1934 I sysui_multi_action: [757,0,758,1,759,0,927,2,928,0,1593,1]
11-05 02:16:11.987 1934 1934 I sysui_multi_action: [757,0,758,1,759,0,927,3,928,0,1593,1]
11-05 02:16:11.999 1934 1934 I sysui_multi_action: [757,111,758,2]
11-05 02:16:11.999 1511 1511 I notification_enqueue: [10082,1934,com.android.systemui,2048,NULL,0,Notification(channel=updateNotification shortcut=null contentView=null vibrate=null sound=null defaults=0x0 flags=0x0 color=0x00000000 vis=PRIVATE),1]
11-05 02:16:11.999 1934 1934 I sysui_multi_action: [757,111,758,2]
11-05 02:16:12.002 1934 1934 I sysui_multi_action: [757,111,758,1]
11-05 02:16:12.002 1934 1934 I sysui_multi_action: [757,126,758,1,759,126,927,0,928,1,1593,1]
11-05 02:16:12.002 1934 1934 I sysui_multi_action: [757,113,758,1,759,113,927,1,928,1,1593,1]
11-05 02:16:12.002 1934 1934 I sysui_multi_action: [757,0,758,1,759,0,927,2,928,0,1593,1]
11-05 02:16:12.002 1934 1934 I sysui_multi_action: [757,0,758,1,759,0,927,3,928,0,1593,1]
11-05 02:16:12.003 1934 1934 I sysui_multi_action: [757,491,758,1,759,491,927,4,928,0,1311,-1,1593,0]
11-05 02:16:12.003 1934 1934 I sysui_multi_action: [757,0,758,1,759,0,927,5,928,0,1593,0]
11-05 02:16:12.003 1934 1934 I sysui_multi_action: [757,111,758,1]
11-05 02:16:12.003 1934 1934 I sysui_multi_action: [757,126,758,1,759,126,927,0,928,1,1593,1]
11-05 02:16:12.003 1934 1934 I sysui_multi_action: [757,113,758,1,759,113,927,1,928,1,1593,1]
11-05 02:16:12.003 1934 1934 I sysui_multi_action: [757,0,758,1,759,0,927,2,928,0,1593,1]
11-05 02:16:12.003 1934 1934 I sysui_multi_action: [757,0,758,1,759,0,927,3,928,0,1593,1]
11-05 02:16:12.015 1934 1934 I sysui_multi_action: [757,111,758,2]
11-05 02:16:12.015 1934 1934 I sysui_multi_action: [757,111,758,2]
11-05 02:16:12.015 1511 1511 I notification_enqueue: [10082,1934,com.android.systemui,2048,NULL,0,Notification(channel=updateNotification shortcut=null contentView=null vibrate=null sound=null defaults=0x0 flags=0x0 color=0x00000000 vis=PRIVATE),1]
11-05 02:16:12.018 1934 1934 I sysui_multi_action: [757,111,758,1]
11-05 02:16:12.018 1934 1934 I sysui_multi_action: [757,126,758,1,759,126,927,0,928,1,1593,1]
11-05 02:16:12.018 1934 1934 I sysui_multi_action: [757,113,758,1,759,113,927,1,928,1,1593,1]
11-05 02:16:12.018 1934 1934 I sysui_multi_action: [757,0,758,1,759,0,927,2,928,0,1593,1]
11-05 02:16:12.018 1934 1934 I sysui_multi_action: [757,0,758,1,759,0,927,3,928,0,1593,1]
11-05 02:16:12.018 1934 1934 I sysui_multi_action: [757,491,758,1,759,491,927,4,928,0,1311,-1,1593,0]
11-05 02:16:12.019 1934 1934 I sysui_multi_action: [757,0,758,1,759,0,927,5,928,0,1593,0]
11-05 02:16:12.019 1934 1934 I sysui_multi_action: [757,111,758,1]
11-05 02:16:12.019 1934 1934 I sysui_multi_action: [757,126,758,1,759,126,927,0,928,1,1593,1]
11-05 02:16:12.019 1934 1934 I sysui_multi_action: [757,113,758,1,759,113,927,1,928,1,1593,1]
11-05 02:16:12.019 1934 1934 I sysui_multi_action: [757,0,758,1,759,0,927,2,928,0,1593,1]
11-05 02:16:12.019 1934 1934 I sysui_multi_action: [757,0,758,1,759,0,927,3,928,0,1593,1]
11-05 02:16:12.032 1934 1934 I sysui_multi_action: [757,111,758,2]
11-05 02:16:12.032 1934 1934 I sysui_multi_action: [757,111,758,2]
11-05 02:16:12.032 1511 1511 I notification_enqueue: [10082,1934,com.android.systemui,2048,NULL,0,Notification(channel=updateNotification shortcut=null contentView=null vibrate=null sound=null defaults=0x0 flags=0x0 color=0x00000000 vis=PRIVATE),1]
11-05 02:16:12.035 1934 1934 I sysui_multi_action: [757,111,758,1]
11-05 02:16:12.035 1934 1934 I sysui_multi_action: [757,126,758,1,759,126,927,0,928,1,1593,1]
11-05 02:16:12.035 1934 1934 I sysui_multi_action: [757,113,758,1,759,113,927,1,928,1,1593,1]
11-05 02:16:12.035 1934 1934 I sysui_multi_action: [757,0,758,1,759,0,927,2,928,0,1593,1]
11-05 02:16:12.035 1934 1934 I sysui_multi_action: [757,0,758,1,759,0,927,3,928,0,1593,1]
11-05 02:16:12.036 1934 1934 I sysui_multi_action: [757,491,758,1,759,491,927,4,928,0,1311,-1,1593,0]
11-05 02:16:12.036 1934 1934 I sysui_multi_action: [757,0,758,1,759,0,927,5,928,0,1593,0]
11-05 02:16:12.036 1934 1934 I sysui_multi_action: [757,111,758,1]
11-05 02:16:12.036 1934 1934 I sysui_multi_action: [757,126,758,1,759,126,927,0,928,1,1593,1]
11-05 02:16:12.036 1934 1934 I sysui_multi_action: [757,113,758,1,759,113,927,1,928,1,1593,1]
11-05 02:16:12.036 1934 1934 I sysui_multi_action: [757,0,758,1,759,0,927,2,928,0,1593,1]
11-05 02:16:12.036 1934 1934 I sysui_multi_action: [757,0,758,1,759,0,927,3,928,0,1593,1]
11-05 02:16:12.049 1934 1934 I sysui_multi_action: [757,111,758,2]
11-05 02:16:12.049 1511 1511 I notification_enqueue: [10082,1934,com.android.systemui,2048,NULL,0,Notification(channel=updateNotification shortcut=null contentView=null vibrate=null sound=null defaults=0x0 flags=0x0 color=0x00000000 vis=PRIVATE),1]
11-05 02:16:12.049 1934 1934 I sysui_multi_action: [757,111,758,2]
11-05 02:16:12.059 1934 1934 I sysui_multi_action: [757,111,758,1]
11-05 02:16:12.059 1934 1934 I sysui_multi_action: [757,126,758,1,759,126,927,0,928,1,1593,0]
11-05 02:16:12.059 1934 1934 I sysui_multi_action: [757,113,758,1,759,113,927,1,928,1,1593,0]
11-05 02:16:12.059 1934 1934 I sysui_multi_action: [757,0,758,1,759,0,927,2,928,0,1593,0]
11-05 02:16:12.059 1934 1934 I sysui_multi_action: [757,0,758,1,759,0,927,3,928,0,1593,0]
11-05 02:16:12.059 1934 1934 I sysui_multi_action: [757,491,758,1,759,491,927,4,928,0,1311,-1,1593,0]
11-05 02:16:12.059 1934 1934 I sysui_multi_action: [757,0,758,1,759,0,927,5,928,0,1593,0]
11-05 02:16:12.059 1934 1934 I sysui_multi_action: [757,111,758,1]
11-05 02:16:12.059 1934 1934 I sysui_multi_action: [757,126,758,1,759,126,927,0,928,1,1593,0]
11-05 02:16:12.060 1934 1934 I sysui_multi_action: [757,113,758,1,759,113,927,1,928,1,1593,1]
11-05 02:16:12.060 1934 1934 I sysui_multi_action: [757,0,758,1,759,0,927,2,928,0,1593,1]
11-05 02:16:12.060 1934 1934 I sysui_multi_action: [757,0,758,1,759,0,927,3,928,0,1593,1]
11-05 02:16:12.068 1934 1934 I sysui_multi_action: [757,111,758,2]
11-05 02:16:12.068 1934 1934 I sysui_multi_action: [757,111,758,2]
11-05 02:16:12.069 1511 2069 I sysui_multi_action: [757,127,758,2]
11-05 02:16:12.069 1511 1511 I notification_enqueue: [10082,1934,com.android.systemui,2048,NULL,0,Notification(channel=updateNotification shortcut=null contentView=null vibrate=null sound=null defaults=0x0 flags=0x0 color=0x00000000 vis=PRIVATE),1]
11-05 02:16:12.070 1511 2069 I notification_panel_hidden:
11-05 02:16:12.080 1934 1934 I sysui_multi_action: [757,111,758,1]
11-05 02:16:12.080 1934 1934 I sysui_multi_action: [757,126,758,1,759,126,927,0,928,1,1593,1]
11-05 02:16:12.080 1934 1934 I sysui_multi_action: [757,113,758,1,759,113,927,1,928,1,1593,1]
11-05 02:16:12.080 1934 1934 I sysui_multi_action: [757,0,758,1,759,0,927,2,928,0,1593,1]
11-05 02:16:12.080 1934 1934 I sysui_multi_action: [757,0,758,1,759,0,927,3,928,0,1593,1]
11-05 02:16:12.080 1934 1934 I sysui_multi_action: [757,491,758,1,759,491,927,4,928,0,1311,-1,1593,0]
11-05 02:16:12.081 1934 1934 I sysui_multi_action: [757,0,758,1,759,0,927,5,928,0,1593,0]
11-05 02:16:12.081 1934 1934 I sysui_multi_action: [757,111,758,1]
11-05 02:16:12.081 1934 1934 I sysui_multi_action: [757,126,758,1,759,126,927,0,928,1,1593,1]
11-05 02:16:12.081 1934 1934 I sysui_multi_action: [757,113,758,1,759,113,927,1,928,1,1593,1]
11-05 02:16:12.081 1934 1934 I sysui_multi_action: [757,0,758,1,759,0,927,2,928,0,1593,1]
11-05 02:16:12.081 1934 1934 I sysui_multi_action: [757,0,758,1,759,0,927,3,928,0,1593,1]
11-05 02:16:12.767 0 0 I auditd : type=1400 audit(0.0:4259): avc: denied { kill } for comm="swapper/2" capability=5 scontext=u:r:kernel:s0 tcontext=u:r:kernel:s0 tclass=capability permissive=0
11-05 02:16:13.152 1511 1687 I input_interaction: Interaction with: 17dc47 com.android.settings/com.android.settings.homepage.SettingsHomepageActivity (server), edge-swipe (server), swipe-up (server), PointerEventDispatcher0 (server),
11-05 02:16:13.274 15987 15987 I sysui_multi_action: [757,137,758,4]
11-05 02:16:13.276 15987 15987 I sysui_multi_action: [757,849,758,2,1089,1339]
11-05 02:16:13.461 1511 1749 I netstats_mobile_sample: [0,0,0,0,0,0,0,0,0,0,0,0,1667585773461]
11-05 02:16:13.461 1511 1749 I netstats_wifi_sample: [10358576,27568,11615661,32062,10358576,27568,11615661,32062,17853546,83308,5864738,16848,1667585773461]
11-05 02:16:13.767 0 0 I auditd : type=1400 audit(0.0:4260): avc: denied { kill } for comm="swapper/2" capability=5 scontext=u:r:kernel:s0 tcontext=u:r:kernel:s0 tclass=capability permissive=0
11-05 02:16:14.499 1511 4129 I wm_task_moved: [114,0,0]
11-05 02:16:14.505 1511 4129 I wm_focused_root_task: [0,0,1,114,moveTaskToBackLocked]
11-05 02:16:14.506 1511 4129 I wm_add_to_stopping: [0,88911952,com.android.settings/.homepage.SettingsHomepageActivity,makeInvisible]
11-05 02:16:14.508 1511 4129 I wm_pause_activity: [0,88911952,com.android.settings/.homepage.SettingsHomepageActivity,userLeaving=false,pauseBackTasks]
11-05 02:16:14.513 2535 2535 I wm_on_restart_called: [245869423,com.android.launcher3.uioverrides.QuickstepLauncher,performRestartActivity]
11-05 02:16:14.514 2535 2535 I wm_on_start_called: [245869423,com.android.launcher3.uioverrides.QuickstepLauncher,handleStartActivity]
11-05 02:16:14.515 1511 4129 I wm_set_resumed_activity: [0,com.android.launcher3/.uioverrides.QuickstepLauncher,resumeTopActivityInnerLocked]
11-05 02:16:14.519 1511 4129 I wm_resume_activity: [0,245869423,40,com.android.launcher3/.uioverrides.QuickstepLauncher]
11-05 02:16:14.521 15987 15987 I wm_on_top_resumed_lost_called: [88911952,com.android.settings.homepage.SettingsHomepageActivity,topStateChangedWhenResumed]
11-05 02:16:14.534 15987 15987 I sysui_multi_action: [757,35,758,2,1089,3044]
11-05 02:16:14.535 15987 15987 I wm_on_paused_called: [88911952,com.android.settings.homepage.SettingsHomepageActivity,performPause]
11-05 02:16:14.541 1511 1687 I input_focus: [Focus leaving 17dc47 com.android.settings/com.android.settings.homepage.SettingsHomepageActivity (server),reason=NO_WINDOW]
11-05 02:16:14.547 1511 1602 I sysui_multi_action: [757,803,799,window_time_0,802,3]
11-05 02:16:14.549 1511 1603 I input_focus: [Focus request a226794 com.android.launcher3/com.android.launcher3.uioverrides.QuickstepLauncher,reason=UpdateInputWindows]
11-05 02:16:14.557 2535 2535 I wm_on_resume_called: [245869423,com.android.launcher3.uioverrides.QuickstepLauncher,RESUME_ACTIVITY]
11-05 02:16:14.558 2535 2535 I wm_on_top_resumed_gained_called: [245869423,com.android.launcher3.uioverrides.QuickstepLauncher,topStateChangedWhenResumed]
11-05 02:16:14.575 1511 1687 I input_focus: [Focus entering a226794 com.android.launcher3/com.android.launcher3.uioverrides.QuickstepLauncher (server),reason=Window became focusable. Previous reason: NOT_VISIBLE]
11-05 02:16:14.767 0 0 I auditd : type=1400 audit(0.0:4261): avc: denied { kill } for comm="swapper/2" capability=5 scontext=u:r:kernel:s0 tcontext=u:r:kernel:s0 tclass=capability permissive=0
11-05 02:16:14.912 1391 16204 I liblog : 100
11-05 02:16:14.920 1391 16204 I liblog : 138
11-05 02:16:14.965 1511 1602 I wm_stop_activity: [0,88911952,com.android.settings/.homepage.SettingsHomepageActivity]
11-05 02:16:14.998 15987 15987 I wm_on_stop_called: [88911952,com.android.settings.homepage.SettingsHomepageActivity,STOP_ACTIVITY_ITEM]
11-05 02:16:15.009 1511 1511 I notification_enqueue: [1000,1511,android,17303299,com.android.wifi,0,Notification(channel=NETWORK_AVAILABLE shortcut=null contentView=null vibrate=null sound=null tick defaults=0x0 flags=0x100 color=0x00000000 actions=2 vis=PRIVATE),0]
11-05 02:16:15.212 1511 1511 I sysui_multi_action: [757,1501,758,1,793,202,794,0,795,202,796,17303299,797,com.android.wifi,806,android,857,NETWORK_AVAILABLE,858,2,947,0,1500,0,1688,1]
11-05 02:16:15.212 1511 1511 I sysui_multi_action: [757,804,799,note_interruptive,801,0,802,1]
11-05 02:16:15.767 0 0 I auditd : type=1400 audit(0.0:4262): avc: denied { kill } for comm="swapper/2" capability=5 scontext=u:r:kernel:s0 tcontext=u:r:kernel:s0 tclass=capability permissive=0
11-05 02:16:16.170 1511 1687 I input_interaction: Interaction with: a226794 com.android.launcher3/com.android.launcher3.uioverrides.QuickstepLauncher (server), 2153fad com.android.systemui.ImageWallpaper (server), edge-swipe (server), swipe-up (server), PointerEventDispatcher0 (server),
11-05 02:16:16.329 2535 2535 I view_enqueue_input_event: [Motion - Cancel,com.android.launcher3/com.android.launcher3.uioverrides.QuickstepLauncher]
11-05 02:16:16.329 1511 1687 I input_interaction: Interaction with: edge-swipe (server), swipe-up (server), PointerEventDispatcher0 (server),
11-05 02:16:16.465 1511 2001 I ntp_failure: [time.android.com,java.net.UnknownHostException: Unable to resolve host "time.android.com": No address associated with hostname]
11-05 02:16:16.503 1511 1669 I commit_sys_config_file: [settings-1-0,5]
11-05 02:16:16.765 1511 1669 I commit_sys_config_file: [settings-1-0,9]
11-05 02:16:17.767 0 0 I auditd : type=1400 audit(0.0:4263): avc: denied { kill } for comm="swapper/2" capability=5 scontext=u:r:kernel:s0 tcontext=u:r:kernel:s0 tclass=capability permissive=0
11-05 02:16:18.436 1511 1687 I input_interaction: Interaction with: a226794 com.android.launcher3/com.android.launcher3.uioverrides.QuickstepLauncher (server), 2153fad com.android.systemui.ImageWallpaper (server), edge-swipe (server), swipe-up (server), PointerEventDispatcher0 (server),
11-05 02:16:18.767 0 0 I auditd : type=1400 audit(0.0:4264): avc: denied { kill } for comm="swapper/2" capability=5 scontext=u:r:kernel:s0 tcontext=u:r:kernel:s0 tclass=capability permissive=0
11-05 02:16:18.917 1511 4193 I wm_finish_activity: [0,88911952,114,com.android.settings/.homepage.SettingsHomepageActivity,recent-task-trimmed]
11-05 02:16:18.919 1511 4193 I wm_destroy_activity: [0,88911952,114,com.android.settings/.homepage.SettingsHomepageActivity,finish-imm:finishIfPossible]
11-05 02:16:18.926 1511 1602 I am_kill : [0,15987,com.android.settings,905,remove task]
11-05 02:16:18.928 1511 1602 I sysui_multi_action: [757,803,799,window_time_0,802,4]
11-05 02:16:18.968 1511 3043 I am_proc_died: [0,15987,com.android.settings,905,19]
11-05 02:16:18.974 1511 3043 I wm_task_removed: [114,removeChild:removeChild last r=ActivityRecord{54cb050 u0 com.android.settings/.homepage.SettingsHomepageActivity t-1 f}} in t=Task{7113a03 #114 type=standard A=1000:com.android.settings.root U=0 visible=false mode=fullscreen translucent=true sz=0}]
11-05 02:16:18.974 1511 3043 I wm_task_removed: [114,removeChild]
11-05 02:16:18.999 1511 1610 I am_proc_start: [0,16215,1000,com.android.settings,NULL,]
11-05 02:16:19.044 1511 2766 I am_proc_bound: [0,16215,com.android.settings]
11-05 02:16:19.767 0 0 I auditd : type=1400 audit(0.0:4265): avc: denied { kill } for comm="swapper/2" capability=5 scontext=u:r:kernel:s0 tcontext=u:r:kernel:s0 tclass=capability permissive=0
11-05 02:16:20.767 0 0 I auditd : type=1400 audit(0.0:4266): avc: denied { kill } for comm="swapper/2" capability=5 scontext=u:r:kernel:s0 tcontext=u:r:kernel:s0 tclass=capability permissive=0
11-05 02:16:21.767 0 0 I auditd : type=1400 audit(0.0:4267): avc: denied { kill } for comm="swapper/2" capability=5 scontext=u:r:kernel:s0 tcontext=u:r:kernel:s0 tclass=capability permissive=0
11-05 02:16:24.017 1511 1687 I input_interaction: Interaction with: f0a305f StatusBar (server), edge-swipe (server), swipe-up (server), PointerEventDispatcher0 (server),
11-05 02:16:24.029 1934 1934 I sysui_multi_action: [757,803,799,panel_open,802,1]
11-05 02:16:24.032 1934 1934 I sysui_multi_action: [757,1328,758,4,1326,49,1327,2,1329,0]
11-05 02:16:24.104 1511 2766 I sysui_multi_action: [757,127,758,1]
11-05 02:16:24.104 1511 2766 I sysui_multi_action: [757,804,799,note_load,801,3,802,1]
11-05 02:16:24.104 1511 2766 I notification_panel_revealed: 3
11-05 02:16:24.111 1511 1511 I notification_enqueue: [10082,1934,com.android.systemui,2048,NULL,0,Notification(channel=updateNotification shortcut=null contentView=null vibrate=null sound=null defaults=0x0 flags=0x0 color=0x00000000 vis=PRIVATE),1]
11-05 02:16:24.112 1934 1934 I sysui_multi_action: [757,111,758,2]
11-05 02:16:24.113 1934 1934 I sysui_multi_action: [757,111,758,2]
11-05 02:16:24.126 1511 1603 I input_focus: [Focus request eefcbb2 NotificationShade,reason=UpdateInputWindows]
11-05 02:16:24.128 1934 1934 I sysui_multi_action: [757,111,758,1]
11-05 02:16:24.128 1934 1934 I sysui_multi_action: [757,126,758,1,759,126,927,0,928,1,1593,0]
11-05 02:16:24.128 1934 1934 I sysui_multi_action: [757,113,758,1,759,113,927,1,928,1,1593,0]
11-05 02:16:24.128 1934 1934 I sysui_multi_action: [757,0,758,1,759,0,927,2,928,0,1593,0]
11-05 02:16:24.128 1934 1934 I sysui_multi_action: [757,0,758,1,759,0,927,3,928,0,1593,0]
11-05 02:16:24.128 1934 1934 I sysui_multi_action: [757,491,758,1,759,491,927,4,928,0,1311,-1,1593,0]
11-05 02:16:24.129 1934 1934 I sysui_multi_action: [757,0,758,1,759,0,927,5,928,0,1593,0]
11-05 02:16:24.129 1934 1934 I sysui_multi_action: [757,111,758,1]
11-05 02:16:24.129 1934 1934 I sysui_multi_action: [757,126,758,1,759,126,927,0,928,1,1593,0]
11-05 02:16:24.129 1934 1934 I sysui_multi_action: [757,113,758,1,759,113,927,1,928,1,1593,0]
11-05 02:16:24.129 1934 1934 I sysui_multi_action: [757,0,758,1,759,0,927,2,928,0,1593,0]
11-05 02:16:24.129 1934 1934 I sysui_multi_action: [757,0,758,1,759,0,927,3,928,0,1593,0]
11-05 02:16:24.141 1934 1934 I sysui_multi_action: [757,111,758,2]
11-05 02:16:24.141 1511 1511 I notification_enqueue: [10082,1934,com.android.systemui,2048,NULL,0,Notification(channel=updateNotification shortcut=null contentView=null vibrate=null sound=null defaults=0x0 flags=0x0 color=0x00000000 vis=PRIVATE),1]
11-05 02:16:24.141 1934 1934 I sysui_multi_action: [757,111,758,2]
11-05 02:16:24.145 1934 1934 I sysui_multi_action: [757,111,758,1]
11-05 02:16:24.145 1934 1934 I sysui_multi_action: [757,126,758,1,759,126,927,0,928,1,1593,0]
11-05 02:16:24.145 1934 1934 I sysui_multi_action: [757,113,758,1,759,113,927,1,928,1,1593,0]
11-05 02:16:24.145 1934 1934 I sysui_multi_action: [757,0,758,1,759,0,927,2,928,0,1593,0]
11-05 02:16:24.145 1934 1934 I sysui_multi_action: [757,0,758,1,759,0,927,3,928,0,1593,0]
11-05 02:16:24.146 1934 1934 I sysui_multi_action: [757,491,758,1,759,491,927,4,928,0,1311,-1,1593,0]
11-05 02:16:24.146 1934 1934 I sysui_multi_action: [757,0,758,1,759,0,927,5,928,0,1593,0]
11-05 02:16:24.146 1934 1934 I sysui_multi_action: [757,111,758,1]
11-05 02:16:24.146 1934 1934 I sysui_multi_action: [757,126,758,1,759,126,927,0,928,1,1593,0]
11-05 02:16:24.146 1934 1934 I sysui_multi_action: [757,113,758,1,759,113,927,1,928,1,1593,0]
11-05 02:16:24.146 1934 1934 I sysui_multi_action: [757,0,758,1,759,0,927,2,928,0,1593,0]
11-05 02:16:24.146 1934 1934 I sysui_multi_action: [757,0,758,1,759,0,927,3,928,0,1593,0]
11-05 02:16:24.152 1511 1687 I input_focus: [Focus leaving a226794 com.android.launcher3/com.android.launcher3.uioverrides.QuickstepLauncher (server),reason=setFocusedWindow]
11-05 02:16:24.152 1511 1687 I input_focus: [Focus entering eefcbb2 NotificationShade (server),reason=setFocusedWindow]
11-05 02:16:24.161 1934 1934 I sysui_multi_action: [757,111,758,2]
11-05 02:16:24.161 1934 1934 I sysui_multi_action: [757,111,758,2]
11-05 02:16:24.161 1511 1511 I notification_enqueue: [10082,1934,com.android.systemui,2048,NULL,0,Notification(channel=updateNotification shortcut=null contentView=null vibrate=null sound=null defaults=0x0 flags=0x0 color=0x00000000 vis=PRIVATE),1]
11-05 02:16:24.167 1934 1934 I sysui_multi_action: [757,111,758,1]
11-05 02:16:24.168 1934 1934 I sysui_multi_action: [757,126,758,1,759,126,927,0,928,1,1593,0]
11-05 02:16:24.168 1934 1934 I sysui_multi_action: [757,113,758,1,759,113,927,1,928,1,1593,0]
11-05 02:16:24.168 1934 1934 I sysui_multi_action: [757,0,758,1,759,0,927,2,928,0,1593,0]
11-05 02:16:24.168 1934 1934 I sysui_multi_action: [757,0,758,1,759,0,927,3,928,0,1593,0]
11-05 02:16:24.168 1934 1934 I sysui_multi_action: [757,491,758,1,759,491,927,4,928,0,1311,-1,1593,0]
11-05 02:16:24.168 1934 1934 I sysui_multi_action: [757,0,758,1,759,0,927,5,928,0,1593,0]
11-05 02:16:24.168 1934 1934 I sysui_multi_action: [757,111,758,1]
11-05 02:16:24.168 1934 1934 I sysui_multi_action: [757,126,758,1,759,126,927,0,928,1,1593,0]
11-05 02:16:24.168 1934 1934 I sysui_multi_action: [757,113,758,1,759,113,927,1,928,1,1593,0]
11-05 02:16:24.168 1934 1934 I sysui_multi_action: [757,0,758,1,759,0,927,2,928,0,1593,0]
11-05 02:16:24.169 1934 1934 I sysui_multi_action: [757,0,758,1,759,0,927,3,928,0,1593,0]
11-05 02:16:24.183 1934 1934 I sysui_multi_action: [757,111,758,2]
11-05 02:16:24.183 1934 1934 I sysui_multi_action: [757,111,758,2]
11-05 02:16:24.186 1934 1934 I sysui_multi_action: [757,111,758,1]
11-05 02:16:24.187 1934 1934 I sysui_multi_action: [757,126,758,1,759,126,927,0,928,1,1593,0]
11-05 02:16:24.187 1934 1934 I sysui_multi_action: [757,113,758,1,759,113,927,1,928,1,1593,0]
11-05 02:16:24.187 1934 1934 I sysui_multi_action: [757,0,758,1,759,0,927,2,928,0,1593,0]
11-05 02:16:24.187 1934 1934 I sysui_multi_action: [757,0,758,1,759,0,927,3,928,0,1593,0]
11-05 02:16:24.187 1934 1934 I sysui_multi_action: [757,491,758,1,759,491,927,4,928,0,1311,-1,1593,0]
11-05 02:16:24.187 1934 1934 I sysui_multi_action: [757,0,758,1,759,0,927,5,928,0,1593,0]
11-05 02:16:24.187 1934 1934 I sysui_multi_action: [757,111,758,1]
11-05 02:16:24.187 1934 1934 I sysui_multi_action: [757,126,758,1,759,126,927,0,928,1,1593,0]
11-05 02:16:24.188 1934 1934 I sysui_multi_action: [757,113,758,1,759,113,927,1,928,1,1593,0]
11-05 02:16:24.188 1934 1934 I sysui_multi_action: [757,0,758,1,759,0,927,2,928,0,1593,0]
11-05 02:16:24.188 1934 1934 I sysui_multi_action: [757,0,758,1,759,0,927,3,928,0,1593,0]
11-05 02:16:24.189 1511 1511 I notification_enqueue: [10082,1934,com.android.systemui,2048,NULL,0,Notification(channel=updateNotification shortcut=null contentView=null vibrate=null sound=null defaults=0x0 flags=0x0 color=0x00000000 vis=PRIVATE),1]
11-05 02:16:24.198 1934 1934 I sysui_multi_action: [757,111,758,2]
11-05 02:16:24.198 1934 1934 I sysui_multi_action: [757,111,758,2]
11-05 02:16:24.199 1511 1511 I notification_enqueue: [10082,1934,com.android.systemui,2048,NULL,0,Notification(channel=updateNotification shortcut=null contentView=null vibrate=null sound=null defaults=0x0 flags=0x0 color=0x00000000 vis=PRIVATE),1]
11-05 02:16:24.202 1934 1934 I sysui_multi_action: [757,111,758,1]
11-05 02:16:24.202 1934 1934 I sysui_multi_action: [757,126,758,1,759,126,927,0,928,1,1593,0]
11-05 02:16:24.202 1934 1934 I sysui_multi_action: [757,113,758,1,759,113,927,1,928,1,1593,0]
11-05 02:16:24.202 1934 1934 I sysui_multi_action: [757,0,758,1,759,0,927,2,928,0,1593,0]
11-05 02:16:24.202 1934 1934 I sysui_multi_action: [757,0,758,1,759,0,927,3,928,0,1593,0]
11-05 02:16:24.202 1934 1934 I sysui_multi_action: [757,491,758,1,759,491,927,4,928,0,1311,-1,1593,0]
11-05 02:16:24.202 1934 1934 I sysui_multi_action: [757,0,758,1,759,0,927,5,928,0,1593,0]
11-05 02:16:24.203 1934 1934 I sysui_multi_action: [757,111,758,1]
11-05 02:16:24.203 1934 1934 I sysui_multi_action: [757,126,758,1,759,126,927,0,928,1,1593,0]
11-05 02:16:24.203 1934 1934 I sysui_multi_action: [757,113,758,1,759,113,927,1,928,1,1593,0]
11-05 02:16:24.203 1934 1934 I sysui_multi_action: [757,0,758,1,759,0,927,2,928,0,1593,0]
11-05 02:16:24.203 1934 1934 I sysui_multi_action: [757,0,758,1,759,0,927,3,928,0,1593,0]
11-05 02:16:24.214 1934 1934 I sysui_multi_action: [757,111,758,2]
11-05 02:16:24.214 1934 1934 I sysui_multi_action: [757,111,758,2]
11-05 02:16:24.214 1511 1511 I notification_enqueue: [10082,1934,com.android.systemui,2048,NULL,0,Notification(channel=updateNotification shortcut=null contentView=null vibrate=null sound=null defaults=0x0 flags=0x0 color=0x00000000 vis=PRIVATE),1]
11-05 02:16:24.219 1934 1934 I sysui_multi_action: [757,111,758,1]
11-05 02:16:24.220 1934 1934 I sysui_multi_action: [757,126,758,1,759,126,927,0,928,1,1593,0]
11-05 02:16:24.220 1934 1934 I sysui_multi_action: [757,113,758,1,759,113,927,1,928,1,1593,0]
11-05 02:16:24.220 1934 1934 I sysui_multi_action: [757,0,758,1,759,0,927,2,928,0,1593,0]
11-05 02:16:24.220 1934 1934 I sysui_multi_action: [757,0,758,1,759,0,927,3,928,0,1593,0]
11-05 02:16:24.220 1934 1934 I sysui_multi_action: [757,491,758,1,759,491,927,4,928,0,1311,-1,1593,0]
11-05 02:16:24.220 1934 1934 I sysui_multi_action: [757,0,758,1,759,0,927,5,928,0,1593,0]
11-05 02:16:24.220 1934 1934 I sysui_multi_action: [757,111,758,1]
11-05 02:16:24.221 1934 1934 I sysui_multi_action: [757,126,758,1,759,126,927,0,928,1,1593,0]
11-05 02:16:24.221 1934 1934 I sysui_multi_action: [757,113,758,1,759,113,927,1,928,1,1593,0]
11-05 02:16:24.221 1934 1934 I sysui_multi_action: [757,0,758,1,759,0,927,2,928,0,1593,0]
11-05 02:16:24.221 1934 1934 I sysui_multi_action: [757,0,758,1,759,0,927,3,928,0,1593,0]
11-05 02:16:24.663 1511 6932 I sysui_multi_action: [757,128,758,1,793,3843552,794,0,795,3843552,796,26,798,0,806,android,857,DEVELOPER_IMPORTANT,858,4,947,0,1395,3,1500,3842855,1688,1]
11-05 02:16:24.664 1511 6932 I sysui_multi_action: [757,804,799,note_freshness,801,3843552,802,1]
11-05 02:16:24.664 1511 6932 I notification_visibility: [-1|android|26|null|1000,1,3843552,3843552,0,0]
11-05 02:16:24.665 1511 6932 I sysui_multi_action: [757,128,758,1,793,9656,794,0,795,9656,796,17303299,797,com.android.wifi,798,1,806,android,857,NETWORK_AVAILABLE,858,2,947,0,1395,3,1500,9454,1688,1]
11-05 02:16:24.665 1511 6932 I sysui_multi_action: [757,804,799,note_freshness,801,9656,802,1]
11-05 02:16:24.665 1511 6932 I notification_visibility: [0|android|17303299|com.android.wifi|1000,1,9656,9656,0,1]
11-05 02:16:24.665 1511 6932 I sysui_multi_action: [757,128,758,1,793,3844329,794,0,795,3844329,796,32,798,2,806,android,857,USB,858,1,947,0,1395,3,1500,3844271,1688,1]
11-05 02:16:24.665 1511 6932 I sysui_multi_action: [757,804,799,note_freshness,801,3844329,802,1]
11-05 02:16:24.665 1511 6932 I notification_visibility: [-1|android|32|null|1000,1,3844329,3844329,0,2]
11-05 02:16:25.410 1511 1687 I input_interaction: Interaction with: eefcbb2 NotificationShade (server), edge-swipe (server), swipe-up (server), PointerEventDispatcher0 (server),
11-05 02:16:25.736 1511 1511 I notification_enqueue: [10082,1934,com.android.systemui,2048,NULL,0,Notification(channel=updateNotification shortcut=null contentView=null vibrate=null sound=null defaults=0x0 flags=0x0 color=0x00000000 vis=PRIVATE),1]
11-05 02:16:25.736 1934 1934 I sysui_multi_action: [757,111,758,2]
11-05 02:16:25.736 1934 1934 I sysui_multi_action: [757,111,758,2]
11-05 02:16:25.741 1934 1934 I sysui_multi_action: [757,111,758,1]
11-05 02:16:25.741 1934 1934 I sysui_multi_action: [757,126,758,1,759,126,927,0,928,1,1593,1]
11-05 02:16:25.741 1934 1934 I sysui_multi_action: [757,113,758,1,759,113,927,1,928,1,1593,1]
11-05 02:16:25.741 1934 1934 I sysui_multi_action: [757,0,758,1,759,0,927,2,928,0,1593,1]
11-05 02:16:25.742 1934 1934 I sysui_multi_action: [757,0,758,1,759,0,927,3,928,0,1593,1]
11-05 02:16:25.742 1934 1934 I sysui_multi_action: [757,491,758,1,759,491,927,4,928,0,1311,-1,1593,0]
11-05 02:16:25.742 1934 1934 I sysui_multi_action: [757,0,758,1,759,0,927,5,928,0,1593,0]
11-05 02:16:25.742 1934 1934 I sysui_multi_action: [757,111,758,1]
11-05 02:16:25.742 1934 1934 I sysui_multi_action: [757,126,758,1,759,126,927,0,928,1,1593,1]
11-05 02:16:25.743 1934 1934 I sysui_multi_action: [757,113,758,1,759,113,927,1,928,1,1593,1]
11-05 02:16:25.743 1934 1934 I sysui_multi_action: [757,0,758,1,759,0,927,2,928,0,1593,1]
11-05 02:16:25.743 1934 1934 I sysui_multi_action: [757,0,758,1,759,0,927,3,928,0,1593,1]
11-05 02:16:25.758 1934 1934 I sysui_multi_action: [757,111,758,2]
11-05 02:16:25.758 1934 1934 I sysui_multi_action: [757,111,758,2]
11-05 02:16:25.758 1511 1511 I notification_enqueue: [10082,1934,com.android.systemui,2048,NULL,0,Notification(channel=updateNotification shortcut=null contentView=null vibrate=null sound=null defaults=0x0 flags=0x0 color=0x00000000 vis=PRIVATE),1]
11-05 02:16:25.763 1934 1934 I sysui_multi_action: [757,111,758,1]
11-05 02:16:25.763 1934 1934 I sysui_multi_action: [757,126,758,1,759,126,927,0,928,1,1593,1]
11-05 02:16:25.764 1934 1934 I sysui_multi_action: [757,113,758,1,759,113,927,1,928,1,1593,1]
11-05 02:16:25.764 1934 1934 I sysui_multi_action: [757,0,758,1,759,0,927,2,928,0,1593,1]
11-05 02:16:25.764 1934 1934 I sysui_multi_action: [757,0,758,1,759,0,927,3,928,0,1593,1]
11-05 02:16:25.764 1934 1934 I sysui_multi_action: [757,491,758,1,759,491,927,4,928,0,1311,-1,1593,0]
11-05 02:16:25.764 1934 1934 I sysui_multi_action: [757,0,758,1,759,0,927,5,928,0,1593,0]
11-05 02:16:25.764 1934 1934 I sysui_multi_action: [757,111,758,1]
11-05 02:16:25.765 1934 1934 I sysui_multi_action: [757,126,758,1,759,126,927,0,928,1,1593,1]
11-05 02:16:25.765 1934 1934 I sysui_multi_action: [757,113,758,1,759,113,927,1,928,1,1593,1]
11-05 02:16:25.765 1934 1934 I sysui_multi_action: [757,0,758,1,759,0,927,2,928,0,1593,1]
11-05 02:16:25.765 1934 1934 I sysui_multi_action: [757,0,758,1,759,0,927,3,928,0,1593,1]
11-05 02:16:25.776 1934 1934 I sysui_multi_action: [757,111,758,2]
11-05 02:16:25.776 1934 1934 I sysui_multi_action: [757,111,758,2]
11-05 02:16:25.777 1511 1511 I notification_enqueue: [10082,1934,com.android.systemui,2048,NULL,0,Notification(channel=updateNotification shortcut=null contentView=null vibrate=null sound=null defaults=0x0 flags=0x0 color=0x00000000 vis=PRIVATE),1]
11-05 02:16:25.781 1934 1934 I sysui_multi_action: [757,111,758,1]
11-05 02:16:25.781 1934 1934 I sysui_multi_action: [757,126,758,1,759,126,927,0,928,1,1593,1]
11-05 02:16:25.781 1934 1934 I sysui_multi_action: [757,113,758,1,759,113,927,1,928,1,1593,1]
11-05 02:16:25.781 1934 1934 I sysui_multi_action: [757,0,758,1,759,0,927,2,928,0,1593,1]
11-05 02:16:25.781 1934 1934 I sysui_multi_action: [757,0,758,1,759,0,927,3,928,0,1593,1]
11-05 02:16:25.781 1934 1934 I sysui_multi_action: [757,491,758,1,759,491,927,4,928,0,1311,-1,1593,0]
11-05 02:16:25.782 1934 1934 I sysui_multi_action: [757,0,758,1,759,0,927,5,928,0,1593,0]
11-05 02:16:25.782 1934 1934 I sysui_multi_action: [757,111,758,1]
11-05 02:16:25.782 1934 1934 I sysui_multi_action: [757,126,758,1,759,126,927,0,928,1,1593,1]
11-05 02:16:25.782 1934 1934 I sysui_multi_action: [757,113,758,1,759,113,927,1,928,1,1593,1]
11-05 02:16:25.782 1934 1934 I sysui_multi_action: [757,0,758,1,759,0,927,2,928,0,1593,1]
11-05 02:16:25.782 1934 1934 I sysui_multi_action: [757,0,758,1,759,0,927,3,928,0,1593,1]
11-05 02:16:25.793 1934 1934 I sysui_multi_action: [757,111,758,2]
11-05 02:16:25.794 1511 1511 I notification_enqueue: [10082,1934,com.android.systemui,2048,NULL,0,Notification(channel=updateNotification shortcut=null contentView=null vibrate=null sound=null defaults=0x0 flags=0x0 color=0x00000000 vis=PRIVATE),1]
11-05 02:16:25.794 1934 1934 I sysui_multi_action: [757,111,758,2]
11-05 02:16:25.797 1934 1934 I sysui_multi_action: [757,111,758,1]
11-05 02:16:25.798 1934 1934 I sysui_multi_action: [757,126,758,1,759,126,927,0,928,1,1593,1]
11-05 02:16:25.798 1934 1934 I sysui_multi_action: [757,113,758,1,759,113,927,1,928,1,1593,1]
11-05 02:16:25.798 1934 1934 I sysui_multi_action: [757,0,758,1,759,0,927,2,928,0,1593,1]
11-05 02:16:25.798 1934 1934 I sysui_multi_action: [757,0,758,1,759,0,927,3,928,0,1593,1]
11-05 02:16:25.798 1934 1934 I sysui_multi_action: [757,491,758,1,759,491,927,4,928,0,1311,-1,1593,0]
11-05 02:16:25.798 1934 1934 I sysui_multi_action: [757,0,758,1,759,0,927,5,928,0,1593,0]
11-05 02:16:25.799 1934 1934 I sysui_multi_action: [757,111,758,1]
11-05 02:16:25.799 1934 1934 I sysui_multi_action: [757,126,758,1,759,126,927,0,928,1,1593,1]
11-05 02:16:25.799 1934 1934 I sysui_multi_action: [757,113,758,1,759,113,927,1,928,1,1593,1]
11-05 02:16:25.799 1934 1934 I sysui_multi_action: [757,0,758,1,759,0,927,2,928,0,1593,1]
11-05 02:16:25.799 1934 1934 I sysui_multi_action: [757,0,758,1,759,0,927,3,928,0,1593,1]
11-05 02:16:25.807 1934 1934 I sysui_multi_action: [757,111,758,2]
11-05 02:16:25.808 1934 1934 I sysui_multi_action: [757,111,758,2]
11-05 02:16:25.808 1511 1511 I notification_enqueue: [10082,1934,com.android.systemui,2048,NULL,0,Notification(channel=updateNotification shortcut=null contentView=null vibrate=null sound=null defaults=0x0 flags=0x0 color=0x00000000 vis=PRIVATE),1]
11-05 02:16:25.811 1934 1934 I sysui_multi_action: [757,111,758,1]
11-05 02:16:25.812 1934 1934 I sysui_multi_action: [757,126,758,1,759,126,927,0,928,1,1593,1]
11-05 02:16:25.812 1934 1934 I sysui_multi_action: [757,113,758,1,759,113,927,1,928,1,1593,1]
11-05 02:16:25.812 1934 1934 I sysui_multi_action: [757,0,758,1,759,0,927,2,928,0,1593,1]
11-05 02:16:25.812 1934 1934 I sysui_multi_action: [757,0,758,1,759,0,927,3,928,0,1593,1]
11-05 02:16:25.812 1934 1934 I sysui_multi_action: [757,491,758,1,759,491,927,4,928,0,1311,-1,1593,0]
11-05 02:16:25.812 1934 1934 I sysui_multi_action: [757,0,758,1,759,0,927,5,928,0,1593,0]
11-05 02:16:25.812 1934 1934 I sysui_multi_action: [757,111,758,1]
11-05 02:16:25.812 1934 1934 I sysui_multi_action: [757,126,758,1,759,126,927,0,928,1,1593,1]
11-05 02:16:25.812 1934 1934 I sysui_multi_action: [757,113,758,1,759,113,927,1,928,1,1593,1]
11-05 02:16:25.812 1934 1934 I sysui_multi_action: [757,0,758,1,759,0,927,2,928,0,1593,1]
11-05 02:16:25.812 1934 1934 I sysui_multi_action: [757,0,758,1,759,0,927,3,928,0,1593,1]
11-05 02:16:25.821 1934 1934 I sysui_multi_action: [757,111,758,2]
11-05 02:16:25.821 1934 1934 I sysui_multi_action: [757,111,758,2]
11-05 02:16:25.822 1511 1511 I notification_enqueue: [10082,1934,com.android.systemui,2048,NULL,0,Notification(channel=updateNotification shortcut=null contentView=null vibrate=null sound=null defaults=0x0 flags=0x0 color=0x00000000 vis=PRIVATE),1]
11-05 02:16:25.824 1934 1934 I sysui_multi_action: [757,111,758,1]
11-05 02:16:25.825 1934 1934 I sysui_multi_action: [757,126,758,1,759,126,927,0,928,1,1593,1]
11-05 02:16:25.825 1934 1934 I sysui_multi_action: [757,113,758,1,759,113,927,1,928,1,1593,1]
11-05 02:16:25.825 1934 1934 I sysui_multi_action: [757,0,758,1,759,0,927,2,928,0,1593,1]
11-05 02:16:25.825 1934 1934 I sysui_multi_action: [757,0,758,1,759,0,927,3,928,0,1593,1]
11-05 02:16:25.825 1934 1934 I sysui_multi_action: [757,491,758,1,759,491,927,4,928,0,1311,-1,1593,0]
11-05 02:16:25.825 1934 1934 I sysui_multi_action: [757,0,758,1,759,0,927,5,928,0,1593,0]
11-05 02:16:25.825 1934 1934 I sysui_multi_action: [757,111,758,1]
11-05 02:16:25.825 1934 1934 I sysui_multi_action: [757,126,758,1,759,126,927,0,928,1,1593,1]
11-05 02:16:25.825 1934 1934 I sysui_multi_action: [757,113,758,1,759,113,927,1,928,1,1593,1]
