11-05 02:20:08.702 1934 1934 I sysui_multi_action: [757,113,758,1,759,113,927,1,928,1,1593,0]
11-05 02:20:08.702 1934 1934 I sysui_multi_action: [757,0,758,1,759,0,927,2,928,0,1593,1]
11-05 02:20:08.702 1934 1934 I sysui_multi_action: [757,0,758,1,759,0,927,3,928,0,1593,1]
11-05 02:20:08.704 1511 1609 I am_wtf : [0,1511,system_server,-1,DisplayDeviceConfig,requesting nits when no mapping exists.]
11-05 02:20:08.706 1511 1609 I am_wtf : [0,1511,system_server,-1,DisplayDeviceConfig,requesting nits when no mapping exists.]
11-05 02:20:08.712 1934 1934 I sysui_multi_action: [757,111,758,2]
11-05 02:20:08.712 1934 1934 I sysui_multi_action: [757,111,758,2]
11-05 02:20:08.713 1511 1511 I notification_enqueue: [10082,1934,com.android.systemui,2048,NULL,0,Notification(channel=updateNotification shortcut=null contentView=null vibrate=null sound=null defaults=0x0 flags=0x0 color=0x00000000 vis=PRIVATE),1]
11-05 02:20:08.714 1511 2436 I sysui_multi_action: [757,128,758,2,793,4067603,794,73000,795,4067603,796,26,798,0,806,android,857,DEVELOPER_IMPORTANT,858,4,947,0,1395,2,1500,4066906,1688,1]
11-05 02:20:08.715 1511 2436 I notification_visibility: [-1|android|26|null|1000,0,4067603,4067603,0,0]
11-05 02:20:08.715 1511 2436 I sysui_multi_action: [757,128,758,2,793,4068379,794,72999,795,4068379,796,32,798,1,806,android,857,USB,858,1,947,0,1395,2,1500,4068321,1688,1]
11-05 02:20:08.715 1511 2436 I notification_visibility: [-1|android|32|null|1000,0,4068379,4068379,0,1]
11-05 02:20:08.716 1511 3043 I sysui_multi_action: [757,127,758,2]
11-05 02:20:08.716 1511 3043 I notification_panel_hidden:
11-05 02:20:08.719 1511 1609 I am_wtf : [0,1511,system_server,-1,DisplayDeviceConfig,requesting nits when no mapping exists.]
11-05 02:20:08.720 1511 1609 I am_wtf : [0,1511,system_server,-1,DisplayDeviceConfig,requesting nits when no mapping exists.]
11-05 02:20:08.725 1934 1934 I sysui_multi_action: [757,111,758,1]
11-05 02:20:08.725 1934 1934 I sysui_multi_action: [757,126,758,1,759,126,927,0,928,0,1593,0]
11-05 02:20:08.725 1934 1934 I sysui_multi_action: [757,113,758,1,759,113,927,1,928,1,1593,0]
11-05 02:20:08.725 1934 1934 I sysui_multi_action: [757,0,758,1,759,0,927,2,928,0,1593,0]
11-05 02:20:08.725 1934 1934 I sysui_multi_action: [757,0,758,1,759,0,927,3,928,0,1593,0]
11-05 02:20:08.725 1934 1934 I sysui_multi_action: [757,491,758,1,759,491,927,4,928,0,1311,-1,1593,0]
11-05 02:20:08.725 1934 1934 I sysui_multi_action: [757,0,758,1,759,0,927,5,928,0,1593,0]
11-05 02:20:08.725 1934 1934 I sysui_multi_action: [757,111,758,1]
11-05 02:20:08.725 1934 1934 I sysui_multi_action: [757,126,758,1,759,126,927,0,928,0,1593,1]
11-05 02:20:08.725 1934 1934 I sysui_multi_action: [757,113,758,1,759,113,927,1,928,1,1593,1]
11-05 02:20:08.725 1934 1934 I sysui_multi_action: [757,0,758,1,759,0,927,2,928,0,1593,1]
11-05 02:20:08.725 1934 1934 I sysui_multi_action: [757,0,758,1,759,0,927,3,928,0,1593,1]
11-05 02:20:08.736 1511 1609 I am_wtf : [0,1511,system_server,-1,DisplayDeviceConfig,requesting nits when no mapping exists.]
11-05 02:20:08.737 1511 1609 I am_wtf : [0,1511,system_server,-1,DisplayDeviceConfig,requesting nits when no mapping exists.]
11-05 02:20:08.754 1511 1602 I wm_stop_activity: [0,83153635,com.android.settings/.Settings]
11-05 02:20:08.755 1511 1609 I am_wtf : [0,1511,system_server,-1,DisplayDeviceConfig,requesting nits when no mapping exists.]
11-05 02:20:08.758 1511 1609 I am_wtf : [0,1511,system_server,-1,DisplayDeviceConfig,requesting nits when no mapping exists.]
11-05 02:20:08.770 1511 1609 I am_wtf : [0,1511,system_server,-1,DisplayDeviceConfig,requesting nits when no mapping exists.]
11-05 02:20:08.773 1511 1609 I am_wtf : [0,1511,system_server,-1,DisplayDeviceConfig,requesting nits when no mapping exists.]
11-05 02:20:08.786 1511 1609 I am_wtf : [0,1511,system_server,-1,DisplayDeviceConfig,requesting nits when no mapping exists.]
11-05 02:20:08.788 1511 1609 I am_wtf : [0,1511,system_server,-1,DisplayDeviceConfig,requesting nits when no mapping exists.]
11-05 02:20:08.804 1511 1609 I am_wtf : [0,1511,system_server,-1,DisplayDeviceConfig,requesting nits when no mapping exists.]
11-05 02:20:08.805 1511 1609 I service_manager_stats: [100,71,6971]
11-05 02:20:08.805 1511 1609 I am_wtf : [0,1511,system_server,-1,DisplayDeviceConfig,requesting nits when no mapping exists.]
11-05 02:20:08.813 16215 16215 I wm_on_stop_called: [83153635,com.android.settings.Settings,STOP_ACTIVITY_ITEM]
11-05 02:20:08.818 1511 1609 I am_wtf : [0,1511,system_server,-1,DisplayDeviceConfig,requesting nits when no mapping exists.]
11-05 02:20:08.819 1511 1609 I am_wtf : [0,1511,system_server,-1,DisplayDeviceConfig,requesting nits when no mapping exists.]
11-05 02:20:08.834 1511 1609 I am_wtf : [0,1511,system_server,-1,DisplayDeviceConfig,requesting nits when no mapping exists.]
11-05 02:20:08.835 1511 1609 I am_wtf : [0,1511,system_server,-1,DisplayDeviceConfig,requesting nits when no mapping exists.]
11-05 02:20:08.850 1511 1609 I am_wtf : [0,1511,system_server,-1,DisplayDeviceConfig,requesting nits when no mapping exists.]
11-05 02:20:08.851 1511 1609 I am_wtf : [0,1511,system_server,-1,DisplayDeviceConfig,requesting nits when no mapping exists.]
11-05 02:20:08.867 1511 1609 I am_wtf : [0,1511,system_server,-1,DisplayDeviceConfig,requesting nits when no mapping exists.]
11-05 02:20:08.868 1511 1609 I am_wtf : [0,1511,system_server,-1,DisplayDeviceConfig,requesting nits when no mapping exists.]
11-05 02:20:08.883 1511 1609 I am_wtf : [0,1511,system_server,-1,DisplayDeviceConfig,requesting nits when no mapping exists.]
11-05 02:20:08.885 1511 1609 I am_wtf : [0,1511,system_server,-1,DisplayDeviceConfig,requesting nits when no mapping exists.]
11-05 02:20:08.901 1511 1609 I am_wtf : [0,1511,system_server,-1,DisplayDeviceConfig,requesting nits when no mapping exists.]
11-05 02:20:08.901 1511 1609 I am_wtf : [0,1511,system_server,-1,DisplayDeviceConfig,requesting nits when no mapping exists.]
11-05 02:20:08.917 1511 1609 I am_wtf : [0,1511,system_server,-1,DisplayDeviceConfig,requesting nits when no mapping exists.]
11-05 02:20:08.918 1511 1609 I am_wtf : [0,1511,system_server,-1,DisplayDeviceConfig,requesting nits when no mapping exists.]
11-05 02:20:08.934 1511 1609 I am_wtf : [0,1511,system_server,-1,DisplayDeviceConfig,requesting nits when no mapping exists.]
11-05 02:20:08.935 1511 1609 I am_wtf : [0,1511,system_server,-1,DisplayDeviceConfig,requesting nits when no mapping exists.]
11-05 02:20:08.951 1511 1609 I am_wtf : [0,1511,system_server,-1,DisplayDeviceConfig,requesting nits when no mapping exists.]
11-05 02:20:08.952 1511 1609 I am_wtf : [0,1511,system_server,-1,DisplayDeviceConfig,requesting nits when no mapping exists.]
11-05 02:20:08.968 1511 1609 I am_wtf : [0,1511,system_server,-1,DisplayDeviceConfig,requesting nits when no mapping exists.]
11-05 02:20:08.968 1511 1609 I am_wtf : [0,1511,system_server,-1,DisplayDeviceConfig,requesting nits when no mapping exists.]
11-05 02:20:08.985 1511 1609 I am_wtf : [0,1511,system_server,-1,DisplayDeviceConfig,requesting nits when no mapping exists.]
11-05 02:20:08.986 1511 1609 I am_wtf : [0,1511,system_server,-1,DisplayDeviceConfig,requesting nits when no mapping exists.]
11-05 02:20:09.001 1511 1609 I am_wtf : [0,1511,system_server,-1,DisplayDeviceConfig,requesting nits when no mapping exists.]
11-05 02:20:09.002 1511 1609 I am_wtf : [0,1511,system_server,-1,DisplayDeviceConfig,requesting nits when no mapping exists.]
11-05 02:20:09.018 1511 1609 I am_wtf : [0,1511,system_server,-1,DisplayDeviceConfig,requesting nits when no mapping exists.]
11-05 02:20:09.019 1511 1609 I am_wtf : [0,1511,system_server,-1,DisplayDeviceConfig,requesting nits when no mapping exists.]
11-05 02:20:09.035 1511 1609 I am_wtf : [0,1511,system_server,-1,DisplayDeviceConfig,requesting nits when no mapping exists.]
11-05 02:20:09.036 1511 1609 I am_wtf : [0,1511,system_server,-1,DisplayDeviceConfig,requesting nits when no mapping exists.]
11-05 02:20:09.053 1511 1609 I am_wtf : [0,1511,system_server,-1,DisplayDeviceConfig,requesting nits when no mapping exists.]
11-05 02:20:09.054 1511 1609 I am_wtf : [0,1511,system_server,-1,DisplayDeviceConfig,requesting nits when no mapping exists.]
11-05 02:20:09.068 1511 1609 I am_wtf : [0,1511,system_server,-1,DisplayDeviceConfig,requesting nits when no mapping exists.]
11-05 02:20:09.069 1511 1609 I am_wtf : [0,1511,system_server,-1,DisplayDeviceConfig,requesting nits when no mapping exists.]
11-05 02:20:09.085 1511 1609 I am_wtf : [0,1511,system_server,-1,DisplayDeviceConfig,requesting nits when no mapping exists.]
11-05 02:20:09.087 1511 1609 I am_wtf : [0,1511,system_server,-1,DisplayDeviceConfig,requesting nits when no mapping exists.]
11-05 02:20:09.102 1511 1609 I am_wtf : [0,1511,system_server,-1,DisplayDeviceConfig,requesting nits when no mapping exists.]
11-05 02:20:09.103 1511 1609 I am_wtf : [0,1511,system_server,-1,DisplayDeviceConfig,requesting nits when no mapping exists.]
11-05 02:20:09.118 1511 1609 I am_wtf : [0,1511,system_server,-1,DisplayDeviceConfig,requesting nits when no mapping exists.]
11-05 02:20:09.119 1511 1609 I am_wtf : [0,1511,system_server,-1,DisplayDeviceConfig,requesting nits when no mapping exists.]
11-05 02:20:09.136 1511 1609 I am_wtf : [0,1511,system_server,-1,DisplayDeviceConfig,requesting nits when no mapping exists.]
11-05 02:20:09.137 1511 1609 I am_wtf : [0,1511,system_server,-1,DisplayDeviceConfig,requesting nits when no mapping exists.]
11-05 02:20:09.152 1511 1609 I am_wtf : [0,1511,system_server,-1,DisplayDeviceConfig,requesting nits when no mapping exists.]
11-05 02:20:09.153 1511 1609 I am_wtf : [0,1511,system_server,-1,DisplayDeviceConfig,requesting nits when no mapping exists.]
11-05 02:20:09.170 1511 1609 I am_wtf : [0,1511,system_server,-1,DisplayDeviceConfig,requesting nits when no mapping exists.]
11-05 02:20:09.172 1511 1609 I am_wtf : [0,1511,system_server,-1,DisplayDeviceConfig,requesting nits when no mapping exists.]
11-05 02:20:09.185 1511 1609 I am_wtf : [0,1511,system_server,-1,DisplayDeviceConfig,requesting nits when no mapping exists.]
11-05 02:20:09.187 1511 1609 I am_wtf : [0,1511,system_server,-1,DisplayDeviceConfig,requesting nits when no mapping exists.]
11-05 02:20:09.202 1511 1609 I am_wtf : [0,1511,system_server,-1,DisplayDeviceConfig,requesting nits when no mapping exists.]
11-05 02:20:09.203 1511 1609 I am_wtf : [0,1511,system_server,-1,DisplayDeviceConfig,requesting nits when no mapping exists.]
11-05 02:20:09.218 1511 1609 I am_wtf : [0,1511,system_server,-1,DisplayDeviceConfig,requesting nits when no mapping exists.]
11-05 02:20:09.219 1511 1609 I am_wtf : [0,1511,system_server,-1,DisplayDeviceConfig,requesting nits when no mapping exists.]
11-05 02:20:10.767 0 0 I auditd : type=1400 audit(0.0:4546): avc: denied { kill } for comm="swapper/2" capability=5 scontext=u:r:kernel:s0 tcontext=u:r:kernel:s0 tclass=capability permissive=0
11-05 02:20:11.767 0 0 I auditd : type=1400 audit(0.0:4547): avc: denied { kill } for comm="swapper/2" capability=5 scontext=u:r:kernel:s0 tcontext=u:r:kernel:s0 tclass=capability permissive=0
11-05 02:20:12.767 0 0 I auditd : type=1400 audit(0.0:4548): avc: denied { kill } for comm="swapper/2" capability=5 scontext=u:r:kernel:s0 tcontext=u:r:kernel:s0 tclass=capability permissive=0
11-05 02:20:14.767 0 0 I auditd : type=1400 audit(0.0:4549): avc: denied { kill } for comm="swapper/2" capability=5 scontext=u:r:kernel:s0 tcontext=u:r:kernel:s0 tclass=capability permissive=0
11-05 02:20:15.767 0 0 I auditd : type=1400 audit(0.0:4550): avc: denied { kill } for comm="swapper/2" capability=5 scontext=u:r:kernel:s0 tcontext=u:r:kernel:s0 tclass=capability permissive=0
11-05 02:20:16.767 0 0 I auditd : type=1400 audit(0.0:4551): avc: denied { kill } for comm="swapper/2" capability=5 scontext=u:r:kernel:s0 tcontext=u:r:kernel:s0 tclass=capability permissive=0
11-05 02:20:17.767 0 0 I auditd : type=1400 audit(0.0:4552): avc: denied { kill } for comm="swapper/2" capability=5 scontext=u:r:kernel:s0 tcontext=u:r:kernel:s0 tclass=capability permissive=0
11-05 02:20:18.767 0 0 I auditd : type=1400 audit(0.0:4553): avc: denied { kill } for comm="swapper/2" capability=5 scontext=u:r:kernel:s0 tcontext=u:r:kernel:s0 tclass=capability permissive=0
11-05 02:20:19.767 0 0 I auditd : type=1400 audit(0.0:4554): avc: denied { kill } for comm="swapper/2" capability=5 scontext=u:r:kernel:s0 tcontext=u:r:kernel:s0 tclass=capability permissive=0
11-05 02:20:20.767 0 0 I auditd : type=1400 audit(0.0:4555): avc: denied { kill } for comm="swapper/2" capability=5 scontext=u:r:kernel:s0 tcontext=u:r:kernel:s0 tclass=capability permissive=0
11-05 02:20:21.767 0 0 I auditd : type=1400 audit(0.0:4556): avc: denied { kill } for comm="swapper/2" capability=5 scontext=u:r:kernel:s0 tcontext=u:r:kernel:s0 tclass=capability permissive=0
11-05 02:20:22.767 0 0 I auditd : type=1400 audit(0.0:4557): avc: denied { kill } for comm="swapper/2" capability=5 scontext=u:r:kernel:s0 tcontext=u:r:kernel:s0 tclass=capability permissive=0
11-05 02:20:23.767 0 0 I auditd : type=1400 audit(0.0:4558): avc: denied { kill } for comm="swapper/2" capability=5 scontext=u:r:kernel:s0 tcontext=u:r:kernel:s0 tclass=capability permissive=0
11-05 02:20:24.767 0 0 I auditd : type=1400 audit(0.0:4559): avc: denied { kill } for comm="swapper/2" capability=5 scontext=u:r:kernel:s0 tcontext=u:r:kernel:s0 tclass=capability permissive=0
11-05 02:20:25.767 0 0 I auditd : type=1400 audit(0.0:4560): avc: denied { kill } for comm="swapper/2" capability=5 scontext=u:r:kernel:s0 tcontext=u:r:kernel:s0 tclass=capability permissive=0
11-05 02:20:26.767 0 0 I auditd : type=1400 audit(0.0:4561): avc: denied { kill } for comm="swapper/2" capability=5 scontext=u:r:kernel:s0 tcontext=u:r:kernel:s0 tclass=capability permissive=0
11-05 02:20:27.767 0 0 I auditd : type=1400 audit(0.0:4562): avc: denied { kill } for comm="swapper/2" capability=5 scontext=u:r:kernel:s0 tcontext=u:r:kernel:s0 tclass=capability permissive=0
11-05 02:20:28.767 0 0 I auditd : type=1400 audit(0.0:4563): avc: denied { kill } for comm="swapper/2" capability=5 scontext=u:r:kernel:s0 tcontext=u:r:kernel:s0 tclass=capability permissive=0
11-05 02:20:29.767 0 0 I auditd : type=1400 audit(0.0:4564): avc: denied { kill } for comm="swapper/2" capability=5 scontext=u:r:kernel:s0 tcontext=u:r:kernel:s0 tclass=capability permissive=0
11-05 02:20:30.767 0 0 I auditd : type=1400 audit(0.0:4565): avc: denied { kill } for comm="swapper/2" capability=5 scontext=u:r:kernel:s0 tcontext=u:r:kernel:s0 tclass=capability permissive=0
11-05 02:20:31.767 0 0 I auditd : type=1400 audit(0.0:4566): avc: denied { kill } for comm="swapper/2" capability=5 scontext=u:r:kernel:s0 tcontext=u:r:kernel:s0 tclass=capability permissive=0
11-05 02:20:32.633 1511 1687 I input_interaction: Interaction with: 16ff002 com.thundercomm.screensaver/android.service.dreams.DreamActivity (server), edge-swipe (server), swipe-up (server), PointerEventDispatcher0 (server),
11-05 02:20:32.635 1511 2436 I wm_finish_activity: [0,50640564,118,com.thundercomm.screensaver/android.service.dreams.DreamActivity,finish-activity]
11-05 02:20:32.636 1511 2436 I wm_task_moved: [116,1,6]
11-05 02:20:32.636 1511 2436 I wm_task_to_front: [0,116]
11-05 02:20:32.637 1511 2436 I wm_focused_root_task: [0,0,116,118,finish-top adjustFocusToNextFocusableTask]
11-05 02:20:32.639 1511 2436 I wm_pause_activity: [0,50640564,com.thundercomm.screensaver/android.service.dreams.DreamActivity,userLeaving=false,finish]
11-05 02:20:32.650 1511 1602 I sysui_multi_action: [757,803,799,window_time_0,802,25]
11-05 02:20:32.651 3968 3968 I wm_on_top_resumed_lost_called: [50640564,android.service.dreams.DreamActivity,topStateChangedWhenResumed]
11-05 02:20:32.651 3968 3968 I wm_on_paused_called: [50640564,android.service.dreams.DreamActivity,performPause]
11-05 02:20:32.653 1511 2436 I wm_add_to_stopping: [0,50640564,com.thundercomm.screensaver/android.service.dreams.DreamActivity,completeFinishing]
11-05 02:20:32.656 1511 2436 I wm_set_resumed_activity: [0,com.android.settings/.Settings,resumeTopActivityInnerLocked]
11-05 02:20:32.658 1511 2436 I wm_resume_activity: [0,83153635,116,com.android.settings/.Settings]
11-05 02:20:32.664 3968 3968 I view_enqueue_input_event: [Motion - Cancel,com.thundercomm.screensaver/android.service.dreams.DreamActivity]
11-05 02:20:32.665 1511 1687 I input_focus: [Focus leaving 16ff002 com.thundercomm.screensaver/android.service.dreams.DreamActivity (server),reason=NO_WINDOW]
11-05 02:20:32.675 1511 1602 I sysui_multi_action: [757,803,799,window_time_0,802,0]
11-05 02:20:32.677 16215 16215 I wm_on_restart_called: [83153635,com.android.settings.Settings,performRestartActivity]
11-05 02:20:32.688 16215 16215 I wm_on_start_called: [83153635,com.android.settings.Settings,handleStartActivity]
11-05 02:20:32.690 16215 16215 I snet_event_log: [120484087,-1,]
11-05 02:20:32.690 16215 16215 I wm_on_resume_called: [83153635,com.android.settings.Settings,RESUME_ACTIVITY]
11-05 02:20:32.692 16215 16215 I sysui_multi_action: [757,35,758,1,833,0,1089,0]
11-05 02:20:32.698 16215 16215 I sysui_multi_action: [757,103,758,1,833,0,1089,0]
11-05 02:20:32.700 16215 16215 I wm_on_top_resumed_gained_called: [83153635,com.android.settings.Settings,topWhenResuming]
11-05 02:20:32.702 1511 1608 I am_pss : [16596,10063,com.android.calendar,6879232,4882432,0,92340224,0,19,7]
11-05 02:20:32.709 1511 1608 I am_pss : [16590,10069,com.android.gallery3d,8486912,6426624,0,94527488,0,19,6]
11-05 02:20:32.710 1511 1603 I input_focus: [Focus request 9cd7ec3 com.android.settings/com.android.settings.Settings,reason=UpdateInputWindows]
11-05 02:20:32.717 1511 1608 I am_pss : [16589,10032,com.microsoft.emmx,37145600,33263616,0,136495104,0,19,6]
11-05 02:20:32.745 1511 1687 I input_focus: [Focus entering 9cd7ec3 com.android.settings/com.android.settings.Settings (server),reason=Window became focusable. Previous reason: NOT_VISIBLE]
11-05 02:20:32.767 0 0 I auditd : type=1400 audit(0.0:4567): avc: denied { kill } for comm="swapper/2" capability=5 scontext=u:r:kernel:s0 tcontext=u:r:kernel:s0 tclass=capability permissive=0
11-05 02:20:33.251 1511 1602 I wm_destroy_activity: [0,50640564,118,com.thundercomm.screensaver/android.service.dreams.DreamActivity,finish-imm:idle]
11-05 02:20:33.274 3968 3968 I wm_on_stop_called: [50640564,android.service.dreams.DreamActivity,LIFECYCLER_STOP_ACTIVITY]
11-05 02:20:33.275 3968 3968 I wm_on_destroy_called: [50640564,android.service.dreams.DreamActivity,performDestroy]
11-05 02:20:33.287 1511 1599 I sysui_multi_action: [757,222,758,2]
11-05 02:20:33.287 1511 1599 I sysui_multi_action: [757,804,799,dreaming_minutes,801,0,802,1]
11-05 02:20:33.299 1511 1765 I wm_task_removed: [118,removeChild:removeChild last r=ActivityRecord{304b6b4 u0 com.thundercomm.screensaver/android.service.dreams.DreamActivity t-1 f}} in t=Task{5a903bd #118 type=dream A=10043:android:com.thundercomm.screensaver/dream U=0 visible=false mode=fullscreen translucent=true sz=0}]
11-05 02:20:33.299 1511 1765 I wm_task_removed: [118,removeChild]
11-05 02:20:33.767 0 0 I auditd : type=1400 audit(0.0:4568): avc: denied { kill } for comm="swapper/2" capability=5 scontext=u:r:kernel:s0 tcontext=u:r:kernel:s0 tclass=capability permissive=0
11-05 02:20:34.642 1511 1687 I input_interaction: Interaction with: 9cd7ec3 com.android.settings/com.android.settings.Settings (server), edge-swipe (server), swipe-up (server), PointerEventDispatcher0 (server),
11-05 02:20:34.656 1511 1765 I wm_task_moved: [1,0,0]
11-05 02:20:34.657 1511 1765 I wm_task_moved: [1,0,5]
11-05 02:20:34.687 2535 2535 I wm_on_restart_called: [245869423,com.android.launcher3.uioverrides.QuickstepLauncher,performRestartActivity]
11-05 02:20:34.706 2535 2535 I wm_on_start_called: [245869423,com.android.launcher3.uioverrides.QuickstepLauncher,handleStartActivity]
11-05 02:20:34.730 1511 1599 I sysui_multi_action: [319,17,322,67,325,4105,757,761,758,9,759,5,806,com.android.launcher3,871,com.android.launcher3.uioverrides.QuickstepLauncher,905,0,1320,4,1321,1]
11-05 02:20:34.759 16215 16215 I view_enqueue_input_event: [Motion - Cancel,com.android.settings/com.android.settings.Settings]
11-05 02:20:34.762 2535 2535 I sysui_latency: [1,77]
11-05 02:20:34.768 1511 1603 I input_focus: [Focus request recents_animation_input_consumer,reason=UpdateInputWindows]
11-05 02:20:34.771 1511 1687 I input_interaction: Interaction with: edge-swipe (server), swipe-up (server), PointerEventDispatcher0 (server),
11-05 02:20:34.799 1511 1687 I input_focus: [Focus leaving 9cd7ec3 com.android.settings/com.android.settings.Settings (server),reason=NOT_FOCUSABLE]
11-05 02:20:34.799 1511 1687 I input_focus: [Focus entering recents_animation_input_consumer (server),reason=setFocusedWindow]
11-05 02:20:34.911 1511 1669 I commit_sys_config_file: [settings-1-0,7]
11-05 02:20:35.024 1511 1608 I sysui_latency: [8,77]
11-05 02:20:35.531 1511 1765 I wm_task_moved: [1,1,6]
11-05 02:20:35.540 1511 1765 I wm_task_moved: [40,1,2147483647]
11-05 02:20:35.541 1511 1765 I wm_task_to_front: [0,40]
11-05 02:20:35.541 16215 16215 I wm_on_top_resumed_lost_called: [83153635,com.android.settings.Settings,topStateChangedWhenResumed]
11-05 02:20:35.541 1511 1765 I wm_focused_root_task: [0,0,1,116,RecentsAnimation.onAnimationFinished()]
11-05 02:20:35.542 1511 1765 I wm_set_resumed_activity: [0,com.android.launcher3/.uioverrides.QuickstepLauncher,RecentsAnimation.onAnimationFinished()]
11-05 02:20:35.543 1511 1765 I wm_pause_activity: [0,83153635,com.android.settings/.Settings,userLeaving=true,pauseBackTasks]
11-05 02:20:35.545 1511 1765 I wm_add_to_stopping: [0,83153635,com.android.settings/.Settings,makeInvisible]
11-05 02:20:35.546 1511 1765 I wm_set_resumed_activity: [0,com.android.launcher3/.uioverrides.QuickstepLauncher,resumeTopActivityInnerLocked]
11-05 02:20:35.548 1511 1765 I wm_resume_activity: [0,245869423,40,com.android.launcher3/.uioverrides.QuickstepLauncher]
11-05 02:20:35.550 2535 2535 I wm_on_resume_called: [245869423,com.android.launcher3.uioverrides.QuickstepLauncher,RESUME_ACTIVITY]
11-05 02:20:35.561 1511 1603 I input_focus: [Focus request a226794 com.android.launcher3/com.android.launcher3.uioverrides.QuickstepLauncher,reason=UpdateInputWindows]
11-05 02:20:35.565 16215 16215 I sysui_multi_action: [757,35,758,2,1089,2874]
11-05 02:20:35.567 16215 16215 I sysui_multi_action: [757,103,758,2,1089,2868]
11-05 02:20:35.567 2535 2535 I wm_on_top_resumed_gained_called: [245869423,com.android.launcher3.uioverrides.QuickstepLauncher,topStateChangedWhenResumed]
11-05 02:20:35.568 16215 16215 I wm_on_paused_called: [83153635,com.android.settings.Settings,performPause]
11-05 02:20:35.569 1511 1687 I input_focus: [Focus leaving recents_animation_input_consumer (server),reason=NOT_VISIBLE]
11-05 02:20:35.570 1511 1687 I input_focus: [Focus entering a226794 com.android.launcher3/com.android.launcher3.uioverrides.QuickstepLauncher (server),reason=setFocusedWindow]
11-05 02:20:35.573 1511 3043 I wm_stop_activity: [0,83153635,com.android.settings/.Settings]
11-05 02:20:35.575 1511 1602 I sysui_multi_action: [757,803,799,window_time_0,802,3]
11-05 02:20:35.582 1511 1602 I sysui_multi_action: [757,803,799,window_time_0,802,0]
11-05 02:20:35.602 16215 16215 I wm_on_stop_called: [83153635,com.android.settings.Settings,STOP_ACTIVITY_ITEM]
11-05 02:20:35.767 0 0 I auditd : type=1400 audit(0.0:4569): avc: denied { kill } for comm="swapper/2" capability=5 scontext=u:r:kernel:s0 tcontext=u:r:kernel:s0 tclass=capability permissive=0
11-05 02:20:35.876 1511 1687 I input_interaction: Interaction with: a226794 com.android.launcher3/com.android.launcher3.uioverrides.QuickstepLauncher (server), 2153fad com.android.systemui.ImageWallpaper (server), edge-swipe (server), swipe-up (server), PointerEventDispatcher0 (server),
11-05 02:20:35.951 2535 2535 I view_enqueue_input_event: [Motion - Cancel,com.android.launcher3/com.android.launcher3.uioverrides.QuickstepLauncher]
11-05 02:20:35.953 1511 1687 I input_interaction: Interaction with: edge-swipe (server), swipe-up (server), PointerEventDispatcher0 (server),
11-05 02:20:36.140 1511 1669 I commit_sys_config_file: [settings-1-0,4]
11-05 02:20:36.470 1511 1669 I commit_sys_config_file: [settings-1-0,6]
11-05 02:20:37.193 1511 1687 I input_interaction: Interaction with: a226794 com.android.launcher3/com.android.launcher3.uioverrides.QuickstepLauncher (server), 2153fad com.android.systemui.ImageWallpaper (server), edge-swipe (server), swipe-up (server), PointerEventDispatcher0 (server),
11-05 02:20:37.756 1511 2768 I wm_finish_activity: [0,83153635,116,com.android.settings/.Settings,recent-task-trimmed]
11-05 02:20:37.758 1511 2768 I wm_destroy_activity: [0,83153635,116,com.android.settings/.Settings,finish-imm:finishIfPossible]
11-05 02:20:37.761 1511 1602 I am_kill : [0,16215,com.android.settings,900,remove task]
11-05 02:20:37.764 1511 1602 I sysui_multi_action: [757,803,799,window_time_0,802,2]
11-05 02:20:37.810 1511 3043 I am_proc_died: [0,16215,com.android.settings,900,18]
11-05 02:20:37.818 1511 3043 I wm_task_removed: [116,removeChild:removeChild last r=ActivityRecord{4f4d2e3 u0 com.android.settings/.Settings t-1 f}} in t=Task{1d41a6a #116 type=standard A=1000:com.android.settings.root U=0 visible=false mode=fullscreen translucent=true sz=0}]
11-05 02:20:37.818 1511 3043 I wm_task_removed: [116,removeChild]
11-05 02:20:37.843 1511 1610 I am_proc_start: [0,16818,1000,com.android.settings,NULL,]
11-05 02:20:37.886 1511 4178 I am_proc_bound: [0,16818,com.android.settings]
11-05 02:20:38.767 0 0 I auditd : type=1400 audit(0.0:4570): avc: denied { kill } for comm="swapper/2" capability=5 scontext=u:r:kernel:s0 tcontext=u:r:kernel:s0 tclass=capability permissive=0
11-05 02:20:39.767 0 0 I auditd : type=1400 audit(0.0:4571): avc: denied { kill } for comm="swapper/2" capability=5 scontext=u:r:kernel:s0 tcontext=u:r:kernel:s0 tclass=capability permissive=0
11-05 02:20:40.767 0 0 I auditd : type=1400 audit(0.0:4572): avc: denied { kill } for comm="swapper/2" capability=5 scontext=u:r:kernel:s0 tcontext=u:r:kernel:s0 tclass=capability permissive=0
11-05 02:20:41.767 0 0 I auditd : type=1400 audit(0.0:4573): avc: denied { kill } for comm="swapper/2" capability=5 scontext=u:r:kernel:s0 tcontext=u:r:kernel:s0 tclass=capability permissive=0
11-05 02:20:42.767 0 0 I auditd : type=1400 audit(0.0:4574): avc: denied { kill } for comm="swapper/2" capability=5 scontext=u:r:kernel:s0 tcontext=u:r:kernel:s0 tclass=capability permissive=0
11-05 02:20:43.767 0 0 I auditd : type=1400 audit(0.0:4575): avc: denied { kill } for comm="swapper/2" capability=5 scontext=u:r:kernel:s0 tcontext=u:r:kernel:s0 tclass=capability permissive=0
11-05 02:20:44.767 0 0 I auditd : type=1400 audit(0.0:4576): avc: denied { kill } for comm="swapper/2" capability=5 scontext=u:r:kernel:s0 tcontext=u:r:kernel:s0 tclass=capability permissive=0
11-05 02:20:45.767 0 0 I auditd : type=1400 audit(0.0:4577): avc: denied { kill } for comm="swapper/2" capability=5 scontext=u:r:kernel:s0 tcontext=u:r:kernel:s0 tclass=capability permissive=0
11-05 02:20:46.767 0 0 I auditd : type=1400 audit(0.0:4578): avc: denied { kill } for comm="swapper/2" capability=5 scontext=u:r:kernel:s0 tcontext=u:r:kernel:s0 tclass=capability permissive=0
11-05 02:20:47.767 0 0 I auditd : type=1400 audit(0.0:4579): avc: denied { kill } for comm="swapper/2" capability=5 scontext=u:r:kernel:s0 tcontext=u:r:kernel:s0 tclass=capability permissive=0
11-05 02:20:48.767 0 0 I auditd : type=1400 audit(0.0:4580): avc: denied { kill } for comm="swapper/2" capability=5 scontext=u:r:kernel:s0 tcontext=u:r:kernel:s0 tclass=capability permissive=0
11-05 02:20:49.767 0 0 I auditd : type=1400 audit(0.0:4581): avc: denied { kill } for comm="swapper/2" capability=5 scontext=u:r:kernel:s0 tcontext=u:r:kernel:s0 tclass=capability permissive=0
11-05 02:20:49.922 1511 1687 I input_interaction: Interaction with: f0a305f StatusBar (server), edge-swipe (server), swipe-up (server), PointerEventDispatcher0 (server),
11-05 02:20:49.930 1934 1934 I sysui_multi_action: [757,803,799,panel_open,802,1]
11-05 02:20:49.931 1934 1934 I sysui_multi_action: [757,1328,758,4,1326,49,1327,0,1329,0]
11-05 02:20:49.972 1511 1539 I sysui_multi_action: [757,127,758,1]
11-05 02:20:49.972 1511 1539 I sysui_multi_action: [757,804,799,note_load,801,2,802,1]
11-05 02:20:49.972 1511 1539 I notification_panel_revealed: 2
11-05 02:20:49.977 1934 1934 I sysui_multi_action: [757,111,758,2]
11-05 02:20:49.977 1511 1511 I notification_enqueue: [10082,1934,com.android.systemui,2048,NULL,0,Notification(channel=updateNotification shortcut=null contentView=null vibrate=null sound=null defaults=0x0 flags=0x0 color=0x00000000 vis=PRIVATE),1]
11-05 02:20:49.977 1934 1934 I sysui_multi_action: [757,111,758,2]
11-05 02:20:49.994 1511 1603 I input_focus: [Focus request eefcbb2 NotificationShade,reason=UpdateInputWindows]
11-05 02:20:49.997 1934 1934 I sysui_multi_action: [757,111,758,1]
11-05 02:20:49.997 1934 1934 I sysui_multi_action: [757,126,758,1,759,126,927,0,928,0,1593,0]
11-05 02:20:49.998 1934 1934 I sysui_multi_action: [757,113,758,1,759,113,927,1,928,1,1593,0]
11-05 02:20:49.998 1934 1934 I sysui_multi_action: [757,0,758,1,759,0,927,2,928,0,1593,0]
11-05 02:20:49.998 1934 1934 I sysui_multi_action: [757,0,758,1,759,0,927,3,928,0,1593,0]
11-05 02:20:49.998 1934 1934 I sysui_multi_action: [757,491,758,1,759,491,927,4,928,0,1311,-1,1593,0]
11-05 02:20:49.998 1934 1934 I sysui_multi_action: [757,0,758,1,759,0,927,5,928,0,1593,0]
11-05 02:20:49.999 1934 1934 I sysui_multi_action: [757,111,758,1]
11-05 02:20:49.999 1934 1934 I sysui_multi_action: [757,126,758,1,759,126,927,0,928,0,1593,0]
11-05 02:20:49.999 1934 1934 I sysui_multi_action: [757,113,758,1,759,113,927,1,928,1,1593,0]
11-05 02:20:49.999 1934 1934 I sysui_multi_action: [757,0,758,1,759,0,927,2,928,0,1593,0]
11-05 02:20:49.999 1934 1934 I sysui_multi_action: [757,0,758,1,759,0,927,3,928,0,1593,0]
11-05 02:20:50.013 1934 1934 I sysui_multi_action: [757,111,758,2]
11-05 02:20:50.014 1934 1934 I sysui_multi_action: [757,111,758,2]
11-05 02:20:50.014 1511 1687 I input_focus: [Focus leaving a226794 com.android.launcher3/com.android.launcher3.uioverrides.QuickstepLauncher (server),reason=Waiting for window because NOT_VISIBLE]
11-05 02:20:50.018 1934 1934 I sysui_multi_action: [757,111,758,1]
11-05 02:20:50.018 1934 1934 I sysui_multi_action: [757,126,758,1,759,126,927,0,928,0,1593,0]
11-05 02:20:50.018 1511 1511 I notification_enqueue: [10082,1934,com.android.systemui,2048,NULL,0,Notification(channel=updateNotification shortcut=null contentView=null vibrate=null sound=null defaults=0x0 flags=0x0 color=0x00000000 vis=PRIVATE),1]
11-05 02:20:50.018 1934 1934 I sysui_multi_action: [757,113,758,1,759,113,927,1,928,1,1593,0]
11-05 02:20:50.018 1934 1934 I sysui_multi_action: [757,0,758,1,759,0,927,2,928,0,1593,0]
11-05 02:20:50.018 1934 1934 I sysui_multi_action: [757,0,758,1,759,0,927,3,928,0,1593,0]
11-05 02:20:50.019 1934 1934 I sysui_multi_action: [757,491,758,1,759,491,927,4,928,0,1311,-1,1593,0]
11-05 02:20:50.019 1934 1934 I sysui_multi_action: [757,0,758,1,759,0,927,5,928,0,1593,0]
11-05 02:20:50.019 1934 1934 I sysui_multi_action: [757,111,758,1]
11-05 02:20:50.019 1934 1934 I sysui_multi_action: [757,126,758,1,759,126,927,0,928,0,1593,0]
11-05 02:20:50.019 1934 1934 I sysui_multi_action: [757,113,758,1,759,113,927,1,928,1,1593,0]
11-05 02:20:50.019 1934 1934 I sysui_multi_action: [757,0,758,1,759,0,927,2,928,0,1593,0]
11-05 02:20:50.019 1934 1934 I sysui_multi_action: [757,0,758,1,759,0,927,3,928,0,1593,0]
11-05 02:20:50.027 1511 1687 I input_focus: [Focus entering eefcbb2 NotificationShade (server),reason=Window became focusable. Previous reason: NOT_VISIBLE]
11-05 02:20:50.033 1934 1934 I sysui_multi_action: [757,111,758,2]
11-05 02:20:50.033 1934 1934 I sysui_multi_action: [757,111,758,2]
11-05 02:20:50.033 1511 1511 I notification_enqueue: [10082,1934,com.android.systemui,2048,NULL,0,Notification(channel=updateNotification shortcut=null contentView=null vibrate=null sound=null defaults=0x0 flags=0x0 color=0x00000000 vis=PRIVATE),1]
11-05 02:20:50.039 1934 1934 I sysui_multi_action: [757,111,758,1]
11-05 02:20:50.039 1934 1934 I sysui_multi_action: [757,126,758,1,759,126,927,0,928,0,1593,0]
11-05 02:20:50.039 1934 1934 I sysui_multi_action: [757,113,758,1,759,113,927,1,928,1,1593,0]
11-05 02:20:50.039 1934 1934 I sysui_multi_action: [757,0,758,1,759,0,927,2,928,0,1593,0]
11-05 02:20:50.039 1934 1934 I sysui_multi_action: [757,0,758,1,759,0,927,3,928,0,1593,0]
11-05 02:20:50.040 1934 1934 I sysui_multi_action: [757,491,758,1,759,491,927,4,928,0,1311,-1,1593,0]
11-05 02:20:50.040 1934 1934 I sysui_multi_action: [757,0,758,1,759,0,927,5,928,0,1593,0]
11-05 02:20:50.040 1934 1934 I sysui_multi_action: [757,111,758,1]
11-05 02:20:50.040 1934 1934 I sysui_multi_action: [757,126,758,1,759,126,927,0,928,0,1593,0]
11-05 02:20:50.040 1934 1934 I sysui_multi_action: [757,113,758,1,759,113,927,1,928,1,1593,0]
11-05 02:20:50.040 1934 1934 I sysui_multi_action: [757,0,758,1,759,0,927,2,928,0,1593,0]
11-05 02:20:50.040 1934 1934 I sysui_multi_action: [757,0,758,1,759,0,927,3,928,0,1593,0]
11-05 02:20:50.050 1934 1934 I sysui_multi_action: [757,111,758,2]
11-05 02:20:50.050 1934 1934 I sysui_multi_action: [757,111,758,2]
11-05 02:20:50.051 1511 1511 I notification_enqueue: [10082,1934,com.android.systemui,2048,NULL,0,Notification(channel=updateNotification shortcut=null contentView=null vibrate=null sound=null defaults=0x0 flags=0x0 color=0x00000000 vis=PRIVATE),1]
11-05 02:20:50.053 1934 1934 I sysui_multi_action: [757,111,758,1]
11-05 02:20:50.054 1934 1934 I sysui_multi_action: [757,126,758,1,759,126,927,0,928,0,1593,0]
11-05 02:20:50.054 1934 1934 I sysui_multi_action: [757,113,758,1,759,113,927,1,928,1,1593,0]
11-05 02:20:50.054 1934 1934 I sysui_multi_action: [757,0,758,1,759,0,927,2,928,0,1593,0]
11-05 02:20:50.054 1934 1934 I sysui_multi_action: [757,0,758,1,759,0,927,3,928,0,1593,0]
11-05 02:20:50.054 1934 1934 I sysui_multi_action: [757,491,758,1,759,491,927,4,928,0,1311,-1,1593,0]
11-05 02:20:50.054 1934 1934 I sysui_multi_action: [757,0,758,1,759,0,927,5,928,0,1593,0]
11-05 02:20:50.054 1934 1934 I sysui_multi_action: [757,111,758,1]
11-05 02:20:50.054 1934 1934 I sysui_multi_action: [757,126,758,1,759,126,927,0,928,0,1593,0]
11-05 02:20:50.054 1934 1934 I sysui_multi_action: [757,113,758,1,759,113,927,1,928,1,1593,0]
11-05 02:20:50.054 1934 1934 I sysui_multi_action: [757,0,758,1,759,0,927,2,928,0,1593,0]
11-05 02:20:50.055 1934 1934 I sysui_multi_action: [757,0,758,1,759,0,927,3,928,0,1593,0]
11-05 02:20:50.071 1934 1934 I sysui_multi_action: [757,111,758,2]
11-05 02:20:50.071 1934 1934 I sysui_multi_action: [757,111,758,2]
11-05 02:20:50.071 1511 1511 I notification_enqueue: [10082,1934,com.android.systemui,2048,NULL,0,Notification(channel=updateNotification shortcut=null contentView=null vibrate=null sound=null defaults=0x0 flags=0x0 color=0x00000000 vis=PRIVATE),1]
11-05 02:20:50.073 1934 1934 I sysui_multi_action: [757,111,758,1]
11-05 02:20:50.073 1934 1934 I sysui_multi_action: [757,126,758,1,759,126,927,0,928,0,1593,0]
11-05 02:20:50.073 1934 1934 I sysui_multi_action: [757,113,758,1,759,113,927,1,928,1,1593,0]
11-05 02:20:50.073 1934 1934 I sysui_multi_action: [757,0,758,1,759,0,927,2,928,0,1593,0]
11-05 02:20:50.073 1934 1934 I sysui_multi_action: [757,0,758,1,759,0,927,3,928,0,1593,0]
11-05 02:20:50.074 1934 1934 I sysui_multi_action: [757,491,758,1,759,491,927,4,928,0,1311,-1,1593,0]
11-05 02:20:50.074 1934 1934 I sysui_multi_action: [757,0,758,1,759,0,927,5,928,0,1593,0]
11-05 02:20:50.074 1934 1934 I sysui_multi_action: [757,111,758,1]
11-05 02:20:50.074 1934 1934 I sysui_multi_action: [757,126,758,1,759,126,927,0,928,0,1593,0]
11-05 02:20:50.074 1934 1934 I sysui_multi_action: [757,113,758,1,759,113,927,1,928,1,1593,0]
11-05 02:20:50.074 1934 1934 I sysui_multi_action: [757,0,758,1,759,0,927,2,928,0,1593,0]
11-05 02:20:50.074 1934 1934 I sysui_multi_action: [757,0,758,1,759,0,927,3,928,0,1593,0]
11-05 02:20:50.090 1934 1934 I sysui_multi_action: [757,111,758,2]
11-05 02:20:50.090 1934 1934 I sysui_multi_action: [757,111,758,2]
11-05 02:20:50.090 1511 1511 I notification_enqueue: [10082,1934,com.android.systemui,2048,NULL,0,Notification(channel=updateNotification shortcut=null contentView=null vibrate=null sound=null defaults=0x0 flags=0x0 color=0x00000000 vis=PRIVATE),1]
11-05 02:20:50.094 1934 1934 I sysui_multi_action: [757,111,758,1]
11-05 02:20:50.094 1934 1934 I sysui_multi_action: [757,126,758,1,759,126,927,0,928,0,1593,0]
11-05 02:20:50.094 1934 1934 I sysui_multi_action: [757,113,758,1,759,113,927,1,928,1,1593,0]
11-05 02:20:50.094 1934 1934 I sysui_multi_action: [757,0,758,1,759,0,927,2,928,0,1593,0]
11-05 02:20:50.094 1934 1934 I sysui_multi_action: [757,0,758,1,759,0,927,3,928,0,1593,0]
11-05 02:20:50.094 1934 1934 I sysui_multi_action: [757,491,758,1,759,491,927,4,928,0,1311,-1,1593,0]
11-05 02:20:50.094 1934 1934 I sysui_multi_action: [757,0,758,1,759,0,927,5,928,0,1593,0]
11-05 02:20:50.095 1934 1934 I sysui_multi_action: [757,111,758,1]
11-05 02:20:50.095 1934 1934 I sysui_multi_action: [757,126,758,1,759,126,927,0,928,0,1593,0]
11-05 02:20:50.095 1934 1934 I sysui_multi_action: [757,113,758,1,759,113,927,1,928,1,1593,0]
11-05 02:20:50.095 1934 1934 I sysui_multi_action: [757,0,758,1,759,0,927,2,928,0,1593,0]
11-05 02:20:50.095 1934 1934 I sysui_multi_action: [757,0,758,1,759,0,927,3,928,0,1593,0]
11-05 02:20:50.527 1511 4178 I sysui_multi_action: [757,128,758,1,793,4109416,794,0,795,4109416,796,26,798,0,806,android,857,DEVELOPER_IMPORTANT,858,4,947,0,1395,2,1500,4108719,1688,1]
11-05 02:20:50.527 1511 4178 I sysui_multi_action: [757,804,799,note_freshness,801,4109416,802,1]
11-05 02:20:50.527 1511 4178 I notification_visibility: [-1|android|26|null|1000,1,4109416,4109416,0,0]
11-05 02:20:50.527 1511 4178 I sysui_multi_action: [757,128,758,1,793,4110191,794,0,795,4110191,796,32,798,1,806,android,857,USB,858,1,947,0,1395,2,1500,4110133,1688,1]
11-05 02:20:50.528 1511 4178 I sysui_multi_action: [757,804,799,note_freshness,801,4110191,802,1]
11-05 02:20:50.528 1511 4178 I notification_visibility: [-1|android|32|null|1000,1,4110191,4110191,0,1]
11-05 02:20:51.169 1511 1687 I input_interaction: Interaction with: eefcbb2 NotificationShade (server), edge-swipe (server), swipe-up (server), PointerEventDispatcher0 (server),
11-05 02:20:51.294 1934 1934 I sysui_multi_action: [757,925,758,4,759,126,927,0,928,0,1592,0,1593,1]
11-05 02:20:51.339 1511 4178 D TelephonyRegistry: listen oscl: mHasNotifySubscriptionInfoChangedOccurred==false no callback
11-05 02:20:51.341 1934 1934 W CarrierConfigManager: Error getting config for subId -1 ICarrierConfigLoader is null
11-05 02:20:51.371 1511 1603 I input_focus: [Focus request 67bb93a InternetDialog,reason=UpdateInputWindows]
11-05 02:20:51.391 1511 1687 I input_focus: [Focus leaving eefcbb2 NotificationShade (server),reason=Waiting for window because NOT_VISIBLE]
11-05 02:20:51.427 1511 1687 I input_focus: [Focus entering 67bb93a InternetDialog (server),reason=Window became focusable. Previous reason: NOT_VISIBLE]
11-05 02:20:52.581 1511 1687 I input_interaction: Interaction with: 67bb93a InternetDialog (server), edge-swipe (server), swipe-up (server), PointerEventDispatcher0 (server),
11-05 02:20:52.767 0 0 I auditd : type=1400 audit(0.0:4582): avc: denied { kill } for comm="swapper/2" capability=5 scontext=u:r:kernel:s0 tcontext=u:r:kernel:s0 tclass=capability permissive=0
11-05 02:20:52.923 1511 1669 I commit_sys_config_file: [settings-0-0,15]
11-05 02:20:53.767 0 0 I auditd : type=1400 audit(0.0:4583): avc: denied { kill } for comm="swapper/2" capability=5 scontext=u:r:kernel:s0 tcontext=u:r:kernel:s0 tclass=capability permissive=0
11-05 02:20:55.409 1511 1511 I notification_enqueue: [1000,1511,android,17303299,com.android.wifi,0,Notification(channel=NETWORK_AVAILABLE shortcut=null contentView=null vibrate=null sound=null tick defaults=0x0 flags=0x100 color=0x00000000 actions=2 vis=PRIVATE),0]
11-05 02:20:55.611 1511 1511 I sysui_multi_action: [757,1501,758,1,793,202,794,0,795,202,796,17303299,797,com.android.wifi,806,android,857,NETWORK_AVAILABLE,858,2,947,0,1500,0,1688,1]
11-05 02:20:55.611 1511 1511 I sysui_multi_action: [757,804,799,note_interruptive,801,0,802,1]
11-05 02:20:55.767 0 0 I auditd : type=1400 audit(0.0:4584): avc: denied { kill } for comm="swapper/2" capability=5 scontext=u:r:kernel:s0 tcontext=u:r:kernel:s0 tclass=capability permissive=0
11-05 02:20:56.357 1511 3043 I sysui_multi_action: [757,128,758,1,793,947,794,0,795,947,796,17303299,797,com.android.wifi,798,1,806,android,857,NETWORK_AVAILABLE,858,2,947,0,1395,3,1500,745,1688,1]
11-05 02:20:56.357 1511 3043 I sysui_multi_action: [757,804,799,note_freshness,801,947,802,1]
11-05 02:20:56.357 1511 3043 I notification_visibility: [0|android|17303299|com.android.wifi|1000,1,947,947,0,1]
11-05 02:20:56.767 0 0 I auditd : type=1400 audit(0.0:4585): avc: denied { kill } for comm="swapper/2" capability=5 scontext=u:r:kernel:s0 tcontext=u:r:kernel:s0 tclass=capability permissive=0
11-05 02:20:57.767 0 0 I auditd : type=1400 audit(0.0:4586): avc: denied { kill } for comm="swapper/2" capability=5 scontext=u:r:kernel:s0 tcontext=u:r:kernel:s0 tclass=capability permissive=0
11-05 02:20:58.767 0 0 I auditd : type=1400 audit(0.0:4587): avc: denied { kill } for comm="swapper/1" capability=5 scontext=u:r:kernel:s0 tcontext=u:r:kernel:s0 tclass=capability permissive=0
11-05 02:20:58.898 1511 6930 I wm_task_created: [119,-1]
11-05 02:20:58.902 1511 6930 I wm_task_moved: [119,1,6]
11-05 02:20:58.902 1511 6930 I wm_task_to_front: [0,119]
11-05 02:20:58.903 1511 6930 I wm_create_task: [0,119]
11-05 02:20:58.903 1511 6930 I wm_create_activity: [0,206283576,119,com.android.settings/.wifi.WifiDialogActivity,com.android.settings.WIFI_DIALOG,NULL,NULL,478674944]
11-05 02:20:58.903 1511 6930 I wm_task_moved: [119,1,6]
11-05 02:20:58.903 2535 2535 I wm_on_top_resumed_lost_called: [245869423,com.android.launcher3.uioverrides.QuickstepLauncher,topStateChangedWhenResumed]
11-05 02:20:58.907 1511 6930 I wm_pause_activity: [0,245869423,com.android.launcher3/.uioverrides.QuickstepLauncher,userLeaving=true,pauseBackTasks]
11-05 02:20:58.915 2535 2535 I wm_on_paused_called: [245869423,com.android.launcher3.uioverrides.QuickstepLauncher,performPause]
11-05 02:20:58.921 1511 6930 I wm_restart_activity: [0,206283576,119,com.android.settings/.wifi.WifiDialogActivity]
11-05 02:20:58.922 1511 6930 I wm_set_resumed_activity: [0,com.android.settings/.wifi.WifiDialogActivity,minimalResumeActivityLocked]
11-05 02:20:58.935 1511 1602 I sysui_multi_action: [757,803,799,window_time_0,802,21]
11-05 02:20:58.974 16818 16818 I wm_on_create_called: [206283576,com.android.settings.wifi.WifiDialogActivity,performCreate]
11-05 02:20:59.041 16818 16818 I wm_on_start_called: [206283576,com.android.settings.wifi.WifiDialogActivity,handleStartActivity]
11-05 02:20:59.044 16818 16818 I wm_on_resume_called: [206283576,com.android.settings.wifi.WifiDialogActivity,RESUME_ACTIVITY]
11-05 02:20:59.045 16818 16818 I wm_on_top_resumed_gained_called: [206283576,com.android.settings.wifi.WifiDialogActivity,topStateChangedWhenResumed]
11-05 02:20:59.052 1511 1603 I input_focus: [Focus request d63604e H3C_350304,reason=UpdateInputWindows]
11-05 02:20:59.064 1511 1687 I input_focus: [Focus leaving 67bb93a InternetDialog (server),reason=Waiting for window because NOT_VISIBLE]
11-05 02:20:59.104 1511 1599 I sysui_multi_action: [319,199,322,198,325,4129,757,761,758,8,759,2,806,com.android.settings,871,com.android.settings.wifi.WifiDialogActivity,904,com.android.systemui,905,0,1320,4,1321,1]
11-05 02:20:59.107 1511 1599 I wm_activity_launch_time: [0,206283576,com.android.settings/.wifi.WifiDialogActivity,198]
11-05 02:20:59.108 1511 1687 I input_focus: [Focus entering d63604e H3C_350304 (server),reason=Window became focusable. Previous reason: NOT_VISIBLE]
11-05 02:21:00.331 1391 16857 I liblog : 15
11-05 02:21:00.331 1391 16857 I liblog : 11
11-05 02:21:00.333 1391 16857 I liblog : 22
11-05 02:21:00.334 1391 16857 I liblog : 24
11-05 02:21:00.335 1391 16857 I liblog : 10
11-05 02:21:00.338 1391 16857 I liblog : 33
11-05 02:21:00.339 1391 16857 I liblog : 22
11-05 02:21:00.341 1391 16857 I liblog : 6
11-05 02:21:00.767 0 0 I auditd : type=1400 audit(0.0:4588): avc: denied { kill } for comm="swapper/1" capability=5 scontext=u:r:kernel:s0 tcontext=u:r:kernel:s0 tclass=capability permissive=0
11-05 02:21:01.175 1511 1687 I input_interaction: Interaction with: 71f7ee InputMethod (server), edge-swipe (server), swipe-up (server), PointerEventDispatcher0 (server),
11-05 02:21:02.767 0 0 I auditd : type=1400 audit(0.0:4589): avc: denied { kill } for comm="swapper/1" capability=5 scontext=u:r:kernel:s0 tcontext=u:r:kernel:s0 tclass=capability permissive=0
11-05 02:21:03.767 0 0 I auditd : type=1400 audit(0.0:4590): avc: denied { kill } for comm="swapper/1" capability=5 scontext=u:r:kernel:s0 tcontext=u:r:kernel:s0 tclass=capability permissive=0
11-05 02:21:04.767 0 0 I auditd : type=1400 audit(0.0:4591): avc: denied { kill } for comm="swapper/1" capability=5 scontext=u:r:kernel:s0 tcontext=u:r:kernel:s0 tclass=capability permissive=0
11-05 02:21:05.461 1391 16857 I liblog : 168
11-05 02:21:05.533 1511 1511 I notification_enqueue: [1000,1511,android,17303299,com.android.wifi,0,Notification(channel=NETWORK_AVAILABLE shortcut=null contentView=null vibrate=null sound=null tick defaults=0x0 flags=0x100 color=0x00000000 actions=2 vis=PRIVATE),1]
11-05 02:21:05.736 1511 1511 I sysui_multi_action: [757,1501,758,1,793,10326,794,9379,795,204,796,17303299,797,com.android.wifi,806,android,857,NETWORK_AVAILABLE,858,2,947,0,1500,0,1688,1]
11-05 02:21:05.737 1511 1511 I sysui_multi_action: [757,804,799,note_interruptive,801,0,802,1]
11-05 02:21:06.767 0 0 I auditd : type=1400 audit(0.0:4592): avc: denied { kill } for comm="swapper/1" capability=5 scontext=u:r:kernel:s0 tcontext=u:r:kernel:s0 tclass=capability permissive=0
11-05 02:21:07.767 0 0 I auditd : type=1400 audit(0.0:4593): avc: denied { kill } for comm="swapper/1" capability=5 scontext=u:r:kernel:s0 tcontext=u:r:kernel:s0 tclass=capability permissive=0
11-05 02:21:07.776 1511 6930 I wm_finish_activity: [0,206283576,119,com.android.settings/.wifi.WifiDialogActivity,app-request]
11-05 02:21:07.776 1511 6930 I wm_task_moved: [1,1,6]
11-05 02:21:07.777 1511 6930 I wm_task_moved: [40,1,2147483647]
11-05 02:21:07.777 1511 6930 I wm_task_to_front: [0,40]
11-05 02:21:07.778 1511 6930 I wm_focused_root_task: [0,0,1,-1,finish-top adjustFocusToNextFocusableTask]
11-05 02:21:07.782 1511 1722 I service_manager_stats: [100,66,58976]
11-05 02:21:07.799 1511 6930 I wm_pause_activity: [0,206283576,com.android.settings/.wifi.WifiDialogActivity,userLeaving=false,finish]
11-05 02:21:07.821 16818 16818 I wm_on_top_resumed_lost_called: [206283576,com.android.settings.wifi.WifiDialogActivity,topStateChangedWhenResumed]
11-05 02:21:07.832 16818 16818 I wm_on_paused_called: [206283576,com.android.settings.wifi.WifiDialogActivity,performPause]
11-05 02:21:07.835 1511 1603 I input_focus: [Focus request 67bb93a InternetDialog,reason=UpdateInputWindows]
11-05 02:21:07.836 1511 6930 I wm_set_resumed_activity: [0,com.android.launcher3/.uioverrides.QuickstepLauncher,resumeTopActivityInnerLocked]
11-05 02:21:07.838 1511 6930 I wm_resume_activity: [0,245869423,40,com.android.launcher3/.uioverrides.QuickstepLauncher]
11-05 02:21:07.839 2535 2535 I wm_on_resume_called: [245869423,com.android.launcher3.uioverrides.QuickstepLauncher,RESUME_ACTIVITY]
11-05 02:21:07.839 2535 2535 I wm_on_top_resumed_gained_called: [245869423,com.android.launcher3.uioverrides.QuickstepLauncher,topWhenResuming]
11-05 02:21:07.849 1511 1687 I input_focus: [Focus entering 67bb93a InternetDialog (server),reason=setFocusedWindow]
11-05 02:21:07.864 1511 2766 I wm_destroy_activity: [0,206283576,119,com.android.settings/.wifi.WifiDialogActivity,finish-idle]
11-05 02:21:07.868 16818 16818 I wm_on_stop_called: [206283576,com.android.settings.wifi.WifiDialogActivity,LIFECYCLER_STOP_ACTIVITY]
11-05 02:21:07.869 1511 1602 I sysui_multi_action: [757,803,799,window_time_0,802,9]
11-05 02:21:07.871 16818 16818 I wm_on_destroy_called: [206283576,com.android.settings.wifi.WifiDialogActivity,performDestroy]
11-05 02:21:08.111 1511 1603 I wm_task_removed: [119,removeChild:removeChild last r=ActivityRecord{c4ba338 u0 com.android.settings/.wifi.WifiDialogActivity t-1 f}} in t=Task{44c8cb9 #119 type=standard A=1000:com.android.settings U=0 visible=false mode=fullscreen translucent=true sz=0}]
11-05 02:21:08.111 1511 1603 I wm_task_removed: [119,removeChild]
11-05 02:21:08.767 0 0 I auditd : type=1400 audit(0.0:4594): avc: denied { kill } for comm="swapper/1" capability=5 scontext=u:r:kernel:s0 tcontext=u:r:kernel:s0 tclass=capability permissive=0
11-05 02:21:09.501 1511 1749 I netstats_mobile_sample: [0,0,0,0,0,0,0,0,0,0,0,0,1667586069501]
11-05 02:21:09.501 1511 1749 I netstats_wifi_sample: [10482740,27922,11768076,32597,10482740,27922,11768076,32597,18174030,84397,5946229,17170,1667586069501]
11-05 02:21:10.765 1511 1749 I netstats_mobile_sample: [0,0,0,0,0,0,0,0,0,0,0,0,1667586070765]
11-05 02:21:10.765 1511 1749 I netstats_wifi_sample: [10482740,27922,11768076,32597,10482740,27922,11768076,32597,18174030,84397,5946229,17170,1667586070765]
11-05 02:21:10.766 1511 1511 I sysui_multi_action: [757,128,758,5,759,8,793,15357,794,14410,795,5235,796,17303299,797,com.android.wifi,806,android,857,NETWORK_AVAILABLE,858,2,947,0,1500,5031,1688,1]
11-05 02:21:10.766 1511 1511 I notification_canceled: [0|android|17303299|com.android.wifi|1000,8,15357,5235,14410,-1,-1,NULL]
