11-05 02:21:34.720 1934 1934 I sysui_multi_action: [757,126,758,1,759,126,927,0,928,1,1593,0]
11-05 02:21:34.720 1934 1934 I sysui_multi_action: [757,113,758,1,759,113,927,1,928,1,1593,0]
11-05 02:21:34.720 1934 1934 I sysui_multi_action: [757,0,758,1,759,0,927,2,928,0,1593,0]
11-05 02:21:34.720 1934 1934 I sysui_multi_action: [757,0,758,1,759,0,927,3,928,0,1593,0]
11-05 02:21:34.767 0 0 I auditd : type=1400 audit(0.0:4613): avc: denied { kill } for comm="swapper/3" capability=5 scontext=u:r:kernel:s0 tcontext=u:r:kernel:s0 tclass=capability permissive=0
11-05 02:21:35.176 1511 4707 I sysui_multi_action: [757,128,758,1,793,4154065,794,0,795,4154065,796,26,798,0,806,android,857,DEVELOPER_IMPORTANT,858,4,947,0,1395,2,1500,4153368,1688,1]
11-05 02:21:35.177 1511 4707 I sysui_multi_action: [757,804,799,note_freshness,801,4154065,802,1]
11-05 02:21:35.178 1511 4707 I notification_visibility: [-1|android|26|null|1000,1,4154065,4154065,0,0]
11-05 02:21:35.181 1511 4707 I sysui_multi_action: [757,128,758,1,793,4154845,794,0,795,4154845,796,32,798,1,806,android,857,USB,858,1,947,0,1395,2,1500,4154787,1688,1]
11-05 02:21:35.181 1511 4707 I sysui_multi_action: [757,804,799,note_freshness,801,4154845,802,1]
11-05 02:21:35.182 1511 4707 I notification_visibility: [-1|android|32|null|1000,1,4154845,4154845,0,1]
11-05 02:21:35.909 1511 1687 I input_interaction: Interaction with: eefcbb2 NotificationShade (server), edge-swipe (server), swipe-up (server), PointerEventDispatcher0 (server),
11-05 02:21:36.036 1934 1934 I sysui_multi_action: [757,925,758,4,759,126,927,0,928,1,1592,0,1593,1]
11-05 02:21:36.071 1511 6932 D TelephonyRegistry: listen oscl: mHasNotifySubscriptionInfoChangedOccurred==false no callback
11-05 02:21:36.075 1934 1934 W CarrierConfigManager: Error getting config for subId -1 ICarrierConfigLoader is null
11-05 02:21:36.095 1511 1603 I input_focus: [Focus request 2f3afa0 InternetDialog,reason=UpdateInputWindows]
11-05 02:21:36.117 1511 1687 I input_focus: [Focus leaving eefcbb2 NotificationShade (server),reason=setFocusedWindow]
11-05 02:21:36.117 1511 1687 I input_focus: [Focus entering 2f3afa0 InternetDialog (server),reason=setFocusedWindow]
11-05 02:21:36.334 1511 1669 I commit_sys_config_file: [settings-0-0,19]
11-05 02:21:36.767 0 0 I auditd : type=1400 audit(0.0:4614): avc: denied { kill } for comm="swapper/2" capability=5 scontext=u:r:kernel:s0 tcontext=u:r:kernel:s0 tclass=capability permissive=0
11-05 02:21:37.549 1511 1687 I input_interaction: Interaction with: 2f3afa0 InternetDialog (server), edge-swipe (server), swipe-up (server), PointerEventDispatcher0 (server),
11-05 02:21:37.767 0 0 I auditd : type=1400 audit(0.0:4615): avc: denied { kill } for comm="swapper/2" capability=5 scontext=u:r:kernel:s0 tcontext=u:r:kernel:s0 tclass=capability permissive=0
11-05 02:21:37.897 1511 1669 I commit_sys_config_file: [settings-0-0,6]
11-05 02:21:38.007 842 842 I auditd : type=1400 audit(0.0:4616): avc: denied { search } for comm="wifi@1.0-servic" name="tombstones" dev="dm-10" ino=36 scontext=u:r:hal_wifi_default:s0 tcontext=u:object_r:vendor_tombstone_data_file:s0 tclass=dir permissive=0
11-05 02:21:38.040 1511 1749 I netstats_mobile_sample: [0,0,0,0,0,0,0,0,0,0,0,0,1667586098039]
11-05 02:21:38.040 1511 1749 I netstats_wifi_sample: [10529796,28079,11802245,32761,10529796,28079,11802245,32761,18303833,85018,5964630,17267,1667586098039]
11-05 02:21:38.767 0 0 I auditd : type=1400 audit(0.0:4617): avc: denied { kill } for comm="swapper/1" capability=5 scontext=u:r:kernel:s0 tcontext=u:r:kernel:s0 tclass=capability permissive=0
11-05 02:21:39.767 10717 10717 I auditd : type=1400 audit(0.0:4618): avc: denied { kill } for comm="kworker/u16:13" capability=5 scontext=u:r:kernel:s0 tcontext=u:r:kernel:s0 tclass=capability permissive=0
11-05 02:21:40.205 1511 1669 I commit_sys_config_file: [settings-0-0,7]
11-05 02:21:40.235 1511 1722 I service_manager_stats: [100,82,17723]
11-05 02:21:40.670 1511 2001 I ntp_failure: [time.android.com,java.net.UnknownHostException: Unable to resolve host "time.android.com": No address associated with hostname]
11-05 02:21:41.487 842 842 I auditd : type=1400 audit(0.0:4619): avc: denied { search } for comm="wifi@1.0-servic" name="tombstones" dev="dm-10" ino=36 scontext=u:r:hal_wifi_default:s0 tcontext=u:object_r:vendor_tombstone_data_file:s0 tclass=dir permissive=0
11-05 02:21:41.505 1511 1669 I commit_sys_config_file: [settings-0-0,5]
11-05 02:21:41.767 0 0 I auditd : type=1400 audit(0.0:4620): avc: denied { kill } for comm="swapper/3" capability=5 scontext=u:r:kernel:s0 tcontext=u:r:kernel:s0 tclass=capability permissive=0
11-05 02:21:42.767 0 0 I auditd : type=1400 audit(0.0:4621): avc: denied { kill } for comm="swapper/3" capability=5 scontext=u:r:kernel:s0 tcontext=u:r:kernel:s0 tclass=capability permissive=0
11-05 02:21:43.767 0 0 I auditd : type=1400 audit(0.0:4622): avc: denied { kill } for comm="swapper/3" capability=5 scontext=u:r:kernel:s0 tcontext=u:r:kernel:s0 tclass=capability permissive=0
11-05 02:21:44.767 0 0 I auditd : type=1400 audit(0.0:4623): avc: denied { kill } for comm="swapper/3" capability=5 scontext=u:r:kernel:s0 tcontext=u:r:kernel:s0 tclass=capability permissive=0
11-05 02:21:45.767 0 0 I auditd : type=1400 audit(0.0:4624): avc: denied { kill } for comm="swapper/1" capability=5 scontext=u:r:kernel:s0 tcontext=u:r:kernel:s0 tclass=capability permissive=0
11-05 02:21:46.767 0 0 I auditd : type=1400 audit(0.0:4625): avc: denied { kill } for comm="swapper/1" capability=5 scontext=u:r:kernel:s0 tcontext=u:r:kernel:s0 tclass=capability permissive=0
11-05 02:21:47.767 0 0 I auditd : type=1400 audit(0.0:4626): avc: denied { kill } for comm="swapper/1" capability=5 scontext=u:r:kernel:s0 tcontext=u:r:kernel:s0 tclass=capability permissive=0
11-05 02:21:48.767 0 0 I auditd : type=1400 audit(0.0:4627): avc: denied { kill } for comm="swapper/1" capability=5 scontext=u:r:kernel:s0 tcontext=u:r:kernel:s0 tclass=capability permissive=0
11-05 02:21:49.767 0 0 I auditd : type=1400 audit(0.0:4628): avc: denied { kill } for comm="swapper/1" capability=5 scontext=u:r:kernel:s0 tcontext=u:r:kernel:s0 tclass=capability permissive=0
11-05 02:21:50.767 0 0 I auditd : type=1400 audit(0.0:4629): avc: denied { kill } for comm="swapper/1" capability=5 scontext=u:r:kernel:s0 tcontext=u:r:kernel:s0 tclass=capability permissive=0
11-05 02:21:51.767 0 0 I auditd : type=1400 audit(0.0:4630): avc: denied { kill } for comm="swapper/1" capability=5 scontext=u:r:kernel:s0 tcontext=u:r:kernel:s0 tclass=capability permissive=0
11-05 02:21:52.767 0 0 I auditd : type=1400 audit(0.0:4631): avc: denied { kill } for comm="swapper/1" capability=5 scontext=u:r:kernel:s0 tcontext=u:r:kernel:s0 tclass=capability permissive=0
11-05 02:21:53.767 0 0 I auditd : type=1400 audit(0.0:4632): avc: denied { kill } for comm="swapper/1" capability=5 scontext=u:r:kernel:s0 tcontext=u:r:kernel:s0 tclass=capability permissive=0
11-05 02:21:54.767 0 0 I auditd : type=1400 audit(0.0:4633): avc: denied { kill } for comm="swapper/1" capability=5 scontext=u:r:kernel:s0 tcontext=u:r:kernel:s0 tclass=capability permissive=0
11-05 02:21:55.767 0 0 I auditd : type=1400 audit(0.0:4634): avc: denied { kill } for comm="swapper/1" capability=5 scontext=u:r:kernel:s0 tcontext=u:r:kernel:s0 tclass=capability permissive=0
11-05 02:21:55.857 1511 1670 I am_freeze: [15533,com.android.music]
11-05 02:21:55.858 1511 1670 I am_kill : [0,15533,com.android.music,945,Unable to freeze binder interface]
11-05 02:21:55.897 1511 2042 I am_proc_died: [0,15533,com.android.music,945,19]
11-05 02:21:55.898 1511 2042 I am_uid_stopped: 10090
11-05 02:21:55.904 1511 1602 I am_uid_running: 10090
11-05 02:21:55.918 1511 1608 I am_pss : [16818,1000,com.android.settings,81950720,70365184,0,216780800,0,2,9]
11-05 02:21:55.921 1511 1610 I am_proc_start: [0,17094,10090,com.android.music,NULL,]
11-05 02:21:55.957 1511 2042 I am_proc_bound: [0,17094,com.android.music]
11-05 02:21:56.767 0 0 I auditd : type=1400 audit(0.0:4635): avc: denied { kill } for comm="swapper/1" capability=5 scontext=u:r:kernel:s0 tcontext=u:r:kernel:s0 tclass=capability permissive=0
11-05 02:21:57.767 0 0 I auditd : type=1400 audit(0.0:4636): avc: denied { kill } for comm="swapper/1" capability=5 scontext=u:r:kernel:s0 tcontext=u:r:kernel:s0 tclass=capability permissive=0
11-05 02:21:58.767 0 0 I auditd : type=1400 audit(0.0:4637): avc: denied { kill } for comm="swapper/1" capability=5 scontext=u:r:kernel:s0 tcontext=u:r:kernel:s0 tclass=capability permissive=0
11-05 02:21:59.767 0 0 I auditd : type=1400 audit(0.0:4638): avc: denied { kill } for comm="swapper/1" capability=5 scontext=u:r:kernel:s0 tcontext=u:r:kernel:s0 tclass=capability permissive=0
11-05 02:22:00.767 0 0 I auditd : type=1400 audit(0.0:4639): avc: denied { kill } for comm="swapper/1" capability=5 scontext=u:r:kernel:s0 tcontext=u:r:kernel:s0 tclass=capability permissive=0
11-05 02:22:01.767 0 0 I auditd : type=1400 audit(0.0:4640): avc: denied { kill } for comm="swapper/1" capability=5 scontext=u:r:kernel:s0 tcontext=u:r:kernel:s0 tclass=capability permissive=0
11-05 02:22:02.767 0 0 I auditd : type=1400 audit(0.0:4641): avc: denied { kill } for comm="swapper/1" capability=5 scontext=u:r:kernel:s0 tcontext=u:r:kernel:s0 tclass=capability permissive=0
11-05 02:22:03.767 0 0 I auditd : type=1400 audit(0.0:4642): avc: denied { kill } for comm="swapper/1" capability=5 scontext=u:r:kernel:s0 tcontext=u:r:kernel:s0 tclass=capability permissive=0
11-05 02:22:04.767 0 0 I auditd : type=1400 audit(0.0:4643): avc: denied { kill } for comm="swapper/1" capability=5 scontext=u:r:kernel:s0 tcontext=u:r:kernel:s0 tclass=capability permissive=0
11-05 02:22:05.767 0 0 I auditd : type=1400 audit(0.0:4644): avc: denied { kill } for comm="swapper/1" capability=5 scontext=u:r:kernel:s0 tcontext=u:r:kernel:s0 tclass=capability permissive=0
11-05 02:22:06.767 0 0 I auditd : type=1400 audit(0.0:4645): avc: denied { kill } for comm="swapper/1" capability=5 scontext=u:r:kernel:s0 tcontext=u:r:kernel:s0 tclass=capability permissive=0
11-05 02:22:07.767 0 0 I auditd : type=1400 audit(0.0:4646): avc: denied { kill } for comm="swapper/1" capability=5 scontext=u:r:kernel:s0 tcontext=u:r:kernel:s0 tclass=capability permissive=0
11-05 02:22:08.767 0 0 I auditd : type=1400 audit(0.0:4647): avc: denied { kill } for comm="swapper/1" capability=5 scontext=u:r:kernel:s0 tcontext=u:r:kernel:s0 tclass=capability permissive=0
11-05 02:22:09.767 0 0 I auditd : type=1400 audit(0.0:4648): avc: denied { kill } for comm="swapper/1" capability=5 scontext=u:r:kernel:s0 tcontext=u:r:kernel:s0 tclass=capability permissive=0
11-05 02:22:10.767 0 0 I auditd : type=1400 audit(0.0:4649): avc: denied { kill } for comm="swapper/1" capability=5 scontext=u:r:kernel:s0 tcontext=u:r:kernel:s0 tclass=capability permissive=0
11-05 02:22:11.767 0 0 I auditd : type=1400 audit(0.0:4650): avc: denied { kill } for comm="swapper/1" capability=5 scontext=u:r:kernel:s0 tcontext=u:r:kernel:s0 tclass=capability permissive=0
11-05 02:22:12.767 0 0 I auditd : type=1400 audit(0.0:4651): avc: denied { kill } for comm="swapper/1" capability=5 scontext=u:r:kernel:s0 tcontext=u:r:kernel:s0 tclass=capability permissive=0
11-05 02:22:13.767 0 0 I auditd : type=1400 audit(0.0:4652): avc: denied { kill } for comm="swapper/1" capability=5 scontext=u:r:kernel:s0 tcontext=u:r:kernel:s0 tclass=capability permissive=0
11-05 02:22:14.767 0 0 I auditd : type=1400 audit(0.0:4653): avc: denied { kill } for comm="swapper/1" capability=5 scontext=u:r:kernel:s0 tcontext=u:r:kernel:s0 tclass=capability permissive=0
11-05 02:22:15.767 0 0 I auditd : type=1400 audit(0.0:4654): avc: denied { kill } for comm="swapper/1" capability=5 scontext=u:r:kernel:s0 tcontext=u:r:kernel:s0 tclass=capability permissive=0
11-05 02:22:16.767 0 0 I auditd : type=1400 audit(0.0:4655): avc: denied { kill } for comm="swapper/1" capability=5 scontext=u:r:kernel:s0 tcontext=u:r:kernel:s0 tclass=capability permissive=0
11-05 02:22:17.767 0 0 I auditd : type=1400 audit(0.0:4656): avc: denied { kill } for comm="swapper/1" capability=5 scontext=u:r:kernel:s0 tcontext=u:r:kernel:s0 tclass=capability permissive=0
11-05 02:22:18.767 0 0 I auditd : type=1400 audit(0.0:4657): avc: denied { kill } for comm="swapper/1" capability=5 scontext=u:r:kernel:s0 tcontext=u:r:kernel:s0 tclass=capability permissive=0
11-05 02:22:19.767 0 0 I auditd : type=1400 audit(0.0:4658): avc: denied { kill } for comm="swapper/1" capability=5 scontext=u:r:kernel:s0 tcontext=u:r:kernel:s0 tclass=capability permissive=0
11-05 02:22:20.767 0 0 I auditd : type=1400 audit(0.0:4659): avc: denied { kill } for comm="swapper/1" capability=5 scontext=u:r:kernel:s0 tcontext=u:r:kernel:s0 tclass=capability permissive=0
11-05 02:22:21.767 0 0 I auditd : type=1400 audit(0.0:4660): avc: denied { kill } for comm="swapper/1" capability=5 scontext=u:r:kernel:s0 tcontext=u:r:kernel:s0 tclass=capability permissive=0
11-05 02:22:22.767 0 0 I auditd : type=1400 audit(0.0:4661): avc: denied { kill } for comm="swapper/1" capability=5 scontext=u:r:kernel:s0 tcontext=u:r:kernel:s0 tclass=capability permissive=0
11-05 02:22:23.767 0 0 I auditd : type=1400 audit(0.0:4662): avc: denied { kill } for comm="swapper/1" capability=5 scontext=u:r:kernel:s0 tcontext=u:r:kernel:s0 tclass=capability permissive=0
11-05 02:22:24.767 0 0 I auditd : type=1400 audit(0.0:4663): avc: denied { kill } for comm="swapper/1" capability=5 scontext=u:r:kernel:s0 tcontext=u:r:kernel:s0 tclass=capability permissive=0
11-05 02:22:25.767 0 0 I auditd : type=1400 audit(0.0:4664): avc: denied { kill } for comm="swapper/1" capability=5 scontext=u:r:kernel:s0 tcontext=u:r:kernel:s0 tclass=capability permissive=0
11-05 02:22:26.767 0 0 I auditd : type=1400 audit(0.0:4665): avc: denied { kill } for comm="swapper/1" capability=5 scontext=u:r:kernel:s0 tcontext=u:r:kernel:s0 tclass=capability permissive=0
11-05 02:22:27.767 0 0 I auditd : type=1400 audit(0.0:4666): avc: denied { kill } for comm="swapper/1" capability=5 scontext=u:r:kernel:s0 tcontext=u:r:kernel:s0 tclass=capability permissive=0
11-05 02:22:28.791 1511 1669 I commit_sys_config_file: [settings-0-0,16]
11-05 02:22:29.653 1511 1603 I input_focus: [Focus request eefcbb2 NotificationShade,reason=UpdateInputWindows]
11-05 02:22:29.660 1511 1687 I input_focus: [Focus entering eefcbb2 NotificationShade (server),reason=setFocusedWindow]
11-05 02:22:30.344 1511 1687 I input_interaction: Interaction with: eefcbb2 NotificationShade (server), edge-swipe (server), swipe-up (server), PointerEventDispatcher0 (server),
11-05 02:22:30.602 1511 1608 I am_pss : [16818,1000,com.android.settings,82008064,70459392,0,216875008,0,2,10]
11-05 02:22:30.712 1511 1511 I notification_enqueue: [10082,1934,com.android.systemui,2048,NULL,0,Notification(channel=updateNotification shortcut=null contentView=null vibrate=null sound=null defaults=0x0 flags=0x0 color=0x00000000 vis=PRIVATE),1]
11-05 02:22:30.712 1934 1934 I sysui_multi_action: [757,111,758,2]
11-05 02:22:30.712 1934 1934 I sysui_multi_action: [757,111,758,2]
11-05 02:22:30.722 1934 1934 I sysui_multi_action: [757,111,758,1]
11-05 02:22:30.723 1934 1934 I sysui_multi_action: [757,126,758,1,759,126,927,0,928,1,1593,1]
11-05 02:22:30.723 1934 1934 I sysui_multi_action: [757,113,758,1,759,113,927,1,928,1,1593,1]
11-05 02:22:30.723 1934 1934 I sysui_multi_action: [757,0,758,1,759,0,927,2,928,0,1593,1]
11-05 02:22:30.723 1934 1934 I sysui_multi_action: [757,0,758,1,759,0,927,3,928,0,1593,1]
11-05 02:22:30.724 1934 1934 I sysui_multi_action: [757,491,758,1,759,491,927,4,928,0,1311,-1,1593,0]
11-05 02:22:30.724 1934 1934 I sysui_multi_action: [757,0,758,1,759,0,927,5,928,0,1593,1]
11-05 02:22:30.724 1934 1934 I sysui_multi_action: [757,111,758,1]
11-05 02:22:30.725 1934 1934 I sysui_multi_action: [757,126,758,1,759,126,927,0,928,1,1593,1]
11-05 02:22:30.725 1934 1934 I sysui_multi_action: [757,113,758,1,759,113,927,1,928,1,1593,1]
11-05 02:22:30.725 1934 1934 I sysui_multi_action: [757,0,758,1,759,0,927,2,928,0,1593,1]
11-05 02:22:30.725 1934 1934 I sysui_multi_action: [757,0,758,1,759,0,927,3,928,0,1593,1]
11-05 02:22:30.746 1934 1934 I sysui_multi_action: [757,111,758,2]
11-05 02:22:30.746 1511 1511 I notification_enqueue: [10082,1934,com.android.systemui,2048,NULL,0,Notification(channel=updateNotification shortcut=null contentView=null vibrate=null sound=null defaults=0x0 flags=0x0 color=0x00000000 vis=PRIVATE),1]
11-05 02:22:30.746 1934 1934 I sysui_multi_action: [757,111,758,2]
11-05 02:22:30.750 1934 1934 I sysui_multi_action: [757,111,758,1]
11-05 02:22:30.750 1934 1934 I sysui_multi_action: [757,126,758,1,759,126,927,0,928,1,1593,0]
11-05 02:22:30.750 1934 1934 I sysui_multi_action: [757,113,758,1,759,113,927,1,928,1,1593,1]
11-05 02:22:30.750 1934 1934 I sysui_multi_action: [757,0,758,1,759,0,927,2,928,0,1593,1]
11-05 02:22:30.750 1934 1934 I sysui_multi_action: [757,0,758,1,759,0,927,3,928,0,1593,1]
11-05 02:22:30.751 1934 1934 I sysui_multi_action: [757,491,758,1,759,491,927,4,928,0,1311,-1,1593,0]
11-05 02:22:30.751 1934 1934 I sysui_multi_action: [757,0,758,1,759,0,927,5,928,0,1593,0]
11-05 02:22:30.751 1934 1934 I sysui_multi_action: [757,111,758,1]
11-05 02:22:30.751 1934 1934 I sysui_multi_action: [757,126,758,1,759,126,927,0,928,1,1593,1]
11-05 02:22:30.751 1934 1934 I sysui_multi_action: [757,113,758,1,759,113,927,1,928,1,1593,1]
11-05 02:22:30.751 1934 1934 I sysui_multi_action: [757,0,758,1,759,0,927,2,928,0,1593,1]
11-05 02:22:30.751 1934 1934 I sysui_multi_action: [757,0,758,1,759,0,927,3,928,0,1593,1]
11-05 02:22:30.762 1934 1934 I sysui_multi_action: [757,111,758,2]
11-05 02:22:30.762 1511 1511 I notification_enqueue: [10082,1934,com.android.systemui,2048,NULL,0,Notification(channel=updateNotification shortcut=null contentView=null vibrate=null sound=null defaults=0x0 flags=0x0 color=0x00000000 vis=PRIVATE),1]
11-05 02:22:30.762 1934 1934 I sysui_multi_action: [757,111,758,2]
11-05 02:22:30.766 1934 1934 I sysui_multi_action: [757,111,758,1]
11-05 02:22:30.766 1934 1934 I sysui_multi_action: [757,126,758,1,759,126,927,0,928,1,1593,0]
11-05 02:22:30.766 1934 1934 I sysui_multi_action: [757,113,758,1,759,113,927,1,928,1,1593,0]
11-05 02:22:30.766 1934 1934 I sysui_multi_action: [757,0,758,1,759,0,927,2,928,0,1593,0]
11-05 02:22:30.766 1934 1934 I sysui_multi_action: [757,0,758,1,759,0,927,3,928,0,1593,0]
11-05 02:22:30.766 1934 1934 I sysui_multi_action: [757,491,758,1,759,491,927,4,928,0,1311,-1,1593,0]
11-05 02:22:30.766 1934 1934 I sysui_multi_action: [757,0,758,1,759,0,927,5,928,0,1593,0]
11-05 02:22:30.766 1934 1934 I sysui_multi_action: [757,111,758,1]
11-05 02:22:30.766 1934 1934 I sysui_multi_action: [757,126,758,1,759,126,927,0,928,1,1593,0]
11-05 02:22:30.767 1934 1934 I sysui_multi_action: [757,113,758,1,759,113,927,1,928,1,1593,0]
11-05 02:22:30.767 1934 1934 I sysui_multi_action: [757,0,758,1,759,0,927,2,928,0,1593,0]
11-05 02:22:30.767 1934 1934 I sysui_multi_action: [757,0,758,1,759,0,927,3,928,0,1593,0]
11-05 02:22:30.776 1934 1934 I sysui_multi_action: [757,111,758,2]
11-05 02:22:30.776 1511 1511 I notification_enqueue: [10082,1934,com.android.systemui,2048,NULL,0,Notification(channel=updateNotification shortcut=null contentView=null vibrate=null sound=null defaults=0x0 flags=0x0 color=0x00000000 vis=PRIVATE),1]
11-05 02:22:30.776 1934 1934 I sysui_multi_action: [757,111,758,2]
11-05 02:22:30.780 1934 1934 I sysui_multi_action: [757,111,758,1]
11-05 02:22:30.780 1934 1934 I sysui_multi_action: [757,126,758,1,759,126,927,0,928,1,1593,1]
11-05 02:22:30.780 1934 1934 I sysui_multi_action: [757,113,758,1,759,113,927,1,928,1,1593,1]
11-05 02:22:30.780 1934 1934 I sysui_multi_action: [757,0,758,1,759,0,927,2,928,0,1593,1]
11-05 02:22:30.780 1934 1934 I sysui_multi_action: [757,0,758,1,759,0,927,3,928,0,1593,1]
11-05 02:22:30.781 1934 1934 I sysui_multi_action: [757,491,758,1,759,491,927,4,928,0,1311,-1,1593,1]
11-05 02:22:30.781 1934 1934 I sysui_multi_action: [757,0,758,1,759,0,927,5,928,0,1593,1]
11-05 02:22:30.781 1934 1934 I sysui_multi_action: [757,111,758,1]
11-05 02:22:30.781 1934 1934 I sysui_multi_action: [757,126,758,1,759,126,927,0,928,1,1593,0]
11-05 02:22:30.781 1934 1934 I sysui_multi_action: [757,113,758,1,759,113,927,1,928,1,1593,0]
11-05 02:22:30.781 1934 1934 I sysui_multi_action: [757,0,758,1,759,0,927,2,928,0,1593,0]
11-05 02:22:30.781 1934 1934 I sysui_multi_action: [757,0,758,1,759,0,927,3,928,0,1593,0]
11-05 02:22:30.793 1934 1934 I sysui_multi_action: [757,111,758,2]
11-05 02:22:30.793 1934 1934 I sysui_multi_action: [757,111,758,2]
11-05 02:22:30.793 1511 1511 I notification_enqueue: [10082,1934,com.android.systemui,2048,NULL,0,Notification(channel=updateNotification shortcut=null contentView=null vibrate=null sound=null defaults=0x0 flags=0x0 color=0x00000000 vis=PRIVATE),1]
11-05 02:22:30.796 1934 1934 I sysui_multi_action: [757,111,758,1]
11-05 02:22:30.796 1934 1934 I sysui_multi_action: [757,126,758,1,759,126,927,0,928,1,1593,1]
11-05 02:22:30.796 1934 1934 I sysui_multi_action: [757,113,758,1,759,113,927,1,928,1,1593,1]
11-05 02:22:30.796 1934 1934 I sysui_multi_action: [757,0,758,1,759,0,927,2,928,0,1593,1]
11-05 02:22:30.796 1934 1934 I sysui_multi_action: [757,0,758,1,759,0,927,3,928,0,1593,1]
11-05 02:22:30.797 1934 1934 I sysui_multi_action: [757,491,758,1,759,491,927,4,928,0,1311,-1,1593,0]
11-05 02:22:30.797 1934 1934 I sysui_multi_action: [757,0,758,1,759,0,927,5,928,0,1593,0]
11-05 02:22:30.797 1934 1934 I sysui_multi_action: [757,111,758,1]
11-05 02:22:30.797 1934 1934 I sysui_multi_action: [757,126,758,1,759,126,927,0,928,1,1593,1]
11-05 02:22:30.797 1934 1934 I sysui_multi_action: [757,113,758,1,759,113,927,1,928,1,1593,1]
11-05 02:22:30.797 1934 1934 I sysui_multi_action: [757,0,758,1,759,0,927,2,928,0,1593,1]
11-05 02:22:30.797 1934 1934 I sysui_multi_action: [757,0,758,1,759,0,927,3,928,0,1593,1]
11-05 02:22:30.808 1934 1934 I sysui_multi_action: [757,111,758,2]
11-05 02:22:30.808 1934 1934 I sysui_multi_action: [757,111,758,2]
11-05 02:22:30.809 1511 1511 I notification_enqueue: [10082,1934,com.android.systemui,2048,NULL,0,Notification(channel=updateNotification shortcut=null contentView=null vibrate=null sound=null defaults=0x0 flags=0x0 color=0x00000000 vis=PRIVATE),1]
11-05 02:22:30.811 1934 1934 I sysui_multi_action: [757,111,758,1]
11-05 02:22:30.811 1934 1934 I sysui_multi_action: [757,126,758,1,759,126,927,0,928,1,1593,1]
11-05 02:22:30.812 1934 1934 I sysui_multi_action: [757,113,758,1,759,113,927,1,928,1,1593,1]
11-05 02:22:30.812 1934 1934 I sysui_multi_action: [757,0,758,1,759,0,927,2,928,0,1593,1]
11-05 02:22:30.812 1934 1934 I sysui_multi_action: [757,0,758,1,759,0,927,3,928,0,1593,1]
11-05 02:22:30.812 1934 1934 I sysui_multi_action: [757,491,758,1,759,491,927,4,928,0,1311,-1,1593,0]
11-05 02:22:30.812 1934 1934 I sysui_multi_action: [757,0,758,1,759,0,927,5,928,0,1593,0]
11-05 02:22:30.812 1934 1934 I sysui_multi_action: [757,111,758,1]
11-05 02:22:30.812 1934 1934 I sysui_multi_action: [757,126,758,1,759,126,927,0,928,1,1593,1]
11-05 02:22:30.813 1934 1934 I sysui_multi_action: [757,113,758,1,759,113,927,1,928,1,1593,1]
11-05 02:22:30.813 1934 1934 I sysui_multi_action: [757,0,758,1,759,0,927,2,928,0,1593,1]
11-05 02:22:30.813 1934 1934 I sysui_multi_action: [757,0,758,1,759,0,927,3,928,0,1593,1]
11-05 02:22:30.826 1934 1934 I sysui_multi_action: [757,111,758,2]
11-05 02:22:30.826 1934 1934 I sysui_multi_action: [757,111,758,2]
11-05 02:22:30.826 1511 1511 I notification_enqueue: [10082,1934,com.android.systemui,2048,NULL,0,Notification(channel=updateNotification shortcut=null contentView=null vibrate=null sound=null defaults=0x0 flags=0x0 color=0x00000000 vis=PRIVATE),1]
11-05 02:22:30.829 1934 1934 I sysui_multi_action: [757,111,758,1]
11-05 02:22:30.829 1934 1934 I sysui_multi_action: [757,126,758,1,759,126,927,0,928,1,1593,1]
11-05 02:22:30.829 1934 1934 I sysui_multi_action: [757,113,758,1,759,113,927,1,928,1,1593,1]
11-05 02:22:30.829 1934 1934 I sysui_multi_action: [757,0,758,1,759,0,927,2,928,0,1593,1]
11-05 02:22:30.829 1934 1934 I sysui_multi_action: [757,0,758,1,759,0,927,3,928,0,1593,1]
11-05 02:22:30.829 1934 1934 I sysui_multi_action: [757,491,758,1,759,491,927,4,928,0,1311,-1,1593,0]
11-05 02:22:30.829 1934 1934 I sysui_multi_action: [757,0,758,1,759,0,927,5,928,0,1593,0]
11-05 02:22:30.829 1934 1934 I sysui_multi_action: [757,111,758,1]
11-05 02:22:30.830 1934 1934 I sysui_multi_action: [757,126,758,1,759,126,927,0,928,1,1593,1]
11-05 02:22:30.830 1934 1934 I sysui_multi_action: [757,113,758,1,759,113,927,1,928,1,1593,1]
11-05 02:22:30.830 1934 1934 I sysui_multi_action: [757,0,758,1,759,0,927,2,928,0,1593,1]
11-05 02:22:30.830 1934 1934 I sysui_multi_action: [757,0,758,1,759,0,927,3,928,0,1593,1]
11-05 02:22:30.843 1934 1934 I sysui_multi_action: [757,111,758,2]
11-05 02:22:30.843 1934 1934 I sysui_multi_action: [757,111,758,2]
11-05 02:22:30.844 1511 1511 I notification_enqueue: [10082,1934,com.android.systemui,2048,NULL,0,Notification(channel=updateNotification shortcut=null contentView=null vibrate=null sound=null defaults=0x0 flags=0x0 color=0x00000000 vis=PRIVATE),1]
11-05 02:22:30.846 1934 1934 I sysui_multi_action: [757,111,758,1]
11-05 02:22:30.847 1934 1934 I sysui_multi_action: [757,126,758,1,759,126,927,0,928,1,1593,1]
11-05 02:22:30.847 1934 1934 I sysui_multi_action: [757,113,758,1,759,113,927,1,928,1,1593,1]
11-05 02:22:30.847 1934 1934 I sysui_multi_action: [757,0,758,1,759,0,927,2,928,0,1593,1]
11-05 02:22:30.847 1934 1934 I sysui_multi_action: [757,0,758,1,759,0,927,3,928,0,1593,1]
11-05 02:22:30.847 1934 1934 I sysui_multi_action: [757,491,758,1,759,491,927,4,928,0,1311,-1,1593,0]
11-05 02:22:30.847 1934 1934 I sysui_multi_action: [757,0,758,1,759,0,927,5,928,0,1593,0]
11-05 02:22:30.847 1934 1934 I sysui_multi_action: [757,111,758,1]
11-05 02:22:30.847 1934 1934 I sysui_multi_action: [757,126,758,1,759,126,927,0,928,1,1593,1]
11-05 02:22:30.847 1934 1934 I sysui_multi_action: [757,113,758,1,759,113,927,1,928,1,1593,1]
11-05 02:22:30.847 1934 1934 I sysui_multi_action: [757,0,758,1,759,0,927,2,928,0,1593,1]
11-05 02:22:30.847 1934 1934 I sysui_multi_action: [757,0,758,1,759,0,927,3,928,0,1593,1]
11-05 02:22:30.860 1934 1934 I sysui_multi_action: [757,111,758,2]
11-05 02:22:30.860 1934 1934 I sysui_multi_action: [757,111,758,2]
11-05 02:22:30.861 1511 1511 I notification_enqueue: [10082,1934,com.android.systemui,2048,NULL,0,Notification(channel=updateNotification shortcut=null contentView=null vibrate=null sound=null defaults=0x0 flags=0x0 color=0x00000000 vis=PRIVATE),1]
11-05 02:22:30.864 1934 1934 I sysui_multi_action: [757,111,758,1]
11-05 02:22:30.864 1934 1934 I sysui_multi_action: [757,126,758,1,759,126,927,0,928,1,1593,1]
11-05 02:22:30.864 1934 1934 I sysui_multi_action: [757,113,758,1,759,113,927,1,928,1,1593,1]
11-05 02:22:30.864 1934 1934 I sysui_multi_action: [757,0,758,1,759,0,927,2,928,0,1593,1]
11-05 02:22:30.864 1934 1934 I sysui_multi_action: [757,0,758,1,759,0,927,3,928,0,1593,1]
11-05 02:22:30.864 1934 1934 I sysui_multi_action: [757,491,758,1,759,491,927,4,928,0,1311,-1,1593,0]
11-05 02:22:30.864 1934 1934 I sysui_multi_action: [757,0,758,1,759,0,927,5,928,0,1593,0]
11-05 02:22:30.864 1934 1934 I sysui_multi_action: [757,111,758,1]
11-05 02:22:30.864 1934 1934 I sysui_multi_action: [757,126,758,1,759,126,927,0,928,1,1593,1]
11-05 02:22:30.864 1934 1934 I sysui_multi_action: [757,113,758,1,759,113,927,1,928,1,1593,1]
11-05 02:22:30.864 1934 1934 I sysui_multi_action: [757,0,758,1,759,0,927,2,928,0,1593,1]
11-05 02:22:30.865 1934 1934 I sysui_multi_action: [757,0,758,1,759,0,927,3,928,0,1593,1]
11-05 02:22:30.876 1934 1934 I sysui_multi_action: [757,111,758,2]
11-05 02:22:30.876 1934 1934 I sysui_multi_action: [757,111,758,2]
11-05 02:22:30.876 1511 1511 I notification_enqueue: [10082,1934,com.android.systemui,2048,NULL,0,Notification(channel=updateNotification shortcut=null contentView=null vibrate=null sound=null defaults=0x0 flags=0x0 color=0x00000000 vis=PRIVATE),1]
11-05 02:22:30.879 1934 1934 I sysui_multi_action: [757,111,758,1]
11-05 02:22:30.879 1934 1934 I sysui_multi_action: [757,126,758,1,759,126,927,0,928,1,1593,1]
11-05 02:22:30.879 1934 1934 I sysui_multi_action: [757,113,758,1,759,113,927,1,928,1,1593,1]
11-05 02:22:30.879 1934 1934 I sysui_multi_action: [757,0,758,1,759,0,927,2,928,0,1593,1]
11-05 02:22:30.879 1934 1934 I sysui_multi_action: [757,0,758,1,759,0,927,3,928,0,1593,1]
11-05 02:22:30.879 1934 1934 I sysui_multi_action: [757,491,758,1,759,491,927,4,928,0,1311,-1,1593,0]
11-05 02:22:30.879 1934 1934 I sysui_multi_action: [757,0,758,1,759,0,927,5,928,0,1593,0]
11-05 02:22:30.879 1934 1934 I sysui_multi_action: [757,111,758,1]
11-05 02:22:30.880 1934 1934 I sysui_multi_action: [757,126,758,1,759,126,927,0,928,1,1593,1]
11-05 02:22:30.880 1934 1934 I sysui_multi_action: [757,113,758,1,759,113,927,1,928,1,1593,1]
11-05 02:22:30.880 1934 1934 I sysui_multi_action: [757,0,758,1,759,0,927,2,928,0,1593,1]
11-05 02:22:30.880 1934 1934 I sysui_multi_action: [757,0,758,1,759,0,927,3,928,0,1593,1]
11-05 02:22:30.892 1934 1934 I sysui_multi_action: [757,111,758,2]
11-05 02:22:30.892 1934 1934 I sysui_multi_action: [757,111,758,2]
11-05 02:22:30.893 1511 1511 I notification_enqueue: [10082,1934,com.android.systemui,2048,NULL,0,Notification(channel=updateNotification shortcut=null contentView=null vibrate=null sound=null defaults=0x0 flags=0x0 color=0x00000000 vis=PRIVATE),1]
11-05 02:22:30.895 1934 1934 I sysui_multi_action: [757,111,758,1]
11-05 02:22:30.895 1934 1934 I sysui_multi_action: [757,126,758,1,759,126,927,0,928,1,1593,1]
11-05 02:22:30.895 1934 1934 I sysui_multi_action: [757,113,758,1,759,113,927,1,928,1,1593,1]
11-05 02:22:30.895 1934 1934 I sysui_multi_action: [757,0,758,1,759,0,927,2,928,0,1593,1]
11-05 02:22:30.895 1934 1934 I sysui_multi_action: [757,0,758,1,759,0,927,3,928,0,1593,1]
11-05 02:22:30.895 1934 1934 I sysui_multi_action: [757,491,758,1,759,491,927,4,928,0,1311,-1,1593,0]
11-05 02:22:30.895 1934 1934 I sysui_multi_action: [757,0,758,1,759,0,927,5,928,0,1593,0]
11-05 02:22:30.895 1934 1934 I sysui_multi_action: [757,111,758,1]
11-05 02:22:30.896 1934 1934 I sysui_multi_action: [757,126,758,1,759,126,927,0,928,1,1593,1]
11-05 02:22:30.896 1934 1934 I sysui_multi_action: [757,113,758,1,759,113,927,1,928,1,1593,1]
11-05 02:22:30.896 1934 1934 I sysui_multi_action: [757,0,758,1,759,0,927,2,928,0,1593,1]
11-05 02:22:30.896 1934 1934 I sysui_multi_action: [757,0,758,1,759,0,927,3,928,0,1593,1]
11-05 02:22:30.909 1934 1934 I sysui_multi_action: [757,111,758,2]
11-05 02:22:30.909 1934 1934 I sysui_multi_action: [757,111,758,2]
11-05 02:22:30.909 1511 1511 I notification_enqueue: [10082,1934,com.android.systemui,2048,NULL,0,Notification(channel=updateNotification shortcut=null contentView=null vibrate=null sound=null defaults=0x0 flags=0x0 color=0x00000000 vis=PRIVATE),1]
11-05 02:22:30.912 1934 1934 I sysui_multi_action: [757,111,758,1]
11-05 02:22:30.912 1934 1934 I sysui_multi_action: [757,126,758,1,759,126,927,0,928,1,1593,0]
11-05 02:22:30.912 1934 1934 I sysui_multi_action: [757,113,758,1,759,113,927,1,928,1,1593,0]
11-05 02:22:30.912 1934 1934 I sysui_multi_action: [757,0,758,1,759,0,927,2,928,0,1593,0]
11-05 02:22:30.912 1934 1934 I sysui_multi_action: [757,0,758,1,759,0,927,3,928,0,1593,0]
11-05 02:22:30.912 1934 1934 I sysui_multi_action: [757,491,758,1,759,491,927,4,928,0,1311,-1,1593,0]
11-05 02:22:30.912 1934 1934 I sysui_multi_action: [757,0,758,1,759,0,927,5,928,0,1593,0]
11-05 02:22:30.913 1934 1934 I sysui_multi_action: [757,111,758,1]
11-05 02:22:30.913 1934 1934 I sysui_multi_action: [757,126,758,1,759,126,927,0,928,1,1593,1]
11-05 02:22:30.913 1934 1934 I sysui_multi_action: [757,113,758,1,759,113,927,1,928,1,1593,1]
11-05 02:22:30.913 1934 1934 I sysui_multi_action: [757,0,758,1,759,0,927,2,928,0,1593,1]
11-05 02:22:30.913 1934 1934 I sysui_multi_action: [757,0,758,1,759,0,927,3,928,0,1593,1]
11-05 02:22:30.926 1934 1934 I sysui_multi_action: [757,111,758,2]
11-05 02:22:30.926 1934 1934 I sysui_multi_action: [757,111,758,2]
11-05 02:22:30.926 1511 1511 I notification_enqueue: [10082,1934,com.android.systemui,2048,NULL,0,Notification(channel=updateNotification shortcut=null contentView=null vibrate=null sound=null defaults=0x0 flags=0x0 color=0x00000000 vis=PRIVATE),1]
11-05 02:22:30.929 1934 1934 I sysui_multi_action: [757,111,758,1]
11-05 02:22:30.929 1934 1934 I sysui_multi_action: [757,126,758,1,759,126,927,0,928,1,1593,1]
11-05 02:22:30.929 1934 1934 I sysui_multi_action: [757,113,758,1,759,113,927,1,928,1,1593,1]
11-05 02:22:30.929 1934 1934 I sysui_multi_action: [757,0,758,1,759,0,927,2,928,0,1593,1]
11-05 02:22:30.929 1934 1934 I sysui_multi_action: [757,0,758,1,759,0,927,3,928,0,1593,1]
11-05 02:22:30.930 1934 1934 I sysui_multi_action: [757,491,758,1,759,491,927,4,928,0,1311,-1,1593,0]
11-05 02:22:30.930 1934 1934 I sysui_multi_action: [757,0,758,1,759,0,927,5,928,0,1593,0]
11-05 02:22:30.930 1934 1934 I sysui_multi_action: [757,111,758,1]
11-05 02:22:30.930 1934 1934 I sysui_multi_action: [757,126,758,1,759,126,927,0,928,1,1593,1]
11-05 02:22:30.930 1934 1934 I sysui_multi_action: [757,113,758,1,759,113,927,1,928,1,1593,1]
11-05 02:22:30.930 1934 1934 I sysui_multi_action: [757,0,758,1,759,0,927,2,928,0,1593,1]
11-05 02:22:30.930 1934 1934 I sysui_multi_action: [757,0,758,1,759,0,927,3,928,0,1593,1]
11-05 02:22:30.943 1934 1934 I sysui_multi_action: [757,111,758,2]
11-05 02:22:30.943 1934 1934 I sysui_multi_action: [757,111,758,2]
11-05 02:22:30.943 1511 1511 I notification_enqueue: [10082,1934,com.android.systemui,2048,NULL,0,Notification(channel=updateNotification shortcut=null contentView=null vibrate=null sound=null defaults=0x0 flags=0x0 color=0x00000000 vis=PRIVATE),1]
11-05 02:22:30.947 1934 1934 I sysui_multi_action: [757,111,758,1]
11-05 02:22:30.947 1934 1934 I sysui_multi_action: [757,126,758,1,759,126,927,0,928,1,1593,1]
11-05 02:22:30.947 1934 1934 I sysui_multi_action: [757,113,758,1,759,113,927,1,928,1,1593,1]
11-05 02:22:30.947 1934 1934 I sysui_multi_action: [757,0,758,1,759,0,927,2,928,0,1593,1]
11-05 02:22:30.947 1934 1934 I sysui_multi_action: [757,0,758,1,759,0,927,3,928,0,1593,1]
11-05 02:22:30.947 1934 1934 I sysui_multi_action: [757,491,758,1,759,491,927,4,928,0,1311,-1,1593,0]
11-05 02:22:30.947 1934 1934 I sysui_multi_action: [757,0,758,1,759,0,927,5,928,0,1593,0]
11-05 02:22:30.947 1934 1934 I sysui_multi_action: [757,111,758,1]
11-05 02:22:30.948 1934 1934 I sysui_multi_action: [757,126,758,1,759,126,927,0,928,1,1593,1]
11-05 02:22:30.948 1934 1934 I sysui_multi_action: [757,113,758,1,759,113,927,1,928,1,1593,1]
11-05 02:22:30.948 1934 1934 I sysui_multi_action: [757,0,758,1,759,0,927,2,928,0,1593,1]
11-05 02:22:30.948 1934 1934 I sysui_multi_action: [757,0,758,1,759,0,927,3,928,0,1593,1]
11-05 02:22:30.959 1934 1934 I sysui_multi_action: [757,111,758,2]
11-05 02:22:30.960 1511 1511 I notification_enqueue: [10082,1934,com.android.systemui,2048,NULL,0,Notification(channel=updateNotification shortcut=null contentView=null vibrate=null sound=null defaults=0x0 flags=0x0 color=0x00000000 vis=PRIVATE),1]
11-05 02:22:30.960 1934 1934 I sysui_multi_action: [757,111,758,2]
11-05 02:22:30.969 1511 1603 I input_focus: [Focus request cdc5ba8 com.android.settings/com.android.settings.Settings,reason=UpdateInputWindows]
11-05 02:22:30.970 1934 1934 I sysui_multi_action: [757,111,758,1]
11-05 02:22:30.971 1934 1934 I sysui_multi_action: [757,126,758,1,759,126,927,0,928,1,1593,0]
11-05 02:22:30.971 1934 1934 I sysui_multi_action: [757,113,758,1,759,113,927,1,928,1,1593,0]
11-05 02:22:30.971 1934 1934 I sysui_multi_action: [757,0,758,1,759,0,927,2,928,0,1593,0]
11-05 02:22:30.971 1934 1934 I sysui_multi_action: [757,0,758,1,759,0,927,3,928,0,1593,1]
11-05 02:22:30.971 1934 1934 I sysui_multi_action: [757,491,758,1,759,491,927,4,928,0,1311,-1,1593,0]
11-05 02:22:30.971 1934 1934 I sysui_multi_action: [757,0,758,1,759,0,927,5,928,0,1593,0]
11-05 02:22:30.971 1934 1934 I sysui_multi_action: [757,111,758,1]
11-05 02:22:30.971 1934 1934 I sysui_multi_action: [757,126,758,1,759,126,927,0,928,1,1593,1]
11-05 02:22:30.971 1934 1934 I sysui_multi_action: [757,113,758,1,759,113,927,1,928,1,1593,1]
11-05 02:22:30.971 1934 1934 I sysui_multi_action: [757,0,758,1,759,0,927,2,928,0,1593,1]
11-05 02:22:30.972 1934 1934 I sysui_multi_action: [757,0,758,1,759,0,927,3,928,0,1593,1]
11-05 02:22:30.978 1934 1934 I sysui_multi_action: [757,111,758,2]
11-05 02:22:30.978 1934 1934 I sysui_multi_action: [757,111,758,2]
11-05 02:22:30.978 1511 1511 I notification_enqueue: [10082,1934,com.android.systemui,2048,NULL,0,Notification(channel=updateNotification shortcut=null contentView=null vibrate=null sound=null defaults=0x0 flags=0x0 color=0x00000000 vis=PRIVATE),1]
11-05 02:22:30.984 1511 4707 I sysui_multi_action: [757,128,758,2,793,4209873,794,55808,795,4209873,796,26,798,0,806,android,857,DEVELOPER_IMPORTANT,858,4,947,0,1395,2,1500,4209176,1688,1]
11-05 02:22:30.984 1511 4707 I notification_visibility: [-1|android|26|null|1000,0,4209873,4209873,0,0]
11-05 02:22:30.984 1511 4707 I sysui_multi_action: [757,128,758,2,793,4210648,794,55803,795,4210648,796,32,798,1,806,android,857,USB,858,1,947,0,1395,2,1500,4210590,1688,1]
11-05 02:22:30.984 1511 4707 I notification_visibility: [-1|android|32|null|1000,0,4210648,4210648,0,1]
11-05 02:22:30.985 1511 4178 I sysui_multi_action: [757,127,758,2]
11-05 02:22:30.985 1511 4178 I notification_panel_hidden:
11-05 02:22:30.991 1934 1934 I sysui_multi_action: [757,111,758,1]
11-05 02:22:30.991 1934 1934 I sysui_multi_action: [757,126,758,1,759,126,927,0,928,1,1593,1]
11-05 02:22:30.991 1934 1934 I sysui_multi_action: [757,113,758,1,759,113,927,1,928,1,1593,1]
11-05 02:22:30.991 1934 1934 I sysui_multi_action: [757,0,758,1,759,0,927,2,928,0,1593,1]
11-05 02:22:30.991 1934 1934 I sysui_multi_action: [757,0,758,1,759,0,927,3,928,0,1593,1]
11-05 02:22:30.991 1934 1934 I sysui_multi_action: [757,491,758,1,759,491,927,4,928,0,1311,-1,1593,0]
11-05 02:22:30.991 1934 1934 I sysui_multi_action: [757,0,758,1,759,0,927,5,928,0,1593,0]
11-05 02:22:30.992 1934 1934 I sysui_multi_action: [757,111,758,1]
11-05 02:22:30.992 1934 1934 I sysui_multi_action: [757,126,758,1,759,126,927,0,928,1,1593,1]
11-05 02:22:30.992 1934 1934 I sysui_multi_action: [757,113,758,1,759,113,927,1,928,1,1593,1]
11-05 02:22:30.992 1934 1934 I sysui_multi_action: [757,0,758,1,759,0,927,2,928,0,1593,1]
11-05 02:22:30.992 1934 1934 I sysui_multi_action: [757,0,758,1,759,0,927,3,928,0,1593,1]
11-05 02:22:30.999 1511 1687 I input_focus: [Focus leaving eefcbb2 NotificationShade (server),reason=NO_WINDOW]
11-05 02:22:30.999 1511 1687 I input_focus: [Focus entering cdc5ba8 com.android.settings/com.android.settings.Settings (server),reason=setFocusedWindow]
11-05 02:22:31.243 1391 17132 I liblog : 26
11-05 02:22:31.267 1391 1402 I liblog : 67
11-05 02:22:31.767 0 0 I auditd : type=1400 audit(0.0:4667): avc: denied { kill } for comm="swapper/1" capability=5 scontext=u:r:kernel:s0 tcontext=u:r:kernel:s0 tclass=capability permissive=0
11-05 02:22:32.752 1511 1687 I input_interaction: Interaction with: cdc5ba8 com.android.settings/com.android.settings.Settings (server), edge-swipe (server), swipe-up (server), PointerEventDispatcher0 (server),
11-05 02:22:32.767 0 0 I auditd : type=1400 audit(0.0:4668): avc: denied { kill } for comm="swapper/1" capability=5 scontext=u:r:kernel:s0 tcontext=u:r:kernel:s0 tclass=capability permissive=0
11-05 02:22:32.775 1511 4707 I wm_task_moved: [1,0,0]
11-05 02:22:32.776 1511 4707 I wm_task_moved: [1,0,5]
11-05 02:22:32.806 2535 2535 I wm_on_restart_called: [245869423,com.android.launcher3.uioverrides.QuickstepLauncher,performRestartActivity]
11-05 02:22:32.823 2535 2535 I wm_on_start_called: [245869423,com.android.launcher3.uioverrides.QuickstepLauncher,handleStartActivity]
11-05 02:22:32.854 1511 1599 I sysui_multi_action: [319,12,322,67,325,4223,757,761,758,9,759,5,806,com.android.launcher3,871,com.android.launcher3.uioverrides.QuickstepLauncher,905,0,1320,4,1321,1]
11-05 02:22:32.860 16818 16818 I view_enqueue_input_event: [Motion - Cancel,com.android.settings/com.android.settings.Settings]
11-05 02:22:32.860 2535 2535 I sysui_latency: [1,83]
11-05 02:22:32.862 1511 1687 I input_interaction: Interaction with: edge-swipe (server), swipe-up (server), PointerEventDispatcher0 (server),
11-05 02:22:32.864 1511 1603 I input_focus: [Focus request recents_animation_input_consumer,reason=UpdateInputWindows]
11-05 02:22:32.883 1511 1687 I input_focus: [Focus leaving cdc5ba8 com.android.settings/com.android.settings.Settings (server),reason=NOT_FOCUSABLE]
11-05 02:22:32.883 1511 1687 I input_focus: [Focus entering recents_animation_input_consumer (server),reason=setFocusedWindow]
11-05 02:22:32.929 1511 1749 I netstats_mobile_sample: [0,0,0,0,0,0,0,0,0,0,0,0,1667586152929]
11-05 02:22:32.930 1511 1749 I netstats_wifi_sample: [10529796,28079,11802245,32761,10529796,28079,11802245,32761,18303833,85018,5964630,17267,1667586152929]
11-05 02:22:33.044 1511 1669 I commit_sys_config_file: [settings-1-0,23]
11-05 02:22:33.056 1511 1749 I netstats_mobile_sample: [0,0,0,0,0,0,0,0,0,0,0,0,1667586153056]
11-05 02:22:33.056 1511 1749 I netstats_wifi_sample: [10529796,28079,11802245,32761,10529796,28079,11802245,32761,18303833,85018,5964630,17267,1667586153056]
11-05 02:22:33.071 1511 1749 I netstats_mobile_sample: [0,0,0,0,0,0,0,0,0,0,0,0,1667586153071]
11-05 02:22:33.071 1511 1749 I netstats_wifi_sample: [10529796,28079,11802245,32761,10529796,28079,11802245,32761,18303833,85018,5964630,17267,1667586153071]
11-05 02:22:33.102 1511 1749 I netstats_mobile_sample: [0,0,0,0,0,0,0,0,0,0,0,0,1667586153102]
11-05 02:22:33.103 1511 1749 I netstats_wifi_sample: [10529796,28079,11802245,32761,10529796,28079,11802245,32761,18303833,85018,5964630,17267,1667586153102]
11-05 02:22:33.123 1511 1749 I netstats_mobile_sample: [0,0,0,0,0,0,0,0,0,0,0,0,1667586153122]
11-05 02:22:33.123 1511 1749 I netstats_wifi_sample: [10529796,28079,11802245,32761,10529796,28079,11802245,32761,18303833,85018,5964630,17267,1667586153122]
11-05 02:22:33.140 1511 1720 I service_manager_slow: [12,alarm]
11-05 02:22:33.144 1511 1608 I sysui_latency: [8,82]
11-05 02:22:33.726 1511 1669 I commit_sys_config_file: [settings-1-0,5]
11-05 02:22:33.767 0 0 I auditd : type=1400 audit(0.0:4669): avc: denied { kill } for comm="swapper/1" capability=5 scontext=u:r:kernel:s0 tcontext=u:r:kernel:s0 tclass=capability permissive=0
11-05 02:22:34.081 1511 1687 I input_interaction: Interaction with: a226794 com.android.launcher3/com.android.launcher3.uioverrides.QuickstepLauncher (server), edge-swipe (server), swipe-up (server), PointerEventDispatcher0 (server),
11-05 02:22:34.471 1511 4178 I wm_task_moved: [1,1,6]
11-05 02:22:34.479 1511 4178 I wm_focused_root_task: [0,0,1,120,RecentsAnimation.onAnimationFinished()]
11-05 02:22:34.479 16818 16818 I wm_on_top_resumed_lost_called: [205783540,com.android.settings.Settings,topStateChangedWhenResumed]
11-05 02:22:34.481 1511 4178 I wm_pause_activity: [0,205783540,com.android.settings/.Settings,userLeaving=false,pauseBackTasks]
11-05 02:22:34.483 1511 4178 I wm_set_resumed_activity: [0,com.android.launcher3/.uioverrides.QuickstepLauncher,resumeTopActivityInnerLocked]
11-05 02:22:34.484 1511 4178 I wm_resume_activity: [0,245869423,40,com.android.launcher3/.uioverrides.QuickstepLauncher]
11-05 02:22:34.485 1511 4178 I wm_add_to_stopping: [0,205783540,com.android.settings/.Settings,makeInvisible]
11-05 02:22:34.490 2535 2535 I wm_on_resume_called: [245869423,com.android.launcher3.uioverrides.QuickstepLauncher,RESUME_ACTIVITY]
11-05 02:22:34.492 1511 1603 I input_focus: [Focus request a226794 com.android.launcher3/com.android.launcher3.uioverrides.QuickstepLauncher,reason=UpdateInputWindows]
11-05 02:22:34.493 1511 1602 I sysui_multi_action: [757,803,799,window_time_0,802,63]
11-05 02:22:34.497 16818 16818 I sysui_multi_action: [757,35,758,2,1089,62776]
11-05 02:22:34.504 1511 1687 I input_focus: [Focus leaving recents_animation_input_consumer (server),reason=NOT_VISIBLE]
11-05 02:22:34.505 16818 16818 I sysui_multi_action: [757,746,758,2,1089,62474]
11-05 02:22:34.505 1511 1687 I input_focus: [Focus entering a226794 com.android.launcher3/com.android.launcher3.uioverrides.QuickstepLauncher (server),reason=setFocusedWindow]
11-05 02:22:34.510 2535 2535 I wm_on_top_resumed_gained_called: [245869423,com.android.launcher3.uioverrides.QuickstepLauncher,topStateChangedWhenResumed]
11-05 02:22:34.511 1511 2766 I wm_stop_activity: [0,205783540,com.android.settings/.Settings]
11-05 02:22:34.514 16818 16818 I wm_on_paused_called: [205783540,com.android.settings.Settings,performPause]
11-05 02:22:34.524 1511 1602 I sysui_multi_action: [757,803,799,window_time_0,802,0]
11-05 02:22:34.529 16818 16818 I wm_on_stop_called: [205783540,com.android.settings.Settings,STOP_ACTIVITY_ITEM]
11-05 02:22:34.540 1511 1608 I am_pss : [17094,10090,com.android.music,7608320,5697536,0,91701248,0,19,5]
11-05 02:22:34.546 1511 1687 I input_interaction: Interaction with: a226794 com.android.launcher3/com.android.launcher3.uioverrides.QuickstepLauncher (server), 2153fad com.android.systemui.ImageWallpaper (server), edge-swipe (server), swipe-up (server), PointerEventDispatcher0 (server),
11-05 02:22:34.594 1511 4178 I wm_finish_activity: [0,205783540,120,com.android.settings/.Settings,recent-task-trimmed]
11-05 02:22:34.595 1511 4178 I wm_destroy_activity: [0,205783540,120,com.android.settings/.Settings,finish-imm:finishIfPossible]
11-05 02:22:34.597 1511 1602 I am_kill : [0,16818,com.android.settings,900,remove task]
11-05 02:22:34.602 1511 1602 I sysui_multi_action: [757,803,799,window_time_0,802,0]
11-05 02:22:34.643 1511 4178 I am_proc_died: [0,16818,com.android.settings,900,18]
11-05 02:22:34.647 1511 4178 I wm_task_removed: [120,removeChild:removeChild last r=ActivityRecord{c4401f4 u0 com.android.settings/.Settings t-1 f}} in t=Task{c2788bf #120 type=standard A=1000:com.android.settings.root U=0 visible=false mode=fullscreen translucent=true sz=0}]
11-05 02:22:34.647 1511 4178 I wm_task_removed: [120,removeChild]
11-05 02:22:34.662 1511 1610 I am_proc_start: [0,17169,1000,com.android.settings,NULL,]
11-05 02:22:34.691 1511 4178 I am_proc_bound: [0,17169,com.android.settings]
11-05 02:22:34.767 0 0 I auditd : type=1400 audit(0.0:4670): avc: denied { kill } for comm="swapper/1" capability=5 scontext=u:r:kernel:s0 tcontext=u:r:kernel:s0 tclass=capability permissive=0
11-05 02:22:35.767 0 0 I auditd : type=1400 audit(0.0:4671): avc: denied { kill } for comm="swapper/1" capability=5 scontext=u:r:kernel:s0 tcontext=u:r:kernel:s0 tclass=capability permissive=0
11-05 02:22:36.767 0 0 I auditd : type=1400 audit(0.0:4672): avc: denied { kill } for comm="swapper/1" capability=5 scontext=u:r:kernel:s0 tcontext=u:r:kernel:s0 tclass=capability permissive=0
11-05 02:22:36.893 1511 1687 I input_interaction: Interaction with: a226794 com.android.launcher3/com.android.launcher3.uioverrides.QuickstepLauncher (server), PointerEventDispatcher0 (server),
11-05 02:22:37.694 1511 1609 I am_uid_idle: 10088
11-05 02:22:37.767 0 0 I auditd : type=1400 audit(0.0:4673): avc: denied { kill } for comm="swapper/1" capability=5 scontext=u:r:kernel:s0 tcontext=u:r:kernel:s0 tclass=capability permissive=0
11-05 02:22:38.767 0 0 I auditd : type=1400 audit(0.0:4674): avc: denied { kill } for comm="swapper/1" capability=5 scontext=u:r:kernel:s0 tcontext=u:r:kernel:s0 tclass=capability permissive=0
11-05 02:22:39.767 0 0 I auditd : type=1400 audit(0.0:4675): avc: denied { kill } for comm="swapper/1" capability=5 scontext=u:r:kernel:s0 tcontext=u:r:kernel:s0 tclass=capability permissive=0
11-05 02:22:40.767 0 0 I auditd : type=1400 audit(0.0:4676): avc: denied { kill } for comm="swapper/1" capability=5 scontext=u:r:kernel:s0 tcontext=u:r:kernel:s0 tclass=capability permissive=0
11-05 02:22:41.767 0 0 I auditd : type=1400 audit(0.0:4677): avc: denied { kill } for comm="swapper/1" capability=5 scontext=u:r:kernel:s0 tcontext=u:r:kernel:s0 tclass=capability permissive=0
11-05 02:22:42.767 0 0 I auditd : type=1400 audit(0.0:4678): avc: denied { kill } for comm="swapper/1" capability=5 scontext=u:r:kernel:s0 tcontext=u:r:kernel:s0 tclass=capability permissive=0
11-05 02:22:43.145 1511 2001 I ntp_failure: [time.android.com,java.net.UnknownHostException: Unable to resolve host "time.android.com": No address associated with hostname]
11-05 02:22:43.767 0 0 I auditd : type=1400 audit(0.0:4679): avc: denied { kill } for comm="swapper/1" capability=5 scontext=u:r:kernel:s0 tcontext=u:r:kernel:s0 tclass=capability permissive=0
11-05 02:22:44.767 0 0 I auditd : type=1400 audit(0.0:4680): avc: denied { kill } for comm="swapper/1" capability=5 scontext=u:r:kernel:s0 tcontext=u:r:kernel:s0 tclass=capability permissive=0
11-05 02:22:45.767 0 0 I auditd : type=1400 audit(0.0:4681): avc: denied { kill } for comm="swapper/1" capability=5 scontext=u:r:kernel:s0 tcontext=u:r:kernel:s0 tclass=capability permissive=0
11-05 02:22:46.767 0 0 I auditd : type=1400 audit(0.0:4682): avc: denied { kill } for comm="swapper/1" capability=5 scontext=u:r:kernel:s0 tcontext=u:r:kernel:s0 tclass=capability permissive=0
11-05 02:22:48.767 0 0 I auditd : type=1400 audit(0.0:4683): avc: denied { kill } for comm="swapper/2" capability=5 scontext=u:r:kernel:s0 tcontext=u:r:kernel:s0 tclass=capability permissive=0
11-05 02:22:49.767 0 0 I auditd : type=1400 audit(0.0:4684): avc: denied { kill } for comm="swapper/2" capability=5 scontext=u:r:kernel:s0 tcontext=u:r:kernel:s0 tclass=capability permissive=0
