11-05 02:09:10.320 1511 1609 I am_wtf : [0,1511,system_server,-1,DisplayDeviceConfig,requesting nits when no mapping exists.]
11-05 02:09:10.321 1511 1609 I am_wtf : [0,1511,system_server,-1,DisplayDeviceConfig,requesting nits when no mapping exists.]
11-05 02:09:10.337 1511 1609 I am_wtf : [0,1511,system_server,-1,DisplayDeviceConfig,requesting nits when no mapping exists.]
11-05 02:09:10.338 1511 1609 I am_wtf : [0,1511,system_server,-1,DisplayDeviceConfig,requesting nits when no mapping exists.]
11-05 02:09:10.354 1511 1609 I am_wtf : [0,1511,system_server,-1,DisplayDeviceConfig,requesting nits when no mapping exists.]
11-05 02:09:10.355 1511 1609 I am_wtf : [0,1511,system_server,-1,DisplayDeviceConfig,requesting nits when no mapping exists.]
11-05 02:09:10.369 1511 1609 I am_wtf : [0,1511,system_server,-1,DisplayDeviceConfig,requesting nits when no mapping exists.]
11-05 02:09:10.370 1511 1609 I am_wtf : [0,1511,system_server,-1,DisplayDeviceConfig,requesting nits when no mapping exists.]
11-05 02:09:10.388 1511 1609 I am_wtf : [0,1511,system_server,-1,DisplayDeviceConfig,requesting nits when no mapping exists.]
11-05 02:09:10.390 1511 1609 I am_wtf : [0,1511,system_server,-1,DisplayDeviceConfig,requesting nits when no mapping exists.]
11-05 02:09:10.403 1511 1609 I am_wtf : [0,1511,system_server,-1,DisplayDeviceConfig,requesting nits when no mapping exists.]
11-05 02:09:10.404 1511 1609 I am_wtf : [0,1511,system_server,-1,DisplayDeviceConfig,requesting nits when no mapping exists.]
11-05 02:09:12.767 0 0 I auditd : type=1400 audit(0.0:3830): avc: denied { kill } for comm="swapper/2" capability=5 scontext=u:r:kernel:s0 tcontext=u:r:kernel:s0 tclass=capability permissive=0
11-05 02:09:13.767 0 0 I auditd : type=1400 audit(0.0:3831): avc: denied { kill } for comm="swapper/2" capability=5 scontext=u:r:kernel:s0 tcontext=u:r:kernel:s0 tclass=capability permissive=0
11-05 02:09:14.767 0 0 I auditd : type=1400 audit(0.0:3832): avc: denied { kill } for comm="swapper/2" capability=5 scontext=u:r:kernel:s0 tcontext=u:r:kernel:s0 tclass=capability permissive=0
11-05 02:09:15.767 0 0 I auditd : type=1400 audit(0.0:3833): avc: denied { kill } for comm="swapper/2" capability=5 scontext=u:r:kernel:s0 tcontext=u:r:kernel:s0 tclass=capability permissive=0
11-05 02:09:16.767 0 0 I auditd : type=1400 audit(0.0:3834): avc: denied { kill } for comm="swapper/2" capability=5 scontext=u:r:kernel:s0 tcontext=u:r:kernel:s0 tclass=capability permissive=0
11-05 02:09:17.767 0 0 I auditd : type=1400 audit(0.0:3835): avc: denied { kill } for comm="swapper/2" capability=5 scontext=u:r:kernel:s0 tcontext=u:r:kernel:s0 tclass=capability permissive=0
11-05 02:09:18.767 0 0 I auditd : type=1400 audit(0.0:3836): avc: denied { kill } for comm="swapper/2" capability=5 scontext=u:r:kernel:s0 tcontext=u:r:kernel:s0 tclass=capability permissive=0
11-05 02:09:19.767 0 0 I auditd : type=1400 audit(0.0:3837): avc: denied { kill } for comm="swapper/2" capability=5 scontext=u:r:kernel:s0 tcontext=u:r:kernel:s0 tclass=capability permissive=0
11-05 02:09:20.767 0 0 I auditd : type=1400 audit(0.0:3838): avc: denied { kill } for comm="swapper/2" capability=5 scontext=u:r:kernel:s0 tcontext=u:r:kernel:s0 tclass=capability permissive=0
11-05 02:09:21.767 0 0 I auditd : type=1400 audit(0.0:3839): avc: denied { kill } for comm="swapper/2" capability=5 scontext=u:r:kernel:s0 tcontext=u:r:kernel:s0 tclass=capability permissive=0
11-05 02:09:22.767 0 0 I auditd : type=1400 audit(0.0:3840): avc: denied { kill } for comm="swapper/2" capability=5 scontext=u:r:kernel:s0 tcontext=u:r:kernel:s0 tclass=capability permissive=0
11-05 02:09:23.767 0 0 I auditd : type=1400 audit(0.0:3841): avc: denied { kill } for comm="swapper/2" capability=5 scontext=u:r:kernel:s0 tcontext=u:r:kernel:s0 tclass=capability permissive=0
11-05 02:09:24.767 0 0 I auditd : type=1400 audit(0.0:3842): avc: denied { kill } for comm="swapper/2" capability=5 scontext=u:r:kernel:s0 tcontext=u:r:kernel:s0 tclass=capability permissive=0
11-05 02:09:25.767 0 0 I auditd : type=1400 audit(0.0:3843): avc: denied { kill } for comm="swapper/2" capability=5 scontext=u:r:kernel:s0 tcontext=u:r:kernel:s0 tclass=capability permissive=0
11-05 02:09:26.767 0 0 I auditd : type=1400 audit(0.0:3844): avc: denied { kill } for comm="swapper/2" capability=5 scontext=u:r:kernel:s0 tcontext=u:r:kernel:s0 tclass=capability permissive=0
11-05 02:09:27.767 0 0 I auditd : type=1400 audit(0.0:3845): avc: denied { kill } for comm="swapper/2" capability=5 scontext=u:r:kernel:s0 tcontext=u:r:kernel:s0 tclass=capability permissive=0
11-05 02:09:28.767 0 0 I auditd : type=1400 audit(0.0:3846): avc: denied { kill } for comm="swapper/2" capability=5 scontext=u:r:kernel:s0 tcontext=u:r:kernel:s0 tclass=capability permissive=0
11-05 02:09:29.767 0 0 I auditd : type=1400 audit(0.0:3847): avc: denied { kill } for comm="swapper/2" capability=5 scontext=u:r:kernel:s0 tcontext=u:r:kernel:s0 tclass=capability permissive=0
11-05 02:09:30.767 0 0 I auditd : type=1400 audit(0.0:3848): avc: denied { kill } for comm="swapper/2" capability=5 scontext=u:r:kernel:s0 tcontext=u:r:kernel:s0 tclass=capability permissive=0
11-05 02:09:31.767 0 0 I auditd : type=1400 audit(0.0:3849): avc: denied { kill } for comm="swapper/2" capability=5 scontext=u:r:kernel:s0 tcontext=u:r:kernel:s0 tclass=capability permissive=0
11-05 02:09:32.767 0 0 I auditd : type=1400 audit(0.0:3850): avc: denied { kill } for comm="swapper/2" capability=5 scontext=u:r:kernel:s0 tcontext=u:r:kernel:s0 tclass=capability permissive=0
11-05 02:09:33.767 0 0 I auditd : type=1400 audit(0.0:3851): avc: denied { kill } for comm="swapper/2" capability=5 scontext=u:r:kernel:s0 tcontext=u:r:kernel:s0 tclass=capability permissive=0
11-05 02:09:34.767 0 0 I auditd : type=1400 audit(0.0:3852): avc: denied { kill } for comm="swapper/2" capability=5 scontext=u:r:kernel:s0 tcontext=u:r:kernel:s0 tclass=capability permissive=0
11-05 02:09:35.767 0 0 I auditd : type=1400 audit(0.0:3853): avc: denied { kill } for comm="swapper/2" capability=5 scontext=u:r:kernel:s0 tcontext=u:r:kernel:s0 tclass=capability permissive=0
11-05 02:09:36.767 0 0 I auditd : type=1400 audit(0.0:3854): avc: denied { kill } for comm="swapper/2" capability=5 scontext=u:r:kernel:s0 tcontext=u:r:kernel:s0 tclass=capability permissive=0
11-05 02:09:37.767 0 0 I auditd : type=1400 audit(0.0:3855): avc: denied { kill } for comm="swapper/2" capability=5 scontext=u:r:kernel:s0 tcontext=u:r:kernel:s0 tclass=capability permissive=0
11-05 02:09:38.767 0 0 I auditd : type=1400 audit(0.0:3856): avc: denied { kill } for comm="swapper/2" capability=5 scontext=u:r:kernel:s0 tcontext=u:r:kernel:s0 tclass=capability permissive=0
11-05 02:09:39.767 0 0 I auditd : type=1400 audit(0.0:3857): avc: denied { kill } for comm="swapper/2" capability=5 scontext=u:r:kernel:s0 tcontext=u:r:kernel:s0 tclass=capability permissive=0
11-05 02:09:40.767 0 0 I auditd : type=1400 audit(0.0:3858): avc: denied { kill } for comm="swapper/2" capability=5 scontext=u:r:kernel:s0 tcontext=u:r:kernel:s0 tclass=capability permissive=0
11-05 02:09:41.767 0 0 I auditd : type=1400 audit(0.0:3859): avc: denied { kill } for comm="swapper/2" capability=5 scontext=u:r:kernel:s0 tcontext=u:r:kernel:s0 tclass=capability permissive=0
11-05 02:09:42.767 0 0 I auditd : type=1400 audit(0.0:3860): avc: denied { kill } for comm="swapper/2" capability=5 scontext=u:r:kernel:s0 tcontext=u:r:kernel:s0 tclass=capability permissive=0
11-05 02:09:43.767 0 0 I auditd : type=1400 audit(0.0:3861): avc: denied { kill } for comm="swapper/2" capability=5 scontext=u:r:kernel:s0 tcontext=u:r:kernel:s0 tclass=capability permissive=0
11-05 02:09:44.767 0 0 I auditd : type=1400 audit(0.0:3862): avc: denied { kill } for comm="swapper/2" capability=5 scontext=u:r:kernel:s0 tcontext=u:r:kernel:s0 tclass=capability permissive=0
11-05 02:09:45.767 0 0 I auditd : type=1400 audit(0.0:3863): avc: denied { kill } for comm="swapper/2" capability=5 scontext=u:r:kernel:s0 tcontext=u:r:kernel:s0 tclass=capability permissive=0
11-05 02:09:46.767 0 0 I auditd : type=1400 audit(0.0:3864): avc: denied { kill } for comm="swapper/2" capability=5 scontext=u:r:kernel:s0 tcontext=u:r:kernel:s0 tclass=capability permissive=0
11-05 02:09:47.767 0 0 I auditd : type=1400 audit(0.0:3865): avc: denied { kill } for comm="swapper/2" capability=5 scontext=u:r:kernel:s0 tcontext=u:r:kernel:s0 tclass=capability permissive=0
11-05 02:09:48.767 0 0 I auditd : type=1400 audit(0.0:3866): avc: denied { kill } for comm="swapper/2" capability=5 scontext=u:r:kernel:s0 tcontext=u:r:kernel:s0 tclass=capability permissive=0
11-05 02:09:49.767 0 0 I auditd : type=1400 audit(0.0:3867): avc: denied { kill } for comm="swapper/2" capability=5 scontext=u:r:kernel:s0 tcontext=u:r:kernel:s0 tclass=capability permissive=0
11-05 02:09:50.767 0 0 I auditd : type=1400 audit(0.0:3868): avc: denied { kill } for comm="swapper/2" capability=5 scontext=u:r:kernel:s0 tcontext=u:r:kernel:s0 tclass=capability permissive=0
11-05 02:09:51.767 0 0 I auditd : type=1400 audit(0.0:3869): avc: denied { kill } for comm="swapper/2" capability=5 scontext=u:r:kernel:s0 tcontext=u:r:kernel:s0 tclass=capability permissive=0
11-05 02:09:52.767 0 0 I auditd : type=1400 audit(0.0:3870): avc: denied { kill } for comm="swapper/2" capability=5 scontext=u:r:kernel:s0 tcontext=u:r:kernel:s0 tclass=capability permissive=0
11-05 02:09:53.767 0 0 I auditd : type=1400 audit(0.0:3871): avc: denied { kill } for comm="swapper/2" capability=5 scontext=u:r:kernel:s0 tcontext=u:r:kernel:s0 tclass=capability permissive=0
11-05 02:09:54.767 0 0 I auditd : type=1400 audit(0.0:3872): avc: denied { kill } for comm="swapper/2" capability=5 scontext=u:r:kernel:s0 tcontext=u:r:kernel:s0 tclass=capability permissive=0
11-05 02:09:55.767 0 0 I auditd : type=1400 audit(0.0:3873): avc: denied { kill } for comm="swapper/2" capability=5 scontext=u:r:kernel:s0 tcontext=u:r:kernel:s0 tclass=capability permissive=0
11-05 02:09:56.767 0 0 I auditd : type=1400 audit(0.0:3874): avc: denied { kill } for comm="swapper/2" capability=5 scontext=u:r:kernel:s0 tcontext=u:r:kernel:s0 tclass=capability permissive=0
11-05 02:09:57.767 0 0 I auditd : type=1400 audit(0.0:3875): avc: denied { kill } for comm="swapper/2" capability=5 scontext=u:r:kernel:s0 tcontext=u:r:kernel:s0 tclass=capability permissive=0
11-05 02:09:58.767 0 0 I auditd : type=1400 audit(0.0:3876): avc: denied { kill } for comm="swapper/2" capability=5 scontext=u:r:kernel:s0 tcontext=u:r:kernel:s0 tclass=capability permissive=0
11-05 02:09:59.767 0 0 I auditd : type=1400 audit(0.0:3877): avc: denied { kill } for comm="swapper/2" capability=5 scontext=u:r:kernel:s0 tcontext=u:r:kernel:s0 tclass=capability permissive=0
11-05 02:10:03.767 0 0 I auditd : type=1400 audit(0.0:3878): avc: denied { kill } for comm="swapper/1" capability=5 scontext=u:r:kernel:s0 tcontext=u:r:kernel:s0 tclass=capability permissive=0
11-05 02:10:04.767 0 0 I auditd : type=1400 audit(0.0:3879): avc: denied { kill } for comm="swapper/1" capability=5 scontext=u:r:kernel:s0 tcontext=u:r:kernel:s0 tclass=capability permissive=0
11-05 02:10:05.767 0 0 I auditd : type=1400 audit(0.0:3880): avc: denied { kill } for comm="swapper/1" capability=5 scontext=u:r:kernel:s0 tcontext=u:r:kernel:s0 tclass=capability permissive=0
11-05 02:10:06.767 0 0 I auditd : type=1400 audit(0.0:3881): avc: denied { kill } for comm="swapper/1" capability=5 scontext=u:r:kernel:s0 tcontext=u:r:kernel:s0 tclass=capability permissive=0
11-05 02:10:07.767 0 0 I auditd : type=1400 audit(0.0:3882): avc: denied { kill } for comm="swapper/1" capability=5 scontext=u:r:kernel:s0 tcontext=u:r:kernel:s0 tclass=capability permissive=0
11-05 02:10:08.767 0 0 I auditd : type=1400 audit(0.0:3883): avc: denied { kill } for comm="swapper/1" capability=5 scontext=u:r:kernel:s0 tcontext=u:r:kernel:s0 tclass=capability permissive=0
11-05 02:10:09.767 0 0 I auditd : type=1400 audit(0.0:3884): avc: denied { kill } for comm="swapper/1" capability=5 scontext=u:r:kernel:s0 tcontext=u:r:kernel:s0 tclass=capability permissive=0
11-05 02:10:10.767 0 0 I auditd : type=1400 audit(0.0:3885): avc: denied { kill } for comm="swapper/1" capability=5 scontext=u:r:kernel:s0 tcontext=u:r:kernel:s0 tclass=capability permissive=0
11-05 02:10:11.767 0 0 I auditd : type=1400 audit(0.0:3886): avc: denied { kill } for comm="swapper/1" capability=5 scontext=u:r:kernel:s0 tcontext=u:r:kernel:s0 tclass=capability permissive=0
11-05 02:10:12.767 0 0 I auditd : type=1400 audit(0.0:3887): avc: denied { kill } for comm="swapper/1" capability=5 scontext=u:r:kernel:s0 tcontext=u:r:kernel:s0 tclass=capability permissive=0
11-05 02:10:13.767 0 0 I auditd : type=1400 audit(0.0:3888): avc: denied { kill } for comm="swapper/1" capability=5 scontext=u:r:kernel:s0 tcontext=u:r:kernel:s0 tclass=capability permissive=0
11-05 02:10:14.767 0 0 I auditd : type=1400 audit(0.0:3889): avc: denied { kill } for comm="swapper/1" capability=5 scontext=u:r:kernel:s0 tcontext=u:r:kernel:s0 tclass=capability permissive=0
11-05 02:10:15.767 0 0 I auditd : type=1400 audit(0.0:3890): avc: denied { kill } for comm="swapper/1" capability=5 scontext=u:r:kernel:s0 tcontext=u:r:kernel:s0 tclass=capability permissive=0
11-05 02:10:15.818 1511 1609 I am_uid_idle: 10062
11-05 02:10:16.767 0 0 I auditd : type=1400 audit(0.0:3891): avc: denied { kill } for comm="swapper/1" capability=5 scontext=u:r:kernel:s0 tcontext=u:r:kernel:s0 tclass=capability permissive=0
11-05 02:10:17.767 0 0 I auditd : type=1400 audit(0.0:3892): avc: denied { kill } for comm="swapper/1" capability=5 scontext=u:r:kernel:s0 tcontext=u:r:kernel:s0 tclass=capability permissive=0
11-05 02:10:18.767 0 0 I auditd : type=1400 audit(0.0:3893): avc: denied { kill } for comm="swapper/1" capability=5 scontext=u:r:kernel:s0 tcontext=u:r:kernel:s0 tclass=capability permissive=0
11-05 02:10:19.767 0 0 I auditd : type=1400 audit(0.0:3894): avc: denied { kill } for comm="swapper/1" capability=5 scontext=u:r:kernel:s0 tcontext=u:r:kernel:s0 tclass=capability permissive=0
11-05 02:10:20.767 0 0 I auditd : type=1400 audit(0.0:3895): avc: denied { kill } for comm="swapper/1" capability=5 scontext=u:r:kernel:s0 tcontext=u:r:kernel:s0 tclass=capability permissive=0
11-05 02:10:21.767 0 0 I auditd : type=1400 audit(0.0:3896): avc: denied { kill } for comm="swapper/1" capability=5 scontext=u:r:kernel:s0 tcontext=u:r:kernel:s0 tclass=capability permissive=0
11-05 02:10:22.767 0 0 I auditd : type=1400 audit(0.0:3897): avc: denied { kill } for comm="swapper/1" capability=5 scontext=u:r:kernel:s0 tcontext=u:r:kernel:s0 tclass=capability permissive=0
11-05 02:10:23.767 0 0 I auditd : type=1400 audit(0.0:3898): avc: denied { kill } for comm="swapper/1" capability=5 scontext=u:r:kernel:s0 tcontext=u:r:kernel:s0 tclass=capability permissive=0
11-05 02:10:24.767 0 0 I auditd : type=1400 audit(0.0:3899): avc: denied { kill } for comm="swapper/1" capability=5 scontext=u:r:kernel:s0 tcontext=u:r:kernel:s0 tclass=capability permissive=0
11-05 02:10:25.767 0 0 I auditd : type=1400 audit(0.0:3900): avc: denied { kill } for comm="swapper/1" capability=5 scontext=u:r:kernel:s0 tcontext=u:r:kernel:s0 tclass=capability permissive=0
11-05 02:10:26.767 0 0 I auditd : type=1400 audit(0.0:3901): avc: denied { kill } for comm="swapper/1" capability=5 scontext=u:r:kernel:s0 tcontext=u:r:kernel:s0 tclass=capability permissive=0
11-05 02:10:27.767 0 0 I auditd : type=1400 audit(0.0:3902): avc: denied { kill } for comm="swapper/1" capability=5 scontext=u:r:kernel:s0 tcontext=u:r:kernel:s0 tclass=capability permissive=0
11-05 02:10:28.767 0 0 I auditd : type=1400 audit(0.0:3903): avc: denied { kill } for comm="swapper/1" capability=5 scontext=u:r:kernel:s0 tcontext=u:r:kernel:s0 tclass=capability permissive=0
11-05 02:10:29.767 0 0 I auditd : type=1400 audit(0.0:3904): avc: denied { kill } for comm="swapper/1" capability=5 scontext=u:r:kernel:s0 tcontext=u:r:kernel:s0 tclass=capability permissive=0
11-05 02:10:30.767 0 0 I auditd : type=1400 audit(0.0:3905): avc: denied { kill } for comm="swapper/1" capability=5 scontext=u:r:kernel:s0 tcontext=u:r:kernel:s0 tclass=capability permissive=0
11-05 02:10:31.767 0 0 I auditd : type=1400 audit(0.0:3906): avc: denied { kill } for comm="swapper/1" capability=5 scontext=u:r:kernel:s0 tcontext=u:r:kernel:s0 tclass=capability permissive=0
11-05 02:10:32.767 0 0 I auditd : type=1400 audit(0.0:3907): avc: denied { kill } for comm="swapper/1" capability=5 scontext=u:r:kernel:s0 tcontext=u:r:kernel:s0 tclass=capability permissive=0
11-05 02:10:33.767 0 0 I auditd : type=1400 audit(0.0:3908): avc: denied { kill } for comm="swapper/1" capability=5 scontext=u:r:kernel:s0 tcontext=u:r:kernel:s0 tclass=capability permissive=0
11-05 02:10:34.767 0 0 I auditd : type=1400 audit(0.0:3909): avc: denied { kill } for comm="swapper/1" capability=5 scontext=u:r:kernel:s0 tcontext=u:r:kernel:s0 tclass=capability permissive=0
11-05 02:10:35.767 0 0 I auditd : type=1400 audit(0.0:3910): avc: denied { kill } for comm="swapper/1" capability=5 scontext=u:r:kernel:s0 tcontext=u:r:kernel:s0 tclass=capability permissive=0
11-05 02:10:36.767 0 0 I auditd : type=1400 audit(0.0:3911): avc: denied { kill } for comm="swapper/1" capability=5 scontext=u:r:kernel:s0 tcontext=u:r:kernel:s0 tclass=capability permissive=0
11-05 02:10:37.767 0 0 I auditd : type=1400 audit(0.0:3912): avc: denied { kill } for comm="swapper/1" capability=5 scontext=u:r:kernel:s0 tcontext=u:r:kernel:s0 tclass=capability permissive=0
11-05 02:10:38.767 0 0 I auditd : type=1400 audit(0.0:3913): avc: denied { kill } for comm="swapper/1" capability=5 scontext=u:r:kernel:s0 tcontext=u:r:kernel:s0 tclass=capability permissive=0
11-05 02:10:39.767 0 0 I auditd : type=1400 audit(0.0:3914): avc: denied { kill } for comm="swapper/1" capability=5 scontext=u:r:kernel:s0 tcontext=u:r:kernel:s0 tclass=capability permissive=0
11-05 02:10:40.767 0 0 I auditd : type=1400 audit(0.0:3915): avc: denied { kill } for comm="swapper/1" capability=5 scontext=u:r:kernel:s0 tcontext=u:r:kernel:s0 tclass=capability permissive=0
11-05 02:10:41.767 0 0 I auditd : type=1400 audit(0.0:3916): avc: denied { kill } for comm="swapper/1" capability=5 scontext=u:r:kernel:s0 tcontext=u:r:kernel:s0 tclass=capability permissive=0
11-05 02:10:42.767 0 0 I auditd : type=1400 audit(0.0:3917): avc: denied { kill } for comm="swapper/1" capability=5 scontext=u:r:kernel:s0 tcontext=u:r:kernel:s0 tclass=capability permissive=0
11-05 02:10:43.767 0 0 I auditd : type=1400 audit(0.0:3918): avc: denied { kill } for comm="swapper/1" capability=5 scontext=u:r:kernel:s0 tcontext=u:r:kernel:s0 tclass=capability permissive=0
11-05 02:10:44.767 0 0 I auditd : type=1400 audit(0.0:3919): avc: denied { kill } for comm="swapper/1" capability=5 scontext=u:r:kernel:s0 tcontext=u:r:kernel:s0 tclass=capability permissive=0
11-05 02:10:45.767 0 0 I auditd : type=1400 audit(0.0:3920): avc: denied { kill } for comm="swapper/1" capability=5 scontext=u:r:kernel:s0 tcontext=u:r:kernel:s0 tclass=capability permissive=0
11-05 02:10:46.767 0 0 I auditd : type=1400 audit(0.0:3921): avc: denied { kill } for comm="swapper/1" capability=5 scontext=u:r:kernel:s0 tcontext=u:r:kernel:s0 tclass=capability permissive=0
11-05 02:10:47.767 0 0 I auditd : type=1400 audit(0.0:3922): avc: denied { kill } for comm="swapper/1" capability=5 scontext=u:r:kernel:s0 tcontext=u:r:kernel:s0 tclass=capability permissive=0
11-05 02:10:48.767 0 0 I auditd : type=1400 audit(0.0:3923): avc: denied { kill } for comm="swapper/1" capability=5 scontext=u:r:kernel:s0 tcontext=u:r:kernel:s0 tclass=capability permissive=0
11-05 02:10:49.767 0 0 I auditd : type=1400 audit(0.0:3924): avc: denied { kill } for comm="swapper/1" capability=5 scontext=u:r:kernel:s0 tcontext=u:r:kernel:s0 tclass=capability permissive=0
11-05 02:10:50.767 0 0 I auditd : type=1400 audit(0.0:3925): avc: denied { kill } for comm="swapper/1" capability=5 scontext=u:r:kernel:s0 tcontext=u:r:kernel:s0 tclass=capability permissive=0
11-05 02:10:51.767 0 0 I auditd : type=1400 audit(0.0:3926): avc: denied { kill } for comm="swapper/1" capability=5 scontext=u:r:kernel:s0 tcontext=u:r:kernel:s0 tclass=capability permissive=0
11-05 02:10:52.767 0 0 I auditd : type=1400 audit(0.0:3927): avc: denied { kill } for comm="swapper/1" capability=5 scontext=u:r:kernel:s0 tcontext=u:r:kernel:s0 tclass=capability permissive=0
11-05 02:10:53.767 0 0 I auditd : type=1400 audit(0.0:3928): avc: denied { kill } for comm="swapper/1" capability=5 scontext=u:r:kernel:s0 tcontext=u:r:kernel:s0 tclass=capability permissive=0
11-05 02:10:54.767 0 0 I auditd : type=1400 audit(0.0:3929): avc: denied { kill } for comm="swapper/1" capability=5 scontext=u:r:kernel:s0 tcontext=u:r:kernel:s0 tclass=capability permissive=0
11-05 02:10:55.767 0 0 I auditd : type=1400 audit(0.0:3930): avc: denied { kill } for comm="swapper/1" capability=5 scontext=u:r:kernel:s0 tcontext=u:r:kernel:s0 tclass=capability permissive=0
11-05 02:10:56.767 0 0 I auditd : type=1400 audit(0.0:3931): avc: denied { kill } for comm="swapper/1" capability=5 scontext=u:r:kernel:s0 tcontext=u:r:kernel:s0 tclass=capability permissive=0
11-05 02:10:57.767 0 0 I auditd : type=1400 audit(0.0:3932): avc: denied { kill } for comm="swapper/1" capability=5 scontext=u:r:kernel:s0 tcontext=u:r:kernel:s0 tclass=capability permissive=0
11-05 02:10:59.767 0 0 I auditd : type=1400 audit(0.0:3933): avc: denied { kill } for comm="swapper/1" capability=5 scontext=u:r:kernel:s0 tcontext=u:r:kernel:s0 tclass=capability permissive=0
11-05 02:11:00.767 0 0 I auditd : type=1400 audit(0.0:3934): avc: denied { kill } for comm="swapper/1" capability=5 scontext=u:r:kernel:s0 tcontext=u:r:kernel:s0 tclass=capability permissive=0
11-05 02:11:01.767 0 0 I auditd : type=1400 audit(0.0:3935): avc: denied { kill } for comm="swapper/1" capability=5 scontext=u:r:kernel:s0 tcontext=u:r:kernel:s0 tclass=capability permissive=0
11-05 02:11:02.767 0 0 I auditd : type=1400 audit(0.0:3936): avc: denied { kill } for comm="swapper/1" capability=5 scontext=u:r:kernel:s0 tcontext=u:r:kernel:s0 tclass=capability permissive=0
11-05 02:11:03.767 0 0 I auditd : type=1400 audit(0.0:3937): avc: denied { kill } for comm="swapper/1" capability=5 scontext=u:r:kernel:s0 tcontext=u:r:kernel:s0 tclass=capability permissive=0
11-05 02:11:04.767 0 0 I auditd : type=1400 audit(0.0:3938): avc: denied { kill } for comm="swapper/1" capability=5 scontext=u:r:kernel:s0 tcontext=u:r:kernel:s0 tclass=capability permissive=0
11-05 02:11:05.767 0 0 I auditd : type=1400 audit(0.0:3939): avc: denied { kill } for comm="swapper/1" capability=5 scontext=u:r:kernel:s0 tcontext=u:r:kernel:s0 tclass=capability permissive=0
11-05 02:11:06.767 0 0 I auditd : type=1400 audit(0.0:3940): avc: denied { kill } for comm="swapper/1" capability=5 scontext=u:r:kernel:s0 tcontext=u:r:kernel:s0 tclass=capability permissive=0
11-05 02:11:07.767 0 0 I auditd : type=1400 audit(0.0:3941): avc: denied { kill } for comm="swapper/1" capability=5 scontext=u:r:kernel:s0 tcontext=u:r:kernel:s0 tclass=capability permissive=0
11-05 02:11:08.767 0 0 I auditd : type=1400 audit(0.0:3942): avc: denied { kill } for comm="swapper/1" capability=5 scontext=u:r:kernel:s0 tcontext=u:r:kernel:s0 tclass=capability permissive=0
11-05 02:11:09.767 0 0 I auditd : type=1400 audit(0.0:3943): avc: denied { kill } for comm="swapper/1" capability=5 scontext=u:r:kernel:s0 tcontext=u:r:kernel:s0 tclass=capability permissive=0
11-05 02:11:10.767 0 0 I auditd : type=1400 audit(0.0:3944): avc: denied { kill } for comm="swapper/1" capability=5 scontext=u:r:kernel:s0 tcontext=u:r:kernel:s0 tclass=capability permissive=0
11-05 02:11:11.767 0 0 I auditd : type=1400 audit(0.0:3945): avc: denied { kill } for comm="swapper/1" capability=5 scontext=u:r:kernel:s0 tcontext=u:r:kernel:s0 tclass=capability permissive=0
11-05 02:11:12.767 0 0 I auditd : type=1400 audit(0.0:3946): avc: denied { kill } for comm="swapper/1" capability=5 scontext=u:r:kernel:s0 tcontext=u:r:kernel:s0 tclass=capability permissive=0
11-05 02:11:13.767 0 0 I auditd : type=1400 audit(0.0:3947): avc: denied { kill } for comm="swapper/1" capability=5 scontext=u:r:kernel:s0 tcontext=u:r:kernel:s0 tclass=capability permissive=0
11-05 02:11:14.767 0 0 I auditd : type=1400 audit(0.0:3948): avc: denied { kill } for comm="swapper/1" capability=5 scontext=u:r:kernel:s0 tcontext=u:r:kernel:s0 tclass=capability permissive=0
11-05 02:11:15.767 0 0 I auditd : type=1400 audit(0.0:3949): avc: denied { kill } for comm="swapper/1" capability=5 scontext=u:r:kernel:s0 tcontext=u:r:kernel:s0 tclass=capability permissive=0
11-05 02:11:16.767 0 0 I auditd : type=1400 audit(0.0:3950): avc: denied { kill } for comm="swapper/1" capability=5 scontext=u:r:kernel:s0 tcontext=u:r:kernel:s0 tclass=capability permissive=0
11-05 02:11:17.767 0 0 I auditd : type=1400 audit(0.0:3951): avc: denied { kill } for comm="swapper/1" capability=5 scontext=u:r:kernel:s0 tcontext=u:r:kernel:s0 tclass=capability permissive=0
11-05 02:11:18.767 0 0 I auditd : type=1400 audit(0.0:3952): avc: denied { kill } for comm="swapper/1" capability=5 scontext=u:r:kernel:s0 tcontext=u:r:kernel:s0 tclass=capability permissive=0
11-05 02:11:19.767 0 0 I auditd : type=1400 audit(0.0:3953): avc: denied { kill } for comm="swapper/1" capability=5 scontext=u:r:kernel:s0 tcontext=u:r:kernel:s0 tclass=capability permissive=0
11-05 02:11:20.767 0 0 I auditd : type=1400 audit(0.0:3954): avc: denied { kill } for comm="swapper/1" capability=5 scontext=u:r:kernel:s0 tcontext=u:r:kernel:s0 tclass=capability permissive=0
11-05 02:11:21.767 0 0 I auditd : type=1400 audit(0.0:3955): avc: denied { kill } for comm="swapper/1" capability=5 scontext=u:r:kernel:s0 tcontext=u:r:kernel:s0 tclass=capability permissive=0
11-05 02:11:22.767 0 0 I auditd : type=1400 audit(0.0:3956): avc: denied { kill } for comm="swapper/1" capability=5 scontext=u:r:kernel:s0 tcontext=u:r:kernel:s0 tclass=capability permissive=0
11-05 02:11:23.767 0 0 I auditd : type=1400 audit(0.0:3957): avc: denied { kill } for comm="swapper/1" capability=5 scontext=u:r:kernel:s0 tcontext=u:r:kernel:s0 tclass=capability permissive=0
11-05 02:11:24.767 0 0 I auditd : type=1400 audit(0.0:3958): avc: denied { kill } for comm="swapper/1" capability=5 scontext=u:r:kernel:s0 tcontext=u:r:kernel:s0 tclass=capability permissive=0
11-05 02:11:25.767 0 0 I auditd : type=1400 audit(0.0:3959): avc: denied { kill } for comm="swapper/1" capability=5 scontext=u:r:kernel:s0 tcontext=u:r:kernel:s0 tclass=capability permissive=0
11-05 02:11:26.767 0 0 I auditd : type=1400 audit(0.0:3960): avc: denied { kill } for comm="swapper/1" capability=5 scontext=u:r:kernel:s0 tcontext=u:r:kernel:s0 tclass=capability permissive=0
11-05 02:11:27.767 0 0 I auditd : type=1400 audit(0.0:3961): avc: denied { kill } for comm="swapper/1" capability=5 scontext=u:r:kernel:s0 tcontext=u:r:kernel:s0 tclass=capability permissive=0
11-05 02:11:28.767 0 0 I auditd : type=1400 audit(0.0:3962): avc: denied { kill } for comm="swapper/1" capability=5 scontext=u:r:kernel:s0 tcontext=u:r:kernel:s0 tclass=capability permissive=0
11-05 02:11:29.767 0 0 I auditd : type=1400 audit(0.0:3963): avc: denied { kill } for comm="swapper/1" capability=5 scontext=u:r:kernel:s0 tcontext=u:r:kernel:s0 tclass=capability permissive=0
11-05 02:11:30.767 0 0 I auditd : type=1400 audit(0.0:3964): avc: denied { kill } for comm="swapper/1" capability=5 scontext=u:r:kernel:s0 tcontext=u:r:kernel:s0 tclass=capability permissive=0
11-05 02:11:31.767 0 0 I auditd : type=1400 audit(0.0:3965): avc: denied { kill } for comm="swapper/1" capability=5 scontext=u:r:kernel:s0 tcontext=u:r:kernel:s0 tclass=capability permissive=0
11-05 02:11:32.767 0 0 I auditd : type=1400 audit(0.0:3966): avc: denied { kill } for comm="swapper/1" capability=5 scontext=u:r:kernel:s0 tcontext=u:r:kernel:s0 tclass=capability permissive=0
11-05 02:11:33.767 0 0 I auditd : type=1400 audit(0.0:3967): avc: denied { kill } for comm="swapper/1" capability=5 scontext=u:r:kernel:s0 tcontext=u:r:kernel:s0 tclass=capability permissive=0
11-05 02:11:34.767 0 0 I auditd : type=1400 audit(0.0:3968): avc: denied { kill } for comm="swapper/1" capability=5 scontext=u:r:kernel:s0 tcontext=u:r:kernel:s0 tclass=capability permissive=0
11-05 02:11:35.767 0 0 I auditd : type=1400 audit(0.0:3969): avc: denied { kill } for comm="swapper/1" capability=5 scontext=u:r:kernel:s0 tcontext=u:r:kernel:s0 tclass=capability permissive=0
11-05 02:11:36.767 0 0 I auditd : type=1400 audit(0.0:3970): avc: denied { kill } for comm="swapper/1" capability=5 scontext=u:r:kernel:s0 tcontext=u:r:kernel:s0 tclass=capability permissive=0
11-05 02:11:37.767 0 0 I auditd : type=1400 audit(0.0:3971): avc: denied { kill } for comm="swapper/1" capability=5 scontext=u:r:kernel:s0 tcontext=u:r:kernel:s0 tclass=capability permissive=0
11-05 02:11:38.767 0 0 I auditd : type=1400 audit(0.0:3972): avc: denied { kill } for comm="swapper/1" capability=5 scontext=u:r:kernel:s0 tcontext=u:r:kernel:s0 tclass=capability permissive=0
11-05 02:11:39.767 0 0 I auditd : type=1400 audit(0.0:3973): avc: denied { kill } for comm="swapper/1" capability=5 scontext=u:r:kernel:s0 tcontext=u:r:kernel:s0 tclass=capability permissive=0
11-05 02:11:40.767 0 0 I auditd : type=1400 audit(0.0:3974): avc: denied { kill } for comm="swapper/1" capability=5 scontext=u:r:kernel:s0 tcontext=u:r:kernel:s0 tclass=capability permissive=0
11-05 02:11:41.767 0 0 I auditd : type=1400 audit(0.0:3975): avc: denied { kill } for comm="swapper/1" capability=5 scontext=u:r:kernel:s0 tcontext=u:r:kernel:s0 tclass=capability permissive=0
11-05 02:11:42.767 0 0 I auditd : type=1400 audit(0.0:3976): avc: denied { kill } for comm="swapper/1" capability=5 scontext=u:r:kernel:s0 tcontext=u:r:kernel:s0 tclass=capability permissive=0
11-05 02:11:43.767 0 0 I auditd : type=1400 audit(0.0:3977): avc: denied { kill } for comm="swapper/1" capability=5 scontext=u:r:kernel:s0 tcontext=u:r:kernel:s0 tclass=capability permissive=0
11-05 02:11:44.767 0 0 I auditd : type=1400 audit(0.0:3978): avc: denied { kill } for comm="swapper/1" capability=5 scontext=u:r:kernel:s0 tcontext=u:r:kernel:s0 tclass=capability permissive=0
11-05 02:11:45.767 0 0 I auditd : type=1400 audit(0.0:3979): avc: denied { kill } for comm="swapper/1" capability=5 scontext=u:r:kernel:s0 tcontext=u:r:kernel:s0 tclass=capability permissive=0
11-05 02:11:46.767 0 0 I auditd : type=1400 audit(0.0:3980): avc: denied { kill } for comm="swapper/1" capability=5 scontext=u:r:kernel:s0 tcontext=u:r:kernel:s0 tclass=capability permissive=0
11-05 02:11:47.767 0 0 I auditd : type=1400 audit(0.0:3981): avc: denied { kill } for comm="swapper/1" capability=5 scontext=u:r:kernel:s0 tcontext=u:r:kernel:s0 tclass=capability permissive=0
11-05 02:11:48.767 0 0 I auditd : type=1400 audit(0.0:3982): avc: denied { kill } for comm="swapper/1" capability=5 scontext=u:r:kernel:s0 tcontext=u:r:kernel:s0 tclass=capability permissive=0
11-05 02:11:49.767 0 0 I auditd : type=1400 audit(0.0:3983): avc: denied { kill } for comm="swapper/1" capability=5 scontext=u:r:kernel:s0 tcontext=u:r:kernel:s0 tclass=capability permissive=0
11-05 02:11:50.767 0 0 I auditd : type=1400 audit(0.0:3984): avc: denied { kill } for comm="swapper/1" capability=5 scontext=u:r:kernel:s0 tcontext=u:r:kernel:s0 tclass=capability permissive=0
11-05 02:11:51.767 0 0 I auditd : type=1400 audit(0.0:3985): avc: denied { kill } for comm="swapper/1" capability=5 scontext=u:r:kernel:s0 tcontext=u:r:kernel:s0 tclass=capability permissive=0
11-05 02:11:52.767 0 0 I auditd : type=1400 audit(0.0:3986): avc: denied { kill } for comm="swapper/1" capability=5 scontext=u:r:kernel:s0 tcontext=u:r:kernel:s0 tclass=capability permissive=0
11-05 02:11:53.767 0 0 I auditd : type=1400 audit(0.0:3987): avc: denied { kill } for comm="swapper/1" capability=5 scontext=u:r:kernel:s0 tcontext=u:r:kernel:s0 tclass=capability permissive=0
11-05 02:11:54.767 0 0 I auditd : type=1400 audit(0.0:3988): avc: denied { kill } for comm="swapper/1" capability=5 scontext=u:r:kernel:s0 tcontext=u:r:kernel:s0 tclass=capability permissive=0
11-05 02:11:55.755 1511 1670 I am_freeze: [14456,com.android.music]
11-05 02:11:55.756 1511 1670 I am_kill : [0,14456,com.android.music,935,Unable to freeze binder interface]
11-05 02:11:55.788 1511 4218 I am_proc_died: [0,14456,com.android.music,935,19]
11-05 02:11:55.789 1511 4218 I am_uid_stopped: 10090
11-05 02:11:55.794 1511 1602 I am_uid_running: 10090
11-05 02:11:55.800 1511 1608 I am_pss : [3968,10043,com.thundercomm.screensaver,63287296,56860672,0,176570368,0,2,7]
11-05 02:11:55.805 1511 1610 I am_proc_start: [0,15533,10090,com.android.music,NULL,]
11-05 02:11:55.809 1511 1608 I am_pss : [15442,10069,com.android.gallery3d,8264704,6270976,0,94580736,0,19,7]
11-05 02:11:55.817 1511 1608 I am_pss : [15453,10063,com.android.calendar,6782976,4870144,0,92549120,0,19,6]
11-05 02:11:55.826 1511 1608 I am_pss : [15441,10032,com.microsoft.emmx,35120128,31444992,0,133660672,0,19,7]
11-05 02:11:55.840 1511 4443 I am_proc_bound: [0,15533,com.android.music]
11-05 02:11:56.767 0 0 I auditd : type=1400 audit(0.0:3989): avc: denied { kill } for comm="swapper/1" capability=5 scontext=u:r:kernel:s0 tcontext=u:r:kernel:s0 tclass=capability permissive=0
11-05 02:11:58.767 0 0 I auditd : type=1400 audit(0.0:3990): avc: denied { kill } for comm="swapper/1" capability=5 scontext=u:r:kernel:s0 tcontext=u:r:kernel:s0 tclass=capability permissive=0
11-05 02:11:59.767 0 0 I auditd : type=1400 audit(0.0:3991): avc: denied { kill } for comm="swapper/1" capability=5 scontext=u:r:kernel:s0 tcontext=u:r:kernel:s0 tclass=capability permissive=0
11-05 02:12:00.767 0 0 I auditd : type=1400 audit(0.0:3992): avc: denied { kill } for comm="swapper/1" capability=5 scontext=u:r:kernel:s0 tcontext=u:r:kernel:s0 tclass=capability permissive=0
11-05 02:12:01.767 0 0 I auditd : type=1400 audit(0.0:3993): avc: denied { kill } for comm="swapper/1" capability=5 scontext=u:r:kernel:s0 tcontext=u:r:kernel:s0 tclass=capability permissive=0
11-05 02:12:03.767 0 0 I auditd : type=1400 audit(0.0:3994): avc: denied { kill } for comm="swapper/1" capability=5 scontext=u:r:kernel:s0 tcontext=u:r:kernel:s0 tclass=capability permissive=0
11-05 02:12:04.767 0 0 I auditd : type=1400 audit(0.0:3995): avc: denied { kill } for comm="swapper/1" capability=5 scontext=u:r:kernel:s0 tcontext=u:r:kernel:s0 tclass=capability permissive=0
11-05 02:12:05.767 0 0 I auditd : type=1400 audit(0.0:3996): avc: denied { kill } for comm="swapper/1" capability=5 scontext=u:r:kernel:s0 tcontext=u:r:kernel:s0 tclass=capability permissive=0
11-05 02:12:06.767 0 0 I auditd : type=1400 audit(0.0:3997): avc: denied { kill } for comm="swapper/1" capability=5 scontext=u:r:kernel:s0 tcontext=u:r:kernel:s0 tclass=capability permissive=0
11-05 02:12:07.767 0 0 I auditd : type=1400 audit(0.0:3998): avc: denied { kill } for comm="swapper/1" capability=5 scontext=u:r:kernel:s0 tcontext=u:r:kernel:s0 tclass=capability permissive=0
11-05 02:12:08.767 0 0 I auditd : type=1400 audit(0.0:3999): avc: denied { kill } for comm="swapper/1" capability=5 scontext=u:r:kernel:s0 tcontext=u:r:kernel:s0 tclass=capability permissive=0
11-05 02:12:09.515 563 563 I auditd : type=1400 audit(0.0:4000): avc: denied { read } for comm="Binder:563_2" name="wakeup58" dev="sysfs" ino=71726 scontext=u:r:system_suspend:s0 tcontext=u:object_r:sysfs:s0 tclass=dir permissive=0
11-05 02:12:09.515 563 563 I auditd : type=1400 audit(0.0:4001): avc: denied { read } for comm="Binder:563_2" name="wakeup48" dev="sysfs" ino=67421 scontext=u:r:system_suspend:s0 tcontext=u:object_r:sysfs:s0 tclass=dir permissive=0
11-05 02:12:09.515 563 563 I auditd : type=1400 audit(0.0:4002): avc: denied { read } for comm="Binder:563_2" name="wakeup4" dev="sysfs" ino=47028 scontext=u:r:system_suspend:s0 tcontext=u:object_r:sysfs:s0 tclass=dir permissive=0
11-05 02:12:09.515 563 563 I auditd : type=1400 audit(0.0:4003): avc: denied { read } for comm="Binder:563_2" name="wakeup76" dev="sysfs" ino=76812 scontext=u:r:system_suspend:s0 tcontext=u:object_r:sysfs:s0 tclass=dir permissive=0
11-05 02:12:09.515 563 563 I auditd : type=1400 audit(0.0:4004): avc: denied { read } for comm="Binder:563_2" name="wakeup28" dev="sysfs" ino=53233 scontext=u:r:system_suspend:s0 tcontext=u:object_r:sysfs:s0 tclass=dir permissive=0
11-05 02:12:09.515 563 563 I auditd : type=1400 audit(0.0:4005): avc: denied { read } for comm="Binder:563_2" name="wakeup56" dev="sysfs" ino=71654 scontext=u:r:system_suspend:s0 tcontext=u:object_r:sysfs:s0 tclass=dir permissive=0
11-05 02:12:09.519 563 563 I auditd : type=1400 audit(0.0:4006): avc: denied { read } for comm="Binder:563_2" name="wakeup2" dev="sysfs" ino=46552 scontext=u:r:system_suspend:s0 tcontext=u:object_r:sysfs:s0 tclass=dir permissive=0
11-05 02:12:09.540 1511 1608 I commit_sys_config_file: [batterystats,9]
11-05 02:12:09.543 1511 1608 I commit_sys_config_file: [batterystats,3]
11-05 02:12:10.767 0 0 I auditd : type=1400 audit(0.0:4050): avc: denied { kill } for comm="swapper/1" capability=5 scontext=u:r:kernel:s0 tcontext=u:r:kernel:s0 tclass=capability permissive=0
11-05 02:12:11.767 0 0 I auditd : type=1400 audit(0.0:4051): avc: denied { kill } for comm="swapper/1" capability=5 scontext=u:r:kernel:s0 tcontext=u:r:kernel:s0 tclass=capability permissive=0
11-05 02:12:12.767 0 0 I auditd : type=1400 audit(0.0:4052): avc: denied { kill } for comm="swapper/1" capability=5 scontext=u:r:kernel:s0 tcontext=u:r:kernel:s0 tclass=capability permissive=0
11-05 02:12:13.767 0 0 I auditd : type=1400 audit(0.0:4053): avc: denied { kill } for comm="swapper/1" capability=5 scontext=u:r:kernel:s0 tcontext=u:r:kernel:s0 tclass=capability permissive=0
11-05 02:12:14.767 0 0 I auditd : type=1400 audit(0.0:4054): avc: denied { kill } for comm="swapper/1" capability=5 scontext=u:r:kernel:s0 tcontext=u:r:kernel:s0 tclass=capability permissive=0
11-05 02:12:15.767 0 0 I auditd : type=1400 audit(0.0:4055): avc: denied { kill } for comm="swapper/1" capability=5 scontext=u:r:kernel:s0 tcontext=u:r:kernel:s0 tclass=capability permissive=0
11-05 02:12:16.767 0 0 I auditd : type=1400 audit(0.0:4056): avc: denied { kill } for comm="swapper/1" capability=5 scontext=u:r:kernel:s0 tcontext=u:r:kernel:s0 tclass=capability permissive=0
11-05 02:12:17.767 0 0 I auditd : type=1400 audit(0.0:4057): avc: denied { kill } for comm="swapper/1" capability=5 scontext=u:r:kernel:s0 tcontext=u:r:kernel:s0 tclass=capability permissive=0
11-05 02:12:18.767 0 0 I auditd : type=1400 audit(0.0:4058): avc: denied { kill } for comm="swapper/1" capability=5 scontext=u:r:kernel:s0 tcontext=u:r:kernel:s0 tclass=capability permissive=0
11-05 02:12:19.767 0 0 I auditd : type=1400 audit(0.0:4059): avc: denied { kill } for comm="swapper/1" capability=5 scontext=u:r:kernel:s0 tcontext=u:r:kernel:s0 tclass=capability permissive=0
11-05 02:12:20.767 0 0 I auditd : type=1400 audit(0.0:4060): avc: denied { kill } for comm="swapper/1" capability=5 scontext=u:r:kernel:s0 tcontext=u:r:kernel:s0 tclass=capability permissive=0
11-05 02:12:21.767 0 0 I auditd : type=1400 audit(0.0:4061): avc: denied { kill } for comm="swapper/1" capability=5 scontext=u:r:kernel:s0 tcontext=u:r:kernel:s0 tclass=capability permissive=0
11-05 02:12:22.767 0 0 I auditd : type=1400 audit(0.0:4062): avc: denied { kill } for comm="swapper/1" capability=5 scontext=u:r:kernel:s0 tcontext=u:r:kernel:s0 tclass=capability permissive=0
11-05 02:12:23.767 0 0 I auditd : type=1400 audit(0.0:4063): avc: denied { kill } for comm="swapper/1" capability=5 scontext=u:r:kernel:s0 tcontext=u:r:kernel:s0 tclass=capability permissive=0
11-05 02:12:24.767 0 0 I auditd : type=1400 audit(0.0:4064): avc: denied { kill } for comm="swapper/1" capability=5 scontext=u:r:kernel:s0 tcontext=u:r:kernel:s0 tclass=capability permissive=0
11-05 02:12:25.767 0 0 I auditd : type=1400 audit(0.0:4065): avc: denied { kill } for comm="swapper/1" capability=5 scontext=u:r:kernel:s0 tcontext=u:r:kernel:s0 tclass=capability permissive=0
11-05 02:12:26.767 0 0 I auditd : type=1400 audit(0.0:4066): avc: denied { kill } for comm="swapper/1" capability=5 scontext=u:r:kernel:s0 tcontext=u:r:kernel:s0 tclass=capability permissive=0
11-05 02:12:27.767 0 0 I auditd : type=1400 audit(0.0:4067): avc: denied { kill } for comm="swapper/1" capability=5 scontext=u:r:kernel:s0 tcontext=u:r:kernel:s0 tclass=capability permissive=0
11-05 02:12:28.767 0 0 I auditd : type=1400 audit(0.0:4068): avc: denied { kill } for comm="swapper/1" capability=5 scontext=u:r:kernel:s0 tcontext=u:r:kernel:s0 tclass=capability permissive=0
11-05 02:12:29.735 499 510 I auditd : type=1401 audit(0.0:4069): op=security_compute_sid invalid_context=u:r:np_thundercomm_tlog_pstore:s0 scontext=u:r:init:s0 tcontext=u:object_r:np_thundercomm_tlog_pstore_exec:s0 tclass=process
11-05 02:12:29.767 0 0 I auditd : type=1400 audit(0.0:4070): avc: denied { kill } for comm="swapper/1" capability=5 scontext=u:r:kernel:s0 tcontext=u:r:kernel:s0 tclass=capability permissive=0
11-05 02:12:31.767 0 0 I auditd : type=1400 audit(0.0:4071): avc: denied { kill } for comm="swapper/1" capability=5 scontext=u:r:kernel:s0 tcontext=u:r:kernel:s0 tclass=capability permissive=0
11-05 02:12:32.127 15578 15578 I auditd : type=1400 audit(0.0:4072): avc: denied { read } for comm="ls" name="/" dev="dm-5" ino=2 scontext=u:r:system_app:s0 tcontext=u:object_r:rootfs:s0 tclass=dir permissive=0
11-05 02:12:32.167 15582 15582 I auditd : type=1400 audit(0.0:4073): avc: denied { read } for comm="ls" name="/" dev="dm-5" ino=2 scontext=u:r:system_app:s0 tcontext=u:object_r:rootfs:s0 tclass=dir permissive=0
11-05 02:12:32.767 0 0 I auditd : type=1400 audit(0.0:4074): avc: denied { kill } for comm="swapper/1" capability=5 scontext=u:r:kernel:s0 tcontext=u:r:kernel:s0 tclass=capability permissive=0
11-05 02:12:33.767 0 0 I auditd : type=1400 audit(0.0:4075): avc: denied { kill } for comm="swapper/1" capability=5 scontext=u:r:kernel:s0 tcontext=u:r:kernel:s0 tclass=capability permissive=0
11-05 02:12:34.767 0 0 I auditd : type=1400 audit(0.0:4076): avc: denied { kill } for comm="swapper/1" capability=5 scontext=u:r:kernel:s0 tcontext=u:r:kernel:s0 tclass=capability permissive=0
11-05 02:12:35.767 0 0 I auditd : type=1400 audit(0.0:4077): avc: denied { kill } for comm="swapper/1" capability=5 scontext=u:r:kernel:s0 tcontext=u:r:kernel:s0 tclass=capability permissive=0
11-05 02:12:36.767 0 0 I auditd : type=1400 audit(0.0:4078): avc: denied { kill } for comm="swapper/1" capability=5 scontext=u:r:kernel:s0 tcontext=u:r:kernel:s0 tclass=capability permissive=0
11-05 02:12:37.767 0 0 I auditd : type=1400 audit(0.0:4079): avc: denied { kill } for comm="swapper/1" capability=5 scontext=u:r:kernel:s0 tcontext=u:r:kernel:s0 tclass=capability permissive=0
11-05 02:12:38.767 0 0 I auditd : type=1400 audit(0.0:4080): avc: denied { kill } for comm="swapper/1" capability=5 scontext=u:r:kernel:s0 tcontext=u:r:kernel:s0 tclass=capability permissive=0
11-05 02:12:39.767 0 0 I auditd : type=1400 audit(0.0:4081): avc: denied { kill } for comm="swapper/1" capability=5 scontext=u:r:kernel:s0 tcontext=u:r:kernel:s0 tclass=capability permissive=0
11-05 02:12:40.767 0 0 I auditd : type=1400 audit(0.0:4082): avc: denied { kill } for comm="swapper/1" capability=5 scontext=u:r:kernel:s0 tcontext=u:r:kernel:s0 tclass=capability permissive=0
11-05 02:12:41.767 0 0 I auditd : type=1400 audit(0.0:4083): avc: denied { kill } for comm="swapper/1" capability=5 scontext=u:r:kernel:s0 tcontext=u:r:kernel:s0 tclass=capability permissive=0
11-05 02:12:42.767 0 0 I auditd : type=1400 audit(0.0:4084): avc: denied { kill } for comm="swapper/1" capability=5 scontext=u:r:kernel:s0 tcontext=u:r:kernel:s0 tclass=capability permissive=0
11-05 02:12:43.767 0 0 I auditd : type=1400 audit(0.0:4085): avc: denied { kill } for comm="swapper/1" capability=5 scontext=u:r:kernel:s0 tcontext=u:r:kernel:s0 tclass=capability permissive=0
11-05 02:12:44.767 0 0 I auditd : type=1400 audit(0.0:4086): avc: denied { kill } for comm="swapper/1" capability=5 scontext=u:r:kernel:s0 tcontext=u:r:kernel:s0 tclass=capability permissive=0
11-05 02:12:45.767 0 0 I auditd : type=1400 audit(0.0:4087): avc: denied { kill } for comm="swapper/1" capability=5 scontext=u:r:kernel:s0 tcontext=u:r:kernel:s0 tclass=capability permissive=0
11-05 02:12:46.767 0 0 I auditd : type=1400 audit(0.0:4088): avc: denied { kill } for comm="swapper/1" capability=5 scontext=u:r:kernel:s0 tcontext=u:r:kernel:s0 tclass=capability permissive=0
11-05 02:12:47.767 0 0 I auditd : type=1400 audit(0.0:4089): avc: denied { kill } for comm="swapper/1" capability=5 scontext=u:r:kernel:s0 tcontext=u:r:kernel:s0 tclass=capability permissive=0
11-05 02:12:48.767 0 0 I auditd : type=1400 audit(0.0:4090): avc: denied { kill } for comm="swapper/1" capability=5 scontext=u:r:kernel:s0 tcontext=u:r:kernel:s0 tclass=capability permissive=0
11-05 02:12:49.767 0 0 I auditd : type=1400 audit(0.0:4091): avc: denied { kill } for comm="swapper/1" capability=5 scontext=u:r:kernel:s0 tcontext=u:r:kernel:s0 tclass=capability permissive=0
11-05 02:12:50.767 0 0 I auditd : type=1400 audit(0.0:4092): avc: denied { kill } for comm="swapper/1" capability=5 scontext=u:r:kernel:s0 tcontext=u:r:kernel:s0 tclass=capability permissive=0
11-05 02:12:51.696 1511 15440 I commit_sys_config_file: [appops,3622142]
11-05 02:12:51.767 0 0 I auditd : type=1400 audit(0.0:4093): avc: denied { kill } for comm="swapper/1" capability=5 scontext=u:r:kernel:s0 tcontext=u:r:kernel:s0 tclass=capability permissive=0
11-05 02:12:52.767 0 0 I auditd : type=1400 audit(0.0:4094): avc: denied { kill } for comm="swapper/1" capability=5 scontext=u:r:kernel:s0 tcontext=u:r:kernel:s0 tclass=capability permissive=0
11-05 02:12:53.767 0 0 I auditd : type=1400 audit(0.0:4095): avc: denied { kill } for comm="swapper/1" capability=5 scontext=u:r:kernel:s0 tcontext=u:r:kernel:s0 tclass=capability permissive=0
11-05 02:12:54.767 0 0 I auditd : type=1400 audit(0.0:4096): avc: denied { kill } for comm="swapper/1" capability=5 scontext=u:r:kernel:s0 tcontext=u:r:kernel:s0 tclass=capability permissive=0
11-05 02:12:55.767 0 0 I auditd : type=1400 audit(0.0:4097): avc: denied { kill } for comm="swapper/1" capability=5 scontext=u:r:kernel:s0 tcontext=u:r:kernel:s0 tclass=capability permissive=0
11-05 02:12:56.767 0 0 I auditd : type=1400 audit(0.0:4098): avc: denied { kill } for comm="swapper/1" capability=5 scontext=u:r:kernel:s0 tcontext=u:r:kernel:s0 tclass=capability permissive=0
11-05 02:12:57.767 0 0 I auditd : type=1400 audit(0.0:4099): avc: denied { kill } for comm="swapper/1" capability=5 scontext=u:r:kernel:s0 tcontext=u:r:kernel:s0 tclass=capability permissive=0
11-05 02:12:58.767 0 0 I auditd : type=1400 audit(0.0:4100): avc: denied { kill } for comm="swapper/1" capability=5 scontext=u:r:kernel:s0 tcontext=u:r:kernel:s0 tclass=capability permissive=0
11-05 02:12:59.767 0 0 I auditd : type=1400 audit(0.0:4101): avc: denied { kill } for comm="swapper/1" capability=5 scontext=u:r:kernel:s0 tcontext=u:r:kernel:s0 tclass=capability permissive=0
11-05 02:13:01.767 0 0 I auditd : type=1400 audit(0.0:4102): avc: denied { kill } for comm="swapper/1" capability=5 scontext=u:r:kernel:s0 tcontext=u:r:kernel:s0 tclass=capability permissive=0
11-05 02:13:03.767 0 0 I auditd : type=1400 audit(0.0:4103): avc: denied { kill } for comm="swapper/1" capability=5 scontext=u:r:kernel:s0 tcontext=u:r:kernel:s0 tclass=capability permissive=0
11-05 02:13:04.767 0 0 I auditd : type=1400 audit(0.0:4104): avc: denied { kill } for comm="swapper/1" capability=5 scontext=u:r:kernel:s0 tcontext=u:r:kernel:s0 tclass=capability permissive=0
11-05 02:13:05.767 0 0 I auditd : type=1400 audit(0.0:4105): avc: denied { kill } for comm="swapper/1" capability=5 scontext=u:r:kernel:s0 tcontext=u:r:kernel:s0 tclass=capability permissive=0
11-05 02:13:06.767 0 0 I auditd : type=1400 audit(0.0:4106): avc: denied { kill } for comm="swapper/1" capability=5 scontext=u:r:kernel:s0 tcontext=u:r:kernel:s0 tclass=capability permissive=0
11-05 02:13:07.767 0 0 I auditd : type=1400 audit(0.0:4107): avc: denied { kill } for comm="swapper/1" capability=5 scontext=u:r:kernel:s0 tcontext=u:r:kernel:s0 tclass=capability permissive=0
11-05 02:13:08.767 0 0 I auditd : type=1400 audit(0.0:4108): avc: denied { kill } for comm="swapper/1" capability=5 scontext=u:r:kernel:s0 tcontext=u:r:kernel:s0 tclass=capability permissive=0
11-05 02:13:09.767 0 0 I auditd : type=1400 audit(0.0:4109): avc: denied { kill } for comm="swapper/1" capability=5 scontext=u:r:kernel:s0 tcontext=u:r:kernel:s0 tclass=capability permissive=0
11-05 02:13:10.767 0 0 I auditd : type=1400 audit(0.0:4110): avc: denied { kill } for comm="swapper/1" capability=5 scontext=u:r:kernel:s0 tcontext=u:r:kernel:s0 tclass=capability permissive=0
11-05 02:13:11.767 0 0 I auditd : type=1400 audit(0.0:4111): avc: denied { kill } for comm="swapper/1" capability=5 scontext=u:r:kernel:s0 tcontext=u:r:kernel:s0 tclass=capability permissive=0
11-05 02:13:12.767 0 0 I auditd : type=1400 audit(0.0:4112): avc: denied { kill } for comm="swapper/1" capability=5 scontext=u:r:kernel:s0 tcontext=u:r:kernel:s0 tclass=capability permissive=0
11-05 02:13:13.446 1511 1719 I netstats_mobile_sample: [0,0,0,0,0,0,0,0,0,0,0,0,1667585593445]
11-05 02:13:13.446 1511 1719 I netstats_wifi_sample: [10226190,27157,11514628,31623,10226190,27157,11514628,31623,17334461,81391,5810735,16583,1667585593445]
11-05 02:13:13.470 1511 1608 I commit_sys_config_file: [procstats,10]
11-05 02:13:13.767 0 0 I auditd : type=1400 audit(0.0:4113): avc: denied { kill } for comm="swapper/1" capability=5 scontext=u:r:kernel:s0 tcontext=u:r:kernel:s0 tclass=capability permissive=0
