11-05 02:15:34.784 1934 1934 I sysui_multi_action: [757,491,758,1,759,491,927,4,928,0,1311,-1,1593,0]
11-05 02:15:34.784 1934 1934 I sysui_multi_action: [757,0,758,1,759,0,927,5,928,0,1593,0]
11-05 02:15:34.784 1934 1934 I sysui_multi_action: [757,111,758,1]
11-05 02:15:34.784 1934 1934 I sysui_multi_action: [757,126,758,1,759,126,927,0,928,1,1593,0]
11-05 02:15:34.784 1934 1934 I sysui_multi_action: [757,113,758,1,759,113,927,1,928,1,1593,0]
11-05 02:15:34.784 1934 1934 I sysui_multi_action: [757,0,758,1,759,0,927,2,928,0,1593,0]
11-05 02:15:34.784 1934 1934 I sysui_multi_action: [757,0,758,1,759,0,927,3,928,0,1593,0]
11-05 02:15:34.797 1934 1934 I sysui_multi_action: [757,111,758,2]
11-05 02:15:34.797 1934 1934 I sysui_multi_action: [757,111,758,2]
11-05 02:15:34.797 1511 1511 I notification_enqueue: [10082,1934,com.android.systemui,2048,NULL,0,Notification(channel=updateNotification shortcut=null contentView=null vibrate=null sound=null defaults=0x0 flags=0x0 color=0x00000000 vis=PRIVATE),1]
11-05 02:15:34.800 1934 1934 I sysui_multi_action: [757,111,758,1]
11-05 02:15:34.800 1934 1934 I sysui_multi_action: [757,126,758,1,759,126,927,0,928,1,1593,0]
11-05 02:15:34.800 1934 1934 I sysui_multi_action: [757,113,758,1,759,113,927,1,928,1,1593,0]
11-05 02:15:34.800 1934 1934 I sysui_multi_action: [757,0,758,1,759,0,927,2,928,0,1593,0]
11-05 02:15:34.801 1934 1934 I sysui_multi_action: [757,0,758,1,759,0,927,3,928,0,1593,0]
11-05 02:15:34.801 1934 1934 I sysui_multi_action: [757,491,758,1,759,491,927,4,928,0,1311,-1,1593,0]
11-05 02:15:34.801 1934 1934 I sysui_multi_action: [757,0,758,1,759,0,927,5,928,0,1593,0]
11-05 02:15:34.801 1934 1934 I sysui_multi_action: [757,111,758,1]
11-05 02:15:34.801 1934 1934 I sysui_multi_action: [757,126,758,1,759,126,927,0,928,1,1593,0]
11-05 02:15:34.801 1934 1934 I sysui_multi_action: [757,113,758,1,759,113,927,1,928,1,1593,0]
11-05 02:15:34.801 1934 1934 I sysui_multi_action: [757,0,758,1,759,0,927,2,928,0,1593,0]
11-05 02:15:34.801 1934 1934 I sysui_multi_action: [757,0,758,1,759,0,927,3,928,0,1593,0]
11-05 02:15:34.819 1511 1511 I notification_enqueue: [10082,1934,com.android.systemui,2048,NULL,0,Notification(channel=updateNotification shortcut=null contentView=null vibrate=null sound=null defaults=0x0 flags=0x0 color=0x00000000 vis=PRIVATE),1]
11-05 02:15:34.820 1934 1934 I sysui_multi_action: [757,111,758,2]
11-05 02:15:34.820 1934 1934 I sysui_multi_action: [757,111,758,2]
11-05 02:15:34.824 1934 1934 I sysui_multi_action: [757,111,758,1]
11-05 02:15:34.825 1934 1934 I sysui_multi_action: [757,126,758,1,759,126,927,0,928,1,1593,0]
11-05 02:15:34.825 1934 1934 I sysui_multi_action: [757,113,758,1,759,113,927,1,928,1,1593,0]
11-05 02:15:34.825 1934 1934 I sysui_multi_action: [757,0,758,1,759,0,927,2,928,0,1593,0]
11-05 02:15:34.825 1934 1934 I sysui_multi_action: [757,0,758,1,759,0,927,3,928,0,1593,0]
11-05 02:15:34.825 1934 1934 I sysui_multi_action: [757,491,758,1,759,491,927,4,928,0,1311,-1,1593,0]
11-05 02:15:34.826 1934 1934 I sysui_multi_action: [757,0,758,1,759,0,927,5,928,0,1593,0]
11-05 02:15:34.826 1934 1934 I sysui_multi_action: [757,111,758,1]
11-05 02:15:34.826 1934 1934 I sysui_multi_action: [757,126,758,1,759,126,927,0,928,1,1593,0]
11-05 02:15:34.826 1934 1934 I sysui_multi_action: [757,113,758,1,759,113,927,1,928,1,1593,0]
11-05 02:15:34.826 1934 1934 I sysui_multi_action: [757,0,758,1,759,0,927,2,928,0,1593,0]
11-05 02:15:34.826 1934 1934 I sysui_multi_action: [757,0,758,1,759,0,927,3,928,0,1593,0]
11-05 02:15:35.235 1511 4731 I sysui_multi_action: [757,128,758,1,793,3794124,794,0,795,3794124,796,26,798,0,806,android,857,DEVELOPER_IMPORTANT,858,4,947,0,1395,2,1500,3793427,1688,1]
11-05 02:15:35.235 1511 4731 I sysui_multi_action: [757,804,799,note_freshness,801,3794124,802,1]
11-05 02:15:35.236 1511 4731 I notification_visibility: [-1|android|26|null|1000,1,3794124,3794124,0,0]
11-05 02:15:35.236 1511 4731 I sysui_multi_action: [757,128,758,1,793,3794900,794,0,795,3794900,796,32,798,1,806,android,857,USB,858,1,947,0,1395,2,1500,3794842,1688,1]
11-05 02:15:35.236 1511 4731 I sysui_multi_action: [757,804,799,note_freshness,801,3794900,802,1]
11-05 02:15:35.236 1511 4731 I notification_visibility: [-1|android|32|null|1000,1,3794900,3794900,0,1]
11-05 02:15:36.053 1511 1687 I input_interaction: Interaction with: eefcbb2 NotificationShade (server), edge-swipe (server), swipe-up (server), PointerEventDispatcher0 (server),
11-05 02:15:36.152 1934 1934 I sysui_multi_action: [757,925,758,4,759,126,927,0,928,1,1592,0,1593,1]
11-05 02:15:36.186 1511 4731 D TelephonyRegistry: listen oscl: mHasNotifySubscriptionInfoChangedOccurred==false no callback
11-05 02:15:36.187 1934 1934 W CarrierConfigManager: Error getting config for subId -1 ICarrierConfigLoader is null
11-05 02:15:36.209 1511 1603 I input_focus: [Focus request 3b3d5c7 InternetDialog,reason=UpdateInputWindows]
11-05 02:15:36.237 1511 1687 I input_focus: [Focus leaving eefcbb2 NotificationShade (server),reason=setFocusedWindow]
11-05 02:15:36.237 1511 1687 I input_focus: [Focus entering 3b3d5c7 InternetDialog (server),reason=setFocusedWindow]
11-05 02:15:36.435 1511 1669 I commit_sys_config_file: [settings-0-0,5]
11-05 02:15:36.767 0 0 I auditd : type=1400 audit(0.0:4237): avc: denied { kill } for comm="swapper/3" capability=5 scontext=u:r:kernel:s0 tcontext=u:r:kernel:s0 tclass=capability permissive=0
11-05 02:15:38.064 1391 15891 I liblog : 82
11-05 02:15:38.080 1391 15891 I liblog : 73
11-05 02:15:39.496 1511 1687 I input_interaction: Interaction with: 3b3d5c7 InternetDialog (server), edge-swipe (server), swipe-up (server), PointerEventDispatcher0 (server),
11-05 02:15:39.767 0 0 I auditd : type=1400 audit(0.0:4238): avc: denied { kill } for comm="swapper/1" capability=5 scontext=u:r:kernel:s0 tcontext=u:r:kernel:s0 tclass=capability permissive=0
11-05 02:15:39.819 1511 1669 I commit_sys_config_file: [settings-0-0,9]
11-05 02:15:39.899 842 842 I auditd : type=1400 audit(0.0:4239): avc: denied { search } for comm="wifi@1.0-servic" name="tombstones" dev="dm-10" ino=36 scontext=u:r:hal_wifi_default:s0 tcontext=u:object_r:vendor_tombstone_data_file:s0 tclass=dir permissive=0
11-05 02:15:39.939 1511 1749 I netstats_mobile_sample: [0,0,0,0,0,0,0,0,0,0,0,0,1667585739939]
11-05 02:15:39.940 1511 1749 I netstats_wifi_sample: [10273004,27311,11561445,31861,10273004,27311,11561445,31861,17580514,82244,5836540,16732,1667585739939]
11-05 02:15:40.767 0 0 I auditd : type=1400 audit(0.0:4240): avc: denied { kill } for comm="swapper/1" capability=5 scontext=u:r:kernel:s0 tcontext=u:r:kernel:s0 tclass=capability permissive=0
11-05 02:15:41.767 0 0 I auditd : type=1400 audit(0.0:4241): avc: denied { kill } for comm="swapper/1" capability=5 scontext=u:r:kernel:s0 tcontext=u:r:kernel:s0 tclass=capability permissive=0
11-05 02:15:42.180 1511 2001 I ntp_failure: [time.android.com,java.net.UnknownHostException: Unable to resolve host "time.android.com": No address associated with hostname]
11-05 02:15:42.767 0 0 I auditd : type=1400 audit(0.0:4242): avc: denied { kill } for comm="swapper/1" capability=5 scontext=u:r:kernel:s0 tcontext=u:r:kernel:s0 tclass=capability permissive=0
11-05 02:15:43.759 1511 1603 I input_focus: [Focus request eefcbb2 NotificationShade,reason=UpdateInputWindows]
11-05 02:15:43.785 1511 1687 I input_focus: [Focus entering eefcbb2 NotificationShade (server),reason=setFocusedWindow]
11-05 02:15:44.351 1511 1687 I input_interaction: Interaction with: eefcbb2 NotificationShade (server), edge-swipe (server), swipe-up (server), PointerEventDispatcher0 (server),
11-05 02:15:44.758 1934 1934 I sysui_multi_action: [757,111,758,2]
11-05 02:15:44.758 1934 1934 I sysui_multi_action: [757,111,758,2]
11-05 02:15:44.758 1511 1511 I notification_enqueue: [10082,1934,com.android.systemui,2048,NULL,0,Notification(channel=updateNotification shortcut=null contentView=null vibrate=null sound=null defaults=0x0 flags=0x0 color=0x00000000 vis=PRIVATE),1]
11-05 02:15:44.763 1934 1934 I sysui_multi_action: [757,111,758,1]
11-05 02:15:44.763 1934 1934 I sysui_multi_action: [757,126,758,1,759,126,927,0,928,0,1593,0]
11-05 02:15:44.763 1934 1934 I sysui_multi_action: [757,113,758,1,759,113,927,1,928,1,1593,0]
11-05 02:15:44.763 1934 1934 I sysui_multi_action: [757,0,758,1,759,0,927,2,928,0,1593,0]
11-05 02:15:44.763 1934 1934 I sysui_multi_action: [757,0,758,1,759,0,927,3,928,0,1593,0]
11-05 02:15:44.764 1934 1934 I sysui_multi_action: [757,491,758,1,759,491,927,4,928,0,1311,-1,1593,0]
11-05 02:15:44.764 1934 1934 I sysui_multi_action: [757,0,758,1,759,0,927,5,928,0,1593,0]
11-05 02:15:44.764 1934 1934 I sysui_multi_action: [757,111,758,1]
11-05 02:15:44.764 1934 1934 I sysui_multi_action: [757,126,758,1,759,126,927,0,928,0,1593,0]
11-05 02:15:44.764 1934 1934 I sysui_multi_action: [757,113,758,1,759,113,927,1,928,1,1593,0]
11-05 02:15:44.764 1934 1934 I sysui_multi_action: [757,0,758,1,759,0,927,2,928,0,1593,0]
11-05 02:15:44.765 1934 1934 I sysui_multi_action: [757,0,758,1,759,0,927,3,928,0,1593,0]
11-05 02:15:44.785 1934 1934 I sysui_multi_action: [757,111,758,2]
11-05 02:15:44.785 1511 1511 I notification_enqueue: [10082,1934,com.android.systemui,2048,NULL,0,Notification(channel=updateNotification shortcut=null contentView=null vibrate=null sound=null defaults=0x0 flags=0x0 color=0x00000000 vis=PRIVATE),1]
11-05 02:15:44.785 1934 1934 I sysui_multi_action: [757,111,758,2]
11-05 02:15:44.789 1934 1934 I sysui_multi_action: [757,111,758,1]
11-05 02:15:44.790 1934 1934 I sysui_multi_action: [757,126,758,1,759,126,927,0,928,0,1593,0]
11-05 02:15:44.790 1934 1934 I sysui_multi_action: [757,113,758,1,759,113,927,1,928,1,1593,0]
11-05 02:15:44.790 1934 1934 I sysui_multi_action: [757,0,758,1,759,0,927,2,928,0,1593,0]
11-05 02:15:44.790 1934 1934 I sysui_multi_action: [757,0,758,1,759,0,927,3,928,0,1593,0]
11-05 02:15:44.790 1934 1934 I sysui_multi_action: [757,491,758,1,759,491,927,4,928,0,1311,-1,1593,0]
11-05 02:15:44.790 1934 1934 I sysui_multi_action: [757,0,758,1,759,0,927,5,928,0,1593,0]
11-05 02:15:44.790 1934 1934 I sysui_multi_action: [757,111,758,1]
11-05 02:15:44.791 1934 1934 I sysui_multi_action: [757,126,758,1,759,126,927,0,928,0,1593,0]
11-05 02:15:44.791 1934 1934 I sysui_multi_action: [757,113,758,1,759,113,927,1,928,1,1593,0]
11-05 02:15:44.791 1934 1934 I sysui_multi_action: [757,0,758,1,759,0,927,2,928,0,1593,0]
11-05 02:15:44.791 1934 1934 I sysui_multi_action: [757,0,758,1,759,0,927,3,928,0,1593,0]
11-05 02:15:44.799 1934 1934 I sysui_multi_action: [757,111,758,2]
11-05 02:15:44.799 1511 1511 I notification_enqueue: [10082,1934,com.android.systemui,2048,NULL,0,Notification(channel=updateNotification shortcut=null contentView=null vibrate=null sound=null defaults=0x0 flags=0x0 color=0x00000000 vis=PRIVATE),1]
11-05 02:15:44.799 1934 1934 I sysui_multi_action: [757,111,758,2]
11-05 02:15:44.803 1934 1934 I sysui_multi_action: [757,111,758,1]
11-05 02:15:44.803 1934 1934 I sysui_multi_action: [757,126,758,1,759,126,927,0,928,0,1593,1]
11-05 02:15:44.803 1934 1934 I sysui_multi_action: [757,113,758,1,759,113,927,1,928,1,1593,1]
11-05 02:15:44.803 1934 1934 I sysui_multi_action: [757,0,758,1,759,0,927,2,928,0,1593,1]
11-05 02:15:44.804 1934 1934 I sysui_multi_action: [757,0,758,1,759,0,927,3,928,0,1593,1]
11-05 02:15:44.804 1934 1934 I sysui_multi_action: [757,491,758,1,759,491,927,4,928,0,1311,-1,1593,1]
11-05 02:15:44.804 1934 1934 I sysui_multi_action: [757,0,758,1,759,0,927,5,928,0,1593,1]
11-05 02:15:44.804 1934 1934 I sysui_multi_action: [757,111,758,1]
11-05 02:15:44.804 1934 1934 I sysui_multi_action: [757,126,758,1,759,126,927,0,928,0,1593,1]
11-05 02:15:44.804 1934 1934 I sysui_multi_action: [757,113,758,1,759,113,927,1,928,1,1593,1]
11-05 02:15:44.804 1934 1934 I sysui_multi_action: [757,0,758,1,759,0,927,2,928,0,1593,1]
11-05 02:15:44.805 1934 1934 I sysui_multi_action: [757,0,758,1,759,0,927,3,928,0,1593,0]
11-05 02:15:44.814 1934 1934 I sysui_multi_action: [757,111,758,2]
11-05 02:15:44.814 1511 1511 I notification_enqueue: [10082,1934,com.android.systemui,2048,NULL,0,Notification(channel=updateNotification shortcut=null contentView=null vibrate=null sound=null defaults=0x0 flags=0x0 color=0x00000000 vis=PRIVATE),1]
11-05 02:15:44.814 1934 1934 I sysui_multi_action: [757,111,758,2]
11-05 02:15:44.817 1934 1934 I sysui_multi_action: [757,111,758,1]
11-05 02:15:44.817 1934 1934 I sysui_multi_action: [757,126,758,1,759,126,927,0,928,0,1593,1]
11-05 02:15:44.817 1934 1934 I sysui_multi_action: [757,113,758,1,759,113,927,1,928,1,1593,1]
11-05 02:15:44.817 1934 1934 I sysui_multi_action: [757,0,758,1,759,0,927,2,928,0,1593,1]
11-05 02:15:44.817 1934 1934 I sysui_multi_action: [757,0,758,1,759,0,927,3,928,0,1593,1]
11-05 02:15:44.817 1934 1934 I sysui_multi_action: [757,491,758,1,759,491,927,4,928,0,1311,-1,1593,1]
11-05 02:15:44.818 1934 1934 I sysui_multi_action: [757,0,758,1,759,0,927,5,928,0,1593,1]
11-05 02:15:44.818 1934 1934 I sysui_multi_action: [757,111,758,1]
11-05 02:15:44.818 1934 1934 I sysui_multi_action: [757,126,758,1,759,126,927,0,928,0,1593,0]
11-05 02:15:44.818 1934 1934 I sysui_multi_action: [757,113,758,1,759,113,927,1,928,1,1593,0]
11-05 02:15:44.818 1934 1934 I sysui_multi_action: [757,0,758,1,759,0,927,2,928,0,1593,0]
11-05 02:15:44.818 1934 1934 I sysui_multi_action: [757,0,758,1,759,0,927,3,928,0,1593,0]
11-05 02:15:44.827 1934 1934 I sysui_multi_action: [757,111,758,2]
11-05 02:15:44.827 1511 1511 I notification_enqueue: [10082,1934,com.android.systemui,2048,NULL,0,Notification(channel=updateNotification shortcut=null contentView=null vibrate=null sound=null defaults=0x0 flags=0x0 color=0x00000000 vis=PRIVATE),1]
11-05 02:15:44.827 1934 1934 I sysui_multi_action: [757,111,758,2]
11-05 02:15:44.830 1934 1934 I sysui_multi_action: [757,111,758,1]
11-05 02:15:44.830 1934 1934 I sysui_multi_action: [757,126,758,1,759,126,927,0,928,0,1593,1]
11-05 02:15:44.830 1934 1934 I sysui_multi_action: [757,113,758,1,759,113,927,1,928,1,1593,1]
11-05 02:15:44.830 1934 1934 I sysui_multi_action: [757,0,758,1,759,0,927,2,928,0,1593,1]
11-05 02:15:44.830 1934 1934 I sysui_multi_action: [757,0,758,1,759,0,927,3,928,0,1593,1]
11-05 02:15:44.830 1934 1934 I sysui_multi_action: [757,491,758,1,759,491,927,4,928,0,1311,-1,1593,0]
11-05 02:15:44.830 1934 1934 I sysui_multi_action: [757,0,758,1,759,0,927,5,928,0,1593,0]
11-05 02:15:44.831 1934 1934 I sysui_multi_action: [757,111,758,1]
11-05 02:15:44.831 1934 1934 I sysui_multi_action: [757,126,758,1,759,126,927,0,928,0,1593,1]
11-05 02:15:44.831 1934 1934 I sysui_multi_action: [757,113,758,1,759,113,927,1,928,1,1593,1]
11-05 02:15:44.831 1934 1934 I sysui_multi_action: [757,0,758,1,759,0,927,2,928,0,1593,1]
11-05 02:15:44.831 1934 1934 I sysui_multi_action: [757,0,758,1,759,0,927,3,928,0,1593,1]
11-05 02:15:44.839 1934 1934 I sysui_multi_action: [757,111,758,2]
11-05 02:15:44.839 1934 1934 I sysui_multi_action: [757,111,758,2]
11-05 02:15:44.839 1511 1511 I notification_enqueue: [10082,1934,com.android.systemui,2048,NULL,0,Notification(channel=updateNotification shortcut=null contentView=null vibrate=null sound=null defaults=0x0 flags=0x0 color=0x00000000 vis=PRIVATE),1]
11-05 02:15:44.842 1934 1934 I sysui_multi_action: [757,111,758,1]
11-05 02:15:44.842 1934 1934 I sysui_multi_action: [757,126,758,1,759,126,927,0,928,0,1593,1]
11-05 02:15:44.842 1934 1934 I sysui_multi_action: [757,113,758,1,759,113,927,1,928,1,1593,1]
11-05 02:15:44.842 1934 1934 I sysui_multi_action: [757,0,758,1,759,0,927,2,928,0,1593,1]
11-05 02:15:44.842 1934 1934 I sysui_multi_action: [757,0,758,1,759,0,927,3,928,0,1593,1]
11-05 02:15:44.842 1934 1934 I sysui_multi_action: [757,491,758,1,759,491,927,4,928,0,1311,-1,1593,0]
11-05 02:15:44.842 1934 1934 I sysui_multi_action: [757,0,758,1,759,0,927,5,928,0,1593,0]
11-05 02:15:44.842 1934 1934 I sysui_multi_action: [757,111,758,1]
11-05 02:15:44.842 1934 1934 I sysui_multi_action: [757,126,758,1,759,126,927,0,928,0,1593,1]
11-05 02:15:44.843 1934 1934 I sysui_multi_action: [757,113,758,1,759,113,927,1,928,1,1593,1]
11-05 02:15:44.843 1934 1934 I sysui_multi_action: [757,0,758,1,759,0,927,2,928,0,1593,1]
11-05 02:15:44.843 1934 1934 I sysui_multi_action: [757,0,758,1,759,0,927,3,928,0,1593,1]
11-05 02:15:44.854 1934 1934 I sysui_multi_action: [757,111,758,2]
11-05 02:15:44.854 1934 1934 I sysui_multi_action: [757,111,758,2]
11-05 02:15:44.854 1511 1511 I notification_enqueue: [10082,1934,com.android.systemui,2048,NULL,0,Notification(channel=updateNotification shortcut=null contentView=null vibrate=null sound=null defaults=0x0 flags=0x0 color=0x00000000 vis=PRIVATE),1]
11-05 02:15:44.857 1934 1934 I sysui_multi_action: [757,111,758,1]
11-05 02:15:44.857 1934 1934 I sysui_multi_action: [757,126,758,1,759,126,927,0,928,0,1593,1]
11-05 02:15:44.857 1934 1934 I sysui_multi_action: [757,113,758,1,759,113,927,1,928,1,1593,1]
11-05 02:15:44.857 1934 1934 I sysui_multi_action: [757,0,758,1,759,0,927,2,928,0,1593,1]
11-05 02:15:44.857 1934 1934 I sysui_multi_action: [757,0,758,1,759,0,927,3,928,0,1593,1]
11-05 02:15:44.857 1934 1934 I sysui_multi_action: [757,491,758,1,759,491,927,4,928,0,1311,-1,1593,0]
11-05 02:15:44.858 1934 1934 I sysui_multi_action: [757,0,758,1,759,0,927,5,928,0,1593,0]
11-05 02:15:44.858 1934 1934 I sysui_multi_action: [757,111,758,1]
11-05 02:15:44.858 1934 1934 I sysui_multi_action: [757,126,758,1,759,126,927,0,928,0,1593,1]
11-05 02:15:44.858 1934 1934 I sysui_multi_action: [757,113,758,1,759,113,927,1,928,1,1593,1]
11-05 02:15:44.858 1934 1934 I sysui_multi_action: [757,0,758,1,759,0,927,2,928,0,1593,1]
11-05 02:15:44.858 1934 1934 I sysui_multi_action: [757,0,758,1,759,0,927,3,928,0,1593,1]
11-05 02:15:44.868 1934 1934 I sysui_multi_action: [757,111,758,2]
11-05 02:15:44.868 1934 1934 I sysui_multi_action: [757,111,758,2]
11-05 02:15:44.869 1511 1511 I notification_enqueue: [10082,1934,com.android.systemui,2048,NULL,0,Notification(channel=updateNotification shortcut=null contentView=null vibrate=null sound=null defaults=0x0 flags=0x0 color=0x00000000 vis=PRIVATE),1]
11-05 02:15:44.871 1934 1934 I sysui_multi_action: [757,111,758,1]
11-05 02:15:44.871 1934 1934 I sysui_multi_action: [757,126,758,1,759,126,927,0,928,0,1593,1]
11-05 02:15:44.871 1934 1934 I sysui_multi_action: [757,113,758,1,759,113,927,1,928,1,1593,1]
11-05 02:15:44.871 1934 1934 I sysui_multi_action: [757,0,758,1,759,0,927,2,928,0,1593,1]
11-05 02:15:44.871 1934 1934 I sysui_multi_action: [757,0,758,1,759,0,927,3,928,0,1593,1]
11-05 02:15:44.871 1934 1934 I sysui_multi_action: [757,491,758,1,759,491,927,4,928,0,1311,-1,1593,0]
11-05 02:15:44.871 1934 1934 I sysui_multi_action: [757,0,758,1,759,0,927,5,928,0,1593,0]
11-05 02:15:44.871 1934 1934 I sysui_multi_action: [757,111,758,1]
11-05 02:15:44.871 1934 1934 I sysui_multi_action: [757,126,758,1,759,126,927,0,928,0,1593,1]
11-05 02:15:44.871 1934 1934 I sysui_multi_action: [757,113,758,1,759,113,927,1,928,1,1593,1]
11-05 02:15:44.872 1934 1934 I sysui_multi_action: [757,0,758,1,759,0,927,2,928,0,1593,1]
11-05 02:15:44.872 1934 1934 I sysui_multi_action: [757,0,758,1,759,0,927,3,928,0,1593,1]
11-05 02:15:44.887 1934 1934 I sysui_multi_action: [757,111,758,2]
11-05 02:15:44.887 1934 1934 I sysui_multi_action: [757,111,758,2]
11-05 02:15:44.888 1511 1511 I notification_enqueue: [10082,1934,com.android.systemui,2048,NULL,0,Notification(channel=updateNotification shortcut=null contentView=null vibrate=null sound=null defaults=0x0 flags=0x0 color=0x00000000 vis=PRIVATE),1]
11-05 02:15:44.890 1934 1934 I sysui_multi_action: [757,111,758,1]
11-05 02:15:44.890 1934 1934 I sysui_multi_action: [757,126,758,1,759,126,927,0,928,0,1593,1]
11-05 02:15:44.890 1934 1934 I sysui_multi_action: [757,113,758,1,759,113,927,1,928,1,1593,1]
11-05 02:15:44.890 1934 1934 I sysui_multi_action: [757,0,758,1,759,0,927,2,928,0,1593,1]
11-05 02:15:44.890 1934 1934 I sysui_multi_action: [757,0,758,1,759,0,927,3,928,0,1593,1]
11-05 02:15:44.891 1934 1934 I sysui_multi_action: [757,491,758,1,759,491,927,4,928,0,1311,-1,1593,0]
11-05 02:15:44.891 1934 1934 I sysui_multi_action: [757,0,758,1,759,0,927,5,928,0,1593,0]
11-05 02:15:44.891 1934 1934 I sysui_multi_action: [757,111,758,1]
11-05 02:15:44.891 1934 1934 I sysui_multi_action: [757,126,758,1,759,126,927,0,928,0,1593,1]
11-05 02:15:44.891 1934 1934 I sysui_multi_action: [757,113,758,1,759,113,927,1,928,1,1593,1]
11-05 02:15:44.891 1934 1934 I sysui_multi_action: [757,0,758,1,759,0,927,2,928,0,1593,1]
11-05 02:15:44.891 1934 1934 I sysui_multi_action: [757,0,758,1,759,0,927,3,928,0,1593,1]
11-05 02:15:44.906 1934 1934 I sysui_multi_action: [757,111,758,2]
11-05 02:15:44.906 1934 1934 I sysui_multi_action: [757,111,758,2]
11-05 02:15:44.907 1511 1511 I notification_enqueue: [10082,1934,com.android.systemui,2048,NULL,0,Notification(channel=updateNotification shortcut=null contentView=null vibrate=null sound=null defaults=0x0 flags=0x0 color=0x00000000 vis=PRIVATE),1]
11-05 02:15:44.909 1934 1934 I sysui_multi_action: [757,111,758,1]
11-05 02:15:44.909 1934 1934 I sysui_multi_action: [757,126,758,1,759,126,927,0,928,0,1593,1]
11-05 02:15:44.909 1934 1934 I sysui_multi_action: [757,113,758,1,759,113,927,1,928,1,1593,1]
11-05 02:15:44.909 1934 1934 I sysui_multi_action: [757,0,758,1,759,0,927,2,928,0,1593,1]
11-05 02:15:44.910 1934 1934 I sysui_multi_action: [757,0,758,1,759,0,927,3,928,0,1593,1]
11-05 02:15:44.910 1934 1934 I sysui_multi_action: [757,491,758,1,759,491,927,4,928,0,1311,-1,1593,0]
11-05 02:15:44.910 1934 1934 I sysui_multi_action: [757,0,758,1,759,0,927,5,928,0,1593,0]
11-05 02:15:44.910 1934 1934 I sysui_multi_action: [757,111,758,1]
11-05 02:15:44.910 1934 1934 I sysui_multi_action: [757,126,758,1,759,126,927,0,928,0,1593,1]
11-05 02:15:44.910 1934 1934 I sysui_multi_action: [757,113,758,1,759,113,927,1,928,1,1593,1]
11-05 02:15:44.910 1934 1934 I sysui_multi_action: [757,0,758,1,759,0,927,2,928,0,1593,1]
11-05 02:15:44.910 1934 1934 I sysui_multi_action: [757,0,758,1,759,0,927,3,928,0,1593,1]
11-05 02:15:44.924 1934 1934 I sysui_multi_action: [757,111,758,2]
11-05 02:15:44.924 1511 1511 I notification_enqueue: [10082,1934,com.android.systemui,2048,NULL,0,Notification(channel=updateNotification shortcut=null contentView=null vibrate=null sound=null defaults=0x0 flags=0x0 color=0x00000000 vis=PRIVATE),1]
11-05 02:15:44.924 1934 1934 I sysui_multi_action: [757,111,758,2]
11-05 02:15:44.928 1934 1934 I sysui_multi_action: [757,111,758,1]
11-05 02:15:44.928 1934 1934 I sysui_multi_action: [757,126,758,1,759,126,927,0,928,0,1593,1]
11-05 02:15:44.928 1934 1934 I sysui_multi_action: [757,113,758,1,759,113,927,1,928,1,1593,1]
11-05 02:15:44.928 1934 1934 I sysui_multi_action: [757,0,758,1,759,0,927,2,928,0,1593,1]
11-05 02:15:44.928 1934 1934 I sysui_multi_action: [757,0,758,1,759,0,927,3,928,0,1593,1]
11-05 02:15:44.928 1934 1934 I sysui_multi_action: [757,491,758,1,759,491,927,4,928,0,1311,-1,1593,0]
11-05 02:15:44.929 1934 1934 I sysui_multi_action: [757,0,758,1,759,0,927,5,928,0,1593,0]
11-05 02:15:44.929 1934 1934 I sysui_multi_action: [757,111,758,1]
11-05 02:15:44.929 1934 1934 I sysui_multi_action: [757,126,758,1,759,126,927,0,928,0,1593,1]
11-05 02:15:44.929 1934 1934 I sysui_multi_action: [757,113,758,1,759,113,927,1,928,1,1593,1]
11-05 02:15:44.929 1934 1934 I sysui_multi_action: [757,0,758,1,759,0,927,2,928,0,1593,1]
11-05 02:15:44.929 1934 1934 I sysui_multi_action: [757,0,758,1,759,0,927,3,928,0,1593,1]
11-05 02:15:44.939 1934 1934 I sysui_multi_action: [757,111,758,2]
11-05 02:15:44.939 1934 1934 I sysui_multi_action: [757,111,758,2]
11-05 02:15:44.939 1511 1511 I notification_enqueue: [10082,1934,com.android.systemui,2048,NULL,0,Notification(channel=updateNotification shortcut=null contentView=null vibrate=null sound=null defaults=0x0 flags=0x0 color=0x00000000 vis=PRIVATE),1]
11-05 02:15:44.942 1934 1934 I sysui_multi_action: [757,111,758,1]
11-05 02:15:44.942 1934 1934 I sysui_multi_action: [757,126,758,1,759,126,927,0,928,0,1593,1]
11-05 02:15:44.942 1934 1934 I sysui_multi_action: [757,113,758,1,759,113,927,1,928,1,1593,1]
11-05 02:15:44.942 1934 1934 I sysui_multi_action: [757,0,758,1,759,0,927,2,928,0,1593,1]
11-05 02:15:44.942 1934 1934 I sysui_multi_action: [757,0,758,1,759,0,927,3,928,0,1593,1]
11-05 02:15:44.943 1934 1934 I sysui_multi_action: [757,491,758,1,759,491,927,4,928,0,1311,-1,1593,0]
11-05 02:15:44.943 1934 1934 I sysui_multi_action: [757,0,758,1,759,0,927,5,928,0,1593,0]
11-05 02:15:44.943 1934 1934 I sysui_multi_action: [757,111,758,1]
11-05 02:15:44.943 1934 1934 I sysui_multi_action: [757,126,758,1,759,126,927,0,928,0,1593,1]
11-05 02:15:44.943 1934 1934 I sysui_multi_action: [757,113,758,1,759,113,927,1,928,1,1593,1]
11-05 02:15:44.943 1934 1934 I sysui_multi_action: [757,0,758,1,759,0,927,2,928,0,1593,1]
11-05 02:15:44.943 1934 1934 I sysui_multi_action: [757,0,758,1,759,0,927,3,928,0,1593,1]
11-05 02:15:44.955 1934 1934 I sysui_multi_action: [757,111,758,2]
11-05 02:15:44.955 1511 1511 I notification_enqueue: [10082,1934,com.android.systemui,2048,NULL,0,Notification(channel=updateNotification shortcut=null contentView=null vibrate=null sound=null defaults=0x0 flags=0x0 color=0x00000000 vis=PRIVATE),1]
11-05 02:15:44.955 1934 1934 I sysui_multi_action: [757,111,758,2]
11-05 02:15:44.959 1934 1934 I sysui_multi_action: [757,111,758,1]
11-05 02:15:44.959 1934 1934 I sysui_multi_action: [757,126,758,1,759,126,927,0,928,0,1593,1]
11-05 02:15:44.959 1934 1934 I sysui_multi_action: [757,113,758,1,759,113,927,1,928,1,1593,1]
11-05 02:15:44.959 1934 1934 I sysui_multi_action: [757,0,758,1,759,0,927,2,928,0,1593,1]
11-05 02:15:44.959 1934 1934 I sysui_multi_action: [757,0,758,1,759,0,927,3,928,0,1593,1]
11-05 02:15:44.959 1934 1934 I sysui_multi_action: [757,491,758,1,759,491,927,4,928,0,1311,-1,1593,0]
11-05 02:15:44.959 1934 1934 I sysui_multi_action: [757,0,758,1,759,0,927,5,928,0,1593,0]
11-05 02:15:44.959 1934 1934 I sysui_multi_action: [757,111,758,1]
11-05 02:15:44.960 1934 1934 I sysui_multi_action: [757,126,758,1,759,126,927,0,928,0,1593,1]
11-05 02:15:44.960 1934 1934 I sysui_multi_action: [757,113,758,1,759,113,927,1,928,1,1593,1]
11-05 02:15:44.960 1934 1934 I sysui_multi_action: [757,0,758,1,759,0,927,2,928,0,1593,1]
11-05 02:15:44.960 1934 1934 I sysui_multi_action: [757,0,758,1,759,0,927,3,928,0,1593,1]
11-05 02:15:44.967 1934 1934 I sysui_multi_action: [757,111,758,2]
11-05 02:15:44.967 1934 1934 I sysui_multi_action: [757,111,758,2]
11-05 02:15:44.968 1511 1511 I notification_enqueue: [10082,1934,com.android.systemui,2048,NULL,0,Notification(channel=updateNotification shortcut=null contentView=null vibrate=null sound=null defaults=0x0 flags=0x0 color=0x00000000 vis=PRIVATE),1]
11-05 02:15:44.970 1934 1934 I sysui_multi_action: [757,111,758,1]
11-05 02:15:44.970 1934 1934 I sysui_multi_action: [757,126,758,1,759,126,927,0,928,0,1593,1]
11-05 02:15:44.970 1934 1934 I sysui_multi_action: [757,113,758,1,759,113,927,1,928,1,1593,1]
11-05 02:15:44.971 1934 1934 I sysui_multi_action: [757,0,758,1,759,0,927,2,928,0,1593,1]
11-05 02:15:44.971 1934 1934 I sysui_multi_action: [757,0,758,1,759,0,927,3,928,0,1593,1]
11-05 02:15:44.971 1934 1934 I sysui_multi_action: [757,491,758,1,759,491,927,4,928,0,1311,-1,1593,0]
11-05 02:15:44.971 1934 1934 I sysui_multi_action: [757,0,758,1,759,0,927,5,928,0,1593,0]
11-05 02:15:44.971 1934 1934 I sysui_multi_action: [757,111,758,1]
11-05 02:15:44.971 1934 1934 I sysui_multi_action: [757,126,758,1,759,126,927,0,928,0,1593,1]
11-05 02:15:44.971 1934 1934 I sysui_multi_action: [757,113,758,1,759,113,927,1,928,1,1593,1]
11-05 02:15:44.971 1934 1934 I sysui_multi_action: [757,0,758,1,759,0,927,2,928,0,1593,1]
11-05 02:15:44.971 1934 1934 I sysui_multi_action: [757,0,758,1,759,0,927,3,928,0,1593,1]
11-05 02:15:44.986 1934 1934 I sysui_multi_action: [757,111,758,2]
11-05 02:15:44.986 1934 1934 I sysui_multi_action: [757,111,758,2]
11-05 02:15:44.986 1511 1511 I notification_enqueue: [10082,1934,com.android.systemui,2048,NULL,0,Notification(channel=updateNotification shortcut=null contentView=null vibrate=null sound=null defaults=0x0 flags=0x0 color=0x00000000 vis=PRIVATE),1]
11-05 02:15:44.989 1934 1934 I sysui_multi_action: [757,111,758,1]
11-05 02:15:44.989 1934 1934 I sysui_multi_action: [757,126,758,1,759,126,927,0,928,0,1593,1]
11-05 02:15:44.989 1934 1934 I sysui_multi_action: [757,113,758,1,759,113,927,1,928,1,1593,1]
11-05 02:15:44.989 1934 1934 I sysui_multi_action: [757,0,758,1,759,0,927,2,928,0,1593,1]
11-05 02:15:44.989 1934 1934 I sysui_multi_action: [757,0,758,1,759,0,927,3,928,0,1593,1]
11-05 02:15:44.990 1934 1934 I sysui_multi_action: [757,491,758,1,759,491,927,4,928,0,1311,-1,1593,0]
11-05 02:15:44.990 1934 1934 I sysui_multi_action: [757,0,758,1,759,0,927,5,928,0,1593,0]
11-05 02:15:44.990 1934 1934 I sysui_multi_action: [757,111,758,1]
11-05 02:15:44.990 1934 1934 I sysui_multi_action: [757,126,758,1,759,126,927,0,928,0,1593,1]
11-05 02:15:44.990 1934 1934 I sysui_multi_action: [757,113,758,1,759,113,927,1,928,1,1593,1]
11-05 02:15:44.990 1934 1934 I sysui_multi_action: [757,0,758,1,759,0,927,2,928,0,1593,1]
11-05 02:15:44.990 1934 1934 I sysui_multi_action: [757,0,758,1,759,0,927,3,928,0,1593,1]
11-05 02:15:45.007 1934 1934 I sysui_multi_action: [757,111,758,2]
11-05 02:15:45.007 1934 1934 I sysui_multi_action: [757,111,758,2]
11-05 02:15:45.010 1934 1934 I sysui_multi_action: [757,111,758,1]
11-05 02:15:45.011 1934 1934 I sysui_multi_action: [757,126,758,1,759,126,927,0,928,0,1593,1]
11-05 02:15:45.011 1934 1934 I sysui_multi_action: [757,113,758,1,759,113,927,1,928,1,1593,1]
11-05 02:15:45.011 1934 1934 I sysui_multi_action: [757,0,758,1,759,0,927,2,928,0,1593,1]
11-05 02:15:45.011 1934 1934 I sysui_multi_action: [757,0,758,1,759,0,927,3,928,0,1593,1]
11-05 02:15:45.011 1934 1934 I sysui_multi_action: [757,491,758,1,759,491,927,4,928,0,1311,-1,1593,0]
11-05 02:15:45.011 1934 1934 I sysui_multi_action: [757,0,758,1,759,0,927,5,928,0,1593,0]
11-05 02:15:45.011 1934 1934 I sysui_multi_action: [757,111,758,1]
11-05 02:15:45.011 1934 1934 I sysui_multi_action: [757,126,758,1,759,126,927,0,928,0,1593,1]
11-05 02:15:45.011 1934 1934 I sysui_multi_action: [757,113,758,1,759,113,927,1,928,1,1593,1]
11-05 02:15:45.012 1934 1934 I sysui_multi_action: [757,0,758,1,759,0,927,2,928,0,1593,1]
11-05 02:15:45.012 1934 1934 I sysui_multi_action: [757,0,758,1,759,0,927,3,928,0,1593,1]
11-05 02:15:45.017 1511 1511 I notification_enqueue: [10082,1934,com.android.systemui,2048,NULL,0,Notification(channel=updateNotification shortcut=null contentView=null vibrate=null sound=null defaults=0x0 flags=0x0 color=0x00000000 vis=PRIVATE),1]
11-05 02:15:45.024 1934 1934 I sysui_multi_action: [757,111,758,2]
11-05 02:15:45.024 1511 1511 I notification_enqueue: [10082,1934,com.android.systemui,2048,NULL,0,Notification(channel=updateNotification shortcut=null contentView=null vibrate=null sound=null defaults=0x0 flags=0x0 color=0x00000000 vis=PRIVATE),1]
11-05 02:15:45.025 1934 1934 I sysui_multi_action: [757,111,758,2]
11-05 02:15:45.035 1511 1603 I input_focus: [Focus request a226794 com.android.launcher3/com.android.launcher3.uioverrides.QuickstepLauncher,reason=UpdateInputWindows]
11-05 02:15:45.037 1934 1934 I sysui_multi_action: [757,111,758,1]
11-05 02:15:45.037 1934 1934 I sysui_multi_action: [757,126,758,1,759,126,927,0,928,0,1593,1]
11-05 02:15:45.037 1934 1934 I sysui_multi_action: [757,113,758,1,759,113,927,1,928,1,1593,1]
11-05 02:15:45.037 1934 1934 I sysui_multi_action: [757,0,758,1,759,0,927,2,928,0,1593,1]
11-05 02:15:45.037 1934 1934 I sysui_multi_action: [757,0,758,1,759,0,927,3,928,0,1593,1]
11-05 02:15:45.037 1934 1934 I sysui_multi_action: [757,491,758,1,759,491,927,4,928,0,1311,-1,1593,0]
11-05 02:15:45.038 1934 1934 I sysui_multi_action: [757,0,758,1,759,0,927,5,928,0,1593,0]
11-05 02:15:45.038 1934 1934 I sysui_multi_action: [757,111,758,1]
11-05 02:15:45.038 1934 1934 I sysui_multi_action: [757,126,758,1,759,126,927,0,928,0,1593,1]
11-05 02:15:45.038 1934 1934 I sysui_multi_action: [757,113,758,1,759,113,927,1,928,1,1593,1]
11-05 02:15:45.038 1934 1934 I sysui_multi_action: [757,0,758,1,759,0,927,2,928,0,1593,1]
11-05 02:15:45.038 1934 1934 I sysui_multi_action: [757,0,758,1,759,0,927,3,928,0,1593,1]
11-05 02:15:45.048 1934 1934 I sysui_multi_action: [757,111,758,2]
11-05 02:15:45.048 1511 1511 I notification_enqueue: [10082,1934,com.android.systemui,2048,NULL,0,Notification(channel=updateNotification shortcut=null contentView=null vibrate=null sound=null defaults=0x0 flags=0x0 color=0x00000000 vis=PRIVATE),1]
11-05 02:15:45.048 1934 1934 I sysui_multi_action: [757,111,758,2]
11-05 02:15:45.049 1511 2069 I sysui_multi_action: [757,128,758,2,793,3803938,794,9814,795,3803938,796,26,798,0,806,android,857,DEVELOPER_IMPORTANT,858,4,947,0,1395,2,1500,3803241,1688,1]
11-05 02:15:45.049 1511 2069 I notification_visibility: [-1|android|26|null|1000,0,3803938,3803938,0,0]
11-05 02:15:45.050 1511 2069 I sysui_multi_action: [757,128,758,2,793,3804714,794,9814,795,3804714,796,32,798,1,806,android,857,USB,858,1,947,0,1395,2,1500,3804656,1688,1]
11-05 02:15:45.050 1511 2069 I notification_visibility: [-1|android|32|null|1000,0,3804714,3804714,0,1]
11-05 02:15:45.050 1511 4179 I sysui_multi_action: [757,127,758,2]
11-05 02:15:45.050 1511 4179 I notification_panel_hidden:
11-05 02:15:45.056 1511 1687 I input_focus: [Focus leaving eefcbb2 NotificationShade (server),reason=NO_WINDOW]
11-05 02:15:45.056 1511 1687 I input_focus: [Focus entering a226794 com.android.launcher3/com.android.launcher3.uioverrides.QuickstepLauncher (server),reason=setFocusedWindow]
11-05 02:15:45.057 1934 1934 I sysui_multi_action: [757,111,758,1]
11-05 02:15:45.057 1934 1934 I sysui_multi_action: [757,126,758,1,759,126,927,0,928,0,1593,0]
11-05 02:15:45.057 1934 1934 I sysui_multi_action: [757,113,758,1,759,113,927,1,928,1,1593,0]
11-05 02:15:45.057 1934 1934 I sysui_multi_action: [757,0,758,1,759,0,927,2,928,0,1593,0]
11-05 02:15:45.057 1934 1934 I sysui_multi_action: [757,0,758,1,759,0,927,3,928,0,1593,0]
11-05 02:15:45.058 1934 1934 I sysui_multi_action: [757,491,758,1,759,491,927,4,928,0,1311,-1,1593,0]
11-05 02:15:45.058 1934 1934 I sysui_multi_action: [757,0,758,1,759,0,927,5,928,0,1593,0]
11-05 02:15:45.058 1934 1934 I sysui_multi_action: [757,111,758,1]
11-05 02:15:45.058 1934 1934 I sysui_multi_action: [757,126,758,1,759,126,927,0,928,0,1593,0]
11-05 02:15:45.058 1934 1934 I sysui_multi_action: [757,113,758,1,759,113,927,1,928,1,1593,0]
11-05 02:15:45.058 1934 1934 I sysui_multi_action: [757,0,758,1,759,0,927,2,928,0,1593,0]
11-05 02:15:45.058 1934 1934 I sysui_multi_action: [757,0,758,1,759,0,927,3,928,0,1593,0]
11-05 02:15:45.434 1511 1687 I input_interaction: Interaction with: a226794 com.android.launcher3/com.android.launcher3.uioverrides.QuickstepLauncher (server), 2153fad com.android.systemui.ImageWallpaper (server), edge-swipe (server), swipe-up (server), PointerEventDispatcher0 (server),
11-05 02:15:45.767 0 0 I auditd : type=1400 audit(0.0:4243): avc: denied { kill } for comm="swapper/2" capability=5 scontext=u:r:kernel:s0 tcontext=u:r:kernel:s0 tclass=capability permissive=0
11-05 02:15:46.587 2535 2535 I view_enqueue_input_event: [Motion - Cancel,com.android.launcher3/com.android.launcher3.uioverrides.QuickstepLauncher]
11-05 02:15:46.598 1511 1687 I input_interaction: Interaction with: edge-swipe (server), swipe-up (server), PointerEventDispatcher0 (server),
11-05 02:15:46.766 1511 1669 I commit_sys_config_file: [settings-1-0,7]
11-05 02:15:46.767 0 0 I auditd : type=1400 audit(0.0:4244): avc: denied { kill } for comm="swapper/2" capability=5 scontext=u:r:kernel:s0 tcontext=u:r:kernel:s0 tclass=capability permissive=0
11-05 02:15:47.074 1511 1669 I commit_sys_config_file: [settings-1-0,7]
11-05 02:15:47.767 0 0 I auditd : type=1400 audit(0.0:4245): avc: denied { kill } for comm="swapper/2" capability=5 scontext=u:r:kernel:s0 tcontext=u:r:kernel:s0 tclass=capability permissive=0
11-05 02:15:47.881 1511 1687 I input_interaction: Interaction with: a226794 com.android.launcher3/com.android.launcher3.uioverrides.QuickstepLauncher (server), 2153fad com.android.systemui.ImageWallpaper (server), edge-swipe (server), swipe-up (server), PointerEventDispatcher0 (server),
11-05 02:15:48.359 1511 1765 I wm_finish_activity: [0,187377552,111,com.android.settings/.Settings,recent-task-trimmed]
11-05 02:15:48.362 1511 1765 I wm_destroy_activity: [0,187377552,111,com.android.settings/.Settings,finish-imm:finishIfPossible]
11-05 02:15:48.370 1511 1602 I am_kill : [0,15403,com.android.settings,905,remove task]
11-05 02:15:48.373 1511 1602 I sysui_multi_action: [757,803,799,window_time_0,802,14]
11-05 02:15:48.427 1511 2069 I am_proc_died: [0,15403,com.android.settings,905,19]
11-05 02:15:48.435 1511 2069 I wm_task_removed: [111,removeChild:removeChild last r=ActivityRecord{b2b2790 u0 com.android.settings/.Settings t-1 f}} in t=Task{c7458a8 #111 type=standard A=1000:com.android.settings.root U=0 visible=false mode=fullscreen translucent=true sz=0}]
11-05 02:15:48.435 1511 2069 I wm_task_removed: [111,removeChild]
11-05 02:15:48.469 1511 1610 I am_proc_start: [0,15987,1000,com.android.settings,NULL,]
11-05 02:15:48.499 1511 4218 I am_proc_bound: [0,15987,com.android.settings]
11-05 02:15:49.183 1511 1687 I input_interaction: Interaction with: f0a305f StatusBar (server), edge-swipe (server), swipe-up (server), PointerEventDispatcher0 (server),
11-05 02:15:49.196 1934 1934 I sysui_multi_action: [757,803,799,panel_open,802,1]
11-05 02:15:49.198 1934 1934 I sysui_multi_action: [757,1328,758,4,1326,52,1327,0,1329,0]
11-05 02:15:49.341 1511 2952 I sysui_multi_action: [757,127,758,1]
11-05 02:15:49.342 1511 2952 I sysui_multi_action: [757,804,799,note_load,801,2,802,1]
11-05 02:15:49.345 1934 1934 I sysui_multi_action: [757,111,758,2]
11-05 02:15:49.345 1934 1934 I sysui_multi_action: [757,111,758,2]
11-05 02:15:49.345 1511 1511 I notification_enqueue: [10082,1934,com.android.systemui,2048,NULL,0,Notification(channel=updateNotification shortcut=null contentView=null vibrate=null sound=null defaults=0x0 flags=0x0 color=0x00000000 vis=PRIVATE),1]
11-05 02:15:49.347 1511 2952 I notification_panel_revealed: 2
11-05 02:15:49.366 1511 1603 I input_focus: [Focus request eefcbb2 NotificationShade,reason=UpdateInputWindows]
11-05 02:15:49.372 1934 1934 I sysui_multi_action: [757,111,758,1]
11-05 02:15:49.373 1934 1934 I sysui_multi_action: [757,126,758,1,759,126,927,0,928,0,1593,0]
11-05 02:15:49.373 1934 1934 I sysui_multi_action: [757,113,758,1,759,113,927,1,928,1,1593,0]
11-05 02:15:49.373 1934 1934 I sysui_multi_action: [757,0,758,1,759,0,927,2,928,0,1593,0]
11-05 02:15:49.373 1934 1934 I sysui_multi_action: [757,0,758,1,759,0,927,3,928,0,1593,0]
11-05 02:15:49.373 1934 1934 I sysui_multi_action: [757,491,758,1,759,491,927,4,928,0,1311,-1,1593,0]
11-05 02:15:49.373 1934 1934 I sysui_multi_action: [757,0,758,1,759,0,927,5,928,0,1593,0]
11-05 02:15:49.374 1934 1934 I sysui_multi_action: [757,111,758,1]
11-05 02:15:49.374 1934 1934 I sysui_multi_action: [757,126,758,1,759,126,927,0,928,0,1593,0]
11-05 02:15:49.374 1934 1934 I sysui_multi_action: [757,113,758,1,759,113,927,1,928,1,1593,0]
11-05 02:15:49.374 1934 1934 I sysui_multi_action: [757,0,758,1,759,0,927,2,928,0,1593,0]
11-05 02:15:49.374 1934 1934 I sysui_multi_action: [757,0,758,1,759,0,927,3,928,0,1593,0]
11-05 02:15:49.383 1511 1687 I input_focus: [Focus leaving a226794 com.android.launcher3/com.android.launcher3.uioverrides.QuickstepLauncher (server),reason=Waiting for window because NOT_VISIBLE]
11-05 02:15:49.388 1511 1511 I notification_enqueue: [10082,1934,com.android.systemui,2048,NULL,0,Notification(channel=updateNotification shortcut=null contentView=null vibrate=null sound=null defaults=0x0 flags=0x0 color=0x00000000 vis=PRIVATE),1]
11-05 02:15:49.389 1934 1934 I sysui_multi_action: [757,111,758,2]
11-05 02:15:49.389 1934 1934 I sysui_multi_action: [757,111,758,2]
11-05 02:15:49.394 1934 1934 I sysui_multi_action: [757,111,758,1]
11-05 02:15:49.394 1934 1934 I sysui_multi_action: [757,126,758,1,759,126,927,0,928,0,1593,0]
11-05 02:15:49.394 1934 1934 I sysui_multi_action: [757,113,758,1,759,113,927,1,928,1,1593,0]
11-05 02:15:49.394 1934 1934 I sysui_multi_action: [757,0,758,1,759,0,927,2,928,0,1593,0]
11-05 02:15:49.394 1934 1934 I sysui_multi_action: [757,0,758,1,759,0,927,3,928,0,1593,0]
11-05 02:15:49.395 1934 1934 I sysui_multi_action: [757,491,758,1,759,491,927,4,928,0,1311,-1,1593,0]
11-05 02:15:49.395 1934 1934 I sysui_multi_action: [757,0,758,1,759,0,927,5,928,0,1593,0]
11-05 02:15:49.395 1934 1934 I sysui_multi_action: [757,111,758,1]
11-05 02:15:49.395 1934 1934 I sysui_multi_action: [757,126,758,1,759,126,927,0,928,0,1593,0]
11-05 02:15:49.395 1934 1934 I sysui_multi_action: [757,113,758,1,759,113,927,1,928,1,1593,0]
11-05 02:15:49.395 1934 1934 I sysui_multi_action: [757,0,758,1,759,0,927,2,928,0,1593,0]
11-05 02:15:49.396 1934 1934 I sysui_multi_action: [757,0,758,1,759,0,927,3,928,0,1593,0]
11-05 02:15:49.400 1511 1687 I input_focus: [Focus entering eefcbb2 NotificationShade (server),reason=Window became focusable. Previous reason: NOT_VISIBLE]
11-05 02:15:49.767 0 0 I auditd : type=1400 audit(0.0:4246): avc: denied { kill } for comm="swapper/2" capability=5 scontext=u:r:kernel:s0 tcontext=u:r:kernel:s0 tclass=capability permissive=0
11-05 02:15:49.902 1511 2952 I sysui_multi_action: [757,128,758,1,793,3808791,794,0,795,3808791,796,26,798,0,806,android,857,DEVELOPER_IMPORTANT,858,4,947,0,1395,2,1500,3808094,1688,1]
11-05 02:15:49.902 1511 2952 I sysui_multi_action: [757,804,799,note_freshness,801,3808791,802,1]
11-05 02:15:49.902 1511 2952 I notification_visibility: [-1|android|26|null|1000,1,3808791,3808791,0,0]
11-05 02:15:49.902 1511 2952 I sysui_multi_action: [757,128,758,1,793,3809566,794,0,795,3809566,796,32,798,1,806,android,857,USB,858,1,947,0,1395,2,1500,3809508,1688,1]
11-05 02:15:49.903 1511 2952 I sysui_multi_action: [757,804,799,note_freshness,801,3809566,802,1]
11-05 02:15:49.903 1511 2952 I notification_visibility: [-1|android|32|null|1000,1,3809566,3809566,0,1]
11-05 02:15:50.767 0 0 I auditd : type=1400 audit(0.0:4247): avc: denied { kill } for comm="swapper/2" capability=5 scontext=u:r:kernel:s0 tcontext=u:r:kernel:s0 tclass=capability permissive=0
11-05 02:15:50.895 1511 1687 I input_interaction: Interaction with: eefcbb2 NotificationShade (server), edge-swipe (server), swipe-up (server), PointerEventDispatcher0 (server),
11-05 02:15:51.033 1934 1934 I sysui_multi_action: [757,925,758,4,759,126,927,0,928,0,1592,0,1593,1]
11-05 02:15:51.077 1511 4218 D TelephonyRegistry: listen oscl: mHasNotifySubscriptionInfoChangedOccurred==false no callback
11-05 02:15:51.078 1934 1934 W CarrierConfigManager: Error getting config for subId -1 ICarrierConfigLoader is null
11-05 02:15:51.120 1511 1603 I input_focus: [Focus request 2bff6d0 InternetDialog,reason=UpdateInputWindows]
11-05 02:15:51.154 1511 1687 I input_focus: [Focus leaving eefcbb2 NotificationShade (server),reason=setFocusedWindow]
11-05 02:15:51.154 1511 1687 I input_focus: [Focus entering 2bff6d0 InternetDialog (server),reason=setFocusedWindow]
11-05 02:15:51.767 0 0 I auditd : type=1400 audit(0.0:4248): avc: denied { kill } for comm="swapper/2" capability=5 scontext=u:r:kernel:s0 tcontext=u:r:kernel:s0 tclass=capability permissive=0
11-05 02:15:52.299 1511 1687 I input_interaction: Interaction with: 2bff6d0 InternetDialog (server), edge-swipe (server), swipe-up (server), PointerEventDispatcher0 (server),
11-05 02:15:52.641 1511 1669 I commit_sys_config_file: [settings-0-0,11]
11-05 02:15:54.767 0 0 I auditd : type=1400 audit(0.0:4249): avc: denied { kill } for comm="swapper/1" capability=5 scontext=u:r:kernel:s0 tcontext=u:r:kernel:s0 tclass=capability permissive=0
11-05 02:15:55.176 1391 16026 I liblog : 141
11-05 02:15:55.823 1511 1749 I netstats_mobile_sample: [0,0,0,0,0,0,0,0,0,0,0,0,1667585755823]
11-05 02:15:55.824 1511 1749 I netstats_wifi_sample: [10273004,27311,11561445,31861,10273004,27311,11561445,31861,17580514,82244,5836540,16732,1667585755823]
11-05 02:15:56.104 1511 1749 I netstats_mobile_sample: [0,0,0,0,0,0,0,0,0,0,0,0,1667585756103]
11-05 02:15:56.105 1511 1749 I netstats_wifi_sample: [10273004,27311,11561445,31861,10273004,27311,11561445,31861,17580514,82244,5836540,16732,1667585756103]
11-05 02:15:56.123 1511 1749 I netstats_mobile_sample: [0,0,0,0,0,0,0,0,0,0,0,0,1667585756123]
11-05 02:15:56.124 1511 1749 I netstats_wifi_sample: [10273004,27311,11561445,31861,10273004,27311,11561445,31861,17580514,82244,5836540,16732,1667585756123]
11-05 02:15:56.160 1511 1749 I netstats_mobile_sample: [0,0,0,0,0,0,0,0,0,0,0,0,1667585756160]
11-05 02:15:56.160 1511 1749 I netstats_wifi_sample: [10273004,27311,11561445,31861,10273004,27311,11561445,31861,17580514,82244,5836540,16732,1667585756160]
11-05 02:15:56.179 1511 1749 I netstats_mobile_sample: [0,0,0,0,0,0,0,0,0,0,0,0,1667585756179]
11-05 02:15:56.180 1511 1749 I netstats_wifi_sample: [10273004,27311,11561445,31861,10273004,27311,11561445,31861,17580514,82244,5836540,16732,1667585756179]
11-05 02:15:58.767 0 0 I auditd : type=1400 audit(0.0:4250): avc: denied { kill } for comm="swapper/0" capability=5 scontext=u:r:kernel:s0 tcontext=u:r:kernel:s0 tclass=capability permissive=0
11-05 02:15:59.767 0 0 I auditd : type=1400 audit(0.0:4251): avc: denied { kill } for comm="swapper/0" capability=5 scontext=u:r:kernel:s0 tcontext=u:r:kernel:s0 tclass=capability permissive=0
11-05 02:16:00.767 0 0 I auditd : type=1400 audit(0.0:4252): avc: denied { kill } for comm="swapper/0" capability=5 scontext=u:r:kernel:s0 tcontext=u:r:kernel:s0 tclass=capability permissive=0
11-05 02:16:01.767 0 0 I auditd : type=1400 audit(0.0:4253): avc: denied { kill } for comm="swapper/0" capability=5 scontext=u:r:kernel:s0 tcontext=u:r:kernel:s0 tclass=capability permissive=0
11-05 02:16:02.766 1511 1603 I input_focus: [Focus request eefcbb2 NotificationShade,reason=UpdateInputWindows]
11-05 02:16:02.767 0 0 I auditd : type=1400 audit(0.0:4254): avc: denied { kill } for comm="swapper/1" capability=5 scontext=u:r:kernel:s0 tcontext=u:r:kernel:s0 tclass=capability permissive=0
11-05 02:16:02.782 1511 1687 I input_focus: [Focus entering eefcbb2 NotificationShade (server),reason=setFocusedWindow]
11-05 02:16:02.784 1511 4443 I wm_task_created: [113,-1]
11-05 02:16:02.786 1511 4443 I wm_task_moved: [113,1,6]
11-05 02:16:02.786 1511 4443 I wm_task_to_front: [0,113]
11-05 02:16:02.786 1511 4443 I wm_create_task: [0,113]
11-05 02:16:02.787 1511 4443 I wm_create_activity: [0,108981921,113,com.android.settings/.Settings$WifiDetailsSettingsActivity,android.settings.WIFI_DETAILS_SETTINGS,NULL,NULL,335544320]
11-05 02:16:02.787 1511 4443 I wm_task_moved: [113,1,6]
11-05 02:16:02.787 2535 2535 I wm_on_top_resumed_lost_called: [245869423,com.android.launcher3.uioverrides.QuickstepLauncher,topStateChangedWhenResumed]
11-05 02:16:02.788 1511 4443 I wm_pause_activity: [0,245869423,com.android.launcher3/.uioverrides.QuickstepLauncher,userLeaving=true,pauseBackTasks]
11-05 02:16:02.792 2535 2535 I wm_on_paused_called: [245869423,com.android.launcher3.uioverrides.QuickstepLauncher,performPause]
11-05 02:16:02.794 1511 4443 I wm_add_to_stopping: [0,245869423,com.android.launcher3/.uioverrides.QuickstepLauncher,makeInvisible]
11-05 02:16:02.794 1511 4443 I wm_restart_activity: [0,108981921,113,com.android.settings/.Settings$WifiDetailsSettingsActivity]
11-05 02:16:02.795 1511 4443 I wm_set_resumed_activity: [0,com.android.settings/.Settings$WifiDetailsSettingsActivity,minimalResumeActivityLocked]
11-05 02:16:02.821 1511 1602 I sysui_multi_action: [757,803,799,window_time_0,802,15]
11-05 02:16:02.830 1511 1687 I input_focus: [Focus leaving eefcbb2 NotificationShade (server),reason=NOT_FOCUSABLE]
11-05 02:16:02.863 1511 4443 I wm_task_created: [114,-1]
11-05 02:16:02.864 1511 4443 I wm_task_moved: [114,1,7]
11-05 02:16:02.864 1511 4443 I wm_task_to_front: [0,114]
11-05 02:16:02.864 1511 4443 I wm_create_task: [0,114]
11-05 02:16:02.864 1511 4443 I wm_create_activity: [0,88911952,114,com.android.settings/.homepage.SettingsHomepageActivity,android.settings.WIFI_DETAILS_SETTINGS,NULL,NULL,335544320]
11-05 02:16:02.864 1511 4443 I wm_task_moved: [114,1,7]
11-05 02:16:02.865 1511 4443 I wm_pause_activity: [0,108981921,com.android.settings/.Settings$WifiDetailsSettingsActivity,userLeaving=true,pauseBackTasks]
11-05 02:16:02.867 1511 4443 I wm_finish_activity: [0,108981921,113,com.android.settings/.Settings$WifiDetailsSettingsActivity,app-request]
11-05 02:16:02.867 15987 15987 I wm_on_create_called: [108981921,com.android.settings.Settings$WifiDetailsSettingsActivity,performCreate]
11-05 02:16:02.868 1511 4443 I wm_add_to_stopping: [0,108981921,com.android.settings/.Settings$WifiDetailsSettingsActivity,completeFinishing]
11-05 02:16:02.871 1511 4443 I wm_restart_activity: [0,88911952,114,com.android.settings/.homepage.SettingsHomepageActivity]
11-05 02:16:02.872 1511 4443 I wm_set_resumed_activity: [0,com.android.settings/.homepage.SettingsHomepageActivity,minimalResumeActivityLocked]
11-05 02:16:02.874 1511 1602 I sysui_multi_action: [757,803,799,window_time_0,802,0]
11-05 02:16:02.901 15987 15987 I wm_on_create_called: [88911952,com.android.settings.homepage.SettingsHomepageActivity,performCreate]
11-05 02:16:02.945 15987 15987 I wm_on_start_called: [88911952,com.android.settings.homepage.SettingsHomepageActivity,handleStartActivity]
11-05 02:16:02.946 15987 15987 I snet_event_log: [120484087,-1,]
11-05 02:16:02.947 15987 15987 I wm_on_resume_called: [88911952,com.android.settings.homepage.SettingsHomepageActivity,RESUME_ACTIVITY]
11-05 02:16:02.948 15987 15987 I sysui_multi_action: [757,35,758,1,833,0,1089,44]
