11-05 02:25:32.485 1511 1511 I notification_enqueue: [10082,1934,com.android.systemui,2048,NULL,0,Notification(channel=updateNotification shortcut=null contentView=null vibrate=null sound=null defaults=0x0 flags=0x0 color=0x00000000 vis=PRIVATE),1]
11-05 02:25:32.497 1934 1934 I sysui_multi_action: [757,111,758,1]
11-05 02:25:32.498 1934 1934 I sysui_multi_action: [757,126,758,1,759,126,927,0,928,0,1593,1]
11-05 02:25:32.498 1934 1934 I sysui_multi_action: [757,113,758,1,759,113,927,1,928,1,1593,1]
11-05 02:25:32.498 1934 1934 I sysui_multi_action: [757,0,758,1,759,0,927,2,928,0,1593,1]
11-05 02:25:32.498 1934 1934 I sysui_multi_action: [757,0,758,1,759,0,927,3,928,0,1593,1]
11-05 02:25:32.498 1934 1934 I sysui_multi_action: [757,491,758,1,759,491,927,4,928,0,1311,-1,1593,0]
11-05 02:25:32.498 1934 1934 I sysui_multi_action: [757,0,758,1,759,0,927,5,928,0,1593,0]
11-05 02:25:32.498 1934 1934 I sysui_multi_action: [757,111,758,1]
11-05 02:25:32.498 1934 1934 I sysui_multi_action: [757,126,758,1,759,126,927,0,928,0,1593,1]
11-05 02:25:32.498 1934 1934 I sysui_multi_action: [757,113,758,1,759,113,927,1,928,1,1593,1]
11-05 02:25:32.498 1934 1934 I sysui_multi_action: [757,0,758,1,759,0,927,2,928,0,1593,1]
11-05 02:25:32.498 1934 1934 I sysui_multi_action: [757,0,758,1,759,0,927,3,928,0,1593,1]
11-05 02:25:32.500 1511 1687 I input_focus: [Focus leaving eefcbb2 NotificationShade (server),reason=NO_WINDOW]
11-05 02:25:32.500 1511 1687 I input_focus: [Focus entering a226794 com.android.launcher3/com.android.launcher3.uioverrides.QuickstepLauncher (server),reason=setFocusedWindow]
11-05 02:25:32.767 0 0 I auditd : type=1400 audit(0.0:4922): avc: denied { kill } for comm="swapper/2" capability=5 scontext=u:r:kernel:s0 tcontext=u:r:kernel:s0 tclass=capability permissive=0
11-05 02:25:33.268 1511 1687 I input_interaction: Interaction with: a226794 com.android.launcher3/com.android.launcher3.uioverrides.QuickstepLauncher (server), 2153fad com.android.systemui.ImageWallpaper (server), edge-swipe (server), swipe-up (server), PointerEventDispatcher0 (server),
11-05 02:25:33.387 2535 2535 I view_enqueue_input_event: [Motion - Cancel,com.android.launcher3/com.android.launcher3.uioverrides.QuickstepLauncher]
11-05 02:25:33.388 1511 1687 I input_interaction: Interaction with: edge-swipe (server), swipe-up (server), PointerEventDispatcher0 (server),
11-05 02:25:33.574 1511 1669 I commit_sys_config_file: [settings-1-0,6]
11-05 02:25:33.918 1511 1669 I commit_sys_config_file: [settings-1-0,10]
11-05 02:25:34.436 1511 1687 I input_interaction: Interaction with: a226794 com.android.launcher3/com.android.launcher3.uioverrides.QuickstepLauncher (server), 2153fad com.android.systemui.ImageWallpaper (server), edge-swipe (server), swipe-up (server), PointerEventDispatcher0 (server),
11-05 02:25:34.767 0 0 I auditd : type=1400 audit(0.0:4923): avc: denied { kill } for comm="swapper/2" capability=5 scontext=u:r:kernel:s0 tcontext=u:r:kernel:s0 tclass=capability permissive=0
11-05 02:25:34.986 1511 4178 I wm_finish_activity: [0,252195793,123,com.android.settings/.Settings,recent-task-trimmed]
11-05 02:25:34.988 1511 4178 I wm_destroy_activity: [0,252195793,123,com.android.settings/.Settings,finish-imm:finishIfPossible]
11-05 02:25:34.991 1511 1602 I am_kill : [0,17650,com.android.settings,900,remove task]
11-05 02:25:34.994 1511 1602 I sysui_multi_action: [757,803,799,window_time_0,802,5]
11-05 02:25:35.044 1511 1765 I am_proc_died: [0,17650,com.android.settings,900,18]
11-05 02:25:35.049 1511 1765 I wm_task_removed: [123,removeChild:removeChild last r=ActivityRecord{f0833d1 u0 com.android.settings/.Settings t-1 f}} in t=Task{6e88e0e #123 type=standard A=1000:com.android.settings.root U=0 visible=false mode=fullscreen translucent=true sz=0}]
11-05 02:25:35.049 1511 1765 I wm_task_removed: [123,removeChild]
11-05 02:25:35.069 1511 1610 I am_proc_start: [0,17863,1000,com.android.settings,NULL,]
11-05 02:25:35.109 1511 1765 I am_proc_bound: [0,17863,com.android.settings]
11-05 02:25:35.767 0 0 I auditd : type=1400 audit(0.0:4924): avc: denied { kill } for comm="swapper/2" capability=5 scontext=u:r:kernel:s0 tcontext=u:r:kernel:s0 tclass=capability permissive=0
11-05 02:25:36.305 1511 1687 I input_interaction: Interaction with: a226794 com.android.launcher3/com.android.launcher3.uioverrides.QuickstepLauncher (server), PointerEventDispatcher0 (server),
11-05 02:25:36.767 0 0 I auditd : type=1400 audit(0.0:4925): avc: denied { kill } for comm="swapper/2" capability=5 scontext=u:r:kernel:s0 tcontext=u:r:kernel:s0 tclass=capability permissive=0
11-05 02:25:37.767 0 0 I auditd : type=1400 audit(0.0:4926): avc: denied { kill } for comm="swapper/2" capability=5 scontext=u:r:kernel:s0 tcontext=u:r:kernel:s0 tclass=capability permissive=0
11-05 02:25:38.767 0 0 I auditd : type=1400 audit(0.0:4927): avc: denied { kill } for comm="swapper/2" capability=5 scontext=u:r:kernel:s0 tcontext=u:r:kernel:s0 tclass=capability permissive=0
11-05 02:25:39.767 0 0 I auditd : type=1400 audit(0.0:4928): avc: denied { kill } for comm="swapper/2" capability=5 scontext=u:r:kernel:s0 tcontext=u:r:kernel:s0 tclass=capability permissive=0
11-05 02:25:40.767 0 0 I auditd : type=1400 audit(0.0:4929): avc: denied { kill } for comm="swapper/2" capability=5 scontext=u:r:kernel:s0 tcontext=u:r:kernel:s0 tclass=capability permissive=0
11-05 02:25:41.767 0 0 I auditd : type=1400 audit(0.0:4930): avc: denied { kill } for comm="swapper/2" capability=5 scontext=u:r:kernel:s0 tcontext=u:r:kernel:s0 tclass=capability permissive=0
11-05 02:25:42.767 0 0 I auditd : type=1400 audit(0.0:4931): avc: denied { kill } for comm="swapper/2" capability=5 scontext=u:r:kernel:s0 tcontext=u:r:kernel:s0 tclass=capability permissive=0
11-05 02:25:43.767 0 0 I auditd : type=1400 audit(0.0:4932): avc: denied { kill } for comm="swapper/2" capability=5 scontext=u:r:kernel:s0 tcontext=u:r:kernel:s0 tclass=capability permissive=0
11-05 02:25:44.767 0 0 I auditd : type=1400 audit(0.0:4933): avc: denied { kill } for comm="swapper/2" capability=5 scontext=u:r:kernel:s0 tcontext=u:r:kernel:s0 tclass=capability permissive=0
11-05 02:25:45.767 0 0 I auditd : type=1400 audit(0.0:4934): avc: denied { kill } for comm="swapper/2" capability=5 scontext=u:r:kernel:s0 tcontext=u:r:kernel:s0 tclass=capability permissive=0
11-05 02:25:46.767 0 0 I auditd : type=1400 audit(0.0:4935): avc: denied { kill } for comm="swapper/2" capability=5 scontext=u:r:kernel:s0 tcontext=u:r:kernel:s0 tclass=capability permissive=0
11-05 02:25:46.830 1511 1687 I input_interaction: Interaction with: f0a305f StatusBar (server), edge-swipe (server), swipe-up (server), PointerEventDispatcher0 (server),
11-05 02:25:46.835 1934 1934 I sysui_multi_action: [757,803,799,panel_open,802,1]
11-05 02:25:46.837 1934 1934 I sysui_multi_action: [757,1328,758,4,1326,50,1327,0,1329,0]
11-05 02:25:46.953 1511 2042 I sysui_multi_action: [757,127,758,1]
11-05 02:25:46.954 1511 2042 I sysui_multi_action: [757,804,799,note_load,801,2,802,1]
11-05 02:25:46.955 1511 2042 I notification_panel_revealed: 2
11-05 02:25:46.957 1511 1511 I notification_enqueue: [10082,1934,com.android.systemui,2048,NULL,0,Notification(channel=updateNotification shortcut=null contentView=null vibrate=null sound=null defaults=0x0 flags=0x0 color=0x00000000 vis=PRIVATE),1]
11-05 02:25:46.957 1934 1934 I sysui_multi_action: [757,111,758,2]
11-05 02:25:46.957 1934 1934 I sysui_multi_action: [757,111,758,2]
11-05 02:25:46.975 1511 1603 I input_focus: [Focus request eefcbb2 NotificationShade,reason=UpdateInputWindows]
11-05 02:25:46.981 1934 1934 I sysui_multi_action: [757,111,758,1]
11-05 02:25:46.981 1934 1934 I sysui_multi_action: [757,126,758,1,759,126,927,0,928,0,1593,0]
11-05 02:25:46.981 1934 1934 I sysui_multi_action: [757,113,758,1,759,113,927,1,928,1,1593,0]
11-05 02:25:46.982 1934 1934 I sysui_multi_action: [757,0,758,1,759,0,927,2,928,0,1593,0]
11-05 02:25:46.982 1934 1934 I sysui_multi_action: [757,0,758,1,759,0,927,3,928,0,1593,0]
11-05 02:25:46.982 1934 1934 I sysui_multi_action: [757,491,758,1,759,491,927,4,928,0,1311,-1,1593,0]
11-05 02:25:46.982 1934 1934 I sysui_multi_action: [757,0,758,1,759,0,927,5,928,0,1593,0]
11-05 02:25:46.982 1934 1934 I sysui_multi_action: [757,111,758,1]
11-05 02:25:46.983 1934 1934 I sysui_multi_action: [757,126,758,1,759,126,927,0,928,0,1593,0]
11-05 02:25:46.983 1934 1934 I sysui_multi_action: [757,113,758,1,759,113,927,1,928,1,1593,0]
11-05 02:25:46.983 1934 1934 I sysui_multi_action: [757,0,758,1,759,0,927,2,928,0,1593,0]
11-05 02:25:46.983 1934 1934 I sysui_multi_action: [757,0,758,1,759,0,927,3,928,0,1593,0]
11-05 02:25:47.003 1934 1934 I sysui_multi_action: [757,111,758,2]
11-05 02:25:47.003 1511 1511 I notification_enqueue: [10082,1934,com.android.systemui,2048,NULL,0,Notification(channel=updateNotification shortcut=null contentView=null vibrate=null sound=null defaults=0x0 flags=0x0 color=0x00000000 vis=PRIVATE),1]
11-05 02:25:47.003 1934 1934 I sysui_multi_action: [757,111,758,2]
11-05 02:25:47.004 2535 2535 I view_enqueue_input_event: [Key - Cancel,com.android.launcher3/com.android.launcher3.uioverrides.QuickstepLauncher]
11-05 02:25:47.005 1511 1687 I input_focus: [Focus leaving a226794 com.android.launcher3/com.android.launcher3.uioverrides.QuickstepLauncher (server),reason=setFocusedWindow]
11-05 02:25:47.005 1511 1687 I input_focus: [Focus entering eefcbb2 NotificationShade (server),reason=setFocusedWindow]
11-05 02:25:47.008 1934 1934 I sysui_multi_action: [757,111,758,1]
11-05 02:25:47.008 1934 1934 I sysui_multi_action: [757,126,758,1,759,126,927,0,928,0,1593,0]
11-05 02:25:47.008 1934 1934 I sysui_multi_action: [757,113,758,1,759,113,927,1,928,1,1593,0]
11-05 02:25:47.008 1934 1934 I sysui_multi_action: [757,0,758,1,759,0,927,2,928,0,1593,0]
11-05 02:25:47.008 1934 1934 I sysui_multi_action: [757,0,758,1,759,0,927,3,928,0,1593,0]
11-05 02:25:47.009 1934 1934 I sysui_multi_action: [757,491,758,1,759,491,927,4,928,0,1311,-1,1593,0]
11-05 02:25:47.009 1934 1934 I sysui_multi_action: [757,0,758,1,759,0,927,5,928,0,1593,0]
11-05 02:25:47.009 1934 1934 I sysui_multi_action: [757,111,758,1]
11-05 02:25:47.009 1934 1934 I sysui_multi_action: [757,126,758,1,759,126,927,0,928,0,1593,0]
11-05 02:25:47.009 1934 1934 I sysui_multi_action: [757,113,758,1,759,113,927,1,928,1,1593,0]
11-05 02:25:47.009 1934 1934 I sysui_multi_action: [757,0,758,1,759,0,927,2,928,0,1593,0]
11-05 02:25:47.009 1934 1934 I sysui_multi_action: [757,0,758,1,759,0,927,3,928,0,1593,0]
11-05 02:25:47.025 1934 1934 I sysui_multi_action: [757,111,758,2]
11-05 02:25:47.025 1934 1934 I sysui_multi_action: [757,111,758,2]
11-05 02:25:47.025 1511 1511 I notification_enqueue: [10082,1934,com.android.systemui,2048,NULL,0,Notification(channel=updateNotification shortcut=null contentView=null vibrate=null sound=null defaults=0x0 flags=0x0 color=0x00000000 vis=PRIVATE),1]
11-05 02:25:47.031 1934 1934 I sysui_multi_action: [757,111,758,1]
11-05 02:25:47.031 1934 1934 I sysui_multi_action: [757,126,758,1,759,126,927,0,928,0,1593,0]
11-05 02:25:47.031 1934 1934 I sysui_multi_action: [757,113,758,1,759,113,927,1,928,1,1593,0]
11-05 02:25:47.031 1934 1934 I sysui_multi_action: [757,0,758,1,759,0,927,2,928,0,1593,0]
11-05 02:25:47.031 1934 1934 I sysui_multi_action: [757,0,758,1,759,0,927,3,928,0,1593,0]
11-05 02:25:47.032 1934 1934 I sysui_multi_action: [757,491,758,1,759,491,927,4,928,0,1311,-1,1593,0]
11-05 02:25:47.032 1934 1934 I sysui_multi_action: [757,0,758,1,759,0,927,5,928,0,1593,0]
11-05 02:25:47.032 1934 1934 I sysui_multi_action: [757,111,758,1]
11-05 02:25:47.032 1934 1934 I sysui_multi_action: [757,126,758,1,759,126,927,0,928,0,1593,0]
11-05 02:25:47.032 1934 1934 I sysui_multi_action: [757,113,758,1,759,113,927,1,928,1,1593,0]
11-05 02:25:47.032 1934 1934 I sysui_multi_action: [757,0,758,1,759,0,927,2,928,0,1593,0]
11-05 02:25:47.033 1934 1934 I sysui_multi_action: [757,0,758,1,759,0,927,3,928,0,1593,0]
11-05 02:25:47.045 1934 1934 I sysui_multi_action: [757,111,758,2]
11-05 02:25:47.045 1511 1511 I notification_enqueue: [10082,1934,com.android.systemui,2048,NULL,0,Notification(channel=updateNotification shortcut=null contentView=null vibrate=null sound=null defaults=0x0 flags=0x0 color=0x00000000 vis=PRIVATE),1]
11-05 02:25:47.045 1934 1934 I sysui_multi_action: [757,111,758,2]
11-05 02:25:47.050 1934 1934 I sysui_multi_action: [757,111,758,1]
11-05 02:25:47.050 1934 1934 I sysui_multi_action: [757,126,758,1,759,126,927,0,928,0,1593,0]
11-05 02:25:47.050 1934 1934 I sysui_multi_action: [757,113,758,1,759,113,927,1,928,1,1593,0]
11-05 02:25:47.050 1934 1934 I sysui_multi_action: [757,0,758,1,759,0,927,2,928,0,1593,0]
11-05 02:25:47.050 1934 1934 I sysui_multi_action: [757,0,758,1,759,0,927,3,928,0,1593,0]
11-05 02:25:47.051 1934 1934 I sysui_multi_action: [757,491,758,1,759,491,927,4,928,0,1311,-1,1593,0]
11-05 02:25:47.051 1934 1934 I sysui_multi_action: [757,0,758,1,759,0,927,5,928,0,1593,0]
11-05 02:25:47.051 1934 1934 I sysui_multi_action: [757,111,758,1]
11-05 02:25:47.051 1934 1934 I sysui_multi_action: [757,126,758,1,759,126,927,0,928,0,1593,0]
11-05 02:25:47.051 1934 1934 I sysui_multi_action: [757,113,758,1,759,113,927,1,928,1,1593,0]
11-05 02:25:47.051 1934 1934 I sysui_multi_action: [757,0,758,1,759,0,927,2,928,0,1593,0]
11-05 02:25:47.052 1934 1934 I sysui_multi_action: [757,0,758,1,759,0,927,3,928,0,1593,0]
11-05 02:25:47.504 1511 1540 I sysui_multi_action: [757,128,758,1,793,4406393,794,0,795,4406393,796,26,798,0,806,android,857,DEVELOPER_IMPORTANT,858,4,947,0,1395,2,1500,4405696,1688,1]
11-05 02:25:47.504 1511 1540 I sysui_multi_action: [757,804,799,note_freshness,801,4406393,802,1]
11-05 02:25:47.504 1511 1540 I notification_visibility: [-1|android|26|null|1000,1,4406393,4406393,0,0]
11-05 02:25:47.505 1511 1540 I sysui_multi_action: [757,128,758,1,793,4407169,794,0,795,4407169,796,32,798,1,806,android,857,USB,858,1,947,0,1395,2,1500,4407111,1688,1]
11-05 02:25:47.505 1511 1540 I sysui_multi_action: [757,804,799,note_freshness,801,4407169,802,1]
11-05 02:25:47.505 1511 1540 I notification_visibility: [-1|android|32|null|1000,1,4407169,4407169,0,1]
11-05 02:25:48.767 0 0 I auditd : type=1400 audit(0.0:4936): avc: denied { kill } for comm="swapper/2" capability=5 scontext=u:r:kernel:s0 tcontext=u:r:kernel:s0 tclass=capability permissive=0
11-05 02:25:48.948 1511 1687 I input_interaction: Interaction with: eefcbb2 NotificationShade (server), edge-swipe (server), swipe-up (server), PointerEventDispatcher0 (server),
11-05 02:25:49.092 1934 1934 I sysui_multi_action: [757,925,758,4,759,126,927,0,928,0,1592,0,1593,1]
11-05 02:25:49.134 1511 1540 D TelephonyRegistry: listen oscl: mHasNotifySubscriptionInfoChangedOccurred==false no callback
11-05 02:25:49.136 1934 1934 W CarrierConfigManager: Error getting config for subId -1 ICarrierConfigLoader is null
11-05 02:25:49.159 1511 1603 I input_focus: [Focus request d81a234 InternetDialog,reason=UpdateInputWindows]
11-05 02:25:49.191 1511 1687 I input_focus: [Focus leaving eefcbb2 NotificationShade (server),reason=setFocusedWindow]
11-05 02:25:49.191 1511 1687 I input_focus: [Focus entering d81a234 InternetDialog (server),reason=setFocusedWindow]
11-05 02:25:49.767 0 0 I auditd : type=1400 audit(0.0:4937): avc: denied { kill } for comm="swapper/2" capability=5 scontext=u:r:kernel:s0 tcontext=u:r:kernel:s0 tclass=capability permissive=0
11-05 02:25:50.198 1511 1687 I input_interaction: Interaction with: d81a234 InternetDialog (server), edge-swipe (server), swipe-up (server), PointerEventDispatcher0 (server),
11-05 02:25:50.511 1511 1669 I commit_sys_config_file: [settings-0-0,11]
11-05 02:25:50.767 0 0 I auditd : type=1400 audit(0.0:4938): avc: denied { kill } for comm="swapper/2" capability=5 scontext=u:r:kernel:s0 tcontext=u:r:kernel:s0 tclass=capability permissive=0
11-05 02:25:51.767 0 0 I auditd : type=1400 audit(0.0:4939): avc: denied { kill } for comm="swapper/2" capability=5 scontext=u:r:kernel:s0 tcontext=u:r:kernel:s0 tclass=capability permissive=0
11-05 02:25:52.767 0 0 I auditd : type=1400 audit(0.0:4940): avc: denied { kill } for comm="swapper/2" capability=5 scontext=u:r:kernel:s0 tcontext=u:r:kernel:s0 tclass=capability permissive=0
11-05 02:25:53.852 1511 1749 I netstats_mobile_sample: [0,0,0,0,0,0,0,0,0,0,0,0,1667586353852]
11-05 02:25:53.853 1511 1749 I netstats_wifi_sample: [10961086,29193,12052201,33581,10961086,29193,12052201,33581,19049676,87886,6092628,17714,1667586353852]
11-05 02:25:53.974 1511 1749 I netstats_mobile_sample: [0,0,0,0,0,0,0,0,0,0,0,0,1667586353973]
11-05 02:25:53.974 1511 1749 I netstats_wifi_sample: [10961086,29193,12052201,33581,10961086,29193,12052201,33581,19049676,87886,6092628,17714,1667586353973]
11-05 02:25:53.995 1511 1749 I netstats_mobile_sample: [0,0,0,0,0,0,0,0,0,0,0,0,1667586353995]
11-05 02:25:53.995 1511 1749 I netstats_wifi_sample: [10961086,29193,12052201,33581,10961086,29193,12052201,33581,19049676,87886,6092628,17714,1667586353995]
11-05 02:25:54.025 1511 1749 I netstats_mobile_sample: [0,0,0,0,0,0,0,0,0,0,0,0,1667586354025]
11-05 02:25:54.026 1511 1749 I netstats_wifi_sample: [10961086,29193,12052201,33581,10961086,29193,12052201,33581,19049676,87886,6092628,17714,1667586354025]
11-05 02:25:54.047 1511 1749 I netstats_mobile_sample: [0,0,0,0,0,0,0,0,0,0,0,0,1667586354047]
11-05 02:25:54.047 1511 1749 I netstats_wifi_sample: [10961086,29193,12052201,33581,10961086,29193,12052201,33581,19049676,87886,6092628,17714,1667586354047]
11-05 02:25:54.061 1511 1599 I service_manager_stats: [100,116,35298]
11-05 02:25:55.767 0 0 I auditd : type=1400 audit(0.0:4941): avc: denied { kill } for comm="swapper/0" capability=5 scontext=u:r:kernel:s0 tcontext=u:r:kernel:s0 tclass=capability permissive=0
11-05 02:25:56.767 0 0 I auditd : type=1400 audit(0.0:4942): avc: denied { kill } for comm="swapper/0" capability=5 scontext=u:r:kernel:s0 tcontext=u:r:kernel:s0 tclass=capability permissive=0
11-05 02:25:57.767 0 0 I auditd : type=1400 audit(0.0:4943): avc: denied { kill } for comm="swapper/0" capability=5 scontext=u:r:kernel:s0 tcontext=u:r:kernel:s0 tclass=capability permissive=0
11-05 02:25:58.767 352 352 I auditd : type=1400 audit(0.0:4944): avc: denied { kill } for comm="irq/382-atmel_m" capability=5 scontext=u:r:kernel:s0 tcontext=u:r:kernel:s0 tclass=capability permissive=0
11-05 02:25:58.926 1511 1669 I commit_sys_config_file: [settings-0-0,10]
11-05 02:25:59.067 1511 2001 I ntp_failure: [time.android.com,java.net.UnknownHostException: Unable to resolve host "time.android.com": No address associated with hostname]
11-05 02:25:59.071 842 842 I auditd : type=1400 audit(0.0:4945): avc: denied { search } for comm="wifi@1.0-servic" name="tombstones" dev="dm-10" ino=36 scontext=u:r:hal_wifi_default:s0 tcontext=u:object_r:vendor_tombstone_data_file:s0 tclass=dir permissive=0
11-05 02:25:59.105 1511 1749 I netstats_mobile_sample: [0,0,0,0,0,0,0,0,0,0,0,0,1667586359104]
11-05 02:25:59.105 1511 1749 I netstats_wifi_sample: [10966378,29210,12060387,33621,10966378,29210,12060387,33621,19076293,87961,6097224,17741,1667586359104]
11-05 02:25:59.767 0 0 I auditd : type=1400 audit(0.0:4946): avc: denied { kill } for comm="swapper/0" capability=5 scontext=u:r:kernel:s0 tcontext=u:r:kernel:s0 tclass=capability permissive=0
11-05 02:26:00.597 1511 1669 I commit_sys_config_file: [settings-0-0,7]
11-05 02:26:00.767 0 0 I auditd : type=1400 audit(0.0:4947): avc: denied { kill } for comm="swapper/0" capability=5 scontext=u:r:kernel:s0 tcontext=u:r:kernel:s0 tclass=capability permissive=0
11-05 02:26:02.116 1391 17976 I liblog : 406
11-05 02:26:02.749 1511 1603 I input_focus: [Focus request eefcbb2 NotificationShade,reason=UpdateInputWindows]
11-05 02:26:02.772 1511 1687 I input_focus: [Focus entering eefcbb2 NotificationShade (server),reason=setFocusedWindow]
11-05 02:26:02.851 1511 1749 I netstats_mobile_sample: [0,0,0,0,0,0,0,0,0,0,0,0,1667586362851]
11-05 02:26:02.852 1511 1749 I netstats_wifi_sample: [10966378,29210,12060387,33621,10966378,29210,12060387,33621,19076293,87961,6097224,17741,1667586362851]
11-05 02:26:02.964 1511 1749 I netstats_mobile_sample: [0,0,0,0,0,0,0,0,0,0,0,0,1667586362964]
11-05 02:26:02.964 1511 1749 I netstats_wifi_sample: [10966378,29210,12060387,33621,10966378,29210,12060387,33621,19076293,87961,6097224,17741,1667586362964]
11-05 02:26:02.973 1511 1749 I netstats_mobile_sample: [0,0,0,0,0,0,0,0,0,0,0,0,1667586362973]
11-05 02:26:02.973 1511 1749 I netstats_wifi_sample: [10966378,29210,12060387,33621,10966378,29210,12060387,33621,19076293,87961,6097224,17741,1667586362973]
11-05 02:26:02.994 1511 1749 I netstats_mobile_sample: [0,0,0,0,0,0,0,0,0,0,0,0,1667586362993]
11-05 02:26:02.994 1511 1749 I netstats_wifi_sample: [10966378,29210,12060387,33621,10966378,29210,12060387,33621,19076293,87961,6097224,17741,1667586362993]
11-05 02:26:03.018 1511 1749 I netstats_mobile_sample: [0,0,0,0,0,0,0,0,0,0,0,0,1667586363018]
11-05 02:26:03.018 1511 1749 I netstats_wifi_sample: [10966378,29210,12060387,33621,10966378,29210,12060387,33621,19076293,87961,6097224,17741,1667586363018]
11-05 02:26:03.252 1511 1687 I input_interaction: Interaction with: eefcbb2 NotificationShade (server), edge-swipe (server), swipe-up (server), PointerEventDispatcher0 (server),
11-05 02:26:03.578 1934 1934 I sysui_multi_action: [757,111,758,2]
11-05 02:26:03.579 1934 1934 I sysui_multi_action: [757,111,758,2]
11-05 02:26:03.579 1511 1511 I notification_enqueue: [10082,1934,com.android.systemui,2048,NULL,0,Notification(channel=updateNotification shortcut=null contentView=null vibrate=null sound=null defaults=0x0 flags=0x0 color=0x00000000 vis=PRIVATE),1]
11-05 02:26:03.584 1934 1934 I sysui_multi_action: [757,111,758,1]
11-05 02:26:03.584 1934 1934 I sysui_multi_action: [757,126,758,1,759,126,927,0,928,1,1593,1]
11-05 02:26:03.584 1934 1934 I sysui_multi_action: [757,113,758,1,759,113,927,1,928,1,1593,1]
11-05 02:26:03.584 1934 1934 I sysui_multi_action: [757,0,758,1,759,0,927,2,928,0,1593,1]
11-05 02:26:03.584 1934 1934 I sysui_multi_action: [757,0,758,1,759,0,927,3,928,0,1593,1]
11-05 02:26:03.585 1934 1934 I sysui_multi_action: [757,491,758,1,759,491,927,4,928,0,1311,-1,1593,0]
11-05 02:26:03.585 1934 1934 I sysui_multi_action: [757,0,758,1,759,0,927,5,928,0,1593,0]
11-05 02:26:03.585 1934 1934 I sysui_multi_action: [757,111,758,1]
11-05 02:26:03.585 1934 1934 I sysui_multi_action: [757,126,758,1,759,126,927,0,928,1,1593,1]
11-05 02:26:03.585 1934 1934 I sysui_multi_action: [757,113,758,1,759,113,927,1,928,1,1593,1]
11-05 02:26:03.585 1934 1934 I sysui_multi_action: [757,0,758,1,759,0,927,2,928,0,1593,1]
11-05 02:26:03.585 1934 1934 I sysui_multi_action: [757,0,758,1,759,0,927,3,928,0,1593,1]
11-05 02:26:03.602 1934 1934 I sysui_multi_action: [757,111,758,2]
11-05 02:26:03.602 1934 1934 I sysui_multi_action: [757,111,758,2]
11-05 02:26:03.603 1511 1511 I notification_enqueue: [10082,1934,com.android.systemui,2048,NULL,0,Notification(channel=updateNotification shortcut=null contentView=null vibrate=null sound=null defaults=0x0 flags=0x0 color=0x00000000 vis=PRIVATE),1]
11-05 02:26:03.607 1934 1934 I sysui_multi_action: [757,111,758,1]
11-05 02:26:03.608 1934 1934 I sysui_multi_action: [757,126,758,1,759,126,927,0,928,1,1593,1]
11-05 02:26:03.608 1934 1934 I sysui_multi_action: [757,113,758,1,759,113,927,1,928,1,1593,1]
11-05 02:26:03.608 1934 1934 I sysui_multi_action: [757,0,758,1,759,0,927,2,928,0,1593,1]
11-05 02:26:03.608 1934 1934 I sysui_multi_action: [757,0,758,1,759,0,927,3,928,0,1593,1]
11-05 02:26:03.608 1934 1934 I sysui_multi_action: [757,491,758,1,759,491,927,4,928,0,1311,-1,1593,0]
11-05 02:26:03.608 1934 1934 I sysui_multi_action: [757,0,758,1,759,0,927,5,928,0,1593,0]
11-05 02:26:03.609 1934 1934 I sysui_multi_action: [757,111,758,1]
11-05 02:26:03.609 1934 1934 I sysui_multi_action: [757,126,758,1,759,126,927,0,928,1,1593,1]
11-05 02:26:03.609 1934 1934 I sysui_multi_action: [757,113,758,1,759,113,927,1,928,1,1593,1]
11-05 02:26:03.609 1934 1934 I sysui_multi_action: [757,0,758,1,759,0,927,2,928,0,1593,1]
11-05 02:26:03.609 1934 1934 I sysui_multi_action: [757,0,758,1,759,0,927,3,928,0,1593,1]
11-05 02:26:03.621 1934 1934 I sysui_multi_action: [757,111,758,2]
11-05 02:26:03.622 1934 1934 I sysui_multi_action: [757,111,758,2]
11-05 02:26:03.622 1511 1511 I notification_enqueue: [10082,1934,com.android.systemui,2048,NULL,0,Notification(channel=updateNotification shortcut=null contentView=null vibrate=null sound=null defaults=0x0 flags=0x0 color=0x00000000 vis=PRIVATE),1]
11-05 02:26:03.626 1934 1934 I sysui_multi_action: [757,111,758,1]
11-05 02:26:03.627 1934 1934 I sysui_multi_action: [757,126,758,1,759,126,927,0,928,1,1593,1]
11-05 02:26:03.627 1934 1934 I sysui_multi_action: [757,113,758,1,759,113,927,1,928,1,1593,1]
11-05 02:26:03.627 1934 1934 I sysui_multi_action: [757,0,758,1,759,0,927,2,928,0,1593,1]
11-05 02:26:03.627 1934 1934 I sysui_multi_action: [757,0,758,1,759,0,927,3,928,0,1593,1]
11-05 02:26:03.627 1934 1934 I sysui_multi_action: [757,491,758,1,759,491,927,4,928,0,1311,-1,1593,0]
11-05 02:26:03.627 1934 1934 I sysui_multi_action: [757,0,758,1,759,0,927,5,928,0,1593,0]
11-05 02:26:03.627 1934 1934 I sysui_multi_action: [757,111,758,1]
11-05 02:26:03.628 1934 1934 I sysui_multi_action: [757,126,758,1,759,126,927,0,928,1,1593,1]
11-05 02:26:03.628 1934 1934 I sysui_multi_action: [757,113,758,1,759,113,927,1,928,1,1593,1]
11-05 02:26:03.628 1934 1934 I sysui_multi_action: [757,0,758,1,759,0,927,2,928,0,1593,1]
11-05 02:26:03.628 1934 1934 I sysui_multi_action: [757,0,758,1,759,0,927,3,928,0,1593,1]
11-05 02:26:03.641 1934 1934 I sysui_multi_action: [757,111,758,2]
11-05 02:26:03.641 1934 1934 I sysui_multi_action: [757,111,758,2]
11-05 02:26:03.641 1511 1511 I notification_enqueue: [10082,1934,com.android.systemui,2048,NULL,0,Notification(channel=updateNotification shortcut=null contentView=null vibrate=null sound=null defaults=0x0 flags=0x0 color=0x00000000 vis=PRIVATE),1]
11-05 02:26:03.645 1934 1934 I sysui_multi_action: [757,111,758,1]
11-05 02:26:03.645 1934 1934 I sysui_multi_action: [757,126,758,1,759,126,927,0,928,1,1593,1]
11-05 02:26:03.645 1934 1934 I sysui_multi_action: [757,113,758,1,759,113,927,1,928,1,1593,1]
11-05 02:26:03.645 1934 1934 I sysui_multi_action: [757,0,758,1,759,0,927,2,928,0,1593,1]
11-05 02:26:03.645 1934 1934 I sysui_multi_action: [757,0,758,1,759,0,927,3,928,0,1593,1]
11-05 02:26:03.646 1934 1934 I sysui_multi_action: [757,491,758,1,759,491,927,4,928,0,1311,-1,1593,0]
11-05 02:26:03.646 1934 1934 I sysui_multi_action: [757,0,758,1,759,0,927,5,928,0,1593,0]
11-05 02:26:03.646 1934 1934 I sysui_multi_action: [757,111,758,1]
11-05 02:26:03.646 1934 1934 I sysui_multi_action: [757,126,758,1,759,126,927,0,928,1,1593,1]
11-05 02:26:03.646 1934 1934 I sysui_multi_action: [757,113,758,1,759,113,927,1,928,1,1593,1]
11-05 02:26:03.646 1934 1934 I sysui_multi_action: [757,0,758,1,759,0,927,2,928,0,1593,1]
11-05 02:26:03.646 1934 1934 I sysui_multi_action: [757,0,758,1,759,0,927,3,928,0,1593,1]
11-05 02:26:03.656 1934 1934 I sysui_multi_action: [757,111,758,2]
11-05 02:26:03.656 1934 1934 I sysui_multi_action: [757,111,758,2]
11-05 02:26:03.656 1511 1511 I notification_enqueue: [10082,1934,com.android.systemui,2048,NULL,0,Notification(channel=updateNotification shortcut=null contentView=null vibrate=null sound=null defaults=0x0 flags=0x0 color=0x00000000 vis=PRIVATE),1]
11-05 02:26:03.659 1934 1934 I sysui_multi_action: [757,111,758,1]
11-05 02:26:03.660 1934 1934 I sysui_multi_action: [757,126,758,1,759,126,927,0,928,1,1593,0]
11-05 02:26:03.660 1934 1934 I sysui_multi_action: [757,113,758,1,759,113,927,1,928,1,1593,0]
11-05 02:26:03.660 1934 1934 I sysui_multi_action: [757,0,758,1,759,0,927,2,928,0,1593,0]
11-05 02:26:03.660 1934 1934 I sysui_multi_action: [757,0,758,1,759,0,927,3,928,0,1593,0]
11-05 02:26:03.660 1934 1934 I sysui_multi_action: [757,491,758,1,759,491,927,4,928,0,1311,-1,1593,0]
11-05 02:26:03.660 1934 1934 I sysui_multi_action: [757,0,758,1,759,0,927,5,928,0,1593,0]
11-05 02:26:03.660 1934 1934 I sysui_multi_action: [757,111,758,1]
11-05 02:26:03.660 1934 1934 I sysui_multi_action: [757,126,758,1,759,126,927,0,928,1,1593,0]
11-05 02:26:03.660 1934 1934 I sysui_multi_action: [757,113,758,1,759,113,927,1,928,1,1593,0]
11-05 02:26:03.661 1934 1934 I sysui_multi_action: [757,0,758,1,759,0,927,2,928,0,1593,0]
11-05 02:26:03.661 1934 1934 I sysui_multi_action: [757,0,758,1,759,0,927,3,928,0,1593,0]
11-05 02:26:03.670 1934 1934 I sysui_multi_action: [757,111,758,2]
11-05 02:26:03.670 1511 1511 I notification_enqueue: [10082,1934,com.android.systemui,2048,NULL,0,Notification(channel=updateNotification shortcut=null contentView=null vibrate=null sound=null defaults=0x0 flags=0x0 color=0x00000000 vis=PRIVATE),1]
11-05 02:26:03.670 1934 1934 I sysui_multi_action: [757,111,758,2]
11-05 02:26:03.674 1934 1934 I sysui_multi_action: [757,111,758,1]
11-05 02:26:03.674 1934 1934 I sysui_multi_action: [757,126,758,1,759,126,927,0,928,1,1593,1]
11-05 02:26:03.674 1934 1934 I sysui_multi_action: [757,113,758,1,759,113,927,1,928,1,1593,1]
11-05 02:26:03.674 1934 1934 I sysui_multi_action: [757,0,758,1,759,0,927,2,928,0,1593,1]
11-05 02:26:03.674 1934 1934 I sysui_multi_action: [757,0,758,1,759,0,927,3,928,0,1593,1]
11-05 02:26:03.675 1934 1934 I sysui_multi_action: [757,491,758,1,759,491,927,4,928,0,1311,-1,1593,0]
11-05 02:26:03.675 1934 1934 I sysui_multi_action: [757,0,758,1,759,0,927,5,928,0,1593,0]
11-05 02:26:03.675 1934 1934 I sysui_multi_action: [757,111,758,1]
11-05 02:26:03.675 1934 1934 I sysui_multi_action: [757,126,758,1,759,126,927,0,928,1,1593,1]
11-05 02:26:03.675 1934 1934 I sysui_multi_action: [757,113,758,1,759,113,927,1,928,1,1593,1]
11-05 02:26:03.675 1934 1934 I sysui_multi_action: [757,0,758,1,759,0,927,2,928,0,1593,1]
11-05 02:26:03.675 1934 1934 I sysui_multi_action: [757,0,758,1,759,0,927,3,928,0,1593,1]
11-05 02:26:03.687 1934 1934 I sysui_multi_action: [757,111,758,2]
11-05 02:26:03.687 1934 1934 I sysui_multi_action: [757,111,758,2]
11-05 02:26:03.687 1511 1511 I notification_enqueue: [10082,1934,com.android.systemui,2048,NULL,0,Notification(channel=updateNotification shortcut=null contentView=null vibrate=null sound=null defaults=0x0 flags=0x0 color=0x00000000 vis=PRIVATE),1]
11-05 02:26:03.690 1934 1934 I sysui_multi_action: [757,111,758,1]
11-05 02:26:03.691 1934 1934 I sysui_multi_action: [757,126,758,1,759,126,927,0,928,1,1593,1]
11-05 02:26:03.691 1934 1934 I sysui_multi_action: [757,113,758,1,759,113,927,1,928,1,1593,1]
11-05 02:26:03.691 1934 1934 I sysui_multi_action: [757,0,758,1,759,0,927,2,928,0,1593,1]
11-05 02:26:03.691 1934 1934 I sysui_multi_action: [757,0,758,1,759,0,927,3,928,0,1593,1]
11-05 02:26:03.691 1934 1934 I sysui_multi_action: [757,491,758,1,759,491,927,4,928,0,1311,-1,1593,0]
11-05 02:26:03.691 1934 1934 I sysui_multi_action: [757,0,758,1,759,0,927,5,928,0,1593,0]
11-05 02:26:03.691 1934 1934 I sysui_multi_action: [757,111,758,1]
11-05 02:26:03.691 1934 1934 I sysui_multi_action: [757,126,758,1,759,126,927,0,928,1,1593,1]
11-05 02:26:03.691 1934 1934 I sysui_multi_action: [757,113,758,1,759,113,927,1,928,1,1593,1]
11-05 02:26:03.691 1934 1934 I sysui_multi_action: [757,0,758,1,759,0,927,2,928,0,1593,1]
11-05 02:26:03.691 1934 1934 I sysui_multi_action: [757,0,758,1,759,0,927,3,928,0,1593,1]
11-05 02:26:03.704 1934 1934 I sysui_multi_action: [757,111,758,2]
11-05 02:26:03.704 1934 1934 I sysui_multi_action: [757,111,758,2]
11-05 02:26:03.704 1511 1511 I notification_enqueue: [10082,1934,com.android.systemui,2048,NULL,0,Notification(channel=updateNotification shortcut=null contentView=null vibrate=null sound=null defaults=0x0 flags=0x0 color=0x00000000 vis=PRIVATE),1]
11-05 02:26:03.708 1934 1934 I sysui_multi_action: [757,111,758,1]
11-05 02:26:03.708 1934 1934 I sysui_multi_action: [757,126,758,1,759,126,927,0,928,1,1593,1]
11-05 02:26:03.708 1934 1934 I sysui_multi_action: [757,113,758,1,759,113,927,1,928,1,1593,1]
11-05 02:26:03.708 1934 1934 I sysui_multi_action: [757,0,758,1,759,0,927,2,928,0,1593,1]
11-05 02:26:03.708 1934 1934 I sysui_multi_action: [757,0,758,1,759,0,927,3,928,0,1593,1]
11-05 02:26:03.708 1934 1934 I sysui_multi_action: [757,491,758,1,759,491,927,4,928,0,1311,-1,1593,0]
11-05 02:26:03.708 1934 1934 I sysui_multi_action: [757,0,758,1,759,0,927,5,928,0,1593,0]
11-05 02:26:03.709 1934 1934 I sysui_multi_action: [757,111,758,1]
11-05 02:26:03.709 1934 1934 I sysui_multi_action: [757,126,758,1,759,126,927,0,928,1,1593,1]
11-05 02:26:03.709 1934 1934 I sysui_multi_action: [757,113,758,1,759,113,927,1,928,1,1593,1]
11-05 02:26:03.709 1934 1934 I sysui_multi_action: [757,0,758,1,759,0,927,2,928,0,1593,1]
11-05 02:26:03.709 1934 1934 I sysui_multi_action: [757,0,758,1,759,0,927,3,928,0,1593,1]
11-05 02:26:03.721 1934 1934 I sysui_multi_action: [757,111,758,2]
11-05 02:26:03.721 1511 1511 I notification_enqueue: [10082,1934,com.android.systemui,2048,NULL,0,Notification(channel=updateNotification shortcut=null contentView=null vibrate=null sound=null defaults=0x0 flags=0x0 color=0x00000000 vis=PRIVATE),1]
11-05 02:26:03.721 1934 1934 I sysui_multi_action: [757,111,758,2]
11-05 02:26:03.725 1934 1934 I sysui_multi_action: [757,111,758,1]
11-05 02:26:03.725 1934 1934 I sysui_multi_action: [757,126,758,1,759,126,927,0,928,1,1593,1]
11-05 02:26:03.725 1934 1934 I sysui_multi_action: [757,113,758,1,759,113,927,1,928,1,1593,1]
11-05 02:26:03.726 1934 1934 I sysui_multi_action: [757,0,758,1,759,0,927,2,928,0,1593,1]
11-05 02:26:03.726 1934 1934 I sysui_multi_action: [757,0,758,1,759,0,927,3,928,0,1593,1]
11-05 02:26:03.726 1934 1934 I sysui_multi_action: [757,491,758,1,759,491,927,4,928,0,1311,-1,1593,0]
11-05 02:26:03.726 1934 1934 I sysui_multi_action: [757,0,758,1,759,0,927,5,928,0,1593,0]
11-05 02:26:03.726 1934 1934 I sysui_multi_action: [757,111,758,1]
11-05 02:26:03.726 1934 1934 I sysui_multi_action: [757,126,758,1,759,126,927,0,928,1,1593,1]
11-05 02:26:03.726 1934 1934 I sysui_multi_action: [757,113,758,1,759,113,927,1,928,1,1593,1]
11-05 02:26:03.727 1934 1934 I sysui_multi_action: [757,0,758,1,759,0,927,2,928,0,1593,1]
11-05 02:26:03.727 1934 1934 I sysui_multi_action: [757,0,758,1,759,0,927,3,928,0,1593,1]
11-05 02:26:03.737 1934 1934 I sysui_multi_action: [757,111,758,2]
11-05 02:26:03.737 1934 1934 I sysui_multi_action: [757,111,758,2]
11-05 02:26:03.737 1511 1511 I notification_enqueue: [10082,1934,com.android.systemui,2048,NULL,0,Notification(channel=updateNotification shortcut=null contentView=null vibrate=null sound=null defaults=0x0 flags=0x0 color=0x00000000 vis=PRIVATE),1]
11-05 02:26:03.742 1934 1934 I sysui_multi_action: [757,111,758,1]
11-05 02:26:03.742 1934 1934 I sysui_multi_action: [757,126,758,1,759,126,927,0,928,1,1593,1]
11-05 02:26:03.742 1934 1934 I sysui_multi_action: [757,113,758,1,759,113,927,1,928,1,1593,1]
11-05 02:26:03.742 1934 1934 I sysui_multi_action: [757,0,758,1,759,0,927,2,928,0,1593,1]
11-05 02:26:03.742 1934 1934 I sysui_multi_action: [757,0,758,1,759,0,927,3,928,0,1593,1]
11-05 02:26:03.742 1934 1934 I sysui_multi_action: [757,491,758,1,759,491,927,4,928,0,1311,-1,1593,0]
11-05 02:26:03.742 1934 1934 I sysui_multi_action: [757,0,758,1,759,0,927,5,928,0,1593,0]
11-05 02:26:03.742 1934 1934 I sysui_multi_action: [757,111,758,1]
11-05 02:26:03.743 1934 1934 I sysui_multi_action: [757,126,758,1,759,126,927,0,928,1,1593,1]
11-05 02:26:03.743 1934 1934 I sysui_multi_action: [757,113,758,1,759,113,927,1,928,1,1593,1]
11-05 02:26:03.743 1934 1934 I sysui_multi_action: [757,0,758,1,759,0,927,2,928,0,1593,1]
11-05 02:26:03.743 1934 1934 I sysui_multi_action: [757,0,758,1,759,0,927,3,928,0,1593,1]
11-05 02:26:03.754 1934 1934 I sysui_multi_action: [757,111,758,2]
11-05 02:26:03.754 1511 1511 I notification_enqueue: [10082,1934,com.android.systemui,2048,NULL,0,Notification(channel=updateNotification shortcut=null contentView=null vibrate=null sound=null defaults=0x0 flags=0x0 color=0x00000000 vis=PRIVATE),1]
11-05 02:26:03.754 1934 1934 I sysui_multi_action: [757,111,758,2]
11-05 02:26:03.758 1934 1934 I sysui_multi_action: [757,111,758,1]
11-05 02:26:03.758 1934 1934 I sysui_multi_action: [757,126,758,1,759,126,927,0,928,1,1593,1]
11-05 02:26:03.758 1934 1934 I sysui_multi_action: [757,113,758,1,759,113,927,1,928,1,1593,1]
11-05 02:26:03.758 1934 1934 I sysui_multi_action: [757,0,758,1,759,0,927,2,928,0,1593,1]
11-05 02:26:03.758 1934 1934 I sysui_multi_action: [757,0,758,1,759,0,927,3,928,0,1593,1]
11-05 02:26:03.759 1934 1934 I sysui_multi_action: [757,491,758,1,759,491,927,4,928,0,1311,-1,1593,0]
11-05 02:26:03.759 1934 1934 I sysui_multi_action: [757,0,758,1,759,0,927,5,928,0,1593,0]
11-05 02:26:03.759 1934 1934 I sysui_multi_action: [757,111,758,1]
11-05 02:26:03.759 1934 1934 I sysui_multi_action: [757,126,758,1,759,126,927,0,928,1,1593,1]
11-05 02:26:03.759 1934 1934 I sysui_multi_action: [757,113,758,1,759,113,927,1,928,1,1593,1]
11-05 02:26:03.759 1934 1934 I sysui_multi_action: [757,0,758,1,759,0,927,2,928,0,1593,1]
11-05 02:26:03.759 1934 1934 I sysui_multi_action: [757,0,758,1,759,0,927,3,928,0,1593,1]
11-05 02:26:03.770 1934 1934 I sysui_multi_action: [757,111,758,2]
11-05 02:26:03.771 1511 1511 I notification_enqueue: [10082,1934,com.android.systemui,2048,NULL,0,Notification(channel=updateNotification shortcut=null contentView=null vibrate=null sound=null defaults=0x0 flags=0x0 color=0x00000000 vis=PRIVATE),1]
11-05 02:26:03.771 1934 1934 I sysui_multi_action: [757,111,758,2]
11-05 02:26:03.774 1934 1934 I sysui_multi_action: [757,111,758,1]
11-05 02:26:03.774 1934 1934 I sysui_multi_action: [757,126,758,1,759,126,927,0,928,1,1593,1]
11-05 02:26:03.774 1934 1934 I sysui_multi_action: [757,113,758,1,759,113,927,1,928,1,1593,1]
11-05 02:26:03.774 1934 1934 I sysui_multi_action: [757,0,758,1,759,0,927,2,928,0,1593,1]
11-05 02:26:03.775 1934 1934 I sysui_multi_action: [757,0,758,1,759,0,927,3,928,0,1593,1]
11-05 02:26:03.775 1934 1934 I sysui_multi_action: [757,491,758,1,759,491,927,4,928,0,1311,-1,1593,0]
11-05 02:26:03.775 1934 1934 I sysui_multi_action: [757,0,758,1,759,0,927,5,928,0,1593,0]
11-05 02:26:03.775 1934 1934 I sysui_multi_action: [757,111,758,1]
11-05 02:26:03.775 1934 1934 I sysui_multi_action: [757,126,758,1,759,126,927,0,928,1,1593,1]
11-05 02:26:03.775 1934 1934 I sysui_multi_action: [757,113,758,1,759,113,927,1,928,1,1593,1]
11-05 02:26:03.775 1934 1934 I sysui_multi_action: [757,0,758,1,759,0,927,2,928,0,1593,1]
11-05 02:26:03.775 1934 1934 I sysui_multi_action: [757,0,758,1,759,0,927,3,928,0,1593,1]
11-05 02:26:03.787 1934 1934 I sysui_multi_action: [757,111,758,2]
11-05 02:26:03.787 1934 1934 I sysui_multi_action: [757,111,758,2]
11-05 02:26:03.787 1511 1511 I notification_enqueue: [10082,1934,com.android.systemui,2048,NULL,0,Notification(channel=updateNotification shortcut=null contentView=null vibrate=null sound=null defaults=0x0 flags=0x0 color=0x00000000 vis=PRIVATE),1]
11-05 02:26:03.790 1934 1934 I sysui_multi_action: [757,111,758,1]
11-05 02:26:03.790 1934 1934 I sysui_multi_action: [757,126,758,1,759,126,927,0,928,1,1593,1]
11-05 02:26:03.790 1934 1934 I sysui_multi_action: [757,113,758,1,759,113,927,1,928,1,1593,1]
11-05 02:26:03.790 1934 1934 I sysui_multi_action: [757,0,758,1,759,0,927,2,928,0,1593,1]
11-05 02:26:03.791 1934 1934 I sysui_multi_action: [757,0,758,1,759,0,927,3,928,0,1593,1]
11-05 02:26:03.791 1934 1934 I sysui_multi_action: [757,491,758,1,759,491,927,4,928,0,1311,-1,1593,0]
11-05 02:26:03.791 1934 1934 I sysui_multi_action: [757,0,758,1,759,0,927,5,928,0,1593,0]
11-05 02:26:03.791 1934 1934 I sysui_multi_action: [757,111,758,1]
11-05 02:26:03.791 1934 1934 I sysui_multi_action: [757,126,758,1,759,126,927,0,928,1,1593,1]
11-05 02:26:03.791 1934 1934 I sysui_multi_action: [757,113,758,1,759,113,927,1,928,1,1593,1]
11-05 02:26:03.791 1934 1934 I sysui_multi_action: [757,0,758,1,759,0,927,2,928,0,1593,1]
11-05 02:26:03.791 1934 1934 I sysui_multi_action: [757,0,758,1,759,0,927,3,928,0,1593,1]
11-05 02:26:03.804 1934 1934 I sysui_multi_action: [757,111,758,2]
11-05 02:26:03.804 1934 1934 I sysui_multi_action: [757,111,758,2]
11-05 02:26:03.805 1511 1511 I notification_enqueue: [10082,1934,com.android.systemui,2048,NULL,0,Notification(channel=updateNotification shortcut=null contentView=null vibrate=null sound=null defaults=0x0 flags=0x0 color=0x00000000 vis=PRIVATE),1]
11-05 02:26:03.809 1934 1934 I sysui_multi_action: [757,111,758,1]
11-05 02:26:03.809 1934 1934 I sysui_multi_action: [757,126,758,1,759,126,927,0,928,1,1593,1]
11-05 02:26:03.809 1934 1934 I sysui_multi_action: [757,113,758,1,759,113,927,1,928,1,1593,1]
11-05 02:26:03.809 1934 1934 I sysui_multi_action: [757,0,758,1,759,0,927,2,928,0,1593,1]
11-05 02:26:03.809 1934 1934 I sysui_multi_action: [757,0,758,1,759,0,927,3,928,0,1593,1]
11-05 02:26:03.810 1934 1934 I sysui_multi_action: [757,491,758,1,759,491,927,4,928,0,1311,-1,1593,0]
11-05 02:26:03.810 1934 1934 I sysui_multi_action: [757,0,758,1,759,0,927,5,928,0,1593,0]
11-05 02:26:03.810 1934 1934 I sysui_multi_action: [757,111,758,1]
11-05 02:26:03.810 1934 1934 I sysui_multi_action: [757,126,758,1,759,126,927,0,928,1,1593,1]
11-05 02:26:03.810 1934 1934 I sysui_multi_action: [757,113,758,1,759,113,927,1,928,1,1593,1]
11-05 02:26:03.810 1934 1934 I sysui_multi_action: [757,0,758,1,759,0,927,2,928,0,1593,1]
11-05 02:26:03.810 1934 1934 I sysui_multi_action: [757,0,758,1,759,0,927,3,928,0,1593,1]
11-05 02:26:03.821 1934 1934 I sysui_multi_action: [757,111,758,2]
11-05 02:26:03.821 1511 1511 I notification_enqueue: [10082,1934,com.android.systemui,2048,NULL,0,Notification(channel=updateNotification shortcut=null contentView=null vibrate=null sound=null defaults=0x0 flags=0x0 color=0x00000000 vis=PRIVATE),1]
11-05 02:26:03.821 1934 1934 I sysui_multi_action: [757,111,758,2]
11-05 02:26:03.824 1934 1934 I sysui_multi_action: [757,111,758,1]
11-05 02:26:03.824 1934 1934 I sysui_multi_action: [757,126,758,1,759,126,927,0,928,1,1593,1]
11-05 02:26:03.824 1934 1934 I sysui_multi_action: [757,113,758,1,759,113,927,1,928,1,1593,1]
11-05 02:26:03.825 1934 1934 I sysui_multi_action: [757,0,758,1,759,0,927,2,928,0,1593,0]
11-05 02:26:03.825 1934 1934 I sysui_multi_action: [757,0,758,1,759,0,927,3,928,0,1593,0]
11-05 02:26:03.825 1934 1934 I sysui_multi_action: [757,491,758,1,759,491,927,4,928,0,1311,-1,1593,0]
11-05 02:26:03.825 1934 1934 I sysui_multi_action: [757,0,758,1,759,0,927,5,928,0,1593,0]
11-05 02:26:03.825 1934 1934 I sysui_multi_action: [757,111,758,1]
11-05 02:26:03.825 1934 1934 I sysui_multi_action: [757,126,758,1,759,126,927,0,928,1,1593,1]
11-05 02:26:03.825 1934 1934 I sysui_multi_action: [757,113,758,1,759,113,927,1,928,1,1593,1]
11-05 02:26:03.825 1934 1934 I sysui_multi_action: [757,0,758,1,759,0,927,2,928,0,1593,1]
11-05 02:26:03.825 1934 1934 I sysui_multi_action: [757,0,758,1,759,0,927,3,928,0,1593,1]
11-05 02:26:03.837 1934 1934 I sysui_multi_action: [757,111,758,2]
11-05 02:26:03.837 1511 1511 I notification_enqueue: [10082,1934,com.android.systemui,2048,NULL,0,Notification(channel=updateNotification shortcut=null contentView=null vibrate=null sound=null defaults=0x0 flags=0x0 color=0x00000000 vis=PRIVATE),1]
11-05 02:26:03.837 1934 1934 I sysui_multi_action: [757,111,758,2]
11-05 02:26:03.847 1511 1603 I input_focus: [Focus request a226794 com.android.launcher3/com.android.launcher3.uioverrides.QuickstepLauncher,reason=UpdateInputWindows]
11-05 02:26:03.848 1934 1934 I sysui_multi_action: [757,111,758,1]
11-05 02:26:03.848 1934 1934 I sysui_multi_action: [757,126,758,1,759,126,927,0,928,1,1593,1]
11-05 02:26:03.848 1934 1934 I sysui_multi_action: [757,113,758,1,759,113,927,1,928,1,1593,1]
11-05 02:26:03.849 1934 1934 I sysui_multi_action: [757,0,758,1,759,0,927,2,928,0,1593,1]
11-05 02:26:03.849 1934 1934 I sysui_multi_action: [757,0,758,1,759,0,927,3,928,0,1593,1]
11-05 02:26:03.849 1934 1934 I sysui_multi_action: [757,491,758,1,759,491,927,4,928,0,1311,-1,1593,0]
11-05 02:26:03.849 1934 1934 I sysui_multi_action: [757,0,758,1,759,0,927,5,928,0,1593,0]
11-05 02:26:03.849 1934 1934 I sysui_multi_action: [757,111,758,1]
11-05 02:26:03.849 1934 1934 I sysui_multi_action: [757,126,758,1,759,126,927,0,928,1,1593,1]
11-05 02:26:03.849 1934 1934 I sysui_multi_action: [757,113,758,1,759,113,927,1,928,1,1593,1]
11-05 02:26:03.849 1934 1934 I sysui_multi_action: [757,0,758,1,759,0,927,2,928,0,1593,1]
11-05 02:26:03.849 1934 1934 I sysui_multi_action: [757,0,758,1,759,0,927,3,928,0,1593,1]
11-05 02:26:03.856 1934 1934 I sysui_multi_action: [757,111,758,2]
11-05 02:26:03.856 1511 1511 I notification_enqueue: [10082,1934,com.android.systemui,2048,NULL,0,Notification(channel=updateNotification shortcut=null contentView=null vibrate=null sound=null defaults=0x0 flags=0x0 color=0x00000000 vis=PRIVATE),1]
11-05 02:26:03.856 1934 1934 I sysui_multi_action: [757,111,758,2]
11-05 02:26:03.857 1511 2766 I sysui_multi_action: [757,128,758,2,793,4422746,794,16353,795,4422746,796,26,798,0,806,android,857,DEVELOPER_IMPORTANT,858,4,947,0,1395,2,1500,4422049,1688,1]
11-05 02:26:03.858 1511 2766 I notification_visibility: [-1|android|26|null|1000,0,4422746,4422746,0,0]
11-05 02:26:03.858 1511 2766 I sysui_multi_action: [757,128,758,2,793,4423522,794,16353,795,4423522,796,32,798,1,806,android,857,USB,858,1,947,0,1395,2,1500,4423464,1688,1]
11-05 02:26:03.858 1511 2766 I notification_visibility: [-1|android|32|null|1000,0,4423522,4423522,0,1]
11-05 02:26:03.859 1511 2766 I sysui_multi_action: [757,127,758,2]
11-05 02:26:03.859 1511 2766 I notification_panel_hidden:
11-05 02:26:03.875 1511 1687 I input_focus: [Focus leaving eefcbb2 NotificationShade (server),reason=NO_WINDOW]
11-05 02:26:03.875 1511 1687 I input_focus: [Focus entering a226794 com.android.launcher3/com.android.launcher3.uioverrides.QuickstepLauncher (server),reason=setFocusedWindow]
11-05 02:26:03.875 1934 1934 I sysui_multi_action: [757,111,758,1]
11-05 02:26:03.875 1934 1934 I sysui_multi_action: [757,126,758,1,759,126,927,0,928,1,1593,0]
11-05 02:26:03.875 1934 1934 I sysui_multi_action: [757,113,758,1,759,113,927,1,928,1,1593,1]
11-05 02:26:03.875 1934 1934 I sysui_multi_action: [757,0,758,1,759,0,927,2,928,0,1593,1]
11-05 02:26:03.876 1934 1934 I sysui_multi_action: [757,0,758,1,759,0,927,3,928,0,1593,1]
11-05 02:26:03.876 1934 1934 I sysui_multi_action: [757,491,758,1,759,491,927,4,928,0,1311,-1,1593,0]
11-05 02:26:03.876 1934 1934 I sysui_multi_action: [757,0,758,1,759,0,927,5,928,0,1593,0]
11-05 02:26:03.876 1934 1934 I sysui_multi_action: [757,111,758,1]
11-05 02:26:03.876 1934 1934 I sysui_multi_action: [757,126,758,1,759,126,927,0,928,1,1593,1]
11-05 02:26:03.876 1934 1934 I sysui_multi_action: [757,113,758,1,759,113,927,1,928,1,1593,1]
11-05 02:26:03.876 1934 1934 I sysui_multi_action: [757,0,758,1,759,0,927,2,928,0,1593,1]
11-05 02:26:03.876 1934 1934 I sysui_multi_action: [757,0,758,1,759,0,927,3,928,0,1593,1]
11-05 02:26:03.974 1511 1687 I input_interaction: Interaction with: a226794 com.android.launcher3/com.android.launcher3.uioverrides.QuickstepLauncher (server), 2153fad com.android.systemui.ImageWallpaper (server), edge-swipe (server), swipe-up (server), PointerEventDispatcher0 (server),
11-05 02:26:04.056 1511 4178 I wm_task_created: [125,-1]
11-05 02:26:04.058 1511 4178 I wm_task_moved: [125,1,6]
11-05 02:26:04.058 1511 4178 I wm_task_to_front: [0,125]
11-05 02:26:04.058 1511 4178 I wm_create_task: [0,125]
11-05 02:26:04.058 1511 4178 I wm_create_activity: [0,218536549,125,com.android.settings/.Settings,android.intent.action.MAIN,NULL,NULL,270532608]
11-05 02:26:04.058 1511 4178 I wm_task_moved: [125,1,6]
11-05 02:26:04.067 1511 4178 I wm_pause_activity: [0,245869423,com.android.launcher3/.uioverrides.QuickstepLauncher,userLeaving=true,pauseBackTasks]
11-05 02:26:04.072 2535 2535 I wm_on_top_resumed_lost_called: [245869423,com.android.launcher3.uioverrides.QuickstepLauncher,topStateChangedWhenResumed]
11-05 02:26:04.073 2535 2535 I wm_on_paused_called: [245869423,com.android.launcher3.uioverrides.QuickstepLauncher,performPause]
11-05 02:26:04.076 1511 4178 I wm_add_to_stopping: [0,245869423,com.android.launcher3/.uioverrides.QuickstepLauncher,makeInvisible]
11-05 02:26:04.076 1511 4178 I wm_restart_activity: [0,218536549,125,com.android.settings/.Settings]
11-05 02:26:04.078 1511 4178 I wm_set_resumed_activity: [0,com.android.settings/.Settings,minimalResumeActivityLocked]
11-05 02:26:04.088 1511 1602 I sysui_multi_action: [757,803,799,window_time_0,802,29]
11-05 02:26:04.106 1511 1687 I input_focus: [Focus leaving a226794 com.android.launcher3/com.android.launcher3.uioverrides.QuickstepLauncher (server),reason=NO_WINDOW]
11-05 02:26:04.140 1511 2766 I am_uid_active: 10088
11-05 02:26:04.146 17863 17863 I wm_on_create_called: [218536549,com.android.settings.Settings,performCreate]
11-05 02:26:04.181 17863 17863 I wm_on_start_called: [218536549,com.android.settings.Settings,handleStartActivity]
11-05 02:26:04.182 17863 17863 I snet_event_log: [120484087,-1,]
11-05 02:26:04.182 17863 17863 I wm_on_resume_called: [218536549,com.android.settings.Settings,RESUME_ACTIVITY]
11-05 02:26:04.184 17863 17863 I sysui_multi_action: [757,35,758,1,833,0,1089,36]
11-05 02:26:04.195 17863 17863 I sysui_multi_action: [757,1729,758,4,854,isParalleledControllers:false,1089,47]
11-05 02:26:04.202 17863 17863 I wm_on_top_resumed_gained_called: [218536549,com.android.settings.Settings,topStateChangedWhenResumed]
11-05 02:26:04.248 1511 1603 I input_focus: [Focus request db52f45 com.android.settings/com.android.settings.Settings,reason=UpdateInputWindows]
11-05 02:26:04.305 1511 1603 I sysui_multi_action: [324,1,757,1090,758,12,806,com.android.settings,871,com.android.settings.Settings,1091,251]
