11-05 02:21:10.784 1511 1749 I netstats_mobile_sample: [0,0,0,0,0,0,0,0,0,0,0,0,1667586070784]
11-05 02:21:10.784 1511 1749 I netstats_wifi_sample: [10482740,27922,11768076,32597,10482740,27922,11768076,32597,18174030,84397,5946229,17170,1667586070784]
11-05 02:21:10.825 1511 1749 I netstats_mobile_sample: [0,0,0,0,0,0,0,0,0,0,0,0,1667586070824]
11-05 02:21:10.829 1511 1749 I netstats_wifi_sample: [10482740,27922,11768076,32597,10482740,27922,11768076,32597,18174030,84397,5946229,17170,1667586070824]
11-05 02:21:10.846 1511 1749 I netstats_mobile_sample: [0,0,0,0,0,0,0,0,0,0,0,0,1667586070846]
11-05 02:21:10.847 1511 1749 I netstats_wifi_sample: [10482740,27922,11768076,32597,10482740,27922,11768076,32597,18174030,84397,5946229,17170,1667586070846]
11-05 02:21:11.767 0 0 I auditd : type=1400 audit(0.0:4595): avc: denied { kill } for comm="swapper/3" capability=5 scontext=u:r:kernel:s0 tcontext=u:r:kernel:s0 tclass=capability permissive=0
11-05 02:21:12.715 1511 1687 I input_interaction: Interaction with: 67bb93a InternetDialog (server), edge-swipe (server), swipe-up (server), PointerEventDispatcher0 (server),
11-05 02:21:12.767 16663 16663 I auditd : type=1400 audit(0.0:4596): avc: denied { kill } for comm="kworker/u17:7" capability=5 scontext=u:r:kernel:s0 tcontext=u:r:kernel:s0 tclass=capability permissive=0
11-05 02:21:13.040 1511 1669 I commit_sys_config_file: [settings-0-0,4]
11-05 02:21:13.167 842 842 I auditd : type=1400 audit(0.0:4597): avc: denied { search } for comm="wifi@1.0-servic" name="tombstones" dev="dm-10" ino=36 scontext=u:r:hal_wifi_default:s0 tcontext=u:object_r:vendor_tombstone_data_file:s0 tclass=dir permissive=0
11-05 02:21:13.205 1511 1749 I netstats_mobile_sample: [0,0,0,0,0,0,0,0,0,0,0,0,1667586073205]
11-05 02:21:13.206 1511 1749 I netstats_wifi_sample: [10485112,27936,11772847,32630,10485112,27936,11772847,32630,18184469,84447,5948918,17189,1667586073205]
11-05 02:21:13.985 1511 1608 I am_pss : [3741,1000,com.thundercomm.gamemode,15915008,11837440,0,120442880,0,10,9]
11-05 02:21:14.767 352 352 I auditd : type=1400 audit(0.0:4598): avc: denied { kill } for comm="irq/382-atmel_m" capability=5 scontext=u:r:kernel:s0 tcontext=u:r:kernel:s0 tclass=capability permissive=0
11-05 02:21:15.040 1511 1669 I commit_sys_config_file: [settings-0-0,18]
11-05 02:21:15.767 0 0 I auditd : type=1400 audit(0.0:4599): avc: denied { kill } for comm="swapper/0" capability=5 scontext=u:r:kernel:s0 tcontext=u:r:kernel:s0 tclass=capability permissive=0
11-05 02:21:15.864 1511 2001 I ntp_failure: [time.android.com,java.net.UnknownHostException: Unable to resolve host "time.android.com": No address associated with hostname]
11-05 02:21:16.580 1391 16924 I liblog : 111
11-05 02:21:16.767 0 0 I auditd : type=1400 audit(0.0:4600): avc: denied { kill } for comm="swapper/0" capability=5 scontext=u:r:kernel:s0 tcontext=u:r:kernel:s0 tclass=capability permissive=0
11-05 02:21:17.351 1511 1749 I netstats_mobile_sample: [0,0,0,0,0,0,0,0,0,0,0,0,1667586077351]
11-05 02:21:17.352 1511 1749 I netstats_wifi_sample: [10485112,27936,11772847,32630,10485112,27936,11772847,32630,18184469,84447,5948918,17189,1667586077351]
11-05 02:21:17.364 1511 1749 I netstats_mobile_sample: [0,0,0,0,0,0,0,0,0,0,0,0,1667586077364]
11-05 02:21:17.364 1511 1749 I netstats_wifi_sample: [10485112,27936,11772847,32630,10485112,27936,11772847,32630,18184469,84447,5948918,17189,1667586077364]
11-05 02:21:17.508 1511 1749 I netstats_mobile_sample: [0,0,0,0,0,0,0,0,0,0,0,0,1667586077508]
11-05 02:21:17.508 1511 1749 I netstats_wifi_sample: [10485112,27936,11772847,32630,10485112,27936,11772847,32630,18184469,84447,5948918,17189,1667586077508]
11-05 02:21:17.531 1511 1749 I netstats_mobile_sample: [0,0,0,0,0,0,0,0,0,0,0,0,1667586077531]
11-05 02:21:17.531 1511 1749 I netstats_wifi_sample: [10485112,27936,11772847,32630,10485112,27936,11772847,32630,18184469,84447,5948918,17189,1667586077531]
11-05 02:21:17.551 1511 1749 I netstats_mobile_sample: [0,0,0,0,0,0,0,0,0,0,0,0,1667586077551]
11-05 02:21:17.552 1511 1749 I netstats_wifi_sample: [10485112,27936,11772847,32630,10485112,27936,11772847,32630,18184469,84447,5948918,17189,1667586077551]
11-05 02:21:17.565 1511 1749 I netstats_mobile_sample: [0,0,0,0,0,0,0,0,0,0,0,0,1667586077564]
11-05 02:21:17.565 1511 1749 I netstats_wifi_sample: [10485112,27936,11772847,32630,10485112,27936,11772847,32630,18184469,84447,5948918,17189,1667586077564]
11-05 02:21:17.767 0 0 I auditd : type=1400 audit(0.0:4601): avc: denied { kill } for comm="swapper/0" capability=5 scontext=u:r:kernel:s0 tcontext=u:r:kernel:s0 tclass=capability permissive=0
11-05 02:21:18.767 0 0 I auditd : type=1400 audit(0.0:4602): avc: denied { kill } for comm="swapper/0" capability=5 scontext=u:r:kernel:s0 tcontext=u:r:kernel:s0 tclass=capability permissive=0
11-05 02:21:19.767 0 0 I auditd : type=1400 audit(0.0:4603): avc: denied { kill } for comm="swapper/0" capability=5 scontext=u:r:kernel:s0 tcontext=u:r:kernel:s0 tclass=capability permissive=0
11-05 02:21:20.767 352 352 I auditd : type=1400 audit(0.0:4604): avc: denied { kill } for comm="irq/382-atmel_m" capability=5 scontext=u:r:kernel:s0 tcontext=u:r:kernel:s0 tclass=capability permissive=0
11-05 02:21:22.387 1511 1669 I commit_sys_config_file: [settings-0-0,9]
11-05 02:21:22.475 842 842 I auditd : type=1400 audit(0.0:4605): avc: denied { search } for comm="wifi@1.0-servic" name="tombstones" dev="dm-10" ino=36 scontext=u:r:hal_wifi_default:s0 tcontext=u:object_r:vendor_tombstone_data_file:s0 tclass=dir permissive=0
11-05 02:21:22.512 1511 1749 I service_manager_stats: [100,130,14730]
11-05 02:21:22.512 1511 1749 I netstats_mobile_sample: [0,0,0,0,0,0,0,0,0,0,0,0,1667586082512]
11-05 02:21:22.512 1511 1749 I netstats_wifi_sample: [10490494,27954,11780955,32670,10490494,27954,11780955,32670,18211492,84522,5953372,17214,1667586082512]
11-05 02:21:22.588 1511 2001 I ntp_failure: [time.android.com,java.net.UnknownHostException: Unable to resolve host "time.android.com": No address associated with hostname]
11-05 02:21:22.767 0 0 I auditd : type=1400 audit(0.0:4606): avc: denied { kill } for comm="swapper/3" capability=5 scontext=u:r:kernel:s0 tcontext=u:r:kernel:s0 tclass=capability permissive=0
11-05 02:21:23.767 0 0 I auditd : type=1400 audit(0.0:4607): avc: denied { kill } for comm="swapper/3" capability=5 scontext=u:r:kernel:s0 tcontext=u:r:kernel:s0 tclass=capability permissive=0
11-05 02:21:23.966 1511 1669 I commit_sys_config_file: [settings-0-0,5]
11-05 02:21:25.554 1391 16961 I liblog : 9
11-05 02:21:25.555 1391 16961 I liblog : 14
11-05 02:21:25.556 1391 16961 I liblog : 20
11-05 02:21:25.557 1391 16961 I liblog : 11
11-05 02:21:25.558 1391 16961 I liblog : 21
11-05 02:21:25.559 1391 16961 I liblog : 30
11-05 02:21:25.767 0 0 I auditd : type=1400 audit(0.0:4608): avc: denied { kill } for comm="swapper/1" capability=5 scontext=u:r:kernel:s0 tcontext=u:r:kernel:s0 tclass=capability permissive=0
11-05 02:21:26.259 1511 1669 I commit_sys_config_file: [settings-0-0,5]
11-05 02:21:26.419 842 842 I auditd : type=1400 audit(0.0:4609): avc: denied { search } for comm="wifi@1.0-servic" name="tombstones" dev="dm-10" ino=36 scontext=u:r:hal_wifi_default:s0 tcontext=u:object_r:vendor_tombstone_data_file:s0 tclass=dir permissive=0
11-05 02:21:28.096 1511 1669 I commit_sys_config_file: [settings-0-0,6]
11-05 02:21:28.767 0 0 I auditd : type=1400 audit(0.0:4610): avc: denied { kill } for comm="swapper/2" capability=5 scontext=u:r:kernel:s0 tcontext=u:r:kernel:s0 tclass=capability permissive=0
11-05 02:21:29.561 1511 1603 I input_focus: [Focus request eefcbb2 NotificationShade,reason=UpdateInputWindows]
11-05 02:21:29.569 1511 1687 I input_focus: [Focus entering eefcbb2 NotificationShade (server),reason=setFocusedWindow]
11-05 02:21:29.626 1391 16975 I liblog : 8
11-05 02:21:30.113 1511 1687 I input_interaction: Interaction with: eefcbb2 NotificationShade (server), edge-swipe (server), swipe-up (server), PointerEventDispatcher0 (server),
11-05 02:21:30.435 1511 1749 I netstats_mobile_sample: [0,0,0,0,0,0,0,0,0,0,0,0,1667586090435]
11-05 02:21:30.435 1511 1749 I netstats_wifi_sample: [10490494,27954,11780955,32670,10490494,27954,11780955,32670,18211492,84522,5953372,17214,1667586090435]
11-05 02:21:30.471 1934 1934 I sysui_multi_action: [757,111,758,2]
11-05 02:21:30.471 1511 1511 I notification_enqueue: [10082,1934,com.android.systemui,2048,NULL,0,Notification(channel=updateNotification shortcut=null contentView=null vibrate=null sound=null defaults=0x0 flags=0x0 color=0x00000000 vis=PRIVATE),1]
11-05 02:21:30.471 1934 1934 I sysui_multi_action: [757,111,758,2]
11-05 02:21:30.476 1934 1934 I sysui_multi_action: [757,111,758,1]
11-05 02:21:30.476 1934 1934 I sysui_multi_action: [757,126,758,1,759,126,927,0,928,1,1593,0]
11-05 02:21:30.477 1934 1934 I sysui_multi_action: [757,113,758,1,759,113,927,1,928,1,1593,0]
11-05 02:21:30.477 1934 1934 I sysui_multi_action: [757,0,758,1,759,0,927,2,928,0,1593,1]
11-05 02:21:30.477 1934 1934 I sysui_multi_action: [757,0,758,1,759,0,927,3,928,0,1593,1]
11-05 02:21:30.477 1934 1934 I sysui_multi_action: [757,491,758,1,759,491,927,4,928,0,1311,-1,1593,0]
11-05 02:21:30.477 1934 1934 I sysui_multi_action: [757,0,758,1,759,0,927,5,928,0,1593,0]
11-05 02:21:30.478 1934 1934 I sysui_multi_action: [757,111,758,1]
11-05 02:21:30.478 1934 1934 I sysui_multi_action: [757,126,758,1,759,126,927,0,928,1,1593,1]
11-05 02:21:30.478 1934 1934 I sysui_multi_action: [757,113,758,1,759,113,927,1,928,1,1593,1]
11-05 02:21:30.478 1934 1934 I sysui_multi_action: [757,0,758,1,759,0,927,2,928,0,1593,1]
11-05 02:21:30.478 1934 1934 I sysui_multi_action: [757,0,758,1,759,0,927,3,928,0,1593,1]
11-05 02:21:30.493 1934 1934 I sysui_multi_action: [757,111,758,2]
11-05 02:21:30.493 1511 1511 I notification_enqueue: [10082,1934,com.android.systemui,2048,NULL,0,Notification(channel=updateNotification shortcut=null contentView=null vibrate=null sound=null defaults=0x0 flags=0x0 color=0x00000000 vis=PRIVATE),1]
11-05 02:21:30.493 1934 1934 I sysui_multi_action: [757,111,758,2]
11-05 02:21:30.498 1934 1934 I sysui_multi_action: [757,111,758,1]
11-05 02:21:30.498 1934 1934 I sysui_multi_action: [757,126,758,1,759,126,927,0,928,1,1593,1]
11-05 02:21:30.498 1934 1934 I sysui_multi_action: [757,113,758,1,759,113,927,1,928,1,1593,1]
11-05 02:21:30.499 1934 1934 I sysui_multi_action: [757,0,758,1,759,0,927,2,928,0,1593,1]
11-05 02:21:30.499 1934 1934 I sysui_multi_action: [757,0,758,1,759,0,927,3,928,0,1593,1]
11-05 02:21:30.499 1934 1934 I sysui_multi_action: [757,491,758,1,759,491,927,4,928,0,1311,-1,1593,0]
11-05 02:21:30.499 1934 1934 I sysui_multi_action: [757,0,758,1,759,0,927,5,928,0,1593,0]
11-05 02:21:30.499 1934 1934 I sysui_multi_action: [757,111,758,1]
11-05 02:21:30.500 1934 1934 I sysui_multi_action: [757,126,758,1,759,126,927,0,928,1,1593,1]
11-05 02:21:30.500 1934 1934 I sysui_multi_action: [757,113,758,1,759,113,927,1,928,1,1593,1]
11-05 02:21:30.500 1934 1934 I sysui_multi_action: [757,0,758,1,759,0,927,2,928,0,1593,1]
11-05 02:21:30.500 1934 1934 I sysui_multi_action: [757,0,758,1,759,0,927,3,928,0,1593,1]
11-05 02:21:30.514 1934 1934 I sysui_multi_action: [757,111,758,2]
11-05 02:21:30.514 1934 1934 I sysui_multi_action: [757,111,758,2]
11-05 02:21:30.514 1511 1511 I notification_enqueue: [10082,1934,com.android.systemui,2048,NULL,0,Notification(channel=updateNotification shortcut=null contentView=null vibrate=null sound=null defaults=0x0 flags=0x0 color=0x00000000 vis=PRIVATE),1]
11-05 02:21:30.518 1934 1934 I sysui_multi_action: [757,111,758,1]
11-05 02:21:30.519 1934 1934 I sysui_multi_action: [757,126,758,1,759,126,927,0,928,1,1593,1]
11-05 02:21:30.519 1934 1934 I sysui_multi_action: [757,113,758,1,759,113,927,1,928,1,1593,1]
11-05 02:21:30.519 1934 1934 I sysui_multi_action: [757,0,758,1,759,0,927,2,928,0,1593,1]
11-05 02:21:30.519 1934 1934 I sysui_multi_action: [757,0,758,1,759,0,927,3,928,0,1593,1]
11-05 02:21:30.519 1934 1934 I sysui_multi_action: [757,491,758,1,759,491,927,4,928,0,1311,-1,1593,0]
11-05 02:21:30.520 1934 1934 I sysui_multi_action: [757,0,758,1,759,0,927,5,928,0,1593,0]
11-05 02:21:30.520 1934 1934 I sysui_multi_action: [757,111,758,1]
11-05 02:21:30.520 1934 1934 I sysui_multi_action: [757,126,758,1,759,126,927,0,928,1,1593,1]
11-05 02:21:30.520 1934 1934 I sysui_multi_action: [757,113,758,1,759,113,927,1,928,1,1593,1]
11-05 02:21:30.520 1934 1934 I sysui_multi_action: [757,0,758,1,759,0,927,2,928,0,1593,1]
11-05 02:21:30.520 1934 1934 I sysui_multi_action: [757,0,758,1,759,0,927,3,928,0,1593,1]
11-05 02:21:30.532 1934 1934 I sysui_multi_action: [757,111,758,2]
11-05 02:21:30.532 1511 1511 I notification_enqueue: [10082,1934,com.android.systemui,2048,NULL,0,Notification(channel=updateNotification shortcut=null contentView=null vibrate=null sound=null defaults=0x0 flags=0x0 color=0x00000000 vis=PRIVATE),1]
11-05 02:21:30.533 1934 1934 I sysui_multi_action: [757,111,758,2]
11-05 02:21:30.537 1934 1934 I sysui_multi_action: [757,111,758,1]
11-05 02:21:30.537 1934 1934 I sysui_multi_action: [757,126,758,1,759,126,927,0,928,1,1593,1]
11-05 02:21:30.537 1934 1934 I sysui_multi_action: [757,113,758,1,759,113,927,1,928,1,1593,1]
11-05 02:21:30.538 1934 1934 I sysui_multi_action: [757,0,758,1,759,0,927,2,928,0,1593,1]
11-05 02:21:30.538 1934 1934 I sysui_multi_action: [757,0,758,1,759,0,927,3,928,0,1593,1]
11-05 02:21:30.538 1934 1934 I sysui_multi_action: [757,491,758,1,759,491,927,4,928,0,1311,-1,1593,0]
11-05 02:21:30.538 1934 1934 I sysui_multi_action: [757,0,758,1,759,0,927,5,928,0,1593,0]
11-05 02:21:30.538 1934 1934 I sysui_multi_action: [757,111,758,1]
11-05 02:21:30.539 1934 1934 I sysui_multi_action: [757,126,758,1,759,126,927,0,928,1,1593,1]
11-05 02:21:30.539 1934 1934 I sysui_multi_action: [757,113,758,1,759,113,927,1,928,1,1593,1]
11-05 02:21:30.539 1934 1934 I sysui_multi_action: [757,0,758,1,759,0,927,2,928,0,1593,1]
11-05 02:21:30.539 1934 1934 I sysui_multi_action: [757,0,758,1,759,0,927,3,928,0,1593,1]
11-05 02:21:30.551 1934 1934 I sysui_multi_action: [757,111,758,2]
11-05 02:21:30.551 1511 1511 I notification_enqueue: [10082,1934,com.android.systemui,2048,NULL,0,Notification(channel=updateNotification shortcut=null contentView=null vibrate=null sound=null defaults=0x0 flags=0x0 color=0x00000000 vis=PRIVATE),1]
11-05 02:21:30.551 1934 1934 I sysui_multi_action: [757,111,758,2]
11-05 02:21:30.555 1934 1934 I sysui_multi_action: [757,111,758,1]
11-05 02:21:30.555 1934 1934 I sysui_multi_action: [757,126,758,1,759,126,927,0,928,1,1593,1]
11-05 02:21:30.555 1934 1934 I sysui_multi_action: [757,113,758,1,759,113,927,1,928,1,1593,1]
11-05 02:21:30.555 1934 1934 I sysui_multi_action: [757,0,758,1,759,0,927,2,928,0,1593,1]
11-05 02:21:30.555 1934 1934 I sysui_multi_action: [757,0,758,1,759,0,927,3,928,0,1593,1]
11-05 02:21:30.555 1934 1934 I sysui_multi_action: [757,491,758,1,759,491,927,4,928,0,1311,-1,1593,0]
11-05 02:21:30.556 1934 1934 I sysui_multi_action: [757,0,758,1,759,0,927,5,928,0,1593,0]
11-05 02:21:30.556 1934 1934 I sysui_multi_action: [757,111,758,1]
11-05 02:21:30.556 1934 1934 I sysui_multi_action: [757,126,758,1,759,126,927,0,928,1,1593,1]
11-05 02:21:30.556 1934 1934 I sysui_multi_action: [757,113,758,1,759,113,927,1,928,1,1593,1]
11-05 02:21:30.556 1934 1934 I sysui_multi_action: [757,0,758,1,759,0,927,2,928,0,1593,1]
11-05 02:21:30.556 1934 1934 I sysui_multi_action: [757,0,758,1,759,0,927,3,928,0,1593,1]
11-05 02:21:30.565 1934 1934 I sysui_multi_action: [757,111,758,2]
11-05 02:21:30.565 1934 1934 I sysui_multi_action: [757,111,758,2]
11-05 02:21:30.565 1511 1511 I notification_enqueue: [10082,1934,com.android.systemui,2048,NULL,0,Notification(channel=updateNotification shortcut=null contentView=null vibrate=null sound=null defaults=0x0 flags=0x0 color=0x00000000 vis=PRIVATE),1]
11-05 02:21:30.568 1934 1934 I sysui_multi_action: [757,111,758,1]
11-05 02:21:30.568 1934 1934 I sysui_multi_action: [757,126,758,1,759,126,927,0,928,1,1593,1]
11-05 02:21:30.569 1934 1934 I sysui_multi_action: [757,113,758,1,759,113,927,1,928,1,1593,1]
11-05 02:21:30.569 1934 1934 I sysui_multi_action: [757,0,758,1,759,0,927,2,928,0,1593,1]
11-05 02:21:30.569 1934 1934 I sysui_multi_action: [757,0,758,1,759,0,927,3,928,0,1593,1]
11-05 02:21:30.569 1934 1934 I sysui_multi_action: [757,491,758,1,759,491,927,4,928,0,1311,-1,1593,0]
11-05 02:21:30.569 1934 1934 I sysui_multi_action: [757,0,758,1,759,0,927,5,928,0,1593,0]
11-05 02:21:30.569 1934 1934 I sysui_multi_action: [757,111,758,1]
11-05 02:21:30.569 1934 1934 I sysui_multi_action: [757,126,758,1,759,126,927,0,928,1,1593,1]
11-05 02:21:30.569 1934 1934 I sysui_multi_action: [757,113,758,1,759,113,927,1,928,1,1593,1]
11-05 02:21:30.569 1934 1934 I sysui_multi_action: [757,0,758,1,759,0,927,2,928,0,1593,1]
11-05 02:21:30.569 1934 1934 I sysui_multi_action: [757,0,758,1,759,0,927,3,928,0,1593,1]
11-05 02:21:30.581 1934 1934 I sysui_multi_action: [757,111,758,2]
11-05 02:21:30.581 1511 1511 I notification_enqueue: [10082,1934,com.android.systemui,2048,NULL,0,Notification(channel=updateNotification shortcut=null contentView=null vibrate=null sound=null defaults=0x0 flags=0x0 color=0x00000000 vis=PRIVATE),1]
11-05 02:21:30.581 1934 1934 I sysui_multi_action: [757,111,758,2]
11-05 02:21:30.584 1934 1934 I sysui_multi_action: [757,111,758,1]
11-05 02:21:30.585 1934 1934 I sysui_multi_action: [757,126,758,1,759,126,927,0,928,1,1593,1]
11-05 02:21:30.585 1934 1934 I sysui_multi_action: [757,113,758,1,759,113,927,1,928,1,1593,1]
11-05 02:21:30.585 1934 1934 I sysui_multi_action: [757,0,758,1,759,0,927,2,928,0,1593,1]
11-05 02:21:30.585 1934 1934 I sysui_multi_action: [757,0,758,1,759,0,927,3,928,0,1593,1]
11-05 02:21:30.585 1934 1934 I sysui_multi_action: [757,491,758,1,759,491,927,4,928,0,1311,-1,1593,0]
11-05 02:21:30.585 1934 1934 I sysui_multi_action: [757,0,758,1,759,0,927,5,928,0,1593,0]
11-05 02:21:30.585 1934 1934 I sysui_multi_action: [757,111,758,1]
11-05 02:21:30.585 1934 1934 I sysui_multi_action: [757,126,758,1,759,126,927,0,928,1,1593,1]
11-05 02:21:30.585 1934 1934 I sysui_multi_action: [757,113,758,1,759,113,927,1,928,1,1593,1]
11-05 02:21:30.585 1934 1934 I sysui_multi_action: [757,0,758,1,759,0,927,2,928,0,1593,1]
11-05 02:21:30.585 1934 1934 I sysui_multi_action: [757,0,758,1,759,0,927,3,928,0,1593,1]
11-05 02:21:30.597 1934 1934 I sysui_multi_action: [757,111,758,2]
11-05 02:21:30.598 1934 1934 I sysui_multi_action: [757,111,758,2]
11-05 02:21:30.598 1511 1511 I notification_enqueue: [10082,1934,com.android.systemui,2048,NULL,0,Notification(channel=updateNotification shortcut=null contentView=null vibrate=null sound=null defaults=0x0 flags=0x0 color=0x00000000 vis=PRIVATE),1]
11-05 02:21:30.601 1934 1934 I sysui_multi_action: [757,111,758,1]
11-05 02:21:30.601 1934 1934 I sysui_multi_action: [757,126,758,1,759,126,927,0,928,1,1593,0]
11-05 02:21:30.601 1934 1934 I sysui_multi_action: [757,113,758,1,759,113,927,1,928,1,1593,0]
11-05 02:21:30.601 1934 1934 I sysui_multi_action: [757,0,758,1,759,0,927,2,928,0,1593,0]
11-05 02:21:30.601 1934 1934 I sysui_multi_action: [757,0,758,1,759,0,927,3,928,0,1593,0]
11-05 02:21:30.601 1934 1934 I sysui_multi_action: [757,491,758,1,759,491,927,4,928,0,1311,-1,1593,0]
11-05 02:21:30.601 1934 1934 I sysui_multi_action: [757,0,758,1,759,0,927,5,928,0,1593,0]
11-05 02:21:30.601 1934 1934 I sysui_multi_action: [757,111,758,1]
11-05 02:21:30.601 1934 1934 I sysui_multi_action: [757,126,758,1,759,126,927,0,928,1,1593,0]
11-05 02:21:30.602 1934 1934 I sysui_multi_action: [757,113,758,1,759,113,927,1,928,1,1593,0]
11-05 02:21:30.602 1934 1934 I sysui_multi_action: [757,0,758,1,759,0,927,2,928,0,1593,0]
11-05 02:21:30.602 1934 1934 I sysui_multi_action: [757,0,758,1,759,0,927,3,928,0,1593,0]
11-05 02:21:30.611 1511 1749 I netstats_mobile_sample: [0,0,0,0,0,0,0,0,0,0,0,0,1667586090611]
11-05 02:21:30.611 1511 1749 I netstats_wifi_sample: [10490494,27954,11780955,32670,10490494,27954,11780955,32670,18211492,84522,5953372,17214,1667586090611]
11-05 02:21:30.614 1934 1934 I sysui_multi_action: [757,111,758,2]
11-05 02:21:30.614 1934 1934 I sysui_multi_action: [757,111,758,2]
11-05 02:21:30.614 1511 1511 I notification_enqueue: [10082,1934,com.android.systemui,2048,NULL,0,Notification(channel=updateNotification shortcut=null contentView=null vibrate=null sound=null defaults=0x0 flags=0x0 color=0x00000000 vis=PRIVATE),1]
11-05 02:21:30.618 1934 1934 I sysui_multi_action: [757,111,758,1]
11-05 02:21:30.618 1934 1934 I sysui_multi_action: [757,126,758,1,759,126,927,0,928,1,1593,1]
11-05 02:21:30.618 1934 1934 I sysui_multi_action: [757,113,758,1,759,113,927,1,928,1,1593,1]
11-05 02:21:30.618 1934 1934 I sysui_multi_action: [757,0,758,1,759,0,927,2,928,0,1593,1]
11-05 02:21:30.618 1934 1934 I sysui_multi_action: [757,0,758,1,759,0,927,3,928,0,1593,1]
11-05 02:21:30.618 1934 1934 I sysui_multi_action: [757,491,758,1,759,491,927,4,928,0,1311,-1,1593,1]
11-05 02:21:30.618 1934 1934 I sysui_multi_action: [757,0,758,1,759,0,927,5,928,0,1593,1]
11-05 02:21:30.618 1934 1934 I sysui_multi_action: [757,111,758,1]
11-05 02:21:30.618 1934 1934 I sysui_multi_action: [757,126,758,1,759,126,927,0,928,1,1593,1]
11-05 02:21:30.618 1934 1934 I sysui_multi_action: [757,113,758,1,759,113,927,1,928,1,1593,1]
11-05 02:21:30.619 1934 1934 I sysui_multi_action: [757,0,758,1,759,0,927,2,928,0,1593,1]
11-05 02:21:30.619 1934 1934 I sysui_multi_action: [757,0,758,1,759,0,927,3,928,0,1593,1]
11-05 02:21:30.629 1511 1749 I netstats_mobile_sample: [0,0,0,0,0,0,0,0,0,0,0,0,1667586090629]
11-05 02:21:30.629 1511 1749 I netstats_wifi_sample: [10490494,27954,11780955,32670,10490494,27954,11780955,32670,18211492,84522,5953372,17214,1667586090629]
11-05 02:21:30.633 1934 1934 I sysui_multi_action: [757,111,758,2]
11-05 02:21:30.633 1934 1934 I sysui_multi_action: [757,111,758,2]
11-05 02:21:30.636 1934 1934 I sysui_multi_action: [757,111,758,1]
11-05 02:21:30.637 1934 1934 I sysui_multi_action: [757,126,758,1,759,126,927,0,928,1,1593,1]
11-05 02:21:30.637 1934 1934 I sysui_multi_action: [757,113,758,1,759,113,927,1,928,1,1593,1]
11-05 02:21:30.637 1934 1934 I sysui_multi_action: [757,0,758,1,759,0,927,2,928,0,1593,1]
11-05 02:21:30.637 1934 1934 I sysui_multi_action: [757,0,758,1,759,0,927,3,928,0,1593,1]
11-05 02:21:30.637 1934 1934 I sysui_multi_action: [757,491,758,1,759,491,927,4,928,0,1311,-1,1593,0]
11-05 02:21:30.637 1934 1934 I sysui_multi_action: [757,0,758,1,759,0,927,5,928,0,1593,0]
11-05 02:21:30.637 1934 1934 I sysui_multi_action: [757,111,758,1]
11-05 02:21:30.637 1934 1934 I sysui_multi_action: [757,126,758,1,759,126,927,0,928,1,1593,1]
11-05 02:21:30.637 1934 1934 I sysui_multi_action: [757,113,758,1,759,113,927,1,928,1,1593,1]
11-05 02:21:30.637 1934 1934 I sysui_multi_action: [757,0,758,1,759,0,927,2,928,0,1593,1]
11-05 02:21:30.638 1934 1934 I sysui_multi_action: [757,0,758,1,759,0,927,3,928,0,1593,1]
11-05 02:21:30.641 1511 1511 I notification_enqueue: [10082,1934,com.android.systemui,2048,NULL,0,Notification(channel=updateNotification shortcut=null contentView=null vibrate=null sound=null defaults=0x0 flags=0x0 color=0x00000000 vis=PRIVATE),1]
11-05 02:21:30.648 1934 1934 I sysui_multi_action: [757,111,758,2]
11-05 02:21:30.648 1934 1934 I sysui_multi_action: [757,111,758,2]
11-05 02:21:30.648 1511 1749 I netstats_mobile_sample: [0,0,0,0,0,0,0,0,0,0,0,0,1667586090648]
11-05 02:21:30.649 1511 1749 I netstats_wifi_sample: [10490494,27954,11780955,32670,10490494,27954,11780955,32670,18211492,84522,5953372,17214,1667586090648]
11-05 02:21:30.649 1511 1511 I notification_enqueue: [10082,1934,com.android.systemui,2048,NULL,0,Notification(channel=updateNotification shortcut=null contentView=null vibrate=null sound=null defaults=0x0 flags=0x0 color=0x00000000 vis=PRIVATE),1]
11-05 02:21:30.650 1934 1934 I sysui_multi_action: [757,111,758,1]
11-05 02:21:30.650 1934 1934 I sysui_multi_action: [757,126,758,1,759,126,927,0,928,1,1593,1]
11-05 02:21:30.650 1934 1934 I sysui_multi_action: [757,113,758,1,759,113,927,1,928,1,1593,1]
11-05 02:21:30.650 1934 1934 I sysui_multi_action: [757,0,758,1,759,0,927,2,928,0,1593,1]
11-05 02:21:30.650 1934 1934 I sysui_multi_action: [757,0,758,1,759,0,927,3,928,0,1593,1]
11-05 02:21:30.651 1934 1934 I sysui_multi_action: [757,491,758,1,759,491,927,4,928,0,1311,-1,1593,0]
11-05 02:21:30.651 1934 1934 I sysui_multi_action: [757,0,758,1,759,0,927,5,928,0,1593,0]
11-05 02:21:30.651 1934 1934 I sysui_multi_action: [757,111,758,1]
11-05 02:21:30.651 1934 1934 I sysui_multi_action: [757,126,758,1,759,126,927,0,928,1,1593,1]
11-05 02:21:30.651 1934 1934 I sysui_multi_action: [757,113,758,1,759,113,927,1,928,1,1593,1]
11-05 02:21:30.651 1934 1934 I sysui_multi_action: [757,0,758,1,759,0,927,2,928,0,1593,1]
11-05 02:21:30.651 1934 1934 I sysui_multi_action: [757,0,758,1,759,0,927,3,928,0,1593,1]
11-05 02:21:30.655 1511 1749 I netstats_mobile_sample: [0,0,0,0,0,0,0,0,0,0,0,0,1667586090655]
11-05 02:21:30.655 1511 1749 I netstats_wifi_sample: [10490494,27954,11780955,32670,10490494,27954,11780955,32670,18211492,84522,5953372,17214,1667586090655]
11-05 02:21:30.664 1934 1934 I sysui_multi_action: [757,111,758,2]
11-05 02:21:30.664 1511 1511 I notification_enqueue: [10082,1934,com.android.systemui,2048,NULL,0,Notification(channel=updateNotification shortcut=null contentView=null vibrate=null sound=null defaults=0x0 flags=0x0 color=0x00000000 vis=PRIVATE),1]
11-05 02:21:30.664 1934 1934 I sysui_multi_action: [757,111,758,2]
11-05 02:21:30.666 1934 1934 I sysui_multi_action: [757,111,758,1]
11-05 02:21:30.667 1934 1934 I sysui_multi_action: [757,126,758,1,759,126,927,0,928,1,1593,1]
11-05 02:21:30.667 1934 1934 I sysui_multi_action: [757,113,758,1,759,113,927,1,928,1,1593,1]
11-05 02:21:30.667 1934 1934 I sysui_multi_action: [757,0,758,1,759,0,927,2,928,0,1593,1]
11-05 02:21:30.667 1934 1934 I sysui_multi_action: [757,0,758,1,759,0,927,3,928,0,1593,1]
11-05 02:21:30.667 1934 1934 I sysui_multi_action: [757,491,758,1,759,491,927,4,928,0,1311,-1,1593,0]
11-05 02:21:30.667 1934 1934 I sysui_multi_action: [757,0,758,1,759,0,927,5,928,0,1593,0]
11-05 02:21:30.667 1934 1934 I sysui_multi_action: [757,111,758,1]
11-05 02:21:30.667 1934 1934 I sysui_multi_action: [757,126,758,1,759,126,927,0,928,1,1593,1]
11-05 02:21:30.667 1934 1934 I sysui_multi_action: [757,113,758,1,759,113,927,1,928,1,1593,1]
11-05 02:21:30.667 1934 1934 I sysui_multi_action: [757,0,758,1,759,0,927,2,928,0,1593,1]
11-05 02:21:30.667 1934 1934 I sysui_multi_action: [757,0,758,1,759,0,927,3,928,0,1593,1]
11-05 02:21:30.683 1934 1934 I sysui_multi_action: [757,111,758,2]
11-05 02:21:30.683 1934 1934 I sysui_multi_action: [757,111,758,2]
11-05 02:21:30.683 1511 1511 I notification_enqueue: [10082,1934,com.android.systemui,2048,NULL,0,Notification(channel=updateNotification shortcut=null contentView=null vibrate=null sound=null defaults=0x0 flags=0x0 color=0x00000000 vis=PRIVATE),1]
11-05 02:21:30.685 1934 1934 I sysui_multi_action: [757,111,758,1]
11-05 02:21:30.686 1934 1934 I sysui_multi_action: [757,126,758,1,759,126,927,0,928,1,1593,1]
11-05 02:21:30.686 1934 1934 I sysui_multi_action: [757,113,758,1,759,113,927,1,928,1,1593,1]
11-05 02:21:30.686 1934 1934 I sysui_multi_action: [757,0,758,1,759,0,927,2,928,0,1593,1]
11-05 02:21:30.686 1934 1934 I sysui_multi_action: [757,0,758,1,759,0,927,3,928,0,1593,1]
11-05 02:21:30.686 1934 1934 I sysui_multi_action: [757,491,758,1,759,491,927,4,928,0,1311,-1,1593,0]
11-05 02:21:30.686 1934 1934 I sysui_multi_action: [757,0,758,1,759,0,927,5,928,0,1593,0]
11-05 02:21:30.686 1934 1934 I sysui_multi_action: [757,111,758,1]
11-05 02:21:30.686 1934 1934 I sysui_multi_action: [757,126,758,1,759,126,927,0,928,1,1593,1]
11-05 02:21:30.686 1934 1934 I sysui_multi_action: [757,113,758,1,759,113,927,1,928,1,1593,1]
11-05 02:21:30.686 1934 1934 I sysui_multi_action: [757,0,758,1,759,0,927,2,928,0,1593,1]
11-05 02:21:30.686 1934 1934 I sysui_multi_action: [757,0,758,1,759,0,927,3,928,0,1593,1]
11-05 02:21:30.698 1934 1934 I sysui_multi_action: [757,111,758,2]
11-05 02:21:30.698 1934 1934 I sysui_multi_action: [757,111,758,2]
11-05 02:21:30.698 1511 1511 I notification_enqueue: [10082,1934,com.android.systemui,2048,NULL,0,Notification(channel=updateNotification shortcut=null contentView=null vibrate=null sound=null defaults=0x0 flags=0x0 color=0x00000000 vis=PRIVATE),1]
11-05 02:21:30.700 1934 1934 I sysui_multi_action: [757,111,758,1]
11-05 02:21:30.701 1934 1934 I sysui_multi_action: [757,126,758,1,759,126,927,0,928,1,1593,1]
11-05 02:21:30.701 1934 1934 I sysui_multi_action: [757,113,758,1,759,113,927,1,928,1,1593,1]
11-05 02:21:30.701 1934 1934 I sysui_multi_action: [757,0,758,1,759,0,927,2,928,0,1593,1]
11-05 02:21:30.701 1934 1934 I sysui_multi_action: [757,0,758,1,759,0,927,3,928,0,1593,1]
11-05 02:21:30.701 1934 1934 I sysui_multi_action: [757,491,758,1,759,491,927,4,928,0,1311,-1,1593,0]
11-05 02:21:30.701 1934 1934 I sysui_multi_action: [757,0,758,1,759,0,927,5,928,0,1593,0]
11-05 02:21:30.701 1934 1934 I sysui_multi_action: [757,111,758,1]
11-05 02:21:30.701 1934 1934 I sysui_multi_action: [757,126,758,1,759,126,927,0,928,1,1593,1]
11-05 02:21:30.701 1934 1934 I sysui_multi_action: [757,113,758,1,759,113,927,1,928,1,1593,1]
11-05 02:21:30.701 1934 1934 I sysui_multi_action: [757,0,758,1,759,0,927,2,928,0,1593,1]
11-05 02:21:30.701 1934 1934 I sysui_multi_action: [757,0,758,1,759,0,927,3,928,0,1593,1]
11-05 02:21:30.715 1934 1934 I sysui_multi_action: [757,111,758,2]
11-05 02:21:30.715 1934 1934 I sysui_multi_action: [757,111,758,2]
11-05 02:21:30.716 1511 1511 I notification_enqueue: [10082,1934,com.android.systemui,2048,NULL,0,Notification(channel=updateNotification shortcut=null contentView=null vibrate=null sound=null defaults=0x0 flags=0x0 color=0x00000000 vis=PRIVATE),1]
11-05 02:21:30.718 1934 1934 I sysui_multi_action: [757,111,758,1]
11-05 02:21:30.718 1934 1934 I sysui_multi_action: [757,126,758,1,759,126,927,0,928,1,1593,1]
11-05 02:21:30.718 1934 1934 I sysui_multi_action: [757,113,758,1,759,113,927,1,928,1,1593,1]
11-05 02:21:30.718 1934 1934 I sysui_multi_action: [757,0,758,1,759,0,927,2,928,0,1593,1]
11-05 02:21:30.719 1934 1934 I sysui_multi_action: [757,0,758,1,759,0,927,3,928,0,1593,1]
11-05 02:21:30.719 1934 1934 I sysui_multi_action: [757,491,758,1,759,491,927,4,928,0,1311,-1,1593,0]
11-05 02:21:30.719 1934 1934 I sysui_multi_action: [757,0,758,1,759,0,927,5,928,0,1593,0]
11-05 02:21:30.719 1934 1934 I sysui_multi_action: [757,111,758,1]
11-05 02:21:30.719 1934 1934 I sysui_multi_action: [757,126,758,1,759,126,927,0,928,1,1593,1]
11-05 02:21:30.719 1934 1934 I sysui_multi_action: [757,113,758,1,759,113,927,1,928,1,1593,1]
11-05 02:21:30.719 1934 1934 I sysui_multi_action: [757,0,758,1,759,0,927,2,928,0,1593,1]
11-05 02:21:30.719 1934 1934 I sysui_multi_action: [757,0,758,1,759,0,927,3,928,0,1593,1]
11-05 02:21:30.732 1934 1934 I sysui_multi_action: [757,111,758,2]
11-05 02:21:30.732 1511 1511 I notification_enqueue: [10082,1934,com.android.systemui,2048,NULL,0,Notification(channel=updateNotification shortcut=null contentView=null vibrate=null sound=null defaults=0x0 flags=0x0 color=0x00000000 vis=PRIVATE),1]
11-05 02:21:30.732 1934 1934 I sysui_multi_action: [757,111,758,2]
11-05 02:21:30.741 1511 1603 I input_focus: [Focus request a226794 com.android.launcher3/com.android.launcher3.uioverrides.QuickstepLauncher,reason=UpdateInputWindows]
11-05 02:21:30.742 1934 1934 I sysui_multi_action: [757,111,758,1]
11-05 02:21:30.742 1934 1934 I sysui_multi_action: [757,126,758,1,759,126,927,0,928,1,1593,0]
11-05 02:21:30.742 1934 1934 I sysui_multi_action: [757,113,758,1,759,113,927,1,928,1,1593,0]
11-05 02:21:30.742 1934 1934 I sysui_multi_action: [757,0,758,1,759,0,927,2,928,0,1593,0]
11-05 02:21:30.742 1934 1934 I sysui_multi_action: [757,0,758,1,759,0,927,3,928,0,1593,0]
11-05 02:21:30.742 1934 1934 I sysui_multi_action: [757,491,758,1,759,491,927,4,928,0,1311,-1,1593,0]
11-05 02:21:30.742 1934 1934 I sysui_multi_action: [757,0,758,1,759,0,927,5,928,0,1593,0]
11-05 02:21:30.742 1934 1934 I sysui_multi_action: [757,111,758,1]
11-05 02:21:30.742 1934 1934 I sysui_multi_action: [757,126,758,1,759,126,927,0,928,1,1593,1]
11-05 02:21:30.742 1934 1934 I sysui_multi_action: [757,113,758,1,759,113,927,1,928,1,1593,1]
11-05 02:21:30.743 1934 1934 I sysui_multi_action: [757,0,758,1,759,0,927,2,928,0,1593,1]
11-05 02:21:30.743 1934 1934 I sysui_multi_action: [757,0,758,1,759,0,927,3,928,0,1593,1]
11-05 02:21:30.752 1934 1934 I sysui_multi_action: [757,111,758,2]
11-05 02:21:30.752 1934 1934 I sysui_multi_action: [757,111,758,2]
11-05 02:21:30.753 1511 1511 I notification_enqueue: [10082,1934,com.android.systemui,2048,NULL,0,Notification(channel=updateNotification shortcut=null contentView=null vibrate=null sound=null defaults=0x0 flags=0x0 color=0x00000000 vis=PRIVATE),1]
11-05 02:21:30.754 1511 4707 I sysui_multi_action: [757,128,758,2,793,4149643,794,40227,795,4149643,796,26,798,0,806,android,857,DEVELOPER_IMPORTANT,858,4,947,0,1395,2,1500,4148946,1688,1]
11-05 02:21:30.754 1511 4707 I notification_visibility: [-1|android|26|null|1000,0,4149643,4149643,0,0]
11-05 02:21:30.754 1511 4707 I sysui_multi_action: [757,128,758,2,793,4150418,794,40227,795,4150418,796,32,798,1,806,android,857,USB,858,1,947,0,1395,2,1500,4150360,1688,1]
11-05 02:21:30.754 1511 4707 I notification_visibility: [-1|android|32|null|1000,0,4150418,4150418,0,1]
11-05 02:21:30.755 1511 4178 I sysui_multi_action: [757,127,758,2]
11-05 02:21:30.755 1511 4178 I notification_panel_hidden:
11-05 02:21:30.763 1934 1934 I sysui_multi_action: [757,111,758,1]
11-05 02:21:30.763 1934 1934 I sysui_multi_action: [757,126,758,1,759,126,927,0,928,1,1593,1]
11-05 02:21:30.763 1934 1934 I sysui_multi_action: [757,113,758,1,759,113,927,1,928,1,1593,1]
11-05 02:21:30.763 1934 1934 I sysui_multi_action: [757,0,758,1,759,0,927,2,928,0,1593,1]
11-05 02:21:30.763 1934 1934 I sysui_multi_action: [757,0,758,1,759,0,927,3,928,0,1593,1]
11-05 02:21:30.764 1934 1934 I sysui_multi_action: [757,491,758,1,759,491,927,4,928,0,1311,-1,1593,0]
11-05 02:21:30.764 1934 1934 I sysui_multi_action: [757,0,758,1,759,0,927,5,928,0,1593,0]
11-05 02:21:30.764 1934 1934 I sysui_multi_action: [757,111,758,1]
11-05 02:21:30.764 1934 1934 I sysui_multi_action: [757,126,758,1,759,126,927,0,928,1,1593,1]
11-05 02:21:30.764 1934 1934 I sysui_multi_action: [757,113,758,1,759,113,927,1,928,1,1593,1]
11-05 02:21:30.764 1934 1934 I sysui_multi_action: [757,0,758,1,759,0,927,2,928,0,1593,1]
11-05 02:21:30.764 1934 1934 I sysui_multi_action: [757,0,758,1,759,0,927,3,928,0,1593,1]
11-05 02:21:30.769 1511 1687 I input_focus: [Focus leaving eefcbb2 NotificationShade (server),reason=NO_WINDOW]
11-05 02:21:30.769 1511 1687 I input_focus: [Focus entering a226794 com.android.launcher3/com.android.launcher3.uioverrides.QuickstepLauncher (server),reason=setFocusedWindow]
11-05 02:21:31.485 1511 1687 I input_interaction: Interaction with: a226794 com.android.launcher3/com.android.launcher3.uioverrides.QuickstepLauncher (server), 2153fad com.android.systemui.ImageWallpaper (server), edge-swipe (server), swipe-up (server), PointerEventDispatcher0 (server),
11-05 02:21:31.593 1511 6932 I wm_task_created: [120,-1]
11-05 02:21:31.597 1511 6932 I wm_task_moved: [120,1,6]
11-05 02:21:31.597 1511 6932 I wm_task_to_front: [0,120]
11-05 02:21:31.598 1511 6932 I wm_create_task: [0,120]
11-05 02:21:31.598 1511 6932 I wm_create_activity: [0,205783540,120,com.android.settings/.Settings,android.intent.action.MAIN,NULL,NULL,270532608]
11-05 02:21:31.598 1511 6932 I wm_task_moved: [120,1,6]
11-05 02:21:31.601 1511 6932 I wm_pause_activity: [0,245869423,com.android.launcher3/.uioverrides.QuickstepLauncher,userLeaving=true,pauseBackTasks]
11-05 02:21:31.606 2535 2535 I wm_on_top_resumed_lost_called: [245869423,com.android.launcher3.uioverrides.QuickstepLauncher,topStateChangedWhenResumed]
11-05 02:21:31.607 2535 2535 I wm_on_paused_called: [245869423,com.android.launcher3.uioverrides.QuickstepLauncher,performPause]
11-05 02:21:31.613 1511 6092 I wm_add_to_stopping: [0,245869423,com.android.launcher3/.uioverrides.QuickstepLauncher,makeInvisible]
11-05 02:21:31.613 1511 6092 I wm_restart_activity: [0,205783540,120,com.android.settings/.Settings]
11-05 02:21:31.615 1511 6092 I wm_set_resumed_activity: [0,com.android.settings/.Settings,minimalResumeActivityLocked]
11-05 02:21:31.635 1511 1687 I input_focus: [Focus leaving a226794 com.android.launcher3/com.android.launcher3.uioverrides.QuickstepLauncher (server),reason=NO_WINDOW]
11-05 02:21:31.639 1511 1602 I sysui_multi_action: [757,803,799,window_time_0,802,24]
11-05 02:21:31.670 1511 6932 I am_uid_active: 10088
11-05 02:21:31.677 16818 16818 I wm_on_create_called: [205783540,com.android.settings.Settings,performCreate]
11-05 02:21:31.718 16818 16818 I wm_on_start_called: [205783540,com.android.settings.Settings,handleStartActivity]
11-05 02:21:31.719 16818 16818 I snet_event_log: [120484087,-1,]
11-05 02:21:31.719 16818 16818 I wm_on_resume_called: [205783540,com.android.settings.Settings,RESUME_ACTIVITY]
11-05 02:21:31.721 16818 16818 I sysui_multi_action: [757,35,758,1,833,0,1089,40]
11-05 02:21:31.727 16818 16818 I sysui_multi_action: [757,1729,758,4,854,isParalleledControllers:false,1089,46]
11-05 02:21:31.736 16818 16818 I wm_on_top_resumed_gained_called: [205783540,com.android.settings.Settings,topStateChangedWhenResumed]
11-05 02:21:31.767 0 0 I auditd : type=1400 audit(0.0:4611): avc: denied { kill } for comm="swapper/0" capability=5 scontext=u:r:kernel:s0 tcontext=u:r:kernel:s0 tclass=capability permissive=0
11-05 02:21:31.792 1511 1603 I input_focus: [Focus request cdc5ba8 com.android.settings/com.android.settings.Settings,reason=UpdateInputWindows]
11-05 02:21:31.834 1511 1603 I sysui_multi_action: [324,1,757,1090,758,12,806,com.android.settings,871,com.android.settings.Settings,1091,249]
11-05 02:21:31.841 1511 1599 I sysui_multi_action: [319,73,321,70,322,249,325,4162,757,761,758,8,759,1,806,com.android.settings,871,com.android.settings.Settings,904,com.android.launcher3,905,0,1320,4,1321,1]
11-05 02:21:31.842 1511 1599 I wm_activity_launch_time: [0,205783540,com.android.settings/.Settings,249]
11-05 02:21:31.853 1511 1687 I input_focus: [Focus entering cdc5ba8 com.android.settings/com.android.settings.Settings (server),reason=Window became focusable. Previous reason: NOT_VISIBLE]
11-05 02:21:31.986 16818 16818 W CarrierConfigManager: Error getting config for subId -1 ICarrierConfigLoader is null
11-05 02:21:32.031 16818 16818 I sysui_multi_action: [757,746,758,1,833,0,1089,68]
11-05 02:21:32.032 1511 2042 D TelephonyRegistry: listen oscl: mHasNotifySubscriptionInfoChangedOccurred==false no callback
11-05 02:21:32.036 1511 4707 D TelephonyRegistry: listen oscl: mHasNotifySubscriptionInfoChangedOccurred==false no callback
11-05 02:21:32.043 16818 16818 I sysui_multi_action: [757,1729,758,4,854,isParalleledControllers:false,1089,80]
11-05 02:21:32.193 1511 1602 I wm_stop_activity: [0,245869423,com.android.launcher3/.uioverrides.QuickstepLauncher]
11-05 02:21:32.223 2535 2535 I wm_on_stop_called: [245869423,com.android.launcher3.uioverrides.QuickstepLauncher,STOP_ACTIVITY_ITEM]
11-05 02:21:32.767 0 0 I auditd : type=1400 audit(0.0:4612): avc: denied { kill } for comm="swapper/0" capability=5 scontext=u:r:kernel:s0 tcontext=u:r:kernel:s0 tclass=capability permissive=0
11-05 02:21:32.803 1511 1687 I input_interaction: Interaction with: cdc5ba8 com.android.settings/com.android.settings.Settings (server), edge-swipe (server), swipe-up (server), PointerEventDispatcher0 (server),
11-05 02:21:32.823 1511 4178 I wm_task_moved: [1,0,0]
11-05 02:21:32.824 1511 4178 I wm_task_moved: [1,0,5]
11-05 02:21:32.835 2535 2535 I wm_on_restart_called: [245869423,com.android.launcher3.uioverrides.QuickstepLauncher,performRestartActivity]
11-05 02:21:32.853 2535 2535 I wm_on_start_called: [245869423,com.android.launcher3.uioverrides.QuickstepLauncher,handleStartActivity]
11-05 02:21:32.882 1511 1599 I sysui_multi_action: [319,11,322,52,325,4163,757,761,758,9,759,5,806,com.android.launcher3,871,com.android.launcher3.uioverrides.QuickstepLauncher,905,0,1320,4,1321,1]
11-05 02:21:32.883 16818 16818 I view_enqueue_input_event: [Motion - Cancel,com.android.settings/com.android.settings.Settings]
11-05 02:21:32.884 2535 2535 I sysui_latency: [1,62]
11-05 02:21:32.890 1511 1603 I input_focus: [Focus request recents_animation_input_consumer,reason=UpdateInputWindows]
11-05 02:21:32.893 1511 1687 I input_interaction: Interaction with: edge-swipe (server), swipe-up (server), PointerEventDispatcher0 (server),
11-05 02:21:32.922 1511 1687 I input_focus: [Focus leaving cdc5ba8 com.android.settings/com.android.settings.Settings (server),reason=NOT_FOCUSABLE]
11-05 02:21:32.922 1511 1687 I input_focus: [Focus entering recents_animation_input_consumer (server),reason=setFocusedWindow]
11-05 02:21:33.055 1511 1669 I commit_sys_config_file: [settings-1-0,4]
11-05 02:21:33.178 1511 1608 I sysui_latency: [8,68]
11-05 02:21:33.290 1511 1609 I am_uid_idle: 10043
11-05 02:21:33.594 1511 4731 I wm_task_moved: [1,0,5]
11-05 02:21:33.595 1511 4731 I wm_add_to_stopping: [0,245869423,com.android.launcher3/.uioverrides.QuickstepLauncher,makeInvisible]
11-05 02:21:33.603 1511 1603 I input_focus: [Focus request cdc5ba8 com.android.settings/com.android.settings.Settings,reason=UpdateInputWindows]
11-05 02:21:33.604 1511 1602 I wm_stop_activity: [0,245869423,com.android.launcher3/.uioverrides.QuickstepLauncher]
11-05 02:21:33.612 1511 1687 I input_focus: [Focus leaving recents_animation_input_consumer (server),reason=NOT_VISIBLE]
11-05 02:21:33.612 1511 1687 I input_focus: [Focus entering cdc5ba8 com.android.settings/com.android.settings.Settings (server),reason=setFocusedWindow]
11-05 02:21:33.651 2535 2535 I wm_on_stop_called: [245869423,com.android.launcher3.uioverrides.QuickstepLauncher,STOP_ACTIVITY_ITEM]
11-05 02:21:33.851 1511 1669 I commit_sys_config_file: [settings-1-0,6]
11-05 02:21:34.546 1511 1687 I input_interaction: Interaction with: f0a305f StatusBar (server), edge-swipe (server), swipe-up (server), PointerEventDispatcher0 (server),
11-05 02:21:34.550 1934 1934 I sysui_multi_action: [757,803,799,panel_open,802,1]
11-05 02:21:34.552 1934 1934 I sysui_multi_action: [757,1328,758,4,1326,49,1327,0,1329,0]
11-05 02:21:34.617 1511 4178 I sysui_multi_action: [757,127,758,1]
11-05 02:21:34.617 1511 4178 I sysui_multi_action: [757,804,799,note_load,801,2,802,1]
11-05 02:21:34.617 1511 4178 I notification_panel_revealed: 2
11-05 02:21:34.622 1934 1934 I sysui_multi_action: [757,111,758,2]
11-05 02:21:34.622 1934 1934 I sysui_multi_action: [757,111,758,2]
11-05 02:21:34.622 1511 1511 I notification_enqueue: [10082,1934,com.android.systemui,2048,NULL,0,Notification(channel=updateNotification shortcut=null contentView=null vibrate=null sound=null defaults=0x0 flags=0x0 color=0x00000000 vis=PRIVATE),1]
11-05 02:21:34.637 1511 1603 I input_focus: [Focus request eefcbb2 NotificationShade,reason=UpdateInputWindows]
11-05 02:21:34.642 1934 1934 I sysui_multi_action: [757,111,758,1]
11-05 02:21:34.643 1934 1934 I sysui_multi_action: [757,126,758,1,759,126,927,0,928,1,1593,0]
11-05 02:21:34.643 1934 1934 I sysui_multi_action: [757,113,758,1,759,113,927,1,928,1,1593,0]
11-05 02:21:34.643 1934 1934 I sysui_multi_action: [757,0,758,1,759,0,927,2,928,0,1593,0]
11-05 02:21:34.643 1934 1934 I sysui_multi_action: [757,0,758,1,759,0,927,3,928,0,1593,0]
11-05 02:21:34.643 1934 1934 I sysui_multi_action: [757,491,758,1,759,491,927,4,928,0,1311,-1,1593,0]
11-05 02:21:34.644 1934 1934 I sysui_multi_action: [757,0,758,1,759,0,927,5,928,0,1593,0]
11-05 02:21:34.644 1934 1934 I sysui_multi_action: [757,111,758,1]
11-05 02:21:34.644 1934 1934 I sysui_multi_action: [757,126,758,1,759,126,927,0,928,1,1593,0]
11-05 02:21:34.644 1934 1934 I sysui_multi_action: [757,113,758,1,759,113,927,1,928,1,1593,0]
11-05 02:21:34.644 1934 1934 I sysui_multi_action: [757,0,758,1,759,0,927,2,928,0,1593,0]
11-05 02:21:34.644 1934 1934 I sysui_multi_action: [757,0,758,1,759,0,927,3,928,0,1593,0]
11-05 02:21:34.659 1934 1934 I sysui_multi_action: [757,111,758,2]
11-05 02:21:34.659 1511 1511 I notification_enqueue: [10082,1934,com.android.systemui,2048,NULL,0,Notification(channel=updateNotification shortcut=null contentView=null vibrate=null sound=null defaults=0x0 flags=0x0 color=0x00000000 vis=PRIVATE),1]
11-05 02:21:34.659 1934 1934 I sysui_multi_action: [757,111,758,2]
11-05 02:21:34.663 1511 1687 I input_focus: [Focus leaving cdc5ba8 com.android.settings/com.android.settings.Settings (server),reason=setFocusedWindow]
11-05 02:21:34.663 1511 1687 I input_focus: [Focus entering eefcbb2 NotificationShade (server),reason=setFocusedWindow]
11-05 02:21:34.664 1934 1934 I sysui_multi_action: [757,111,758,1]
11-05 02:21:34.664 1934 1934 I sysui_multi_action: [757,126,758,1,759,126,927,0,928,1,1593,0]
11-05 02:21:34.664 1934 1934 I sysui_multi_action: [757,113,758,1,759,113,927,1,928,1,1593,0]
11-05 02:21:34.664 1934 1934 I sysui_multi_action: [757,0,758,1,759,0,927,2,928,0,1593,0]
11-05 02:21:34.665 1934 1934 I sysui_multi_action: [757,0,758,1,759,0,927,3,928,0,1593,0]
11-05 02:21:34.665 1934 1934 I sysui_multi_action: [757,491,758,1,759,491,927,4,928,0,1311,-1,1593,0]
11-05 02:21:34.665 1934 1934 I sysui_multi_action: [757,0,758,1,759,0,927,5,928,0,1593,0]
11-05 02:21:34.665 1934 1934 I sysui_multi_action: [757,111,758,1]
11-05 02:21:34.665 1934 1934 I sysui_multi_action: [757,126,758,1,759,126,927,0,928,1,1593,0]
11-05 02:21:34.665 1934 1934 I sysui_multi_action: [757,113,758,1,759,113,927,1,928,1,1593,0]
11-05 02:21:34.665 1934 1934 I sysui_multi_action: [757,0,758,1,759,0,927,2,928,0,1593,0]
11-05 02:21:34.665 1934 1934 I sysui_multi_action: [757,0,758,1,759,0,927,3,928,0,1593,0]
11-05 02:21:34.682 1934 1934 I sysui_multi_action: [757,111,758,2]
11-05 02:21:34.682 1934 1934 I sysui_multi_action: [757,111,758,2]
11-05 02:21:34.682 1511 1511 I notification_enqueue: [10082,1934,com.android.systemui,2048,NULL,0,Notification(channel=updateNotification shortcut=null contentView=null vibrate=null sound=null defaults=0x0 flags=0x0 color=0x00000000 vis=PRIVATE),1]
11-05 02:21:34.687 1934 1934 I sysui_multi_action: [757,111,758,1]
11-05 02:21:34.687 1934 1934 I sysui_multi_action: [757,126,758,1,759,126,927,0,928,1,1593,0]
11-05 02:21:34.687 1934 1934 I sysui_multi_action: [757,113,758,1,759,113,927,1,928,1,1593,0]
11-05 02:21:34.688 1934 1934 I sysui_multi_action: [757,0,758,1,759,0,927,2,928,0,1593,0]
11-05 02:21:34.688 1934 1934 I sysui_multi_action: [757,0,758,1,759,0,927,3,928,0,1593,0]
11-05 02:21:34.688 1934 1934 I sysui_multi_action: [757,491,758,1,759,491,927,4,928,0,1311,-1,1593,0]
11-05 02:21:34.688 1934 1934 I sysui_multi_action: [757,0,758,1,759,0,927,5,928,0,1593,0]
11-05 02:21:34.688 1934 1934 I sysui_multi_action: [757,111,758,1]
11-05 02:21:34.688 1934 1934 I sysui_multi_action: [757,126,758,1,759,126,927,0,928,1,1593,0]
11-05 02:21:34.688 1934 1934 I sysui_multi_action: [757,113,758,1,759,113,927,1,928,1,1593,0]
11-05 02:21:34.688 1934 1934 I sysui_multi_action: [757,0,758,1,759,0,927,2,928,0,1593,0]
11-05 02:21:34.689 1934 1934 I sysui_multi_action: [757,0,758,1,759,0,927,3,928,0,1593,0]
11-05 02:21:34.699 1934 1934 I sysui_multi_action: [757,111,758,2]
11-05 02:21:34.700 1511 1511 I notification_enqueue: [10082,1934,com.android.systemui,2048,NULL,0,Notification(channel=updateNotification shortcut=null contentView=null vibrate=null sound=null defaults=0x0 flags=0x0 color=0x00000000 vis=PRIVATE),1]
11-05 02:21:34.700 1934 1934 I sysui_multi_action: [757,111,758,2]
11-05 02:21:34.703 1934 1934 I sysui_multi_action: [757,111,758,1]
11-05 02:21:34.703 1934 1934 I sysui_multi_action: [757,126,758,1,759,126,927,0,928,1,1593,0]
11-05 02:21:34.703 1934 1934 I sysui_multi_action: [757,113,758,1,759,113,927,1,928,1,1593,0]
11-05 02:21:34.703 1934 1934 I sysui_multi_action: [757,0,758,1,759,0,927,2,928,0,1593,0]
11-05 02:21:34.703 1934 1934 I sysui_multi_action: [757,0,758,1,759,0,927,3,928,0,1593,0]
11-05 02:21:34.703 1934 1934 I sysui_multi_action: [757,491,758,1,759,491,927,4,928,0,1311,-1,1593,0]
11-05 02:21:34.704 1934 1934 I sysui_multi_action: [757,0,758,1,759,0,927,5,928,0,1593,0]
11-05 02:21:34.704 1934 1934 I sysui_multi_action: [757,111,758,1]
11-05 02:21:34.704 1934 1934 I sysui_multi_action: [757,126,758,1,759,126,927,0,928,1,1593,0]
11-05 02:21:34.704 1934 1934 I sysui_multi_action: [757,113,758,1,759,113,927,1,928,1,1593,0]
11-05 02:21:34.704 1934 1934 I sysui_multi_action: [757,0,758,1,759,0,927,2,928,0,1593,0]
11-05 02:21:34.704 1934 1934 I sysui_multi_action: [757,0,758,1,759,0,927,3,928,0,1593,0]
11-05 02:21:34.713 1511 1511 I notification_enqueue: [10082,1934,com.android.systemui,2048,NULL,0,Notification(channel=updateNotification shortcut=null contentView=null vibrate=null sound=null defaults=0x0 flags=0x0 color=0x00000000 vis=PRIVATE),1]
11-05 02:21:34.714 1934 1934 I sysui_multi_action: [757,111,758,2]
11-05 02:21:34.714 1934 1934 I sysui_multi_action: [757,111,758,2]
11-05 02:21:34.719 1934 1934 I sysui_multi_action: [757,111,758,1]
11-05 02:21:34.719 1934 1934 I sysui_multi_action: [757,126,758,1,759,126,927,0,928,1,1593,0]
11-05 02:21:34.719 1934 1934 I sysui_multi_action: [757,113,758,1,759,113,927,1,928,1,1593,0]
11-05 02:21:34.719 1934 1934 I sysui_multi_action: [757,0,758,1,759,0,927,2,928,0,1593,0]
11-05 02:21:34.719 1934 1934 I sysui_multi_action: [757,0,758,1,759,0,927,3,928,0,1593,0]
11-05 02:21:34.719 1934 1934 I sysui_multi_action: [757,491,758,1,759,491,927,4,928,0,1311,-1,1593,0]
11-05 02:21:34.719 1934 1934 I sysui_multi_action: [757,0,758,1,759,0,927,5,928,0,1593,0]
11-05 02:21:34.720 1934 1934 I sysui_multi_action: [757,111,758,1]
