11-05 02:30:53.767 0 0 I auditd : type=1400 audit(0.0:5213): avc: denied { kill } for comm="swapper/3" capability=5 scontext=u:r:kernel:s0 tcontext=u:r:kernel:s0 tclass=capability permissive=0
11-05 02:30:54.767 0 0 I auditd : type=1400 audit(0.0:5214): avc: denied { kill } for comm="swapper/3" capability=5 scontext=u:r:kernel:s0 tcontext=u:r:kernel:s0 tclass=capability permissive=0
11-05 02:30:55.767 0 0 I auditd : type=1400 audit(0.0:5215): avc: denied { kill } for comm="swapper/3" capability=5 scontext=u:r:kernel:s0 tcontext=u:r:kernel:s0 tclass=capability permissive=0
11-05 02:30:56.767 0 0 I auditd : type=1400 audit(0.0:5216): avc: denied { kill } for comm="swapper/3" capability=5 scontext=u:r:kernel:s0 tcontext=u:r:kernel:s0 tclass=capability permissive=0
11-05 02:30:57.767 0 0 I auditd : type=1400 audit(0.0:5217): avc: denied { kill } for comm="swapper/3" capability=5 scontext=u:r:kernel:s0 tcontext=u:r:kernel:s0 tclass=capability permissive=0
11-05 02:30:59.767 0 0 I auditd : type=1400 audit(0.0:5218): avc: denied { kill } for comm="swapper/3" capability=5 scontext=u:r:kernel:s0 tcontext=u:r:kernel:s0 tclass=capability permissive=0
11-05 02:31:00.767 0 0 I auditd : type=1400 audit(0.0:5219): avc: denied { kill } for comm="swapper/3" capability=5 scontext=u:r:kernel:s0 tcontext=u:r:kernel:s0 tclass=capability permissive=0
11-05 02:31:01.767 0 0 I auditd : type=1400 audit(0.0:5220): avc: denied { kill } for comm="swapper/3" capability=5 scontext=u:r:kernel:s0 tcontext=u:r:kernel:s0 tclass=capability permissive=0
11-05 02:31:02.767 0 0 I auditd : type=1400 audit(0.0:5221): avc: denied { kill } for comm="swapper/3" capability=5 scontext=u:r:kernel:s0 tcontext=u:r:kernel:s0 tclass=capability permissive=0
11-05 02:31:03.767 0 0 I auditd : type=1400 audit(0.0:5222): avc: denied { kill } for comm="swapper/3" capability=5 scontext=u:r:kernel:s0 tcontext=u:r:kernel:s0 tclass=capability permissive=0
11-05 02:31:04.767 0 0 I auditd : type=1400 audit(0.0:5223): avc: denied { kill } for comm="swapper/3" capability=5 scontext=u:r:kernel:s0 tcontext=u:r:kernel:s0 tclass=capability permissive=0
11-05 02:31:05.767 0 0 I auditd : type=1400 audit(0.0:5224): avc: denied { kill } for comm="swapper/3" capability=5 scontext=u:r:kernel:s0 tcontext=u:r:kernel:s0 tclass=capability permissive=0
11-05 02:31:06.767 0 0 I auditd : type=1400 audit(0.0:5225): avc: denied { kill } for comm="swapper/3" capability=5 scontext=u:r:kernel:s0 tcontext=u:r:kernel:s0 tclass=capability permissive=0
11-05 02:31:07.767 0 0 I auditd : type=1400 audit(0.0:5226): avc: denied { kill } for comm="swapper/3" capability=5 scontext=u:r:kernel:s0 tcontext=u:r:kernel:s0 tclass=capability permissive=0
11-05 02:31:08.767 0 0 I auditd : type=1400 audit(0.0:5227): avc: denied { kill } for comm="swapper/3" capability=5 scontext=u:r:kernel:s0 tcontext=u:r:kernel:s0 tclass=capability permissive=0
11-05 02:31:09.767 0 0 I auditd : type=1400 audit(0.0:5228): avc: denied { kill } for comm="swapper/3" capability=5 scontext=u:r:kernel:s0 tcontext=u:r:kernel:s0 tclass=capability permissive=0
11-05 02:31:10.767 0 0 I auditd : type=1400 audit(0.0:5229): avc: denied { kill } for comm="swapper/3" capability=5 scontext=u:r:kernel:s0 tcontext=u:r:kernel:s0 tclass=capability permissive=0
11-05 02:31:11.767 0 0 I auditd : type=1400 audit(0.0:5230): avc: denied { kill } for comm="swapper/3" capability=5 scontext=u:r:kernel:s0 tcontext=u:r:kernel:s0 tclass=capability permissive=0
11-05 02:31:12.767 0 0 I auditd : type=1400 audit(0.0:5231): avc: denied { kill } for comm="swapper/3" capability=5 scontext=u:r:kernel:s0 tcontext=u:r:kernel:s0 tclass=capability permissive=0
11-05 02:31:13.767 0 0 I auditd : type=1400 audit(0.0:5232): avc: denied { kill } for comm="swapper/3" capability=5 scontext=u:r:kernel:s0 tcontext=u:r:kernel:s0 tclass=capability permissive=0
11-05 02:31:14.563 1511 1687 I input_interaction: Interaction with: 9d3fa3d com.thundercomm.screensaver/android.service.dreams.DreamActivity (server), edge-swipe (server), swipe-up (server), PointerEventDispatcher0 (server),
11-05 02:31:14.566 1511 1511 I service_manager_stats: [108,66,97061]
11-05 02:31:14.566 1511 6932 I wm_finish_activity: [0,112916975,128,com.thundercomm.screensaver/android.service.dreams.DreamActivity,finish-activity]
11-05 02:31:14.567 1511 6932 I wm_task_moved: [1,1,6]
11-05 02:31:14.568 1511 6932 I wm_task_moved: [40,1,2147483647]
11-05 02:31:14.568 1511 6932 I wm_task_to_front: [0,40]
11-05 02:31:14.568 1511 6932 I wm_focused_root_task: [0,0,1,128,finish-top adjustFocusToNextFocusableTask]
11-05 02:31:14.569 1511 6932 I wm_set_resumed_activity: [0,com.android.launcher3/.uioverrides.QuickstepLauncher,finish-top adjustFocusToNextFocusableTask]
11-05 02:31:14.570 1511 6932 I wm_pause_activity: [0,112916975,com.thundercomm.screensaver/android.service.dreams.DreamActivity,userLeaving=false,finish]
11-05 02:31:14.580 3968 3968 I wm_on_top_resumed_lost_called: [112916975,android.service.dreams.DreamActivity,topStateChangedWhenResumed]
11-05 02:31:14.580 1511 1602 I sysui_multi_action: [757,803,799,window_time_0,802,98]
11-05 02:31:14.582 3968 3968 I wm_on_paused_called: [112916975,android.service.dreams.DreamActivity,performPause]
11-05 02:31:14.582 1511 6932 I wm_add_to_stopping: [0,112916975,com.thundercomm.screensaver/android.service.dreams.DreamActivity,completeFinishing]
11-05 02:31:14.585 1511 6932 I wm_set_resumed_activity: [0,com.android.launcher3/.uioverrides.QuickstepLauncher,resumeTopActivityInnerLocked]
11-05 02:31:14.587 1511 6932 I wm_resume_activity: [0,245869423,40,com.android.launcher3/.uioverrides.QuickstepLauncher]
11-05 02:31:14.610 3968 3968 I view_enqueue_input_event: [Motion - Cancel,com.thundercomm.screensaver/android.service.dreams.DreamActivity]
11-05 02:31:14.610 1511 1602 I sysui_multi_action: [757,803,799,window_time_0,802,0]
11-05 02:31:14.611 2535 2535 I wm_on_restart_called: [245869423,com.android.launcher3.uioverrides.QuickstepLauncher,performRestartActivity]
11-05 02:31:14.611 1511 1687 I input_focus: [Focus leaving 9d3fa3d com.thundercomm.screensaver/android.service.dreams.DreamActivity (server),reason=NO_WINDOW]
11-05 02:31:14.611 2535 2535 I wm_on_start_called: [245869423,com.android.launcher3.uioverrides.QuickstepLauncher,handleStartActivity]
11-05 02:31:14.612 2535 2535 I wm_on_resume_called: [245869423,com.android.launcher3.uioverrides.QuickstepLauncher,RESUME_ACTIVITY]
11-05 02:31:14.612 2535 2535 I wm_on_top_resumed_gained_called: [245869423,com.android.launcher3.uioverrides.QuickstepLauncher,topWhenResuming]
11-05 02:31:14.621 1511 1608 I am_pss : [18266,10063,com.android.calendar,6914048,4902912,0,92565504,0,19,6]
11-05 02:31:14.626 1511 1608 I am_pss : [18252,10069,com.android.gallery3d,8502272,6418432,0,94728192,0,19,4]
11-05 02:31:14.626 1511 1603 I input_focus: [Focus request a226794 com.android.launcher3/com.android.launcher3.uioverrides.QuickstepLauncher,reason=UpdateInputWindows]
11-05 02:31:14.629 1511 1511 I am_uid_active: 10062
11-05 02:31:14.637 1511 1608 I am_pss : [18246,10032,com.microsoft.emmx,35514368,31780864,0,133955584,0,19,7]
11-05 02:31:14.653 1511 1687 I input_focus: [Focus entering a226794 com.android.launcher3/com.android.launcher3.uioverrides.QuickstepLauncher (server),reason=setFocusedWindow]
11-05 02:31:14.892 1511 1602 I wm_destroy_activity: [0,112916975,128,com.thundercomm.screensaver/android.service.dreams.DreamActivity,finish-imm:idle]
11-05 02:31:14.913 3968 3968 I wm_on_stop_called: [112916975,android.service.dreams.DreamActivity,LIFECYCLER_STOP_ACTIVITY]
11-05 02:31:14.914 3968 3968 I wm_on_destroy_called: [112916975,android.service.dreams.DreamActivity,performDestroy]
11-05 02:31:14.932 1511 1599 I sysui_multi_action: [757,222,758,2]
11-05 02:31:14.932 1511 1599 I sysui_multi_action: [757,804,799,dreaming_minutes,801,1,802,1]
11-05 02:31:14.941 1511 4707 I wm_task_removed: [128,removeChild:removeChild last r=ActivityRecord{6baf9ef u0 com.thundercomm.screensaver/android.service.dreams.DreamActivity t-1 f}} in t=Task{1a8d5c4 #128 type=dream A=10043:android:com.thundercomm.screensaver/dream U=0 visible=false mode=fullscreen translucent=true sz=0}]
11-05 02:31:14.941 1511 4707 I wm_task_removed: [128,removeChild]
11-05 02:31:15.767 0 0 I auditd : type=1400 audit(0.0:5233): avc: denied { kill } for comm="swapper/3" capability=5 scontext=u:r:kernel:s0 tcontext=u:r:kernel:s0 tclass=capability permissive=0
11-05 02:31:16.648 1511 1687 I input_interaction: Interaction with: f0a305f StatusBar (server), edge-swipe (server), swipe-up (server), PointerEventDispatcher0 (server),
11-05 02:31:16.653 1934 1934 I sysui_multi_action: [757,803,799,panel_open,802,1]
11-05 02:31:16.655 1934 1934 I sysui_multi_action: [757,1328,758,4,1326,50,1327,2,1329,0]
11-05 02:31:16.727 1511 4707 I sysui_multi_action: [757,127,758,1]
11-05 02:31:16.728 1511 4707 I sysui_multi_action: [757,804,799,note_load,801,3,802,1]
11-05 02:31:16.728 1511 4707 I notification_panel_revealed: 3
11-05 02:31:16.733 1934 1934 I sysui_multi_action: [757,111,758,2]
11-05 02:31:16.733 1511 1511 I notification_enqueue: [10082,1934,com.android.systemui,2048,NULL,0,Notification(channel=updateNotification shortcut=null contentView=null vibrate=null sound=null defaults=0x0 flags=0x0 color=0x00000000 vis=PRIVATE),1]
11-05 02:31:16.733 1934 1934 I sysui_multi_action: [757,111,758,2]
11-05 02:31:16.747 1511 1603 I input_focus: [Focus request eefcbb2 NotificationShade,reason=UpdateInputWindows]
11-05 02:31:16.752 1934 1934 I sysui_multi_action: [757,111,758,1]
11-05 02:31:16.752 1934 1934 I sysui_multi_action: [757,126,758,1,759,126,927,0,928,1,1593,0]
11-05 02:31:16.752 1934 1934 I sysui_multi_action: [757,113,758,1,759,113,927,1,928,1,1593,0]
11-05 02:31:16.752 1934 1934 I sysui_multi_action: [757,0,758,1,759,0,927,2,928,0,1593,0]
11-05 02:31:16.753 1934 1934 I sysui_multi_action: [757,0,758,1,759,0,927,3,928,0,1593,0]
11-05 02:31:16.753 1934 1934 I sysui_multi_action: [757,491,758,1,759,491,927,4,928,0,1311,-1,1593,0]
11-05 02:31:16.753 1934 1934 I sysui_multi_action: [757,0,758,1,759,0,927,5,928,0,1593,0]
11-05 02:31:16.753 1934 1934 I sysui_multi_action: [757,111,758,1]
11-05 02:31:16.754 1934 1934 I sysui_multi_action: [757,126,758,1,759,126,927,0,928,1,1593,0]
11-05 02:31:16.754 1934 1934 I sysui_multi_action: [757,113,758,1,759,113,927,1,928,1,1593,0]
11-05 02:31:16.754 1934 1934 I sysui_multi_action: [757,0,758,1,759,0,927,2,928,0,1593,0]
11-05 02:31:16.754 1934 1934 I sysui_multi_action: [757,0,758,1,759,0,927,3,928,0,1593,0]
11-05 02:31:16.767 1934 1934 I sysui_multi_action: [757,111,758,2]
11-05 02:31:16.767 1934 1934 I sysui_multi_action: [757,111,758,2]
11-05 02:31:16.767 1511 1511 I notification_enqueue: [10082,1934,com.android.systemui,2048,NULL,0,Notification(channel=updateNotification shortcut=null contentView=null vibrate=null sound=null defaults=0x0 flags=0x0 color=0x00000000 vis=PRIVATE),1]
11-05 02:31:16.771 1934 1934 I sysui_multi_action: [757,111,758,1]
11-05 02:31:16.771 1934 1934 I sysui_multi_action: [757,126,758,1,759,126,927,0,928,1,1593,0]
11-05 02:31:16.772 1934 1934 I sysui_multi_action: [757,113,758,1,759,113,927,1,928,1,1593,0]
11-05 02:31:16.772 1934 1934 I sysui_multi_action: [757,0,758,1,759,0,927,2,928,0,1593,0]
11-05 02:31:16.772 1934 1934 I sysui_multi_action: [757,0,758,1,759,0,927,3,928,0,1593,0]
11-05 02:31:16.772 1934 1934 I sysui_multi_action: [757,491,758,1,759,491,927,4,928,0,1311,-1,1593,0]
11-05 02:31:16.772 1934 1934 I sysui_multi_action: [757,0,758,1,759,0,927,5,928,0,1593,0]
11-05 02:31:16.772 1934 1934 I sysui_multi_action: [757,111,758,1]
11-05 02:31:16.773 1934 1934 I sysui_multi_action: [757,126,758,1,759,126,927,0,928,1,1593,0]
11-05 02:31:16.773 1934 1934 I sysui_multi_action: [757,113,758,1,759,113,927,1,928,1,1593,0]
11-05 02:31:16.773 1934 1934 I sysui_multi_action: [757,0,758,1,759,0,927,2,928,0,1593,0]
11-05 02:31:16.773 1934 1934 I sysui_multi_action: [757,0,758,1,759,0,927,3,928,0,1593,0]
11-05 02:31:16.779 1511 1687 I input_focus: [Focus leaving a226794 com.android.launcher3/com.android.launcher3.uioverrides.QuickstepLauncher (server),reason=setFocusedWindow]
11-05 02:31:16.779 1511 1687 I input_focus: [Focus entering eefcbb2 NotificationShade (server),reason=setFocusedWindow]
11-05 02:31:16.786 1934 1934 I sysui_multi_action: [757,111,758,2]
11-05 02:31:16.786 1934 1934 I sysui_multi_action: [757,111,758,2]
11-05 02:31:16.787 1511 1511 I notification_enqueue: [10082,1934,com.android.systemui,2048,NULL,0,Notification(channel=updateNotification shortcut=null contentView=null vibrate=null sound=null defaults=0x0 flags=0x0 color=0x00000000 vis=PRIVATE),1]
11-05 02:31:16.791 1934 1934 I sysui_multi_action: [757,111,758,1]
11-05 02:31:16.791 1934 1934 I sysui_multi_action: [757,126,758,1,759,126,927,0,928,1,1593,0]
11-05 02:31:16.791 1934 1934 I sysui_multi_action: [757,113,758,1,759,113,927,1,928,1,1593,0]
11-05 02:31:16.791 1934 1934 I sysui_multi_action: [757,0,758,1,759,0,927,2,928,0,1593,0]
11-05 02:31:16.791 1934 1934 I sysui_multi_action: [757,0,758,1,759,0,927,3,928,0,1593,0]
11-05 02:31:16.792 1934 1934 I sysui_multi_action: [757,491,758,1,759,491,927,4,928,0,1311,-1,1593,0]
11-05 02:31:16.792 1934 1934 I sysui_multi_action: [757,0,758,1,759,0,927,5,928,0,1593,0]
11-05 02:31:16.792 1934 1934 I sysui_multi_action: [757,111,758,1]
11-05 02:31:16.792 1934 1934 I sysui_multi_action: [757,126,758,1,759,126,927,0,928,1,1593,0]
11-05 02:31:16.792 1934 1934 I sysui_multi_action: [757,113,758,1,759,113,927,1,928,1,1593,0]
11-05 02:31:16.792 1934 1934 I sysui_multi_action: [757,0,758,1,759,0,927,2,928,0,1593,0]
11-05 02:31:16.792 1934 1934 I sysui_multi_action: [757,0,758,1,759,0,927,3,928,0,1593,0]
11-05 02:31:16.806 1934 1934 I sysui_multi_action: [757,111,758,2]
11-05 02:31:16.806 1934 1934 I sysui_multi_action: [757,111,758,2]
11-05 02:31:16.806 1511 1511 I notification_enqueue: [10082,1934,com.android.systemui,2048,NULL,0,Notification(channel=updateNotification shortcut=null contentView=null vibrate=null sound=null defaults=0x0 flags=0x0 color=0x00000000 vis=PRIVATE),1]
11-05 02:31:16.810 1934 1934 I sysui_multi_action: [757,111,758,1]
11-05 02:31:16.810 1934 1934 I sysui_multi_action: [757,126,758,1,759,126,927,0,928,1,1593,0]
11-05 02:31:16.810 1934 1934 I sysui_multi_action: [757,113,758,1,759,113,927,1,928,1,1593,0]
11-05 02:31:16.810 1934 1934 I sysui_multi_action: [757,0,758,1,759,0,927,2,928,0,1593,0]
11-05 02:31:16.810 1934 1934 I sysui_multi_action: [757,0,758,1,759,0,927,3,928,0,1593,0]
11-05 02:31:16.811 1934 1934 I sysui_multi_action: [757,491,758,1,759,491,927,4,928,0,1311,-1,1593,0]
11-05 02:31:16.811 1934 1934 I sysui_multi_action: [757,0,758,1,759,0,927,5,928,0,1593,0]
11-05 02:31:16.811 1934 1934 I sysui_multi_action: [757,111,758,1]
11-05 02:31:16.811 1934 1934 I sysui_multi_action: [757,126,758,1,759,126,927,0,928,1,1593,0]
11-05 02:31:16.811 1934 1934 I sysui_multi_action: [757,113,758,1,759,113,927,1,928,1,1593,0]
11-05 02:31:16.811 1934 1934 I sysui_multi_action: [757,0,758,1,759,0,927,2,928,0,1593,0]
11-05 02:31:16.811 1934 1934 I sysui_multi_action: [757,0,758,1,759,0,927,3,928,0,1593,0]
11-05 02:31:16.823 1934 1934 I sysui_multi_action: [757,111,758,2]
11-05 02:31:16.823 1934 1934 I sysui_multi_action: [757,111,758,2]
11-05 02:31:16.823 1511 1511 I notification_enqueue: [10082,1934,com.android.systemui,2048,NULL,0,Notification(channel=updateNotification shortcut=null contentView=null vibrate=null sound=null defaults=0x0 flags=0x0 color=0x00000000 vis=PRIVATE),1]
11-05 02:31:16.829 1934 1934 I sysui_multi_action: [757,111,758,1]
11-05 02:31:16.829 1934 1934 I sysui_multi_action: [757,126,758,1,759,126,927,0,928,1,1593,0]
11-05 02:31:16.829 1934 1934 I sysui_multi_action: [757,113,758,1,759,113,927,1,928,1,1593,0]
11-05 02:31:16.829 1934 1934 I sysui_multi_action: [757,0,758,1,759,0,927,2,928,0,1593,0]
11-05 02:31:16.829 1934 1934 I sysui_multi_action: [757,0,758,1,759,0,927,3,928,0,1593,0]
11-05 02:31:16.829 1934 1934 I sysui_multi_action: [757,491,758,1,759,491,927,4,928,0,1311,-1,1593,0]
11-05 02:31:16.829 1934 1934 I sysui_multi_action: [757,0,758,1,759,0,927,5,928,0,1593,0]
11-05 02:31:16.829 1934 1934 I sysui_multi_action: [757,111,758,1]
11-05 02:31:16.829 1934 1934 I sysui_multi_action: [757,126,758,1,759,126,927,0,928,1,1593,0]
11-05 02:31:16.829 1934 1934 I sysui_multi_action: [757,113,758,1,759,113,927,1,928,1,1593,0]
11-05 02:31:16.830 1934 1934 I sysui_multi_action: [757,0,758,1,759,0,927,2,928,0,1593,0]
11-05 02:31:16.830 1934 1934 I sysui_multi_action: [757,0,758,1,759,0,927,3,928,0,1593,0]
11-05 02:31:17.280 1511 6093 I sysui_multi_action: [757,128,758,1,793,4736168,794,0,795,4736168,796,26,798,0,806,android,857,DEVELOPER_IMPORTANT,858,4,947,0,1395,3,1500,4735471,1688,1]
11-05 02:31:17.280 1511 6093 I sysui_multi_action: [757,804,799,note_freshness,801,4736168,802,1]
11-05 02:31:17.280 1511 6093 I notification_visibility: [-1|android|26|null|1000,1,4736168,4736168,0,0]
11-05 02:31:17.281 1511 6093 I sysui_multi_action: [757,128,758,1,793,161483,794,0,795,56648,796,17303299,797,com.android.wifi,798,1,806,android,857,NETWORK_AVAILABLE,858,2,947,0,1395,3,1500,56446,1688,1]
11-05 02:31:17.281 1511 6093 I sysui_multi_action: [757,1501,758,1,793,161483,794,0,795,56648,796,17303299,797,com.android.wifi,806,android,857,NETWORK_AVAILABLE,858,2,947,0,1500,0,1688,1]
11-05 02:31:17.281 1511 6093 I sysui_multi_action: [757,804,799,note_interruptive,801,0,802,1]
11-05 02:31:17.282 1511 6093 I sysui_multi_action: [757,804,799,note_freshness,801,56648,802,1]
11-05 02:31:17.282 1511 6093 I notification_visibility: [0|android|17303299|com.android.wifi|1000,1,161483,56648,0,1]
11-05 02:31:17.282 1511 6093 I sysui_multi_action: [757,128,758,1,793,4736946,794,0,795,4736946,796,32,798,2,806,android,857,USB,858,1,947,0,1395,3,1500,4736888,1688,1]
11-05 02:31:17.282 1511 6093 I sysui_multi_action: [757,804,799,note_freshness,801,4736946,802,1]
11-05 02:31:17.282 1511 6093 I notification_visibility: [-1|android|32|null|1000,1,4736946,4736946,0,2]
11-05 02:31:17.767 288 288 I auditd : type=1400 audit(0.0:5234): avc: denied { kill } for comm="kgsl_worker_thr" capability=5 scontext=u:r:kernel:s0 tcontext=u:r:kernel:s0 tclass=capability permissive=0
11-05 02:31:18.767 0 0 I auditd : type=1400 audit(0.0:5235): avc: denied { kill } for comm="swapper/3" capability=5 scontext=u:r:kernel:s0 tcontext=u:r:kernel:s0 tclass=capability permissive=0
11-05 02:31:19.640 1511 1687 I input_interaction: Interaction with: eefcbb2 NotificationShade (server), edge-swipe (server), swipe-up (server), PointerEventDispatcher0 (server),
11-05 02:31:19.767 0 0 I auditd : type=1400 audit(0.0:5236): avc: denied { kill } for comm="swapper/3" capability=5 scontext=u:r:kernel:s0 tcontext=u:r:kernel:s0 tclass=capability permissive=0
11-05 02:31:19.772 1934 1934 I sysui_multi_action: [757,925,758,4,759,126,927,0,928,1,1592,0,1593,1]
11-05 02:31:19.812 1511 4194 D TelephonyRegistry: listen oscl: mHasNotifySubscriptionInfoChangedOccurred==false no callback
11-05 02:31:19.813 1934 1934 W CarrierConfigManager: Error getting config for subId -1 ICarrierConfigLoader is null
11-05 02:31:19.869 1511 1603 I input_focus: [Focus request 6a09968 InternetDialog,reason=UpdateInputWindows]
11-05 02:31:19.902 1511 1687 I input_focus: [Focus leaving eefcbb2 NotificationShade (server),reason=setFocusedWindow]
11-05 02:31:19.902 1511 1687 I input_focus: [Focus entering 6a09968 InternetDialog (server),reason=setFocusedWindow]
11-05 02:31:20.767 0 0 I auditd : type=1400 audit(0.0:5237): avc: denied { kill } for comm="swapper/3" capability=5 scontext=u:r:kernel:s0 tcontext=u:r:kernel:s0 tclass=capability permissive=0
11-05 02:31:21.195 1391 18236 I liblog : 60
11-05 02:31:21.204 1391 1402 I liblog : 147
11-05 02:31:21.767 0 0 I auditd : type=1400 audit(0.0:5238): avc: denied { kill } for comm="swapper/3" capability=5 scontext=u:r:kernel:s0 tcontext=u:r:kernel:s0 tclass=capability permissive=0
11-05 02:31:22.767 0 0 I auditd : type=1400 audit(0.0:5239): avc: denied { kill } for comm="swapper/3" capability=5 scontext=u:r:kernel:s0 tcontext=u:r:kernel:s0 tclass=capability permissive=0
11-05 02:31:23.767 0 0 I auditd : type=1400 audit(0.0:5240): avc: denied { kill } for comm="swapper/3" capability=5 scontext=u:r:kernel:s0 tcontext=u:r:kernel:s0 tclass=capability permissive=0
11-05 02:31:24.767 0 0 I auditd : type=1400 audit(0.0:5241): avc: denied { kill } for comm="swapper/3" capability=5 scontext=u:r:kernel:s0 tcontext=u:r:kernel:s0 tclass=capability permissive=0
11-05 02:31:25.767 0 0 I auditd : type=1400 audit(0.0:5242): avc: denied { kill } for comm="swapper/3" capability=5 scontext=u:r:kernel:s0 tcontext=u:r:kernel:s0 tclass=capability permissive=0
11-05 02:31:26.767 0 0 I auditd : type=1400 audit(0.0:5243): avc: denied { kill } for comm="swapper/3" capability=5 scontext=u:r:kernel:s0 tcontext=u:r:kernel:s0 tclass=capability permissive=0
11-05 02:31:27.767 0 0 I auditd : type=1400 audit(0.0:5244): avc: denied { kill } for comm="swapper/3" capability=5 scontext=u:r:kernel:s0 tcontext=u:r:kernel:s0 tclass=capability permissive=0
11-05 02:31:28.767 0 0 I auditd : type=1400 audit(0.0:5245): avc: denied { kill } for comm="swapper/3" capability=5 scontext=u:r:kernel:s0 tcontext=u:r:kernel:s0 tclass=capability permissive=0
11-05 02:31:29.767 0 0 I auditd : type=1400 audit(0.0:5246): avc: denied { kill } for comm="swapper/3" capability=5 scontext=u:r:kernel:s0 tcontext=u:r:kernel:s0 tclass=capability permissive=0
11-05 02:31:30.767 0 0 I auditd : type=1400 audit(0.0:5247): avc: denied { kill } for comm="swapper/3" capability=5 scontext=u:r:kernel:s0 tcontext=u:r:kernel:s0 tclass=capability permissive=0
11-05 02:31:31.767 0 0 I auditd : type=1400 audit(0.0:5248): avc: denied { kill } for comm="swapper/3" capability=5 scontext=u:r:kernel:s0 tcontext=u:r:kernel:s0 tclass=capability permissive=0
11-05 02:31:33.767 0 0 I auditd : type=1400 audit(0.0:5249): avc: denied { kill } for comm="swapper/3" capability=5 scontext=u:r:kernel:s0 tcontext=u:r:kernel:s0 tclass=capability permissive=0
11-05 02:31:34.767 0 0 I auditd : type=1400 audit(0.0:5250): avc: denied { kill } for comm="swapper/3" capability=5 scontext=u:r:kernel:s0 tcontext=u:r:kernel:s0 tclass=capability permissive=0
11-05 02:31:35.767 0 0 I auditd : type=1400 audit(0.0:5251): avc: denied { kill } for comm="swapper/3" capability=5 scontext=u:r:kernel:s0 tcontext=u:r:kernel:s0 tclass=capability permissive=0
11-05 02:31:36.767 0 0 I auditd : type=1400 audit(0.0:5252): avc: denied { kill } for comm="swapper/3" capability=5 scontext=u:r:kernel:s0 tcontext=u:r:kernel:s0 tclass=capability permissive=0
11-05 02:31:37.767 0 0 I auditd : type=1400 audit(0.0:5253): avc: denied { kill } for comm="swapper/3" capability=5 scontext=u:r:kernel:s0 tcontext=u:r:kernel:s0 tclass=capability permissive=0
11-05 02:31:38.767 0 0 I auditd : type=1400 audit(0.0:5254): avc: denied { kill } for comm="swapper/3" capability=5 scontext=u:r:kernel:s0 tcontext=u:r:kernel:s0 tclass=capability permissive=0
11-05 02:31:39.767 0 0 I auditd : type=1400 audit(0.0:5255): avc: denied { kill } for comm="swapper/3" capability=5 scontext=u:r:kernel:s0 tcontext=u:r:kernel:s0 tclass=capability permissive=0
11-05 02:31:40.767 0 0 I auditd : type=1400 audit(0.0:5256): avc: denied { kill } for comm="swapper/3" capability=5 scontext=u:r:kernel:s0 tcontext=u:r:kernel:s0 tclass=capability permissive=0
11-05 02:31:41.360 1511 1511 I notification_enqueue: [1000,1511,android,17303299,com.android.wifi,0,Notification(channel=NETWORK_AVAILABLE shortcut=null contentView=null vibrate=null sound=null tick defaults=0x0 flags=0x100 color=0x00000000 actions=2 vis=PRIVATE),1]
11-05 02:31:41.562 1511 1511 I sysui_multi_action: [757,1501,758,1,793,185763,794,24280,795,202,796,17303299,797,com.android.wifi,806,android,857,NETWORK_AVAILABLE,858,2,947,0,1500,0,1688,1]
11-05 02:31:41.562 1511 1511 I sysui_multi_action: [757,804,799,note_interruptive,801,0,802,1]
11-05 02:31:41.767 0 0 I auditd : type=1400 audit(0.0:5257): avc: denied { kill } for comm="swapper/3" capability=5 scontext=u:r:kernel:s0 tcontext=u:r:kernel:s0 tclass=capability permissive=0
11-05 02:31:42.767 0 0 I auditd : type=1400 audit(0.0:5258): avc: denied { kill } for comm="swapper/3" capability=5 scontext=u:r:kernel:s0 tcontext=u:r:kernel:s0 tclass=capability permissive=0
11-05 02:31:43.767 0 0 I auditd : type=1400 audit(0.0:5259): avc: denied { kill } for comm="swapper/3" capability=5 scontext=u:r:kernel:s0 tcontext=u:r:kernel:s0 tclass=capability permissive=0
11-05 02:31:44.767 0 0 I auditd : type=1400 audit(0.0:5260): avc: denied { kill } for comm="swapper/3" capability=5 scontext=u:r:kernel:s0 tcontext=u:r:kernel:s0 tclass=capability permissive=0
11-05 02:31:45.767 0 0 I auditd : type=1400 audit(0.0:5261): avc: denied { kill } for comm="swapper/3" capability=5 scontext=u:r:kernel:s0 tcontext=u:r:kernel:s0 tclass=capability permissive=0
11-05 02:31:46.767 0 0 I auditd : type=1400 audit(0.0:5262): avc: denied { kill } for comm="swapper/3" capability=5 scontext=u:r:kernel:s0 tcontext=u:r:kernel:s0 tclass=capability permissive=0
11-05 02:31:47.767 0 0 I auditd : type=1400 audit(0.0:5263): avc: denied { kill } for comm="swapper/3" capability=5 scontext=u:r:kernel:s0 tcontext=u:r:kernel:s0 tclass=capability permissive=0
11-05 02:31:48.767 0 0 I auditd : type=1400 audit(0.0:5264): avc: denied { kill } for comm="swapper/3" capability=5 scontext=u:r:kernel:s0 tcontext=u:r:kernel:s0 tclass=capability permissive=0
11-05 02:31:49.767 0 0 I auditd : type=1400 audit(0.0:5265): avc: denied { kill } for comm="swapper/3" capability=5 scontext=u:r:kernel:s0 tcontext=u:r:kernel:s0 tclass=capability permissive=0
11-05 02:31:50.767 0 0 I auditd : type=1400 audit(0.0:5266): avc: denied { kill } for comm="swapper/3" capability=5 scontext=u:r:kernel:s0 tcontext=u:r:kernel:s0 tclass=capability permissive=0
11-05 02:31:51.325 1391 18236 I liblog : 34
11-05 02:31:51.412 1511 1511 I notification_enqueue: [1000,1511,android,17303299,com.android.wifi,0,Notification(channel=NETWORK_AVAILABLE shortcut=null contentView=null vibrate=null sound=null tick defaults=0x0 flags=0x100 color=0x00000000 actions=2 vis=PRIVATE),1]
11-05 02:31:51.616 1511 1511 I sysui_multi_action: [757,1501,758,1,793,195817,794,34334,795,204,796,17303299,797,com.android.wifi,806,android,857,NETWORK_AVAILABLE,858,2,947,0,1500,0,1688,1]
11-05 02:31:51.616 1511 1511 I sysui_multi_action: [757,804,799,note_interruptive,801,0,802,1]
11-05 02:31:51.767 0 0 I auditd : type=1400 audit(0.0:5267): avc: denied { kill } for comm="swapper/3" capability=5 scontext=u:r:kernel:s0 tcontext=u:r:kernel:s0 tclass=capability permissive=0
11-05 02:31:53.767 0 0 I auditd : type=1400 audit(0.0:5268): avc: denied { kill } for comm="swapper/3" capability=5 scontext=u:r:kernel:s0 tcontext=u:r:kernel:s0 tclass=capability permissive=0
11-05 02:31:54.767 0 0 I auditd : type=1400 audit(0.0:5269): avc: denied { kill } for comm="swapper/3" capability=5 scontext=u:r:kernel:s0 tcontext=u:r:kernel:s0 tclass=capability permissive=0
11-05 02:31:55.767 0 0 I auditd : type=1400 audit(0.0:5270): avc: denied { kill } for comm="swapper/3" capability=5 scontext=u:r:kernel:s0 tcontext=u:r:kernel:s0 tclass=capability permissive=0
11-05 02:31:56.065 1511 1670 I am_freeze: [17094,com.android.music]
11-05 02:31:56.067 1511 1670 I am_kill : [0,17094,com.android.music,945,Unable to freeze binder interface]
11-05 02:31:56.091 1511 4707 I am_proc_died: [0,17094,com.android.music,945,19]
11-05 02:31:56.092 1511 4707 I am_uid_stopped: 10090
11-05 02:31:56.097 1511 1602 I am_uid_running: 10090
11-05 02:31:56.116 1511 1610 I am_proc_start: [0,18351,10090,com.android.music,NULL,]
11-05 02:31:56.151 1511 4707 I am_proc_bound: [0,18351,com.android.music]
11-05 02:31:56.767 0 0 I auditd : type=1400 audit(0.0:5271): avc: denied { kill } for comm="swapper/3" capability=5 scontext=u:r:kernel:s0 tcontext=u:r:kernel:s0 tclass=capability permissive=0
11-05 02:31:57.767 0 0 I auditd : type=1400 audit(0.0:5272): avc: denied { kill } for comm="swapper/3" capability=5 scontext=u:r:kernel:s0 tcontext=u:r:kernel:s0 tclass=capability permissive=0
11-05 02:31:58.767 0 0 I auditd : type=1400 audit(0.0:5273): avc: denied { kill } for comm="swapper/3" capability=5 scontext=u:r:kernel:s0 tcontext=u:r:kernel:s0 tclass=capability permissive=0
11-05 02:31:59.767 0 0 I auditd : type=1400 audit(0.0:5274): avc: denied { kill } for comm="swapper/3" capability=5 scontext=u:r:kernel:s0 tcontext=u:r:kernel:s0 tclass=capability permissive=0
11-05 02:32:00.767 0 0 I auditd : type=1400 audit(0.0:5275): avc: denied { kill } for comm="swapper/3" capability=5 scontext=u:r:kernel:s0 tcontext=u:r:kernel:s0 tclass=capability permissive=0
11-05 02:32:03.767 0 0 I auditd : type=1400 audit(0.0:5276): avc: denied { kill } for comm="swapper/2" capability=5 scontext=u:r:kernel:s0 tcontext=u:r:kernel:s0 tclass=capability permissive=0
11-05 02:32:04.767 0 0 I auditd : type=1400 audit(0.0:5277): avc: denied { kill } for comm="swapper/2" capability=5 scontext=u:r:kernel:s0 tcontext=u:r:kernel:s0 tclass=capability permissive=0
11-05 02:32:05.767 0 0 I auditd : type=1400 audit(0.0:5278): avc: denied { kill } for comm="swapper/2" capability=5 scontext=u:r:kernel:s0 tcontext=u:r:kernel:s0 tclass=capability permissive=0
11-05 02:32:06.767 0 0 I auditd : type=1400 audit(0.0:5279): avc: denied { kill } for comm="swapper/2" capability=5 scontext=u:r:kernel:s0 tcontext=u:r:kernel:s0 tclass=capability permissive=0
11-05 02:32:07.767 0 0 I auditd : type=1400 audit(0.0:5280): avc: denied { kill } for comm="swapper/2" capability=5 scontext=u:r:kernel:s0 tcontext=u:r:kernel:s0 tclass=capability permissive=0
11-05 02:32:08.767 0 0 I auditd : type=1400 audit(0.0:5281): avc: denied { kill } for comm="swapper/2" capability=5 scontext=u:r:kernel:s0 tcontext=u:r:kernel:s0 tclass=capability permissive=0
11-05 02:32:09.767 0 0 I auditd : type=1400 audit(0.0:5282): avc: denied { kill } for comm="swapper/2" capability=5 scontext=u:r:kernel:s0 tcontext=u:r:kernel:s0 tclass=capability permissive=0
11-05 02:32:10.767 0 0 I auditd : type=1400 audit(0.0:5283): avc: denied { kill } for comm="swapper/2" capability=5 scontext=u:r:kernel:s0 tcontext=u:r:kernel:s0 tclass=capability permissive=0
11-05 02:32:11.767 0 0 I auditd : type=1400 audit(0.0:5284): avc: denied { kill } for comm="swapper/2" capability=5 scontext=u:r:kernel:s0 tcontext=u:r:kernel:s0 tclass=capability permissive=0
11-05 02:32:12.768 1511 1625 I sysui_multi_action: [757,1696,758,6,759,2]
11-05 02:32:12.767 0 0 I auditd : type=1400 audit(0.0:5285): avc: denied { kill } for comm="swapper/3" capability=5 scontext=u:r:kernel:s0 tcontext=u:r:kernel:s0 tclass=capability permissive=0
11-05 02:32:12.775 1511 1609 I am_wtf : [0,1511,system_server,-1,DisplayDeviceConfig,requesting nits when no mapping exists.]
11-05 02:32:12.781 1511 1609 I am_wtf : [0,1511,system_server,-1,DisplayDeviceConfig,requesting nits when no mapping exists.]
11-05 02:32:12.789 1511 1609 I am_wtf : [0,1511,system_server,-1,DisplayDeviceConfig,requesting nits when no mapping exists.]
11-05 02:32:12.792 1511 1609 I am_wtf : [0,1511,system_server,-1,DisplayDeviceConfig,requesting nits when no mapping exists.]
11-05 02:32:12.806 1511 1609 I am_wtf : [0,1511,system_server,-1,DisplayDeviceConfig,requesting nits when no mapping exists.]
11-05 02:32:12.808 1511 1609 I am_wtf : [0,1511,system_server,-1,DisplayDeviceConfig,requesting nits when no mapping exists.]
11-05 02:32:12.823 1511 1609 I am_wtf : [0,1511,system_server,-1,DisplayDeviceConfig,requesting nits when no mapping exists.]
11-05 02:32:12.824 1511 1609 I am_wtf : [0,1511,system_server,-1,DisplayDeviceConfig,requesting nits when no mapping exists.]
11-05 02:32:12.841 1511 1609 I am_wtf : [0,1511,system_server,-1,DisplayDeviceConfig,requesting nits when no mapping exists.]
11-05 02:32:12.842 1511 1609 I am_wtf : [0,1511,system_server,-1,DisplayDeviceConfig,requesting nits when no mapping exists.]
11-05 02:32:12.857 1511 1609 I am_wtf : [0,1511,system_server,-1,DisplayDeviceConfig,requesting nits when no mapping exists.]
11-05 02:32:12.858 1511 1609 I am_wtf : [0,1511,system_server,-1,DisplayDeviceConfig,requesting nits when no mapping exists.]
11-05 02:32:12.873 1511 1609 I am_wtf : [0,1511,system_server,-1,DisplayDeviceConfig,requesting nits when no mapping exists.]
11-05 02:32:12.874 1511 1609 I am_wtf : [0,1511,system_server,-1,DisplayDeviceConfig,requesting nits when no mapping exists.]
11-05 02:32:12.890 1511 1609 I am_wtf : [0,1511,system_server,-1,DisplayDeviceConfig,requesting nits when no mapping exists.]
11-05 02:32:12.891 1511 1609 I am_wtf : [0,1511,system_server,-1,DisplayDeviceConfig,requesting nits when no mapping exists.]
11-05 02:32:12.907 1511 1609 I am_wtf : [0,1511,system_server,-1,DisplayDeviceConfig,requesting nits when no mapping exists.]
11-05 02:32:12.908 1511 1609 I am_wtf : [0,1511,system_server,-1,DisplayDeviceConfig,requesting nits when no mapping exists.]
11-05 02:32:12.923 1511 1609 I am_wtf : [0,1511,system_server,-1,DisplayDeviceConfig,requesting nits when no mapping exists.]
11-05 02:32:12.925 1511 1609 I am_wtf : [0,1511,system_server,-1,DisplayDeviceConfig,requesting nits when no mapping exists.]
11-05 02:32:12.941 1511 1609 I am_wtf : [0,1511,system_server,-1,DisplayDeviceConfig,requesting nits when no mapping exists.]
11-05 02:32:12.942 1511 1609 I am_wtf : [0,1511,system_server,-1,DisplayDeviceConfig,requesting nits when no mapping exists.]
11-05 02:32:12.957 1511 1609 I am_wtf : [0,1511,system_server,-1,DisplayDeviceConfig,requesting nits when no mapping exists.]
11-05 02:32:12.958 1511 1609 I am_wtf : [0,1511,system_server,-1,DisplayDeviceConfig,requesting nits when no mapping exists.]
11-05 02:32:12.974 1511 1609 I am_wtf : [0,1511,system_server,-1,DisplayDeviceConfig,requesting nits when no mapping exists.]
11-05 02:32:12.975 1511 1609 I am_wtf : [0,1511,system_server,-1,DisplayDeviceConfig,requesting nits when no mapping exists.]
11-05 02:32:12.990 1511 1609 I am_wtf : [0,1511,system_server,-1,DisplayDeviceConfig,requesting nits when no mapping exists.]
11-05 02:32:12.990 1511 1609 I am_wtf : [0,1511,system_server,-1,DisplayDeviceConfig,requesting nits when no mapping exists.]
11-05 02:32:13.006 1511 1609 I am_wtf : [0,1511,system_server,-1,DisplayDeviceConfig,requesting nits when no mapping exists.]
11-05 02:32:13.007 1511 1609 I am_wtf : [0,1511,system_server,-1,DisplayDeviceConfig,requesting nits when no mapping exists.]
11-05 02:32:13.023 1511 1609 I am_wtf : [0,1511,system_server,-1,DisplayDeviceConfig,requesting nits when no mapping exists.]
11-05 02:32:13.025 1511 1609 I am_wtf : [0,1511,system_server,-1,DisplayDeviceConfig,requesting nits when no mapping exists.]
11-05 02:32:13.040 1511 1609 I am_wtf : [0,1511,system_server,-1,DisplayDeviceConfig,requesting nits when no mapping exists.]
11-05 02:32:13.041 1511 1609 I am_wtf : [0,1511,system_server,-1,DisplayDeviceConfig,requesting nits when no mapping exists.]
11-05 02:32:13.057 1511 1609 I am_wtf : [0,1511,system_server,-1,DisplayDeviceConfig,requesting nits when no mapping exists.]
11-05 02:32:13.058 1511 1609 I am_wtf : [0,1511,system_server,-1,DisplayDeviceConfig,requesting nits when no mapping exists.]
11-05 02:32:13.073 1511 1609 I am_wtf : [0,1511,system_server,-1,DisplayDeviceConfig,requesting nits when no mapping exists.]
11-05 02:32:13.074 1511 1609 I am_wtf : [0,1511,system_server,-1,DisplayDeviceConfig,requesting nits when no mapping exists.]
11-05 02:32:13.090 1511 1609 I am_wtf : [0,1511,system_server,-1,DisplayDeviceConfig,requesting nits when no mapping exists.]
11-05 02:32:13.091 1511 1609 I am_wtf : [0,1511,system_server,-1,DisplayDeviceConfig,requesting nits when no mapping exists.]
11-05 02:32:13.107 1511 1609 I am_wtf : [0,1511,system_server,-1,DisplayDeviceConfig,requesting nits when no mapping exists.]
11-05 02:32:13.107 1511 1609 I am_wtf : [0,1511,system_server,-1,DisplayDeviceConfig,requesting nits when no mapping exists.]
11-05 02:32:13.124 1511 1609 I am_wtf : [0,1511,system_server,-1,DisplayDeviceConfig,requesting nits when no mapping exists.]
11-05 02:32:13.125 1511 1609 I am_wtf : [0,1511,system_server,-1,DisplayDeviceConfig,requesting nits when no mapping exists.]
11-05 02:32:13.142 1511 1609 I am_wtf : [0,1511,system_server,-1,DisplayDeviceConfig,requesting nits when no mapping exists.]
11-05 02:32:13.146 1511 1609 I am_wtf : [0,1511,system_server,-1,DisplayDeviceConfig,requesting nits when no mapping exists.]
11-05 02:32:13.157 1511 1609 I am_wtf : [0,1511,system_server,-1,DisplayDeviceConfig,requesting nits when no mapping exists.]
11-05 02:32:13.158 1511 1609 I am_wtf : [0,1511,system_server,-1,DisplayDeviceConfig,requesting nits when no mapping exists.]
11-05 02:32:13.174 1511 1609 I am_wtf : [0,1511,system_server,-1,DisplayDeviceConfig,requesting nits when no mapping exists.]
11-05 02:32:13.174 1511 1609 I am_wtf : [0,1511,system_server,-1,DisplayDeviceConfig,requesting nits when no mapping exists.]
11-05 02:32:13.190 1511 1609 I am_wtf : [0,1511,system_server,-1,DisplayDeviceConfig,requesting nits when no mapping exists.]
11-05 02:32:13.191 1511 1609 I am_wtf : [0,1511,system_server,-1,DisplayDeviceConfig,requesting nits when no mapping exists.]
11-05 02:32:13.207 1511 1609 I am_wtf : [0,1511,system_server,-1,DisplayDeviceConfig,requesting nits when no mapping exists.]
11-05 02:32:13.208 1511 1609 I am_wtf : [0,1511,system_server,-1,DisplayDeviceConfig,requesting nits when no mapping exists.]
11-05 02:32:13.224 1511 1609 I am_wtf : [0,1511,system_server,-1,DisplayDeviceConfig,requesting nits when no mapping exists.]
11-05 02:32:13.224 1511 1609 I am_wtf : [0,1511,system_server,-1,DisplayDeviceConfig,requesting nits when no mapping exists.]
11-05 02:32:13.241 1511 1609 I am_wtf : [0,1511,system_server,-1,DisplayDeviceConfig,requesting nits when no mapping exists.]
11-05 02:32:13.241 1511 1609 I am_wtf : [0,1511,system_server,-1,DisplayDeviceConfig,requesting nits when no mapping exists.]
11-05 02:32:13.258 1511 1609 I am_wtf : [0,1511,system_server,-1,DisplayDeviceConfig,requesting nits when no mapping exists.]
11-05 02:32:13.259 1511 1609 I am_wtf : [0,1511,system_server,-1,DisplayDeviceConfig,requesting nits when no mapping exists.]
11-05 02:32:13.274 1511 1609 I am_wtf : [0,1511,system_server,-1,DisplayDeviceConfig,requesting nits when no mapping exists.]
11-05 02:32:13.275 1511 1609 I am_wtf : [0,1511,system_server,-1,DisplayDeviceConfig,requesting nits when no mapping exists.]
11-05 02:32:13.290 1511 1609 I am_wtf : [0,1511,system_server,-1,DisplayDeviceConfig,requesting nits when no mapping exists.]
11-05 02:32:13.291 1511 1609 I am_wtf : [0,1511,system_server,-1,DisplayDeviceConfig,requesting nits when no mapping exists.]
11-05 02:32:13.307 1511 1609 I am_wtf : [0,1511,system_server,-1,DisplayDeviceConfig,requesting nits when no mapping exists.]
11-05 02:32:13.307 1511 1609 I am_wtf : [0,1511,system_server,-1,DisplayDeviceConfig,requesting nits when no mapping exists.]
11-05 02:32:13.325 1511 1609 I am_wtf : [0,1511,system_server,-1,DisplayDeviceConfig,requesting nits when no mapping exists.]
11-05 02:32:13.325 1511 1609 I am_wtf : [0,1511,system_server,-1,DisplayDeviceConfig,requesting nits when no mapping exists.]
11-05 02:32:13.341 1511 1609 I am_wtf : [0,1511,system_server,-1,DisplayDeviceConfig,requesting nits when no mapping exists.]
11-05 02:32:13.342 1511 1609 I am_wtf : [0,1511,system_server,-1,DisplayDeviceConfig,requesting nits when no mapping exists.]
11-05 02:32:13.358 1511 1609 I am_wtf : [0,1511,system_server,-1,DisplayDeviceConfig,requesting nits when no mapping exists.]
11-05 02:32:13.362 1511 1609 I am_wtf : [0,1511,system_server,-1,DisplayDeviceConfig,requesting nits when no mapping exists.]
11-05 02:32:13.375 1511 1609 I am_wtf : [0,1511,system_server,-1,DisplayDeviceConfig,requesting nits when no mapping exists.]
11-05 02:32:13.376 1511 1609 I am_wtf : [0,1511,system_server,-1,DisplayDeviceConfig,requesting nits when no mapping exists.]
11-05 02:32:13.391 1511 1609 I am_wtf : [0,1511,system_server,-1,DisplayDeviceConfig,requesting nits when no mapping exists.]
11-05 02:32:13.392 1511 1609 I am_wtf : [0,1511,system_server,-1,DisplayDeviceConfig,requesting nits when no mapping exists.]
11-05 02:32:13.407 1511 1609 I am_wtf : [0,1511,system_server,-1,DisplayDeviceConfig,requesting nits when no mapping exists.]
11-05 02:32:13.408 1511 1609 I am_wtf : [0,1511,system_server,-1,DisplayDeviceConfig,requesting nits when no mapping exists.]
11-05 02:32:13.424 1511 1609 I am_wtf : [0,1511,system_server,-1,DisplayDeviceConfig,requesting nits when no mapping exists.]
11-05 02:32:13.425 1511 1609 I am_wtf : [0,1511,system_server,-1,DisplayDeviceConfig,requesting nits when no mapping exists.]
11-05 02:32:13.441 1511 1609 I am_wtf : [0,1511,system_server,-1,DisplayDeviceConfig,requesting nits when no mapping exists.]
11-05 02:32:13.442 1511 1609 I am_wtf : [0,1511,system_server,-1,DisplayDeviceConfig,requesting nits when no mapping exists.]
11-05 02:32:13.458 1511 1609 I am_wtf : [0,1511,system_server,-1,DisplayDeviceConfig,requesting nits when no mapping exists.]
11-05 02:32:13.458 1511 1609 I am_wtf : [0,1511,system_server,-1,DisplayDeviceConfig,requesting nits when no mapping exists.]
11-05 02:32:13.475 1511 1609 I am_wtf : [0,1511,system_server,-1,DisplayDeviceConfig,requesting nits when no mapping exists.]
11-05 02:32:13.476 1511 1609 I am_wtf : [0,1511,system_server,-1,DisplayDeviceConfig,requesting nits when no mapping exists.]
11-05 02:32:13.492 1511 1609 I am_wtf : [0,1511,system_server,-1,DisplayDeviceConfig,requesting nits when no mapping exists.]
11-05 02:32:13.493 1511 1609 I am_wtf : [0,1511,system_server,-1,DisplayDeviceConfig,requesting nits when no mapping exists.]
11-05 02:32:13.508 1511 1609 I am_wtf : [0,1511,system_server,-1,DisplayDeviceConfig,requesting nits when no mapping exists.]
11-05 02:32:13.509 1511 1609 I am_wtf : [0,1511,system_server,-1,DisplayDeviceConfig,requesting nits when no mapping exists.]
11-05 02:32:13.524 1511 1609 I am_wtf : [0,1511,system_server,-1,DisplayDeviceConfig,requesting nits when no mapping exists.]
11-05 02:32:13.525 1511 1609 I service_manager_stats: [100,57,58959]
11-05 02:32:13.525 1511 1609 I am_wtf : [0,1511,system_server,-1,DisplayDeviceConfig,requesting nits when no mapping exists.]
11-05 02:32:13.541 1511 1609 I am_wtf : [0,1511,system_server,-1,DisplayDeviceConfig,requesting nits when no mapping exists.]
11-05 02:32:13.542 1511 1609 I am_wtf : [0,1511,system_server,-1,DisplayDeviceConfig,requesting nits when no mapping exists.]
11-05 02:32:13.559 1511 1609 I am_wtf : [0,1511,system_server,-1,DisplayDeviceConfig,requesting nits when no mapping exists.]
11-05 02:32:13.559 1511 1609 I am_wtf : [0,1511,system_server,-1,DisplayDeviceConfig,requesting nits when no mapping exists.]
11-05 02:32:13.575 1511 1609 I am_wtf : [0,1511,system_server,-1,DisplayDeviceConfig,requesting nits when no mapping exists.]
11-05 02:32:13.576 1511 1609 I am_wtf : [0,1511,system_server,-1,DisplayDeviceConfig,requesting nits when no mapping exists.]
11-05 02:32:13.593 1511 1609 I am_wtf : [0,1511,system_server,-1,DisplayDeviceConfig,requesting nits when no mapping exists.]
11-05 02:32:13.594 1511 1609 I am_wtf : [0,1511,system_server,-1,DisplayDeviceConfig,requesting nits when no mapping exists.]
11-05 02:32:13.608 1511 1609 I am_wtf : [0,1511,system_server,-1,DisplayDeviceConfig,requesting nits when no mapping exists.]
11-05 02:32:13.611 1511 1609 I am_wtf : [0,1511,system_server,-1,DisplayDeviceConfig,requesting nits when no mapping exists.]
11-05 02:32:13.626 1511 1609 I am_wtf : [0,1511,system_server,-1,DisplayDeviceConfig,requesting nits when no mapping exists.]
11-05 02:32:13.627 1511 1609 I am_wtf : [0,1511,system_server,-1,DisplayDeviceConfig,requesting nits when no mapping exists.]
11-05 02:32:13.641 1511 1609 I am_wtf : [0,1511,system_server,-1,DisplayDeviceConfig,requesting nits when no mapping exists.]
11-05 02:32:13.642 1511 1609 I am_wtf : [0,1511,system_server,-1,DisplayDeviceConfig,requesting nits when no mapping exists.]
11-05 02:32:13.659 1511 1609 I am_wtf : [0,1511,system_server,-1,DisplayDeviceConfig,requesting nits when no mapping exists.]
11-05 02:32:13.661 1511 1609 I am_wtf : [0,1511,system_server,-1,DisplayDeviceConfig,requesting nits when no mapping exists.]
11-05 02:32:13.675 1511 1609 I am_wtf : [0,1511,system_server,-1,DisplayDeviceConfig,requesting nits when no mapping exists.]
11-05 02:32:13.677 1511 1609 I am_wtf : [0,1511,system_server,-1,DisplayDeviceConfig,requesting nits when no mapping exists.]
11-05 02:32:13.694 1511 1609 I am_wtf : [0,1511,system_server,-1,DisplayDeviceConfig,requesting nits when no mapping exists.]
11-05 02:32:13.696 1511 1609 I am_wtf : [0,1511,system_server,-1,DisplayDeviceConfig,requesting nits when no mapping exists.]
11-05 02:32:13.712 1511 1609 I am_wtf : [0,1511,system_server,-1,DisplayDeviceConfig,requesting nits when no mapping exists.]
11-05 02:32:13.714 1511 1609 I am_wtf : [0,1511,system_server,-1,DisplayDeviceConfig,requesting nits when no mapping exists.]
11-05 02:32:13.725 1511 1609 I am_wtf : [0,1511,system_server,-1,DisplayDeviceConfig,requesting nits when no mapping exists.]
11-05 02:32:13.727 1511 1609 I am_wtf : [0,1511,system_server,-1,DisplayDeviceConfig,requesting nits when no mapping exists.]
11-05 02:32:13.767 0 0 I auditd : type=1400 audit(0.0:5286): avc: denied { kill } for comm="swapper/3" capability=5 scontext=u:r:kernel:s0 tcontext=u:r:kernel:s0 tclass=capability permissive=0
11-05 02:32:14.201 1511 1687 I input_interaction: Interaction with: 6a09968 InternetDialog (server), edge-swipe (server), swipe-up (server), PointerEventDispatcher0 (server),
11-05 02:32:14.209 1511 1625 I sysui_multi_action: [757,1696,758,6,759,3]
11-05 02:32:14.211 1511 1609 I am_wtf : [0,1511,system_server,-1,DisplayDeviceConfig,requesting nits when no mapping exists.]
11-05 02:32:14.212 1511 1609 I am_wtf : [0,1511,system_server,-1,DisplayDeviceConfig,requesting nits when no mapping exists.]
11-05 02:32:14.227 1511 1609 I am_wtf : [0,1511,system_server,-1,DisplayDeviceConfig,requesting nits when no mapping exists.]
11-05 02:32:14.228 1511 1609 I am_wtf : [0,1511,system_server,-1,DisplayDeviceConfig,requesting nits when no mapping exists.]
11-05 02:32:14.243 1511 1609 I am_wtf : [0,1511,system_server,-1,DisplayDeviceConfig,requesting nits when no mapping exists.]
11-05 02:32:14.244 1511 1609 I am_wtf : [0,1511,system_server,-1,DisplayDeviceConfig,requesting nits when no mapping exists.]
11-05 02:32:14.260 1511 1609 I am_wtf : [0,1511,system_server,-1,DisplayDeviceConfig,requesting nits when no mapping exists.]
11-05 02:32:14.261 1511 1609 I am_wtf : [0,1511,system_server,-1,DisplayDeviceConfig,requesting nits when no mapping exists.]
11-05 02:32:14.277 1511 1609 I am_wtf : [0,1511,system_server,-1,DisplayDeviceConfig,requesting nits when no mapping exists.]
11-05 02:32:14.280 1511 1609 I am_wtf : [0,1511,system_server,-1,DisplayDeviceConfig,requesting nits when no mapping exists.]
11-05 02:32:14.287 1511 4707 I wm_task_created: [129,-1]
11-05 02:32:14.292 1511 4707 I wm_task_moved: [129,1,7]
11-05 02:32:14.292 1511 4707 I wm_task_to_front: [0,129]
11-05 02:32:14.293 1511 4707 I wm_create_task: [0,129]
11-05 02:32:14.293 1511 4707 I wm_create_activity: [0,255426207,129,com.android.settings/.wifi.WifiDialogActivity,com.android.settings.WIFI_DIALOG,NULL,NULL,478674944]
11-05 02:32:14.293 1511 4707 I wm_task_moved: [129,1,7]
11-05 02:32:14.293 2535 2535 I wm_on_top_resumed_lost_called: [245869423,com.android.launcher3.uioverrides.QuickstepLauncher,topStateChangedWhenResumed]
11-05 02:32:14.295 1511 1609 I am_wtf : [0,1511,system_server,-1,DisplayDeviceConfig,requesting nits when no mapping exists.]
11-05 02:32:14.297 1511 1609 I am_wtf : [0,1511,system_server,-1,DisplayDeviceConfig,requesting nits when no mapping exists.]
11-05 02:32:14.299 1511 4707 I wm_pause_activity: [0,245869423,com.android.launcher3/.uioverrides.QuickstepLauncher,userLeaving=true,pauseBackTasks]
11-05 02:32:14.306 2535 2535 I wm_on_paused_called: [245869423,com.android.launcher3.uioverrides.QuickstepLauncher,performPause]
11-05 02:32:14.313 1511 4707 I wm_restart_activity: [0,255426207,129,com.android.settings/.wifi.WifiDialogActivity]
11-05 02:32:14.315 1511 4707 I wm_set_resumed_activity: [0,com.android.settings/.wifi.WifiDialogActivity,minimalResumeActivityLocked]
11-05 02:32:14.320 1511 1609 I am_wtf : [0,1511,system_server,-1,DisplayDeviceConfig,requesting nits when no mapping exists.]
11-05 02:32:14.322 1511 1609 I am_wtf : [0,1511,system_server,-1,DisplayDeviceConfig,requesting nits when no mapping exists.]
11-05 02:32:14.324 1511 1602 I sysui_multi_action: [757,803,799,window_time_0,802,59]
11-05 02:32:14.343 1511 1609 I am_wtf : [0,1511,system_server,-1,DisplayDeviceConfig,requesting nits when no mapping exists.]
11-05 02:32:14.345 1511 1609 I am_wtf : [0,1511,system_server,-1,DisplayDeviceConfig,requesting nits when no mapping exists.]
11-05 02:32:14.346 1511 1609 I am_wtf : [0,1511,system_server,-1,DisplayDeviceConfig,requesting nits when no mapping exists.]
11-05 02:32:14.351 1511 1609 I am_wtf : [0,1511,system_server,-1,DisplayDeviceConfig,requesting nits when no mapping exists.]
11-05 02:32:14.354 17863 17863 I wm_on_create_called: [255426207,com.android.settings.wifi.WifiDialogActivity,performCreate]
11-05 02:32:14.362 1511 1609 I am_wtf : [0,1511,system_server,-1,DisplayDeviceConfig,requesting nits when no mapping exists.]
11-05 02:32:14.363 1511 1609 I am_wtf : [0,1511,system_server,-1,DisplayDeviceConfig,requesting nits when no mapping exists.]
11-05 02:32:14.378 1511 1609 I am_wtf : [0,1511,system_server,-1,DisplayDeviceConfig,requesting nits when no mapping exists.]
