11-05 02:24:11.896 1934 1934 I sysui_multi_action: [757,126,758,1,759,126,927,0,928,1,1593,0]
11-05 02:24:11.896 1934 1934 I sysui_multi_action: [757,113,758,1,759,113,927,1,928,1,1593,0]
11-05 02:24:11.896 1934 1934 I sysui_multi_action: [757,0,758,1,759,0,927,2,928,0,1593,0]
11-05 02:24:11.896 1934 1934 I sysui_multi_action: [757,0,758,1,759,0,927,3,928,0,1593,0]
11-05 02:24:11.897 1934 1934 I sysui_multi_action: [757,491,758,1,759,491,927,4,928,0,1311,-1,1593,0]
11-05 02:24:11.897 1934 1934 I sysui_multi_action: [757,0,758,1,759,0,927,5,928,0,1593,0]
11-05 02:24:11.897 1934 1934 I sysui_multi_action: [757,111,758,1]
11-05 02:24:11.897 1934 1934 I sysui_multi_action: [757,126,758,1,759,126,927,0,928,1,1593,0]
11-05 02:24:11.897 1934 1934 I sysui_multi_action: [757,113,758,1,759,113,927,1,928,1,1593,0]
11-05 02:24:11.897 1934 1934 I sysui_multi_action: [757,0,758,1,759,0,927,2,928,0,1593,0]
11-05 02:24:11.897 1934 1934 I sysui_multi_action: [757,0,758,1,759,0,927,3,928,0,1593,0]
11-05 02:24:11.918 1934 1934 I sysui_multi_action: [757,111,758,2]
11-05 02:24:11.918 1934 1934 I sysui_multi_action: [757,111,758,2]
11-05 02:24:11.919 1511 1511 I notification_enqueue: [10082,1934,com.android.systemui,2048,NULL,0,Notification(channel=updateNotification shortcut=null contentView=null vibrate=null sound=null defaults=0x0 flags=0x0 color=0x00000000 vis=PRIVATE),1]
11-05 02:24:11.922 1934 1934 I sysui_multi_action: [757,111,758,1]
11-05 02:24:11.923 1934 1934 I sysui_multi_action: [757,126,758,1,759,126,927,0,928,1,1593,0]
11-05 02:24:11.923 1934 1934 I sysui_multi_action: [757,113,758,1,759,113,927,1,928,1,1593,0]
11-05 02:24:11.923 1934 1934 I sysui_multi_action: [757,0,758,1,759,0,927,2,928,0,1593,0]
11-05 02:24:11.923 1934 1934 I sysui_multi_action: [757,0,758,1,759,0,927,3,928,0,1593,0]
11-05 02:24:11.923 1934 1934 I sysui_multi_action: [757,491,758,1,759,491,927,4,928,0,1311,-1,1593,0]
11-05 02:24:11.923 1934 1934 I sysui_multi_action: [757,0,758,1,759,0,927,5,928,0,1593,0]
11-05 02:24:11.923 1934 1934 I sysui_multi_action: [757,111,758,1]
11-05 02:24:11.923 1934 1934 I sysui_multi_action: [757,126,758,1,759,126,927,0,928,1,1593,0]
11-05 02:24:11.923 1934 1934 I sysui_multi_action: [757,113,758,1,759,113,927,1,928,1,1593,0]
11-05 02:24:11.923 1934 1934 I sysui_multi_action: [757,0,758,1,759,0,927,2,928,0,1593,0]
11-05 02:24:11.924 1934 1934 I sysui_multi_action: [757,0,758,1,759,0,927,3,928,0,1593,0]
11-05 02:24:11.938 1934 1934 I sysui_multi_action: [757,111,758,2]
11-05 02:24:11.939 1511 1511 I notification_enqueue: [10082,1934,com.android.systemui,2048,NULL,0,Notification(channel=updateNotification shortcut=null contentView=null vibrate=null sound=null defaults=0x0 flags=0x0 color=0x00000000 vis=PRIVATE),1]
11-05 02:24:11.939 1934 1934 I sysui_multi_action: [757,111,758,2]
11-05 02:24:11.942 1934 1934 I sysui_multi_action: [757,111,758,1]
11-05 02:24:11.942 1934 1934 I sysui_multi_action: [757,126,758,1,759,126,927,0,928,1,1593,0]
11-05 02:24:11.942 1934 1934 I sysui_multi_action: [757,113,758,1,759,113,927,1,928,1,1593,0]
11-05 02:24:11.942 1934 1934 I sysui_multi_action: [757,0,758,1,759,0,927,2,928,0,1593,0]
11-05 02:24:11.942 1934 1934 I sysui_multi_action: [757,0,758,1,759,0,927,3,928,0,1593,0]
11-05 02:24:11.943 1934 1934 I sysui_multi_action: [757,491,758,1,759,491,927,4,928,0,1311,-1,1593,0]
11-05 02:24:11.943 1934 1934 I sysui_multi_action: [757,0,758,1,759,0,927,5,928,0,1593,0]
11-05 02:24:11.943 1934 1934 I sysui_multi_action: [757,111,758,1]
11-05 02:24:11.943 1934 1934 I sysui_multi_action: [757,126,758,1,759,126,927,0,928,1,1593,0]
11-05 02:24:11.943 1934 1934 I sysui_multi_action: [757,113,758,1,759,113,927,1,928,1,1593,0]
11-05 02:24:11.943 1934 1934 I sysui_multi_action: [757,0,758,1,759,0,927,2,928,0,1593,0]
11-05 02:24:11.943 1934 1934 I sysui_multi_action: [757,0,758,1,759,0,927,3,928,0,1593,0]
11-05 02:24:12.136 1391 17721 I liblog : 58
11-05 02:24:12.395 1511 4443 I sysui_multi_action: [757,128,758,1,793,4311284,794,0,795,4311284,796,26,798,0,806,android,857,DEVELOPER_IMPORTANT,858,4,947,0,1395,2,1500,4310587,1688,1]
11-05 02:24:12.395 1511 4443 I sysui_multi_action: [757,804,799,note_freshness,801,4311284,802,1]
11-05 02:24:12.395 1511 4443 I notification_visibility: [-1|android|26|null|1000,1,4311284,4311284,0,0]
11-05 02:24:12.396 1511 4443 I sysui_multi_action: [757,128,758,1,793,4312060,794,0,795,4312060,796,32,798,1,806,android,857,USB,858,1,947,0,1395,2,1500,4312002,1688,1]
11-05 02:24:12.396 1511 4443 I sysui_multi_action: [757,804,799,note_freshness,801,4312060,802,1]
11-05 02:24:12.397 1511 4443 I notification_visibility: [-1|android|32|null|1000,1,4312060,4312060,0,1]
11-05 02:24:12.767 0 0 I auditd : type=1400 audit(0.0:4847): avc: denied { kill } for comm="swapper/0" capability=5 scontext=u:r:kernel:s0 tcontext=u:r:kernel:s0 tclass=capability permissive=0
11-05 02:24:13.265 1511 1687 I input_interaction: Interaction with: eefcbb2 NotificationShade (server), edge-swipe (server), swipe-up (server), PointerEventDispatcher0 (server),
11-05 02:24:13.397 1934 1934 I sysui_multi_action: [757,925,758,4,759,126,927,0,928,1,1592,0,1593,1]
11-05 02:24:13.437 1511 4178 D TelephonyRegistry: listen oscl: mHasNotifySubscriptionInfoChangedOccurred==false no callback
11-05 02:24:13.438 1934 1934 W CarrierConfigManager: Error getting config for subId -1 ICarrierConfigLoader is null
11-05 02:24:13.478 1511 1603 I input_focus: [Focus request 837e4f9 InternetDialog,reason=UpdateInputWindows]
11-05 02:24:13.510 1511 1687 I input_focus: [Focus leaving eefcbb2 NotificationShade (server),reason=Waiting for window because NOT_VISIBLE]
11-05 02:24:13.544 1511 1687 I input_focus: [Focus entering 837e4f9 InternetDialog (server),reason=Window became focusable. Previous reason: NOT_VISIBLE]
11-05 02:24:13.744 1511 1669 I commit_sys_config_file: [settings-0-0,13]
11-05 02:24:14.767 0 0 I auditd : type=1400 audit(0.0:4848): avc: denied { kill } for comm="swapper/0" capability=5 scontext=u:r:kernel:s0 tcontext=u:r:kernel:s0 tclass=capability permissive=0
11-05 02:24:15.282 1511 1687 I input_interaction: Interaction with: 837e4f9 InternetDialog (server), edge-swipe (server), swipe-up (server), PointerEventDispatcher0 (server),
11-05 02:24:15.474 1391 17721 I liblog : 365
11-05 02:24:15.619 1511 1669 I commit_sys_config_file: [settings-0-0,6]
11-05 02:24:15.739 842 842 I auditd : type=1400 audit(0.0:4849): avc: denied { search } for comm="wifi@1.0-servic" name="tombstones" dev="dm-10" ino=36 scontext=u:r:hal_wifi_default:s0 tcontext=u:object_r:vendor_tombstone_data_file:s0 tclass=dir permissive=0
11-05 02:24:15.776 1511 1749 I netstats_mobile_sample: [0,0,0,0,0,0,0,0,0,0,0,0,1667586255775]
11-05 02:24:15.776 1511 1749 I netstats_wifi_sample: [10961086,29193,12052201,33581,10961086,29193,12052201,33581,19049676,87886,6092628,17714,1667586255775]
11-05 02:24:15.803 1511 1722 I service_manager_stats: [100,124,17391]
11-05 02:24:16.598 1511 2001 I ntp_failure: [time.android.com,java.net.UnknownHostException: Unable to resolve host "time.android.com": No address associated with hostname]
11-05 02:24:16.767 0 0 I auditd : type=1400 audit(0.0:4850): avc: denied { kill } for comm="swapper/0" capability=5 scontext=u:r:kernel:s0 tcontext=u:r:kernel:s0 tclass=capability permissive=0
11-05 02:24:17.767 0 0 I auditd : type=1400 audit(0.0:4851): avc: denied { kill } for comm="swapper/0" capability=5 scontext=u:r:kernel:s0 tcontext=u:r:kernel:s0 tclass=capability permissive=0
11-05 02:24:17.929 1511 4443 I wm_task_moved: [1,0,0]
11-05 02:24:17.929 1511 4443 I wm_task_moved: [1,0,5]
11-05 02:24:17.951 2535 2535 I wm_on_restart_called: [245869423,com.android.launcher3.uioverrides.QuickstepLauncher,performRestartActivity]
11-05 02:24:17.967 2535 2535 I wm_on_start_called: [245869423,com.android.launcher3.uioverrides.QuickstepLauncher,handleStartActivity]
11-05 02:24:17.969 1934 1934 I view_enqueue_input_event: [Motion - Cancel,InternetDialog]
11-05 02:24:17.970 1511 1687 I input_interaction: Interaction with: edge-swipe (server), swipe-up (server), PointerEventDispatcher0 (server),
11-05 02:24:17.980 2535 2535 I sysui_latency: [1,78]
11-05 02:24:17.984 1511 1603 I input_focus: [Focus request eefcbb2 NotificationShade,reason=UpdateInputWindows]
11-05 02:24:18.002 1511 1687 I input_focus: [Focus entering eefcbb2 NotificationShade (server),reason=setFocusedWindow]
11-05 02:24:18.002 1511 1599 I sysui_multi_action: [319,15,322,64,325,4328,757,761,758,9,759,5,806,com.android.launcher3,871,com.android.launcher3.uioverrides.QuickstepLauncher,905,0,1320,4,1321,1]
11-05 02:24:18.019 1511 1687 I input_focus: [Focus leaving eefcbb2 NotificationShade (server),reason=NOT_FOCUSABLE]
11-05 02:24:18.172 1511 1669 I commit_sys_config_file: [settings-1-0,7]
11-05 02:24:18.229 1934 1934 I sysui_multi_action: [757,111,758,2]
11-05 02:24:18.229 1934 1934 I sysui_multi_action: [757,111,758,2]
11-05 02:24:18.230 1511 1511 I notification_enqueue: [10082,1934,com.android.systemui,2048,NULL,0,Notification(channel=updateNotification shortcut=null contentView=null vibrate=null sound=null defaults=0x0 flags=0x0 color=0x00000000 vis=PRIVATE),1]
11-05 02:24:18.234 1934 1934 I sysui_multi_action: [757,111,758,1]
11-05 02:24:18.234 1934 1934 I sysui_multi_action: [757,126,758,1,759,126,927,0,928,0,1593,0]
11-05 02:24:18.234 1934 1934 I sysui_multi_action: [757,113,758,1,759,113,927,1,928,1,1593,0]
11-05 02:24:18.234 1934 1934 I sysui_multi_action: [757,0,758,1,759,0,927,2,928,0,1593,0]
11-05 02:24:18.235 1934 1934 I sysui_multi_action: [757,0,758,1,759,0,927,3,928,0,1593,0]
11-05 02:24:18.235 1934 1934 I sysui_multi_action: [757,491,758,1,759,491,927,4,928,0,1311,-1,1593,0]
11-05 02:24:18.235 1934 1934 I sysui_multi_action: [757,0,758,1,759,0,927,5,928,0,1593,0]
11-05 02:24:18.235 1934 1934 I sysui_multi_action: [757,111,758,1]
11-05 02:24:18.235 1934 1934 I sysui_multi_action: [757,126,758,1,759,126,927,0,928,0,1593,0]
11-05 02:24:18.236 1934 1934 I sysui_multi_action: [757,113,758,1,759,113,927,1,928,1,1593,0]
11-05 02:24:18.236 1934 1934 I sysui_multi_action: [757,0,758,1,759,0,927,2,928,0,1593,0]
11-05 02:24:18.236 1934 1934 I sysui_multi_action: [757,0,758,1,759,0,927,3,928,0,1593,0]
11-05 02:24:18.248 1934 1934 I sysui_multi_action: [757,111,758,2]
11-05 02:24:18.248 1934 1934 I sysui_multi_action: [757,111,758,2]
11-05 02:24:18.251 1511 1511 I notification_enqueue: [10082,1934,com.android.systemui,2048,NULL,0,Notification(channel=updateNotification shortcut=null contentView=null vibrate=null sound=null defaults=0x0 flags=0x0 color=0x00000000 vis=PRIVATE),1]
11-05 02:24:18.252 1934 1934 I sysui_multi_action: [757,111,758,1]
11-05 02:24:18.252 1934 1934 I sysui_multi_action: [757,126,758,1,759,126,927,0,928,0,1593,0]
11-05 02:24:18.252 1934 1934 I sysui_multi_action: [757,113,758,1,759,113,927,1,928,1,1593,0]
11-05 02:24:18.253 1934 1934 I sysui_multi_action: [757,0,758,1,759,0,927,2,928,0,1593,0]
11-05 02:24:18.253 1934 1934 I sysui_multi_action: [757,0,758,1,759,0,927,3,928,0,1593,0]
11-05 02:24:18.253 1934 1934 I sysui_multi_action: [757,491,758,1,759,491,927,4,928,0,1311,-1,1593,0]
11-05 02:24:18.253 1934 1934 I sysui_multi_action: [757,0,758,1,759,0,927,5,928,0,1593,0]
11-05 02:24:18.253 1934 1934 I sysui_multi_action: [757,111,758,1]
11-05 02:24:18.253 1934 1934 I sysui_multi_action: [757,126,758,1,759,126,927,0,928,0,1593,0]
11-05 02:24:18.254 1934 1934 I sysui_multi_action: [757,113,758,1,759,113,927,1,928,1,1593,0]
11-05 02:24:18.254 1934 1934 I sysui_multi_action: [757,0,758,1,759,0,927,2,928,0,1593,0]
11-05 02:24:18.254 1934 1934 I sysui_multi_action: [757,0,758,1,759,0,927,3,928,0,1593,0]
11-05 02:24:18.263 1934 1934 I sysui_multi_action: [757,111,758,2]
11-05 02:24:18.263 1511 1511 I notification_enqueue: [10082,1934,com.android.systemui,2048,NULL,0,Notification(channel=updateNotification shortcut=null contentView=null vibrate=null sound=null defaults=0x0 flags=0x0 color=0x00000000 vis=PRIVATE),1]
11-05 02:24:18.264 1934 1934 I sysui_multi_action: [757,111,758,2]
11-05 02:24:18.267 1934 1934 I sysui_multi_action: [757,111,758,1]
11-05 02:24:18.267 1934 1934 I sysui_multi_action: [757,126,758,1,759,126,927,0,928,0,1593,1]
11-05 02:24:18.267 1934 1934 I sysui_multi_action: [757,113,758,1,759,113,927,1,928,1,1593,1]
11-05 02:24:18.267 1934 1934 I sysui_multi_action: [757,0,758,1,759,0,927,2,928,0,1593,1]
11-05 02:24:18.267 1934 1934 I sysui_multi_action: [757,0,758,1,759,0,927,3,928,0,1593,1]
11-05 02:24:18.268 1934 1934 I sysui_multi_action: [757,491,758,1,759,491,927,4,928,0,1311,-1,1593,1]
11-05 02:24:18.268 1934 1934 I sysui_multi_action: [757,0,758,1,759,0,927,5,928,0,1593,1]
11-05 02:24:18.268 1934 1934 I sysui_multi_action: [757,111,758,1]
11-05 02:24:18.268 1934 1934 I sysui_multi_action: [757,126,758,1,759,126,927,0,928,0,1593,1]
11-05 02:24:18.268 1934 1934 I sysui_multi_action: [757,113,758,1,759,113,927,1,928,1,1593,1]
11-05 02:24:18.268 1934 1934 I sysui_multi_action: [757,0,758,1,759,0,927,2,928,0,1593,1]
11-05 02:24:18.268 1934 1934 I sysui_multi_action: [757,0,758,1,759,0,927,3,928,0,1593,1]
11-05 02:24:18.295 1511 1608 I sysui_latency: [8,85]
11-05 02:24:18.310 1934 1934 I sysui_multi_action: [757,111,758,2]
11-05 02:24:18.310 1934 1934 I sysui_multi_action: [757,111,758,2]
11-05 02:24:18.313 1511 1511 I notification_enqueue: [10082,1934,com.android.systemui,2048,NULL,0,Notification(channel=updateNotification shortcut=null contentView=null vibrate=null sound=null defaults=0x0 flags=0x0 color=0x00000000 vis=PRIVATE),1]
11-05 02:24:18.316 1934 1934 I sysui_multi_action: [757,111,758,1]
11-05 02:24:18.316 1934 1934 I sysui_multi_action: [757,126,758,1,759,126,927,0,928,0,1593,1]
11-05 02:24:18.316 1934 1934 I sysui_multi_action: [757,113,758,1,759,113,927,1,928,1,1593,1]
11-05 02:24:18.316 1934 1934 I sysui_multi_action: [757,0,758,1,759,0,927,2,928,0,1593,1]
11-05 02:24:18.316 1934 1934 I sysui_multi_action: [757,0,758,1,759,0,927,3,928,0,1593,1]
11-05 02:24:18.317 1934 1934 I sysui_multi_action: [757,491,758,1,759,491,927,4,928,0,1311,-1,1593,0]
11-05 02:24:18.317 1934 1934 I sysui_multi_action: [757,0,758,1,759,0,927,5,928,0,1593,0]
11-05 02:24:18.317 1934 1934 I sysui_multi_action: [757,111,758,1]
11-05 02:24:18.317 1934 1934 I sysui_multi_action: [757,126,758,1,759,126,927,0,928,0,1593,1]
11-05 02:24:18.317 1934 1934 I sysui_multi_action: [757,113,758,1,759,113,927,1,928,1,1593,1]
11-05 02:24:18.317 1934 1934 I sysui_multi_action: [757,0,758,1,759,0,927,2,928,0,1593,1]
11-05 02:24:18.317 1934 1934 I sysui_multi_action: [757,0,758,1,759,0,927,3,928,0,1593,1]
11-05 02:24:18.329 1934 1934 I sysui_multi_action: [757,111,758,2]
11-05 02:24:18.329 1511 1511 I notification_enqueue: [10082,1934,com.android.systemui,2048,NULL,0,Notification(channel=updateNotification shortcut=null contentView=null vibrate=null sound=null defaults=0x0 flags=0x0 color=0x00000000 vis=PRIVATE),1]
11-05 02:24:18.329 1934 1934 I sysui_multi_action: [757,111,758,2]
11-05 02:24:18.334 1934 1934 I sysui_multi_action: [757,111,758,1]
11-05 02:24:18.334 1934 1934 I sysui_multi_action: [757,126,758,1,759,126,927,0,928,0,1593,1]
11-05 02:24:18.334 1934 1934 I sysui_multi_action: [757,113,758,1,759,113,927,1,928,1,1593,1]
11-05 02:24:18.335 1934 1934 I sysui_multi_action: [757,0,758,1,759,0,927,2,928,0,1593,1]
11-05 02:24:18.335 1934 1934 I sysui_multi_action: [757,0,758,1,759,0,927,3,928,0,1593,1]
11-05 02:24:18.335 1934 1934 I sysui_multi_action: [757,491,758,1,759,491,927,4,928,0,1311,-1,1593,0]
11-05 02:24:18.335 1934 1934 I sysui_multi_action: [757,0,758,1,759,0,927,5,928,0,1593,0]
11-05 02:24:18.335 1934 1934 I sysui_multi_action: [757,111,758,1]
11-05 02:24:18.335 1934 1934 I sysui_multi_action: [757,126,758,1,759,126,927,0,928,0,1593,1]
11-05 02:24:18.336 1934 1934 I sysui_multi_action: [757,113,758,1,759,113,927,1,928,1,1593,1]
11-05 02:24:18.336 1934 1934 I sysui_multi_action: [757,0,758,1,759,0,927,2,928,0,1593,1]
11-05 02:24:18.336 1934 1934 I sysui_multi_action: [757,0,758,1,759,0,927,3,928,0,1593,1]
11-05 02:24:18.353 1934 1934 I sysui_multi_action: [757,111,758,2]
11-05 02:24:18.353 1934 1934 I sysui_multi_action: [757,111,758,2]
11-05 02:24:18.353 1511 1511 I notification_enqueue: [10082,1934,com.android.systemui,2048,NULL,0,Notification(channel=updateNotification shortcut=null contentView=null vibrate=null sound=null defaults=0x0 flags=0x0 color=0x00000000 vis=PRIVATE),1]
11-05 02:24:18.358 1934 1934 I sysui_multi_action: [757,111,758,1]
11-05 02:24:18.358 1934 1934 I sysui_multi_action: [757,126,758,1,759,126,927,0,928,0,1593,1]
11-05 02:24:18.358 1934 1934 I sysui_multi_action: [757,113,758,1,759,113,927,1,928,1,1593,1]
11-05 02:24:18.359 1934 1934 I sysui_multi_action: [757,0,758,1,759,0,927,2,928,0,1593,1]
11-05 02:24:18.359 1934 1934 I sysui_multi_action: [757,0,758,1,759,0,927,3,928,0,1593,1]
11-05 02:24:18.359 1934 1934 I sysui_multi_action: [757,491,758,1,759,491,927,4,928,0,1311,-1,1593,0]
11-05 02:24:18.359 1934 1934 I sysui_multi_action: [757,0,758,1,759,0,927,5,928,0,1593,0]
11-05 02:24:18.359 1934 1934 I sysui_multi_action: [757,111,758,1]
11-05 02:24:18.360 1934 1934 I sysui_multi_action: [757,126,758,1,759,126,927,0,928,0,1593,1]
11-05 02:24:18.360 1934 1934 I sysui_multi_action: [757,113,758,1,759,113,927,1,928,1,1593,1]
11-05 02:24:18.360 1934 1934 I sysui_multi_action: [757,0,758,1,759,0,927,2,928,0,1593,1]
11-05 02:24:18.360 1934 1934 I sysui_multi_action: [757,0,758,1,759,0,927,3,928,0,1593,1]
11-05 02:24:18.370 1934 1934 I sysui_multi_action: [757,111,758,2]
11-05 02:24:18.370 1934 1934 I sysui_multi_action: [757,111,758,2]
11-05 02:24:18.374 1934 1934 I sysui_multi_action: [757,111,758,1]
11-05 02:24:18.374 1934 1934 I sysui_multi_action: [757,126,758,1,759,126,927,0,928,0,1593,1]
11-05 02:24:18.374 1511 1511 I notification_enqueue: [10082,1934,com.android.systemui,2048,NULL,0,Notification(channel=updateNotification shortcut=null contentView=null vibrate=null sound=null defaults=0x0 flags=0x0 color=0x00000000 vis=PRIVATE),1]
11-05 02:24:18.374 1934 1934 I sysui_multi_action: [757,113,758,1,759,113,927,1,928,1,1593,1]
11-05 02:24:18.374 1934 1934 I sysui_multi_action: [757,0,758,1,759,0,927,2,928,0,1593,1]
11-05 02:24:18.374 1934 1934 I sysui_multi_action: [757,0,758,1,759,0,927,3,928,0,1593,1]
11-05 02:24:18.374 1934 1934 I sysui_multi_action: [757,491,758,1,759,491,927,4,928,0,1311,-1,1593,0]
11-05 02:24:18.374 1934 1934 I sysui_multi_action: [757,0,758,1,759,0,927,5,928,0,1593,0]
11-05 02:24:18.375 1934 1934 I sysui_multi_action: [757,111,758,1]
11-05 02:24:18.375 1934 1934 I sysui_multi_action: [757,126,758,1,759,126,927,0,928,0,1593,1]
11-05 02:24:18.375 1934 1934 I sysui_multi_action: [757,113,758,1,759,113,927,1,928,1,1593,1]
11-05 02:24:18.375 1934 1934 I sysui_multi_action: [757,0,758,1,759,0,927,2,928,0,1593,1]
11-05 02:24:18.375 1934 1934 I sysui_multi_action: [757,0,758,1,759,0,927,3,928,0,1593,1]
11-05 02:24:18.386 1934 1934 I sysui_multi_action: [757,111,758,2]
11-05 02:24:18.386 1934 1934 I sysui_multi_action: [757,111,758,2]
11-05 02:24:18.386 1511 1511 I notification_enqueue: [10082,1934,com.android.systemui,2048,NULL,0,Notification(channel=updateNotification shortcut=null contentView=null vibrate=null sound=null defaults=0x0 flags=0x0 color=0x00000000 vis=PRIVATE),1]
11-05 02:24:18.389 1934 1934 I sysui_multi_action: [757,111,758,1]
11-05 02:24:18.389 1934 1934 I sysui_multi_action: [757,126,758,1,759,126,927,0,928,0,1593,1]
11-05 02:24:18.389 1934 1934 I sysui_multi_action: [757,113,758,1,759,113,927,1,928,1,1593,1]
11-05 02:24:18.389 1934 1934 I sysui_multi_action: [757,0,758,1,759,0,927,2,928,0,1593,1]
11-05 02:24:18.389 1934 1934 I sysui_multi_action: [757,0,758,1,759,0,927,3,928,0,1593,1]
11-05 02:24:18.390 1934 1934 I sysui_multi_action: [757,491,758,1,759,491,927,4,928,0,1311,-1,1593,0]
11-05 02:24:18.390 1934 1934 I sysui_multi_action: [757,0,758,1,759,0,927,5,928,0,1593,0]
11-05 02:24:18.390 1934 1934 I sysui_multi_action: [757,111,758,1]
11-05 02:24:18.390 1934 1934 I sysui_multi_action: [757,126,758,1,759,126,927,0,928,0,1593,1]
11-05 02:24:18.390 1934 1934 I sysui_multi_action: [757,113,758,1,759,113,927,1,928,1,1593,1]
11-05 02:24:18.390 1934 1934 I sysui_multi_action: [757,0,758,1,759,0,927,2,928,0,1593,1]
11-05 02:24:18.390 1934 1934 I sysui_multi_action: [757,0,758,1,759,0,927,3,928,0,1593,1]
11-05 02:24:18.403 1934 1934 I sysui_multi_action: [757,111,758,2]
11-05 02:24:18.403 1511 1511 I notification_enqueue: [10082,1934,com.android.systemui,2048,NULL,0,Notification(channel=updateNotification shortcut=null contentView=null vibrate=null sound=null defaults=0x0 flags=0x0 color=0x00000000 vis=PRIVATE),1]
11-05 02:24:18.403 1934 1934 I sysui_multi_action: [757,111,758,2]
11-05 02:24:18.407 1934 1934 I sysui_multi_action: [757,111,758,1]
11-05 02:24:18.407 1934 1934 I sysui_multi_action: [757,126,758,1,759,126,927,0,928,0,1593,0]
11-05 02:24:18.407 1934 1934 I sysui_multi_action: [757,113,758,1,759,113,927,1,928,1,1593,1]
11-05 02:24:18.407 1934 1934 I sysui_multi_action: [757,0,758,1,759,0,927,2,928,0,1593,1]
11-05 02:24:18.408 1934 1934 I sysui_multi_action: [757,0,758,1,759,0,927,3,928,0,1593,1]
11-05 02:24:18.408 1934 1934 I sysui_multi_action: [757,491,758,1,759,491,927,4,928,0,1311,-1,1593,0]
11-05 02:24:18.408 1934 1934 I sysui_multi_action: [757,0,758,1,759,0,927,5,928,0,1593,0]
11-05 02:24:18.408 1934 1934 I sysui_multi_action: [757,111,758,1]
11-05 02:24:18.408 1934 1934 I sysui_multi_action: [757,126,758,1,759,126,927,0,928,0,1593,1]
11-05 02:24:18.408 1934 1934 I sysui_multi_action: [757,113,758,1,759,113,927,1,928,1,1593,1]
11-05 02:24:18.408 1934 1934 I sysui_multi_action: [757,0,758,1,759,0,927,2,928,0,1593,1]
11-05 02:24:18.409 1934 1934 I sysui_multi_action: [757,0,758,1,759,0,927,3,928,0,1593,1]
11-05 02:24:18.420 1934 1934 I sysui_multi_action: [757,111,758,2]
11-05 02:24:18.420 1511 1511 I notification_enqueue: [10082,1934,com.android.systemui,2048,NULL,0,Notification(channel=updateNotification shortcut=null contentView=null vibrate=null sound=null defaults=0x0 flags=0x0 color=0x00000000 vis=PRIVATE),1]
11-05 02:24:18.420 1934 1934 I sysui_multi_action: [757,111,758,2]
11-05 02:24:18.423 1934 1934 I sysui_multi_action: [757,111,758,1]
11-05 02:24:18.423 1934 1934 I sysui_multi_action: [757,126,758,1,759,126,927,0,928,0,1593,1]
11-05 02:24:18.424 1934 1934 I sysui_multi_action: [757,113,758,1,759,113,927,1,928,1,1593,1]
11-05 02:24:18.424 1934 1934 I sysui_multi_action: [757,0,758,1,759,0,927,2,928,0,1593,1]
11-05 02:24:18.424 1934 1934 I sysui_multi_action: [757,0,758,1,759,0,927,3,928,0,1593,1]
11-05 02:24:18.424 1934 1934 I sysui_multi_action: [757,491,758,1,759,491,927,4,928,0,1311,-1,1593,0]
11-05 02:24:18.424 1934 1934 I sysui_multi_action: [757,0,758,1,759,0,927,5,928,0,1593,0]
11-05 02:24:18.424 1934 1934 I sysui_multi_action: [757,111,758,1]
11-05 02:24:18.424 1934 1934 I sysui_multi_action: [757,126,758,1,759,126,927,0,928,0,1593,1]
11-05 02:24:18.424 1934 1934 I sysui_multi_action: [757,113,758,1,759,113,927,1,928,1,1593,1]
11-05 02:24:18.424 1934 1934 I sysui_multi_action: [757,0,758,1,759,0,927,2,928,0,1593,1]
11-05 02:24:18.425 1934 1934 I sysui_multi_action: [757,0,758,1,759,0,927,3,928,0,1593,1]
11-05 02:24:18.436 1934 1934 I sysui_multi_action: [757,111,758,2]
11-05 02:24:18.436 1511 1511 I notification_enqueue: [10082,1934,com.android.systemui,2048,NULL,0,Notification(channel=updateNotification shortcut=null contentView=null vibrate=null sound=null defaults=0x0 flags=0x0 color=0x00000000 vis=PRIVATE),1]
11-05 02:24:18.436 1934 1934 I sysui_multi_action: [757,111,758,2]
11-05 02:24:18.440 1934 1934 I sysui_multi_action: [757,111,758,1]
11-05 02:24:18.440 1934 1934 I sysui_multi_action: [757,126,758,1,759,126,927,0,928,0,1593,1]
11-05 02:24:18.440 1934 1934 I sysui_multi_action: [757,113,758,1,759,113,927,1,928,1,1593,1]
11-05 02:24:18.441 1934 1934 I sysui_multi_action: [757,0,758,1,759,0,927,2,928,0,1593,1]
11-05 02:24:18.441 1934 1934 I sysui_multi_action: [757,0,758,1,759,0,927,3,928,0,1593,1]
11-05 02:24:18.441 1934 1934 I sysui_multi_action: [757,491,758,1,759,491,927,4,928,0,1311,-1,1593,0]
11-05 02:24:18.441 1934 1934 I sysui_multi_action: [757,0,758,1,759,0,927,5,928,0,1593,0]
11-05 02:24:18.441 1934 1934 I sysui_multi_action: [757,111,758,1]
11-05 02:24:18.441 1934 1934 I sysui_multi_action: [757,126,758,1,759,126,927,0,928,0,1593,1]
11-05 02:24:18.441 1934 1934 I sysui_multi_action: [757,113,758,1,759,113,927,1,928,1,1593,1]
11-05 02:24:18.441 1934 1934 I sysui_multi_action: [757,0,758,1,759,0,927,2,928,0,1593,1]
11-05 02:24:18.441 1934 1934 I sysui_multi_action: [757,0,758,1,759,0,927,3,928,0,1593,1]
11-05 02:24:18.454 1934 1934 I sysui_multi_action: [757,111,758,2]
11-05 02:24:18.454 1934 1934 I sysui_multi_action: [757,111,758,2]
11-05 02:24:18.455 1511 1511 I notification_enqueue: [10082,1934,com.android.systemui,2048,NULL,0,Notification(channel=updateNotification shortcut=null contentView=null vibrate=null sound=null defaults=0x0 flags=0x0 color=0x00000000 vis=PRIVATE),1]
11-05 02:24:18.457 1934 1934 I sysui_multi_action: [757,111,758,1]
11-05 02:24:18.458 1934 1934 I sysui_multi_action: [757,126,758,1,759,126,927,0,928,0,1593,1]
11-05 02:24:18.458 1934 1934 I sysui_multi_action: [757,113,758,1,759,113,927,1,928,1,1593,1]
11-05 02:24:18.458 1934 1934 I sysui_multi_action: [757,0,758,1,759,0,927,2,928,0,1593,1]
11-05 02:24:18.458 1934 1934 I sysui_multi_action: [757,0,758,1,759,0,927,3,928,0,1593,1]
11-05 02:24:18.458 1934 1934 I sysui_multi_action: [757,491,758,1,759,491,927,4,928,0,1311,-1,1593,0]
11-05 02:24:18.458 1934 1934 I sysui_multi_action: [757,0,758,1,759,0,927,5,928,0,1593,0]
11-05 02:24:18.458 1934 1934 I sysui_multi_action: [757,111,758,1]
11-05 02:24:18.458 1934 1934 I sysui_multi_action: [757,126,758,1,759,126,927,0,928,0,1593,1]
11-05 02:24:18.458 1934 1934 I sysui_multi_action: [757,113,758,1,759,113,927,1,928,1,1593,1]
11-05 02:24:18.459 1934 1934 I sysui_multi_action: [757,0,758,1,759,0,927,2,928,0,1593,1]
11-05 02:24:18.459 1934 1934 I sysui_multi_action: [757,0,758,1,759,0,927,3,928,0,1593,1]
11-05 02:24:18.470 1934 1934 I sysui_multi_action: [757,111,758,2]
11-05 02:24:18.470 1934 1934 I sysui_multi_action: [757,111,758,2]
11-05 02:24:18.470 1511 1511 I notification_enqueue: [10082,1934,com.android.systemui,2048,NULL,0,Notification(channel=updateNotification shortcut=null contentView=null vibrate=null sound=null defaults=0x0 flags=0x0 color=0x00000000 vis=PRIVATE),1]
11-05 02:24:18.473 1934 1934 I sysui_multi_action: [757,111,758,1]
11-05 02:24:18.473 1934 1934 I sysui_multi_action: [757,126,758,1,759,126,927,0,928,0,1593,1]
11-05 02:24:18.473 1934 1934 I sysui_multi_action: [757,113,758,1,759,113,927,1,928,1,1593,1]
11-05 02:24:18.473 1934 1934 I sysui_multi_action: [757,0,758,1,759,0,927,2,928,0,1593,1]
11-05 02:24:18.473 1934 1934 I sysui_multi_action: [757,0,758,1,759,0,927,3,928,0,1593,1]
11-05 02:24:18.474 1934 1934 I sysui_multi_action: [757,491,758,1,759,491,927,4,928,0,1311,-1,1593,0]
11-05 02:24:18.474 1934 1934 I sysui_multi_action: [757,0,758,1,759,0,927,5,928,0,1593,0]
11-05 02:24:18.474 1934 1934 I sysui_multi_action: [757,111,758,1]
11-05 02:24:18.474 1934 1934 I sysui_multi_action: [757,126,758,1,759,126,927,0,928,0,1593,1]
11-05 02:24:18.474 1934 1934 I sysui_multi_action: [757,113,758,1,759,113,927,1,928,1,1593,1]
11-05 02:24:18.474 1934 1934 I sysui_multi_action: [757,0,758,1,759,0,927,2,928,0,1593,1]
11-05 02:24:18.474 1934 1934 I sysui_multi_action: [757,0,758,1,759,0,927,3,928,0,1593,1]
11-05 02:24:18.486 1934 1934 I sysui_multi_action: [757,111,758,2]
11-05 02:24:18.486 1934 1934 I sysui_multi_action: [757,111,758,2]
11-05 02:24:18.486 1511 1511 I notification_enqueue: [10082,1934,com.android.systemui,2048,NULL,0,Notification(channel=updateNotification shortcut=null contentView=null vibrate=null sound=null defaults=0x0 flags=0x0 color=0x00000000 vis=PRIVATE),1]
11-05 02:24:18.497 1934 1934 I sysui_multi_action: [757,111,758,1]
11-05 02:24:18.497 1934 1934 I sysui_multi_action: [757,126,758,1,759,126,927,0,928,0,1593,1]
11-05 02:24:18.497 1934 1934 I sysui_multi_action: [757,113,758,1,759,113,927,1,928,1,1593,1]
11-05 02:24:18.497 1934 1934 I sysui_multi_action: [757,0,758,1,759,0,927,2,928,0,1593,1]
11-05 02:24:18.497 1934 1934 I sysui_multi_action: [757,0,758,1,759,0,927,3,928,0,1593,1]
11-05 02:24:18.498 1934 1934 I sysui_multi_action: [757,491,758,1,759,491,927,4,928,0,1311,-1,1593,0]
11-05 02:24:18.498 1934 1934 I sysui_multi_action: [757,0,758,1,759,0,927,5,928,0,1593,0]
11-05 02:24:18.498 1934 1934 I sysui_multi_action: [757,111,758,1]
11-05 02:24:18.498 1934 1934 I sysui_multi_action: [757,126,758,1,759,126,927,0,928,0,1593,1]
11-05 02:24:18.498 1934 1934 I sysui_multi_action: [757,113,758,1,759,113,927,1,928,1,1593,1]
11-05 02:24:18.498 1934 1934 I sysui_multi_action: [757,0,758,1,759,0,927,2,928,0,1593,1]
11-05 02:24:18.498 1934 1934 I sysui_multi_action: [757,0,758,1,759,0,927,3,928,0,1593,1]
11-05 02:24:18.509 1934 1934 I sysui_multi_action: [757,111,758,2]
11-05 02:24:18.509 1934 1934 I sysui_multi_action: [757,111,758,2]
11-05 02:24:18.509 1511 1511 I notification_enqueue: [10082,1934,com.android.systemui,2048,NULL,0,Notification(channel=updateNotification shortcut=null contentView=null vibrate=null sound=null defaults=0x0 flags=0x0 color=0x00000000 vis=PRIVATE),1]
11-05 02:24:18.511 1511 4194 I sysui_multi_action: [757,128,758,2,793,4317400,794,6116,795,4317400,796,26,798,0,806,android,857,DEVELOPER_IMPORTANT,858,4,947,0,1395,2,1500,4316703,1688,1]
11-05 02:24:18.512 1511 4194 I notification_visibility: [-1|android|26|null|1000,0,4317400,4317400,0,0]
11-05 02:24:18.512 1511 4194 I sysui_multi_action: [757,128,758,2,793,4318176,794,6116,795,4318176,796,32,798,1,806,android,857,USB,858,1,947,0,1395,2,1500,4318118,1688,1]
11-05 02:24:18.512 1511 4194 I notification_visibility: [-1|android|32|null|1000,0,4318176,4318176,0,1]
11-05 02:24:18.513 1511 1765 I sysui_multi_action: [757,127,758,2]
11-05 02:24:18.513 1511 1765 I notification_panel_hidden:
11-05 02:24:18.520 1934 1934 I sysui_multi_action: [757,111,758,1]
11-05 02:24:18.520 1934 1934 I sysui_multi_action: [757,126,758,1,759,126,927,0,928,0,1593,0]
11-05 02:24:18.520 1934 1934 I sysui_multi_action: [757,113,758,1,759,113,927,1,928,1,1593,0]
11-05 02:24:18.520 1934 1934 I sysui_multi_action: [757,0,758,1,759,0,927,2,928,0,1593,1]
11-05 02:24:18.520 1934 1934 I sysui_multi_action: [757,0,758,1,759,0,927,3,928,0,1593,1]
11-05 02:24:18.521 1934 1934 I sysui_multi_action: [757,491,758,1,759,491,927,4,928,0,1311,-1,1593,0]
11-05 02:24:18.521 1934 1934 I sysui_multi_action: [757,0,758,1,759,0,927,5,928,0,1593,0]
11-05 02:24:18.521 1934 1934 I sysui_multi_action: [757,111,758,1]
11-05 02:24:18.521 1934 1934 I sysui_multi_action: [757,126,758,1,759,126,927,0,928,0,1593,1]
11-05 02:24:18.521 1934 1934 I sysui_multi_action: [757,113,758,1,759,113,927,1,928,1,1593,1]
11-05 02:24:18.521 1934 1934 I sysui_multi_action: [757,0,758,1,759,0,927,2,928,0,1593,1]
11-05 02:24:18.521 1934 1934 I sysui_multi_action: [757,0,758,1,759,0,927,3,928,0,1593,1]
11-05 02:24:18.709 1511 1765 I wm_task_moved: [1,1,6]
11-05 02:24:18.709 1511 1765 I wm_task_moved: [40,1,2147483647]
11-05 02:24:18.709 1511 1765 I wm_task_to_front: [0,40]
11-05 02:24:18.709 1511 1765 I wm_focused_root_task: [0,0,1,123,RecentsAnimation.onAnimationFinished()]
11-05 02:24:18.709 17650 17650 I wm_on_top_resumed_lost_called: [252195793,com.android.settings.Settings,topStateChangedWhenResumed]
11-05 02:24:18.709 1511 1765 I wm_set_resumed_activity: [0,com.android.launcher3/.uioverrides.QuickstepLauncher,RecentsAnimation.onAnimationFinished()]
11-05 02:24:18.711 1511 1765 I wm_pause_activity: [0,252195793,com.android.settings/.Settings,userLeaving=true,pauseBackTasks]
11-05 02:24:18.711 1511 1765 I wm_add_to_stopping: [0,252195793,com.android.settings/.Settings,makeInvisible]
11-05 02:24:18.715 1511 1765 I wm_set_resumed_activity: [0,com.android.launcher3/.uioverrides.QuickstepLauncher,resumeTopActivityInnerLocked]
11-05 02:24:18.716 1511 1765 I wm_resume_activity: [0,245869423,40,com.android.launcher3/.uioverrides.QuickstepLauncher]
11-05 02:24:18.719 2535 2535 I wm_on_resume_called: [245869423,com.android.launcher3.uioverrides.QuickstepLauncher,RESUME_ACTIVITY]
11-05 02:24:18.725 1511 1603 I input_focus: [Focus request a226794 com.android.launcher3/com.android.launcher3.uioverrides.QuickstepLauncher,reason=UpdateInputWindows]
11-05 02:24:18.727 17650 17650 I sysui_multi_action: [757,35,758,2,1089,9086]
11-05 02:24:18.727 2535 2535 I wm_on_top_resumed_gained_called: [245869423,com.android.launcher3.uioverrides.QuickstepLauncher,topStateChangedWhenResumed]
11-05 02:24:18.730 1511 4129 I wm_stop_activity: [0,252195793,com.android.settings/.Settings]
11-05 02:24:18.731 17650 17650 I sysui_multi_action: [757,746,758,2,1089,8791]
11-05 02:24:18.736 1511 1602 I sysui_multi_action: [757,803,799,window_time_0,802,9]
11-05 02:24:18.736 17650 17650 I wm_on_paused_called: [252195793,com.android.settings.Settings,performPause]
11-05 02:24:18.737 1511 1602 I sysui_multi_action: [757,803,799,window_time_0,802,0]
11-05 02:24:18.739 1511 1687 I input_focus: [Focus entering a226794 com.android.launcher3/com.android.launcher3.uioverrides.QuickstepLauncher (server),reason=setFocusedWindow]
11-05 02:24:18.755 17650 17650 I wm_on_stop_called: [252195793,com.android.settings.Settings,STOP_ACTIVITY_ITEM]
11-05 02:24:18.767 352 352 I auditd : type=1400 audit(0.0:4852): avc: denied { kill } for comm="irq/382-atmel_m" capability=5 scontext=u:r:kernel:s0 tcontext=u:r:kernel:s0 tclass=capability permissive=0
11-05 02:24:19.767 0 0 I auditd : type=1400 audit(0.0:4853): avc: denied { kill } for comm="swapper/0" capability=5 scontext=u:r:kernel:s0 tcontext=u:r:kernel:s0 tclass=capability permissive=0
11-05 02:24:20.767 0 0 I auditd : type=1400 audit(0.0:4854): avc: denied { kill } for comm="swapper/0" capability=5 scontext=u:r:kernel:s0 tcontext=u:r:kernel:s0 tclass=capability permissive=0
11-05 02:24:21.767 0 0 I auditd : type=1400 audit(0.0:4855): avc: denied { kill } for comm="swapper/0" capability=5 scontext=u:r:kernel:s0 tcontext=u:r:kernel:s0 tclass=capability permissive=0
11-05 02:24:22.767 0 0 I auditd : type=1400 audit(0.0:4856): avc: denied { kill } for comm="swapper/2" capability=5 scontext=u:r:kernel:s0 tcontext=u:r:kernel:s0 tclass=capability permissive=0
11-05 02:24:23.767 0 0 I auditd : type=1400 audit(0.0:4857): avc: denied { kill } for comm="swapper/2" capability=5 scontext=u:r:kernel:s0 tcontext=u:r:kernel:s0 tclass=capability permissive=0
11-05 02:24:24.767 0 0 I auditd : type=1400 audit(0.0:4858): avc: denied { kill } for comm="swapper/2" capability=5 scontext=u:r:kernel:s0 tcontext=u:r:kernel:s0 tclass=capability permissive=0
11-05 02:24:25.767 0 0 I auditd : type=1400 audit(0.0:4859): avc: denied { kill } for comm="swapper/2" capability=5 scontext=u:r:kernel:s0 tcontext=u:r:kernel:s0 tclass=capability permissive=0
11-05 02:24:26.767 0 0 I auditd : type=1400 audit(0.0:4860): avc: denied { kill } for comm="swapper/2" capability=5 scontext=u:r:kernel:s0 tcontext=u:r:kernel:s0 tclass=capability permissive=0
11-05 02:24:27.767 0 0 I auditd : type=1400 audit(0.0:4861): avc: denied { kill } for comm="swapper/2" capability=5 scontext=u:r:kernel:s0 tcontext=u:r:kernel:s0 tclass=capability permissive=0
11-05 02:24:29.767 0 0 I auditd : type=1400 audit(0.0:4862): avc: denied { kill } for comm="swapper/3" capability=5 scontext=u:r:kernel:s0 tcontext=u:r:kernel:s0 tclass=capability permissive=0
11-05 02:24:30.767 0 0 I auditd : type=1400 audit(0.0:4863): avc: denied { kill } for comm="swapper/3" capability=5 scontext=u:r:kernel:s0 tcontext=u:r:kernel:s0 tclass=capability permissive=0
11-05 02:24:31.767 0 0 I auditd : type=1400 audit(0.0:4864): avc: denied { kill } for comm="swapper/3" capability=5 scontext=u:r:kernel:s0 tcontext=u:r:kernel:s0 tclass=capability permissive=0
11-05 02:24:32.767 0 0 I auditd : type=1400 audit(0.0:4865): avc: denied { kill } for comm="swapper/3" capability=5 scontext=u:r:kernel:s0 tcontext=u:r:kernel:s0 tclass=capability permissive=0
11-05 02:24:33.767 0 0 I auditd : type=1400 audit(0.0:4866): avc: denied { kill } for comm="swapper/3" capability=5 scontext=u:r:kernel:s0 tcontext=u:r:kernel:s0 tclass=capability permissive=0
11-05 02:24:34.767 0 0 I auditd : type=1400 audit(0.0:4867): avc: denied { kill } for comm="swapper/3" capability=5 scontext=u:r:kernel:s0 tcontext=u:r:kernel:s0 tclass=capability permissive=0
11-05 02:24:35.767 0 0 I auditd : type=1400 audit(0.0:4868): avc: denied { kill } for comm="swapper/3" capability=5 scontext=u:r:kernel:s0 tcontext=u:r:kernel:s0 tclass=capability permissive=0
11-05 02:24:36.767 0 0 I auditd : type=1400 audit(0.0:4869): avc: denied { kill } for comm="swapper/3" capability=5 scontext=u:r:kernel:s0 tcontext=u:r:kernel:s0 tclass=capability permissive=0
11-05 02:24:37.767 0 0 I auditd : type=1400 audit(0.0:4870): avc: denied { kill } for comm="swapper/3" capability=5 scontext=u:r:kernel:s0 tcontext=u:r:kernel:s0 tclass=capability permissive=0
11-05 02:24:38.767 0 0 I auditd : type=1400 audit(0.0:4871): avc: denied { kill } for comm="swapper/3" capability=5 scontext=u:r:kernel:s0 tcontext=u:r:kernel:s0 tclass=capability permissive=0
11-05 02:24:39.767 0 0 I auditd : type=1400 audit(0.0:4872): avc: denied { kill } for comm="swapper/3" capability=5 scontext=u:r:kernel:s0 tcontext=u:r:kernel:s0 tclass=capability permissive=0
11-05 02:24:40.767 0 0 I auditd : type=1400 audit(0.0:4873): avc: denied { kill } for comm="swapper/3" capability=5 scontext=u:r:kernel:s0 tcontext=u:r:kernel:s0 tclass=capability permissive=0
11-05 02:24:41.767 0 0 I auditd : type=1400 audit(0.0:4874): avc: denied { kill } for comm="swapper/3" capability=5 scontext=u:r:kernel:s0 tcontext=u:r:kernel:s0 tclass=capability permissive=0
11-05 02:24:42.767 0 0 I auditd : type=1400 audit(0.0:4875): avc: denied { kill } for comm="swapper/3" capability=5 scontext=u:r:kernel:s0 tcontext=u:r:kernel:s0 tclass=capability permissive=0
11-05 02:24:43.767 0 0 I auditd : type=1400 audit(0.0:4876): avc: denied { kill } for comm="swapper/3" capability=5 scontext=u:r:kernel:s0 tcontext=u:r:kernel:s0 tclass=capability permissive=0
11-05 02:24:44.767 0 0 I auditd : type=1400 audit(0.0:4877): avc: denied { kill } for comm="swapper/3" capability=5 scontext=u:r:kernel:s0 tcontext=u:r:kernel:s0 tclass=capability permissive=0
11-05 02:24:45.767 0 0 I auditd : type=1400 audit(0.0:4878): avc: denied { kill } for comm="swapper/3" capability=5 scontext=u:r:kernel:s0 tcontext=u:r:kernel:s0 tclass=capability permissive=0
11-05 02:24:46.767 0 0 I auditd : type=1400 audit(0.0:4879): avc: denied { kill } for comm="swapper/3" capability=5 scontext=u:r:kernel:s0 tcontext=u:r:kernel:s0 tclass=capability permissive=0
11-05 02:24:47.767 0 0 I auditd : type=1400 audit(0.0:4880): avc: denied { kill } for comm="swapper/3" capability=5 scontext=u:r:kernel:s0 tcontext=u:r:kernel:s0 tclass=capability permissive=0
11-05 02:24:48.767 0 0 I auditd : type=1400 audit(0.0:4881): avc: denied { kill } for comm="swapper/3" capability=5 scontext=u:r:kernel:s0 tcontext=u:r:kernel:s0 tclass=capability permissive=0
11-05 02:24:49.767 0 0 I auditd : type=1400 audit(0.0:4882): avc: denied { kill } for comm="swapper/3" capability=5 scontext=u:r:kernel:s0 tcontext=u:r:kernel:s0 tclass=capability permissive=0
11-05 02:24:50.767 0 0 I auditd : type=1400 audit(0.0:4883): avc: denied { kill } for comm="swapper/3" capability=5 scontext=u:r:kernel:s0 tcontext=u:r:kernel:s0 tclass=capability permissive=0
11-05 02:24:51.767 0 0 I auditd : type=1400 audit(0.0:4884): avc: denied { kill } for comm="swapper/3" capability=5 scontext=u:r:kernel:s0 tcontext=u:r:kernel:s0 tclass=capability permissive=0
11-05 02:24:52.767 0 0 I auditd : type=1400 audit(0.0:4885): avc: denied { kill } for comm="swapper/3" capability=5 scontext=u:r:kernel:s0 tcontext=u:r:kernel:s0 tclass=capability permissive=0
11-05 02:24:53.767 0 0 I auditd : type=1400 audit(0.0:4886): avc: denied { kill } for comm="swapper/3" capability=5 scontext=u:r:kernel:s0 tcontext=u:r:kernel:s0 tclass=capability permissive=0
11-05 02:24:54.767 0 0 I auditd : type=1400 audit(0.0:4887): avc: denied { kill } for comm="swapper/3" capability=5 scontext=u:r:kernel:s0 tcontext=u:r:kernel:s0 tclass=capability permissive=0
11-05 02:24:55.767 0 0 I auditd : type=1400 audit(0.0:4888): avc: denied { kill } for comm="swapper/3" capability=5 scontext=u:r:kernel:s0 tcontext=u:r:kernel:s0 tclass=capability permissive=0
11-05 02:24:56.767 0 0 I auditd : type=1400 audit(0.0:4889): avc: denied { kill } for comm="swapper/3" capability=5 scontext=u:r:kernel:s0 tcontext=u:r:kernel:s0 tclass=capability permissive=0
11-05 02:24:57.767 0 0 I auditd : type=1400 audit(0.0:4890): avc: denied { kill } for comm="swapper/3" capability=5 scontext=u:r:kernel:s0 tcontext=u:r:kernel:s0 tclass=capability permissive=0
11-05 02:24:58.767 0 0 I auditd : type=1400 audit(0.0:4891): avc: denied { kill } for comm="swapper/3" capability=5 scontext=u:r:kernel:s0 tcontext=u:r:kernel:s0 tclass=capability permissive=0
11-05 02:24:59.767 0 0 I auditd : type=1400 audit(0.0:4892): avc: denied { kill } for comm="swapper/3" capability=5 scontext=u:r:kernel:s0 tcontext=u:r:kernel:s0 tclass=capability permissive=0
11-05 02:25:00.767 0 0 I auditd : type=1400 audit(0.0:4893): avc: denied { kill } for comm="swapper/3" capability=5 scontext=u:r:kernel:s0 tcontext=u:r:kernel:s0 tclass=capability permissive=0
11-05 02:25:01.767 0 0 I auditd : type=1400 audit(0.0:4894): avc: denied { kill } for comm="swapper/3" capability=5 scontext=u:r:kernel:s0 tcontext=u:r:kernel:s0 tclass=capability permissive=0
11-05 02:25:02.767 0 0 I auditd : type=1400 audit(0.0:4895): avc: denied { kill } for comm="swapper/3" capability=5 scontext=u:r:kernel:s0 tcontext=u:r:kernel:s0 tclass=capability permissive=0
11-05 02:25:03.767 0 0 I auditd : type=1400 audit(0.0:4896): avc: denied { kill } for comm="swapper/3" capability=5 scontext=u:r:kernel:s0 tcontext=u:r:kernel:s0 tclass=capability permissive=0
11-05 02:25:04.767 0 0 I auditd : type=1400 audit(0.0:4897): avc: denied { kill } for comm="swapper/3" capability=5 scontext=u:r:kernel:s0 tcontext=u:r:kernel:s0 tclass=capability permissive=0
11-05 02:25:05.767 0 0 I auditd : type=1400 audit(0.0:4898): avc: denied { kill } for comm="swapper/3" capability=5 scontext=u:r:kernel:s0 tcontext=u:r:kernel:s0 tclass=capability permissive=0
11-05 02:25:06.767 0 0 I auditd : type=1400 audit(0.0:4899): avc: denied { kill } for comm="swapper/3" capability=5 scontext=u:r:kernel:s0 tcontext=u:r:kernel:s0 tclass=capability permissive=0
11-05 02:25:07.767 0 0 I auditd : type=1400 audit(0.0:4900): avc: denied { kill } for comm="swapper/3" capability=5 scontext=u:r:kernel:s0 tcontext=u:r:kernel:s0 tclass=capability permissive=0
11-05 02:25:08.324 1511 1608 I am_pss : [17650,1000,com.android.settings,44035072,31592448,0,176541696,0,15,14]
11-05 02:25:08.767 0 0 I auditd : type=1400 audit(0.0:4901): avc: denied { kill } for comm="swapper/3" capability=5 scontext=u:r:kernel:s0 tcontext=u:r:kernel:s0 tclass=capability permissive=0
11-05 02:25:09.767 0 0 I auditd : type=1400 audit(0.0:4902): avc: denied { kill } for comm="swapper/3" capability=5 scontext=u:r:kernel:s0 tcontext=u:r:kernel:s0 tclass=capability permissive=0
11-05 02:25:10.767 0 0 I auditd : type=1400 audit(0.0:4903): avc: denied { kill } for comm="swapper/3" capability=5 scontext=u:r:kernel:s0 tcontext=u:r:kernel:s0 tclass=capability permissive=0
11-05 02:25:11.020 1511 1625 I sysui_multi_action: [757,1696,758,6,759,2]
11-05 02:25:11.037 1511 1609 I am_wtf : [0,1511,system_server,-1,DisplayDeviceConfig,requesting nits when no mapping exists.]
11-05 02:25:11.043 1511 1609 I am_wtf : [0,1511,system_server,-1,DisplayDeviceConfig,requesting nits when no mapping exists.]
11-05 02:25:11.052 1511 1609 I am_wtf : [0,1511,system_server,-1,DisplayDeviceConfig,requesting nits when no mapping exists.]
11-05 02:25:11.054 1511 1609 I am_wtf : [0,1511,system_server,-1,DisplayDeviceConfig,requesting nits when no mapping exists.]
11-05 02:25:11.059 1511 1609 I am_wtf : [0,1511,system_server,-1,DisplayDeviceConfig,requesting nits when no mapping exists.]
11-05 02:25:11.062 1511 1609 I am_wtf : [0,1511,system_server,-1,DisplayDeviceConfig,requesting nits when no mapping exists.]
11-05 02:25:11.076 1511 1609 I am_wtf : [0,1511,system_server,-1,DisplayDeviceConfig,requesting nits when no mapping exists.]
11-05 02:25:11.077 1511 1609 I am_wtf : [0,1511,system_server,-1,DisplayDeviceConfig,requesting nits when no mapping exists.]
11-05 02:25:11.093 1511 1609 I am_wtf : [0,1511,system_server,-1,DisplayDeviceConfig,requesting nits when no mapping exists.]
11-05 02:25:11.094 1511 1609 I am_wtf : [0,1511,system_server,-1,DisplayDeviceConfig,requesting nits when no mapping exists.]
11-05 02:25:11.109 1511 1609 I am_wtf : [0,1511,system_server,-1,DisplayDeviceConfig,requesting nits when no mapping exists.]
11-05 02:25:11.111 1511 1609 I am_wtf : [0,1511,system_server,-1,DisplayDeviceConfig,requesting nits when no mapping exists.]
11-05 02:25:11.127 1511 1609 I am_wtf : [0,1511,system_server,-1,DisplayDeviceConfig,requesting nits when no mapping exists.]
11-05 02:25:11.128 1511 1609 I am_wtf : [0,1511,system_server,-1,DisplayDeviceConfig,requesting nits when no mapping exists.]
11-05 02:25:11.143 1511 1609 I am_wtf : [0,1511,system_server,-1,DisplayDeviceConfig,requesting nits when no mapping exists.]
11-05 02:25:11.144 1511 1609 I am_wtf : [0,1511,system_server,-1,DisplayDeviceConfig,requesting nits when no mapping exists.]
11-05 02:25:11.160 1511 1609 I am_wtf : [0,1511,system_server,-1,DisplayDeviceConfig,requesting nits when no mapping exists.]
11-05 02:25:11.161 1511 1609 I am_wtf : [0,1511,system_server,-1,DisplayDeviceConfig,requesting nits when no mapping exists.]
11-05 02:25:11.177 1511 1609 I am_wtf : [0,1511,system_server,-1,DisplayDeviceConfig,requesting nits when no mapping exists.]
11-05 02:25:11.178 1511 1609 I am_wtf : [0,1511,system_server,-1,DisplayDeviceConfig,requesting nits when no mapping exists.]
11-05 02:25:11.194 1511 1609 I am_wtf : [0,1511,system_server,-1,DisplayDeviceConfig,requesting nits when no mapping exists.]
11-05 02:25:11.194 1511 1609 I am_wtf : [0,1511,system_server,-1,DisplayDeviceConfig,requesting nits when no mapping exists.]
11-05 02:25:11.210 1511 1609 I am_wtf : [0,1511,system_server,-1,DisplayDeviceConfig,requesting nits when no mapping exists.]
11-05 02:25:11.211 1511 1609 I am_wtf : [0,1511,system_server,-1,DisplayDeviceConfig,requesting nits when no mapping exists.]
11-05 02:25:11.227 1511 1609 I am_wtf : [0,1511,system_server,-1,DisplayDeviceConfig,requesting nits when no mapping exists.]
11-05 02:25:11.229 1511 1609 I am_wtf : [0,1511,system_server,-1,DisplayDeviceConfig,requesting nits when no mapping exists.]
11-05 02:25:11.244 1511 1609 I am_wtf : [0,1511,system_server,-1,DisplayDeviceConfig,requesting nits when no mapping exists.]
11-05 02:25:11.245 1511 1609 I am_wtf : [0,1511,system_server,-1,DisplayDeviceConfig,requesting nits when no mapping exists.]
11-05 02:25:11.260 1511 1609 I am_wtf : [0,1511,system_server,-1,DisplayDeviceConfig,requesting nits when no mapping exists.]
11-05 02:25:11.262 1511 1609 I am_wtf : [0,1511,system_server,-1,DisplayDeviceConfig,requesting nits when no mapping exists.]
11-05 02:25:11.277 1511 1609 I am_wtf : [0,1511,system_server,-1,DisplayDeviceConfig,requesting nits when no mapping exists.]
11-05 02:25:11.278 1511 1609 I am_wtf : [0,1511,system_server,-1,DisplayDeviceConfig,requesting nits when no mapping exists.]
11-05 02:25:11.294 1511 1609 I am_wtf : [0,1511,system_server,-1,DisplayDeviceConfig,requesting nits when no mapping exists.]
11-05 02:25:11.295 1511 1609 I am_wtf : [0,1511,system_server,-1,DisplayDeviceConfig,requesting nits when no mapping exists.]
11-05 02:25:11.310 1511 1609 I am_wtf : [0,1511,system_server,-1,DisplayDeviceConfig,requesting nits when no mapping exists.]
11-05 02:25:11.311 1511 1609 I am_wtf : [0,1511,system_server,-1,DisplayDeviceConfig,requesting nits when no mapping exists.]
11-05 02:25:11.327 1511 1609 I am_wtf : [0,1511,system_server,-1,DisplayDeviceConfig,requesting nits when no mapping exists.]
11-05 02:25:11.328 1511 1609 I am_wtf : [0,1511,system_server,-1,DisplayDeviceConfig,requesting nits when no mapping exists.]
11-05 02:25:11.345 1511 1609 I am_wtf : [0,1511,system_server,-1,DisplayDeviceConfig,requesting nits when no mapping exists.]
11-05 02:25:11.346 1511 1609 I am_wtf : [0,1511,system_server,-1,DisplayDeviceConfig,requesting nits when no mapping exists.]
11-05 02:25:11.361 1511 1609 I am_wtf : [0,1511,system_server,-1,DisplayDeviceConfig,requesting nits when no mapping exists.]
11-05 02:25:11.362 1511 1609 I am_wtf : [0,1511,system_server,-1,DisplayDeviceConfig,requesting nits when no mapping exists.]
11-05 02:25:11.377 1511 1609 I am_wtf : [0,1511,system_server,-1,DisplayDeviceConfig,requesting nits when no mapping exists.]
11-05 02:25:11.378 1511 1609 I am_wtf : [0,1511,system_server,-1,DisplayDeviceConfig,requesting nits when no mapping exists.]
11-05 02:25:11.394 1511 1609 I am_wtf : [0,1511,system_server,-1,DisplayDeviceConfig,requesting nits when no mapping exists.]
11-05 02:25:11.396 1511 1609 I am_wtf : [0,1511,system_server,-1,DisplayDeviceConfig,requesting nits when no mapping exists.]
11-05 02:25:11.411 1511 1609 I am_wtf : [0,1511,system_server,-1,DisplayDeviceConfig,requesting nits when no mapping exists.]
11-05 02:25:11.412 1511 1609 I am_wtf : [0,1511,system_server,-1,DisplayDeviceConfig,requesting nits when no mapping exists.]
11-05 02:25:11.427 1511 1609 I am_wtf : [0,1511,system_server,-1,DisplayDeviceConfig,requesting nits when no mapping exists.]
