11-05 02:15:04.692 1934 1934 I sysui_multi_action: [757,0,758,1,759,0,927,2,928,0,1593,1]
11-05 02:15:04.693 1934 1934 I sysui_multi_action: [757,0,758,1,759,0,927,3,928,0,1593,1]
11-05 02:15:04.693 1934 1934 I sysui_multi_action: [757,491,758,1,759,491,927,4,928,0,1311,-1,1593,0]
11-05 02:15:04.693 1934 1934 I sysui_multi_action: [757,0,758,1,759,0,927,5,928,0,1593,0]
11-05 02:15:04.693 1934 1934 I sysui_multi_action: [757,111,758,1]
11-05 02:15:04.693 1934 1934 I sysui_multi_action: [757,126,758,1,759,126,927,0,928,0,1593,1]
11-05 02:15:04.693 1934 1934 I sysui_multi_action: [757,113,758,1,759,113,927,1,928,1,1593,1]
11-05 02:15:04.693 1934 1934 I sysui_multi_action: [757,0,758,1,759,0,927,2,928,0,1593,1]
11-05 02:15:04.693 1934 1934 I sysui_multi_action: [757,0,758,1,759,0,927,3,928,0,1593,1]
11-05 02:15:04.705 1934 1934 I sysui_multi_action: [757,111,758,2]
11-05 02:15:04.705 1511 1511 I notification_enqueue: [10082,1934,com.android.systemui,2048,NULL,0,Notification(channel=updateNotification shortcut=null contentView=null vibrate=null sound=null defaults=0x0 flags=0x0 color=0x00000000 vis=PRIVATE),1]
11-05 02:15:04.705 1934 1934 I sysui_multi_action: [757,111,758,2]
11-05 02:15:04.709 1934 1934 I sysui_multi_action: [757,111,758,1]
11-05 02:15:04.709 1934 1934 I sysui_multi_action: [757,126,758,1,759,126,927,0,928,0,1593,1]
11-05 02:15:04.709 1934 1934 I sysui_multi_action: [757,113,758,1,759,113,927,1,928,1,1593,1]
11-05 02:15:04.709 1934 1934 I sysui_multi_action: [757,0,758,1,759,0,927,2,928,0,1593,1]
11-05 02:15:04.709 1934 1934 I sysui_multi_action: [757,0,758,1,759,0,927,3,928,0,1593,1]
11-05 02:15:04.709 1934 1934 I sysui_multi_action: [757,491,758,1,759,491,927,4,928,0,1311,-1,1593,0]
11-05 02:15:04.709 1934 1934 I sysui_multi_action: [757,0,758,1,759,0,927,5,928,0,1593,0]
11-05 02:15:04.710 1934 1934 I sysui_multi_action: [757,111,758,1]
11-05 02:15:04.710 1934 1934 I sysui_multi_action: [757,126,758,1,759,126,927,0,928,0,1593,1]
11-05 02:15:04.710 1934 1934 I sysui_multi_action: [757,113,758,1,759,113,927,1,928,1,1593,1]
11-05 02:15:04.710 1934 1934 I sysui_multi_action: [757,0,758,1,759,0,927,2,928,0,1593,1]
11-05 02:15:04.710 1934 1934 I sysui_multi_action: [757,0,758,1,759,0,927,3,928,0,1593,1]
11-05 02:15:04.722 1934 1934 I sysui_multi_action: [757,111,758,2]
11-05 02:15:04.722 1511 1511 I notification_enqueue: [10082,1934,com.android.systemui,2048,NULL,0,Notification(channel=updateNotification shortcut=null contentView=null vibrate=null sound=null defaults=0x0 flags=0x0 color=0x00000000 vis=PRIVATE),1]
11-05 02:15:04.722 1934 1934 I sysui_multi_action: [757,111,758,2]
11-05 02:15:04.726 1934 1934 I sysui_multi_action: [757,111,758,1]
11-05 02:15:04.726 1934 1934 I sysui_multi_action: [757,126,758,1,759,126,927,0,928,0,1593,1]
11-05 02:15:04.727 1934 1934 I sysui_multi_action: [757,113,758,1,759,113,927,1,928,1,1593,1]
11-05 02:15:04.727 1934 1934 I sysui_multi_action: [757,0,758,1,759,0,927,2,928,0,1593,1]
11-05 02:15:04.727 1934 1934 I sysui_multi_action: [757,0,758,1,759,0,927,3,928,0,1593,1]
11-05 02:15:04.727 1934 1934 I sysui_multi_action: [757,491,758,1,759,491,927,4,928,0,1311,-1,1593,0]
11-05 02:15:04.727 1934 1934 I sysui_multi_action: [757,0,758,1,759,0,927,5,928,0,1593,0]
11-05 02:15:04.727 1934 1934 I sysui_multi_action: [757,111,758,1]
11-05 02:15:04.727 1934 1934 I sysui_multi_action: [757,126,758,1,759,126,927,0,928,0,1593,1]
11-05 02:15:04.727 1934 1934 I sysui_multi_action: [757,113,758,1,759,113,927,1,928,1,1593,1]
11-05 02:15:04.727 1934 1934 I sysui_multi_action: [757,0,758,1,759,0,927,2,928,0,1593,1]
11-05 02:15:04.728 1934 1934 I sysui_multi_action: [757,0,758,1,759,0,927,3,928,0,1593,1]
11-05 02:15:04.738 1934 1934 I sysui_multi_action: [757,111,758,2]
11-05 02:15:04.738 1934 1934 I sysui_multi_action: [757,111,758,2]
11-05 02:15:04.738 1511 1511 I notification_enqueue: [10082,1934,com.android.systemui,2048,NULL,0,Notification(channel=updateNotification shortcut=null contentView=null vibrate=null sound=null defaults=0x0 flags=0x0 color=0x00000000 vis=PRIVATE),1]
11-05 02:15:04.742 1934 1934 I sysui_multi_action: [757,111,758,1]
11-05 02:15:04.742 1934 1934 I sysui_multi_action: [757,126,758,1,759,126,927,0,928,0,1593,1]
11-05 02:15:04.742 1934 1934 I sysui_multi_action: [757,113,758,1,759,113,927,1,928,1,1593,1]
11-05 02:15:04.742 1934 1934 I sysui_multi_action: [757,0,758,1,759,0,927,2,928,0,1593,1]
11-05 02:15:04.742 1934 1934 I sysui_multi_action: [757,0,758,1,759,0,927,3,928,0,1593,1]
11-05 02:15:04.742 1934 1934 I sysui_multi_action: [757,491,758,1,759,491,927,4,928,0,1311,-1,1593,0]
11-05 02:15:04.742 1934 1934 I sysui_multi_action: [757,0,758,1,759,0,927,5,928,0,1593,0]
11-05 02:15:04.742 1934 1934 I sysui_multi_action: [757,111,758,1]
11-05 02:15:04.743 1934 1934 I sysui_multi_action: [757,126,758,1,759,126,927,0,928,0,1593,1]
11-05 02:15:04.743 1934 1934 I sysui_multi_action: [757,113,758,1,759,113,927,1,928,1,1593,1]
11-05 02:15:04.743 1934 1934 I sysui_multi_action: [757,0,758,1,759,0,927,2,928,0,1593,1]
11-05 02:15:04.743 1934 1934 I sysui_multi_action: [757,0,758,1,759,0,927,3,928,0,1593,1]
11-05 02:15:04.754 1934 1934 I sysui_multi_action: [757,111,758,2]
11-05 02:15:04.755 1934 1934 I sysui_multi_action: [757,111,758,2]
11-05 02:15:04.755 1511 1511 I notification_enqueue: [10082,1934,com.android.systemui,2048,NULL,0,Notification(channel=updateNotification shortcut=null contentView=null vibrate=null sound=null defaults=0x0 flags=0x0 color=0x00000000 vis=PRIVATE),1]
11-05 02:15:04.758 1934 1934 I sysui_multi_action: [757,111,758,1]
11-05 02:15:04.758 1934 1934 I sysui_multi_action: [757,126,758,1,759,126,927,0,928,0,1593,1]
11-05 02:15:04.758 1934 1934 I sysui_multi_action: [757,113,758,1,759,113,927,1,928,1,1593,1]
11-05 02:15:04.758 1934 1934 I sysui_multi_action: [757,0,758,1,759,0,927,2,928,0,1593,1]
11-05 02:15:04.758 1934 1934 I sysui_multi_action: [757,0,758,1,759,0,927,3,928,0,1593,1]
11-05 02:15:04.759 1934 1934 I sysui_multi_action: [757,491,758,1,759,491,927,4,928,0,1311,-1,1593,0]
11-05 02:15:04.759 1934 1934 I sysui_multi_action: [757,0,758,1,759,0,927,5,928,0,1593,0]
11-05 02:15:04.759 1934 1934 I sysui_multi_action: [757,111,758,1]
11-05 02:15:04.759 1934 1934 I sysui_multi_action: [757,126,758,1,759,126,927,0,928,0,1593,1]
11-05 02:15:04.759 1934 1934 I sysui_multi_action: [757,113,758,1,759,113,927,1,928,1,1593,1]
11-05 02:15:04.759 1934 1934 I sysui_multi_action: [757,0,758,1,759,0,927,2,928,0,1593,1]
11-05 02:15:04.759 1934 1934 I sysui_multi_action: [757,0,758,1,759,0,927,3,928,0,1593,1]
11-05 02:15:04.767 0 0 I auditd : type=1400 audit(0.0:4214): avc: denied { kill } for comm="swapper/2" capability=5 scontext=u:r:kernel:s0 tcontext=u:r:kernel:s0 tclass=capability permissive=0
11-05 02:15:04.771 1934 1934 I sysui_multi_action: [757,111,758,2]
11-05 02:15:04.771 1934 1934 I sysui_multi_action: [757,111,758,2]
11-05 02:15:04.771 1511 1511 I notification_enqueue: [10082,1934,com.android.systemui,2048,NULL,0,Notification(channel=updateNotification shortcut=null contentView=null vibrate=null sound=null defaults=0x0 flags=0x0 color=0x00000000 vis=PRIVATE),1]
11-05 02:15:04.775 1934 1934 I sysui_multi_action: [757,111,758,1]
11-05 02:15:04.775 1934 1934 I sysui_multi_action: [757,126,758,1,759,126,927,0,928,0,1593,1]
11-05 02:15:04.775 1934 1934 I sysui_multi_action: [757,113,758,1,759,113,927,1,928,1,1593,1]
11-05 02:15:04.775 1934 1934 I sysui_multi_action: [757,0,758,1,759,0,927,2,928,0,1593,1]
11-05 02:15:04.775 1934 1934 I sysui_multi_action: [757,0,758,1,759,0,927,3,928,0,1593,1]
11-05 02:15:04.775 1934 1934 I sysui_multi_action: [757,491,758,1,759,491,927,4,928,0,1311,-1,1593,0]
11-05 02:15:04.776 1934 1934 I sysui_multi_action: [757,0,758,1,759,0,927,5,928,0,1593,0]
11-05 02:15:04.776 1934 1934 I sysui_multi_action: [757,111,758,1]
11-05 02:15:04.776 1934 1934 I sysui_multi_action: [757,126,758,1,759,126,927,0,928,0,1593,1]
11-05 02:15:04.776 1934 1934 I sysui_multi_action: [757,113,758,1,759,113,927,1,928,1,1593,1]
11-05 02:15:04.776 1934 1934 I sysui_multi_action: [757,0,758,1,759,0,927,2,928,0,1593,1]
11-05 02:15:04.776 1934 1934 I sysui_multi_action: [757,0,758,1,759,0,927,3,928,0,1593,1]
11-05 02:15:04.787 1934 1934 I sysui_multi_action: [757,111,758,2]
11-05 02:15:04.788 1934 1934 I sysui_multi_action: [757,111,758,2]
11-05 02:15:04.789 1511 1511 I notification_enqueue: [10082,1934,com.android.systemui,2048,NULL,0,Notification(channel=updateNotification shortcut=null contentView=null vibrate=null sound=null defaults=0x0 flags=0x0 color=0x00000000 vis=PRIVATE),1]
11-05 02:15:04.791 1934 1934 I sysui_multi_action: [757,111,758,1]
11-05 02:15:04.791 1934 1934 I sysui_multi_action: [757,126,758,1,759,126,927,0,928,0,1593,0]
11-05 02:15:04.791 1934 1934 I sysui_multi_action: [757,113,758,1,759,113,927,1,928,1,1593,0]
11-05 02:15:04.791 1934 1934 I sysui_multi_action: [757,0,758,1,759,0,927,2,928,0,1593,0]
11-05 02:15:04.792 1934 1934 I sysui_multi_action: [757,0,758,1,759,0,927,3,928,0,1593,0]
11-05 02:15:04.792 1934 1934 I sysui_multi_action: [757,491,758,1,759,491,927,4,928,0,1311,-1,1593,0]
11-05 02:15:04.792 1934 1934 I sysui_multi_action: [757,0,758,1,759,0,927,5,928,0,1593,0]
11-05 02:15:04.792 1934 1934 I sysui_multi_action: [757,111,758,1]
11-05 02:15:04.792 1934 1934 I sysui_multi_action: [757,126,758,1,759,126,927,0,928,0,1593,1]
11-05 02:15:04.792 1934 1934 I sysui_multi_action: [757,113,758,1,759,113,927,1,928,1,1593,1]
11-05 02:15:04.792 1934 1934 I sysui_multi_action: [757,0,758,1,759,0,927,2,928,0,1593,1]
11-05 02:15:04.792 1934 1934 I sysui_multi_action: [757,0,758,1,759,0,927,3,928,0,1593,1]
11-05 02:15:04.805 1934 1934 I sysui_multi_action: [757,111,758,2]
11-05 02:15:04.805 1934 1934 I sysui_multi_action: [757,111,758,2]
11-05 02:15:04.805 1511 1511 I notification_enqueue: [10082,1934,com.android.systemui,2048,NULL,0,Notification(channel=updateNotification shortcut=null contentView=null vibrate=null sound=null defaults=0x0 flags=0x0 color=0x00000000 vis=PRIVATE),1]
11-05 02:15:04.808 1934 1934 I sysui_multi_action: [757,111,758,1]
11-05 02:15:04.809 1934 1934 I sysui_multi_action: [757,126,758,1,759,126,927,0,928,0,1593,1]
11-05 02:15:04.809 1934 1934 I sysui_multi_action: [757,113,758,1,759,113,927,1,928,1,1593,1]
11-05 02:15:04.809 1934 1934 I sysui_multi_action: [757,0,758,1,759,0,927,2,928,0,1593,1]
11-05 02:15:04.809 1934 1934 I sysui_multi_action: [757,0,758,1,759,0,927,3,928,0,1593,1]
11-05 02:15:04.809 1934 1934 I sysui_multi_action: [757,491,758,1,759,491,927,4,928,0,1311,-1,1593,0]
11-05 02:15:04.809 1934 1934 I sysui_multi_action: [757,0,758,1,759,0,927,5,928,0,1593,0]
11-05 02:15:04.809 1934 1934 I sysui_multi_action: [757,111,758,1]
11-05 02:15:04.809 1934 1934 I sysui_multi_action: [757,126,758,1,759,126,927,0,928,0,1593,1]
11-05 02:15:04.809 1934 1934 I sysui_multi_action: [757,113,758,1,759,113,927,1,928,1,1593,1]
11-05 02:15:04.809 1934 1934 I sysui_multi_action: [757,0,758,1,759,0,927,2,928,0,1593,1]
11-05 02:15:04.810 1934 1934 I sysui_multi_action: [757,0,758,1,759,0,927,3,928,0,1593,1]
11-05 02:15:04.821 1934 1934 I sysui_multi_action: [757,111,758,2]
11-05 02:15:04.821 1934 1934 I sysui_multi_action: [757,111,758,2]
11-05 02:15:04.821 1511 1511 I notification_enqueue: [10082,1934,com.android.systemui,2048,NULL,0,Notification(channel=updateNotification shortcut=null contentView=null vibrate=null sound=null defaults=0x0 flags=0x0 color=0x00000000 vis=PRIVATE),1]
11-05 02:15:04.831 1511 1603 I input_focus: [Focus request a226794 com.android.launcher3/com.android.launcher3.uioverrides.QuickstepLauncher,reason=UpdateInputWindows]
11-05 02:15:04.832 1934 1934 I sysui_multi_action: [757,111,758,1]
11-05 02:15:04.832 1934 1934 I sysui_multi_action: [757,126,758,1,759,126,927,0,928,0,1593,1]
11-05 02:15:04.832 1934 1934 I sysui_multi_action: [757,113,758,1,759,113,927,1,928,1,1593,1]
11-05 02:15:04.833 1934 1934 I sysui_multi_action: [757,0,758,1,759,0,927,2,928,0,1593,1]
11-05 02:15:04.833 1934 1934 I sysui_multi_action: [757,0,758,1,759,0,927,3,928,0,1593,1]
11-05 02:15:04.833 1934 1934 I sysui_multi_action: [757,491,758,1,759,491,927,4,928,0,1311,-1,1593,0]
11-05 02:15:04.833 1934 1934 I sysui_multi_action: [757,0,758,1,759,0,927,5,928,0,1593,0]
11-05 02:15:04.833 1934 1934 I sysui_multi_action: [757,111,758,1]
11-05 02:15:04.833 1934 1934 I sysui_multi_action: [757,126,758,1,759,126,927,0,928,0,1593,1]
11-05 02:15:04.833 1934 1934 I sysui_multi_action: [757,113,758,1,759,113,927,1,928,1,1593,1]
11-05 02:15:04.833 1934 1934 I sysui_multi_action: [757,0,758,1,759,0,927,2,928,0,1593,1]
11-05 02:15:04.833 1934 1934 I sysui_multi_action: [757,0,758,1,759,0,927,3,928,0,1593,1]
11-05 02:15:04.842 1934 1934 I sysui_multi_action: [757,111,758,2]
11-05 02:15:04.842 1934 1934 I sysui_multi_action: [757,111,758,2]
11-05 02:15:04.844 1511 4193 I sysui_multi_action: [757,128,758,2,793,3763733,794,40147,795,3763733,796,26,798,0,806,android,857,DEVELOPER_IMPORTANT,858,4,947,0,1395,2,1500,3763036,1688,1]
11-05 02:15:04.845 1511 4193 I notification_visibility: [-1|android|26|null|1000,0,3763733,3763733,0,0]
11-05 02:15:04.846 1511 4193 I sysui_multi_action: [757,128,758,2,793,3764509,794,40147,795,3764509,796,32,798,1,806,android,857,USB,858,1,947,0,1395,2,1500,3764451,1688,1]
11-05 02:15:04.846 1511 4193 I notification_visibility: [-1|android|32|null|1000,0,3764509,3764509,0,1]
11-05 02:15:04.846 1511 4193 I sysui_multi_action: [757,127,758,2]
11-05 02:15:04.846 1511 4193 I notification_panel_hidden:
11-05 02:15:04.847 1511 1511 I notification_enqueue: [10082,1934,com.android.systemui,2048,NULL,0,Notification(channel=updateNotification shortcut=null contentView=null vibrate=null sound=null defaults=0x0 flags=0x0 color=0x00000000 vis=PRIVATE),1]
11-05 02:15:04.856 1934 1934 I sysui_multi_action: [757,111,758,1]
11-05 02:15:04.856 1934 1934 I sysui_multi_action: [757,126,758,1,759,126,927,0,928,0,1593,1]
11-05 02:15:04.856 1934 1934 I sysui_multi_action: [757,113,758,1,759,113,927,1,928,1,1593,1]
11-05 02:15:04.856 1934 1934 I sysui_multi_action: [757,0,758,1,759,0,927,2,928,0,1593,1]
11-05 02:15:04.856 1934 1934 I sysui_multi_action: [757,0,758,1,759,0,927,3,928,0,1593,1]
11-05 02:15:04.856 1934 1934 I sysui_multi_action: [757,491,758,1,759,491,927,4,928,0,1311,-1,1593,0]
11-05 02:15:04.856 1934 1934 I sysui_multi_action: [757,0,758,1,759,0,927,5,928,0,1593,0]
11-05 02:15:04.856 1934 1934 I sysui_multi_action: [757,111,758,1]
11-05 02:15:04.856 1934 1934 I sysui_multi_action: [757,126,758,1,759,126,927,0,928,0,1593,1]
11-05 02:15:04.856 1934 1934 I sysui_multi_action: [757,113,758,1,759,113,927,1,928,1,1593,1]
11-05 02:15:04.856 1934 1934 I sysui_multi_action: [757,0,758,1,759,0,927,2,928,0,1593,1]
11-05 02:15:04.857 1934 1934 I sysui_multi_action: [757,0,758,1,759,0,927,3,928,0,1593,1]
11-05 02:15:04.861 1511 1687 I input_focus: [Focus leaving eefcbb2 NotificationShade (server),reason=NO_WINDOW]
11-05 02:15:04.862 1511 1687 I input_focus: [Focus entering a226794 com.android.launcher3/com.android.launcher3.uioverrides.QuickstepLauncher (server),reason=setFocusedWindow]
11-05 02:15:05.194 1511 1687 I input_interaction: Interaction with: a226794 com.android.launcher3/com.android.launcher3.uioverrides.QuickstepLauncher (server), 2153fad com.android.systemui.ImageWallpaper (server), edge-swipe (server), swipe-up (server), PointerEventDispatcher0 (server),
11-05 02:15:05.304 1511 1511 I service_manager_stats: [100,111,21249]
11-05 02:15:05.315 1511 4731 I wm_task_created: [111,-1]
11-05 02:15:05.319 1511 4731 I wm_task_moved: [111,1,6]
11-05 02:15:05.319 1511 4731 I wm_task_to_front: [0,111]
11-05 02:15:05.319 1511 4731 I wm_create_task: [0,111]
11-05 02:15:05.319 1511 4731 I wm_create_activity: [0,187377552,111,com.android.settings/.Settings,android.intent.action.MAIN,NULL,NULL,270532608]
11-05 02:15:05.320 1511 4731 I wm_task_moved: [111,1,6]
11-05 02:15:05.323 1511 4731 I wm_pause_activity: [0,245869423,com.android.launcher3/.uioverrides.QuickstepLauncher,userLeaving=true,pauseBackTasks]
11-05 02:15:05.334 2535 2535 I wm_on_top_resumed_lost_called: [245869423,com.android.launcher3.uioverrides.QuickstepLauncher,topStateChangedWhenResumed]
11-05 02:15:05.341 2535 2535 I wm_on_paused_called: [245869423,com.android.launcher3.uioverrides.QuickstepLauncher,performPause]
11-05 02:15:05.345 1511 4193 I wm_add_to_stopping: [0,245869423,com.android.launcher3/.uioverrides.QuickstepLauncher,makeInvisible]
11-05 02:15:05.347 1511 4193 I wm_restart_activity: [0,187377552,111,com.android.settings/.Settings]
11-05 02:15:05.349 1511 4193 I wm_set_resumed_activity: [0,com.android.settings/.Settings,minimalResumeActivityLocked]
11-05 02:15:05.357 1511 1602 I sysui_multi_action: [757,803,799,window_time_0,802,43]
11-05 02:15:05.370 1511 1608 I am_pss : [2600,10062,com.thundercomm.gamemode.provider,8179712,6049792,0,96727040,0,19,6]
11-05 02:15:05.379 1511 1687 I input_focus: [Focus leaving a226794 com.android.launcher3/com.android.launcher3.uioverrides.QuickstepLauncher (server),reason=NO_WINDOW]
11-05 02:15:05.383 1511 1608 I am_pss : [15533,10090,com.android.music,7529472,5701632,0,91697152,0,19,5]
11-05 02:15:05.407 1511 4731 I am_uid_active: 10088
11-05 02:15:05.412 15403 15403 I wm_on_create_called: [187377552,com.android.settings.Settings,performCreate]
11-05 02:15:05.448 15403 15403 I wm_on_start_called: [187377552,com.android.settings.Settings,handleStartActivity]
11-05 02:15:05.449 15403 15403 I snet_event_log: [120484087,-1,]
11-05 02:15:05.450 15403 15403 I wm_on_resume_called: [187377552,com.android.settings.Settings,RESUME_ACTIVITY]
11-05 02:15:05.451 15403 15403 I sysui_multi_action: [757,35,758,1,833,0,1089,36]
11-05 02:15:05.464 15403 15403 I sysui_multi_action: [757,1729,758,4,854,isParalleledControllers:false,1089,50]
11-05 02:15:05.472 15403 15403 I wm_on_top_resumed_gained_called: [187377552,com.android.settings.Settings,topStateChangedWhenResumed]
11-05 02:15:05.516 1511 1603 I input_focus: [Focus request db65f69 com.android.settings/com.android.settings.Settings,reason=UpdateInputWindows]
11-05 02:15:05.561 1511 1603 I sysui_multi_action: [324,1,757,1090,758,12,806,com.android.settings,871,com.android.settings.Settings,1091,252]
11-05 02:15:05.566 1511 1599 I sysui_multi_action: [319,118,321,116,322,252,325,3775,757,761,758,8,759,1,806,com.android.settings,871,com.android.settings.Settings,904,com.android.launcher3,905,0,1320,4,1321,1]
11-05 02:15:05.567 1511 1599 I wm_activity_launch_time: [0,187377552,com.android.settings/.Settings,252]
11-05 02:15:05.575 1511 1687 I input_focus: [Focus entering db65f69 com.android.settings/com.android.settings.Settings (server),reason=Window became focusable. Previous reason: NOT_VISIBLE]
11-05 02:15:05.708 15403 15403 W CarrierConfigManager: Error getting config for subId -1 ICarrierConfigLoader is null
11-05 02:15:05.754 15403 15403 I sysui_multi_action: [757,746,758,1,833,0,1089,68]
11-05 02:15:05.755 1511 2766 D TelephonyRegistry: listen oscl: mHasNotifySubscriptionInfoChangedOccurred==false no callback
11-05 02:15:05.761 1511 2766 D TelephonyRegistry: listen oscl: mHasNotifySubscriptionInfoChangedOccurred==false no callback
11-05 02:15:05.774 15403 15403 I sysui_multi_action: [757,1729,758,4,854,isParalleledControllers:false,1089,88]
11-05 02:15:05.968 1511 1602 I wm_stop_activity: [0,245869423,com.android.launcher3/.uioverrides.QuickstepLauncher]
11-05 02:15:06.004 2535 2535 I wm_on_stop_called: [245869423,com.android.launcher3.uioverrides.QuickstepLauncher,STOP_ACTIVITY_ITEM]
11-05 02:15:06.767 0 0 I auditd : type=1400 audit(0.0:4215): avc: denied { kill } for comm="swapper/1" capability=5 scontext=u:r:kernel:s0 tcontext=u:r:kernel:s0 tclass=capability permissive=0
11-05 02:15:07.178 1511 1687 I input_interaction: Interaction with: f0a305f StatusBar (server), edge-swipe (server), swipe-up (server), PointerEventDispatcher0 (server),
11-05 02:15:07.182 1934 1934 I sysui_multi_action: [757,803,799,panel_open,802,1]
11-05 02:15:07.186 1934 1934 I sysui_multi_action: [757,1328,758,4,1326,55,1327,0,1329,0]
11-05 02:15:07.300 1511 2766 I sysui_multi_action: [757,127,758,1]
11-05 02:15:07.300 1511 2766 I sysui_multi_action: [757,804,799,note_load,801,2,802,1]
11-05 02:15:07.300 1511 2766 I notification_panel_revealed: 2
11-05 02:15:07.303 1934 1934 I sysui_multi_action: [757,111,758,2]
11-05 02:15:07.304 1511 1511 I notification_enqueue: [10082,1934,com.android.systemui,2048,NULL,0,Notification(channel=updateNotification shortcut=null contentView=null vibrate=null sound=null defaults=0x0 flags=0x0 color=0x00000000 vis=PRIVATE),1]
11-05 02:15:07.304 1934 1934 I sysui_multi_action: [757,111,758,2]
11-05 02:15:07.320 1511 1603 I input_focus: [Focus request eefcbb2 NotificationShade,reason=UpdateInputWindows]
11-05 02:15:07.325 1934 1934 I sysui_multi_action: [757,111,758,1]
11-05 02:15:07.325 1934 1934 I sysui_multi_action: [757,126,758,1,759,126,927,0,928,0,1593,0]
11-05 02:15:07.325 1934 1934 I sysui_multi_action: [757,113,758,1,759,113,927,1,928,1,1593,0]
11-05 02:15:07.325 1934 1934 I sysui_multi_action: [757,0,758,1,759,0,927,2,928,0,1593,0]
11-05 02:15:07.325 1934 1934 I sysui_multi_action: [757,0,758,1,759,0,927,3,928,0,1593,0]
11-05 02:15:07.325 1934 1934 I sysui_multi_action: [757,491,758,1,759,491,927,4,928,0,1311,-1,1593,0]
11-05 02:15:07.326 1934 1934 I sysui_multi_action: [757,0,758,1,759,0,927,5,928,0,1593,0]
11-05 02:15:07.326 1934 1934 I sysui_multi_action: [757,111,758,1]
11-05 02:15:07.326 1934 1934 I sysui_multi_action: [757,126,758,1,759,126,927,0,928,0,1593,0]
11-05 02:15:07.326 1934 1934 I sysui_multi_action: [757,113,758,1,759,113,927,1,928,1,1593,0]
11-05 02:15:07.326 1934 1934 I sysui_multi_action: [757,0,758,1,759,0,927,2,928,0,1593,0]
11-05 02:15:07.326 1934 1934 I sysui_multi_action: [757,0,758,1,759,0,927,3,928,0,1593,0]
11-05 02:15:07.337 1934 1934 I sysui_multi_action: [757,111,758,2]
11-05 02:15:07.338 1934 1934 I sysui_multi_action: [757,111,758,2]
11-05 02:15:07.338 1511 1511 I notification_enqueue: [10082,1934,com.android.systemui,2048,NULL,0,Notification(channel=updateNotification shortcut=null contentView=null vibrate=null sound=null defaults=0x0 flags=0x0 color=0x00000000 vis=PRIVATE),1]
11-05 02:15:07.341 1934 1934 I sysui_multi_action: [757,111,758,1]
11-05 02:15:07.341 1934 1934 I sysui_multi_action: [757,126,758,1,759,126,927,0,928,0,1593,0]
11-05 02:15:07.341 1934 1934 I sysui_multi_action: [757,113,758,1,759,113,927,1,928,1,1593,0]
11-05 02:15:07.341 1934 1934 I sysui_multi_action: [757,0,758,1,759,0,927,2,928,0,1593,0]
11-05 02:15:07.341 1934 1934 I sysui_multi_action: [757,0,758,1,759,0,927,3,928,0,1593,0]
11-05 02:15:07.342 1934 1934 I sysui_multi_action: [757,491,758,1,759,491,927,4,928,0,1311,-1,1593,0]
11-05 02:15:07.342 1934 1934 I sysui_multi_action: [757,0,758,1,759,0,927,5,928,0,1593,0]
11-05 02:15:07.342 1934 1934 I sysui_multi_action: [757,111,758,1]
11-05 02:15:07.342 1934 1934 I sysui_multi_action: [757,126,758,1,759,126,927,0,928,0,1593,0]
11-05 02:15:07.342 1934 1934 I sysui_multi_action: [757,113,758,1,759,113,927,1,928,1,1593,0]
11-05 02:15:07.342 1934 1934 I sysui_multi_action: [757,0,758,1,759,0,927,2,928,0,1593,0]
11-05 02:15:07.342 1934 1934 I sysui_multi_action: [757,0,758,1,759,0,927,3,928,0,1593,0]
11-05 02:15:07.349 1511 1687 I input_focus: [Focus leaving db65f69 com.android.settings/com.android.settings.Settings (server),reason=setFocusedWindow]
11-05 02:15:07.349 1511 1687 I input_focus: [Focus entering eefcbb2 NotificationShade (server),reason=setFocusedWindow]
11-05 02:15:07.352 1934 1934 I sysui_multi_action: [757,111,758,2]
11-05 02:15:07.352 1934 1934 I sysui_multi_action: [757,111,758,2]
11-05 02:15:07.353 1511 1511 I notification_enqueue: [10082,1934,com.android.systemui,2048,NULL,0,Notification(channel=updateNotification shortcut=null contentView=null vibrate=null sound=null defaults=0x0 flags=0x0 color=0x00000000 vis=PRIVATE),1]
11-05 02:15:07.356 1934 1934 I sysui_multi_action: [757,111,758,1]
11-05 02:15:07.356 1934 1934 I sysui_multi_action: [757,126,758,1,759,126,927,0,928,0,1593,0]
11-05 02:15:07.356 1934 1934 I sysui_multi_action: [757,113,758,1,759,113,927,1,928,1,1593,0]
11-05 02:15:07.356 1934 1934 I sysui_multi_action: [757,0,758,1,759,0,927,2,928,0,1593,0]
11-05 02:15:07.356 1934 1934 I sysui_multi_action: [757,0,758,1,759,0,927,3,928,0,1593,0]
11-05 02:15:07.356 1934 1934 I sysui_multi_action: [757,491,758,1,759,491,927,4,928,0,1311,-1,1593,0]
11-05 02:15:07.356 1934 1934 I sysui_multi_action: [757,0,758,1,759,0,927,5,928,0,1593,0]
11-05 02:15:07.356 1934 1934 I sysui_multi_action: [757,111,758,1]
11-05 02:15:07.356 1934 1934 I sysui_multi_action: [757,126,758,1,759,126,927,0,928,0,1593,0]
11-05 02:15:07.356 1934 1934 I sysui_multi_action: [757,113,758,1,759,113,927,1,928,1,1593,0]
11-05 02:15:07.356 1934 1934 I sysui_multi_action: [757,0,758,1,759,0,927,2,928,0,1593,0]
11-05 02:15:07.357 1934 1934 I sysui_multi_action: [757,0,758,1,759,0,927,3,928,0,1593,0]
11-05 02:15:07.767 0 0 I auditd : type=1400 audit(0.0:4216): avc: denied { kill } for comm="swapper/1" capability=5 scontext=u:r:kernel:s0 tcontext=u:r:kernel:s0 tclass=capability permissive=0
11-05 02:15:07.850 1511 4179 I sysui_multi_action: [757,128,758,1,793,3766739,794,0,795,3766739,796,26,798,0,806,android,857,DEVELOPER_IMPORTANT,858,4,947,0,1395,2,1500,3766042,1688,1]
11-05 02:15:07.850 1511 4179 I sysui_multi_action: [757,804,799,note_freshness,801,3766739,802,1]
11-05 02:15:07.850 1511 4179 I notification_visibility: [-1|android|26|null|1000,1,3766739,3766739,0,0]
11-05 02:15:07.851 1511 4179 I sysui_multi_action: [757,128,758,1,793,3767515,794,0,795,3767515,796,32,798,1,806,android,857,USB,858,1,947,0,1395,2,1500,3767457,1688,1]
11-05 02:15:07.851 1511 4179 I sysui_multi_action: [757,804,799,note_freshness,801,3767515,802,1]
11-05 02:15:07.851 1511 4179 I notification_visibility: [-1|android|32|null|1000,1,3767515,3767515,0,1]
11-05 02:15:08.767 0 0 I auditd : type=1400 audit(0.0:4217): avc: denied { kill } for comm="swapper/1" capability=5 scontext=u:r:kernel:s0 tcontext=u:r:kernel:s0 tclass=capability permissive=0
11-05 02:15:09.302 1511 1687 I input_interaction: Interaction with: eefcbb2 NotificationShade (server), edge-swipe (server), swipe-up (server), PointerEventDispatcher0 (server),
11-05 02:15:09.618 1934 1934 I sysui_multi_action: [757,111,758,2]
11-05 02:15:09.618 1511 1511 I notification_enqueue: [10082,1934,com.android.systemui,2048,NULL,0,Notification(channel=updateNotification shortcut=null contentView=null vibrate=null sound=null defaults=0x0 flags=0x0 color=0x00000000 vis=PRIVATE),1]
11-05 02:15:09.619 1934 1934 I sysui_multi_action: [757,111,758,2]
11-05 02:15:09.628 1934 1934 I sysui_multi_action: [757,111,758,1]
11-05 02:15:09.628 1934 1934 I sysui_multi_action: [757,126,758,1,759,126,927,0,928,0,1593,0]
11-05 02:15:09.629 1934 1934 I sysui_multi_action: [757,113,758,1,759,113,927,1,928,1,1593,1]
11-05 02:15:09.629 1934 1934 I sysui_multi_action: [757,0,758,1,759,0,927,2,928,0,1593,1]
11-05 02:15:09.629 1934 1934 I sysui_multi_action: [757,0,758,1,759,0,927,3,928,0,1593,1]
11-05 02:15:09.630 1934 1934 I sysui_multi_action: [757,491,758,1,759,491,927,4,928,0,1311,-1,1593,0]
11-05 02:15:09.630 1934 1934 I sysui_multi_action: [757,0,758,1,759,0,927,5,928,0,1593,0]
11-05 02:15:09.630 1934 1934 I sysui_multi_action: [757,111,758,1]
11-05 02:15:09.630 1934 1934 I sysui_multi_action: [757,126,758,1,759,126,927,0,928,0,1593,1]
11-05 02:15:09.631 1934 1934 I sysui_multi_action: [757,113,758,1,759,113,927,1,928,1,1593,1]
11-05 02:15:09.631 1934 1934 I sysui_multi_action: [757,0,758,1,759,0,927,2,928,0,1593,1]
11-05 02:15:09.631 1934 1934 I sysui_multi_action: [757,0,758,1,759,0,927,3,928,0,1593,1]
11-05 02:15:09.659 1934 1934 I sysui_multi_action: [757,111,758,2]
11-05 02:15:09.659 1934 1934 I sysui_multi_action: [757,111,758,2]
11-05 02:15:09.661 1511 1511 I notification_enqueue: [10082,1934,com.android.systemui,2048,NULL,0,Notification(channel=updateNotification shortcut=null contentView=null vibrate=null sound=null defaults=0x0 flags=0x0 color=0x00000000 vis=PRIVATE),1]
11-05 02:15:09.668 1934 1934 I sysui_multi_action: [757,111,758,1]
11-05 02:15:09.668 1934 1934 I sysui_multi_action: [757,126,758,1,759,126,927,0,928,0,1593,1]
11-05 02:15:09.669 1934 1934 I sysui_multi_action: [757,113,758,1,759,113,927,1,928,1,1593,1]
11-05 02:15:09.669 1934 1934 I sysui_multi_action: [757,0,758,1,759,0,927,2,928,0,1593,1]
11-05 02:15:09.669 1934 1934 I sysui_multi_action: [757,0,758,1,759,0,927,3,928,0,1593,1]
11-05 02:15:09.669 1934 1934 I sysui_multi_action: [757,491,758,1,759,491,927,4,928,0,1311,-1,1593,0]
11-05 02:15:09.670 1934 1934 I sysui_multi_action: [757,0,758,1,759,0,927,5,928,0,1593,0]
11-05 02:15:09.670 1934 1934 I sysui_multi_action: [757,111,758,1]
11-05 02:15:09.670 1934 1934 I sysui_multi_action: [757,126,758,1,759,126,927,0,928,0,1593,1]
11-05 02:15:09.670 1934 1934 I sysui_multi_action: [757,113,758,1,759,113,927,1,928,1,1593,1]
11-05 02:15:09.670 1934 1934 I sysui_multi_action: [757,0,758,1,759,0,927,2,928,0,1593,1]
11-05 02:15:09.671 1934 1934 I sysui_multi_action: [757,0,758,1,759,0,927,3,928,0,1593,1]
11-05 02:15:09.683 1934 1934 I sysui_multi_action: [757,111,758,2]
11-05 02:15:09.683 1934 1934 I sysui_multi_action: [757,111,758,2]
11-05 02:15:09.683 1511 1511 I notification_enqueue: [10082,1934,com.android.systemui,2048,NULL,0,Notification(channel=updateNotification shortcut=null contentView=null vibrate=null sound=null defaults=0x0 flags=0x0 color=0x00000000 vis=PRIVATE),1]
11-05 02:15:09.686 1934 1934 I sysui_multi_action: [757,111,758,1]
11-05 02:15:09.686 1934 1934 I sysui_multi_action: [757,126,758,1,759,126,927,0,928,0,1593,0]
11-05 02:15:09.687 1934 1934 I sysui_multi_action: [757,113,758,1,759,113,927,1,928,1,1593,0]
11-05 02:15:09.687 1934 1934 I sysui_multi_action: [757,0,758,1,759,0,927,2,928,0,1593,1]
11-05 02:15:09.687 1934 1934 I sysui_multi_action: [757,0,758,1,759,0,927,3,928,0,1593,1]
11-05 02:15:09.687 1934 1934 I sysui_multi_action: [757,491,758,1,759,491,927,4,928,0,1311,-1,1593,0]
11-05 02:15:09.687 1934 1934 I sysui_multi_action: [757,0,758,1,759,0,927,5,928,0,1593,0]
11-05 02:15:09.687 1934 1934 I sysui_multi_action: [757,111,758,1]
11-05 02:15:09.687 1934 1934 I sysui_multi_action: [757,126,758,1,759,126,927,0,928,0,1593,1]
11-05 02:15:09.687 1934 1934 I sysui_multi_action: [757,113,758,1,759,113,927,1,928,1,1593,1]
11-05 02:15:09.687 1934 1934 I sysui_multi_action: [757,0,758,1,759,0,927,2,928,0,1593,1]
11-05 02:15:09.687 1934 1934 I sysui_multi_action: [757,0,758,1,759,0,927,3,928,0,1593,1]
11-05 02:15:09.695 1934 1934 I sysui_multi_action: [757,111,758,2]
11-05 02:15:09.695 1934 1934 I sysui_multi_action: [757,111,758,2]
11-05 02:15:09.695 1511 1511 I notification_enqueue: [10082,1934,com.android.systemui,2048,NULL,0,Notification(channel=updateNotification shortcut=null contentView=null vibrate=null sound=null defaults=0x0 flags=0x0 color=0x00000000 vis=PRIVATE),1]
11-05 02:15:09.698 1934 1934 I sysui_multi_action: [757,111,758,1]
11-05 02:15:09.698 1934 1934 I sysui_multi_action: [757,126,758,1,759,126,927,0,928,0,1593,1]
11-05 02:15:09.698 1934 1934 I sysui_multi_action: [757,113,758,1,759,113,927,1,928,1,1593,1]
11-05 02:15:09.698 1934 1934 I sysui_multi_action: [757,0,758,1,759,0,927,2,928,0,1593,1]
11-05 02:15:09.698 1934 1934 I sysui_multi_action: [757,0,758,1,759,0,927,3,928,0,1593,1]
11-05 02:15:09.698 1934 1934 I sysui_multi_action: [757,491,758,1,759,491,927,4,928,0,1311,-1,1593,1]
11-05 02:15:09.698 1934 1934 I sysui_multi_action: [757,0,758,1,759,0,927,5,928,0,1593,1]
11-05 02:15:09.699 1934 1934 I sysui_multi_action: [757,111,758,1]
11-05 02:15:09.699 1934 1934 I sysui_multi_action: [757,126,758,1,759,126,927,0,928,0,1593,0]
11-05 02:15:09.699 1934 1934 I sysui_multi_action: [757,113,758,1,759,113,927,1,928,1,1593,0]
11-05 02:15:09.699 1934 1934 I sysui_multi_action: [757,0,758,1,759,0,927,2,928,0,1593,0]
11-05 02:15:09.699 1934 1934 I sysui_multi_action: [757,0,758,1,759,0,927,3,928,0,1593,0]
11-05 02:15:09.706 1934 1934 I sysui_multi_action: [757,111,758,2]
11-05 02:15:09.706 1511 1511 I notification_enqueue: [10082,1934,com.android.systemui,2048,NULL,0,Notification(channel=updateNotification shortcut=null contentView=null vibrate=null sound=null defaults=0x0 flags=0x0 color=0x00000000 vis=PRIVATE),1]
11-05 02:15:09.706 1934 1934 I sysui_multi_action: [757,111,758,2]
11-05 02:15:09.708 1934 1934 I sysui_multi_action: [757,111,758,1]
11-05 02:15:09.709 1934 1934 I sysui_multi_action: [757,126,758,1,759,126,927,0,928,0,1593,1]
11-05 02:15:09.709 1934 1934 I sysui_multi_action: [757,113,758,1,759,113,927,1,928,1,1593,1]
11-05 02:15:09.709 1934 1934 I sysui_multi_action: [757,0,758,1,759,0,927,2,928,0,1593,1]
11-05 02:15:09.709 1934 1934 I sysui_multi_action: [757,0,758,1,759,0,927,3,928,0,1593,1]
11-05 02:15:09.709 1934 1934 I sysui_multi_action: [757,491,758,1,759,491,927,4,928,0,1311,-1,1593,1]
11-05 02:15:09.709 1934 1934 I sysui_multi_action: [757,0,758,1,759,0,927,5,928,0,1593,1]
11-05 02:15:09.709 1934 1934 I sysui_multi_action: [757,111,758,1]
11-05 02:15:09.709 1934 1934 I sysui_multi_action: [757,126,758,1,759,126,927,0,928,0,1593,0]
11-05 02:15:09.709 1934 1934 I sysui_multi_action: [757,113,758,1,759,113,927,1,928,1,1593,0]
11-05 02:15:09.709 1934 1934 I sysui_multi_action: [757,0,758,1,759,0,927,2,928,0,1593,0]
11-05 02:15:09.710 1934 1934 I sysui_multi_action: [757,0,758,1,759,0,927,3,928,0,1593,0]
11-05 02:15:09.717 1934 1934 I sysui_multi_action: [757,111,758,2]
11-05 02:15:09.717 1934 1934 I sysui_multi_action: [757,111,758,2]
11-05 02:15:09.717 1511 1511 I notification_enqueue: [10082,1934,com.android.systemui,2048,NULL,0,Notification(channel=updateNotification shortcut=null contentView=null vibrate=null sound=null defaults=0x0 flags=0x0 color=0x00000000 vis=PRIVATE),1]
11-05 02:15:09.720 1934 1934 I sysui_multi_action: [757,111,758,1]
11-05 02:15:09.720 1934 1934 I sysui_multi_action: [757,126,758,1,759,126,927,0,928,0,1593,0]
11-05 02:15:09.720 1934 1934 I sysui_multi_action: [757,113,758,1,759,113,927,1,928,1,1593,0]
11-05 02:15:09.720 1934 1934 I sysui_multi_action: [757,0,758,1,759,0,927,2,928,0,1593,0]
11-05 02:15:09.720 1934 1934 I sysui_multi_action: [757,0,758,1,759,0,927,3,928,0,1593,0]
11-05 02:15:09.720 1934 1934 I sysui_multi_action: [757,491,758,1,759,491,927,4,928,0,1311,-1,1593,0]
11-05 02:15:09.720 1934 1934 I sysui_multi_action: [757,0,758,1,759,0,927,5,928,0,1593,0]
11-05 02:15:09.720 1934 1934 I sysui_multi_action: [757,111,758,1]
11-05 02:15:09.720 1934 1934 I sysui_multi_action: [757,126,758,1,759,126,927,0,928,0,1593,0]
11-05 02:15:09.721 1934 1934 I sysui_multi_action: [757,113,758,1,759,113,927,1,928,1,1593,0]
11-05 02:15:09.721 1934 1934 I sysui_multi_action: [757,0,758,1,759,0,927,2,928,0,1593,0]
11-05 02:15:09.721 1934 1934 I sysui_multi_action: [757,0,758,1,759,0,927,3,928,0,1593,0]
11-05 02:15:09.733 1934 1934 I sysui_multi_action: [757,111,758,2]
11-05 02:15:09.733 1934 1934 I sysui_multi_action: [757,111,758,2]
11-05 02:15:09.733 1511 1511 I notification_enqueue: [10082,1934,com.android.systemui,2048,NULL,0,Notification(channel=updateNotification shortcut=null contentView=null vibrate=null sound=null defaults=0x0 flags=0x0 color=0x00000000 vis=PRIVATE),1]
11-05 02:15:09.736 1934 1934 I sysui_multi_action: [757,111,758,1]
11-05 02:15:09.736 1934 1934 I sysui_multi_action: [757,126,758,1,759,126,927,0,928,0,1593,1]
11-05 02:15:09.736 1934 1934 I sysui_multi_action: [757,113,758,1,759,113,927,1,928,1,1593,1]
11-05 02:15:09.736 1934 1934 I sysui_multi_action: [757,0,758,1,759,0,927,2,928,0,1593,1]
11-05 02:15:09.736 1934 1934 I sysui_multi_action: [757,0,758,1,759,0,927,3,928,0,1593,1]
11-05 02:15:09.736 1934 1934 I sysui_multi_action: [757,491,758,1,759,491,927,4,928,0,1311,-1,1593,0]
11-05 02:15:09.736 1934 1934 I sysui_multi_action: [757,0,758,1,759,0,927,5,928,0,1593,0]
11-05 02:15:09.737 1934 1934 I sysui_multi_action: [757,111,758,1]
11-05 02:15:09.737 1934 1934 I sysui_multi_action: [757,126,758,1,759,126,927,0,928,0,1593,1]
11-05 02:15:09.737 1934 1934 I sysui_multi_action: [757,113,758,1,759,113,927,1,928,1,1593,1]
11-05 02:15:09.737 1934 1934 I sysui_multi_action: [757,0,758,1,759,0,927,2,928,0,1593,1]
11-05 02:15:09.737 1934 1934 I sysui_multi_action: [757,0,758,1,759,0,927,3,928,0,1593,1]
11-05 02:15:09.750 1934 1934 I sysui_multi_action: [757,111,758,2]
11-05 02:15:09.750 1934 1934 I sysui_multi_action: [757,111,758,2]
11-05 02:15:09.750 1511 1511 I notification_enqueue: [10082,1934,com.android.systemui,2048,NULL,0,Notification(channel=updateNotification shortcut=null contentView=null vibrate=null sound=null defaults=0x0 flags=0x0 color=0x00000000 vis=PRIVATE),1]
11-05 02:15:09.753 1934 1934 I sysui_multi_action: [757,111,758,1]
11-05 02:15:09.754 1934 1934 I sysui_multi_action: [757,126,758,1,759,126,927,0,928,0,1593,1]
11-05 02:15:09.754 1934 1934 I sysui_multi_action: [757,113,758,1,759,113,927,1,928,1,1593,1]
11-05 02:15:09.754 1934 1934 I sysui_multi_action: [757,0,758,1,759,0,927,2,928,0,1593,1]
11-05 02:15:09.754 1934 1934 I sysui_multi_action: [757,0,758,1,759,0,927,3,928,0,1593,1]
11-05 02:15:09.754 1934 1934 I sysui_multi_action: [757,491,758,1,759,491,927,4,928,0,1311,-1,1593,0]
11-05 02:15:09.754 1934 1934 I sysui_multi_action: [757,0,758,1,759,0,927,5,928,0,1593,0]
11-05 02:15:09.754 1934 1934 I sysui_multi_action: [757,111,758,1]
11-05 02:15:09.754 1934 1934 I sysui_multi_action: [757,126,758,1,759,126,927,0,928,0,1593,1]
11-05 02:15:09.754 1934 1934 I sysui_multi_action: [757,113,758,1,759,113,927,1,928,1,1593,1]
11-05 02:15:09.755 1934 1934 I sysui_multi_action: [757,0,758,1,759,0,927,2,928,0,1593,1]
11-05 02:15:09.755 1934 1934 I sysui_multi_action: [757,0,758,1,759,0,927,3,928,0,1593,1]
11-05 02:15:09.767 1934 1934 I sysui_multi_action: [757,111,758,2]
11-05 02:15:09.767 1511 1511 I notification_enqueue: [10082,1934,com.android.systemui,2048,NULL,0,Notification(channel=updateNotification shortcut=null contentView=null vibrate=null sound=null defaults=0x0 flags=0x0 color=0x00000000 vis=PRIVATE),1]
11-05 02:15:09.767 1934 1934 I sysui_multi_action: [757,111,758,2]
11-05 02:15:09.776 1511 1603 I input_focus: [Focus request db65f69 com.android.settings/com.android.settings.Settings,reason=UpdateInputWindows]
11-05 02:15:09.777 1934 1934 I sysui_multi_action: [757,111,758,1]
11-05 02:15:09.777 1934 1934 I sysui_multi_action: [757,126,758,1,759,126,927,0,928,0,1593,1]
11-05 02:15:09.777 1934 1934 I sysui_multi_action: [757,113,758,1,759,113,927,1,928,1,1593,1]
11-05 02:15:09.778 1934 1934 I sysui_multi_action: [757,0,758,1,759,0,927,2,928,0,1593,1]
11-05 02:15:09.778 1934 1934 I sysui_multi_action: [757,0,758,1,759,0,927,3,928,0,1593,1]
11-05 02:15:09.778 1934 1934 I sysui_multi_action: [757,491,758,1,759,491,927,4,928,0,1311,-1,1593,0]
11-05 02:15:09.778 1934 1934 I sysui_multi_action: [757,0,758,1,759,0,927,5,928,0,1593,0]
11-05 02:15:09.778 1934 1934 I sysui_multi_action: [757,111,758,1]
11-05 02:15:09.778 1934 1934 I sysui_multi_action: [757,126,758,1,759,126,927,0,928,0,1593,1]
11-05 02:15:09.778 1934 1934 I sysui_multi_action: [757,113,758,1,759,113,927,1,928,1,1593,1]
11-05 02:15:09.778 1934 1934 I sysui_multi_action: [757,0,758,1,759,0,927,2,928,0,1593,1]
11-05 02:15:09.778 1934 1934 I sysui_multi_action: [757,0,758,1,759,0,927,3,928,0,1593,1]
11-05 02:15:09.784 1511 1511 I notification_enqueue: [10082,1934,com.android.systemui,2048,NULL,0,Notification(channel=updateNotification shortcut=null contentView=null vibrate=null sound=null defaults=0x0 flags=0x0 color=0x00000000 vis=PRIVATE),1]
11-05 02:15:09.784 1934 1934 I sysui_multi_action: [757,111,758,2]
11-05 02:15:09.784 1934 1934 I sysui_multi_action: [757,111,758,2]
11-05 02:15:09.787 1511 4179 I sysui_multi_action: [757,128,758,2,793,3768675,794,1936,795,3768675,796,26,798,0,806,android,857,DEVELOPER_IMPORTANT,858,4,947,0,1395,2,1500,3767978,1688,1]
11-05 02:15:09.787 1511 4179 I notification_visibility: [-1|android|26|null|1000,0,3768675,3768675,0,0]
11-05 02:15:09.787 1511 4179 I sysui_multi_action: [757,128,758,2,793,3769451,794,1936,795,3769451,796,32,798,1,806,android,857,USB,858,1,947,0,1395,2,1500,3769393,1688,1]
11-05 02:15:09.787 1511 4179 I notification_visibility: [-1|android|32|null|1000,0,3769451,3769451,0,1]
11-05 02:15:09.790 1511 4179 I sysui_multi_action: [757,127,758,2]
11-05 02:15:09.791 1511 4179 I notification_panel_hidden:
11-05 02:15:09.800 1934 1934 I sysui_multi_action: [757,111,758,1]
11-05 02:15:09.800 1934 1934 I sysui_multi_action: [757,126,758,1,759,126,927,0,928,0,1593,1]
11-05 02:15:09.800 1934 1934 I sysui_multi_action: [757,113,758,1,759,113,927,1,928,1,1593,1]
11-05 02:15:09.800 1934 1934 I sysui_multi_action: [757,0,758,1,759,0,927,2,928,0,1593,1]
11-05 02:15:09.800 1934 1934 I sysui_multi_action: [757,0,758,1,759,0,927,3,928,0,1593,1]
11-05 02:15:09.801 1934 1934 I sysui_multi_action: [757,491,758,1,759,491,927,4,928,0,1311,-1,1593,0]
11-05 02:15:09.801 1934 1934 I sysui_multi_action: [757,0,758,1,759,0,927,5,928,0,1593,0]
11-05 02:15:09.801 1934 1934 I sysui_multi_action: [757,111,758,1]
11-05 02:15:09.801 1934 1934 I sysui_multi_action: [757,126,758,1,759,126,927,0,928,0,1593,1]
11-05 02:15:09.801 1934 1934 I sysui_multi_action: [757,113,758,1,759,113,927,1,928,1,1593,1]
11-05 02:15:09.801 1934 1934 I sysui_multi_action: [757,0,758,1,759,0,927,2,928,0,1593,1]
11-05 02:15:09.801 1934 1934 I sysui_multi_action: [757,0,758,1,759,0,927,3,928,0,1593,1]
11-05 02:15:09.805 1511 1687 I input_focus: [Focus leaving eefcbb2 NotificationShade (server),reason=NO_WINDOW]
11-05 02:15:09.805 1511 1687 I input_focus: [Focus entering db65f69 com.android.settings/com.android.settings.Settings (server),reason=setFocusedWindow]
11-05 02:15:10.767 0 0 I auditd : type=1400 audit(0.0:4218): avc: denied { kill } for comm="swapper/1" capability=5 scontext=u:r:kernel:s0 tcontext=u:r:kernel:s0 tclass=capability permissive=0
11-05 02:15:11.606 1511 1687 I input_interaction: Interaction with: db65f69 com.android.settings/com.android.settings.Settings (server), edge-swipe (server), swipe-up (server), PointerEventDispatcher0 (server),
11-05 02:15:11.733 15403 15403 I sysui_multi_action: [757,830,758,4,833,0,854,main_toggle_wifi,1089,0]
11-05 02:15:11.752 15403 15403 I sysui_multi_action: [757,746,758,2,1089,5997]
11-05 02:15:11.787 1511 4217 I netstats_mobile_sample: [0,0,0,0,0,0,0,0,0,0,0,0,1667585711787]
11-05 02:15:11.787 1511 4217 I netstats_wifi_sample: [10241848,27213,11531114,31727,10241848,27213,11531114,31727,17425975,81704,5820337,16651,1667585711787]
11-05 02:15:11.802 1511 4217 I netstats_mobile_sample: [0,0,0,0,0,0,0,0,0,0,0,0,1667585711802]
11-05 02:15:11.803 1511 4217 I netstats_wifi_sample: [10241848,27213,11531114,31727,10241848,27213,11531114,31727,17425975,81704,5820337,16651,1667585711802]
11-05 02:15:11.842 15403 15403 I sysui_multi_action: [757,103,758,1,833,0,1089,75]
11-05 02:15:12.767 352 352 I auditd : type=1400 audit(0.0:4219): avc: denied { kill } for comm="irq/382-atmel_m" capability=5 scontext=u:r:kernel:s0 tcontext=u:r:kernel:s0 tclass=capability permissive=0
11-05 02:15:13.767 0 0 I auditd : type=1400 audit(0.0:4220): avc: denied { kill } for comm="swapper/0" capability=5 scontext=u:r:kernel:s0 tcontext=u:r:kernel:s0 tclass=capability permissive=0
11-05 02:15:13.822 1511 1687 I input_interaction: Interaction with: f0a305f StatusBar (server), edge-swipe (server), swipe-up (server), PointerEventDispatcher0 (server),
11-05 02:15:13.830 1934 1934 I sysui_multi_action: [757,803,799,panel_open,802,1]
11-05 02:15:13.831 1934 1934 I sysui_multi_action: [757,1328,758,4,1326,54,1327,0,1329,0]
11-05 02:15:13.975 1511 2069 I sysui_multi_action: [757,127,758,1]
11-05 02:15:13.975 1511 2069 I sysui_multi_action: [757,804,799,note_load,801,2,802,1]
11-05 02:15:13.975 1511 2069 I notification_panel_revealed: 2
11-05 02:15:13.979 1511 1511 I notification_enqueue: [10082,1934,com.android.systemui,2048,NULL,0,Notification(channel=updateNotification shortcut=null contentView=null vibrate=null sound=null defaults=0x0 flags=0x0 color=0x00000000 vis=PRIVATE),1]
11-05 02:15:13.979 1934 1934 I sysui_multi_action: [757,111,758,2]
11-05 02:15:13.980 1934 1934 I sysui_multi_action: [757,111,758,2]
11-05 02:15:13.999 1511 1603 I input_focus: [Focus request eefcbb2 NotificationShade,reason=UpdateInputWindows]
11-05 02:15:14.006 1934 1934 I sysui_multi_action: [757,111,758,1]
11-05 02:15:14.006 1934 1934 I sysui_multi_action: [757,126,758,1,759,126,927,0,928,0,1593,0]
11-05 02:15:14.006 1934 1934 I sysui_multi_action: [757,113,758,1,759,113,927,1,928,1,1593,0]
11-05 02:15:14.006 1934 1934 I sysui_multi_action: [757,0,758,1,759,0,927,2,928,0,1593,0]
11-05 02:15:14.006 1934 1934 I sysui_multi_action: [757,0,758,1,759,0,927,3,928,0,1593,0]
11-05 02:15:14.007 1934 1934 I sysui_multi_action: [757,491,758,1,759,491,927,4,928,0,1311,-1,1593,0]
11-05 02:15:14.007 1934 1934 I sysui_multi_action: [757,0,758,1,759,0,927,5,928,0,1593,0]
11-05 02:15:14.007 1934 1934 I sysui_multi_action: [757,111,758,1]
11-05 02:15:14.007 1934 1934 I sysui_multi_action: [757,126,758,1,759,126,927,0,928,0,1593,0]
11-05 02:15:14.007 1934 1934 I sysui_multi_action: [757,113,758,1,759,113,927,1,928,1,1593,0]
11-05 02:15:14.007 1934 1934 I sysui_multi_action: [757,0,758,1,759,0,927,2,928,0,1593,0]
11-05 02:15:14.007 1934 1934 I sysui_multi_action: [757,0,758,1,759,0,927,3,928,0,1593,0]
11-05 02:15:14.017 1934 1934 I sysui_multi_action: [757,111,758,2]
11-05 02:15:14.018 1934 1934 I sysui_multi_action: [757,111,758,2]
11-05 02:15:14.018 1511 1511 I notification_enqueue: [10082,1934,com.android.systemui,2048,NULL,0,Notification(channel=updateNotification shortcut=null contentView=null vibrate=null sound=null defaults=0x0 flags=0x0 color=0x00000000 vis=PRIVATE),1]
11-05 02:15:14.024 1934 1934 I sysui_multi_action: [757,111,758,1]
11-05 02:15:14.024 1934 1934 I sysui_multi_action: [757,126,758,1,759,126,927,0,928,0,1593,0]
11-05 02:15:14.024 1934 1934 I sysui_multi_action: [757,113,758,1,759,113,927,1,928,1,1593,0]
11-05 02:15:14.024 1934 1934 I sysui_multi_action: [757,0,758,1,759,0,927,2,928,0,1593,0]
11-05 02:15:14.025 1934 1934 I sysui_multi_action: [757,0,758,1,759,0,927,3,928,0,1593,0]
11-05 02:15:14.025 1934 1934 I sysui_multi_action: [757,491,758,1,759,491,927,4,928,0,1311,-1,1593,0]
11-05 02:15:14.025 1934 1934 I sysui_multi_action: [757,0,758,1,759,0,927,5,928,0,1593,0]
11-05 02:15:14.025 1934 1934 I sysui_multi_action: [757,111,758,1]
11-05 02:15:14.025 1934 1934 I sysui_multi_action: [757,126,758,1,759,126,927,0,928,0,1593,0]
11-05 02:15:14.025 1934 1934 I sysui_multi_action: [757,113,758,1,759,113,927,1,928,1,1593,0]
11-05 02:15:14.025 1934 1934 I sysui_multi_action: [757,0,758,1,759,0,927,2,928,0,1593,0]
11-05 02:15:14.025 1934 1934 I sysui_multi_action: [757,0,758,1,759,0,927,3,928,0,1593,0]
11-05 02:15:14.028 1511 1687 I input_focus: [Focus leaving db65f69 com.android.settings/com.android.settings.Settings (server),reason=Waiting for window because NOT_VISIBLE]
11-05 02:15:14.034 1511 1687 I input_focus: [Focus entering eefcbb2 NotificationShade (server),reason=Window became focusable. Previous reason: NOT_VISIBLE]
11-05 02:15:14.039 1934 1934 I sysui_multi_action: [757,111,758,2]
11-05 02:15:14.039 1511 1511 I notification_enqueue: [10082,1934,com.android.systemui,2048,NULL,0,Notification(channel=updateNotification shortcut=null contentView=null vibrate=null sound=null defaults=0x0 flags=0x0 color=0x00000000 vis=PRIVATE),1]
11-05 02:15:14.039 1934 1934 I sysui_multi_action: [757,111,758,2]
11-05 02:15:14.043 1934 1934 I sysui_multi_action: [757,111,758,1]
11-05 02:15:14.043 1934 1934 I sysui_multi_action: [757,126,758,1,759,126,927,0,928,0,1593,0]
11-05 02:15:14.043 1934 1934 I sysui_multi_action: [757,113,758,1,759,113,927,1,928,1,1593,0]
11-05 02:15:14.043 1934 1934 I sysui_multi_action: [757,0,758,1,759,0,927,2,928,0,1593,0]
11-05 02:15:14.043 1934 1934 I sysui_multi_action: [757,0,758,1,759,0,927,3,928,0,1593,0]
11-05 02:15:14.044 1934 1934 I sysui_multi_action: [757,491,758,1,759,491,927,4,928,0,1311,-1,1593,0]
11-05 02:15:14.044 1934 1934 I sysui_multi_action: [757,0,758,1,759,0,927,5,928,0,1593,0]
11-05 02:15:14.044 1934 1934 I sysui_multi_action: [757,111,758,1]
11-05 02:15:14.044 1934 1934 I sysui_multi_action: [757,126,758,1,759,126,927,0,928,0,1593,0]
11-05 02:15:14.044 1934 1934 I sysui_multi_action: [757,113,758,1,759,113,927,1,928,1,1593,0]
11-05 02:15:14.044 1934 1934 I sysui_multi_action: [757,0,758,1,759,0,927,2,928,0,1593,0]
11-05 02:15:14.044 1934 1934 I sysui_multi_action: [757,0,758,1,759,0,927,3,928,0,1593,0]
11-05 02:15:14.533 1511 4731 I sysui_multi_action: [757,128,758,1,793,3773422,794,0,795,3773422,796,26,798,0,806,android,857,DEVELOPER_IMPORTANT,858,4,947,0,1395,2,1500,3772725,1688,1]
11-05 02:15:14.533 1511 4731 I sysui_multi_action: [757,804,799,note_freshness,801,3773422,802,1]
11-05 02:15:14.533 1511 4731 I notification_visibility: [-1|android|26|null|1000,1,3773422,3773422,0,0]
11-05 02:15:14.534 1511 4731 I sysui_multi_action: [757,128,758,1,793,3774198,794,0,795,3774198,796,32,798,1,806,android,857,USB,858,1,947,0,1395,2,1500,3774140,1688,1]
11-05 02:15:14.534 1511 4731 I sysui_multi_action: [757,804,799,note_freshness,801,3774198,802,1]
11-05 02:15:14.534 1511 4731 I notification_visibility: [-1|android|32|null|1000,1,3774198,3774198,0,1]
11-05 02:15:14.767 0 0 I auditd : type=1400 audit(0.0:4221): avc: denied { kill } for comm="swapper/0" capability=5 scontext=u:r:kernel:s0 tcontext=u:r:kernel:s0 tclass=capability permissive=0
11-05 02:15:15.030 1511 1687 I input_interaction: Interaction with: eefcbb2 NotificationShade (server), edge-swipe (server), swipe-up (server), PointerEventDispatcher0 (server),
