11-05 02:39:18.135 1511 1722 D UntrustedWifiNetworkFactory: got request NetworkRequest [ REQUEST id=810, [ Capabilities: INTERNET&NOT_RESTRICTED&TRUSTED&NOT_VCN_MANAGED Uid: 1000 RequestorUid: 1000 RequestorPkg: com.android.settings] ]
11-05 02:39:18.135 1511 1722 D OemPaidWifiNetworkFactory: got request NetworkRequest [ REQUEST id=810, [ Capabilities: INTERNET&NOT_RESTRICTED&TRUSTED&NOT_VCN_MANAGED Uid: 1000 RequestorUid: 1000 RequestorPkg: com.android.settings] ]
11-05 02:39:18.136 1511 1854 D Ethernet: got request NetworkRequest [ REQUEST id=810, [ Capabilities: INTERNET&NOT_RESTRICTED&TRUSTED&NOT_VCN_MANAGED Uid: 1000 RequestorUid: 1000 RequestorPkg: com.android.settings] ]
11-05 02:39:18.136 1511 1854 D EthernetNetworkFactory: acceptRequest, request: NetworkRequest [ REQUEST id=810, [ Capabilities: INTERNET&NOT_RESTRICTED&TRUSTED&NOT_VCN_MANAGED Uid: 1000 RequestorUid: 1000 RequestorPkg: com.android.settings] ]
11-05 02:39:18.136 1511 1854 I EthernetNetworkFactory: networkForRequest, request: NetworkRequest [ REQUEST id=810, [ Capabilities: INTERNET&NOT_RESTRICTED&TRUSTED&NOT_VCN_MANAGED Uid: 1000 RequestorUid: 1000 RequestorPkg: com.android.settings] ], network: null
11-05 02:39:18.136 18508 18508 I wm_on_top_resumed_gained_called: [253344415,com.android.settings.wifi.WifiDialogActivity,topStateChangedWhenResumed]
11-05 02:39:18.145 1511 1603 I input_focus: [Focus request 289b86d H3C_350304,reason=UpdateInputWindows]
11-05 02:39:18.146 18508 18664 I AdrenoGLES-0: QUALCOMM build : 47421dbee6, I139f36ad46
11-05 02:39:18.146 18508 18664 I AdrenoGLES-0: Build Date : 02/18/22
11-05 02:39:18.146 18508 18664 I AdrenoGLES-0: OpenGL ES Shader Compiler Version: EV031.32.02.17
11-05 02:39:18.146 18508 18664 I AdrenoGLES-0: Local Branch :
11-05 02:39:18.146 18508 18664 I AdrenoGLES-0: Remote Branch :
11-05 02:39:18.146 18508 18664 I AdrenoGLES-0: Remote Branch :
11-05 02:39:18.146 18508 18664 I AdrenoGLES-0: Reconstruct Branch :
11-05 02:39:18.146 18508 18664 I AdrenoGLES-0: Build Config : S P 10.0.7 AArch64
11-05 02:39:18.146 18508 18664 I AdrenoGLES-0: Driver Path : /vendor/lib64/egl/libGLESv2_adreno.so
11-05 02:39:18.147 502 502 I hwservicemanager: getTransport: Cannot find entry android.hardware.graphics.mapper@4.0::IMapper/default in either framework or device VINTF manifest.
11-05 02:39:18.154 18508 18664 I AdrenoGLES-0: PFP: 0x016dd093, ME: 0x00000000
11-05 02:39:18.163 1511 1687 I input_focus: [Focus leaving c63bad5 InternetDialog (server),reason=Waiting for window because NOT_VISIBLE]
11-05 02:39:18.168 853 1037 I SDM : HWCDisplay::GetColorModeCount: Supported color mode count = 1
11-05 02:39:18.168 1511 4551 I WifiService: startScan uid=1000
11-05 02:39:18.168 853 1037 I SDM : HWCDisplay::GetColorModes: Color mode = 0 is supported
11-05 02:39:18.169 985 3098 E HWComposer: getSupportedContentTypes: getSupportedContentTypes failed for display 4630946816427681409: Unsupported (8)
11-05 02:39:18.169 18508 18664 D hw-ProcessState: Binder ioctl to enable oneway spam detection failed: Invalid argument
11-05 02:39:18.170 502 502 I hwservicemanager: getTransport: Cannot find entry android.hardware.graphics.mapper@4.0::IMapper/default in either framework or device VINTF manifest.
11-05 02:39:18.170 18508 18675 I Gralloc4: mapper 4.x is not supported
11-05 02:39:18.171 502 502 I hwservicemanager: getTransport: Cannot find entry android.hardware.graphics.allocator@4.0::IAllocator/default in either framework or device VINTF manifest.
11-05 02:39:18.171 18508 18675 W Gralloc4: allocator 4.x is not supported
11-05 02:39:18.176 1391 18490 D LOWI-9.0.0.87.a: [LOWI-Scan] wait_event:Wait done with Cmd 33
11-05 02:39:18.176 1391 18490 D LOWI-9.0.0.87.a: [LOWI-Scan] do_listen_events: Rcvd valid Netlink Cmd 0 Err 0
11-05 02:39:18.188 1511 1602 I EventSequenceValidator: Transition from ACTIVITY_LAUNCHED to ACTIVITY_FINISHED
11-05 02:39:18.191 1511 1599 I sysui_multi_action: [319,235,322,234,325,5228,757,761,758,8,759,2,806,com.android.settings,871,com.android.settings.wifi.WifiDialogActivity,904,com.android.systemui,905,0,1320,4,1321,1]
11-05 02:39:18.195 1511 1608 I am_pss : [18588,10063,com.android.calendar,6906880,4902912,0,92557312,0,19,6]
11-05 02:39:18.198 1511 1687 I input_focus: [Focus entering 289b86d H3C_350304 (server),reason=Window became focusable. Previous reason: NOT_VISIBLE]
11-05 02:39:18.207 1511 1608 I am_pss : [18574,10069,com.android.gallery3d,8360960,6279168,0,94588928,0,19,6]
11-05 02:39:18.212 1511 1599 I wm_activity_launch_time: [0,253344415,com.android.settings/.wifi.WifiDialogActivity,234]
11-05 02:39:18.216 1511 1599 I ActivityTaskManager: Displayed com.android.settings/.wifi.WifiDialogActivity: +234ms
11-05 02:39:18.221 1511 1608 I am_pss : [18573,10032,com.microsoft.emmx,35610624,31846400,0,134107136,0,19,6]
11-05 02:39:18.264 18508 18508 D InsetsController: show(ime(), fromIme=true)
11-05 02:39:18.423 641 656 I mpu_uart: [MSG-P:RECV]:No message received in 1000 ms
11-05 02:39:18.767 18175 18175 I auditd : type=1400 audit(0.0:5778): avc: denied { kill } for comm="scheduler_threa" capability=5 scontext=u:r:kernel:s0 tcontext=u:r:kernel:s0 tclass=capability permissive=0
11-05 02:39:18.767 18175 18175 W scheduler_threa: type=1400 audit(0.0:5778): avc: denied { kill } for capability=5 scontext=u:r:kernel:s0 tcontext=u:r:kernel:s0 tclass=capability permissive=0
11-05 02:39:19.004 1213 4606 I OMX-VENC: venc_dev: stats: avg. fps 52.87, bitrate 1251600
11-05 02:39:19.393 1391 18490 D LOWI-9.0.0.87.a: [LOWI-Scan] wait_event:Wait done with Cmd 34
11-05 02:39:19.393 1391 18490 D LOWI-9.0.0.87.a: [LOWI-Scan] do_listen_events: Rcvd valid Netlink Cmd 34 Err 0
11-05 02:39:19.394 1391 18490 D LOWI-9.0.0.87.a: [LOWI-Scan]
11-05 02:39:19.394 1391 18490 D LOWI-9.0.0.87.a: [LOWI-Scan] print_bss_handler: Report Probe TSF 5228807609 as it greater than Beacon TSF 5228783314
11-05 02:39:19.394 1391 18490 D LOWI-9.0.0.87.a: [LOWI-Scan] decode_rsn_wpa_ie: LOWI_ENCRYPTION_TYPE_WPA_PSK
11-05 02:39:19.394 1391 18490 D LOWI-9.0.0.87.a: [LOWI-Scan] is_qcom_ie, bss_age: 0
11-05 02:39:19.394 1391 18490 D LOWI-9.0.0.87.a: [LOWI-Scan] BSS b0:39:56:1c:29:7a LOWI_PHY_MODE_11AC_VHT80(10), Beacon Interval: 100, LOWI_ENCRYPTION_TYPE_WPA_PSK 11mcRanging: No, ANQP: No, LCI: No, Civic: No, capability(0x0131): ESS Privacy ShortPreamble SpectrumMgmt
11-05 02:39:19.394 1391 18490 D LOWI-9.0.0.87.a: [LOWI-Scan] BSS b0:39:56:1c:29:7a FREQ: 5180, cFreq1[40:80:160] = [5190:5210:0] cFreq2 = 0 Country Code = CN
11-05 02:39:19.394 1391 18490 D LOWI-9.0.0.87.a: [LOWI-Scan] BSS b0:39:56:1c:29:7a (wlan0) ASSO: NO AddInfo: 0x0, TSF 0, 01:27:08.807, RSSI: -124, CPL: 127, AGE: 1128, SSID lc-test-5G, TSFDelta: 0x56f4e043, TXRate: 0
11-05 02:39:19.394 1391 18490 D LOWI-9.0.0.87.a: [LOWI-Scan]
11-05 02:39:19.394 1391 18490 D LOWI-9.0.0.87.a: [LOWI-Scan] print_bss_handler: Report Probe TSF 5228808309 as it greater than Beacon TSF 4872608813
11-05 02:39:19.394 1391 18490 D LOWI-9.0.0.87.a: [LOWI-Scan] is_qcom_ie, bss_age: 0
11-05 02:39:19.394 1391 18490 D LOWI-9.0.0.87.a: [LOWI-Scan] BSS 38:a9:1c:35:03:0b LOWI_PHY_MODE_11AC_VHT80(10), Beacon Interval: 100, LOWI_ENCRYPTION_TYPE_OPEN 11mcRanging: No, ANQP: No, LCI: No, Civic: No, capability(0x0501): ESS SpectrumMgmt ShortSlotTime
11-05 02:39:19.394 1391 18490 D LOWI-9.0.0.87.a: [LOWI-Scan] BSS 38:a9:1c:35:03:0b FREQ: 5180, cFreq1[40:80:160] = [5190:5210:0] cFreq2 = 0 Country Code = US
11-05 02:39:19.394 1391 18490 D LOWI-9.0.0.87.a: [LOWI-Scan] BSS 38:a9:1c:35:03:0b (wlan0) ASSO: NO AddInfo: 0x0, TSF 0, 01:27:08.808, RSSI: -52, CPL: 127, AGE: 1124, SSID , TSFDelta: 0x5900955c, TXRate: 0
11-05 02:39:19.394 1391 18490 D LOWI-9.0.0.87.a: [LOWI-Scan]
11-05 02:39:19.394 1391 18490 D LOWI-9.0.0.87.a: [LOWI-Scan] print_bss_handler: Report Probe TSF 5228808507 as it greater than Beacon TSF 5223495908
11-05 02:39:19.394 1391 18490 D LOWI-9.0.0.87.a: [LOWI-Scan] is_qcom_ie, bss_age: 0
11-05 02:39:19.394 1391 18490 D LOWI-9.0.0.87.a: [LOWI-Scan] BSS 38:a9:1c:35:03:09 LOWI_PHY_MODE_11AC_VHT80(10), Beacon Interval: 100, LOWI_ENCRYPTION_TYPE_OPEN 11mcRanging: No, ANQP: No, LCI: No, Civic: No, capability(0x0511): ESS Privacy SpectrumMgmt ShortSlotTime
11-05 02:39:19.394 1391 18490 D LOWI-9.0.0.87.a: [LOWI-Scan] BSS 38:a9:1c:35:03:09 FREQ: 5180, cFreq1[40:80:160] = [5190:5210:0] cFreq2 = 0 Country Code = US
11-05 02:39:19.394 1391 18490 D LOWI-9.0.0.87.a: [LOWI-Scan] BSS 38:a9:1c:35:03:09 (wlan0) ASSO: NO AddInfo: 0x0, TSF 0, 01:27:08.808, RSSI: -54, CPL: 127, AGE: 1124, SSID H3C_350304_5G, TSFDelta: 0x5903fd44, TXRate: 0
11-05 02:39:19.393 1511 2058 D WifiNl80211Manager: Scan result ready event
11-05 02:39:19.394 1391 18490 D LOWI-9.0.0.87.a: [LOWI-Scan]
11-05 02:39:19.394 1391 18490 D LOWI-9.0.0.87.a: [LOWI-Scan] print_bss_handler: Report Probe TSF 5228846483 as it greater than Beacon TSF 5228789226
11-05 02:39:19.394 1391 18490 D LOWI-9.0.0.87.a: [LOWI-Scan] is_qcom_ie, bss_age: 0
11-05 02:39:19.394 1511 2058 D WifiNative: Scan result ready event
11-05 02:39:19.394 1391 18490 D LOWI-9.0.0.87.a: [LOWI-Scan] BSS 38:a9:1c:35:03:04 LOWI_PHY_MODE_11NG_HT20(5), Beacon Interval: 100, LOWI_ENCRYPTION_TYPE_OPEN 11mcRanging: No, ANQP: No, LCI: No, Civic: No, capability(0x0401): ESS ShortSlotTime
11-05 02:39:19.394 1391 18490 D LOWI-9.0.0.87.a: [LOWI-Scan] BSS 38:a9:1c:35:03:04 FREQ: 2412, cFreq1[40:80:160] = [0:0:0] cFreq2 = 0 Country Code =
11-05 02:39:19.394 1391 18490 D LOWI-9.0.0.87.a: [LOWI-Scan] BSS 38:a9:1c:35:03:04 (wlan0) ASSO: NO AddInfo: 0x0, TSF 0, 01:27:08.846, RSSI: -72, CPL: 127, AGE: 1088, SSID , TSFDelta: 0x59976e4d, TXRate: 0
11-05 02:39:19.394 1391 18490 D LOWI-9.0.0.87.a: [LOWI-Scan]
11-05 02:39:19.394 1391 18490 D LOWI-9.0.0.87.a: [LOWI-Scan] print_bss_handler: Report Probe TSF 5228850011 as it greater than Beacon TSF 5228842994
11-05 02:39:19.395 1391 18490 D LOWI-9.0.0.87.a: [LOWI-Scan] is_qcom_ie, bss_age: 0
11-05 02:39:19.395 1391 18490 D LOWI-9.0.0.87.a: [LOWI-Scan] BSS 38:a9:1c:35:03:06 LOWI_PHY_MODE_11NG_HT20(5), Beacon Interval: 100, LOWI_ENCRYPTION_TYPE_OPEN 11mcRanging: No, ANQP: No, LCI: No, Civic: No, capability(0x0411): ESS Privacy ShortSlotTime
11-05 02:39:19.395 1391 18490 D LOWI-9.0.0.87.a: [LOWI-Scan] BSS 38:a9:1c:35:03:06 FREQ: 2412, cFreq1[40:80:160] = [0:0:0] cFreq2 = 0 Country Code =
11-05 02:39:19.395 1391 18490 D LOWI-9.0.0.87.a: [LOWI-Scan] BSS 38:a9:1c:35:03:06 (wlan0) ASSO: NO AddInfo: 0x0, TSF 0, 01:27:08.850, RSSI: -70, CPL: 127, AGE: 1084, SSID H3C_350304, TSFDelta: 0x59afe252, TXRate: 0
11-05 02:39:19.395 1391 18490 D LOWI-9.0.0.87.a: [LOWI-Scan]
11-05 02:39:19.395 1391 18490 D LOWI-9.0.0.87.a: [LOWI-Scan] print_bss_handler: Report Probe TSF 5228903269 as it greater than Beacon TSF 5223605450
11-05 02:39:19.395 1391 18490 D LOWI-9.0.0.87.a: [LOWI-Scan] decode_rsn_wpa_ie: LOWI_ENCRYPTION_TYPE_WPA_PSK
11-05 02:39:19.395 1391 18490 D LOWI-9.0.0.87.a: [LOWI-Scan] is_qcom_ie, bss_age: 0
11-05 02:39:19.395 1391 18490 D LOWI-9.0.0.87.a: [LOWI-Scan] BSS 5c:02:14:f9:4f:d3 LOWI_PHY_MODE_11AC_VHT80(10), Beacon Interval: 100, LOWI_ENCRYPTION_TYPE_WPA_PSK 11mcRanging: No, ANQP: Yes, LCI: No, Civic: No, capability(0x1931): ESS Privacy ShortPreamble SpectrumMgmt APSD
11-05 02:39:19.395 1391 18490 D LOWI-9.0.0.87.a: [LOWI-Scan] BSS 5c:02:14:f9:4f:d3 FREQ: 5220, cFreq1[40:80:160] = [5230:5210:0] cFreq2 = 0 Country Code = CN
11-05 02:39:19.395 1391 18490 D LOWI-9.0.0.87.a: [LOWI-Scan] BSS 5c:02:14:f9:4f:d3 (wlan0) ASSO: NO AddInfo: 0x0, TSF 0, 01:27:08.903, RSSI: -84, CPL: 127, AGE: 1032, SSID ThunderSoft_XTS_5G, TSFDelta: 0x34f91a44, TXRate: 0
11-05 02:39:19.395 1391 18490 D LOWI-9.0.0.87.a: [LOWI-Scan]
11-05 02:39:19.395 1391 18490 D LOWI-9.0.0.87.a: [LOWI-Scan] print_bss_handler: Report Probe TSF 5229290262 as it greater than Beacon TSF 4838198557
11-05 02:39:19.395 1391 18490 D LOWI-9.0.0.87.a: [LOWI-Scan] decode_rsn_wpa_ie: LOWI_ENCRYPTION_TYPE_WPA_PSK
11-05 02:39:19.395 1391 18490 D LOWI-9.0.0.87.a: [LOWI-Scan] is_qcom_ie, bss_age: 0
11-05 02:39:19.395 1391 18490 D LOWI-9.0.0.87.a: [LOWI-Scan] BSS 18:6f:2d:81:18:52 LOWI_PHY_MODE_11AC_VHT20(8), Beacon Interval: 100, LOWI_ENCRYPTION_TYPE_WPA_PSK 11mcRanging: No, ANQP: No, LCI: No, Civic: No, capability(0x0111): ESS Privacy SpectrumMgmt
11-05 02:39:19.395 1391 18490 D LOWI-9.0.0.87.a: [LOWI-Scan] BSS 18:6f:2d:81:18:52 FREQ: 5260, cFreq1[40:80:160] = [5260:0:0] cFreq2 = 0 Country Code = CN
11-05 02:39:19.395 1391 18490 D LOWI-9.0.0.87.a: [LOWI-Scan] BSS 18:6f:2d:81:18:52 (wlan0) ASSO: NO AddInfo: 0x0, TSF 0, 01:27:09.290, RSSI: -148, CPL: 127, AGE: 644, SSID ZXHY, TSFDelta: 0xd4498c5e, TXRate: 0
11-05 02:39:19.395 1391 18490 D LOWI-9.0.0.87.a: [LOWI-Scan]
11-05 02:39:19.395 1391 18490 D LOWI-9.0.0.87.a: [LOWI-Scan] print_bss_handler: Report Probe TSF 5229291975 as it greater than Beacon TSF 5223954585
11-05 02:39:19.395 1391 18490 D LOWI-9.0.0.87.a: [LOWI-Scan] decode_rsn_wpa_ie: LOWI_ENCRYPTION_TYPE_WPA_PSK
11-05 02:39:19.395 1391 18490 D LOWI-9.0.0.87.a: [LOWI-Scan] is_qcom_ie, bss_age: 0
11-05 02:39:19.395 1391 18490 D LOWI-9.0.0.87.a: [LOWI-Scan] BSS 18:6f:2d:81:18:53 LOWI_PHY_MODE_11AC_VHT20(8), Beacon Interval: 100, LOWI_ENCRYPTION_TYPE_WPA_PSK 11mcRanging: No, ANQP: No, LCI: No, Civic: No, capability(0x0111): ESS Privacy SpectrumMgmt
11-05 02:39:19.395 1391 18490 D LOWI-9.0.0.87.a: [LOWI-Scan] BSS 18:6f:2d:81:18:53 FREQ: 5260, cFreq1[40:80:160] = [5260:0:0] cFreq2 = 0 Country Code = CN
11-05 02:39:19.395 1391 18490 D LOWI-9.0.0.87.a: [LOWI-Scan] BSS 18:6f:2d:81:18:53 (wlan0) ASSO: NO AddInfo: 0x0, TSF 0, 01:27:09.291, RSSI: -148, CPL: 127, AGE: 644, SSID Fanya, TSFDelta: 0xd44c3dc6, TXRate: 0
11-05 02:39:19.395 1391 18490 D LOWI-9.0.0.87.a: [LOWI-Scan]
11-05 02:39:19.395 1391 18490 D LOWI-9.0.0.87.a: [LOWI-Scan] print_bss_handler: Report Probe TSF 5229292429 as it greater than Beacon TSF 5229279867
11-05 02:39:19.395 1391 18490 D LOWI-9.0.0.87.a: [LOWI-Scan] decode_rsn_wpa_ie: LOWI_ENCRYPTION_TYPE_WPA_PSK
11-05 02:39:19.395 1391 18490 D LOWI-9.0.0.87.a: [LOWI-Scan] is_qcom_ie, bss_age: 0
11-05 02:39:19.395 1391 18490 D LOWI-9.0.0.87.a: [LOWI-Scan] BSS 18:6f:2d:81:18:54 LOWI_PHY_MODE_11AC_VHT20(8), Beacon Interval: 100, LOWI_ENCRYPTION_TYPE_WPA_PSK 11mcRanging: No, ANQP: No, LCI: No, Civic: No, capability(0x0111): ESS Privacy SpectrumMgmt
11-05 02:39:19.396 1391 18490 D LOWI-9.0.0.87.a: [LOWI-Scan] BSS 18:6f:2d:81:18:54 FREQ: 5260, cFreq1[40:80:160] = [5260:0:0] cFreq2 = 0 Country Code = CN
11-05 02:39:19.396 1391 18490 D LOWI-9.0.0.87.a: [LOWI-Scan] BSS 18:6f:2d:81:18:54 (wlan0) ASSO: NO AddInfo: 0x0, TSF 0, 01:27:09.292, RSSI: -148, CPL: 127, AGE: 640, SSID ThunderSoft, TSFDelta: 0xd44ebc48, TXRate: 0
11-05 02:39:19.396 1391 18490 D LOWI-9.0.0.87.a: [LOWI-Scan]
11-05 02:39:19.396 1391 18490 D LOWI-9.0.0.87.a: [LOWI-Scan] print_bss_handler: Report Probe TSF 5229292537 as it greater than Beacon TSF 5229279994
11-05 02:39:19.396 1391 18490 D LOWI-9.0.0.87.a: [LOWI-Scan] decode_rsn_wpa_ie: LOWI_ENCRYPTION_TYPE_WPA_PSK
11-05 02:39:19.396 1391 18490 D LOWI-9.0.0.87.a: [LOWI-Scan] is_qcom_ie, bss_age: 0
11-05 02:39:19.396 1391 18490 D LOWI-9.0.0.87.a: [LOWI-Scan] BSS 18:6f:2d:81:18:55 LOWI_PHY_MODE_11AC_VHT20(8), Beacon Interval: 100, LOWI_ENCRYPTION_TYPE_WPA_PSK 11mcRanging: No, ANQP: No, LCI: No, Civic: No, capability(0x0111): ESS Privacy SpectrumMgmt
11-05 02:39:19.396 1391 18490 D LOWI-9.0.0.87.a: [LOWI-Scan] BSS 18:6f:2d:81:18:55 FREQ: 5260, cFreq1[40:80:160] = [5260:0:0] cFreq2 = 0 Country Code = CN
11-05 02:39:19.403 1391 18490 D LOWI-9.0.0.87.a: [LOWI-Scan] BSS 18:6f:2d:81:18:55 (wlan0) ASSO: NO AddInfo: 0x0, TSF 0, 01:27:09.292, RSSI: -148, CPL: 127, AGE: 640, SSID GM, TSFDelta: 0xd4516485, TXRate: 0
11-05 02:39:19.403 1391 18490 D LOWI-9.0.0.87.a: [LOWI-Scan]
11-05 02:39:19.403 1391 18490 D LOWI-9.0.0.87.a: [LOWI-Scan] print_bss_handler: Report Probe TSF 5229292663 as it greater than Beacon TSF 5083047638
11-05 02:39:19.403 1391 18490 D LOWI-9.0.0.87.a: [LOWI-Scan] is_qcom_ie, bss_age: 0
11-05 02:39:19.403 1391 18490 D LOWI-9.0.0.87.a: [LOWI-Scan] BSS 18:6f:2d:81:18:56 LOWI_PHY_MODE_11AC_VHT20(8), Beacon Interval: 100, LOWI_ENCRYPTION_TYPE_OPEN 11mcRanging: No, ANQP: No, LCI: No, Civic: No, capability(0x0101): ESS SpectrumMgmt
11-05 02:39:19.403 1391 18490 D LOWI-9.0.0.87.a: [LOWI-Scan] BSS 18:6f:2d:81:18:56 FREQ: 5260, cFreq1[40:80:160] = [5260:0:0] cFreq2 = 0 Country Code = CN
11-05 02:39:19.403 1391 18490 D LOWI-9.0.0.87.a: [LOWI-Scan] BSS 18:6f:2d:81:18:56 (wlan0) ASSO: NO AddInfo: 0x0, TSF 0, 01:27:09.292, RSSI: -148, CPL: 127, AGE: 640, SSID IT, TSFDelta: 0xd45623a4, TXRate: 0
11-05 02:39:19.403 1391 18490 D LOWI-9.0.0.87.a: [LOWI-Scan]
11-05 02:39:19.403 1391 18490 D LOWI-9.0.0.87.a: [LOWI-Scan] print_bss_handler: Report beacon TSF 5229422445 as it greater than probe TSF 5229401354
11-05 02:39:19.403 1391 18490 D LOWI-9.0.0.87.a: [LOWI-Scan] decode_rsn_wpa_ie: LOWI_ENCRYPTION_TYPE_WPA_PSK
11-05 02:39:19.403 1391 18490 D LOWI-9.0.0.87.a: [LOWI-Scan] is_qcom_ie, bss_age: 0
11-05 02:39:19.403 1391 18490 D LOWI-9.0.0.87.a: [LOWI-Scan] BSS 18:6f:2d:80:dd:70 LOWI_PHY_MODE_11AC_VHT20(8), Beacon Interval: 100, LOWI_ENCRYPTION_TYPE_WPA_PSK 11mcRanging: No, ANQP: No, LCI: No, Civic: No, capability(0x0111): ESS Privacy SpectrumMgmt
11-05 02:39:19.403 1391 18490 D LOWI-9.0.0.87.a: [LOWI-Scan] BSS 18:6f:2d:80:dd:70 FREQ: 5280, cFreq1[40:80:160] = [5280:0:0] cFreq2 = 0 Country Code = CN
11-05 02:39:19.403 1391 18490 D LOWI-9.0.0.87.a: [LOWI-Scan] BSS 18:6f:2d:80:dd:70 (wlan0) ASSO: NO AddInfo: 0x1, TSF 0, 01:27:09.422, RSSI: -124, CPL: 127, AGE: 512, SSID Testing , TSFDelta: 0xd55f6d35, TXRate: 0
11-05 02:39:19.404 1391 18490 D LOWI-9.0.0.87.a: [LOWI-Scan]
11-05 02:39:19.404 1391 18490 D LOWI-9.0.0.87.a: [LOWI-Scan] print_bss_handler: Report beacon TSF 5229423001 as it greater than probe TSF 5229401470
11-05 02:39:19.404 1391 18490 D LOWI-9.0.0.87.a: [LOWI-Scan] is_qcom_ie, bss_age: 0
11-05 02:39:19.404 1391 18490 D LOWI-9.0.0.87.a: [LOWI-Scan] BSS 18:6f:2d:80:dd:71 LOWI_PHY_MODE_11AC_VHT20(8), Beacon Interval: 100, LOWI_ENCRYPTION_TYPE_OPEN 11mcRanging: No, ANQP: No, LCI: No, Civic: No, capability(0x0101): ESS SpectrumMgmt
11-05 02:39:19.404 1391 18490 D LOWI-9.0.0.87.a: [LOWI-Scan] BSS 18:6f:2d:80:dd:71 FREQ: 5280, cFreq1[40:80:160] = [5280:0:0] cFreq2 = 0 Country Code = CN
11-05 02:39:19.404 1391 18490 D LOWI-9.0.0.87.a: [LOWI-Scan] BSS 18:6f:2d:80:dd:71 (wlan0) ASSO: NO AddInfo: 0x1, TSF 0, 01:27:09.423, RSSI: -126, CPL: 127, AGE: 512, SSID Guest, TSFDelta: 0xd56472de, TXRate: 0
11-05 02:39:19.404 1391 18490 D LOWI-9.0.0.87.a: [LOWI-Scan]
11-05 02:39:19.404 1391 18490 D LOWI-9.0.0.87.a: [LOWI-Scan] print_bss_handler: Report beacon TSF 5229424430 as it greater than probe TSF 5229403904
11-05 02:39:19.404 1391 18490 D LOWI-9.0.0.87.a: [LOWI-Scan] decode_rsn_wpa_ie: LOWI_ENCRYPTION_TYPE_WPA_PSK
11-05 02:39:19.404 1391 18490 D LOWI-9.0.0.87.a: [LOWI-Scan] is_qcom_ie, bss_age: 0
11-05 02:39:19.404 1391 18490 D LOWI-9.0.0.87.a: [LOWI-Scan] BSS 18:6f:2d:80:dd:73 LOWI_PHY_MODE_11AC_VHT20(8), Beacon Interval: 100, LOWI_ENCRYPTION_TYPE_WPA_PSK 11mcRanging: No, ANQP: No, LCI: No, Civic: No, capability(0x0111): ESS Privacy SpectrumMgmt
11-05 02:39:19.404 1391 18490 D LOWI-9.0.0.87.a: [LOWI-Scan] BSS 18:6f:2d:80:dd:73 FREQ: 5280, cFreq1[40:80:160] = [5280:0:0] cFreq2 = 0 Country Code = CN
11-05 02:39:19.404 1391 18490 D LOWI-9.0.0.87.a: [LOWI-Scan] BSS 18:6f:2d:80:dd:73 (wlan0) ASSO: NO AddInfo: 0x1, TSF 0, 01:27:09.424, RSSI: -124, CPL: 127, AGE: 508, SSID Fanya, TSFDelta: 0xd576a21e, TXRate: 0
11-05 02:39:19.404 1391 18490 D LOWI-9.0.0.87.a: [LOWI-Scan]
11-05 02:39:19.404 1391 18490 D LOWI-9.0.0.87.a: [LOWI-Scan] print_bss_handler: Report beacon TSF 5229424544 as it greater than probe TSF 5229404297
11-05 02:39:19.404 1391 18490 D LOWI-9.0.0.87.a: [LOWI-Scan] decode_rsn_wpa_ie: LOWI_ENCRYPTION_TYPE_WPA_PSK
11-05 02:39:19.404 1391 18490 D LOWI-9.0.0.87.a: [LOWI-Scan] is_qcom_ie, bss_age: 0
11-05 02:39:19.404 1391 18490 D LOWI-9.0.0.87.a: [LOWI-Scan] BSS 18:6f:2d:80:dd:74 LOWI_PHY_MODE_11AC_VHT20(8), Beacon Interval: 100, LOWI_ENCRYPTION_TYPE_WPA_PSK 11mcRanging: No, ANQP: No, LCI: No, Civic: No, capability(0x0111): ESS Privacy SpectrumMgmt
11-05 02:39:19.404 1391 18490 D LOWI-9.0.0.87.a: [LOWI-Scan] BSS 18:6f:2d:80:dd:74 FREQ: 5280, cFreq1[40:80:160] = [5280:0:0] cFreq2 = 0 Country Code = CN
11-05 02:39:19.404 1391 18490 D LOWI-9.0.0.87.a: [LOWI-Scan] BSS 18:6f:2d:80:dd:74 (wlan0) ASSO: NO AddInfo: 0x1, TSF 0, 01:27:09.424, RSSI: -126, CPL: 127, AGE: 508, SSID ThunderSoft, TSFDelta: 0xd57975aa, TXRate: 0
11-05 02:39:19.404 1391 18490 D LOWI-9.0.0.87.a: [LOWI-Scan]
11-05 02:39:19.404 1391 18490 D LOWI-9.0.0.87.a: [LOWI-Scan] print_bss_handler: Report beacon TSF 5229424705 as it greater than probe TSF 5229404638
11-05 02:39:19.404 1391 18490 D LOWI-9.0.0.87.a: [LOWI-Scan] decode_rsn_wpa_ie: LOWI_ENCRYPTION_TYPE_WPA_PSK
11-05 02:39:19.404 1391 18490 D LOWI-9.0.0.87.a: [LOWI-Scan] is_qcom_ie, bss_age: 0
11-05 02:39:19.404 1391 18490 D LOWI-9.0.0.87.a: [LOWI-Scan] BSS 18:6f:2d:80:dd:75 LOWI_PHY_MODE_11AC_VHT20(8), Beacon Interval: 100, LOWI_ENCRYPTION_TYPE_WPA_PSK 11mcRanging: No, ANQP: No, LCI: No, Civic: No, capability(0x0111): ESS Privacy SpectrumMgmt
11-05 02:39:19.404 1391 18490 D LOWI-9.0.0.87.a: [LOWI-Scan] BSS 18:6f:2d:80:dd:75 FREQ: 5280, cFreq1[40:80:160] = [5280:0:0] cFreq2 = 0 Country Code = CN
11-05 02:39:19.405 1391 18490 D LOWI-9.0.0.87.a: [LOWI-Scan] BSS 18:6f:2d:80:dd:75 (wlan0) ASSO: NO AddInfo: 0x1, TSF 0, 01:27:09.424, RSSI: -124, CPL: 127, AGE: 508, SSID GM, TSFDelta: 0xd57c3ff6, TXRate: 0
11-05 02:39:19.405 1391 18490 D LOWI-9.0.0.87.a: [LOWI-Scan]
11-05 02:39:19.405 1391 18490 D LOWI-9.0.0.87.a: [LOWI-Scan] print_bss_handler: Report beacon TSF 5229423169 as it greater than probe TSF 5229402737
11-05 02:39:19.405 1391 18490 D LOWI-9.0.0.87.a: [LOWI-Scan] decode_rsn_wpa_ie: LOWI_ENCRYPTION_TYPE_WPA_PSK
11-05 02:39:19.405 1391 18490 D LOWI-9.0.0.87.a: [LOWI-Scan] is_qcom_ie, bss_age: 0
11-05 02:39:19.405 1391 18490 D LOWI-9.0.0.87.a: [LOWI-Scan] BSS 18:6f:2d:80:dd:72 LOWI_PHY_MODE_11AC_VHT20(8), Beacon Interval: 100, LOWI_ENCRYPTION_TYPE_WPA_PSK 11mcRanging: No, ANQP: No, LCI: No, Civic: No, capability(0x0111): ESS Privacy SpectrumMgmt
11-05 02:39:19.405 1391 18490 D LOWI-9.0.0.87.a: [LOWI-Scan] BSS 18:6f:2d:80:dd:72 FREQ: 5280, cFreq1[40:80:160] = [5280:0:0] cFreq2 = 0 Country Code = CN
11-05 02:39:19.405 1391 18490 D LOWI-9.0.0.87.a: [LOWI-Scan] BSS 18:6f:2d:80:dd:72 (wlan0) ASSO: NO AddInfo: 0x1, TSF 0, 01:27:09.423, RSSI: -124, CPL: 127, AGE: 512, SSID ZXHY, TSFDelta: 0xd56c2d6d, TXRate: 0
11-05 02:39:19.405 1391 18490 D LOWI-9.0.0.87.a: [LOWI-Scan]
11-05 02:39:19.405 1391 18490 D LOWI-9.0.0.87.a: [LOWI-Scan] print_bss_handler: Report beacon TSF 5229635400 as it greater than probe TSF 5229603669
11-05 02:39:19.405 1391 18490 D LOWI-9.0.0.87.a: [LOWI-Scan] decode_rsn_wpa_ie: LOWI_ENCRYPTION_TYPE_WPA_PSK
11-05 02:39:19.405 1391 18490 D LOWI-9.0.0.87.a: [LOWI-Scan] is_qcom_ie, bss_age: 0
11-05 02:39:19.405 1391 18490 D LOWI-9.0.0.87.a: [LOWI-Scan] BSS b0:39:56:1c:29:79 LOWI_PHY_MODE_11AC_VHT20_2G(11), Beacon Interval: 100, LOWI_ENCRYPTION_TYPE_WPA_PSK 11mcRanging: No, ANQP: No, LCI: No, Civic: No, capability(0x0411): ESS Privacy ShortSlotTime
11-05 02:39:19.405 1391 18490 D LOWI-9.0.0.87.a: [LOWI-Scan] BSS b0:39:56:1c:29:79 FREQ: 2457, cFreq1[40:80:160] = [2457:0:0] cFreq2 = 0 Country Code = CN
11-05 02:39:19.405 1391 18490 D LOWI-9.0.0.87.a: [LOWI-Scan] BSS b0:39:56:1c:29:79 (wlan0) ASSO: NO AddInfo: 0x1, TSF 0, 01:27:09.635, RSSI: -118, CPL: 127, AGE: 300, SSID lc-test, TSFDelta: 0x6d76aac1, TXRate: 0
11-05 02:39:19.405 1391 18490 D LOWI-9.0.0.87.a: [LOWI-Scan]
11-05 02:39:19.405 1391 18490 D LOWI-9.0.0.87.a: [LOWI-Scan] print_bss_handler: Report beacon TSF 5229588083 as it greater than probe TSF 5229510827
11-05 02:39:19.405 1391 18490 D LOWI-9.0.0.87.a: [LOWI-Scan] decode_rsn_wpa_ie: LOWI_ENCRYPTION_TYPE_WPA_PSK
11-05 02:39:19.405 1391 18490 D LOWI-9.0.0.87.a: [LOWI-Scan] is_qcom_ie, bss_age: 0
11-05 02:39:19.405 1391 18490 D LOWI-9.0.0.87.a: [LOWI-Scan] BSS 18:6f:2d:81:20:70 LOWI_PHY_MODE_11AC_VHT20(8), Beacon Interval: 100, LOWI_ENCRYPTION_TYPE_WPA_PSK 11mcRanging: No, ANQP: No, LCI: No, Civic: No, capability(0x0111): ESS Privacy SpectrumMgmt
11-05 02:39:19.405 1391 18490 D LOWI-9.0.0.87.a: [LOWI-Scan] BSS 18:6f:2d:81:20:70 FREQ: 5300, cFreq1[40:80:160] = [5300:0:0] cFreq2 = 0 Country Code = CN
11-05 02:39:19.405 1391 18490 D LOWI-9.0.0.87.a: [LOWI-Scan] BSS 18:6f:2d:81:20:70 (wlan0) ASSO: NO AddInfo: 0x1, TSF 0, 01:27:09.588, RSSI: -156, CPL: 127, AGE: 344, SSID Testing , TSFDelta: 0xd7aa8699, TXRate: 0
11-05 02:39:19.406 1391 18490 D LOWI-9.0.0.87.a: [LOWI-Scan]
11-05 02:39:19.406 1391 18490 D LOWI-9.0.0.87.a: [LOWI-Scan] print_bss_handler: Report beacon TSF 5229588274 as it greater than probe TSF 5229511538
11-05 02:39:19.406 1391 18490 D LOWI-9.0.0.87.a: [LOWI-Scan] is_qcom_ie, bss_age: 0
11-05 02:39:19.406 1391 18490 D LOWI-9.0.0.87.a: [LOWI-Scan] BSS 18:6f:2d:81:20:71 LOWI_PHY_MODE_11AC_VHT20(8), Beacon Interval: 100, LOWI_ENCRYPTION_TYPE_OPEN 11mcRanging: No, ANQP: No, LCI: No, Civic: No, capability(0x0101): ESS SpectrumMgmt
11-05 02:39:19.406 1391 18490 D LOWI-9.0.0.87.a: [LOWI-Scan] BSS 18:6f:2d:81:20:71 FREQ: 5300, cFreq1[40:80:160] = [5300:0:0] cFreq2 = 0 Country Code = CN
11-05 02:39:19.406 1391 18490 D LOWI-9.0.0.87.a: [LOWI-Scan] BSS 18:6f:2d:81:20:71 (wlan0) ASSO: NO AddInfo: 0x1, TSF 0, 01:27:09.588, RSSI: -156, CPL: 127, AGE: 344, SSID Guest, TSFDelta: 0xd7b028c6, TXRate: 0
11-05 02:39:19.406 1391 18490 D LOWI-9.0.0.87.a: [LOWI-Scan]
11-05 02:39:19.406 1391 18490 D LOWI-9.0.0.87.a: [LOWI-Scan] print_bss_handler: Report beacon TSF 5229588316 as it greater than probe TSF 5229512939
11-05 02:39:19.406 1391 18490 D LOWI-9.0.0.87.a: [LOWI-Scan] decode_rsn_wpa_ie: LOWI_ENCRYPTION_TYPE_WPA_PSK
11-05 02:39:19.406 1391 18490 D LOWI-9.0.0.87.a: [LOWI-Scan] is_qcom_ie, bss_age: 0
11-05 02:39:19.406 1391 18490 D LOWI-9.0.0.87.a: [LOWI-Scan] BSS 18:6f:2d:81:20:72 LOWI_PHY_MODE_11AC_VHT20(8), Beacon Interval: 100, LOWI_ENCRYPTION_TYPE_WPA_PSK 11mcRanging: No, ANQP: No, LCI: No, Civic: No, capability(0x0111): ESS Privacy SpectrumMgmt
11-05 02:39:19.406 1391 18490 D LOWI-9.0.0.87.a: [LOWI-Scan] BSS 18:6f:2d:81:20:72 FREQ: 5300, cFreq1[40:80:160] = [5300:0:0] cFreq2 = 0 Country Code = CN
11-05 02:39:19.406 1391 18490 D LOWI-9.0.0.87.a: [LOWI-Scan] BSS 18:6f:2d:81:20:72 (wlan0) ASSO: NO AddInfo: 0x1, TSF 0, 01:27:09.588, RSSI: -156, CPL: 127, AGE: 344, SSID ZXHY, TSFDelta: 0xd7b5b608, TXRate: 0
11-05 02:39:19.406 1391 18490 D LOWI-9.0.0.87.a: [LOWI-Scan]
11-05 02:39:19.406 1391 18490 D LOWI-9.0.0.87.a: [LOWI-Scan] print_bss_handler: Report beacon TSF 5229588419 as it greater than probe TSF 5229512999
11-05 02:39:19.406 1391 18490 D LOWI-9.0.0.87.a: [LOWI-Scan] decode_rsn_wpa_ie: LOWI_ENCRYPTION_TYPE_WPA_PSK
11-05 02:39:19.406 1391 18490 D LOWI-9.0.0.87.a: [LOWI-Scan] is_qcom_ie, bss_age: 0
11-05 02:39:19.406 1391 18490 D LOWI-9.0.0.87.a: [LOWI-Scan] BSS 18:6f:2d:81:20:73 LOWI_PHY_MODE_11AC_VHT20(8), Beacon Interval: 100, LOWI_ENCRYPTION_TYPE_WPA_PSK 11mcRanging: No, ANQP: No, LCI: No, Civic: No, capability(0x0111): ESS Privacy SpectrumMgmt
11-05 02:39:19.406 1391 18490 D LOWI-9.0.0.87.a: [LOWI-Scan] BSS 18:6f:2d:81:20:73 FREQ: 5300, cFreq1[40:80:160] = [5300:0:0] cFreq2 = 0 Country Code = CN
11-05 02:39:19.406 1391 18490 D LOWI-9.0.0.87.a: [LOWI-Scan] BSS 18:6f:2d:81:20:73 (wlan0) ASSO: NO AddInfo: 0x1, TSF 0, 01:27:09.588, RSSI: -156, CPL: 127, AGE: 344, SSID Fanya, TSFDelta: 0xd7bb0cdd, TXRate: 0
11-05 02:39:19.406 1391 18490 D LOWI-9.0.0.87.a: [LOWI-Scan]
11-05 02:39:19.407 1391 18490 D LOWI-9.0.0.87.a: [LOWI-Scan] print_bss_handler: Report beacon TSF 5229588468 as it greater than probe TSF 5229513693
11-05 02:39:19.407 1391 18490 D LOWI-9.0.0.87.a: [LOWI-Scan] decode_rsn_wpa_ie: LOWI_ENCRYPTION_TYPE_WPA_PSK
11-05 02:39:19.407 1391 18490 D LOWI-9.0.0.87.a: [LOWI-Scan] is_qcom_ie, bss_age: 0
11-05 02:39:19.407 1391 18490 D LOWI-9.0.0.87.a: [LOWI-Scan] BSS 18:6f:2d:81:20:74 LOWI_PHY_MODE_11AC_VHT20(8), Beacon Interval: 100, LOWI_ENCRYPTION_TYPE_WPA_PSK 11mcRanging: No, ANQP: No, LCI: No, Civic: No, capability(0x0111): ESS Privacy SpectrumMgmt
11-05 02:39:19.407 1391 18490 D LOWI-9.0.0.87.a: [LOWI-Scan] BSS 18:6f:2d:81:20:74 FREQ: 5300, cFreq1[40:80:160] = [5300:0:0] cFreq2 = 0 Country Code = CN
11-05 02:39:19.407 1391 18490 D LOWI-9.0.0.87.a: [LOWI-Scan] BSS 18:6f:2d:81:20:74 (wlan0) ASSO: NO AddInfo: 0x1, TSF 0, 01:27:09.588, RSSI: -156, CPL: 127, AGE: 344, SSID ThunderSoft, TSFDelta: 0xd7c061d3, TXRate: 0
11-05 02:39:19.407 1391 18490 D LOWI-9.0.0.87.a: [LOWI-Scan]
11-05 02:39:19.407 1391 18490 D LOWI-9.0.0.87.a: [LOWI-Scan] print_bss_handler: Report beacon TSF 5229588615 as it greater than probe TSF 5229515145
11-05 02:39:19.407 1391 18490 D LOWI-9.0.0.87.a: [LOWI-Scan] is_qcom_ie, bss_age: 0
11-05 02:39:19.407 1391 18490 D LOWI-9.0.0.87.a: [LOWI-Scan] BSS 18:6f:2d:81:20:76 LOWI_PHY_MODE_11AC_VHT20(8), Beacon Interval: 100, LOWI_ENCRYPTION_TYPE_OPEN 11mcRanging: No, ANQP: No, LCI: No, Civic: No, capability(0x0101): ESS SpectrumMgmt
11-05 02:39:19.407 1391 18490 D LOWI-9.0.0.87.a: [LOWI-Scan] BSS 18:6f:2d:81:20:76 FREQ: 5300, cFreq1[40:80:160] = [5300:0:0] cFreq2 = 0 Country Code = CN
11-05 02:39:19.407 1391 18490 D LOWI-9.0.0.87.a: [LOWI-Scan] BSS 18:6f:2d:81:20:76 (wlan0) ASSO: NO AddInfo: 0x1, TSF 0, 01:27:09.588, RSSI: -156, CPL: 127, AGE: 344, SSID IT, TSFDelta: 0xd7cb52cb, TXRate: 0
11-05 02:39:19.407 1391 18490 D LOWI-9.0.0.87.a: [LOWI-Scan]
11-05 02:39:19.407 1391 18490 D LOWI-9.0.0.87.a: [LOWI-Scan] print_bss_handler: Report beacon TSF 5229425032 as it greater than probe TSF 5229405532
11-05 02:39:19.407 1391 18490 D LOWI-9.0.0.87.a: [LOWI-Scan] is_qcom_ie, bss_age: 0
11-05 02:39:19.407 1391 18490 D LOWI-9.0.0.87.a: [LOWI-Scan] BSS 18:6f:2d:80:dd:76 LOWI_PHY_MODE_11AC_VHT20(8), Beacon Interval: 100, LOWI_ENCRYPTION_TYPE_OPEN 11mcRanging: No, ANQP: No, LCI: No, Civic: No, capability(0x0101): ESS SpectrumMgmt
11-05 02:39:19.407 1391 18490 D LOWI-9.0.0.87.a: [LOWI-Scan] BSS 18:6f:2d:80:dd:76 FREQ: 5280, cFreq1[40:80:160] = [5280:0:0] cFreq2 = 0 Country Code = CN
11-05 02:39:19.407 1391 18490 D LOWI-9.0.0.87.a: [LOWI-Scan] BSS 18:6f:2d:80:dd:76 (wlan0) ASSO: NO AddInfo: 0x1, TSF 0, 01:27:09.425, RSSI: -124, CPL: 127, AGE: 508, SSID IT, TSFDelta: 0xd581a3a5, TXRate: 0
11-05 02:39:19.407 1391 18490 D LOWI-9.0.0.87.a: [LOWI-Scan]
11-05 02:39:19.407 1391 18490 D LOWI-9.0.0.87.a: [LOWI-Scan] print_bss_handler: Report beacon TSF 5229293242 as it greater than probe TSF 5229277431
11-05 02:39:19.407 1391 18490 D LOWI-9.0.0.87.a: [LOWI-Scan] decode_rsn_wpa_ie: LOWI_ENCRYPTION_TYPE_WPA_PSK
11-05 02:39:19.407 1391 18490 D LOWI-9.0.0.87.a: [LOWI-Scan] is_qcom_ie, bss_age: 0
11-05 02:39:19.407 1391 18490 D LOWI-9.0.0.87.a: [LOWI-Scan] BSS 18:6f:2d:81:25:40 LOWI_PHY_MODE_11NG_HT20(5), Beacon Interval: 100, LOWI_ENCRYPTION_TYPE_WPA_PSK 11mcRanging: No, ANQP: No, LCI: No, Civic: No, capability(0x0531): ESS Privacy ShortPreamble SpectrumMgmt ShortSlotTime
11-05 02:39:19.407 1391 18490 D LOWI-9.0.0.87.a: [LOWI-Scan] BSS 18:6f:2d:81:25:40 FREQ: 2437, cFreq1[40:80:160] = [2437:0:0] cFreq2 = 0 Country Code = CN
11-05 02:39:19.407 1391 18490 D LOWI-9.0.0.87.a: [LOWI-Scan] BSS 18:6f:2d:81:25:40 (wlan0) ASSO: NO AddInfo: 0x1, TSF 0, 01:27:09.293, RSSI: -98, CPL: 127, AGE: 640, SSID Testing , TSFDelta: 0xbe3908ba, TXRate: 0
11-05 02:39:19.408 1391 18490 D LOWI-9.0.0.87.a: [LOWI-Scan]
11-05 02:39:19.408 1391 18490 D LOWI-9.0.0.87.a: [LOWI-Scan] print_bss_handler: Report Probe TSF 5229905264 as it greater than Beacon TSF 5224622042
11-05 02:39:19.408 1391 18490 D LOWI-9.0.0.87.a: [LOWI-Scan] decode_rsn_wpa_ie: LOWI_ENCRYPTION_TYPE_WPA_PSK
11-05 02:39:19.408 1391 18490 D LOWI-9.0.0.87.a: [LOWI-Scan] is_qcom_ie, bss_age: 0
11-05 02:39:19.408 1391 18490 D LOWI-9.0.0.87.a: [LOWI-Scan] BSS 18:6f:2d:80:dd:60 LOWI_PHY_MODE_11NG_HT20(5), Beacon Interval: 100, LOWI_ENCRYPTION_TYPE_WPA_PSK 11mcRanging: No, ANQP: No, LCI: No, Civic: No, capability(0x0531): ESS Privacy ShortPreamble SpectrumMgmt ShortSlotTime
11-05 02:39:19.408 1391 18490 D LOWI-9.0.0.87.a: [LOWI-Scan] BSS 18:6f:2d:80:dd:60 FREQ: 2472, cFreq1[40:80:160] = [2472:0:0] cFreq2 = 0 Country Code = CN
11-05 02:39:19.408 1391 18490 D LOWI-9.0.0.87.a: [LOWI-Scan] BSS 18:6f:2d:80:dd:60 (wlan0) ASSO: NO AddInfo: 0x0, TSF 0, 01:27:09.905, RSSI: -120, CPL: 127, AGE: 28, SSID Testing , TSFDelta: 0xd46f498b, TXRate: 0
11-05 02:39:19.408 1391 18490 D LOWI-9.0.0.87.a: [LOWI-Scan]
11-05 02:39:19.408 1391 18490 D LOWI-9.0.0.87.a: [LOWI-Scan] print_bss_handler: Report Probe TSF 5229914689 as it greater than Beacon TSF 5229854757
11-05 02:39:19.408 1391 18490 D LOWI-9.0.0.87.a: [LOWI-Scan] is_qcom_ie, bss_age: 0
11-05 02:39:19.408 1391 18490 D LOWI-9.0.0.87.a: [LOWI-Scan] BSS 18:6f:2d:80:dd:61 LOWI_PHY_MODE_11NG_HT20(5), Beacon Interval: 100, LOWI_ENCRYPTION_TYPE_OPEN 11mcRanging: No, ANQP: No, LCI: No, Civic: No, capability(0x0521): ESS ShortPreamble SpectrumMgmt ShortSlotTime
11-05 02:39:19.408 1391 18490 D LOWI-9.0.0.87.a: [LOWI-Scan] BSS 18:6f:2d:80:dd:61 FREQ: 2472, cFreq1[40:80:160] = [2472:0:0] cFreq2 = 0 Country Code = CN
11-05 02:39:19.408 1391 18490 D LOWI-9.0.0.87.a: [LOWI-Scan] BSS 18:6f:2d:80:dd:61 (wlan0) ASSO: NO AddInfo: 0x0, TSF 0, 01:27:09.914, RSSI: -116, CPL: 127, AGE: 20, SSID Guest, TSFDelta: 0xd48a4d45, TXRate: 0
11-05 02:39:19.408 1391 18490 D LOWI-9.0.0.87.a: [LOWI-Scan]
11-05 02:39:19.408 1391 18490 D LOWI-9.0.0.87.a: [LOWI-Scan] print_bss_handler: Report Probe TSF 5229914749 as it greater than Beacon TSF 5229854838
11-05 02:39:19.408 1391 18490 D LOWI-9.0.0.87.a: [LOWI-Scan] decode_rsn_wpa_ie: LOWI_ENCRYPTION_TYPE_WPA_PSK
11-05 02:39:19.408 1391 18490 D LOWI-9.0.0.87.a: [LOWI-Scan] is_qcom_ie, bss_age: 0
11-05 02:39:19.408 1391 18490 D LOWI-9.0.0.87.a: [LOWI-Scan] BSS 18:6f:2d:80:dd:62 LOWI_PHY_MODE_11NG_HT20(5), Beacon Interval: 100, LOWI_ENCRYPTION_TYPE_WPA_PSK 11mcRanging: No, ANQP: No, LCI: No, Civic: No, capability(0x0531): ESS Privacy ShortPreamble SpectrumMgmt ShortSlotTime
11-05 02:39:19.408 1391 18490 D LOWI-9.0.0.87.a: [LOWI-Scan] BSS 18:6f:2d:80:dd:62 FREQ: 2472, cFreq1[40:80:160] = [2472:0:0] cFreq2 = 0 Country Code = CN
11-05 02:39:19.408 1391 18490 D LOWI-9.0.0.87.a: [LOWI-Scan] BSS 18:6f:2d:80:dd:62 (wlan0) ASSO: NO AddInfo: 0x0, TSF 0, 01:27:09.914, RSSI: -120, CPL: 127, AGE: 20, SSID ThunderSoft_2.4G, TSFDelta: 0xd48f419d, TXRate: 0
11-05 02:39:19.409 1391 18490 D LOWI-9.0.0.87.a: [LOWI-Scan]
11-05 02:39:19.409 1391 18490 D LOWI-9.0.0.87.a: [LOWI-Scan] print_bss_handler: Report Probe TSF 5229914795 as it greater than Beacon TSF 5229854893
11-05 02:39:19.409 1391 18490 D LOWI-9.0.0.87.a: [LOWI-Scan] decode_rsn_wpa_ie: LOWI_ENCRYPTION_TYPE_WPA_PSK
11-05 02:39:19.409 1391 18490 D LOWI-9.0.0.87.a: [LOWI-Scan] is_qcom_ie, bss_age: 0
11-05 02:39:19.409 1391 18490 D LOWI-9.0.0.87.a: [LOWI-Scan] BSS 18:6f:2d:80:dd:63 LOWI_PHY_MODE_11NG_HT20(5), Beacon Interval: 100, LOWI_ENCRYPTION_TYPE_WPA_PSK 11mcRanging: No, ANQP: No, LCI: No, Civic: No, capability(0x0531): ESS Privacy ShortPreamble SpectrumMgmt ShortSlotTime
11-05 02:39:19.409 1391 18490 D LOWI-9.0.0.87.a: [LOWI-Scan] BSS 18:6f:2d:80:dd:63 FREQ: 2472, cFreq1[40:80:160] = [2472:0:0] cFreq2 = 0 Country Code = CN
11-05 02:39:19.409 1391 18490 D LOWI-9.0.0.87.a: [LOWI-Scan] BSS 18:6f:2d:80:dd:63 (wlan0) ASSO: NO AddInfo: 0x0, TSF 0, 01:27:09.914, RSSI: -116, CPL: 127, AGE: 20, SSID ZXHY, TSFDelta: 0xd4946890, TXRate: 0
11-05 02:39:19.409 1391 18490 D LOWI-9.0.0.87.a: [LOWI-Scan]
11-05 02:39:19.409 1391 18490 D LOWI-9.0.0.87.a: [LOWI-Scan] print_bss_handler: Report Probe TSF 5229914840 as it greater than Beacon TSF 5229855177
11-05 02:39:19.409 1391 18490 D LOWI-9.0.0.87.a: [LOWI-Scan] decode_rsn_wpa_ie: LOWI_ENCRYPTION_TYPE_WPA_PSK
11-05 02:39:19.409 1391 18490 D LOWI-9.0.0.87.a: [LOWI-Scan] is_qcom_ie, bss_age: 0
11-05 02:39:19.409 1391 18490 D LOWI-9.0.0.87.a: [LOWI-Scan] BSS 18:6f:2d:80:dd:64 LOWI_PHY_MODE_11NG_HT20(5), Beacon Interval: 100, LOWI_ENCRYPTION_TYPE_WPA_PSK 11mcRanging: No, ANQP: No, LCI: No, Civic: No, capability(0x0531): ESS Privacy ShortPreamble SpectrumMgmt ShortSlotTime
11-05 02:39:19.409 1391 18490 D LOWI-9.0.0.87.a: [LOWI-Scan] BSS 18:6f:2d:80:dd:64 FREQ: 2472, cFreq1[40:80:160] = [2472:0:0] cFreq2 = 0 Country Code = CN
11-05 02:39:19.409 1391 18490 D LOWI-9.0.0.87.a: [LOWI-Scan] BSS 18:6f:2d:80:dd:64 (wlan0) ASSO: NO AddInfo: 0x0, TSF 0, 01:27:09.914, RSSI: -116, CPL: 127, AGE: 20, SSID Fanya, TSFDelta: 0xd4ad7e87, TXRate: 0
11-05 02:39:19.409 1391 18490 D LOWI-9.0.0.87.a: [LOWI-Scan]
11-05 02:39:19.409 1391 18490 D LOWI-9.0.0.87.a: [LOWI-Scan] print_bss_handler: Report Probe TSF 5229540092 as it greater than Beacon TSF 5229507320
11-05 02:39:19.409 1391 18490 D LOWI-9.0.0.87.a: [LOWI-Scan] decode_rsn_wpa_ie: LOWI_ENCRYPTION_TYPE_WPA_PSK
11-05 02:39:19.409 1391 18490 D LOWI-9.0.0.87.a: [LOWI-Scan] is_qcom_ie, bss_age: 0
11-05 02:39:19.409 1391 18490 D LOWI-9.0.0.87.a: [LOWI-Scan] BSS 5c:02:14:f9:4f:d2 LOWI_PHY_MODE_11AC_VHT20_2G(11), Beacon Interval: 100, LOWI_ENCRYPTION_TYPE_WPA_PSK 11mcRanging: No, ANQP: Yes, LCI: No, Civic: No, capability(0x1431): ESS Privacy ShortPreamble ShortSlotTime
11-05 02:39:19.409 1391 18490 D LOWI-9.0.0.87.a: [LOWI-Scan] BSS 5c:02:14:f9:4f:d2 FREQ: 2452, cFreq1[40:80:160] = [0:0:0] cFreq2 = 0 Country Code = CN
11-05 02:39:19.409 1391 18490 D LOWI-9.0.0.87.a: [LOWI-Scan] BSS 5c:02:14:f9:4f:d2 (wlan0) ASSO: NO AddInfo: 0x0, TSF 0, 01:27:09.540, RSSI: -104, CPL: 127, AGE: 392, SSID ThunderSoft_XTS_2.4G, TSFDelta: 0x43c94327, TXRate: 0
11-05 02:39:19.409 1391 18490 D LOWI-9.0.0.87.a: [LOWI-Scan]
11-05 02:39:19.409 1391 18490 D LOWI-9.0.0.87.a: [LOWI-Scan] print_bss_handler: Report Probe TSF 5229273688 as it greater than Beacon TSF 5223979916
11-05 02:39:19.409 1391 18490 D LOWI-9.0.0.87.a: [LOWI-Scan] decode_rsn_wpa_ie: LOWI_ENCRYPTION_TYPE_WPA_PSK
11-05 02:39:19.409 1391 18490 D LOWI-9.0.0.87.a: [LOWI-Scan] is_qcom_ie, bss_age: 0
11-05 02:39:19.409 1391 18490 D LOWI-9.0.0.87.a: [LOWI-Scan] BSS 18:6f:2d:81:25:44 LOWI_PHY_MODE_11NG_HT20(5), Beacon Interval: 100, LOWI_ENCRYPTION_TYPE_WPA_PSK 11mcRanging: No, ANQP: No, LCI: No, Civic: No, capability(0x0531): ESS Privacy ShortPreamble SpectrumMgmt ShortSlotTime
11-05 02:39:19.409 1391 18490 D LOWI-9.0.0.87.a: [LOWI-Scan] BSS 18:6f:2d:81:25:44 FREQ: 2437, cFreq1[40:80:160] = [2437:0:0] cFreq2 = 0 Country Code = CN
11-05 02:39:19.409 1391 18490 D LOWI-9.0.0.87.a: [LOWI-Scan] BSS 18:6f:2d:81:25:44 (wlan0) ASSO: NO AddInfo: 0x0, TSF 0, 01:27:09.273, RSSI: -100, CPL: 127, AGE: 660, SSID Fanya, TSFDelta: 0xbe133711, TXRate: 0
11-05 02:39:19.409 1391 18490 D LOWI-9.0.0.87.a: [LOWI-Scan]
11-05 02:39:19.410 1391 18490 D LOWI-9.0.0.87.a: [LOWI-Scan] print_bss_handler: Report beacon TSF 5229295603 as it greater than probe TSF 5229279496
11-05 02:39:19.410 1391 18490 D LOWI-9.0.0.87.a: [LOWI-Scan] is_qcom_ie, bss_age: 0
11-05 02:39:19.410 1391 18490 D LOWI-9.0.0.87.a: [LOWI-Scan] BSS 18:6f:2d:81:25:41 LOWI_PHY_MODE_11NG_HT20(5), Beacon Interval: 100, LOWI_ENCRYPTION_TYPE_OPEN 11mcRanging: No, ANQP: No, LCI: No, Civic: No, capability(0x0521): ESS ShortPreamble SpectrumMgmt ShortSlotTime
11-05 02:39:19.410 1391 18490 D LOWI-9.0.0.87.a: [LOWI-Scan] BSS 18:6f:2d:81:25:41 FREQ: 2437, cFreq1[40:80:160] = [2437:0:0] cFreq2 = 0 Country Code = CN
11-05 02:39:19.410 1391 18490 D LOWI-9.0.0.87.a: [LOWI-Scan] BSS 18:6f:2d:81:25:41 (wlan0) ASSO: NO AddInfo: 0x1, TSF 0, 01:27:09.295, RSSI: -96, CPL: 127, AGE: 640, SSID Guest, TSFDelta: 0xbe47cebf, TXRate: 0
11-05 02:39:19.410 1391 18490 D LOWI-9.0.0.87.a: [LOWI-Scan]
11-05 02:39:19.410 1391 18490 D LOWI-9.0.0.87.a: [LOWI-Scan] print_bss_handler: Report Probe TSF 5229292270 as it greater than Beacon TSF 5223973635
11-05 02:39:19.410 1391 18490 D LOWI-9.0.0.87.a: [LOWI-Scan] decode_rsn_wpa_ie: LOWI_ENCRYPTION_TYPE_WPA_PSK
11-05 02:39:19.410 1391 18490 D LOWI-9.0.0.87.a: [LOWI-Scan] is_qcom_ie, bss_age: 0
11-05 02:39:19.410 1391 18490 D LOWI-9.0.0.87.a: [LOWI-Scan] BSS 18:6f:2d:81:25:43 LOWI_PHY_MODE_11NG_HT20(5), Beacon Interval: 100, LOWI_ENCRYPTION_TYPE_WPA_PSK 11mcRanging: No, ANQP: No, LCI: No, Civic: No, capability(0x0531): ESS Privacy ShortPreamble SpectrumMgmt ShortSlotTime
11-05 02:39:19.410 1391 18490 D LOWI-9.0.0.87.a: [LOWI-Scan] BSS 18:6f:2d:81:25:43 FREQ: 2437, cFreq1[40:80:160] = [2437:0:0] cFreq2 = 0 Country Code = CN
11-05 02:39:19.410 1391 18490 D LOWI-9.0.0.87.a: [LOWI-Scan] BSS 18:6f:2d:81:25:43 (wlan0) ASSO: NO AddInfo: 0x0, TSF 0, 01:27:09.292, RSSI: -92, CPL: 127, AGE: 640, SSID ZXHY, TSFDelta: 0xbe9c6ac0, TXRate: 0
11-05 02:39:19.410 1391 18490 D LOWI-9.0.0.87.a: [LOWI-Scan]
11-05 02:39:19.410 1391 18490 D LOWI-9.0.0.87.a: [LOWI-Scan] print_bss_handler: Report Probe TSF 5229908124 as it greater than Beacon TSF 5229869823
11-05 02:39:19.410 1391 18490 D LOWI-9.0.0.87.a: [LOWI-Scan] is_qcom_ie, bss_age: 0
11-05 02:39:19.410 1391 18490 D LOWI-9.0.0.87.a: [LOWI-Scan] BSS 58:d9:d5:44:ba:d8 LOWI_PHY_MODE_11NG_HT20(5), Beacon Interval: 100, LOWI_ENCRYPTION_TYPE_OPEN 11mcRanging: No, ANQP: No, LCI: No, Civic: No, capability(0x0411): ESS Privacy ShortSlotTime
11-05 02:39:19.410 1391 18490 D LOWI-9.0.0.87.a: [LOWI-Scan] BSS 58:d9:d5:44:ba:d8 FREQ: 2472, cFreq1[40:80:160] = [0:0:0] cFreq2 = 0 Country Code =
11-05 02:39:19.410 1391 18490 D LOWI-9.0.0.87.a: [LOWI-Scan] BSS 58:d9:d5:44:ba:d8 (wlan0) ASSO: NO AddInfo: 0x0, TSF 0, 01:27:09.908, RSSI: -64, CPL: 127, AGE: 24, SSID TD, TSFDelta: 0xf9ad7d73, TXRate: 0
11-05 02:39:19.410 1391 18490 D LOWI-9.0.0.87.a: [LOWI-Scan]
11-05 02:39:19.410 1391 18490 D LOWI-9.0.0.87.a: [LOWI-Scan] print_bss_handler: Report Probe TSF 5229187962 as it greater than Beacon TSF 5223839960
11-05 02:39:19.410 1391 18490 D LOWI-9.0.0.87.a: [LOWI-Scan] is_qcom_ie, bss_age: 0
11-05 02:39:19.410 1391 18490 D LOWI-9.0.0.87.a: [LOWI-Scan] BSS 18:6f:2d:81:18:41 LOWI_PHY_MODE_11NG_HT20(5), Beacon Interval: 100, LOWI_ENCRYPTION_TYPE_OPEN 11mcRanging: No, ANQP: No, LCI: No, Civic: No, capability(0x0521): ESS ShortPreamble SpectrumMgmt ShortSlotTime
11-05 02:39:19.410 1391 18490 D LOWI-9.0.0.87.a: [LOWI-Scan] BSS 18:6f:2d:81:18:41 FREQ: 2432, cFreq1[40:80:160] = [2432:0:0] cFreq2 = 0 Country Code = CN
11-05 02:39:19.410 1391 18490 D LOWI-9.0.0.87.a: [LOWI-Scan] BSS 18:6f:2d:81:18:41 (wlan0) ASSO: NO AddInfo: 0x0, TSF 0, 01:27:09.187, RSSI: -118, CPL: 127, AGE: 748, SSID Guest, TSFDelta: 0xaf55e679, TXRate: 0
11-05 02:39:19.410 1391 18490 D LOWI-9.0.0.87.a: [LOWI-Scan]
11-05 02:39:19.410 1391 18490 D LOWI-9.0.0.87.a: [LOWI-Scan] print_bss_handler: Report Probe TSF 5229194109 as it greater than Beacon TSF 5223841973
11-05 02:39:19.410 1391 18490 D LOWI-9.0.0.87.a: [LOWI-Scan] decode_rsn_wpa_ie: LOWI_ENCRYPTION_TYPE_WPA_PSK
11-05 02:39:19.410 1391 18490 D LOWI-9.0.0.87.a: [LOWI-Scan] is_qcom_ie, bss_age: 0
11-05 02:39:19.410 1391 18490 D LOWI-9.0.0.87.a: [LOWI-Scan] BSS 18:6f:2d:81:18:44 LOWI_PHY_MODE_11NG_HT20(5), Beacon Interval: 100, LOWI_ENCRYPTION_TYPE_WPA_PSK 11mcRanging: No, ANQP: No, LCI: No, Civic: No, capability(0x0531): ESS Privacy ShortPreamble SpectrumMgmt ShortSlotTime
11-05 02:39:19.410 1391 18490 D LOWI-9.0.0.87.a: [LOWI-Scan] BSS 18:6f:2d:81:18:44 FREQ: 2432, cFreq1[40:80:160] = [2432:0:0] cFreq2 = 0 Country Code = CN
11-05 02:39:19.411 1391 18490 D LOWI-9.0.0.87.a: [LOWI-Scan] BSS 18:6f:2d:81:18:44 (wlan0) ASSO: NO AddInfo: 0x0, TSF 0, 01:27:09.194, RSSI: -114, CPL: 127, AGE: 740, SSID Fanya, TSFDelta: 0xaf80c822, TXRate: 0
11-05 02:39:19.411 1391 18490 D LOWI-9.0.0.87.a: [LOWI-Scan]
11-05 02:39:19.411 1391 18490 D LOWI-9.0.0.87.a: [LOWI-Scan] print_bss_handler: Report Probe TSF 5229148358 as it greater than Beacon TSF 5223842092
11-05 02:39:19.411 1391 18490 D LOWI-9.0.0.87.a: [LOWI-Scan] is_qcom_ie, bss_age: 0
11-05 02:39:19.411 1391 18490 D LOWI-9.0.0.87.a: [LOWI-Scan] BSS 18:6f:2d:81:18:45 LOWI_PHY_MODE_11NG_HT20(5), Beacon Interval: 100, LOWI_ENCRYPTION_TYPE_OPEN 11mcRanging: No, ANQP: No, LCI: No, Civic: No, capability(0x0521): ESS ShortPreamble SpectrumMgmt ShortSlotTime
11-05 02:39:19.411 1391 18490 D LOWI-9.0.0.87.a: [LOWI-Scan] BSS 18:6f:2d:81:18:45 FREQ: 2432, cFreq1[40:80:160] = [2432:0:0] cFreq2 = 0 Country Code = CN
11-05 02:39:19.411 1391 18490 D LOWI-9.0.0.87.a: [LOWI-Scan] BSS 18:6f:2d:81:18:45 (wlan0) ASSO: NO AddInfo: 0x0, TSF 0, 01:27:09.148, RSSI: -114, CPL: 127, AGE: 796, SSID IT, TSFDelta: 0xae33d0b9, TXRate: 0
11-05 02:39:19.411 1391 18490 D LOWI-9.0.0.87.a: [LOWI-Scan]
11-05 02:39:19.411 1391 18490 D LOWI-9.0.0.87.a: [LOWI-Scan] print_bss_handler: Report Probe TSF 5229186795 as it greater than Beacon TSF 5223839898
11-05 02:39:19.411 1391 18490 D LOWI-9.0.0.87.a: [LOWI-Scan] decode_rsn_wpa_ie: LOWI_ENCRYPTION_TYPE_WPA_PSK
11-05 02:39:19.411 1391 18490 D LOWI-9.0.0.87.a: [LOWI-Scan] is_qcom_ie, bss_age: 0
11-05 02:39:19.411 1391 18490 D LOWI-9.0.0.87.a: [LOWI-Scan] BSS 18:6f:2d:81:18:40 LOWI_PHY_MODE_11NG_HT20(5), Beacon Interval: 100, LOWI_ENCRYPTION_TYPE_WPA_PSK 11mcRanging: No, ANQP: No, LCI: No, Civic: No, capability(0x0531): ESS Privacy ShortPreamble SpectrumMgmt ShortSlotTime
11-05 02:39:19.411 1391 18490 D LOWI-9.0.0.87.a: [LOWI-Scan] BSS 18:6f:2d:81:18:40 FREQ: 2432, cFreq1[40:80:160] = [2432:0:0] cFreq2 = 0 Country Code = CN
11-05 02:39:19.411 1391 18490 D LOWI-9.0.0.87.a: [LOWI-Scan] BSS 18:6f:2d:81:18:40 (wlan0) ASSO: NO AddInfo: 0x0, TSF 0, 01:27:09.186, RSSI: -110, CPL: 127, AGE: 760, SSID Testing , TSFDelta: 0xaf4cd2aa, TXRate: 0
11-05 02:39:19.411 1391 18490 D LOWI-9.0.0.87.a: [LOWI-Scan]
11-05 02:39:19.411 1391 18490 D LOWI-9.0.0.87.a: [LOWI-Scan] print_bss_handler: Report Probe TSF 5229146189 as it greater than Beacon TSF 5223840000
11-05 02:39:19.411 1391 18490 D LOWI-9.0.0.87.a: [LOWI-Scan] decode_rsn_wpa_ie: LOWI_ENCRYPTION_TYPE_WPA_PSK
11-05 02:39:19.411 1391 18490 D LOWI-9.0.0.87.a: [LOWI-Scan] is_qcom_ie, bss_age: 0
11-05 02:39:19.411 1391 18490 D LOWI-9.0.0.87.a: [LOWI-Scan] BSS 18:6f:2d:81:18:42 LOWI_PHY_MODE_11NG_HT20(5), Beacon Interval: 100, LOWI_ENCRYPTION_TYPE_WPA_PSK 11mcRanging: No, ANQP: No, LCI: No, Civic: No, capability(0x0531): ESS Privacy ShortPreamble SpectrumMgmt ShortSlotTime
11-05 02:39:19.411 1391 18490 D LOWI-9.0.0.87.a: [LOWI-Scan] BSS 18:6f:2d:81:18:42 FREQ: 2432, cFreq1[40:80:160] = [2432:0:0] cFreq2 = 0 Country Code = CN
11-05 02:39:19.411 1391 18490 D LOWI-9.0.0.87.a: [LOWI-Scan] BSS 18:6f:2d:81:18:42 (wlan0) ASSO: NO AddInfo: 0x0, TSF 0, 01:27:09.146, RSSI: -114, CPL: 127, AGE: 800, SSID ThunderSoft_2.4G, TSFDelta: 0xae232a34, TXRate: 0
11-05 02:39:19.411 1391 18490 D LOWI-9.0.0.87.a: [LOWI-Scan]
11-05 02:39:19.411 1391 18490 D LOWI-9.0.0.87.a: [LOWI-Scan] print_bss_handler: Report Probe TSF 5229193388 as it greater than Beacon TSF 5223841862
11-05 02:39:19.412 1391 18490 D LOWI-9.0.0.87.a: [LOWI-Scan] decode_rsn_wpa_ie: LOWI_ENCRYPTION_TYPE_WPA_PSK
11-05 02:39:19.412 1391 18490 D LOWI-9.0.0.87.a: [LOWI-Scan] is_qcom_ie, bss_age: 0
11-05 02:39:19.412 1391 18490 D LOWI-9.0.0.87.a: [LOWI-Scan] BSS 18:6f:2d:81:18:43 LOWI_PHY_MODE_11NG_HT20(5), Beacon Interval: 100, LOWI_ENCRYPTION_TYPE_WPA_PSK 11mcRanging: No, ANQP: No, LCI: No, Civic: No, capability(0x0531): ESS Privacy ShortPreamble SpectrumMgmt ShortSlotTime
11-05 02:39:19.412 1391 18490 D LOWI-9.0.0.87.a: [LOWI-Scan] BSS 18:6f:2d:81:18:43 FREQ: 2432, cFreq1[40:80:160] = [2432:0:0] cFreq2 = 0 Country Code = CN
11-05 02:39:19.412 1391 18490 D LOWI-9.0.0.87.a: [LOWI-Scan] BSS 18:6f:2d:81:18:43 (wlan0) ASSO: NO AddInfo: 0x0, TSF 0, 01:27:09.193, RSSI: -116, CPL: 127, AGE: 752, SSID ZXHY, TSFDelta: 0xaf7b9414, TXRate: 0
11-05 02:39:19.412 1391 18490 D LOWI-9.0.0.87.a: [LOWI-Scan]
11-05 02:39:19.412 1391 18490 D LOWI-9.0.0.87.a: [LOWI-Scan] print_bss_handler: Report beacon TSF 5229445713 as it greater than probe TSF 5229405170
11-05 02:39:19.412 1391 18490 D LOWI-9.0.0.87.a: [LOWI-Scan] decode_rsn_wpa_ie: LOWI_ENCRYPTION_TYPE_WPA_PSK
11-05 02:39:19.412 1391 18490 D LOWI-9.0.0.87.a: [LOWI-Scan] is_qcom_ie, bss_age: 0
11-05 02:39:19.412 1391 18490 D LOWI-9.0.0.87.a: [LOWI-Scan] BSS 18:6f:2d:81:16:f4 LOWI_PHY_MODE_11AC_VHT20(8), Beacon Interval: 100, LOWI_ENCRYPTION_TYPE_WPA_PSK 11mcRanging: No, ANQP: No, LCI: No, Civic: No, capability(0x0111): ESS Privacy SpectrumMgmt
11-05 02:39:19.412 1391 18490 D LOWI-9.0.0.87.a: [LOWI-Scan] BSS 18:6f:2d:81:16:f4 FREQ: 5280, cFreq1[40:80:160] = [5280:0:0] cFreq2 = 0 Country Code = CN
11-05 02:39:19.412 1391 18490 D LOWI-9.0.0.87.a: [LOWI-Scan] BSS 18:6f:2d:81:16:f4 (wlan0) ASSO: NO AddInfo: 0x1, TSF 0, 01:27:09.445, RSSI: -136, CPL: 127, AGE: 500, SSID ThunderSoft, TSFDelta: 0xd602b39e, TXRate: 0
11-05 02:39:19.414 1391 18490 D LOWI-9.0.0.87.a: [LOWI-Scan]
11-05 02:39:19.414 1391 18490 D LOWI-9.0.0.87.a: [LOWI-Scan] print_bss_handler: Report beacon TSF 5229310096 as it greater than probe TSF 5229288576
11-05 02:39:19.414 1391 18490 D LOWI-9.0.0.87.a: [LOWI-Scan] decode_rsn_wpa_ie: LOWI_ENCRYPTION_TYPE_WPA_PSK
11-05 02:39:19.414 1391 18490 D LOWI-9.0.0.87.a: [LOWI-Scan] is_qcom_ie, bss_age: 0
11-05 02:39:19.414 1391 18490 D LOWI-9.0.0.87.a: [LOWI-Scan] BSS 18:6f:2d:81:25:42 LOWI_PHY_MODE_11NG_HT20(5), Beacon Interval: 100, LOWI_ENCRYPTION_TYPE_WPA_PSK 11mcRanging: No, ANQP: No, LCI: No, Civic: No, capability(0x0531): ESS Privacy ShortPreamble SpectrumMgmt ShortSlotTime
11-05 02:39:19.414 1391 18490 D LOWI-9.0.0.87.a: [LOWI-Scan] BSS 18:6f:2d:81:25:42 FREQ: 2437, cFreq1[40:80:160] = [2437:0:0] cFreq2 = 0 Country Code = CN
11-05 02:39:19.414 1391 18490 D LOWI-9.0.0.87.a: [LOWI-Scan] BSS 18:6f:2d:81:25:42 (wlan0) ASSO: NO AddInfo: 0x1, TSF 0, 01:27:09.310, RSSI: -90, CPL: 127, AGE: 636, SSID ThunderSoft_2.4G, TSFDelta: 0xbe8b1b6c, TXRate: 0
11-05 02:39:19.414 1391 18490 D LOWI-9.0.0.87.a: [LOWI-Scan]
