11-05 02:15:15.183 1934 1934 I sysui_multi_action: [757,925,758,4,759,126,927,0,928,0,1592,0,1593,1]
11-05 02:15:15.225 1511 4731 D TelephonyRegistry: listen oscl: mHasNotifySubscriptionInfoChangedOccurred==false no callback
11-05 02:15:15.229 1934 1934 W CarrierConfigManager: Error getting config for subId -1 ICarrierConfigLoader is null
11-05 02:15:15.254 1511 1603 I input_focus: [Focus request 8974bb6 InternetDialog,reason=UpdateInputWindows]
11-05 02:15:15.270 1511 1687 I input_focus: [Focus leaving eefcbb2 NotificationShade (server),reason=setFocusedWindow]
11-05 02:15:15.270 1511 1687 I input_focus: [Focus entering 8974bb6 InternetDialog (server),reason=setFocusedWindow]
11-05 02:15:15.767 0 0 I auditd : type=1400 audit(0.0:4222): avc: denied { kill } for comm="swapper/0" capability=5 scontext=u:r:kernel:s0 tcontext=u:r:kernel:s0 tclass=capability permissive=0
11-05 02:15:16.387 1511 1687 I input_interaction: Interaction with: 8974bb6 InternetDialog (server), edge-swipe (server), swipe-up (server), PointerEventDispatcher0 (server),
11-05 02:15:16.709 1511 1669 I commit_sys_config_file: [settings-0-0,11]
11-05 02:15:16.767 352 352 I auditd : type=1400 audit(0.0:4223): avc: denied { kill } for comm="irq/382-atmel_m" capability=5 scontext=u:r:kernel:s0 tcontext=u:r:kernel:s0 tclass=capability permissive=0
11-05 02:15:17.767 9 9 I auditd : type=1400 audit(0.0:4224): avc: denied { kill } for comm="ksoftirqd/0" capability=5 scontext=u:r:kernel:s0 tcontext=u:r:kernel:s0 tclass=capability permissive=0
11-05 02:15:18.017 15403 15403 I sysui_multi_action: [757,853,758,4,854,null/switch_bar,1089,1]
11-05 02:15:19.221 1391 15851 I liblog : 392
11-05 02:15:20.982 1511 1749 I netstats_mobile_sample: [0,0,0,0,0,0,0,0,0,0,0,0,1667585720982]
11-05 02:15:20.983 1511 1749 I netstats_wifi_sample: [10241848,27213,11531114,31727,10241848,27213,11531114,31727,17425975,81704,5820337,16651,1667585720982]
11-05 02:15:21.094 1511 1749 I netstats_mobile_sample: [0,0,0,0,0,0,0,0,0,0,0,0,1667585721093]
11-05 02:15:21.094 1511 1749 I netstats_wifi_sample: [10241848,27213,11531114,31727,10241848,27213,11531114,31727,17425975,81704,5820337,16651,1667585721093]
11-05 02:15:21.102 1511 1749 I netstats_mobile_sample: [0,0,0,0,0,0,0,0,0,0,0,0,1667585721102]
11-05 02:15:21.103 1511 1749 I netstats_wifi_sample: [10241848,27213,11531114,31727,10241848,27213,11531114,31727,17425975,81704,5820337,16651,1667585721102]
11-05 02:15:21.125 1511 1749 I netstats_mobile_sample: [0,0,0,0,0,0,0,0,0,0,0,0,1667585721124]
11-05 02:15:21.125 1511 1749 I netstats_wifi_sample: [10241848,27213,11531114,31727,10241848,27213,11531114,31727,17425975,81704,5820337,16651,1667585721124]
11-05 02:15:21.142 1511 1749 I netstats_mobile_sample: [0,0,0,0,0,0,0,0,0,0,0,0,1667585721142]
11-05 02:15:21.142 1511 1749 I netstats_wifi_sample: [10241848,27213,11531174,31728,10241848,27213,11531174,31728,17425975,81704,5820397,16652,1667585721142]
11-05 02:15:21.767 0 0 I auditd : type=1400 audit(0.0:4225): avc: denied { kill } for comm="swapper/0" capability=5 scontext=u:r:kernel:s0 tcontext=u:r:kernel:s0 tclass=capability permissive=0
11-05 02:15:22.739 1511 1609 I am_uid_idle: 10043
11-05 02:15:22.767 0 0 I auditd : type=1400 audit(0.0:4226): avc: denied { kill } for comm="swapper/0" capability=5 scontext=u:r:kernel:s0 tcontext=u:r:kernel:s0 tclass=capability permissive=0
11-05 02:15:23.767 352 352 I auditd : type=1400 audit(0.0:4227): avc: denied { kill } for comm="irq/382-atmel_m" capability=5 scontext=u:r:kernel:s0 tcontext=u:r:kernel:s0 tclass=capability permissive=0
11-05 02:15:24.767 0 0 I auditd : type=1400 audit(0.0:4228): avc: denied { kill } for comm="swapper/0" capability=5 scontext=u:r:kernel:s0 tcontext=u:r:kernel:s0 tclass=capability permissive=0
11-05 02:15:25.767 288 288 I auditd : type=1400 audit(0.0:4229): avc: denied { kill } for comm="kgsl_worker_thr" capability=5 scontext=u:r:kernel:s0 tcontext=u:r:kernel:s0 tclass=capability permissive=0
11-05 02:15:25.906 1511 1669 I commit_sys_config_file: [settings-0-0,6]
11-05 02:15:26.011 842 842 I auditd : type=1400 audit(0.0:4230): avc: denied { search } for comm="wifi@1.0-servic" name="tombstones" dev="dm-10" ino=36 scontext=u:r:hal_wifi_default:s0 tcontext=u:object_r:vendor_tombstone_data_file:s0 tclass=dir permissive=0
11-05 02:15:26.054 1511 1749 I netstats_mobile_sample: [0,0,0,0,0,0,0,0,0,0,0,0,1667585726054]
11-05 02:15:26.054 1511 1749 I netstats_wifi_sample: [10250195,27238,11539226,31766,10250195,27238,11539226,31766,17474593,81842,5824811,16676,1667585726054]
11-05 02:15:26.102 15403 15403 I sysui_multi_action: [757,853,758,4,854,null/switch_bar,1089,0]
11-05 02:15:26.162 1511 2001 I ntp_failure: [time.android.com,java.net.UnknownHostException: Unable to resolve host "time.android.com": No address associated with hostname]
11-05 02:15:26.767 0 0 I auditd : type=1400 audit(0.0:4231): avc: denied { kill } for comm="swapper/0" capability=5 scontext=u:r:kernel:s0 tcontext=u:r:kernel:s0 tclass=capability permissive=0
11-05 02:15:27.767 0 0 I auditd : type=1400 audit(0.0:4232): avc: denied { kill } for comm="swapper/0" capability=5 scontext=u:r:kernel:s0 tcontext=u:r:kernel:s0 tclass=capability permissive=0
11-05 02:15:28.652 1511 1669 I commit_sys_config_file: [settings-0-0,3]
11-05 02:15:28.893 15403 15403 I sysui_multi_action: [757,853,758,4,854,null/switch_bar,1089,1]
11-05 02:15:29.767 0 0 I auditd : type=1400 audit(0.0:4233): avc: denied { kill } for comm="swapper/1" capability=5 scontext=u:r:kernel:s0 tcontext=u:r:kernel:s0 tclass=capability permissive=0
11-05 02:15:30.117 1391 15888 I liblog : 10
11-05 02:15:30.141 1391 15888 I liblog : 496
11-05 02:15:30.767 0 0 I auditd : type=1400 audit(0.0:4234): avc: denied { kill } for comm="swapper/1" capability=5 scontext=u:r:kernel:s0 tcontext=u:r:kernel:s0 tclass=capability permissive=0
11-05 02:15:30.979 1511 1603 I input_focus: [Focus request eefcbb2 NotificationShade,reason=UpdateInputWindows]
11-05 02:15:30.995 1511 4179 I wm_task_created: [112,-1]
11-05 02:15:30.997 1511 4179 I wm_task_moved: [112,1,7]
11-05 02:15:30.997 1511 4179 I wm_task_to_front: [0,112]
11-05 02:15:30.998 1511 4179 I wm_create_task: [0,112]
11-05 02:15:30.998 1511 4179 I wm_create_activity: [0,55711865,112,com.android.settings/.Settings$WifiDetailsSettingsActivity,android.settings.WIFI_DETAILS_SETTINGS,NULL,NULL,335544320]
11-05 02:15:30.998 1511 4179 I wm_task_moved: [112,1,7]
11-05 02:15:30.998 15403 15403 I wm_on_top_resumed_lost_called: [187377552,com.android.settings.Settings,topStateChangedWhenResumed]
11-05 02:15:31.000 1511 4179 I wm_pause_activity: [0,187377552,com.android.settings/.Settings,userLeaving=true,pauseBackTasks]
11-05 02:15:31.005 1511 1687 I input_focus: [Focus entering eefcbb2 NotificationShade (server),reason=setFocusedWindow]
11-05 02:15:31.009 15403 15403 I sysui_multi_action: [757,35,758,2,1089,25558]
11-05 02:15:31.011 15403 15403 I sysui_multi_action: [757,103,758,2,1089,19169]
11-05 02:15:31.013 1511 1603 I input_focus: [Focus request db65f69 com.android.settings/com.android.settings.Settings,reason=UpdateInputWindows]
11-05 02:15:31.015 15403 15403 I wm_on_paused_called: [187377552,com.android.settings.Settings,performPause]
11-05 02:15:31.023 1511 1687 I input_focus: [Focus leaving eefcbb2 NotificationShade (server),reason=NOT_FOCUSABLE]
11-05 02:15:31.023 1511 1687 I input_focus: [Focus entering db65f69 com.android.settings/com.android.settings.Settings (server),reason=setFocusedWindow]
11-05 02:15:31.023 1511 2436 I wm_add_to_stopping: [0,187377552,com.android.settings/.Settings,makeInvisible]
11-05 02:15:31.025 1511 2436 I wm_restart_activity: [0,55711865,112,com.android.settings/.Settings$WifiDetailsSettingsActivity]
11-05 02:15:31.027 1511 2436 I wm_set_resumed_activity: [0,com.android.settings/.Settings$WifiDetailsSettingsActivity,minimalResumeActivityLocked]
11-05 02:15:31.046 1511 1602 I sysui_multi_action: [757,803,799,window_time_0,802,26]
11-05 02:15:31.053 1511 1687 I input_focus: [Focus leaving db65f69 com.android.settings/com.android.settings.Settings (server),reason=NO_WINDOW]
11-05 02:15:31.056 1511 1608 I am_pss : [15403,1000,com.android.settings,86540288,74665984,0,222662656,0,2,10]
11-05 02:15:31.078 1511 4193 I wm_task_moved: [111,1,7]
11-05 02:15:31.078 1511 4193 I wm_task_to_front: [0,111]
11-05 02:15:31.079 1511 4193 I wm_focused_root_task: [0,0,111,112,bringingFoundTaskToFront]
11-05 02:15:31.079 1511 4193 I wm_set_resumed_activity: [0,com.android.settings/.Settings,bringingFoundTaskToFront]
11-05 02:15:31.079 1511 4193 I wm_new_intent: [0,187377552,111,com.android.settings/.Settings,android.intent.action.MAIN,NULL,NULL,270532608]
11-05 02:15:31.080 1511 4193 I wm_pause_activity: [0,55711865,com.android.settings/.Settings$WifiDetailsSettingsActivity,userLeaving=true,pauseBackTasks]
11-05 02:15:31.085 1511 4179 I wm_finish_activity: [0,55711865,112,com.android.settings/.Settings$WifiDetailsSettingsActivity,app-request]
11-05 02:15:31.085 15403 15403 I wm_on_create_called: [55711865,com.android.settings.Settings$WifiDetailsSettingsActivity,performCreate]
11-05 02:15:31.090 1511 4179 I wm_add_to_stopping: [0,55711865,com.android.settings/.Settings$WifiDetailsSettingsActivity,completeFinishing]
11-05 02:15:31.092 1511 4179 I wm_set_resumed_activity: [0,com.android.settings/.Settings,resumeTopActivityInnerLocked]
11-05 02:15:31.093 1511 4179 I wm_resume_activity: [0,187377552,111,com.android.settings/.Settings]
11-05 02:15:31.113 1511 1602 I sysui_multi_action: [757,803,799,window_time_0,802,0]
11-05 02:15:31.115 1511 1603 I input_focus: [Focus request db65f69 com.android.settings/com.android.settings.Settings,reason=UpdateInputWindows]
11-05 02:15:31.121 1511 1687 I input_focus: [Focus entering db65f69 com.android.settings/com.android.settings.Settings (server),reason=Window became focusable. Previous reason: NO_WINDOW]
11-05 02:15:31.134 15403 15403 I wm_on_resume_called: [187377552,com.android.settings.Settings,RESUME_ACTIVITY]
11-05 02:15:31.136 15403 15403 I sysui_multi_action: [757,35,758,1,833,0,1089,0]
11-05 02:15:31.138 15403 15403 I sysui_multi_action: [757,103,758,1,833,0,1089,0]
11-05 02:15:31.140 15403 15403 I wm_on_top_resumed_gained_called: [187377552,com.android.settings.Settings,topWhenResuming]
11-05 02:15:31.356 1934 1934 I sysui_multi_action: [757,111,758,2]
11-05 02:15:31.356 1511 1511 I notification_enqueue: [10082,1934,com.android.systemui,2048,NULL,0,Notification(channel=updateNotification shortcut=null contentView=null vibrate=null sound=null defaults=0x0 flags=0x0 color=0x00000000 vis=PRIVATE),1]
11-05 02:15:31.356 1934 1934 I sysui_multi_action: [757,111,758,2]
11-05 02:15:31.360 1934 1934 I sysui_multi_action: [757,111,758,1]
11-05 02:15:31.361 1934 1934 I sysui_multi_action: [757,126,758,1,759,126,927,0,928,1,1593,0]
11-05 02:15:31.361 1934 1934 I sysui_multi_action: [757,113,758,1,759,113,927,1,928,1,1593,0]
11-05 02:15:31.361 1934 1934 I sysui_multi_action: [757,0,758,1,759,0,927,2,928,0,1593,0]
11-05 02:15:31.361 1934 1934 I sysui_multi_action: [757,0,758,1,759,0,927,3,928,0,1593,0]
11-05 02:15:31.362 1934 1934 I sysui_multi_action: [757,491,758,1,759,491,927,4,928,0,1311,-1,1593,0]
11-05 02:15:31.362 1934 1934 I sysui_multi_action: [757,0,758,1,759,0,927,5,928,0,1593,0]
11-05 02:15:31.362 1934 1934 I sysui_multi_action: [757,111,758,1]
11-05 02:15:31.362 1934 1934 I sysui_multi_action: [757,126,758,1,759,126,927,0,928,1,1593,0]
11-05 02:15:31.362 1934 1934 I sysui_multi_action: [757,113,758,1,759,113,927,1,928,1,1593,1]
11-05 02:15:31.362 1934 1934 I sysui_multi_action: [757,0,758,1,759,0,927,2,928,0,1593,1]
11-05 02:15:31.363 1934 1934 I sysui_multi_action: [757,0,758,1,759,0,927,3,928,0,1593,1]
11-05 02:15:31.376 1934 1934 I sysui_multi_action: [757,111,758,2]
11-05 02:15:31.376 1511 1511 I notification_enqueue: [10082,1934,com.android.systemui,2048,NULL,0,Notification(channel=updateNotification shortcut=null contentView=null vibrate=null sound=null defaults=0x0 flags=0x0 color=0x00000000 vis=PRIVATE),1]
11-05 02:15:31.376 1934 1934 I sysui_multi_action: [757,111,758,2]
11-05 02:15:31.380 1934 1934 I sysui_multi_action: [757,111,758,1]
11-05 02:15:31.381 1934 1934 I sysui_multi_action: [757,126,758,1,759,126,927,0,928,1,1593,1]
11-05 02:15:31.381 1934 1934 I sysui_multi_action: [757,113,758,1,759,113,927,1,928,1,1593,1]
11-05 02:15:31.381 1934 1934 I sysui_multi_action: [757,0,758,1,759,0,927,2,928,0,1593,1]
11-05 02:15:31.381 1934 1934 I sysui_multi_action: [757,0,758,1,759,0,927,3,928,0,1593,1]
11-05 02:15:31.381 1934 1934 I sysui_multi_action: [757,491,758,1,759,491,927,4,928,0,1311,-1,1593,1]
11-05 02:15:31.381 1934 1934 I sysui_multi_action: [757,0,758,1,759,0,927,5,928,0,1593,1]
11-05 02:15:31.381 1934 1934 I sysui_multi_action: [757,111,758,1]
11-05 02:15:31.382 1934 1934 I sysui_multi_action: [757,126,758,1,759,126,927,0,928,1,1593,1]
11-05 02:15:31.382 1934 1934 I sysui_multi_action: [757,113,758,1,759,113,927,1,928,1,1593,0]
11-05 02:15:31.382 1934 1934 I sysui_multi_action: [757,0,758,1,759,0,927,2,928,0,1593,0]
11-05 02:15:31.382 1934 1934 I sysui_multi_action: [757,0,758,1,759,0,927,3,928,0,1593,0]
11-05 02:15:31.395 1934 1934 I sysui_multi_action: [757,111,758,2]
11-05 02:15:31.395 1511 1511 I notification_enqueue: [10082,1934,com.android.systemui,2048,NULL,0,Notification(channel=updateNotification shortcut=null contentView=null vibrate=null sound=null defaults=0x0 flags=0x0 color=0x00000000 vis=PRIVATE),1]
11-05 02:15:31.395 1934 1934 I sysui_multi_action: [757,111,758,2]
11-05 02:15:31.399 1934 1934 I sysui_multi_action: [757,111,758,1]
11-05 02:15:31.399 1934 1934 I sysui_multi_action: [757,126,758,1,759,126,927,0,928,1,1593,1]
11-05 02:15:31.399 1934 1934 I sysui_multi_action: [757,113,758,1,759,113,927,1,928,1,1593,1]
11-05 02:15:31.399 1934 1934 I sysui_multi_action: [757,0,758,1,759,0,927,2,928,0,1593,1]
11-05 02:15:31.399 1934 1934 I sysui_multi_action: [757,0,758,1,759,0,927,3,928,0,1593,1]
11-05 02:15:31.400 1934 1934 I sysui_multi_action: [757,491,758,1,759,491,927,4,928,0,1311,-1,1593,0]
11-05 02:15:31.400 1934 1934 I sysui_multi_action: [757,0,758,1,759,0,927,5,928,0,1593,0]
11-05 02:15:31.400 1934 1934 I sysui_multi_action: [757,111,758,1]
11-05 02:15:31.400 1934 1934 I sysui_multi_action: [757,126,758,1,759,126,927,0,928,1,1593,1]
11-05 02:15:31.400 1934 1934 I sysui_multi_action: [757,113,758,1,759,113,927,1,928,1,1593,1]
11-05 02:15:31.400 1934 1934 I sysui_multi_action: [757,0,758,1,759,0,927,2,928,0,1593,1]
11-05 02:15:31.400 1934 1934 I sysui_multi_action: [757,0,758,1,759,0,927,3,928,0,1593,1]
11-05 02:15:31.410 1934 1934 I sysui_multi_action: [757,111,758,2]
11-05 02:15:31.410 1511 1511 I notification_enqueue: [10082,1934,com.android.systemui,2048,NULL,0,Notification(channel=updateNotification shortcut=null contentView=null vibrate=null sound=null defaults=0x0 flags=0x0 color=0x00000000 vis=PRIVATE),1]
11-05 02:15:31.410 1934 1934 I sysui_multi_action: [757,111,758,2]
11-05 02:15:31.414 1934 1934 I sysui_multi_action: [757,111,758,1]
11-05 02:15:31.414 1934 1934 I sysui_multi_action: [757,126,758,1,759,126,927,0,928,1,1593,1]
11-05 02:15:31.414 1934 1934 I sysui_multi_action: [757,113,758,1,759,113,927,1,928,1,1593,1]
11-05 02:15:31.414 1934 1934 I sysui_multi_action: [757,0,758,1,759,0,927,2,928,0,1593,1]
11-05 02:15:31.414 1934 1934 I sysui_multi_action: [757,0,758,1,759,0,927,3,928,0,1593,1]
11-05 02:15:31.414 1934 1934 I sysui_multi_action: [757,491,758,1,759,491,927,4,928,0,1311,-1,1593,0]
11-05 02:15:31.414 1934 1934 I sysui_multi_action: [757,0,758,1,759,0,927,5,928,0,1593,0]
11-05 02:15:31.414 1934 1934 I sysui_multi_action: [757,111,758,1]
11-05 02:15:31.415 1934 1934 I sysui_multi_action: [757,126,758,1,759,126,927,0,928,1,1593,1]
11-05 02:15:31.415 1934 1934 I sysui_multi_action: [757,113,758,1,759,113,927,1,928,1,1593,1]
11-05 02:15:31.415 1934 1934 I sysui_multi_action: [757,0,758,1,759,0,927,2,928,0,1593,1]
11-05 02:15:31.415 1934 1934 I sysui_multi_action: [757,0,758,1,759,0,927,3,928,0,1593,1]
11-05 02:15:31.423 1934 1934 I sysui_multi_action: [757,111,758,2]
11-05 02:15:31.423 1934 1934 I sysui_multi_action: [757,111,758,2]
11-05 02:15:31.424 1511 1511 I notification_enqueue: [10082,1934,com.android.systemui,2048,NULL,0,Notification(channel=updateNotification shortcut=null contentView=null vibrate=null sound=null defaults=0x0 flags=0x0 color=0x00000000 vis=PRIVATE),1]
11-05 02:15:31.426 1934 1934 I sysui_multi_action: [757,111,758,1]
11-05 02:15:31.426 1934 1934 I sysui_multi_action: [757,126,758,1,759,126,927,0,928,1,1593,0]
11-05 02:15:31.427 1934 1934 I sysui_multi_action: [757,113,758,1,759,113,927,1,928,1,1593,0]
11-05 02:15:31.427 1934 1934 I sysui_multi_action: [757,0,758,1,759,0,927,2,928,0,1593,0]
11-05 02:15:31.427 1934 1934 I sysui_multi_action: [757,0,758,1,759,0,927,3,928,0,1593,0]
11-05 02:15:31.427 1934 1934 I sysui_multi_action: [757,491,758,1,759,491,927,4,928,0,1311,-1,1593,0]
11-05 02:15:31.427 1934 1934 I sysui_multi_action: [757,0,758,1,759,0,927,5,928,0,1593,0]
11-05 02:15:31.427 1934 1934 I sysui_multi_action: [757,111,758,1]
11-05 02:15:31.427 1934 1934 I sysui_multi_action: [757,126,758,1,759,126,927,0,928,1,1593,1]
11-05 02:15:31.427 1934 1934 I sysui_multi_action: [757,113,758,1,759,113,927,1,928,1,1593,1]
11-05 02:15:31.427 1934 1934 I sysui_multi_action: [757,0,758,1,759,0,927,2,928,0,1593,1]
11-05 02:15:31.428 1934 1934 I sysui_multi_action: [757,0,758,1,759,0,927,3,928,0,1593,1]
11-05 02:15:31.438 1934 1934 I sysui_multi_action: [757,111,758,2]
11-05 02:15:31.438 1934 1934 I sysui_multi_action: [757,111,758,2]
11-05 02:15:31.438 1511 1511 I notification_enqueue: [10082,1934,com.android.systemui,2048,NULL,0,Notification(channel=updateNotification shortcut=null contentView=null vibrate=null sound=null defaults=0x0 flags=0x0 color=0x00000000 vis=PRIVATE),1]
11-05 02:15:31.441 1934 1934 I sysui_multi_action: [757,111,758,1]
11-05 02:15:31.441 1934 1934 I sysui_multi_action: [757,126,758,1,759,126,927,0,928,1,1593,1]
11-05 02:15:31.441 1934 1934 I sysui_multi_action: [757,113,758,1,759,113,927,1,928,1,1593,1]
11-05 02:15:31.441 1934 1934 I sysui_multi_action: [757,0,758,1,759,0,927,2,928,0,1593,1]
11-05 02:15:31.441 1934 1934 I sysui_multi_action: [757,0,758,1,759,0,927,3,928,0,1593,1]
11-05 02:15:31.441 1934 1934 I sysui_multi_action: [757,491,758,1,759,491,927,4,928,0,1311,-1,1593,0]
11-05 02:15:31.442 1934 1934 I sysui_multi_action: [757,0,758,1,759,0,927,5,928,0,1593,0]
11-05 02:15:31.442 1934 1934 I sysui_multi_action: [757,111,758,1]
11-05 02:15:31.442 1934 1934 I sysui_multi_action: [757,126,758,1,759,126,927,0,928,1,1593,1]
11-05 02:15:31.442 1934 1934 I sysui_multi_action: [757,113,758,1,759,113,927,1,928,1,1593,1]
11-05 02:15:31.442 1934 1934 I sysui_multi_action: [757,0,758,1,759,0,927,2,928,0,1593,1]
11-05 02:15:31.442 1934 1934 I sysui_multi_action: [757,0,758,1,759,0,927,3,928,0,1593,1]
11-05 02:15:31.454 1934 1934 I sysui_multi_action: [757,111,758,2]
11-05 02:15:31.454 1934 1934 I sysui_multi_action: [757,111,758,2]
11-05 02:15:31.454 1511 1511 I notification_enqueue: [10082,1934,com.android.systemui,2048,NULL,0,Notification(channel=updateNotification shortcut=null contentView=null vibrate=null sound=null defaults=0x0 flags=0x0 color=0x00000000 vis=PRIVATE),1]
11-05 02:15:31.457 1934 1934 I sysui_multi_action: [757,111,758,1]
11-05 02:15:31.457 1934 1934 I sysui_multi_action: [757,126,758,1,759,126,927,0,928,1,1593,1]
11-05 02:15:31.457 1934 1934 I sysui_multi_action: [757,113,758,1,759,113,927,1,928,1,1593,1]
11-05 02:15:31.457 1934 1934 I sysui_multi_action: [757,0,758,1,759,0,927,2,928,0,1593,1]
11-05 02:15:31.457 1934 1934 I sysui_multi_action: [757,0,758,1,759,0,927,3,928,0,1593,1]
11-05 02:15:31.457 1934 1934 I sysui_multi_action: [757,491,758,1,759,491,927,4,928,0,1311,-1,1593,0]
11-05 02:15:31.457 1934 1934 I sysui_multi_action: [757,0,758,1,759,0,927,5,928,0,1593,0]
11-05 02:15:31.458 1934 1934 I sysui_multi_action: [757,111,758,1]
11-05 02:15:31.458 1934 1934 I sysui_multi_action: [757,126,758,1,759,126,927,0,928,1,1593,1]
11-05 02:15:31.458 1934 1934 I sysui_multi_action: [757,113,758,1,759,113,927,1,928,1,1593,1]
11-05 02:15:31.458 1934 1934 I sysui_multi_action: [757,0,758,1,759,0,927,2,928,0,1593,1]
11-05 02:15:31.458 1934 1934 I sysui_multi_action: [757,0,758,1,759,0,927,3,928,0,1593,1]
11-05 02:15:31.471 1934 1934 I sysui_multi_action: [757,111,758,2]
11-05 02:15:31.471 1934 1934 I sysui_multi_action: [757,111,758,2]
11-05 02:15:31.471 1511 1511 I notification_enqueue: [10082,1934,com.android.systemui,2048,NULL,0,Notification(channel=updateNotification shortcut=null contentView=null vibrate=null sound=null defaults=0x0 flags=0x0 color=0x00000000 vis=PRIVATE),1]
11-05 02:15:31.474 1934 1934 I sysui_multi_action: [757,111,758,1]
11-05 02:15:31.474 1934 1934 I sysui_multi_action: [757,126,758,1,759,126,927,0,928,1,1593,1]
11-05 02:15:31.474 1934 1934 I sysui_multi_action: [757,113,758,1,759,113,927,1,928,1,1593,1]
11-05 02:15:31.474 1934 1934 I sysui_multi_action: [757,0,758,1,759,0,927,2,928,0,1593,1]
11-05 02:15:31.474 1934 1934 I sysui_multi_action: [757,0,758,1,759,0,927,3,928,0,1593,1]
11-05 02:15:31.475 1934 1934 I sysui_multi_action: [757,491,758,1,759,491,927,4,928,0,1311,-1,1593,0]
11-05 02:15:31.475 1934 1934 I sysui_multi_action: [757,0,758,1,759,0,927,5,928,0,1593,0]
11-05 02:15:31.475 1934 1934 I sysui_multi_action: [757,111,758,1]
11-05 02:15:31.475 1934 1934 I sysui_multi_action: [757,126,758,1,759,126,927,0,928,1,1593,1]
11-05 02:15:31.475 1934 1934 I sysui_multi_action: [757,113,758,1,759,113,927,1,928,1,1593,1]
11-05 02:15:31.475 1934 1934 I sysui_multi_action: [757,0,758,1,759,0,927,2,928,0,1593,1]
11-05 02:15:31.475 1934 1934 I sysui_multi_action: [757,0,758,1,759,0,927,3,928,0,1593,1]
11-05 02:15:31.488 1934 1934 I sysui_multi_action: [757,111,758,2]
11-05 02:15:31.488 1934 1934 I sysui_multi_action: [757,111,758,2]
11-05 02:15:31.488 1511 1511 I notification_enqueue: [10082,1934,com.android.systemui,2048,NULL,0,Notification(channel=updateNotification shortcut=null contentView=null vibrate=null sound=null defaults=0x0 flags=0x0 color=0x00000000 vis=PRIVATE),1]
11-05 02:15:31.491 1934 1934 I sysui_multi_action: [757,111,758,1]
11-05 02:15:31.491 1934 1934 I sysui_multi_action: [757,126,758,1,759,126,927,0,928,1,1593,0]
11-05 02:15:31.492 1934 1934 I sysui_multi_action: [757,113,758,1,759,113,927,1,928,1,1593,0]
11-05 02:15:31.492 1934 1934 I sysui_multi_action: [757,0,758,1,759,0,927,2,928,0,1593,0]
11-05 02:15:31.492 1934 1934 I sysui_multi_action: [757,0,758,1,759,0,927,3,928,0,1593,0]
11-05 02:15:31.492 1934 1934 I sysui_multi_action: [757,491,758,1,759,491,927,4,928,0,1311,-1,1593,0]
11-05 02:15:31.492 1934 1934 I sysui_multi_action: [757,0,758,1,759,0,927,5,928,0,1593,0]
11-05 02:15:31.492 1934 1934 I sysui_multi_action: [757,111,758,1]
11-05 02:15:31.492 15403 15403 I sysui_multi_action: [757,103,758,2,1089,355]
11-05 02:15:31.492 1934 1934 I sysui_multi_action: [757,126,758,1,759,126,927,0,928,1,1593,0]
11-05 02:15:31.492 1934 1934 I sysui_multi_action: [757,113,758,1,759,113,927,1,928,1,1593,0]
11-05 02:15:31.492 1934 1934 I sysui_multi_action: [757,0,758,1,759,0,927,2,928,0,1593,0]
11-05 02:15:31.492 1934 1934 I sysui_multi_action: [757,0,758,1,759,0,927,3,928,0,1593,0]
11-05 02:15:31.506 1934 1934 I sysui_multi_action: [757,111,758,2]
11-05 02:15:31.506 1934 1934 I sysui_multi_action: [757,111,758,2]
11-05 02:15:31.506 1511 1511 I notification_enqueue: [10082,1934,com.android.systemui,2048,NULL,0,Notification(channel=updateNotification shortcut=null contentView=null vibrate=null sound=null defaults=0x0 flags=0x0 color=0x00000000 vis=PRIVATE),1]
11-05 02:15:31.509 1934 1934 I sysui_multi_action: [757,111,758,1]
11-05 02:15:31.509 1934 1934 I sysui_multi_action: [757,126,758,1,759,126,927,0,928,1,1593,1]
11-05 02:15:31.509 1934 1934 I sysui_multi_action: [757,113,758,1,759,113,927,1,928,1,1593,1]
11-05 02:15:31.510 1934 1934 I sysui_multi_action: [757,0,758,1,759,0,927,2,928,0,1593,1]
11-05 02:15:31.510 1934 1934 I sysui_multi_action: [757,0,758,1,759,0,927,3,928,0,1593,1]
11-05 02:15:31.510 1934 1934 I sysui_multi_action: [757,491,758,1,759,491,927,4,928,0,1311,-1,1593,0]
11-05 02:15:31.510 1934 1934 I sysui_multi_action: [757,0,758,1,759,0,927,5,928,0,1593,0]
11-05 02:15:31.510 1934 1934 I sysui_multi_action: [757,111,758,1]
11-05 02:15:31.510 1934 1934 I sysui_multi_action: [757,126,758,1,759,126,927,0,928,1,1593,1]
11-05 02:15:31.510 1934 1934 I sysui_multi_action: [757,113,758,1,759,113,927,1,928,1,1593,1]
11-05 02:15:31.510 1934 1934 I sysui_multi_action: [757,0,758,1,759,0,927,2,928,0,1593,1]
11-05 02:15:31.510 1934 1934 I sysui_multi_action: [757,0,758,1,759,0,927,3,928,0,1593,1]
11-05 02:15:31.521 1934 1934 I sysui_multi_action: [757,111,758,2]
11-05 02:15:31.521 1934 1934 I sysui_multi_action: [757,111,758,2]
11-05 02:15:31.521 1511 1511 I notification_enqueue: [10082,1934,com.android.systemui,2048,NULL,0,Notification(channel=updateNotification shortcut=null contentView=null vibrate=null sound=null defaults=0x0 flags=0x0 color=0x00000000 vis=PRIVATE),1]
11-05 02:15:31.524 1934 1934 I sysui_multi_action: [757,111,758,1]
11-05 02:15:31.524 1934 1934 I sysui_multi_action: [757,126,758,1,759,126,927,0,928,1,1593,1]
11-05 02:15:31.524 1934 1934 I sysui_multi_action: [757,113,758,1,759,113,927,1,928,1,1593,1]
11-05 02:15:31.524 1934 1934 I sysui_multi_action: [757,0,758,1,759,0,927,2,928,0,1593,1]
11-05 02:15:31.524 1934 1934 I sysui_multi_action: [757,0,758,1,759,0,927,3,928,0,1593,1]
11-05 02:15:31.524 1934 1934 I sysui_multi_action: [757,491,758,1,759,491,927,4,928,0,1311,-1,1593,0]
11-05 02:15:31.524 1934 1934 I sysui_multi_action: [757,0,758,1,759,0,927,5,928,0,1593,0]
11-05 02:15:31.524 1934 1934 I sysui_multi_action: [757,111,758,1]
11-05 02:15:31.524 1934 1934 I sysui_multi_action: [757,126,758,1,759,126,927,0,928,1,1593,1]
11-05 02:15:31.524 1934 1934 I sysui_multi_action: [757,113,758,1,759,113,927,1,928,1,1593,1]
11-05 02:15:31.524 1934 1934 I sysui_multi_action: [757,0,758,1,759,0,927,2,928,0,1593,1]
11-05 02:15:31.524 1934 1934 I sysui_multi_action: [757,0,758,1,759,0,927,3,928,0,1593,1]
11-05 02:15:31.528 1511 2042 I sysui_multi_action: [757,128,758,2,793,3790417,794,16995,795,3790417,796,26,798,0,806,android,857,DEVELOPER_IMPORTANT,858,4,947,0,1395,2,1500,3789720,1688,1]
11-05 02:15:31.528 1511 2042 I notification_visibility: [-1|android|26|null|1000,0,3790417,3790417,0,0]
11-05 02:15:31.528 1511 2042 I sysui_multi_action: [757,128,758,2,793,3791192,794,16994,795,3791192,796,32,798,1,806,android,857,USB,858,1,947,0,1395,2,1500,3791134,1688,1]
11-05 02:15:31.529 1511 2042 I notification_visibility: [-1|android|32|null|1000,0,3791192,3791192,0,1]
11-05 02:15:31.538 1934 1934 I sysui_multi_action: [757,111,758,2]
11-05 02:15:31.538 1934 1934 I sysui_multi_action: [757,111,758,2]
11-05 02:15:31.538 1511 1511 I notification_enqueue: [10082,1934,com.android.systemui,2048,NULL,0,Notification(channel=updateNotification shortcut=null contentView=null vibrate=null sound=null defaults=0x0 flags=0x0 color=0x00000000 vis=PRIVATE),1]
11-05 02:15:31.541 1934 1934 I sysui_multi_action: [757,111,758,1]
11-05 02:15:31.541 1934 1934 I sysui_multi_action: [757,126,758,1,759,126,927,0,928,1,1593,1]
11-05 02:15:31.541 1934 1934 I sysui_multi_action: [757,113,758,1,759,113,927,1,928,1,1593,1]
11-05 02:15:31.541 1934 1934 I sysui_multi_action: [757,0,758,1,759,0,927,2,928,0,1593,1]
11-05 02:15:31.541 1934 1934 I sysui_multi_action: [757,0,758,1,759,0,927,3,928,0,1593,1]
11-05 02:15:31.541 1934 1934 I sysui_multi_action: [757,491,758,1,759,491,927,4,928,0,1311,-1,1593,0]
11-05 02:15:31.541 1934 1934 I sysui_multi_action: [757,0,758,1,759,0,927,5,928,0,1593,0]
11-05 02:15:31.541 1934 1934 I sysui_multi_action: [757,111,758,1]
11-05 02:15:31.541 1934 1934 I sysui_multi_action: [757,126,758,1,759,126,927,0,928,1,1593,1]
11-05 02:15:31.541 1934 1934 I sysui_multi_action: [757,113,758,1,759,113,927,1,928,1,1593,1]
11-05 02:15:31.541 1934 1934 I sysui_multi_action: [757,0,758,1,759,0,927,2,928,0,1593,1]
11-05 02:15:31.541 1934 1934 I sysui_multi_action: [757,0,758,1,759,0,927,3,928,0,1593,1]
11-05 02:15:31.545 15403 15403 I sysui_multi_action: [757,849,758,1,833,0,1089,43]
11-05 02:15:31.548 15403 15403 I sysui_multi_action: [757,1729,758,4,854,isParalleledControllers:false,1089,47]
11-05 02:15:31.553 1934 1934 I sysui_multi_action: [757,111,758,2]
11-05 02:15:31.553 1934 1934 I sysui_multi_action: [757,111,758,2]
11-05 02:15:31.554 1511 1511 I notification_enqueue: [10082,1934,com.android.systemui,2048,NULL,0,Notification(channel=updateNotification shortcut=null contentView=null vibrate=null sound=null defaults=0x0 flags=0x0 color=0x00000000 vis=PRIVATE),1]
11-05 02:15:31.556 1934 1934 I sysui_multi_action: [757,111,758,1]
11-05 02:15:31.556 1934 1934 I sysui_multi_action: [757,126,758,1,759,126,927,0,928,1,1593,1]
11-05 02:15:31.557 1934 1934 I sysui_multi_action: [757,113,758,1,759,113,927,1,928,1,1593,1]
11-05 02:15:31.557 1934 1934 I sysui_multi_action: [757,0,758,1,759,0,927,2,928,0,1593,1]
11-05 02:15:31.557 1934 1934 I sysui_multi_action: [757,0,758,1,759,0,927,3,928,0,1593,1]
11-05 02:15:31.557 1934 1934 I sysui_multi_action: [757,491,758,1,759,491,927,4,928,0,1311,-1,1593,0]
11-05 02:15:31.557 1934 1934 I sysui_multi_action: [757,0,758,1,759,0,927,5,928,0,1593,0]
11-05 02:15:31.557 1934 1934 I sysui_multi_action: [757,111,758,1]
11-05 02:15:31.557 1934 1934 I sysui_multi_action: [757,126,758,1,759,126,927,0,928,1,1593,1]
11-05 02:15:31.557 1934 1934 I sysui_multi_action: [757,113,758,1,759,113,927,1,928,1,1593,1]
11-05 02:15:31.557 1934 1934 I sysui_multi_action: [757,0,758,1,759,0,927,2,928,0,1593,1]
11-05 02:15:31.557 1934 1934 I sysui_multi_action: [757,0,758,1,759,0,927,3,928,0,1593,1]
11-05 02:15:31.571 1934 1934 I sysui_multi_action: [757,111,758,2]
11-05 02:15:31.571 1934 1934 I sysui_multi_action: [757,111,758,2]
11-05 02:15:31.573 1511 1511 I notification_enqueue: [10082,1934,com.android.systemui,2048,NULL,0,Notification(channel=updateNotification shortcut=null contentView=null vibrate=null sound=null defaults=0x0 flags=0x0 color=0x00000000 vis=PRIVATE),1]
11-05 02:15:31.573 1934 1934 I sysui_multi_action: [757,111,758,1]
11-05 02:15:31.573 1934 1934 I sysui_multi_action: [757,126,758,1,759,126,927,0,928,1,1593,1]
11-05 02:15:31.573 1934 1934 I sysui_multi_action: [757,113,758,1,759,113,927,1,928,1,1593,1]
11-05 02:15:31.573 1934 1934 I sysui_multi_action: [757,0,758,1,759,0,927,2,928,0,1593,1]
11-05 02:15:31.573 1934 1934 I sysui_multi_action: [757,0,758,1,759,0,927,3,928,0,1593,1]
11-05 02:15:31.573 1934 1934 I sysui_multi_action: [757,491,758,1,759,491,927,4,928,0,1311,-1,1593,0]
11-05 02:15:31.573 1934 1934 I sysui_multi_action: [757,0,758,1,759,0,927,5,928,0,1593,0]
11-05 02:15:31.573 1934 1934 I sysui_multi_action: [757,111,758,1]
11-05 02:15:31.574 1934 1934 I sysui_multi_action: [757,126,758,1,759,126,927,0,928,1,1593,1]
11-05 02:15:31.574 1934 1934 I sysui_multi_action: [757,113,758,1,759,113,927,1,928,1,1593,1]
11-05 02:15:31.574 1934 1934 I sysui_multi_action: [757,0,758,1,759,0,927,2,928,0,1593,1]
11-05 02:15:31.574 1934 1934 I sysui_multi_action: [757,0,758,1,759,0,927,3,928,0,1593,1]
11-05 02:15:31.587 1934 1934 I sysui_multi_action: [757,111,758,2]
11-05 02:15:31.587 1934 1934 I sysui_multi_action: [757,111,758,2]
11-05 02:15:31.587 1511 1511 I notification_enqueue: [10082,1934,com.android.systemui,2048,NULL,0,Notification(channel=updateNotification shortcut=null contentView=null vibrate=null sound=null defaults=0x0 flags=0x0 color=0x00000000 vis=PRIVATE),1]
11-05 02:15:31.590 1934 1934 I sysui_multi_action: [757,111,758,1]
11-05 02:15:31.590 1934 1934 I sysui_multi_action: [757,126,758,1,759,126,927,0,928,1,1593,1]
11-05 02:15:31.590 1934 1934 I sysui_multi_action: [757,113,758,1,759,113,927,1,928,1,1593,1]
11-05 02:15:31.590 1934 1934 I sysui_multi_action: [757,0,758,1,759,0,927,2,928,0,1593,1]
11-05 02:15:31.590 1934 1934 I sysui_multi_action: [757,0,758,1,759,0,927,3,928,0,1593,1]
11-05 02:15:31.590 1934 1934 I sysui_multi_action: [757,491,758,1,759,491,927,4,928,0,1311,-1,1593,1]
11-05 02:15:31.590 1934 1934 I sysui_multi_action: [757,0,758,1,759,0,927,5,928,0,1593,1]
11-05 02:15:31.590 1934 1934 I sysui_multi_action: [757,111,758,1]
11-05 02:15:31.590 1934 1934 I sysui_multi_action: [757,126,758,1,759,126,927,0,928,1,1593,1]
11-05 02:15:31.590 1934 1934 I sysui_multi_action: [757,113,758,1,759,113,927,1,928,1,1593,1]
11-05 02:15:31.590 1934 1934 I sysui_multi_action: [757,0,758,1,759,0,927,2,928,0,1593,1]
11-05 02:15:31.590 1934 1934 I sysui_multi_action: [757,0,758,1,759,0,927,3,928,0,1593,1]
11-05 02:15:31.593 1511 1602 I wm_destroy_activity: [0,55711865,112,com.android.settings/.Settings$WifiDetailsSettingsActivity,finish-imm:idle]
11-05 02:15:31.604 1934 1934 I sysui_multi_action: [757,111,758,2]
11-05 02:15:31.604 1934 1934 I sysui_multi_action: [757,111,758,2]
11-05 02:15:31.604 1511 1511 I notification_enqueue: [10082,1934,com.android.systemui,2048,NULL,0,Notification(channel=updateNotification shortcut=null contentView=null vibrate=null sound=null defaults=0x0 flags=0x0 color=0x00000000 vis=PRIVATE),1]
11-05 02:15:31.607 1934 1934 I sysui_multi_action: [757,111,758,1]
11-05 02:15:31.607 1934 1934 I sysui_multi_action: [757,126,758,1,759,126,927,0,928,1,1593,1]
11-05 02:15:31.607 1934 1934 I sysui_multi_action: [757,113,758,1,759,113,927,1,928,1,1593,1]
11-05 02:15:31.607 1934 1934 I sysui_multi_action: [757,0,758,1,759,0,927,2,928,0,1593,1]
11-05 02:15:31.607 1934 1934 I sysui_multi_action: [757,0,758,1,759,0,927,3,928,0,1593,1]
11-05 02:15:31.607 1934 1934 I sysui_multi_action: [757,491,758,1,759,491,927,4,928,0,1311,-1,1593,0]
11-05 02:15:31.607 1934 1934 I sysui_multi_action: [757,0,758,1,759,0,927,5,928,0,1593,0]
11-05 02:15:31.607 1934 1934 I sysui_multi_action: [757,111,758,1]
11-05 02:15:31.607 1934 1934 I sysui_multi_action: [757,126,758,1,759,126,927,0,928,1,1593,1]
11-05 02:15:31.607 1934 1934 I sysui_multi_action: [757,113,758,1,759,113,927,1,928,1,1593,1]
11-05 02:15:31.608 1934 1934 I sysui_multi_action: [757,0,758,1,759,0,927,2,928,0,1593,1]
11-05 02:15:31.608 1934 1934 I sysui_multi_action: [757,0,758,1,759,0,927,3,928,0,1593,1]
11-05 02:15:31.622 1934 1934 I sysui_multi_action: [757,111,758,2]
11-05 02:15:31.622 1934 1934 I sysui_multi_action: [757,111,758,2]
11-05 02:15:31.622 1511 1511 I notification_enqueue: [10082,1934,com.android.systemui,2048,NULL,0,Notification(channel=updateNotification shortcut=null contentView=null vibrate=null sound=null defaults=0x0 flags=0x0 color=0x00000000 vis=PRIVATE),1]
11-05 02:15:31.632 1934 1934 I sysui_multi_action: [757,111,758,1]
11-05 02:15:31.632 1934 1934 I sysui_multi_action: [757,126,758,1,759,126,927,0,928,1,1593,1]
11-05 02:15:31.632 1934 1934 I sysui_multi_action: [757,113,758,1,759,113,927,1,928,1,1593,1]
11-05 02:15:31.632 1934 1934 I sysui_multi_action: [757,0,758,1,759,0,927,2,928,0,1593,1]
11-05 02:15:31.632 1934 1934 I sysui_multi_action: [757,0,758,1,759,0,927,3,928,0,1593,1]
11-05 02:15:31.632 1934 1934 I sysui_multi_action: [757,491,758,1,759,491,927,4,928,0,1311,-1,1593,0]
11-05 02:15:31.632 1934 1934 I sysui_multi_action: [757,0,758,1,759,0,927,5,928,0,1593,0]
11-05 02:15:31.632 1934 1934 I sysui_multi_action: [757,111,758,1]
11-05 02:15:31.632 1934 1934 I sysui_multi_action: [757,126,758,1,759,126,927,0,928,1,1593,1]
11-05 02:15:31.632 1934 1934 I sysui_multi_action: [757,113,758,1,759,113,927,1,928,1,1593,1]
11-05 02:15:31.632 1934 1934 I sysui_multi_action: [757,0,758,1,759,0,927,2,928,0,1593,1]
11-05 02:15:31.632 1934 1934 I sysui_multi_action: [757,0,758,1,759,0,927,3,928,0,1593,1]
11-05 02:15:31.640 1934 1934 I sysui_multi_action: [757,111,758,2]
11-05 02:15:31.640 1934 1934 I sysui_multi_action: [757,111,758,2]
11-05 02:15:31.641 1511 1511 I notification_enqueue: [10082,1934,com.android.systemui,2048,NULL,0,Notification(channel=updateNotification shortcut=null contentView=null vibrate=null sound=null defaults=0x0 flags=0x0 color=0x00000000 vis=PRIVATE),1]
11-05 02:15:31.642 1511 2042 I sysui_multi_action: [757,127,758,2]
11-05 02:15:31.642 1511 2042 I notification_panel_hidden:
11-05 02:15:31.648 1934 1934 I sysui_multi_action: [757,111,758,1]
11-05 02:15:31.648 1934 1934 I sysui_multi_action: [757,126,758,1,759,126,927,0,928,1,1593,1]
11-05 02:15:31.648 1934 1934 I sysui_multi_action: [757,113,758,1,759,113,927,1,928,1,1593,1]
11-05 02:15:31.648 1934 1934 I sysui_multi_action: [757,0,758,1,759,0,927,2,928,0,1593,1]
11-05 02:15:31.648 1934 1934 I sysui_multi_action: [757,0,758,1,759,0,927,3,928,0,1593,1]
11-05 02:15:31.648 1934 1934 I sysui_multi_action: [757,491,758,1,759,491,927,4,928,0,1311,-1,1593,0]
11-05 02:15:31.648 1934 1934 I sysui_multi_action: [757,0,758,1,759,0,927,5,928,0,1593,0]
11-05 02:15:31.648 1934 1934 I sysui_multi_action: [757,111,758,1]
11-05 02:15:31.648 1934 1934 I sysui_multi_action: [757,126,758,1,759,126,927,0,928,1,1593,1]
11-05 02:15:31.648 1934 1934 I sysui_multi_action: [757,113,758,1,759,113,927,1,928,1,1593,1]
11-05 02:15:31.648 1934 1934 I sysui_multi_action: [757,0,758,1,759,0,927,2,928,0,1593,1]
11-05 02:15:31.648 1934 1934 I sysui_multi_action: [757,0,758,1,759,0,927,3,928,0,1593,1]
11-05 02:15:31.659 15403 15403 I wm_on_destroy_called: [55711865,com.android.settings.Settings$WifiDetailsSettingsActivity,performDestroy]
11-05 02:15:31.661 1511 2436 I wm_task_removed: [112,removeChild:removeChild last r=ActivityRecord{3521879 u0 com.android.settings/.Settings$WifiDetailsSettingsActivity t-1 f}} in t=Task{91523ed #112 type=standard A=1000:com.android.settings U=0 visible=false mode=fullscreen translucent=true sz=0}]
11-05 02:15:31.662 1511 2436 I wm_task_removed: [112,removeChild]
11-05 02:15:31.767 0 0 I auditd : type=1400 audit(0.0:4235): avc: denied { kill } for comm="swapper/1" capability=5 scontext=u:r:kernel:s0 tcontext=u:r:kernel:s0 tclass=capability permissive=0
11-05 02:15:31.907 1511 1749 I netstats_mobile_sample: [0,0,0,0,0,0,0,0,0,0,0,0,1667585731907]
11-05 02:15:31.907 1511 1749 I netstats_wifi_sample: [10250195,27238,11539226,31766,10250195,27238,11539226,31766,17474593,81842,5824811,16676,1667585731907]
11-05 02:15:32.092 1511 1749 I netstats_mobile_sample: [0,0,0,0,0,0,0,0,0,0,0,0,1667585732092]
11-05 02:15:32.092 1511 1749 I netstats_wifi_sample: [10250195,27238,11539226,31766,10250195,27238,11539226,31766,17474593,81842,5824811,16676,1667585732092]
11-05 02:15:32.094 1511 1720 I service_manager_stats: [100,77,26790]
11-05 02:15:32.110 1511 1749 I netstats_mobile_sample: [0,0,0,0,0,0,0,0,0,0,0,0,1667585732109]
11-05 02:15:32.110 1511 1749 I netstats_wifi_sample: [10250195,27238,11539226,31766,10250195,27238,11539226,31766,17474593,81842,5824811,16676,1667585732109]
11-05 02:15:32.127 1511 1749 I netstats_mobile_sample: [0,0,0,0,0,0,0,0,0,0,0,0,1667585732127]
11-05 02:15:32.127 1511 1749 I netstats_wifi_sample: [10250195,27238,11539226,31766,10250195,27238,11539226,31766,17474593,81842,5824811,16676,1667585732127]
11-05 02:15:32.150 1511 1749 I netstats_mobile_sample: [0,0,0,0,0,0,0,0,0,0,0,0,1667585732150]
11-05 02:15:32.150 1511 1749 I netstats_wifi_sample: [10250195,27238,11539226,31766,10250195,27238,11539226,31766,17474593,81842,5824811,16676,1667585732150]
11-05 02:15:33.367 1511 1687 I input_interaction: Interaction with: db65f69 com.android.settings/com.android.settings.Settings (server), edge-swipe (server), swipe-up (server), PointerEventDispatcher0 (server),
11-05 02:15:33.451 1511 2436 I wm_task_moved: [111,0,0]
11-05 02:15:33.457 1511 2436 I wm_focused_root_task: [0,0,1,111,moveTaskToBackLocked]
11-05 02:15:33.458 1511 2436 I wm_add_to_stopping: [0,187377552,com.android.settings/.Settings,makeInvisible]
11-05 02:15:33.462 1511 2436 I wm_pause_activity: [0,187377552,com.android.settings/.Settings,userLeaving=false,pauseBackTasks]
11-05 02:15:33.469 1511 2436 I wm_set_resumed_activity: [0,com.android.launcher3/.uioverrides.QuickstepLauncher,resumeTopActivityInnerLocked]
11-05 02:15:33.471 1511 2436 I wm_resume_activity: [0,245869423,40,com.android.launcher3/.uioverrides.QuickstepLauncher]
11-05 02:15:33.476 15403 15403 I wm_on_top_resumed_lost_called: [187377552,com.android.settings.Settings,topStateChangedWhenResumed]
11-05 02:15:33.482 1511 1602 I sysui_multi_action: [757,1144,758,8,806,com.android.settings,871,com.android.settings.Settings]
11-05 02:15:33.483 2535 2535 I wm_on_restart_called: [245869423,com.android.launcher3.uioverrides.QuickstepLauncher,performRestartActivity]
11-05 02:15:33.484 2535 2535 I wm_on_start_called: [245869423,com.android.launcher3.uioverrides.QuickstepLauncher,handleStartActivity]
11-05 02:15:33.486 2535 2535 I wm_on_resume_called: [245869423,com.android.launcher3.uioverrides.QuickstepLauncher,RESUME_ACTIVITY]
11-05 02:15:33.488 15403 15403 I sysui_multi_action: [757,35,758,2,1089,2352]
11-05 02:15:33.489 1511 1602 I sysui_multi_action: [757,803,799,window_time_0,802,3]
11-05 02:15:33.492 15403 15403 I sysui_multi_action: [757,849,758,2,1089,1947]
11-05 02:15:33.494 15403 15403 I wm_on_paused_called: [187377552,com.android.settings.Settings,performPause]
11-05 02:15:33.494 1511 1687 I input_focus: [Focus leaving db65f69 com.android.settings/com.android.settings.Settings (server),reason=NO_WINDOW]
11-05 02:15:33.505 1511 1603 I input_focus: [Focus request a226794 com.android.launcher3/com.android.launcher3.uioverrides.QuickstepLauncher,reason=UpdateInputWindows]
11-05 02:15:33.517 2535 2535 I wm_on_top_resumed_gained_called: [245869423,com.android.launcher3.uioverrides.QuickstepLauncher,topStateChangedWhenResumed]
11-05 02:15:33.543 1511 1687 I input_focus: [Focus entering a226794 com.android.launcher3/com.android.launcher3.uioverrides.QuickstepLauncher (server),reason=Window became focusable. Previous reason: NOT_VISIBLE]
11-05 02:15:33.767 0 0 I auditd : type=1400 audit(0.0:4236): avc: denied { kill } for comm="swapper/1" capability=5 scontext=u:r:kernel:s0 tcontext=u:r:kernel:s0 tclass=capability permissive=0
11-05 02:15:33.902 1511 1602 I wm_stop_activity: [0,187377552,com.android.settings/.Settings]
11-05 02:15:33.948 15403 15403 I wm_on_stop_called: [187377552,com.android.settings.Settings,STOP_ACTIVITY_ITEM]
11-05 02:15:34.568 1511 1687 I input_interaction: Interaction with: f0a305f StatusBar (server), edge-swipe (server), swipe-up (server), PointerEventDispatcher0 (server),
11-05 02:15:34.575 1934 1934 I sysui_multi_action: [757,803,799,panel_open,802,1]
11-05 02:15:34.577 1934 1934 I sysui_multi_action: [757,1328,758,4,1326,50,1327,0,1329,0]
11-05 02:15:34.689 1511 4731 I sysui_multi_action: [757,127,758,1]
11-05 02:15:34.689 1511 4731 I sysui_multi_action: [757,804,799,note_load,801,2,802,1]
11-05 02:15:34.690 1511 4731 I notification_panel_revealed: 2
11-05 02:15:34.694 1934 1934 I sysui_multi_action: [757,111,758,2]
11-05 02:15:34.694 1934 1934 I sysui_multi_action: [757,111,758,2]
11-05 02:15:34.694 1511 1511 I notification_enqueue: [10082,1934,com.android.systemui,2048,NULL,0,Notification(channel=updateNotification shortcut=null contentView=null vibrate=null sound=null defaults=0x0 flags=0x0 color=0x00000000 vis=PRIVATE),1]
11-05 02:15:34.707 1511 1603 I input_focus: [Focus request eefcbb2 NotificationShade,reason=UpdateInputWindows]
11-05 02:15:34.710 1934 1934 I sysui_multi_action: [757,111,758,1]
11-05 02:15:34.710 1934 1934 I sysui_multi_action: [757,126,758,1,759,126,927,0,928,1,1593,0]
11-05 02:15:34.710 1934 1934 I sysui_multi_action: [757,113,758,1,759,113,927,1,928,1,1593,0]
11-05 02:15:34.711 1934 1934 I sysui_multi_action: [757,0,758,1,759,0,927,2,928,0,1593,0]
11-05 02:15:34.711 1934 1934 I sysui_multi_action: [757,0,758,1,759,0,927,3,928,0,1593,0]
11-05 02:15:34.711 1934 1934 I sysui_multi_action: [757,491,758,1,759,491,927,4,928,0,1311,-1,1593,0]
11-05 02:15:34.711 1934 1934 I sysui_multi_action: [757,0,758,1,759,0,927,5,928,0,1593,0]
11-05 02:15:34.711 1934 1934 I sysui_multi_action: [757,111,758,1]
11-05 02:15:34.712 1934 1934 I sysui_multi_action: [757,126,758,1,759,126,927,0,928,1,1593,0]
11-05 02:15:34.712 1934 1934 I sysui_multi_action: [757,113,758,1,759,113,927,1,928,1,1593,0]
11-05 02:15:34.712 1934 1934 I sysui_multi_action: [757,0,758,1,759,0,927,2,928,0,1593,0]
11-05 02:15:34.712 1934 1934 I sysui_multi_action: [757,0,758,1,759,0,927,3,928,0,1593,0]
11-05 02:15:34.728 1934 1934 I sysui_multi_action: [757,111,758,2]
11-05 02:15:34.729 1934 1934 I sysui_multi_action: [757,111,758,2]
11-05 02:15:34.729 1511 1511 I notification_enqueue: [10082,1934,com.android.systemui,2048,NULL,0,Notification(channel=updateNotification shortcut=null contentView=null vibrate=null sound=null defaults=0x0 flags=0x0 color=0x00000000 vis=PRIVATE),1]
11-05 02:15:34.732 1511 1687 I input_focus: [Focus leaving a226794 com.android.launcher3/com.android.launcher3.uioverrides.QuickstepLauncher (server),reason=setFocusedWindow]
11-05 02:15:34.733 1511 1687 I input_focus: [Focus entering eefcbb2 NotificationShade (server),reason=setFocusedWindow]
11-05 02:15:34.734 1934 1934 I sysui_multi_action: [757,111,758,1]
11-05 02:15:34.734 1934 1934 I sysui_multi_action: [757,126,758,1,759,126,927,0,928,1,1593,0]
11-05 02:15:34.734 1934 1934 I sysui_multi_action: [757,113,758,1,759,113,927,1,928,1,1593,0]
11-05 02:15:34.734 1934 1934 I sysui_multi_action: [757,0,758,1,759,0,927,2,928,0,1593,0]
11-05 02:15:34.735 1934 1934 I sysui_multi_action: [757,0,758,1,759,0,927,3,928,0,1593,0]
11-05 02:15:34.735 1934 1934 I sysui_multi_action: [757,491,758,1,759,491,927,4,928,0,1311,-1,1593,0]
11-05 02:15:34.735 1934 1934 I sysui_multi_action: [757,0,758,1,759,0,927,5,928,0,1593,0]
11-05 02:15:34.735 1934 1934 I sysui_multi_action: [757,111,758,1]
11-05 02:15:34.735 1934 1934 I sysui_multi_action: [757,126,758,1,759,126,927,0,928,1,1593,0]
11-05 02:15:34.735 1934 1934 I sysui_multi_action: [757,113,758,1,759,113,927,1,928,1,1593,0]
11-05 02:15:34.736 1934 1934 I sysui_multi_action: [757,0,758,1,759,0,927,2,928,0,1593,0]
11-05 02:15:34.736 1934 1934 I sysui_multi_action: [757,0,758,1,759,0,927,3,928,0,1593,0]
11-05 02:15:34.747 1934 1934 I sysui_multi_action: [757,111,758,2]
11-05 02:15:34.747 1934 1934 I sysui_multi_action: [757,111,758,2]
11-05 02:15:34.748 1511 1511 I notification_enqueue: [10082,1934,com.android.systemui,2048,NULL,0,Notification(channel=updateNotification shortcut=null contentView=null vibrate=null sound=null defaults=0x0 flags=0x0 color=0x00000000 vis=PRIVATE),1]
11-05 02:15:34.758 1934 1934 I sysui_multi_action: [757,111,758,1]
11-05 02:15:34.758 1934 1934 I sysui_multi_action: [757,126,758,1,759,126,927,0,928,1,1593,0]
11-05 02:15:34.758 1934 1934 I sysui_multi_action: [757,113,758,1,759,113,927,1,928,1,1593,0]
11-05 02:15:34.758 1934 1934 I sysui_multi_action: [757,0,758,1,759,0,927,2,928,0,1593,0]
11-05 02:15:34.758 1934 1934 I sysui_multi_action: [757,0,758,1,759,0,927,3,928,0,1593,0]
11-05 02:15:34.759 1934 1934 I sysui_multi_action: [757,491,758,1,759,491,927,4,928,0,1311,-1,1593,0]
11-05 02:15:34.759 1934 1934 I sysui_multi_action: [757,0,758,1,759,0,927,5,928,0,1593,0]
11-05 02:15:34.759 1934 1934 I sysui_multi_action: [757,111,758,1]
11-05 02:15:34.759 1934 1934 I sysui_multi_action: [757,126,758,1,759,126,927,0,928,1,1593,0]
11-05 02:15:34.759 1934 1934 I sysui_multi_action: [757,113,758,1,759,113,927,1,928,1,1593,0]
11-05 02:15:34.759 1934 1934 I sysui_multi_action: [757,0,758,1,759,0,927,2,928,0,1593,0]
11-05 02:15:34.759 1934 1934 I sysui_multi_action: [757,0,758,1,759,0,927,3,928,0,1593,0]
11-05 02:15:34.768 1934 1934 I sysui_multi_action: [757,111,758,2]
11-05 02:15:34.768 1934 1934 I sysui_multi_action: [757,111,758,2]
11-05 02:15:34.769 1511 1511 I notification_enqueue: [10082,1934,com.android.systemui,2048,NULL,0,Notification(channel=updateNotification shortcut=null contentView=null vibrate=null sound=null defaults=0x0 flags=0x0 color=0x00000000 vis=PRIVATE),1]
11-05 02:15:34.771 1934 1934 I sysui_multi_action: [757,111,758,1]
11-05 02:15:34.771 1934 1934 I sysui_multi_action: [757,126,758,1,759,126,927,0,928,1,1593,0]
11-05 02:15:34.772 1934 1934 I sysui_multi_action: [757,113,758,1,759,113,927,1,928,1,1593,0]
11-05 02:15:34.772 1934 1934 I sysui_multi_action: [757,0,758,1,759,0,927,2,928,0,1593,0]
11-05 02:15:34.772 1934 1934 I sysui_multi_action: [757,0,758,1,759,0,927,3,928,0,1593,0]
11-05 02:15:34.772 1934 1934 I sysui_multi_action: [757,491,758,1,759,491,927,4,928,0,1311,-1,1593,0]
11-05 02:15:34.772 1934 1934 I sysui_multi_action: [757,0,758,1,759,0,927,5,928,0,1593,0]
11-05 02:15:34.772 1934 1934 I sysui_multi_action: [757,111,758,1]
11-05 02:15:34.772 1934 1934 I sysui_multi_action: [757,126,758,1,759,126,927,0,928,1,1593,0]
11-05 02:15:34.772 1934 1934 I sysui_multi_action: [757,113,758,1,759,113,927,1,928,1,1593,0]
11-05 02:15:34.772 1934 1934 I sysui_multi_action: [757,0,758,1,759,0,927,2,928,0,1593,0]
11-05 02:15:34.773 1934 1934 I sysui_multi_action: [757,0,758,1,759,0,927,3,928,0,1593,0]
11-05 02:15:34.780 1934 1934 I sysui_multi_action: [757,111,758,2]
11-05 02:15:34.780 1934 1934 I sysui_multi_action: [757,111,758,2]
11-05 02:15:34.781 1511 1511 I notification_enqueue: [10082,1934,com.android.systemui,2048,NULL,0,Notification(channel=updateNotification shortcut=null contentView=null vibrate=null sound=null defaults=0x0 flags=0x0 color=0x00000000 vis=PRIVATE),1]
11-05 02:15:34.783 1934 1934 I sysui_multi_action: [757,111,758,1]
11-05 02:15:34.783 1934 1934 I sysui_multi_action: [757,126,758,1,759,126,927,0,928,1,1593,0]
11-05 02:15:34.783 1934 1934 I sysui_multi_action: [757,113,758,1,759,113,927,1,928,1,1593,0]
11-05 02:15:34.783 1934 1934 I sysui_multi_action: [757,0,758,1,759,0,927,2,928,0,1593,0]
11-05 02:15:34.783 1934 1934 I sysui_multi_action: [757,0,758,1,759,0,927,3,928,0,1593,0]
